2024-12-10 15:36:35.271 65785 INFO tempest.lib.common.rest_client [req-6cab3036-b0d3-41ee-8dd9-cd02e53cbcfc req-6cab3036-b0d3-41ee-8dd9-cd02e53cbcfc ] Request (InstanceActionsNegativeTestJSON:setUpClass): 200 GET http://10.180.1.21/compute/v2.1/servers/165d73b0-94e1-4020-b43e-2c27630c2123 0.583s
2024-12-10 15:36:35.278 65791 INFO tempest.lib.common.rest_client [req-fbd455d0-e1fb-46ae-a4b6-ae4ae6725df0 req-fbd455d0-e1fb-46ae-a4b6-ae4ae6725df0 ] Request (QuotaClassesAdminTestJSON:tearDownClass): 204 DELETE http://10.180.1.21:9696/networking/v2.0/security-groups/83327b75-ba6c-4254-b3ef-b4cd1d48c2a1 0.226s
2024-12-10 15:36:35.321 65801 INFO tempest.lib.common.rest_client [req-13a92d74-7ec0-4f8b-a5ec-d69df792ecde req-13a92d74-7ec0-4f8b-a5ec-d69df792ecde ] Request (TenantUsagesTestJSON:tearDownClass): 200 GET http://10.180.1.21/compute/v2.1/servers/eb494418-ff7c-4c54-95c3-835b02ea2c93 0.673s
2024-12-10 15:36:35.338 65793 INFO tempest.lib.common.rest_client [req-cf7b296a-4fc5-4ff0-97c8-73fe16f72468 req-cf7b296a-4fc5-4ff0-97c8-73fe16f72468 ] Request (AttachInterfacesV270Test:test_create_get_list_interfaces): 200 GET http://10.180.1.21/compute/v2.1/servers/c8cd1fd8-27f9-4f49-ab69-894eed7b92d5 0.634s
2024-12-10 15:36:35.363 65835 INFO tempest.lib.common.rest_client [req-6b52d1d4-4984-4c49-95b5-43b29594e58a req-6b52d1d4-4984-4c49-95b5-43b29594e58a ] Request (ImagesMetadataTestJSON:test_set_image_metadata_item): 200 GET http://10.180.1.21/compute/v2.1/images/63f240ee-8c8f-4403-8373-8076dc693990/metadata 0.620s
2024-12-10 15:36:35.402 65841 INFO tempest.lib.common.rest_client [req-66fac63d-0e58-48e8-a8c4-75444f2150b8 req-66fac63d-0e58-48e8-a8c4-75444f2150b8 ] Request (AttachVolumeNegativeTest:setUpClass): 201 POST http://10.180.1.21:9696/networking/v2.0/subnets 0.338s
2024-12-10 15:36:35.403 65825 INFO tempest.lib.common.rest_client [req-5e65877b-7199-4d9b-94b7-505a2c2d3457 req-5e65877b-7199-4d9b-94b7-505a2c2d3457 ] Request (ImagesOneServerNegativeTestJSON:setUpClass): 200 GET http://10.180.1.21/compute/v2.1/servers/b1921de9-5ed2-43a4-a533-ea0311d51938 0.619s
2024-12-10 15:36:35.410 65791 INFO tempest.lib.common.rest_client [req-8b71c6ac-87fc-4f45-ac38-dac14ba1bf6e req-8b71c6ac-87fc-4f45-ac38-dac14ba1bf6e ] Request (QuotaClassesAdminTestJSON:tearDownClass): 204 DELETE http://10.180.1.21/identity/v3/projects/41a363edccf64bd4bc500b6ea2970b62 0.130s
2024-12-10 15:36:35.476 65791 INFO tempest.lib.common.rest_client [req-2ea86b57-337d-45b3-900d-7e0b61637e2c req-2ea86b57-337d-45b3-900d-7e0b61637e2c ] Request (ServerDiagnosticsV248Test:setUpClass): 201 POST http://10.180.1.21/identity/v3/auth/tokens 0.064s
2024-12-10 15:36:35.507 65791 INFO tempest.lib.common.rest_client [req-4c7e1868-9726-41fd-95fe-094fcfd2e14f req-4c7e1868-9726-41fd-95fe-094fcfd2e14f ] Request (ServerDiagnosticsV248Test:setUpClass): 201 POST http://10.180.1.21/identity/v3/auth/tokens 0.028s
2024-12-10 15:36:35.535 65791 INFO tempest.lib.common.rest_client [req-441dfd26-fcab-4da9-ba9a-72f6f44e161c req-441dfd26-fcab-4da9-ba9a-72f6f44e161c ] Request (ServerDiagnosticsV248Test:setUpClass): 200 GET http://10.180.1.21/identity/v3/domains?name=Default 0.028s
2024-12-10 15:36:35.565 65791 INFO tempest.lib.common.rest_client [req-7ccc6ab9-d4ff-4720-9211-b21a42eb9dac req-7ccc6ab9-d4ff-4720-9211-b21a42eb9dac ] Request (ServerDiagnosticsV248Test:setUpClass): 201 POST http://10.180.1.21/identity/v3/projects 0.028s
2024-12-10 15:36:35.640 65791 INFO tempest.lib.common.rest_client [req-5582aea1-0d67-4e68-be7a-9be563ef45e5 req-5582aea1-0d67-4e68-be7a-9be563ef45e5 ] Request (ServerDiagnosticsV248Test:setUpClass): 201 POST http://10.180.1.21/identity/v3/users 0.074s
2024-12-10 15:36:35.642 65831 INFO tempest.lib.common.rest_client [req-d07ef1e5-edf0-4891-b331-0ca92db8ab97 req-d07ef1e5-edf0-4891-b331-0ca92db8ab97 ] Request (SecurityGroupsTestJSON:test_security_groups_create_list_delete): 202 DELETE http://10.180.1.21/compute/v2.1/os-security-groups/2e10f827-7b89-4d9c-944c-3d8a99f49c72 0.728s
2024-12-10 15:36:35.644 65799 INFO tempest.lib.common.rest_client [req-0f398d08-1674-407d-b434-fc601f804634 req-0f398d08-1674-407d-b434-fc601f804634 ] Request (SecurityGroupRulesTestJSON:test_security_group_rules_create_with_optional_group_id): 200 POST http://10.180.1.21/compute/v2.1/os-security-groups 0.808s
2024-12-10 15:36:35.660 65791 INFO tempest.lib.common.rest_client [req-2f5bf557-970f-46ac-aa13-dad0ee8625db req-2f5bf557-970f-46ac-aa13-dad0ee8625db ] Request (ServerDiagnosticsV248Test:setUpClass): 200 GET http://10.180.1.21/identity/v3/roles 0.020s
2024-12-10 15:36:35.692 65791 INFO tempest.lib.common.rest_client [req-bc93a320-4501-48bf-b952-3ea46db2882f req-bc93a320-4501-48bf-b952-3ea46db2882f ] Request (ServerDiagnosticsV248Test:setUpClass): 204 PUT http://10.180.1.21/identity/v3/projects/02d0e09a01004e989e6f1cadb8fb89b1/users/bee0857c5ad84dab82f18bd29a66b25e/roles/b7778b9a80fc4f0e9a25f576cd0a0571 0.031s
2024-12-10 15:36:35.692 65791 INFO tempest.lib.common.dynamic_creds [-] Dynamic test user bee0857c5ad84dab82f18bd29a66b25e is created with scope project and roles: ['member']
2024-12-10 15:36:35.692 65791 INFO tempest.lib.common.dynamic_creds [-] Acquired dynamic creds: credentials: Credentials: {'domain_id': 'default', 'domain_name': 'Default', 'username': 'tempest-ServerDiagnosticsV248Test-193190561-project-member', 'project_domain_id': 'default', 'project_domain_name': 'Default', 'project_id': '02d0e09a01004e989e6f1cadb8fb89b1', 'project_name': 'tempest-ServerDiagnosticsV248Test-193190561', 'tenant_id': '02d0e09a01004e989e6f1cadb8fb89b1', 'tenant_name': 'tempest-ServerDiagnosticsV248Test-193190561', 'user_domain_id': 'default', 'user_domain_name': 'Default', 'user_id': 'bee0857c5ad84dab82f18bd29a66b25e', 'system': None}, Network: None, Subnet: None, Router: None
2024-12-10 15:36:35.692 65791 INFO tempest.lib.common.dynamic_creds [-] Created isolated network resources for: credentials: Credentials: {'domain_id': 'default', 'domain_name': 'Default', 'username': 'tempest-ServerDiagnosticsV248Test-193190561-project-member', 'project_domain_id': 'default', 'project_domain_name': 'Default', 'project_id': '02d0e09a01004e989e6f1cadb8fb89b1', 'project_name': 'tempest-ServerDiagnosticsV248Test-193190561', 'tenant_id': '02d0e09a01004e989e6f1cadb8fb89b1', 'tenant_name': 'tempest-ServerDiagnosticsV248Test-193190561', 'user_domain_id': 'default', 'user_domain_name': 'Default', 'user_id': 'bee0857c5ad84dab82f18bd29a66b25e', 'system': None}, Network: None, Subnet: None, Router: None
2024-12-10 15:36:35.772 65791 INFO tempest.lib.common.rest_client [req-b1bdc6ac-70eb-4ab8-a300-2bcbade317dd req-b1bdc6ac-70eb-4ab8-a300-2bcbade317dd ] Request (ServerDiagnosticsV248Test:setUpClass): 201 POST http://10.180.1.21/identity/v3/auth/tokens 0.076s
2024-12-10 15:36:35.858 65843 INFO tempest.lib.common.rest_client [req-651b7f64-c148-418a-8c5a-bc7beb9e5bbe req-651b7f64-c148-418a-8c5a-bc7beb9e5bbe ] Request (MigrationsAdminTest:test_list_migrations_in_flavor_resize_situation): 200 GET http://10.180.1.21/compute/v2.1/servers/54ce854a-5100-4a7c-ad79-ab4315a16984 0.894s
2024-12-10 15:36:35.885 65791 INFO tempest.lib.common.rest_client [req-5d89a7e9-20fc-45c1-aa83-dd38a452d179 req-5d89a7e9-20fc-45c1-aa83-dd38a452d179 ] Request (ServerDiagnosticsV248Test:setUpClass): 201 POST http://10.180.1.21/identity/v3/projects 0.112s
2024-12-10 15:36:35.922 65848 INFO tempest.lib.common.rest_client [req-2761fe27-1679-4dd7-afe9-dc51b9c3f2b9 req-2761fe27-1679-4dd7-afe9-dc51b9c3f2b9 ] Request (AbsoluteLimitsNegativeTestJSON:test_max_metadata_exceed_limit): 403 POST http://10.180.1.21/compute/v2.1/servers 0.900s
2024-12-10 15:36:35.940 65807 INFO tempest.lib.common.rest_client [req-2659c70d-b5ce-43c9-a194-060cdf3167ad req-2659c70d-b5ce-43c9-a194-060cdf3167ad ] Request (ServersTestMultiNic:test_verify_duplicate_network_nics): 200 GET http://10.180.1.21/compute/v2.1/servers/eb18c6ea-ee08-46c1-b300-8954011ac68e 0.913s
2024-12-10 15:36:35.961 65791 INFO tempest.lib.common.rest_client [req-ac2da922-a182-44f9-8500-4d8a2269aba5 req-ac2da922-a182-44f9-8500-4d8a2269aba5 ] Request (ServerDiagnosticsV248Test:setUpClass): 201 POST http://10.180.1.21/identity/v3/users 0.076s
2024-12-10 15:36:35.986 65791 INFO tempest.lib.common.rest_client [req-0fda2c0e-5b00-46bc-b95e-9d9b2df3b15f req-0fda2c0e-5b00-46bc-b95e-9d9b2df3b15f ] Request (ServerDiagnosticsV248Test:setUpClass): 200 GET http://10.180.1.21/identity/v3/roles 0.024s
2024-12-10 15:36:35.998 65813 INFO tempest.lib.common.rest_client [req-3b7ab296-4f60-4ba7-ada3-008c07e30af9 req-3b7ab296-4f60-4ba7-ada3-008c07e30af9 ] Request (AttachVolumeShelveTestJSON:test_attach_volume_shelved_or_offload_server): 200 GET http://10.180.1.21/compute/v2.1/servers/9feea3c3-e37e-4105-a582-9581f26122c8 0.848s
2024-12-10 15:36:36.015 65791 INFO tempest.lib.common.rest_client [req-106bb78f-be0e-4f68-8e94-834102ebf431 req-106bb78f-be0e-4f68-8e94-834102ebf431 ] Request (ServerDiagnosticsV248Test:setUpClass): 204 PUT http://10.180.1.21/identity/v3/projects/c7b2aea35b3149ee9f5f9f6340767775/users/a81a0c9ce34c4cddbb328199e9887574/roles/59762e1ba0e74d72a6f88aafd6dff893 0.029s
2024-12-10 15:36:36.049 65848 INFO tempest.lib.common.rest_client [req-450c9d1c-9650-4704-90fa-0f97bc2638a1 req-450c9d1c-9650-4704-90fa-0f97bc2638a1 ] Request (AbsoluteLimitsNegativeTestJSON:tearDownClass): 204 DELETE http://10.180.1.21/identity/v3/users/57d7c705a13c4bf9b68c79d6696eee1e 0.126s
2024-12-10 15:36:36.050 65848 INFO tempest.lib.common.dynamic_creds [-] Deleting project and security group for project: 4b0b38b4583444bfb3ce39eb0b3aa1d9
2024-12-10 15:36:36.080 65827 INFO tempest.lib.common.rest_client [req-b8c2a240-ab24-4c31-9245-6f963a0c7adc req-b8c2a240-ab24-4c31-9245-6f963a0c7adc ] Request (ListServersNegativeTestJSON:setUpClass): 200 GET http://10.180.1.21/compute/v2.1/servers/e703fa1b-337f-4bb5-969f-6f8726e6141c 0.822s
2024-12-10 15:36:36.105 65791 INFO tempest.lib.common.rest_client [req-7ffc9f2c-4398-4f9d-915b-95c7de3b81d8 req-7ffc9f2c-4398-4f9d-915b-95c7de3b81d8 ] Request (ServerDiagnosticsV248Test:setUpClass): 200 GET http://10.180.1.21/identity/v3/roles 0.089s
2024-12-10 15:36:36.106 65848 INFO tempest.lib.common.rest_client [req-f695f3a9-2921-4a11-893a-572aaa77c5cf req-f695f3a9-2921-4a11-893a-572aaa77c5cf ] Request (AbsoluteLimitsNegativeTestJSON:tearDownClass): 201 POST http://10.180.1.21/identity/v3/auth/tokens 0.056s
2024-12-10 15:36:36.128 65791 INFO tempest.lib.common.rest_client [req-42a1e3f0-65b5-4eb0-904c-eb2573249416 req-42a1e3f0-65b5-4eb0-904c-eb2573249416 ] Request (ServerDiagnosticsV248Test:setUpClass): 204 PUT http://10.180.1.21/identity/v3/projects/c7b2aea35b3149ee9f5f9f6340767775/users/a81a0c9ce34c4cddbb328199e9887574/roles/59762e1ba0e74d72a6f88aafd6dff893 0.022s
2024-12-10 15:36:36.130 65791 INFO tempest.lib.common.dynamic_creds [-] Dynamic test user a81a0c9ce34c4cddbb328199e9887574 is created with scope project and roles: ['admin']
2024-12-10 15:36:36.130 65791 INFO tempest.lib.common.dynamic_creds [-] Acquired dynamic creds: credentials: Credentials: {'domain_id': 'default', 'domain_name': 'Default', 'username': 'tempest-ServerDiagnosticsV248Test-1604841189-project-admin', 'project_domain_id': 'default', 'project_domain_name': 'Default', 'project_id': 'c7b2aea35b3149ee9f5f9f6340767775', 'project_name': 'tempest-ServerDiagnosticsV248Test-1604841189', 'tenant_id': 'c7b2aea35b3149ee9f5f9f6340767775', 'tenant_name': 'tempest-ServerDiagnosticsV248Test-1604841189', 'user_domain_id': 'default', 'user_domain_name': 'Default', 'user_id': 'a81a0c9ce34c4cddbb328199e9887574', 'system': None}, Network: None, Subnet: None, Router: None
2024-12-10 15:36:36.130 65791 INFO tempest.lib.common.dynamic_creds [-] Created isolated network resources for: credentials: Credentials: {'domain_id': 'default', 'domain_name': 'Default', 'username': 'tempest-ServerDiagnosticsV248Test-1604841189-project-admin', 'project_domain_id': 'default', 'project_domain_name': 'Default', 'project_id': 'c7b2aea35b3149ee9f5f9f6340767775', 'project_name': 'tempest-ServerDiagnosticsV248Test-1604841189', 'tenant_id': 'c7b2aea35b3149ee9f5f9f6340767775', 'tenant_name': 'tempest-ServerDiagnosticsV248Test-1604841189', 'user_domain_id': 'default', 'user_domain_name': 'Default', 'user_id': 'a81a0c9ce34c4cddbb328199e9887574', 'system': None}, Network: None, Subnet: None, Router: None
2024-12-10 15:36:36.148 65829 INFO tempest.lib.common.rest_client [req-7df20b6b-286b-4cbf-a08e-a83bcdfc4b08 req-7df20b6b-286b-4cbf-a08e-a83bcdfc4b08 ] Request (FloatingIPsAssociationNegativeTestJSON:setUpClass): 200 GET http://10.180.1.21/compute/v2.1/servers/e74178c1-975b-490a-9a34-dfe4031efe77 0.822s
2024-12-10 15:36:36.217 65791 INFO tempest.lib.common.rest_client [req-b8d76b07-927f-446a-b240-3f77a0719b59 req-b8d76b07-927f-446a-b240-3f77a0719b59 ] Request (ServerDiagnosticsV248Test:setUpClass): 201 POST http://10.180.1.21/identity/v3/auth/tokens 0.084s
2024-12-10 15:36:36.280 65791 INFO tempest.lib.common.rest_client [req-226e3855-a78f-4a12-9b21-832ed21cadfa req-226e3855-a78f-4a12-9b21-832ed21cadfa ] Request (ServerDiagnosticsV248Test:test_get_server_diagnostics): 201 POST http://10.180.1.21/identity/v3/auth/tokens 0.057s
2024-12-10 15:36:36.280 65791 INFO tempest.lib.common.fixed_network [-] (ServerDiagnosticsV248Test:test_get_server_diagnostics) Found network None available for tenant
2024-12-10 15:36:36.353 65835 INFO tempest.lib.common.rest_client [req-5fd56a2e-496b-4b9c-8140-31ce7d1a2871 req-5fd56a2e-496b-4b9c-8140-31ce7d1a2871 ] Request (ImagesMetadataTestJSON:setUp): 200 PUT http://10.180.1.21/compute/v2.1/images/63f240ee-8c8f-4403-8373-8076dc693990/metadata 0.989s
2024-12-10 15:36:36.402 65823 INFO tempest.lib.common.rest_client [req-07d39de0-87a7-414b-9f10-2f01769862bd req-07d39de0-87a7-414b-9f10-2f01769862bd ] Request (ServerExternalEventsTest:test_create_server_external_events): 200 GET http://10.180.1.21/compute/v2.1/servers/f74dc970-b8e4-46aa-9ebd-e0348e2600e7 1.029s
2024-12-10 15:36:36.410 65833 INFO tempest.lib.common.rest_client [req-c13c71d2-5c9a-4627-9b3b-b914f2d57515 req-c13c71d2-5c9a-4627-9b3b-b914f2d57515 ] Request (ImagesTestJSON:test_create_image_from_suspended_server): 202 POST http://10.180.1.21/compute/v2.1/servers 1.269s
2024-12-10 15:36:36.584 65848 INFO tempest.lib.common.rest_client [req-5a443ac5-65dc-4b3f-b8d3-e4c7eb312914 req-5a443ac5-65dc-4b3f-b8d3-e4c7eb312914 ] Request (AbsoluteLimitsNegativeTestJSON:tearDownClass): 200 GET http://10.180.1.21:9696/networking/v2.0/security-groups?tenant_id=4b0b38b4583444bfb3ce39eb0b3aa1d9&name=default 0.477s
2024-12-10 15:36:36.665 65837 INFO tempest.lib.common.rest_client [req-7cf6b66e-57e3-4f36-9c52-484c5be32d68 req-7cf6b66e-57e3-4f36-9c52-484c5be32d68 ] Request (MultipleCreateTestJSON:_run_cleanups): 200 GET http://10.180.1.21/compute/v2.1/servers/7b0ddfcf-950a-47bb-bc29-e6ff325f0aed 1.246s
2024-12-10 15:36:36.672 65811 INFO tempest.lib.common.rest_client [req-9ebdce05-e819-4705-99ad-f0dca8e455ec req-9ebdce05-e819-4705-99ad-f0dca8e455ec ] Request (ServerDiagnosticsTest:test_get_server_diagnostics): 200 GET http://10.180.1.21/compute/v2.1/servers/79fad1cf-cd27-4d37-a8b3-3a9ec6db2c86 1.202s
2024-12-10 15:36:36.711 65848 INFO tempest.lib.common.rest_client [req-aa046c71-0c7f-4305-9c8c-ecdae2e57db8 req-aa046c71-0c7f-4305-9c8c-ecdae2e57db8 ] Request (AbsoluteLimitsNegativeTestJSON:tearDownClass): 204 DELETE http://10.180.1.21:9696/networking/v2.0/security-groups/10ed28a8-4a21-49dd-bd80-598d53d6dca7 0.126s
2024-12-10 15:36:36.745 65795 INFO tempest.lib.common.rest_client [req-78beb6ce-a7aa-4711-9c1c-76e252bff744 req-78beb6ce-a7aa-4711-9c1c-76e252bff744 ] Request (DeleteServersAdminTestJSON:test_delete_server_while_in_error_state): 200 GET http://10.180.1.21/compute/v2.1/servers/fb043667-d1b8-4eeb-bdc3-00612cbd35ba 1.180s
2024-12-10 15:36:36.761 65841 INFO tempest.lib.common.rest_client [req-da09f8cd-014e-4105-99f2-4a24d9ac5083 req-da09f8cd-014e-4105-99f2-4a24d9ac5083 ] Request (AttachVolumeNegativeTest:setUpClass): 201 POST http://10.180.1.21:9696/networking/v2.0/routers 1.358s
2024-12-10 15:36:36.785 65831 INFO tempest.lib.common.rest_client [req-900ef8f2-db4d-4573-aa62-3e069e0c7086 req-900ef8f2-db4d-4573-aa62-3e069e0c7086 ] Request (SecurityGroupsTestJSON:test_security_groups_create_list_delete): 404 GET http://10.180.1.21/compute/v2.1/os-security-groups/2e10f827-7b89-4d9c-944c-3d8a99f49c72 1.143s
2024-12-10 15:36:36.812 65848 INFO tempest.lib.common.rest_client [req-150e8bab-6b7a-4259-9eff-254cb0dc51d2 req-150e8bab-6b7a-4259-9eff-254cb0dc51d2 ] Request (AbsoluteLimitsNegativeTestJSON:tearDownClass): 204 DELETE http://10.180.1.21/identity/v3/projects/4b0b38b4583444bfb3ce39eb0b3aa1d9 0.101s
2024-12-10 15:36:36.870 65821 INFO tempest.lib.common.rest_client [req-9ff3bfe1-f332-4a1d-aba7-5f79c01b2027 req-9ff3bfe1-f332-4a1d-aba7-5f79c01b2027 ] Request (VolumesAssistedSnapshotsTest:test_volume_assisted_snapshot_create_delete): 200 GET http://10.180.1.21/compute/v2.1/servers/09536b47-40b4-4d91-b280-d240cb877248 1.294s
2024-12-10 15:36:36.900 65848 INFO tempest.lib.common.rest_client [req-016b8b32-551b-41fa-89df-ca9c3f2fc362 req-016b8b32-551b-41fa-89df-ca9c3f2fc362 ] Request (InstanceActionsTestJSON:setUpClass): 201 POST http://10.180.1.21/identity/v3/auth/tokens 0.086s
2024-12-10 15:36:36.955 65848 INFO tempest.lib.common.rest_client [req-1bba0a58-7f07-43b6-8f29-92d25e9142e9 req-1bba0a58-7f07-43b6-8f29-92d25e9142e9 ] Request (InstanceActionsTestJSON:setUpClass): 201 POST http://10.180.1.21/identity/v3/auth/tokens 0.053s
2024-12-10 15:36:36.992 65848 INFO tempest.lib.common.rest_client [req-1d618579-75ed-4343-952d-e5b9da8d3172 req-1d618579-75ed-4343-952d-e5b9da8d3172 ] Request (InstanceActionsTestJSON:setUpClass): 200 GET http://10.180.1.21/identity/v3/domains?name=Default 0.036s
2024-12-10 15:36:36.997 65809 INFO tempest.lib.common.rest_client [req-061ea5ad-5627-4578-9a41-9388576ece6f req-061ea5ad-5627-4578-9a41-9388576ece6f ] Request (ServersAdmin275Test:tearDownClass): 200 GET http://10.180.1.21/compute/v2.1/servers/30526dec-d3cf-46be-841d-c96148f391d1 1.167s
2024-12-10 15:36:37.012 65799 INFO tempest.lib.common.rest_client [req-c3284677-d506-453d-988e-aec8c03d74a3 req-c3284677-d506-453d-988e-aec8c03d74a3 ] Request (SecurityGroupRulesTestJSON:test_security_group_rules_create_with_optional_group_id): 200 POST http://10.180.1.21/compute/v2.1/os-security-groups 1.365s
2024-12-10 15:36:37.043 65848 INFO tempest.lib.common.rest_client [req-c2e772f3-4221-47dd-b62a-0712489a3f3b req-c2e772f3-4221-47dd-b62a-0712489a3f3b ] Request (InstanceActionsTestJSON:setUpClass): 201 POST http://10.180.1.21/identity/v3/projects 0.050s
2024-12-10 15:36:37.081 65797 INFO tempest.lib.common.rest_client [req-d0d13a8a-ba70-4c41-b8f3-486fc69cc55c req-d0d13a8a-ba70-4c41-b8f3-486fc69cc55c ] Request (ServersWithSpecificFlavorTestJSON:test_verify_created_server_ephemeral_disk): 200 GET http://10.180.1.21/compute/v2.1/servers/0beb117b-7382-42d5-abb0-06a0c740f983 1.176s
2024-12-10 15:36:37.086 65787 INFO tempest.lib.common.rest_client [req-de8f168c-8b2f-42cb-af88-c169d8b711ae req-de8f168c-8b2f-42cb-af88-c169d8b711ae ] Request (ServerAddressesNegativeTestJSON:setUpClass): 200 GET http://10.180.1.21/compute/v2.1/servers/72f696ef-c5c4-410a-a894-52e683084a0a 1.109s
2024-12-10 15:36:37.140 65848 INFO tempest.lib.common.rest_client [req-8d2ba087-96ab-4628-bbb5-7854042c82d6 req-8d2ba087-96ab-4628-bbb5-7854042c82d6 ] Request (InstanceActionsTestJSON:setUpClass): 201 POST http://10.180.1.21/identity/v3/users 0.096s
2024-12-10 15:36:37.163 65848 INFO tempest.lib.common.rest_client [req-5d918d60-bb51-4519-83b0-854c3458b6d0 req-5d918d60-bb51-4519-83b0-854c3458b6d0 ] Request (InstanceActionsTestJSON:setUpClass): 200 GET http://10.180.1.21/identity/v3/roles 0.022s
2024-12-10 15:36:37.180 65803 INFO tempest.lib.common.rest_client [req-f214c56a-c873-4680-b325-d9fa247c3db8 req-f214c56a-c873-4680-b325-d9fa247c3db8 ] Request (ServersTestFqdnHostnames:test_create_server_with_fqdn_name): 200 GET http://10.180.1.21/compute/v2.1/servers/944ce849-152a-404e-8095-a6cc4f27bfc1 1.157s
2024-12-10 15:36:37.192 65803 INFO tempest.common.waiters [-] State transition "BUILD/None" ==> "BUILD/networking" after 41 second wait
2024-12-10 15:36:37.207 65848 INFO tempest.lib.common.rest_client [req-e6184e38-ca3c-4d36-8cf5-719af099e2d1 req-e6184e38-ca3c-4d36-8cf5-719af099e2d1 ] Request (InstanceActionsTestJSON:setUpClass): 204 PUT http://10.180.1.21/identity/v3/projects/13a62caf65b545b8bb053fdab9dc24b4/users/a20398d61fda404db04a07007e091142/roles/b7778b9a80fc4f0e9a25f576cd0a0571 0.044s
2024-12-10 15:36:37.207 65848 INFO tempest.lib.common.dynamic_creds [-] Dynamic test user a20398d61fda404db04a07007e091142 is created with scope project and roles: ['member']
2024-12-10 15:36:37.208 65848 INFO tempest.lib.common.dynamic_creds [-] Acquired dynamic creds: credentials: Credentials: {'domain_id': 'default', 'domain_name': 'Default', 'username': 'tempest-InstanceActionsTestJSON-1992934853-project-member', 'project_domain_id': 'default', 'project_domain_name': 'Default', 'project_id': '13a62caf65b545b8bb053fdab9dc24b4', 'project_name': 'tempest-InstanceActionsTestJSON-1992934853', 'tenant_id': '13a62caf65b545b8bb053fdab9dc24b4', 'tenant_name': 'tempest-InstanceActionsTestJSON-1992934853', 'user_domain_id': 'default', 'user_domain_name': 'Default', 'user_id': 'a20398d61fda404db04a07007e091142', 'system': None}, Network: None, Subnet: None, Router: None
2024-12-10 15:36:37.226 65819 INFO tempest.lib.common.rest_client [req-561d3f16-2191-4e69-a35a-3cc74ebc49c8 req-561d3f16-2191-4e69-a35a-3cc74ebc49c8 ] Request (ServerActionsTestOtherB:setUpClass): 200 GET http://10.180.1.21/compute/v2.1/servers/2496ab0d-468e-48b7-a85f-beb4e1f8bc47 1.148s
2024-12-10 15:36:37.254 65789 INFO tempest.lib.common.rest_client [req-792aabb2-e630-4c3f-8e26-9d95f185721e req-792aabb2-e630-4c3f-8e26-9d95f185721e ] Request (ServersTestBootFromVolume:setUpClass): 200 GET http://10.180.1.21/compute/v2.1/servers/8b970132-af07-43d0-a245-12af6dc77c97 1.102s
2024-12-10 15:36:37.316 65817 INFO tempest.lib.common.rest_client [req-239be44b-a02e-4301-a385-25506ea3278b req-239be44b-a02e-4301-a385-25506ea3278b ] Request (InstanceActionsV221TestJSON:test_get_list_deleted_instance_actions): 200 GET http://10.180.1.21/compute/v2.1/servers/2728677c-2e28-4e1c-a405-1c1e9f9b225e 1.153s
2024-12-10 15:36:37.317 65848 INFO tempest.lib.common.rest_client [req-80b66700-bad2-4fd0-aa2c-b03ae7d11e1f req-80b66700-bad2-4fd0-aa2c-b03ae7d11e1f ] Request (InstanceActionsTestJSON:setUpClass): 201 POST http://10.180.1.21/identity/v3/auth/tokens 0.109s
2024-12-10 15:36:37.346 65839 INFO tempest.lib.common.rest_client [req-fcd1a129-0a8c-4335-9bde-79e82d6e95c8 req-fcd1a129-0a8c-4335-9bde-79e82d6e95c8 ] Request (ServerAddressesTestJSON:setUpClass): 200 GET http://10.180.1.21/compute/v2.1/servers/ec726a5b-002a-4bc0-abec-07b02ca46886 1.122s
2024-12-10 15:36:37.388 65785 INFO tempest.lib.common.rest_client [req-27c61103-f3ee-42c6-9394-7bb89c45d03f req-27c61103-f3ee-42c6-9394-7bb89c45d03f ] Request (InstanceActionsNegativeTestJSON:setUpClass): 200 GET http://10.180.1.21/compute/v2.1/servers/165d73b0-94e1-4020-b43e-2c27630c2123 1.110s
2024-12-10 15:36:37.559 65801 INFO tempest.lib.common.rest_client [req-2268b4be-1dcf-443a-8598-7fcfd4d6d3cf req-2268b4be-1dcf-443a-8598-7fcfd4d6d3cf ] Request (TenantUsagesTestJSON:tearDownClass): 200 GET http://10.180.1.21/compute/v2.1/servers/eb494418-ff7c-4c54-95c3-835b02ea2c93 1.230s
2024-12-10 15:36:37.602 65791 INFO tempest.lib.common.rest_client [req-ed72fd8d-0b36-42ae-9cc7-211136b1fccd req-ed72fd8d-0b36-42ae-9cc7-211136b1fccd ] Request (ServerDiagnosticsV248Test:test_get_server_diagnostics): 202 POST http://10.180.1.21/compute/v2.1/servers 1.321s
2024-12-10 15:36:37.634 65793 INFO tempest.lib.common.rest_client [req-7f091f7e-ddc6-4872-8394-5e07c081a215 req-7f091f7e-ddc6-4872-8394-5e07c081a215 ] Request (AttachInterfacesV270Test:test_create_get_list_interfaces): 200 GET http://10.180.1.21/compute/v2.1/servers/c8cd1fd8-27f9-4f49-ab69-894eed7b92d5 1.286s
2024-12-10 15:36:37.700 65825 INFO tempest.lib.common.rest_client [req-952b3c91-4ec4-4102-b813-08b5c5f5963f req-952b3c91-4ec4-4102-b813-08b5c5f5963f ] Request (ImagesOneServerNegativeTestJSON:setUpClass): 200 GET http://10.180.1.21/compute/v2.1/servers/b1921de9-5ed2-43a4-a533-ea0311d51938 1.287s
2024-12-10 15:36:37.748 65833 INFO tempest.lib.common.rest_client [req-48ab6f6d-263a-42eb-bdb7-f1c3addfc0a5 req-48ab6f6d-263a-42eb-bdb7-f1c3addfc0a5 ] Request (ImagesTestJSON:test_create_image_from_suspended_server): 200 GET http://10.180.1.21/compute/v2.1/servers/954a4581-3007-44f7-9d78-d9823733db46 1.334s
2024-12-10 15:36:37.844 65835 INFO tempest.lib.common.rest_client [req-c07e55df-0e38-48ff-a711-2f1950b14ee3 req-c07e55df-0e38-48ff-a711-2f1950b14ee3 ] Request (ImagesMetadataTestJSON:test_update_image_metadata): 200 POST http://10.180.1.21/compute/v2.1/images/63f240ee-8c8f-4403-8373-8076dc693990/metadata 1.490s
2024-12-10 15:36:37.873 65831 INFO tempest.lib.common.rest_client [req-9a4f14c1-0963-451c-af71-27d034a53b16 req-9a4f14c1-0963-451c-af71-27d034a53b16 ] Request (SecurityGroupsTestJSON:test_security_groups_create_list_delete): 202 DELETE http://10.180.1.21/compute/v2.1/os-security-groups/a0ed8e06-3137-4e27-af90-f827603eeb3f 1.087s
2024-12-10 15:36:37.912 65848 INFO tempest.lib.common.rest_client [req-c380b587-0d98-4bc4-85a7-1ae6411661a6 req-c380b587-0d98-4bc4-85a7-1ae6411661a6 ] Request (InstanceActionsTestJSON:setUpClass): 201 POST http://10.180.1.21:9696/networking/v2.0/networks 0.594s
2024-12-10 15:36:37.948 65807 INFO tempest.lib.common.rest_client [req-ff5ffb47-3134-45db-ab8f-c2ed114cd1b2 req-ff5ffb47-3134-45db-ab8f-c2ed114cd1b2 ] Request (ServersTestMultiNic:test_verify_duplicate_network_nics): 200 GET http://10.180.1.21/compute/v2.1/servers/eb18c6ea-ee08-46c1-b300-8954011ac68e 0.995s
2024-12-10 15:36:37.981 65843 INFO tempest.lib.common.rest_client [req-37377f2f-e2cd-40e8-b1ce-e2497d2b6f7a req-37377f2f-e2cd-40e8-b1ce-e2497d2b6f7a ] Request (MigrationsAdminTest:test_list_migrations_in_flavor_resize_situation): 200 GET http://10.180.1.21/compute/v2.1/servers/54ce854a-5100-4a7c-ad79-ab4315a16984 1.109s
2024-12-10 15:36:37.988 65843 INFO tempest.common.waiters [-] State transition "RESIZE/resize_prep" ==> "RESIZE/resize_migrating" after 31 second wait
2024-12-10 15:36:38.008 65813 INFO tempest.lib.common.rest_client [req-222e9606-da6a-43df-aad4-72fd6523ad13 req-222e9606-da6a-43df-aad4-72fd6523ad13 ] Request (AttachVolumeShelveTestJSON:test_attach_volume_shelved_or_offload_server): 200 GET http://10.180.1.21/compute/v2.1/servers/9feea3c3-e37e-4105-a582-9581f26122c8 1.000s
2024-12-10 15:36:38.095 65827 INFO tempest.lib.common.rest_client [req-89f9e01f-a632-43cd-9091-55d627614188 req-89f9e01f-a632-43cd-9091-55d627614188 ] Request (ListServersNegativeTestJSON:setUpClass): 200 GET http://10.180.1.21/compute/v2.1/servers/e703fa1b-337f-4bb5-969f-6f8726e6141c 1.005s
2024-12-10 15:36:38.104 65827 INFO tempest.common.waiters [-] State transition "ACTIVE/deleting" ==> "DELETED/None" after 4 second wait
2024-12-10 15:36:38.157 65829 INFO tempest.lib.common.rest_client [req-6289b0cd-b703-42f6-ab46-82506690bdaa req-6289b0cd-b703-42f6-ab46-82506690bdaa ] Request (FloatingIPsAssociationNegativeTestJSON:setUpClass): 200 GET http://10.180.1.21/compute/v2.1/servers/e74178c1-975b-490a-9a34-dfe4031efe77 0.996s
2024-12-10 15:36:38.225 65823 INFO tempest.lib.common.rest_client [req-0b5d8517-74c9-4396-ab23-7a210a7851ef req-0b5d8517-74c9-4396-ab23-7a210a7851ef ] Request (ServerExternalEventsTest:test_create_server_external_events): 200 GET http://10.180.1.21/compute/v2.1/servers/f74dc970-b8e4-46aa-9ebd-e0348e2600e7 0.815s
2024-12-10 15:36:38.246 65848 INFO tempest.lib.common.rest_client [req-6eee4721-3428-4835-9bff-14388aa624ac req-6eee4721-3428-4835-9bff-14388aa624ac ] Request (InstanceActionsTestJSON:setUpClass): 201 POST http://10.180.1.21:9696/networking/v2.0/subnets 0.333s
2024-12-10 15:36:38.250 65841 INFO tempest.lib.common.rest_client [req-e2cca669-6078-4ee9-b384-c5a0185a623a req-e2cca669-6078-4ee9-b384-c5a0185a623a ] Request (AttachVolumeNegativeTest:setUpClass): 200 PUT http://10.180.1.21:9696/networking/v2.0/routers/b8a3a958-bf59-486c-94d0-59bf3adfe245/add_router_interface 1.488s
2024-12-10 15:36:38.250 65841 INFO tempest.lib.common.dynamic_creds [-] Created isolated network resources for: credentials: Credentials: {'domain_id': 'default', 'domain_name': 'Default', 'username': 'tempest-AttachVolumeNegativeTest-672147437-project-member', 'project_domain_id': 'default', 'project_domain_name': 'Default', 'project_id': 'c794392afb4b4edea0f4a470cceff6b8', 'project_name': 'tempest-AttachVolumeNegativeTest-672147437', 'tenant_id': 'c794392afb4b4edea0f4a470cceff6b8', 'tenant_name': 'tempest-AttachVolumeNegativeTest-672147437', 'user_domain_id': 'default', 'user_domain_name': 'Default', 'user_id': 'e67bcafce99d4779bbb40c46ef1c2dcb', 'system': None}, Network: {'id': '24f89f77-cb96-42f2-ad0e-50c40ad4e946', 'name': 'tempest-AttachVolumeNegativeTest-1801098202-network', 'tenant_id': 'c794392afb4b4edea0f4a470cceff6b8', 'admin_state_up': True, 'mtu': 8950, 'status': 'ACTIVE', 'subnets': [], 'shared': False, 'project_id': 'c794392afb4b4edea0f4a470cceff6b8', 'port_security_enabled': True, 'router:external': False, 'provider:network_type': 'vlan', 'provider:physical_network': 'default', 'provider:segmentation_id': 5, 'availability_zone_hints': [], 'availability_zones': [], 'ipv4_address_scope': None, 'ipv6_address_scope': None, 'description': '', 'tags': [], 'created_at': '2024-12-10T15:36:34Z', 'updated_at': '2024-12-10T15:36:34Z', 'revision_number': 1}, Subnet: {'id': '8f33cc95-3ec9-448a-ab93-fc00b05d27d2', 'name': 'tempest-AttachVolumeNegativeTest-1801098202-subnet', 'tenant_id': 'c794392afb4b4edea0f4a470cceff6b8', 'network_id': '24f89f77-cb96-42f2-ad0e-50c40ad4e946', 'ip_version': 4, 'subnetpool_id': None, 'enable_dhcp': True, 'ipv6_ra_mode': None, 'ipv6_address_mode': None, 'gateway_ip': '192.168.128.1', 'cidr': '192.168.128.0/28', 'allocation_pools': [{'start': '192.168.128.2', 'end': '192.168.128.14'}], 'host_routes': [], 'dns_nameservers': [], 'description': '', 'router:external': False, 'service_types': [], 'tags': [], 'created_at': '2024-12-10T15:36:35Z', 'updated_at': '2024-12-10T15:36:35Z', 'revision_number': 0, 'project_id': 'c794392afb4b4edea0f4a470cceff6b8'}, Router: {'id': 'b8a3a958-bf59-486c-94d0-59bf3adfe245', 'name': 'tempest-AttachVolumeNegativeTest-1801098202-router', 'tenant_id': 'c794392afb4b4edea0f4a470cceff6b8', 'admin_state_up': True, 'status': 'ACTIVE', 'external_gateway_info': {'network_id': 'fa4049bb-e713-41a7-bcde-9c3da00112df', 'external_fixed_ips': [{'subnet_id': 'e8289762-1490-40f8-8523-9adc4fbc5b07', 'ip_address': '10.180.180.150'}], 'enable_snat': True}, 'description': '', 'availability_zones': [], 'distributed': False, 'ha': False, 'availability_zone_hints': [], 'routes': [], 'flavor_id': None, 'tags': [], 'created_at': '2024-12-10T15:36:35Z', 'updated_at': '2024-12-10T15:36:36Z', 'revision_number': 2, 'project_id': 'c794392afb4b4edea0f4a470cceff6b8'}
2024-12-10 15:36:38.263 65799 INFO tempest.lib.common.rest_client [req-46c6bd6f-db6c-4d2c-a03f-a50d494e12e0 req-46c6bd6f-db6c-4d2c-a03f-a50d494e12e0 ] Request (SecurityGroupRulesTestJSON:test_security_group_rules_create_with_optional_group_id): 200 POST http://10.180.1.21/compute/v2.1/os-security-group-rules 1.246s
2024-12-10 15:36:38.311 65791 INFO tempest.lib.common.rest_client [req-79484b67-e83e-4c6f-901c-de6236e31c32 req-79484b67-e83e-4c6f-901c-de6236e31c32 ] Request (ServerDiagnosticsV248Test:test_get_server_diagnostics): 200 GET http://10.180.1.21/compute/v2.1/servers/b8769b56-c1c3-41db-ab9e-38485fcb29dc 0.707s
2024-12-10 15:36:38.353 65837 INFO tempest.lib.common.rest_client [req-b803c713-46cb-4e38-83c8-aeb9545163d2 req-b803c713-46cb-4e38-83c8-aeb9545163d2 ] Request (MultipleCreateTestJSON:_run_cleanups): 200 GET http://10.180.1.21/compute/v2.1/servers/7b0ddfcf-950a-47bb-bc29-e6ff325f0aed 0.675s
2024-12-10 15:36:38.356 65841 INFO tempest.lib.common.rest_client [req-9fb98c15-61d5-4f8d-9a61-2521e0ff5e9c req-9fb98c15-61d5-4f8d-9a61-2521e0ff5e9c ] Request (AttachVolumeNegativeTest:setUpClass): 201 POST http://10.180.1.21/identity/v3/auth/tokens 0.102s
2024-12-10 15:36:38.373 65811 INFO tempest.lib.common.rest_client [req-735183a9-0ed5-4df5-b790-664689f0b027 req-735183a9-0ed5-4df5-b790-664689f0b027 ] Request (ServerDiagnosticsTest:test_get_server_diagnostics): 200 GET http://10.180.1.21/compute/v2.1/servers/79fad1cf-cd27-4d37-a8b3-3a9ec6db2c86 0.693s
2024-12-10 15:36:38.411 65835 INFO tempest.lib.common.rest_client [req-f7576b1b-ecd1-43a9-bbba-b6bf1f5e002c req-f7576b1b-ecd1-43a9-bbba-b6bf1f5e002c ] Request (ImagesMetadataTestJSON:test_update_image_metadata): 200 GET http://10.180.1.21/compute/v2.1/images/63f240ee-8c8f-4403-8373-8076dc693990/metadata 0.566s
2024-12-10 15:36:38.421 65795 INFO tempest.lib.common.rest_client [req-4540388c-26a3-4ddb-9449-dce1cacc2ef5 req-4540388c-26a3-4ddb-9449-dce1cacc2ef5 ] Request (DeleteServersAdminTestJSON:test_delete_server_while_in_error_state): 200 GET http://10.180.1.21/compute/v2.1/servers/fb043667-d1b8-4eeb-bdc3-00612cbd35ba 0.663s
2024-12-10 15:36:38.433 65831 INFO tempest.lib.common.rest_client [req-180881ed-df94-479c-86f9-4de25e16f961 req-180881ed-df94-479c-86f9-4de25e16f961 ] Request (SecurityGroupsTestJSON:test_security_groups_create_list_delete): 404 GET http://10.180.1.21/compute/v2.1/os-security-groups/a0ed8e06-3137-4e27-af90-f827603eeb3f 0.559s
2024-12-10 15:36:38.477 65835 INFO tempest.lib.common.rest_client [req-49de7f2e-9469-42f6-bb32-bb76ce30e65c req-49de7f2e-9469-42f6-bb32-bb76ce30e65c ] Request (ImagesMetadataTestJSON:tearDownClass): 204 DELETE http://10.180.1.21/image/v2/images/63f240ee-8c8f-4403-8373-8076dc693990 0.064s
2024-12-10 15:36:38.512 65809 INFO tempest.lib.common.rest_client [req-72ba2a22-7297-4708-b649-a6d8412e0b27 req-72ba2a22-7297-4708-b649-a6d8412e0b27 ] Request (ServersAdmin275Test:tearDownClass): 200 GET http://10.180.1.21/compute/v2.1/servers/30526dec-d3cf-46be-841d-c96148f391d1 0.504s
2024-12-10 15:36:38.562 65835 INFO tempest.lib.common.rest_client [req-29c1744e-662a-4dcf-b765-9335a65ac74c req-29c1744e-662a-4dcf-b765-9335a65ac74c ] Request (ImagesMetadataTestJSON:tearDownClass): 204 DELETE http://10.180.1.21/identity/v3/users/7d98f86840514068be5a4795ddc47424 0.085s
2024-12-10 15:36:38.563 65835 INFO tempest.lib.common.dynamic_creds [-] Deleting project and security group for project: 97842c5580a042a29af6e5d7eb3251bc
2024-12-10 15:36:38.576 65797 INFO tempest.lib.common.rest_client [req-317891b6-3375-4044-adaa-d285982a1f1d req-317891b6-3375-4044-adaa-d285982a1f1d ] Request (ServersWithSpecificFlavorTestJSON:test_verify_created_server_ephemeral_disk): 200 GET http://10.180.1.21/compute/v2.1/servers/0beb117b-7382-42d5-abb0-06a0c740f983 0.486s
2024-12-10 15:36:38.626 65835 INFO tempest.lib.common.rest_client [req-fee778ce-4501-4dbe-8966-75ebcc54962f req-fee778ce-4501-4dbe-8966-75ebcc54962f ] Request (ImagesMetadataTestJSON:tearDownClass): 201 POST http://10.180.1.21/identity/v3/auth/tokens 0.063s
2024-12-10 15:36:38.636 65787 INFO tempest.lib.common.rest_client [req-0e43b850-acf7-4541-97c2-6a299a1f8cf4 req-0e43b850-acf7-4541-97c2-6a299a1f8cf4 ] Request (ServerAddressesNegativeTestJSON:setUpClass): 200 GET http://10.180.1.21/compute/v2.1/servers/72f696ef-c5c4-410a-a894-52e683084a0a 0.541s
2024-12-10 15:36:38.675 65821 INFO tempest.lib.common.rest_client [req-757697e5-bf6a-4afb-a807-950754d4c637 req-757697e5-bf6a-4afb-a807-950754d4c637 ] Request (VolumesAssistedSnapshotsTest:test_volume_assisted_snapshot_create_delete): 200 GET http://10.180.1.21/compute/v2.1/servers/09536b47-40b4-4d91-b280-d240cb877248 0.794s
2024-12-10 15:36:38.749 65819 INFO tempest.lib.common.rest_client [req-38eae198-6c83-4cac-b976-27f729ddc1a6 req-38eae198-6c83-4cac-b976-27f729ddc1a6 ] Request (ServerActionsTestOtherB:setUpClass): 200 GET http://10.180.1.21/compute/v2.1/servers/2496ab0d-468e-48b7-a85f-beb4e1f8bc47 0.514s
2024-12-10 15:36:38.815 65835 INFO tempest.lib.common.rest_client [req-b8333364-52a7-42fb-ae16-809b77bd259d req-b8333364-52a7-42fb-ae16-809b77bd259d ] Request (ImagesMetadataTestJSON:tearDownClass): 200 GET http://10.180.1.21:9696/networking/v2.0/security-groups?tenant_id=97842c5580a042a29af6e5d7eb3251bc&name=default 0.189s
2024-12-10 15:36:38.885 65803 INFO tempest.lib.common.rest_client [req-5f75a527-277c-445d-8683-cb73f6bb6508 req-5f75a527-277c-445d-8683-cb73f6bb6508 ] Request (ServersTestFqdnHostnames:test_create_server_with_fqdn_name): 200 GET http://10.180.1.21/compute/v2.1/servers/944ce849-152a-404e-8095-a6cc4f27bfc1 0.692s
2024-12-10 15:36:38.893 65803 INFO tempest.common.waiters [-] State transition "BUILD/networking" ==> "BUILD/spawning" after 42 second wait
2024-12-10 15:36:38.911 65835 INFO tempest.lib.common.rest_client [req-e091cb1e-a955-4596-b959-2883e0e06d63 req-e091cb1e-a955-4596-b959-2883e0e06d63 ] Request (ImagesMetadataTestJSON:tearDownClass): 204 DELETE http://10.180.1.21:9696/networking/v2.0/security-groups/14e92886-634f-4d38-a15a-215fcdb57009 0.096s
2024-12-10 15:36:38.972 65789 INFO tempest.lib.common.rest_client [req-0fb584b2-95c4-4dfd-ad92-d55edf8b596f req-0fb584b2-95c4-4dfd-ad92-d55edf8b596f ] Request (ServersTestBootFromVolume:setUpClass): 200 GET http://10.180.1.21/compute/v2.1/servers/8b970132-af07-43d0-a245-12af6dc77c97 0.699s
2024-12-10 15:36:38.976 65835 INFO tempest.lib.common.rest_client [req-b86d8ee0-593a-48dd-b8f1-fbdd33b70a35 req-b86d8ee0-593a-48dd-b8f1-fbdd33b70a35 ] Request (ImagesMetadataTestJSON:tearDownClass): 204 DELETE http://10.180.1.21/identity/v3/projects/97842c5580a042a29af6e5d7eb3251bc 0.064s
2024-12-10 15:36:39.043 65835 INFO tempest.lib.common.rest_client [req-7328d5ae-9121-438e-97aa-7a9c743694c3 req-7328d5ae-9121-438e-97aa-7a9c743694c3 ] Request (ServersTestJSON:setUpClass): 201 POST http://10.180.1.21/identity/v3/auth/tokens 0.065s
2024-12-10 15:36:39.047 65817 INFO tempest.lib.common.rest_client [req-ad81e48e-8dbd-473f-b458-fa54662f6dff req-ad81e48e-8dbd-473f-b458-fa54662f6dff ] Request (InstanceActionsV221TestJSON:test_get_list_deleted_instance_actions): 200 GET http://10.180.1.21/compute/v2.1/servers/2728677c-2e28-4e1c-a405-1c1e9f9b225e 0.718s
2024-12-10 15:36:39.070 65799 INFO tempest.lib.common.rest_client [req-2da50ec4-060a-45a7-b80c-6d69cbefede0 req-2da50ec4-060a-45a7-b80c-6d69cbefede0 ] Request (SecurityGroupRulesTestJSON:test_security_group_rules_delete_when_peer_group_deleted): 200 POST http://10.180.1.21/compute/v2.1/os-security-groups 0.803s
2024-12-10 15:36:39.084 65835 INFO tempest.lib.common.rest_client [req-c7c68ff7-749b-44b6-b0a6-18f77b2792ca req-c7c68ff7-749b-44b6-b0a6-18f77b2792ca ] Request (ServersTestJSON:setUpClass): 201 POST http://10.180.1.21/identity/v3/auth/tokens 0.038s
2024-12-10 15:36:39.109 65839 INFO tempest.lib.common.rest_client [req-1b41a548-6531-4776-8423-78828b7be1a3 req-1b41a548-6531-4776-8423-78828b7be1a3 ] Request (ServerAddressesTestJSON:setUpClass): 200 GET http://10.180.1.21/compute/v2.1/servers/ec726a5b-002a-4bc0-abec-07b02ca46886 0.754s
2024-12-10 15:36:39.115 65835 INFO tempest.lib.common.rest_client [req-f4af3885-db49-449e-90f9-c55c223ed356 req-f4af3885-db49-449e-90f9-c55c223ed356 ] Request (ServersTestJSON:setUpClass): 200 GET http://10.180.1.21/identity/v3/domains?name=Default 0.031s
2024-12-10 15:36:39.161 65785 INFO tempest.lib.common.rest_client [req-e7a7d953-1daf-47be-a0e8-072c1043ade5 req-e7a7d953-1daf-47be-a0e8-072c1043ade5 ] Request (InstanceActionsNegativeTestJSON:setUpClass): 200 GET http://10.180.1.21/compute/v2.1/servers/165d73b0-94e1-4020-b43e-2c27630c2123 0.764s
2024-12-10 15:36:39.170 65835 INFO tempest.lib.common.rest_client [req-5e58c24e-9e5f-4d61-adf4-fe3444dd2cac req-5e58c24e-9e5f-4d61-adf4-fe3444dd2cac ] Request (ServersTestJSON:setUpClass): 201 POST http://10.180.1.21/identity/v3/projects 0.054s
2024-12-10 15:36:39.226 65841 INFO tempest.lib.common.rest_client [req-beddd4b5-2c00-4a92-904f-f854e5c317cb req-beddd4b5-2c00-4a92-904f-f854e5c317cb ] Request (ValidationResourcesFixture:setUp): 200 POST http://10.180.1.21/compute/v2.1/os-keypairs 0.867s
2024-12-10 15:36:39.234 65835 INFO tempest.lib.common.rest_client [req-797096f2-3b74-43d8-be63-a051063b21f5 req-797096f2-3b74-43d8-be63-a051063b21f5 ] Request (ServersTestJSON:setUpClass): 201 POST http://10.180.1.21/identity/v3/users 0.064s
2024-12-10 15:36:39.264 65835 INFO tempest.lib.common.rest_client [req-fb7e04c6-efb9-40f7-9b30-38a56bb75855 req-fb7e04c6-efb9-40f7-9b30-38a56bb75855 ] Request (ServersTestJSON:setUpClass): 200 GET http://10.180.1.21/identity/v3/roles 0.029s
2024-12-10 15:36:39.293 65835 INFO tempest.lib.common.rest_client [req-d872bfbb-db9f-4fd1-952f-97a6f717a590 req-d872bfbb-db9f-4fd1-952f-97a6f717a590 ] Request (ServersTestJSON:setUpClass): 204 PUT http://10.180.1.21/identity/v3/projects/0d186547b31349dfac6792b64b5a5ead/users/e68114b554414493a567641f4fddfb8a/roles/b7778b9a80fc4f0e9a25f576cd0a0571 0.028s
2024-12-10 15:36:39.293 65835 INFO tempest.lib.common.dynamic_creds [-] Dynamic test user e68114b554414493a567641f4fddfb8a is created with scope project and roles: ['member']
2024-12-10 15:36:39.293 65835 INFO tempest.lib.common.dynamic_creds [-] Acquired dynamic creds: credentials: Credentials: {'domain_id': 'default', 'domain_name': 'Default', 'username': 'tempest-ServersTestJSON-1367184530-project-member', 'project_domain_id': 'default', 'project_domain_name': 'Default', 'project_id': '0d186547b31349dfac6792b64b5a5ead', 'project_name': 'tempest-ServersTestJSON-1367184530', 'tenant_id': '0d186547b31349dfac6792b64b5a5ead', 'tenant_name': 'tempest-ServersTestJSON-1367184530', 'user_domain_id': 'default', 'user_domain_name': 'Default', 'user_id': 'e68114b554414493a567641f4fddfb8a', 'system': None}, Network: None, Subnet: None, Router: None
2024-12-10 15:36:39.319 65801 INFO tempest.lib.common.rest_client [req-a659072f-c15a-46ca-bc5b-83385cffb467 req-a659072f-c15a-46ca-bc5b-83385cffb467 ] Request (TenantUsagesTestJSON:tearDownClass): 200 GET http://10.180.1.21/compute/v2.1/servers/eb494418-ff7c-4c54-95c3-835b02ea2c93 0.749s
2024-12-10 15:36:39.327 65801 INFO tempest.common.waiters [-] State transition "ACTIVE/deleting" ==> "DELETED/None" after 4 second wait
2024-12-10 15:36:39.347 65841 INFO tempest.lib.common.rest_client [req-4d63b7d8-1267-4319-91a4-7fc49275fca0 req-4d63b7d8-1267-4319-91a4-7fc49275fca0 ] Request (ValidationResourcesFixture:setUp): 201 POST http://10.180.1.21:9696/networking/v2.0/security-groups 0.119s
2024-12-10 15:36:39.381 65835 INFO tempest.lib.common.rest_client [req-785fbf87-73a9-4a3f-ab5b-980dda4982b9 req-785fbf87-73a9-4a3f-ab5b-980dda4982b9 ] Request (ServersTestJSON:setUpClass): 201 POST http://10.180.1.21/identity/v3/auth/tokens 0.087s
2024-12-10 15:36:39.402 65793 INFO tempest.lib.common.rest_client [req-d4b0af4b-bf50-4457-9e96-d01ea6e5d015 req-d4b0af4b-bf50-4457-9e96-d01ea6e5d015 ] Request (AttachInterfacesV270Test:test_create_get_list_interfaces): 200 GET http://10.180.1.21/compute/v2.1/servers/c8cd1fd8-27f9-4f49-ab69-894eed7b92d5 0.754s
2024-12-10 15:36:39.410 65831 INFO tempest.lib.common.rest_client [req-e10f416f-31f7-40e2-ba9e-c95ab37c6787 req-e10f416f-31f7-40e2-ba9e-c95ab37c6787 ] Request (SecurityGroupsTestJSON:test_security_groups_create_list_delete): 200 GET http://10.180.1.21/compute/v2.1/os-security-groups 0.977s
2024-12-10 15:36:39.412 65805 WARNING tempest.lib.common.ssh [-] Failed to establish authenticated ssh connection to cirros@10.180.180.235 ([Errno None] Unable to connect to port 22 on 10.180.180.235). Number attempts: 4. Retry after 5 seconds.: paramiko.ssh_exception.NoValidConnectionsError: [Errno None] Unable to connect to port 22 on 10.180.180.235
2024-12-10 15:36:39.474 65841 INFO tempest.lib.common.rest_client [req-1001873b-40fb-40f5-b50c-2777a9ddad0c req-1001873b-40fb-40f5-b50c-2777a9ddad0c ] Request (ValidationResourcesFixture:setUp): 201 POST http://10.180.1.21:9696/networking/v2.0/security-group-rules 0.127s
2024-12-10 15:36:39.492 65833 INFO tempest.lib.common.rest_client [req-16485fd8-6d81-40db-9f4e-98db07d41fa2 req-16485fd8-6d81-40db-9f4e-98db07d41fa2 ] Request (ImagesTestJSON:test_create_image_from_suspended_server): 200 GET http://10.180.1.21/compute/v2.1/servers/954a4581-3007-44f7-9d78-d9823733db46 0.733s
2024-12-10 15:36:39.496 65825 INFO tempest.lib.common.rest_client [req-cd841ccb-3e5e-4ded-a7eb-9667ee672339 req-cd841ccb-3e5e-4ded-a7eb-9667ee672339 ] Request (ImagesOneServerNegativeTestJSON:setUpClass): 200 GET http://10.180.1.21/compute/v2.1/servers/b1921de9-5ed2-43a4-a533-ea0311d51938 0.790s
2024-12-10 15:36:39.565 65807 INFO tempest.lib.common.rest_client [req-8755b9ea-9c33-4b45-a150-cc5aaaf54dcf req-8755b9ea-9c33-4b45-a150-cc5aaaf54dcf ] Request (ServersTestMultiNic:test_verify_duplicate_network_nics): 200 GET http://10.180.1.21/compute/v2.1/servers/eb18c6ea-ee08-46c1-b300-8954011ac68e 0.608s
2024-12-10 15:36:39.619 65841 INFO tempest.lib.common.rest_client [req-bf205924-7761-445a-9b93-1bf01d0160e7 req-bf205924-7761-445a-9b93-1bf01d0160e7 ] Request (ValidationResourcesFixture:setUp): 201 POST http://10.180.1.21:9696/networking/v2.0/security-group-rules 0.144s
2024-12-10 15:36:39.627 65813 INFO tempest.lib.common.rest_client [req-8cb52e6f-176a-4e4a-bccb-375f7ad1b943 req-8cb52e6f-176a-4e4a-bccb-375f7ad1b943 ] Request (AttachVolumeShelveTestJSON:test_attach_volume_shelved_or_offload_server): 200 GET http://10.180.1.21/compute/v2.1/servers/9feea3c3-e37e-4105-a582-9581f26122c8 0.611s
2024-12-10 15:36:39.655 65848 INFO tempest.lib.common.rest_client [req-a54b3a8e-1cab-48c4-bb48-f17d07ea20da req-a54b3a8e-1cab-48c4-bb48-f17d07ea20da ] Request (InstanceActionsTestJSON:setUpClass): 201 POST http://10.180.1.21:9696/networking/v2.0/routers 1.408s
2024-12-10 15:36:39.712 65835 INFO tempest.lib.common.rest_client [req-6a5d3aba-102f-4d78-83c2-0092cbf3b8f9 req-6a5d3aba-102f-4d78-83c2-0092cbf3b8f9 ] Request (ServersTestJSON:setUpClass): 201 POST http://10.180.1.21:9696/networking/v2.0/networks 0.330s
2024-12-10 15:36:39.766 65843 INFO tempest.lib.common.rest_client [req-db519e3e-6ba4-4f9f-9507-53276d3c2dee req-db519e3e-6ba4-4f9f-9507-53276d3c2dee ] Request (MigrationsAdminTest:test_list_migrations_in_flavor_resize_situation): 200 GET http://10.180.1.21/compute/v2.1/servers/54ce854a-5100-4a7c-ad79-ab4315a16984 0.777s
2024-12-10 15:36:39.975 65835 INFO tempest.lib.common.rest_client [req-b52b1f4d-3064-4226-8a27-53849710161d req-b52b1f4d-3064-4226-8a27-53849710161d ] Request (ServersTestJSON:setUpClass): 201 POST http://10.180.1.21:9696/networking/v2.0/subnets 0.262s
2024-12-10 15:36:40.074 65827 INFO tempest.lib.common.rest_client [req-efb994de-3ea0-4259-9b52-1163203968b1 req-efb994de-3ea0-4259-9b52-1163203968b1 ] Request (ListServersNegativeTestJSON:setUpClass): 200 GET http://10.180.1.21/compute/v2.1/servers/e703fa1b-337f-4bb5-969f-6f8726e6141c 0.964s
2024-12-10 15:36:40.127 65799 INFO tempest.lib.common.rest_client [req-f7708cda-5944-4d9d-ae45-8106794e79e5 req-f7708cda-5944-4d9d-ae45-8106794e79e5 ] Request (SecurityGroupRulesTestJSON:test_security_group_rules_delete_when_peer_group_deleted): 200 POST http://10.180.1.21/compute/v2.1/os-security-groups 1.055s
2024-12-10 15:36:40.205 65829 INFO tempest.lib.common.rest_client [req-5a435396-b592-4903-b49c-a340e23cd337 req-5a435396-b592-4903-b49c-a340e23cd337 ] Request (FloatingIPsAssociationNegativeTestJSON:setUpClass): 200 GET http://10.180.1.21/compute/v2.1/servers/e74178c1-975b-490a-9a34-dfe4031efe77 1.032s
2024-12-10 15:36:40.232 65823 INFO tempest.lib.common.rest_client [req-4ebb887a-a7a0-4fe1-8ea3-71b62c5e567e req-4ebb887a-a7a0-4fe1-8ea3-71b62c5e567e ] Request (ServerExternalEventsTest:test_create_server_external_events): 200 GET http://10.180.1.21/compute/v2.1/servers/f74dc970-b8e4-46aa-9ebd-e0348e2600e7 0.997s
2024-12-10 15:36:40.319 65791 INFO tempest.lib.common.rest_client [req-ce7dd904-0928-4293-9344-c661a7d4c75c req-ce7dd904-0928-4293-9344-c661a7d4c75c ] Request (ServerDiagnosticsV248Test:test_get_server_diagnostics): 200 GET http://10.180.1.21/compute/v2.1/servers/b8769b56-c1c3-41db-ab9e-38485fcb29dc 0.989s
2024-12-10 15:36:40.336 65837 INFO tempest.lib.common.rest_client [req-31f690b0-04a8-4bfd-b498-b10559323915 req-31f690b0-04a8-4bfd-b498-b10559323915 ] Request (MultipleCreateTestJSON:_run_cleanups): 200 GET http://10.180.1.21/compute/v2.1/servers/7b0ddfcf-950a-47bb-bc29-e6ff325f0aed 0.970s
2024-12-10 15:36:40.370 65845 WARNING tempest.lib.common.ssh [-] Failed to establish authenticated ssh connection to cirros@10.180.180.174 ([Errno None] Unable to connect to port 22 on 10.180.180.174). Number attempts: 4. Retry after 5 seconds.: paramiko.ssh_exception.NoValidConnectionsError: [Errno None] Unable to connect to port 22 on 10.180.180.174
2024-12-10 15:36:40.380 65841 INFO tempest.lib.common.rest_client [req-ce7b733c-5fde-43f8-82a0-0e2936e278c2 req-ce7b733c-5fde-43f8-82a0-0e2936e278c2 ] Request (ValidationResourcesFixture:setUp): 201 POST http://10.180.1.21:9696/networking/v2.0/floatingips 0.761s
2024-12-10 15:36:40.416 65811 INFO tempest.lib.common.rest_client [req-839c9a9e-dd0c-43e1-9a07-7378e6437084 req-839c9a9e-dd0c-43e1-9a07-7378e6437084 ] Request (ServerDiagnosticsTest:test_get_server_diagnostics): 200 GET http://10.180.1.21/compute/v2.1/servers/79fad1cf-cd27-4d37-a8b3-3a9ec6db2c86 1.036s
2024-12-10 15:36:40.423 65811 INFO tempest.common.waiters [-] State transition "BUILD/None" ==> "BUILD/block_device_mapping" after 41 second wait
2024-12-10 15:36:40.472 65841 INFO tempest.lib.common.rest_client [req-1f3690b5-90bd-46a5-a734-8fc7a2bc2537 req-1f3690b5-90bd-46a5-a734-8fc7a2bc2537 ] Request (AttachVolumeNegativeTest:test_attach_attached_volume_to_different_server): 201 POST http://10.180.1.21/identity/v3/auth/tokens 0.089s
