2024-12-10 15:37:16.393 65801 INFO tempest.lib.common.rest_client [req-c2a232e6-263b-4ba9-84aa-89148429e495 req-c2a232e6-263b-4ba9-84aa-89148429e495 ] Request (TenantUsagesTestJSON:tearDownClass): 204 DELETE http://10.180.1.21:9696/networking/v2.0/security-groups/a4248301-45ad-4ca4-8feb-b81520787ce8 0.204s
2024-12-10 15:37:16.414 65795 INFO tempest.lib.common.rest_client [req-288b5e96-e929-44ae-bd74-bb4a55508cb2 req-288b5e96-e929-44ae-bd74-bb4a55508cb2 ] Request (DeleteServersAdminTestJSON:test_delete_server_while_in_error_state): 200 GET http://10.180.1.21/compute/v2.1/servers/fb043667-d1b8-4eeb-bdc3-00612cbd35ba 0.379s
2024-12-10 15:37:16.442 65841 INFO tempest.lib.common.rest_client [req-a507a6ef-998b-4613-898a-baa1b97ef579 req-a507a6ef-998b-4613-898a-baa1b97ef579 ] Request (AttachVolumeNegativeTest:test_attach_attached_volume_to_different_server): 200 GET http://10.180.1.21/compute/v2.1/servers/656db28c-aa12-43c6-be4a-e3abfd6345bd 0.368s
2024-12-10 15:37:16.467 65801 INFO tempest.lib.common.rest_client [req-1c6a258a-2981-4070-9525-f94aca11d0ba req-1c6a258a-2981-4070-9525-f94aca11d0ba ] Request (TenantUsagesTestJSON:tearDownClass): 204 DELETE http://10.180.1.21/identity/v3/projects/efd7a194ab014067bf111d65a7cc2745 0.074s
2024-12-10 15:37:16.467 65801 INFO tempest.lib.common.dynamic_creds [-] Deleting project and security group for project: 0329b68021b5473e8cb97569137f6624
2024-12-10 15:37:16.469 65837 INFO tempest.lib.common.rest_client [req-93a85813-4291-4c33-9f72-bfaf054319c6 req-93a85813-4291-4c33-9f72-bfaf054319c6 ] Request (MultipleCreateTestJSON:test_multiple_create_with_reservation_return): 200 GET http://10.180.1.21/compute/v2.1/servers/60b1630a-8ac8-4548-bcc9-2a9113bf7fb4 0.376s
2024-12-10 15:37:16.551 65827 INFO tempest.lib.common.rest_client [req-51506e70-206a-4dc8-9833-df01a952421e req-51506e70-206a-4dc8-9833-df01a952421e ] Request (ListServersNegativeTestJSON:tearDownClass): 200 GET http://10.180.1.21/compute/v2.1/servers/71e74513-112f-4092-9927-94a7b5c8023f 0.349s
2024-12-10 15:37:16.586 65801 INFO tempest.lib.common.rest_client [req-42a942eb-9968-42b0-89c1-2911d05fa922 req-42a942eb-9968-42b0-89c1-2911d05fa922 ] Request (TenantUsagesTestJSON:tearDownClass): 200 GET http://10.180.1.21:9696/networking/v2.0/security-groups?tenant_id=0329b68021b5473e8cb97569137f6624&name=default 0.118s
2024-12-10 15:37:16.611 65817 INFO tempest.lib.common.rest_client [req-6cfa5a00-02fe-4a8b-85ab-ead46293e015 req-6cfa5a00-02fe-4a8b-85ab-ead46293e015 ] Request (InstanceActionsV221TestJSON:test_get_list_deleted_instance_actions): 200 GET http://10.180.1.21/compute/v2.1/servers/2728677c-2e28-4e1c-a405-1c1e9f9b225e 0.365s
2024-12-10 15:37:16.669 65801 INFO tempest.lib.common.rest_client [req-ce3a2763-140c-43d8-9ff8-44ce3b532ba0 req-ce3a2763-140c-43d8-9ff8-44ce3b532ba0 ] Request (TenantUsagesTestJSON:tearDownClass): 204 DELETE http://10.180.1.21:9696/networking/v2.0/security-groups/ddcccff0-4413-4eca-ae07-1f9668416245 0.082s
2024-12-10 15:37:16.764 65801 INFO tempest.lib.common.rest_client [req-19eebe2f-9b1f-4af1-b9df-bc11ac4707f4 req-19eebe2f-9b1f-4af1-b9df-bc11ac4707f4 ] Request (TenantUsagesTestJSON:tearDownClass): 204 DELETE http://10.180.1.21/identity/v3/projects/0329b68021b5473e8cb97569137f6624 0.094s
2024-12-10 15:37:16.845 65801 INFO tempest.lib.common.rest_client [req-d1eb64d0-4740-4ecb-ab05-748a6e52e1c9 req-d1eb64d0-4740-4ecb-ab05-748a6e52e1c9 ] Request (VolumesAdminNegativeTest:setUpClass): 201 POST http://10.180.1.21/identity/v3/auth/tokens 0.079s
2024-12-10 15:37:16.882 65801 INFO tempest.lib.common.rest_client [req-096d5537-a9f3-41c5-a1eb-839d7add3edc req-096d5537-a9f3-41c5-a1eb-839d7add3edc ] Request (VolumesAdminNegativeTest:setUpClass): 201 POST http://10.180.1.21/identity/v3/auth/tokens 0.031s
2024-12-10 15:37:16.915 65801 INFO tempest.lib.common.rest_client [req-fbd737fa-bdc0-4b68-abb7-aab67b1f8c84 req-fbd737fa-bdc0-4b68-abb7-aab67b1f8c84 ] Request (VolumesAdminNegativeTest:setUpClass): 200 GET http://10.180.1.21/identity/v3/domains?name=Default 0.032s
2024-12-10 15:37:16.952 65801 INFO tempest.lib.common.rest_client [req-b91f1f8a-079b-48b3-bc02-49f1d09e7281 req-b91f1f8a-079b-48b3-bc02-49f1d09e7281 ] Request (VolumesAdminNegativeTest:setUpClass): 201 POST http://10.180.1.21/identity/v3/projects 0.036s
2024-12-10 15:37:17.000 65843 INFO tempest.lib.common.rest_client [req-11df8dbd-bc91-463a-b06e-6bd1ee96d6d2 req-11df8dbd-bc91-463a-b06e-6bd1ee96d6d2 ] Request (MigrationsAdminTest:test_list_migrations_in_flavor_resize_situation): 200 GET http://10.180.1.21/compute/v2.1/servers/54ce854a-5100-4a7c-ad79-ab4315a16984 0.621s
2024-12-10 15:37:17.013 65801 INFO tempest.lib.common.rest_client [req-4063bc68-739f-4777-97c2-0b33e5f62580 req-4063bc68-739f-4777-97c2-0b33e5f62580 ] Request (VolumesAdminNegativeTest:setUpClass): 201 POST http://10.180.1.21/identity/v3/users 0.061s
2024-12-10 15:37:17.037 65801 INFO tempest.lib.common.rest_client [req-95d407f0-7c7f-4941-b2a2-2491282e4368 req-95d407f0-7c7f-4941-b2a2-2491282e4368 ] Request (VolumesAdminNegativeTest:setUpClass): 200 GET http://10.180.1.21/identity/v3/roles 0.023s
2024-12-10 15:37:17.057 65809 INFO tempest.lib.common.rest_client [req-68774f3e-598f-4087-85c7-7154692104a6 req-68774f3e-598f-4087-85c7-7154692104a6 ] Request (ServerActionsTestJSON:setUpClass): 200 GET http://10.180.1.21/compute/v2.1/servers/cd8b2ef1-fb0d-428a-ba3e-f538646d3759 0.625s
2024-12-10 15:37:17.068 65801 INFO tempest.lib.common.rest_client [req-11fba408-6b45-44ec-bfc3-007ea5d2597a req-11fba408-6b45-44ec-bfc3-007ea5d2597a ] Request (VolumesAdminNegativeTest:setUpClass): 204 PUT http://10.180.1.21/identity/v3/projects/e9e3cc2bdaef41ba86d4531b949cdac4/users/5b3515ebf22047b89dff2c06fea1219a/roles/b7778b9a80fc4f0e9a25f576cd0a0571 0.031s
2024-12-10 15:37:17.069 65801 INFO tempest.lib.common.dynamic_creds [-] Dynamic test user 5b3515ebf22047b89dff2c06fea1219a is created with scope project and roles: ['member']
2024-12-10 15:37:17.069 65801 INFO tempest.lib.common.dynamic_creds [-] Acquired dynamic creds: credentials: Credentials: {'domain_id': 'default', 'domain_name': 'Default', 'username': 'tempest-VolumesAdminNegativeTest-1937478387-project-member', 'project_domain_id': 'default', 'project_domain_name': 'Default', 'project_id': 'e9e3cc2bdaef41ba86d4531b949cdac4', 'project_name': 'tempest-VolumesAdminNegativeTest-1937478387', 'tenant_id': 'e9e3cc2bdaef41ba86d4531b949cdac4', 'tenant_name': 'tempest-VolumesAdminNegativeTest-1937478387', 'user_domain_id': 'default', 'user_domain_name': 'Default', 'user_id': '5b3515ebf22047b89dff2c06fea1219a', 'system': None}, Network: None, Subnet: None, Router: None
2024-12-10 15:37:17.121 65801 INFO tempest.lib.common.rest_client [req-a8b4ba18-4785-4342-a779-ae7a956e71fd req-a8b4ba18-4785-4342-a779-ae7a956e71fd ] Request (VolumesAdminNegativeTest:setUpClass): 201 POST http://10.180.1.21/identity/v3/auth/tokens 0.052s
2024-12-10 15:37:17.144 65829 INFO tempest.lib.common.rest_client [req-b3b4eda7-091e-433b-8019-f22510670284 req-b3b4eda7-091e-433b-8019-f22510670284 ] Request (FloatingIPsAssociationNegativeTestJSON:_run_cleanups): 202 DELETE http://10.180.1.21/compute/v2.1/os-floating-ips/e412924b-bfbc-478b-8d75-b12e59fed073 1.033s
2024-12-10 15:37:17.193 65839 INFO tempest.lib.common.rest_client [req-e49bc904-f799-4a92-b636-0495a76fd278 req-e49bc904-f799-4a92-b636-0495a76fd278 ] Request (ServerAddressesTestJSON:setUpClass): 200 GET http://10.180.1.21/compute/v2.1/servers/ec726a5b-002a-4bc0-abec-07b02ca46886 0.531s
2024-12-10 15:37:17.213 65825 INFO tempest.lib.common.rest_client [req-cd4e59e1-caea-4185-bcc4-99c2d7fb9637 req-cd4e59e1-caea-4185-bcc4-99c2d7fb9637 ] Request (ImagesOneServerNegativeTestJSON:tearDown): 200 GET http://10.180.1.21/compute/v2.1/servers/b1921de9-5ed2-43a4-a533-ea0311d51938 0.596s
2024-12-10 15:37:17.244 65835 INFO tempest.lib.common.rest_client [req-35705928-ec7a-4f9b-967e-131670f4492b req-35705928-ec7a-4f9b-967e-131670f4492b ] Request (ServersTestJSON:test_create_server_specify_multibyte_character_name): 200 GET http://10.180.1.21/compute/v2.1/servers/071ba0ff-6674-480a-9c76-cfcd6237aa7e 0.535s
2024-12-10 15:37:17.298 65787 INFO tempest.lib.common.rest_client [req-c2319002-8733-42bf-963b-50e316988258 req-c2319002-8733-42bf-963b-50e316988258 ] Request (ServerAddressesNegativeTestJSON:tearDownClass): 200 GET http://10.180.1.21/compute/v2.1/servers/72f696ef-c5c4-410a-a894-52e683084a0a 0.438s
2024-12-10 15:37:17.349 65833 INFO tempest.lib.common.rest_client [req-4b8a7822-1502-4052-a042-0dbba0de9f29 req-4b8a7822-1502-4052-a042-0dbba0de9f29 ] Request (ImagesTestJSON:test_create_image_from_suspended_server): 200 GET http://10.180.1.21/compute/v2.1/servers/954a4581-3007-44f7-9d78-d9823733db46 0.410s
2024-12-10 15:37:17.371 65801 INFO tempest.lib.common.rest_client [req-d623a863-e683-412a-849a-c3316797d050 req-d623a863-e683-412a-849a-c3316797d050 ] Request (VolumesAdminNegativeTest:setUpClass): 201 POST http://10.180.1.21:9696/networking/v2.0/networks 0.250s
2024-12-10 15:37:17.405 65807 INFO tempest.lib.common.rest_client [req-42605678-a015-4d0d-9814-b73f847326b5 req-42605678-a015-4d0d-9814-b73f847326b5 ] Request (ServersTestMultiNic:test_verify_duplicate_network_nics): 200 GET http://10.180.1.21/compute/v2.1/servers/eb18c6ea-ee08-46c1-b300-8954011ac68e 0.400s
2024-12-10 15:37:17.462 65811 INFO tempest.lib.common.rest_client [req-3a430272-95de-460a-99d6-e24aaf5df22e req-3a430272-95de-460a-99d6-e24aaf5df22e ] Request (ServerDiagnosticsTest:tearDownClass): 200 GET http://10.180.1.21/compute/v2.1/servers/79fad1cf-cd27-4d37-a8b3-3a9ec6db2c86 0.374s
2024-12-10 15:37:17.468 65829 INFO tempest.lib.common.rest_client [req-10a1743e-35f8-44ac-aa40-6d35e95aea59 req-10a1743e-35f8-44ac-aa40-6d35e95aea59 ] Request (FloatingIPsAssociationNegativeTestJSON:test_associate_ip_to_server_without_passing_floating_ip): 400 POST http://10.180.1.21/compute/v2.1/servers/e74178c1-975b-490a-9a34-dfe4031efe77/action 0.323s
2024-12-10 15:37:17.497 65785 INFO tempest.lib.common.rest_client [req-6e987ddf-582d-4822-8b5f-58f617ffd27f req-6e987ddf-582d-4822-8b5f-58f617ffd27f ] Request (InstanceActionsNegativeTestJSON:setUpClass): 200 GET http://10.180.1.21/compute/v2.1/servers/165d73b0-94e1-4020-b43e-2c27630c2123 0.731s
2024-12-10 15:37:17.528 65793 INFO tempest.lib.common.rest_client [req-4a1552e7-c4bb-4a6a-a44a-7c811e383602 req-4a1552e7-c4bb-4a6a-a44a-7c811e383602 ] Request (AttachInterfacesV270Test:test_create_get_list_interfaces): 200 GET http://10.180.1.21/compute/v2.1/servers/c8cd1fd8-27f9-4f49-ab69-894eed7b92d5 0.377s
2024-12-10 15:37:17.533 65801 INFO tempest.lib.common.rest_client [req-d49f44e2-fefe-4639-8889-e18428840223 req-d49f44e2-fefe-4639-8889-e18428840223 ] Request (VolumesAdminNegativeTest:setUpClass): 201 POST http://10.180.1.21:9696/networking/v2.0/subnets 0.161s
2024-12-10 15:37:17.552 65813 INFO tempest.lib.common.rest_client [req-062f25b7-98a3-4fc6-9b97-1e5177ff49be req-062f25b7-98a3-4fc6-9b97-1e5177ff49be ] Request (AttachVolumeShelveTestJSON:test_attach_volume_shelved_or_offload_server): 200 GET http://10.180.1.21/compute/v2.1/servers/9feea3c3-e37e-4105-a582-9581f26122c8 0.375s
2024-12-10 15:37:17.583 65791 INFO tempest.lib.common.rest_client [req-1a243b5f-e724-4df0-8f68-5f1c5150f3ef req-1a243b5f-e724-4df0-8f68-5f1c5150f3ef ] Request (ServerDiagnosticsV248Test:test_get_server_diagnostics): 200 GET http://10.180.1.21/compute/v2.1/servers/b8769b56-c1c3-41db-ab9e-38485fcb29dc 0.321s
2024-12-10 15:37:17.604 65831 INFO tempest.lib.common.rest_client [req-549a3e5d-a5a6-4c22-a262-dbd0ab1d1510 req-549a3e5d-a5a6-4c22-a262-dbd0ab1d1510 ] Request (SecurityGroupsTestJSON:test_server_security_groups): 200 GET http://10.180.1.21/compute/v2.1/servers/2c5916af-c336-4c15-9894-58d1078b13dd 0.272s
2024-12-10 15:37:17.648 65848 INFO tempest.lib.common.rest_client [req-7906fac7-e154-40aa-b1fe-cd7877063271 req-7906fac7-e154-40aa-b1fe-cd7877063271 ] Request (InstanceActionsTestJSON:setUpClass): 200 GET http://10.180.1.21/compute/v2.1/servers/a22c6232-43fc-4294-bb0b-1d52e3b3ace2 0.255s
2024-12-10 15:37:17.694 65795 INFO tempest.lib.common.rest_client [req-cae9e498-ded2-4e6c-ab1f-413eb7396b06 req-cae9e498-ded2-4e6c-ab1f-413eb7396b06 ] Request (DeleteServersAdminTestJSON:test_delete_server_while_in_error_state): 200 GET http://10.180.1.21/compute/v2.1/servers/fb043667-d1b8-4eeb-bdc3-00612cbd35ba 0.272s
2024-12-10 15:37:17.701 65795 INFO tempest.common.waiters [-] State transition "BUILD/None" ==> "BUILD/networking" after 52 second wait
2024-12-10 15:37:17.741 65823 INFO tempest.lib.common.rest_client [req-2d8e2fc5-0189-42c5-b5b9-29ef5030bb5c req-2d8e2fc5-0189-42c5-b5b9-29ef5030bb5c ] Request (ServerExternalEventsTest:test_create_server_external_events): 200 GET http://10.180.1.21/compute/v2.1/servers/f74dc970-b8e4-46aa-9ebd-e0348e2600e7 0.380s
2024-12-10 15:37:17.746 65841 INFO tempest.lib.common.rest_client [req-903854b9-5dad-4b02-8ea1-71eb77bd2009 req-903854b9-5dad-4b02-8ea1-71eb77bd2009 ] Request (AttachVolumeNegativeTest:test_attach_attached_volume_to_different_server): 200 GET http://10.180.1.21/compute/v2.1/servers/656db28c-aa12-43c6-be4a-e3abfd6345bd 0.297s
2024-12-10 15:37:17.801 65837 INFO tempest.lib.common.rest_client [req-a817b3af-c64c-4723-a07b-ddccf353deca req-a817b3af-c64c-4723-a07b-ddccf353deca ] Request (MultipleCreateTestJSON:test_multiple_create_with_reservation_return): 200 GET http://10.180.1.21/compute/v2.1/servers/60b1630a-8ac8-4548-bcc9-2a9113bf7fb4 0.325s
2024-12-10 15:37:17.826 65829 INFO tempest.lib.common.rest_client [req-e71c352e-3698-42ee-bb9b-19a9b962a39c req-e71c352e-3698-42ee-bb9b-19a9b962a39c ] Request (FloatingIPsAssociationNegativeTestJSON:test_associate_nonexistent_floating_ip): 404 POST http://10.180.1.21/compute/v2.1/servers/e74178c1-975b-490a-9a34-dfe4031efe77/action 0.356s
2024-12-10 15:37:17.873 65797 WARNING tempest.lib.common.ssh [-] Failed to establish authenticated ssh connection to cirros@10.180.180.197 ([Errno None] Unable to connect to port 22 on 10.180.180.197). Number attempts: 4. Retry after 5 seconds.: paramiko.ssh_exception.NoValidConnectionsError: [Errno None] Unable to connect to port 22 on 10.180.180.197
2024-12-10 15:37:17.881 65827 INFO tempest.lib.common.rest_client [req-33615a4e-4c52-4809-9a9a-db74ad9ce9d6 req-33615a4e-4c52-4809-9a9a-db74ad9ce9d6 ] Request (ListServersNegativeTestJSON:tearDownClass): 200 GET http://10.180.1.21/compute/v2.1/servers/71e74513-112f-4092-9927-94a7b5c8023f 0.321s
2024-12-10 15:37:17.885 65817 INFO tempest.lib.common.rest_client [req-b884c4d2-22cb-493e-8283-4b9df7b1364d req-b884c4d2-22cb-493e-8283-4b9df7b1364d ] Request (InstanceActionsV221TestJSON:test_get_list_deleted_instance_actions): 200 GET http://10.180.1.21/compute/v2.1/servers/2728677c-2e28-4e1c-a405-1c1e9f9b225e 0.263s
2024-12-10 15:37:17.887 65827 INFO tempest.common.waiters [-] State transition "ACTIVE/deleting" ==> "DELETED/None" after 6 second wait
2024-12-10 15:37:17.904 65829 INFO tempest.lib.common.rest_client [req-39b37ec2-9713-4816-be93-a7b06b217c2e req-39b37ec2-9713-4816-be93-a7b06b217c2e ] Request (FloatingIPsAssociationNegativeTestJSON:test_dissociate_nonexistent_floating_ip): 404 POST http://10.180.1.21/compute/v2.1/servers/e74178c1-975b-490a-9a34-dfe4031efe77/action 0.074s
2024-12-10 15:37:17.984 65829 INFO tempest.lib.common.rest_client [req-0a060cd6-1d01-4f60-9813-7b47ba930135 req-0a060cd6-1d01-4f60-9813-7b47ba930135 ] Request (FloatingIPsAssociationNegativeTestJSON:tearDownClass): 204 DELETE http://10.180.1.21/compute/v2.1/servers/e74178c1-975b-490a-9a34-dfe4031efe77 0.077s
2024-12-10 15:37:18.156 65829 INFO tempest.lib.common.rest_client [req-1b19fe07-023a-4527-87fb-51a5639c75ae req-1b19fe07-023a-4527-87fb-51a5639c75ae ] Request (FloatingIPsAssociationNegativeTestJSON:tearDownClass): 200 GET http://10.180.1.21/compute/v2.1/servers/e74178c1-975b-490a-9a34-dfe4031efe77 0.172s
2024-12-10 15:37:18.189 65843 INFO tempest.lib.common.rest_client [req-a8cf78b3-0a9e-4870-9f7c-eb376c6977bf req-a8cf78b3-0a9e-4870-9f7c-eb376c6977bf ] Request (MigrationsAdminTest:test_list_migrations_in_flavor_resize_situation): 200 GET http://10.180.1.21/compute/v2.1/servers/54ce854a-5100-4a7c-ad79-ab4315a16984 0.180s
2024-12-10 15:37:18.198 65801 INFO tempest.lib.common.rest_client [req-7be7da02-26a7-40df-91ef-e3458d8b68fa req-7be7da02-26a7-40df-91ef-e3458d8b68fa ] Request (VolumesAdminNegativeTest:setUpClass): 201 POST http://10.180.1.21:9696/networking/v2.0/routers 0.665s
2024-12-10 15:37:18.213 65809 INFO tempest.lib.common.rest_client [req-caac02ea-32f7-4f1d-aa05-24503b0bd37c req-caac02ea-32f7-4f1d-aa05-24503b0bd37c ] Request (ServerActionsTestJSON:setUpClass): 200 GET http://10.180.1.21/compute/v2.1/servers/cd8b2ef1-fb0d-428a-ba3e-f538646d3759 0.149s
2024-12-10 15:37:18.293 65839 INFO tempest.lib.common.rest_client [req-1ce8c604-ef58-47a9-a6fb-b727ed42a6f0 req-1ce8c604-ef58-47a9-a6fb-b727ed42a6f0 ] Request (ServerAddressesTestJSON:setUpClass): 200 GET http://10.180.1.21/compute/v2.1/servers/ec726a5b-002a-4bc0-abec-07b02ca46886 0.089s
2024-12-10 15:37:18.355 65835 INFO tempest.lib.common.rest_client [req-be961ffb-1291-43c3-ab9b-6ffa5bd7e3a0 req-be961ffb-1291-43c3-ab9b-6ffa5bd7e3a0 ] Request (ServersTestJSON:test_create_server_specify_multibyte_character_name): 200 GET http://10.180.1.21/compute/v2.1/servers/071ba0ff-6674-480a-9c76-cfcd6237aa7e 0.103s
2024-12-10 15:37:18.383 65825 INFO tempest.lib.common.rest_client [req-dd4e5048-fe74-4210-aa90-26a1276d14fa req-dd4e5048-fe74-4210-aa90-26a1276d14fa ] Request (ImagesOneServerNegativeTestJSON:tearDown): 200 GET http://10.180.1.21/compute/v2.1/servers/b1921de9-5ed2-43a4-a533-ea0311d51938 0.161s
2024-12-10 15:37:18.431 65787 INFO tempest.lib.common.rest_client [req-61a29c06-838b-40a5-90ad-07ad32c02eda req-61a29c06-838b-40a5-90ad-07ad32c02eda ] Request (ServerAddressesNegativeTestJSON:tearDownClass): 200 GET http://10.180.1.21/compute/v2.1/servers/72f696ef-c5c4-410a-a894-52e683084a0a 0.125s
2024-12-10 15:37:18.437 65833 INFO tempest.lib.common.rest_client [req-7705a717-8381-405b-a30f-9f3f3a3af076 req-7705a717-8381-405b-a30f-9f3f3a3af076 ] Request (ImagesTestJSON:test_create_image_from_suspended_server): 200 GET http://10.180.1.21/compute/v2.1/servers/954a4581-3007-44f7-9d78-d9823733db46 0.078s
2024-12-10 15:37:18.489 65807 INFO tempest.lib.common.rest_client [req-0cd40eaa-22c1-403f-9eeb-f05707b6867a req-0cd40eaa-22c1-403f-9eeb-f05707b6867a ] Request (ServersTestMultiNic:test_verify_duplicate_network_nics): 200 GET http://10.180.1.21/compute/v2.1/servers/eb18c6ea-ee08-46c1-b300-8954011ac68e 0.075s
2024-12-10 15:37:18.555 65811 INFO tempest.lib.common.rest_client [req-e4a73608-445d-424e-83f0-f8fcfdc39201 req-e4a73608-445d-424e-83f0-f8fcfdc39201 ] Request (ServerDiagnosticsTest:tearDownClass): 200 GET http://10.180.1.21/compute/v2.1/servers/79fad1cf-cd27-4d37-a8b3-3a9ec6db2c86 0.086s
2024-12-10 15:37:18.570 65785 INFO tempest.lib.common.rest_client [req-2484c6fb-b42c-4fc5-a60a-1131c77a2a25 req-2484c6fb-b42c-4fc5-a60a-1131c77a2a25 ] Request (InstanceActionsNegativeTestJSON:setUpClass): 200 GET http://10.180.1.21/compute/v2.1/servers/165d73b0-94e1-4020-b43e-2c27630c2123 0.061s
2024-12-10 15:37:18.619 65793 INFO tempest.lib.common.rest_client [req-0c1944c3-89d4-4707-b727-75c5d3b3c94a req-0c1944c3-89d4-4707-b727-75c5d3b3c94a ] Request (AttachInterfacesV270Test:test_create_get_list_interfaces): 200 GET http://10.180.1.21/compute/v2.1/servers/c8cd1fd8-27f9-4f49-ab69-894eed7b92d5 0.082s
2024-12-10 15:37:18.628 65813 INFO tempest.lib.common.rest_client [req-ff836bae-7d6c-44c0-a403-3f59a579c021 req-ff836bae-7d6c-44c0-a403-3f59a579c021 ] Request (AttachVolumeShelveTestJSON:test_attach_volume_shelved_or_offload_server): 200 GET http://10.180.1.21/compute/v2.1/servers/9feea3c3-e37e-4105-a582-9581f26122c8 0.065s
2024-12-10 15:37:18.680 65791 INFO tempest.lib.common.rest_client [req-231ae616-71f7-451f-a8d5-5c17f940ac17 req-231ae616-71f7-451f-a8d5-5c17f940ac17 ] Request (ServerDiagnosticsV248Test:test_get_server_diagnostics): 200 GET http://10.180.1.21/compute/v2.1/servers/b8769b56-c1c3-41db-ab9e-38485fcb29dc 0.088s
2024-12-10 15:37:18.699 65831 INFO tempest.lib.common.rest_client [req-34f7ff00-d543-4db4-9173-0a7fca9b0527 req-34f7ff00-d543-4db4-9173-0a7fca9b0527 ] Request (SecurityGroupsTestJSON:test_server_security_groups): 200 GET http://10.180.1.21/compute/v2.1/servers/2c5916af-c336-4c15-9894-58d1078b13dd 0.087s
2024-12-10 15:37:18.742 65848 INFO tempest.lib.common.rest_client [req-95c96ac3-145c-4909-9eec-8eeee4e3c0e9 req-95c96ac3-145c-4909-9eec-8eeee4e3c0e9 ] Request (InstanceActionsTestJSON:setUpClass): 200 GET http://10.180.1.21/compute/v2.1/servers/a22c6232-43fc-4294-bb0b-1d52e3b3ace2 0.079s
2024-12-10 15:37:18.903 65795 INFO tempest.lib.common.rest_client [req-091b61c9-08d0-4e3e-b660-39a06e86f739 req-091b61c9-08d0-4e3e-b660-39a06e86f739 ] Request (DeleteServersAdminTestJSON:test_delete_server_while_in_error_state): 200 GET http://10.180.1.21/compute/v2.1/servers/fb043667-d1b8-4eeb-bdc3-00612cbd35ba 0.197s
2024-12-10 15:37:18.910 65795 INFO tempest.common.waiters [-] State transition "BUILD/networking" ==> "BUILD/block_device_mapping" after 53 second wait
2024-12-10 15:37:18.921 65823 INFO tempest.lib.common.rest_client [req-dc21ed0b-1a77-4857-9d27-5033c215c21c req-dc21ed0b-1a77-4857-9d27-5033c215c21c ] Request (ServerExternalEventsTest:test_create_server_external_events): 200 GET http://10.180.1.21/compute/v2.1/servers/f74dc970-b8e4-46aa-9ebd-e0348e2600e7 0.173s
2024-12-10 15:37:18.985 65837 INFO tempest.lib.common.rest_client [req-f0b74325-6aac-4349-91e2-9a3f2d185ff1 req-f0b74325-6aac-4349-91e2-9a3f2d185ff1 ] Request (MultipleCreateTestJSON:test_multiple_create_with_reservation_return): 200 GET http://10.180.1.21/compute/v2.1/servers/60b1630a-8ac8-4548-bcc9-2a9113bf7fb4 0.176s
2024-12-10 15:37:18.986 65841 INFO tempest.lib.common.rest_client [req-2b909a0d-ebe5-4ffa-86c0-01fdfd4e68f1 req-2b909a0d-ebe5-4ffa-86c0-01fdfd4e68f1 ] Request (AttachVolumeNegativeTest:test_attach_attached_volume_to_different_server): 200 GET http://10.180.1.21/compute/v2.1/servers/656db28c-aa12-43c6-be4a-e3abfd6345bd 0.234s
2024-12-10 15:37:19.055 65817 INFO tempest.lib.common.rest_client [req-cdaf2218-511c-49bc-818e-85fa2b68217f req-cdaf2218-511c-49bc-818e-85fa2b68217f ] Request (InstanceActionsV221TestJSON:test_get_list_deleted_instance_actions): 200 GET http://10.180.1.21/compute/v2.1/servers/2728677c-2e28-4e1c-a405-1c1e9f9b225e 0.161s
2024-12-10 15:37:19.066 65827 INFO tempest.lib.common.rest_client [req-cd01b5e4-5ebf-4b7a-8d73-d5217a31a80a req-cd01b5e4-5ebf-4b7a-8d73-d5217a31a80a ] Request (ListServersNegativeTestJSON:tearDownClass): 200 GET http://10.180.1.21/compute/v2.1/servers/71e74513-112f-4092-9927-94a7b5c8023f 0.176s
2024-12-10 15:37:19.221 65801 INFO tempest.lib.common.rest_client [req-318128ca-be5e-43b4-a7c2-7ac64b1d99f8 req-318128ca-be5e-43b4-a7c2-7ac64b1d99f8 ] Request (VolumesAdminNegativeTest:setUpClass): 200 PUT http://10.180.1.21:9696/networking/v2.0/routers/f1b5de54-994a-4277-952b-0ec29af91e0d/add_router_interface 1.022s
2024-12-10 15:37:19.221 65801 INFO tempest.lib.common.dynamic_creds [-] Created isolated network resources for: credentials: Credentials: {'domain_id': 'default', 'domain_name': 'Default', 'username': 'tempest-VolumesAdminNegativeTest-1937478387-project-member', 'project_domain_id': 'default', 'project_domain_name': 'Default', 'project_id': 'e9e3cc2bdaef41ba86d4531b949cdac4', 'project_name': 'tempest-VolumesAdminNegativeTest-1937478387', 'tenant_id': 'e9e3cc2bdaef41ba86d4531b949cdac4', 'tenant_name': 'tempest-VolumesAdminNegativeTest-1937478387', 'user_domain_id': 'default', 'user_domain_name': 'Default', 'user_id': '5b3515ebf22047b89dff2c06fea1219a', 'system': None}, Network: {'id': '81925dbc-3afd-4bfe-842e-abff1ef1ee8a', 'name': 'tempest-VolumesAdminNegativeTest-1512996308-network', 'tenant_id': 'e9e3cc2bdaef41ba86d4531b949cdac4', 'admin_state_up': True, 'mtu': 8950, 'status': 'ACTIVE', 'subnets': [], 'shared': False, 'project_id': 'e9e3cc2bdaef41ba86d4531b949cdac4', 'port_security_enabled': True, 'router:external': False, 'provider:network_type': 'vlan', 'provider:physical_network': 'default', 'provider:segmentation_id': 748, 'availability_zone_hints': [], 'availability_zones': [], 'ipv4_address_scope': None, 'ipv6_address_scope': None, 'description': '', 'tags': [], 'created_at': '2024-12-10T15:37:17Z', 'updated_at': '2024-12-10T15:37:17Z', 'revision_number': 1}, Subnet: {'id': '00a719c3-3bec-4936-9522-5a3714846c86', 'name': 'tempest-VolumesAdminNegativeTest-1512996308-subnet', 'tenant_id': 'e9e3cc2bdaef41ba86d4531b949cdac4', 'network_id': '81925dbc-3afd-4bfe-842e-abff1ef1ee8a', 'ip_version': 4, 'subnetpool_id': None, 'enable_dhcp': True, 'ipv6_ra_mode': None, 'ipv6_address_mode': None, 'gateway_ip': '192.168.128.1', 'cidr': '192.168.128.0/28', 'allocation_pools': [{'start': '192.168.128.2', 'end': '192.168.128.14'}], 'host_routes': [], 'dns_nameservers': [], 'description': '', 'router:external': False, 'service_types': [], 'tags': [], 'created_at': '2024-12-10T15:37:17Z', 'updated_at': '2024-12-10T15:37:17Z', 'revision_number': 0, 'project_id': 'e9e3cc2bdaef41ba86d4531b949cdac4'}, Router: {'id': 'f1b5de54-994a-4277-952b-0ec29af91e0d', 'name': 'tempest-VolumesAdminNegativeTest-1512996308-router', 'tenant_id': 'e9e3cc2bdaef41ba86d4531b949cdac4', 'admin_state_up': True, 'status': 'ACTIVE', 'external_gateway_info': {'network_id': 'fa4049bb-e713-41a7-bcde-9c3da00112df', 'external_fixed_ips': [{'subnet_id': 'e8289762-1490-40f8-8523-9adc4fbc5b07', 'ip_address': '10.180.180.188'}], 'enable_snat': True}, 'description': '', 'availability_zones': [], 'distributed': False, 'ha': False, 'availability_zone_hints': [], 'routes': [], 'flavor_id': None, 'tags': [], 'created_at': '2024-12-10T15:37:17Z', 'updated_at': '2024-12-10T15:37:17Z', 'revision_number': 2, 'project_id': 'e9e3cc2bdaef41ba86d4531b949cdac4'}
2024-12-10 15:37:19.300 65829 INFO tempest.lib.common.rest_client [req-0268a441-6825-48bf-b62c-8908e0b4d315 req-0268a441-6825-48bf-b62c-8908e0b4d315 ] Request (FloatingIPsAssociationNegativeTestJSON:tearDownClass): 200 GET http://10.180.1.21/compute/v2.1/servers/e74178c1-975b-490a-9a34-dfe4031efe77 0.135s
2024-12-10 15:37:19.311 65801 INFO tempest.lib.common.rest_client [req-e823cd66-31e8-4744-ab11-a616416ecc67 req-e823cd66-31e8-4744-ab11-a616416ecc67 ] Request (VolumesAdminNegativeTest:setUpClass): 201 POST http://10.180.1.21/identity/v3/auth/tokens 0.085s
2024-12-10 15:37:19.321 65843 INFO tempest.lib.common.rest_client [req-9c50fb2b-4205-484d-9cb1-1cd275f1cfca req-9c50fb2b-4205-484d-9cb1-1cd275f1cfca ] Request (MigrationsAdminTest:test_list_migrations_in_flavor_resize_situation): 200 GET http://10.180.1.21/compute/v2.1/servers/54ce854a-5100-4a7c-ad79-ab4315a16984 0.124s
2024-12-10 15:37:19.341 65801 INFO tempest.lib.common.rest_client [req-16e2b68f-cc44-403d-ad0f-8961bbdd39ea req-16e2b68f-cc44-403d-ad0f-8961bbdd39ea ] Request (VolumesAdminNegativeTest:setUpClass): 201 POST http://10.180.1.21/identity/v3/projects 0.029s
2024-12-10 15:37:19.351 65809 INFO tempest.lib.common.rest_client [req-f577070c-f4a8-4843-b812-c795d28e8979 req-f577070c-f4a8-4843-b812-c795d28e8979 ] Request (ServerActionsTestJSON:setUpClass): 200 GET http://10.180.1.21/compute/v2.1/servers/cd8b2ef1-fb0d-428a-ba3e-f538646d3759 0.126s
2024-12-10 15:37:19.367 65839 INFO tempest.lib.common.rest_client [req-b527f9e9-fe3a-4f51-9380-8746d6aedd71 req-b527f9e9-fe3a-4f51-9380-8746d6aedd71 ] Request (ServerAddressesTestJSON:setUpClass): 200 GET http://10.180.1.21/compute/v2.1/servers/ec726a5b-002a-4bc0-abec-07b02ca46886 0.064s
2024-12-10 15:37:19.413 65801 INFO tempest.lib.common.rest_client [req-e09cb29c-a51a-43a9-83fb-c245cf178b46 req-e09cb29c-a51a-43a9-83fb-c245cf178b46 ] Request (VolumesAdminNegativeTest:setUpClass): 201 POST http://10.180.1.21/identity/v3/users 0.071s
2024-12-10 15:37:19.417 65835 INFO tempest.lib.common.rest_client [req-167f3bcb-74d8-4094-bdc1-87fd4c3ef88e req-167f3bcb-74d8-4094-bdc1-87fd4c3ef88e ] Request (ServersTestJSON:test_create_server_specify_multibyte_character_name): 200 GET http://10.180.1.21/compute/v2.1/servers/071ba0ff-6674-480a-9c76-cfcd6237aa7e 0.051s
2024-12-10 15:37:19.436 65801 INFO tempest.lib.common.rest_client [req-4e227658-ad12-4cfd-bdf7-7a485c1cfa32 req-4e227658-ad12-4cfd-bdf7-7a485c1cfa32 ] Request (VolumesAdminNegativeTest:setUpClass): 200 GET http://10.180.1.21/identity/v3/roles 0.023s
2024-12-10 15:37:19.461 65801 INFO tempest.lib.common.rest_client [req-7134e415-f9c4-49cd-ac91-f31f261d495a req-7134e415-f9c4-49cd-ac91-f31f261d495a ] Request (VolumesAdminNegativeTest:setUpClass): 204 PUT http://10.180.1.21/identity/v3/projects/980069da3d6e4435bb84a5fa527535cc/users/eba61d625bc14c0a98c5ff0f27fae45a/roles/59762e1ba0e74d72a6f88aafd6dff893 0.025s
2024-12-10 15:37:19.495 65787 INFO tempest.lib.common.rest_client [req-aca1cca0-3a4c-439d-92f0-098d336df50c req-aca1cca0-3a4c-439d-92f0-098d336df50c ] Request (ServerAddressesNegativeTestJSON:tearDownClass): 200 GET http://10.180.1.21/compute/v2.1/servers/72f696ef-c5c4-410a-a894-52e683084a0a 0.057s
2024-12-10 15:37:19.500 65825 INFO tempest.lib.common.rest_client [req-c52fb857-51e3-48d1-9614-677edd7d4aa5 req-c52fb857-51e3-48d1-9614-677edd7d4aa5 ] Request (ImagesOneServerNegativeTestJSON:tearDown): 200 GET http://10.180.1.21/compute/v2.1/servers/b1921de9-5ed2-43a4-a533-ea0311d51938 0.109s
2024-12-10 15:37:19.512 65825 INFO tempest.common.waiters [-] State transition "ACTIVE/image_uploading" ==> "ACTIVE/None" after 10 second wait
2024-12-10 15:37:19.518 65801 INFO tempest.lib.common.rest_client [req-d10e7dcd-7732-4e55-a597-05006efb1762 req-d10e7dcd-7732-4e55-a597-05006efb1762 ] Request (VolumesAdminNegativeTest:setUpClass): 200 GET http://10.180.1.21/identity/v3/roles 0.056s
2024-12-10 15:37:19.546 65833 INFO tempest.lib.common.rest_client [req-da1db729-857e-41d7-b37d-e5164adac7c1 req-da1db729-857e-41d7-b37d-e5164adac7c1 ] Request (ImagesTestJSON:test_create_image_from_suspended_server): 200 GET http://10.180.1.21/compute/v2.1/servers/954a4581-3007-44f7-9d78-d9823733db46 0.100s
2024-12-10 15:37:19.549 65801 INFO tempest.lib.common.rest_client [req-1d56153a-ec16-4c0d-8e32-a675048e035c req-1d56153a-ec16-4c0d-8e32-a675048e035c ] Request (VolumesAdminNegativeTest:setUpClass): 204 PUT http://10.180.1.21/identity/v3/projects/980069da3d6e4435bb84a5fa527535cc/users/eba61d625bc14c0a98c5ff0f27fae45a/roles/59762e1ba0e74d72a6f88aafd6dff893 0.031s
2024-12-10 15:37:19.549 65801 INFO tempest.lib.common.dynamic_creds [-] Dynamic test user eba61d625bc14c0a98c5ff0f27fae45a is created with scope project and roles: ['admin']
2024-12-10 15:37:19.549 65801 INFO tempest.lib.common.dynamic_creds [-] Acquired dynamic creds: credentials: Credentials: {'domain_id': 'default', 'domain_name': 'Default', 'username': 'tempest-VolumesAdminNegativeTest-989669864-project-admin', 'project_domain_id': 'default', 'project_domain_name': 'Default', 'project_id': '980069da3d6e4435bb84a5fa527535cc', 'project_name': 'tempest-VolumesAdminNegativeTest-989669864', 'tenant_id': '980069da3d6e4435bb84a5fa527535cc', 'tenant_name': 'tempest-VolumesAdminNegativeTest-989669864', 'user_domain_id': 'default', 'user_domain_name': 'Default', 'user_id': 'eba61d625bc14c0a98c5ff0f27fae45a', 'system': None}, Network: None, Subnet: None, Router: None
2024-12-10 15:37:19.561 65807 INFO tempest.lib.common.rest_client [req-3531e356-4d11-47cf-8523-c8a51aff3cb1 req-3531e356-4d11-47cf-8523-c8a51aff3cb1 ] Request (ServersTestMultiNic:test_verify_duplicate_network_nics): 200 GET http://10.180.1.21/compute/v2.1/servers/eb18c6ea-ee08-46c1-b300-8954011ac68e 0.065s
2024-12-10 15:37:19.629 65825 INFO tempest.lib.common.rest_client [req-1c02c405-adab-4b32-813f-44a5fd9f3e1e req-1c02c405-adab-4b32-813f-44a5fd9f3e1e ] Request (ImagesOneServerNegativeTestJSON:_run_cleanups): 204 DELETE http://10.180.1.21/compute/v2.1/servers/b1921de9-5ed2-43a4-a533-ea0311d51938 0.116s
2024-12-10 15:37:19.636 65811 INFO tempest.lib.common.rest_client [req-7f51f6e8-3a40-469e-b967-f412edbdf39a req-7f51f6e8-3a40-469e-b967-f412edbdf39a ] Request (ServerDiagnosticsTest:tearDownClass): 200 GET http://10.180.1.21/compute/v2.1/servers/79fad1cf-cd27-4d37-a8b3-3a9ec6db2c86 0.073s
2024-12-10 15:37:19.680 65785 INFO tempest.lib.common.rest_client [req-2ac05f55-4a7f-454b-8215-33a27eb9fe15 req-2ac05f55-4a7f-454b-8215-33a27eb9fe15 ] Request (InstanceActionsNegativeTestJSON:setUpClass): 200 GET http://10.180.1.21/compute/v2.1/servers/165d73b0-94e1-4020-b43e-2c27630c2123 0.102s
2024-12-10 15:37:19.729 65805 WARNING tempest.lib.common.ssh [-] Failed to establish authenticated ssh connection to cirros@10.180.180.235 ([Errno None] Unable to connect to port 22 on 10.180.180.235). Number attempts: 8. Retry after 9 seconds.: paramiko.ssh_exception.NoValidConnectionsError: [Errno None] Unable to connect to port 22 on 10.180.180.235
2024-12-10 15:37:19.736 65793 INFO tempest.lib.common.rest_client [req-60ea16f7-0331-4f43-b068-48fff3254852 req-60ea16f7-0331-4f43-b068-48fff3254852 ] Request (AttachInterfacesV270Test:test_create_get_list_interfaces): 200 GET http://10.180.1.21/compute/v2.1/servers/c8cd1fd8-27f9-4f49-ab69-894eed7b92d5 0.105s
2024-12-10 15:37:19.737 65801 INFO tempest.lib.common.rest_client [req-4a1dc6c8-779b-48e7-b8e1-edfd55958336 req-4a1dc6c8-779b-48e7-b8e1-edfd55958336 ] Request (VolumesAdminNegativeTest:setUpClass): 201 POST http://10.180.1.21:9696/networking/v2.0/networks 0.187s
2024-12-10 15:37:19.764 65825 INFO tempest.lib.common.rest_client [req-20635279-c55a-408b-8e19-c2e710e1efbb req-20635279-c55a-408b-8e19-c2e710e1efbb ] Request (ImagesOneServerNegativeTestJSON:_run_cleanups): 200 GET http://10.180.1.21/compute/v2.1/servers/b1921de9-5ed2-43a4-a533-ea0311d51938 0.135s
2024-12-10 15:37:19.799 65813 INFO tempest.lib.common.rest_client [req-7239b325-addc-4dfc-bb64-eb0167e06f21 req-7239b325-addc-4dfc-bb64-eb0167e06f21 ] Request (AttachVolumeShelveTestJSON:test_attach_volume_shelved_or_offload_server): 200 GET http://10.180.1.21/compute/v2.1/servers/9feea3c3-e37e-4105-a582-9581f26122c8 0.157s
2024-12-10 15:37:19.837 65791 INFO tempest.lib.common.rest_client [req-5caefe6d-07ad-4147-8f80-fb1142a5a917 req-5caefe6d-07ad-4147-8f80-fb1142a5a917 ] Request (ServerDiagnosticsV248Test:test_get_server_diagnostics): 200 GET http://10.180.1.21/compute/v2.1/servers/b8769b56-c1c3-41db-ab9e-38485fcb29dc 0.145s
2024-12-10 15:37:19.856 65831 INFO tempest.lib.common.rest_client [req-f32f8c52-a89c-4506-a02e-a74d9d9904f4 req-f32f8c52-a89c-4506-a02e-a74d9d9904f4 ] Request (SecurityGroupsTestJSON:test_server_security_groups): 200 GET http://10.180.1.21/compute/v2.1/servers/2c5916af-c336-4c15-9894-58d1078b13dd 0.149s
2024-12-10 15:37:19.898 65848 INFO tempest.lib.common.rest_client [req-d5d7c2ed-3a98-4200-aa16-6d494c4e0fde req-d5d7c2ed-3a98-4200-aa16-6d494c4e0fde ] Request (InstanceActionsTestJSON:setUpClass): 200 GET http://10.180.1.21/compute/v2.1/servers/a22c6232-43fc-4294-bb0b-1d52e3b3ace2 0.149s
2024-12-10 15:37:19.909 65801 INFO tempest.lib.common.rest_client [req-0ec5217f-2d11-46f2-ae0f-2c2947d7a216 req-0ec5217f-2d11-46f2-ae0f-2c2947d7a216 ] Request (VolumesAdminNegativeTest:setUpClass): 201 POST http://10.180.1.21:9696/networking/v2.0/subnets 0.171s
2024-12-10 15:37:20.093 65795 INFO tempest.lib.common.rest_client [req-6b77e4ad-a49e-42fd-8365-2256441f3c02 req-6b77e4ad-a49e-42fd-8365-2256441f3c02 ] Request (DeleteServersAdminTestJSON:test_delete_server_while_in_error_state): 200 GET http://10.180.1.21/compute/v2.1/servers/fb043667-d1b8-4eeb-bdc3-00612cbd35ba 0.181s
2024-12-10 15:37:20.099 65795 INFO tempest.common.waiters [-] State transition "BUILD/block_device_mapping" ==> "BUILD/spawning" after 55 second wait
2024-12-10 15:37:20.101 65823 INFO tempest.lib.common.rest_client [req-be5099dc-73ba-43d3-99b9-260bc9855dbf req-be5099dc-73ba-43d3-99b9-260bc9855dbf ] Request (ServerExternalEventsTest:test_create_server_external_events): 200 GET http://10.180.1.21/compute/v2.1/servers/f74dc970-b8e4-46aa-9ebd-e0348e2600e7 0.165s
2024-12-10 15:37:20.108 65823 INFO tempest.common.waiters [-] State transition "BUILD/spawning" ==> "ACTIVE/None" after 56 second wait
2024-12-10 15:37:20.113 65803 WARNING tempest.lib.common.ssh [-] Failed to establish authenticated ssh connection to cirros@10.180.180.134 ([Errno None] Unable to connect to port 22 on 10.180.180.134). Number attempts: 5. Retry after 6 seconds.: paramiko.ssh_exception.NoValidConnectionsError: [Errno None] Unable to connect to port 22 on 10.180.180.134
2024-12-10 15:37:20.163 65841 INFO tempest.lib.common.rest_client [req-cfb1ae54-b98d-4150-83c7-5323692ff7f7 req-cfb1ae54-b98d-4150-83c7-5323692ff7f7 ] Request (AttachVolumeNegativeTest:test_attach_attached_volume_to_different_server): 200 GET http://10.180.1.21/compute/v2.1/servers/656db28c-aa12-43c6-be4a-e3abfd6345bd 0.168s
2024-12-10 15:37:20.166 65837 INFO tempest.lib.common.rest_client [req-c4943cc7-87aa-4d7f-8f5f-315877518177 req-c4943cc7-87aa-4d7f-8f5f-315877518177 ] Request (MultipleCreateTestJSON:test_multiple_create_with_reservation_return): 200 GET http://10.180.1.21/compute/v2.1/servers/60b1630a-8ac8-4548-bcc9-2a9113bf7fb4 0.168s
2024-12-10 15:37:20.223 65817 INFO tempest.lib.common.rest_client [req-7f7cd412-edf8-47ce-91fe-1bcbcbd06619 req-7f7cd412-edf8-47ce-91fe-1bcbcbd06619 ] Request (InstanceActionsV221TestJSON:test_get_list_deleted_instance_actions): 200 GET http://10.180.1.21/compute/v2.1/servers/2728677c-2e28-4e1c-a405-1c1e9f9b225e 0.159s
2024-12-10 15:37:20.245 65827 INFO tempest.lib.common.rest_client [req-8ec1e489-c39c-4238-9165-e9bb6db82f8a req-8ec1e489-c39c-4238-9165-e9bb6db82f8a ] Request (ListServersNegativeTestJSON:tearDownClass): 200 GET http://10.180.1.21/compute/v2.1/servers/71e74513-112f-4092-9927-94a7b5c8023f 0.172s
2024-12-10 15:37:20.455 65823 INFO tempest.lib.common.rest_client [req-aea9766d-c960-4e2e-977a-c0543716c273 req-aea9766d-c960-4e2e-977a-c0543716c273 ] Request (ServerExternalEventsTest:test_create_server_external_events): 200 POST http://10.180.1.21/compute/v2.1/os-server-external-events 0.345s
2024-12-10 15:37:20.483 65829 INFO tempest.lib.common.rest_client [req-03cd19a8-1980-4ddd-837b-762a4b37050d req-03cd19a8-1980-4ddd-837b-762a4b37050d ] Request (FloatingIPsAssociationNegativeTestJSON:tearDownClass): 200 GET http://10.180.1.21/compute/v2.1/servers/e74178c1-975b-490a-9a34-dfe4031efe77 0.172s
2024-12-10 15:37:20.534 65809 INFO tempest.lib.common.rest_client [req-9a959d3c-7b9a-42a6-bdc6-1b00ad128208 req-9a959d3c-7b9a-42a6-bdc6-1b00ad128208 ] Request (ServerActionsTestJSON:setUpClass): 200 GET http://10.180.1.21/compute/v2.1/servers/cd8b2ef1-fb0d-428a-ba3e-f538646d3759 0.171s
2024-12-10 15:37:20.575 65843 INFO tempest.lib.common.rest_client [req-70e73344-2bbb-4443-b3d7-3d0084ee9c8c req-70e73344-2bbb-4443-b3d7-3d0084ee9c8c ] Request (MigrationsAdminTest:test_list_migrations_in_flavor_resize_situation): 200 GET http://10.180.1.21/compute/v2.1/servers/54ce854a-5100-4a7c-ad79-ab4315a16984 0.245s
2024-12-10 15:37:20.596 65839 INFO tempest.lib.common.rest_client [req-c9f01477-fe78-4b74-b46a-4824806c353e req-c9f01477-fe78-4b74-b46a-4824806c353e ] Request (ServerAddressesTestJSON:setUpClass): 200 GET http://10.180.1.21/compute/v2.1/servers/ec726a5b-002a-4bc0-abec-07b02ca46886 0.221s
2024-12-10 15:37:20.656 65835 INFO tempest.lib.common.rest_client [req-bf0841d3-ea14-40e0-85a6-e7e2e8b20856 req-bf0841d3-ea14-40e0-85a6-e7e2e8b20856 ] Request (ServersTestJSON:test_create_server_specify_multibyte_character_name): 200 GET http://10.180.1.21/compute/v2.1/servers/071ba0ff-6674-480a-9c76-cfcd6237aa7e 0.230s
2024-12-10 15:37:20.689 65845 WARNING tempest.lib.common.ssh [-] Failed to establish authenticated ssh connection to cirros@10.180.180.174 ([Errno None] Unable to connect to port 22 on 10.180.180.174). Number attempts: 8. Retry after 9 seconds.: paramiko.ssh_exception.NoValidConnectionsError: [Errno None] Unable to connect to port 22 on 10.180.180.174
2024-12-10 15:37:20.691 65823 INFO tempest.lib.common.rest_client [req-cc103093-3256-4d0f-9dbb-198e5e98aeed req-cc103093-3256-4d0f-9dbb-198e5e98aeed ] Request (ServerExternalEventsTest:tearDownClass): 204 DELETE http://10.180.1.21/compute/v2.1/servers/f74dc970-b8e4-46aa-9ebd-e0348e2600e7 0.233s
2024-12-10 15:37:20.722 65787 INFO tempest.lib.common.rest_client [req-0e20919a-53c2-4504-9167-5c9c2fe3716a req-0e20919a-53c2-4504-9167-5c9c2fe3716a ] Request (ServerAddressesNegativeTestJSON:tearDownClass): 200 GET http://10.180.1.21/compute/v2.1/servers/72f696ef-c5c4-410a-a894-52e683084a0a 0.218s
2024-12-10 15:37:20.745 65833 INFO tempest.lib.common.rest_client [req-e19b4bfd-b913-4571-86ba-a1ec5512a744 req-e19b4bfd-b913-4571-86ba-a1ec5512a744 ] Request (ImagesTestJSON:test_create_image_from_suspended_server): 200 GET http://10.180.1.21/compute/v2.1/servers/954a4581-3007-44f7-9d78-d9823733db46 0.192s
2024-12-10 15:37:20.784 65807 INFO tempest.lib.common.rest_client [req-55eab8f6-0554-406d-ba69-ba83bedf232a req-55eab8f6-0554-406d-ba69-ba83bedf232a ] Request (ServersTestMultiNic:test_verify_duplicate_network_nics): 200 GET http://10.180.1.21/compute/v2.1/servers/eb18c6ea-ee08-46c1-b300-8954011ac68e 0.211s
2024-12-10 15:37:20.842 65811 INFO tempest.lib.common.rest_client [req-db0db86c-c04d-42ca-87af-9aef3bcc4fc0 req-db0db86c-c04d-42ca-87af-9aef3bcc4fc0 ] Request (ServerDiagnosticsTest:tearDownClass): 200 GET http://10.180.1.21/compute/v2.1/servers/79fad1cf-cd27-4d37-a8b3-3a9ec6db2c86 0.195s
2024-12-10 15:37:20.855 65785 INFO tempest.lib.common.rest_client [req-b57c80e6-f7e0-4c32-a1e1-4e844dfe943f req-b57c80e6-f7e0-4c32-a1e1-4e844dfe943f ] Request (InstanceActionsNegativeTestJSON:setUpClass): 200 GET http://10.180.1.21/compute/v2.1/servers/165d73b0-94e1-4020-b43e-2c27630c2123 0.167s
2024-12-10 15:37:20.862 65785 INFO tempest.common.waiters [-] State transition "BUILD/None" ==> "BUILD/networking" after 53 second wait
2024-12-10 15:37:20.867 65801 INFO tempest.lib.common.rest_client [req-b4058f15-2869-4eb0-885a-b768dc354322 req-b4058f15-2869-4eb0-885a-b768dc354322 ] Request (VolumesAdminNegativeTest:setUpClass): 201 POST http://10.180.1.21:9696/networking/v2.0/routers 0.957s
2024-12-10 15:37:20.931 65793 INFO tempest.lib.common.rest_client [req-7d3856a3-2c86-437a-9659-28096cd656c6 req-7d3856a3-2c86-437a-9659-28096cd656c6 ] Request (AttachInterfacesV270Test:test_create_get_list_interfaces): 200 GET http://10.180.1.21/compute/v2.1/servers/c8cd1fd8-27f9-4f49-ab69-894eed7b92d5 0.186s
2024-12-10 15:37:20.994 65823 INFO tempest.lib.common.rest_client [req-b9b84a3f-a5fb-4633-90cd-a4715a6b0d2b req-b9b84a3f-a5fb-4633-90cd-a4715a6b0d2b ] Request (ServerExternalEventsTest:tearDownClass): 200 GET http://10.180.1.21/compute/v2.1/servers/f74dc970-b8e4-46aa-9ebd-e0348e2600e7 0.303s
2024-12-10 15:37:21.061 65813 INFO tempest.lib.common.rest_client [req-b363d739-ebab-4f8d-a2af-484870c18559 req-b363d739-ebab-4f8d-a2af-484870c18559 ] Request (AttachVolumeShelveTestJSON:test_attach_volume_shelved_or_offload_server): 200 GET http://10.180.1.21/compute/v2.1/servers/9feea3c3-e37e-4105-a582-9581f26122c8 0.249s
2024-12-10 15:37:21.129 65791 INFO tempest.lib.common.rest_client [req-5bbddf02-93f8-4501-8a83-8af6ce0c3ba6 req-5bbddf02-93f8-4501-8a83-8af6ce0c3ba6 ] Request (ServerDiagnosticsV248Test:test_get_server_diagnostics): 200 GET http://10.180.1.21/compute/v2.1/servers/b8769b56-c1c3-41db-ab9e-38485fcb29dc 0.280s
2024-12-10 15:37:21.156 65825 INFO tempest.lib.common.rest_client [req-6c6e55ed-6868-405c-9fad-715a9f25c4a8 req-6c6e55ed-6868-405c-9fad-715a9f25c4a8 ] Request (ImagesOneServerNegativeTestJSON:_run_cleanups): 200 GET http://10.180.1.21/compute/v2.1/servers/b1921de9-5ed2-43a4-a533-ea0311d51938 0.378s
2024-12-10 15:37:21.202 65831 INFO tempest.lib.common.rest_client [req-5031fb01-3f08-46e7-bc6e-ac5ea3284641 req-5031fb01-3f08-46e7-bc6e-ac5ea3284641 ] Request (SecurityGroupsTestJSON:test_server_security_groups): 200 GET http://10.180.1.21/compute/v2.1/servers/2c5916af-c336-4c15-9894-58d1078b13dd 0.338s
2024-12-10 15:37:21.221 65848 INFO tempest.lib.common.rest_client [req-fe5c15ba-5d04-4e08-827e-b05922c23981 req-fe5c15ba-5d04-4e08-827e-b05922c23981 ] Request (InstanceActionsTestJSON:setUpClass): 200 GET http://10.180.1.21/compute/v2.1/servers/a22c6232-43fc-4294-bb0b-1d52e3b3ace2 0.314s
2024-12-10 15:37:21.288 65841 INFO tempest.lib.common.rest_client [req-a2d32dfa-fe40-47d6-8dd6-3dfc25d8680a req-a2d32dfa-fe40-47d6-8dd6-3dfc25d8680a ] Request (AttachVolumeNegativeTest:test_attach_attached_volume_to_different_server): 200 GET http://10.180.1.21/compute/v2.1/servers/656db28c-aa12-43c6-be4a-e3abfd6345bd 0.118s
2024-12-10 15:37:21.294 65841 INFO tempest.common.waiters [-] State transition "BUILD/scheduling" ==> "BUILD/None" after 38 second wait
2024-12-10 15:37:21.349 65837 INFO tempest.lib.common.rest_client [req-b7d11a76-cdeb-4021-9b6e-9b03c6d8ed87 req-b7d11a76-cdeb-4021-9b6e-9b03c6d8ed87 ] Request (MultipleCreateTestJSON:test_multiple_create_with_reservation_return): 200 GET http://10.180.1.21/compute/v2.1/servers/60b1630a-8ac8-4548-bcc9-2a9113bf7fb4 0.169s
2024-12-10 15:37:21.364 65795 INFO tempest.lib.common.rest_client [req-a56f6398-4d0e-4efd-b9ec-89a4fd4e9ece req-a56f6398-4d0e-4efd-b9ec-89a4fd4e9ece ] Request (DeleteServersAdminTestJSON:test_delete_server_while_in_error_state): 200 GET http://10.180.1.21/compute/v2.1/servers/fb043667-d1b8-4eeb-bdc3-00612cbd35ba 0.263s
2024-12-10 15:37:21.422 65817 INFO tempest.lib.common.rest_client [req-d8e6ff6a-cdcc-495c-8d43-9d58c418679c req-d8e6ff6a-cdcc-495c-8d43-9d58c418679c ] Request (InstanceActionsV221TestJSON:test_get_list_deleted_instance_actions): 200 GET http://10.180.1.21/compute/v2.1/servers/2728677c-2e28-4e1c-a405-1c1e9f9b225e 0.191s
2024-12-10 15:37:21.433 65827 INFO tempest.lib.common.rest_client [req-b547f3ae-ca41-4f01-8c61-e667002cd22f req-b547f3ae-ca41-4f01-8c61-e667002cd22f ] Request (ListServersNegativeTestJSON:tearDownClass): 200 GET http://10.180.1.21/compute/v2.1/servers/71e74513-112f-4092-9927-94a7b5c8023f 0.175s
2024-12-10 15:37:21.539 65829 INFO tempest.lib.common.rest_client [req-6c904030-1cc0-455e-ae06-75dd3cdfa105 req-6c904030-1cc0-455e-ae06-75dd3cdfa105 ] Request (FloatingIPsAssociationNegativeTestJSON:tearDownClass): 200 GET http://10.180.1.21/compute/v2.1/servers/e74178c1-975b-490a-9a34-dfe4031efe77 0.047s
2024-12-10 15:37:21.595 65809 INFO tempest.lib.common.rest_client [req-795b1bcd-e5e1-4bc8-847e-01fc419a0532 req-795b1bcd-e5e1-4bc8-847e-01fc419a0532 ] Request (ServerActionsTestJSON:setUpClass): 200 GET http://10.180.1.21/compute/v2.1/servers/cd8b2ef1-fb0d-428a-ba3e-f538646d3759 0.055s
2024-12-10 15:37:21.673 65839 INFO tempest.lib.common.rest_client [req-d44c45a1-fcf7-4994-8880-439fa250ce91 req-d44c45a1-fcf7-4994-8880-439fa250ce91 ] Request (ServerAddressesTestJSON:setUpClass): 200 GET http://10.180.1.21/compute/v2.1/servers/ec726a5b-002a-4bc0-abec-07b02ca46886 0.069s
2024-12-10 15:37:21.724 65835 INFO tempest.lib.common.rest_client [req-03135f28-1410-4088-b845-26f30655e4d6 req-03135f28-1410-4088-b845-26f30655e4d6 ] Request (ServersTestJSON:test_create_server_specify_multibyte_character_name): 200 GET http://10.180.1.21/compute/v2.1/servers/071ba0ff-6674-480a-9c76-cfcd6237aa7e 0.059s
2024-12-10 15:37:21.727 65843 INFO tempest.lib.common.rest_client [req-d88c489d-14ca-4669-8f1f-d2ab906cf960 req-d88c489d-14ca-4669-8f1f-d2ab906cf960 ] Request (MigrationsAdminTest:test_list_migrations_in_flavor_resize_situation): 200 GET http://10.180.1.21/compute/v2.1/servers/54ce854a-5100-4a7c-ad79-ab4315a16984 0.140s
2024-12-10 15:37:21.790 65787 INFO tempest.lib.common.rest_client [req-62cf1c02-1d50-45df-a693-201b441d3cdb req-62cf1c02-1d50-45df-a693-201b441d3cdb ] Request (ServerAddressesNegativeTestJSON:tearDownClass): 200 GET http://10.180.1.21/compute/v2.1/servers/72f696ef-c5c4-410a-a894-52e683084a0a 0.059s
2024-12-10 15:37:21.808 65833 INFO tempest.lib.common.rest_client [req-7ce3b595-30b8-4bc8-b5b0-cd4569f2d4c1 req-7ce3b595-30b8-4bc8-b5b0-cd4569f2d4c1 ] Request (ImagesTestJSON:test_create_image_from_suspended_server): 200 GET http://10.180.1.21/compute/v2.1/servers/954a4581-3007-44f7-9d78-d9823733db46 0.055s
2024-12-10 15:37:21.846 65807 INFO tempest.lib.common.rest_client [req-1abf4980-7e20-4573-873e-10bccf24c4ca req-1abf4980-7e20-4573-873e-10bccf24c4ca ] Request (ServersTestMultiNic:test_verify_duplicate_network_nics): 200 GET http://10.180.1.21/compute/v2.1/servers/eb18c6ea-ee08-46c1-b300-8954011ac68e 0.054s
2024-12-10 15:37:21.933 65811 INFO tempest.lib.common.rest_client [req-137d7e44-8ae6-4f8a-87a6-0acd3cde646a req-137d7e44-8ae6-4f8a-87a6-0acd3cde646a ] Request (ServerDiagnosticsTest:tearDownClass): 200 GET http://10.180.1.21/compute/v2.1/servers/79fad1cf-cd27-4d37-a8b3-3a9ec6db2c86 0.080s
2024-12-10 15:37:22.016 65793 INFO tempest.lib.common.rest_client [req-3c84c88b-de2d-4cbb-8319-ca9898b0991e req-3c84c88b-de2d-4cbb-8319-ca9898b0991e ] Request (AttachInterfacesV270Test:test_create_get_list_interfaces): 200 GET http://10.180.1.21/compute/v2.1/servers/c8cd1fd8-27f9-4f49-ab69-894eed7b92d5 0.072s
2024-12-10 15:37:22.022 65785 INFO tempest.lib.common.rest_client [req-9b2a3c93-887b-448b-b840-15da12f0d304 req-9b2a3c93-887b-448b-b840-15da12f0d304 ] Request (InstanceActionsNegativeTestJSON:setUpClass): 200 GET http://10.180.1.21/compute/v2.1/servers/165d73b0-94e1-4020-b43e-2c27630c2123 0.159s
2024-12-10 15:37:22.028 65785 INFO tempest.common.waiters [-] State transition "BUILD/networking" ==> "BUILD/spawning" after 55 second wait
2024-12-10 15:37:22.035 65801 INFO tempest.lib.common.rest_client [req-d85f9bbf-600a-4ca7-ad6f-bdb194087791 req-d85f9bbf-600a-4ca7-ad6f-bdb194087791 ] Request (VolumesAdminNegativeTest:setUpClass): 200 PUT http://10.180.1.21:9696/networking/v2.0/routers/2325fcdd-858e-4609-b53f-579690651096/add_router_interface 1.167s
