2024-12-10 15:38:01.731 65839 INFO tempest.lib.common.rest_client [req-2a1c4e9b-8af7-4e2e-9747-d7f84ec8fbf4 req-2a1c4e9b-8af7-4e2e-9747-d7f84ec8fbf4 ] Request (ServerAddressesTestJSON:tearDownClass): 200 GET http://10.180.1.21/compute/v2.1/servers/ec726a5b-002a-4bc0-abec-07b02ca46886 0.062s
2024-12-10 15:38:01.737 65801 INFO tempest.lib.common.rest_client [req-a86cb830-76f2-418b-9529-e16446c3e318 req-a86cb830-76f2-418b-9529-e16446c3e318 ] Request (VolumesAdminNegativeTest:test_update_attached_volume_with_nonexistent_volume_in_body): 200 GET http://10.180.1.21/compute/v2.1/servers/744c8809-f829-4c6b-94ab-9e708d519862 0.063s
2024-12-10 15:38:01.787 65807 INFO tempest.lib.common.rest_client [req-2359f14a-f673-4a67-9899-37cd3629ee90 req-2359f14a-f673-4a67-9899-37cd3629ee90 ] Request (ServersTestMultiNic:_run_cleanups): 200 GET http://10.180.1.21/compute/v2.1/servers/eb18c6ea-ee08-46c1-b300-8954011ac68e 0.056s
2024-12-10 15:38:01.865 65823 INFO tempest.lib.common.rest_client [req-8588dd08-de82-45b2-b66c-4c9ac6918895 req-8588dd08-de82-45b2-b66c-4c9ac6918895 ] Request (ServerExternalEventsTest:tearDownClass): 200 GET http://10.180.1.21/compute/v2.1/servers/f74dc970-b8e4-46aa-9ebd-e0348e2600e7 0.071s
2024-12-10 15:38:01.902 65831 INFO tempest.lib.common.rest_client [req-b165a9ed-bbe4-4e56-9081-47bce2bc0102 req-b165a9ed-bbe4-4e56-9081-47bce2bc0102 ] Request (SecurityGroupsTestJSON:test_server_security_groups): 200 GET http://10.180.1.21/compute/v2.1/servers/2c5916af-c336-4c15-9894-58d1078b13dd 0.061s
2024-12-10 15:38:01.904 65829 INFO tempest.lib.common.rest_client [req-ef4bbd09-d10b-4772-8a0a-7a4a5891b9b6 req-ef4bbd09-d10b-4772-8a0a-7a4a5891b9b6 ] Request (VolumesGetTestJSON:tearDownClass): 404 GET http://10.180.1.21/compute/v2.1/os-volumes/e251c3a0-68c2-4112-b21e-b359ca8c97c5 0.025s
2024-12-10 15:38:01.996 65805 INFO tempest.lib.common.rest_client [req-7456d725-9391-4578-80b6-bc93df89f43f req-7456d725-9391-4578-80b6-bc93df89f43f ] Request (ServersTestJSON:tearDownClass): 200 GET http://10.180.1.21/compute/v2.1/servers/f8a3a6f5-1e4c-47ba-9040-3ecf35eb2b02 0.078s
2024-12-10 15:38:02.009 65829 INFO tempest.lib.common.rest_client [req-d7d180f1-eaff-438a-aea2-8a13f326f05e req-d7d180f1-eaff-438a-aea2-8a13f326f05e ] Request (VolumesGetTestJSON:tearDownClass): 204 DELETE http://10.180.1.21/identity/v3/users/ced59829b3a748ba9d6b77aeb408ffa6 0.104s
2024-12-10 15:38:02.009 65829 INFO tempest.lib.common.dynamic_creds [-] Deleting project and security group for project: 0c70021139a64eca8060761a9809fd60
2024-12-10 15:38:02.057 65829 INFO tempest.lib.common.rest_client [req-7b812523-0c8c-4e8e-b23d-122a14d45768 req-7b812523-0c8c-4e8e-b23d-122a14d45768 ] Request (VolumesGetTestJSON:tearDownClass): 201 POST http://10.180.1.21/identity/v3/auth/tokens 0.048s
2024-12-10 15:38:02.200 65829 INFO tempest.lib.common.rest_client [req-df3c583f-9cc6-4dda-8fae-ea008a536f7d req-df3c583f-9cc6-4dda-8fae-ea008a536f7d ] Request (VolumesGetTestJSON:tearDownClass): 200 GET http://10.180.1.21:9696/networking/v2.0/security-groups?tenant_id=0c70021139a64eca8060761a9809fd60&name=default 0.142s
2024-12-10 15:38:02.255 65848 INFO tempest.lib.common.rest_client [req-cd8a6023-9d11-4309-9500-e2558fb384ae req-cd8a6023-9d11-4309-9500-e2558fb384ae ] Request (InstanceActionsTestJSON:setUpClass): 200 GET http://10.180.1.21/compute/v2.1/servers/a22c6232-43fc-4294-bb0b-1d52e3b3ace2 0.048s
2024-12-10 15:38:02.287 65829 INFO tempest.lib.common.rest_client [req-11d560b6-9bf2-4b64-8366-ca4cc8e33cf7 req-11d560b6-9bf2-4b64-8366-ca4cc8e33cf7 ] Request (VolumesGetTestJSON:tearDownClass): 204 DELETE http://10.180.1.21:9696/networking/v2.0/security-groups/1f06551f-36b3-4632-9771-ad92076c6901 0.087s
2024-12-10 15:38:02.359 65829 INFO tempest.lib.common.rest_client [req-e488fea7-644f-4bc7-8a80-b4edd5fa63e5 req-e488fea7-644f-4bc7-8a80-b4edd5fa63e5 ] Request (VolumesGetTestJSON:tearDownClass): 204 DELETE http://10.180.1.21/identity/v3/projects/0c70021139a64eca8060761a9809fd60 0.072s
2024-12-10 15:38:02.370 65785 INFO tempest.lib.common.rest_client [req-ee08a2cf-9161-4dd1-b1ab-a727b62a857e req-ee08a2cf-9161-4dd1-b1ab-a727b62a857e ] Request (InstanceActionsNegativeTestJSON:tearDownClass): 200 GET http://10.180.1.21/compute/v2.1/servers/165d73b0-94e1-4020-b43e-2c27630c2123 0.057s
2024-12-10 15:38:02.378 65821 INFO tempest.lib.common.rest_client [req-0dd50fe3-be84-44b2-be77-9d3b0e6a4545 req-0dd50fe3-be84-44b2-be77-9d3b0e6a4545 ] Request (VolumesAssistedSnapshotsTest:_run_cleanups): 200 GET http://10.180.1.21/compute/v2.1/servers/09536b47-40b4-4d91-b280-d240cb877248/os-volume_attachments 0.033s
2024-12-10 15:38:02.408 65821 INFO tempest.lib.common.rest_client [req-a8c57a22-b125-4b1a-b4bc-efa26736321e req-a8c57a22-b125-4b1a-b4bc-efa26736321e ] Request (VolumesAssistedSnapshotsTest:_run_cleanups): 200 GET http://10.180.1.21/volume/v3/volumes/a66ab727-902b-43af-a323-226160350386 0.028s
2024-12-10 15:38:02.415 65821 INFO tempest.common.waiters [-] volume a66ab727-902b-43af-a323-226160350386 reached available after waiting for 0.415498 seconds
2024-12-10 15:38:02.460 65821 INFO tempest.lib.common.rest_client [req-4f9a7a6d-cc3b-4ec0-90ad-ef4c09d43688 req-4f9a7a6d-cc3b-4ec0-90ad-ef4c09d43688 ] Request (VolumesAssistedSnapshotsTest:_run_cleanups): 202 DELETE http://10.180.1.21/volume/v3/volumes/a66ab727-902b-43af-a323-226160350386 0.044s
2024-12-10 15:38:02.464 65797 INFO tempest.lib.common.rest_client [req-acfbff0c-4e3f-4d4f-955f-803dd7e8e52a req-acfbff0c-4e3f-4d4f-955f-803dd7e8e52a ] Request (ServersWithSpecificFlavorTestJSON:test_verify_created_server_ephemeral_disk): 200 GET http://10.180.1.21/compute/v2.1/servers/b77463b3-dccc-4ed0-a19b-7d705e03047e 0.072s
2024-12-10 15:38:02.491 65841 INFO tempest.lib.common.rest_client [req-fb921286-13ea-44ac-be90-344ba47bfd33 req-fb921286-13ea-44ac-be90-344ba47bfd33 ] Request (AttachVolumeNegativeTest:test_attach_attached_volume_to_different_server): 200 GET http://10.180.1.21/compute/v2.1/servers/656db28c-aa12-43c6-be4a-e3abfd6345bd 0.131s
2024-12-10 15:38:02.499 65821 INFO tempest.lib.common.rest_client [req-586007f7-992d-45fd-80aa-f6078bb5eb25 req-586007f7-992d-45fd-80aa-f6078bb5eb25 ] Request (VolumesAssistedSnapshotsTest:_run_cleanups): 200 GET http://10.180.1.21/volume/v3/volumes/a66ab727-902b-43af-a323-226160350386 0.039s
2024-12-10 15:38:02.530 65825 INFO tempest.lib.common.rest_client [req-fd62ebec-82f6-4f69-bbc4-01af58cd5657 req-fd62ebec-82f6-4f69-bbc4-01af58cd5657 ] Request (ImagesOneServerNegativeTestJSON:_run_cleanups): 200 GET http://10.180.1.21/compute/v2.1/servers/b1921de9-5ed2-43a4-a533-ea0311d51938 0.107s
2024-12-10 15:38:02.557 65817 INFO tempest.lib.common.rest_client [req-1e7d3b59-40ee-47a3-8fc5-b1433ecb5611 req-1e7d3b59-40ee-47a3-8fc5-b1433ecb5611 ] Request (InstanceActionsV221TestJSON:test_get_list_deleted_instance_actions): 200 GET http://10.180.1.21/compute/v2.1/servers/2728677c-2e28-4e1c-a405-1c1e9f9b225e 0.112s
2024-12-10 15:38:02.568 65833 INFO tempest.lib.common.rest_client [req-93d92fdc-7ed1-4096-a02e-c420a0e84edb req-93d92fdc-7ed1-4096-a02e-c420a0e84edb ] Request (ImagesTestJSON:test_create_image_from_suspended_server): 200 GET http://10.180.1.21/compute/v2.1/images/ba9210a3-aeea-4e7b-b796-46e11379b4a3 0.122s
2024-12-10 15:38:02.604 65837 INFO tempest.lib.common.rest_client [req-4580c699-19be-4259-87f4-e5814307cb33 req-4580c699-19be-4259-87f4-e5814307cb33 ] Request (MultipleCreateTestJSON:test_multiple_create_with_reservation_return): 200 GET http://10.180.1.21/compute/v2.1/servers/60b1630a-8ac8-4548-bcc9-2a9113bf7fb4 0.113s
2024-12-10 15:38:02.618 65843 INFO tempest.lib.common.rest_client [req-0dd36a85-0f33-48fe-a151-e0cee8aaf30c req-0dd36a85-0f33-48fe-a151-e0cee8aaf30c ] Request (MigrationsAdminTest:test_resize_server_revert_deleted_flavor): 200 GET http://10.180.1.21/compute/v2.1/servers/9aa10d90-ce21-45e7-8adc-5ad1452e0535 0.120s
2024-12-10 15:38:02.651 65809 INFO tempest.lib.common.rest_client [req-487fe966-c08a-4caf-a987-26a9fac48ef4 req-487fe966-c08a-4caf-a987-26a9fac48ef4 ] Request (ServerActionsTestJSON:setUpClass): 200 GET http://10.180.1.21/compute/v2.1/servers/cd8b2ef1-fb0d-428a-ba3e-f538646d3759 0.119s
2024-12-10 15:38:02.675 65795 INFO tempest.lib.common.rest_client [req-84c5a6a6-da09-4db6-8e6a-1996b03b431d req-84c5a6a6-da09-4db6-8e6a-1996b03b431d ] Request (DeleteServersAdminTestJSON:test_delete_server_while_in_error_state): 200 GET http://10.180.1.21/compute/v2.1/servers/fb043667-d1b8-4eeb-bdc3-00612cbd35ba 0.131s
2024-12-10 15:38:02.698 65827 INFO tempest.lib.common.rest_client [req-a687d77a-8e4d-4400-a30e-da392f2651f6 req-a687d77a-8e4d-4400-a30e-da392f2651f6 ] Request (ServerPasswordTestJSON:setUpClass): 200 GET http://10.180.1.21/compute/v2.1/servers/378794aa-e5b8-4906-8dbf-cb6bf630cb4e 0.123s
2024-12-10 15:38:02.723 65811 INFO tempest.lib.common.rest_client [req-251b5c5c-7f48-40d8-a8cf-d38de337cb20 req-251b5c5c-7f48-40d8-a8cf-d38de337cb20 ] Request (ServersAaction247Test:test_create_backup): 200 GET http://10.180.1.21/compute/v2.1/servers/7471798f-e102-4a51-855d-7444f0284d80 0.072s
2024-12-10 15:38:02.750 65793 INFO tempest.lib.common.rest_client [req-62bbf17c-bbcd-4aaa-a62c-b3b3c193843e req-62bbf17c-bbcd-4aaa-a62c-b3b3c193843e ] Request (AttachInterfacesV270Test:tearDownClass): 200 GET http://10.180.1.21/compute/v2.1/servers/c8cd1fd8-27f9-4f49-ab69-894eed7b92d5 0.095s
2024-12-10 15:38:02.765 65835 INFO tempest.lib.common.rest_client [req-021aad5c-7fa9-4e52-b4e6-b190cb52a48a req-021aad5c-7fa9-4e52-b4e6-b190cb52a48a ] Request (ServersTestJSON:test_create_server_specify_multibyte_character_name): 200 GET http://10.180.1.21/compute/v2.1/servers/071ba0ff-6674-480a-9c76-cfcd6237aa7e 0.067s
2024-12-10 15:38:02.808 65839 INFO tempest.lib.common.rest_client [req-b44ba68a-2da9-484b-8055-2666956d3b16 req-b44ba68a-2da9-484b-8055-2666956d3b16 ] Request (ServerAddressesTestJSON:tearDownClass): 200 GET http://10.180.1.21/compute/v2.1/servers/ec726a5b-002a-4bc0-abec-07b02ca46886 0.071s
2024-12-10 15:38:02.818 65801 INFO tempest.lib.common.rest_client [req-2a39e22b-119a-48b1-8037-4b2c84ec0a23 req-2a39e22b-119a-48b1-8037-4b2c84ec0a23 ] Request (VolumesAdminNegativeTest:test_update_attached_volume_with_nonexistent_volume_in_body): 200 GET http://10.180.1.21/compute/v2.1/servers/744c8809-f829-4c6b-94ab-9e708d519862 0.075s
2024-12-10 15:38:02.868 65807 INFO tempest.lib.common.rest_client [req-f494c539-482d-4f60-87b0-7e11fd5260c7 req-f494c539-482d-4f60-87b0-7e11fd5260c7 ] Request (ServersTestMultiNic:_run_cleanups): 200 GET http://10.180.1.21/compute/v2.1/servers/eb18c6ea-ee08-46c1-b300-8954011ac68e 0.074s
2024-12-10 15:38:02.951 65823 INFO tempest.lib.common.rest_client [req-2699c058-d871-4bd3-8a4c-c75bd12f622f req-2699c058-d871-4bd3-8a4c-c75bd12f622f ] Request (ServerExternalEventsTest:tearDownClass): 200 GET http://10.180.1.21/compute/v2.1/servers/f74dc970-b8e4-46aa-9ebd-e0348e2600e7 0.078s
2024-12-10 15:38:02.992 65831 INFO tempest.lib.common.rest_client [req-93fca8d5-938d-486b-88b1-649ffc08d5ea req-93fca8d5-938d-486b-88b1-649ffc08d5ea ] Request (SecurityGroupsTestJSON:test_server_security_groups): 200 GET http://10.180.1.21/compute/v2.1/servers/2c5916af-c336-4c15-9894-58d1078b13dd 0.082s
2024-12-10 15:38:03.064 65805 INFO tempest.lib.common.rest_client [req-65424aee-99f3-42d6-97b6-37179b4d0906 req-65424aee-99f3-42d6-97b6-37179b4d0906 ] Request (ServersTestJSON:tearDownClass): 200 GET http://10.180.1.21/compute/v2.1/servers/f8a3a6f5-1e4c-47ba-9040-3ecf35eb2b02 0.060s
2024-12-10 15:38:03.312 65848 INFO tempest.lib.common.rest_client [req-dddc642b-cae4-4e0b-bc8f-379da75fdda8 req-dddc642b-cae4-4e0b-bc8f-379da75fdda8 ] Request (InstanceActionsTestJSON:setUpClass): 200 GET http://10.180.1.21/compute/v2.1/servers/a22c6232-43fc-4294-bb0b-1d52e3b3ace2 0.050s
2024-12-10 15:38:03.441 65819 WARNING tempest.lib.common.ssh [-] Failed to establish authenticated ssh connection to cirros@10.180.180.194 ([Errno None] Unable to connect to port 22 on 10.180.180.194). Number attempts: 8. Retry after 9 seconds.: paramiko.ssh_exception.NoValidConnectionsError: [Errno None] Unable to connect to port 22 on 10.180.180.194
2024-12-10 15:38:03.444 65785 INFO tempest.lib.common.rest_client [req-8ebbdd30-5775-47b7-a6b8-0c67f89e7987 req-8ebbdd30-5775-47b7-a6b8-0c67f89e7987 ] Request (InstanceActionsNegativeTestJSON:tearDownClass): 200 GET http://10.180.1.21/compute/v2.1/servers/165d73b0-94e1-4020-b43e-2c27630c2123 0.067s
2024-12-10 15:38:03.524 65797 INFO tempest.lib.common.rest_client [req-f8c241b7-4f33-41e8-8400-78684e574e99 req-f8c241b7-4f33-41e8-8400-78684e574e99 ] Request (ServersWithSpecificFlavorTestJSON:test_verify_created_server_ephemeral_disk): 200 GET http://10.180.1.21/compute/v2.1/servers/b77463b3-dccc-4ed0-a19b-7d705e03047e 0.052s
2024-12-10 15:38:03.535 65821 INFO tempest.lib.common.rest_client [req-f97aaf93-acdf-4008-ba6d-3e6dbc838fb5 req-f97aaf93-acdf-4008-ba6d-3e6dbc838fb5 ] Request (VolumesAssistedSnapshotsTest:_run_cleanups): 200 GET http://10.180.1.21/volume/v3/volumes/a66ab727-902b-43af-a323-226160350386 0.027s
2024-12-10 15:38:03.598 65825 INFO tempest.lib.common.rest_client [req-30242b92-a9c0-4708-8e4f-89838878e744 req-30242b92-a9c0-4708-8e4f-89838878e744 ] Request (ImagesOneServerNegativeTestJSON:_run_cleanups): 200 GET http://10.180.1.21/compute/v2.1/servers/b1921de9-5ed2-43a4-a533-ea0311d51938 0.060s
2024-12-10 15:38:03.614 65841 INFO tempest.lib.common.rest_client [req-fb03a2c2-f0f9-4c8e-927c-c6f138e9b746 req-fb03a2c2-f0f9-4c8e-927c-c6f138e9b746 ] Request (AttachVolumeNegativeTest:test_attach_attached_volume_to_different_server): 200 GET http://10.180.1.21/compute/v2.1/servers/656db28c-aa12-43c6-be4a-e3abfd6345bd 0.111s
2024-12-10 15:38:03.651 65833 INFO tempest.lib.common.rest_client [req-0fb43c0d-de10-4176-a151-eb6d3c3b36ba req-0fb43c0d-de10-4176-a151-eb6d3c3b36ba ] Request (ImagesTestJSON:test_create_image_from_suspended_server): 200 GET http://10.180.1.21/compute/v2.1/images/ba9210a3-aeea-4e7b-b796-46e11379b4a3 0.078s
2024-12-10 15:38:03.662 65817 INFO tempest.lib.common.rest_client [req-1e1d5e45-08f6-46d4-9222-f9b70d27eb87 req-1e1d5e45-08f6-46d4-9222-f9b70d27eb87 ] Request (InstanceActionsV221TestJSON:test_get_list_deleted_instance_actions): 200 GET http://10.180.1.21/compute/v2.1/servers/2728677c-2e28-4e1c-a405-1c1e9f9b225e 0.096s
2024-12-10 15:38:03.707 65837 INFO tempest.lib.common.rest_client [req-96352521-eaa4-43ff-a9b7-1533b7b469d1 req-96352521-eaa4-43ff-a9b7-1533b7b469d1 ] Request (MultipleCreateTestJSON:test_multiple_create_with_reservation_return): 200 GET http://10.180.1.21/compute/v2.1/servers/60b1630a-8ac8-4548-bcc9-2a9113bf7fb4 0.091s
2024-12-10 15:38:03.757 65809 INFO tempest.lib.common.rest_client [req-b43a9713-b670-43af-8237-ca9bb63fedbb req-b43a9713-b670-43af-8237-ca9bb63fedbb ] Request (ServerActionsTestJSON:setUpClass): 200 GET http://10.180.1.21/compute/v2.1/servers/cd8b2ef1-fb0d-428a-ba3e-f538646d3759 0.098s
2024-12-10 15:38:03.762 65813 WARNING tempest.lib.common.ssh [-] Failed to establish authenticated ssh connection to cirros@10.180.180.218 ([Errno None] Unable to connect to port 22 on 10.180.180.218). Number attempts: 2. Retry after 3 seconds.: paramiko.ssh_exception.NoValidConnectionsError: [Errno None] Unable to connect to port 22 on 10.180.180.218
2024-12-10 15:38:03.817 65795 INFO tempest.lib.common.rest_client [req-fde5fde6-d8dc-4a0c-969d-bd51891e0f2e req-fde5fde6-d8dc-4a0c-969d-bd51891e0f2e ] Request (DeleteServersAdminTestJSON:test_delete_server_while_in_error_state): 200 GET http://10.180.1.21/compute/v2.1/servers/fb043667-d1b8-4eeb-bdc3-00612cbd35ba 0.134s
2024-12-10 15:38:03.879 65827 INFO tempest.lib.common.rest_client [req-593fade1-2ca6-4189-b110-141971a01104 req-593fade1-2ca6-4189-b110-141971a01104 ] Request (ServerPasswordTestJSON:setUpClass): 200 GET http://10.180.1.21/compute/v2.1/servers/378794aa-e5b8-4906-8dbf-cb6bf630cb4e 0.174s
2024-12-10 15:38:03.943 65811 INFO tempest.lib.common.rest_client [req-fc3b62b6-25a3-4009-8055-362cce884f0f req-fc3b62b6-25a3-4009-8055-362cce884f0f ] Request (ServersAaction247Test:test_create_backup): 200 GET http://10.180.1.21/compute/v2.1/servers/7471798f-e102-4a51-855d-7444f0284d80 0.209s
2024-12-10 15:38:03.973 65843 INFO tempest.lib.common.rest_client [req-b4f14e73-ae70-488f-998a-e05ca0405963 req-b4f14e73-ae70-488f-998a-e05ca0405963 ] Request (MigrationsAdminTest:test_resize_server_revert_deleted_flavor): 200 GET http://10.180.1.21/compute/v2.1/servers/9aa10d90-ce21-45e7-8adc-5ad1452e0535 0.347s
2024-12-10 15:38:04.012 65793 INFO tempest.lib.common.rest_client [req-31f92f68-81e8-420a-8b9b-27eaaf21731f req-31f92f68-81e8-420a-8b9b-27eaaf21731f ] Request (AttachInterfacesV270Test:tearDownClass): 200 GET http://10.180.1.21/compute/v2.1/servers/c8cd1fd8-27f9-4f49-ab69-894eed7b92d5 0.251s
2024-12-10 15:38:04.026 65835 INFO tempest.lib.common.rest_client [req-0dd84498-4cfc-4cbe-b3f7-202e8358d9d0 req-0dd84498-4cfc-4cbe-b3f7-202e8358d9d0 ] Request (ServersTestJSON:test_create_server_specify_multibyte_character_name): 200 GET http://10.180.1.21/compute/v2.1/servers/071ba0ff-6674-480a-9c76-cfcd6237aa7e 0.253s
2024-12-10 15:38:04.084 65801 INFO tempest.lib.common.rest_client [req-80892188-1495-4ef5-aaee-afd62606a6bd req-80892188-1495-4ef5-aaee-afd62606a6bd ] Request (VolumesAdminNegativeTest:test_update_attached_volume_with_nonexistent_volume_in_body): 200 GET http://10.180.1.21/compute/v2.1/servers/744c8809-f829-4c6b-94ab-9e708d519862 0.257s
2024-12-10 15:38:04.089 65839 INFO tempest.lib.common.rest_client [req-993bf55a-8099-4af6-ba43-632fd3cb64c5 req-993bf55a-8099-4af6-ba43-632fd3cb64c5 ] Request (ServerAddressesTestJSON:tearDownClass): 200 GET http://10.180.1.21/compute/v2.1/servers/ec726a5b-002a-4bc0-abec-07b02ca46886 0.273s
2024-12-10 15:38:04.113 65823 INFO tempest.lib.common.rest_client [req-bd069e01-c949-4b18-8572-e54f950f94d7 req-bd069e01-c949-4b18-8572-e54f950f94d7 ] Request (ServerExternalEventsTest:tearDownClass): 404 GET http://10.180.1.21/compute/v2.1/servers/f74dc970-b8e4-46aa-9ebd-e0348e2600e7 0.154s
2024-12-10 15:38:04.143 65807 INFO tempest.lib.common.rest_client [req-d2af2cdc-de3c-4030-8daf-d553d9b56e14 req-d2af2cdc-de3c-4030-8daf-d553d9b56e14 ] Request (ServersTestMultiNic:_run_cleanups): 200 GET http://10.180.1.21/compute/v2.1/servers/eb18c6ea-ee08-46c1-b300-8954011ac68e 0.266s
2024-12-10 15:38:04.175 65831 INFO tempest.lib.common.rest_client [req-eebcf8d4-5915-4607-9a47-c9fca2efdf2c req-eebcf8d4-5915-4607-9a47-c9fca2efdf2c ] Request (SecurityGroupsTestJSON:test_server_security_groups): 200 GET http://10.180.1.21/compute/v2.1/servers/2c5916af-c336-4c15-9894-58d1078b13dd 0.176s
2024-12-10 15:38:04.196 65805 INFO tempest.lib.common.rest_client [req-04a3ba3f-b2af-4ba9-bb59-fb9b70857aa7 req-04a3ba3f-b2af-4ba9-bb59-fb9b70857aa7 ] Request (ServersTestJSON:tearDownClass): 200 GET http://10.180.1.21/compute/v2.1/servers/f8a3a6f5-1e4c-47ba-9040-3ecf35eb2b02 0.124s
2024-12-10 15:38:04.218 65823 INFO tempest.lib.common.rest_client [req-0a53f283-fc3f-4e79-b4dd-733b56e49661 req-0a53f283-fc3f-4e79-b4dd-733b56e49661 ] Request (ServerExternalEventsTest:tearDownClass): 204 DELETE http://10.180.1.21/identity/v3/users/7d9b6bbf8490449896f7af7b31240a82 0.104s
2024-12-10 15:38:04.229 65789 WARNING tempest.lib.common.ssh [-] Failed to establish authenticated ssh connection to cirros@10.180.180.233 ([Errno None] Unable to connect to port 22 on 10.180.180.233). Number attempts: 8. Retry after 9 seconds.: paramiko.ssh_exception.NoValidConnectionsError: [Errno None] Unable to connect to port 22 on 10.180.180.233
2024-12-10 15:38:04.308 65823 INFO tempest.lib.common.rest_client [req-8bbf4f7c-2154-4f24-9015-2f230c674f50 req-8bbf4f7c-2154-4f24-9015-2f230c674f50 ] Request (ServerExternalEventsTest:tearDownClass): 204 DELETE http://10.180.1.21/identity/v3/users/4807ce177245412080d50c48ceafdbae 0.089s
2024-12-10 15:38:04.371 65848 INFO tempest.lib.common.rest_client [req-5295168d-8351-40c6-bf44-a57af838f832 req-5295168d-8351-40c6-bf44-a57af838f832 ] Request (InstanceActionsTestJSON:setUpClass): 200 GET http://10.180.1.21/compute/v2.1/servers/a22c6232-43fc-4294-bb0b-1d52e3b3ace2 0.052s
2024-12-10 15:38:04.404 65823 INFO tempest.lib.common.rest_client [req-518aadb0-cbd6-4f27-a230-ecd937d3c6c6 req-518aadb0-cbd6-4f27-a230-ecd937d3c6c6 ] Request (ServerExternalEventsTest:tearDownClass): 204 DELETE http://10.180.1.21/identity/v3/users/8a466fdb51fb498e83ef4e785d63d004 0.095s
2024-12-10 15:38:04.404 65823 INFO tempest.lib.common.dynamic_creds [-] Deleting project and security group for project: b805eb10a9ea45efb71b32c85d077aa9
2024-12-10 15:38:04.463 65823 INFO tempest.lib.common.rest_client [req-469a382a-9595-460b-a15f-1e5ae60e059b req-469a382a-9595-460b-a15f-1e5ae60e059b ] Request (ServerExternalEventsTest:tearDownClass): 201 POST http://10.180.1.21/identity/v3/auth/tokens 0.058s
2024-12-10 15:38:04.514 65785 INFO tempest.lib.common.rest_client [req-85ba41a0-a15d-4e52-acea-02721e2c2fb4 req-85ba41a0-a15d-4e52-acea-02721e2c2fb4 ] Request (InstanceActionsNegativeTestJSON:tearDownClass): 200 GET http://10.180.1.21/compute/v2.1/servers/165d73b0-94e1-4020-b43e-2c27630c2123 0.061s
2024-12-10 15:38:04.579 65821 INFO tempest.lib.common.rest_client [req-da06f3ee-a309-46ea-9551-9dc77b09d8c5 req-da06f3ee-a309-46ea-9551-9dc77b09d8c5 ] Request (VolumesAssistedSnapshotsTest:_run_cleanups): 200 GET http://10.180.1.21/volume/v3/volumes/a66ab727-902b-43af-a323-226160350386 0.036s
2024-12-10 15:38:04.604 65797 INFO tempest.lib.common.rest_client [req-dd0099b0-e238-410c-afa3-b076cf762d39 req-dd0099b0-e238-410c-afa3-b076cf762d39 ] Request (ServersWithSpecificFlavorTestJSON:test_verify_created_server_ephemeral_disk): 200 GET http://10.180.1.21/compute/v2.1/servers/b77463b3-dccc-4ed0-a19b-7d705e03047e 0.072s
2024-12-10 15:38:04.630 65825 INFO tempest.lib.common.rest_client [req-1bf9a9ba-ddd3-4fe6-a69e-318b115f14b0 req-1bf9a9ba-ddd3-4fe6-a69e-318b115f14b0 ] Request (ImagesOneServerNegativeTestJSON:_run_cleanups): 404 GET http://10.180.1.21/compute/v2.1/servers/b1921de9-5ed2-43a4-a533-ea0311d51938 0.024s
2024-12-10 15:38:04.677 65823 INFO tempest.lib.common.rest_client [req-587ceaf3-77ba-4a0e-af00-d5a2c3b63852 req-587ceaf3-77ba-4a0e-af00-d5a2c3b63852 ] Request (ServerExternalEventsTest:tearDownClass): 200 GET http://10.180.1.21:9696/networking/v2.0/security-groups?tenant_id=b805eb10a9ea45efb71b32c85d077aa9&name=default 0.213s
2024-12-10 15:38:04.679 65825 INFO tempest.lib.common.rest_client [req-9b529d99-054f-4623-af31-ac25c08f41bc req-9b529d99-054f-4623-af31-ac25c08f41bc ] Request (ImagesOneServerNegativeTestJSON:_run_cleanups): 200 POST http://10.180.1.21/compute/v2.1/os-keypairs 0.047s
2024-12-10 15:38:04.728 65833 INFO tempest.lib.common.rest_client [req-250d68d2-e3c9-4f28-b5a7-7696c69bb025 req-250d68d2-e3c9-4f28-b5a7-7696c69bb025 ] Request (ImagesTestJSON:test_create_image_from_suspended_server): 200 GET http://10.180.1.21/compute/v2.1/images/ba9210a3-aeea-4e7b-b796-46e11379b4a3 0.074s
2024-12-10 15:38:04.753 65841 INFO tempest.lib.common.rest_client [req-271f55c8-9bc4-4ce1-ab6d-0de46dcfc26d req-271f55c8-9bc4-4ce1-ab6d-0de46dcfc26d ] Request (AttachVolumeNegativeTest:test_attach_attached_volume_to_different_server): 200 GET http://10.180.1.21/compute/v2.1/servers/656db28c-aa12-43c6-be4a-e3abfd6345bd 0.130s
2024-12-10 15:38:04.764 65841 INFO tempest.common.waiters [-] State transition "BUILD/spawning" ==> "ACTIVE/None" after 81 second wait
2024-12-10 15:38:04.803 65817 INFO tempest.lib.common.rest_client [req-ee965e01-2415-4e18-8176-55f66aae0fd8 req-ee965e01-2415-4e18-8176-55f66aae0fd8 ] Request (InstanceActionsV221TestJSON:test_get_list_deleted_instance_actions): 200 GET http://10.180.1.21/compute/v2.1/servers/2728677c-2e28-4e1c-a405-1c1e9f9b225e 0.132s
2024-12-10 15:38:04.821 65837 INFO tempest.lib.common.rest_client [req-97da13a5-6aba-4c88-81c4-ef996d32991d req-97da13a5-6aba-4c88-81c4-ef996d32991d ] Request (MultipleCreateTestJSON:test_multiple_create_with_reservation_return): 200 GET http://10.180.1.21/compute/v2.1/servers/60b1630a-8ac8-4548-bcc9-2a9113bf7fb4 0.103s
2024-12-10 15:38:04.828 65823 INFO tempest.lib.common.rest_client [req-32fdfdb4-9732-4c14-917c-8d9d376a9e35 req-32fdfdb4-9732-4c14-917c-8d9d376a9e35 ] Request (ServerExternalEventsTest:tearDownClass): 204 DELETE http://10.180.1.21:9696/networking/v2.0/security-groups/a864ea39-7c64-45b9-a03c-c3747c2c4786 0.150s
2024-12-10 15:38:04.832 65825 INFO tempest.lib.common.rest_client [req-5e094d91-fb60-43a5-a10a-9c0f721eb7b5 req-5e094d91-fb60-43a5-a10a-9c0f721eb7b5 ] Request (ImagesOneServerNegativeTestJSON:_run_cleanups): 201 POST http://10.180.1.21:9696/networking/v2.0/security-groups 0.151s
2024-12-10 15:38:04.883 65809 INFO tempest.lib.common.rest_client [req-37a0c4b6-f1d1-4fad-a68a-34ef64805ea4 req-37a0c4b6-f1d1-4fad-a68a-34ef64805ea4 ] Request (ServerActionsTestJSON:setUpClass): 200 GET http://10.180.1.21/compute/v2.1/servers/cd8b2ef1-fb0d-428a-ba3e-f538646d3759 0.120s
2024-12-10 15:38:04.924 65841 INFO tempest.lib.common.rest_client [req-b09c30e5-6599-4f94-b776-19a8b0651b3e req-b09c30e5-6599-4f94-b776-19a8b0651b3e ] Request (AttachVolumeNegativeTest:test_attach_attached_volume_to_different_server): 200 GET http://10.180.1.21/compute/v2.1/servers/656db28c-aa12-43c6-be4a-e3abfd6345bd/os-interface 0.159s
2024-12-10 15:38:04.947 65825 INFO tempest.lib.common.rest_client [req-da0f1bd9-d094-428e-bf07-0c74fac3e712 req-da0f1bd9-d094-428e-bf07-0c74fac3e712 ] Request (ImagesOneServerNegativeTestJSON:_run_cleanups): 201 POST http://10.180.1.21:9696/networking/v2.0/security-group-rules 0.115s
2024-12-10 15:38:04.957 65823 INFO tempest.lib.common.rest_client [req-f6a978cb-a5f2-4b5e-958f-027cdb5d12ea req-f6a978cb-a5f2-4b5e-958f-027cdb5d12ea ] Request (ServerExternalEventsTest:tearDownClass): 204 DELETE http://10.180.1.21/identity/v3/projects/b805eb10a9ea45efb71b32c85d077aa9 0.128s
2024-12-10 15:38:04.957 65823 INFO tempest.lib.common.dynamic_creds [-] Deleting project and security group for project: 80e0702b01354f728a14d0ea9d7924a2
2024-12-10 15:38:04.979 65795 INFO tempest.lib.common.rest_client [req-7ab76407-c61b-43a5-95e5-66f442e2dfe4 req-7ab76407-c61b-43a5-95e5-66f442e2dfe4 ] Request (DeleteServersAdminTestJSON:test_delete_server_while_in_error_state): 200 GET http://10.180.1.21/compute/v2.1/servers/fb043667-d1b8-4eeb-bdc3-00612cbd35ba 0.154s
2024-12-10 15:38:04.996 65827 INFO tempest.lib.common.rest_client [req-06e3be6a-1ba9-4ac0-8452-2054846cd2d3 req-06e3be6a-1ba9-4ac0-8452-2054846cd2d3 ] Request (ServerPasswordTestJSON:setUpClass): 200 GET http://10.180.1.21/compute/v2.1/servers/378794aa-e5b8-4906-8dbf-cb6bf630cb4e 0.107s
2024-12-10 15:38:05.006 65823 INFO tempest.lib.common.rest_client [req-ed696918-97d1-4c77-b38a-22cf6e96c410 req-ed696918-97d1-4c77-b38a-22cf6e96c410 ] Request (ServerExternalEventsTest:tearDownClass): 200 GET http://10.180.1.21:9696/networking/v2.0/security-groups?tenant_id=80e0702b01354f728a14d0ea9d7924a2&name=default 0.049s
2024-12-10 15:38:05.033 65811 INFO tempest.lib.common.rest_client [req-b045386a-4357-482f-a494-ba399487f698 req-b045386a-4357-482f-a494-ba399487f698 ] Request (ServersAaction247Test:test_create_backup): 200 GET http://10.180.1.21/compute/v2.1/servers/7471798f-e102-4a51-855d-7444f0284d80 0.082s
2024-12-10 15:38:05.058 65843 INFO tempest.lib.common.rest_client [req-54efeafc-2244-45b5-a1d8-500c9efb2b52 req-54efeafc-2244-45b5-a1d8-500c9efb2b52 ] Request (MigrationsAdminTest:test_resize_server_revert_deleted_flavor): 200 GET http://10.180.1.21/compute/v2.1/servers/9aa10d90-ce21-45e7-8adc-5ad1452e0535 0.078s
2024-12-10 15:38:05.104 65793 INFO tempest.lib.common.rest_client [req-ca3d785e-0bab-4155-942f-08158f5e0a5d req-ca3d785e-0bab-4155-942f-08158f5e0a5d ] Request (AttachInterfacesV270Test:tearDownClass): 200 GET http://10.180.1.21/compute/v2.1/servers/c8cd1fd8-27f9-4f49-ab69-894eed7b92d5 0.083s
2024-12-10 15:38:05.114 65835 INFO tempest.lib.common.rest_client [req-4ef452bf-8f28-4ae0-88d1-a253e5d321b3 req-4ef452bf-8f28-4ae0-88d1-a253e5d321b3 ] Request (ServersTestJSON:test_create_server_specify_multibyte_character_name): 200 GET http://10.180.1.21/compute/v2.1/servers/071ba0ff-6674-480a-9c76-cfcd6237aa7e 0.079s
2024-12-10 15:38:05.121 65825 INFO tempest.lib.common.rest_client [req-7e368774-20de-44c4-8657-e6b4bf840f42 req-7e368774-20de-44c4-8657-e6b4bf840f42 ] Request (ImagesOneServerNegativeTestJSON:_run_cleanups): 201 POST http://10.180.1.21:9696/networking/v2.0/security-group-rules 0.173s
2024-12-10 15:38:05.148 65823 INFO tempest.lib.common.rest_client [req-73fdcbb9-dc86-4c49-9dbf-af00315ded20 req-73fdcbb9-dc86-4c49-9dbf-af00315ded20 ] Request (ServerExternalEventsTest:tearDownClass): 204 DELETE http://10.180.1.21:9696/networking/v2.0/security-groups/5a244ed8-99f4-402d-8942-3f3419d4bee1 0.141s
2024-12-10 15:38:05.189 65839 INFO tempest.lib.common.rest_client [req-7ed145ec-d902-42e0-815e-1d2dfcdc8a36 req-7ed145ec-d902-42e0-815e-1d2dfcdc8a36 ] Request (ServerAddressesTestJSON:tearDownClass): 200 GET http://10.180.1.21/compute/v2.1/servers/ec726a5b-002a-4bc0-abec-07b02ca46886 0.093s
2024-12-10 15:38:05.196 65801 INFO tempest.lib.common.rest_client [req-12c144f6-18b8-49b0-8047-70190eadb8c4 req-12c144f6-18b8-49b0-8047-70190eadb8c4 ] Request (VolumesAdminNegativeTest:test_update_attached_volume_with_nonexistent_volume_in_body): 200 GET http://10.180.1.21/compute/v2.1/servers/744c8809-f829-4c6b-94ab-9e708d519862 0.101s
2024-12-10 15:38:05.265 65831 INFO tempest.lib.common.rest_client [req-11988374-9df0-454d-ba12-8bdbbe0ade7f req-11988374-9df0-454d-ba12-8bdbbe0ade7f ] Request (SecurityGroupsTestJSON:test_server_security_groups): 200 GET http://10.180.1.21/compute/v2.1/servers/2c5916af-c336-4c15-9894-58d1078b13dd 0.081s
2024-12-10 15:38:05.284 65807 INFO tempest.lib.common.rest_client [req-c52a92f1-c4d3-40cf-97a7-f6a8f692c4f3 req-c52a92f1-c4d3-40cf-97a7-f6a8f692c4f3 ] Request (ServersTestMultiNic:_run_cleanups): 200 GET http://10.180.1.21/compute/v2.1/servers/eb18c6ea-ee08-46c1-b300-8954011ac68e 0.134s
2024-12-10 15:38:05.292 65823 INFO tempest.lib.common.rest_client [req-e5558fca-25d0-4827-b94e-260148f095b8 req-e5558fca-25d0-4827-b94e-260148f095b8 ] Request (ServerExternalEventsTest:tearDownClass): 204 DELETE http://10.180.1.21/identity/v3/projects/80e0702b01354f728a14d0ea9d7924a2 0.143s
2024-12-10 15:38:05.292 65823 INFO tempest.lib.common.dynamic_creds [-] Deleting project and security group for project: 889faf5227e4426fb717f2398cb1be11
2024-12-10 15:38:05.360 65805 INFO tempest.lib.common.rest_client [req-1bc2b4bb-fd47-4cce-b11f-5a896b69aa41 req-1bc2b4bb-fd47-4cce-b11f-5a896b69aa41 ] Request (ServersTestJSON:tearDownClass): 200 GET http://10.180.1.21/compute/v2.1/servers/f8a3a6f5-1e4c-47ba-9040-3ecf35eb2b02 0.157s
2024-12-10 15:38:05.389 65823 INFO tempest.lib.common.rest_client [req-9f21154e-c3e7-45de-afba-17921e15a5eb req-9f21154e-c3e7-45de-afba-17921e15a5eb ] Request (ServerExternalEventsTest:tearDownClass): 200 GET http://10.180.1.21:9696/networking/v2.0/security-groups?tenant_id=889faf5227e4426fb717f2398cb1be11&name=default 0.096s
2024-12-10 15:38:05.452 65848 INFO tempest.lib.common.rest_client [req-ba44c83b-fc96-448d-b717-654e59d9ccc0 req-ba44c83b-fc96-448d-b717-654e59d9ccc0 ] Request (InstanceActionsTestJSON:setUpClass): 200 GET http://10.180.1.21/compute/v2.1/servers/a22c6232-43fc-4294-bb0b-1d52e3b3ace2 0.074s
2024-12-10 15:38:05.459 65823 INFO tempest.lib.common.rest_client [req-bff6dfb7-7c3c-45f9-947c-6516c726f2c9 req-bff6dfb7-7c3c-45f9-947c-6516c726f2c9 ] Request (ServerExternalEventsTest:tearDownClass): 204 DELETE http://10.180.1.21:9696/networking/v2.0/security-groups/3f25887f-722f-4d1e-a3f9-6edeb4b19f28 0.070s
2024-12-10 15:38:05.536 65823 INFO tempest.lib.common.rest_client [req-3f474416-00fe-47d1-bc04-21085987c9c6 req-3f474416-00fe-47d1-bc04-21085987c9c6 ] Request (ServerExternalEventsTest:tearDownClass): 204 DELETE http://10.180.1.21/identity/v3/projects/889faf5227e4426fb717f2398cb1be11 0.076s
2024-12-10 15:38:05.595 65823 INFO tempest.lib.common.rest_client [req-2c5dbc30-4f6c-4ef8-b483-9e95277d7cd7 req-2c5dbc30-4f6c-4ef8-b483-9e95277d7cd7 ] Request (ServersAdminNegativeTestJSON:setUpClass): 201 POST http://10.180.1.21/identity/v3/auth/tokens 0.057s
2024-12-10 15:38:05.607 65821 INFO tempest.lib.common.rest_client [req-569e62ff-af26-49f2-b233-96d7578bcafb req-569e62ff-af26-49f2-b233-96d7578bcafb ] Request (VolumesAssistedSnapshotsTest:_run_cleanups): 404 GET http://10.180.1.21/volume/v3/volumes/a66ab727-902b-43af-a323-226160350386 0.017s
2024-12-10 15:38:05.634 65823 INFO tempest.lib.common.rest_client [req-04c7600e-6be2-4346-b2cd-0ffb8bd8efd0 req-04c7600e-6be2-4346-b2cd-0ffb8bd8efd0 ] Request (ServersAdminNegativeTestJSON:setUpClass): 201 POST http://10.180.1.21/identity/v3/auth/tokens 0.036s
2024-12-10 15:38:05.669 65823 INFO tempest.lib.common.rest_client [req-b2a01f6b-8604-4c48-8a6c-dee2eb77807b req-b2a01f6b-8604-4c48-8a6c-dee2eb77807b ] Request (ServersAdminNegativeTestJSON:setUpClass): 200 GET http://10.180.1.21/identity/v3/domains?name=Default 0.035s
2024-12-10 15:38:05.698 65823 INFO tempest.lib.common.rest_client [req-422c0618-14d0-4c4b-ba88-ca30b88d532d req-422c0618-14d0-4c4b-ba88-ca30b88d532d ] Request (ServersAdminNegativeTestJSON:setUpClass): 201 POST http://10.180.1.21/identity/v3/projects 0.029s
2024-12-10 15:38:05.754 65823 INFO tempest.lib.common.rest_client [req-d92307a7-5e73-4b22-ba1c-ed9ca54fac51 req-d92307a7-5e73-4b22-ba1c-ed9ca54fac51 ] Request (ServersAdminNegativeTestJSON:setUpClass): 201 POST http://10.180.1.21/identity/v3/users 0.055s
2024-12-10 15:38:05.771 65785 INFO tempest.lib.common.rest_client [req-df9cfca1-4f31-45c4-be0a-f1c74222815f req-df9cfca1-4f31-45c4-be0a-f1c74222815f ] Request (InstanceActionsNegativeTestJSON:tearDownClass): 200 GET http://10.180.1.21/compute/v2.1/servers/165d73b0-94e1-4020-b43e-2c27630c2123 0.249s
2024-12-10 15:38:05.774 65823 INFO tempest.lib.common.rest_client [req-95098f8b-3b52-41ba-ba6e-aa77a05bed95 req-95098f8b-3b52-41ba-ba6e-aa77a05bed95 ] Request (ServersAdminNegativeTestJSON:setUpClass): 200 GET http://10.180.1.21/identity/v3/roles 0.019s
2024-12-10 15:38:05.807 65823 INFO tempest.lib.common.rest_client [req-5eed7c52-7fa4-4d4f-b6f2-f48d828e1489 req-5eed7c52-7fa4-4d4f-b6f2-f48d828e1489 ] Request (ServersAdminNegativeTestJSON:setUpClass): 204 PUT http://10.180.1.21/identity/v3/projects/2b0af38e061747be9dbbd9a5b0746b91/users/1100de882aab42a98337047b1ad7a72f/roles/b7778b9a80fc4f0e9a25f576cd0a0571 0.032s
2024-12-10 15:38:05.807 65823 INFO tempest.lib.common.dynamic_creds [-] Dynamic test user 1100de882aab42a98337047b1ad7a72f is created with scope project and roles: ['member']
2024-12-10 15:38:05.807 65823 INFO tempest.lib.common.dynamic_creds [-] Acquired dynamic creds: credentials: Credentials: {'domain_id': 'default', 'domain_name': 'Default', 'username': 'tempest-ServersAdminNegativeTestJSON-986481103-project-member', 'project_domain_id': 'default', 'project_domain_name': 'Default', 'project_id': '2b0af38e061747be9dbbd9a5b0746b91', 'project_name': 'tempest-ServersAdminNegativeTestJSON-986481103', 'tenant_id': '2b0af38e061747be9dbbd9a5b0746b91', 'tenant_name': 'tempest-ServersAdminNegativeTestJSON-986481103', 'user_domain_id': 'default', 'user_domain_name': 'Default', 'user_id': '1100de882aab42a98337047b1ad7a72f', 'system': None}, Network: None, Subnet: None, Router: None
2024-12-10 15:38:05.807 65823 INFO tempest.lib.common.dynamic_creds [-] Created isolated network resources for: credentials: Credentials: {'domain_id': 'default', 'domain_name': 'Default', 'username': 'tempest-ServersAdminNegativeTestJSON-986481103-project-member', 'project_domain_id': 'default', 'project_domain_name': 'Default', 'project_id': '2b0af38e061747be9dbbd9a5b0746b91', 'project_name': 'tempest-ServersAdminNegativeTestJSON-986481103', 'tenant_id': '2b0af38e061747be9dbbd9a5b0746b91', 'tenant_name': 'tempest-ServersAdminNegativeTestJSON-986481103', 'user_domain_id': 'default', 'user_domain_name': 'Default', 'user_id': '1100de882aab42a98337047b1ad7a72f', 'system': None}, Network: None, Subnet: None, Router: None
2024-12-10 15:38:05.848 65797 INFO tempest.lib.common.rest_client [req-e66e26c9-592f-4073-b452-806123bc2fa1 req-e66e26c9-592f-4073-b452-806123bc2fa1 ] Request (ServersWithSpecificFlavorTestJSON:test_verify_created_server_ephemeral_disk): 200 GET http://10.180.1.21/compute/v2.1/servers/b77463b3-dccc-4ed0-a19b-7d705e03047e 0.235s
2024-12-10 15:38:05.912 65823 INFO tempest.lib.common.rest_client [req-f35931d3-6687-4c73-bcbc-41cfea6bbfa2 req-f35931d3-6687-4c73-bcbc-41cfea6bbfa2 ] Request (ServersAdminNegativeTestJSON:setUpClass): 201 POST http://10.180.1.21/identity/v3/auth/tokens 0.097s
2024-12-10 15:38:05.957 65821 INFO tempest.lib.common.rest_client [req-7d4b5c1e-f76b-46ec-8041-466aec2c677e req-7d4b5c1e-f76b-46ec-8041-466aec2c677e ] Request (VolumesAssistedSnapshotsTest:tearDownClass): 204 DELETE http://10.180.1.21/compute/v2.1/servers/09536b47-40b4-4d91-b280-d240cb877248 0.344s
2024-12-10 15:38:05.994 65823 INFO tempest.lib.common.rest_client [req-c0aabc52-692d-43e3-b4a4-b0335b117192 req-c0aabc52-692d-43e3-b4a4-b0335b117192 ] Request (ServersAdminNegativeTestJSON:setUpClass): 201 POST http://10.180.1.21/identity/v3/projects 0.081s
2024-12-10 15:38:05.996 65833 INFO tempest.lib.common.rest_client [req-88577d0e-c403-432a-b597-0e1545d5015e req-88577d0e-c403-432a-b597-0e1545d5015e ] Request (ImagesTestJSON:test_create_image_from_suspended_server): 200 GET http://10.180.1.21/compute/v2.1/images/ba9210a3-aeea-4e7b-b796-46e11379b4a3 0.261s
2024-12-10 15:38:06.064 65841 INFO tempest.lib.common.rest_client [req-76013c4c-5b62-4dc6-9e49-eac2f7d2155b req-76013c4c-5b62-4dc6-9e49-eac2f7d2155b ] Request (AttachVolumeNegativeTest:test_attach_attached_volume_to_different_server): 200 PUT http://10.180.1.21:9696/networking/v2.0/floatingips/f8934d51-4da4-4eaa-969a-332a989da3cb 1.138s
2024-12-10 15:38:06.066 65823 INFO tempest.lib.common.rest_client [req-b0cf3b1e-c938-4c4f-92f5-21a72092357f req-b0cf3b1e-c938-4c4f-92f5-21a72092357f ] Request (ServersAdminNegativeTestJSON:setUpClass): 201 POST http://10.180.1.21/identity/v3/users 0.069s
2024-12-10 15:38:06.069 65841 INFO tempest.lib.common.ssh [-] Creating ssh connection to '10.180.180.168:22' as 'cirros' with public key authentication
2024-12-10 15:38:06.070 65817 INFO tempest.lib.common.rest_client [req-3c6a16e5-2793-4234-806b-9bc3e06e4a03 req-3c6a16e5-2793-4234-806b-9bc3e06e4a03 ] Request (InstanceActionsV221TestJSON:test_get_list_deleted_instance_actions): 200 GET http://10.180.1.21/compute/v2.1/servers/2728677c-2e28-4e1c-a405-1c1e9f9b225e 0.253s
2024-12-10 15:38:06.091 65823 INFO tempest.lib.common.rest_client [req-339b868f-e151-4163-95c1-9d2f6645a3d7 req-339b868f-e151-4163-95c1-9d2f6645a3d7 ] Request (ServersAdminNegativeTestJSON:setUpClass): 200 GET http://10.180.1.21/identity/v3/roles 0.024s
2024-12-10 15:38:06.118 65823 INFO tempest.lib.common.rest_client [req-f8acc20a-1e81-4139-acb0-3b69decc01ed req-f8acc20a-1e81-4139-acb0-3b69decc01ed ] Request (ServersAdminNegativeTestJSON:setUpClass): 204 PUT http://10.180.1.21/identity/v3/projects/dce5a35b430344039d8c031c0e4a87f0/users/f77ce35d601443fcb4487259f92ed434/roles/59762e1ba0e74d72a6f88aafd6dff893 0.027s
2024-12-10 15:38:06.121 65825 INFO tempest.lib.common.rest_client [req-75f96ce1-f747-4be6-bf3b-0aa16276f1dc req-75f96ce1-f747-4be6-bf3b-0aa16276f1dc ] Request (ImagesOneServerNegativeTestJSON:_run_cleanups): 201 POST http://10.180.1.21:9696/networking/v2.0/floatingips 0.999s
2024-12-10 15:38:06.142 65791 INFO tempest.lib.common.rest_client [req-b0781aa6-0032-43fc-ae6d-a8ac3f03329c req-b0781aa6-0032-43fc-ae6d-a8ac3f03329c ] Request (ServerDiagnosticsV248Test:test_get_server_diagnostics): 200 GET http://10.180.1.21/compute/v2.1/servers/b8769b56-c1c3-41db-ab9e-38485fcb29dc/diagnostics 0.537s
2024-12-10 15:38:06.179 65823 INFO tempest.lib.common.rest_client [req-605844f1-b98b-44d0-9971-5377d80a6e02 req-605844f1-b98b-44d0-9971-5377d80a6e02 ] Request (ServersAdminNegativeTestJSON:setUpClass): 200 GET http://10.180.1.21/identity/v3/roles 0.059s
2024-12-10 15:38:06.194 65825 INFO tempest.lib.common.rest_client [req-1b33353b-386c-41d3-bca0-026cb5425bf1 req-1b33353b-386c-41d3-bca0-026cb5425bf1 ] Request (ImagesOneServerNegativeTestJSON:_run_cleanups): 201 POST http://10.180.1.21/identity/v3/auth/tokens 0.068s
2024-12-10 15:38:06.194 65825 INFO tempest.lib.common.fixed_network [-] (ImagesOneServerNegativeTestJSON:_run_cleanups) Found network {'id': '638570c7-eeb2-4ff7-8eee-4a0980c51dc9', 'name': 'tempest-ImagesOneServerNegativeTestJSON-1073485451-network', 'tenant_id': '17eed2a6861f48debfda2714df2e6634', 'admin_state_up': True, 'mtu': 8950, 'status': 'ACTIVE', 'subnets': [], 'shared': False, 'project_id': '17eed2a6861f48debfda2714df2e6634', 'port_security_enabled': True, 'router:external': False, 'provider:network_type': 'vlan', 'provider:physical_network': 'default', 'provider:segmentation_id': 715, 'availability_zone_hints': [], 'availability_zones': [], 'ipv4_address_scope': None, 'ipv6_address_scope': None, 'description': '', 'tags': [], 'created_at': '2024-12-10T15:36:08Z', 'updated_at': '2024-12-10T15:36:08Z', 'revision_number': 1} available for tenant
2024-12-10 15:38:06.198 65809 INFO tempest.lib.common.rest_client [req-25665b9d-d6c8-4b4b-bd15-feff84aef31f req-25665b9d-d6c8-4b4b-bd15-feff84aef31f ] Request (ServerActionsTestJSON:setUpClass): 200 GET http://10.180.1.21/compute/v2.1/servers/cd8b2ef1-fb0d-428a-ba3e-f538646d3759 0.304s
2024-12-10 15:38:06.200 65823 INFO tempest.lib.common.rest_client [req-f61ca257-f5b4-4205-a821-a6ea9ade6592 req-f61ca257-f5b4-4205-a821-a6ea9ade6592 ] Request (ServersAdminNegativeTestJSON:setUpClass): 204 PUT http://10.180.1.21/identity/v3/projects/dce5a35b430344039d8c031c0e4a87f0/users/f77ce35d601443fcb4487259f92ed434/roles/59762e1ba0e74d72a6f88aafd6dff893 0.020s
2024-12-10 15:38:06.200 65823 INFO tempest.lib.common.dynamic_creds [-] Dynamic test user f77ce35d601443fcb4487259f92ed434 is created with scope project and roles: ['admin']
2024-12-10 15:38:06.200 65823 INFO tempest.lib.common.dynamic_creds [-] Acquired dynamic creds: credentials: Credentials: {'domain_id': 'default', 'domain_name': 'Default', 'username': 'tempest-ServersAdminNegativeTestJSON-57751333-project-admin', 'project_domain_id': 'default', 'project_domain_name': 'Default', 'project_id': 'dce5a35b430344039d8c031c0e4a87f0', 'project_name': 'tempest-ServersAdminNegativeTestJSON-57751333', 'tenant_id': 'dce5a35b430344039d8c031c0e4a87f0', 'tenant_name': 'tempest-ServersAdminNegativeTestJSON-57751333', 'user_domain_id': 'default', 'user_domain_name': 'Default', 'user_id': 'f77ce35d601443fcb4487259f92ed434', 'system': None}, Network: None, Subnet: None, Router: None
2024-12-10 15:38:06.200 65823 INFO tempest.lib.common.dynamic_creds [-] Created isolated network resources for: credentials: Credentials: {'domain_id': 'default', 'domain_name': 'Default', 'username': 'tempest-ServersAdminNegativeTestJSON-57751333-project-admin', 'project_domain_id': 'default', 'project_domain_name': 'Default', 'project_id': 'dce5a35b430344039d8c031c0e4a87f0', 'project_name': 'tempest-ServersAdminNegativeTestJSON-57751333', 'tenant_id': 'dce5a35b430344039d8c031c0e4a87f0', 'tenant_name': 'tempest-ServersAdminNegativeTestJSON-57751333', 'user_domain_id': 'default', 'user_domain_name': 'Default', 'user_id': 'f77ce35d601443fcb4487259f92ed434', 'system': None}, Network: None, Subnet: None, Router: None
2024-12-10 15:38:06.270 65823 INFO tempest.lib.common.rest_client [req-95bb0158-ad68-42e9-9400-76fc190fd485 req-95bb0158-ad68-42e9-9400-76fc190fd485 ] Request (ServersAdminNegativeTestJSON:setUpClass): 201 POST http://10.180.1.21/identity/v3/auth/tokens 0.067s
2024-12-10 15:38:06.271 65823 WARNING tempest.lib.common.rest_client [-] Deprecated: "tenant_id" property is deprecated for removal, use "project_id" instead
2024-12-10 15:38:06.346 65823 INFO tempest.lib.common.rest_client [req-99bfc982-aa03-4c6b-8d5c-28b02852e2dd req-99bfc982-aa03-4c6b-8d5c-28b02852e2dd ] Request (ServersAdminNegativeTestJSON:setUpClass): 201 POST http://10.180.1.21/identity/v3/auth/tokens 0.072s
2024-12-10 15:38:06.346 65823 INFO tempest.lib.common.fixed_network [-] (ServersAdminNegativeTestJSON:setUpClass) Found network None available for tenant
2024-12-10 15:38:06.352 65821 INFO tempest.lib.common.rest_client [req-5043af4c-2014-4981-93de-24de2644d199 req-5043af4c-2014-4981-93de-24de2644d199 ] Request (VolumesAssistedSnapshotsTest:tearDownClass): 200 GET http://10.180.1.21/compute/v2.1/servers/09536b47-40b4-4d91-b280-d240cb877248 0.394s
2024-12-10 15:38:06.376 65837 INFO tempest.lib.common.rest_client [req-9e651ed2-b42e-4b16-b70d-7dbdba4915cd req-9e651ed2-b42e-4b16-b70d-7dbdba4915cd ] Request (MultipleCreateTestJSON:test_multiple_create_with_reservation_return): 200 GET http://10.180.1.21/compute/v2.1/servers/60b1630a-8ac8-4548-bcc9-2a9113bf7fb4 0.542s
2024-12-10 15:38:06.413 65795 INFO tempest.lib.common.rest_client [req-6102c74f-9d65-43a5-9a07-5ccb5b1cc928 req-6102c74f-9d65-43a5-9a07-5ccb5b1cc928 ] Request (DeleteServersAdminTestJSON:test_delete_server_while_in_error_state): 200 GET http://10.180.1.21/compute/v2.1/servers/fb043667-d1b8-4eeb-bdc3-00612cbd35ba 0.427s
2024-12-10 15:38:06.424 65827 INFO tempest.lib.common.rest_client [req-138f3ac2-7d00-40d7-881b-7c2c6e5d62e8 req-138f3ac2-7d00-40d7-881b-7c2c6e5d62e8 ] Request (ServerPasswordTestJSON:setUpClass): 200 GET http://10.180.1.21/compute/v2.1/servers/378794aa-e5b8-4906-8dbf-cb6bf630cb4e 0.416s
2024-12-10 15:38:06.430 65827 INFO tempest.common.waiters [-] State transition "BUILD/scheduling" ==> "BUILD/None" after 9 second wait
2024-12-10 15:38:06.468 65811 INFO tempest.lib.common.rest_client [req-40c1ec64-25c6-4f2b-bdf0-6053cf0c052d req-40c1ec64-25c6-4f2b-bdf0-6053cf0c052d ] Request (ServersAaction247Test:test_create_backup): 200 GET http://10.180.1.21/compute/v2.1/servers/7471798f-e102-4a51-855d-7444f0284d80 0.423s
2024-12-10 15:38:06.493 65843 INFO tempest.lib.common.rest_client [req-cacb9674-f124-401f-a896-f8857a0597a8 req-cacb9674-f124-401f-a896-f8857a0597a8 ] Request (MigrationsAdminTest:test_resize_server_revert_deleted_flavor): 200 GET http://10.180.1.21/compute/v2.1/servers/9aa10d90-ce21-45e7-8adc-5ad1452e0535 0.427s
2024-12-10 15:38:06.530 65793 INFO tempest.lib.common.rest_client [req-050c790f-a259-4312-a710-5e6477ddd9fc req-050c790f-a259-4312-a710-5e6477ddd9fc ] Request (AttachInterfacesV270Test:tearDownClass): 200 GET http://10.180.1.21/compute/v2.1/servers/c8cd1fd8-27f9-4f49-ab69-894eed7b92d5 0.413s
2024-12-10 15:38:06.547 65835 INFO tempest.lib.common.rest_client [req-81fc157e-3afc-4c10-90aa-424d15635498 req-81fc157e-3afc-4c10-90aa-424d15635498 ] Request (ServersTestJSON:test_create_server_specify_multibyte_character_name): 200 GET http://10.180.1.21/compute/v2.1/servers/071ba0ff-6674-480a-9c76-cfcd6237aa7e 0.426s
2024-12-10 15:38:06.615 65791 INFO tempest.lib.common.rest_client [req-b806a832-be17-440a-8eb9-bf9eaf45e971 req-b806a832-be17-440a-8eb9-bf9eaf45e971 ] Request (ServerDiagnosticsV248Test:tearDownClass): 204 DELETE http://10.180.1.21/compute/v2.1/servers/b8769b56-c1c3-41db-ab9e-38485fcb29dc 0.460s
2024-12-10 15:38:06.675 65839 INFO tempest.lib.common.rest_client [req-2ad58a4f-30be-4198-a9ed-fe564c18f361 req-2ad58a4f-30be-4198-a9ed-fe564c18f361 ] Request (ServerAddressesTestJSON:tearDownClass): 200 GET http://10.180.1.21/compute/v2.1/servers/ec726a5b-002a-4bc0-abec-07b02ca46886 0.475s
2024-12-10 15:38:06.726 65801 INFO tempest.lib.common.rest_client [req-9a49d38a-efd7-41f2-b16d-2aed7cc9ff0c req-9a49d38a-efd7-41f2-b16d-2aed7cc9ff0c ] Request (VolumesAdminNegativeTest:test_update_attached_volume_with_nonexistent_volume_in_body): 200 GET http://10.180.1.21/compute/v2.1/servers/744c8809-f829-4c6b-94ab-9e708d519862 0.517s
2024-12-10 15:38:06.776 65831 INFO tempest.lib.common.rest_client [req-0173c73c-b2e4-4f72-a4bc-0f1b3fe3c45b req-0173c73c-b2e4-4f72-a4bc-0f1b3fe3c45b ] Request (SecurityGroupsTestJSON:test_server_security_groups): 200 GET http://10.180.1.21/compute/v2.1/servers/2c5916af-c336-4c15-9894-58d1078b13dd 0.497s
2024-12-10 15:38:06.783 65831 INFO tempest.common.waiters [-] State transition "BUILD/None" ==> "BUILD/networking" after 82 second wait
2024-12-10 15:38:06.832 65807 INFO tempest.lib.common.rest_client [req-037c3640-0b2d-4110-909e-e18f5741ceb2 req-037c3640-0b2d-4110-909e-e18f5741ceb2 ] Request (ServersTestMultiNic:_run_cleanups): 200 GET http://10.180.1.21/compute/v2.1/servers/eb18c6ea-ee08-46c1-b300-8954011ac68e 0.536s
2024-12-10 15:38:06.882 65825 INFO tempest.lib.common.rest_client [req-329b023e-fc00-438f-8596-30e8849491de req-329b023e-fc00-438f-8596-30e8849491de ] Request (ImagesOneServerNegativeTestJSON:_run_cleanups): 202 POST http://10.180.1.21/compute/v2.1/servers 0.687s
2024-12-10 15:38:06.957 65805 INFO tempest.lib.common.rest_client [req-e88dc3c9-2a07-46fc-b3ea-94c50c317f50 req-e88dc3c9-2a07-46fc-b3ea-94c50c317f50 ] Request (ServersTestJSON:tearDownClass): 200 GET http://10.180.1.21/compute/v2.1/servers/f8a3a6f5-1e4c-47ba-9040-3ecf35eb2b02 0.590s
2024-12-10 15:38:07.032 65848 INFO tempest.lib.common.rest_client [req-112a6d92-3ffd-4fa7-926b-b743391322b8 req-112a6d92-3ffd-4fa7-926b-b743391322b8 ] Request (InstanceActionsTestJSON:setUpClass): 200 GET http://10.180.1.21/compute/v2.1/servers/a22c6232-43fc-4294-bb0b-1d52e3b3ace2 0.572s
2024-12-10 15:38:07.103 65791 INFO tempest.lib.common.rest_client [req-0a07d3db-3e13-43f9-bf31-0d07aa8972a0 req-0a07d3db-3e13-43f9-bf31-0d07aa8972a0 ] Request (ServerDiagnosticsV248Test:tearDownClass): 200 GET http://10.180.1.21/compute/v2.1/servers/b8769b56-c1c3-41db-ab9e-38485fcb29dc 0.488s
2024-12-10 15:38:07.171 65785 INFO tempest.lib.common.rest_client [req-7a5acb9c-26ec-4168-826f-eb24a85796ac req-7a5acb9c-26ec-4168-826f-eb24a85796ac ] Request (InstanceActionsNegativeTestJSON:tearDownClass): 200 GET http://10.180.1.21/compute/v2.1/servers/165d73b0-94e1-4020-b43e-2c27630c2123 0.392s
