2024-12-10 15:36:40.473 65841 INFO tempest.lib.common.fixed_network [-] (AttachVolumeNegativeTest:test_attach_attached_volume_to_different_server) Found network {'id': '24f89f77-cb96-42f2-ad0e-50c40ad4e946', 'name': 'tempest-AttachVolumeNegativeTest-1801098202-network', 'tenant_id': 'c794392afb4b4edea0f4a470cceff6b8', 'admin_state_up': True, 'mtu': 8950, 'status': 'ACTIVE', 'subnets': [], 'shared': False, 'project_id': 'c794392afb4b4edea0f4a470cceff6b8', 'port_security_enabled': True, 'router:external': False, 'provider:network_type': 'vlan', 'provider:physical_network': 'default', 'provider:segmentation_id': 5, 'availability_zone_hints': [], 'availability_zones': [], 'ipv4_address_scope': None, 'ipv6_address_scope': None, 'description': '', 'tags': [], 'created_at': '2024-12-10T15:36:34Z', 'updated_at': '2024-12-10T15:36:34Z', 'revision_number': 1} available for tenant
2024-12-10 15:36:40.496 65795 INFO tempest.lib.common.rest_client [req-85ce93d5-aed7-4c99-bfec-8a282d4d6b0b req-85ce93d5-aed7-4c99-bfec-8a282d4d6b0b ] Request (DeleteServersAdminTestJSON:test_delete_server_while_in_error_state): 200 GET http://10.180.1.21/compute/v2.1/servers/fb043667-d1b8-4eeb-bdc3-00612cbd35ba 1.064s
2024-12-10 15:36:40.587 65809 INFO tempest.lib.common.rest_client [req-116970fc-2326-40a9-98b7-44efe75f2c29 req-116970fc-2326-40a9-98b7-44efe75f2c29 ] Request (ServersAdmin275Test:tearDownClass): 200 GET http://10.180.1.21/compute/v2.1/servers/30526dec-d3cf-46be-841d-c96148f391d1 1.060s
2024-12-10 15:36:40.656 65797 INFO tempest.lib.common.rest_client [req-24f2de73-ae6b-4759-9c9b-c8de5ccabc75 req-24f2de73-ae6b-4759-9c9b-c8de5ccabc75 ] Request (ServersWithSpecificFlavorTestJSON:test_verify_created_server_ephemeral_disk): 200 GET http://10.180.1.21/compute/v2.1/servers/0beb117b-7382-42d5-abb0-06a0c740f983 1.071s
2024-12-10 15:36:40.657 65831 INFO tempest.lib.common.rest_client [req-3c95e372-c870-443c-9434-604556b4a988 req-3c95e372-c870-443c-9434-604556b4a988 ] Request (SecurityGroupsTestJSON:test_server_security_groups): 200 POST http://10.180.1.21/compute/v2.1/os-security-groups 1.243s
2024-12-10 15:36:40.750 65787 INFO tempest.lib.common.rest_client [req-0c1a712a-e138-49a0-a68d-adc031a42f88 req-0c1a712a-e138-49a0-a68d-adc031a42f88 ] Request (ServerAddressesNegativeTestJSON:setUpClass): 200 GET http://10.180.1.21/compute/v2.1/servers/72f696ef-c5c4-410a-a894-52e683084a0a 1.107s
2024-12-10 15:36:40.828 65819 INFO tempest.lib.common.rest_client [req-58d0d90d-b1a6-48b4-a048-0e4b791cff2a req-58d0d90d-b1a6-48b4-a048-0e4b791cff2a ] Request (ServerActionsTestOtherB:setUpClass): 200 GET http://10.180.1.21/compute/v2.1/servers/2496ab0d-468e-48b7-a85f-beb4e1f8bc47 1.071s
2024-12-10 15:36:40.844 65821 INFO tempest.lib.common.rest_client [req-7ad45168-ee1c-411e-95fb-b2e500cfe091 req-7ad45168-ee1c-411e-95fb-b2e500cfe091 ] Request (VolumesAssistedSnapshotsTest:test_volume_assisted_snapshot_create_delete): 200 GET http://10.180.1.21/compute/v2.1/servers/09536b47-40b4-4d91-b280-d240cb877248 1.156s
2024-12-10 15:36:40.857 65821 INFO tempest.common.waiters [-] State transition "BUILD/spawning" ==> "ACTIVE/None" after 46 second wait
2024-12-10 15:36:40.923 65789 INFO tempest.lib.common.rest_client [req-c225d262-01ff-4ae3-a636-7786584d1990 req-c225d262-01ff-4ae3-a636-7786584d1990 ] Request (ServersTestBootFromVolume:setUpClass): 200 GET http://10.180.1.21/compute/v2.1/servers/8b970132-af07-43d0-a245-12af6dc77c97 0.942s
2024-12-10 15:36:40.978 65835 INFO tempest.lib.common.rest_client [req-8d220e5d-5baf-4322-b6d7-be194b4e86bb req-8d220e5d-5baf-4322-b6d7-be194b4e86bb ] Request (ServersTestJSON:setUpClass): 201 POST http://10.180.1.21:9696/networking/v2.0/routers 1.002s
2024-12-10 15:36:41.009 65817 INFO tempest.lib.common.rest_client [req-0ea0c31e-7a8d-4de8-99ec-de64c4b3b2d8 req-0ea0c31e-7a8d-4de8-99ec-de64c4b3b2d8 ] Request (InstanceActionsV221TestJSON:test_get_list_deleted_instance_actions): 200 GET http://10.180.1.21/compute/v2.1/servers/2728677c-2e28-4e1c-a405-1c1e9f9b225e 0.954s
2024-12-10 15:36:41.042 65803 INFO tempest.lib.common.rest_client [req-0cc69d2f-4ce8-4863-b568-3b71daa1c21a req-0cc69d2f-4ce8-4863-b568-3b71daa1c21a ] Request (ServersTestFqdnHostnames:test_create_server_with_fqdn_name): 200 GET http://10.180.1.21/compute/v2.1/servers/944ce849-152a-404e-8095-a6cc4f27bfc1 1.149s
2024-12-10 15:36:41.066 65839 INFO tempest.lib.common.rest_client [req-e075b2f5-05aa-4b00-be17-b7c903313ce3 req-e075b2f5-05aa-4b00-be17-b7c903313ce3 ] Request (ServerAddressesTestJSON:setUpClass): 200 GET http://10.180.1.21/compute/v2.1/servers/ec726a5b-002a-4bc0-abec-07b02ca46886 0.950s
2024-12-10 15:36:41.147 65785 INFO tempest.lib.common.rest_client [req-aa1347c2-6d93-49f1-ba0e-3bed831b307a req-aa1347c2-6d93-49f1-ba0e-3bed831b307a ] Request (InstanceActionsNegativeTestJSON:setUpClass): 200 GET http://10.180.1.21/compute/v2.1/servers/165d73b0-94e1-4020-b43e-2c27630c2123 0.971s
2024-12-10 15:36:41.216 65801 INFO tempest.lib.common.rest_client [req-1f4bb907-8224-42e9-a6e2-cb2214811ab5 req-1f4bb907-8224-42e9-a6e2-cb2214811ab5 ] Request (TenantUsagesTestJSON:tearDownClass): 200 GET http://10.180.1.21/compute/v2.1/servers/eb494418-ff7c-4c54-95c3-835b02ea2c93 0.887s
2024-12-10 15:36:41.295 65793 INFO tempest.lib.common.rest_client [req-f55562f6-507f-4744-b502-f3ea1d4e9c28 req-f55562f6-507f-4744-b502-f3ea1d4e9c28 ] Request (AttachInterfacesV270Test:test_create_get_list_interfaces): 200 GET http://10.180.1.21/compute/v2.1/servers/c8cd1fd8-27f9-4f49-ab69-894eed7b92d5 0.885s
2024-12-10 15:36:41.458 65799 INFO tempest.lib.common.rest_client [req-0b340e11-b99e-4fbc-8e8c-701ec503bda4 req-0b340e11-b99e-4fbc-8e8c-701ec503bda4 ] Request (SecurityGroupRulesTestJSON:test_security_group_rules_delete_when_peer_group_deleted): 200 POST http://10.180.1.21/compute/v2.1/os-security-group-rules 1.328s
2024-12-10 15:36:41.525 65833 INFO tempest.lib.common.rest_client [req-4ac780a1-2d6d-4817-83b0-1d3569e5ed1e req-4ac780a1-2d6d-4817-83b0-1d3569e5ed1e ] Request (ImagesTestJSON:test_create_image_from_suspended_server): 200 GET http://10.180.1.21/compute/v2.1/servers/954a4581-3007-44f7-9d78-d9823733db46 1.024s
2024-12-10 15:36:41.594 65825 INFO tempest.lib.common.rest_client [req-617b34b5-80e3-4414-b109-2f5b8cb18df9 req-617b34b5-80e3-4414-b109-2f5b8cb18df9 ] Request (ImagesOneServerNegativeTestJSON:setUpClass): 200 GET http://10.180.1.21/compute/v2.1/servers/b1921de9-5ed2-43a4-a533-ea0311d51938 1.090s
2024-12-10 15:36:41.667 65807 INFO tempest.lib.common.rest_client [req-7bdb7cf1-d75e-45d3-9254-c762cd6bbb77 req-7bdb7cf1-d75e-45d3-9254-c762cd6bbb77 ] Request (ServersTestMultiNic:test_verify_duplicate_network_nics): 200 GET http://10.180.1.21/compute/v2.1/servers/eb18c6ea-ee08-46c1-b300-8954011ac68e 1.091s
2024-12-10 15:36:41.736 65813 INFO tempest.lib.common.rest_client [req-ca4401fc-fb0e-41e0-bd7b-811553c10132 req-ca4401fc-fb0e-41e0-bd7b-811553c10132 ] Request (AttachVolumeShelveTestJSON:test_attach_volume_shelved_or_offload_server): 200 GET http://10.180.1.21/compute/v2.1/servers/9feea3c3-e37e-4105-a582-9581f26122c8 1.096s
2024-12-10 15:36:41.958 65831 INFO tempest.lib.common.rest_client [req-08f196bc-b4fb-4a9a-9857-2b35a832c642 req-08f196bc-b4fb-4a9a-9857-2b35a832c642 ] Request (SecurityGroupsTestJSON:test_server_security_groups): 200 POST http://10.180.1.21/compute/v2.1/os-security-groups 1.298s
2024-12-10 15:36:41.960 65848 INFO tempest.lib.common.rest_client [req-22c6d2ea-1f05-4807-9108-453aca624a74 req-22c6d2ea-1f05-4807-9108-453aca624a74 ] Request (InstanceActionsTestJSON:setUpClass): 200 PUT http://10.180.1.21:9696/networking/v2.0/routers/5096faeb-6736-4c2d-8523-331705431b2d/add_router_interface 2.304s
2024-12-10 15:36:41.960 65848 INFO tempest.lib.common.dynamic_creds [-] Created isolated network resources for: credentials: Credentials: {'domain_id': 'default', 'domain_name': 'Default', 'username': 'tempest-InstanceActionsTestJSON-1992934853-project-member', 'project_domain_id': 'default', 'project_domain_name': 'Default', 'project_id': '13a62caf65b545b8bb053fdab9dc24b4', 'project_name': 'tempest-InstanceActionsTestJSON-1992934853', 'tenant_id': '13a62caf65b545b8bb053fdab9dc24b4', 'tenant_name': 'tempest-InstanceActionsTestJSON-1992934853', 'user_domain_id': 'default', 'user_domain_name': 'Default', 'user_id': 'a20398d61fda404db04a07007e091142', 'system': None}, Network: {'id': '00abdee9-14a2-4325-a9b5-af4aa9628cc2', 'name': 'tempest-InstanceActionsTestJSON-1544250018-network', 'tenant_id': '13a62caf65b545b8bb053fdab9dc24b4', 'admin_state_up': True, 'mtu': 8950, 'status': 'ACTIVE', 'subnets': [], 'shared': False, 'project_id': '13a62caf65b545b8bb053fdab9dc24b4', 'port_security_enabled': True, 'router:external': False, 'provider:network_type': 'vlan', 'provider:physical_network': 'default', 'provider:segmentation_id': 598, 'availability_zone_hints': [], 'availability_zones': [], 'ipv4_address_scope': None, 'ipv6_address_scope': None, 'description': '', 'tags': [], 'created_at': '2024-12-10T15:36:37Z', 'updated_at': '2024-12-10T15:36:37Z', 'revision_number': 1}, Subnet: {'id': '27fa95cd-76d3-4f17-8ae2-3c7e47bedace', 'name': 'tempest-InstanceActionsTestJSON-1544250018-subnet', 'tenant_id': '13a62caf65b545b8bb053fdab9dc24b4', 'network_id': '00abdee9-14a2-4325-a9b5-af4aa9628cc2', 'ip_version': 4, 'subnetpool_id': None, 'enable_dhcp': True, 'ipv6_ra_mode': None, 'ipv6_address_mode': None, 'gateway_ip': '192.168.128.1', 'cidr': '192.168.128.0/28', 'allocation_pools': [{'start': '192.168.128.2', 'end': '192.168.128.14'}], 'host_routes': [], 'dns_nameservers': [], 'description': '', 'router:external': False, 'service_types': [], 'tags': [], 'created_at': '2024-12-10T15:36:37Z', 'updated_at': '2024-12-10T15:36:37Z', 'revision_number': 0, 'project_id': '13a62caf65b545b8bb053fdab9dc24b4'}, Router: {'id': '5096faeb-6736-4c2d-8523-331705431b2d', 'name': 'tempest-InstanceActionsTestJSON-1544250018-router', 'tenant_id': '13a62caf65b545b8bb053fdab9dc24b4', 'admin_state_up': True, 'status': 'ACTIVE', 'external_gateway_info': {'network_id': 'fa4049bb-e713-41a7-bcde-9c3da00112df', 'external_fixed_ips': [{'subnet_id': 'e8289762-1490-40f8-8523-9adc4fbc5b07', 'ip_address': '10.180.180.236'}], 'enable_snat': True}, 'description': '', 'availability_zones': [], 'distributed': False, 'ha': False, 'availability_zone_hints': [], 'routes': [], 'flavor_id': None, 'tags': [], 'created_at': '2024-12-10T15:36:38Z', 'updated_at': '2024-12-10T15:36:38Z', 'revision_number': 2, 'project_id': '13a62caf65b545b8bb053fdab9dc24b4'}
2024-12-10 15:36:41.973 65835 INFO tempest.lib.common.rest_client [req-4ea88339-9946-4b58-817b-a54964368368 req-4ea88339-9946-4b58-817b-a54964368368 ] Request (ServersTestJSON:setUpClass): 200 PUT http://10.180.1.21:9696/networking/v2.0/routers/2c8e8281-b2bc-41ff-b1a0-1bd6d82d2f38/add_router_interface 0.995s
2024-12-10 15:36:41.974 65835 INFO tempest.lib.common.dynamic_creds [-] Created isolated network resources for: credentials: Credentials: {'domain_id': 'default', 'domain_name': 'Default', 'username': 'tempest-ServersTestJSON-1367184530-project-member', 'project_domain_id': 'default', 'project_domain_name': 'Default', 'project_id': '0d186547b31349dfac6792b64b5a5ead', 'project_name': 'tempest-ServersTestJSON-1367184530', 'tenant_id': '0d186547b31349dfac6792b64b5a5ead', 'tenant_name': 'tempest-ServersTestJSON-1367184530', 'user_domain_id': 'default', 'user_domain_name': 'Default', 'user_id': 'e68114b554414493a567641f4fddfb8a', 'system': None}, Network: {'id': '78758477-dde5-4a71-9ca5-f0c0452a5bf9', 'name': 'tempest-ServersTestJSON-772944968-network', 'tenant_id': '0d186547b31349dfac6792b64b5a5ead', 'admin_state_up': True, 'mtu': 8950, 'status': 'ACTIVE', 'subnets': [], 'shared': False, 'project_id': '0d186547b31349dfac6792b64b5a5ead', 'port_security_enabled': True, 'router:external': False, 'provider:network_type': 'vlan', 'provider:physical_network': 'default', 'provider:segmentation_id': 402, 'availability_zone_hints': [], 'availability_zones': [], 'ipv4_address_scope': None, 'ipv6_address_scope': None, 'description': '', 'tags': [], 'created_at': '2024-12-10T15:36:39Z', 'updated_at': '2024-12-10T15:36:39Z', 'revision_number': 1}, Subnet: {'id': 'b04b9c03-7df8-4be1-ab59-f16c501055ee', 'name': 'tempest-ServersTestJSON-772944968-subnet', 'tenant_id': '0d186547b31349dfac6792b64b5a5ead', 'network_id': '78758477-dde5-4a71-9ca5-f0c0452a5bf9', 'ip_version': 4, 'subnetpool_id': None, 'enable_dhcp': True, 'ipv6_ra_mode': None, 'ipv6_address_mode': None, 'gateway_ip': '192.168.128.1', 'cidr': '192.168.128.0/28', 'allocation_pools': [{'start': '192.168.128.2', 'end': '192.168.128.14'}], 'host_routes': [], 'dns_nameservers': [], 'description': '', 'router:external': False, 'service_types': [], 'tags': [], 'created_at': '2024-12-10T15:36:39Z', 'updated_at': '2024-12-10T15:36:39Z', 'revision_number': 0, 'project_id': '0d186547b31349dfac6792b64b5a5ead'}, Router: {'id': '2c8e8281-b2bc-41ff-b1a0-1bd6d82d2f38', 'name': 'tempest-ServersTestJSON-772944968-router', 'tenant_id': '0d186547b31349dfac6792b64b5a5ead', 'admin_state_up': True, 'status': 'ACTIVE', 'external_gateway_info': {'network_id': 'fa4049bb-e713-41a7-bcde-9c3da00112df', 'external_fixed_ips': [{'subnet_id': 'e8289762-1490-40f8-8523-9adc4fbc5b07', 'ip_address': '10.180.180.179'}], 'enable_snat': True}, 'description': '', 'availability_zones': [], 'distributed': False, 'ha': False, 'availability_zone_hints': [], 'routes': [], 'flavor_id': None, 'tags': [], 'created_at': '2024-12-10T15:36:40Z', 'updated_at': '2024-12-10T15:36:40Z', 'revision_number': 2, 'project_id': '0d186547b31349dfac6792b64b5a5ead'}
2024-12-10 15:36:42.021 65841 INFO tempest.lib.common.rest_client [req-7a6894af-3023-4a36-b043-9e01018d6816 req-7a6894af-3023-4a36-b043-9e01018d6816 ] Request (AttachVolumeNegativeTest:test_attach_attached_volume_to_different_server): 202 POST http://10.180.1.21/compute/v2.1/servers 1.547s
2024-12-10 15:36:42.054 65831 INFO tempest.lib.common.rest_client [req-f2cada7c-03d9-4bc8-a177-e928c3604f1e req-f2cada7c-03d9-4bc8-a177-e928c3604f1e ] Request (SecurityGroupsTestJSON:test_server_security_groups): 201 POST http://10.180.1.21/identity/v3/auth/tokens 0.088s
2024-12-10 15:36:42.054 65831 INFO tempest.lib.common.fixed_network [-] (SecurityGroupsTestJSON:test_server_security_groups) Found network {'id': '82b30fa0-ed5b-438f-be99-4174937ad568', 'name': 'tempest-SecurityGroupsTestJSON-565089051-network', 'tenant_id': 'c95ff2ca27f84e7294b939ad092c413c', 'admin_state_up': True, 'mtu': 8950, 'status': 'ACTIVE', 'subnets': [], 'shared': False, 'project_id': 'c95ff2ca27f84e7294b939ad092c413c', 'port_security_enabled': True, 'router:external': False, 'provider:network_type': 'vlan', 'provider:physical_network': 'default', 'provider:segmentation_id': 505, 'availability_zone_hints': [], 'availability_zones': [], 'ipv4_address_scope': None, 'ipv6_address_scope': None, 'description': '', 'tags': [], 'created_at': '2024-12-10T15:35:32Z', 'updated_at': '2024-12-10T15:35:32Z', 'revision_number': 1} available for tenant
2024-12-10 15:36:42.074 65848 INFO tempest.lib.common.rest_client [req-b121d0bb-bf6c-4d66-b64f-b012800ff706 req-b121d0bb-bf6c-4d66-b64f-b012800ff706 ] Request (InstanceActionsTestJSON:setUpClass): 201 POST http://10.180.1.21/identity/v3/auth/tokens 0.102s
2024-12-10 15:36:42.091 65821 INFO tempest.lib.common.rest_client [req-0efd2dff-d061-4156-88b1-095bafaab891 req-0efd2dff-d061-4156-88b1-095bafaab891 ] Request (VolumesAssistedSnapshotsTest:test_volume_assisted_snapshot_create_delete): 200 GET http://10.180.1.21/compute/v2.1/servers/09536b47-40b4-4d91-b280-d240cb877248/os-interface 1.233s
2024-12-10 15:36:42.125 65848 INFO tempest.lib.common.rest_client [req-13a40b9a-7819-4bcf-8d3c-c9e6f0093503 req-13a40b9a-7819-4bcf-8d3c-c9e6f0093503 ] Request (InstanceActionsTestJSON:setUpClass): 201 POST http://10.180.1.21/identity/v3/auth/tokens 0.042s
2024-12-10 15:36:42.126 65848 INFO tempest.lib.common.fixed_network [-] (InstanceActionsTestJSON:setUpClass) Found network {'id': '00abdee9-14a2-4325-a9b5-af4aa9628cc2', 'name': 'tempest-InstanceActionsTestJSON-1544250018-network', 'tenant_id': '13a62caf65b545b8bb053fdab9dc24b4', 'admin_state_up': True, 'mtu': 8950, 'status': 'ACTIVE', 'subnets': [], 'shared': False, 'project_id': '13a62caf65b545b8bb053fdab9dc24b4', 'port_security_enabled': True, 'router:external': False, 'provider:network_type': 'vlan', 'provider:physical_network': 'default', 'provider:segmentation_id': 598, 'availability_zone_hints': [], 'availability_zones': [], 'ipv4_address_scope': None, 'ipv6_address_scope': None, 'description': '', 'tags': [], 'created_at': '2024-12-10T15:36:37Z', 'updated_at': '2024-12-10T15:36:37Z', 'revision_number': 1} available for tenant
2024-12-10 15:36:42.148 65835 INFO tempest.lib.common.rest_client [req-555a3b16-4115-4d8a-814d-ebea224a6f58 req-555a3b16-4115-4d8a-814d-ebea224a6f58 ] Request (ServersTestJSON:setUpClass): 201 POST http://10.180.1.21/identity/v3/auth/tokens 0.170s
2024-12-10 15:36:42.165 65835 INFO tempest.lib.common.rest_client [req-952fcf04-106e-4d2a-bedc-ff0cb8fcd9f4 req-952fcf04-106e-4d2a-bedc-ff0cb8fcd9f4 ] Request (ServersTestJSON:setUpClass): 200 GET http://10.180.1.21/identity/v3/projects/0d186547b31349dfac6792b64b5a5ead 0.017s
2024-12-10 15:36:42.165 65835 INFO tempest.lib.common.dynamic_creds [-] Using the existing project 0d186547b31349dfac6792b64b5a5ead for scope project and roles: ['reader']
2024-12-10 15:36:42.192 65827 INFO tempest.lib.common.rest_client [req-b488460c-3895-4019-aac4-01f32bf69fce req-b488460c-3895-4019-aac4-01f32bf69fce ] Request (ListServersNegativeTestJSON:setUpClass): 200 GET http://10.180.1.21/compute/v2.1/servers/e703fa1b-337f-4bb5-969f-6f8726e6141c 1.108s
2024-12-10 15:36:42.196 65835 INFO tempest.lib.common.rest_client [req-ea966a65-3427-4eaa-9058-09147c285cd5 req-ea966a65-3427-4eaa-9058-09147c285cd5 ] Request (ServersTestJSON:setUpClass): 201 POST http://10.180.1.21/identity/v3/users 0.030s
2024-12-10 15:36:42.217 65835 INFO tempest.lib.common.rest_client [req-0d3437a0-a432-4c8f-8194-8297be522c0b req-0d3437a0-a432-4c8f-8194-8297be522c0b ] Request (ServersTestJSON:setUpClass): 200 GET http://10.180.1.21/identity/v3/roles 0.021s
2024-12-10 15:36:42.245 65835 INFO tempest.lib.common.rest_client [req-38f896a2-2ae8-4957-a668-22533e5ce3d1 req-38f896a2-2ae8-4957-a668-22533e5ce3d1 ] Request (ServersTestJSON:setUpClass): 204 PUT http://10.180.1.21/identity/v3/projects/0d186547b31349dfac6792b64b5a5ead/users/129547b5b43c418bba4a774d7d1e30e8/roles/2ee7e7a21f4c448ea706464c71f07b83 0.027s
2024-12-10 15:36:42.245 65835 INFO tempest.lib.common.dynamic_creds [-] Dynamic test user 129547b5b43c418bba4a774d7d1e30e8 is created with scope project and roles: ['reader']
2024-12-10 15:36:42.245 65835 INFO tempest.lib.common.dynamic_creds [-] Acquired dynamic creds: credentials: Credentials: {'domain_id': 'default', 'domain_name': 'Default', 'username': 'tempest-ServersTestJSON-1367184530-project-reader', 'project_domain_id': 'default', 'project_domain_name': 'Default', 'project_id': '0d186547b31349dfac6792b64b5a5ead', 'project_name': 'tempest-ServersTestJSON-1367184530', 'tenant_id': '0d186547b31349dfac6792b64b5a5ead', 'tenant_name': 'tempest-ServersTestJSON-1367184530', 'user_domain_id': 'default', 'user_domain_name': 'Default', 'user_id': '129547b5b43c418bba4a774d7d1e30e8', 'system': None}, Network: None, Subnet: None, Router: None
2024-12-10 15:36:42.246 65835 INFO tempest.lib.common.dynamic_creds [-] Network resources are not created for requested scope: project and credentials: Credentials: {'domain_id': 'default', 'domain_name': 'Default', 'username': 'tempest-ServersTestJSON-1367184530-project-reader', 'project_domain_id': 'default', 'project_domain_name': 'Default', 'project_id': '0d186547b31349dfac6792b64b5a5ead', 'project_name': 'tempest-ServersTestJSON-1367184530', 'tenant_id': '0d186547b31349dfac6792b64b5a5ead', 'tenant_name': 'tempest-ServersTestJSON-1367184530', 'user_domain_id': 'default', 'user_domain_name': 'Default', 'user_id': '129547b5b43c418bba4a774d7d1e30e8', 'system': None}, Network: None, Subnet: None, Router: None
2024-12-10 15:36:42.276 65829 INFO tempest.lib.common.rest_client [req-8ce0d33c-4019-45de-944a-4180bd9a66f4 req-8ce0d33c-4019-45de-944a-4180bd9a66f4 ] Request (FloatingIPsAssociationNegativeTestJSON:setUpClass): 200 GET http://10.180.1.21/compute/v2.1/servers/e74178c1-975b-490a-9a34-dfe4031efe77 1.060s
2024-12-10 15:36:42.312 65835 INFO tempest.lib.common.rest_client [req-2752d267-a32a-4c88-ba39-1a6717588ca2 req-2752d267-a32a-4c88-ba39-1a6717588ca2 ] Request (ServersTestJSON:setUpClass): 201 POST http://10.180.1.21/identity/v3/auth/tokens 0.063s
2024-12-10 15:36:42.336 65823 INFO tempest.lib.common.rest_client [req-c4c05148-d9de-4dfa-9ac6-a534de661aea req-c4c05148-d9de-4dfa-9ac6-a534de661aea ] Request (ServerExternalEventsTest:test_create_server_external_events): 200 GET http://10.180.1.21/compute/v2.1/servers/f74dc970-b8e4-46aa-9ebd-e0348e2600e7 1.093s
2024-12-10 15:36:42.365 65843 INFO tempest.lib.common.rest_client [req-0b875365-38f8-49e1-8e36-9b55fc523078 req-0b875365-38f8-49e1-8e36-9b55fc523078 ] Request (MigrationsAdminTest:test_list_migrations_in_flavor_resize_situation): 200 GET http://10.180.1.21/compute/v2.1/servers/54ce854a-5100-4a7c-ad79-ab4315a16984 1.585s
2024-12-10 15:36:42.375 65835 INFO tempest.lib.common.rest_client [req-55cedc9d-ecbf-4195-89cd-5a54a016053d req-55cedc9d-ecbf-4195-89cd-5a54a016053d ] Request (ServersTestJSON:test_create_server_specify_multibyte_character_name): 201 POST http://10.180.1.21/identity/v3/auth/tokens 0.057s
2024-12-10 15:36:42.375 65835 INFO tempest.lib.common.fixed_network [-] (ServersTestJSON:test_create_server_specify_multibyte_character_name) Found network {'id': '78758477-dde5-4a71-9ca5-f0c0452a5bf9', 'name': 'tempest-ServersTestJSON-772944968-network', 'tenant_id': '0d186547b31349dfac6792b64b5a5ead', 'admin_state_up': True, 'mtu': 8950, 'status': 'ACTIVE', 'subnets': [], 'shared': False, 'project_id': '0d186547b31349dfac6792b64b5a5ead', 'port_security_enabled': True, 'router:external': False, 'provider:network_type': 'vlan', 'provider:physical_network': 'default', 'provider:segmentation_id': 402, 'availability_zone_hints': [], 'availability_zones': [], 'ipv4_address_scope': None, 'ipv6_address_scope': None, 'description': '', 'tags': [], 'created_at': '2024-12-10T15:36:39Z', 'updated_at': '2024-12-10T15:36:39Z', 'revision_number': 1} available for tenant
2024-12-10 15:36:42.392 65791 INFO tempest.lib.common.rest_client [req-67e3b9b8-0ae4-4fea-be9c-61800226f828 req-67e3b9b8-0ae4-4fea-be9c-61800226f828 ] Request (ServerDiagnosticsV248Test:test_get_server_diagnostics): 200 GET http://10.180.1.21/compute/v2.1/servers/b8769b56-c1c3-41db-ab9e-38485fcb29dc 1.063s
2024-12-10 15:36:42.426 65837 INFO tempest.lib.common.rest_client [req-8933940f-3e9a-48c9-9c99-9b6ae98ad161 req-8933940f-3e9a-48c9-9c99-9b6ae98ad161 ] Request (MultipleCreateTestJSON:_run_cleanups): 200 GET http://10.180.1.21/compute/v2.1/servers/7b0ddfcf-950a-47bb-bc29-e6ff325f0aed 1.080s
2024-12-10 15:36:42.564 65811 INFO tempest.lib.common.rest_client [req-10bb43c2-b17d-4f0e-bfc3-e7a891e92eb1 req-10bb43c2-b17d-4f0e-bfc3-e7a891e92eb1 ] Request (ServerDiagnosticsTest:test_get_server_diagnostics): 200 GET http://10.180.1.21/compute/v2.1/servers/79fad1cf-cd27-4d37-a8b3-3a9ec6db2c86 1.140s
2024-12-10 15:36:42.572 65811 INFO tempest.common.waiters [-] State transition "BUILD/block_device_mapping" ==> "BUILD/spawning" after 43 second wait
2024-12-10 15:36:42.633 65795 INFO tempest.lib.common.rest_client [req-cdc4c30b-9f5f-4c3f-baba-612cca3219cd req-cdc4c30b-9f5f-4c3f-baba-612cca3219cd ] Request (DeleteServersAdminTestJSON:test_delete_server_while_in_error_state): 200 GET http://10.180.1.21/compute/v2.1/servers/fb043667-d1b8-4eeb-bdc3-00612cbd35ba 1.122s
2024-12-10 15:36:42.639 65795 INFO tempest.common.waiters [-] State transition "BUILD/scheduling" ==> "BUILD/None" after 17 second wait
2024-12-10 15:36:42.685 65799 INFO tempest.lib.common.rest_client [req-20a1a3a2-8e95-4cc5-a9ea-6d12d9d056b3 req-20a1a3a2-8e95-4cc5-a9ea-6d12d9d056b3 ] Request (SecurityGroupRulesTestJSON:test_security_group_rules_delete_when_peer_group_deleted): 202 DELETE http://10.180.1.21/compute/v2.1/os-security-groups/058200c1-fa59-4ca1-b621-e3fc2d22cfc8 1.225s
2024-12-10 15:36:42.708 65809 INFO tempest.lib.common.rest_client [req-dce11571-08a5-48de-89a7-7ca293ffa67e req-dce11571-08a5-48de-89a7-7ca293ffa67e ] Request (ServersAdmin275Test:tearDownClass): 200 GET http://10.180.1.21/compute/v2.1/servers/30526dec-d3cf-46be-841d-c96148f391d1 1.111s
2024-12-10 15:36:42.795 65787 INFO tempest.lib.common.rest_client [req-a6f2e1fc-2b96-4c22-aecd-d51e56033ad3 req-a6f2e1fc-2b96-4c22-aecd-d51e56033ad3 ] Request (ServerAddressesNegativeTestJSON:setUpClass): 200 GET http://10.180.1.21/compute/v2.1/servers/72f696ef-c5c4-410a-a894-52e683084a0a 1.036s
2024-12-10 15:36:43.055 65819 INFO tempest.lib.common.rest_client [req-7d496dfc-e839-4da6-8bf6-01f4e709f3fc req-7d496dfc-e839-4da6-8bf6-01f4e709f3fc ] Request (ServerActionsTestOtherB:setUpClass): 200 GET http://10.180.1.21/compute/v2.1/servers/2496ab0d-468e-48b7-a85f-beb4e1f8bc47 1.219s
2024-12-10 15:36:43.133 65789 INFO tempest.lib.common.rest_client [req-1dc6f7cf-7fef-495a-aa41-0c9768b3b984 req-1dc6f7cf-7fef-495a-aa41-0c9768b3b984 ] Request (ServersTestBootFromVolume:setUpClass): 200 GET http://10.180.1.21/compute/v2.1/servers/8b970132-af07-43d0-a245-12af6dc77c97 1.194s
2024-12-10 15:36:43.197 65817 INFO tempest.lib.common.rest_client [req-bb01df57-143f-4369-91f5-734624265533 req-bb01df57-143f-4369-91f5-734624265533 ] Request (InstanceActionsV221TestJSON:test_get_list_deleted_instance_actions): 200 GET http://10.180.1.21/compute/v2.1/servers/2728677c-2e28-4e1c-a405-1c1e9f9b225e 1.180s
2024-12-10 15:36:43.207 65797 INFO tempest.lib.common.rest_client [req-d5c1e055-4ea0-4860-8330-b5594f8e076d req-d5c1e055-4ea0-4860-8330-b5594f8e076d ] Request (ServersWithSpecificFlavorTestJSON:test_verify_created_server_ephemeral_disk): 200 GET http://10.180.1.21/compute/v2.1/servers/0beb117b-7382-42d5-abb0-06a0c740f983 1.541s
2024-12-10 15:36:43.215 65797 INFO tempest.common.waiters [-] State transition "BUILD/None" ==> "BUILD/networking" after 41 second wait
2024-12-10 15:36:43.260 65841 INFO tempest.lib.common.rest_client [req-71824b6a-9ae3-4727-9868-820be3ac7d59 req-71824b6a-9ae3-4727-9868-820be3ac7d59 ] Request (AttachVolumeNegativeTest:test_attach_attached_volume_to_different_server): 200 GET http://10.180.1.21/compute/v2.1/servers/656db28c-aa12-43c6-be4a-e3abfd6345bd 1.237s
2024-12-10 15:36:43.272 65821 INFO tempest.lib.common.rest_client [req-8f8cb61f-5c58-4ada-aab4-df1586f1ea29 req-8f8cb61f-5c58-4ada-aab4-df1586f1ea29 ] Request (VolumesAssistedSnapshotsTest:test_volume_assisted_snapshot_create_delete): 200 PUT http://10.180.1.21:9696/networking/v2.0/floatingips/f8b57421-92e2-451e-ba17-0ee3b6e3bf4b 1.179s
2024-12-10 15:36:43.274 65821 INFO tempest.lib.common.ssh [-] Creating ssh connection to '10.180.180.247:22' as 'cirros' with public key authentication
2024-12-10 15:36:43.381 65803 INFO tempest.lib.common.rest_client [req-e0e48717-4dd7-4794-9db9-f9c77d560524 req-e0e48717-4dd7-4794-9db9-f9c77d560524 ] Request (ServersTestFqdnHostnames:test_create_server_with_fqdn_name): 200 GET http://10.180.1.21/compute/v2.1/servers/944ce849-152a-404e-8095-a6cc4f27bfc1 1.330s
2024-12-10 15:36:43.440 65839 INFO tempest.lib.common.rest_client [req-4b0089ad-9061-4031-8675-251262463ee8 req-4b0089ad-9061-4031-8675-251262463ee8 ] Request (ServerAddressesTestJSON:setUpClass): 200 GET http://10.180.1.21/compute/v2.1/servers/ec726a5b-002a-4bc0-abec-07b02ca46886 1.363s
2024-12-10 15:36:43.693 65831 INFO tempest.lib.common.rest_client [req-b5fb87ab-ed43-41ff-ae2a-85aea9dd661f req-b5fb87ab-ed43-41ff-ae2a-85aea9dd661f ] Request (SecurityGroupsTestJSON:test_server_security_groups): 202 POST http://10.180.1.21/compute/v2.1/servers 1.638s
2024-12-10 15:36:43.744 65785 INFO tempest.lib.common.rest_client [req-7ed9a49a-ff2a-4d0f-a045-15929b6f5fc9 req-7ed9a49a-ff2a-4d0f-a045-15929b6f5fc9 ] Request (InstanceActionsNegativeTestJSON:setUpClass): 200 GET http://10.180.1.21/compute/v2.1/servers/165d73b0-94e1-4020-b43e-2c27630c2123 1.588s
2024-12-10 15:36:43.843 65801 INFO tempest.lib.common.rest_client [req-589cea96-90c9-46fd-a9fc-d7cbba3fee32 req-589cea96-90c9-46fd-a9fc-d7cbba3fee32 ] Request (TenantUsagesTestJSON:tearDownClass): 200 GET http://10.180.1.21/compute/v2.1/servers/eb494418-ff7c-4c54-95c3-835b02ea2c93 1.617s
2024-12-10 15:36:43.901 65848 INFO tempest.lib.common.rest_client [req-2b980930-4aeb-457e-80fb-58745a39909a req-2b980930-4aeb-457e-80fb-58745a39909a ] Request (InstanceActionsTestJSON:setUpClass): 202 POST http://10.180.1.21/compute/v2.1/servers 1.774s
2024-12-10 15:36:43.906 65793 INFO tempest.lib.common.rest_client [req-4f3eb6b0-4ad1-4c77-a867-d56446ca38f9 req-4f3eb6b0-4ad1-4c77-a867-d56446ca38f9 ] Request (AttachInterfacesV270Test:test_create_get_list_interfaces): 200 GET http://10.180.1.21/compute/v2.1/servers/c8cd1fd8-27f9-4f49-ab69-894eed7b92d5 1.603s
2024-12-10 15:36:43.966 65833 INFO tempest.lib.common.rest_client [req-cc9afc44-93e7-4f33-baf9-9ecbec79dfbf req-cc9afc44-93e7-4f33-baf9-9ecbec79dfbf ] Request (ImagesTestJSON:test_create_image_from_suspended_server): 200 GET http://10.180.1.21/compute/v2.1/servers/954a4581-3007-44f7-9d78-d9823733db46 1.432s
2024-12-10 15:36:44.042 65825 INFO tempest.lib.common.rest_client [req-1653f2c6-725d-466d-88f8-e006f39aece7 req-1653f2c6-725d-466d-88f8-e006f39aece7 ] Request (ImagesOneServerNegativeTestJSON:setUpClass): 200 GET http://10.180.1.21/compute/v2.1/servers/b1921de9-5ed2-43a4-a533-ea0311d51938 1.438s
2024-12-10 15:36:44.100 65807 INFO tempest.lib.common.rest_client [req-ac57927b-55cf-40f4-a81d-2ee3d56a41dc req-ac57927b-55cf-40f4-a81d-2ee3d56a41dc ] Request (ServersTestMultiNic:test_verify_duplicate_network_nics): 200 GET http://10.180.1.21/compute/v2.1/servers/eb18c6ea-ee08-46c1-b300-8954011ac68e 1.426s
2024-12-10 15:36:44.143 65799 INFO tempest.lib.common.rest_client [req-b6c6974a-3287-4864-b69d-cfc4179fa12a req-b6c6974a-3287-4864-b69d-cfc4179fa12a ] Request (SecurityGroupRulesTestJSON:test_security_group_rules_delete_when_peer_group_deleted): 200 GET http://10.180.1.21/compute/v2.1/os-security-groups/481a0ab8-9f6b-4002-b247-3a07acb63324 1.458s
2024-12-10 15:36:44.195 65813 INFO tempest.lib.common.rest_client [req-d4aae4e4-4e65-47f3-ad76-ac770a814057 req-d4aae4e4-4e65-47f3-ad76-ac770a814057 ] Request (AttachVolumeShelveTestJSON:test_attach_volume_shelved_or_offload_server): 200 GET http://10.180.1.21/compute/v2.1/servers/9feea3c3-e37e-4105-a582-9581f26122c8 1.450s
2024-12-10 15:36:44.251 65827 INFO tempest.lib.common.rest_client [req-2a968186-824f-4087-a237-244d90360cd6 req-2a968186-824f-4087-a237-244d90360cd6 ] Request (ListServersNegativeTestJSON:setUpClass): 200 GET http://10.180.1.21/compute/v2.1/servers/e703fa1b-337f-4bb5-969f-6f8726e6141c 1.047s
2024-12-10 15:36:44.302 65835 INFO tempest.lib.common.rest_client [req-00b57609-40a7-499b-af76-e9337dc264d7 req-00b57609-40a7-499b-af76-e9337dc264d7 ] Request (ServersTestJSON:test_create_server_specify_multibyte_character_name): 202 POST http://10.180.1.21/compute/v2.1/servers 1.926s
2024-12-10 15:36:44.309 65829 INFO tempest.lib.common.rest_client [req-eeb95808-f048-4df2-934b-5e9eda62e182 req-eeb95808-f048-4df2-934b-5e9eda62e182 ] Request (FloatingIPsAssociationNegativeTestJSON:setUpClass): 200 GET http://10.180.1.21/compute/v2.1/servers/e74178c1-975b-490a-9a34-dfe4031efe77 1.026s
2024-12-10 15:36:44.384 65823 INFO tempest.lib.common.rest_client [req-547b0f3c-eb50-4363-8a62-bb48fb2a8f82 req-547b0f3c-eb50-4363-8a62-bb48fb2a8f82 ] Request (ServerExternalEventsTest:test_create_server_external_events): 200 GET http://10.180.1.21/compute/v2.1/servers/f74dc970-b8e4-46aa-9ebd-e0348e2600e7 1.039s
2024-12-10 15:36:44.459 65791 INFO tempest.lib.common.rest_client [req-f17e1af2-a6ff-41e1-8a83-8014344fdf23 req-f17e1af2-a6ff-41e1-8a83-8014344fdf23 ] Request (ServerDiagnosticsV248Test:test_get_server_diagnostics): 200 GET http://10.180.1.21/compute/v2.1/servers/b8769b56-c1c3-41db-ab9e-38485fcb29dc 1.056s
2024-12-10 15:36:44.471 65843 INFO tempest.lib.common.rest_client [req-3e29befd-74e5-4742-9651-964daf2cbca1 req-3e29befd-74e5-4742-9651-964daf2cbca1 ] Request (MigrationsAdminTest:test_list_migrations_in_flavor_resize_situation): 200 GET http://10.180.1.21/compute/v2.1/servers/54ce854a-5100-4a7c-ad79-ab4315a16984 1.098s
2024-12-10 15:36:44.482 65843 INFO tempest.common.waiters [-] State transition "RESIZE/resize_migrating" ==> "RESIZE/resize_migrated" after 38 second wait
2024-12-10 15:36:44.540 65837 INFO tempest.lib.common.rest_client [req-163b4bea-d2f0-4265-b41f-61e7b8468da2 req-163b4bea-d2f0-4265-b41f-61e7b8468da2 ] Request (MultipleCreateTestJSON:_run_cleanups): 200 GET http://10.180.1.21/compute/v2.1/servers/7b0ddfcf-950a-47bb-bc29-e6ff325f0aed 1.107s
2024-12-10 15:36:44.603 65795 INFO tempest.lib.common.rest_client [req-c934cbdf-b571-4526-8bdf-d1d800220e5e req-c934cbdf-b571-4526-8bdf-d1d800220e5e ] Request (DeleteServersAdminTestJSON:test_delete_server_while_in_error_state): 200 GET http://10.180.1.21/compute/v2.1/servers/fb043667-d1b8-4eeb-bdc3-00612cbd35ba 0.962s
2024-12-10 15:36:44.631 65811 INFO tempest.lib.common.rest_client [req-79e78f4d-d535-40e2-899a-a26d976e4d8c req-79e78f4d-d535-40e2-899a-a26d976e4d8c ] Request (ServerDiagnosticsTest:test_get_server_diagnostics): 200 GET http://10.180.1.21/compute/v2.1/servers/79fad1cf-cd27-4d37-a8b3-3a9ec6db2c86 1.057s
2024-12-10 15:36:44.681 65831 INFO tempest.lib.common.rest_client [req-c1fde62e-8ab9-4312-896e-65d7d0b22d8f req-c1fde62e-8ab9-4312-896e-65d7d0b22d8f ] Request (SecurityGroupsTestJSON:test_server_security_groups): 200 GET http://10.180.1.21/compute/v2.1/servers/2c5916af-c336-4c15-9894-58d1078b13dd 0.986s
2024-12-10 15:36:44.713 65809 INFO tempest.lib.common.rest_client [req-9b8efc2a-651e-422c-8a81-e7020177a8c2 req-9b8efc2a-651e-422c-8a81-e7020177a8c2 ] Request (ServersAdmin275Test:tearDownClass): 200 GET http://10.180.1.21/compute/v2.1/servers/30526dec-d3cf-46be-841d-c96148f391d1 0.993s
2024-12-10 15:36:44.732 65787 INFO tempest.lib.common.rest_client [req-2b86d5cd-5688-4606-832d-c781714f3bca req-2b86d5cd-5688-4606-832d-c781714f3bca ] Request (ServerAddressesNegativeTestJSON:setUpClass): 200 GET http://10.180.1.21/compute/v2.1/servers/72f696ef-c5c4-410a-a894-52e683084a0a 0.928s
2024-12-10 15:36:44.738 65787 INFO tempest.common.waiters [-] State transition "BUILD/None" ==> "BUILD/networking" after 33 second wait
2024-12-10 15:36:44.760 65848 INFO tempest.lib.common.rest_client [req-a4a403dd-2d96-4f0a-b386-37c21cb27edd req-a4a403dd-2d96-4f0a-b386-37c21cb27edd ] Request (InstanceActionsTestJSON:setUpClass): 200 GET http://10.180.1.21/compute/v2.1/servers/a22c6232-43fc-4294-bb0b-1d52e3b3ace2 0.857s
2024-12-10 15:36:44.812 65819 INFO tempest.lib.common.rest_client [req-be7de083-b3c8-426b-a0a4-bafaba3127a5 req-be7de083-b3c8-426b-a0a4-bafaba3127a5 ] Request (ServerActionsTestOtherB:setUpClass): 200 GET http://10.180.1.21/compute/v2.1/servers/2496ab0d-468e-48b7-a85f-beb4e1f8bc47 0.748s
2024-12-10 15:36:44.814 65789 INFO tempest.lib.common.rest_client [req-86ae163f-0763-48b8-8554-65dd8a45b5e9 req-86ae163f-0763-48b8-8554-65dd8a45b5e9 ] Request (ServersTestBootFromVolume:setUpClass): 200 GET http://10.180.1.21/compute/v2.1/servers/8b970132-af07-43d0-a245-12af6dc77c97 0.673s
2024-12-10 15:36:44.897 65817 INFO tempest.lib.common.rest_client [req-5c9c1ec1-c175-41b4-9825-1400598a4927 req-5c9c1ec1-c175-41b4-9825-1400598a4927 ] Request (InstanceActionsV221TestJSON:test_get_list_deleted_instance_actions): 200 GET http://10.180.1.21/compute/v2.1/servers/2728677c-2e28-4e1c-a405-1c1e9f9b225e 0.689s
2024-12-10 15:36:44.971 65799 INFO tempest.lib.common.rest_client [req-a25a749e-8ecb-4bcc-a64d-40fe42a54783 req-a25a749e-8ecb-4bcc-a64d-40fe42a54783 ] Request (SecurityGroupRulesTestJSON:test_security_group_rules_list): 200 POST http://10.180.1.21/compute/v2.1/os-security-groups 0.823s
2024-12-10 15:36:45.020 65841 INFO tempest.lib.common.rest_client [req-f0a7bc77-97f9-46f0-8a45-d9e02c0e35b3 req-f0a7bc77-97f9-46f0-8a45-d9e02c0e35b3 ] Request (AttachVolumeNegativeTest:test_attach_attached_volume_to_different_server): 200 GET http://10.180.1.21/compute/v2.1/servers/656db28c-aa12-43c6-be4a-e3abfd6345bd 0.746s
2024-12-10 15:36:45.020 65797 INFO tempest.lib.common.rest_client [req-38d0145e-72db-4e87-9774-fd7e648344c7 req-38d0145e-72db-4e87-9774-fd7e648344c7 ] Request (ServersWithSpecificFlavorTestJSON:test_verify_created_server_ephemeral_disk): 200 GET http://10.180.1.21/compute/v2.1/servers/0beb117b-7382-42d5-abb0-06a0c740f983 0.804s
2024-12-10 15:36:45.026 65797 INFO tempest.common.waiters [-] State transition "BUILD/networking" ==> "BUILD/spawning" after 43 second wait
2024-12-10 15:36:45.083 65835 INFO tempest.lib.common.rest_client [req-0b6371a7-3bb8-48db-8292-415dd0f00325 req-0b6371a7-3bb8-48db-8292-415dd0f00325 ] Request (ServersTestJSON:test_create_server_specify_multibyte_character_name): 200 GET http://10.180.1.21/compute/v2.1/servers/071ba0ff-6674-480a-9c76-cfcd6237aa7e 0.779s
2024-12-10 15:36:45.129 65839 INFO tempest.lib.common.rest_client [req-d54a8f34-f106-4153-99e9-47ec7026cebe req-d54a8f34-f106-4153-99e9-47ec7026cebe ] Request (ServerAddressesTestJSON:setUpClass): 200 GET http://10.180.1.21/compute/v2.1/servers/ec726a5b-002a-4bc0-abec-07b02ca46886 0.680s
2024-12-10 15:36:45.168 65803 INFO tempest.lib.common.rest_client [req-d2d680dc-f17e-4820-91ca-994cbd81d165 req-d2d680dc-f17e-4820-91ca-994cbd81d165 ] Request (ServersTestFqdnHostnames:test_create_server_with_fqdn_name): 200 GET http://10.180.1.21/compute/v2.1/servers/944ce849-152a-404e-8095-a6cc4f27bfc1 0.773s
2024-12-10 15:36:45.182 65785 INFO tempest.lib.common.rest_client [req-904729a3-1b92-4d27-98f8-b8f7707eb57f req-904729a3-1b92-4d27-98f8-b8f7707eb57f ] Request (InstanceActionsNegativeTestJSON:setUpClass): 200 GET http://10.180.1.21/compute/v2.1/servers/165d73b0-94e1-4020-b43e-2c27630c2123 0.428s
2024-12-10 15:36:45.241 65801 INFO tempest.lib.common.rest_client [req-7fb3a165-bbdd-4416-b0a6-9bf35a1a3b2b req-7fb3a165-bbdd-4416-b0a6-9bf35a1a3b2b ] Request (TenantUsagesTestJSON:tearDownClass): 200 GET http://10.180.1.21/compute/v2.1/servers/eb494418-ff7c-4c54-95c3-835b02ea2c93 0.390s
2024-12-10 15:36:45.243 65793 INFO tempest.lib.common.rest_client [req-91979064-a79a-462c-a1b2-ec19bfb7cd12 req-91979064-a79a-462c-a1b2-ec19bfb7cd12 ] Request (AttachInterfacesV270Test:test_create_get_list_interfaces): 200 GET http://10.180.1.21/compute/v2.1/servers/c8cd1fd8-27f9-4f49-ab69-894eed7b92d5 0.326s
2024-12-10 15:36:45.306 65833 INFO tempest.lib.common.rest_client [req-c809386c-0a70-494d-9142-e252bfd77072 req-c809386c-0a70-494d-9142-e252bfd77072 ] Request (ImagesTestJSON:test_create_image_from_suspended_server): 200 GET http://10.180.1.21/compute/v2.1/servers/954a4581-3007-44f7-9d78-d9823733db46 0.325s
2024-12-10 15:36:45.369 65825 INFO tempest.lib.common.rest_client [req-af2efcea-281c-4466-9450-409daa291329 req-af2efcea-281c-4466-9450-409daa291329 ] Request (ImagesOneServerNegativeTestJSON:setUpClass): 200 GET http://10.180.1.21/compute/v2.1/servers/b1921de9-5ed2-43a4-a533-ea0311d51938 0.319s
2024-12-10 15:36:45.439 65807 INFO tempest.lib.common.rest_client [req-54d84503-0788-4aec-82c7-069e7726f7a1 req-54d84503-0788-4aec-82c7-069e7726f7a1 ] Request (ServersTestMultiNic:test_verify_duplicate_network_nics): 200 GET http://10.180.1.21/compute/v2.1/servers/eb18c6ea-ee08-46c1-b300-8954011ac68e 0.331s
2024-12-10 15:36:45.463 65799 INFO tempest.lib.common.rest_client [req-2cdfced9-9e81-4d47-b683-d99b691c5c51 req-2cdfced9-9e81-4d47-b683-d99b691c5c51 ] Request (SecurityGroupRulesTestJSON:test_security_group_rules_list): 200 POST http://10.180.1.21/compute/v2.1/os-security-group-rules 0.489s
2024-12-10 15:36:45.497 65813 INFO tempest.lib.common.rest_client [req-a72715bc-0175-4a16-bd1e-75ee0678d847 req-a72715bc-0175-4a16-bd1e-75ee0678d847 ] Request (AttachVolumeShelveTestJSON:test_attach_volume_shelved_or_offload_server): 200 GET http://10.180.1.21/compute/v2.1/servers/9feea3c3-e37e-4105-a582-9581f26122c8 0.292s
2024-12-10 15:36:45.518 65827 INFO tempest.lib.common.rest_client [req-682e107c-3689-4531-a95c-f87ff1d62b4e req-682e107c-3689-4531-a95c-f87ff1d62b4e ] Request (ListServersNegativeTestJSON:setUpClass): 200 GET http://10.180.1.21/compute/v2.1/servers/e703fa1b-337f-4bb5-969f-6f8726e6141c 0.260s
2024-12-10 15:36:45.550 65829 INFO tempest.lib.common.rest_client [req-ba2cc251-a0f3-4980-a497-84f80a78ccd9 req-ba2cc251-a0f3-4980-a497-84f80a78ccd9 ] Request (FloatingIPsAssociationNegativeTestJSON:setUpClass): 200 GET http://10.180.1.21/compute/v2.1/servers/e74178c1-975b-490a-9a34-dfe4031efe77 0.232s
2024-12-10 15:36:45.567 65823 INFO tempest.lib.common.rest_client [req-a13193ed-d819-425a-bd54-22b293352c68 req-a13193ed-d819-425a-bd54-22b293352c68 ] Request (ServerExternalEventsTest:test_create_server_external_events): 200 GET http://10.180.1.21/compute/v2.1/servers/f74dc970-b8e4-46aa-9ebd-e0348e2600e7 0.174s
2024-12-10 15:36:45.629 65791 INFO tempest.lib.common.rest_client [req-1ec6d464-6ffb-4759-ac63-1167a2b3b506 req-1ec6d464-6ffb-4759-ac63-1167a2b3b506 ] Request (ServerDiagnosticsV248Test:test_get_server_diagnostics): 200 GET http://10.180.1.21/compute/v2.1/servers/b8769b56-c1c3-41db-ab9e-38485fcb29dc 0.161s
2024-12-10 15:36:45.691 65799 INFO tempest.lib.common.rest_client [req-e7d161dc-9671-486f-9021-1f9508facb29 req-e7d161dc-9671-486f-9021-1f9508facb29 ] Request (SecurityGroupRulesTestJSON:test_security_group_rules_list): 200 POST http://10.180.1.21/compute/v2.1/os-security-group-rules 0.225s
2024-12-10 15:36:45.754 65837 INFO tempest.lib.common.rest_client [req-5bde8c50-7147-40a5-b3e5-f23bdbfc171c req-5bde8c50-7147-40a5-b3e5-f23bdbfc171c ] Request (MultipleCreateTestJSON:_run_cleanups): 200 GET http://10.180.1.21/compute/v2.1/servers/7b0ddfcf-950a-47bb-bc29-e6ff325f0aed 0.205s
2024-12-10 15:36:45.770 65843 INFO tempest.lib.common.rest_client [req-139579f7-4f35-497e-aaf9-1104fbe39627 req-139579f7-4f35-497e-aaf9-1104fbe39627 ] Request (MigrationsAdminTest:test_list_migrations_in_flavor_resize_situation): 200 GET http://10.180.1.21/compute/v2.1/servers/54ce854a-5100-4a7c-ad79-ab4315a16984 0.286s
2024-12-10 15:36:45.819 65795 INFO tempest.lib.common.rest_client [req-b04f6342-5dbd-4b3a-99d4-f85d4b3e3afd req-b04f6342-5dbd-4b3a-99d4-f85d4b3e3afd ] Request (DeleteServersAdminTestJSON:test_delete_server_while_in_error_state): 200 GET http://10.180.1.21/compute/v2.1/servers/fb043667-d1b8-4eeb-bdc3-00612cbd35ba 0.202s
2024-12-10 15:36:45.876 65831 INFO tempest.lib.common.rest_client [req-b93f7071-48e7-4926-a46c-90c537680e10 req-b93f7071-48e7-4926-a46c-90c537680e10 ] Request (SecurityGroupsTestJSON:test_server_security_groups): 200 GET http://10.180.1.21/compute/v2.1/servers/2c5916af-c336-4c15-9894-58d1078b13dd 0.187s
2024-12-10 15:36:45.889 65811 INFO tempest.lib.common.rest_client [req-ef6f350c-cec6-4619-b54c-4dcbcea14ab5 req-ef6f350c-cec6-4619-b54c-4dcbcea14ab5 ] Request (ServerDiagnosticsTest:test_get_server_diagnostics): 200 GET http://10.180.1.21/compute/v2.1/servers/79fad1cf-cd27-4d37-a8b3-3a9ec6db2c86 0.249s
2024-12-10 15:36:45.905 65799 INFO tempest.lib.common.rest_client [req-038bf22a-1cd3-4d7b-b91b-af72a968b74a req-038bf22a-1cd3-4d7b-b91b-af72a968b74a ] Request (SecurityGroupRulesTestJSON:test_security_group_rules_list): 200 GET http://10.180.1.21/compute/v2.1/os-security-groups/53e5eb83-df39-423a-a38c-886665c8a708 0.212s
2024-12-10 15:36:45.949 65809 INFO tempest.lib.common.rest_client [req-0ab24c25-3f29-4baa-a6f7-d12fe9694ca3 req-0ab24c25-3f29-4baa-a6f7-d12fe9694ca3 ] Request (ServersAdmin275Test:tearDownClass): 200 GET http://10.180.1.21/compute/v2.1/servers/30526dec-d3cf-46be-841d-c96148f391d1 0.225s
2024-12-10 15:36:46.020 65848 INFO tempest.lib.common.rest_client [req-de56914f-e567-43b9-9d22-bc56990813ae req-de56914f-e567-43b9-9d22-bc56990813ae ] Request (InstanceActionsTestJSON:setUpClass): 200 GET http://10.180.1.21/compute/v2.1/servers/a22c6232-43fc-4294-bb0b-1d52e3b3ace2 0.252s
2024-12-10 15:36:46.041 65787 INFO tempest.lib.common.rest_client [req-9e115dff-f8ec-4bd1-b269-da04e7058e94 req-9e115dff-f8ec-4bd1-b269-da04e7058e94 ] Request (ServerAddressesNegativeTestJSON:setUpClass): 200 GET http://10.180.1.21/compute/v2.1/servers/72f696ef-c5c4-410a-a894-52e683084a0a 0.301s
2024-12-10 15:36:46.048 65787 INFO tempest.common.waiters [-] State transition "BUILD/networking" ==> "BUILD/block_device_mapping" after 35 second wait
2024-12-10 15:36:46.063 65819 INFO tempest.lib.common.rest_client [req-b345ffb9-aae9-475d-94a4-ddfbde05df13 req-b345ffb9-aae9-475d-94a4-ddfbde05df13 ] Request (ServerActionsTestOtherB:setUpClass): 200 GET http://10.180.1.21/compute/v2.1/servers/2496ab0d-468e-48b7-a85f-beb4e1f8bc47 0.243s
2024-12-10 15:36:46.089 65789 INFO tempest.lib.common.rest_client [req-7387a905-6576-4d8c-8ed7-68f1ba3ddb3f req-7387a905-6576-4d8c-8ed7-68f1ba3ddb3f ] Request (ServersTestBootFromVolume:setUpClass): 200 GET http://10.180.1.21/compute/v2.1/servers/8b970132-af07-43d0-a245-12af6dc77c97 0.268s
2024-12-10 15:36:46.112 65817 INFO tempest.lib.common.rest_client [req-44195a84-4947-4c35-8a21-59c3e4ebbba5 req-44195a84-4947-4c35-8a21-59c3e4ebbba5 ] Request (InstanceActionsV221TestJSON:test_get_list_deleted_instance_actions): 200 GET http://10.180.1.21/compute/v2.1/servers/2728677c-2e28-4e1c-a405-1c1e9f9b225e 0.206s
2024-12-10 15:36:46.163 65841 INFO tempest.lib.common.rest_client [req-a35b04f3-5a60-4e12-a68d-df0e3f4f8234 req-a35b04f3-5a60-4e12-a68d-df0e3f4f8234 ] Request (AttachVolumeNegativeTest:test_attach_attached_volume_to_different_server): 200 GET http://10.180.1.21/compute/v2.1/servers/656db28c-aa12-43c6-be4a-e3abfd6345bd 0.136s
2024-12-10 15:36:46.227 65799 INFO tempest.lib.common.rest_client [req-9aa9bcb0-a0cd-464c-900a-0fb0d85aa7d8 req-9aa9bcb0-a0cd-464c-900a-0fb0d85aa7d8 ] Request (SecurityGroupRulesTestJSON:_run_cleanups): 202 DELETE http://10.180.1.21/compute/v2.1/os-security-group-rules/67f6fee5-7a67-4753-a32d-438ca0375c59 0.318s
2024-12-10 15:36:46.279 65835 INFO tempest.lib.common.rest_client [req-3f74a269-258a-44db-a14e-e6606db60fd4 req-3f74a269-258a-44db-a14e-e6606db60fd4 ] Request (ServersTestJSON:test_create_server_specify_multibyte_character_name): 200 GET http://10.180.1.21/compute/v2.1/servers/071ba0ff-6674-480a-9c76-cfcd6237aa7e 0.186s
2024-12-10 15:36:46.279 65797 INFO tempest.lib.common.rest_client [req-a8b25558-a0d7-4228-b96b-333bd840979c req-a8b25558-a0d7-4228-b96b-333bd840979c ] Request (ServersWithSpecificFlavorTestJSON:test_verify_created_server_ephemeral_disk): 200 GET http://10.180.1.21/compute/v2.1/servers/0beb117b-7382-42d5-abb0-06a0c740f983 0.253s
2024-12-10 15:36:46.335 65839 INFO tempest.lib.common.rest_client [req-07912b4a-2b89-445c-8aff-afd50abc5219 req-07912b4a-2b89-445c-8aff-afd50abc5219 ] Request (ServerAddressesTestJSON:setUpClass): 200 GET http://10.180.1.21/compute/v2.1/servers/ec726a5b-002a-4bc0-abec-07b02ca46886 0.199s
2024-12-10 15:36:46.383 65785 INFO tempest.lib.common.rest_client [req-8964f910-e97e-45e4-ad6d-7a85f65f91b2 req-8964f910-e97e-45e4-ad6d-7a85f65f91b2 ] Request (InstanceActionsNegativeTestJSON:setUpClass): 200 GET http://10.180.1.21/compute/v2.1/servers/165d73b0-94e1-4020-b43e-2c27630c2123 0.193s
2024-12-10 15:36:46.387 65803 INFO tempest.lib.common.rest_client [req-3820a88c-3fcf-467f-ae40-e4a0d34e5a69 req-3820a88c-3fcf-467f-ae40-e4a0d34e5a69 ] Request (ServersTestFqdnHostnames:test_create_server_with_fqdn_name): 200 GET http://10.180.1.21/compute/v2.1/servers/944ce849-152a-404e-8095-a6cc4f27bfc1 0.210s
2024-12-10 15:36:46.446 65801 INFO tempest.lib.common.rest_client [req-21535393-12bc-4ccc-a82c-c7f89a6bc79e req-21535393-12bc-4ccc-a82c-c7f89a6bc79e ] Request (TenantUsagesTestJSON:tearDownClass): 200 GET http://10.180.1.21/compute/v2.1/servers/eb494418-ff7c-4c54-95c3-835b02ea2c93 0.191s
2024-12-10 15:36:46.499 65793 INFO tempest.lib.common.rest_client [req-705d223d-9590-4c13-a8dc-26516dae24eb req-705d223d-9590-4c13-a8dc-26516dae24eb ] Request (AttachInterfacesV270Test:test_create_get_list_interfaces): 200 GET http://10.180.1.21/compute/v2.1/servers/c8cd1fd8-27f9-4f49-ab69-894eed7b92d5 0.244s
2024-12-10 15:36:46.512 65799 INFO tempest.lib.common.rest_client [req-f32799c3-89e4-470e-907b-120222ebce05 req-f32799c3-89e4-470e-907b-120222ebce05 ] Request (SecurityGroupRulesTestJSON:tearDownClass): 202 DELETE http://10.180.1.21/compute/v2.1/os-security-groups/53e5eb83-df39-423a-a38c-886665c8a708 0.284s
2024-12-10 15:36:46.556 65825 INFO tempest.lib.common.rest_client [req-d67ff22f-d0bf-43cb-b32d-07e13e168330 req-d67ff22f-d0bf-43cb-b32d-07e13e168330 ] Request (ImagesOneServerNegativeTestJSON:setUpClass): 200 GET http://10.180.1.21/compute/v2.1/servers/b1921de9-5ed2-43a4-a533-ea0311d51938 0.172s
2024-12-10 15:36:46.557 65833 INFO tempest.lib.common.rest_client [req-b4dcb761-719f-4034-b8fe-ec482bd9de22 req-b4dcb761-719f-4034-b8fe-ec482bd9de22 ] Request (ImagesTestJSON:test_create_image_from_suspended_server): 200 GET http://10.180.1.21/compute/v2.1/servers/954a4581-3007-44f7-9d78-d9823733db46 0.242s
2024-12-10 15:36:46.618 65813 INFO tempest.lib.common.rest_client [req-20340bc6-9863-4aa1-81af-be8372e68fb9 req-20340bc6-9863-4aa1-81af-be8372e68fb9 ] Request (AttachVolumeShelveTestJSON:test_attach_volume_shelved_or_offload_server): 200 GET http://10.180.1.21/compute/v2.1/servers/9feea3c3-e37e-4105-a582-9581f26122c8 0.111s
2024-12-10 15:36:46.621 65807 INFO tempest.lib.common.rest_client [req-52e8acaa-d6f1-448e-adf0-44004215a73f req-52e8acaa-d6f1-448e-adf0-44004215a73f ] Request (ServersTestMultiNic:test_verify_duplicate_network_nics): 200 GET http://10.180.1.21/compute/v2.1/servers/eb18c6ea-ee08-46c1-b300-8954011ac68e 0.172s
