2024-12-10 15:38:22.351 65839 INFO tempest.lib.common.rest_client [req-668c16cc-bae5-450f-ae7c-1cfe3503bf2c req-668c16cc-bae5-450f-ae7c-1cfe3503bf2c ] Request (ServerAddressesTestJSON:tearDownClass): 204 DELETE http://10.180.1.21:9696/networking/v2.0/routers/8eff0ef3-8d11-4c61-951f-57eb89b87d6f 0.604s
2024-12-10 15:38:22.418 65843 INFO tempest.lib.common.rest_client [req-660942b4-21a1-4fa1-b5b2-ebc2245e5b5f req-660942b4-21a1-4fa1-b5b2-ebc2245e5b5f ] Request (MigrationsAdminTest:test_resize_server_revert_deleted_flavor): 200 GET http://10.180.1.21/compute/v2.1/servers/9aa10d90-ce21-45e7-8adc-5ad1452e0535 0.595s
2024-12-10 15:38:22.424 65831 INFO tempest.lib.common.rest_client [req-b6caa70f-5be3-4fa1-ab49-13b46ef244df req-b6caa70f-5be3-4fa1-ab49-13b46ef244df ] Request (SecurityGroupsTestJSON:test_server_security_groups): 200 GET http://10.180.1.21/compute/v2.1/servers/2c5916af-c336-4c15-9894-58d1078b13dd 0.679s
2024-12-10 15:38:22.430 65831 INFO tempest.common.waiters [-] State transition "HARD_REBOOT/rebooting_hard" ==> "HARD_REBOOT/reboot_started_hard" after 3 second wait
2024-12-10 15:38:22.505 65839 INFO tempest.lib.common.rest_client [req-c27512a4-47b3-440d-8772-6e0a5cdddc9f req-c27512a4-47b3-440d-8772-6e0a5cdddc9f ] Request (ServerAddressesTestJSON:tearDownClass): 204 DELETE http://10.180.1.21:9696/networking/v2.0/subnets/4bf03584-3d07-4aa8-95aa-cf98c6ab0678 0.153s
2024-12-10 15:38:22.508 65795 INFO tempest.lib.common.rest_client [req-b79afce8-26f9-4499-804a-a28219454802 req-b79afce8-26f9-4499-804a-a28219454802 ] Request (FloatingIPsTestJSON:test_allocate_floating_ip): 200 GET http://10.180.1.21/compute/v2.1/os-floating-ips/b39bb4ce-51ff-4d0f-9bc0-d29cacb3ee9b 0.590s
2024-12-10 15:38:22.579 65785 INFO tempest.lib.common.rest_client [req-4157ca5b-79ab-49ea-8d89-bc4b856b0ed3 req-4157ca5b-79ab-49ea-8d89-bc4b856b0ed3 ] Request (VolumesTestJSON:test_volume_list): 200 GET http://10.180.1.21/compute/v2.1/os-volumes 0.246s
2024-12-10 15:38:22.610 65809 INFO tempest.lib.common.rest_client [req-dbff3cac-d55d-4daf-acfe-11b456d25cab req-dbff3cac-d55d-4daf-acfe-11b456d25cab ] Request (ServerActionsTestJSON:setUpClass): 200 GET http://10.180.1.21/compute/v2.1/servers/cd8b2ef1-fb0d-428a-ba3e-f538646d3759 0.341s
2024-12-10 15:38:22.728 65795 INFO tempest.lib.common.rest_client [req-dbcccf02-6930-41a5-b17b-3ed68a0e7164 req-dbcccf02-6930-41a5-b17b-3ed68a0e7164 ] Request (FloatingIPsTestJSON:test_allocate_floating_ip): 200 GET http://10.180.1.21/compute/v2.1/os-floating-ips 0.217s
2024-12-10 15:38:22.777 65848 INFO tempest.lib.common.rest_client [req-6794b165-7867-46cb-87fe-99eec0754521 req-6794b165-7867-46cb-87fe-99eec0754521 ] Request (InstanceActionsTestJSON:test_list_instance_actions): 200 GET http://10.180.1.21/compute/v2.1/servers/a22c6232-43fc-4294-bb0b-1d52e3b3ace2 0.312s
2024-12-10 15:38:22.784 65848 INFO tempest.common.waiters [-] State transition "HARD_REBOOT/rebooting_hard" ==> "HARD_REBOOT/reboot_pending_hard" after 3 second wait
2024-12-10 15:38:22.797 65821 INFO tempest.lib.common.rest_client [req-ce451060-7257-4db1-b58e-3f0cc1ee56c8 req-ce451060-7257-4db1-b58e-3f0cc1ee56c8 ] Request (VolumesAssistedSnapshotsTest:tearDownClass): 200 GET http://10.180.1.21/compute/v2.1/servers/09536b47-40b4-4d91-b280-d240cb877248 0.246s
2024-12-10 15:38:22.840 65785 INFO tempest.lib.common.rest_client [req-8c853ccc-989f-471e-87a8-473e6b29f482 req-8c853ccc-989f-471e-87a8-473e6b29f482 ] Request (VolumesTestJSON:test_volume_list_param_limit): 200 GET http://10.180.1.21/compute/v2.1/os-volumes?limit=2 0.257s
2024-12-10 15:38:22.867 65801 INFO tempest.lib.common.rest_client [req-008971e5-a2f9-4dbd-a270-697ec57f7846 req-008971e5-a2f9-4dbd-a270-697ec57f7846 ] Request (VolumesAdminNegativeTest:test_update_attached_volume_with_nonexistent_volume_in_body): 200 GET http://10.180.1.21/compute/v2.1/servers/744c8809-f829-4c6b-94ab-9e708d519862 0.241s
2024-12-10 15:38:22.877 65801 INFO tempest.common.waiters [-] State transition "BUILD/None" ==> "BUILD/networking" after 58 second wait
2024-12-10 15:38:22.882 65839 INFO tempest.lib.common.rest_client [req-a4b9cd3b-ae3f-43a5-acda-55aded81a616 req-a4b9cd3b-ae3f-43a5-acda-55aded81a616 ] Request (ServerAddressesTestJSON:tearDownClass): 204 DELETE http://10.180.1.21:9696/networking/v2.0/networks/2dd89c3e-6549-4b0c-b31d-e98b2ffc5f31 0.377s
2024-12-10 15:38:22.934 65811 INFO tempest.lib.common.rest_client [req-38988289-42fc-48ee-a408-543da1797b87 req-38988289-42fc-48ee-a408-543da1797b87 ] Request (ServersAaction247Test:test_create_backup): 200 GET http://10.180.1.21/compute/v2.1/servers/7471798f-e102-4a51-855d-7444f0284d80 0.222s
2024-12-10 15:38:23.023 65807 INFO tempest.lib.common.rest_client [req-112e8177-fc14-427e-8a74-50a778e0e6e4 req-112e8177-fc14-427e-8a74-50a778e0e6e4 ] Request (ServersTestMultiNic:_run_cleanups): 200 GET http://10.180.1.21/compute/v2.1/servers/eb18c6ea-ee08-46c1-b300-8954011ac68e 0.229s
2024-12-10 15:38:23.043 65839 INFO tempest.lib.common.rest_client [req-6f9f4f65-b337-4440-bb67-0c780d2a3b48 req-6f9f4f65-b337-4440-bb67-0c780d2a3b48 ] Request (ServerAddressesTestJSON:tearDownClass): 204 DELETE http://10.180.1.21/identity/v3/users/339d58e836364399953282a93275cc19 0.160s
2024-12-10 15:38:23.043 65839 INFO tempest.lib.common.dynamic_creds [-] Deleting project and security group for project: 962a29e343e4493c800fae1dfba14185
2024-12-10 15:38:23.060 65785 INFO tempest.lib.common.rest_client [req-adfe3777-d4a7-4c8c-92e5-5b20de255832 req-adfe3777-d4a7-4c8c-92e5-5b20de255832 ] Request (VolumesTestJSON:test_volume_list_param_offset_and_limit): 200 GET http://10.180.1.21/compute/v2.1/os-volumes 0.208s
2024-12-10 15:38:23.085 65839 INFO tempest.lib.common.rest_client [req-af6ba29e-ee1f-4933-acb2-ec210c1d53a0 req-af6ba29e-ee1f-4933-acb2-ec210c1d53a0 ] Request (ServerAddressesTestJSON:tearDownClass): 200 GET http://10.180.1.21:9696/networking/v2.0/security-groups?tenant_id=962a29e343e4493c800fae1dfba14185&name=default 0.042s
2024-12-10 15:38:23.137 65805 INFO tempest.lib.common.rest_client [req-9c721792-0f50-4d4d-bf25-6b66771567e0 req-9c721792-0f50-4d4d-bf25-6b66771567e0 ] Request (ServersTestJSON:tearDownClass): 200 GET http://10.180.1.21/compute/v2.1/servers/f8a3a6f5-1e4c-47ba-9040-3ecf35eb2b02 0.253s
2024-12-10 15:38:23.144 65813 WARNING tempest.lib.common.ssh [-] Failed to establish authenticated ssh connection to cirros@10.180.180.218 ([Errno None] Unable to connect to port 22 on 10.180.180.218). Number attempts: 5. Retry after 6 seconds.: paramiko.ssh_exception.NoValidConnectionsError: [Errno None] Unable to connect to port 22 on 10.180.180.218
2024-12-10 15:38:23.216 65833 INFO tempest.lib.common.rest_client [req-fe0914ea-eedf-4c2a-b3e6-13fc49cd773e req-fe0914ea-eedf-4c2a-b3e6-13fc49cd773e ] Request (ImagesTestJSON:test_create_server_from_snapshot): 200 GET http://10.180.1.21/compute/v2.1/servers/600b261e-6358-40de-8eed-710c0dc1ebf3 0.261s
2024-12-10 15:38:23.239 65839 INFO tempest.lib.common.rest_client [req-2a998df6-5352-4a07-98ef-a58bd9d9d2ad req-2a998df6-5352-4a07-98ef-a58bd9d9d2ad ] Request (ServerAddressesTestJSON:tearDownClass): 204 DELETE http://10.180.1.21:9696/networking/v2.0/security-groups/9f61cb9a-5ffd-46f7-9a23-fff743801d25 0.153s
2024-12-10 15:38:23.305 65791 INFO tempest.lib.common.rest_client [req-2016f53a-b12d-43a9-9c74-1c068c309434 req-2016f53a-b12d-43a9-9c74-1c068c309434 ] Request (ServerDiagnosticsV248Test:tearDownClass): 200 GET http://10.180.1.21/compute/v2.1/servers/b8769b56-c1c3-41db-ab9e-38485fcb29dc 0.304s
2024-12-10 15:38:23.357 65785 INFO tempest.lib.common.rest_client [req-854431f9-37ac-472e-84da-6c74c1ea917f req-854431f9-37ac-472e-84da-6c74c1ea917f ] Request (VolumesTestJSON:test_volume_list_param_offset_and_limit): 200 GET http://10.180.1.21/compute/v2.1/os-volumes?offset=1&limit=1 0.294s
2024-12-10 15:38:23.372 65839 INFO tempest.lib.common.rest_client [req-b48def03-3d3a-43ec-b0bd-e71fba5ef63c req-b48def03-3d3a-43ec-b0bd-e71fba5ef63c ] Request (ServerAddressesTestJSON:tearDownClass): 204 DELETE http://10.180.1.21/identity/v3/projects/962a29e343e4493c800fae1dfba14185 0.132s
2024-12-10 15:38:23.395 65803 WARNING tempest.lib.common.ssh [-] Failed to establish authenticated ssh connection to cirros@10.180.180.134 ([Errno None] Unable to connect to port 22 on 10.180.180.134). Number attempts: 11. Retry after 12 seconds.: paramiko.ssh_exception.NoValidConnectionsError: [Errno None] Unable to connect to port 22 on 10.180.180.134
2024-12-10 15:38:23.431 65825 INFO tempest.lib.common.rest_client [req-575a4cea-ad5a-4162-8f8c-e3693cbf86fb req-575a4cea-ad5a-4162-8f8c-e3693cbf86fb ] Request (ImagesOneServerNegativeTestJSON:_run_cleanups): 200 GET http://10.180.1.21/compute/v2.1/servers/cd646b42-d969-4a31-bd65-0fd6748a8bab 0.365s
2024-12-10 15:38:23.476 65839 INFO tempest.lib.common.rest_client [req-4e242ebd-10e7-438a-99e0-38d4cbc66088 req-4e242ebd-10e7-438a-99e0-38d4cbc66088 ] Request (TestVersions:setUpClass): 201 POST http://10.180.1.21/identity/v3/auth/tokens 0.101s
2024-12-10 15:38:23.480 65795 INFO tempest.lib.common.rest_client [req-9b2c05d3-c199-463f-a18b-1f5a8c9df2dd req-9b2c05d3-c199-463f-a18b-1f5a8c9df2dd ] Request (FloatingIPsTestJSON:_run_cleanups): 202 DELETE http://10.180.1.21/compute/v2.1/os-floating-ips/b39bb4ce-51ff-4d0f-9bc0-d29cacb3ee9b 0.750s
2024-12-10 15:38:23.496 65797 INFO tempest.lib.common.rest_client [req-fe251ea4-5075-49a7-86ff-e217d166871d req-fe251ea4-5075-49a7-86ff-e217d166871d ] Request (ServersWithSpecificFlavorTestJSON:test_verify_created_server_ephemeral_disk): 200 GET http://10.180.1.21/compute/v2.1/servers/b77463b3-dccc-4ed0-a19b-7d705e03047e 0.428s
2024-12-10 15:38:23.529 65839 INFO tempest.lib.common.rest_client [req-f817c828-0683-46c4-a101-c4d787947613 req-f817c828-0683-46c4-a101-c4d787947613 ] Request (TestVersions:setUpClass): 201 POST http://10.180.1.21/identity/v3/auth/tokens 0.046s
2024-12-10 15:38:23.546 65823 INFO tempest.lib.common.rest_client [req-c57d0784-1d46-4278-b0fe-0b1ea13a140f req-c57d0784-1d46-4278-b0fe-0b1ea13a140f ] Request (ServersAdminNegativeTestJSON:setUpClass): 200 GET http://10.180.1.21/compute/v2.1/servers/02e9aa10-bbde-45f8-b053-024be85f0ddc 0.404s
2024-12-10 15:38:23.556 65839 INFO tempest.lib.common.rest_client [req-9660a17b-ea9b-46e2-9eab-128c4ccf7768 req-9660a17b-ea9b-46e2-9eab-128c4ccf7768 ] Request (TestVersions:setUpClass): 200 GET http://10.180.1.21/identity/v3/domains?name=Default 0.027s
2024-12-10 15:38:23.596 65839 INFO tempest.lib.common.rest_client [req-e13b1392-10f5-4edd-9159-f08c3307c91e req-e13b1392-10f5-4edd-9159-f08c3307c91e ] Request (TestVersions:setUpClass): 201 POST http://10.180.1.21/identity/v3/projects 0.040s
2024-12-10 15:38:23.614 65827 INFO tempest.lib.common.rest_client [req-399c31c5-112d-4bb6-bf41-334249ee1679 req-399c31c5-112d-4bb6-bf41-334249ee1679 ] Request (ServerPasswordTestJSON:setUpClass): 200 GET http://10.180.1.21/compute/v2.1/servers/378794aa-e5b8-4906-8dbf-cb6bf630cb4e 0.371s
2024-12-10 15:38:23.630 65835 INFO tempest.lib.common.rest_client [req-17a5a1b7-9554-4b61-a23d-ce2c28d8242a req-17a5a1b7-9554-4b61-a23d-ce2c28d8242a ] Request (ServersTestJSON:test_create_server_specify_multibyte_character_name): 200 GET http://10.180.1.21/compute/v2.1/servers/071ba0ff-6674-480a-9c76-cfcd6237aa7e 0.434s
2024-12-10 15:38:23.667 65839 INFO tempest.lib.common.rest_client [req-d717206f-eade-4d85-a6fe-ac7c2a020a24 req-d717206f-eade-4d85-a6fe-ac7c2a020a24 ] Request (TestVersions:setUpClass): 201 POST http://10.180.1.21/identity/v3/users 0.070s
2024-12-10 15:38:23.688 65839 INFO tempest.lib.common.rest_client [req-e403b637-0ebb-498a-bb87-bf3c74b65dd5 req-e403b637-0ebb-498a-bb87-bf3c74b65dd5 ] Request (TestVersions:setUpClass): 200 GET http://10.180.1.21/identity/v3/roles 0.021s
2024-12-10 15:38:23.697 65793 INFO tempest.lib.common.rest_client [req-ba5e86d2-a586-422c-b327-23521c7db7b5 req-ba5e86d2-a586-422c-b327-23521c7db7b5 ] Request (ServerShowV257Test:test_rebuild_server): 200 GET http://10.180.1.21/compute/v2.1/servers/5751c91d-5ef5-43e7-8b8b-b4b5dc54d2df 0.393s
2024-12-10 15:38:23.721 65839 INFO tempest.lib.common.rest_client [req-391945ed-faae-4c3b-969f-e914ad2571e0 req-391945ed-faae-4c3b-969f-e914ad2571e0 ] Request (TestVersions:setUpClass): 204 PUT http://10.180.1.21/identity/v3/projects/c0022f58c7c34aadbe6314ce64d6ea64/users/7d0e33dca3504e6f9d0e25e1adb12027/roles/b7778b9a80fc4f0e9a25f576cd0a0571 0.031s
2024-12-10 15:38:23.722 65839 INFO tempest.lib.common.dynamic_creds [-] Dynamic test user 7d0e33dca3504e6f9d0e25e1adb12027 is created with scope project and roles: ['member']
2024-12-10 15:38:23.722 65839 INFO tempest.lib.common.dynamic_creds [-] Acquired dynamic creds: credentials: Credentials: {'domain_id': 'default', 'domain_name': 'Default', 'username': 'tempest-TestVersions-1433879079-project-member', 'project_domain_id': 'default', 'project_domain_name': 'Default', 'project_id': 'c0022f58c7c34aadbe6314ce64d6ea64', 'project_name': 'tempest-TestVersions-1433879079', 'tenant_id': 'c0022f58c7c34aadbe6314ce64d6ea64', 'tenant_name': 'tempest-TestVersions-1433879079', 'user_domain_id': 'default', 'user_domain_name': 'Default', 'user_id': '7d0e33dca3504e6f9d0e25e1adb12027', 'system': None}, Network: None, Subnet: None, Router: None
2024-12-10 15:38:23.722 65839 INFO tempest.lib.common.dynamic_creds [-] Created isolated network resources for: credentials: Credentials: {'domain_id': 'default', 'domain_name': 'Default', 'username': 'tempest-TestVersions-1433879079-project-member', 'project_domain_id': 'default', 'project_domain_name': 'Default', 'project_id': 'c0022f58c7c34aadbe6314ce64d6ea64', 'project_name': 'tempest-TestVersions-1433879079', 'tenant_id': 'c0022f58c7c34aadbe6314ce64d6ea64', 'tenant_name': 'tempest-TestVersions-1433879079', 'user_domain_id': 'default', 'user_domain_name': 'Default', 'user_id': '7d0e33dca3504e6f9d0e25e1adb12027', 'system': None}, Network: None, Subnet: None, Router: None
2024-12-10 15:38:23.729 65785 INFO tempest.lib.common.rest_client [req-30dc9413-9f11-45c0-9566-f4a8f908f8e0 req-30dc9413-9f11-45c0-9566-f4a8f908f8e0 ] Request (VolumesTestJSON:test_volume_list_with_detail_param_limit): 200 GET http://10.180.1.21/compute/v2.1/os-volumes/detail?limit=2 0.368s
2024-12-10 15:38:23.741 65837 INFO tempest.lib.common.rest_client [req-417a26dd-e9c7-4846-9d10-a1e11b991592 req-417a26dd-e9c7-4846-9d10-a1e11b991592 ] Request (MultipleCreateTestJSON:test_multiple_create_with_reservation_return): 200 GET http://10.180.1.21/compute/v2.1/servers/60b1630a-8ac8-4548-bcc9-2a9113bf7fb4 0.457s
2024-12-10 15:38:23.785 65843 INFO tempest.lib.common.rest_client [req-0754452f-382b-4984-b6fd-4022d38bd8d4 req-0754452f-382b-4984-b6fd-4022d38bd8d4 ] Request (MigrationsAdminTest:test_resize_server_revert_deleted_flavor): 200 GET http://10.180.1.21/compute/v2.1/servers/9aa10d90-ce21-45e7-8adc-5ad1452e0535 0.359s
2024-12-10 15:38:23.802 65839 INFO tempest.lib.common.rest_client [req-91f01142-df84-44ac-a520-18386007c267 req-91f01142-df84-44ac-a520-18386007c267 ] Request (TestVersions:setUpClass): 201 POST http://10.180.1.21/identity/v3/auth/tokens 0.076s
2024-12-10 15:38:23.896 65831 INFO tempest.lib.common.rest_client [req-dd6760af-4903-4e21-a8d3-85859965f376 req-dd6760af-4903-4e21-a8d3-85859965f376 ] Request (SecurityGroupsTestJSON:test_server_security_groups): 200 GET http://10.180.1.21/compute/v2.1/servers/2c5916af-c336-4c15-9894-58d1078b13dd 0.464s
2024-12-10 15:38:23.905 65831 INFO tempest.common.waiters [-] State transition "HARD_REBOOT/reboot_started_hard" ==> "ACTIVE/None" after 4 second wait
2024-12-10 15:38:24.077 65809 INFO tempest.lib.common.rest_client [req-db66052d-7cf2-4e74-8648-c2d187c23b38 req-db66052d-7cf2-4e74-8648-c2d187c23b38 ] Request (ServerActionsTestJSON:setUpClass): 200 GET http://10.180.1.21/compute/v2.1/servers/cd8b2ef1-fb0d-428a-ba3e-f538646d3759 0.455s
2024-12-10 15:38:24.110 65785 INFO tempest.lib.common.rest_client [req-1f4436c0-774f-43dc-af67-ee5006e90d25 req-1f4436c0-774f-43dc-af67-ee5006e90d25 ] Request (VolumesTestJSON:test_volume_list_with_detail_param_offset_and_limit): 200 GET http://10.180.1.21/compute/v2.1/os-volumes/detail 0.376s
2024-12-10 15:38:24.254 65789 INFO paramiko.transport [-] Connected (version 2.0, client dropbear_2020.81)
2024-12-10 15:38:24.272 65848 INFO tempest.lib.common.rest_client [req-463e594d-2db0-4eab-b066-989e44b3bab2 req-463e594d-2db0-4eab-b066-989e44b3bab2 ] Request (InstanceActionsTestJSON:test_list_instance_actions): 200 GET http://10.180.1.21/compute/v2.1/servers/a22c6232-43fc-4294-bb0b-1d52e3b3ace2 0.486s
2024-12-10 15:38:24.275 65839 INFO tempest.lib.common.rest_client [-] Request (TestVersions:test_get_version_details): 200 GET http://10.180.1.21/compute/ 0.472s
2024-12-10 15:38:24.280 65848 INFO tempest.common.waiters [-] State transition "HARD_REBOOT/reboot_pending_hard" ==> "ACTIVE/None" after 5 second wait
2024-12-10 15:38:24.346 65821 INFO tempest.lib.common.rest_client [req-417af9bf-ce67-411f-b75c-7aad66f34d7b req-417af9bf-ce67-411f-b75c-7aad66f34d7b ] Request (VolumesAssistedSnapshotsTest:tearDownClass): 200 GET http://10.180.1.21/compute/v2.1/servers/09536b47-40b4-4d91-b280-d240cb877248 0.541s
2024-12-10 15:38:24.358 65789 INFO paramiko.transport [-] Authentication (publickey) successful!
2024-12-10 15:38:24.359 65789 INFO tempest.lib.common.ssh [-] ssh connection to cirros@10.180.180.233 successfully created
2024-12-10 15:38:24.570 65801 INFO tempest.lib.common.rest_client [req-3e9477ae-d22a-4e8f-9f1c-a8a081147731 req-3e9477ae-d22a-4e8f-9f1c-a8a081147731 ] Request (VolumesAdminNegativeTest:test_update_attached_volume_with_nonexistent_volume_in_body): 200 GET http://10.180.1.21/compute/v2.1/servers/744c8809-f829-4c6b-94ab-9e708d519862 0.691s
2024-12-10 15:38:24.577 65801 INFO tempest.common.waiters [-] State transition "BUILD/networking" ==> "BUILD/spawning" after 60 second wait
2024-12-10 15:38:24.590 65795 INFO tempest.lib.common.rest_client [req-26f57fd3-1245-45ca-9a62-99b5e4b759b6 req-26f57fd3-1245-45ca-9a62-99b5e4b759b6 ] Request (FloatingIPsTestJSON:test_delete_floating_ip): 200 POST http://10.180.1.21/compute/v2.1/os-floating-ips 1.109s
2024-12-10 15:38:24.649 65811 INFO tempest.lib.common.rest_client [req-67ea5d96-dc82-4c40-a9cf-37b096eef550 req-67ea5d96-dc82-4c40-a9cf-37b096eef550 ] Request (ServersAaction247Test:test_create_backup): 200 GET http://10.180.1.21/compute/v2.1/servers/7471798f-e102-4a51-855d-7444f0284d80 0.705s
2024-12-10 15:38:24.718 65807 INFO tempest.lib.common.rest_client [req-b68584ae-3e23-4f97-ba4d-cb8e79bf7e93 req-b68584ae-3e23-4f97-ba4d-cb8e79bf7e93 ] Request (ServersTestMultiNic:_run_cleanups): 200 GET http://10.180.1.21/compute/v2.1/servers/eb18c6ea-ee08-46c1-b300-8954011ac68e 0.684s
2024-12-10 15:38:24.757 65785 INFO tempest.lib.common.rest_client [req-e511fed6-6998-4cd2-bb8e-a22987b14d30 req-e511fed6-6998-4cd2-bb8e-a22987b14d30 ] Request (VolumesTestJSON:test_volume_list_with_detail_param_offset_and_limit): 200 GET http://10.180.1.21/compute/v2.1/os-volumes/detail?offset=1&limit=1 0.643s
2024-12-10 15:38:24.832 65805 INFO tempest.lib.common.rest_client [req-60ec5d0c-9f00-4665-a1b8-1a13b419f62b req-60ec5d0c-9f00-4665-a1b8-1a13b419f62b ] Request (ServersTestJSON:tearDownClass): 200 GET http://10.180.1.21/compute/v2.1/servers/f8a3a6f5-1e4c-47ba-9040-3ecf35eb2b02 0.683s
2024-12-10 15:38:24.885 65833 INFO tempest.lib.common.rest_client [req-3d2659c3-d2dd-4acb-86f6-0ab254209060 req-3d2659c3-d2dd-4acb-86f6-0ab254209060 ] Request (ImagesTestJSON:test_create_server_from_snapshot): 200 GET http://10.180.1.21/compute/v2.1/servers/600b261e-6358-40de-8eed-710c0dc1ebf3 0.659s
2024-12-10 15:38:24.887 65839 INFO tempest.lib.common.rest_client [req-3117f03c-77eb-47f6-8575-933b7ceb7d52 req-3117f03c-77eb-47f6-8575-933b7ceb7d52 ] Request (TestVersions:test_get_version_details): 200 GET http://10.180.1.21/compute/v2/ 0.610s
2024-12-10 15:38:24.928 65848 INFO tempest.lib.common.rest_client [req-45108ff9-d512-404f-a1f2-e76cdf53c486 req-45108ff9-d512-404f-a1f2-e76cdf53c486 ] Request (InstanceActionsTestJSON:test_list_instance_actions): 200 GET http://10.180.1.21/compute/v2.1/servers/a22c6232-43fc-4294-bb0b-1d52e3b3ace2/os-instance-actions 0.648s
2024-12-10 15:38:24.949 65819 WARNING tempest.lib.common.ssh [-] Failed to establish authenticated ssh connection to cirros@10.180.180.194 ([Errno None] Unable to connect to port 22 on 10.180.180.194). Number attempts: 10. Retry after 11 seconds.: paramiko.ssh_exception.NoValidConnectionsError: [Errno None] Unable to connect to port 22 on 10.180.180.194
2024-12-10 15:38:25.006 65831 INFO tempest.lib.common.rest_client [req-8b6f8bdc-e7ad-44c2-9559-ac273273c13e req-8b6f8bdc-e7ad-44c2-9559-ac273273c13e ] Request (SecurityGroupsTestJSON:test_server_security_groups): 202 POST http://10.180.1.21/compute/v2.1/servers/2c5916af-c336-4c15-9894-58d1078b13dd/action 1.100s
2024-12-10 15:38:25.014 65791 INFO tempest.lib.common.rest_client [req-8fd8d709-bb94-4530-a78e-73ee61be99a0 req-8fd8d709-bb94-4530-a78e-73ee61be99a0 ] Request (ServerDiagnosticsV248Test:tearDownClass): 200 GET http://10.180.1.21/compute/v2.1/servers/b8769b56-c1c3-41db-ab9e-38485fcb29dc 0.698s
2024-12-10 15:38:25.056 65789 INFO tempest.lib.common.rest_client [req-e44eae95-8bba-47f8-807d-ab9f85b1c736 req-e44eae95-8bba-47f8-807d-ab9f85b1c736 ] Request (ServersTestBootFromVolume:test_list_servers): 200 GET http://10.180.1.21/compute/v2.1/servers 0.685s
2024-12-10 15:38:25.060 65825 INFO tempest.lib.common.rest_client [req-48826bc2-a9ac-42fb-aea1-4e8df98bb5fd req-48826bc2-a9ac-42fb-aea1-4e8df98bb5fd ] Request (ImagesOneServerNegativeTestJSON:_run_cleanups): 200 GET http://10.180.1.21/compute/v2.1/servers/cd646b42-d969-4a31-bd65-0fd6748a8bab 0.622s
2024-12-10 15:38:25.110 65797 INFO tempest.lib.common.rest_client [req-127bc4ef-1e04-4045-af8a-63d489f4c002 req-127bc4ef-1e04-4045-af8a-63d489f4c002 ] Request (ServersWithSpecificFlavorTestJSON:test_verify_created_server_ephemeral_disk): 200 GET http://10.180.1.21/compute/v2.1/servers/b77463b3-dccc-4ed0-a19b-7d705e03047e 0.606s
2024-12-10 15:38:25.121 65823 INFO tempest.lib.common.rest_client [req-7f7e3cff-c318-4230-b691-5db0d6892e4a req-7f7e3cff-c318-4230-b691-5db0d6892e4a ] Request (ServersAdminNegativeTestJSON:setUpClass): 200 GET http://10.180.1.21/compute/v2.1/servers/02e9aa10-bbde-45f8-b053-024be85f0ddc 0.562s
2024-12-10 15:38:25.176 65827 INFO tempest.lib.common.rest_client [req-60aad003-74eb-4fd3-b63c-c242258d8e93 req-60aad003-74eb-4fd3-b63c-c242258d8e93 ] Request (ServerPasswordTestJSON:setUpClass): 200 GET http://10.180.1.21/compute/v2.1/servers/378794aa-e5b8-4906-8dbf-cb6bf630cb4e 0.555s
2024-12-10 15:38:25.383 65835 INFO tempest.lib.common.rest_client [req-8145dd28-b682-4b77-bda4-da5999388b61 req-8145dd28-b682-4b77-bda4-da5999388b61 ] Request (ServersTestJSON:test_create_server_specify_multibyte_character_name): 200 GET http://10.180.1.21/compute/v2.1/servers/071ba0ff-6674-480a-9c76-cfcd6237aa7e 0.740s
2024-12-10 15:38:25.390 65835 INFO tempest.common.waiters [-] State transition "BUILD/spawning" ==> "ACTIVE/None" after 100 second wait
2024-12-10 15:38:25.453 65793 INFO tempest.lib.common.rest_client [req-35ab16da-22f3-4772-90ec-bab13e9f02b0 req-35ab16da-22f3-4772-90ec-bab13e9f02b0 ] Request (ServerShowV257Test:test_rebuild_server): 200 GET http://10.180.1.21/compute/v2.1/servers/5751c91d-5ef5-43e7-8b8b-b4b5dc54d2df 0.746s
2024-12-10 15:38:25.483 65835 INFO tempest.lib.common.rest_client [req-a51aefe0-c9d3-4b50-8ca6-f2eaa0f6e81f req-a51aefe0-c9d3-4b50-8ca6-f2eaa0f6e81f ] Request (ServersTestJSON:test_create_server_with_admin_password): 201 POST http://10.180.1.21/identity/v3/auth/tokens 0.089s
2024-12-10 15:38:25.483 65835 INFO tempest.lib.common.fixed_network [-] (ServersTestJSON:test_create_server_with_admin_password) Found network {'id': '78758477-dde5-4a71-9ca5-f0c0452a5bf9', 'name': 'tempest-ServersTestJSON-772944968-network', 'tenant_id': '0d186547b31349dfac6792b64b5a5ead', 'admin_state_up': True, 'mtu': 8950, 'status': 'ACTIVE', 'subnets': [], 'shared': False, 'project_id': '0d186547b31349dfac6792b64b5a5ead', 'port_security_enabled': True, 'router:external': False, 'provider:network_type': 'vlan', 'provider:physical_network': 'default', 'provider:segmentation_id': 402, 'availability_zone_hints': [], 'availability_zones': [], 'ipv4_address_scope': None, 'ipv6_address_scope': None, 'description': '', 'tags': [], 'created_at': '2024-12-10T15:36:39Z', 'updated_at': '2024-12-10T15:36:39Z', 'revision_number': 1} available for tenant
2024-12-10 15:38:25.578 65795 INFO tempest.lib.common.rest_client [req-9d150804-3d0b-4461-8ddf-153dbc13d1f5 req-9d150804-3d0b-4461-8ddf-153dbc13d1f5 ] Request (FloatingIPsTestJSON:test_delete_floating_ip): 202 DELETE http://10.180.1.21/compute/v2.1/os-floating-ips/8f110753-b885-4abb-8176-dec826940bd8 0.986s
2024-12-10 15:38:25.586 65837 INFO tempest.lib.common.rest_client [req-22d03ea7-a280-44cb-a0b2-5ce154aea806 req-22d03ea7-a280-44cb-a0b2-5ce154aea806 ] Request (MultipleCreateTestJSON:test_multiple_create_with_reservation_return): 200 GET http://10.180.1.21/compute/v2.1/servers/60b1630a-8ac8-4548-bcc9-2a9113bf7fb4 0.839s
2024-12-10 15:38:25.613 65785 INFO tempest.lib.common.rest_client [req-d11cedeb-bf25-43c3-910b-bb8fd656d494 req-d11cedeb-bf25-43c3-910b-bb8fd656d494 ] Request (VolumesTestJSON:test_volume_list_with_details): 200 GET http://10.180.1.21/compute/v2.1/os-volumes/detail 0.848s
2024-12-10 15:38:25.616 65839 INFO tempest.lib.common.rest_client [req-7500bf01-535c-4942-b9eb-1262a61dd49c req-7500bf01-535c-4942-b9eb-1262a61dd49c ] Request (TestVersions:test_get_version_details): 200 GET http://10.180.1.21/compute/v2.1/ 0.725s
2024-12-10 15:38:25.656 65785 INFO tempest.lib.common.rest_client [req-cb234617-fdfa-4b94-98ce-e629db1c4145 req-cb234617-fdfa-4b94-98ce-e629db1c4145 ] Request (VolumesTestJSON:tearDownClass): 202 DELETE http://10.180.1.21/volume/v3/volumes/fd92ab40-cfd9-4d7b-a94b-6f9a9c1de935 0.035s
2024-12-10 15:38:25.686 65785 INFO tempest.lib.common.rest_client [req-0394007d-ff20-417e-84e0-0a65df750d8e req-0394007d-ff20-417e-84e0-0a65df750d8e ] Request (VolumesTestJSON:tearDownClass): 200 GET http://10.180.1.21/volume/v3/volumes/fd92ab40-cfd9-4d7b-a94b-6f9a9c1de935 0.030s
2024-12-10 15:38:25.707 65848 INFO tempest.lib.common.rest_client [req-81809658-7f1c-47e8-ad99-41987bedeb4b req-81809658-7f1c-47e8-ad99-41987bedeb4b ] Request (InstanceActionsTestJSON:tearDownClass): 204 DELETE http://10.180.1.21/compute/v2.1/servers/a22c6232-43fc-4294-bb0b-1d52e3b3ace2 0.776s
2024-12-10 15:38:25.733 65843 INFO tempest.lib.common.rest_client [req-200845fb-746c-406b-b330-7ca35de4b696 req-200845fb-746c-406b-b330-7ca35de4b696 ] Request (MigrationsAdminTest:test_resize_server_revert_deleted_flavor): 200 GET http://10.180.1.21/compute/v2.1/servers/9aa10d90-ce21-45e7-8adc-5ad1452e0535 0.940s
2024-12-10 15:38:25.739 65843 INFO tempest.common.waiters [-] State transition "BUILD/None" ==> "BUILD/networking" after 59 second wait
2024-12-10 15:38:25.807 65831 INFO tempest.lib.common.rest_client [req-6bb2aaa8-aacb-42e8-8877-40303e5dc377 req-6bb2aaa8-aacb-42e8-8877-40303e5dc377 ] Request (SecurityGroupsTestJSON:test_server_security_groups): 400 DELETE http://10.180.1.21/compute/v2.1/os-security-groups/b1924ab4-69ec-41b8-b2c8-078c921d73e6 0.801s
2024-12-10 15:38:25.954 65789 INFO tempest.lib.common.rest_client [req-8d022a6e-ca42-48f9-87b5-88c00d1998d6 req-8d022a6e-ca42-48f9-87b5-88c00d1998d6 ] Request (ServersTestBootFromVolume:test_list_servers_with_detail): 200 GET http://10.180.1.21/compute/v2.1/servers/detail 0.896s
2024-12-10 15:38:25.955 65809 INFO tempest.lib.common.rest_client [req-c34986c1-17ac-44ab-98ca-0457b4556b3b req-c34986c1-17ac-44ab-98ca-0457b4556b3b ] Request (ServerActionsTestJSON:setUpClass): 200 GET http://10.180.1.21/compute/v2.1/servers/cd8b2ef1-fb0d-428a-ba3e-f538646d3759 0.870s
2024-12-10 15:38:25.965 65809 INFO tempest.common.waiters [-] State transition "BUILD/spawning" ==> "ACTIVE/None" after 78 second wait
2024-12-10 15:38:26.057 65821 INFO tempest.lib.common.rest_client [req-2d75ff97-fd10-43e9-ae74-032add6139fd req-2d75ff97-fd10-43e9-ae74-032add6139fd ] Request (VolumesAssistedSnapshotsTest:tearDownClass): 200 GET http://10.180.1.21/compute/v2.1/servers/09536b47-40b4-4d91-b280-d240cb877248 0.698s
2024-12-10 15:38:26.231 65801 INFO tempest.lib.common.rest_client [req-84f9aced-1150-45fd-97ea-06ca997ba682 req-84f9aced-1150-45fd-97ea-06ca997ba682 ] Request (VolumesAdminNegativeTest:test_update_attached_volume_with_nonexistent_volume_in_body): 200 GET http://10.180.1.21/compute/v2.1/servers/744c8809-f829-4c6b-94ab-9e708d519862 0.653s
2024-12-10 15:38:26.260 65795 INFO tempest.lib.common.rest_client [req-b32a52e8-5386-4726-895a-8e448704063e req-b32a52e8-5386-4726-895a-8e448704063e ] Request (FloatingIPsTestJSON:test_delete_floating_ip): 404 GET http://10.180.1.21/compute/v2.1/os-floating-ips/8f110753-b885-4abb-8176-dec826940bd8 0.682s
2024-12-10 15:38:26.265 65839 INFO tempest.lib.common.rest_client [-] Request (TestVersions:test_list_api_versions): 200 GET http://10.180.1.21/compute/ 0.642s
2024-12-10 15:38:26.320 65811 INFO tempest.lib.common.rest_client [req-69befd9a-e5e9-48f9-9374-d1f6223bee6a req-69befd9a-e5e9-48f9-9374-d1f6223bee6a ] Request (ServersAaction247Test:test_create_backup): 200 GET http://10.180.1.21/compute/v2.1/servers/7471798f-e102-4a51-855d-7444f0284d80 0.661s
2024-12-10 15:38:26.374 65835 INFO tempest.lib.common.rest_client [req-9c89c795-abfd-42a4-9076-0b97e1fad348 req-9c89c795-abfd-42a4-9076-0b97e1fad348 ] Request (ServersTestJSON:test_create_server_with_admin_password): 202 POST http://10.180.1.21/compute/v2.1/servers 0.890s
2024-12-10 15:38:26.416 65839 INFO tempest.lib.common.rest_client [req-20dcac97-2a3d-4576-b9f1-593fe767ed8e req-20dcac97-2a3d-4576-b9f1-593fe767ed8e ] Request (TestVersions:tearDownClass): 204 DELETE http://10.180.1.21/identity/v3/users/7d0e33dca3504e6f9d0e25e1adb12027 0.143s
2024-12-10 15:38:26.416 65839 INFO tempest.lib.common.dynamic_creds [-] Deleting project and security group for project: c0022f58c7c34aadbe6314ce64d6ea64
2024-12-10 15:38:26.441 65848 INFO tempest.lib.common.rest_client [req-38d9072b-d725-4b37-a7e1-ea7a47290a47 req-38d9072b-d725-4b37-a7e1-ea7a47290a47 ] Request (InstanceActionsTestJSON:tearDownClass): 200 GET http://10.180.1.21/compute/v2.1/servers/a22c6232-43fc-4294-bb0b-1d52e3b3ace2 0.733s
2024-12-10 15:38:26.472 65839 INFO tempest.lib.common.rest_client [req-4271eb5a-27ae-4a38-999a-4705dbe370fa req-4271eb5a-27ae-4a38-999a-4705dbe370fa ] Request (TestVersions:tearDownClass): 201 POST http://10.180.1.21/identity/v3/auth/tokens 0.055s
2024-12-10 15:38:26.542 65831 INFO tempest.lib.common.rest_client [req-77cc16c8-4edc-4fc9-b229-0e080e8ad34b req-77cc16c8-4edc-4fc9-b229-0e080e8ad34b ] Request (SecurityGroupsTestJSON:test_server_security_groups): 204 DELETE http://10.180.1.21/compute/v2.1/servers/2c5916af-c336-4c15-9894-58d1078b13dd 0.734s
2024-12-10 15:38:26.659 65839 INFO tempest.lib.common.rest_client [req-4e24dbc3-6add-4405-9dab-13506a505421 req-4e24dbc3-6add-4405-9dab-13506a505421 ] Request (TestVersions:tearDownClass): 200 GET http://10.180.1.21:9696/networking/v2.0/security-groups?tenant_id=c0022f58c7c34aadbe6314ce64d6ea64&name=default 0.187s
2024-12-10 15:38:26.663 65807 INFO tempest.lib.common.rest_client [req-0b9f605b-906f-4ab8-b19d-98bf0611f4a3 req-0b9f605b-906f-4ab8-b19d-98bf0611f4a3 ] Request (ServersTestMultiNic:_run_cleanups): 200 GET http://10.180.1.21/compute/v2.1/servers/eb18c6ea-ee08-46c1-b300-8954011ac68e 0.934s
2024-12-10 15:38:26.676 65805 INFO tempest.lib.common.rest_client [req-8ad31360-2120-4ff3-9bd0-e6ca67f6a823 req-8ad31360-2120-4ff3-9bd0-e6ca67f6a823 ] Request (ServersTestJSON:tearDownClass): 200 GET http://10.180.1.21/compute/v2.1/servers/f8a3a6f5-1e4c-47ba-9040-3ecf35eb2b02 0.837s
2024-12-10 15:38:26.716 65785 INFO tempest.lib.common.rest_client [req-854dcf48-d56f-4148-9144-32cc4d11d9b8 req-854dcf48-d56f-4148-9144-32cc4d11d9b8 ] Request (VolumesTestJSON:tearDownClass): 404 GET http://10.180.1.21/volume/v3/volumes/fd92ab40-cfd9-4d7b-a94b-6f9a9c1de935 0.019s
2024-12-10 15:38:26.716 65833 INFO tempest.lib.common.rest_client [req-8884764a-734b-467b-ac0a-e395d14f1b0e req-8884764a-734b-467b-ac0a-e395d14f1b0e ] Request (ImagesTestJSON:test_create_server_from_snapshot): 200 GET http://10.180.1.21/compute/v2.1/servers/600b261e-6358-40de-8eed-710c0dc1ebf3 0.821s
2024-12-10 15:38:26.731 65789 INFO tempest.lib.common.rest_client [req-ce3fb792-058c-4c0a-9980-8b9065169cbe req-ce3fb792-058c-4c0a-9980-8b9065169cbe ] Request (ServersTestBootFromVolume:test_verify_created_server_vcpus): 200 GET http://10.180.1.21/compute/v2.1/flavors/42 0.763s
2024-12-10 15:38:26.734 65789 INFO tempest.lib.common.ssh [-] Creating ssh connection to '10.180.180.233:22' as 'cirros' with public key authentication
2024-12-10 15:38:26.739 65789 INFO paramiko.transport [-] Connected (version 2.0, client dropbear_2020.81)
2024-12-10 15:38:26.741 65809 INFO tempest.lib.common.rest_client [req-68ad9024-8309-44cb-998f-9657c499e9dc req-68ad9024-8309-44cb-998f-9657c499e9dc ] Request (ServerActionsTestJSON:setUpClass): 200 GET http://10.180.1.21/compute/v2.1/servers/cd8b2ef1-fb0d-428a-ba3e-f538646d3759/os-interface 0.775s
2024-12-10 15:38:26.771 65785 INFO tempest.lib.common.rest_client [req-a67db6a7-f550-48f7-bc1a-a4907e375c8c req-a67db6a7-f550-48f7-bc1a-a4907e375c8c ] Request (VolumesTestJSON:tearDownClass): 202 DELETE http://10.180.1.21/volume/v3/volumes/118479db-9d33-480c-ab28-8b578bde4f1f 0.053s
2024-12-10 15:38:26.787 65839 INFO tempest.lib.common.rest_client [req-18d754c3-3882-41b9-bac4-789735afa462 req-18d754c3-3882-41b9-bac4-789735afa462 ] Request (TestVersions:tearDownClass): 204 DELETE http://10.180.1.21:9696/networking/v2.0/security-groups/cf2ccaa8-efa1-47bf-aa31-eadecd114ce4 0.127s
2024-12-10 15:38:26.800 65789 INFO paramiko.transport [-] Authentication (publickey) successful!
2024-12-10 15:38:26.800 65789 INFO tempest.lib.common.ssh [-] ssh connection to cirros@10.180.180.233 successfully created
2024-12-10 15:38:26.801 65825 INFO tempest.lib.common.rest_client [req-e782977f-db0c-4e6d-8f12-cf9deddc7c89 req-e782977f-db0c-4e6d-8f12-cf9deddc7c89 ] Request (ImagesOneServerNegativeTestJSON:_run_cleanups): 200 GET http://10.180.1.21/compute/v2.1/servers/cd646b42-d969-4a31-bd65-0fd6748a8bab 0.734s
2024-12-10 15:38:26.815 65791 INFO tempest.lib.common.rest_client [req-8547e70d-57a1-4987-a3ad-c9eaed2db9b9 req-8547e70d-57a1-4987-a3ad-c9eaed2db9b9 ] Request (ServerDiagnosticsV248Test:tearDownClass): 200 GET http://10.180.1.21/compute/v2.1/servers/b8769b56-c1c3-41db-ab9e-38485fcb29dc 0.790s
2024-12-10 15:38:26.819 65785 INFO tempest.lib.common.rest_client [req-49602c07-7215-44d2-ac51-216d1b1decbe req-49602c07-7215-44d2-ac51-216d1b1decbe ] Request (VolumesTestJSON:tearDownClass): 200 GET http://10.180.1.21/volume/v3/volumes/118479db-9d33-480c-ab28-8b578bde4f1f 0.048s
2024-12-10 15:38:26.875 65797 INFO tempest.lib.common.rest_client [req-92785924-8f49-4aec-bd94-d5d460202a58 req-92785924-8f49-4aec-bd94-d5d460202a58 ] Request (ServersWithSpecificFlavorTestJSON:test_verify_created_server_ephemeral_disk): 200 GET http://10.180.1.21/compute/v2.1/servers/b77463b3-dccc-4ed0-a19b-7d705e03047e 0.759s
2024-12-10 15:38:26.888 65823 INFO tempest.lib.common.rest_client [req-95f4a19f-611a-4ba7-bc81-5d7c24b16465 req-95f4a19f-611a-4ba7-bc81-5d7c24b16465 ] Request (ServersAdminNegativeTestJSON:setUpClass): 200 GET http://10.180.1.21/compute/v2.1/servers/02e9aa10-bbde-45f8-b053-024be85f0ddc 0.755s
2024-12-10 15:38:26.895 65823 INFO tempest.common.waiters [-] State transition "BUILD/scheduling" ==> "BUILD/None" after 19 second wait
2024-12-10 15:38:26.915 65795 INFO tempest.lib.common.rest_client [req-a549590e-5b94-4703-b899-0769959e44bf req-a549590e-5b94-4703-b899-0769959e44bf ] Request (FloatingIPsTestJSON:_run_cleanups): 404 DELETE http://10.180.1.21/compute/v2.1/os-floating-ips/8f110753-b885-4abb-8176-dec826940bd8 0.653s
2024-12-10 15:38:26.934 65839 INFO tempest.lib.common.rest_client [req-6fa5b329-fa46-4689-9daf-f1fa8b008884 req-6fa5b329-fa46-4689-9daf-f1fa8b008884 ] Request (TestVersions:tearDownClass): 204 DELETE http://10.180.1.21/identity/v3/projects/c0022f58c7c34aadbe6314ce64d6ea64 0.146s
2024-12-10 15:38:26.969 65827 INFO tempest.lib.common.rest_client [req-3e16fc39-293c-47f4-8c58-d91138e2fd23 req-3e16fc39-293c-47f4-8c58-d91138e2fd23 ] Request (ServerPasswordTestJSON:setUpClass): 200 GET http://10.180.1.21/compute/v2.1/servers/378794aa-e5b8-4906-8dbf-cb6bf630cb4e 0.786s
2024-12-10 15:38:27.065 65793 INFO tempest.lib.common.rest_client [req-6db84d2a-5d77-487c-b945-7ec41206b3ec req-6db84d2a-5d77-487c-b945-7ec41206b3ec ] Request (ServerShowV257Test:test_rebuild_server): 200 GET http://10.180.1.21/compute/v2.1/servers/5751c91d-5ef5-43e7-8b8b-b4b5dc54d2df 0.600s
2024-12-10 15:38:27.143 65835 INFO tempest.lib.common.rest_client [req-31b89d33-786f-49b4-a8c1-7cc682282a0a req-31b89d33-786f-49b4-a8c1-7cc682282a0a ] Request (ServersTestJSON:_run_cleanups): 204 DELETE http://10.180.1.21/compute/v2.1/servers/9d00262b-09e2-40f3-a611-d76db812d44e 0.767s
2024-12-10 15:38:27.229 65831 INFO tempest.lib.common.rest_client [req-551c2a13-0ed2-487a-9c67-f20695a25376 req-551c2a13-0ed2-487a-9c67-f20695a25376 ] Request (SecurityGroupsTestJSON:test_server_security_groups): 200 GET http://10.180.1.21/compute/v2.1/servers/2c5916af-c336-4c15-9894-58d1078b13dd 0.687s
2024-12-10 15:38:27.259 65837 INFO tempest.lib.common.rest_client [req-e3209091-cec9-43e5-a74d-f3864665274d req-e3209091-cec9-43e5-a74d-f3864665274d ] Request (MultipleCreateTestJSON:test_multiple_create_with_reservation_return): 200 GET http://10.180.1.21/compute/v2.1/servers/60b1630a-8ac8-4548-bcc9-2a9113bf7fb4 0.666s
2024-12-10 15:38:27.338 65843 INFO tempest.lib.common.rest_client [req-c2557c87-0c8e-4334-9ca5-89353374b8f8 req-c2557c87-0c8e-4334-9ca5-89353374b8f8 ] Request (MigrationsAdminTest:test_resize_server_revert_deleted_flavor): 200 GET http://10.180.1.21/compute/v2.1/servers/9aa10d90-ce21-45e7-8adc-5ad1452e0535 0.597s
2024-12-10 15:38:27.348 65843 INFO tempest.common.waiters [-] State transition "BUILD/networking" ==> "BUILD/spawning" after 61 second wait
2024-12-10 15:38:27.365 65789 INFO tempest.lib.common.rest_client [req-c876fe05-03b8-4c19-abd4-4ae5cbb7daf7 req-c876fe05-03b8-4c19-abd4-4ae5cbb7daf7 ] Request (ServersTestBootFromVolume:tearDownClass): 204 DELETE http://10.180.1.21/compute/v2.1/servers/8b970132-af07-43d0-a245-12af6dc77c97 0.556s
2024-12-10 15:38:27.401 65821 INFO tempest.lib.common.rest_client [req-d273abf2-3728-4893-b117-2d6695998e28 req-d273abf2-3728-4893-b117-2d6695998e28 ] Request (VolumesAssistedSnapshotsTest:tearDownClass): 200 GET http://10.180.1.21/compute/v2.1/servers/09536b47-40b4-4d91-b280-d240cb877248 0.337s
2024-12-10 15:38:27.424 65835 INFO tempest.lib.common.rest_client [req-41cd4207-b5f1-4c29-9dbb-e49048581841 req-41cd4207-b5f1-4c29-9dbb-e49048581841 ] Request (ServersTestJSON:_run_cleanups): 404 GET http://10.180.1.21/compute/v2.1/servers/9d00262b-09e2-40f3-a611-d76db812d44e 0.281s
2024-12-10 15:38:27.506 65811 INFO tempest.lib.common.rest_client [req-d49d22b0-da5e-41c8-a2ca-040110d3f267 req-d49d22b0-da5e-41c8-a2ca-040110d3f267 ] Request (ServersAaction247Test:test_create_backup): 200 GET http://10.180.1.21/compute/v2.1/servers/7471798f-e102-4a51-855d-7444f0284d80 0.176s
2024-12-10 15:38:27.520 65835 INFO tempest.lib.common.rest_client [req-8d012618-9393-4f38-9761-93fe8a7dac1a req-8d012618-9393-4f38-9761-93fe8a7dac1a ] Request (ServersTestJSON:test_create_server_with_ipv6_addr_only): 201 POST http://10.180.1.21/identity/v3/auth/tokens 0.090s
2024-12-10 15:38:27.520 65835 INFO tempest.lib.common.fixed_network [-] (ServersTestJSON:test_create_server_with_ipv6_addr_only) Found network {'id': '78758477-dde5-4a71-9ca5-f0c0452a5bf9', 'name': 'tempest-ServersTestJSON-772944968-network', 'tenant_id': '0d186547b31349dfac6792b64b5a5ead', 'admin_state_up': True, 'mtu': 8950, 'status': 'ACTIVE', 'subnets': [], 'shared': False, 'project_id': '0d186547b31349dfac6792b64b5a5ead', 'port_security_enabled': True, 'router:external': False, 'provider:network_type': 'vlan', 'provider:physical_network': 'default', 'provider:segmentation_id': 402, 'availability_zone_hints': [], 'availability_zones': [], 'ipv4_address_scope': None, 'ipv6_address_scope': None, 'description': '', 'tags': [], 'created_at': '2024-12-10T15:36:39Z', 'updated_at': '2024-12-10T15:36:39Z', 'revision_number': 1} available for tenant
2024-12-10 15:38:27.536 65801 INFO tempest.lib.common.rest_client [req-d5fbb838-f321-4210-a885-e3849bd836ab req-d5fbb838-f321-4210-a885-e3849bd836ab ] Request (VolumesAdminNegativeTest:test_update_attached_volume_with_nonexistent_volume_in_body): 200 GET http://10.180.1.21/compute/v2.1/servers/744c8809-f829-4c6b-94ab-9e708d519862 0.296s
2024-12-10 15:38:27.669 65789 INFO tempest.lib.common.rest_client [req-6988a1be-e329-4b63-81c2-4299b78e05a9 req-6988a1be-e329-4b63-81c2-4299b78e05a9 ] Request (ServersTestBootFromVolume:tearDownClass): 200 GET http://10.180.1.21/compute/v2.1/servers/8b970132-af07-43d0-a245-12af6dc77c97 0.303s
2024-12-10 15:38:27.713 65848 INFO tempest.lib.common.rest_client [req-f8fdbab5-136f-4acb-82c1-db616db90f66 req-f8fdbab5-136f-4acb-82c1-db616db90f66 ] Request (InstanceActionsTestJSON:tearDownClass): 200 GET http://10.180.1.21/compute/v2.1/servers/a22c6232-43fc-4294-bb0b-1d52e3b3ace2 0.264s
2024-12-10 15:38:27.790 65841 WARNING tempest.lib.common.ssh [-] Failed to establish authenticated ssh connection to cirros@10.180.180.168 ([Errno None] Unable to connect to port 22 on 10.180.180.168). Number attempts: 5. Retry after 6 seconds.: paramiko.ssh_exception.NoValidConnectionsError: [Errno None] Unable to connect to port 22 on 10.180.180.168
2024-12-10 15:38:27.815 65807 INFO tempest.lib.common.rest_client [req-628d9eee-f7e0-44ca-a1b8-f579f13e058f req-628d9eee-f7e0-44ca-a1b8-f579f13e058f ] Request (ServersTestMultiNic:_run_cleanups): 200 GET http://10.180.1.21/compute/v2.1/servers/eb18c6ea-ee08-46c1-b300-8954011ac68e 0.144s
2024-12-10 15:38:27.850 65785 INFO tempest.lib.common.rest_client [req-79dcc2e1-c6b3-4ebc-a4c2-bbf8422c1b88 req-79dcc2e1-c6b3-4ebc-a4c2-bbf8422c1b88 ] Request (VolumesTestJSON:tearDownClass): 404 GET http://10.180.1.21/volume/v3/volumes/118479db-9d33-480c-ab28-8b578bde4f1f 0.021s
2024-12-10 15:38:27.914 65785 INFO tempest.lib.common.rest_client [req-9d9831b5-5bb7-41c9-a099-a7f9dd1418d3 req-9d9831b5-5bb7-41c9-a099-a7f9dd1418d3 ] Request (VolumesTestJSON:tearDownClass): 202 DELETE http://10.180.1.21/volume/v3/volumes/61293c1f-c436-486b-8fcd-91a0d4a18e13 0.063s
2024-12-10 15:38:27.941 65805 INFO tempest.lib.common.rest_client [req-0f8419d9-4a2b-485f-b08e-fd962c87564a req-0f8419d9-4a2b-485f-b08e-fd962c87564a ] Request (ServersTestJSON:tearDownClass): 200 GET http://10.180.1.21/compute/v2.1/servers/f8a3a6f5-1e4c-47ba-9040-3ecf35eb2b02 0.258s
2024-12-10 15:38:27.972 65785 INFO tempest.lib.common.rest_client [req-aabc492a-4627-4609-a656-7eda4437f810 req-aabc492a-4627-4609-a656-7eda4437f810 ] Request (VolumesTestJSON:tearDownClass): 200 GET http://10.180.1.21/volume/v3/volumes/61293c1f-c436-486b-8fcd-91a0d4a18e13 0.058s
2024-12-10 15:38:28.043 65833 INFO tempest.lib.common.rest_client [req-6925a1ec-fa75-4a7f-b31e-b495bd440c2d req-6925a1ec-fa75-4a7f-b31e-b495bd440c2d ] Request (ImagesTestJSON:test_create_server_from_snapshot): 200 GET http://10.180.1.21/compute/v2.1/servers/600b261e-6358-40de-8eed-710c0dc1ebf3 0.318s
2024-12-10 15:38:28.049 65833 INFO tempest.common.waiters [-] State transition "BUILD/scheduling" ==> "BUILD/None" after 17 second wait
2024-12-10 15:38:28.104 65825 INFO tempest.lib.common.rest_client [req-a0935eea-83e3-4e06-a30c-1ce24c941aff req-a0935eea-83e3-4e06-a30c-1ce24c941aff ] Request (ImagesOneServerNegativeTestJSON:_run_cleanups): 200 GET http://10.180.1.21/compute/v2.1/servers/cd646b42-d969-4a31-bd65-0fd6748a8bab 0.295s
2024-12-10 15:38:28.187 65791 INFO tempest.lib.common.rest_client [req-dc115fbb-16ce-4824-93bc-022f95f3b73e req-dc115fbb-16ce-4824-93bc-022f95f3b73e ] Request (ServerDiagnosticsV248Test:tearDownClass): 200 GET http://10.180.1.21/compute/v2.1/servers/b8769b56-c1c3-41db-ab9e-38485fcb29dc 0.354s
2024-12-10 15:38:28.241 65835 INFO tempest.lib.common.rest_client [req-10b3abf0-b378-41db-b023-da235d7781a6 req-10b3abf0-b378-41db-b023-da235d7781a6 ] Request (ServersTestJSON:test_create_server_with_ipv6_addr_only): 202 POST http://10.180.1.21/compute/v2.1/servers 0.720s
2024-12-10 15:38:28.251 65797 INFO tempest.lib.common.rest_client [req-b863b930-6fca-48e0-81e9-6142c1a422c4 req-b863b930-6fca-48e0-81e9-6142c1a422c4 ] Request (ServersWithSpecificFlavorTestJSON:test_verify_created_server_ephemeral_disk): 200 GET http://10.180.1.21/compute/v2.1/servers/b77463b3-dccc-4ed0-a19b-7d705e03047e 0.365s
2024-12-10 15:38:28.316 65823 INFO tempest.lib.common.rest_client [req-9d5664ee-2edc-4d65-964b-e8a1ed2e1790 req-9d5664ee-2edc-4d65-964b-e8a1ed2e1790 ] Request (ServersAdminNegativeTestJSON:setUpClass): 200 GET http://10.180.1.21/compute/v2.1/servers/02e9aa10-bbde-45f8-b053-024be85f0ddc 0.419s
2024-12-10 15:38:28.320 65827 INFO tempest.lib.common.rest_client [req-ba002400-6dc5-4aab-bf2d-7ca5ab73cea0 req-ba002400-6dc5-4aab-bf2d-7ca5ab73cea0 ] Request (ServerPasswordTestJSON:setUpClass): 200 GET http://10.180.1.21/compute/v2.1/servers/378794aa-e5b8-4906-8dbf-cb6bf630cb4e 0.340s
2024-12-10 15:38:28.366 65809 INFO tempest.lib.common.rest_client [req-3237d4f4-74b4-455d-870c-0ebf49cd2e77 req-3237d4f4-74b4-455d-870c-0ebf49cd2e77 ] Request (ServerActionsTestJSON:setUpClass): 200 PUT http://10.180.1.21:9696/networking/v2.0/floatingips/ccea4832-acae-4df8-9873-a033afa40b6b 1.621s
2024-12-10 15:38:28.367 65809 INFO tempest.lib.common.ssh [-] Creating ssh connection to '10.180.180.205:22' as 'cirros' with public key authentication
2024-12-10 15:38:28.401 65793 INFO tempest.lib.common.rest_client [req-ac1b3ed9-5217-4f61-842b-b68ef5446226 req-ac1b3ed9-5217-4f61-842b-b68ef5446226 ] Request (ServerShowV257Test:test_rebuild_server): 200 GET http://10.180.1.21/compute/v2.1/servers/5751c91d-5ef5-43e7-8b8b-b4b5dc54d2df 0.326s
2024-12-10 15:38:28.464 65835 INFO tempest.lib.common.rest_client [req-ac8e45b0-ece1-4c75-ae00-295df674ac39 req-ac8e45b0-ece1-4c75-ae00-295df674ac39 ] Request (ServersTestJSON:test_create_server_with_ipv6_addr_only): 200 GET http://10.180.1.21/compute/v2.1/servers/6f85a32b-05a5-4ab7-a0a6-29dd0f1347fc 0.221s
2024-12-10 15:38:28.487 65831 INFO tempest.lib.common.rest_client [req-7380a44d-cb3e-4a69-8dd1-cf38755f4e1b req-7380a44d-cb3e-4a69-8dd1-cf38755f4e1b ] Request (SecurityGroupsTestJSON:test_server_security_groups): 200 GET http://10.180.1.21/compute/v2.1/servers/2c5916af-c336-4c15-9894-58d1078b13dd 0.247s
2024-12-10 15:38:28.635 65843 INFO tempest.lib.common.rest_client [req-637b4b65-83d3-4d55-b7e4-9a2488c52a73 req-637b4b65-83d3-4d55-b7e4-9a2488c52a73 ] Request (MigrationsAdminTest:test_resize_server_revert_deleted_flavor): 200 GET http://10.180.1.21/compute/v2.1/servers/9aa10d90-ce21-45e7-8adc-5ad1452e0535 0.285s
2024-12-10 15:38:28.673 65837 INFO tempest.lib.common.rest_client [req-f66aa0cd-86b7-4268-a1a1-80833e8b3d65 req-f66aa0cd-86b7-4268-a1a1-80833e8b3d65 ] Request (MultipleCreateTestJSON:test_multiple_create_with_reservation_return): 200 GET http://10.180.1.21/compute/v2.1/servers/60b1630a-8ac8-4548-bcc9-2a9113bf7fb4 0.406s
2024-12-10 15:38:28.701 65821 INFO tempest.lib.common.rest_client [req-28fc5f0b-8a98-4649-b40b-ae01ce40487e req-28fc5f0b-8a98-4649-b40b-ae01ce40487e ] Request (VolumesAssistedSnapshotsTest:tearDownClass): 200 GET http://10.180.1.21/compute/v2.1/servers/09536b47-40b4-4d91-b280-d240cb877248 0.291s
2024-12-10 15:38:28.726 65811 INFO tempest.lib.common.rest_client [req-b2af49c4-ec0b-4def-be48-31f32aa343e5 req-b2af49c4-ec0b-4def-be48-31f32aa343e5 ] Request (ServersAaction247Test:test_create_backup): 200 GET http://10.180.1.21/compute/v2.1/servers/7471798f-e102-4a51-855d-7444f0284d80 0.208s
2024-12-10 15:38:28.765 65795 INFO tempest.lib.common.rest_client [req-8d538f6b-5e64-467f-acca-0fb66f127daa req-8d538f6b-5e64-467f-acca-0fb66f127daa ] Request (FloatingIPsTestJSON:tearDownClass): 200 PUT http://10.180.1.21:9696/networking/v2.0/routers/7045cfec-00a2-4f41-b6b3-8bc74bdc65b5/remove_router_interface 1.844s
2024-12-10 15:38:28.868 65801 INFO tempest.lib.common.rest_client [req-4d4cf35a-9a15-4884-8b41-61bf40854b47 req-4d4cf35a-9a15-4884-8b41-61bf40854b47 ] Request (VolumesAdminNegativeTest:test_update_attached_volume_with_nonexistent_volume_in_body): 200 GET http://10.180.1.21/compute/v2.1/servers/744c8809-f829-4c6b-94ab-9e708d519862 0.322s
2024-12-10 15:38:28.877 65789 INFO tempest.lib.common.rest_client [req-cd34071f-ea25-490e-8c20-f7cceabd2859 req-cd34071f-ea25-490e-8c20-f7cceabd2859 ] Request (ServersTestBootFromVolume:tearDownClass): 200 GET http://10.180.1.21/compute/v2.1/servers/8b970132-af07-43d0-a245-12af6dc77c97 0.199s
2024-12-10 15:38:28.993 65807 INFO tempest.lib.common.rest_client [req-3bdc9deb-23ff-4a73-8b45-dc5711636c8c req-3bdc9deb-23ff-4a73-8b45-dc5711636c8c ] Request (ServersTestMultiNic:_run_cleanups): 200 GET http://10.180.1.21/compute/v2.1/servers/eb18c6ea-ee08-46c1-b300-8954011ac68e 0.169s
2024-12-10 15:38:29.022 65785 INFO tempest.lib.common.rest_client [req-fcec455d-fd8c-423c-a53b-62146e8690e3 req-fcec455d-fd8c-423c-a53b-62146e8690e3 ] Request (VolumesTestJSON:tearDownClass): 404 GET http://10.180.1.21/volume/v3/volumes/61293c1f-c436-486b-8fcd-91a0d4a18e13 0.040s
2024-12-10 15:38:29.101 65848 INFO tempest.lib.common.rest_client [req-18adc77c-3bc1-4580-835a-c049f0d3491a req-18adc77c-3bc1-4580-835a-c049f0d3491a ] Request (InstanceActionsTestJSON:tearDownClass): 200 GET http://10.180.1.21/compute/v2.1/servers/a22c6232-43fc-4294-bb0b-1d52e3b3ace2 0.381s
