2024-12-10 15:35:38.059 65835 INFO tempest.lib.common.dynamic_creds [-] Created isolated network resources for: credentials: Credentials: {'domain_id': 'default', 'domain_name': 'Default', 'username': 'tempest-FloatingIPDetailsTestJSON-600613903-project-member', 'project_domain_id': 'default', 'project_domain_name': 'Default', 'project_id': '859f133118f24515845064d0c3e13fab', 'project_name': 'tempest-FloatingIPDetailsTestJSON-600613903', 'tenant_id': '859f133118f24515845064d0c3e13fab', 'tenant_name': 'tempest-FloatingIPDetailsTestJSON-600613903', 'user_domain_id': 'default', 'user_domain_name': 'Default', 'user_id': 'dacc253a8c464898a0deb20af6873ddf', 'system': None}, Network: {'id': 'fca359e8-1e9b-46b5-bb16-79df1b754949', 'name': 'tempest-FloatingIPDetailsTestJSON-426181855-network', 'tenant_id': '859f133118f24515845064d0c3e13fab', 'admin_state_up': True, 'mtu': 8950, 'status': 'ACTIVE', 'subnets': [], 'shared': False, 'project_id': '859f133118f24515845064d0c3e13fab', 'port_security_enabled': True, 'router:external': False, 'provider:network_type': 'vlan', 'provider:physical_network': 'default', 'provider:segmentation_id': 680, 'availability_zone_hints': [], 'availability_zones': [], 'ipv4_address_scope': None, 'ipv6_address_scope': None, 'description': '', 'tags': [], 'created_at': '2024-12-10T15:35:33Z', 'updated_at': '2024-12-10T15:35:33Z', 'revision_number': 1}, Subnet: {'id': 'b5596100-bfbb-40b1-af70-7465aa0ca831', 'name': 'tempest-FloatingIPDetailsTestJSON-426181855-subnet', 'tenant_id': '859f133118f24515845064d0c3e13fab', 'network_id': 'fca359e8-1e9b-46b5-bb16-79df1b754949', 'ip_version': 4, 'subnetpool_id': None, 'enable_dhcp': True, 'ipv6_ra_mode': None, 'ipv6_address_mode': None, 'gateway_ip': '192.168.128.1', 'cidr': '192.168.128.0/28', 'allocation_pools': [{'start': '192.168.128.2', 'end': '192.168.128.14'}], 'host_routes': [], 'dns_nameservers': [], 'description': '', 'router:external': False, 'service_types': [], 'tags': [], 'created_at': '2024-12-10T15:35:33Z', 'updated_at': '2024-12-10T15:35:33Z', 'revision_number': 0, 'project_id': '859f133118f24515845064d0c3e13fab'}, Router: {'id': '0809a866-83f7-469e-8ebf-e362f68913ad', 'name': 'tempest-FloatingIPDetailsTestJSON-426181855-router', 'tenant_id': '859f133118f24515845064d0c3e13fab', 'admin_state_up': True, 'status': 'ACTIVE', 'external_gateway_info': {'network_id': 'fa4049bb-e713-41a7-bcde-9c3da00112df', 'external_fixed_ips': [{'subnet_id': 'e8289762-1490-40f8-8523-9adc4fbc5b07', 'ip_address': '10.180.180.142'}], 'enable_snat': True}, 'description': '', 'availability_zones': [], 'distributed': False, 'ha': False, 'availability_zone_hints': [], 'routes': [], 'flavor_id': None, 'tags': [], 'created_at': '2024-12-10T15:35:34Z', 'updated_at': '2024-12-10T15:35:34Z', 'revision_number': 2, 'project_id': '859f133118f24515845064d0c3e13fab'}
2024-12-10 15:35:38.065 65837 INFO tempest.lib.common.rest_client [req-505f8209-dfdc-4f07-b23a-11bb3452e2b8 req-505f8209-dfdc-4f07-b23a-11bb3452e2b8 ] Request (MultipleCreateTestJSON:setUpClass): 200 GET http://10.180.1.21/identity/v3/domains?name=Default 0.181s
2024-12-10 15:35:38.070 65785 INFO tempest.lib.common.rest_client [req-a5afa7ee-25a8-448a-bb74-34424217836e req-a5afa7ee-25a8-448a-bb74-34424217836e ] Request (AggregatesAdminNegativeTestJSON:tearDownClass): 200 GET http://10.180.1.21:9696/networking/v2.0/security-groups?tenant_id=9ee76c19890e41f593d73180dcfed1ac&name=default 0.459s
2024-12-10 15:35:38.137 65823 INFO tempest.lib.common.rest_client [req-a7c928ed-726a-4073-a1ff-6b9ff42a8648 req-a7c928ed-726a-4073-a1ff-6b9ff42a8648 ] Request (ServerDiagnosticsNegativeTest:test_get_server_diagnostics_by_non_admin): 200 GET http://10.180.1.21/compute/v2.1/servers/a562d639-3f17-4755-85b5-dfdd6ad40529 2.089s
2024-12-10 15:35:38.141 65805 INFO tempest.lib.common.rest_client [req-e53b889b-ff62-413d-b332-a357a69e5067 req-e53b889b-ff62-413d-b332-a357a69e5067 ] Request (ServersTestJSON:setUpClass): 201 POST http://10.180.1.21:9696/networking/v2.0/security-groups 0.207s
2024-12-10 15:35:38.156 65791 INFO tempest.lib.common.rest_client [req-ee11ecbb-81d7-4072-b2bb-d8cee723268b req-ee11ecbb-81d7-4072-b2bb-d8cee723268b ] Request (AZAdminNegativeTestJSON:tearDownClass): 204 DELETE http://10.180.1.21/identity/v3/users/01c4bd169188431c8e5a4d11fb735ac2 0.177s
2024-12-10 15:35:38.157 65791 INFO tempest.lib.common.dynamic_creds [-] Deleting project and security group for project: 502345e5929c4ebcaff317e841ddaf98
2024-12-10 15:35:38.167 65841 INFO tempest.lib.common.rest_client [req-eb37ecbc-8b4d-41fd-9e24-7daa8b585389 req-eb37ecbc-8b4d-41fd-9e24-7daa8b585389 ] Request (FlavorsExtraSpecsTestJSON:test_flavor_non_admin_get_specific_key): 200 POST http://10.180.1.21/compute/v2.1/flavors/1804769513/os-extra_specs 1.869s
2024-12-10 15:35:38.170 65787 INFO tempest.lib.common.rest_client [req-4bf934d1-7e69-4ba5-9119-50588d0b0779 req-4bf934d1-7e69-4ba5-9119-50588d0b0779 ] Request (ServicesAdminNegativeTestJSON:test_get_service_by_invalid_params): 200 GET http://10.180.1.21/compute/v2.1/os-services 1.967s
2024-12-10 15:35:38.200 65827 INFO tempest.lib.common.rest_client [req-382cfaf6-c4b3-4282-9ee0-103d0124dd6c req-382cfaf6-c4b3-4282-9ee0-103d0124dd6c ] Request (QuotasSecurityGroupAdminNegativeTest:tearDownClass): 201 POST http://10.180.1.21/identity/v3/auth/tokens 0.164s
2024-12-10 15:35:38.223 65835 INFO tempest.lib.common.rest_client [req-122f91de-9b55-46e7-a734-f15e6ae7cd36 req-122f91de-9b55-46e7-a734-f15e6ae7cd36 ] Request (FloatingIPDetailsTestJSON:setUpClass): 201 POST http://10.180.1.21/identity/v3/auth/tokens 0.161s
2024-12-10 15:35:38.229 65833 INFO tempest.lib.common.rest_client [req-1294605b-c9c4-4244-83a8-cc846f6328fe req-1294605b-c9c4-4244-83a8-cc846f6328fe ] Request (ImagesTestJSON:setUpClass): 200 PUT http://10.180.1.21:9696/networking/v2.0/routers/00e498b5-6b5e-4d8f-a23f-08a65e17002d/add_router_interface 2.004s
2024-12-10 15:35:38.229 65833 INFO tempest.lib.common.dynamic_creds [-] Created isolated network resources for: credentials: Credentials: {'domain_id': 'default', 'domain_name': 'Default', 'username': 'tempest-ImagesTestJSON-1853474191-project-member', 'project_domain_id': 'default', 'project_domain_name': 'Default', 'project_id': 'c29ee1bd021a4f1ea02f43c6250a3199', 'project_name': 'tempest-ImagesTestJSON-1853474191', 'tenant_id': 'c29ee1bd021a4f1ea02f43c6250a3199', 'tenant_name': 'tempest-ImagesTestJSON-1853474191', 'user_domain_id': 'default', 'user_domain_name': 'Default', 'user_id': '16fc230a3e6a4e588a39bbb8fe11b16b', 'system': None}, Network: {'id': '52203f93-8b4e-4798-823f-4f733c12d44e', 'name': 'tempest-ImagesTestJSON-1267178027-network', 'tenant_id': 'c29ee1bd021a4f1ea02f43c6250a3199', 'admin_state_up': True, 'mtu': 8950, 'status': 'ACTIVE', 'subnets': [], 'shared': False, 'project_id': 'c29ee1bd021a4f1ea02f43c6250a3199', 'port_security_enabled': True, 'router:external': False, 'provider:network_type': 'vlan', 'provider:physical_network': 'default', 'provider:segmentation_id': 507, 'availability_zone_hints': [], 'availability_zones': [], 'ipv4_address_scope': None, 'ipv6_address_scope': None, 'description': '', 'tags': [], 'created_at': '2024-12-10T15:35:33Z', 'updated_at': '2024-12-10T15:35:33Z', 'revision_number': 1}, Subnet: {'id': 'bd7bc0c8-a66b-4e23-992a-70be13212c0f', 'name': 'tempest-ImagesTestJSON-1267178027-subnet', 'tenant_id': 'c29ee1bd021a4f1ea02f43c6250a3199', 'network_id': '52203f93-8b4e-4798-823f-4f733c12d44e', 'ip_version': 4, 'subnetpool_id': None, 'enable_dhcp': True, 'ipv6_ra_mode': None, 'ipv6_address_mode': None, 'gateway_ip': '192.168.128.1', 'cidr': '192.168.128.0/28', 'allocation_pools': [{'start': '192.168.128.2', 'end': '192.168.128.14'}], 'host_routes': [], 'dns_nameservers': [], 'description': '', 'router:external': False, 'service_types': [], 'tags': [], 'created_at': '2024-12-10T15:35:33Z', 'updated_at': '2024-12-10T15:35:33Z', 'revision_number': 0, 'project_id': 'c29ee1bd021a4f1ea02f43c6250a3199'}, Router: {'id': '00e498b5-6b5e-4d8f-a23f-08a65e17002d', 'name': 'tempest-ImagesTestJSON-1267178027-router', 'tenant_id': 'c29ee1bd021a4f1ea02f43c6250a3199', 'admin_state_up': True, 'status': 'ACTIVE', 'external_gateway_info': {'network_id': 'fa4049bb-e713-41a7-bcde-9c3da00112df', 'external_fixed_ips': [{'subnet_id': 'e8289762-1490-40f8-8523-9adc4fbc5b07', 'ip_address': '10.180.180.133'}], 'enable_snat': True}, 'description': '', 'availability_zones': [], 'distributed': False, 'ha': False, 'availability_zone_hints': [], 'routes': [], 'flavor_id': None, 'tags': [], 'created_at': '2024-12-10T15:35:34Z', 'updated_at': '2024-12-10T15:35:35Z', 'revision_number': 2, 'project_id': 'c29ee1bd021a4f1ea02f43c6250a3199'}
2024-12-10 15:35:38.232 65837 INFO tempest.lib.common.rest_client [req-493ae074-baae-408e-b611-5a7e5a9eeff4 req-493ae074-baae-408e-b611-5a7e5a9eeff4 ] Request (MultipleCreateTestJSON:setUpClass): 201 POST http://10.180.1.21/identity/v3/projects 0.166s
2024-12-10 15:35:38.248 65821 INFO tempest.lib.common.rest_client [req-5586d693-4ff2-43a5-b9f9-7d82f445f75b req-5586d693-4ff2-43a5-b9f9-7d82f445f75b ] Request (VolumesAssistedSnapshotsTest:setUpClass): 200 PUT http://10.180.1.21:9696/networking/v2.0/routers/3d7f7d32-6a42-4236-86fa-a11d401e0b88/add_router_interface 1.533s
2024-12-10 15:35:38.248 65821 INFO tempest.lib.common.dynamic_creds [-] Created isolated network resources for: credentials: Credentials: {'domain_id': 'default', 'domain_name': 'Default', 'username': 'tempest-VolumesAssistedSnapshotsTest-714331339-project-admin', 'project_domain_id': 'default', 'project_domain_name': 'Default', 'project_id': '2a6feca8c6c842ddb5f2a35051bc1b74', 'project_name': 'tempest-VolumesAssistedSnapshotsTest-714331339', 'tenant_id': '2a6feca8c6c842ddb5f2a35051bc1b74', 'tenant_name': 'tempest-VolumesAssistedSnapshotsTest-714331339', 'user_domain_id': 'default', 'user_domain_name': 'Default', 'user_id': '0b3dd3e3184a461887078b5c329bc7da', 'system': None}, Network: {'id': 'a81049bb-ce29-45ec-b28c-d7df4cfa4710', 'name': 'tempest-VolumesAssistedSnapshotsTest-559518022-network', 'tenant_id': '2a6feca8c6c842ddb5f2a35051bc1b74', 'admin_state_up': True, 'mtu': 8950, 'status': 'ACTIVE', 'subnets': [], 'shared': False, 'project_id': '2a6feca8c6c842ddb5f2a35051bc1b74', 'port_security_enabled': True, 'router:external': False, 'provider:network_type': 'vlan', 'provider:physical_network': 'default', 'provider:segmentation_id': 218, 'availability_zone_hints': [], 'availability_zones': [], 'ipv4_address_scope': None, 'ipv6_address_scope': None, 'description': '', 'tags': [], 'created_at': '2024-12-10T15:35:34Z', 'updated_at': '2024-12-10T15:35:34Z', 'revision_number': 1}, Subnet: {'id': '86c20f22-faef-4d69-9bbb-761d1ba623c8', 'name': 'tempest-VolumesAssistedSnapshotsTest-559518022-subnet', 'tenant_id': '2a6feca8c6c842ddb5f2a35051bc1b74', 'network_id': 'a81049bb-ce29-45ec-b28c-d7df4cfa4710', 'ip_version': 4, 'subnetpool_id': None, 'enable_dhcp': True, 'ipv6_ra_mode': None, 'ipv6_address_mode': None, 'gateway_ip': '192.168.128.1', 'cidr': '192.168.128.0/28', 'allocation_pools': [{'start': '192.168.128.2', 'end': '192.168.128.14'}], 'host_routes': [], 'dns_nameservers': [], 'description': '', 'router:external': False, 'service_types': [], 'tags': [], 'created_at': '2024-12-10T15:35:35Z', 'updated_at': '2024-12-10T15:35:35Z', 'revision_number': 0, 'project_id': '2a6feca8c6c842ddb5f2a35051bc1b74'}, Router: {'id': '3d7f7d32-6a42-4236-86fa-a11d401e0b88', 'name': 'tempest-VolumesAssistedSnapshotsTest-559518022-router', 'tenant_id': '2a6feca8c6c842ddb5f2a35051bc1b74', 'admin_state_up': True, 'status': 'ACTIVE', 'external_gateway_info': {'network_id': 'fa4049bb-e713-41a7-bcde-9c3da00112df', 'external_fixed_ips': [{'subnet_id': 'e8289762-1490-40f8-8523-9adc4fbc5b07', 'ip_address': '10.180.180.200'}], 'enable_snat': True}, 'description': '', 'availability_zones': [], 'distributed': False, 'ha': False, 'availability_zone_hints': [], 'routes': [], 'flavor_id': None, 'tags': [], 'created_at': '2024-12-10T15:35:35Z', 'updated_at': '2024-12-10T15:35:36Z', 'revision_number': 2, 'project_id': '2a6feca8c6c842ddb5f2a35051bc1b74'}
2024-12-10 15:35:38.271 65791 INFO tempest.lib.common.rest_client [req-1bfa09f1-75e5-46f0-9190-e65cdabfc1bb req-1bfa09f1-75e5-46f0-9190-e65cdabfc1bb ] Request (AZAdminNegativeTestJSON:tearDownClass): 201 POST http://10.180.1.21/identity/v3/auth/tokens 0.114s
2024-12-10 15:35:38.336 65837 INFO tempest.lib.common.rest_client [req-75b8afb3-0518-43ea-9283-98ce2d534544 req-75b8afb3-0518-43ea-9283-98ce2d534544 ] Request (MultipleCreateTestJSON:setUpClass): 201 POST http://10.180.1.21/identity/v3/users 0.102s
2024-12-10 15:35:38.341 65843 INFO tempest.lib.common.rest_client [req-b61e8796-7279-4c1b-b9f0-2c75d26000a5 req-b61e8796-7279-4c1b-b9f0-2c75d26000a5 ] Request (MigrationsAdminTest:test_list_migrations): 200 GET http://10.180.1.21/compute/v2.1/os-migrations 1.959s
2024-12-10 15:35:38.349 65799 INFO tempest.lib.common.rest_client [req-8cba2417-674d-425c-8c68-b0c80e2555f3 req-8cba2417-674d-425c-8c68-b0c80e2555f3 ] Request (FlavorsAccessTestJSON:test_flavor_access_add_remove): 200 GET http://10.180.1.21/compute/v2.1/flavors/detail 1.795s
2024-12-10 15:35:38.388 65785 INFO tempest.lib.common.rest_client [req-f69818b5-831a-4d71-a196-cb54bc70d5a6 req-f69818b5-831a-4d71-a196-cb54bc70d5a6 ] Request (AggregatesAdminNegativeTestJSON:tearDownClass): 204 DELETE http://10.180.1.21:9696/networking/v2.0/security-groups/7b579210-3651-4f45-ade8-8462534d8bf9 0.317s
2024-12-10 15:35:38.394 65805 INFO tempest.lib.common.rest_client [req-fcf153c8-f2d2-481d-b74a-f1d7fbfcc60b req-fcf153c8-f2d2-481d-b74a-f1d7fbfcc60b ] Request (ServersTestJSON:setUpClass): 201 POST http://10.180.1.21:9696/networking/v2.0/security-group-rules 0.248s
2024-12-10 15:35:38.404 65833 INFO tempest.lib.common.rest_client [req-ba019edc-6bda-409e-85ff-5d9df9cdc718 req-ba019edc-6bda-409e-85ff-5d9df9cdc718 ] Request (ImagesTestJSON:setUpClass): 201 POST http://10.180.1.21/identity/v3/auth/tokens 0.172s
2024-12-10 15:35:38.422 65821 INFO tempest.lib.common.rest_client [req-485a900c-3994-437c-aa71-ba285573e4e4 req-485a900c-3994-437c-aa71-ba285573e4e4 ] Request (VolumesAssistedSnapshotsTest:setUpClass): 201 POST http://10.180.1.21/identity/v3/auth/tokens 0.171s
2024-12-10 15:35:38.436 65837 INFO tempest.lib.common.rest_client [req-39dd2902-067d-4e11-bc8e-26e2ffda2662 req-39dd2902-067d-4e11-bc8e-26e2ffda2662 ] Request (MultipleCreateTestJSON:setUpClass): 200 GET http://10.180.1.21/identity/v3/roles 0.099s
2024-12-10 15:35:38.489 65827 INFO tempest.lib.common.rest_client [req-44a8b96d-c71c-4383-9ece-83c17a080abb req-44a8b96d-c71c-4383-9ece-83c17a080abb ] Request (QuotasSecurityGroupAdminNegativeTest:tearDownClass): 200 GET http://10.180.1.21:9696/networking/v2.0/security-groups?tenant_id=26afc8bcf9f74610821f9babc11a895e&name=default 0.288s
2024-12-10 15:35:38.504 65803 INFO tempest.lib.common.rest_client [req-2b9b60f9-954d-47cb-a182-e0b17178e1e8 req-2b9b60f9-954d-47cb-a182-e0b17178e1e8 ] Request (InstanceUsageAuditLogTestJSON:test_get_instance_usage_audit_log): 200 GET http://10.180.1.21/compute/v2.1/os-instance_usage_audit_log/2024-12-10%2015%3A35%3A36 1.863s
2024-12-10 15:35:38.509 65843 INFO tempest.lib.common.rest_client [req-1bc548bc-877a-44a8-b864-40409e82c71e req-1bc548bc-877a-44a8-b864-40409e82c71e ] Request (MigrationsAdminTest:test_list_migrations_in_flavor_resize_situation): 201 POST http://10.180.1.21/identity/v3/auth/tokens 0.162s
2024-12-10 15:35:38.509 65843 INFO tempest.lib.common.fixed_network [-] (MigrationsAdminTest:test_list_migrations_in_flavor_resize_situation) Found network None available for tenant
2024-12-10 15:35:38.560 65791 INFO tempest.lib.common.rest_client [req-63ce9d6a-4ad2-441a-a7e3-588a1b1538e2 req-63ce9d6a-4ad2-441a-a7e3-588a1b1538e2 ] Request (AZAdminNegativeTestJSON:tearDownClass): 200 GET http://10.180.1.21:9696/networking/v2.0/security-groups?tenant_id=502345e5929c4ebcaff317e841ddaf98&name=default 0.288s
2024-12-10 15:35:38.569 65815 INFO tempest.lib.common.rest_client [req-cab7295e-432b-492a-91ec-12344154a4ef req-cab7295e-432b-492a-91ec-12344154a4ef ] Request (AZAdminV2TestJSON:test_get_availability_zone_list): 200 GET http://10.180.1.21/compute/v2.1/os-availability-zone 1.863s
2024-12-10 15:35:38.589 65785 INFO tempest.lib.common.rest_client [req-8f6ee08e-6625-4c90-8823-496c0fd76191 req-8f6ee08e-6625-4c90-8823-496c0fd76191 ] Request (AggregatesAdminNegativeTestJSON:tearDownClass): 204 DELETE http://10.180.1.21/identity/v3/projects/9ee76c19890e41f593d73180dcfed1ac 0.200s
2024-12-10 15:35:38.594 65833 INFO tempest.lib.common.rest_client [req-30c1299f-5a0c-4dbc-b957-1b5fa52a010a req-30c1299f-5a0c-4dbc-b957-1b5fa52a010a ] Request (ImagesTestJSON:test_create_image_from_stopped_server): 201 POST http://10.180.1.21/identity/v3/auth/tokens 0.182s
2024-12-10 15:35:38.595 65833 INFO tempest.lib.common.fixed_network [-] (ImagesTestJSON:test_create_image_from_stopped_server) Found network {'id': '52203f93-8b4e-4798-823f-4f733c12d44e', 'name': 'tempest-ImagesTestJSON-1267178027-network', 'tenant_id': 'c29ee1bd021a4f1ea02f43c6250a3199', 'admin_state_up': True, 'mtu': 8950, 'status': 'ACTIVE', 'subnets': [], 'shared': False, 'project_id': 'c29ee1bd021a4f1ea02f43c6250a3199', 'port_security_enabled': True, 'router:external': False, 'provider:network_type': 'vlan', 'provider:physical_network': 'default', 'provider:segmentation_id': 507, 'availability_zone_hints': [], 'availability_zones': [], 'ipv4_address_scope': None, 'ipv6_address_scope': None, 'description': '', 'tags': [], 'created_at': '2024-12-10T15:35:33Z', 'updated_at': '2024-12-10T15:35:33Z', 'revision_number': 1} available for tenant
2024-12-10 15:35:38.649 65791 INFO tempest.lib.common.rest_client [req-612f8700-ad2e-4de8-81da-268327dd05a7 req-612f8700-ad2e-4de8-81da-268327dd05a7 ] Request (AZAdminNegativeTestJSON:tearDownClass): 204 DELETE http://10.180.1.21:9696/networking/v2.0/security-groups/8e630a78-bfa6-4d8d-ae99-0c4cd5a7f8d2 0.088s
2024-12-10 15:35:38.650 65837 INFO tempest.lib.common.rest_client [req-683c2475-05e8-4021-ba97-e112f1381d63 req-683c2475-05e8-4021-ba97-e112f1381d63 ] Request (MultipleCreateTestJSON:setUpClass): 204 PUT http://10.180.1.21/identity/v3/projects/bb856fe61538435a9ace2191e36c195f/users/d8aed93853db4d9a90ff52617bb27e2a/roles/b7778b9a80fc4f0e9a25f576cd0a0571 0.214s
2024-12-10 15:35:38.651 65837 INFO tempest.lib.common.dynamic_creds [-] Dynamic test user d8aed93853db4d9a90ff52617bb27e2a is created with scope project and roles: ['member']
2024-12-10 15:35:38.651 65837 INFO tempest.lib.common.dynamic_creds [-] Acquired dynamic creds: credentials: Credentials: {'domain_id': 'default', 'domain_name': 'Default', 'username': 'tempest-MultipleCreateTestJSON-1028449630-project-member', 'project_domain_id': 'default', 'project_domain_name': 'Default', 'project_id': 'bb856fe61538435a9ace2191e36c195f', 'project_name': 'tempest-MultipleCreateTestJSON-1028449630', 'tenant_id': 'bb856fe61538435a9ace2191e36c195f', 'tenant_name': 'tempest-MultipleCreateTestJSON-1028449630', 'user_domain_id': 'default', 'user_domain_name': 'Default', 'user_id': 'd8aed93853db4d9a90ff52617bb27e2a', 'system': None}, Network: None, Subnet: None, Router: None
2024-12-10 15:35:38.659 65821 INFO tempest.lib.common.rest_client [req-4b8b1457-f55b-4860-aecd-17a499aca269 req-4b8b1457-f55b-4860-aecd-17a499aca269 ] Request (VolumesAssistedSnapshotsTest:setUpClass): 201 POST http://10.180.1.21/identity/v3/projects 0.236s
2024-12-10 15:35:38.707 65805 INFO tempest.lib.common.rest_client [req-19d070e2-a653-4dc0-8f01-9439774acaa2 req-19d070e2-a653-4dc0-8f01-9439774acaa2 ] Request (ServersTestJSON:setUpClass): 201 POST http://10.180.1.21:9696/networking/v2.0/security-group-rules 0.313s
2024-12-10 15:35:38.772 65827 INFO tempest.lib.common.rest_client [req-e344d83b-2d61-4afb-bb35-1b54de36fa21 req-e344d83b-2d61-4afb-bb35-1b54de36fa21 ] Request (QuotasSecurityGroupAdminNegativeTest:tearDownClass): 204 DELETE http://10.180.1.21:9696/networking/v2.0/security-groups/ba911cac-a8a6-4c60-b2c9-445c0f3f7e06 0.283s
2024-12-10 15:35:38.822 65789 INFO tempest.lib.common.rest_client [req-60e517fa-07b8-4e7b-8173-c055fac20772 req-60e517fa-07b8-4e7b-8173-c055fac20772 ] Request (HypervisorAdminV253TestBase:test_list_show_detail_hypervisors): 200 GET http://10.180.1.21/compute/v2.1/os-hypervisors/detail?with_servers=True 2.045s
2024-12-10 15:35:38.828 65785 INFO tempest.lib.common.rest_client [req-fa87a0cc-7ea1-47cc-9df0-2894567c170e req-fa87a0cc-7ea1-47cc-9df0-2894567c170e ] Request (FlavorsV2TestJSON:setUpClass): 201 POST http://10.180.1.21/identity/v3/auth/tokens 0.237s
2024-12-10 15:35:38.830 65811 INFO tempest.lib.common.rest_client [req-6e2d4dbc-d138-43b4-8493-f815a76fdb4e req-6e2d4dbc-d138-43b4-8493-f815a76fdb4e ] Request (FlavorsV261TestJSON:test_crud_flavor): 200 POST http://10.180.1.21/compute/v2.1/flavors 2.102s
2024-12-10 15:35:38.855 65837 INFO tempest.lib.common.rest_client [req-b2cfec94-61ca-4ea5-ad65-cb921ef41fe3 req-b2cfec94-61ca-4ea5-ad65-cb921ef41fe3 ] Request (MultipleCreateTestJSON:setUpClass): 201 POST http://10.180.1.21/identity/v3/auth/tokens 0.203s
2024-12-10 15:35:38.886 65821 INFO tempest.lib.common.rest_client [req-8a501062-fa7b-4573-8245-18678f5a6747 req-8a501062-fa7b-4573-8245-18678f5a6747 ] Request (VolumesAssistedSnapshotsTest:setUpClass): 201 POST http://10.180.1.21/identity/v3/users 0.226s
2024-12-10 15:35:38.896 65791 INFO tempest.lib.common.rest_client [req-6404c781-e544-425b-8df6-002d016432ca req-6404c781-e544-425b-8df6-002d016432ca ] Request (AZAdminNegativeTestJSON:tearDownClass): 204 DELETE http://10.180.1.21/identity/v3/projects/502345e5929c4ebcaff317e841ddaf98 0.246s
2024-12-10 15:35:38.896 65791 INFO tempest.lib.common.dynamic_creds [-] Deleting project and security group for project: 29043745fbba4121a72caad3f7b10b4c
2024-12-10 15:35:38.991 65827 INFO tempest.lib.common.rest_client [req-8f4abbc6-605e-48d1-a9e8-eb3b6426074b req-8f4abbc6-605e-48d1-a9e8-eb3b6426074b ] Request (QuotasSecurityGroupAdminNegativeTest:tearDownClass): 204 DELETE http://10.180.1.21/identity/v3/projects/26afc8bcf9f74610821f9babc11a895e 0.218s
2024-12-10 15:35:38.991 65827 INFO tempest.lib.common.dynamic_creds [-] Deleting project and security group for project: 0c750bc8e2b544e9992626ceaa2282df
2024-12-10 15:35:39.028 65817 INFO tempest.lib.common.rest_client [req-36efb961-8e35-43c4-8239-478ead564888 req-36efb961-8e35-43c4-8239-478ead564888 ] Request (FlavorsV255TestJSON:test_crud_flavor): 200 POST http://10.180.1.21/compute/v2.1/flavors 2.216s
2024-12-10 15:35:39.059 65785 INFO tempest.lib.common.rest_client [req-64b5fa69-0e73-42e9-b4be-14e9e84379a6 req-64b5fa69-0e73-42e9-b4be-14e9e84379a6 ] Request (FlavorsV2TestJSON:setUpClass): 201 POST http://10.180.1.21/identity/v3/auth/tokens 0.229s
2024-12-10 15:35:39.110 65821 INFO tempest.lib.common.rest_client [req-71933a56-8d24-4edc-9753-dc765428e470 req-71933a56-8d24-4edc-9753-dc765428e470 ] Request (VolumesAssistedSnapshotsTest:setUpClass): 200 GET http://10.180.1.21/identity/v3/roles 0.223s
2024-12-10 15:35:39.135 65785 INFO tempest.lib.common.rest_client [req-ad6f0dd9-c0b4-4d1b-99e7-55cdef1d9d7d req-ad6f0dd9-c0b4-4d1b-99e7-55cdef1d9d7d ] Request (FlavorsV2TestJSON:setUpClass): 200 GET http://10.180.1.21/identity/v3/domains?name=Default 0.075s
2024-12-10 15:35:39.164 65791 INFO tempest.lib.common.rest_client [req-5680e4c0-60e3-4c0d-8ba6-dee492798abe req-5680e4c0-60e3-4c0d-8ba6-dee492798abe ] Request (AZAdminNegativeTestJSON:tearDownClass): 200 GET http://10.180.1.21:9696/networking/v2.0/security-groups?tenant_id=29043745fbba4121a72caad3f7b10b4c&name=default 0.268s
2024-12-10 15:35:39.174 65821 INFO tempest.lib.common.rest_client [req-57972fc6-892b-471e-a37b-dd6c76a9d3ca req-57972fc6-892b-471e-a37b-dd6c76a9d3ca ] Request (VolumesAssistedSnapshotsTest:setUpClass): 204 PUT http://10.180.1.21/identity/v3/projects/e8810905b40644f5bae424c78f687a7c/users/f7d84b15be6543db9301a672e3919660/roles/82763d19b34e4ffd8b6b5e39a23abb4e 0.063s
2024-12-10 15:35:39.212 65813 INFO tempest.lib.common.rest_client [req-d9efa2ef-cf41-454e-92c7-d5c668049561 req-d9efa2ef-cf41-454e-92c7-d5c668049561 ] Request (FlavorsExtraSpecsNegativeTestJSON:setUpClass): 200 POST http://10.180.1.21/compute/v2.1/flavors 2.193s
2024-12-10 15:35:39.213 65797 INFO tempest.lib.common.rest_client [req-ea080281-22e4-4ffe-a9f4-f38c9497a6f4 req-ea080281-22e4-4ffe-a9f4-f38c9497a6f4 ] Request (ServersWithSpecificFlavorTestJSON:setUpClass): 201 POST http://10.180.1.21:9696/networking/v2.0/routers 1.868s
2024-12-10 15:35:39.213 65805 INFO tempest.lib.common.rest_client [req-8587f53e-e70e-4aa9-97b5-3bf18edbec23 req-8587f53e-e70e-4aa9-97b5-3bf18edbec23 ] Request (ServersTestJSON:setUpClass): 201 POST http://10.180.1.21:9696/networking/v2.0/floatingips 0.505s
2024-12-10 15:35:39.238 65821 INFO tempest.lib.common.rest_client [req-e58a3e0c-3bcd-4004-bde1-8435d308095c req-e58a3e0c-3bcd-4004-bde1-8435d308095c ] Request (VolumesAssistedSnapshotsTest:setUpClass): 200 GET http://10.180.1.21/identity/v3/roles 0.064s
2024-12-10 15:35:39.245 65785 INFO tempest.lib.common.rest_client [req-2ef8be3c-7c76-4758-a218-59348de8fbba req-2ef8be3c-7c76-4758-a218-59348de8fbba ] Request (FlavorsV2TestJSON:setUpClass): 201 POST http://10.180.1.21/identity/v3/projects 0.109s
2024-12-10 15:35:39.274 65827 INFO tempest.lib.common.rest_client [req-24d12391-af4a-4e39-b3aa-5042594ff5cb req-24d12391-af4a-4e39-b3aa-5042594ff5cb ] Request (QuotasSecurityGroupAdminNegativeTest:tearDownClass): 200 GET http://10.180.1.21:9696/networking/v2.0/security-groups?tenant_id=0c750bc8e2b544e9992626ceaa2282df&name=default 0.282s
2024-12-10 15:35:39.316 65821 INFO tempest.lib.common.rest_client [req-72fbf7bc-dc59-41fa-899a-c3c9a2b0a26b req-72fbf7bc-dc59-41fa-899a-c3c9a2b0a26b ] Request (VolumesAssistedSnapshotsTest:setUpClass): 204 PUT http://10.180.1.21/identity/v3/projects/e8810905b40644f5bae424c78f687a7c/users/f7d84b15be6543db9301a672e3919660/roles/59762e1ba0e74d72a6f88aafd6dff893 0.077s
2024-12-10 15:35:39.317 65821 INFO tempest.lib.common.dynamic_creds [-] Dynamic test user f7d84b15be6543db9301a672e3919660 is created with scope project and roles: ['service', 'admin']
2024-12-10 15:35:39.317 65821 INFO tempest.lib.common.dynamic_creds [-] Acquired dynamic creds: credentials: Credentials: {'domain_id': 'default', 'domain_name': 'Default', 'username': 'tempest-VolumesAssistedSnapshotsTest-1831563351-project', 'project_domain_id': 'default', 'project_domain_name': 'Default', 'project_id': 'e8810905b40644f5bae424c78f687a7c', 'project_name': 'tempest-VolumesAssistedSnapshotsTest-1831563351', 'tenant_id': 'e8810905b40644f5bae424c78f687a7c', 'tenant_name': 'tempest-VolumesAssistedSnapshotsTest-1831563351', 'user_domain_id': 'default', 'user_domain_name': 'Default', 'user_id': 'f7d84b15be6543db9301a672e3919660', 'system': None}, Network: None, Subnet: None, Router: None
2024-12-10 15:35:39.393 65785 INFO tempest.lib.common.rest_client [req-59292a9e-be0c-443a-ab57-67d4302c8091 req-59292a9e-be0c-443a-ab57-67d4302c8091 ] Request (FlavorsV2TestJSON:setUpClass): 201 POST http://10.180.1.21/identity/v3/users 0.147s
2024-12-10 15:35:39.450 65785 INFO tempest.lib.common.rest_client [req-50d49bdc-1612-45bc-bdc2-71b8752a37dc req-50d49bdc-1612-45bc-bdc2-71b8752a37dc ] Request (FlavorsV2TestJSON:setUpClass): 200 GET http://10.180.1.21/identity/v3/roles 0.056s
2024-12-10 15:35:39.457 65791 INFO tempest.lib.common.rest_client [req-258cd3da-01d5-4186-8c36-744618f3345a req-258cd3da-01d5-4186-8c36-744618f3345a ] Request (AZAdminNegativeTestJSON:tearDownClass): 204 DELETE http://10.180.1.21:9696/networking/v2.0/security-groups/3876a237-955f-4d10-adfa-1c115d64d7f4 0.292s
2024-12-10 15:35:39.466 65805 INFO tempest.lib.common.rest_client [req-7c89493b-8f53-456e-9e6f-7a310bd1fb21 req-7c89493b-8f53-456e-9e6f-7a310bd1fb21 ] Request (ServersTestJSON:setUpClass): 201 POST http://10.180.1.21/identity/v3/auth/tokens 0.199s
2024-12-10 15:35:39.467 65805 INFO tempest.lib.common.fixed_network [-] (ServersTestJSON:setUpClass) Found network {'id': 'cda7d946-ce40-4cf6-b7d0-24a57addf765', 'name': 'tempest-ServersTestJSON-1725880428-network', 'tenant_id': '3e8cfa1db9914a89a34c92a570ca7053', 'admin_state_up': True, 'mtu': 8950, 'status': 'ACTIVE', 'subnets': [], 'shared': False, 'project_id': '3e8cfa1db9914a89a34c92a570ca7053', 'port_security_enabled': True, 'router:external': False, 'provider:network_type': 'vlan', 'provider:physical_network': 'default', 'provider:segmentation_id': 953, 'availability_zone_hints': [], 'availability_zones': [], 'ipv4_address_scope': None, 'ipv6_address_scope': None, 'description': '', 'tags': [], 'created_at': '2024-12-10T15:35:32Z', 'updated_at': '2024-12-10T15:35:32Z', 'revision_number': 1} available for tenant
2024-12-10 15:35:39.492 65785 INFO tempest.lib.common.rest_client [req-21d98d34-1f53-476b-aa61-0ee04e0af17e req-21d98d34-1f53-476b-aa61-0ee04e0af17e ] Request (FlavorsV2TestJSON:setUpClass): 204 PUT http://10.180.1.21/identity/v3/projects/a0441f5f3cd34ed3bb51cd5178fa022d/users/9315b4c8f5ae4c0eb383fba8c34826bc/roles/b7778b9a80fc4f0e9a25f576cd0a0571 0.041s
2024-12-10 15:35:39.492 65785 INFO tempest.lib.common.dynamic_creds [-] Dynamic test user 9315b4c8f5ae4c0eb383fba8c34826bc is created with scope project and roles: ['member']
2024-12-10 15:35:39.492 65785 INFO tempest.lib.common.dynamic_creds [-] Acquired dynamic creds: credentials: Credentials: {'domain_id': 'default', 'domain_name': 'Default', 'username': 'tempest-FlavorsV2TestJSON-620641808-project-member', 'project_domain_id': 'default', 'project_domain_name': 'Default', 'project_id': 'a0441f5f3cd34ed3bb51cd5178fa022d', 'project_name': 'tempest-FlavorsV2TestJSON-620641808', 'tenant_id': 'a0441f5f3cd34ed3bb51cd5178fa022d', 'tenant_name': 'tempest-FlavorsV2TestJSON-620641808', 'user_domain_id': 'default', 'user_domain_name': 'Default', 'user_id': '9315b4c8f5ae4c0eb383fba8c34826bc', 'system': None}, Network: None, Subnet: None, Router: None
2024-12-10 15:35:39.492 65785 INFO tempest.lib.common.dynamic_creds [-] Created isolated network resources for: credentials: Credentials: {'domain_id': 'default', 'domain_name': 'Default', 'username': 'tempest-FlavorsV2TestJSON-620641808-project-member', 'project_domain_id': 'default', 'project_domain_name': 'Default', 'project_id': 'a0441f5f3cd34ed3bb51cd5178fa022d', 'project_name': 'tempest-FlavorsV2TestJSON-620641808', 'tenant_id': 'a0441f5f3cd34ed3bb51cd5178fa022d', 'tenant_name': 'tempest-FlavorsV2TestJSON-620641808', 'user_domain_id': 'default', 'user_domain_name': 'Default', 'user_id': '9315b4c8f5ae4c0eb383fba8c34826bc', 'system': None}, Network: None, Subnet: None, Router: None
2024-12-10 15:35:39.539 65791 INFO tempest.lib.common.rest_client [req-2c9cf0c6-7553-4191-8a74-c8898b4d607f req-2c9cf0c6-7553-4191-8a74-c8898b4d607f ] Request (AZAdminNegativeTestJSON:tearDownClass): 204 DELETE http://10.180.1.21/identity/v3/projects/29043745fbba4121a72caad3f7b10b4c 0.081s
2024-12-10 15:35:39.556 65827 INFO tempest.lib.common.rest_client [req-886a66d5-00b5-435e-b072-2c4ee3092e64 req-886a66d5-00b5-435e-b072-2c4ee3092e64 ] Request (QuotasSecurityGroupAdminNegativeTest:tearDownClass): 204 DELETE http://10.180.1.21:9696/networking/v2.0/security-groups/d4e18416-d622-4169-9a49-0bcb2bffe5bd 0.282s
2024-12-10 15:35:39.572 65809 INFO tempest.lib.common.rest_client [req-2ca80c48-41fc-4ac0-8ea3-152d25eff7c7 req-2ca80c48-41fc-4ac0-8ea3-152d25eff7c7 ] Request (ServersAdmin275Test:test_rebuild_update_server_275): 202 POST http://10.180.1.21/compute/v2.1/servers 2.382s
2024-12-10 15:35:39.643 65785 INFO tempest.lib.common.rest_client [req-436c4af6-3875-42ed-94af-6169b124cab6 req-436c4af6-3875-42ed-94af-6169b124cab6 ] Request (FlavorsV2TestJSON:setUpClass): 201 POST http://10.180.1.21/identity/v3/auth/tokens 0.144s
2024-12-10 15:35:39.651 65791 INFO tempest.lib.common.rest_client [req-2c9fe87b-97eb-4294-942d-c81829beb1fa req-2c9fe87b-97eb-4294-942d-c81829beb1fa ] Request (FlavorsAccessNegativeTestJSON:setUpClass): 201 POST http://10.180.1.21/identity/v3/auth/tokens 0.110s
2024-12-10 15:35:39.690 65791 INFO tempest.lib.common.rest_client [req-0c1cca59-b16b-4536-917d-adba1b414dd1 req-0c1cca59-b16b-4536-917d-adba1b414dd1 ] Request (FlavorsAccessNegativeTestJSON:setUpClass): 201 POST http://10.180.1.21/identity/v3/auth/tokens 0.036s
2024-12-10 15:35:39.720 65791 INFO tempest.lib.common.rest_client [req-36775c23-9846-43a0-be92-958b706226c6 req-36775c23-9846-43a0-be92-958b706226c6 ] Request (FlavorsAccessNegativeTestJSON:setUpClass): 200 GET http://10.180.1.21/identity/v3/domains?name=Default 0.029s
2024-12-10 15:35:39.741 65793 INFO tempest.lib.common.rest_client [req-9e9e6c33-0b7b-44aa-a1cc-036fa9fb4d0e req-9e9e6c33-0b7b-44aa-a1cc-036fa9fb4d0e ] Request (SecurityGroupsTestAdminJSON:test_list_security_groups_list_all_tenants_filter): 200 POST http://10.180.1.21/compute/v2.1/os-security-groups 2.890s
2024-12-10 15:35:39.744 65821 INFO tempest.lib.common.rest_client [req-7e7767ac-3d68-48b9-9117-745dab44a364 req-7e7767ac-3d68-48b9-9117-745dab44a364 ] Request (VolumesAssistedSnapshotsTest:setUpClass): 201 POST http://10.180.1.21:9696/networking/v2.0/networks 0.427s
2024-12-10 15:35:39.746 65827 INFO tempest.lib.common.rest_client [req-1afc3617-7857-44b9-b82a-472c1d9350db req-1afc3617-7857-44b9-b82a-472c1d9350db ] Request (QuotasSecurityGroupAdminNegativeTest:tearDownClass): 204 DELETE http://10.180.1.21/identity/v3/projects/0c750bc8e2b544e9992626ceaa2282df 0.189s
2024-12-10 15:35:39.751 65837 INFO tempest.lib.common.rest_client [req-378468fd-d559-46d5-9961-7ce2f3f22a7f req-378468fd-d559-46d5-9961-7ce2f3f22a7f ] Request (MultipleCreateTestJSON:setUpClass): 201 POST http://10.180.1.21:9696/networking/v2.0/networks 0.896s
2024-12-10 15:35:39.812 65791 INFO tempest.lib.common.rest_client [req-39f9aca9-ab34-4132-adc6-ccdd85a59f8a req-39f9aca9-ab34-4132-adc6-ccdd85a59f8a ] Request (FlavorsAccessNegativeTestJSON:setUpClass): 201 POST http://10.180.1.21/identity/v3/projects 0.092s
2024-12-10 15:35:39.888 65827 INFO tempest.lib.common.rest_client [req-8bdac5d9-50b6-435f-9c21-6a4a752f3280 req-8bdac5d9-50b6-435f-9c21-6a4a752f3280 ] Request (ListServersNegativeTestJSON:setUpClass): 201 POST http://10.180.1.21/identity/v3/auth/tokens 0.137s
2024-12-10 15:35:39.891 65829 INFO tempest.lib.common.rest_client [req-0817fb00-b2a3-4a49-8978-19631ef22ce2 req-0817fb00-b2a3-4a49-8978-19631ef22ce2 ] Request (HostsAdminNegativeTestJSON:setUpClass): 200 GET http://10.180.1.21/compute/v2.1/os-hosts 2.646s
2024-12-10 15:35:39.920 65831 INFO tempest.lib.common.rest_client [req-e24eac8c-202a-4e3a-af91-774574ba60f1 req-e24eac8c-202a-4e3a-af91-774574ba60f1 ] Request (SecurityGroupsTestJSON:test_list_security_groups_by_server): 200 POST http://10.180.1.21/compute/v2.1/os-security-groups 2.691s
2024-12-10 15:35:39.929 65827 INFO tempest.lib.common.rest_client [req-d8ca0c09-0931-47f4-a3ad-523300f6ef0b req-d8ca0c09-0931-47f4-a3ad-523300f6ef0b ] Request (ListServersNegativeTestJSON:setUpClass): 201 POST http://10.180.1.21/identity/v3/auth/tokens 0.037s
2024-12-10 15:35:39.934 65791 INFO tempest.lib.common.rest_client [req-027771c9-e973-475c-a6b2-653aecb47dab req-027771c9-e973-475c-a6b2-653aecb47dab ] Request (FlavorsAccessNegativeTestJSON:setUpClass): 201 POST http://10.180.1.21/identity/v3/users 0.121s
2024-12-10 15:35:39.997 65831 INFO tempest.lib.common.rest_client [req-3abb2fd8-57af-4f88-b602-1a4bca772dfb req-3abb2fd8-57af-4f88-b602-1a4bca772dfb ] Request (SecurityGroupsTestJSON:test_list_security_groups_by_server): 201 POST http://10.180.1.21/identity/v3/auth/tokens 0.069s
2024-12-10 15:35:39.998 65831 INFO tempest.lib.common.fixed_network [-] (SecurityGroupsTestJSON:test_list_security_groups_by_server) Found network {'id': '82b30fa0-ed5b-438f-be99-4174937ad568', 'name': 'tempest-SecurityGroupsTestJSON-565089051-network', 'tenant_id': 'c95ff2ca27f84e7294b939ad092c413c', 'admin_state_up': True, 'mtu': 8950, 'status': 'ACTIVE', 'subnets': [], 'shared': False, 'project_id': 'c95ff2ca27f84e7294b939ad092c413c', 'port_security_enabled': True, 'router:external': False, 'provider:network_type': 'vlan', 'provider:physical_network': 'default', 'provider:segmentation_id': 505, 'availability_zone_hints': [], 'availability_zones': [], 'ipv4_address_scope': None, 'ipv6_address_scope': None, 'description': '', 'tags': [], 'created_at': '2024-12-10T15:35:32Z', 'updated_at': '2024-12-10T15:35:32Z', 'revision_number': 1} available for tenant
2024-12-10 15:35:40.024 65827 INFO tempest.lib.common.rest_client [req-dd036746-abdc-41e7-88bc-cf0410a14c19 req-dd036746-abdc-41e7-88bc-cf0410a14c19 ] Request (ListServersNegativeTestJSON:setUpClass): 200 GET http://10.180.1.21/identity/v3/domains?name=Default 0.094s
2024-12-10 15:35:40.037 65825 INFO tempest.lib.common.rest_client [req-c17df8d0-b46e-4278-acd6-511cac14d56e req-c17df8d0-b46e-4278-acd6-511cac14d56e ] Request (HostsAdminTestJSON:test_list_hosts): 200 GET http://10.180.1.21/compute/v2.1/os-hosts 2.712s
2024-12-10 15:35:40.042 65791 INFO tempest.lib.common.rest_client [req-15a93547-2147-4b3d-889d-5fac7838dcbf req-15a93547-2147-4b3d-889d-5fac7838dcbf ] Request (FlavorsAccessNegativeTestJSON:setUpClass): 200 GET http://10.180.1.21/identity/v3/roles 0.107s
2024-12-10 15:35:40.053 65801 INFO tempest.lib.common.rest_client [req-1dffe318-56b0-467e-9679-6a187bf8b0a5 req-1dffe318-56b0-467e-9679-6a187bf8b0a5 ] Request (NetworksTest:test_get_network): 200 GET http://10.180.1.21/compute/v2.1/os-networks/fa4049bb-e713-41a7-bcde-9c3da00112df 2.605s
2024-12-10 15:35:40.075 65827 INFO tempest.lib.common.rest_client [req-94a9d587-43d0-4e4a-ab0f-8ed9dbd1b31d req-94a9d587-43d0-4e4a-ab0f-8ed9dbd1b31d ] Request (ListServersNegativeTestJSON:setUpClass): 201 POST http://10.180.1.21/identity/v3/projects 0.050s
2024-12-10 15:35:40.140 65791 INFO tempest.lib.common.rest_client [req-5fc1d618-0e39-4623-a1c2-b3a6d7e68769 req-5fc1d618-0e39-4623-a1c2-b3a6d7e68769 ] Request (FlavorsAccessNegativeTestJSON:setUpClass): 204 PUT http://10.180.1.21/identity/v3/projects/1672a4fa0fb44599a194a188f590acee/users/9f9c359461474519991fddccd6b15a6f/roles/b7778b9a80fc4f0e9a25f576cd0a0571 0.097s
2024-12-10 15:35:40.143 65845 INFO tempest.lib.common.rest_client [req-be58a594-5c44-4301-96ed-d24ab5dd8188 req-be58a594-5c44-4301-96ed-d24ab5dd8188 ] Request (ValidationResourcesFixture:setUp): 200 POST http://10.180.1.21/compute/v2.1/os-keypairs 2.672s
2024-12-10 15:35:40.140 65791 INFO tempest.lib.common.dynamic_creds [-] Dynamic test user 9f9c359461474519991fddccd6b15a6f is created with scope project and roles: ['member']
2024-12-10 15:35:40.147 65791 INFO tempest.lib.common.dynamic_creds [-] Acquired dynamic creds: credentials: Credentials: {'domain_id': 'default', 'domain_name': 'Default', 'username': 'tempest-FlavorsAccessNegativeTestJSON-934786835-project-member', 'project_domain_id': 'default', 'project_domain_name': 'Default', 'project_id': '1672a4fa0fb44599a194a188f590acee', 'project_name': 'tempest-FlavorsAccessNegativeTestJSON-934786835', 'tenant_id': '1672a4fa0fb44599a194a188f590acee', 'tenant_name': 'tempest-FlavorsAccessNegativeTestJSON-934786835', 'user_domain_id': 'default', 'user_domain_name': 'Default', 'user_id': '9f9c359461474519991fddccd6b15a6f', 'system': None}, Network: None, Subnet: None, Router: None
2024-12-10 15:35:40.148 65791 INFO tempest.lib.common.dynamic_creds [-] Created isolated network resources for: credentials: Credentials: {'domain_id': 'default', 'domain_name': 'Default', 'username': 'tempest-FlavorsAccessNegativeTestJSON-934786835-project-member', 'project_domain_id': 'default', 'project_domain_name': 'Default', 'project_id': '1672a4fa0fb44599a194a188f590acee', 'project_name': 'tempest-FlavorsAccessNegativeTestJSON-934786835', 'tenant_id': '1672a4fa0fb44599a194a188f590acee', 'tenant_name': 'tempest-FlavorsAccessNegativeTestJSON-934786835', 'user_domain_id': 'default', 'user_domain_name': 'Default', 'user_id': '9f9c359461474519991fddccd6b15a6f', 'system': None}, Network: None, Subnet: None, Router: None
2024-12-10 15:35:40.180 65837 INFO tempest.lib.common.rest_client [req-4e4b1b26-93f5-4cad-b2be-271ae7ff3964 req-4e4b1b26-93f5-4cad-b2be-271ae7ff3964 ] Request (MultipleCreateTestJSON:setUpClass): 201 POST http://10.180.1.21:9696/networking/v2.0/subnets 0.427s
2024-12-10 15:35:40.195 65827 INFO tempest.lib.common.rest_client [req-e262c7b0-3cd1-4e99-85ad-9d484e91cbad req-e262c7b0-3cd1-4e99-85ad-9d484e91cbad ] Request (ListServersNegativeTestJSON:setUpClass): 201 POST http://10.180.1.21/identity/v3/users 0.120s
2024-12-10 15:35:40.218 65821 INFO tempest.lib.common.rest_client [req-762a721d-8b41-47b9-965c-94e982b87060 req-762a721d-8b41-47b9-965c-94e982b87060 ] Request (VolumesAssistedSnapshotsTest:setUpClass): 201 POST http://10.180.1.21:9696/networking/v2.0/subnets 0.473s
2024-12-10 15:35:40.248 65819 INFO tempest.lib.common.rest_client [req-8c245dbf-161c-44fa-b543-32e75a48e469 req-8c245dbf-161c-44fa-b543-32e75a48e469 ] Request (FlavorMetadataValidation:test_flavor_update_with_custom_namespace): 200 POST http://10.180.1.21/compute/v2.1/flavors 2.665s
2024-12-10 15:35:40.292 65827 INFO tempest.lib.common.rest_client [req-5e646d2e-66c0-480a-bced-896d985ada03 req-5e646d2e-66c0-480a-bced-896d985ada03 ] Request (ListServersNegativeTestJSON:setUpClass): 200 GET http://10.180.1.21/identity/v3/roles 0.096s
2024-12-10 15:35:40.339 65791 INFO tempest.lib.common.rest_client [req-f171192c-78dc-47c2-a879-faaa3fecf89f req-f171192c-78dc-47c2-a879-faaa3fecf89f ] Request (FlavorsAccessNegativeTestJSON:setUpClass): 201 POST http://10.180.1.21/identity/v3/auth/tokens 0.188s
2024-12-10 15:35:40.367 65827 INFO tempest.lib.common.rest_client [req-a7675a1f-c142-409b-937b-ba53e5557109 req-a7675a1f-c142-409b-937b-ba53e5557109 ] Request (ListServersNegativeTestJSON:setUpClass): 204 PUT http://10.180.1.21/identity/v3/projects/f8e6f5c70d6e435da0f61a67a3477074/users/9886db2710e74316a5d5578fdb39d03e/roles/b7778b9a80fc4f0e9a25f576cd0a0571 0.074s
2024-12-10 15:35:40.367 65827 INFO tempest.lib.common.dynamic_creds [-] Dynamic test user 9886db2710e74316a5d5578fdb39d03e is created with scope project and roles: ['member']
2024-12-10 15:35:40.368 65827 INFO tempest.lib.common.dynamic_creds [-] Acquired dynamic creds: credentials: Credentials: {'domain_id': 'default', 'domain_name': 'Default', 'username': 'tempest-ListServersNegativeTestJSON-1709956607-project-member', 'project_domain_id': 'default', 'project_domain_name': 'Default', 'project_id': 'f8e6f5c70d6e435da0f61a67a3477074', 'project_name': 'tempest-ListServersNegativeTestJSON-1709956607', 'tenant_id': 'f8e6f5c70d6e435da0f61a67a3477074', 'tenant_name': 'tempest-ListServersNegativeTestJSON-1709956607', 'user_domain_id': 'default', 'user_domain_name': 'Default', 'user_id': '9886db2710e74316a5d5578fdb39d03e', 'system': None}, Network: None, Subnet: None, Router: None
2024-12-10 15:35:40.372 65791 INFO tempest.lib.common.rest_client [req-7685fb54-025d-46c6-a18f-5a338d08a1a4 req-7685fb54-025d-46c6-a18f-5a338d08a1a4 ] Request (FlavorsAccessNegativeTestJSON:setUpClass): 201 POST http://10.180.1.21/identity/v3/projects 0.032s
2024-12-10 15:35:40.421 65827 INFO tempest.lib.common.rest_client [req-0c244462-a10d-47d5-b798-b8a7b13a9d88 req-0c244462-a10d-47d5-b798-b8a7b13a9d88 ] Request (ListServersNegativeTestJSON:setUpClass): 201 POST http://10.180.1.21/identity/v3/auth/tokens 0.053s
2024-12-10 15:35:40.430 65791 INFO tempest.lib.common.rest_client [req-93c24794-5f77-470b-942e-4aa2e7a97ad2 req-93c24794-5f77-470b-942e-4aa2e7a97ad2 ] Request (FlavorsAccessNegativeTestJSON:setUpClass): 201 POST http://10.180.1.21/identity/v3/users 0.058s
2024-12-10 15:35:40.480 65845 INFO tempest.lib.common.rest_client [req-64fad52d-4178-4f1b-bcec-e6b678c37654 req-64fad52d-4178-4f1b-bcec-e6b678c37654 ] Request (ValidationResourcesFixture:setUp): 201 POST http://10.180.1.21:9696/networking/v2.0/security-groups 0.331s
2024-12-10 15:35:40.490 65791 INFO tempest.lib.common.rest_client [req-2628186e-5369-498c-a121-5db25cbe97ba req-2628186e-5369-498c-a121-5db25cbe97ba ] Request (FlavorsAccessNegativeTestJSON:setUpClass): 200 GET http://10.180.1.21/identity/v3/roles 0.059s
2024-12-10 15:35:40.507 65807 INFO tempest.lib.common.rest_client [req-dba753e9-b490-4a6d-8b09-643671d62df9 req-dba753e9-b490-4a6d-8b09-643671d62df9 ] Request (QuotasAdminTestJSON:test_delete_quota): 200 GET http://10.180.1.21/compute/v2.1/os-quota-sets/acb29844c0714c06ad4f01fcaf7e152d 2.555s
2024-12-10 15:35:40.518 65841 INFO tempest.lib.common.rest_client [req-2b14ab77-9cf6-4465-a614-c60ae9ef858a req-2b14ab77-9cf6-4465-a614-c60ae9ef858a ] Request (FlavorsExtraSpecsTestJSON:test_flavor_non_admin_get_specific_key): 200 GET http://10.180.1.21/compute/v2.1/flavors/1804769513/os-extra_specs/hw:numa_nodes 2.349s
2024-12-10 15:35:40.520 65791 INFO tempest.lib.common.rest_client [req-e6e97bed-6a30-48e8-8d03-74e763ecb403 req-e6e97bed-6a30-48e8-8d03-74e763ecb403 ] Request (FlavorsAccessNegativeTestJSON:setUpClass): 204 PUT http://10.180.1.21/identity/v3/projects/7d6f2a7c7a8c4178af0691ca71309199/users/f73d60cba3764ada81ffa3a29ee0505f/roles/59762e1ba0e74d72a6f88aafd6dff893 0.029s
2024-12-10 15:35:40.540 65787 INFO tempest.lib.common.rest_client [req-29dbe0f1-bb68-4cfb-8ffe-85185eb57ef5 req-29dbe0f1-bb68-4cfb-8ffe-85185eb57ef5 ] Request (ServicesAdminNegativeTestJSON:test_get_service_by_invalid_params): 200 GET http://10.180.1.21/compute/v2.1/os-services?xxx=nova-compute 2.367s
2024-12-10 15:35:40.574 65791 INFO tempest.lib.common.rest_client [req-eb91c178-713b-4fe6-938f-b9969bfda1d6 req-eb91c178-713b-4fe6-938f-b9969bfda1d6 ] Request (FlavorsAccessNegativeTestJSON:setUpClass): 200 GET http://10.180.1.21/identity/v3/roles 0.052s
2024-12-10 15:35:40.589 65791 INFO tempest.lib.common.rest_client [req-f9f82173-55f2-4e97-814b-fd34931b3d51 req-f9f82173-55f2-4e97-814b-fd34931b3d51 ] Request (FlavorsAccessNegativeTestJSON:setUpClass): 204 PUT http://10.180.1.21/identity/v3/projects/7d6f2a7c7a8c4178af0691ca71309199/users/f73d60cba3764ada81ffa3a29ee0505f/roles/59762e1ba0e74d72a6f88aafd6dff893 0.015s
2024-12-10 15:35:40.590 65791 INFO tempest.lib.common.dynamic_creds [-] Dynamic test user f73d60cba3764ada81ffa3a29ee0505f is created with scope project and roles: ['admin']
2024-12-10 15:35:40.590 65791 INFO tempest.lib.common.dynamic_creds [-] Acquired dynamic creds: credentials: Credentials: {'domain_id': 'default', 'domain_name': 'Default', 'username': 'tempest-FlavorsAccessNegativeTestJSON-1806888721-project-admin', 'project_domain_id': 'default', 'project_domain_name': 'Default', 'project_id': '7d6f2a7c7a8c4178af0691ca71309199', 'project_name': 'tempest-FlavorsAccessNegativeTestJSON-1806888721', 'tenant_id': '7d6f2a7c7a8c4178af0691ca71309199', 'tenant_name': 'tempest-FlavorsAccessNegativeTestJSON-1806888721', 'user_domain_id': 'default', 'user_domain_name': 'Default', 'user_id': 'f73d60cba3764ada81ffa3a29ee0505f', 'system': None}, Network: None, Subnet: None, Router: None
2024-12-10 15:35:40.590 65791 INFO tempest.lib.common.dynamic_creds [-] Created isolated network resources for: credentials: Credentials: {'domain_id': 'default', 'domain_name': 'Default', 'username': 'tempest-FlavorsAccessNegativeTestJSON-1806888721-project-admin', 'project_domain_id': 'default', 'project_domain_name': 'Default', 'project_id': '7d6f2a7c7a8c4178af0691ca71309199', 'project_name': 'tempest-FlavorsAccessNegativeTestJSON-1806888721', 'tenant_id': '7d6f2a7c7a8c4178af0691ca71309199', 'tenant_name': 'tempest-FlavorsAccessNegativeTestJSON-1806888721', 'user_domain_id': 'default', 'user_domain_name': 'Default', 'user_id': 'f73d60cba3764ada81ffa3a29ee0505f', 'system': None}, Network: None, Subnet: None, Router: None
2024-12-10 15:35:40.662 65791 INFO tempest.lib.common.rest_client [req-d175188c-8c32-4013-add9-b00b3657d4aa req-d175188c-8c32-4013-add9-b00b3657d4aa ] Request (FlavorsAccessNegativeTestJSON:setUpClass): 201 POST http://10.180.1.21/identity/v3/auth/tokens 0.065s
2024-12-10 15:35:40.704 65795 INFO tempest.lib.common.rest_client [req-b3ba9773-a2bd-4fa8-9360-4849864fa5b0 req-b3ba9773-a2bd-4fa8-9360-4849864fa5b0 ] Request (DeleteServersAdminTestJSON:test_admin_delete_servers_of_others): 202 POST http://10.180.1.21/compute/v2.1/servers 2.964s
2024-12-10 15:35:40.734 65791 INFO tempest.lib.common.rest_client [req-4e153327-e2d4-4983-ae51-3b35c7f220a2 req-4e153327-e2d4-4983-ae51-3b35c7f220a2 ] Request (FlavorsAccessNegativeTestJSON:setUpClass): 201 POST http://10.180.1.21/identity/v3/projects 0.071s
2024-12-10 15:35:40.794 65845 INFO tempest.lib.common.rest_client [req-290b704b-a8f7-4743-a6ca-f0ca6558cdfe req-290b704b-a8f7-4743-a6ca-f0ca6558cdfe ] Request (ValidationResourcesFixture:setUp): 201 POST http://10.180.1.21:9696/networking/v2.0/security-group-rules 0.313s
2024-12-10 15:35:40.851 65791 INFO tempest.lib.common.rest_client [req-a8dd78a1-2dc1-45f9-8f43-56e7b07c70e8 req-a8dd78a1-2dc1-45f9-8f43-56e7b07c70e8 ] Request (FlavorsAccessNegativeTestJSON:setUpClass): 201 POST http://10.180.1.21/identity/v3/users 0.116s
2024-12-10 15:35:40.875 65791 INFO tempest.lib.common.rest_client [req-f4db9dd4-37b5-448a-b474-f9667bd7beda req-f4db9dd4-37b5-448a-b474-f9667bd7beda ] Request (FlavorsAccessNegativeTestJSON:setUpClass): 200 GET http://10.180.1.21/identity/v3/roles 0.023s
2024-12-10 15:35:40.911 65791 INFO tempest.lib.common.rest_client [req-103709a9-619c-4c01-aeb2-07fe84fc253c req-103709a9-619c-4c01-aeb2-07fe84fc253c ] Request (FlavorsAccessNegativeTestJSON:setUpClass): 204 PUT http://10.180.1.21/identity/v3/projects/f158ddd97e59404c86b36bf99dca6211/users/60942c4838ce480699f7c22e77e0de8d/roles/b7778b9a80fc4f0e9a25f576cd0a0571 0.035s
2024-12-10 15:35:40.911 65791 INFO tempest.lib.common.dynamic_creds [-] Dynamic test user 60942c4838ce480699f7c22e77e0de8d is created with scope project and roles: ['member']
