2024-12-10 15:36:30.534 65799 INFO tempest.lib.common.rest_client [req-2f070a27-6e6d-441b-b766-fd1ede44d7a6 req-2f070a27-6e6d-441b-b766-fd1ede44d7a6 ] Request (SecurityGroupRulesTestJSON:setUpClass): 201 POST http://10.180.1.21/identity/v3/auth/tokens 0.177s
2024-12-10 15:36:30.543 65848 INFO tempest.lib.common.rest_client [req-615fd2c1-0f36-44c4-9aba-f5b9d4163189 req-615fd2c1-0f36-44c4-9aba-f5b9d4163189 ] Request (QuotaClassesAdmin257Test:tearDownClass): 200 GET http://10.180.1.21:9696/networking/v2.0/security-groups?tenant_id=d745c67519064da48aca9750708ca7a8&name=default 0.377s
2024-12-10 15:36:30.580 65821 INFO tempest.lib.common.rest_client [req-9b0ef7fb-24e8-4be1-9801-0434ce7f23e4 req-9b0ef7fb-24e8-4be1-9801-0434ce7f23e4 ] Request (VolumesAssistedSnapshotsTest:test_volume_assisted_snapshot_create_delete): 200 GET http://10.180.1.21/compute/v2.1/servers/09536b47-40b4-4d91-b280-d240cb877248 1.275s
2024-12-10 15:36:30.588 65821 INFO tempest.common.waiters [-] State transition "BUILD/None" ==> "BUILD/networking" after 36 second wait
2024-12-10 15:36:30.595 65811 INFO tempest.lib.common.rest_client [req-942a10d4-a8f4-4ed6-9ce0-e19e8e9b320a req-942a10d4-a8f4-4ed6-9ce0-e19e8e9b320a ] Request (ServerDiagnosticsTest:test_get_server_diagnostics): 200 GET http://10.180.1.21/compute/v2.1/servers/79fad1cf-cd27-4d37-a8b3-3a9ec6db2c86 1.217s
2024-12-10 15:36:30.650 65813 INFO tempest.lib.common.rest_client [req-64e98a55-98a9-44c9-9d55-c3b497718597 req-64e98a55-98a9-44c9-9d55-c3b497718597 ] Request (ValidationResourcesFixture:setUp): 201 POST http://10.180.1.21:9696/networking/v2.0/security-groups 0.280s
2024-12-10 15:36:30.655 65833 INFO tempest.lib.common.rest_client [req-9864643c-f1f6-4243-86df-8cd202657372 req-9864643c-f1f6-4243-86df-8cd202657372 ] Request (ImagesTestJSON:test_create_image_from_stopped_server): 200 GET http://10.180.1.21/compute/v2.1/images/bdd8c429-ccf2-4276-a1f5-958e2245776f 1.043s
2024-12-10 15:36:30.687 65839 INFO tempest.lib.common.rest_client [req-8ec00407-af27-444d-8ae1-9cab6164f84d req-8ec00407-af27-444d-8ae1-9cab6164f84d ] Request (ServerAddressesTestJSON:setUpClass): 200 PUT http://10.180.1.21:9696/networking/v2.0/routers/8eff0ef3-8d11-4c61-951f-57eb89b87d6f/add_router_interface 1.998s
2024-12-10 15:36:30.687 65839 INFO tempest.lib.common.dynamic_creds [-] Created isolated network resources for: credentials: Credentials: {'domain_id': 'default', 'domain_name': 'Default', 'username': 'tempest-ServerAddressesTestJSON-1431380073-project-member', 'project_domain_id': 'default', 'project_domain_name': 'Default', 'project_id': '962a29e343e4493c800fae1dfba14185', 'project_name': 'tempest-ServerAddressesTestJSON-1431380073', 'tenant_id': '962a29e343e4493c800fae1dfba14185', 'tenant_name': 'tempest-ServerAddressesTestJSON-1431380073', 'user_domain_id': 'default', 'user_domain_name': 'Default', 'user_id': '339d58e836364399953282a93275cc19', 'system': None}, Network: {'id': '2dd89c3e-6549-4b0c-b31d-e98b2ffc5f31', 'name': 'tempest-ServerAddressesTestJSON-1919950628-network', 'tenant_id': '962a29e343e4493c800fae1dfba14185', 'admin_state_up': True, 'mtu': 8950, 'status': 'ACTIVE', 'subnets': [], 'shared': False, 'project_id': '962a29e343e4493c800fae1dfba14185', 'port_security_enabled': True, 'router:external': False, 'provider:network_type': 'vlan', 'provider:physical_network': 'default', 'provider:segmentation_id': 681, 'availability_zone_hints': [], 'availability_zones': [], 'ipv4_address_scope': None, 'ipv6_address_scope': None, 'description': '', 'tags': [], 'created_at': '2024-12-10T15:36:26Z', 'updated_at': '2024-12-10T15:36:26Z', 'revision_number': 1}, Subnet: {'id': '4bf03584-3d07-4aa8-95aa-cf98c6ab0678', 'name': 'tempest-ServerAddressesTestJSON-1919950628-subnet', 'tenant_id': '962a29e343e4493c800fae1dfba14185', 'network_id': '2dd89c3e-6549-4b0c-b31d-e98b2ffc5f31', 'ip_version': 4, 'subnetpool_id': None, 'enable_dhcp': True, 'ipv6_ra_mode': None, 'ipv6_address_mode': None, 'gateway_ip': '192.168.128.1', 'cidr': '192.168.128.0/28', 'allocation_pools': [{'start': '192.168.128.2', 'end': '192.168.128.14'}], 'host_routes': [], 'dns_nameservers': [], 'description': '', 'router:external': False, 'service_types': [], 'tags': [], 'created_at': '2024-12-10T15:36:26Z', 'updated_at': '2024-12-10T15:36:26Z', 'revision_number': 0, 'project_id': '962a29e343e4493c800fae1dfba14185'}, Router: {'id': '8eff0ef3-8d11-4c61-951f-57eb89b87d6f', 'name': 'tempest-ServerAddressesTestJSON-1919950628-router', 'tenant_id': '962a29e343e4493c800fae1dfba14185', 'admin_state_up': True, 'status': 'ACTIVE', 'external_gateway_info': {'network_id': 'fa4049bb-e713-41a7-bcde-9c3da00112df', 'external_fixed_ips': [{'subnet_id': 'e8289762-1490-40f8-8523-9adc4fbc5b07', 'ip_address': '10.180.180.155'}], 'enable_snat': True}, 'description': '', 'availability_zones': [], 'distributed': False, 'ha': False, 'availability_zone_hints': [], 'routes': [], 'flavor_id': None, 'tags': [], 'created_at': '2024-12-10T15:36:26Z', 'updated_at': '2024-12-10T15:36:27Z', 'revision_number': 2, 'project_id': '962a29e343e4493c800fae1dfba14185'}
2024-12-10 15:36:30.691 65848 INFO tempest.lib.common.rest_client [req-9aa97416-dbeb-4c2d-8b03-d1c45998523b req-9aa97416-dbeb-4c2d-8b03-d1c45998523b ] Request (QuotaClassesAdmin257Test:tearDownClass): 204 DELETE http://10.180.1.21:9696/networking/v2.0/security-groups/4b28d106-4940-4c56-9557-1bb8ef12d7e4 0.147s
2024-12-10 15:36:30.728 65801 INFO tempest.lib.common.rest_client [req-b80d74e9-03f2-47e7-8f9a-6042518d6ab2 req-b80d74e9-03f2-47e7-8f9a-6042518d6ab2 ] Request (TenantUsagesTestJSON:setUpClass): 200 GET http://10.180.1.21/compute/v2.1/servers/eb494418-ff7c-4c54-95c3-835b02ea2c93 1.181s
2024-12-10 15:36:30.737 65801 INFO tempest.common.waiters [-] State transition "BUILD/spawning" ==> "ACTIVE/None" after 39 second wait
2024-12-10 15:36:30.772 65813 INFO tempest.lib.common.rest_client [req-5f956bb7-e348-4a9e-8ce7-64851493e58c req-5f956bb7-e348-4a9e-8ce7-64851493e58c ] Request (ValidationResourcesFixture:setUp): 201 POST http://10.180.1.21:9696/networking/v2.0/security-group-rules 0.121s
2024-12-10 15:36:30.829 65848 INFO tempest.lib.common.rest_client [req-87a016b7-ed73-4bb0-b7fe-cefa1907f920 req-87a016b7-ed73-4bb0-b7fe-cefa1907f920 ] Request (QuotaClassesAdmin257Test:tearDownClass): 204 DELETE http://10.180.1.21/identity/v3/projects/d745c67519064da48aca9750708ca7a8 0.137s
2024-12-10 15:36:30.829 65848 INFO tempest.lib.common.dynamic_creds [-] Deleting project and security group for project: b711b901594e4bcb82d2428d0a554fe8
2024-12-10 15:36:30.841 65795 INFO tempest.lib.common.rest_client [req-46fcb6d4-a8e6-4e90-8284-92082de431d7 req-46fcb6d4-a8e6-4e90-8284-92082de431d7 ] Request (DeleteServersAdminTestJSON:test_delete_server_while_in_error_state): 200 GET http://10.180.1.21/compute/v2.1/servers/fb043667-d1b8-4eeb-bdc3-00612cbd35ba 1.133s
2024-12-10 15:36:30.897 65827 INFO tempest.lib.common.rest_client [req-bb037074-eb4a-4336-83df-945e042aeca0 req-bb037074-eb4a-4336-83df-945e042aeca0 ] Request (ListServersNegativeTestJSON:setUpClass): 200 GET http://10.180.1.21/compute/v2.1/servers/71e74513-112f-4092-9927-94a7b5c8023f 1.214s
2024-12-10 15:36:30.944 65813 INFO tempest.lib.common.rest_client [req-a2476203-1747-43f4-8dcc-cdd78d9cbb1e req-a2476203-1747-43f4-8dcc-cdd78d9cbb1e ] Request (ValidationResourcesFixture:setUp): 201 POST http://10.180.1.21:9696/networking/v2.0/security-group-rules 0.172s
2024-12-10 15:36:31.000 65809 INFO tempest.lib.common.rest_client [req-8c7b14c1-6c62-4f42-a4f7-76c0ba63facf req-8c7b14c1-6c62-4f42-a4f7-76c0ba63facf ] Request (ServersAdmin275Test:tearDownClass): 200 GET http://10.180.1.21/compute/v2.1/servers/30526dec-d3cf-46be-841d-c96148f391d1 1.198s
2024-12-10 15:36:31.013 65839 INFO tempest.lib.common.rest_client [req-a25580a9-bd61-42d7-a480-b65f37eb9974 req-a25580a9-bd61-42d7-a480-b65f37eb9974 ] Request (ServerAddressesTestJSON:setUpClass): 201 POST http://10.180.1.21/identity/v3/auth/tokens 0.321s
2024-12-10 15:36:31.013 65848 INFO tempest.lib.common.rest_client [req-de825718-5046-4b88-9202-be0aa5dc6c0c req-de825718-5046-4b88-9202-be0aa5dc6c0c ] Request (QuotaClassesAdmin257Test:tearDownClass): 200 GET http://10.180.1.21:9696/networking/v2.0/security-groups?tenant_id=b711b901594e4bcb82d2428d0a554fe8&name=default 0.184s
2024-12-10 15:36:31.053 65791 INFO tempest.lib.common.rest_client [req-41dda084-7e3d-49ec-acf1-e35bc73dfcd6 req-41dda084-7e3d-49ec-acf1-e35bc73dfcd6 ] Request (QuotaClassesAdminTestJSON:test_update_default_quotas): 200 GET http://10.180.1.21/compute/v2.1/os-quota-class-sets/default 1.271s
2024-12-10 15:36:31.068 65797 INFO tempest.lib.common.rest_client [req-0881887c-718b-45a4-8fbc-786d0171e6ac req-0881887c-718b-45a4-8fbc-786d0171e6ac ] Request (ServersWithSpecificFlavorTestJSON:test_verify_created_server_ephemeral_disk): 200 GET http://10.180.1.21/compute/v2.1/servers/0beb117b-7382-42d5-abb0-06a0c740f983 1.159s
2024-12-10 15:36:31.082 65839 INFO tempest.lib.common.rest_client [req-270b05ce-0cb5-497f-8cef-4c024131a83c req-270b05ce-0cb5-497f-8cef-4c024131a83c ] Request (ServerAddressesTestJSON:setUpClass): 201 POST http://10.180.1.21/identity/v3/auth/tokens 0.064s
2024-12-10 15:36:31.083 65839 INFO tempest.lib.common.fixed_network [-] (ServerAddressesTestJSON:setUpClass) Found network {'id': '2dd89c3e-6549-4b0c-b31d-e98b2ffc5f31', 'name': 'tempest-ServerAddressesTestJSON-1919950628-network', 'tenant_id': '962a29e343e4493c800fae1dfba14185', 'admin_state_up': True, 'mtu': 8950, 'status': 'ACTIVE', 'subnets': [], 'shared': False, 'project_id': '962a29e343e4493c800fae1dfba14185', 'port_security_enabled': True, 'router:external': False, 'provider:network_type': 'vlan', 'provider:physical_network': 'default', 'provider:segmentation_id': 681, 'availability_zone_hints': [], 'availability_zones': [], 'ipv4_address_scope': None, 'ipv6_address_scope': None, 'description': '', 'tags': [], 'created_at': '2024-12-10T15:36:26Z', 'updated_at': '2024-12-10T15:36:26Z', 'revision_number': 1} available for tenant
2024-12-10 15:36:31.131 65787 INFO tempest.lib.common.rest_client [req-ff21985c-07c3-4e1e-bc79-6b2a297c786e req-ff21985c-07c3-4e1e-bc79-6b2a297c786e ] Request (ServerAddressesNegativeTestJSON:setUpClass): 200 GET http://10.180.1.21/compute/v2.1/servers/72f696ef-c5c4-410a-a894-52e683084a0a 1.149s
2024-12-10 15:36:31.190 65803 INFO tempest.lib.common.rest_client [req-1c2e9ac6-593a-4446-bb9f-787cec2651e1 req-1c2e9ac6-593a-4446-bb9f-787cec2651e1 ] Request (ServersTestFqdnHostnames:test_create_server_with_fqdn_name): 200 GET http://10.180.1.21/compute/v2.1/servers/944ce849-152a-404e-8095-a6cc4f27bfc1 1.091s
2024-12-10 15:36:31.247 65848 INFO tempest.lib.common.rest_client [req-13c53591-c4a5-4899-8732-1e5ab6fe840a req-13c53591-c4a5-4899-8732-1e5ab6fe840a ] Request (QuotaClassesAdmin257Test:tearDownClass): 204 DELETE http://10.180.1.21:9696/networking/v2.0/security-groups/48d776b8-ebb7-4e08-97d6-30f8fa022d75 0.233s
2024-12-10 15:36:31.262 65819 INFO tempest.lib.common.rest_client [req-114d3ef6-17f8-4469-876e-9dbddba81f16 req-114d3ef6-17f8-4469-876e-9dbddba81f16 ] Request (ServerActionsTestOtherB:setUpClass): 200 GET http://10.180.1.21/compute/v2.1/servers/2496ab0d-468e-48b7-a85f-beb4e1f8bc47 1.095s
2024-12-10 15:36:31.331 65831 INFO tempest.lib.common.rest_client [req-2e7015a7-6e1e-41a4-bf27-80af41be221b req-2e7015a7-6e1e-41a4-bf27-80af41be221b ] Request (SecurityGroupsTestJSON:test_security_groups_create_list_delete): 200 POST http://10.180.1.21/compute/v2.1/os-security-groups 1.284s
2024-12-10 15:36:31.336 65841 INFO tempest.lib.common.rest_client [req-123456ad-44dd-486b-9867-93fb8f86abe7 req-123456ad-44dd-486b-9867-93fb8f86abe7 ] Request (ServersListShow296Test:test_list_show_server_296): 200 GET http://10.180.1.21/compute/v2.1/servers/d82792e6-d2f4-48a5-aefb-8f1d46ab4e35 1.159s
2024-12-10 15:36:31.369 65848 INFO tempest.lib.common.rest_client [req-50827d8f-0c44-47b2-bc6b-e14b76a4880c req-50827d8f-0c44-47b2-bc6b-e14b76a4880c ] Request (QuotaClassesAdmin257Test:tearDownClass): 204 DELETE http://10.180.1.21/identity/v3/projects/b711b901594e4bcb82d2428d0a554fe8 0.121s
2024-12-10 15:36:31.415 65817 INFO tempest.lib.common.rest_client [req-2a18a525-e69b-4e47-97d9-e31ecc2e90b9 req-2a18a525-e69b-4e47-97d9-e31ecc2e90b9 ] Request (InstanceActionsV221TestJSON:test_get_list_deleted_instance_actions): 200 GET http://10.180.1.21/compute/v2.1/servers/2728677c-2e28-4e1c-a405-1c1e9f9b225e 1.171s
2024-12-10 15:36:31.453 65848 INFO tempest.lib.common.rest_client [req-b95aaca5-4585-4625-bbbf-6ab5dc90d834 req-b95aaca5-4585-4625-bbbf-6ab5dc90d834 ] Request (AbsoluteLimitsNegativeTestJSON:setUpClass): 201 POST http://10.180.1.21/identity/v3/auth/tokens 0.082s
2024-12-10 15:36:31.494 65848 INFO tempest.lib.common.rest_client [req-959f3c63-f06c-4b7b-89cf-4ad1b8e7987d req-959f3c63-f06c-4b7b-89cf-4ad1b8e7987d ] Request (AbsoluteLimitsNegativeTestJSON:setUpClass): 201 POST http://10.180.1.21/identity/v3/auth/tokens 0.036s
2024-12-10 15:36:31.500 65789 INFO tempest.lib.common.rest_client [req-23738ec0-71b1-46fb-92ff-d53c163cbc37 req-23738ec0-71b1-46fb-92ff-d53c163cbc37 ] Request (ServersTestBootFromVolume:setUpClass): 200 GET http://10.180.1.21/compute/v2.1/servers/8b970132-af07-43d0-a245-12af6dc77c97 1.139s
2024-12-10 15:36:31.539 65848 INFO tempest.lib.common.rest_client [req-fae2e44d-e5e3-4777-a35c-e2d1235fea4d req-fae2e44d-e5e3-4777-a35c-e2d1235fea4d ] Request (AbsoluteLimitsNegativeTestJSON:setUpClass): 200 GET http://10.180.1.21/identity/v3/domains?name=Default 0.044s
2024-12-10 15:36:31.599 65848 INFO tempest.lib.common.rest_client [req-10e89fdc-5ce5-45ea-a87b-6c9b82949e86 req-10e89fdc-5ce5-45ea-a87b-6c9b82949e86 ] Request (AbsoluteLimitsNegativeTestJSON:setUpClass): 201 POST http://10.180.1.21/identity/v3/projects 0.059s
2024-12-10 15:36:31.629 65835 INFO tempest.lib.common.rest_client [req-5ccf6c5f-d380-4461-86a6-0ed27f9c76d8 req-5ccf6c5f-d380-4461-86a6-0ed27f9c76d8 ] Request (ImagesMetadataTestJSON:test_set_image_metadata): 200 PUT http://10.180.1.21/compute/v2.1/images/63f240ee-8c8f-4403-8373-8076dc693990/metadata 1.380s
2024-12-10 15:36:31.699 65848 INFO tempest.lib.common.rest_client [req-bfdfe588-919d-4ee9-ae68-eb251d04a099 req-bfdfe588-919d-4ee9-ae68-eb251d04a099 ] Request (AbsoluteLimitsNegativeTestJSON:setUpClass): 201 POST http://10.180.1.21/identity/v3/users 0.099s
2024-12-10 15:36:31.708 65785 INFO tempest.lib.common.rest_client [req-971d39ae-983a-437d-aa69-3c8340a0f1a7 req-971d39ae-983a-437d-aa69-3c8340a0f1a7 ] Request (InstanceActionsNegativeTestJSON:setUpClass): 200 GET http://10.180.1.21/compute/v2.1/servers/165d73b0-94e1-4020-b43e-2c27630c2123 1.122s
2024-12-10 15:36:31.717 65848 INFO tempest.lib.common.rest_client [req-3d116877-6070-48c2-99c5-2894cf04c4ac req-3d116877-6070-48c2-99c5-2894cf04c4ac ] Request (AbsoluteLimitsNegativeTestJSON:setUpClass): 200 GET http://10.180.1.21/identity/v3/roles 0.018s
2024-12-10 15:36:31.740 65813 INFO tempest.lib.common.rest_client [req-a29fd4dc-c16c-433d-a80a-8d38e05abe37 req-a29fd4dc-c16c-433d-a80a-8d38e05abe37 ] Request (ValidationResourcesFixture:setUp): 201 POST http://10.180.1.21:9696/networking/v2.0/floatingips 0.796s
2024-12-10 15:36:31.755 65848 INFO tempest.lib.common.rest_client [req-4aa6b25c-f4f8-4d55-a45d-cdb7a6c03523 req-4aa6b25c-f4f8-4d55-a45d-cdb7a6c03523 ] Request (AbsoluteLimitsNegativeTestJSON:setUpClass): 204 PUT http://10.180.1.21/identity/v3/projects/4b0b38b4583444bfb3ce39eb0b3aa1d9/users/57d7c705a13c4bf9b68c79d6696eee1e/roles/b7778b9a80fc4f0e9a25f576cd0a0571 0.038s
2024-12-10 15:36:31.756 65848 INFO tempest.lib.common.dynamic_creds [-] Dynamic test user 57d7c705a13c4bf9b68c79d6696eee1e is created with scope project and roles: ['member']
2024-12-10 15:36:31.756 65848 INFO tempest.lib.common.dynamic_creds [-] Acquired dynamic creds: credentials: Credentials: {'domain_id': 'default', 'domain_name': 'Default', 'username': 'tempest-AbsoluteLimitsNegativeTestJSON-1691329946-project-member', 'project_domain_id': 'default', 'project_domain_name': 'Default', 'project_id': '4b0b38b4583444bfb3ce39eb0b3aa1d9', 'project_name': 'tempest-AbsoluteLimitsNegativeTestJSON-1691329946', 'tenant_id': '4b0b38b4583444bfb3ce39eb0b3aa1d9', 'tenant_name': 'tempest-AbsoluteLimitsNegativeTestJSON-1691329946', 'user_domain_id': 'default', 'user_domain_name': 'Default', 'user_id': '57d7c705a13c4bf9b68c79d6696eee1e', 'system': None}, Network: None, Subnet: None, Router: None
2024-12-10 15:36:31.756 65848 INFO tempest.lib.common.dynamic_creds [-] Created isolated network resources for: credentials: Credentials: {'domain_id': 'default', 'domain_name': 'Default', 'username': 'tempest-AbsoluteLimitsNegativeTestJSON-1691329946-project-member', 'project_domain_id': 'default', 'project_domain_name': 'Default', 'project_id': '4b0b38b4583444bfb3ce39eb0b3aa1d9', 'project_name': 'tempest-AbsoluteLimitsNegativeTestJSON-1691329946', 'tenant_id': '4b0b38b4583444bfb3ce39eb0b3aa1d9', 'tenant_name': 'tempest-AbsoluteLimitsNegativeTestJSON-1691329946', 'user_domain_id': 'default', 'user_domain_name': 'Default', 'user_id': '57d7c705a13c4bf9b68c79d6696eee1e', 'system': None}, Network: None, Subnet: None, Router: None
2024-12-10 15:36:31.785 65793 INFO tempest.lib.common.rest_client [req-915fdb1f-921a-487c-9203-b239a9836a0b req-915fdb1f-921a-487c-9203-b239a9836a0b ] Request (AttachInterfacesV270Test:test_create_get_list_interfaces): 200 GET http://10.180.1.21/compute/v2.1/servers/c8cd1fd8-27f9-4f49-ab69-894eed7b92d5 1.106s
2024-12-10 15:36:31.793 65805 WARNING tempest.lib.common.ssh [-] Failed to establish authenticated ssh connection to cirros@10.180.180.235 ([Errno None] Unable to connect to port 22 on 10.180.180.235). Number attempts: 3. Retry after 4 seconds.: paramiko.ssh_exception.NoValidConnectionsError: [Errno None] Unable to connect to port 22 on 10.180.180.235
2024-12-10 15:36:31.844 65813 INFO tempest.lib.common.rest_client [req-0d80a63e-4831-460f-9c92-77b55dbff49f req-0d80a63e-4831-460f-9c92-77b55dbff49f ] Request (AttachVolumeShelveTestJSON:test_attach_volume_shelved_or_offload_server): 201 POST http://10.180.1.21/identity/v3/auth/tokens 0.096s
2024-12-10 15:36:31.845 65813 INFO tempest.lib.common.fixed_network [-] (AttachVolumeShelveTestJSON:test_attach_volume_shelved_or_offload_server) Found network {'id': '9cb02cb2-0575-4d41-869f-9ac31de54433', 'name': 'tempest-AttachVolumeShelveTestJSON-1639983039-network', 'tenant_id': '897951344d704b5199a79dc4c5773af1', 'admin_state_up': True, 'mtu': 8950, 'status': 'ACTIVE', 'subnets': [], 'shared': False, 'project_id': '897951344d704b5199a79dc4c5773af1', 'port_security_enabled': True, 'router:external': False, 'provider:network_type': 'vlan', 'provider:physical_network': 'default', 'provider:segmentation_id': 955, 'availability_zone_hints': [], 'availability_zones': [], 'ipv4_address_scope': None, 'ipv6_address_scope': None, 'description': '', 'tags': [], 'created_at': '2024-12-10T15:36:24Z', 'updated_at': '2024-12-10T15:36:24Z', 'revision_number': 1} available for tenant
2024-12-10 15:36:31.854 65799 INFO tempest.lib.common.rest_client [req-32bcd91e-3607-42d7-8ad0-1958ce64509e req-32bcd91e-3607-42d7-8ad0-1958ce64509e ] Request (SecurityGroupRulesTestJSON:test_security_group_rules_create): 200 POST http://10.180.1.21/compute/v2.1/os-security-groups 1.318s
2024-12-10 15:36:31.860 65848 INFO tempest.lib.common.rest_client [req-a5278050-cfbf-4d09-85c4-a24b7ecbca43 req-a5278050-cfbf-4d09-85c4-a24b7ecbca43 ] Request (AbsoluteLimitsNegativeTestJSON:setUpClass): 201 POST http://10.180.1.21/identity/v3/auth/tokens 0.099s
2024-12-10 15:36:31.925 65825 INFO tempest.lib.common.rest_client [req-62955f09-92b6-4673-af5c-eecd99bdc1e4 req-62955f09-92b6-4673-af5c-eecd99bdc1e4 ] Request (ImagesOneServerNegativeTestJSON:setUpClass): 200 GET http://10.180.1.21/compute/v2.1/servers/b1921de9-5ed2-43a4-a533-ea0311d51938 1.106s
2024-12-10 15:36:32.021 65801 INFO tempest.lib.common.rest_client [req-8bb2b772-ed57-45fc-9504-2c97496d0480 req-8bb2b772-ed57-45fc-9504-2c97496d0480 ] Request (TenantUsagesTestJSON:test_get_usage_tenant): 200 GET http://10.180.1.21/compute/v2.1/os-simple-tenant-usage/efd7a194ab014067bf111d65a7cc2745?start=2024-12-09T15%3A36%3A30.737543&end=2024-12-11T15%3A36%3A30.737543 1.283s
2024-12-10 15:36:32.035 65843 INFO tempest.lib.common.rest_client [req-39879eaa-7b57-4909-a0e0-1d8f2dd2ede7 req-39879eaa-7b57-4909-a0e0-1d8f2dd2ede7 ] Request (MigrationsAdminTest:test_list_migrations_in_flavor_resize_situation): 200 GET http://10.180.1.21/compute/v2.1/servers/54ce854a-5100-4a7c-ad79-ab4315a16984 1.154s
2024-12-10 15:36:32.102 65807 INFO tempest.lib.common.rest_client [req-83ab9ef9-6a03-4f71-8f24-3a66fe32642e req-83ab9ef9-6a03-4f71-8f24-3a66fe32642e ] Request (ServersTestMultiNic:test_verify_duplicate_network_nics): 200 GET http://10.180.1.21/compute/v2.1/servers/eb18c6ea-ee08-46c1-b300-8954011ac68e 1.137s
2024-12-10 15:36:32.125 65827 INFO tempest.lib.common.rest_client [req-2b7517f5-9b12-4b22-a625-47811e58d7cf req-2b7517f5-9b12-4b22-a625-47811e58d7cf ] Request (ListServersNegativeTestJSON:setUpClass): 200 GET http://10.180.1.21/compute/v2.1/servers/e703fa1b-337f-4bb5-969f-6f8726e6141c 1.217s
2024-12-10 15:36:32.212 65791 INFO tempest.lib.common.rest_client [req-0a73bbf8-57ce-4c8a-a3f5-a084ffb6cc6c req-0a73bbf8-57ce-4c8a-a3f5-a084ffb6cc6c ] Request (QuotaClassesAdminTestJSON:test_update_default_quotas): 200 PUT http://10.180.1.21/compute/v2.1/os-quota-class-sets/default 1.156s
2024-12-10 15:36:32.384 65831 INFO tempest.lib.common.rest_client [req-128bf5d3-34b6-4825-92e7-8a4ba7745015 req-128bf5d3-34b6-4825-92e7-8a4ba7745015 ] Request (SecurityGroupsTestJSON:test_security_groups_create_list_delete): 200 POST http://10.180.1.21/compute/v2.1/os-security-groups 1.049s
2024-12-10 15:36:32.558 65839 INFO tempest.lib.common.rest_client [req-119fb656-73b7-40cd-b0ba-80284e19cfcd req-119fb656-73b7-40cd-b0ba-80284e19cfcd ] Request (ServerAddressesTestJSON:setUpClass): 202 POST http://10.180.1.21/compute/v2.1/servers 1.475s
2024-12-10 15:36:32.625 65829 INFO tempest.lib.common.rest_client [req-936a4522-4999-4625-8323-0e9dfa0937f0 req-936a4522-4999-4625-8323-0e9dfa0937f0 ] Request (FloatingIPsAssociationNegativeTestJSON:setUpClass): 200 GET http://10.180.1.21/compute/v2.1/servers/e74178c1-975b-490a-9a34-dfe4031efe77 1.234s
2024-12-10 15:36:32.632 65829 INFO tempest.common.waiters [-] State transition "BUILD/scheduling" ==> "BUILD/None" after 11 second wait
2024-12-10 15:36:32.636 65841 INFO tempest.lib.common.rest_client [req-2f2864fc-a102-44ef-8fd4-7a099cd8a657 req-2f2864fc-a102-44ef-8fd4-7a099cd8a657 ] Request (ServersListShow296Test:tearDownClass): 204 DELETE http://10.180.1.21/compute/v2.1/servers/d82792e6-d2f4-48a5-aefb-8f1d46ab4e35 1.286s
2024-12-10 15:36:32.694 65823 INFO tempest.lib.common.rest_client [req-3d8df798-332f-4c17-a9c3-d9c8221b1d1f req-3d8df798-332f-4c17-a9c3-d9c8221b1d1f ] Request (ServerExternalEventsTest:test_create_server_external_events): 200 GET http://10.180.1.21/compute/v2.1/servers/f74dc970-b8e4-46aa-9ebd-e0348e2600e7 1.198s
2024-12-10 15:36:32.705 65823 INFO tempest.common.waiters [-] State transition "BUILD/scheduling" ==> "BUILD/None" after 8 second wait
2024-12-10 15:36:32.705 65837 INFO tempest.lib.common.rest_client [req-38c73e34-e68d-4825-ab36-df5348c26b81 req-38c73e34-e68d-4825-ab36-df5348c26b81 ] Request (MultipleCreateTestJSON:_run_cleanups): 200 GET http://10.180.1.21/compute/v2.1/servers/7b0ddfcf-950a-47bb-bc29-e6ff325f0aed 1.186s
2024-12-10 15:36:32.713 65837 INFO tempest.common.waiters [-] State transition "ACTIVE/deleting" ==> "DELETED/None" after 2 second wait
2024-12-10 15:36:32.754 65845 WARNING tempest.lib.common.ssh [-] Failed to establish authenticated ssh connection to cirros@10.180.180.174 ([Errno None] Unable to connect to port 22 on 10.180.180.174). Number attempts: 3. Retry after 4 seconds.: paramiko.ssh_exception.NoValidConnectionsError: [Errno None] Unable to connect to port 22 on 10.180.180.174
2024-12-10 15:36:32.782 65811 INFO tempest.lib.common.rest_client [req-793391f4-b051-43fe-aaaa-f4a048be51f5 req-793391f4-b051-43fe-aaaa-f4a048be51f5 ] Request (ServerDiagnosticsTest:test_get_server_diagnostics): 200 GET http://10.180.1.21/compute/v2.1/servers/79fad1cf-cd27-4d37-a8b3-3a9ec6db2c86 1.178s
2024-12-10 15:36:32.819 65835 INFO tempest.lib.common.rest_client [req-54102237-0f06-4cee-9d63-ff5dde4ae86e req-54102237-0f06-4cee-9d63-ff5dde4ae86e ] Request (ImagesMetadataTestJSON:test_set_image_metadata): 200 GET http://10.180.1.21/compute/v2.1/images/63f240ee-8c8f-4403-8373-8076dc693990/metadata 1.190s
2024-12-10 15:36:32.858 65833 INFO tempest.lib.common.rest_client [req-4cf8782b-721b-4827-b464-6d9cfdb4fba0 req-4cf8782b-721b-4827-b464-6d9cfdb4fba0 ] Request (ImagesTestJSON:test_create_image_from_stopped_server): 200 GET http://10.180.1.21/compute/v2.1/images/bdd8c429-ccf2-4276-a1f5-958e2245776f 1.198s
2024-12-10 15:36:32.875 65821 INFO tempest.lib.common.rest_client [req-2722be58-4bc2-4019-8394-55e4a3c1332b req-2722be58-4bc2-4019-8394-55e4a3c1332b ] Request (VolumesAssistedSnapshotsTest:test_volume_assisted_snapshot_create_delete): 200 GET http://10.180.1.21/compute/v2.1/servers/09536b47-40b4-4d91-b280-d240cb877248 1.283s
2024-12-10 15:36:32.882 65821 INFO tempest.common.waiters [-] State transition "BUILD/networking" ==> "BUILD/spawning" after 38 second wait
2024-12-10 15:36:32.942 65795 INFO tempest.lib.common.rest_client [req-11774c3b-ce99-4574-9e14-bcf92d306464 req-11774c3b-ce99-4574-9e14-bcf92d306464 ] Request (DeleteServersAdminTestJSON:test_delete_server_while_in_error_state): 200 GET http://10.180.1.21/compute/v2.1/servers/fb043667-d1b8-4eeb-bdc3-00612cbd35ba 1.088s
2024-12-10 15:36:33.143 65799 INFO tempest.lib.common.rest_client [req-6a7616cb-1f96-43d9-844d-96d430c4587e req-6a7616cb-1f96-43d9-844d-96d430c4587e ] Request (SecurityGroupRulesTestJSON:test_security_group_rules_create): 200 POST http://10.180.1.21/compute/v2.1/os-security-group-rules 1.281s
2024-12-10 15:36:33.233 65809 INFO tempest.lib.common.rest_client [req-8c3511c2-c0ac-4a99-9465-cb41c7184a4b req-8c3511c2-c0ac-4a99-9465-cb41c7184a4b ] Request (ServersAdmin275Test:tearDownClass): 200 GET http://10.180.1.21/compute/v2.1/servers/30526dec-d3cf-46be-841d-c96148f391d1 1.221s
2024-12-10 15:36:33.267 65801 INFO tempest.lib.common.rest_client [req-a7dc1d2a-30ac-4f57-ab66-091bd20ba086 req-a7dc1d2a-30ac-4f57-ab66-091bd20ba086 ] Request (TenantUsagesTestJSON:test_get_usage_tenant_with_non_admin_user): 200 GET http://10.180.1.21/compute/v2.1/os-simple-tenant-usage/efd7a194ab014067bf111d65a7cc2745?start=2024-12-09T15%3A36%3A30.737543&end=2024-12-11T15%3A36%3A30.737543 1.242s
2024-12-10 15:36:33.293 65813 INFO tempest.lib.common.rest_client [req-94554747-2f1b-4d91-aab3-e462291d41d6 req-94554747-2f1b-4d91-aab3-e462291d41d6 ] Request (AttachVolumeShelveTestJSON:test_attach_volume_shelved_or_offload_server): 202 POST http://10.180.1.21/compute/v2.1/servers 1.447s
2024-12-10 15:36:33.330 65797 INFO tempest.lib.common.rest_client [req-cfbcc481-fb75-4df9-aab4-ed44d7712e1a req-cfbcc481-fb75-4df9-aab4-ed44d7712e1a ] Request (ServersWithSpecificFlavorTestJSON:test_verify_created_server_ephemeral_disk): 200 GET http://10.180.1.21/compute/v2.1/servers/0beb117b-7382-42d5-abb0-06a0c740f983 1.255s
2024-12-10 15:36:33.403 65787 INFO tempest.lib.common.rest_client [req-aae2d8cf-a59d-4d44-9489-351868e188ad req-aae2d8cf-a59d-4d44-9489-351868e188ad ] Request (ServerAddressesNegativeTestJSON:setUpClass): 200 GET http://10.180.1.21/compute/v2.1/servers/72f696ef-c5c4-410a-a894-52e683084a0a 1.260s
2024-12-10 15:36:33.412 65827 INFO tempest.lib.common.rest_client [req-5137e6d0-308b-420a-9257-98b8297231e8 req-5137e6d0-308b-420a-9257-98b8297231e8 ] Request (ListServersNegativeTestJSON:setUpClass): 204 DELETE http://10.180.1.21/compute/v2.1/servers/e703fa1b-337f-4bb5-969f-6f8726e6141c 1.280s
2024-12-10 15:36:33.426 65791 INFO tempest.lib.common.rest_client [req-18b0307d-9c2b-4876-b657-6cb27b08d7ff req-18b0307d-9c2b-4876-b657-6cb27b08d7ff ] Request (QuotaClassesAdminTestJSON:test_update_default_quotas): 200 GET http://10.180.1.21/compute/v2.1/os-quota-class-sets/default 1.212s
2024-12-10 15:36:33.469 65803 INFO tempest.lib.common.rest_client [req-3ed7a81d-926e-4c2b-a668-ddb7d8fb785f req-3ed7a81d-926e-4c2b-a668-ddb7d8fb785f ] Request (ServersTestFqdnHostnames:test_create_server_with_fqdn_name): 200 GET http://10.180.1.21/compute/v2.1/servers/944ce849-152a-404e-8095-a6cc4f27bfc1 1.266s
2024-12-10 15:36:33.507 65819 INFO tempest.lib.common.rest_client [req-64f3e8cd-c420-4b00-938b-03e6a2ab60ca req-64f3e8cd-c420-4b00-938b-03e6a2ab60ca ] Request (ServerActionsTestOtherB:setUpClass): 200 GET http://10.180.1.21/compute/v2.1/servers/2496ab0d-468e-48b7-a85f-beb4e1f8bc47 1.227s
2024-12-10 15:36:33.563 65817 INFO tempest.lib.common.rest_client [req-979a6b87-afd3-4adb-96be-4788ce2e1bd3 req-979a6b87-afd3-4adb-96be-4788ce2e1bd3 ] Request (InstanceActionsV221TestJSON:test_get_list_deleted_instance_actions): 200 GET http://10.180.1.21/compute/v2.1/servers/2728677c-2e28-4e1c-a405-1c1e9f9b225e 1.131s
2024-12-10 15:36:33.585 65831 INFO tempest.lib.common.rest_client [req-2c0372fd-3a8f-46df-9c8e-925aa06660d2 req-2c0372fd-3a8f-46df-9c8e-925aa06660d2 ] Request (SecurityGroupsTestJSON:test_security_groups_create_list_delete): 200 GET http://10.180.1.21/compute/v2.1/os-security-groups 1.199s
2024-12-10 15:36:33.607 65789 INFO tempest.lib.common.rest_client [req-a7702d5b-911c-4c21-9e6d-c402eb8064b5 req-a7702d5b-911c-4c21-9e6d-c402eb8064b5 ] Request (ServersTestBootFromVolume:setUpClass): 200 GET http://10.180.1.21/compute/v2.1/servers/8b970132-af07-43d0-a245-12af6dc77c97 1.097s
2024-12-10 15:36:33.631 65841 INFO tempest.lib.common.rest_client [req-b390cdef-f38e-4f31-bf14-dde5419ea9b2 req-b390cdef-f38e-4f31-bf14-dde5419ea9b2 ] Request (ServersListShow296Test:tearDownClass): 404 GET http://10.180.1.21/compute/v2.1/servers/d82792e6-d2f4-48a5-aefb-8f1d46ab4e35 0.994s
2024-12-10 15:36:33.636 65839 INFO tempest.lib.common.rest_client [req-e39abac9-a561-4168-bdc0-5b0771ff4684 req-e39abac9-a561-4168-bdc0-5b0771ff4684 ] Request (ServerAddressesTestJSON:setUpClass): 200 GET http://10.180.1.21/compute/v2.1/servers/ec726a5b-002a-4bc0-abec-07b02ca46886 1.076s
2024-12-10 15:36:33.679 65785 INFO tempest.lib.common.rest_client [req-e6f633c2-47d9-477a-a32d-682afcdb6b16 req-e6f633c2-47d9-477a-a32d-682afcdb6b16 ] Request (InstanceActionsNegativeTestJSON:setUpClass): 200 GET http://10.180.1.21/compute/v2.1/servers/165d73b0-94e1-4020-b43e-2c27630c2123 0.963s
2024-12-10 15:36:33.691 65793 INFO tempest.lib.common.rest_client [req-06df75d9-bdb6-43ec-800a-b94d1b4bd865 req-06df75d9-bdb6-43ec-800a-b94d1b4bd865 ] Request (AttachInterfacesV270Test:test_create_get_list_interfaces): 200 GET http://10.180.1.21/compute/v2.1/servers/c8cd1fd8-27f9-4f49-ab69-894eed7b92d5 0.891s
2024-12-10 15:36:33.719 65833 INFO tempest.lib.common.rest_client [req-5a974326-2df2-4e48-aeb5-a45a379ef661 req-5a974326-2df2-4e48-aeb5-a45a379ef661 ] Request (ImagesTestJSON:test_create_image_from_stopped_server): 200 GET http://10.180.1.21/compute/v2.1/images/bdd8c429-ccf2-4276-a1f5-958e2245776f 0.858s
2024-12-10 15:36:33.764 65833 INFO tempest.lib.common.rest_client [req-acc45c5f-de88-4340-902c-8334337661e6 req-acc45c5f-de88-4340-902c-8334337661e6 ] Request (ImagesTestJSON:test_create_image_from_stopped_server): 200 GET http://10.180.1.21/image/v2/images/bdd8c429-ccf2-4276-a1f5-958e2245776f/tasks 0.041s
2024-12-10 15:36:33.773 65825 INFO tempest.lib.common.rest_client [req-a9d6bd15-747c-4c3d-baa2-7242fd170ee4 req-a9d6bd15-747c-4c3d-baa2-7242fd170ee4 ] Request (ImagesOneServerNegativeTestJSON:setUpClass): 200 GET http://10.180.1.21/compute/v2.1/servers/b1921de9-5ed2-43a4-a533-ea0311d51938 0.839s
2024-12-10 15:36:33.947 65841 INFO tempest.lib.common.rest_client [req-b9cb0ac4-ce46-47c7-b103-779456499434 req-b9cb0ac4-ce46-47c7-b103-779456499434 ] Request (ServersListShow296Test:tearDownClass): 204 DELETE http://10.180.1.21/identity/v3/users/3329814fd0534115b92ebbd49305a157 0.315s
2024-12-10 15:36:33.947 65841 INFO tempest.lib.common.dynamic_creds [-] Deleting project and security group for project: 7e2efa6485cc47ba81d97b0722510a1a
2024-12-10 15:36:33.955 65843 INFO tempest.lib.common.rest_client [req-4f77b336-6be7-4232-8af9-4cbecd1b3b19 req-4f77b336-6be7-4232-8af9-4cbecd1b3b19 ] Request (MigrationsAdminTest:test_list_migrations_in_flavor_resize_situation): 200 GET http://10.180.1.21/compute/v2.1/servers/54ce854a-5100-4a7c-ad79-ab4315a16984 0.912s
2024-12-10 15:36:33.983 65835 INFO tempest.lib.common.rest_client [req-9196f890-740c-409d-af1f-db2b756a874a req-9196f890-740c-409d-af1f-db2b756a874a ] Request (ImagesMetadataTestJSON:setUp): 200 PUT http://10.180.1.21/compute/v2.1/images/63f240ee-8c8f-4403-8373-8076dc693990/metadata 1.161s
2024-12-10 15:36:34.019 65807 INFO tempest.lib.common.rest_client [req-10462734-cc0a-488f-a271-606c1164b731 req-10462734-cc0a-488f-a271-606c1164b731 ] Request (ServersTestMultiNic:test_verify_duplicate_network_nics): 200 GET http://10.180.1.21/compute/v2.1/servers/eb18c6ea-ee08-46c1-b300-8954011ac68e 0.910s
2024-12-10 15:36:34.028 65841 INFO tempest.lib.common.rest_client [req-f7e4562e-c2d6-4077-ab0d-f26e02a582d0 req-f7e4562e-c2d6-4077-ab0d-f26e02a582d0 ] Request (ServersListShow296Test:tearDownClass): 201 POST http://10.180.1.21/identity/v3/auth/tokens 0.081s
2024-12-10 15:36:34.087 65801 INFO tempest.lib.common.rest_client [req-9eae60ea-77ca-403c-afe7-f58e32bedca6 req-9eae60ea-77ca-403c-afe7-f58e32bedca6 ] Request (TenantUsagesTestJSON:test_list_usage_all_tenants): 200 GET http://10.180.1.21/compute/v2.1/os-simple-tenant-usage?start=2024-12-09T15%3A36%3A30.737543&end=2024-12-11T15%3A36%3A30.737543&detailed=1 0.816s
2024-12-10 15:36:34.137 65799 INFO tempest.lib.common.rest_client [req-4f0d6424-4f3e-44b3-a5bd-63c65b980244 req-4f0d6424-4f3e-44b3-a5bd-63c65b980244 ] Request (SecurityGroupRulesTestJSON:test_security_group_rules_create_with_optional_cidr): 200 POST http://10.180.1.21/compute/v2.1/os-security-groups 0.988s
2024-12-10 15:36:34.141 65813 INFO tempest.lib.common.rest_client [req-577bdb9b-faf4-4d2c-976c-ed148bb4ba72 req-577bdb9b-faf4-4d2c-976c-ed148bb4ba72 ] Request (AttachVolumeShelveTestJSON:test_attach_volume_shelved_or_offload_server): 200 GET http://10.180.1.21/compute/v2.1/servers/9feea3c3-e37e-4105-a582-9581f26122c8 0.846s
2024-12-10 15:36:34.229 65841 INFO tempest.lib.common.rest_client [req-d26f7dda-f44e-4ded-9832-177b47351b95 req-d26f7dda-f44e-4ded-9832-177b47351b95 ] Request (ServersListShow296Test:tearDownClass): 200 GET http://10.180.1.21:9696/networking/v2.0/security-groups?tenant_id=7e2efa6485cc47ba81d97b0722510a1a&name=default 0.200s
2024-12-10 15:36:34.229 65791 INFO tempest.lib.common.rest_client [req-464c9f8a-2629-4767-a6e1-dc6d706c65bd req-464c9f8a-2629-4767-a6e1-dc6d706c65bd ] Request (QuotaClassesAdminTestJSON:_run_cleanups): 200 PUT http://10.180.1.21/compute/v2.1/os-quota-class-sets/default 0.797s
2024-12-10 15:36:34.250 65827 INFO tempest.lib.common.rest_client [req-2a87b887-df1d-4bc6-8de3-4be1517b51f4 req-2a87b887-df1d-4bc6-8de3-4be1517b51f4 ] Request (ListServersNegativeTestJSON:setUpClass): 200 GET http://10.180.1.21/compute/v2.1/servers/e703fa1b-337f-4bb5-969f-6f8726e6141c 0.838s
2024-12-10 15:36:34.313 65791 INFO tempest.lib.common.rest_client [req-d6ef3fca-5a08-46f9-92c2-a78a5d0f4b0b req-d6ef3fca-5a08-46f9-92c2-a78a5d0f4b0b ] Request (QuotaClassesAdminTestJSON:tearDownClass): 204 DELETE http://10.180.1.21/identity/v3/users/485c422af1d14055901b8cc99f790311 0.081s
2024-12-10 15:36:34.318 65829 INFO tempest.lib.common.rest_client [req-9bd7e378-d09c-440e-b291-5ade1b0ab245 req-9bd7e378-d09c-440e-b291-5ade1b0ab245 ] Request (FloatingIPsAssociationNegativeTestJSON:setUpClass): 200 GET http://10.180.1.21/compute/v2.1/servers/e74178c1-975b-490a-9a34-dfe4031efe77 0.685s
2024-12-10 15:36:34.336 65841 INFO tempest.lib.common.rest_client [req-dd9f9295-7d98-4f29-ba30-cd2af7eccb9b req-dd9f9295-7d98-4f29-ba30-cd2af7eccb9b ] Request (ServersListShow296Test:tearDownClass): 204 DELETE http://10.180.1.21:9696/networking/v2.0/security-groups/543e1984-78ac-4ac0-9c32-bf96762d920e 0.107s
2024-12-10 15:36:34.342 65831 INFO tempest.lib.common.rest_client [req-49f229d8-d2df-4a15-bf46-34f1dd97d9b5 req-49f229d8-d2df-4a15-bf46-34f1dd97d9b5 ] Request (SecurityGroupsTestJSON:test_security_groups_create_list_delete): 202 DELETE http://10.180.1.21/compute/v2.1/os-security-groups/38a54200-e289-48ca-8bb4-ce336aa1bf97 0.754s
2024-12-10 15:36:34.364 65823 INFO tempest.lib.common.rest_client [req-f9a0a360-e3fc-4c1a-a6e1-c8e1c6113714 req-f9a0a360-e3fc-4c1a-a6e1-c8e1c6113714 ] Request (ServerExternalEventsTest:test_create_server_external_events): 200 GET http://10.180.1.21/compute/v2.1/servers/f74dc970-b8e4-46aa-9ebd-e0348e2600e7 0.658s
2024-12-10 15:36:34.400 65791 INFO tempest.lib.common.rest_client [req-f09b4da7-34b8-42ca-a918-105d4fa62089 req-f09b4da7-34b8-42ca-a918-105d4fa62089 ] Request (QuotaClassesAdminTestJSON:tearDownClass): 204 DELETE http://10.180.1.21/identity/v3/users/cce0f680e07f49a2900c47fd0a98eb39 0.086s
2024-12-10 15:36:34.400 65791 INFO tempest.lib.common.dynamic_creds [-] Deleting project and security group for project: 5613812fe4ac4542b76096f03a53745b
2024-12-10 15:36:34.406 65837 INFO tempest.lib.common.rest_client [req-a335385b-b651-4e84-86ec-f14655058221 req-a335385b-b651-4e84-86ec-f14655058221 ] Request (MultipleCreateTestJSON:_run_cleanups): 200 GET http://10.180.1.21/compute/v2.1/servers/7b0ddfcf-950a-47bb-bc29-e6ff325f0aed 0.691s
2024-12-10 15:36:34.457 65811 INFO tempest.lib.common.rest_client [req-5f8c0d91-ae7c-4933-a3bd-1a68d144fb85 req-5f8c0d91-ae7c-4933-a3bd-1a68d144fb85 ] Request (ServerDiagnosticsTest:test_get_server_diagnostics): 200 GET http://10.180.1.21/compute/v2.1/servers/79fad1cf-cd27-4d37-a8b3-3a9ec6db2c86 0.667s
2024-12-10 15:36:34.466 65841 INFO tempest.lib.common.rest_client [req-a605c106-cd2f-409e-8ba8-ab069146ac2a req-a605c106-cd2f-409e-8ba8-ab069146ac2a ] Request (ServersListShow296Test:tearDownClass): 204 DELETE http://10.180.1.21/identity/v3/projects/7e2efa6485cc47ba81d97b0722510a1a 0.129s
2024-12-10 15:36:34.474 65791 INFO tempest.lib.common.rest_client [req-27215354-88c5-4c2b-8ebe-ee5a3343b885 req-27215354-88c5-4c2b-8ebe-ee5a3343b885 ] Request (QuotaClassesAdminTestJSON:tearDownClass): 201 POST http://10.180.1.21/identity/v3/auth/tokens 0.074s
2024-12-10 15:36:34.493 65833 INFO tempest.lib.common.rest_client [req-60f1fed8-e8ed-46f2-b154-8bcfe03aec7c req-60f1fed8-e8ed-46f2-b154-8bcfe03aec7c ] Request (ImagesTestJSON:_run_cleanups): 204 DELETE http://10.180.1.21/compute/v2.1/images/bdd8c429-ccf2-4276-a1f5-958e2245776f 0.729s
2024-12-10 15:36:34.531 65841 INFO tempest.lib.common.rest_client [req-fac3eb6e-1afb-40a1-b18c-0f2a3fd5dad5 req-fac3eb6e-1afb-40a1-b18c-0f2a3fd5dad5 ] Request (AttachVolumeNegativeTest:setUpClass): 201 POST http://10.180.1.21/identity/v3/auth/tokens 0.063s
2024-12-10 15:36:34.554 65795 INFO tempest.lib.common.rest_client [req-678d9f12-5367-47b0-8b63-bf4f801a298d req-678d9f12-5367-47b0-8b63-bf4f801a298d ] Request (DeleteServersAdminTestJSON:test_delete_server_while_in_error_state): 200 GET http://10.180.1.21/compute/v2.1/servers/fb043667-d1b8-4eeb-bdc3-00612cbd35ba 0.605s
2024-12-10 15:36:34.561 65841 INFO tempest.lib.common.rest_client [req-1103424e-771e-4040-8c25-c2ecc67adff1 req-1103424e-771e-4040-8c25-c2ecc67adff1 ] Request (AttachVolumeNegativeTest:setUpClass): 201 POST http://10.180.1.21/identity/v3/auth/tokens 0.025s
2024-12-10 15:36:34.569 65821 INFO tempest.lib.common.rest_client [req-93960149-6c43-49ba-9472-ab00066bfb1c req-93960149-6c43-49ba-9472-ab00066bfb1c ] Request (VolumesAssistedSnapshotsTest:test_volume_assisted_snapshot_create_delete): 200 GET http://10.180.1.21/compute/v2.1/servers/09536b47-40b4-4d91-b280-d240cb877248 0.684s
2024-12-10 15:36:34.591 65841 INFO tempest.lib.common.rest_client [req-3b415a50-cdb3-46db-8951-4681a39a3ee9 req-3b415a50-cdb3-46db-8951-4681a39a3ee9 ] Request (AttachVolumeNegativeTest:setUpClass): 200 GET http://10.180.1.21/identity/v3/domains?name=Default 0.030s
2024-12-10 15:36:34.620 65841 INFO tempest.lib.common.rest_client [req-38453d43-9367-41b0-92a7-97a2d08b9a6e req-38453d43-9367-41b0-92a7-97a2d08b9a6e ] Request (AttachVolumeNegativeTest:setUpClass): 201 POST http://10.180.1.21/identity/v3/projects 0.028s
2024-12-10 15:36:34.647 65801 INFO tempest.lib.common.rest_client [req-2b5d6b51-4927-42d6-8185-370589bc8473 req-2b5d6b51-4927-42d6-8185-370589bc8473 ] Request (TenantUsagesTestJSON:tearDownClass): 204 DELETE http://10.180.1.21/compute/v2.1/servers/eb494418-ff7c-4c54-95c3-835b02ea2c93 0.553s
2024-12-10 15:36:34.674 65841 INFO tempest.lib.common.rest_client [req-7c326b31-7d4f-4ff8-a5d0-bef42b417507 req-7c326b31-7d4f-4ff8-a5d0-bef42b417507 ] Request (AttachVolumeNegativeTest:setUpClass): 201 POST http://10.180.1.21/identity/v3/users 0.054s
2024-12-10 15:36:34.677 65791 INFO tempest.lib.common.rest_client [req-ef950e24-c10e-4e90-8952-d9a465640bdb req-ef950e24-c10e-4e90-8952-d9a465640bdb ] Request (QuotaClassesAdminTestJSON:tearDownClass): 200 GET http://10.180.1.21:9696/networking/v2.0/security-groups?tenant_id=5613812fe4ac4542b76096f03a53745b&name=default 0.203s
2024-12-10 15:36:34.691 65841 INFO tempest.lib.common.rest_client [req-78182ad2-bc62-4164-a70c-77e40a888e56 req-78182ad2-bc62-4164-a70c-77e40a888e56 ] Request (AttachVolumeNegativeTest:setUpClass): 200 GET http://10.180.1.21/identity/v3/roles 0.016s
2024-12-10 15:36:34.718 65841 INFO tempest.lib.common.rest_client [req-0a39a2b8-978c-48ac-a2dd-84a5228e326a req-0a39a2b8-978c-48ac-a2dd-84a5228e326a ] Request (AttachVolumeNegativeTest:setUpClass): 204 PUT http://10.180.1.21/identity/v3/projects/c794392afb4b4edea0f4a470cceff6b8/users/e67bcafce99d4779bbb40c46ef1c2dcb/roles/b7778b9a80fc4f0e9a25f576cd0a0571 0.026s
2024-12-10 15:36:34.718 65841 INFO tempest.lib.common.dynamic_creds [-] Dynamic test user e67bcafce99d4779bbb40c46ef1c2dcb is created with scope project and roles: ['member']
2024-12-10 15:36:34.718 65841 INFO tempest.lib.common.dynamic_creds [-] Acquired dynamic creds: credentials: Credentials: {'domain_id': 'default', 'domain_name': 'Default', 'username': 'tempest-AttachVolumeNegativeTest-672147437-project-member', 'project_domain_id': 'default', 'project_domain_name': 'Default', 'project_id': 'c794392afb4b4edea0f4a470cceff6b8', 'project_name': 'tempest-AttachVolumeNegativeTest-672147437', 'tenant_id': 'c794392afb4b4edea0f4a470cceff6b8', 'tenant_name': 'tempest-AttachVolumeNegativeTest-672147437', 'user_domain_id': 'default', 'user_domain_name': 'Default', 'user_id': 'e67bcafce99d4779bbb40c46ef1c2dcb', 'system': None}, Network: None, Subnet: None, Router: None
2024-12-10 15:36:34.741 65835 INFO tempest.lib.common.rest_client [req-e80f3a97-5461-4c2d-b8e0-ff4ac3efa10c req-e80f3a97-5461-4c2d-b8e0-ff4ac3efa10c ] Request (ImagesMetadataTestJSON:test_set_image_metadata_item): 200 PUT http://10.180.1.21/compute/v2.1/images/63f240ee-8c8f-4403-8373-8076dc693990/metadata/os_version 0.758s
2024-12-10 15:36:34.782 65841 INFO tempest.lib.common.rest_client [req-6004e50b-96f7-48e3-bb0a-06a4630a9fdb req-6004e50b-96f7-48e3-bb0a-06a4630a9fdb ] Request (AttachVolumeNegativeTest:setUpClass): 201 POST http://10.180.1.21/identity/v3/auth/tokens 0.064s
2024-12-10 15:36:34.819 65809 INFO tempest.lib.common.rest_client [req-5d6db552-a1cd-4dc5-adbd-aca4410a7cee req-5d6db552-a1cd-4dc5-adbd-aca4410a7cee ] Request (ServersAdmin275Test:tearDownClass): 200 GET http://10.180.1.21/compute/v2.1/servers/30526dec-d3cf-46be-841d-c96148f391d1 0.576s
2024-12-10 15:36:34.819 65791 INFO tempest.lib.common.rest_client [req-83480c6c-2862-468c-8535-e4e4cd3125aa req-83480c6c-2862-468c-8535-e4e4cd3125aa ] Request (QuotaClassesAdminTestJSON:tearDownClass): 204 DELETE http://10.180.1.21:9696/networking/v2.0/security-groups/f9cefbd9-8145-4d58-94b6-b205c844e342 0.141s
2024-12-10 15:36:34.832 65799 INFO tempest.lib.common.rest_client [req-9e6bc55b-b459-4d0d-827b-8e6ffbe3ccae req-9e6bc55b-b459-4d0d-827b-8e6ffbe3ccae ] Request (SecurityGroupRulesTestJSON:test_security_group_rules_create_with_optional_cidr): 200 POST http://10.180.1.21/compute/v2.1/os-security-group-rules 0.692s
2024-12-10 15:36:34.895 65797 INFO tempest.lib.common.rest_client [req-ef96d3a9-118f-4da5-b3df-f59916b48d3f req-ef96d3a9-118f-4da5-b3df-f59916b48d3f ] Request (ServersWithSpecificFlavorTestJSON:test_verify_created_server_ephemeral_disk): 200 GET http://10.180.1.21/compute/v2.1/servers/0beb117b-7382-42d5-abb0-06a0c740f983 0.556s
2024-12-10 15:36:34.913 65831 INFO tempest.lib.common.rest_client [req-4e39b184-aa35-4690-8669-aee4a4144261 req-4e39b184-aa35-4690-8669-aee4a4144261 ] Request (SecurityGroupsTestJSON:test_security_groups_create_list_delete): 404 GET http://10.180.1.21/compute/v2.1/os-security-groups/38a54200-e289-48ca-8bb4-ce336aa1bf97 0.571s
2024-12-10 15:36:34.914 65791 INFO tempest.lib.common.rest_client [req-578e0c2f-880f-4f53-8824-22d3159c83f8 req-578e0c2f-880f-4f53-8824-22d3159c83f8 ] Request (QuotaClassesAdminTestJSON:tearDownClass): 204 DELETE http://10.180.1.21/identity/v3/projects/5613812fe4ac4542b76096f03a53745b 0.095s
2024-12-10 15:36:34.914 65791 INFO tempest.lib.common.dynamic_creds [-] Deleting project and security group for project: 41a363edccf64bd4bc500b6ea2970b62
2024-12-10 15:36:34.952 65848 INFO tempest.lib.common.rest_client [req-91a384ae-a10a-4de9-a3ae-63d2735bf1f0 req-91a384ae-a10a-4de9-a3ae-63d2735bf1f0 ] Request (AbsoluteLimitsNegativeTestJSON:test_max_metadata_exceed_limit): 200 GET http://10.180.1.21/compute/v2.1/limits 0.625s
2024-12-10 15:36:34.967 65787 INFO tempest.lib.common.rest_client [req-2548af8d-790a-46b2-b954-855f7621d60d req-2548af8d-790a-46b2-b954-855f7621d60d ] Request (ServerAddressesNegativeTestJSON:setUpClass): 200 GET http://10.180.1.21/compute/v2.1/servers/72f696ef-c5c4-410a-a894-52e683084a0a 0.556s
2024-12-10 15:36:35.013 65803 INFO tempest.lib.common.rest_client [req-e6c4e9b3-723e-4a05-99e8-fa2f9db16343 req-e6c4e9b3-723e-4a05-99e8-fa2f9db16343 ] Request (ServersTestFqdnHostnames:test_create_server_with_fqdn_name): 200 GET http://10.180.1.21/compute/v2.1/servers/944ce849-152a-404e-8095-a6cc4f27bfc1 0.533s
2024-12-10 15:36:35.019 65848 INFO tempest.lib.common.rest_client [req-0cc40c73-2edd-4338-94bc-7f18e8d8a630 req-0cc40c73-2edd-4338-94bc-7f18e8d8a630 ] Request (AbsoluteLimitsNegativeTestJSON:test_max_metadata_exceed_limit): 201 POST http://10.180.1.21/identity/v3/auth/tokens 0.059s
2024-12-10 15:36:35.020 65848 INFO tempest.lib.common.fixed_network [-] (AbsoluteLimitsNegativeTestJSON:test_max_metadata_exceed_limit) Found network None available for tenant
2024-12-10 15:36:35.052 65791 INFO tempest.lib.common.rest_client [req-7a838ed2-0306-4fd0-8fd5-e575deefa094 req-7a838ed2-0306-4fd0-8fd5-e575deefa094 ] Request (QuotaClassesAdminTestJSON:tearDownClass): 200 GET http://10.180.1.21:9696/networking/v2.0/security-groups?tenant_id=41a363edccf64bd4bc500b6ea2970b62&name=default 0.137s
2024-12-10 15:36:35.063 65841 INFO tempest.lib.common.rest_client [req-e076d2c1-ac3e-4c0e-8871-af161c5e3f88 req-e076d2c1-ac3e-4c0e-8871-af161c5e3f88 ] Request (AttachVolumeNegativeTest:setUpClass): 201 POST http://10.180.1.21:9696/networking/v2.0/networks 0.280s
2024-12-10 15:36:35.064 65833 INFO tempest.lib.common.rest_client [req-78ce5370-b5c5-4369-bbcd-c4f32e8566e0 req-78ce5370-b5c5-4369-bbcd-c4f32e8566e0 ] Request (ImagesTestJSON:_run_cleanups): 204 DELETE http://10.180.1.21/compute/v2.1/servers/1cd7dd86-c1c4-437d-a7ba-9f3051cbf3f0 0.570s
2024-12-10 15:36:35.065 65819 INFO tempest.lib.common.rest_client [req-343ebfa0-131a-4e45-a3c0-7647817620f3 req-343ebfa0-131a-4e45-a3c0-7647817620f3 ] Request (ServerActionsTestOtherB:setUpClass): 200 GET http://10.180.1.21/compute/v2.1/servers/2496ab0d-468e-48b7-a85f-beb4e1f8bc47 0.550s
2024-12-10 15:36:35.140 65833 INFO tempest.lib.common.rest_client [req-6b95a6b0-6a0a-42e7-b0dc-7ea8151d7043 req-6b95a6b0-6a0a-42e7-b0dc-7ea8151d7043 ] Request (ImagesTestJSON:test_create_image_from_suspended_server): 201 POST http://10.180.1.21/identity/v3/auth/tokens 0.064s
2024-12-10 15:36:35.141 65833 INFO tempest.lib.common.fixed_network [-] (ImagesTestJSON:test_create_image_from_suspended_server) Found network {'id': '52203f93-8b4e-4798-823f-4f733c12d44e', 'name': 'tempest-ImagesTestJSON-1267178027-network', 'tenant_id': 'c29ee1bd021a4f1ea02f43c6250a3199', 'admin_state_up': True, 'mtu': 8950, 'status': 'ACTIVE', 'subnets': [], 'shared': False, 'project_id': 'c29ee1bd021a4f1ea02f43c6250a3199', 'port_security_enabled': True, 'router:external': False, 'provider:network_type': 'vlan', 'provider:physical_network': 'default', 'provider:segmentation_id': 507, 'availability_zone_hints': [], 'availability_zones': [], 'ipv4_address_scope': None, 'ipv6_address_scope': None, 'description': '', 'tags': [], 'created_at': '2024-12-10T15:35:33Z', 'updated_at': '2024-12-10T15:35:33Z', 'revision_number': 1} available for tenant
2024-12-10 15:36:35.144 65789 INFO tempest.lib.common.rest_client [req-89ba75a6-b847-46c2-8858-0e4cfb4cdb8b req-89ba75a6-b847-46c2-8858-0e4cfb4cdb8b ] Request (ServersTestBootFromVolume:setUpClass): 200 GET http://10.180.1.21/compute/v2.1/servers/8b970132-af07-43d0-a245-12af6dc77c97 0.528s
2024-12-10 15:36:35.148 65817 INFO tempest.lib.common.rest_client [req-50672ce5-4275-44b1-ba2a-8d0fde5a9bdf req-50672ce5-4275-44b1-ba2a-8d0fde5a9bdf ] Request (InstanceActionsV221TestJSON:test_get_list_deleted_instance_actions): 200 GET http://10.180.1.21/compute/v2.1/servers/2728677c-2e28-4e1c-a405-1c1e9f9b225e 0.575s
2024-12-10 15:36:35.213 65839 INFO tempest.lib.common.rest_client [req-d390f88d-61ec-4a08-9b09-dd3989987f5b req-d390f88d-61ec-4a08-9b09-dd3989987f5b ] Request (ServerAddressesTestJSON:setUpClass): 200 GET http://10.180.1.21/compute/v2.1/servers/ec726a5b-002a-4bc0-abec-07b02ca46886 0.569s
