2025-02-21 08:51:45.636 63399 INFO tempest.lib.common.rest_client [req-727f9989-4dc9-4ee7-bdb3-d8e8f10d61c5 req-727f9989-4dc9-4ee7-bdb3-d8e8f10d61c5 ] Request (InstanceActionsNegativeTestJSON:tearDownClass): 200 GET http://10.180.1.21/compute/v2.1/servers/79a8096d-00eb-4e1c-810f-cc9f65eb6110 0.722s
2025-02-21 08:51:45.678 63383 INFO tempest.lib.common.rest_client [req-fbdb71ac-9b75-40cb-be80-a4a2ba79ba13 req-fbdb71ac-9b75-40cb-be80-a4a2ba79ba13 ] Request (FloatingIPsAssociationTestJSON:setUpClass): 200 GET http://10.180.1.21/compute/v2.1/servers/b979985d-b472-47ed-8611-e55e959942e9 0.712s
2025-02-21 08:51:45.723 63438 INFO tempest.lib.common.rest_client [req-bc554a8e-5660-45f3-b599-e72c0b8d5b87 req-bc554a8e-5660-45f3-b599-e72c0b8d5b87 ] Request (AttachInterfacesUnderV243Test:test_add_remove_fixed_ip): 200 GET http://10.180.1.21/compute/v2.1/servers/398e516b-9906-4e3f-b74d-b090a0437662 0.583s
2025-02-21 08:51:45.769 63413 INFO tempest.lib.common.rest_client [req-3f8dbbd5-0089-4f55-91f4-910598545d44 req-3f8dbbd5-0089-4f55-91f4-910598545d44 ] Request (ImagesOneServerNegativeTestJSON:setUpClass): 200 GET http://10.180.1.21/compute/v2.1/servers/8dbcecc9-e6d8-49d6-a3ac-187920f2719b 0.586s
2025-02-21 08:51:47.403 63439 INFO tempest.lib.common.rest_client [req-6d17c3b2-a10f-4582-992f-4168ff377206 req-6d17c3b2-a10f-4582-992f-4168ff377206 ] Request (VolumesAdminNegativeTest:test_update_attached_volume_with_nonexistent_volume_in_body): 200 POST http://10.180.1.21/compute/v2.1/servers/2ce8dfe0-35b5-48d7-836d-2fe62c9e43f3/os-volume_attachments 2.005s
2025-02-21 08:51:47.432 63439 INFO tempest.lib.common.rest_client [req-121d9c62-5bd6-45c4-b28c-4c6cebf1fd99 req-121d9c62-5bd6-45c4-b28c-4c6cebf1fd99 ] Request (VolumesAdminNegativeTest:test_update_attached_volume_with_nonexistent_volume_in_body): 200 GET http://10.180.1.21/volume/v3/volumes/412f7488-1790-40bc-840d-c79d8c5ee787 0.026s
2025-02-21 08:51:47.463 63401 INFO tempest.lib.common.rest_client [req-c8791f03-0be7-45f6-8cab-a9b1a952cf4a req-c8791f03-0be7-45f6-8cab-a9b1a952cf4a ] Request (ServersAdminNegativeTestJSON:tearDownClass): 200 GET http://10.180.1.21/compute/v2.1/servers/cc7675ce-8158-4544-95c9-df40c403832e 1.833s
2025-02-21 08:51:47.519 63421 INFO tempest.lib.common.rest_client [req-65ea8d7a-3d05-4c8d-b7b1-b51fb1ecedae req-65ea8d7a-3d05-4c8d-b7b1-b51fb1ecedae ] Request (TenantUsagesTestJSON:tearDownClass): 200 GET http://10.180.1.21/compute/v2.1/servers/ffdded3a-f493-42b9-a5bf-f1f71c6fa699 1.838s
2025-02-21 08:51:47.578 63381 INFO tempest.lib.common.rest_client [req-51209a1c-888c-400f-a1cd-d721abecb99c req-51209a1c-888c-400f-a1cd-d721abecb99c ] Request (ServerShowV247Test:tearDownClass): 200 GET http://10.180.1.21/compute/v2.1/servers/17e58975-52ca-4e4e-8358-e72975123529 1.835s
2025-02-21 08:51:47.635 63405 INFO tempest.lib.common.rest_client [req-109c0fc8-d62c-47db-a289-a6739be1e615 req-109c0fc8-d62c-47db-a289-a6739be1e615 ] Request (ServersTestMultiNic:_run_cleanups): 200 GET http://10.180.1.21/compute/v2.1/servers/5c6d73d6-f07f-4581-824f-2b13701c8f88 1.840s
2025-02-21 08:51:47.681 63387 INFO tempest.lib.common.rest_client [req-ae665ef8-bcd9-4ec9-bb73-2142b2936b77 req-ae665ef8-bcd9-4ec9-bb73-2142b2936b77 ] Request (MultipleCreateTestJSON:test_multiple_create): 200 GET http://10.180.1.21/compute/v2.1/servers/1b4ce059-48cf-4e2c-9717-8435265be136 1.831s
2025-02-21 08:51:47.709 63385 INFO tempest.lib.common.rest_client [req-5dddfa08-b427-4c25-83a6-af4e68953c0d req-5dddfa08-b427-4c25-83a6-af4e68953c0d ] Request (ImagesTestJSON:test_create_image_from_suspended_server): 200 GET http://10.180.1.21/compute/v2.1/images/08f45c18-6a17-4f59-9c53-2e4f8e769c72 1.832s
2025-02-21 08:51:47.753 63417 INFO tempest.lib.common.rest_client [req-f67789a5-bc50-4ea3-8f7a-e5eb7fdc147b req-f67789a5-bc50-4ea3-8f7a-e5eb7fdc147b ] Request (MigrationsAdminTest:test_resize_server_revert_deleted_flavor): 200 GET http://10.180.1.21/compute/v2.1/servers/878bfa51-a829-4537-a841-31273a0b09cc 1.817s
2025-02-21 08:51:47.796 63431 INFO tempest.lib.common.rest_client [req-03d8ed55-c89e-4341-9ddf-1837b2324d81 req-03d8ed55-c89e-4341-9ddf-1837b2324d81 ] Request (ImagesOneServerTestJSON:setUpClass): 200 GET http://10.180.1.21/compute/v2.1/servers/821a516b-af49-4b2c-b120-d08b237ccb7b 1.801s
2025-02-21 08:51:47.822 63407 INFO tempest.lib.common.rest_client [req-0efc5b4d-ca6c-4fc2-8d8a-fcbb9a1b5843 req-0efc5b4d-ca6c-4fc2-8d8a-fcbb9a1b5843 ] Request (ListImageFiltersTestJSON:setUpClass): 200 GET http://10.180.1.21/compute/v2.1/images/c3ade0cf-6d3a-4346-b217-debc06b0e4d5 1.798s
2025-02-21 08:51:47.890 63429 INFO tempest.lib.common.rest_client [req-bac5226c-6984-462b-99e0-2cb42f19f413 req-bac5226c-6984-462b-99e0-2cb42f19f413 ] Request (InstanceActionsV221TestJSON:test_get_list_deleted_instance_actions): 200 GET http://10.180.1.21/compute/v2.1/servers/d9015a99-4e2e-48e7-ab0a-e63da1bbcdee 1.542s
2025-02-21 08:51:47.934 63443 INFO tempest.lib.common.rest_client [req-b0aee234-0a62-4f37-ace6-5f472fb3f531 req-b0aee234-0a62-4f37-ace6-5f472fb3f531 ] Request (DeleteServersTestJSON:test_delete_server_while_in_attached_volume): 200 GET http://10.180.1.21/compute/v2.1/servers/5fae8f14-70bd-496e-b311-8555e6eb8dd6 1.526s
2025-02-21 08:51:47.976 63393 INFO tempest.lib.common.rest_client [req-24743aa3-ddf8-47b6-be41-fbcfbb1d7258 req-24743aa3-ddf8-47b6-be41-fbcfbb1d7258 ] Request (ServersTestJSON:test_create_server_with_ipv6_addr_only): 200 GET http://10.180.1.21/compute/v2.1/servers/62d329f2-b211-4c32-9cbd-5b4d68e825b8 1.524s
2025-02-21 08:51:48.020 63425 INFO tempest.lib.common.rest_client [req-55703722-6851-43cd-a44e-5b04e3f21fec req-55703722-6851-43cd-a44e-5b04e3f21fec ] Request (ServersWithSpecificFlavorTestJSON:test_verify_created_server_ephemeral_disk): 200 GET http://10.180.1.21/compute/v2.1/servers/421a6100-70a4-4fbf-abac-28a4e47acaef 1.519s
2025-02-21 08:51:48.063 63427 INFO tempest.lib.common.rest_client [req-749c0f42-e50c-4268-8ef7-2a03a91f140c req-749c0f42-e50c-4268-8ef7-2a03a91f140c ] Request (ListServerFiltersTestJSON:setUpClass): 200 GET http://10.180.1.21/compute/v2.1/servers/591f0933-c3e5-4d84-b7ae-5125f18f7110 1.518s
2025-02-21 08:51:48.109 63423 INFO tempest.lib.common.rest_client [req-a631f4e8-0016-4964-9292-0cbb89522715 req-a631f4e8-0016-4964-9292-0cbb89522715 ] Request (ServerShowV254Test:test_rebuild_server): 200 GET http://10.180.1.21/compute/v2.1/servers/1e36432b-3ebc-4417-b914-5feb9fbd040d 1.513s
2025-02-21 08:51:48.158 63399 INFO tempest.lib.common.rest_client [req-e38fe58c-be81-4302-8cae-8c2bd38c300f req-e38fe58c-be81-4302-8cae-8c2bd38c300f ] Request (InstanceActionsNegativeTestJSON:tearDownClass): 200 GET http://10.180.1.21/compute/v2.1/servers/79a8096d-00eb-4e1c-810f-cc9f65eb6110 1.514s
2025-02-21 08:51:48.204 63383 INFO tempest.lib.common.rest_client [req-992cc526-2a95-43c3-98b0-64c75274b4c0 req-992cc526-2a95-43c3-98b0-64c75274b4c0 ] Request (FloatingIPsAssociationTestJSON:setUpClass): 200 GET http://10.180.1.21/compute/v2.1/servers/b979985d-b472-47ed-8611-e55e959942e9 1.518s
2025-02-21 08:51:48.254 63438 INFO tempest.lib.common.rest_client [req-2e157a9c-27b4-4abe-bfb3-27a709f75d30 req-2e157a9c-27b4-4abe-bfb3-27a709f75d30 ] Request (AttachInterfacesUnderV243Test:test_add_remove_fixed_ip): 200 GET http://10.180.1.21/compute/v2.1/servers/398e516b-9906-4e3f-b74d-b090a0437662 1.523s
2025-02-21 08:51:48.317 63413 INFO tempest.lib.common.rest_client [req-0a8c9ad9-f4c6-4c68-a047-70fb0888a1df req-0a8c9ad9-f4c6-4c68-a047-70fb0888a1df ] Request (ImagesOneServerNegativeTestJSON:setUpClass): 200 GET http://10.180.1.21/compute/v2.1/servers/8dbcecc9-e6d8-49d6-a3ac-187920f2719b 1.541s
2025-02-21 08:51:48.473 63439 INFO tempest.lib.common.rest_client [req-5338b794-4697-459c-8343-4700c0b01f14 req-5338b794-4697-459c-8343-4700c0b01f14 ] Request (VolumesAdminNegativeTest:test_update_attached_volume_with_nonexistent_volume_in_body): 200 GET http://10.180.1.21/volume/v3/volumes/412f7488-1790-40bc-840d-c79d8c5ee787 0.033s
2025-02-21 08:51:48.541 63401 INFO tempest.lib.common.rest_client [req-7cb3a689-0e4f-40a8-b446-95ff9fe555ff req-7cb3a689-0e4f-40a8-b446-95ff9fe555ff ] Request (ServersAdminNegativeTestJSON:tearDownClass): 200 GET http://10.180.1.21/compute/v2.1/servers/cc7675ce-8158-4544-95c9-df40c403832e 0.069s
2025-02-21 08:51:48.611 63421 INFO tempest.lib.common.rest_client [req-bcc07c39-6ec0-4860-af31-a5a243edfc03 req-bcc07c39-6ec0-4860-af31-a5a243edfc03 ] Request (TenantUsagesTestJSON:tearDownClass): 200 GET http://10.180.1.21/compute/v2.1/servers/ffdded3a-f493-42b9-a5bf-f1f71c6fa699 0.085s
2025-02-21 08:51:48.690 63381 INFO tempest.lib.common.rest_client [req-3f2fc80f-723d-4ad9-b752-84c526d1a7b1 req-3f2fc80f-723d-4ad9-b752-84c526d1a7b1 ] Request (ServerShowV247Test:tearDownClass): 200 GET http://10.180.1.21/compute/v2.1/servers/17e58975-52ca-4e4e-8358-e72975123529 0.102s
2025-02-21 08:51:48.753 63405 INFO tempest.lib.common.rest_client [req-de02df51-7ea1-4cfc-a63e-22e988b6028e req-de02df51-7ea1-4cfc-a63e-22e988b6028e ] Request (ServersTestMultiNic:_run_cleanups): 200 GET http://10.180.1.21/compute/v2.1/servers/5c6d73d6-f07f-4581-824f-2b13701c8f88 0.109s
2025-02-21 08:51:48.807 63387 INFO tempest.lib.common.rest_client [req-7785418c-ccfa-4ef7-8a4a-15c1cb92c4d7 req-7785418c-ccfa-4ef7-8a4a-15c1cb92c4d7 ] Request (MultipleCreateTestJSON:test_multiple_create): 200 GET http://10.180.1.21/compute/v2.1/servers/1b4ce059-48cf-4e2c-9717-8435265be136 0.118s
2025-02-21 08:51:48.842 63385 INFO tempest.lib.common.rest_client [req-e9698eb3-3dd7-49cd-b8b2-a38c5b03fc36 req-e9698eb3-3dd7-49cd-b8b2-a38c5b03fc36 ] Request (ImagesTestJSON:test_create_image_from_suspended_server): 200 GET http://10.180.1.21/compute/v2.1/images/08f45c18-6a17-4f59-9c53-2e4f8e769c72 0.128s
2025-02-21 08:51:48.895 63417 INFO tempest.lib.common.rest_client [req-44b93a45-0e50-45e5-9303-c356eb975696 req-44b93a45-0e50-45e5-9303-c356eb975696 ] Request (MigrationsAdminTest:test_resize_server_revert_deleted_flavor): 200 GET http://10.180.1.21/compute/v2.1/servers/878bfa51-a829-4537-a841-31273a0b09cc 0.134s
2025-02-21 08:51:48.945 63431 INFO tempest.lib.common.rest_client [req-57648147-12c9-4c60-9a81-36c22e1b6f4e req-57648147-12c9-4c60-9a81-36c22e1b6f4e ] Request (ImagesOneServerTestJSON:setUpClass): 200 GET http://10.180.1.21/compute/v2.1/servers/821a516b-af49-4b2c-b120-d08b237ccb7b 0.140s
2025-02-21 08:51:48.978 63407 INFO tempest.lib.common.rest_client [req-5459e075-d55d-41ae-b6ed-8d12023c57c1 req-5459e075-d55d-41ae-b6ed-8d12023c57c1 ] Request (ListImageFiltersTestJSON:setUpClass): 200 GET http://10.180.1.21/compute/v2.1/images/c3ade0cf-6d3a-4346-b217-debc06b0e4d5 0.151s
2025-02-21 08:51:49.028 63429 INFO tempest.lib.common.rest_client [req-0f0239fd-87c2-4341-8dc9-960eac4c6515 req-0f0239fd-87c2-4341-8dc9-960eac4c6515 ] Request (InstanceActionsV221TestJSON:test_get_list_deleted_instance_actions): 200 GET http://10.180.1.21/compute/v2.1/servers/d9015a99-4e2e-48e7-ab0a-e63da1bbcdee 0.128s
2025-02-21 08:51:49.085 63443 INFO tempest.lib.common.rest_client [req-98a8e54f-6865-4f48-a129-9e070a3f8472 req-98a8e54f-6865-4f48-a129-9e070a3f8472 ] Request (DeleteServersTestJSON:test_delete_server_while_in_attached_volume): 200 GET http://10.180.1.21/compute/v2.1/servers/5fae8f14-70bd-496e-b311-8555e6eb8dd6 0.143s
2025-02-21 08:51:49.135 63393 INFO tempest.lib.common.rest_client [req-8f1260eb-4820-476f-a161-42a3efee931f req-8f1260eb-4820-476f-a161-42a3efee931f ] Request (ServersTestJSON:test_create_server_with_ipv6_addr_only): 200 GET http://10.180.1.21/compute/v2.1/servers/62d329f2-b211-4c32-9cbd-5b4d68e825b8 0.151s
2025-02-21 08:51:49.188 63425 INFO tempest.lib.common.rest_client [req-56bd0131-8e38-4e40-8127-9da26cdd141b req-56bd0131-8e38-4e40-8127-9da26cdd141b ] Request (ServersWithSpecificFlavorTestJSON:test_verify_created_server_ephemeral_disk): 200 GET http://10.180.1.21/compute/v2.1/servers/421a6100-70a4-4fbf-abac-28a4e47acaef 0.160s
2025-02-21 08:51:49.237 63427 INFO tempest.lib.common.rest_client [req-c06c739e-8cdb-470f-a846-3174f89d6cc8 req-c06c739e-8cdb-470f-a846-3174f89d6cc8 ] Request (ListServerFiltersTestJSON:setUpClass): 200 GET http://10.180.1.21/compute/v2.1/servers/591f0933-c3e5-4d84-b7ae-5125f18f7110 0.166s
2025-02-21 08:51:49.297 63423 INFO tempest.lib.common.rest_client [req-6e76de59-fdb2-4e5b-8b97-689e8a86125d req-6e76de59-fdb2-4e5b-8b97-689e8a86125d ] Request (ServerShowV254Test:test_rebuild_server): 200 GET http://10.180.1.21/compute/v2.1/servers/1e36432b-3ebc-4417-b914-5feb9fbd040d 0.180s
2025-02-21 08:51:49.362 63399 INFO tempest.lib.common.rest_client [req-375a332e-54f6-477c-9b2e-351b51435d38 req-375a332e-54f6-477c-9b2e-351b51435d38 ] Request (InstanceActionsNegativeTestJSON:tearDownClass): 200 GET http://10.180.1.21/compute/v2.1/servers/79a8096d-00eb-4e1c-810f-cc9f65eb6110 0.196s
2025-02-21 08:51:49.407 63383 INFO tempest.lib.common.rest_client [req-d6aac2c8-c405-4dc2-8c70-a80534ee682a req-d6aac2c8-c405-4dc2-8c70-a80534ee682a ] Request (FloatingIPsAssociationTestJSON:setUpClass): 200 GET http://10.180.1.21/compute/v2.1/servers/b979985d-b472-47ed-8611-e55e959942e9 0.194s
2025-02-21 08:51:49.454 63438 INFO tempest.lib.common.rest_client [req-b460641d-2172-4dd2-9dde-26f90dddb10a req-b460641d-2172-4dd2-9dde-26f90dddb10a ] Request (AttachInterfacesUnderV243Test:test_add_remove_fixed_ip): 200 GET http://10.180.1.21/compute/v2.1/servers/398e516b-9906-4e3f-b74d-b090a0437662 0.191s
2025-02-21 08:51:49.500 63413 INFO tempest.lib.common.rest_client [req-b1e91ded-64d3-4679-b6e1-7b803255c754 req-b1e91ded-64d3-4679-b6e1-7b803255c754 ] Request (ImagesOneServerNegativeTestJSON:setUpClass): 200 GET http://10.180.1.21/compute/v2.1/servers/8dbcecc9-e6d8-49d6-a3ac-187920f2719b 0.175s
2025-02-21 08:51:49.508 63413 INFO tempest.common.waiters [-] State transition "BUILD/scheduling" ==> "BUILD/None" after 30 second wait
2025-02-21 08:51:49.513 63439 INFO tempest.lib.common.rest_client [req-f90ce29c-884a-44f5-b718-819fa1a68700 req-f90ce29c-884a-44f5-b718-819fa1a68700 ] Request (VolumesAdminNegativeTest:test_update_attached_volume_with_nonexistent_volume_in_body): 200 GET http://10.180.1.21/volume/v3/volumes/412f7488-1790-40bc-840d-c79d8c5ee787 0.029s
2025-02-21 08:51:49.603 63401 INFO tempest.lib.common.rest_client [req-096329e9-5a7e-42bb-bb92-848e70e06943 req-096329e9-5a7e-42bb-bb92-848e70e06943 ] Request (ServersAdminNegativeTestJSON:tearDownClass): 200 GET http://10.180.1.21/compute/v2.1/servers/cc7675ce-8158-4544-95c9-df40c403832e 0.053s
2025-02-21 08:51:49.677 63421 INFO tempest.lib.common.rest_client [req-7b73fe5b-dd19-4852-bb83-3a2439e2ee0c req-7b73fe5b-dd19-4852-bb83-3a2439e2ee0c ] Request (TenantUsagesTestJSON:tearDownClass): 200 GET http://10.180.1.21/compute/v2.1/servers/ffdded3a-f493-42b9-a5bf-f1f71c6fa699 0.056s
2025-02-21 08:51:49.760 63381 INFO tempest.lib.common.rest_client [req-360f5fd9-a39d-475b-bd6b-309a8e617a63 req-360f5fd9-a39d-475b-bd6b-309a8e617a63 ] Request (ServerShowV247Test:tearDownClass): 200 GET http://10.180.1.21/compute/v2.1/servers/17e58975-52ca-4e4e-8358-e72975123529 0.059s
2025-02-21 08:51:49.821 63405 INFO tempest.lib.common.rest_client [req-375a88b1-8f5f-4b3a-a89c-4cf8effb4080 req-375a88b1-8f5f-4b3a-a89c-4cf8effb4080 ] Request (ServersTestMultiNic:_run_cleanups): 200 GET http://10.180.1.21/compute/v2.1/servers/5c6d73d6-f07f-4581-824f-2b13701c8f88 0.057s
2025-02-21 08:51:49.851 63433 WARNING tempest.lib.common.ssh [-] Failed to establish authenticated ssh connection to cirros@10.180.180.157 ([Errno None] Unable to connect to port 22 on 10.180.180.157). Number attempts: 6. Retry after 7 seconds.: paramiko.ssh_exception.NoValidConnectionsError: [Errno None] Unable to connect to port 22 on 10.180.180.157
2025-02-21 08:51:49.871 63387 INFO tempest.lib.common.rest_client [req-6d3689df-6ed6-4b65-8d4b-fc6bdb738f32 req-6d3689df-6ed6-4b65-8d4b-fc6bdb738f32 ] Request (MultipleCreateTestJSON:test_multiple_create): 200 GET http://10.180.1.21/compute/v2.1/servers/1b4ce059-48cf-4e2c-9717-8435265be136 0.054s
2025-02-21 08:51:49.904 63385 INFO tempest.lib.common.rest_client [req-724fc6c7-4f5e-4615-a120-99bffb919d41 req-724fc6c7-4f5e-4615-a120-99bffb919d41 ] Request (ImagesTestJSON:test_create_image_from_suspended_server): 200 GET http://10.180.1.21/compute/v2.1/images/08f45c18-6a17-4f59-9c53-2e4f8e769c72 0.058s
2025-02-21 08:51:49.981 63417 INFO tempest.lib.common.rest_client [req-5a69af4a-6add-4c3d-b944-724111f2e3d5 req-5a69af4a-6add-4c3d-b944-724111f2e3d5 ] Request (MigrationsAdminTest:test_resize_server_revert_deleted_flavor): 200 GET http://10.180.1.21/compute/v2.1/servers/878bfa51-a829-4537-a841-31273a0b09cc 0.076s
2025-02-21 08:51:50.029 63431 INFO tempest.lib.common.rest_client [req-c6702601-2d6e-420a-9bff-d499039c1a98 req-c6702601-2d6e-420a-9bff-d499039c1a98 ] Request (ImagesOneServerTestJSON:setUpClass): 200 GET http://10.180.1.21/compute/v2.1/servers/821a516b-af49-4b2c-b120-d08b237ccb7b 0.075s
2025-02-21 08:51:50.060 63407 INFO tempest.lib.common.rest_client [req-02b4de33-db33-4caf-a0b6-3999a068e529 req-02b4de33-db33-4caf-a0b6-3999a068e529 ] Request (ListImageFiltersTestJSON:setUpClass): 200 GET http://10.180.1.21/compute/v2.1/images/c3ade0cf-6d3a-4346-b217-debc06b0e4d5 0.077s
2025-02-21 08:51:50.110 63429 INFO tempest.lib.common.rest_client [req-d7501a2d-4917-4430-aa4e-e8bcde295165 req-d7501a2d-4917-4430-aa4e-e8bcde295165 ] Request (InstanceActionsV221TestJSON:test_get_list_deleted_instance_actions): 200 GET http://10.180.1.21/compute/v2.1/servers/d9015a99-4e2e-48e7-ab0a-e63da1bbcdee 0.065s
2025-02-21 08:51:50.157 63443 INFO tempest.lib.common.rest_client [req-f9c43d3e-322f-4aaf-8086-f6837d8d53c0 req-f9c43d3e-322f-4aaf-8086-f6837d8d53c0 ] Request (DeleteServersTestJSON:test_delete_server_while_in_attached_volume): 200 GET http://10.180.1.21/compute/v2.1/servers/5fae8f14-70bd-496e-b311-8555e6eb8dd6 0.061s
2025-02-21 08:51:50.204 63393 INFO tempest.lib.common.rest_client [req-c160eda8-073f-428f-a00e-1a958d09c065 req-c160eda8-073f-428f-a00e-1a958d09c065 ] Request (ServersTestJSON:test_create_server_with_ipv6_addr_only): 200 GET http://10.180.1.21/compute/v2.1/servers/62d329f2-b211-4c32-9cbd-5b4d68e825b8 0.061s
2025-02-21 08:51:50.255 63425 INFO tempest.lib.common.rest_client [req-5b938415-67c4-4fca-9443-11eb1251b37b req-5b938415-67c4-4fca-9443-11eb1251b37b ] Request (ServersWithSpecificFlavorTestJSON:test_verify_created_server_ephemeral_disk): 200 GET http://10.180.1.21/compute/v2.1/servers/421a6100-70a4-4fbf-abac-28a4e47acaef 0.056s
2025-02-21 08:51:50.307 63427 INFO tempest.lib.common.rest_client [req-334d9bbe-e4f5-4093-9806-1f1d0b76c1fb req-334d9bbe-e4f5-4093-9806-1f1d0b76c1fb ] Request (ListServerFiltersTestJSON:setUpClass): 200 GET http://10.180.1.21/compute/v2.1/servers/591f0933-c3e5-4d84-b7ae-5125f18f7110 0.060s
2025-02-21 08:51:50.343 63391 INFO paramiko.transport [-] Connected (version 2.0, client dropbear_2020.81)
2025-02-21 08:51:50.369 63423 INFO tempest.lib.common.rest_client [req-6195a9d0-6e98-4e06-b62c-ec653badc44f req-6195a9d0-6e98-4e06-b62c-ec653badc44f ] Request (ServerShowV254Test:test_rebuild_server): 200 GET http://10.180.1.21/compute/v2.1/servers/1e36432b-3ebc-4417-b914-5feb9fbd040d 0.062s
2025-02-21 08:51:50.431 63399 INFO tempest.lib.common.rest_client [req-3e85ffe0-ad24-433d-a995-f271dcb1e7d8 req-3e85ffe0-ad24-433d-a995-f271dcb1e7d8 ] Request (InstanceActionsNegativeTestJSON:tearDownClass): 200 GET http://10.180.1.21/compute/v2.1/servers/79a8096d-00eb-4e1c-810f-cc9f65eb6110 0.059s
2025-02-21 08:51:50.445 63391 INFO paramiko.transport [-] Authentication (publickey) successful!
2025-02-21 08:51:50.447 63391 INFO tempest.lib.common.ssh [-] ssh connection to cirros@10.180.180.224 successfully created
2025-02-21 08:51:50.456 63391 INFO tempest.lib.common.ssh [-] Creating ssh connection to '10.180.180.224:22' as 'cirros' with public key authentication
2025-02-21 08:51:50.458 63441 WARNING tempest.lib.common.ssh [-] Failed to establish authenticated ssh connection to cirros@10.180.180.160 ([Errno None] Unable to connect to port 22 on 10.180.180.160). Number attempts: 13. Retry after 14 seconds.: paramiko.ssh_exception.NoValidConnectionsError: [Errno None] Unable to connect to port 22 on 10.180.180.160
2025-02-21 08:51:50.460 63391 INFO paramiko.transport [-] Connected (version 2.0, client dropbear_2020.81)
2025-02-21 08:51:50.492 63383 INFO tempest.lib.common.rest_client [req-067bdc82-eead-4aa6-bfa4-94081d2bde51 req-067bdc82-eead-4aa6-bfa4-94081d2bde51 ] Request (FloatingIPsAssociationTestJSON:setUpClass): 200 GET http://10.180.1.21/compute/v2.1/servers/b979985d-b472-47ed-8611-e55e959942e9 0.077s
2025-02-21 08:51:50.545 63438 INFO tempest.lib.common.rest_client [req-c5bb1320-a2c9-4e28-8f65-4944558250ad req-c5bb1320-a2c9-4e28-8f65-4944558250ad ] Request (AttachInterfacesUnderV243Test:test_add_remove_fixed_ip): 200 GET http://10.180.1.21/compute/v2.1/servers/398e516b-9906-4e3f-b74d-b090a0437662 0.082s
2025-02-21 08:51:50.547 63439 INFO tempest.lib.common.rest_client [req-596495e4-aa9e-407b-8c32-59a4b6b42211 req-596495e4-aa9e-407b-8c32-59a4b6b42211 ] Request (VolumesAdminNegativeTest:test_update_attached_volume_with_nonexistent_volume_in_body): 200 GET http://10.180.1.21/volume/v3/volumes/412f7488-1790-40bc-840d-c79d8c5ee787 0.026s
2025-02-21 08:51:50.556 63403 INFO tempest.lib.common.rest_client [req-b976b251-2399-45fb-b0f3-7559d1db26f7 req-b976b251-2399-45fb-b0f3-7559d1db26f7 ] Request (AttachInterfacesTestJSON:test_create_list_show_delete_interfaces_by_fixed_ip): 200 POST http://10.180.1.21/compute/v2.1/servers/0fd393bb-8113-4b12-93ea-2d257fb98ae0/os-interface 7.669s
2025-02-21 08:51:50.560 63391 INFO paramiko.transport [-] Authentication (publickey) successful!
2025-02-21 08:51:50.560 63391 INFO tempest.lib.common.ssh [-] ssh connection to cirros@10.180.180.224 successfully created
2025-02-21 08:51:50.599 63413 INFO tempest.lib.common.rest_client [req-10b61e23-4f91-4745-b72a-e1485bda7ef2 req-10b61e23-4f91-4745-b72a-e1485bda7ef2 ] Request (ImagesOneServerNegativeTestJSON:setUpClass): 200 GET http://10.180.1.21/compute/v2.1/servers/8dbcecc9-e6d8-49d6-a3ac-187920f2719b 0.090s
2025-02-21 08:51:50.623 63403 INFO tempest.lib.common.rest_client [req-305abe9e-457e-4fc6-b881-692509d10b9b req-305abe9e-457e-4fc6-b881-692509d10b9b ] Request (AttachInterfacesTestJSON:test_create_list_show_delete_interfaces_by_fixed_ip): 200 GET http://10.180.1.21/compute/v2.1/servers/0fd393bb-8113-4b12-93ea-2d257fb98ae0/os-interface/8cc1992a-f48c-4cda-b644-c277298723b7 0.065s
2025-02-21 08:51:50.673 63401 INFO tempest.lib.common.rest_client [req-bd8c57f8-208d-4bf6-94eb-3b5aafdd50ee req-bd8c57f8-208d-4bf6-94eb-3b5aafdd50ee ] Request (ServersAdminNegativeTestJSON:tearDownClass): 200 GET http://10.180.1.21/compute/v2.1/servers/cc7675ce-8158-4544-95c9-df40c403832e 0.063s
2025-02-21 08:51:50.707 63403 INFO tempest.lib.common.rest_client [req-d52cb3b2-0c25-49f7-9f29-e1033c96bccb req-d52cb3b2-0c25-49f7-9f29-e1033c96bccb ] Request (AttachInterfacesTestJSON:test_create_list_show_delete_interfaces_by_fixed_ip): 200 GET http://10.180.1.21/compute/v2.1/servers/0fd393bb-8113-4b12-93ea-2d257fb98ae0/os-interface 0.081s
2025-02-21 08:51:50.757 63421 INFO tempest.lib.common.rest_client [req-8410d025-c8cb-45a0-8adb-7807f74a2655 req-8410d025-c8cb-45a0-8adb-7807f74a2655 ] Request (TenantUsagesTestJSON:tearDownClass): 200 GET http://10.180.1.21/compute/v2.1/servers/ffdded3a-f493-42b9-a5bf-f1f71c6fa699 0.071s
2025-02-21 08:51:50.774 63403 INFO tempest.lib.common.rest_client [req-2215d1ea-5550-47fc-ad2f-dadb1c242ea9 req-2215d1ea-5550-47fc-ad2f-dadb1c242ea9 ] Request (AttachInterfacesTestJSON:test_create_list_show_delete_interfaces_by_fixed_ip): 200 GET http://10.180.1.21/compute/v2.1/servers/0fd393bb-8113-4b12-93ea-2d257fb98ae0/os-interface/c2e58328-47b0-4465-bbcd-cda64cc100dd 0.065s
2025-02-21 08:51:50.834 63403 INFO tempest.lib.common.rest_client [req-64da4836-065e-42a4-bbf3-409f4ff00322 req-64da4836-065e-42a4-bbf3-409f4ff00322 ] Request (AttachInterfacesTestJSON:test_create_list_show_delete_interfaces_by_fixed_ip): 202 DELETE http://10.180.1.21/compute/v2.1/servers/0fd393bb-8113-4b12-93ea-2d257fb98ae0/os-interface/8cc1992a-f48c-4cda-b644-c277298723b7 0.058s
2025-02-21 08:51:50.836 63381 INFO tempest.lib.common.rest_client [req-9d363b56-0408-4fc7-9c2f-164456bac986 req-9d363b56-0408-4fc7-9c2f-164456bac986 ] Request (ServerShowV247Test:tearDownClass): 200 GET http://10.180.1.21/compute/v2.1/servers/17e58975-52ca-4e4e-8358-e72975123529 0.066s
2025-02-21 08:51:50.898 63405 INFO tempest.lib.common.rest_client [req-af4155db-1136-4764-8315-b8f1bf4335a9 req-af4155db-1136-4764-8315-b8f1bf4335a9 ] Request (ServersTestMultiNic:_run_cleanups): 200 GET http://10.180.1.21/compute/v2.1/servers/5c6d73d6-f07f-4581-824f-2b13701c8f88 0.070s
2025-02-21 08:51:50.909 63403 INFO tempest.lib.common.rest_client [req-2be30495-1955-4b82-8d2f-53419ea71e82 req-2be30495-1955-4b82-8d2f-53419ea71e82 ] Request (AttachInterfacesTestJSON:test_create_list_show_delete_interfaces_by_fixed_ip): 200 GET http://10.180.1.21/compute/v2.1/servers/0fd393bb-8113-4b12-93ea-2d257fb98ae0/os-interface 0.074s
2025-02-21 08:51:50.949 63387 INFO tempest.lib.common.rest_client [req-eb656704-872b-4384-8d49-ce484c0e0b2f req-eb656704-872b-4384-8d49-ce484c0e0b2f ] Request (MultipleCreateTestJSON:test_multiple_create): 200 GET http://10.180.1.21/compute/v2.1/servers/1b4ce059-48cf-4e2c-9717-8435265be136 0.070s
2025-02-21 08:51:51.027 63409 INFO paramiko.transport [-] Connected (version 2.0, client dropbear_2020.81)
2025-02-21 08:51:51.047 63417 INFO tempest.lib.common.rest_client [req-b7d45185-ba8d-4460-9f14-d1254aad35d5 req-b7d45185-ba8d-4460-9f14-d1254aad35d5 ] Request (MigrationsAdminTest:test_resize_server_revert_deleted_flavor): 200 GET http://10.180.1.21/compute/v2.1/servers/878bfa51-a829-4537-a841-31273a0b09cc 0.054s
2025-02-21 08:51:51.086 63409 INFO paramiko.transport [-] Authentication (publickey) successful!
2025-02-21 08:51:51.087 63409 INFO tempest.lib.common.ssh [-] ssh connection to cirros@10.180.180.153 successfully created
2025-02-21 08:51:51.100 63431 INFO tempest.lib.common.rest_client [req-3c307c93-e1ea-47a1-869a-417c04282a86 req-3c307c93-e1ea-47a1-869a-417c04282a86 ] Request (ImagesOneServerTestJSON:setUpClass): 200 GET http://10.180.1.21/compute/v2.1/servers/821a516b-af49-4b2c-b120-d08b237ccb7b 0.063s
2025-02-21 08:51:51.114 63385 INFO tempest.lib.common.rest_client [req-bb8f8146-4218-4e5a-80fc-753c4ee6bf2a req-bb8f8146-4218-4e5a-80fc-753c4ee6bf2a ] Request (ImagesTestJSON:test_create_image_from_suspended_server): 200 GET http://10.180.1.21/compute/v2.1/images/08f45c18-6a17-4f59-9c53-2e4f8e769c72 0.205s
2025-02-21 08:51:51.132 63407 INFO tempest.lib.common.rest_client [req-a2a55910-54d5-4f5a-98e1-e344888c44b6 req-a2a55910-54d5-4f5a-98e1-e344888c44b6 ] Request (ListImageFiltersTestJSON:setUpClass): 200 GET http://10.180.1.21/compute/v2.1/images/c3ade0cf-6d3a-4346-b217-debc06b0e4d5 0.067s
2025-02-21 08:51:51.181 63429 INFO tempest.lib.common.rest_client [req-796fd6ce-70cb-43fd-b079-483e1b9fcc37 req-796fd6ce-70cb-43fd-b079-483e1b9fcc37 ] Request (InstanceActionsV221TestJSON:test_get_list_deleted_instance_actions): 200 GET http://10.180.1.21/compute/v2.1/servers/d9015a99-4e2e-48e7-ab0a-e63da1bbcdee 0.061s
2025-02-21 08:51:51.188 63409 INFO tempest.lib.common.rest_client [req-9303d110-7b2e-4799-8491-e80a903aff6f req-9303d110-7b2e-4799-8491-e80a903aff6f ] Request (ServersTestFqdnHostnames:tearDownClass): 204 DELETE http://10.180.1.21/compute/v2.1/servers/7c42dd10-0981-4496-85bd-d467534c95e5 0.094s
2025-02-21 08:51:51.241 63443 INFO tempest.lib.common.rest_client [req-6eaecc77-2388-4a26-91fc-5d87ea619886 req-6eaecc77-2388-4a26-91fc-5d87ea619886 ] Request (DeleteServersTestJSON:test_delete_server_while_in_attached_volume): 200 GET http://10.180.1.21/compute/v2.1/servers/5fae8f14-70bd-496e-b311-8555e6eb8dd6 0.076s
2025-02-21 08:51:51.299 63393 INFO tempest.lib.common.rest_client [req-a52f58dc-ac25-4b60-8dcb-6740c1efcbd4 req-a52f58dc-ac25-4b60-8dcb-6740c1efcbd4 ] Request (ServersTestJSON:test_create_server_with_ipv6_addr_only): 200 GET http://10.180.1.21/compute/v2.1/servers/62d329f2-b211-4c32-9cbd-5b4d68e825b8 0.088s
2025-02-21 08:51:51.335 63409 INFO tempest.lib.common.rest_client [req-ede9c503-f08b-46bf-b6f6-c2cb94bb9da2 req-ede9c503-f08b-46bf-b6f6-c2cb94bb9da2 ] Request (ServersTestFqdnHostnames:tearDownClass): 200 GET http://10.180.1.21/compute/v2.1/servers/7c42dd10-0981-4496-85bd-d467534c95e5 0.146s
2025-02-21 08:51:51.363 63425 INFO tempest.lib.common.rest_client [req-32557c67-c1fa-4d17-af7e-b614761a7def req-32557c67-c1fa-4d17-af7e-b614761a7def ] Request (ServersWithSpecificFlavorTestJSON:test_verify_created_server_ephemeral_disk): 200 GET http://10.180.1.21/compute/v2.1/servers/421a6100-70a4-4fbf-abac-28a4e47acaef 0.100s
2025-02-21 08:51:51.450 63423 INFO tempest.lib.common.rest_client [req-51802e2e-ba79-4b35-be78-ed9b6daf3635 req-51802e2e-ba79-4b35-be78-ed9b6daf3635 ] Request (ServerShowV254Test:test_rebuild_server): 200 GET http://10.180.1.21/compute/v2.1/servers/1e36432b-3ebc-4417-b914-5feb9fbd040d 0.068s
2025-02-21 08:51:51.493 63427 INFO tempest.lib.common.rest_client [req-e788a17d-7728-4566-8632-2238aa4eba51 req-e788a17d-7728-4566-8632-2238aa4eba51 ] Request (ListServerFiltersTestJSON:setUpClass): 200 GET http://10.180.1.21/compute/v2.1/servers/591f0933-c3e5-4d84-b7ae-5125f18f7110 0.174s
2025-02-21 08:51:51.500 63427 INFO tempest.common.waiters [-] State transition "BUILD/None" ==> "BUILD/networking" after 88 second wait
2025-02-21 08:51:51.526 63399 INFO tempest.lib.common.rest_client [req-766bdeff-56a4-4df9-850d-95138f81d123 req-766bdeff-56a4-4df9-850d-95138f81d123 ] Request (InstanceActionsNegativeTestJSON:tearDownClass): 200 GET http://10.180.1.21/compute/v2.1/servers/79a8096d-00eb-4e1c-810f-cc9f65eb6110 0.084s
2025-02-21 08:51:51.551 63383 INFO tempest.lib.common.rest_client [req-b28e0ae7-8c3d-4bb8-954b-c91b866e4d68 req-b28e0ae7-8c3d-4bb8-954b-c91b866e4d68 ] Request (FloatingIPsAssociationTestJSON:setUpClass): 200 GET http://10.180.1.21/compute/v2.1/servers/b979985d-b472-47ed-8611-e55e959942e9 0.051s
2025-02-21 08:51:51.585 63439 INFO tempest.lib.common.rest_client [req-2e676073-5f66-448d-b1d8-276ee2d70256 req-2e676073-5f66-448d-b1d8-276ee2d70256 ] Request (VolumesAdminNegativeTest:test_update_attached_volume_with_nonexistent_volume_in_body): 200 GET http://10.180.1.21/volume/v3/volumes/412f7488-1790-40bc-840d-c79d8c5ee787 0.031s
2025-02-21 08:51:51.618 63438 INFO tempest.lib.common.rest_client [req-e3f3f4e7-b07b-4328-9d7c-4be713593369 req-e3f3f4e7-b07b-4328-9d7c-4be713593369 ] Request (AttachInterfacesUnderV243Test:test_add_remove_fixed_ip): 200 GET http://10.180.1.21/compute/v2.1/servers/398e516b-9906-4e3f-b74d-b090a0437662 0.063s
2025-02-21 08:51:51.666 63413 INFO tempest.lib.common.rest_client [req-c5d4e86b-5526-4ecb-a9f0-bf947c30ba33 req-c5d4e86b-5526-4ecb-a9f0-bf947c30ba33 ] Request (ImagesOneServerNegativeTestJSON:setUpClass): 200 GET http://10.180.1.21/compute/v2.1/servers/8dbcecc9-e6d8-49d6-a3ac-187920f2719b 0.055s
2025-02-21 08:51:51.685 63391 INFO tempest.lib.common.rest_client [req-e66f5400-61a4-4441-8d6e-3dafa256fd4d req-e66f5400-61a4-4441-8d6e-3dafa256fd4d ] Request (ServersV294TestFqdnHostnames:tearDownClass): 204 DELETE http://10.180.1.21/compute/v2.1/servers/68a75af1-3f9a-4ed7-9e12-24dfd927b323 0.094s
2025-02-21 08:51:51.767 63401 INFO tempest.lib.common.rest_client [req-dcd5573b-6bd2-4852-86de-3c4687ed8e71 req-dcd5573b-6bd2-4852-86de-3c4687ed8e71 ] Request (ServersAdminNegativeTestJSON:tearDownClass): 200 GET http://10.180.1.21/compute/v2.1/servers/cc7675ce-8158-4544-95c9-df40c403832e 0.085s
2025-02-21 08:51:51.847 63421 INFO tempest.lib.common.rest_client [req-d3e52125-2794-471d-89d2-d44c7d2749c0 req-d3e52125-2794-471d-89d2-d44c7d2749c0 ] Request (TenantUsagesTestJSON:tearDownClass): 200 GET http://10.180.1.21/compute/v2.1/servers/ffdded3a-f493-42b9-a5bf-f1f71c6fa699 0.082s
2025-02-21 08:51:51.888 63391 INFO tempest.lib.common.rest_client [req-d1f455a5-5543-4bfc-8225-f1df75dc50a9 req-d1f455a5-5543-4bfc-8225-f1df75dc50a9 ] Request (ServersV294TestFqdnHostnames:tearDownClass): 200 GET http://10.180.1.21/compute/v2.1/servers/68a75af1-3f9a-4ed7-9e12-24dfd927b323 0.203s
2025-02-21 08:51:51.925 63381 INFO tempest.lib.common.rest_client [req-a1933937-e51c-4937-9292-789fc2b053d1 req-a1933937-e51c-4937-9292-789fc2b053d1 ] Request (ServerShowV247Test:tearDownClass): 200 GET http://10.180.1.21/compute/v2.1/servers/17e58975-52ca-4e4e-8358-e72975123529 0.075s
2025-02-21 08:51:51.995 63403 INFO tempest.lib.common.rest_client [req-45f00c1e-97c1-400d-8fd0-4c433c269b68 req-45f00c1e-97c1-400d-8fd0-4c433c269b68 ] Request (AttachInterfacesTestJSON:test_create_list_show_delete_interfaces_by_fixed_ip): 200 GET http://10.180.1.21/compute/v2.1/servers/0fd393bb-8113-4b12-93ea-2d257fb98ae0/os-interface 0.082s
2025-02-21 08:51:52.009 63405 INFO tempest.lib.common.rest_client [req-c0143718-dab6-4c31-83d9-23a0bf3cad9d req-c0143718-dab6-4c31-83d9-23a0bf3cad9d ] Request (ServersTestMultiNic:_run_cleanups): 200 GET http://10.180.1.21/compute/v2.1/servers/5c6d73d6-f07f-4581-824f-2b13701c8f88 0.103s
2025-02-21 08:51:52.050 63387 INFO tempest.lib.common.rest_client [req-c4d07d0d-8dcd-4d7c-82b3-39ee3188db5d req-c4d07d0d-8dcd-4d7c-82b3-39ee3188db5d ] Request (MultipleCreateTestJSON:test_multiple_create): 200 GET http://10.180.1.21/compute/v2.1/servers/1b4ce059-48cf-4e2c-9717-8435265be136 0.091s
2025-02-21 08:51:52.106 63417 INFO tempest.lib.common.rest_client [req-0b12fc5e-23c7-40f2-bc73-fe24dd151a1a req-0b12fc5e-23c7-40f2-bc73-fe24dd151a1a ] Request (MigrationsAdminTest:test_resize_server_revert_deleted_flavor): 200 GET http://10.180.1.21/compute/v2.1/servers/878bfa51-a829-4537-a841-31273a0b09cc 0.051s
2025-02-21 08:51:52.161 63431 INFO tempest.lib.common.rest_client [req-5d861763-4614-40d6-ae1a-87faf899a6fd req-5d861763-4614-40d6-ae1a-87faf899a6fd ] Request (ImagesOneServerTestJSON:setUpClass): 200 GET http://10.180.1.21/compute/v2.1/servers/821a516b-af49-4b2c-b120-d08b237ccb7b 0.051s
2025-02-21 08:51:52.628 63439 INFO tempest.lib.common.rest_client [req-b3ad9ada-2d33-43ac-a341-a378ee5bf0ce req-b3ad9ada-2d33-43ac-a341-a378ee5bf0ce ] Request (VolumesAdminNegativeTest:test_update_attached_volume_with_nonexistent_volume_in_body): 200 GET http://10.180.1.21/volume/v3/volumes/412f7488-1790-40bc-840d-c79d8c5ee787 0.036s
2025-02-21 08:51:53.673 63439 INFO tempest.lib.common.rest_client [req-4cc84fd0-bc8c-4227-baa8-fe9a57b10f95 req-4cc84fd0-bc8c-4227-baa8-fe9a57b10f95 ] Request (VolumesAdminNegativeTest:test_update_attached_volume_with_nonexistent_volume_in_body): 200 GET http://10.180.1.21/volume/v3/volumes/412f7488-1790-40bc-840d-c79d8c5ee787 0.037s
2025-02-21 08:51:54.709 63439 INFO tempest.lib.common.rest_client [req-274ce31a-982a-47ba-8d52-7b791e908ccb req-274ce31a-982a-47ba-8d52-7b791e908ccb ] Request (VolumesAdminNegativeTest:test_update_attached_volume_with_nonexistent_volume_in_body): 200 GET http://10.180.1.21/volume/v3/volumes/412f7488-1790-40bc-840d-c79d8c5ee787 0.029s
2025-02-21 08:51:54.716 63439 INFO tempest.common.waiters [-] Attachment f8ada928-974c-4da6-8bb0-aff450497d6a created for volume 412f7488-1790-40bc-840d-c79d8c5ee787 to server 2ce8dfe0-35b5-48d7-836d-2fe62c9e43f3 after waiting for 7.716914 seconds
2025-02-21 08:51:54.741 63439 INFO tempest.lib.common.rest_client [req-239f7ad4-999d-411a-aca3-4558a4392a1b req-239f7ad4-999d-411a-aca3-4558a4392a1b ] Request (VolumesAdminNegativeTest:test_update_attached_volume_with_nonexistent_volume_in_body): 200 GET http://10.180.1.21/volume/v3/volumes/412f7488-1790-40bc-840d-c79d8c5ee787 0.024s
2025-02-21 08:51:54.748 63439 INFO tempest.common.waiters [-] volume 412f7488-1790-40bc-840d-c79d8c5ee787 reached in-use after waiting for 0.748823 seconds
2025-02-21 08:51:55.353 63395 WARNING tempest.lib.common.ssh [-] Failed to establish authenticated ssh connection to cirros@10.180.180.148 ([Errno None] Unable to connect to port 22 on 10.180.180.148). Number attempts: 11. Retry after 12 seconds.: paramiko.ssh_exception.NoValidConnectionsError: [Errno None] Unable to connect to port 22 on 10.180.180.148
2025-02-21 08:51:56.857 63385 INFO tempest.lib.common.rest_client [req-1dea9a9e-6a7a-4ba8-9eb9-be3cc2f5fa1f req-1dea9a9e-6a7a-4ba8-9eb9-be3cc2f5fa1f ] Request (ImagesTestJSON:test_create_image_from_suspended_server): 200 GET http://10.180.1.21/compute/v2.1/images/08f45c18-6a17-4f59-9c53-2e4f8e769c72 4.739s
2025-02-21 08:51:56.860 63407 INFO tempest.lib.common.rest_client [req-b6036db2-32ab-45c6-add8-31dbab02f974 req-b6036db2-32ab-45c6-add8-31dbab02f974 ] Request (ListImageFiltersTestJSON:setUpClass): 200 GET http://10.180.1.21/compute/v2.1/images/c3ade0cf-6d3a-4346-b217-debc06b0e4d5 4.724s
2025-02-21 08:51:56.928 63443 INFO tempest.lib.common.rest_client [req-b79fdef7-8349-48d7-ae8d-4f41811b7c67 req-b79fdef7-8349-48d7-ae8d-4f41811b7c67 ] Request (DeleteServersTestJSON:test_delete_server_while_in_attached_volume): 200 GET http://10.180.1.21/compute/v2.1/servers/5fae8f14-70bd-496e-b311-8555e6eb8dd6 4.677s
2025-02-21 08:51:56.939 63429 INFO tempest.lib.common.rest_client [req-bab43652-ddcb-42aa-b7d7-3036097316ff req-bab43652-ddcb-42aa-b7d7-3036097316ff ] Request (InstanceActionsV221TestJSON:test_get_list_deleted_instance_actions): 200 GET http://10.180.1.21/compute/v2.1/servers/d9015a99-4e2e-48e7-ab0a-e63da1bbcdee 4.747s
2025-02-21 08:51:56.984 63393 INFO tempest.lib.common.rest_client [req-46163765-e354-4a9c-a198-94e27941419a req-46163765-e354-4a9c-a198-94e27941419a ] Request (ServersTestJSON:test_create_server_with_ipv6_addr_only): 200 GET http://10.180.1.21/compute/v2.1/servers/62d329f2-b211-4c32-9cbd-5b4d68e825b8 4.675s
2025-02-21 08:51:57.008 63409 INFO tempest.lib.common.rest_client [req-66b848b8-1aeb-4408-ae1e-765d6a04a537 req-66b848b8-1aeb-4408-ae1e-765d6a04a537 ] Request (ServersTestFqdnHostnames:tearDownClass): 200 GET http://10.180.1.21/compute/v2.1/servers/7c42dd10-0981-4496-85bd-d467534c95e5 4.660s
2025-02-21 08:51:57.019 63409 INFO tempest.common.waiters [-] State transition "ACTIVE/deleting" ==> "DELETED/None" after 6 second wait
2025-02-21 08:51:57.043 63425 INFO tempest.lib.common.rest_client [req-e6bd9c54-6f77-4352-8388-9ffc717ce5c6 req-e6bd9c54-6f77-4352-8388-9ffc717ce5c6 ] Request (ServersWithSpecificFlavorTestJSON:test_verify_created_server_ephemeral_disk): 200 GET http://10.180.1.21/compute/v2.1/servers/421a6100-70a4-4fbf-abac-28a4e47acaef 4.671s
2025-02-21 08:51:57.073 63423 INFO tempest.lib.common.rest_client [req-5f95bcb6-073f-4a9a-accf-0133265a886f req-5f95bcb6-073f-4a9a-accf-0133265a886f ] Request (ServerShowV254Test:test_rebuild_server): 200 GET http://10.180.1.21/compute/v2.1/servers/1e36432b-3ebc-4417-b914-5feb9fbd040d 4.610s
2025-02-21 08:51:57.092 63399 INFO tempest.lib.common.rest_client [req-2fa4fadd-0f42-4e53-bcbe-dda18a97770d req-2fa4fadd-0f42-4e53-bcbe-dda18a97770d ] Request (InstanceActionsNegativeTestJSON:tearDownClass): 404 GET http://10.180.1.21/compute/v2.1/servers/79a8096d-00eb-4e1c-810f-cc9f65eb6110 4.559s
2025-02-21 08:51:57.154 63383 INFO tempest.lib.common.rest_client [req-c6bc4226-177e-4a81-ba9b-412b9c36f418 req-c6bc4226-177e-4a81-ba9b-412b9c36f418 ] Request (FloatingIPsAssociationTestJSON:setUpClass): 200 GET http://10.180.1.21/compute/v2.1/servers/b979985d-b472-47ed-8611-e55e959942e9 4.596s
2025-02-21 08:51:57.171 63427 INFO tempest.lib.common.rest_client [req-81425c7a-2a49-4ae6-8dc6-bd5c8b087ba8 req-81425c7a-2a49-4ae6-8dc6-bd5c8b087ba8 ] Request (ListServerFiltersTestJSON:setUpClass): 200 GET http://10.180.1.21/compute/v2.1/servers/591f0933-c3e5-4d84-b7ae-5125f18f7110 4.669s
2025-02-21 08:51:57.183 63427 INFO tempest.common.waiters [-] State transition "BUILD/networking" ==> "BUILD/spawning" after 94 second wait
2025-02-21 08:51:57.235 63413 INFO tempest.lib.common.rest_client [req-1a8bc549-6cf0-4eab-b2a4-7b9b97670420 req-1a8bc549-6cf0-4eab-b2a4-7b9b97670420 ] Request (ImagesOneServerNegativeTestJSON:setUpClass): 200 GET http://10.180.1.21/compute/v2.1/servers/8dbcecc9-e6d8-49d6-a3ac-187920f2719b 4.560s
2025-02-21 08:51:57.303 63401 INFO tempest.lib.common.rest_client [req-8b3b7e0e-010c-4520-b121-757c1ad61147 req-8b3b7e0e-010c-4520-b121-757c1ad61147 ] Request (ServersAdminNegativeTestJSON:tearDownClass): 200 GET http://10.180.1.21/compute/v2.1/servers/cc7675ce-8158-4544-95c9-df40c403832e 4.525s
2025-02-21 08:51:57.316 63438 INFO tempest.lib.common.rest_client [req-6e22d62c-fa80-4ca2-8533-370fa3cd4c42 req-6e22d62c-fa80-4ca2-8533-370fa3cd4c42 ] Request (AttachInterfacesUnderV243Test:test_add_remove_fixed_ip): 200 GET http://10.180.1.21/compute/v2.1/servers/398e516b-9906-4e3f-b74d-b090a0437662 4.688s
2025-02-21 08:51:57.323 63421 INFO tempest.lib.common.rest_client [req-8194b789-32f4-4d62-a87c-516fe5ac5f82 req-8194b789-32f4-4d62-a87c-516fe5ac5f82 ] Request (TenantUsagesTestJSON:tearDownClass): 404 GET http://10.180.1.21/compute/v2.1/servers/ffdded3a-f493-42b9-a5bf-f1f71c6fa699 4.461s
2025-02-21 08:51:57.325 63438 INFO tempest.common.waiters [-] State transition "BUILD/None" ==> "BUILD/spawning" after 85 second wait
2025-02-21 08:51:57.363 63433 INFO paramiko.transport [-] Connected (version 2.0, client dropbear_2020.81)
2025-02-21 08:51:57.396 63381 INFO tempest.lib.common.rest_client [req-3261efb7-a022-4427-9591-ec4e71ab15b4 req-3261efb7-a022-4427-9591-ec4e71ab15b4 ] Request (ServerShowV247Test:tearDownClass): 200 GET http://10.180.1.21/compute/v2.1/servers/17e58975-52ca-4e4e-8358-e72975123529 4.460s
2025-02-21 08:51:57.403 63391 INFO tempest.lib.common.rest_client [req-8209de2c-2e87-4357-9618-5659c4b80c28 req-8209de2c-2e87-4357-9618-5659c4b80c28 ] Request (ServersV294TestFqdnHostnames:tearDownClass): 200 GET http://10.180.1.21/compute/v2.1/servers/68a75af1-3f9a-4ed7-9e12-24dfd927b323 4.485s
2025-02-21 08:51:57.414 63391 INFO tempest.common.waiters [-] State transition "ACTIVE/deleting" ==> "DELETED/None" after 6 second wait
2025-02-21 08:51:57.423 63433 INFO paramiko.transport [-] Authentication (publickey) successful!
2025-02-21 08:51:57.424 63433 INFO tempest.lib.common.ssh [-] ssh connection to cirros@10.180.180.157 successfully created
2025-02-21 08:51:57.424 63421 INFO tempest.lib.common.rest_client [req-b7c5e29f-cbd7-4eff-b7d1-8cd7953b8f9a req-b7c5e29f-cbd7-4eff-b7d1-8cd7953b8f9a ] Request (TenantUsagesTestJSON:tearDownClass): 204 DELETE http://10.180.1.21/identity/v3/users/70fc89991ed44913acaf6a954e4e350a 0.100s
2025-02-21 08:51:57.489 63405 INFO tempest.lib.common.rest_client [req-a57819ae-9dcc-4546-b28d-28c1898dcd58 req-a57819ae-9dcc-4546-b28d-28c1898dcd58 ] Request (ServersTestMultiNic:_run_cleanups): 200 GET http://10.180.1.21/compute/v2.1/servers/5c6d73d6-f07f-4581-824f-2b13701c8f88 4.471s
2025-02-21 08:51:57.516 63403 INFO tempest.lib.common.rest_client [req-299ca7c9-478e-466e-88e9-e1dc84e8c10b req-299ca7c9-478e-466e-88e9-e1dc84e8c10b ] Request (AttachInterfacesTestJSON:test_create_list_show_delete_interfaces_by_fixed_ip): 200 GET http://10.180.1.21/compute/v2.1/servers/0fd393bb-8113-4b12-93ea-2d257fb98ae0/os-interface 4.517s
2025-02-21 08:51:57.544 63387 INFO tempest.lib.common.rest_client [req-d57ce831-1a33-423d-860f-99bc00f0382f req-d57ce831-1a33-423d-860f-99bc00f0382f ] Request (MultipleCreateTestJSON:test_multiple_create): 200 GET http://10.180.1.21/compute/v2.1/servers/1b4ce059-48cf-4e2c-9717-8435265be136 4.487s
2025-02-21 08:51:57.574 63417 INFO tempest.lib.common.rest_client [req-43430168-1688-4319-895e-b85e067f9ef1 req-43430168-1688-4319-895e-b85e067f9ef1 ] Request (MigrationsAdminTest:test_resize_server_revert_deleted_flavor): 200 GET http://10.180.1.21/compute/v2.1/servers/878bfa51-a829-4537-a841-31273a0b09cc 4.456s
2025-02-21 08:51:57.582 63421 INFO tempest.lib.common.rest_client [req-5c126726-8a85-49ab-a99c-61db1aefec30 req-5c126726-8a85-49ab-a99c-61db1aefec30 ] Request (TenantUsagesTestJSON:tearDownClass): 204 DELETE http://10.180.1.21/identity/v3/users/e0ad3e0e66e942d7b96e2bb9e2898728 0.157s
2025-02-21 08:51:57.582 63421 INFO tempest.lib.common.dynamic_creds [-] Deleting project and security group for project: e1206674d14f4587b527faf1f3ba954b
2025-02-21 08:51:57.597 63431 INFO tempest.lib.common.rest_client [req-e9a68aa0-88d9-4278-9451-2301dee9be9d req-e9a68aa0-88d9-4278-9451-2301dee9be9d ] Request (ImagesOneServerTestJSON:setUpClass): 200 GET http://10.180.1.21/compute/v2.1/servers/821a516b-af49-4b2c-b120-d08b237ccb7b 4.427s
2025-02-21 08:51:57.631 63385 INFO tempest.lib.common.rest_client [req-39b7f170-bc7a-4edb-9695-e7dfc75de608 req-39b7f170-bc7a-4edb-9695-e7dfc75de608 ] Request (ImagesTestJSON:test_create_image_from_suspended_server): 200 GET http://10.180.1.21/compute/v2.1/images/08f45c18-6a17-4f59-9c53-2e4f8e769c72 0.770s
2025-02-21 08:51:57.638 63421 INFO tempest.lib.common.rest_client [req-bd45d5f4-3958-4ad1-ad13-424f721a8e59 req-bd45d5f4-3958-4ad1-ad13-424f721a8e59 ] Request (TenantUsagesTestJSON:tearDownClass): 201 POST http://10.180.1.21/identity/v3/auth/tokens 0.056s
2025-02-21 08:51:57.660 63385 INFO tempest.lib.common.rest_client [req-f9b3802e-b547-460d-903a-14c1748c56e5 req-f9b3802e-b547-460d-903a-14c1748c56e5 ] Request (ImagesTestJSON:test_create_image_from_suspended_server): 200 GET http://10.180.1.21/image/v2/images/08f45c18-6a17-4f59-9c53-2e4f8e769c72/tasks 0.026s
2025-02-21 08:51:57.740 63421 INFO tempest.lib.common.rest_client [req-7e987646-d684-4984-a9b1-07712255cf82 req-7e987646-d684-4984-a9b1-07712255cf82 ] Request (TenantUsagesTestJSON:tearDownClass): 200 GET http://10.180.1.21:9696/networking/v2.0/security-groups?tenant_id=e1206674d14f4587b527faf1f3ba954b&name=default 0.101s
2025-02-21 08:51:57.780 63439 INFO tempest.lib.common.rest_client [req-a3fdddcd-7538-4fbf-a2b5-3395c3e8fe56 req-a3fdddcd-7538-4fbf-a2b5-3395c3e8fe56 ] Request (VolumesAdminNegativeTest:test_update_attached_volume_with_nonexistent_volume_in_body): 400 PUT http://10.180.1.21/compute/v2.1/servers/2ce8dfe0-35b5-48d7-836d-2fe62c9e43f3/os-volume_attachments/412f7488-1790-40bc-840d-c79d8c5ee787 3.031s
2025-02-21 08:51:57.815 63439 INFO tempest.lib.common.rest_client [req-4cf50663-66fc-40b8-9ad4-637bed07a095 req-4cf50663-66fc-40b8-9ad4-637bed07a095 ] Request (VolumesAdminNegativeTest:_run_cleanups): 200 GET http://10.180.1.21/volume/v3/volumes/412f7488-1790-40bc-840d-c79d8c5ee787 0.034s
2025-02-21 08:51:57.915 63385 INFO tempest.lib.common.rest_client [req-c909b755-aa59-401c-8d9a-bde9c1a8c206 req-c909b755-aa59-401c-8d9a-bde9c1a8c206 ] Request (ImagesTestJSON:_run_cleanups): 204 DELETE http://10.180.1.21/compute/v2.1/images/08f45c18-6a17-4f59-9c53-2e4f8e769c72 0.254s
2025-02-21 08:51:57.938 63421 INFO tempest.lib.common.rest_client [req-49d4b7c7-62c7-4e2c-9acf-ab57078a5fbf req-49d4b7c7-62c7-4e2c-9acf-ab57078a5fbf ] Request (TenantUsagesTestJSON:tearDownClass): 204 DELETE http://10.180.1.21:9696/networking/v2.0/security-groups/84c37021-acd4-4132-9d6c-985866a75640 0.198s
2025-02-21 08:51:57.962 63399 INFO tempest.lib.common.rest_client [req-5aef5960-9732-456b-9f95-e53b1b185e8f req-5aef5960-9732-456b-9f95-e53b1b185e8f ] Request (InstanceActionsNegativeTestJSON:tearDownClass): 200 PUT http://10.180.1.21:9696/networking/v2.0/routers/c5a3b772-10f8-455e-a93e-aa43eab0c1c0/remove_router_interface 0.869s
2025-02-21 08:51:58.023 63421 INFO tempest.lib.common.rest_client [req-4dd5c30c-8d1d-466c-8ba8-294808baaf11 req-4dd5c30c-8d1d-466c-8ba8-294808baaf11 ] Request (TenantUsagesTestJSON:tearDownClass): 204 DELETE http://10.180.1.21/identity/v3/projects/e1206674d14f4587b527faf1f3ba954b 0.085s
2025-02-21 08:51:58.023 63421 INFO tempest.lib.common.dynamic_creds [-] Deleting project and security group for project: b3d4cb4d56954e8094932daa1b56373d
2025-02-21 08:51:58.083 63439 INFO tempest.lib.common.rest_client [req-11e31cb7-bd07-416a-a21b-03803135fa91 req-11e31cb7-bd07-416a-a21b-03803135fa91 ] Request (VolumesAdminNegativeTest:_run_cleanups): 202 DELETE http://10.180.1.21/compute/v2.1/servers/2ce8dfe0-35b5-48d7-836d-2fe62c9e43f3/os-volume_attachments/412f7488-1790-40bc-840d-c79d8c5ee787 0.259s
2025-02-21 08:51:58.105 63433 INFO tempest.lib.common.rest_client [req-cef01aaf-3828-4b47-a129-21aafdf5e877 req-cef01aaf-3828-4b47-a129-21aafdf5e877 ] Request (ServerActionsV293TestJSON:test_rebuild_volume_backed_server): 202 POST http://10.180.1.21/compute/v2.1/servers/51b3dd53-5669-4967-8b80-6b9b89d997cb/action 0.675s
2025-02-21 08:51:58.123 63407 INFO tempest.lib.common.rest_client [req-d303417c-b0a4-4d9a-b339-876f5d3f72d1 req-d303417c-b0a4-4d9a-b339-876f5d3f72d1 ] Request (ListImageFiltersTestJSON:setUpClass): 200 GET http://10.180.1.21/compute/v2.1/images/c3ade0cf-6d3a-4346-b217-debc06b0e4d5 0.258s
2025-02-21 08:51:58.191 63443 INFO tempest.lib.common.rest_client [req-7e82b3d7-ade3-4a98-a6fb-ed44ea01bc85 req-7e82b3d7-ade3-4a98-a6fb-ed44ea01bc85 ] Request (DeleteServersTestJSON:test_delete_server_while_in_attached_volume): 200 GET http://10.180.1.21/compute/v2.1/servers/5fae8f14-70bd-496e-b311-8555e6eb8dd6 0.249s
2025-02-21 08:51:58.199 63385 INFO tempest.lib.common.rest_client [req-459aa10b-27aa-41c9-b9cc-db3792545388 req-459aa10b-27aa-41c9-b9cc-db3792545388 ] Request (ImagesTestJSON:_run_cleanups): 204 DELETE http://10.180.1.21/compute/v2.1/servers/dcfd1818-668f-4ec5-b182-9ba8fd8d0c26 0.283s
2025-02-21 08:51:58.265 63429 INFO tempest.lib.common.rest_client [req-fd6caf11-4d92-41e2-b8cd-e200e0803858 req-fd6caf11-4d92-41e2-b8cd-e200e0803858 ] Request (InstanceActionsV221TestJSON:test_get_list_deleted_instance_actions): 200 GET http://10.180.1.21/compute/v2.1/servers/d9015a99-4e2e-48e7-ab0a-e63da1bbcdee 0.314s
2025-02-21 08:51:58.276 63393 INFO tempest.lib.common.rest_client [req-5c24085f-314f-471f-90b0-2863287b8156 req-5c24085f-314f-471f-90b0-2863287b8156 ] Request (ServersTestJSON:test_create_server_with_ipv6_addr_only): 200 GET http://10.180.1.21/compute/v2.1/servers/62d329f2-b211-4c32-9cbd-5b4d68e825b8 0.282s
