2025-02-21 08:50:08.852 63407 INFO tempest.lib.common.rest_client [req-44476eb9-7810-473f-a0e0-cb3bf692fdd4 req-44476eb9-7810-473f-a0e0-cb3bf692fdd4 ] Request (ListImageFiltersTestJSON:setUpClass): 200 GET http://10.180.1.21/compute/v2.1/images/4e0198b8-26ef-48e1-a099-5571e756ec5d 1.208s
2025-02-21 08:50:09.056 63431 INFO tempest.lib.common.rest_client [req-7840b040-8a40-4573-bf41-c75648c1711a req-7840b040-8a40-4573-bf41-c75648c1711a ] Request (FloatingIPsAssociationNegativeTestJSON:tearDownClass): 200 GET http://10.180.1.21/compute/v2.1/servers/96025479-e79b-4a2d-ab21-169965c2902f 1.280s
2025-02-21 08:50:09.073 63421 INFO tempest.lib.common.rest_client [req-94e98e55-76bf-4c25-b67e-399d14d8a4a1 req-94e98e55-76bf-4c25-b67e-399d14d8a4a1 ] Request (FlavorsAdminTestJSON:_run_cleanups): 200 GET http://10.180.1.21/compute/v2.1/flavors/detail 1.277s
2025-02-21 08:50:09.100 63415 INFO tempest.lib.common.rest_client [req-2ce5b195-7540-4316-b7d4-feccde61912a req-2ce5b195-7540-4316-b7d4-feccde61912a ] Request (ServerRescueTestJSONUnderV235:setUpClass): 200 GET http://10.180.1.21/compute/v2.1/servers/6a752f33-9dc2-4107-8648-7ab829348c6a 1.420s
2025-02-21 08:50:09.180 63438 INFO tempest.lib.common.rest_client [req-e9f5203d-b415-45e5-a125-f85d88e2f039 req-e9f5203d-b415-45e5-a125-f85d88e2f039 ] Request (ServersAdmin275Test:tearDownClass): 200 GET http://10.180.1.21/compute/v2.1/servers/0ac90090-56b1-4ea2-8a94-e0c98b5ee974 1.321s
2025-02-21 08:50:09.187 63421 INFO tempest.lib.common.rest_client [req-e5627ffa-ea3a-4098-8845-9af692a0d6d6 req-e5627ffa-ea3a-4098-8845-9af692a0d6d6 ] Request (FlavorsAdminTestJSON:tearDownClass): 204 DELETE http://10.180.1.21/identity/v3/users/f1debd32455546fba4ed249f2344f448 0.107s
2025-02-21 08:50:09.257 63423 INFO tempest.lib.common.rest_client [req-e885b394-70f5-4996-a7a7-feeab88771bb req-e885b394-70f5-4996-a7a7-feeab88771bb ] Request (ServerTagsTestJSON:test_update_all_tags): 201 PUT http://10.180.1.21/compute/v2.1/servers/75b01166-8911-4077-9d48-af25659c486a/tags/tempest-tag-1873823873 1.303s
2025-02-21 08:50:09.264 63403 INFO tempest.lib.common.rest_client [req-f579292b-e088-4bbe-80d0-3b7bc8ac4ad1 req-f579292b-e088-4bbe-80d0-3b7bc8ac4ad1 ] Request (AttachInterfacesTestJSON:test_create_list_show_delete_interfaces_by_fixed_ip): 200 GET http://10.180.1.21/compute/v2.1/servers/0fd393bb-8113-4b12-93ea-2d257fb98ae0 1.464s
2025-02-21 08:50:09.273 63403 INFO tempest.lib.common.ssh [-] Creating ssh connection to '10.180.180.180:22' as 'cirros' with public key authentication
2025-02-21 08:50:09.344 63421 INFO tempest.lib.common.rest_client [req-82f16ca0-3954-487e-b887-54965d7a8439 req-82f16ca0-3954-487e-b887-54965d7a8439 ] Request (FlavorsAdminTestJSON:tearDownClass): 204 DELETE http://10.180.1.21/identity/v3/users/7ea4ae9a73f5441988c7a52d84bb8998 0.157s
2025-02-21 08:50:09.344 63421 INFO tempest.lib.common.dynamic_creds [-] Deleting project and security group for project: 53e2d65c2eac4405a90d1a702659ea6f
2025-02-21 08:50:09.346 63393 INFO tempest.lib.common.rest_client [req-52ecedda-44d6-42e6-80da-65c33576f713 req-52ecedda-44d6-42e6-80da-65c33576f713 ] Request (ServersTestJSON:test_create_server_specify_multibyte_character_name): 200 GET http://10.180.1.21/compute/v2.1/servers/bd76bbfc-9c88-4046-8d6a-cb72d35453d8 1.122s
2025-02-21 08:50:09.392 63389 INFO tempest.lib.common.rest_client [req-c5b22f7c-888e-4075-b781-d52fc92d1adc req-c5b22f7c-888e-4075-b781-d52fc92d1adc ] Request (ServerMetadataNegativeTestJSON:setUpClass): 200 GET http://10.180.1.21/compute/v2.1/servers/66a33204-a15e-4e4c-bc3e-b0fb625268b9 1.208s
2025-02-21 08:50:09.424 63421 INFO tempest.lib.common.rest_client [req-cbdf4769-b9eb-4aa6-b01b-b8ca58c9fd49 req-cbdf4769-b9eb-4aa6-b01b-b8ca58c9fd49 ] Request (FlavorsAdminTestJSON:tearDownClass): 201 POST http://10.180.1.21/identity/v3/auth/tokens 0.079s
2025-02-21 08:50:09.432 63399 INFO tempest.lib.common.rest_client [req-b7f49d43-0b55-4a18-b594-c2da6263280a req-b7f49d43-0b55-4a18-b594-c2da6263280a ] Request (InstanceActionsNegativeTestJSON:setUpClass): 201 POST http://10.180.1.21:9696/networking/v2.0/routers 1.292s
2025-02-21 08:50:09.465 63409 INFO tempest.lib.common.rest_client [req-e9b85c8f-ae89-4b68-b8f5-6e65e720bb7c req-e9b85c8f-ae89-4b68-b8f5-6e65e720bb7c ] Request (ServersTestFqdnHostnames:test_create_server_with_fqdn_name): 200 GET http://10.180.1.21/compute/v2.1/servers/7c42dd10-0981-4496-85bd-d467534c95e5 1.087s
2025-02-21 08:50:09.505 63395 INFO tempest.lib.common.rest_client [req-bd6cb066-cff9-4a43-9646-9e1c01e1fde9 req-bd6cb066-cff9-4a43-9646-9e1c01e1fde9 ] Request (ServersTestManualDisk:setUpClass): 200 GET http://10.180.1.21/compute/v2.1/servers/8f1812a5-1596-464f-b486-91b6c9a822bd 1.201s
2025-02-21 08:50:09.513 63395 INFO tempest.common.waiters [-] State transition "BUILD/None" ==> "BUILD/spawning" after 28 second wait
2025-02-21 08:50:09.624 63433 INFO tempest.lib.common.rest_client [req-0fd15afc-ca47-4768-bb6c-70e1be244ef0 req-0fd15afc-ca47-4768-bb6c-70e1be244ef0 ] Request (ServerActionsV293TestJSON:setUpClass): 200 GET http://10.180.1.21/volume/v3/volumes/03ed169d-3346-4d8f-9459-70d1acbe5259 0.034s
2025-02-21 08:50:09.633 63411 INFO tempest.lib.common.rest_client [req-17c8c789-039e-4c99-82d0-a7c9c98af54a req-17c8c789-039e-4c99-82d0-a7c9c98af54a ] Request (ServerMetadataTestJSON:setUpClass): 200 GET http://10.180.1.21/compute/v2.1/servers/350dd628-4842-4a8b-9a72-9161a2c86605 1.169s
2025-02-21 08:50:09.717 63417 INFO tempest.lib.common.rest_client [req-dd6933f2-fa41-4e3b-9610-935b919e7c6c req-dd6933f2-fa41-4e3b-9610-935b919e7c6c ] Request (MigrationsAdminTest:test_list_migrations_in_flavor_resize_situation): 200 GET http://10.180.1.21/compute/v2.1/servers/a78212e0-e331-4fd3-8b67-0c8522d82c2b 1.089s
2025-02-21 08:50:09.725 63417 INFO tempest.common.waiters [-] State transition "RESIZE/resize_finish" ==> "VERIFY_RESIZE/None" after 36 second wait
2025-02-21 08:50:09.793 63401 INFO tempest.lib.common.rest_client [req-76d34ba5-9fc5-44a1-9247-083dcd28e827 req-76d34ba5-9fc5-44a1-9247-083dcd28e827 ] Request (ServersAdminNegativeTestJSON:test_migrate_server_invalid_state): 200 GET http://10.180.1.21/compute/v2.1/servers/27309833-bf08-4d8d-a71e-fd2ae2d46b35 1.090s
2025-02-21 08:50:09.795 63421 INFO tempest.lib.common.rest_client [req-962e45f2-903d-41ac-babb-2b360f773bab req-962e45f2-903d-41ac-babb-2b360f773bab ] Request (FlavorsAdminTestJSON:tearDownClass): 200 GET http://10.180.1.21:9696/networking/v2.0/security-groups?tenant_id=53e2d65c2eac4405a90d1a702659ea6f&name=default 0.371s
2025-02-21 08:50:09.835 63387 INFO tempest.lib.common.rest_client [req-31b67637-dac1-4835-ad30-e02cc8e397a3 req-31b67637-dac1-4835-ad30-e02cc8e397a3 ] Request (ImagesMetadataTestJSON:setUpClass): 200 GET http://10.180.1.21/compute/v2.1/images/93451fa4-7d08-4945-9cae-fec55262bb3f 1.025s
2025-02-21 08:50:09.871 63407 INFO tempest.lib.common.rest_client [req-0bd2f1f2-1a1d-4ecc-83bd-6e9bf7ece2c9 req-0bd2f1f2-1a1d-4ecc-83bd-6e9bf7ece2c9 ] Request (ListImageFiltersTestJSON:setUpClass): 200 GET http://10.180.1.21/compute/v2.1/images/4e0198b8-26ef-48e1-a099-5571e756ec5d 1.010s
2025-02-21 08:50:09.903 63391 INFO tempest.lib.common.rest_client [req-999e7fef-1c57-44ef-b6d1-79003f4c2c17 req-999e7fef-1c57-44ef-b6d1-79003f4c2c17 ] Request (ServersV294TestFqdnHostnames:setUpClass): 200 GET http://10.180.1.21/compute/v2.1/servers/68a75af1-3f9a-4ed7-9e12-24dfd927b323 1.252s
2025-02-21 08:50:09.952 63405 INFO tempest.lib.common.rest_client [req-43987a70-6441-4adc-97a0-7a0b10b241df req-43987a70-6441-4adc-97a0-7a0b10b241df ] Request (ServersTestMultiNic:_run_cleanups): 200 GET http://10.180.1.21/compute/v2.1/servers/4abcfad4-6a44-4a21-962b-5157d09a6fbd 1.090s
2025-02-21 08:50:09.977 63439 INFO tempest.lib.common.rest_client [req-2c8cefec-9dc6-4416-ad8c-1b43c4cbbae9 req-2c8cefec-9dc6-4416-ad8c-1b43c4cbbae9 ] Request (VolumesAdminNegativeTest:test_update_attached_volume_with_nonexistent_volume_in_body): 200 GET http://10.180.1.21/compute/v2.1/servers/2ce8dfe0-35b5-48d7-836d-2fe62c9e43f3 1.055s
2025-02-21 08:50:10.025 63413 INFO tempest.lib.common.rest_client [req-e620ef16-3a18-4ba1-a7ca-aea14b97d0c6 req-e620ef16-3a18-4ba1-a7ca-aea14b97d0c6 ] Request (ServerDiagnosticsTest:test_get_server_diagnostics): 200 GET http://10.180.1.21/compute/v2.1/servers/3dd36d4d-cbaa-4203-a1df-c7e8670682ff 0.999s
2025-02-21 08:50:10.046 63383 INFO tempest.lib.common.rest_client [req-9b242e15-90e4-4ccb-b380-df1f2c8726ff req-9b242e15-90e4-4ccb-b380-df1f2c8726ff ] Request (DeleteServersAdminTestJSON:test_delete_server_while_in_error_state): 200 GET http://10.180.1.21/compute/v2.1/servers/be7b959e-265e-41e1-b578-acb0ec182c71 0.959s
2025-02-21 08:50:10.052 63421 INFO tempest.lib.common.rest_client [req-f72670b7-a20b-46ad-a3ba-84117f636736 req-f72670b7-a20b-46ad-a3ba-84117f636736 ] Request (FlavorsAdminTestJSON:tearDownClass): 204 DELETE http://10.180.1.21:9696/networking/v2.0/security-groups/5bfc5d26-b0b3-4b43-8a40-8e82eb198d03 0.256s
2025-02-21 08:50:10.083 63429 INFO tempest.lib.common.rest_client [req-1579034f-3d40-488a-bc63-528394cbc119 req-1579034f-3d40-488a-bc63-528394cbc119 ] Request (ServerExternalEventsTest:test_create_server_external_events): 200 GET http://10.180.1.21/compute/v2.1/servers/197ae546-2199-49d6-b4cc-a295e4353a1f 0.938s
2025-02-21 08:50:10.110 63381 INFO tempest.lib.common.rest_client [req-8a466750-d2aa-4f75-8f23-8bd5867deb1b req-8a466750-d2aa-4f75-8f23-8bd5867deb1b ] Request (ServerShowV247Test:test_update_rebuild_list_server): 200 GET http://10.180.1.21/compute/v2.1/servers/46864447-5fdc-4e7e-ad3d-63c9d7c15afc 0.900s
2025-02-21 08:50:10.146 63421 INFO tempest.lib.common.rest_client [req-5b2b3845-e2f9-4f04-9d46-ba9c30775822 req-5b2b3845-e2f9-4f04-9d46-ba9c30775822 ] Request (FlavorsAdminTestJSON:tearDownClass): 204 DELETE http://10.180.1.21/identity/v3/projects/53e2d65c2eac4405a90d1a702659ea6f 0.094s
2025-02-21 08:50:10.147 63421 INFO tempest.lib.common.dynamic_creds [-] Deleting project and security group for project: 2e899d2f904d4b1483d5ece537c7d15f
2025-02-21 08:50:10.196 63443 INFO tempest.lib.common.rest_client [req-14addfb6-6cba-441b-b733-2538f978a759 req-14addfb6-6cba-441b-b733-2538f978a759 ] Request (DeleteServersTestJSON:test_delete_active_server): 200 GET http://10.180.1.21/compute/v2.1/servers/ec73cb87-6d0c-4390-88ef-f26ca372063f 0.838s
2025-02-21 08:50:10.196 63423 INFO tempest.lib.common.rest_client [req-b20f2739-f7d9-46b9-89cd-934026921725 req-b20f2739-f7d9-46b9-89cd-934026921725 ] Request (ServerTagsTestJSON:test_update_all_tags): 201 PUT http://10.180.1.21/compute/v2.1/servers/75b01166-8911-4077-9d48-af25659c486a/tags/tempest-tag-1779860155 0.938s
2025-02-21 08:50:10.221 63427 INFO tempest.lib.common.rest_client [req-413e3a2d-5e3a-41eb-a53a-ab23c9aee5f1 req-413e3a2d-5e3a-41eb-a53a-ab23c9aee5f1 ] Request (ImagesNegativeTestJSON:test_create_image_from_deleted_server): 404 GET http://10.180.1.21/compute/v2.1/servers/1e5168f3-0c40-4ada-ba5c-001efd526393 0.769s
2025-02-21 08:50:10.274 63417 INFO tempest.lib.common.rest_client [req-3eacfcd5-0c58-4c0c-b156-4602744bb6b3 req-3eacfcd5-0c58-4c0c-b156-4602744bb6b3 ] Request (MigrationsAdminTest:test_list_migrations_in_flavor_resize_situation): 204 POST http://10.180.1.21/compute/v2.1/servers/a78212e0-e331-4fd3-8b67-0c8522d82c2b/action 0.548s
2025-02-21 08:50:10.330 63407 INFO tempest.lib.common.rest_client [req-02d1fc42-7f5e-42ab-80d5-de8b2ed7a08f req-02d1fc42-7f5e-42ab-80d5-de8b2ed7a08f ] Request (ListImageFiltersTestJSON:setUpClass): 201 POST http://10.180.1.21/image/v2/images 0.451s
2025-02-21 08:50:10.370 63385 INFO tempest.lib.common.rest_client [req-98bc24e9-c7bd-4af3-b749-5df973d36f6a req-98bc24e9-c7bd-4af3-b749-5df973d36f6a ] Request (ImagesTestJSON:test_create_image_from_stopped_server): 200 GET http://10.180.1.21/compute/v2.1/images/3ebe1bc4-1542-47dc-94eb-8599434aed43 0.542s
2025-02-21 08:50:10.381 63421 INFO tempest.lib.common.rest_client [req-401b4310-d878-4769-9228-9317acc785cf req-401b4310-d878-4769-9228-9317acc785cf ] Request (FlavorsAdminTestJSON:tearDownClass): 200 GET http://10.180.1.21:9696/networking/v2.0/security-groups?tenant_id=2e899d2f904d4b1483d5ece537c7d15f&name=default 0.234s
2025-02-21 08:50:10.532 63421 INFO tempest.lib.common.rest_client [req-b75bcaf2-864f-49d1-98b9-313bad8295f6 req-b75bcaf2-864f-49d1-98b9-313bad8295f6 ] Request (FlavorsAdminTestJSON:tearDownClass): 204 DELETE http://10.180.1.21:9696/networking/v2.0/security-groups/54818ea7-695f-4cff-93b8-f912ee307ac3 0.150s
2025-02-21 08:50:10.558 63431 INFO tempest.lib.common.rest_client [req-4b7371dd-e695-465e-ad27-a3b7ff7a3bfd req-4b7371dd-e695-465e-ad27-a3b7ff7a3bfd ] Request (FloatingIPsAssociationNegativeTestJSON:tearDownClass): 200 GET http://10.180.1.21/compute/v2.1/servers/96025479-e79b-4a2d-ab21-169965c2902f 0.491s
2025-02-21 08:50:10.618 63399 INFO tempest.lib.common.rest_client [req-92458fc7-7020-4eab-9fbc-888ace2c6845 req-92458fc7-7020-4eab-9fbc-888ace2c6845 ] Request (InstanceActionsNegativeTestJSON:setUpClass): 200 PUT http://10.180.1.21:9696/networking/v2.0/routers/c5a3b772-10f8-455e-a93e-aa43eab0c1c0/add_router_interface 1.185s
2025-02-21 08:50:10.618 63399 INFO tempest.lib.common.dynamic_creds [-] Created isolated network resources for: credentials: Credentials: {'domain_id': 'default', 'domain_name': 'Default', 'username': 'tempest-InstanceActionsNegativeTestJSON-367937404-project-member', 'project_domain_id': 'default', 'project_domain_name': 'Default', 'project_id': '4fde46e015414fa2b7a03f089c0d0260', 'project_name': 'tempest-InstanceActionsNegativeTestJSON-367937404', 'tenant_id': '4fde46e015414fa2b7a03f089c0d0260', 'tenant_name': 'tempest-InstanceActionsNegativeTestJSON-367937404', 'user_domain_id': 'default', 'user_domain_name': 'Default', 'user_id': '78e05340a8a84136bc972ea207141f2a', 'system': None}, Network: {'id': '4c99e0fb-2b0c-4cea-a726-8140903be4fb', 'name': 'tempest-InstanceActionsNegativeTestJSON-1488158320-network', 'tenant_id': '4fde46e015414fa2b7a03f089c0d0260', 'admin_state_up': True, 'mtu': 8950, 'status': 'ACTIVE', 'subnets': [], 'shared': False, 'project_id': '4fde46e015414fa2b7a03f089c0d0260', 'port_security_enabled': True, 'router:external': False, 'provider:network_type': 'vlan', 'provider:physical_network': 'default', 'provider:segmentation_id': 205, 'availability_zone_hints': [], 'availability_zones': [], 'ipv4_address_scope': None, 'ipv6_address_scope': None, 'description': '', 'tags': [], 'created_at': '2025-02-21T08:50:07Z', 'updated_at': '2025-02-21T08:50:07Z', 'revision_number': 1}, Subnet: {'id': '6aca01ea-23cd-4f5b-9c9e-7afe95588882', 'name': 'tempest-InstanceActionsNegativeTestJSON-1488158320-subnet', 'tenant_id': '4fde46e015414fa2b7a03f089c0d0260', 'network_id': '4c99e0fb-2b0c-4cea-a726-8140903be4fb', 'ip_version': 4, 'subnetpool_id': None, 'enable_dhcp': True, 'ipv6_ra_mode': None, 'ipv6_address_mode': None, 'gateway_ip': '192.168.128.1', 'cidr': '192.168.128.0/28', 'allocation_pools': [{'start': '192.168.128.2', 'end': '192.168.128.14'}], 'host_routes': [], 'dns_nameservers': [], 'description': '', 'router:external': False, 'service_types': [], 'tags': [], 'created_at': '2025-02-21T08:50:08Z', 'updated_at': '2025-02-21T08:50:08Z', 'revision_number': 0, 'project_id': '4fde46e015414fa2b7a03f089c0d0260'}, Router: {'id': 'c5a3b772-10f8-455e-a93e-aa43eab0c1c0', 'name': 'tempest-InstanceActionsNegativeTestJSON-1488158320-router', 'tenant_id': '4fde46e015414fa2b7a03f089c0d0260', 'admin_state_up': True, 'status': 'ACTIVE', 'external_gateway_info': {'network_id': 'bb40834d-1c64-490f-a9a8-ed30144c830f', 'external_fixed_ips': [{'subnet_id': 'b69ff5b1-5d7c-47af-8c7e-305e517288e4', 'ip_address': '10.180.180.171'}], 'enable_snat': True}, 'description': '', 'availability_zones': [], 'distributed': False, 'ha': False, 'availability_zone_hints': [], 'routes': [], 'flavor_id': None, 'tags': [], 'created_at': '2025-02-21T08:50:08Z', 'updated_at': '2025-02-21T08:50:08Z', 'revision_number': 2, 'project_id': '4fde46e015414fa2b7a03f089c0d0260'}
2025-02-21 08:50:10.628 63387 INFO tempest.lib.common.rest_client [req-8d749d56-83c3-4ef6-90b8-9e5e8a61e53c req-8d749d56-83c3-4ef6-90b8-9e5e8a61e53c ] Request (ImagesMetadataTestJSON:setUp): 200 PUT http://10.180.1.21/compute/v2.1/images/93451fa4-7d08-4945-9cae-fec55262bb3f/metadata 0.788s
2025-02-21 08:50:10.678 63433 INFO tempest.lib.common.rest_client [req-e7cc2995-f9ee-42f0-adff-d0fa2f73886f req-e7cc2995-f9ee-42f0-adff-d0fa2f73886f ] Request (ServerActionsV293TestJSON:setUpClass): 200 GET http://10.180.1.21/volume/v3/volumes/03ed169d-3346-4d8f-9459-70d1acbe5259 0.042s
2025-02-21 08:50:10.680 63415 INFO tempest.lib.common.rest_client [req-4f9d2eb2-fd56-482f-9d74-2ff11f09b6fd req-4f9d2eb2-fd56-482f-9d74-2ff11f09b6fd ] Request (ServerRescueTestJSONUnderV235:setUpClass): 200 GET http://10.180.1.21/compute/v2.1/servers/6a752f33-9dc2-4107-8648-7ab829348c6a 0.563s
2025-02-21 08:50:10.692 63421 INFO tempest.lib.common.rest_client [req-6ab24e50-482a-4ff0-b3ec-6072f15855e3 req-6ab24e50-482a-4ff0-b3ec-6072f15855e3 ] Request (FlavorsAdminTestJSON:tearDownClass): 204 DELETE http://10.180.1.21/identity/v3/projects/2e899d2f904d4b1483d5ece537c7d15f 0.159s
2025-02-21 08:50:10.715 63399 INFO tempest.lib.common.rest_client [req-b70c9827-0237-406a-a9ae-9373170e18da req-b70c9827-0237-406a-a9ae-9373170e18da ] Request (InstanceActionsNegativeTestJSON:setUpClass): 201 POST http://10.180.1.21/identity/v3/auth/tokens 0.089s
2025-02-21 08:50:10.725 63438 INFO tempest.lib.common.rest_client [req-38cb6885-2381-4990-9685-02a8cc3dd469 req-38cb6885-2381-4990-9685-02a8cc3dd469 ] Request (ServersAdmin275Test:tearDownClass): 200 GET http://10.180.1.21/compute/v2.1/servers/0ac90090-56b1-4ea2-8a94-e0c98b5ee974 0.531s
2025-02-21 08:50:10.746 63399 INFO tempest.lib.common.rest_client [req-2600d2a7-c800-4a95-902e-d275cf7ddc34 req-2600d2a7-c800-4a95-902e-d275cf7ddc34 ] Request (InstanceActionsNegativeTestJSON:setUpClass): 201 POST http://10.180.1.21/identity/v3/auth/tokens 0.026s
2025-02-21 08:50:10.746 63399 INFO tempest.lib.common.fixed_network [-] (InstanceActionsNegativeTestJSON:setUpClass) Found network {'id': '4c99e0fb-2b0c-4cea-a726-8140903be4fb', 'name': 'tempest-InstanceActionsNegativeTestJSON-1488158320-network', 'tenant_id': '4fde46e015414fa2b7a03f089c0d0260', 'admin_state_up': True, 'mtu': 8950, 'status': 'ACTIVE', 'subnets': [], 'shared': False, 'project_id': '4fde46e015414fa2b7a03f089c0d0260', 'port_security_enabled': True, 'router:external': False, 'provider:network_type': 'vlan', 'provider:physical_network': 'default', 'provider:segmentation_id': 205, 'availability_zone_hints': [], 'availability_zones': [], 'ipv4_address_scope': None, 'ipv6_address_scope': None, 'description': '', 'tags': [], 'created_at': '2025-02-21T08:50:07Z', 'updated_at': '2025-02-21T08:50:07Z', 'revision_number': 1} available for tenant
2025-02-21 08:50:10.750 63427 INFO tempest.lib.common.rest_client [req-7056573b-e217-4858-b8ef-5733d0d8fbab req-7056573b-e217-4858-b8ef-5733d0d8fbab ] Request (ImagesNegativeTestJSON:test_create_image_from_deleted_server): 404 POST http://10.180.1.21/compute/v2.1/servers/1e5168f3-0c40-4ada-ba5c-001efd526393/action 0.526s
2025-02-21 08:50:10.757 63423 INFO tempest.lib.common.rest_client [req-4849f868-f54f-4419-b446-f3141c05e20c req-4849f868-f54f-4419-b446-f3141c05e20c ] Request (ServerTagsTestJSON:test_update_all_tags): 200 PUT http://10.180.1.21/compute/v2.1/servers/75b01166-8911-4077-9d48-af25659c486a/tags 0.560s
2025-02-21 08:50:10.759 63421 INFO tempest.lib.common.rest_client [req-2130de4c-7703-4628-bd23-521af53a4522 req-2130de4c-7703-4628-bd23-521af53a4522 ] Request (TenantUsagesTestJSON:setUpClass): 201 POST http://10.180.1.21/identity/v3/auth/tokens 0.065s
2025-02-21 08:50:10.795 63421 INFO tempest.lib.common.rest_client [req-5881cf72-76ad-4a0a-a9f7-1e6070f37cee req-5881cf72-76ad-4a0a-a9f7-1e6070f37cee ] Request (TenantUsagesTestJSON:setUpClass): 201 POST http://10.180.1.21/identity/v3/auth/tokens 0.033s
2025-02-21 08:50:10.836 63421 INFO tempest.lib.common.rest_client [req-085b9daa-c094-44b7-ab17-8d00bbaffad8 req-085b9daa-c094-44b7-ab17-8d00bbaffad8 ] Request (TenantUsagesTestJSON:setUpClass): 200 GET http://10.180.1.21/identity/v3/domains?name=Default 0.041s
2025-02-21 08:50:10.838 63393 INFO tempest.lib.common.rest_client [req-047c40f4-c32f-42bf-8bb4-0d1a8e2e49e9 req-047c40f4-c32f-42bf-8bb4-0d1a8e2e49e9 ] Request (ServersTestJSON:test_create_server_specify_multibyte_character_name): 200 GET http://10.180.1.21/compute/v2.1/servers/bd76bbfc-9c88-4046-8d6a-cb72d35453d8 0.479s
2025-02-21 08:50:10.870 63421 INFO tempest.lib.common.rest_client [req-2280431c-6e19-4b28-a49d-c29942929c59 req-2280431c-6e19-4b28-a49d-c29942929c59 ] Request (TenantUsagesTestJSON:setUpClass): 201 POST http://10.180.1.21/identity/v3/projects 0.034s
2025-02-21 08:50:10.879 63417 INFO tempest.lib.common.rest_client [req-44bb8ba8-a8ed-4835-9e7f-da3930afd3a6 req-44bb8ba8-a8ed-4835-9e7f-da3930afd3a6 ] Request (MigrationsAdminTest:test_list_migrations_in_flavor_resize_situation): 200 GET http://10.180.1.21/compute/v2.1/servers/a78212e0-e331-4fd3-8b67-0c8522d82c2b 0.604s
2025-02-21 08:50:10.930 63409 INFO tempest.lib.common.rest_client [req-6491fde3-3d92-4084-b616-d4a8b78adf8d req-6491fde3-3d92-4084-b616-d4a8b78adf8d ] Request (ServersTestFqdnHostnames:test_create_server_with_fqdn_name): 200 GET http://10.180.1.21/compute/v2.1/servers/7c42dd10-0981-4496-85bd-d467534c95e5 0.451s
2025-02-21 08:50:10.944 63421 INFO tempest.lib.common.rest_client [req-f85426d3-54db-47d4-a7e6-fd93c86e6b56 req-f85426d3-54db-47d4-a7e6-fd93c86e6b56 ] Request (TenantUsagesTestJSON:setUpClass): 201 POST http://10.180.1.21/identity/v3/users 0.073s
2025-02-21 08:50:10.971 63421 INFO tempest.lib.common.rest_client [req-43ecb86c-d3ad-40a5-aa8f-b0f9eb08a3f5 req-43ecb86c-d3ad-40a5-aa8f-b0f9eb08a3f5 ] Request (TenantUsagesTestJSON:setUpClass): 200 GET http://10.180.1.21/identity/v3/roles 0.025s
2025-02-21 08:50:10.976 63389 INFO tempest.lib.common.rest_client [req-5a9e6f80-31c1-4e13-943e-59bdeeed42e5 req-5a9e6f80-31c1-4e13-943e-59bdeeed42e5 ] Request (ServerMetadataNegativeTestJSON:setUpClass): 200 GET http://10.180.1.21/compute/v2.1/servers/66a33204-a15e-4e4c-bc3e-b0fb625268b9 0.572s
2025-02-21 08:50:10.988 63389 INFO tempest.common.waiters [-] State transition "BUILD/spawning" ==> "ACTIVE/None" after 29 second wait
2025-02-21 08:50:11.012 63421 INFO tempest.lib.common.rest_client [req-7f174f76-160f-4dce-ae13-0a36517f18e4 req-7f174f76-160f-4dce-ae13-0a36517f18e4 ] Request (TenantUsagesTestJSON:setUpClass): 204 PUT http://10.180.1.21/identity/v3/projects/e1206674d14f4587b527faf1f3ba954b/users/70fc89991ed44913acaf6a954e4e350a/roles/74c0bd29307245b796d58e79a49b940a 0.040s
2025-02-21 08:50:11.012 63421 INFO tempest.lib.common.dynamic_creds [-] Dynamic test user 70fc89991ed44913acaf6a954e4e350a is created with scope project and roles: ['member']
2025-02-21 08:50:11.012 63421 INFO tempest.lib.common.dynamic_creds [-] Acquired dynamic creds: credentials: Credentials: {'domain_id': 'default', 'domain_name': 'Default', 'username': 'tempest-TenantUsagesTestJSON-267023668-project-member', 'project_domain_id': 'default', 'project_domain_name': 'Default', 'project_id': 'e1206674d14f4587b527faf1f3ba954b', 'project_name': 'tempest-TenantUsagesTestJSON-267023668', 'tenant_id': 'e1206674d14f4587b527faf1f3ba954b', 'tenant_name': 'tempest-TenantUsagesTestJSON-267023668', 'user_domain_id': 'default', 'user_domain_name': 'Default', 'user_id': '70fc89991ed44913acaf6a954e4e350a', 'system': None}, Network: None, Subnet: None, Router: None
2025-02-21 08:50:11.012 63421 INFO tempest.lib.common.dynamic_creds [-] Created isolated network resources for: credentials: Credentials: {'domain_id': 'default', 'domain_name': 'Default', 'username': 'tempest-TenantUsagesTestJSON-267023668-project-member', 'project_domain_id': 'default', 'project_domain_name': 'Default', 'project_id': 'e1206674d14f4587b527faf1f3ba954b', 'project_name': 'tempest-TenantUsagesTestJSON-267023668', 'tenant_id': 'e1206674d14f4587b527faf1f3ba954b', 'tenant_name': 'tempest-TenantUsagesTestJSON-267023668', 'user_domain_id': 'default', 'user_domain_name': 'Default', 'user_id': '70fc89991ed44913acaf6a954e4e350a', 'system': None}, Network: None, Subnet: None, Router: None
2025-02-21 08:50:11.084 63389 INFO tempest.lib.common.rest_client [req-9a4886c2-b110-420a-b0ee-1992a19f6fb4 req-9a4886c2-b110-420a-b0ee-1992a19f6fb4 ] Request (ServerMetadataNegativeTestJSON:test_create_server_metadata_blank_key): 201 POST http://10.180.1.21/identity/v3/auth/tokens 0.090s
2025-02-21 08:50:11.084 63389 INFO tempest.lib.common.fixed_network [-] (ServerMetadataNegativeTestJSON:test_create_server_metadata_blank_key) Found network {'id': 'cd0b5ce8-376c-48c0-a932-e7c64fcbcc70', 'name': 'tempest-ServerMetadataNegativeTestJSON-1709507060-network', 'tenant_id': 'c1a45fcb8f764bb6a9330a786ee2c061', 'admin_state_up': True, 'mtu': 8950, 'status': 'ACTIVE', 'subnets': [], 'shared': False, 'project_id': 'c1a45fcb8f764bb6a9330a786ee2c061', 'port_security_enabled': True, 'router:external': False, 'provider:network_type': 'vlan', 'provider:physical_network': 'default', 'provider:segmentation_id': 443, 'availability_zone_hints': [], 'availability_zones': [], 'ipv4_address_scope': None, 'ipv6_address_scope': None, 'description': '', 'tags': [], 'created_at': '2025-02-21T08:49:32Z', 'updated_at': '2025-02-21T08:49:32Z', 'revision_number': 1} available for tenant
2025-02-21 08:50:11.104 63421 INFO tempest.lib.common.rest_client [req-a1bec3a0-0bfd-499c-b2b5-10d91995668e req-a1bec3a0-0bfd-499c-b2b5-10d91995668e ] Request (TenantUsagesTestJSON:setUpClass): 201 POST http://10.180.1.21/identity/v3/auth/tokens 0.087s
2025-02-21 08:50:11.176 63421 INFO tempest.lib.common.rest_client [req-18fb1460-e611-4e0a-bcc8-254ffd4850f7 req-18fb1460-e611-4e0a-bcc8-254ffd4850f7 ] Request (TenantUsagesTestJSON:setUpClass): 201 POST http://10.180.1.21/identity/v3/projects 0.071s
2025-02-21 08:50:11.184 63387 INFO tempest.lib.common.rest_client [req-8678c0b3-7d90-4b44-9682-06f1d20dbefd req-8678c0b3-7d90-4b44-9682-06f1d20dbefd ] Request (ImagesMetadataTestJSON:test_delete_image_metadata_item): 204 DELETE http://10.180.1.21/compute/v2.1/images/93451fa4-7d08-4945-9cae-fec55262bb3f/metadata/os_version 0.554s
2025-02-21 08:50:11.279 63421 INFO tempest.lib.common.rest_client [req-703bbb98-cc4a-4dab-b906-d3a17af0f708 req-703bbb98-cc4a-4dab-b906-d3a17af0f708 ] Request (TenantUsagesTestJSON:setUpClass): 201 POST http://10.180.1.21/identity/v3/users 0.102s
2025-02-21 08:50:11.304 63421 INFO tempest.lib.common.rest_client [req-7e9135be-7fe9-4308-8be1-357aa0905d9f req-7e9135be-7fe9-4308-8be1-357aa0905d9f ] Request (TenantUsagesTestJSON:setUpClass): 200 GET http://10.180.1.21/identity/v3/roles 0.024s
2025-02-21 08:50:11.320 63395 INFO tempest.lib.common.rest_client [req-e1c6d073-e0af-4863-91e2-26f130ea8b77 req-e1c6d073-e0af-4863-91e2-26f130ea8b77 ] Request (ServersTestManualDisk:setUpClass): 200 GET http://10.180.1.21/compute/v2.1/servers/8f1812a5-1596-464f-b486-91b6c9a822bd 0.806s
2025-02-21 08:50:11.321 63411 INFO tempest.lib.common.rest_client [req-094b6d1e-b1a0-4ab8-b917-251e0c0ee12d req-094b6d1e-b1a0-4ab8-b917-251e0c0ee12d ] Request (ServerMetadataTestJSON:setUpClass): 200 GET http://10.180.1.21/compute/v2.1/servers/350dd628-4842-4a8b-9a72-9161a2c86605 0.676s
2025-02-21 08:50:11.330 63427 INFO tempest.lib.common.rest_client [req-e20f69ab-dce7-4787-b72e-70f91fed906b req-e20f69ab-dce7-4787-b72e-70f91fed906b ] Request (ImagesNegativeTestJSON:test_create_image_from_invalid_server): 404 POST http://10.180.1.21/compute/v2.1/servers/tempest-invalid-1404620867/action 0.578s
2025-02-21 08:50:11.352 63421 INFO tempest.lib.common.rest_client [req-1f0509be-e9aa-4c55-8004-7b2a5d85bd4b req-1f0509be-e9aa-4c55-8004-7b2a5d85bd4b ] Request (TenantUsagesTestJSON:setUpClass): 204 PUT http://10.180.1.21/identity/v3/projects/b3d4cb4d56954e8094932daa1b56373d/users/e0ad3e0e66e942d7b96e2bb9e2898728/roles/b9c96fed67cf40aba6a2dd630d7c1cd4 0.047s
2025-02-21 08:50:11.360 63423 INFO tempest.lib.common.rest_client [req-a8b55765-0898-465e-baba-0a5e2ea6b847 req-a8b55765-0898-465e-baba-0a5e2ea6b847 ] Request (ServerTagsTestJSON:test_update_all_tags): 200 GET http://10.180.1.21/compute/v2.1/servers/75b01166-8911-4077-9d48-af25659c486a/tags 0.600s
2025-02-21 08:50:11.413 63401 INFO tempest.lib.common.rest_client [req-239d8734-6acc-43cb-b59b-de9063047ce3 req-239d8734-6acc-43cb-b59b-de9063047ce3 ] Request (ServersAdminNegativeTestJSON:test_migrate_server_invalid_state): 200 GET http://10.180.1.21/compute/v2.1/servers/27309833-bf08-4d8d-a71e-fd2ae2d46b35 0.606s
2025-02-21 08:50:11.509 63421 INFO tempest.lib.common.rest_client [req-e3cfa006-07cb-4342-8bc5-d7f983d7420a req-e3cfa006-07cb-4342-8bc5-d7f983d7420a ] Request (TenantUsagesTestJSON:setUpClass): 200 GET http://10.180.1.21/identity/v3/roles 0.156s
2025-02-21 08:50:11.522 63391 INFO tempest.lib.common.rest_client [req-8c5ad891-2285-480f-bfc0-09f29b62fd4b req-8c5ad891-2285-480f-bfc0-09f29b62fd4b ] Request (ServersV294TestFqdnHostnames:setUpClass): 200 GET http://10.180.1.21/compute/v2.1/servers/68a75af1-3f9a-4ed7-9e12-24dfd927b323 0.601s
2025-02-21 08:50:11.527 63421 INFO tempest.lib.common.rest_client [req-b9455dd2-5259-4c22-9728-22a79f3783df req-b9455dd2-5259-4c22-9728-22a79f3783df ] Request (TenantUsagesTestJSON:setUpClass): 204 PUT http://10.180.1.21/identity/v3/projects/b3d4cb4d56954e8094932daa1b56373d/users/e0ad3e0e66e942d7b96e2bb9e2898728/roles/b9c96fed67cf40aba6a2dd630d7c1cd4 0.017s
2025-02-21 08:50:11.527 63421 INFO tempest.lib.common.dynamic_creds [-] Dynamic test user e0ad3e0e66e942d7b96e2bb9e2898728 is created with scope project and roles: ['admin']
2025-02-21 08:50:11.527 63421 INFO tempest.lib.common.dynamic_creds [-] Acquired dynamic creds: credentials: Credentials: {'domain_id': 'default', 'domain_name': 'Default', 'username': 'tempest-TenantUsagesTestJSON-1238226899-project-admin', 'project_domain_id': 'default', 'project_domain_name': 'Default', 'project_id': 'b3d4cb4d56954e8094932daa1b56373d', 'project_name': 'tempest-TenantUsagesTestJSON-1238226899', 'tenant_id': 'b3d4cb4d56954e8094932daa1b56373d', 'tenant_name': 'tempest-TenantUsagesTestJSON-1238226899', 'user_domain_id': 'default', 'user_domain_name': 'Default', 'user_id': 'e0ad3e0e66e942d7b96e2bb9e2898728', 'system': None}, Network: None, Subnet: None, Router: None
2025-02-21 08:50:11.528 63421 INFO tempest.lib.common.dynamic_creds [-] Created isolated network resources for: credentials: Credentials: {'domain_id': 'default', 'domain_name': 'Default', 'username': 'tempest-TenantUsagesTestJSON-1238226899-project-admin', 'project_domain_id': 'default', 'project_domain_name': 'Default', 'project_id': 'b3d4cb4d56954e8094932daa1b56373d', 'project_name': 'tempest-TenantUsagesTestJSON-1238226899', 'tenant_id': 'b3d4cb4d56954e8094932daa1b56373d', 'tenant_name': 'tempest-TenantUsagesTestJSON-1238226899', 'user_domain_id': 'default', 'user_domain_name': 'Default', 'user_id': 'e0ad3e0e66e942d7b96e2bb9e2898728', 'system': None}, Network: None, Subnet: None, Router: None
2025-02-21 08:50:11.606 63405 INFO tempest.lib.common.rest_client [req-4f693219-2e1e-4390-a462-63d7be7ef547 req-4f693219-2e1e-4390-a462-63d7be7ef547 ] Request (ServersTestMultiNic:_run_cleanups): 200 GET http://10.180.1.21/compute/v2.1/servers/4abcfad4-6a44-4a21-962b-5157d09a6fbd 0.645s
2025-02-21 08:50:11.628 63421 INFO tempest.lib.common.rest_client [req-0d901716-104b-4589-a7f1-ab5236969b98 req-0d901716-104b-4589-a7f1-ab5236969b98 ] Request (TenantUsagesTestJSON:setUpClass): 201 POST http://10.180.1.21/identity/v3/auth/tokens 0.094s
2025-02-21 08:50:11.629 63421 WARNING tempest.lib.common.rest_client [-] Deprecated: "tenant_id" property is deprecated for removal, use "project_id" instead
2025-02-21 08:50:11.658 63439 INFO tempest.lib.common.rest_client [req-608a2779-17b4-4b59-98df-c56078bac13b req-608a2779-17b4-4b59-98df-c56078bac13b ] Request (VolumesAdminNegativeTest:test_update_attached_volume_with_nonexistent_volume_in_body): 200 GET http://10.180.1.21/compute/v2.1/servers/2ce8dfe0-35b5-48d7-836d-2fe62c9e43f3 0.669s
2025-02-21 08:50:11.687 63421 INFO tempest.lib.common.rest_client [req-45f9fec0-11fc-4482-9fec-830d4ab5411d req-45f9fec0-11fc-4482-9fec-830d4ab5411d ] Request (TenantUsagesTestJSON:setUpClass): 201 POST http://10.180.1.21/identity/v3/auth/tokens 0.053s
2025-02-21 08:50:11.688 63421 INFO tempest.lib.common.fixed_network [-] (TenantUsagesTestJSON:setUpClass) Found network None available for tenant
2025-02-21 08:50:11.729 63413 INFO tempest.lib.common.rest_client [req-6e344479-c0fb-4804-a006-5888db43d473 req-6e344479-c0fb-4804-a006-5888db43d473 ] Request (ServerDiagnosticsTest:test_get_server_diagnostics): 200 GET http://10.180.1.21/compute/v2.1/servers/3dd36d4d-cbaa-4203-a1df-c7e8670682ff 0.695s
2025-02-21 08:50:11.732 63433 INFO tempest.lib.common.rest_client [req-8dcf5cab-9cf0-47f1-b9e5-24935b13c63c req-8dcf5cab-9cf0-47f1-b9e5-24935b13c63c ] Request (ServerActionsV293TestJSON:setUpClass): 200 GET http://10.180.1.21/volume/v3/volumes/03ed169d-3346-4d8f-9459-70d1acbe5259 0.043s
2025-02-21 08:50:11.789 63383 INFO tempest.lib.common.rest_client [req-f6bc05a8-1523-4971-9264-8082976a865a req-f6bc05a8-1523-4971-9264-8082976a865a ] Request (DeleteServersAdminTestJSON:test_delete_server_while_in_error_state): 200 GET http://10.180.1.21/compute/v2.1/servers/be7b959e-265e-41e1-b578-acb0ec182c71 0.732s
2025-02-21 08:50:11.796 63389 INFO tempest.lib.common.rest_client [req-d2aa1d1c-b9a0-43bf-b229-ccb697de935a req-d2aa1d1c-b9a0-43bf-b229-ccb697de935a ] Request (ServerMetadataNegativeTestJSON:test_create_server_metadata_blank_key): 400 POST http://10.180.1.21/compute/v2.1/servers 0.711s
2025-02-21 08:50:11.845 63429 INFO tempest.lib.common.rest_client [req-db74d993-0ec8-4e76-9fd0-9afa109127a0 req-db74d993-0ec8-4e76-9fd0-9afa109127a0 ] Request (ServerExternalEventsTest:test_create_server_external_events): 200 GET http://10.180.1.21/compute/v2.1/servers/197ae546-2199-49d6-b4cc-a295e4353a1f 0.751s
2025-02-21 08:50:11.852 63429 INFO tempest.common.waiters [-] State transition "BUILD/scheduling" ==> "BUILD/None" after 15 second wait
2025-02-21 08:50:11.896 63381 INFO tempest.lib.common.rest_client [req-97a4c053-77bf-4c27-bf5b-be9cfd609797 req-97a4c053-77bf-4c27-bf5b-be9cfd609797 ] Request (ServerShowV247Test:test_update_rebuild_list_server): 200 GET http://10.180.1.21/compute/v2.1/servers/46864447-5fdc-4e7e-ad3d-63c9d7c15afc 0.770s
2025-02-21 08:50:12.004 63407 INFO tempest.lib.common.rest_client [req-da1798c9-7a1a-48c4-9a1a-37c7a46393b1 req-da1798c9-7a1a-48c4-9a1a-37c7a46393b1 ] Request (ListImageFiltersTestJSON:setUpClass): 204 PUT http://10.180.1.21/image/v2/images/49f660bd-1331-4fa5-a591-1ef9d55a5e54/file 0.674s
2025-02-21 08:50:12.034 63387 INFO tempest.lib.common.rest_client [req-9c438df2-a16d-4a8f-8532-496ebbc30912 req-9c438df2-a16d-4a8f-8532-496ebbc30912 ] Request (ImagesMetadataTestJSON:test_delete_image_metadata_item): 200 GET http://10.180.1.21/compute/v2.1/images/93451fa4-7d08-4945-9cae-fec55262bb3f/metadata 0.850s
2025-02-21 08:50:12.102 63443 INFO tempest.lib.common.rest_client [req-5b2781ed-58eb-423e-ad17-44885c0559e0 req-5b2781ed-58eb-423e-ad17-44885c0559e0 ] Request (DeleteServersTestJSON:test_delete_active_server): 200 GET http://10.180.1.21/compute/v2.1/servers/ec73cb87-6d0c-4390-88ef-f26ca372063f 0.885s
2025-02-21 08:50:12.109 63427 INFO tempest.lib.common.rest_client [req-bae92e45-dad4-420b-a9f2-e4d7eb932362 req-bae92e45-dad4-420b-a9f2-e4d7eb932362 ] Request (ImagesNegativeTestJSON:test_create_image_specify_uuid_35_characters_or_less): 404 POST http://10.180.1.21/compute/v2.1/servers/aaaaaaaaaaaaaaaaaaaaaaaaaaaaaaaaaaa/action 0.777s
2025-02-21 08:50:12.153 63423 INFO tempest.lib.common.rest_client [req-28c3c98e-626a-47af-b6c2-8df79703f8d1 req-28c3c98e-626a-47af-b6c2-8df79703f8d1 ] Request (ServerTagsTestJSON:_run_cleanups): 204 DELETE http://10.180.1.21/compute/v2.1/servers/75b01166-8911-4077-9d48-af25659c486a/tags 0.792s
2025-02-21 08:50:12.187 63385 INFO tempest.lib.common.rest_client [req-94a1e7d6-c17c-45ba-bf12-12a4a4376d2a req-94a1e7d6-c17c-45ba-bf12-12a4a4376d2a ] Request (ImagesTestJSON:test_create_image_from_stopped_server): 200 GET http://10.180.1.21/compute/v2.1/images/3ebe1bc4-1542-47dc-94eb-8599434aed43 0.809s
2025-02-21 08:50:12.261 63431 INFO tempest.lib.common.rest_client [req-abcc57b1-8641-42e3-8263-90cee0fb7841 req-abcc57b1-8641-42e3-8263-90cee0fb7841 ] Request (FloatingIPsAssociationNegativeTestJSON:tearDownClass): 200 GET http://10.180.1.21/compute/v2.1/servers/96025479-e79b-4a2d-ab21-169965c2902f 0.690s
2025-02-21 08:50:12.274 63431 INFO tempest.common.waiters [-] State transition "ACTIVE/deleting" ==> "DELETED/None" after 3 second wait
2025-02-21 08:50:12.321 63399 INFO tempest.lib.common.rest_client [req-2710ca70-8060-4f1f-ba2d-a24d78632fd5 req-2710ca70-8060-4f1f-ba2d-a24d78632fd5 ] Request (InstanceActionsNegativeTestJSON:setUpClass): 202 POST http://10.180.1.21/compute/v2.1/servers 1.574s
2025-02-21 08:50:12.455 63415 INFO tempest.lib.common.rest_client [req-b433c560-46dd-4737-b45e-c8b0e516754d req-b433c560-46dd-4737-b45e-c8b0e516754d ] Request (ServerRescueTestJSONUnderV235:setUpClass): 200 GET http://10.180.1.21/compute/v2.1/servers/6a752f33-9dc2-4107-8648-7ab829348c6a 0.764s
2025-02-21 08:50:12.570 63438 INFO tempest.lib.common.rest_client [req-9a00ae21-04f8-46e6-af4b-c94f127c841e req-9a00ae21-04f8-46e6-af4b-c94f127c841e ] Request (ServersAdmin275Test:tearDownClass): 200 GET http://10.180.1.21/compute/v2.1/servers/0ac90090-56b1-4ea2-8a94-e0c98b5ee974 0.834s
2025-02-21 08:50:12.578 63389 INFO tempest.lib.common.rest_client [req-e358a117-d7f3-4cd4-8f8d-0abc351be62f req-e358a117-d7f3-4cd4-8f8d-0abc351be62f ] Request (ServerMetadataNegativeTestJSON:test_delete_metadata_non_existent_server): 404 DELETE http://10.180.1.21/compute/v2.1/servers/d05b7de2-b442-4875-8c64-4dca3e8155fd/metadata/d 0.778s
2025-02-21 08:50:12.636 63421 INFO tempest.lib.common.rest_client [req-bca09272-927b-49a9-a5c1-5bb68f6eed2d req-bca09272-927b-49a9-a5c1-5bb68f6eed2d ] Request (TenantUsagesTestJSON:setUpClass): 202 POST http://10.180.1.21/compute/v2.1/servers 0.947s
2025-02-21 08:50:12.640 63393 INFO tempest.lib.common.rest_client [req-aa10e735-c603-4025-8871-e115e9fe3746 req-aa10e735-c603-4025-8871-e115e9fe3746 ] Request (ServersTestJSON:test_create_server_specify_multibyte_character_name): 200 GET http://10.180.1.21/compute/v2.1/servers/bd76bbfc-9c88-4046-8d6a-cb72d35453d8 0.794s
2025-02-21 08:50:12.713 63409 INFO tempest.lib.common.rest_client [req-a62232d8-a16b-4d4a-a10c-21b9d52db9ef req-a62232d8-a16b-4d4a-a10c-21b9d52db9ef ] Request (ServersTestFqdnHostnames:test_create_server_with_fqdn_name): 200 GET http://10.180.1.21/compute/v2.1/servers/7c42dd10-0981-4496-85bd-d467534c95e5 0.771s
2025-02-21 08:50:12.760 63407 INFO tempest.lib.common.rest_client [req-93a04bb8-46c5-4d79-98f7-a75fc801ad23 req-93a04bb8-46c5-4d79-98f7-a75fc801ad23 ] Request (ListImageFiltersTestJSON:setUpClass): 200 GET http://10.180.1.21/compute/v2.1/images/49f660bd-1331-4fa5-a591-1ef9d55a5e54 0.755s
2025-02-21 08:50:12.776 63433 INFO tempest.lib.common.rest_client [req-82ab3b19-d709-4320-af49-23c7d4b7d69b req-82ab3b19-d709-4320-af49-23c7d4b7d69b ] Request (ServerActionsV293TestJSON:setUpClass): 200 GET http://10.180.1.21/volume/v3/volumes/03ed169d-3346-4d8f-9459-70d1acbe5259 0.035s
2025-02-21 08:50:12.784 63433 INFO tempest.common.waiters [-] volume 03ed169d-3346-4d8f-9459-70d1acbe5259 reached available after waiting for 19.784681 seconds
2025-02-21 08:50:12.820 63417 INFO tempest.lib.common.rest_client [req-979393d5-ea13-4cae-83c2-97a0a7143371 req-979393d5-ea13-4cae-83c2-97a0a7143371 ] Request (MigrationsAdminTest:test_list_migrations_in_flavor_resize_situation): 200 GET http://10.180.1.21/compute/v2.1/servers/a78212e0-e331-4fd3-8b67-0c8522d82c2b 0.933s
2025-02-21 08:50:12.829 63427 INFO tempest.lib.common.rest_client [req-f21000d1-b1d3-44ef-a29a-665e89a12ca0 req-f21000d1-b1d3-44ef-a29a-665e89a12ca0 ] Request (ImagesNegativeTestJSON:test_create_image_specify_uuid_37_characters_or_more): 404 POST http://10.180.1.21/compute/v2.1/servers/aaaaaaaaaaaaaaaaaaaaaaaaaaaaaaaaaaaaa/action 0.718s
2025-02-21 08:50:12.920 63423 INFO tempest.lib.common.rest_client [req-ad63a844-4f19-4c2e-870a-6de3dd78b5f1 req-ad63a844-4f19-4c2e-870a-6de3dd78b5f1 ] Request (ServerTagsTestJSON:tearDownClass): 204 DELETE http://10.180.1.21/compute/v2.1/servers/75b01166-8911-4077-9d48-af25659c486a 0.761s
2025-02-21 08:50:12.965 63399 INFO tempest.lib.common.rest_client [req-499cad48-d4d5-44fe-96f0-fe5106556812 req-499cad48-d4d5-44fe-96f0-fe5106556812 ] Request (InstanceActionsNegativeTestJSON:setUpClass): 200 GET http://10.180.1.21/compute/v2.1/servers/79a8096d-00eb-4e1c-810f-cc9f65eb6110 0.642s
2025-02-21 08:50:12.978 63387 INFO tempest.lib.common.rest_client [req-b509bd29-770b-4e10-b27f-837582e05b81 req-b509bd29-770b-4e10-b27f-837582e05b81 ] Request (ImagesMetadataTestJSON:setUp): 200 PUT http://10.180.1.21/compute/v2.1/images/93451fa4-7d08-4945-9cae-fec55262bb3f/metadata 0.942s
2025-02-21 08:50:13.118 63395 INFO tempest.lib.common.rest_client [req-a156f9a2-e024-43d1-ad8b-03896e85c8a9 req-a156f9a2-e024-43d1-ad8b-03896e85c8a9 ] Request (ServersTestManualDisk:setUpClass): 200 GET http://10.180.1.21/compute/v2.1/servers/8f1812a5-1596-464f-b486-91b6c9a822bd 0.790s
2025-02-21 08:50:13.169 63411 INFO tempest.lib.common.rest_client [req-d8d621ca-7658-4042-a123-87be67f80588 req-d8d621ca-7658-4042-a123-87be67f80588 ] Request (ServerMetadataTestJSON:setUpClass): 200 GET http://10.180.1.21/compute/v2.1/servers/350dd628-4842-4a8b-9a72-9161a2c86605 0.838s
2025-02-21 08:50:13.177 63411 INFO tempest.common.waiters [-] State transition "BUILD/spawning" ==> "ACTIVE/None" after 32 second wait
2025-02-21 08:50:13.179 63401 INFO tempest.lib.common.rest_client [req-ee68ec3d-f316-4942-a745-f47aa23aa6ad req-ee68ec3d-f316-4942-a745-f47aa23aa6ad ] Request (ServersAdminNegativeTestJSON:test_migrate_server_invalid_state): 200 GET http://10.180.1.21/compute/v2.1/servers/27309833-bf08-4d8d-a71e-fd2ae2d46b35 0.750s
2025-02-21 08:50:13.191 63389 INFO tempest.lib.common.rest_client [req-a7a67854-f72e-4d42-a179-c5743f76e4ba req-a7a67854-f72e-4d42-a179-c5743f76e4ba ] Request (ServerMetadataNegativeTestJSON:test_list_server_metadata_non_existent_server): 404 GET http://10.180.1.21/compute/v2.1/servers/c7487780-f111-4288-baf6-eea76872fe34/metadata 0.611s
2025-02-21 08:50:13.218 63405 INFO tempest.lib.common.rest_client [req-7d74303a-6166-4899-a9a3-ab89f9202ce4 req-7d74303a-6166-4899-a9a3-ab89f9202ce4 ] Request (ServersTestMultiNic:_run_cleanups): 404 GET http://10.180.1.21/compute/v2.1/servers/4abcfad4-6a44-4a21-962b-5157d09a6fbd 0.605s
2025-02-21 08:50:13.289 63421 INFO tempest.lib.common.rest_client [req-b86c1288-8ae6-471e-9280-3d051893388b req-b86c1288-8ae6-471e-9280-3d051893388b ] Request (TenantUsagesTestJSON:setUpClass): 200 GET http://10.180.1.21/compute/v2.1/servers/ffdded3a-f493-42b9-a5bf-f1f71c6fa699 0.651s
2025-02-21 08:50:13.349 63391 INFO tempest.lib.common.rest_client [req-f13b597b-99c3-41f8-9483-640c9fdf4a27 req-f13b597b-99c3-41f8-9483-640c9fdf4a27 ] Request (ServersV294TestFqdnHostnames:setUpClass): 200 GET http://10.180.1.21/compute/v2.1/servers/68a75af1-3f9a-4ed7-9e12-24dfd927b323 0.813s
2025-02-21 08:50:13.358 63403 WARNING tempest.lib.common.ssh [-] Failed to establish authenticated ssh connection to cirros@10.180.180.180 ([Errno None] Unable to connect to port 22 on 10.180.180.180). Number attempts: 1. Retry after 2 seconds.: paramiko.ssh_exception.NoValidConnectionsError: [Errno None] Unable to connect to port 22 on 10.180.180.180
2025-02-21 08:50:13.432 63405 INFO tempest.lib.common.rest_client [req-9b2a7aa8-c334-4734-a74b-3c658204bcfa req-9b2a7aa8-c334-4734-a74b-3c658204bcfa ] Request (ServersTestMultiNic:_run_cleanups): 204 DELETE http://10.180.1.21:9696/networking/v2.0/subnets/792a2811-9175-4e84-9b6d-c102f71ee514 0.213s
2025-02-21 08:50:13.433 63413 INFO tempest.lib.common.rest_client [req-f3f2460d-d3e2-417c-a99b-e06fe1810996 req-f3f2460d-d3e2-417c-a99b-e06fe1810996 ] Request (ServerDiagnosticsTest:test_get_server_diagnostics): 200 GET http://10.180.1.21/compute/v2.1/servers/3dd36d4d-cbaa-4203-a1df-c7e8670682ff 0.687s
2025-02-21 08:50:13.479 63407 INFO tempest.lib.common.rest_client [req-8167de27-91ed-41b4-92e7-649efc1a5f7c req-8167de27-91ed-41b4-92e7-649efc1a5f7c ] Request (ListImageFiltersTestJSON:setUpClass): 200 GET http://10.180.1.21/compute/v2.1/images/49f660bd-1331-4fa5-a591-1ef9d55a5e54 0.714s
2025-02-21 08:50:13.584 63407 INFO tempest.lib.common.rest_client [req-fd7a7f97-d101-4877-a7df-d307c82a8496 req-fd7a7f97-d101-4877-a7df-d307c82a8496 ] Request (ListImageFiltersTestJSON:setUpClass): 201 POST http://10.180.1.21/identity/v3/auth/tokens 0.094s
2025-02-21 08:50:13.584 63407 INFO tempest.lib.common.fixed_network [-] (ListImageFiltersTestJSON:setUpClass) Found network None available for tenant
2025-02-21 08:50:13.621 63439 INFO tempest.lib.common.rest_client [req-c82fc8fc-60a3-42c5-b957-034e7c431e12 req-c82fc8fc-60a3-42c5-b957-034e7c431e12 ] Request (VolumesAdminNegativeTest:test_update_attached_volume_with_nonexistent_volume_in_body): 200 GET http://10.180.1.21/compute/v2.1/servers/2ce8dfe0-35b5-48d7-836d-2fe62c9e43f3 0.954s
2025-02-21 08:50:13.630 63439 INFO tempest.common.waiters [-] State transition "BUILD/scheduling" ==> "BUILD/None" after 12 second wait
2025-02-21 08:50:13.686 63383 INFO tempest.lib.common.rest_client [req-30d46af4-3f88-4fc8-ad24-a4f10c0496e2 req-30d46af4-3f88-4fc8-ad24-a4f10c0496e2 ] Request (DeleteServersAdminTestJSON:test_delete_server_while_in_error_state): 200 GET http://10.180.1.21/compute/v2.1/servers/be7b959e-265e-41e1-b578-acb0ec182c71 0.887s
2025-02-21 08:50:13.713 63427 INFO tempest.lib.common.rest_client [req-7ab299d1-de5a-4330-aeb1-27e31069f3df req-7ab299d1-de5a-4330-aeb1-27e31069f3df ] Request (ImagesNegativeTestJSON:tearDownClass): 404 DELETE http://10.180.1.21/compute/v2.1/servers/1e5168f3-0c40-4ada-ba5c-001efd526393 0.881s
2025-02-21 08:50:13.754 63405 INFO tempest.lib.common.rest_client [req-1b2a61e2-3941-4d30-b78f-698556f03166 req-1b2a61e2-3941-4d30-b78f-698556f03166 ] Request (ServersTestMultiNic:_run_cleanups): 204 DELETE http://10.180.1.21:9696/networking/v2.0/networks/5b78b09f-4e8c-4b40-bd64-6068d1ecd8ec 0.322s
2025-02-21 08:50:13.779 63429 INFO tempest.lib.common.rest_client [req-f307af6e-9007-485d-be06-d86b5a00d169 req-f307af6e-9007-485d-be06-d86b5a00d169 ] Request (ServerExternalEventsTest:test_create_server_external_events): 200 GET http://10.180.1.21/compute/v2.1/servers/197ae546-2199-49d6-b4cc-a295e4353a1f 0.926s
2025-02-21 08:50:13.854 63381 INFO tempest.lib.common.rest_client [req-f17f8fcc-f343-42b9-9e62-dc2120e9ed58 req-f17f8fcc-f343-42b9-9e62-dc2120e9ed58 ] Request (ServerShowV247Test:test_update_rebuild_list_server): 200 GET http://10.180.1.21/compute/v2.1/servers/46864447-5fdc-4e7e-ad3d-63c9d7c15afc 0.949s
2025-02-21 08:50:13.887 63405 INFO tempest.lib.common.rest_client [req-b834bfc6-67ba-4f10-8a98-9df73082f66e req-b834bfc6-67ba-4f10-8a98-9df73082f66e ] Request (ServersTestMultiNic:_run_cleanups): 204 DELETE http://10.180.1.21:9696/networking/v2.0/subnets/55b7a3fe-0276-49c0-9f53-30934df602e5 0.132s
2025-02-21 08:50:14.052 63423 INFO tempest.lib.common.rest_client [req-bc6c667b-86a0-4fb4-ad1b-713caf8b1340 req-bc6c667b-86a0-4fb4-ad1b-713caf8b1340 ] Request (ServerTagsTestJSON:tearDownClass): 200 GET http://10.180.1.21/compute/v2.1/servers/75b01166-8911-4077-9d48-af25659c486a 1.132s
2025-02-21 08:50:14.099 63387 INFO tempest.lib.common.rest_client [req-ea46538a-7e27-4f3b-be0a-c215bfe232ce req-ea46538a-7e27-4f3b-be0a-c215bfe232ce ] Request (ImagesMetadataTestJSON:test_get_image_metadata_item): 200 GET http://10.180.1.21/compute/v2.1/images/93451fa4-7d08-4945-9cae-fec55262bb3f/metadata/os_distro 1.119s
2025-02-21 08:50:14.106 63433 INFO tempest.lib.common.rest_client [req-8ca07490-fa97-4512-adf3-0ecdeb7b37f6 req-8ca07490-fa97-4512-adf3-0ecdeb7b37f6 ] Request (ServerActionsV293TestJSON:setUpClass): 202 POST http://10.180.1.21/compute/v2.1/servers 1.321s
2025-02-21 08:50:14.188 63443 INFO tempest.lib.common.rest_client [req-bba57d77-eade-4a16-b2bb-0b4cdb839466 req-bba57d77-eade-4a16-b2bb-0b4cdb839466 ] Request (DeleteServersTestJSON:test_delete_active_server): 200 GET http://10.180.1.21/compute/v2.1/servers/ec73cb87-6d0c-4390-88ef-f26ca372063f 1.079s
2025-02-21 08:50:14.226 63411 INFO tempest.lib.common.rest_client [req-506b7bb1-6b7a-4177-b9d1-473b314f72a9 req-506b7bb1-6b7a-4177-b9d1-473b314f72a9 ] Request (ServerMetadataTestJSON:setUp): 200 PUT http://10.180.1.21/compute/v2.1/servers/350dd628-4842-4a8b-9a72-9161a2c86605/metadata 1.047s
2025-02-21 08:50:14.253 63405 INFO tempest.lib.common.rest_client [req-610952e8-0669-4398-880e-ec7c881f2eab req-610952e8-0669-4398-880e-ec7c881f2eab ] Request (ServersTestMultiNic:_run_cleanups): 204 DELETE http://10.180.1.21:9696/networking/v2.0/networks/52206efe-cfa4-4ef0-a942-48d395455235 0.365s
2025-02-21 08:50:14.270 63385 INFO tempest.lib.common.rest_client [req-e3e65d28-2f1b-4c14-bd21-bbfcf8ac9a12 req-e3e65d28-2f1b-4c14-bd21-bbfcf8ac9a12 ] Request (ImagesTestJSON:test_create_image_from_stopped_server): 200 GET http://10.180.1.21/compute/v2.1/images/3ebe1bc4-1542-47dc-94eb-8599434aed43 1.073s
2025-02-21 08:50:14.304 63389 INFO tempest.lib.common.rest_client [req-78bf0e97-bb0b-4ce5-9be1-8ca9924cc4de req-78bf0e97-bb0b-4ce5-9be1-8ca9924cc4de ] Request (ServerMetadataNegativeTestJSON:test_metadata_items_limit): 200 GET http://10.180.1.21/compute/v2.1/os-quota-sets/c1a45fcb8f764bb6a9330a786ee2c061 1.112s
