2025-02-21 08:51:01.929 63415 INFO tempest.lib.common.dynamic_creds [-] Deleting project and security group for project: a2b09e786f2c41ef9b2d6da2fcd94221
2025-02-21 08:51:01.940 63387 INFO tempest.lib.common.rest_client [req-7c4eeab7-5d4a-4190-a220-168d7f87215d req-7c4eeab7-5d4a-4190-a220-168d7f87215d ] Request (MultipleCreateTestJSON:test_multiple_create): 200 GET http://10.180.1.21/compute/v2.1/servers/1b4ce059-48cf-4e2c-9717-8435265be136 0.062s
2025-02-21 08:51:01.962 63415 INFO tempest.lib.common.rest_client [req-13ae769e-9701-4120-81ab-8023046250d3 req-13ae769e-9701-4120-81ab-8023046250d3 ] Request (ServerRescueTestJSONUnderV235:tearDownClass): 200 GET http://10.180.1.21:9696/networking/v2.0/security-groups?tenant_id=a2b09e786f2c41ef9b2d6da2fcd94221&name=default 0.033s
2025-02-21 08:51:01.992 63427 INFO tempest.lib.common.rest_client [req-3056773d-2b7a-420e-bfc0-fb7889c94e9a req-3056773d-2b7a-420e-bfc0-fb7889c94e9a ] Request (ListServerFiltersTestJSON:setUpClass): 200 GET http://10.180.1.21/compute/v2.1/servers/591f0933-c3e5-4d84-b7ae-5125f18f7110 0.059s
2025-02-21 08:51:02.043 63443 INFO tempest.lib.common.rest_client [req-1b9849d6-2726-429d-b785-817d7dc16817 req-1b9849d6-2726-429d-b785-817d7dc16817 ] Request (DeleteServersTestJSON:test_delete_server_while_in_attached_volume): 200 GET http://10.180.1.21/compute/v2.1/servers/5fae8f14-70bd-496e-b311-8555e6eb8dd6 0.058s
2025-02-21 08:51:02.062 63429 INFO tempest.lib.common.rest_client [req-703caee4-fcb2-436a-9711-339c46ada79b req-703caee4-fcb2-436a-9711-339c46ada79b ] Request (ServerExternalEventsTest:tearDownClass): 200 GET http://10.180.1.21/compute/v2.1/servers/197ae546-2199-49d6-b4cc-a295e4353a1f 0.067s
2025-02-21 08:51:02.094 63415 INFO tempest.lib.common.rest_client [req-6ee5e34a-0cb5-4c91-8a38-4c364b738376 req-6ee5e34a-0cb5-4c91-8a38-4c364b738376 ] Request (ServerRescueTestJSONUnderV235:tearDownClass): 204 DELETE http://10.180.1.21:9696/networking/v2.0/security-groups/cbd9b9f1-14cc-4037-b771-30d99eef07a5 0.132s
2025-02-21 08:51:02.110 63405 INFO tempest.lib.common.rest_client [req-cf9556f9-25d3-4c83-873d-03068bd64558 req-cf9556f9-25d3-4c83-873d-03068bd64558 ] Request (ServersTestMultiNic:test_verify_multiple_nics_order): 200 GET http://10.180.1.21/compute/v2.1/servers/5c6d73d6-f07f-4581-824f-2b13701c8f88 0.064s
2025-02-21 08:51:02.206 63411 INFO tempest.lib.common.rest_client [req-1a0c5367-64a4-4236-930d-c1a2abb691a7 req-1a0c5367-64a4-4236-930d-c1a2abb691a7 ] Request (ServerMetadataTestJSON:tearDownClass): 200 GET http://10.180.1.21/compute/v2.1/servers/350dd628-4842-4a8b-9a72-9161a2c86605 0.080s
2025-02-21 08:51:02.222 63415 INFO tempest.lib.common.rest_client [req-4e343618-792b-4580-9722-34df70bf7500 req-4e343618-792b-4580-9722-34df70bf7500 ] Request (ServerRescueTestJSONUnderV235:tearDownClass): 204 DELETE http://10.180.1.21/identity/v3/projects/a2b09e786f2c41ef9b2d6da2fcd94221 0.127s
2025-02-21 08:51:02.224 63383 INFO tempest.lib.common.rest_client [req-058d41f9-ff6c-453e-8670-d9f7ad2bf561 req-058d41f9-ff6c-453e-8670-d9f7ad2bf561 ] Request (DeleteServersAdminTestJSON:test_delete_server_while_in_error_state): 200 GET http://10.180.1.21/compute/v2.1/servers/be7b959e-265e-41e1-b578-acb0ec182c71 0.083s
2025-02-21 08:51:02.270 63431 INFO tempest.lib.common.rest_client [req-01da6653-4448-4a74-8437-521ee55d21ef req-01da6653-4448-4a74-8437-521ee55d21ef ] Request (ImagesOneServerTestJSON:setUpClass): 200 GET http://10.180.1.21/compute/v2.1/servers/821a516b-af49-4b2c-b120-d08b237ccb7b 0.093s
2025-02-21 08:51:02.374 63393 INFO tempest.lib.common.rest_client [req-3dcd1be7-7eae-4bd6-9e69-4efad4cf2aa0 req-3dcd1be7-7eae-4bd6-9e69-4efad4cf2aa0 ] Request (ServersTestJSON:test_create_server_with_ipv6_addr_only): 200 GET http://10.180.1.21/compute/v2.1/servers/62d329f2-b211-4c32-9cbd-5b4d68e825b8 0.074s
2025-02-21 08:51:02.392 63413 INFO tempest.lib.common.rest_client [req-7f3ba303-06aa-4582-83d2-67a3e439c32c req-7f3ba303-06aa-4582-83d2-67a3e439c32c ] Request (ServerDiagnosticsTest:tearDownClass): 200 GET http://10.180.1.21/compute/v2.1/servers/3dd36d4d-cbaa-4203-a1df-c7e8670682ff 0.078s
2025-02-21 08:51:02.419 63389 INFO tempest.lib.common.rest_client [req-ac060772-0622-43d6-850d-31745eef1338 req-ac060772-0622-43d6-850d-31745eef1338 ] Request (ServerMetadataNegativeTestJSON:tearDownClass): 404 GET http://10.180.1.21/compute/v2.1/servers/66a33204-a15e-4e4c-bc3e-b0fb625268b9 0.023s
2025-02-21 08:51:02.475 63381 INFO tempest.lib.common.rest_client [req-de89df48-300a-4b24-89b0-6cfc2072e611 req-de89df48-300a-4b24-89b0-6cfc2072e611 ] Request (ServerShowV247Test:tearDownClass): 200 GET http://10.180.1.21/compute/v2.1/servers/46864447-5fdc-4e7e-ad3d-63c9d7c15afc 0.074s
2025-02-21 08:51:02.553 63423 INFO tempest.lib.common.rest_client [req-787590af-8200-4623-a812-f0cdf91430fe req-787590af-8200-4623-a812-f0cdf91430fe ] Request (ServerShowV254Test:test_rebuild_server): 200 GET http://10.180.1.21/compute/v2.1/servers/1e36432b-3ebc-4417-b914-5feb9fbd040d 0.062s
2025-02-21 08:51:02.570 63401 INFO tempest.lib.common.rest_client [req-2d6d0688-e371-443e-9447-1a843b872a71 req-2d6d0688-e371-443e-9447-1a843b872a71 ] Request (ServersAdminNegativeTestJSON:tearDownClass): 200 GET http://10.180.1.21/compute/v2.1/servers/27309833-bf08-4d8d-a71e-fd2ae2d46b35 0.067s
2025-02-21 08:51:02.615 63407 INFO tempest.lib.common.rest_client [req-c58f5f41-0714-4009-81d1-1337c9af5a4f req-c58f5f41-0714-4009-81d1-1337c9af5a4f ] Request (ListImageFiltersTestJSON:setUpClass): 200 GET http://10.180.1.21/compute/v2.1/servers/57c6d90c-2e72-489b-bffc-10c040dbc6aa 0.073s
2025-02-21 08:51:02.680 63421 INFO tempest.lib.common.rest_client [req-ad396349-d557-481d-85e3-1c9937281c37 req-ad396349-d557-481d-85e3-1c9937281c37 ] Request (TenantUsagesTestJSON:setUpClass): 200 GET http://10.180.1.21/compute/v2.1/servers/ffdded3a-f493-42b9-a5bf-f1f71c6fa699 0.066s
2025-02-21 08:51:02.746 63438 INFO tempest.lib.common.rest_client [req-5f1c9e6b-fd7c-4dbf-b6a0-ac7fcbab8bc8 req-5f1c9e6b-fd7c-4dbf-b6a0-ac7fcbab8bc8 ] Request (AttachInterfacesUnderV243Test:test_add_remove_fixed_ip): 200 GET http://10.180.1.21/compute/v2.1/servers/398e516b-9906-4e3f-b74d-b090a0437662 0.058s
2025-02-21 08:51:02.867 63433 INFO tempest.lib.common.rest_client [req-bfe0e43b-9ca2-429a-b511-d4e0bfb110aa req-bfe0e43b-9ca2-429a-b511-d4e0bfb110aa ] Request (ServerActionsV293TestJSON:setUpClass): 200 GET http://10.180.1.21/compute/v2.1/servers/51b3dd53-5669-4967-8b80-6b9b89d997cb 0.056s
2025-02-21 08:51:02.926 63385 INFO tempest.lib.common.rest_client [req-0fde2ac5-0b22-4efa-989d-748a05bbf977 req-0fde2ac5-0b22-4efa-989d-748a05bbf977 ] Request (ImagesTestJSON:test_create_image_from_suspended_server): 200 GET http://10.180.1.21/compute/v2.1/servers/dcfd1818-668f-4ec5-b182-9ba8fd8d0c26 0.061s
2025-02-21 08:51:02.980 63417 INFO tempest.lib.common.rest_client [req-06026574-2c2a-4e28-a60f-0aec7fcda152 req-06026574-2c2a-4e28-a60f-0aec7fcda152 ] Request (MigrationsAdminTest:test_resize_server_revert_deleted_flavor): 200 GET http://10.180.1.21/compute/v2.1/servers/878bfa51-a829-4537-a841-31273a0b09cc 0.069s
2025-02-21 08:51:03.037 63387 INFO tempest.lib.common.rest_client [req-d2412cf8-a6f2-419c-a637-d111483d670d req-d2412cf8-a6f2-419c-a637-d111483d670d ] Request (MultipleCreateTestJSON:test_multiple_create): 200 GET http://10.180.1.21/compute/v2.1/servers/1b4ce059-48cf-4e2c-9717-8435265be136 0.082s
2025-02-21 08:51:03.063 63399 INFO tempest.lib.common.rest_client [req-e05d9f47-a632-48e7-9841-4fc6c512a883 req-e05d9f47-a632-48e7-9841-4fc6c512a883 ] Request (InstanceActionsNegativeTestJSON:setUpClass): 200 GET http://10.180.1.21/compute/v2.1/servers/79a8096d-00eb-4e1c-810f-cc9f65eb6110 0.195s
2025-02-21 08:51:03.094 63427 INFO tempest.lib.common.rest_client [req-a2af7ca2-3f10-48bd-bdda-b6fb8b666cd0 req-a2af7ca2-3f10-48bd-bdda-b6fb8b666cd0 ] Request (ListServerFiltersTestJSON:setUpClass): 200 GET http://10.180.1.21/compute/v2.1/servers/591f0933-c3e5-4d84-b7ae-5125f18f7110 0.094s
2025-02-21 08:51:03.101 63427 INFO tempest.common.waiters [-] State transition "BUILD/scheduling" ==> "BUILD/None" after 40 second wait
2025-02-21 08:51:03.127 63443 INFO tempest.lib.common.rest_client [req-ea0f4906-5429-487e-8743-cac9b8e301e4 req-ea0f4906-5429-487e-8743-cac9b8e301e4 ] Request (DeleteServersTestJSON:test_delete_server_while_in_attached_volume): 200 GET http://10.180.1.21/compute/v2.1/servers/5fae8f14-70bd-496e-b311-8555e6eb8dd6 0.076s
2025-02-21 08:51:03.148 63429 INFO tempest.lib.common.rest_client [req-74a72ca8-55ba-46ba-a2cf-f818164e84aa req-74a72ca8-55ba-46ba-a2cf-f818164e84aa ] Request (ServerExternalEventsTest:tearDownClass): 200 GET http://10.180.1.21/compute/v2.1/servers/197ae546-2199-49d6-b4cc-a295e4353a1f 0.078s
2025-02-21 08:51:03.185 63405 INFO tempest.lib.common.rest_client [req-6eba7362-bd51-44f0-9b59-34c21e92d4c6 req-6eba7362-bd51-44f0-9b59-34c21e92d4c6 ] Request (ServersTestMultiNic:test_verify_multiple_nics_order): 200 GET http://10.180.1.21/compute/v2.1/servers/5c6d73d6-f07f-4581-824f-2b13701c8f88 0.060s
2025-02-21 08:51:03.247 63389 INFO tempest.lib.common.rest_client [req-7a6d629c-9f13-4e1f-9f8a-c36872ade8eb req-7a6d629c-9f13-4e1f-9f8a-c36872ade8eb ] Request (ServerMetadataNegativeTestJSON:tearDownClass): 200 PUT http://10.180.1.21:9696/networking/v2.0/routers/5c952741-3a56-459b-9d4c-c0d28ce09e7a/remove_router_interface 0.827s
2025-02-21 08:51:03.302 63411 INFO tempest.lib.common.rest_client [req-e7eda8a1-a109-460b-bbe1-eacf533a0c25 req-e7eda8a1-a109-460b-bbe1-eacf533a0c25 ] Request (ServerMetadataTestJSON:tearDownClass): 200 GET http://10.180.1.21/compute/v2.1/servers/350dd628-4842-4a8b-9a72-9161a2c86605 0.080s
2025-02-21 08:51:03.310 63383 INFO tempest.lib.common.rest_client [req-d128a68b-3060-48bd-b8db-b27e2d8329bc req-d128a68b-3060-48bd-b8db-b27e2d8329bc ] Request (DeleteServersAdminTestJSON:test_delete_server_while_in_error_state): 200 GET http://10.180.1.21/compute/v2.1/servers/be7b959e-265e-41e1-b578-acb0ec182c71 0.077s
2025-02-21 08:51:03.358 63431 INFO tempest.lib.common.rest_client [req-c6563da9-3b77-4197-9a61-c504b7ef2593 req-c6563da9-3b77-4197-9a61-c504b7ef2593 ] Request (ImagesOneServerTestJSON:setUpClass): 200 GET http://10.180.1.21/compute/v2.1/servers/821a516b-af49-4b2c-b120-d08b237ccb7b 0.079s
2025-02-21 08:51:03.449 63393 INFO tempest.lib.common.rest_client [req-e82a33a8-5370-44db-9907-8096b39cbbde req-e82a33a8-5370-44db-9907-8096b39cbbde ] Request (ServersTestJSON:test_create_server_with_ipv6_addr_only): 200 GET http://10.180.1.21/compute/v2.1/servers/62d329f2-b211-4c32-9cbd-5b4d68e825b8 0.067s
2025-02-21 08:51:03.468 63413 INFO tempest.lib.common.rest_client [req-315fa962-b4ab-491b-a6a2-cbc3ce55157d req-315fa962-b4ab-491b-a6a2-cbc3ce55157d ] Request (ServerDiagnosticsTest:tearDownClass): 200 GET http://10.180.1.21/compute/v2.1/servers/3dd36d4d-cbaa-4203-a1df-c7e8670682ff 0.068s
2025-02-21 08:51:03.561 63381 INFO tempest.lib.common.rest_client [req-5a0dbf1d-d45c-429e-b6ac-500562149ebf req-5a0dbf1d-d45c-429e-b6ac-500562149ebf ] Request (ServerShowV247Test:tearDownClass): 200 GET http://10.180.1.21/compute/v2.1/servers/46864447-5fdc-4e7e-ad3d-63c9d7c15afc 0.076s
2025-02-21 08:51:03.595 63389 INFO tempest.lib.common.rest_client [req-4a8e62ca-c648-4068-bad0-03c04aa18d41 req-4a8e62ca-c648-4068-bad0-03c04aa18d41 ] Request (ServerMetadataNegativeTestJSON:tearDownClass): 204 DELETE http://10.180.1.21:9696/networking/v2.0/routers/5c952741-3a56-459b-9d4c-c0d28ce09e7a 0.348s
2025-02-21 08:51:03.624 63423 INFO tempest.lib.common.rest_client [req-f2afc16b-65e6-466c-b781-81699d345358 req-f2afc16b-65e6-466c-b781-81699d345358 ] Request (ServerShowV254Test:test_rebuild_server): 200 GET http://10.180.1.21/compute/v2.1/servers/1e36432b-3ebc-4417-b914-5feb9fbd040d 0.058s
2025-02-21 08:51:03.637 63401 INFO tempest.lib.common.rest_client [req-25b5b05a-07fe-40b2-a280-d49a42866709 req-25b5b05a-07fe-40b2-a280-d49a42866709 ] Request (ServersAdminNegativeTestJSON:tearDownClass): 200 GET http://10.180.1.21/compute/v2.1/servers/27309833-bf08-4d8d-a71e-fd2ae2d46b35 0.059s
2025-02-21 08:51:03.671 63407 INFO tempest.lib.common.rest_client [req-7c61b692-e443-4aed-8f58-6f3d3ebed2f3 req-7c61b692-e443-4aed-8f58-6f3d3ebed2f3 ] Request (ListImageFiltersTestJSON:setUpClass): 200 GET http://10.180.1.21/compute/v2.1/servers/57c6d90c-2e72-489b-bffc-10c040dbc6aa 0.048s
2025-02-21 08:51:03.698 63389 INFO tempest.lib.common.rest_client [req-fd3d838d-3c24-4212-a7ed-a4555e7764e6 req-fd3d838d-3c24-4212-a7ed-a4555e7764e6 ] Request (ServerMetadataNegativeTestJSON:tearDownClass): 204 DELETE http://10.180.1.21:9696/networking/v2.0/subnets/ffdff953-9568-47fe-8624-a094ed6785d9 0.102s
2025-02-21 08:51:03.737 63421 INFO tempest.lib.common.rest_client [req-cc9ae93a-0d13-4904-9334-d6e04686a996 req-cc9ae93a-0d13-4904-9334-d6e04686a996 ] Request (TenantUsagesTestJSON:setUpClass): 200 GET http://10.180.1.21/compute/v2.1/servers/ffdded3a-f493-42b9-a5bf-f1f71c6fa699 0.050s
2025-02-21 08:51:03.815 63438 INFO tempest.lib.common.rest_client [req-42f6f555-88b7-4827-85ea-734b1332402b req-42f6f555-88b7-4827-85ea-734b1332402b ] Request (AttachInterfacesUnderV243Test:test_add_remove_fixed_ip): 200 GET http://10.180.1.21/compute/v2.1/servers/398e516b-9906-4e3f-b74d-b090a0437662 0.056s
2025-02-21 08:51:03.903 63389 INFO tempest.lib.common.rest_client [req-5ce96f11-16db-495f-a4e9-0c3bf6d79fca req-5ce96f11-16db-495f-a4e9-0c3bf6d79fca ] Request (ServerMetadataNegativeTestJSON:tearDownClass): 204 DELETE http://10.180.1.21:9696/networking/v2.0/networks/cd0b5ce8-376c-48c0-a932-e7c64fcbcc70 0.205s
2025-02-21 08:51:03.936 63433 INFO tempest.lib.common.rest_client [req-7b069104-9f11-4b07-baee-a6ae74fbf38f req-7b069104-9f11-4b07-baee-a6ae74fbf38f ] Request (ServerActionsV293TestJSON:setUpClass): 200 GET http://10.180.1.21/compute/v2.1/servers/51b3dd53-5669-4967-8b80-6b9b89d997cb 0.058s
2025-02-21 08:51:03.982 63385 INFO tempest.lib.common.rest_client [req-19207989-2c47-4382-9f0d-c2d45cb49c15 req-19207989-2c47-4382-9f0d-c2d45cb49c15 ] Request (ImagesTestJSON:test_create_image_from_suspended_server): 200 GET http://10.180.1.21/compute/v2.1/servers/dcfd1818-668f-4ec5-b182-9ba8fd8d0c26 0.046s
2025-02-21 08:51:04.001 63389 INFO tempest.lib.common.rest_client [req-a049fed9-64e8-4be4-a826-e654389d524a req-a049fed9-64e8-4be4-a826-e654389d524a ] Request (ServerMetadataNegativeTestJSON:tearDownClass): 204 DELETE http://10.180.1.21/identity/v3/users/8b69d5984dcd402f81ab1b93b57caebe 0.097s
2025-02-21 08:51:04.001 63389 INFO tempest.lib.common.dynamic_creds [-] Deleting project and security group for project: c1a45fcb8f764bb6a9330a786ee2c061
2025-02-21 08:51:04.031 63389 INFO tempest.lib.common.rest_client [req-12986032-fdcd-451f-9c62-7fb1aaa16d01 req-12986032-fdcd-451f-9c62-7fb1aaa16d01 ] Request (ServerMetadataNegativeTestJSON:tearDownClass): 200 GET http://10.180.1.21:9696/networking/v2.0/security-groups?tenant_id=c1a45fcb8f764bb6a9330a786ee2c061&name=default 0.030s
2025-02-21 08:51:04.040 63417 INFO tempest.lib.common.rest_client [req-007d8b35-c810-4d66-9bf3-ebbe10f59f8e req-007d8b35-c810-4d66-9bf3-ebbe10f59f8e ] Request (MigrationsAdminTest:test_resize_server_revert_deleted_flavor): 200 GET http://10.180.1.21/compute/v2.1/servers/878bfa51-a829-4537-a841-31273a0b09cc 0.052s
2025-02-21 08:51:04.096 63387 INFO tempest.lib.common.rest_client [req-281d2f0e-7ad3-4d90-a4ef-ec2b7f06393d req-281d2f0e-7ad3-4d90-a4ef-ec2b7f06393d ] Request (MultipleCreateTestJSON:test_multiple_create): 200 GET http://10.180.1.21/compute/v2.1/servers/1b4ce059-48cf-4e2c-9717-8435265be136 0.049s
2025-02-21 08:51:04.101 63389 INFO tempest.lib.common.rest_client [req-37bd5093-b6dc-468d-8e90-24f07429273a req-37bd5093-b6dc-468d-8e90-24f07429273a ] Request (ServerMetadataNegativeTestJSON:tearDownClass): 204 DELETE http://10.180.1.21:9696/networking/v2.0/security-groups/68c4f2d8-2c73-4e7d-904a-2595b8e3ad46 0.069s
2025-02-21 08:51:04.155 63427 INFO tempest.lib.common.rest_client [req-818139a1-fe15-4e1e-9890-e67a0ff2cac6 req-818139a1-fe15-4e1e-9890-e67a0ff2cac6 ] Request (ListServerFiltersTestJSON:setUpClass): 200 GET http://10.180.1.21/compute/v2.1/servers/591f0933-c3e5-4d84-b7ae-5125f18f7110 0.053s
2025-02-21 08:51:04.169 63399 INFO tempest.lib.common.rest_client [req-1bcd13b2-55be-4fe4-98fb-d9cb81d933fe req-1bcd13b2-55be-4fe4-98fb-d9cb81d933fe ] Request (InstanceActionsNegativeTestJSON:setUpClass): 200 GET http://10.180.1.21/compute/v2.1/servers/79a8096d-00eb-4e1c-810f-cc9f65eb6110 0.094s
2025-02-21 08:51:04.181 63389 INFO tempest.lib.common.rest_client [req-1096ab02-5419-407d-9bfd-4105a493738c req-1096ab02-5419-407d-9bfd-4105a493738c ] Request (ServerMetadataNegativeTestJSON:tearDownClass): 204 DELETE http://10.180.1.21/identity/v3/projects/c1a45fcb8f764bb6a9330a786ee2c061 0.079s
2025-02-21 08:51:04.207 63443 INFO tempest.lib.common.rest_client [req-c48d2220-5e4c-4346-aea9-71d81aa389f2 req-c48d2220-5e4c-4346-aea9-71d81aa389f2 ] Request (DeleteServersTestJSON:test_delete_server_while_in_attached_volume): 200 GET http://10.180.1.21/compute/v2.1/servers/5fae8f14-70bd-496e-b311-8555e6eb8dd6 0.072s
2025-02-21 08:51:04.218 63429 INFO tempest.lib.common.rest_client [req-40fb3169-fda3-4ee3-9f25-6165a82d74c2 req-40fb3169-fda3-4ee3-9f25-6165a82d74c2 ] Request (ServerExternalEventsTest:tearDownClass): 200 GET http://10.180.1.21/compute/v2.1/servers/197ae546-2199-49d6-b4cc-a295e4353a1f 0.062s
2025-02-21 08:51:04.254 63405 INFO tempest.lib.common.rest_client [req-b1cb7f34-3f5d-4487-88c6-c2732930d26c req-b1cb7f34-3f5d-4487-88c6-c2732930d26c ] Request (ServersTestMultiNic:test_verify_multiple_nics_order): 200 GET http://10.180.1.21/compute/v2.1/servers/5c6d73d6-f07f-4581-824f-2b13701c8f88 0.062s
2025-02-21 08:51:04.380 63411 INFO tempest.lib.common.rest_client [req-48ac043a-0f1c-4480-9fdf-95568b7a9876 req-48ac043a-0f1c-4480-9fdf-95568b7a9876 ] Request (ServerMetadataTestJSON:tearDownClass): 200 GET http://10.180.1.21/compute/v2.1/servers/350dd628-4842-4a8b-9a72-9161a2c86605 0.070s
2025-02-21 08:51:04.384 63383 INFO tempest.lib.common.rest_client [req-be51d4b9-d08f-4c7a-98cf-1817d38d866c req-be51d4b9-d08f-4c7a-98cf-1817d38d866c ] Request (DeleteServersAdminTestJSON:test_delete_server_while_in_error_state): 200 GET http://10.180.1.21/compute/v2.1/servers/be7b959e-265e-41e1-b578-acb0ec182c71 0.066s
2025-02-21 08:51:04.429 63431 INFO tempest.lib.common.rest_client [req-4c8d59a3-9787-4c28-92b4-322daddff578 req-4c8d59a3-9787-4c28-92b4-322daddff578 ] Request (ImagesOneServerTestJSON:setUpClass): 200 GET http://10.180.1.21/compute/v2.1/servers/821a516b-af49-4b2c-b120-d08b237ccb7b 0.061s
2025-02-21 08:51:04.505 63393 INFO tempest.lib.common.rest_client [req-97ee0ab1-d2c2-4ecc-adcb-2e55cd6b9ee3 req-97ee0ab1-d2c2-4ecc-adcb-2e55cd6b9ee3 ] Request (ServersTestJSON:test_create_server_with_ipv6_addr_only): 200 GET http://10.180.1.21/compute/v2.1/servers/62d329f2-b211-4c32-9cbd-5b4d68e825b8 0.046s
2025-02-21 08:51:04.526 63413 INFO tempest.lib.common.rest_client [req-fae5d9c6-0e91-4522-8617-0c556004932b req-fae5d9c6-0e91-4522-8617-0c556004932b ] Request (ServerDiagnosticsTest:tearDownClass): 200 GET http://10.180.1.21/compute/v2.1/servers/3dd36d4d-cbaa-4203-a1df-c7e8670682ff 0.050s
2025-02-21 08:51:04.630 63381 INFO tempest.lib.common.rest_client [req-f53f553f-e542-4868-b745-db822b5d4113 req-f53f553f-e542-4868-b745-db822b5d4113 ] Request (ServerShowV247Test:tearDownClass): 200 GET http://10.180.1.21/compute/v2.1/servers/46864447-5fdc-4e7e-ad3d-63c9d7c15afc 0.059s
2025-02-21 08:51:04.689 63423 INFO tempest.lib.common.rest_client [req-932c461c-5677-44fc-8969-de3c6c3c3160 req-932c461c-5677-44fc-8969-de3c6c3c3160 ] Request (ServerShowV254Test:test_rebuild_server): 200 GET http://10.180.1.21/compute/v2.1/servers/1e36432b-3ebc-4417-b914-5feb9fbd040d 0.053s
2025-02-21 08:51:04.702 63401 INFO tempest.lib.common.rest_client [req-a2806777-b0cf-4545-b762-c9f4e26ae3f0 req-a2806777-b0cf-4545-b762-c9f4e26ae3f0 ] Request (ServersAdminNegativeTestJSON:tearDownClass): 200 GET http://10.180.1.21/compute/v2.1/servers/27309833-bf08-4d8d-a71e-fd2ae2d46b35 0.055s
2025-02-21 08:51:04.733 63407 INFO tempest.lib.common.rest_client [req-a3c9d42d-b465-4e0c-81b9-f4d910a47a56 req-a3c9d42d-b465-4e0c-81b9-f4d910a47a56 ] Request (ListImageFiltersTestJSON:setUpClass): 200 GET http://10.180.1.21/compute/v2.1/servers/57c6d90c-2e72-489b-bffc-10c040dbc6aa 0.054s
2025-02-21 08:51:04.790 63421 INFO tempest.lib.common.rest_client [req-1dbdd049-abaf-41e3-850c-bd4fdaf8f507 req-1dbdd049-abaf-41e3-850c-bd4fdaf8f507 ] Request (TenantUsagesTestJSON:setUpClass): 200 GET http://10.180.1.21/compute/v2.1/servers/ffdded3a-f493-42b9-a5bf-f1f71c6fa699 0.045s
2025-02-21 08:51:04.797 63421 INFO tempest.common.waiters [-] State transition "BUILD/None" ==> "BUILD/networking" after 51 second wait
2025-02-21 08:51:04.870 63438 INFO tempest.lib.common.rest_client [req-cd61c292-4267-4315-b6c6-88611a1a3692 req-cd61c292-4267-4315-b6c6-88611a1a3692 ] Request (AttachInterfacesUnderV243Test:test_add_remove_fixed_ip): 200 GET http://10.180.1.21/compute/v2.1/servers/398e516b-9906-4e3f-b74d-b090a0437662 0.046s
2025-02-21 08:51:04.997 63433 INFO tempest.lib.common.rest_client [req-f3108e2d-31da-4281-97f2-30d7232b6a51 req-f3108e2d-31da-4281-97f2-30d7232b6a51 ] Request (ServerActionsV293TestJSON:setUpClass): 200 GET http://10.180.1.21/compute/v2.1/servers/51b3dd53-5669-4967-8b80-6b9b89d997cb 0.050s
2025-02-21 08:51:05.038 63385 INFO tempest.lib.common.rest_client [req-8476d185-3ac8-4c85-a0e5-8ada5d5d3e4d req-8476d185-3ac8-4c85-a0e5-8ada5d5d3e4d ] Request (ImagesTestJSON:test_create_image_from_suspended_server): 200 GET http://10.180.1.21/compute/v2.1/servers/dcfd1818-668f-4ec5-b182-9ba8fd8d0c26 0.048s
2025-02-21 08:51:05.093 63417 INFO tempest.lib.common.rest_client [req-593ad483-01a0-40b7-bd85-c78bf3bf125d req-593ad483-01a0-40b7-bd85-c78bf3bf125d ] Request (MigrationsAdminTest:test_resize_server_revert_deleted_flavor): 200 GET http://10.180.1.21/compute/v2.1/servers/878bfa51-a829-4537-a841-31273a0b09cc 0.045s
2025-02-21 08:51:05.151 63387 INFO tempest.lib.common.rest_client [req-8d093bb5-9543-4adf-878f-b4cbf9bbb4e1 req-8d093bb5-9543-4adf-878f-b4cbf9bbb4e1 ] Request (MultipleCreateTestJSON:test_multiple_create): 200 GET http://10.180.1.21/compute/v2.1/servers/1b4ce059-48cf-4e2c-9717-8435265be136 0.046s
2025-02-21 08:51:05.226 63427 INFO tempest.lib.common.rest_client [req-ba2d94fa-9a6b-4604-a74b-6b44cde8ceaf req-ba2d94fa-9a6b-4604-a74b-6b44cde8ceaf ] Request (ListServerFiltersTestJSON:setUpClass): 200 GET http://10.180.1.21/compute/v2.1/servers/591f0933-c3e5-4d84-b7ae-5125f18f7110 0.063s
2025-02-21 08:51:05.282 63443 INFO tempest.lib.common.rest_client [req-9e35da27-f3c7-4f4f-9847-71b8c69eb954 req-9e35da27-f3c7-4f4f-9847-71b8c69eb954 ] Request (DeleteServersTestJSON:test_delete_server_while_in_attached_volume): 200 GET http://10.180.1.21/compute/v2.1/servers/5fae8f14-70bd-496e-b311-8555e6eb8dd6 0.067s
2025-02-21 08:51:05.292 63399 INFO tempest.lib.common.rest_client [req-604f4d22-8a57-4cad-8525-623ffd255707 req-604f4d22-8a57-4cad-8525-623ffd255707 ] Request (InstanceActionsNegativeTestJSON:setUpClass): 200 GET http://10.180.1.21/compute/v2.1/servers/79a8096d-00eb-4e1c-810f-cc9f65eb6110 0.115s
2025-02-21 08:51:05.304 63399 INFO tempest.common.waiters [-] State transition "BUILD/spawning" ==> "ACTIVE/None" after 53 second wait
2025-02-21 08:51:05.344 63405 INFO tempest.lib.common.rest_client [req-fde68187-201d-4a8b-a32b-adb84d16c483 req-fde68187-201d-4a8b-a32b-adb84d16c483 ] Request (ServersTestMultiNic:test_verify_multiple_nics_order): 200 GET http://10.180.1.21/compute/v2.1/servers/5c6d73d6-f07f-4581-824f-2b13701c8f88 0.077s
2025-02-21 08:51:05.357 63429 INFO tempest.lib.common.rest_client [req-9376ffd2-d1ca-4559-93e0-053a5572ee06 req-9376ffd2-d1ca-4559-93e0-053a5572ee06 ] Request (ServerExternalEventsTest:tearDownClass): 200 GET http://10.180.1.21/compute/v2.1/servers/197ae546-2199-49d6-b4cc-a295e4353a1f 0.132s
2025-02-21 08:51:05.369 63399 INFO tempest.lib.common.rest_client [req-a68af7ba-5a2a-4528-b975-e62f06e601fd req-a68af7ba-5a2a-4528-b975-e62f06e601fd ] Request (InstanceActionsNegativeTestJSON:test_get_instance_action_invalid_request): 404 GET http://10.180.1.21/compute/v2.1/servers/79a8096d-00eb-4e1c-810f-cc9f65eb6110/os-instance-actions/999 0.063s
2025-02-21 08:51:05.383 63399 INFO tempest.lib.common.rest_client [req-7d8df901-dc8c-44fe-9d81-d7b5cf36fefb req-7d8df901-dc8c-44fe-9d81-d7b5cf36fefb ] Request (InstanceActionsNegativeTestJSON:test_list_instance_actions_non_existent_server): 404 GET http://10.180.1.21/compute/v2.1/servers/c6302864-6322-4779-a3e4-5d13fb93870e/os-instance-actions 0.012s
2025-02-21 08:51:05.457 63399 INFO tempest.lib.common.rest_client [req-9262e19b-5541-4ed4-9fee-afa577b5ab26 req-9262e19b-5541-4ed4-9fee-afa577b5ab26 ] Request (InstanceActionsNegativeTestJSON:tearDownClass): 204 DELETE http://10.180.1.21/compute/v2.1/servers/79a8096d-00eb-4e1c-810f-cc9f65eb6110 0.072s
2025-02-21 08:51:05.462 63411 INFO tempest.lib.common.rest_client [req-f382364f-ca44-4d5b-8caa-f00e554f64de req-f382364f-ca44-4d5b-8caa-f00e554f64de ] Request (ServerMetadataTestJSON:tearDownClass): 200 GET http://10.180.1.21/compute/v2.1/servers/350dd628-4842-4a8b-9a72-9161a2c86605 0.074s
2025-02-21 08:51:05.512 63383 INFO tempest.lib.common.rest_client [req-1bc6fd74-5b6a-4f52-88bd-e08f6aecd75d req-1bc6fd74-5b6a-4f52-88bd-e08f6aecd75d ] Request (DeleteServersAdminTestJSON:test_delete_server_while_in_error_state): 200 GET http://10.180.1.21/compute/v2.1/servers/be7b959e-265e-41e1-b578-acb0ec182c71 0.118s
2025-02-21 08:51:05.522 63431 INFO tempest.lib.common.rest_client [req-7dae7e2d-dd1c-42f3-ac5e-2852216d04c4 req-7dae7e2d-dd1c-42f3-ac5e-2852216d04c4 ] Request (ImagesOneServerTestJSON:setUpClass): 200 GET http://10.180.1.21/compute/v2.1/servers/821a516b-af49-4b2c-b120-d08b237ccb7b 0.085s
2025-02-21 08:51:05.573 63393 INFO tempest.lib.common.rest_client [req-c661de96-9207-4ca6-a46a-f7940939d80f req-c661de96-9207-4ca6-a46a-f7940939d80f ] Request (ServersTestJSON:test_create_server_with_ipv6_addr_only): 200 GET http://10.180.1.21/compute/v2.1/servers/62d329f2-b211-4c32-9cbd-5b4d68e825b8 0.061s
2025-02-21 08:51:05.609 63399 INFO tempest.lib.common.rest_client [req-ffed62e3-8f43-404a-a9f9-59092f408c0d req-ffed62e3-8f43-404a-a9f9-59092f408c0d ] Request (InstanceActionsNegativeTestJSON:tearDownClass): 200 GET http://10.180.1.21/compute/v2.1/servers/79a8096d-00eb-4e1c-810f-cc9f65eb6110 0.151s
2025-02-21 08:51:05.623 63413 INFO tempest.lib.common.rest_client [req-f10f4007-f9ac-4646-ad59-4e041744ca83 req-f10f4007-f9ac-4646-ad59-4e041744ca83 ] Request (ServerDiagnosticsTest:tearDownClass): 200 GET http://10.180.1.21/compute/v2.1/servers/3dd36d4d-cbaa-4203-a1df-c7e8670682ff 0.088s
2025-02-21 08:51:05.700 63381 INFO tempest.lib.common.rest_client [req-9919611b-b1ac-4984-a174-4fe672272776 req-9919611b-b1ac-4984-a174-4fe672272776 ] Request (ServerShowV247Test:tearDownClass): 200 GET http://10.180.1.21/compute/v2.1/servers/46864447-5fdc-4e7e-ad3d-63c9d7c15afc 0.058s
2025-02-21 08:51:05.710 63409 WARNING tempest.lib.common.ssh [-] Failed to establish authenticated ssh connection to cirros@10.180.180.153 ([Errno None] Unable to connect to port 22 on 10.180.180.153). Number attempts: 1. Retry after 2 seconds.: paramiko.ssh_exception.NoValidConnectionsError: [Errno None] Unable to connect to port 22 on 10.180.180.153
2025-02-21 08:51:05.753 63423 INFO tempest.lib.common.rest_client [req-7e8e2cca-d7b4-46c9-bf9d-d84632ea459d req-7e8e2cca-d7b4-46c9-bf9d-d84632ea459d ] Request (ServerShowV254Test:test_rebuild_server): 200 GET http://10.180.1.21/compute/v2.1/servers/1e36432b-3ebc-4417-b914-5feb9fbd040d 0.054s
2025-02-21 08:51:05.763 63401 INFO tempest.lib.common.rest_client [req-661ab2dc-3382-4a3a-b19a-d30524d1b683 req-661ab2dc-3382-4a3a-b19a-d30524d1b683 ] Request (ServersAdminNegativeTestJSON:tearDownClass): 200 GET http://10.180.1.21/compute/v2.1/servers/27309833-bf08-4d8d-a71e-fd2ae2d46b35 0.054s
2025-02-21 08:51:05.793 63407 INFO tempest.lib.common.rest_client [req-c10e0ede-9be8-4329-9f25-0322079d6318 req-c10e0ede-9be8-4329-9f25-0322079d6318 ] Request (ListImageFiltersTestJSON:setUpClass): 200 GET http://10.180.1.21/compute/v2.1/servers/57c6d90c-2e72-489b-bffc-10c040dbc6aa 0.053s
2025-02-21 08:51:05.903 63421 INFO tempest.lib.common.rest_client [req-904bc555-318b-4818-a38f-e2234b9f6696 req-904bc555-318b-4818-a38f-e2234b9f6696 ] Request (TenantUsagesTestJSON:setUpClass): 200 GET http://10.180.1.21/compute/v2.1/servers/ffdded3a-f493-42b9-a5bf-f1f71c6fa699 0.104s
2025-02-21 08:51:05.909 63421 INFO tempest.common.waiters [-] State transition "BUILD/networking" ==> "BUILD/block_device_mapping" after 52 second wait
2025-02-21 08:51:05.921 63438 INFO tempest.lib.common.rest_client [req-a7a1c4a8-dc07-4601-a5cc-fb7c30aefaf4 req-a7a1c4a8-dc07-4601-a5cc-fb7c30aefaf4 ] Request (AttachInterfacesUnderV243Test:test_add_remove_fixed_ip): 200 GET http://10.180.1.21/compute/v2.1/servers/398e516b-9906-4e3f-b74d-b090a0437662 0.044s
2025-02-21 08:51:06.059 63433 INFO tempest.lib.common.rest_client [req-0ec2ddd5-0ab7-4171-8eed-c141fc4b7ce1 req-0ec2ddd5-0ab7-4171-8eed-c141fc4b7ce1 ] Request (ServerActionsV293TestJSON:setUpClass): 200 GET http://10.180.1.21/compute/v2.1/servers/51b3dd53-5669-4967-8b80-6b9b89d997cb 0.052s
2025-02-21 08:51:06.090 63385 INFO tempest.lib.common.rest_client [req-7e32302a-7b34-4251-bace-ecb5dff85275 req-7e32302a-7b34-4251-bace-ecb5dff85275 ] Request (ImagesTestJSON:test_create_image_from_suspended_server): 200 GET http://10.180.1.21/compute/v2.1/servers/dcfd1818-668f-4ec5-b182-9ba8fd8d0c26 0.044s
2025-02-21 08:51:06.145 63417 INFO tempest.lib.common.rest_client [req-773138a6-96f8-4b4e-bd93-a2f6498d0b1f req-773138a6-96f8-4b4e-bd93-a2f6498d0b1f ] Request (MigrationsAdminTest:test_resize_server_revert_deleted_flavor): 200 GET http://10.180.1.21/compute/v2.1/servers/878bfa51-a829-4537-a841-31273a0b09cc 0.045s
2025-02-21 08:51:06.419 63387 INFO tempest.lib.common.rest_client [req-1fe5caba-04dc-4ec3-99c5-76aad3851601 req-1fe5caba-04dc-4ec3-99c5-76aad3851601 ] Request (MultipleCreateTestJSON:test_multiple_create): 200 GET http://10.180.1.21/compute/v2.1/servers/1b4ce059-48cf-4e2c-9717-8435265be136 0.259s
2025-02-21 08:51:06.429 63427 INFO tempest.lib.common.rest_client [req-b59318df-4e76-4bfc-9a42-fb2d0c437320 req-b59318df-4e76-4bfc-9a42-fb2d0c437320 ] Request (ListServerFiltersTestJSON:setUpClass): 200 GET http://10.180.1.21/compute/v2.1/servers/591f0933-c3e5-4d84-b7ae-5125f18f7110 0.190s
2025-02-21 08:51:06.472 63443 INFO tempest.lib.common.rest_client [req-132d348d-11fb-42db-a51e-a918660a81ce req-132d348d-11fb-42db-a51e-a918660a81ce ] Request (DeleteServersTestJSON:test_delete_server_while_in_attached_volume): 200 GET http://10.180.1.21/compute/v2.1/servers/5fae8f14-70bd-496e-b311-8555e6eb8dd6 0.182s
2025-02-21 08:51:06.478 63405 INFO tempest.lib.common.rest_client [req-681211b7-a43b-43cc-bdc4-94eee80e5bdc req-681211b7-a43b-43cc-bdc4-94eee80e5bdc ] Request (ServersTestMultiNic:test_verify_multiple_nics_order): 200 GET http://10.180.1.21/compute/v2.1/servers/5c6d73d6-f07f-4581-824f-2b13701c8f88 0.127s
2025-02-21 08:51:06.543 63429 INFO tempest.lib.common.rest_client [req-fac76f5c-b3cd-4983-9a36-cebb4e53812c req-fac76f5c-b3cd-4983-9a36-cebb4e53812c ] Request (ServerExternalEventsTest:tearDownClass): 200 GET http://10.180.1.21/compute/v2.1/servers/197ae546-2199-49d6-b4cc-a295e4353a1f 0.179s
2025-02-21 08:51:06.545 63411 INFO tempest.lib.common.rest_client [req-23352baa-7d08-4a10-95d2-f7f1bfbb0935 req-23352baa-7d08-4a10-95d2-f7f1bfbb0935 ] Request (ServerMetadataTestJSON:tearDownClass): 200 GET http://10.180.1.21/compute/v2.1/servers/350dd628-4842-4a8b-9a72-9161a2c86605 0.075s
2025-02-21 08:51:06.592 63431 INFO tempest.lib.common.rest_client [req-964ff7cf-a49a-46d4-8289-11892ae99b89 req-964ff7cf-a49a-46d4-8289-11892ae99b89 ] Request (ImagesOneServerTestJSON:setUpClass): 200 GET http://10.180.1.21/compute/v2.1/servers/821a516b-af49-4b2c-b120-d08b237ccb7b 0.061s
2025-02-21 08:51:06.604 63383 INFO tempest.lib.common.rest_client [req-6bc04e25-fcfa-449d-b9ad-7c057797aa7e req-6bc04e25-fcfa-449d-b9ad-7c057797aa7e ] Request (DeleteServersAdminTestJSON:test_delete_server_while_in_error_state): 200 GET http://10.180.1.21/compute/v2.1/servers/be7b959e-265e-41e1-b578-acb0ec182c71 0.084s
2025-02-21 08:51:06.639 63393 INFO tempest.lib.common.rest_client [req-701c1e28-5275-40c7-9a69-37562598f867 req-701c1e28-5275-40c7-9a69-37562598f867 ] Request (ServersTestJSON:test_create_server_with_ipv6_addr_only): 200 GET http://10.180.1.21/compute/v2.1/servers/62d329f2-b211-4c32-9cbd-5b4d68e825b8 0.057s
2025-02-21 08:51:06.697 63413 INFO tempest.lib.common.rest_client [req-c7b635c6-4ffa-4b67-aac7-47c82e4b4472 req-c7b635c6-4ffa-4b67-aac7-47c82e4b4472 ] Request (ServerDiagnosticsTest:tearDownClass): 200 GET http://10.180.1.21/compute/v2.1/servers/3dd36d4d-cbaa-4203-a1df-c7e8670682ff 0.066s
2025-02-21 08:51:06.719 63399 INFO tempest.lib.common.rest_client [req-4da53be2-8541-40b6-b065-ca11b81fb080 req-4da53be2-8541-40b6-b065-ca11b81fb080 ] Request (InstanceActionsNegativeTestJSON:tearDownClass): 200 GET http://10.180.1.21/compute/v2.1/servers/79a8096d-00eb-4e1c-810f-cc9f65eb6110 0.102s
2025-02-21 08:51:06.735 63441 WARNING tempest.lib.common.ssh [-] Failed to establish authenticated ssh connection to cirros@10.180.180.160 ([Errno None] Unable to connect to port 22 on 10.180.180.160). Number attempts: 10. Retry after 11 seconds.: paramiko.ssh_exception.NoValidConnectionsError: [Errno None] Unable to connect to port 22 on 10.180.180.160
2025-02-21 08:51:06.769 63381 INFO tempest.lib.common.rest_client [req-e0a07f12-8d8b-4c20-8478-4ad3be9ad626 req-e0a07f12-8d8b-4c20-8478-4ad3be9ad626 ] Request (ServerShowV247Test:tearDownClass): 200 GET http://10.180.1.21/compute/v2.1/servers/46864447-5fdc-4e7e-ad3d-63c9d7c15afc 0.059s
2025-02-21 08:51:06.816 63423 INFO tempest.lib.common.rest_client [req-490b9f8b-dfb8-4a0e-a31d-361f5c440ba8 req-490b9f8b-dfb8-4a0e-a31d-361f5c440ba8 ] Request (ServerShowV254Test:test_rebuild_server): 200 GET http://10.180.1.21/compute/v2.1/servers/1e36432b-3ebc-4417-b914-5feb9fbd040d 0.054s
2025-02-21 08:51:06.828 63401 INFO tempest.lib.common.rest_client [req-f0711ecd-462a-4481-a77a-ca959d4d0cb2 req-f0711ecd-462a-4481-a77a-ca959d4d0cb2 ] Request (ServersAdminNegativeTestJSON:tearDownClass): 200 GET http://10.180.1.21/compute/v2.1/servers/27309833-bf08-4d8d-a71e-fd2ae2d46b35 0.055s
2025-02-21 08:51:06.859 63407 INFO tempest.lib.common.rest_client [req-03fb72f9-3c30-4918-b1bf-ef94f62c726d req-03fb72f9-3c30-4918-b1bf-ef94f62c726d ] Request (ListImageFiltersTestJSON:setUpClass): 200 GET http://10.180.1.21/compute/v2.1/servers/57c6d90c-2e72-489b-bffc-10c040dbc6aa 0.059s
2025-02-21 08:51:06.988 63438 INFO tempest.lib.common.rest_client [req-2ff6a74c-e038-4d71-b8b1-bfabfc18b37a req-2ff6a74c-e038-4d71-b8b1-bfabfc18b37a ] Request (AttachInterfacesUnderV243Test:test_add_remove_fixed_ip): 200 GET http://10.180.1.21/compute/v2.1/servers/398e516b-9906-4e3f-b74d-b090a0437662 0.060s
2025-02-21 08:51:06.995 63438 INFO tempest.common.waiters [-] State transition "BUILD/scheduling" ==> "BUILD/None" after 34 second wait
2025-02-21 08:51:07.000 63421 INFO tempest.lib.common.rest_client [req-c9affa9b-03c2-43c2-b33f-1627e9afb76c req-c9affa9b-03c2-43c2-b33f-1627e9afb76c ] Request (TenantUsagesTestJSON:setUpClass): 200 GET http://10.180.1.21/compute/v2.1/servers/ffdded3a-f493-42b9-a5bf-f1f71c6fa699 0.090s
2025-02-21 08:51:07.008 63421 INFO tempest.common.waiters [-] State transition "BUILD/block_device_mapping" ==> "BUILD/spawning" after 54 second wait
2025-02-21 08:51:07.127 63433 INFO tempest.lib.common.rest_client [req-9e4f2a9f-6d4a-44ef-8467-87a979934379 req-9e4f2a9f-6d4a-44ef-8467-87a979934379 ] Request (ServerActionsV293TestJSON:setUpClass): 200 GET http://10.180.1.21/compute/v2.1/servers/51b3dd53-5669-4967-8b80-6b9b89d997cb 0.058s
2025-02-21 08:51:07.136 63433 INFO tempest.common.waiters [-] State transition "BUILD/None" ==> "BUILD/networking" after 52 second wait
2025-02-21 08:51:07.146 63385 INFO tempest.lib.common.rest_client [req-5cafe3f0-6ba5-467d-a1f8-57f6232261e1 req-5cafe3f0-6ba5-467d-a1f8-57f6232261e1 ] Request (ImagesTestJSON:test_create_image_from_suspended_server): 200 GET http://10.180.1.21/compute/v2.1/servers/dcfd1818-668f-4ec5-b182-9ba8fd8d0c26 0.048s
2025-02-21 08:51:07.181 63391 WARNING tempest.lib.common.ssh [-] Failed to establish authenticated ssh connection to cirros@10.180.180.224 ([Errno None] Unable to connect to port 22 on 10.180.180.224). Number attempts: 7. Retry after 8 seconds.: paramiko.ssh_exception.NoValidConnectionsError: [Errno None] Unable to connect to port 22 on 10.180.180.224
2025-02-21 08:51:07.198 63417 INFO tempest.lib.common.rest_client [req-32398958-832c-4fa7-9598-194f6a42869a req-32398958-832c-4fa7-9598-194f6a42869a ] Request (MigrationsAdminTest:test_resize_server_revert_deleted_flavor): 200 GET http://10.180.1.21/compute/v2.1/servers/878bfa51-a829-4537-a841-31273a0b09cc 0.046s
2025-02-21 08:51:07.481 63387 INFO tempest.lib.common.rest_client [req-5ff0770a-f490-45b0-a826-541b6273248d req-5ff0770a-f490-45b0-a826-541b6273248d ] Request (MultipleCreateTestJSON:test_multiple_create): 200 GET http://10.180.1.21/compute/v2.1/servers/1b4ce059-48cf-4e2c-9717-8435265be136 0.053s
2025-02-21 08:51:07.488 63427 INFO tempest.lib.common.rest_client [req-99f45253-e70c-4281-a3b3-9f7c55a8b7d7 req-99f45253-e70c-4281-a3b3-9f7c55a8b7d7 ] Request (ListServerFiltersTestJSON:setUpClass): 200 GET http://10.180.1.21/compute/v2.1/servers/591f0933-c3e5-4d84-b7ae-5125f18f7110 0.049s
2025-02-21 08:51:07.531 63443 INFO tempest.lib.common.rest_client [req-e34d8e7a-fd1c-46d6-964c-22e341e19ea7 req-e34d8e7a-fd1c-46d6-964c-22e341e19ea7 ] Request (DeleteServersTestJSON:test_delete_server_while_in_attached_volume): 200 GET http://10.180.1.21/compute/v2.1/servers/5fae8f14-70bd-496e-b311-8555e6eb8dd6 0.051s
2025-02-21 08:51:07.537 63405 INFO tempest.lib.common.rest_client [req-039d7549-d27d-4741-9d5d-e8e867c6a132 req-039d7549-d27d-4741-9d5d-e8e867c6a132 ] Request (ServersTestMultiNic:test_verify_multiple_nics_order): 200 GET http://10.180.1.21/compute/v2.1/servers/5c6d73d6-f07f-4581-824f-2b13701c8f88 0.051s
2025-02-21 08:51:07.610 63411 INFO tempest.lib.common.rest_client [req-7688a861-e983-47f6-86d1-6bf404daf0eb req-7688a861-e983-47f6-86d1-6bf404daf0eb ] Request (ServerMetadataTestJSON:tearDownClass): 200 GET http://10.180.1.21/compute/v2.1/servers/350dd628-4842-4a8b-9a72-9161a2c86605 0.058s
2025-02-21 08:51:07.621 63429 INFO tempest.lib.common.rest_client [req-fdb60fd4-99d3-4695-bed3-c61c7e67cfa6 req-fdb60fd4-99d3-4695-bed3-c61c7e67cfa6 ] Request (ServerExternalEventsTest:tearDownClass): 200 GET http://10.180.1.21/compute/v2.1/servers/197ae546-2199-49d6-b4cc-a295e4353a1f 0.069s
2025-02-21 08:51:07.657 63431 INFO tempest.lib.common.rest_client [req-48a587ea-651c-4dc7-b1f1-a85899c2e4b7 req-48a587ea-651c-4dc7-b1f1-a85899c2e4b7 ] Request (ImagesOneServerTestJSON:setUpClass): 200 GET http://10.180.1.21/compute/v2.1/servers/821a516b-af49-4b2c-b120-d08b237ccb7b 0.058s
2025-02-21 08:51:07.678 63383 INFO tempest.lib.common.rest_client [req-7fd40e02-4408-447f-89aa-978524f1a3e6 req-7fd40e02-4408-447f-89aa-978524f1a3e6 ] Request (DeleteServersAdminTestJSON:test_delete_server_while_in_error_state): 200 GET http://10.180.1.21/compute/v2.1/servers/be7b959e-265e-41e1-b578-acb0ec182c71 0.066s
2025-02-21 08:51:07.702 63393 INFO tempest.lib.common.rest_client [req-c58110e1-b5c7-475e-bb1d-7f50f1597561 req-c58110e1-b5c7-475e-bb1d-7f50f1597561 ] Request (ServersTestJSON:test_create_server_with_ipv6_addr_only): 200 GET http://10.180.1.21/compute/v2.1/servers/62d329f2-b211-4c32-9cbd-5b4d68e825b8 0.055s
2025-02-21 08:51:07.787 63413 INFO tempest.lib.common.rest_client [req-896b4b8a-b7bb-4ae4-8685-7f52d03cef5e req-896b4b8a-b7bb-4ae4-8685-7f52d03cef5e ] Request (ServerDiagnosticsTest:tearDownClass): 200 GET http://10.180.1.21/compute/v2.1/servers/3dd36d4d-cbaa-4203-a1df-c7e8670682ff 0.078s
2025-02-21 08:51:07.870 63381 INFO tempest.lib.common.rest_client [req-b4f15d29-3fb0-4663-a708-2c64b07c5c68 req-b4f15d29-3fb0-4663-a708-2c64b07c5c68 ] Request (ServerShowV247Test:tearDownClass): 200 GET http://10.180.1.21/compute/v2.1/servers/46864447-5fdc-4e7e-ad3d-63c9d7c15afc 0.083s
2025-02-21 08:51:07.873 63399 INFO tempest.lib.common.rest_client [req-0804821d-4659-49c4-a0fa-35530fc08426 req-0804821d-4659-49c4-a0fa-35530fc08426 ] Request (InstanceActionsNegativeTestJSON:tearDownClass): 200 GET http://10.180.1.21/compute/v2.1/servers/79a8096d-00eb-4e1c-810f-cc9f65eb6110 0.145s
2025-02-21 08:51:07.927 63423 INFO tempest.lib.common.rest_client [req-927a8f80-471e-4c2b-980c-76e6aea3aeb1 req-927a8f80-471e-4c2b-980c-76e6aea3aeb1 ] Request (ServerShowV254Test:test_rebuild_server): 200 GET http://10.180.1.21/compute/v2.1/servers/1e36432b-3ebc-4417-b914-5feb9fbd040d 0.102s
2025-02-21 08:51:07.936 63401 INFO tempest.lib.common.rest_client [req-258fab8f-7751-478c-8d7a-d5c2b2e29117 req-258fab8f-7751-478c-8d7a-d5c2b2e29117 ] Request (ServersAdminNegativeTestJSON:tearDownClass): 200 GET http://10.180.1.21/compute/v2.1/servers/27309833-bf08-4d8d-a71e-fd2ae2d46b35 0.098s
2025-02-21 08:51:07.976 63407 INFO tempest.lib.common.rest_client [req-a19b19dd-18ba-4a51-8e15-9b7f035fd4a3 req-a19b19dd-18ba-4a51-8e15-9b7f035fd4a3 ] Request (ListImageFiltersTestJSON:setUpClass): 200 GET http://10.180.1.21/compute/v2.1/servers/57c6d90c-2e72-489b-bffc-10c040dbc6aa 0.108s
2025-02-21 08:51:08.054 63438 INFO tempest.lib.common.rest_client [req-9667a7ae-fc68-4f3b-a093-c16a59599d57 req-9667a7ae-fc68-4f3b-a093-c16a59599d57 ] Request (AttachInterfacesUnderV243Test:test_add_remove_fixed_ip): 200 GET http://10.180.1.21/compute/v2.1/servers/398e516b-9906-4e3f-b74d-b090a0437662 0.057s
2025-02-21 08:51:08.107 63421 INFO tempest.lib.common.rest_client [req-56fc10e4-79c2-45cd-b633-12926397ec3b req-56fc10e4-79c2-45cd-b633-12926397ec3b ] Request (TenantUsagesTestJSON:setUpClass): 200 GET http://10.180.1.21/compute/v2.1/servers/ffdded3a-f493-42b9-a5bf-f1f71c6fa699 0.098s
2025-02-21 08:51:08.215 63385 INFO tempest.lib.common.rest_client [req-68e8fc34-57eb-4d1c-adb3-96e4fe0f0821 req-68e8fc34-57eb-4d1c-adb3-96e4fe0f0821 ] Request (ImagesTestJSON:test_create_image_from_suspended_server): 200 GET http://10.180.1.21/compute/v2.1/servers/dcfd1818-668f-4ec5-b182-9ba8fd8d0c26 0.060s
2025-02-21 08:51:08.266 63417 INFO tempest.lib.common.rest_client [req-1c64c2e2-1dff-4070-ba74-44080971008e req-1c64c2e2-1dff-4070-ba74-44080971008e ] Request (MigrationsAdminTest:test_resize_server_revert_deleted_flavor): 200 GET http://10.180.1.21/compute/v2.1/servers/878bfa51-a829-4537-a841-31273a0b09cc 0.060s
2025-02-21 08:51:08.281 63433 INFO tempest.lib.common.rest_client [req-aa2c8a44-c0d8-4c6d-855a-674f14286e9b req-aa2c8a44-c0d8-4c6d-855a-674f14286e9b ] Request (ServerActionsV293TestJSON:setUpClass): 200 GET http://10.180.1.21/compute/v2.1/servers/51b3dd53-5669-4967-8b80-6b9b89d997cb 0.144s
2025-02-21 08:51:08.291 63433 INFO tempest.common.waiters [-] State transition "BUILD/networking" ==> "BUILD/block_device_mapping" after 53 second wait
2025-02-21 08:51:08.461 63439 WARNING tempest.lib.common.ssh [-] Failed to establish authenticated ssh connection to cirros@10.180.180.207 ([Errno None] Unable to connect to port 22 on 10.180.180.207). Number attempts: 3. Retry after 4 seconds.: paramiko.ssh_exception.NoValidConnectionsError: [Errno None] Unable to connect to port 22 on 10.180.180.207
2025-02-21 08:51:08.510 63425 WARNING tempest.lib.common.ssh [-] Failed to establish authenticated ssh connection to cirros@10.180.180.167 ([Errno None] Unable to connect to port 22 on 10.180.180.167). Number attempts: 10. Retry after 11 seconds.: paramiko.ssh_exception.NoValidConnectionsError: [Errno None] Unable to connect to port 22 on 10.180.180.167
2025-02-21 08:51:08.553 63387 INFO tempest.lib.common.rest_client [req-d8332126-8de2-4e80-8d55-39cf3fbb0427 req-d8332126-8de2-4e80-8d55-39cf3fbb0427 ] Request (MultipleCreateTestJSON:test_multiple_create): 200 GET http://10.180.1.21/compute/v2.1/servers/1b4ce059-48cf-4e2c-9717-8435265be136 0.063s
2025-02-21 08:51:08.554 63427 INFO tempest.lib.common.rest_client [req-ff4621a3-3228-49f9-bb20-7b240f8804f3 req-ff4621a3-3228-49f9-bb20-7b240f8804f3 ] Request (ListServerFiltersTestJSON:setUpClass): 200 GET http://10.180.1.21/compute/v2.1/servers/591f0933-c3e5-4d84-b7ae-5125f18f7110 0.058s
2025-02-21 08:51:08.603 63405 INFO tempest.lib.common.rest_client [req-229525c4-36a5-4dcb-9835-95f10a473670 req-229525c4-36a5-4dcb-9835-95f10a473670 ] Request (ServersTestMultiNic:test_verify_multiple_nics_order): 200 GET http://10.180.1.21/compute/v2.1/servers/5c6d73d6-f07f-4581-824f-2b13701c8f88 0.058s
2025-02-21 08:51:08.610 63443 INFO tempest.lib.common.rest_client [req-0c9da541-8058-4c26-a127-f205c5f506d5 req-0c9da541-8058-4c26-a127-f205c5f506d5 ] Request (DeleteServersTestJSON:test_delete_server_while_in_attached_volume): 200 GET http://10.180.1.21/compute/v2.1/servers/5fae8f14-70bd-496e-b311-8555e6eb8dd6 0.071s
2025-02-21 08:51:08.695 63411 INFO tempest.lib.common.rest_client [req-8014756e-24c2-44f5-a7d2-33dbc2bb8698 req-8014756e-24c2-44f5-a7d2-33dbc2bb8698 ] Request (ServerMetadataTestJSON:tearDownClass): 200 GET http://10.180.1.21/compute/v2.1/servers/350dd628-4842-4a8b-9a72-9161a2c86605 0.077s
2025-02-21 08:51:08.702 63429 INFO tempest.lib.common.rest_client [req-096bbeea-5890-420e-a90c-397f02edeb62 req-096bbeea-5890-420e-a90c-397f02edeb62 ] Request (ServerExternalEventsTest:tearDownClass): 200 GET http://10.180.1.21/compute/v2.1/servers/197ae546-2199-49d6-b4cc-a295e4353a1f 0.073s
2025-02-21 08:51:08.748 63431 INFO tempest.lib.common.rest_client [req-fbce54ba-af0d-45c5-b11a-17ad25c506be req-fbce54ba-af0d-45c5-b11a-17ad25c506be ] Request (ImagesOneServerTestJSON:setUpClass): 200 GET http://10.180.1.21/compute/v2.1/servers/821a516b-af49-4b2c-b120-d08b237ccb7b 0.083s
2025-02-21 08:51:08.760 63383 INFO tempest.lib.common.rest_client [req-a1bf1509-8aad-4c60-b8a9-750f561cbb4f req-a1bf1509-8aad-4c60-b8a9-750f561cbb4f ] Request (DeleteServersAdminTestJSON:test_delete_server_while_in_error_state): 200 GET http://10.180.1.21/compute/v2.1/servers/be7b959e-265e-41e1-b578-acb0ec182c71 0.074s
2025-02-21 08:51:08.782 63409 WARNING tempest.lib.common.ssh [-] Failed to establish authenticated ssh connection to cirros@10.180.180.153 ([Errno None] Unable to connect to port 22 on 10.180.180.153). Number attempts: 2. Retry after 3 seconds.: paramiko.ssh_exception.NoValidConnectionsError: [Errno None] Unable to connect to port 22 on 10.180.180.153
2025-02-21 08:51:08.795 63393 INFO tempest.lib.common.rest_client [req-bae970a6-c2e3-4e83-9088-d77438ce6870 req-bae970a6-c2e3-4e83-9088-d77438ce6870 ] Request (ServersTestJSON:test_create_server_with_ipv6_addr_only): 200 GET http://10.180.1.21/compute/v2.1/servers/62d329f2-b211-4c32-9cbd-5b4d68e825b8 0.082s
2025-02-21 08:51:08.850 63413 INFO tempest.lib.common.rest_client [req-acf83b21-88e7-4528-87a9-a00f5ec59d37 req-acf83b21-88e7-4528-87a9-a00f5ec59d37 ] Request (ServerDiagnosticsTest:tearDownClass): 200 GET http://10.180.1.21/compute/v2.1/servers/3dd36d4d-cbaa-4203-a1df-c7e8670682ff 0.056s
2025-02-21 08:51:08.935 63399 INFO tempest.lib.common.rest_client [req-b7ec6642-1061-4c9c-9043-7d8d39f27f03 req-b7ec6642-1061-4c9c-9043-7d8d39f27f03 ] Request (InstanceActionsNegativeTestJSON:tearDownClass): 200 GET http://10.180.1.21/compute/v2.1/servers/79a8096d-00eb-4e1c-810f-cc9f65eb6110 0.054s
2025-02-21 08:51:08.941 63381 INFO tempest.lib.common.rest_client [req-e2b5ba8c-e729-4fc0-ad90-b64afe29ee78 req-e2b5ba8c-e729-4fc0-ad90-b64afe29ee78 ] Request (ServerShowV247Test:tearDownClass): 200 GET http://10.180.1.21/compute/v2.1/servers/46864447-5fdc-4e7e-ad3d-63c9d7c15afc 0.062s
2025-02-21 08:51:08.983 63423 INFO tempest.lib.common.rest_client [req-e800e7b8-8222-457c-9cf0-6073baf0107a req-e800e7b8-8222-457c-9cf0-6073baf0107a ] Request (ServerShowV254Test:test_rebuild_server): 200 GET http://10.180.1.21/compute/v2.1/servers/1e36432b-3ebc-4417-b914-5feb9fbd040d 0.046s
2025-02-21 08:51:08.992 63401 INFO tempest.lib.common.rest_client [req-ff8645fe-bf58-455b-a968-1195d1ad355a req-ff8645fe-bf58-455b-a968-1195d1ad355a ] Request (ServersAdminNegativeTestJSON:tearDownClass): 200 GET http://10.180.1.21/compute/v2.1/servers/27309833-bf08-4d8d-a71e-fd2ae2d46b35 0.048s
2025-02-21 08:51:09.027 63407 INFO tempest.lib.common.rest_client [req-a1896148-3d0e-44ae-8365-a86859a1b2e8 req-a1896148-3d0e-44ae-8365-a86859a1b2e8 ] Request (ListImageFiltersTestJSON:setUpClass): 200 GET http://10.180.1.21/compute/v2.1/servers/57c6d90c-2e72-489b-bffc-10c040dbc6aa 0.040s
2025-02-21 08:51:09.108 63438 INFO tempest.lib.common.rest_client [req-f0630e39-092f-43d2-9513-48bcfb805477 req-f0630e39-092f-43d2-9513-48bcfb805477 ] Request (AttachInterfacesUnderV243Test:test_add_remove_fixed_ip): 200 GET http://10.180.1.21/compute/v2.1/servers/398e516b-9906-4e3f-b74d-b090a0437662 0.046s
2025-02-21 08:51:09.199 63421 INFO tempest.lib.common.rest_client [req-8d36222b-257d-4bdc-bf5e-cbde84b4bd0a req-8d36222b-257d-4bdc-bf5e-cbde84b4bd0a ] Request (TenantUsagesTestJSON:setUpClass): 200 GET http://10.180.1.21/compute/v2.1/servers/ffdded3a-f493-42b9-a5bf-f1f71c6fa699 0.084s
2025-02-21 08:51:09.272 63385 INFO tempest.lib.common.rest_client [req-fd4ee20e-e93a-4875-8c46-da4608dbedb0 req-fd4ee20e-e93a-4875-8c46-da4608dbedb0 ] Request (ImagesTestJSON:test_create_image_from_suspended_server): 200 GET http://10.180.1.21/compute/v2.1/servers/dcfd1818-668f-4ec5-b182-9ba8fd8d0c26 0.049s
2025-02-21 08:51:09.335 63417 INFO tempest.lib.common.rest_client [req-a78c338f-058b-4ec7-9958-65c5b6217380 req-a78c338f-058b-4ec7-9958-65c5b6217380 ] Request (MigrationsAdminTest:test_resize_server_revert_deleted_flavor): 200 GET http://10.180.1.21/compute/v2.1/servers/878bfa51-a829-4537-a841-31273a0b09cc 0.060s
