2025-02-21 08:51:09.392 63433 INFO tempest.lib.common.rest_client [req-ce853444-bc6f-4745-84b5-6f685a176c44 req-ce853444-bc6f-4745-84b5-6f685a176c44 ] Request (ServerActionsV293TestJSON:setUpClass): 200 GET http://10.180.1.21/compute/v2.1/servers/51b3dd53-5669-4967-8b80-6b9b89d997cb 0.100s
2025-02-21 08:51:09.613 63427 INFO tempest.lib.common.rest_client [req-7bcecada-6bbf-4289-92ad-3ec569ea3773 req-7bcecada-6bbf-4289-92ad-3ec569ea3773 ] Request (ListServerFiltersTestJSON:setUpClass): 200 GET http://10.180.1.21/compute/v2.1/servers/591f0933-c3e5-4d84-b7ae-5125f18f7110 0.052s
2025-02-21 08:51:09.624 63387 INFO tempest.lib.common.rest_client [req-38a4b2d1-86b5-46cc-b027-c90eae01fd2d req-38a4b2d1-86b5-46cc-b027-c90eae01fd2d ] Request (MultipleCreateTestJSON:test_multiple_create): 200 GET http://10.180.1.21/compute/v2.1/servers/1b4ce059-48cf-4e2c-9717-8435265be136 0.061s
2025-02-21 08:51:09.659 63405 INFO tempest.lib.common.rest_client [req-cd9f1c3d-b4c3-4e6d-b2c6-32ac9069cb40 req-cd9f1c3d-b4c3-4e6d-b2c6-32ac9069cb40 ] Request (ServersTestMultiNic:test_verify_multiple_nics_order): 200 GET http://10.180.1.21/compute/v2.1/servers/5c6d73d6-f07f-4581-824f-2b13701c8f88 0.047s
2025-02-21 08:51:09.671 63443 INFO tempest.lib.common.rest_client [req-6e558aeb-d2f0-4ec5-a137-19393b8eeeab req-6e558aeb-d2f0-4ec5-a137-19393b8eeeab ] Request (DeleteServersTestJSON:test_delete_server_while_in_attached_volume): 200 GET http://10.180.1.21/compute/v2.1/servers/5fae8f14-70bd-496e-b311-8555e6eb8dd6 0.052s
2025-02-21 08:51:09.725 63411 INFO tempest.lib.common.rest_client [req-115e3000-6c2e-4ad9-9bf7-b02677ee0129 req-115e3000-6c2e-4ad9-9bf7-b02677ee0129 ] Request (ServerMetadataTestJSON:tearDownClass): 404 GET http://10.180.1.21/compute/v2.1/servers/350dd628-4842-4a8b-9a72-9161a2c86605 0.022s
2025-02-21 08:51:09.774 63429 INFO tempest.lib.common.rest_client [req-71f3ef6e-51cb-4256-bb96-e8f41ab44624 req-71f3ef6e-51cb-4256-bb96-e8f41ab44624 ] Request (ServerExternalEventsTest:tearDownClass): 200 GET http://10.180.1.21/compute/v2.1/servers/197ae546-2199-49d6-b4cc-a295e4353a1f 0.061s
2025-02-21 08:51:09.805 63431 INFO tempest.lib.common.rest_client [req-b3f90c81-f37a-40fa-a0f6-7c77926bc6e1 req-b3f90c81-f37a-40fa-a0f6-7c77926bc6e1 ] Request (ImagesOneServerTestJSON:setUpClass): 200 GET http://10.180.1.21/compute/v2.1/servers/821a516b-af49-4b2c-b120-d08b237ccb7b 0.049s
2025-02-21 08:51:09.826 63383 INFO tempest.lib.common.rest_client [req-260d9114-f4f2-4b47-942e-ab44a92a4c23 req-260d9114-f4f2-4b47-942e-ab44a92a4c23 ] Request (DeleteServersAdminTestJSON:test_delete_server_while_in_error_state): 200 GET http://10.180.1.21/compute/v2.1/servers/be7b959e-265e-41e1-b578-acb0ec182c71 0.057s
2025-02-21 08:51:09.851 63393 INFO tempest.lib.common.rest_client [req-bb7e7a15-ba5b-44a5-ac08-ea2558a74f14 req-bb7e7a15-ba5b-44a5-ac08-ea2558a74f14 ] Request (ServersTestJSON:test_create_server_with_ipv6_addr_only): 200 GET http://10.180.1.21/compute/v2.1/servers/62d329f2-b211-4c32-9cbd-5b4d68e825b8 0.049s
2025-02-21 08:51:09.908 63413 INFO tempest.lib.common.rest_client [req-82363f59-43d5-4a2c-b486-1c804de9eced req-82363f59-43d5-4a2c-b486-1c804de9eced ] Request (ServerDiagnosticsTest:tearDownClass): 200 GET http://10.180.1.21/compute/v2.1/servers/3dd36d4d-cbaa-4203-a1df-c7e8670682ff 0.049s
2025-02-21 08:51:10.006 63399 INFO tempest.lib.common.rest_client [req-a14b4625-df25-4943-ada6-550100cbfb0d req-a14b4625-df25-4943-ada6-550100cbfb0d ] Request (InstanceActionsNegativeTestJSON:tearDownClass): 200 GET http://10.180.1.21/compute/v2.1/servers/79a8096d-00eb-4e1c-810f-cc9f65eb6110 0.064s
2025-02-21 08:51:10.013 63399 INFO tempest.common.waiters [-] State transition "ACTIVE/deleting" ==> "DELETED/None" after 5 second wait
2025-02-21 08:51:10.013 63381 INFO tempest.lib.common.rest_client [req-86e03829-27e8-4344-a38e-0fdabed492ed req-86e03829-27e8-4344-a38e-0fdabed492ed ] Request (ServerShowV247Test:tearDownClass): 200 GET http://10.180.1.21/compute/v2.1/servers/46864447-5fdc-4e7e-ad3d-63c9d7c15afc 0.062s
2025-02-21 08:51:10.052 63423 INFO tempest.lib.common.rest_client [req-c9308064-42a7-4dad-8b40-d5e91cd2546f req-c9308064-42a7-4dad-8b40-d5e91cd2546f ] Request (ServerShowV254Test:test_rebuild_server): 200 GET http://10.180.1.21/compute/v2.1/servers/1e36432b-3ebc-4417-b914-5feb9fbd040d 0.060s
2025-02-21 08:51:10.063 63401 INFO tempest.lib.common.rest_client [req-14819073-908e-4267-b391-00e70ea072d7 req-14819073-908e-4267-b391-00e70ea072d7 ] Request (ServersAdminNegativeTestJSON:tearDownClass): 200 GET http://10.180.1.21/compute/v2.1/servers/27309833-bf08-4d8d-a71e-fd2ae2d46b35 0.063s
2025-02-21 08:51:10.096 63407 INFO tempest.lib.common.rest_client [req-d34ec81e-2564-4ad5-a362-e39aba10b986 req-d34ec81e-2564-4ad5-a362-e39aba10b986 ] Request (ListImageFiltersTestJSON:setUpClass): 200 GET http://10.180.1.21/compute/v2.1/servers/57c6d90c-2e72-489b-bffc-10c040dbc6aa 0.061s
2025-02-21 08:51:10.166 63438 INFO tempest.lib.common.rest_client [req-8e2cba94-779c-4647-a21a-bb069d07242c req-8e2cba94-779c-4647-a21a-bb069d07242c ] Request (AttachInterfacesUnderV243Test:test_add_remove_fixed_ip): 200 GET http://10.180.1.21/compute/v2.1/servers/398e516b-9906-4e3f-b74d-b090a0437662 0.051s
2025-02-21 08:51:10.306 63421 INFO tempest.lib.common.rest_client [req-27edef00-95cf-4400-adeb-9dde42e1b3ae req-27edef00-95cf-4400-adeb-9dde42e1b3ae ] Request (TenantUsagesTestJSON:setUpClass): 200 GET http://10.180.1.21/compute/v2.1/servers/ffdded3a-f493-42b9-a5bf-f1f71c6fa699 0.100s
2025-02-21 08:51:10.317 63411 INFO tempest.lib.common.rest_client [req-3ec39ea7-0c2d-489f-bc29-40bd6efeecac req-3ec39ea7-0c2d-489f-bc29-40bd6efeecac ] Request (ServerMetadataTestJSON:tearDownClass): 200 PUT http://10.180.1.21:9696/networking/v2.0/routers/3b571f29-6131-4254-b9bf-ac8c62bf1842/remove_router_interface 0.591s
2025-02-21 08:51:10.348 63385 INFO tempest.lib.common.rest_client [req-6b913c01-a56d-40d5-bde4-223f84ac5a04 req-6b913c01-a56d-40d5-bde4-223f84ac5a04 ] Request (ImagesTestJSON:test_create_image_from_suspended_server): 200 GET http://10.180.1.21/compute/v2.1/servers/dcfd1818-668f-4ec5-b182-9ba8fd8d0c26 0.068s
2025-02-21 08:51:10.399 63417 INFO tempest.lib.common.rest_client [req-3d6d60c0-7c0d-489b-aaf6-b3cdcaa47ae9 req-3d6d60c0-7c0d-489b-aaf6-b3cdcaa47ae9 ] Request (MigrationsAdminTest:test_resize_server_revert_deleted_flavor): 200 GET http://10.180.1.21/compute/v2.1/servers/878bfa51-a829-4537-a841-31273a0b09cc 0.056s
2025-02-21 08:51:10.504 63433 INFO tempest.lib.common.rest_client [req-6aae7c76-04d5-4f5d-8483-9cf4faa75bc5 req-6aae7c76-04d5-4f5d-8483-9cf4faa75bc5 ] Request (ServerActionsV293TestJSON:setUpClass): 200 GET http://10.180.1.21/compute/v2.1/servers/51b3dd53-5669-4967-8b80-6b9b89d997cb 0.100s
2025-02-21 08:51:10.514 63433 INFO tempest.common.waiters [-] State transition "BUILD/block_device_mapping" ==> "BUILD/spawning" after 55 second wait
2025-02-21 08:51:10.643 63411 INFO tempest.lib.common.rest_client [req-e87f14df-1d1c-41d4-a42a-414b2c7725e9 req-e87f14df-1d1c-41d4-a42a-414b2c7725e9 ] Request (ServerMetadataTestJSON:tearDownClass): 204 DELETE http://10.180.1.21:9696/networking/v2.0/routers/3b571f29-6131-4254-b9bf-ac8c62bf1842 0.326s
2025-02-21 08:51:10.681 63427 INFO tempest.lib.common.rest_client [req-eb4fea7b-70ea-4196-86d1-8b933b1e19ed req-eb4fea7b-70ea-4196-86d1-8b933b1e19ed ] Request (ListServerFiltersTestJSON:setUpClass): 200 GET http://10.180.1.21/compute/v2.1/servers/591f0933-c3e5-4d84-b7ae-5125f18f7110 0.057s
2025-02-21 08:51:10.682 63387 INFO tempest.lib.common.rest_client [req-34ca3b06-a9fb-4130-8fa8-a53ed8188824 req-34ca3b06-a9fb-4130-8fa8-a53ed8188824 ] Request (MultipleCreateTestJSON:test_multiple_create): 200 GET http://10.180.1.21/compute/v2.1/servers/1b4ce059-48cf-4e2c-9717-8435265be136 0.049s
2025-02-21 08:51:10.734 63405 INFO tempest.lib.common.rest_client [req-102b5eac-bea7-43b2-9603-4a8326da82c7 req-102b5eac-bea7-43b2-9603-4a8326da82c7 ] Request (ServersTestMultiNic:test_verify_multiple_nics_order): 200 GET http://10.180.1.21/compute/v2.1/servers/5c6d73d6-f07f-4581-824f-2b13701c8f88 0.068s
2025-02-21 08:51:10.746 63443 INFO tempest.lib.common.rest_client [req-cb9323a6-07c4-44ac-ac5a-791eba8f5fd2 req-cb9323a6-07c4-44ac-ac5a-791eba8f5fd2 ] Request (DeleteServersTestJSON:test_delete_server_while_in_attached_volume): 200 GET http://10.180.1.21/compute/v2.1/servers/5fae8f14-70bd-496e-b311-8555e6eb8dd6 0.067s
2025-02-21 08:51:10.813 63411 INFO tempest.lib.common.rest_client [req-2faf7c34-c5fb-4ee0-8c33-9db99d3039b4 req-2faf7c34-c5fb-4ee0-8c33-9db99d3039b4 ] Request (ServerMetadataTestJSON:tearDownClass): 204 DELETE http://10.180.1.21:9696/networking/v2.0/subnets/5d83214b-55e0-4681-ad16-1c739a24fe04 0.169s
2025-02-21 08:51:10.862 63429 INFO tempest.lib.common.rest_client [req-9b95a346-0dc4-4482-97f8-07bc47e7fe55 req-9b95a346-0dc4-4482-97f8-07bc47e7fe55 ] Request (ServerExternalEventsTest:tearDownClass): 200 GET http://10.180.1.21/compute/v2.1/servers/197ae546-2199-49d6-b4cc-a295e4353a1f 0.081s
2025-02-21 08:51:10.889 63431 INFO tempest.lib.common.rest_client [req-03079a83-cb67-4a5e-8ad1-c5dd4b9f4e18 req-03079a83-cb67-4a5e-8ad1-c5dd4b9f4e18 ] Request (ImagesOneServerTestJSON:setUpClass): 200 GET http://10.180.1.21/compute/v2.1/servers/821a516b-af49-4b2c-b120-d08b237ccb7b 0.077s
2025-02-21 08:51:10.931 63383 INFO tempest.lib.common.rest_client [req-3086abfb-8c71-4a44-b9c4-dee00dbf67e6 req-3086abfb-8c71-4a44-b9c4-dee00dbf67e6 ] Request (DeleteServersAdminTestJSON:test_delete_server_while_in_error_state): 200 GET http://10.180.1.21/compute/v2.1/servers/be7b959e-265e-41e1-b578-acb0ec182c71 0.097s
2025-02-21 08:51:10.943 63393 INFO tempest.lib.common.rest_client [req-d6b98be2-b217-4417-8428-df8544c31cd6 req-d6b98be2-b217-4417-8428-df8544c31cd6 ] Request (ServersTestJSON:test_create_server_with_ipv6_addr_only): 200 GET http://10.180.1.21/compute/v2.1/servers/62d329f2-b211-4c32-9cbd-5b4d68e825b8 0.085s
2025-02-21 08:51:10.957 63403 WARNING tempest.lib.common.ssh [-] Failed to establish authenticated ssh connection to cirros@10.180.180.180 ([Errno None] Unable to connect to port 22 on 10.180.180.180). Number attempts: 8. Retry after 9 seconds.: paramiko.ssh_exception.NoValidConnectionsError: [Errno None] Unable to connect to port 22 on 10.180.180.180
2025-02-21 08:51:10.995 63413 INFO tempest.lib.common.rest_client [req-a9f83472-ff61-45bc-8efe-55f6875bb56a req-a9f83472-ff61-45bc-8efe-55f6875bb56a ] Request (ServerDiagnosticsTest:tearDownClass): 200 GET http://10.180.1.21/compute/v2.1/servers/3dd36d4d-cbaa-4203-a1df-c7e8670682ff 0.079s
2025-02-21 08:51:11.089 63399 INFO tempest.lib.common.rest_client [req-aebc2e92-b2fb-40ed-9eb8-986674e42504 req-aebc2e92-b2fb-40ed-9eb8-986674e42504 ] Request (InstanceActionsNegativeTestJSON:tearDownClass): 200 GET http://10.180.1.21/compute/v2.1/servers/79a8096d-00eb-4e1c-810f-cc9f65eb6110 0.075s
2025-02-21 08:51:11.100 63381 INFO tempest.lib.common.rest_client [req-cf8816a2-69b7-4ac6-b74c-223801c600cf req-cf8816a2-69b7-4ac6-b74c-223801c600cf ] Request (ServerShowV247Test:tearDownClass): 200 GET http://10.180.1.21/compute/v2.1/servers/46864447-5fdc-4e7e-ad3d-63c9d7c15afc 0.077s
2025-02-21 08:51:11.147 63423 INFO tempest.lib.common.rest_client [req-17449161-8f98-48e1-b0f4-e05f123b4a49 req-17449161-8f98-48e1-b0f4-e05f123b4a49 ] Request (ServerShowV254Test:test_rebuild_server): 200 GET http://10.180.1.21/compute/v2.1/servers/1e36432b-3ebc-4417-b914-5feb9fbd040d 0.086s
2025-02-21 08:51:11.155 63411 INFO tempest.lib.common.rest_client [req-578ad3f7-4938-4f4c-a4c0-835bbe25a037 req-578ad3f7-4938-4f4c-a4c0-835bbe25a037 ] Request (ServerMetadataTestJSON:tearDownClass): 204 DELETE http://10.180.1.21:9696/networking/v2.0/networks/ae3cc988-cb06-46ec-9069-a0bd256c5320 0.342s
2025-02-21 08:51:11.158 63401 INFO tempest.lib.common.rest_client [req-26214e9f-e231-4f43-9687-cfefc82efd14 req-26214e9f-e231-4f43-9687-cfefc82efd14 ] Request (ServersAdminNegativeTestJSON:tearDownClass): 200 GET http://10.180.1.21/compute/v2.1/servers/27309833-bf08-4d8d-a71e-fd2ae2d46b35 0.088s
2025-02-21 08:51:11.195 63407 INFO tempest.lib.common.rest_client [req-a02f3d2f-78ff-49d7-9d4c-3e5ba30aceac req-a02f3d2f-78ff-49d7-9d4c-3e5ba30aceac ] Request (ListImageFiltersTestJSON:setUpClass): 200 GET http://10.180.1.21/compute/v2.1/servers/57c6d90c-2e72-489b-bffc-10c040dbc6aa 0.092s
2025-02-21 08:51:11.223 63438 INFO tempest.lib.common.rest_client [req-9e42a6cb-6ce4-4da1-b563-5c539daf93e3 req-9e42a6cb-6ce4-4da1-b563-5c539daf93e3 ] Request (AttachInterfacesUnderV243Test:test_add_remove_fixed_ip): 200 GET http://10.180.1.21/compute/v2.1/servers/398e516b-9906-4e3f-b74d-b090a0437662 0.049s
2025-02-21 08:51:11.266 63411 INFO tempest.lib.common.rest_client [req-a78d452c-cee3-4659-846d-d6a4abf53908 req-a78d452c-cee3-4659-846d-d6a4abf53908 ] Request (ServerMetadataTestJSON:tearDownClass): 204 DELETE http://10.180.1.21/identity/v3/users/d5e3e57bb2524855807194f2518df6e7 0.111s
2025-02-21 08:51:11.267 63411 INFO tempest.lib.common.dynamic_creds [-] Deleting project and security group for project: 66fee6410140493fa11bb3eea12dc963
2025-02-21 08:51:11.294 63411 INFO tempest.lib.common.rest_client [req-198a427b-2fc5-4624-8138-cbddc00a3d3b req-198a427b-2fc5-4624-8138-cbddc00a3d3b ] Request (ServerMetadataTestJSON:tearDownClass): 200 GET http://10.180.1.21:9696/networking/v2.0/security-groups?tenant_id=66fee6410140493fa11bb3eea12dc963&name=default 0.027s
2025-02-21 08:51:11.377 63411 INFO tempest.lib.common.rest_client [req-74d61fea-4c72-4668-bcd5-976a2ec7de94 req-74d61fea-4c72-4668-bcd5-976a2ec7de94 ] Request (ServerMetadataTestJSON:tearDownClass): 204 DELETE http://10.180.1.21:9696/networking/v2.0/security-groups/361b3bb6-0354-4822-bb5c-3c08f6cdcb1d 0.082s
2025-02-21 08:51:11.414 63385 INFO tempest.lib.common.rest_client [req-eb7c3726-e0b4-4028-9f20-c1e94a06c10f req-eb7c3726-e0b4-4028-9f20-c1e94a06c10f ] Request (ImagesTestJSON:test_create_image_from_suspended_server): 200 GET http://10.180.1.21/compute/v2.1/servers/dcfd1818-668f-4ec5-b182-9ba8fd8d0c26 0.058s
2025-02-21 08:51:11.458 63417 INFO tempest.lib.common.rest_client [req-815c47d9-e177-491e-ae0b-2dc1fd2ce600 req-815c47d9-e177-491e-ae0b-2dc1fd2ce600 ] Request (MigrationsAdminTest:test_resize_server_revert_deleted_flavor): 200 GET http://10.180.1.21/compute/v2.1/servers/878bfa51-a829-4537-a841-31273a0b09cc 0.051s
2025-02-21 08:51:11.463 63421 INFO tempest.lib.common.rest_client [req-56d47391-0fa1-4538-83c1-a02b44ed2688 req-56d47391-0fa1-4538-83c1-a02b44ed2688 ] Request (TenantUsagesTestJSON:setUpClass): 200 GET http://10.180.1.21/compute/v2.1/servers/ffdded3a-f493-42b9-a5bf-f1f71c6fa699 0.146s
2025-02-21 08:51:11.465 63411 INFO tempest.lib.common.rest_client [req-51d70ece-d9de-45ae-9ecc-aca44020bd22 req-51d70ece-d9de-45ae-9ecc-aca44020bd22 ] Request (ServerMetadataTestJSON:tearDownClass): 204 DELETE http://10.180.1.21/identity/v3/projects/66fee6410140493fa11bb3eea12dc963 0.088s
2025-02-21 08:51:11.607 63433 INFO tempest.lib.common.rest_client [req-2a1e64ad-abaf-4ec1-89be-097fe959ee2d req-2a1e64ad-abaf-4ec1-89be-097fe959ee2d ] Request (ServerActionsV293TestJSON:setUpClass): 200 GET http://10.180.1.21/compute/v2.1/servers/51b3dd53-5669-4967-8b80-6b9b89d997cb 0.092s
2025-02-21 08:51:11.748 63387 INFO tempest.lib.common.rest_client [req-7003dca3-c4b5-4cd0-81cd-5beb4c893857 req-7003dca3-c4b5-4cd0-81cd-5beb4c893857 ] Request (MultipleCreateTestJSON:test_multiple_create): 200 GET http://10.180.1.21/compute/v2.1/servers/1b4ce059-48cf-4e2c-9717-8435265be136 0.056s
2025-02-21 08:51:11.749 63427 INFO tempest.lib.common.rest_client [req-28204d6d-469c-4b81-9a45-3677d0fa69ef req-28204d6d-469c-4b81-9a45-3677d0fa69ef ] Request (ListServerFiltersTestJSON:setUpClass): 200 GET http://10.180.1.21/compute/v2.1/servers/591f0933-c3e5-4d84-b7ae-5125f18f7110 0.060s
2025-02-21 08:51:11.797 63405 INFO tempest.lib.common.rest_client [req-65624530-2435-4f4a-a327-4a4ac91c3be6 req-65624530-2435-4f4a-a327-4a4ac91c3be6 ] Request (ServersTestMultiNic:test_verify_multiple_nics_order): 200 GET http://10.180.1.21/compute/v2.1/servers/5c6d73d6-f07f-4581-824f-2b13701c8f88 0.050s
2025-02-21 08:51:11.811 63443 INFO tempest.lib.common.rest_client [req-fab1d53c-ff65-4b9a-a2d4-60c4ff06b66b req-fab1d53c-ff65-4b9a-a2d4-60c4ff06b66b ] Request (DeleteServersTestJSON:test_delete_server_while_in_attached_volume): 200 GET http://10.180.1.21/compute/v2.1/servers/5fae8f14-70bd-496e-b311-8555e6eb8dd6 0.053s
2025-02-21 08:51:11.931 63429 INFO tempest.lib.common.rest_client [req-11de8f9b-4fb8-4f5a-9d26-44fddb0d574f req-11de8f9b-4fb8-4f5a-9d26-44fddb0d574f ] Request (ServerExternalEventsTest:tearDownClass): 200 GET http://10.180.1.21/compute/v2.1/servers/197ae546-2199-49d6-b4cc-a295e4353a1f 0.057s
2025-02-21 08:51:11.946 63431 INFO tempest.lib.common.rest_client [req-9bbdba18-f1bf-4f48-b507-52053d6959d1 req-9bbdba18-f1bf-4f48-b507-52053d6959d1 ] Request (ImagesOneServerTestJSON:setUpClass): 200 GET http://10.180.1.21/compute/v2.1/servers/821a516b-af49-4b2c-b120-d08b237ccb7b 0.049s
2025-02-21 08:51:11.998 63383 INFO tempest.lib.common.rest_client [req-1fbe25c1-4c5c-42ae-8ddc-fc5b05953a8d req-1fbe25c1-4c5c-42ae-8ddc-fc5b05953a8d ] Request (DeleteServersAdminTestJSON:test_delete_server_while_in_error_state): 200 GET http://10.180.1.21/compute/v2.1/servers/be7b959e-265e-41e1-b578-acb0ec182c71 0.058s
2025-02-21 08:51:12.006 63393 INFO tempest.lib.common.rest_client [req-d4efccd9-ed5b-434d-916d-133c9b3c969f req-d4efccd9-ed5b-434d-916d-133c9b3c969f ] Request (ServersTestJSON:test_create_server_with_ipv6_addr_only): 200 GET http://10.180.1.21/compute/v2.1/servers/62d329f2-b211-4c32-9cbd-5b4d68e825b8 0.054s
2025-02-21 08:51:12.065 63413 INFO tempest.lib.common.rest_client [req-e546be84-b7f4-4132-957e-643445812298 req-e546be84-b7f4-4132-957e-643445812298 ] Request (ServerDiagnosticsTest:tearDownClass): 200 GET http://10.180.1.21/compute/v2.1/servers/3dd36d4d-cbaa-4203-a1df-c7e8670682ff 0.059s
2025-02-21 08:51:12.151 63399 INFO tempest.lib.common.rest_client [req-8fa4fdc3-8c76-40b1-8b87-b249364cf701 req-8fa4fdc3-8c76-40b1-8b87-b249364cf701 ] Request (InstanceActionsNegativeTestJSON:tearDownClass): 200 GET http://10.180.1.21/compute/v2.1/servers/79a8096d-00eb-4e1c-810f-cc9f65eb6110 0.053s
2025-02-21 08:51:12.163 63381 INFO tempest.lib.common.rest_client [req-4358d1dc-465d-4947-a1e0-28fe62709c54 req-4358d1dc-465d-4947-a1e0-28fe62709c54 ] Request (ServerShowV247Test:tearDownClass): 200 GET http://10.180.1.21/compute/v2.1/servers/46864447-5fdc-4e7e-ad3d-63c9d7c15afc 0.052s
2025-02-21 08:51:12.205 63423 INFO tempest.lib.common.rest_client [req-bc704379-20c6-4a08-a60b-c08887087a44 req-bc704379-20c6-4a08-a60b-c08887087a44 ] Request (ServerShowV254Test:test_rebuild_server): 200 GET http://10.180.1.21/compute/v2.1/servers/1e36432b-3ebc-4417-b914-5feb9fbd040d 0.048s
2025-02-21 08:51:12.218 63401 INFO tempest.lib.common.rest_client [req-e966a4c5-23af-406b-8725-efda86891669 req-e966a4c5-23af-406b-8725-efda86891669 ] Request (ServersAdminNegativeTestJSON:tearDownClass): 200 GET http://10.180.1.21/compute/v2.1/servers/27309833-bf08-4d8d-a71e-fd2ae2d46b35 0.051s
2025-02-21 08:51:12.238 63395 WARNING tempest.lib.common.ssh [-] Failed to establish authenticated ssh connection to cirros@10.180.180.148 ([Errno None] Unable to connect to port 22 on 10.180.180.148). Number attempts: 7. Retry after 8 seconds.: paramiko.ssh_exception.NoValidConnectionsError: [Errno None] Unable to connect to port 22 on 10.180.180.148
2025-02-21 08:51:12.258 63407 INFO tempest.lib.common.rest_client [req-4dd965ab-1e62-472a-8486-c24e9d322b10 req-4dd965ab-1e62-472a-8486-c24e9d322b10 ] Request (ListImageFiltersTestJSON:setUpClass): 200 GET http://10.180.1.21/compute/v2.1/servers/57c6d90c-2e72-489b-bffc-10c040dbc6aa 0.056s
2025-02-21 08:51:12.288 63438 INFO tempest.lib.common.rest_client [req-e3375662-c4f7-45e1-be91-5205d5523af9 req-e3375662-c4f7-45e1-be91-5205d5523af9 ] Request (AttachInterfacesUnderV243Test:test_add_remove_fixed_ip): 200 GET http://10.180.1.21/compute/v2.1/servers/398e516b-9906-4e3f-b74d-b090a0437662 0.057s
2025-02-21 08:51:12.486 63385 INFO tempest.lib.common.rest_client [req-2185a474-17f1-4e15-9287-2fb46c8b3b9f req-2185a474-17f1-4e15-9287-2fb46c8b3b9f ] Request (ImagesTestJSON:test_create_image_from_suspended_server): 200 GET http://10.180.1.21/compute/v2.1/servers/dcfd1818-668f-4ec5-b182-9ba8fd8d0c26 0.065s
2025-02-21 08:51:12.525 63417 INFO tempest.lib.common.rest_client [req-af934f8b-c982-47f0-9ac4-b72f669130f6 req-af934f8b-c982-47f0-9ac4-b72f669130f6 ] Request (MigrationsAdminTest:test_resize_server_revert_deleted_flavor): 200 GET http://10.180.1.21/compute/v2.1/servers/878bfa51-a829-4537-a841-31273a0b09cc 0.059s
2025-02-21 08:51:12.586 63421 INFO tempest.lib.common.rest_client [req-393bfb9a-4d04-47e0-97da-dbb65e70e011 req-393bfb9a-4d04-47e0-97da-dbb65e70e011 ] Request (TenantUsagesTestJSON:setUpClass): 200 GET http://10.180.1.21/compute/v2.1/servers/ffdded3a-f493-42b9-a5bf-f1f71c6fa699 0.116s
2025-02-21 08:51:12.724 63433 INFO tempest.lib.common.rest_client [req-d3cb3b2e-0adb-4379-a6ba-b90333e2571e req-d3cb3b2e-0adb-4379-a6ba-b90333e2571e ] Request (ServerActionsV293TestJSON:setUpClass): 200 GET http://10.180.1.21/compute/v2.1/servers/51b3dd53-5669-4967-8b80-6b9b89d997cb 0.106s
2025-02-21 08:51:12.827 63387 INFO tempest.lib.common.rest_client [req-91f12489-3b1b-4c9e-988e-446d4eb4a33b req-91f12489-3b1b-4c9e-988e-446d4eb4a33b ] Request (MultipleCreateTestJSON:test_multiple_create): 200 GET http://10.180.1.21/compute/v2.1/servers/1b4ce059-48cf-4e2c-9717-8435265be136 0.071s
2025-02-21 08:51:12.830 63427 INFO tempest.lib.common.rest_client [req-e3906849-bcbd-450e-bbbe-c87437ad349b req-e3906849-bcbd-450e-bbbe-c87437ad349b ] Request (ListServerFiltersTestJSON:setUpClass): 200 GET http://10.180.1.21/compute/v2.1/servers/591f0933-c3e5-4d84-b7ae-5125f18f7110 0.074s
2025-02-21 08:51:12.887 63443 INFO tempest.lib.common.rest_client [req-0f40ca67-cff1-4d5c-8ff5-07f333a64a07 req-0f40ca67-cff1-4d5c-8ff5-07f333a64a07 ] Request (DeleteServersTestJSON:test_delete_server_while_in_attached_volume): 200 GET http://10.180.1.21/compute/v2.1/servers/5fae8f14-70bd-496e-b311-8555e6eb8dd6 0.068s
2025-02-21 08:51:12.894 63405 INFO tempest.lib.common.rest_client [req-457614eb-9cc9-40d6-ba27-cd42e727fdec req-457614eb-9cc9-40d6-ba27-cd42e727fdec ] Request (ServersTestMultiNic:test_verify_multiple_nics_order): 200 GET http://10.180.1.21/compute/v2.1/servers/5c6d73d6-f07f-4581-824f-2b13701c8f88 0.088s
2025-02-21 08:51:13.003 63429 INFO tempest.lib.common.rest_client [req-1c556026-1cb2-4662-9227-45bae912a51b req-1c556026-1cb2-4662-9227-45bae912a51b ] Request (ServerExternalEventsTest:tearDownClass): 200 GET http://10.180.1.21/compute/v2.1/servers/197ae546-2199-49d6-b4cc-a295e4353a1f 0.063s
2025-02-21 08:51:13.023 63431 INFO tempest.lib.common.rest_client [req-a8c43e19-1909-47a5-a4e5-0c2ade113693 req-a8c43e19-1909-47a5-a4e5-0c2ade113693 ] Request (ImagesOneServerTestJSON:setUpClass): 200 GET http://10.180.1.21/compute/v2.1/servers/821a516b-af49-4b2c-b120-d08b237ccb7b 0.067s
2025-02-21 08:51:13.077 63383 INFO tempest.lib.common.rest_client [req-52e6a2d3-7ce1-4cf8-85e2-9f5496c83957 req-52e6a2d3-7ce1-4cf8-85e2-9f5496c83957 ] Request (DeleteServersAdminTestJSON:test_delete_server_while_in_error_state): 200 GET http://10.180.1.21/compute/v2.1/servers/be7b959e-265e-41e1-b578-acb0ec182c71 0.071s
2025-02-21 08:51:13.085 63393 INFO tempest.lib.common.rest_client [req-c2392b9a-eff5-4ef4-9048-09d9360d891c req-c2392b9a-eff5-4ef4-9048-09d9360d891c ] Request (ServersTestJSON:test_create_server_with_ipv6_addr_only): 200 GET http://10.180.1.21/compute/v2.1/servers/62d329f2-b211-4c32-9cbd-5b4d68e825b8 0.070s
2025-02-21 08:51:13.140 63413 INFO tempest.lib.common.rest_client [req-46e7a117-6a09-432f-90f8-1086620e1def req-46e7a117-6a09-432f-90f8-1086620e1def ] Request (ServerDiagnosticsTest:tearDownClass): 200 GET http://10.180.1.21/compute/v2.1/servers/3dd36d4d-cbaa-4203-a1df-c7e8670682ff 0.067s
2025-02-21 08:51:13.232 63399 INFO tempest.lib.common.rest_client [req-2b8213e1-7193-4740-9951-382467e30e75 req-2b8213e1-7193-4740-9951-382467e30e75 ] Request (InstanceActionsNegativeTestJSON:tearDownClass): 200 GET http://10.180.1.21/compute/v2.1/servers/79a8096d-00eb-4e1c-810f-cc9f65eb6110 0.073s
2025-02-21 08:51:13.249 63381 INFO tempest.lib.common.rest_client [req-f6101a7a-5f8c-440c-b830-3fc9fc5716a2 req-f6101a7a-5f8c-440c-b830-3fc9fc5716a2 ] Request (ServerShowV247Test:tearDownClass): 200 GET http://10.180.1.21/compute/v2.1/servers/46864447-5fdc-4e7e-ad3d-63c9d7c15afc 0.076s
2025-02-21 08:51:13.299 63423 INFO tempest.lib.common.rest_client [req-66a76d48-3221-42ae-8fad-f51bda7c4c0a req-66a76d48-3221-42ae-8fad-f51bda7c4c0a ] Request (ServerShowV254Test:test_rebuild_server): 200 GET http://10.180.1.21/compute/v2.1/servers/1e36432b-3ebc-4417-b914-5feb9fbd040d 0.084s
2025-02-21 08:51:13.327 63401 INFO tempest.lib.common.rest_client [req-5d35fb39-01de-4070-917f-2c2152f33333 req-5d35fb39-01de-4070-917f-2c2152f33333 ] Request (ServersAdminNegativeTestJSON:tearDownClass): 200 GET http://10.180.1.21/compute/v2.1/servers/27309833-bf08-4d8d-a71e-fd2ae2d46b35 0.101s
2025-02-21 08:51:13.355 63407 INFO tempest.lib.common.rest_client [req-4307366b-c5fe-4fae-a093-2a9ca848a996 req-4307366b-c5fe-4fae-a093-2a9ca848a996 ] Request (ListImageFiltersTestJSON:setUpClass): 200 GET http://10.180.1.21/compute/v2.1/servers/57c6d90c-2e72-489b-bffc-10c040dbc6aa 0.089s
2025-02-21 08:51:13.386 63438 INFO tempest.lib.common.rest_client [req-78cd5033-40b9-4ab1-9b0c-6bc25b6f5188 req-78cd5033-40b9-4ab1-9b0c-6bc25b6f5188 ] Request (AttachInterfacesUnderV243Test:test_add_remove_fixed_ip): 200 GET http://10.180.1.21/compute/v2.1/servers/398e516b-9906-4e3f-b74d-b090a0437662 0.089s
2025-02-21 08:51:13.553 63385 INFO tempest.lib.common.rest_client [req-0acbc4e8-b7d9-4f42-b6a4-e9acdfda16d8 req-0acbc4e8-b7d9-4f42-b6a4-e9acdfda16d8 ] Request (ImagesTestJSON:test_create_image_from_suspended_server): 200 GET http://10.180.1.21/compute/v2.1/servers/dcfd1818-668f-4ec5-b182-9ba8fd8d0c26 0.058s
2025-02-21 08:51:13.596 63417 INFO tempest.lib.common.rest_client [req-d5a6b0dc-e5d7-4759-bea0-7ea9247f533a req-d5a6b0dc-e5d7-4759-bea0-7ea9247f533a ] Request (MigrationsAdminTest:test_resize_server_revert_deleted_flavor): 200 GET http://10.180.1.21/compute/v2.1/servers/878bfa51-a829-4537-a841-31273a0b09cc 0.064s
2025-02-21 08:51:13.706 63421 INFO tempest.lib.common.rest_client [req-95546a88-96ca-4964-8ee1-585d80cf3c5f req-95546a88-96ca-4964-8ee1-585d80cf3c5f ] Request (TenantUsagesTestJSON:setUpClass): 200 GET http://10.180.1.21/compute/v2.1/servers/ffdded3a-f493-42b9-a5bf-f1f71c6fa699 0.111s
2025-02-21 08:51:13.872 63433 INFO tempest.lib.common.rest_client [req-1c80323f-ae56-485c-82de-1be6cf870dd4 req-1c80323f-ae56-485c-82de-1be6cf870dd4 ] Request (ServerActionsV293TestJSON:setUpClass): 200 GET http://10.180.1.21/compute/v2.1/servers/51b3dd53-5669-4967-8b80-6b9b89d997cb 0.137s
2025-02-21 08:51:13.895 63387 INFO tempest.lib.common.rest_client [req-d12bd0ee-f819-48de-ba07-ffbd176baaa0 req-d12bd0ee-f819-48de-ba07-ffbd176baaa0 ] Request (MultipleCreateTestJSON:test_multiple_create): 200 GET http://10.180.1.21/compute/v2.1/servers/1b4ce059-48cf-4e2c-9717-8435265be136 0.059s
2025-02-21 08:51:13.921 63427 INFO tempest.lib.common.rest_client [req-b1030117-3818-4bbd-b3ed-7eb54439e589 req-b1030117-3818-4bbd-b3ed-7eb54439e589 ] Request (ListServerFiltersTestJSON:setUpClass): 200 GET http://10.180.1.21/compute/v2.1/servers/591f0933-c3e5-4d84-b7ae-5125f18f7110 0.080s
2025-02-21 08:51:13.950 63443 INFO tempest.lib.common.rest_client [req-2919778d-1661-41b1-8e50-933502a7acc5 req-2919778d-1661-41b1-8e50-933502a7acc5 ] Request (DeleteServersTestJSON:test_delete_server_while_in_attached_volume): 200 GET http://10.180.1.21/compute/v2.1/servers/5fae8f14-70bd-496e-b311-8555e6eb8dd6 0.052s
2025-02-21 08:51:13.975 63405 INFO tempest.lib.common.rest_client [req-b4e384f8-fa56-4bf8-a718-86d4b4d81858 req-b4e384f8-fa56-4bf8-a718-86d4b4d81858 ] Request (ServersTestMultiNic:test_verify_multiple_nics_order): 200 GET http://10.180.1.21/compute/v2.1/servers/5c6d73d6-f07f-4581-824f-2b13701c8f88 0.073s
2025-02-21 08:51:14.081 63429 INFO tempest.lib.common.rest_client [req-b7cc6b3c-f506-4044-93d0-55c9b43926fd req-b7cc6b3c-f506-4044-93d0-55c9b43926fd ] Request (ServerExternalEventsTest:tearDownClass): 200 GET http://10.180.1.21/compute/v2.1/servers/197ae546-2199-49d6-b4cc-a295e4353a1f 0.068s
2025-02-21 08:51:14.092 63431 INFO tempest.lib.common.rest_client [req-09f9fcd2-0105-4c96-9219-aed3665e11b0 req-09f9fcd2-0105-4c96-9219-aed3665e11b0 ] Request (ImagesOneServerTestJSON:setUpClass): 200 GET http://10.180.1.21/compute/v2.1/servers/821a516b-af49-4b2c-b120-d08b237ccb7b 0.061s
2025-02-21 08:51:14.155 63383 INFO tempest.lib.common.rest_client [req-703b19e9-f434-4993-be3f-c31c315fe457 req-703b19e9-f434-4993-be3f-c31c315fe457 ] Request (DeleteServersAdminTestJSON:test_delete_server_while_in_error_state): 200 GET http://10.180.1.21/compute/v2.1/servers/be7b959e-265e-41e1-b578-acb0ec182c71 0.068s
2025-02-21 08:51:14.177 63393 INFO tempest.lib.common.rest_client [req-a09a3b5b-ccbf-4364-b65a-6f50d03a790e req-a09a3b5b-ccbf-4364-b65a-6f50d03a790e ] Request (ServersTestJSON:test_create_server_with_ipv6_addr_only): 200 GET http://10.180.1.21/compute/v2.1/servers/62d329f2-b211-4c32-9cbd-5b4d68e825b8 0.083s
2025-02-21 08:51:14.178 63413 INFO tempest.lib.common.rest_client [req-1aba5297-7943-4bff-8c3d-31e8e10546b3 req-1aba5297-7943-4bff-8c3d-31e8e10546b3 ] Request (ServerDiagnosticsTest:tearDownClass): 404 GET http://10.180.1.21/compute/v2.1/servers/3dd36d4d-cbaa-4203-a1df-c7e8670682ff 0.030s
2025-02-21 08:51:14.306 63399 INFO tempest.lib.common.rest_client [req-ee2d5609-61bb-44bb-b5ad-860fd7a2559c req-ee2d5609-61bb-44bb-b5ad-860fd7a2559c ] Request (InstanceActionsNegativeTestJSON:tearDownClass): 200 GET http://10.180.1.21/compute/v2.1/servers/79a8096d-00eb-4e1c-810f-cc9f65eb6110 0.066s
2025-02-21 08:51:14.312 63413 INFO tempest.lib.common.rest_client [req-c5ee6118-ede5-4ab7-9d8c-0839c4553992 req-c5ee6118-ede5-4ab7-9d8c-0839c4553992 ] Request (ServerDiagnosticsTest:tearDownClass): 204 DELETE http://10.180.1.21/identity/v3/users/137079f69953459d9012847577bab7f9 0.133s
2025-02-21 08:51:14.336 63381 INFO tempest.lib.common.rest_client [req-ecf8a976-b760-42fd-ade9-88a5ecdaf0e6 req-ecf8a976-b760-42fd-ade9-88a5ecdaf0e6 ] Request (ServerShowV247Test:tearDownClass): 200 GET http://10.180.1.21/compute/v2.1/servers/46864447-5fdc-4e7e-ad3d-63c9d7c15afc 0.076s
2025-02-21 08:51:14.368 63423 INFO tempest.lib.common.rest_client [req-806f1067-2282-4ba9-b4bf-1fb0386b9570 req-806f1067-2282-4ba9-b4bf-1fb0386b9570 ] Request (ServerShowV254Test:test_rebuild_server): 200 GET http://10.180.1.21/compute/v2.1/servers/1e36432b-3ebc-4417-b914-5feb9fbd040d 0.058s
2025-02-21 08:51:14.403 63401 INFO tempest.lib.common.rest_client [req-e2ca1ddd-d100-47c3-b78d-235d9b102a53 req-e2ca1ddd-d100-47c3-b78d-235d9b102a53 ] Request (ServersAdminNegativeTestJSON:tearDownClass): 200 GET http://10.180.1.21/compute/v2.1/servers/27309833-bf08-4d8d-a71e-fd2ae2d46b35 0.064s
2025-02-21 08:51:14.410 63413 INFO tempest.lib.common.rest_client [req-9ad3c2eb-33b0-4248-ad8a-e70461dc313f req-9ad3c2eb-33b0-4248-ad8a-e70461dc313f ] Request (ServerDiagnosticsTest:tearDownClass): 204 DELETE http://10.180.1.21/identity/v3/users/3534e7300089429586b1601802396188 0.097s
2025-02-21 08:51:14.410 63413 INFO tempest.lib.common.dynamic_creds [-] Deleting project and security group for project: 11bd8d6aa22846ae8a56d040e91f7c01
2025-02-21 08:51:14.420 63407 INFO tempest.lib.common.rest_client [req-1c05e7ed-f578-4040-bc63-fc0005b347a1 req-1c05e7ed-f578-4040-bc63-fc0005b347a1 ] Request (ListImageFiltersTestJSON:setUpClass): 200 GET http://10.180.1.21/compute/v2.1/servers/57c6d90c-2e72-489b-bffc-10c040dbc6aa 0.056s
2025-02-21 08:51:14.451 63438 INFO tempest.lib.common.rest_client [req-6d4c9905-7b83-47d9-8d04-c4a5bb003f30 req-6d4c9905-7b83-47d9-8d04-c4a5bb003f30 ] Request (AttachInterfacesUnderV243Test:test_add_remove_fixed_ip): 200 GET http://10.180.1.21/compute/v2.1/servers/398e516b-9906-4e3f-b74d-b090a0437662 0.054s
2025-02-21 08:51:14.468 63413 INFO tempest.lib.common.rest_client [req-30daf5c1-4038-451a-a106-b87fedae9782 req-30daf5c1-4038-451a-a106-b87fedae9782 ] Request (ServerDiagnosticsTest:tearDownClass): 201 POST http://10.180.1.21/identity/v3/auth/tokens 0.058s
2025-02-21 08:51:14.620 63385 INFO tempest.lib.common.rest_client [req-67b4e4d1-a189-4cc9-bda9-85a17f4f2b45 req-67b4e4d1-a189-4cc9-bda9-85a17f4f2b45 ] Request (ImagesTestJSON:test_create_image_from_suspended_server): 200 GET http://10.180.1.21/compute/v2.1/servers/dcfd1818-668f-4ec5-b182-9ba8fd8d0c26 0.059s
2025-02-21 08:51:14.657 63413 INFO tempest.lib.common.rest_client [req-3d21537a-a540-4d6f-a2df-518903a431da req-3d21537a-a540-4d6f-a2df-518903a431da ] Request (ServerDiagnosticsTest:tearDownClass): 200 GET http://10.180.1.21:9696/networking/v2.0/security-groups?tenant_id=11bd8d6aa22846ae8a56d040e91f7c01&name=default 0.188s
2025-02-21 08:51:14.660 63417 INFO tempest.lib.common.rest_client [req-c9141b89-1d89-4774-a019-94f32be350ee req-c9141b89-1d89-4774-a019-94f32be350ee ] Request (MigrationsAdminTest:test_resize_server_revert_deleted_flavor): 200 GET http://10.180.1.21/compute/v2.1/servers/878bfa51-a829-4537-a841-31273a0b09cc 0.056s
2025-02-21 08:51:14.734 63413 INFO tempest.lib.common.rest_client [req-7d5056dc-887f-4358-b7bd-49bdbe947248 req-7d5056dc-887f-4358-b7bd-49bdbe947248 ] Request (ServerDiagnosticsTest:tearDownClass): 204 DELETE http://10.180.1.21:9696/networking/v2.0/security-groups/edb5d1c5-1a1c-4648-9357-bc170c988115 0.076s
2025-02-21 08:51:14.788 63413 INFO tempest.lib.common.rest_client [req-1e736e39-6dd1-45ee-9557-3d6e66a841ea req-1e736e39-6dd1-45ee-9557-3d6e66a841ea ] Request (ServerDiagnosticsTest:tearDownClass): 204 DELETE http://10.180.1.21/identity/v3/projects/11bd8d6aa22846ae8a56d040e91f7c01 0.054s
2025-02-21 08:51:14.789 63413 INFO tempest.lib.common.dynamic_creds [-] Deleting project and security group for project: 9765ac87324c40c5b839445a48776e72
2025-02-21 08:51:14.811 63421 INFO tempest.lib.common.rest_client [req-a63ced4e-63d7-40bb-9fac-6cccdec52454 req-a63ced4e-63d7-40bb-9fac-6cccdec52454 ] Request (TenantUsagesTestJSON:setUpClass): 200 GET http://10.180.1.21/compute/v2.1/servers/ffdded3a-f493-42b9-a5bf-f1f71c6fa699 0.093s
2025-02-21 08:51:14.814 63413 INFO tempest.lib.common.rest_client [req-8063c263-e4bd-4849-8b9e-6b30bcd38307 req-8063c263-e4bd-4849-8b9e-6b30bcd38307 ] Request (ServerDiagnosticsTest:tearDownClass): 200 GET http://10.180.1.21:9696/networking/v2.0/security-groups?tenant_id=9765ac87324c40c5b839445a48776e72&name=default 0.025s
2025-02-21 08:51:14.820 63421 INFO tempest.common.waiters [-] State transition "BUILD/spawning" ==> "ACTIVE/None" after 61 second wait
2025-02-21 08:51:14.906 63413 INFO tempest.lib.common.rest_client [req-0c7584a5-cd80-49a2-a8b0-62c8fab33540 req-0c7584a5-cd80-49a2-a8b0-62c8fab33540 ] Request (ServerDiagnosticsTest:tearDownClass): 204 DELETE http://10.180.1.21:9696/networking/v2.0/security-groups/282937e2-ee3b-454f-acb3-43936af9e482 0.092s
2025-02-21 08:51:14.979 63433 INFO tempest.lib.common.rest_client [req-b4ec7200-6652-4d24-84c6-9d223d2859ad req-b4ec7200-6652-4d24-84c6-9d223d2859ad ] Request (ServerActionsV293TestJSON:setUpClass): 200 GET http://10.180.1.21/compute/v2.1/servers/51b3dd53-5669-4967-8b80-6b9b89d997cb 0.097s
2025-02-21 08:51:14.986 63421 INFO tempest.lib.common.rest_client [req-77a36c1b-1a21-414a-a6f4-7d278190022d req-77a36c1b-1a21-414a-a6f4-7d278190022d ] Request (TenantUsagesTestJSON:test_get_usage_tenant): 200 GET http://10.180.1.21/compute/v2.1/os-simple-tenant-usage/e1206674d14f4587b527faf1f3ba954b?start=2025-02-20T08%3A51%3A14.820575&end=2025-02-22T08%3A51%3A14.820575 0.165s
2025-02-21 08:51:14.996 63413 INFO tempest.lib.common.rest_client [req-b9205272-ca5b-47d9-bb4f-6ded7b4bb444 req-b9205272-ca5b-47d9-bb4f-6ded7b4bb444 ] Request (ServerDiagnosticsTest:tearDownClass): 204 DELETE http://10.180.1.21/identity/v3/projects/9765ac87324c40c5b839445a48776e72 0.089s
2025-02-21 08:51:15.025 63387 INFO tempest.lib.common.rest_client [req-5ae8eb50-ab2f-4083-8a33-9254f6a71a2d req-5ae8eb50-ab2f-4083-8a33-9254f6a71a2d ] Request (MultipleCreateTestJSON:test_multiple_create): 200 GET http://10.180.1.21/compute/v2.1/servers/1b4ce059-48cf-4e2c-9717-8435265be136 0.122s
2025-02-21 08:51:15.036 63427 INFO tempest.lib.common.rest_client [req-ee9af1aa-5bf8-4543-93be-ffd300804c9a req-ee9af1aa-5bf8-4543-93be-ffd300804c9a ] Request (ListServerFiltersTestJSON:setUpClass): 200 GET http://10.180.1.21/compute/v2.1/servers/591f0933-c3e5-4d84-b7ae-5125f18f7110 0.105s
2025-02-21 08:51:15.051 63413 INFO tempest.lib.common.rest_client [req-3386419d-cc9d-4896-b7fd-cc09cf41304d req-3386419d-cc9d-4896-b7fd-cc09cf41304d ] Request (ImagesOneServerNegativeTestJSON:setUpClass): 201 POST http://10.180.1.21/identity/v3/auth/tokens 0.054s
2025-02-21 08:51:15.070 63443 INFO tempest.lib.common.rest_client [req-7bcfacc3-b205-4c8d-9c99-de45fea3edbd req-7bcfacc3-b205-4c8d-9c99-de45fea3edbd ] Request (DeleteServersTestJSON:test_delete_server_while_in_attached_volume): 200 GET http://10.180.1.21/compute/v2.1/servers/5fae8f14-70bd-496e-b311-8555e6eb8dd6 0.112s
2025-02-21 08:51:15.080 63413 INFO tempest.lib.common.rest_client [req-8e55e38d-2806-4d7e-886f-d9f7a62975d3 req-8e55e38d-2806-4d7e-886f-d9f7a62975d3 ] Request (ImagesOneServerNegativeTestJSON:setUpClass): 201 POST http://10.180.1.21/identity/v3/auth/tokens 0.027s
2025-02-21 08:51:15.082 63405 INFO tempest.lib.common.rest_client [req-c662443a-3df3-4682-bf09-ef3fc9968e84 req-c662443a-3df3-4682-bf09-ef3fc9968e84 ] Request (ServersTestMultiNic:test_verify_multiple_nics_order): 200 GET http://10.180.1.21/compute/v2.1/servers/5c6d73d6-f07f-4581-824f-2b13701c8f88 0.099s
2025-02-21 08:51:15.104 63421 INFO tempest.lib.common.rest_client [req-8c76b867-b08e-4948-94ac-28341af9c19f req-8c76b867-b08e-4948-94ac-28341af9c19f ] Request (TenantUsagesTestJSON:test_get_usage_tenant_with_non_admin_user): 200 GET http://10.180.1.21/compute/v2.1/os-simple-tenant-usage/e1206674d14f4587b527faf1f3ba954b?start=2025-02-20T08%3A51%3A14.820575&end=2025-02-22T08%3A51%3A14.820575 0.113s
2025-02-21 08:51:15.109 63413 INFO tempest.lib.common.rest_client [req-ba8a7a5d-93a7-4a64-8488-f2f4266bd634 req-ba8a7a5d-93a7-4a64-8488-f2f4266bd634 ] Request (ImagesOneServerNegativeTestJSON:setUpClass): 200 GET http://10.180.1.21/identity/v3/domains?name=Default 0.028s
2025-02-21 08:51:15.143 63413 INFO tempest.lib.common.rest_client [req-0802f3b0-07c1-49c7-bb2d-4865e815fe3a req-0802f3b0-07c1-49c7-bb2d-4865e815fe3a ] Request (ImagesOneServerNegativeTestJSON:setUpClass): 201 POST http://10.180.1.21/identity/v3/projects 0.033s
2025-02-21 08:51:15.163 63429 INFO tempest.lib.common.rest_client [req-41e702a2-f943-420e-addd-16018b7183b0 req-41e702a2-f943-420e-addd-16018b7183b0 ] Request (ServerExternalEventsTest:tearDownClass): 200 GET http://10.180.1.21/compute/v2.1/servers/197ae546-2199-49d6-b4cc-a295e4353a1f 0.071s
2025-02-21 08:51:15.165 63431 INFO tempest.lib.common.rest_client [req-0ee9a475-1cb5-4a3a-9fe4-5f2cf512627e req-0ee9a475-1cb5-4a3a-9fe4-5f2cf512627e ] Request (ImagesOneServerTestJSON:setUpClass): 200 GET http://10.180.1.21/compute/v2.1/servers/821a516b-af49-4b2c-b120-d08b237ccb7b 0.063s
2025-02-21 08:51:15.200 63413 INFO tempest.lib.common.rest_client [req-9dc3f853-d865-40cd-875f-1b43dac00b58 req-9dc3f853-d865-40cd-875f-1b43dac00b58 ] Request (ImagesOneServerNegativeTestJSON:setUpClass): 201 POST http://10.180.1.21/identity/v3/users 0.057s
2025-02-21 08:51:15.220 63421 INFO tempest.lib.common.rest_client [req-8b04a686-2731-4c67-bd02-de79afc6a920 req-8b04a686-2731-4c67-bd02-de79afc6a920 ] Request (TenantUsagesTestJSON:test_list_usage_all_tenants): 200 GET http://10.180.1.21/compute/v2.1/os-simple-tenant-usage?start=2025-02-20T08%3A51%3A14.820575&end=2025-02-22T08%3A51%3A14.820575&detailed=1 0.112s
2025-02-21 08:51:15.221 63383 INFO tempest.lib.common.rest_client [req-92f160d6-8467-44c0-bfd9-826f86e44828 req-92f160d6-8467-44c0-bfd9-826f86e44828 ] Request (DeleteServersAdminTestJSON:test_delete_server_while_in_error_state): 200 GET http://10.180.1.21/compute/v2.1/servers/be7b959e-265e-41e1-b578-acb0ec182c71 0.057s
2025-02-21 08:51:15.224 63413 INFO tempest.lib.common.rest_client [req-bcaca9f5-094a-415b-b1b4-f7b8c1d4a73a req-bcaca9f5-094a-415b-b1b4-f7b8c1d4a73a ] Request (ImagesOneServerNegativeTestJSON:setUpClass): 200 GET http://10.180.1.21/identity/v3/roles 0.023s
2025-02-21 08:51:15.259 63413 INFO tempest.lib.common.rest_client [req-7fe1de5b-6285-4078-a25d-3a0b5acf183a req-7fe1de5b-6285-4078-a25d-3a0b5acf183a ] Request (ImagesOneServerNegativeTestJSON:setUpClass): 204 PUT http://10.180.1.21/identity/v3/projects/dcd8831404f94f83ac6fbd047e38aada/users/ec9c460d37394ec4b1d6dd7f31e8882d/roles/74c0bd29307245b796d58e79a49b940a 0.035s
2025-02-21 08:51:15.260 63413 INFO tempest.lib.common.dynamic_creds [-] Dynamic test user ec9c460d37394ec4b1d6dd7f31e8882d is created with scope project and roles: ['member']
2025-02-21 08:51:15.260 63413 INFO tempest.lib.common.dynamic_creds [-] Acquired dynamic creds: credentials: Credentials: {'domain_id': 'default', 'domain_name': 'Default', 'username': 'tempest-ImagesOneServerNegativeTestJSON-1431993711-project-member', 'project_domain_id': 'default', 'project_domain_name': 'Default', 'project_id': 'dcd8831404f94f83ac6fbd047e38aada', 'project_name': 'tempest-ImagesOneServerNegativeTestJSON-1431993711', 'tenant_id': 'dcd8831404f94f83ac6fbd047e38aada', 'tenant_name': 'tempest-ImagesOneServerNegativeTestJSON-1431993711', 'user_domain_id': 'default', 'user_domain_name': 'Default', 'user_id': 'ec9c460d37394ec4b1d6dd7f31e8882d', 'system': None}, Network: None, Subnet: None, Router: None
2025-02-21 08:51:15.277 63393 INFO tempest.lib.common.rest_client [req-0c9ba14c-edf0-457e-a805-efaf553d8081 req-0c9ba14c-edf0-457e-a805-efaf553d8081 ] Request (ServersTestJSON:test_create_server_with_ipv6_addr_only): 200 GET http://10.180.1.21/compute/v2.1/servers/62d329f2-b211-4c32-9cbd-5b4d68e825b8 0.079s
2025-02-21 08:51:15.317 63421 INFO tempest.lib.common.rest_client [req-386399c6-e409-4ec1-a4c5-a1db99e68247 req-386399c6-e409-4ec1-a4c5-a1db99e68247 ] Request (TenantUsagesTestJSON:tearDownClass): 204 DELETE http://10.180.1.21/compute/v2.1/servers/ffdded3a-f493-42b9-a5bf-f1f71c6fa699 0.082s
2025-02-21 08:51:15.322 63413 INFO tempest.lib.common.rest_client [req-c26abfc2-7652-4f5a-b40a-17b1cf65957a req-c26abfc2-7652-4f5a-b40a-17b1cf65957a ] Request (ImagesOneServerNegativeTestJSON:setUpClass): 201 POST http://10.180.1.21/identity/v3/auth/tokens 0.062s
2025-02-21 08:51:15.373 63409 WARNING tempest.lib.common.ssh [-] Failed to establish authenticated ssh connection to cirros@10.180.180.153 ([Errno None] Unable to connect to port 22 on 10.180.180.153). Number attempts: 3. Retry after 4 seconds.: paramiko.ssh_exception.NoValidConnectionsError: [Errno None] Unable to connect to port 22 on 10.180.180.153
2025-02-21 08:51:15.380 63399 INFO tempest.lib.common.rest_client [req-e17a8cf2-9501-47ba-9c8f-002de94b91cf req-e17a8cf2-9501-47ba-9c8f-002de94b91cf ] Request (InstanceActionsNegativeTestJSON:tearDownClass): 200 GET http://10.180.1.21/compute/v2.1/servers/79a8096d-00eb-4e1c-810f-cc9f65eb6110 0.064s
2025-02-21 08:51:15.444 63421 INFO tempest.lib.common.rest_client [req-4f92e46a-700c-4997-9007-0cfcd3903be7 req-4f92e46a-700c-4997-9007-0cfcd3903be7 ] Request (TenantUsagesTestJSON:tearDownClass): 200 GET http://10.180.1.21/compute/v2.1/servers/ffdded3a-f493-42b9-a5bf-f1f71c6fa699 0.127s
2025-02-21 08:51:15.447 63381 INFO tempest.lib.common.rest_client [req-d0732055-6dce-45e1-a605-1f5941849991 req-d0732055-6dce-45e1-a605-1f5941849991 ] Request (ServerShowV247Test:tearDownClass): 200 GET http://10.180.1.21/compute/v2.1/servers/46864447-5fdc-4e7e-ad3d-63c9d7c15afc 0.099s
2025-02-21 08:51:15.491 63423 INFO tempest.lib.common.rest_client [req-aabc9688-5710-4e5d-a598-16bf1b09dd12 req-aabc9688-5710-4e5d-a598-16bf1b09dd12 ] Request (ServerShowV254Test:test_rebuild_server): 200 GET http://10.180.1.21/compute/v2.1/servers/1e36432b-3ebc-4417-b914-5feb9fbd040d 0.113s
2025-02-21 08:51:15.505 63401 INFO tempest.lib.common.rest_client [req-f0738395-3bf0-4437-99d5-43105a74b2d9 req-f0738395-3bf0-4437-99d5-43105a74b2d9 ] Request (ServersAdminNegativeTestJSON:tearDownClass): 200 GET http://10.180.1.21/compute/v2.1/servers/27309833-bf08-4d8d-a71e-fd2ae2d46b35 0.094s
2025-02-21 08:51:15.558 63407 INFO tempest.lib.common.rest_client [req-e4c1844f-f078-407d-8d89-a376452554d1 req-e4c1844f-f078-407d-8d89-a376452554d1 ] Request (ListImageFiltersTestJSON:setUpClass): 200 GET http://10.180.1.21/compute/v2.1/servers/57c6d90c-2e72-489b-bffc-10c040dbc6aa 0.129s
2025-02-21 08:51:15.562 63438 INFO tempest.lib.common.rest_client [req-4fba43c1-f132-4a9e-933d-154f2a4abba4 req-4fba43c1-f132-4a9e-933d-154f2a4abba4 ] Request (AttachInterfacesUnderV243Test:test_add_remove_fixed_ip): 200 GET http://10.180.1.21/compute/v2.1/servers/398e516b-9906-4e3f-b74d-b090a0437662 0.102s
2025-02-21 08:51:15.622 63413 INFO tempest.lib.common.rest_client [req-4536d096-d4bf-4efc-8065-59db816a5a7c req-4536d096-d4bf-4efc-8065-59db816a5a7c ] Request (ImagesOneServerNegativeTestJSON:setUpClass): 201 POST http://10.180.1.21:9696/networking/v2.0/networks 0.300s
2025-02-21 08:51:15.678 63385 INFO tempest.lib.common.rest_client [req-16ee19c4-644a-4dc5-87ab-e72ef9307771 req-16ee19c4-644a-4dc5-87ab-e72ef9307771 ] Request (ImagesTestJSON:test_create_image_from_suspended_server): 200 GET http://10.180.1.21/compute/v2.1/servers/dcfd1818-668f-4ec5-b182-9ba8fd8d0c26 0.050s
2025-02-21 08:51:15.721 63417 INFO tempest.lib.common.rest_client [req-a3daca12-94ab-41ec-bd4d-a08c95147836 req-a3daca12-94ab-41ec-bd4d-a08c95147836 ] Request (MigrationsAdminTest:test_resize_server_revert_deleted_flavor): 200 GET http://10.180.1.21/compute/v2.1/servers/878bfa51-a829-4537-a841-31273a0b09cc 0.052s
2025-02-21 08:51:15.773 63413 INFO tempest.lib.common.rest_client [req-f9df0897-4f75-439b-bd18-b4722885ef45 req-f9df0897-4f75-439b-bd18-b4722885ef45 ] Request (ImagesOneServerNegativeTestJSON:setUpClass): 201 POST http://10.180.1.21:9696/networking/v2.0/subnets 0.150s
2025-02-21 08:51:16.077 63439 WARNING tempest.lib.common.ssh [-] Failed to establish authenticated ssh connection to cirros@10.180.180.207 ([Errno None] Unable to connect to port 22 on 10.180.180.207). Number attempts: 4. Retry after 5 seconds.: paramiko.ssh_exception.NoValidConnectionsError: [Errno None] Unable to connect to port 22 on 10.180.180.207
2025-02-21 08:51:16.109 63387 INFO tempest.lib.common.rest_client [req-433c8993-12bc-45b2-b63a-929d03c086be req-433c8993-12bc-45b2-b63a-929d03c086be ] Request (MultipleCreateTestJSON:test_multiple_create): 200 GET http://10.180.1.21/compute/v2.1/servers/1b4ce059-48cf-4e2c-9717-8435265be136 0.076s
2025-02-21 08:51:16.131 63433 INFO tempest.lib.common.rest_client [req-214f0373-51bf-40be-a355-147d4b21fac5 req-214f0373-51bf-40be-a355-147d4b21fac5 ] Request (ServerActionsV293TestJSON:setUpClass): 200 GET http://10.180.1.21/compute/v2.1/servers/51b3dd53-5669-4967-8b80-6b9b89d997cb 0.140s
2025-02-21 08:51:16.160 63427 INFO tempest.lib.common.rest_client [req-2b1fc630-d358-4ebf-948f-3f793a93d58d req-2b1fc630-d358-4ebf-948f-3f793a93d58d ] Request (ListServerFiltersTestJSON:setUpClass): 200 GET http://10.180.1.21/compute/v2.1/servers/591f0933-c3e5-4d84-b7ae-5125f18f7110 0.117s
2025-02-21 08:51:16.204 63443 INFO tempest.lib.common.rest_client [req-73074053-c647-48f9-9b57-f70a175a2e52 req-73074053-c647-48f9-9b57-f70a175a2e52 ] Request (DeleteServersTestJSON:test_delete_server_while_in_attached_volume): 200 GET http://10.180.1.21/compute/v2.1/servers/5fae8f14-70bd-496e-b311-8555e6eb8dd6 0.125s
2025-02-21 08:51:16.238 63405 INFO tempest.lib.common.rest_client [req-a338ecb2-7a68-4f35-9a03-2aa306aa09cf req-a338ecb2-7a68-4f35-9a03-2aa306aa09cf ] Request (ServersTestMultiNic:test_verify_multiple_nics_order): 200 GET http://10.180.1.21/compute/v2.1/servers/5c6d73d6-f07f-4581-824f-2b13701c8f88 0.146s
2025-02-21 08:51:16.307 63429 INFO tempest.lib.common.rest_client [req-0047c489-225c-450b-9c10-03b6b2597f12 req-0047c489-225c-450b-9c10-03b6b2597f12 ] Request (ServerExternalEventsTest:tearDownClass): 200 GET http://10.180.1.21/compute/v2.1/servers/197ae546-2199-49d6-b4cc-a295e4353a1f 0.136s
2025-02-21 08:51:16.307 63431 INFO tempest.lib.common.rest_client [req-3a6a2108-8b24-449c-8f71-3fec71e6a26f req-3a6a2108-8b24-449c-8f71-3fec71e6a26f ] Request (ImagesOneServerTestJSON:setUpClass): 200 GET http://10.180.1.21/compute/v2.1/servers/821a516b-af49-4b2c-b120-d08b237ccb7b 0.134s
2025-02-21 08:51:16.383 63393 INFO tempest.lib.common.rest_client [req-e440f41c-636a-44d1-be93-30ad73716273 req-e440f41c-636a-44d1-be93-30ad73716273 ] Request (ServersTestJSON:test_create_server_with_ipv6_addr_only): 200 GET http://10.180.1.21/compute/v2.1/servers/62d329f2-b211-4c32-9cbd-5b4d68e825b8 0.098s
2025-02-21 08:51:16.386 63383 INFO tempest.lib.common.rest_client [req-eadcfdae-837b-435c-ba9b-9f7670ddb9e1 req-eadcfdae-837b-435c-ba9b-9f7670ddb9e1 ] Request (DeleteServersAdminTestJSON:test_delete_server_while_in_error_state): 200 GET http://10.180.1.21/compute/v2.1/servers/be7b959e-265e-41e1-b578-acb0ec182c71 0.157s
2025-02-21 08:51:16.448 63399 INFO tempest.lib.common.rest_client [req-7b728bfb-c2f6-4289-8ee4-6ceedbdcd01d req-7b728bfb-c2f6-4289-8ee4-6ceedbdcd01d ] Request (InstanceActionsNegativeTestJSON:tearDownClass): 200 GET http://10.180.1.21/compute/v2.1/servers/79a8096d-00eb-4e1c-810f-cc9f65eb6110 0.060s
2025-02-21 08:51:16.531 63381 INFO tempest.lib.common.rest_client [req-d813071f-0f5c-4e0e-b938-4f0bf4126a23 req-d813071f-0f5c-4e0e-b938-4f0bf4126a23 ] Request (ServerShowV247Test:tearDownClass): 200 GET http://10.180.1.21/compute/v2.1/servers/46864447-5fdc-4e7e-ad3d-63c9d7c15afc 0.074s
