2025-02-21 08:49:52.481 63407 INFO tempest.lib.common.rest_client [req-c45df877-deb6-40ff-9cc8-69cd741081cd req-c45df877-deb6-40ff-9cc8-69cd741081cd ] Request (InstanceUsageAuditLogNegativeTestJSON:tearDownClass): 204 DELETE http://10.180.1.21/identity/v3/projects/6492c18c67c24fbda1d59d7b19544b3e 0.149s
2025-02-21 08:49:52.541 63439 INFO tempest.lib.common.rest_client [req-501dc0b7-9962-45e1-90e8-7b6e6a75f7ac req-501dc0b7-9962-45e1-90e8-7b6e6a75f7ac ] Request (VolumesAdminNegativeTest:setUpClass): 200 GET http://10.180.1.21/identity/v3/roles 0.089s
2025-02-21 08:49:52.547 63429 INFO tempest.lib.common.rest_client [req-396e568a-00f6-4727-b70b-0a9d85f70a69 req-396e568a-00f6-4727-b70b-0a9d85f70a69 ] Request (ServerExternalEventsTest:setUpClass): 204 PUT http://10.180.1.21/identity/v3/projects/713f52904ec94f62b035f2d3d180f901/users/ce0c8ed1ed6f46439ebf0b42fda7d73e/roles/b9c96fed67cf40aba6a2dd630d7c1cd4 0.126s
2025-02-21 08:49:52.597 63438 INFO tempest.lib.common.rest_client [req-df411082-34cc-40c4-bbc0-05c9ccbd9620 req-df411082-34cc-40c4-bbc0-05c9ccbd9620 ] Request (ServersAdmin275Test:_run_cleanups): 200 GET http://10.180.1.21/compute/v2.1/servers/0ac90090-56b1-4ea2-8a94-e0c98b5ee974 1.130s
2025-02-21 08:49:52.618 63407 INFO tempest.lib.common.rest_client [req-193845d9-39fb-4b2c-a8f5-43e465ece7c2 req-193845d9-39fb-4b2c-a8f5-43e465ece7c2 ] Request (QuotasAdminTestV236:setUpClass): 201 POST http://10.180.1.21/identity/v3/auth/tokens 0.135s
2025-02-21 08:49:52.621 63441 WARNING tempest.lib.common.ssh [-] Failed to establish authenticated ssh connection to cirros@10.180.180.160 ([Errno None] Unable to connect to port 22 on 10.180.180.160). Number attempts: 3. Retry after 4 seconds.: paramiko.ssh_exception.NoValidConnectionsError: [Errno None] Unable to connect to port 22 on 10.180.180.160
2025-02-21 08:49:52.626 63439 INFO tempest.lib.common.rest_client [req-315aa66a-1ea0-450a-89ae-a90c94f99a3f req-315aa66a-1ea0-450a-89ae-a90c94f99a3f ] Request (VolumesAdminNegativeTest:setUpClass): 204 PUT http://10.180.1.21/identity/v3/projects/87f975f367d2479f92f000a3f7ec35bc/users/1ab41d0143d448f88375643ed9f8c29e/roles/b9c96fed67cf40aba6a2dd630d7c1cd4 0.085s
2025-02-21 08:49:52.689 63429 INFO tempest.lib.common.rest_client [req-e396b469-afb2-42ee-ac7f-eec8f180e96b req-e396b469-afb2-42ee-ac7f-eec8f180e96b ] Request (ServerExternalEventsTest:setUpClass): 200 GET http://10.180.1.21/identity/v3/roles 0.142s
2025-02-21 08:49:52.700 63407 INFO tempest.lib.common.rest_client [req-c3a30f3a-9b10-4df1-a1cb-ef5e6e8a45bc req-c3a30f3a-9b10-4df1-a1cb-ef5e6e8a45bc ] Request (QuotasAdminTestV236:setUpClass): 201 POST http://10.180.1.21/identity/v3/auth/tokens 0.075s
2025-02-21 08:49:52.709 63439 INFO tempest.lib.common.rest_client [req-93ca083b-0689-426d-b990-a756b1c5018f req-93ca083b-0689-426d-b990-a756b1c5018f ] Request (VolumesAdminNegativeTest:setUpClass): 200 GET http://10.180.1.21/identity/v3/roles 0.082s
2025-02-21 08:49:52.715 63387 INFO tempest.lib.common.rest_client [req-d506afe4-a7d0-407f-92c9-bc373cbe97a8 req-d506afe4-a7d0-407f-92c9-bc373cbe97a8 ] Request (ServerDiagnosticsV248Test:tearDownClass): 200 GET http://10.180.1.21/compute/v2.1/servers/214009d9-dcb7-40a1-bd46-e1d06d96f2f5 1.142s
2025-02-21 08:49:52.721 63419 INFO tempest.lib.common.rest_client [req-260246a8-e431-49a7-916d-c94fd977708b req-260246a8-e431-49a7-916d-c94fd977708b ] Request (VolumesNegativeTest:test_create_volume_with_size_zero): 400 POST http://10.180.1.21/compute/v2.1/os-volumes 1.067s
2025-02-21 08:49:52.730 63429 INFO tempest.lib.common.rest_client [req-44f49f81-8200-4467-995e-61448afdb2e2 req-44f49f81-8200-4467-995e-61448afdb2e2 ] Request (ServerExternalEventsTest:setUpClass): 204 PUT http://10.180.1.21/identity/v3/projects/713f52904ec94f62b035f2d3d180f901/users/ce0c8ed1ed6f46439ebf0b42fda7d73e/roles/b9c96fed67cf40aba6a2dd630d7c1cd4 0.040s
2025-02-21 08:49:52.730 63429 INFO tempest.lib.common.dynamic_creds [-] Dynamic test user ce0c8ed1ed6f46439ebf0b42fda7d73e is created with scope project and roles: ['admin']
2025-02-21 08:49:52.730 63429 INFO tempest.lib.common.dynamic_creds [-] Acquired dynamic creds: credentials: Credentials: {'domain_id': 'default', 'domain_name': 'Default', 'username': 'tempest-ServerExternalEventsTest-797158618-project-admin', 'project_domain_id': 'default', 'project_domain_name': 'Default', 'project_id': '713f52904ec94f62b035f2d3d180f901', 'project_name': 'tempest-ServerExternalEventsTest-797158618', 'tenant_id': '713f52904ec94f62b035f2d3d180f901', 'tenant_name': 'tempest-ServerExternalEventsTest-797158618', 'user_domain_id': 'default', 'user_domain_name': 'Default', 'user_id': 'ce0c8ed1ed6f46439ebf0b42fda7d73e', 'system': None}, Network: None, Subnet: None, Router: None
2025-02-21 08:49:52.730 63429 INFO tempest.lib.common.dynamic_creds [-] Created isolated network resources for: credentials: Credentials: {'domain_id': 'default', 'domain_name': 'Default', 'username': 'tempest-ServerExternalEventsTest-797158618-project-admin', 'project_domain_id': 'default', 'project_domain_name': 'Default', 'project_id': '713f52904ec94f62b035f2d3d180f901', 'project_name': 'tempest-ServerExternalEventsTest-797158618', 'tenant_id': '713f52904ec94f62b035f2d3d180f901', 'tenant_name': 'tempest-ServerExternalEventsTest-797158618', 'user_domain_id': 'default', 'user_domain_name': 'Default', 'user_id': 'ce0c8ed1ed6f46439ebf0b42fda7d73e', 'system': None}, Network: None, Subnet: None, Router: None
2025-02-21 08:49:52.786 63439 INFO tempest.lib.common.rest_client [req-3b92645f-98cd-4e11-94a9-6ea242811437 req-3b92645f-98cd-4e11-94a9-6ea242811437 ] Request (VolumesAdminNegativeTest:setUpClass): 204 PUT http://10.180.1.21/identity/v3/projects/87f975f367d2479f92f000a3f7ec35bc/users/1ab41d0143d448f88375643ed9f8c29e/roles/b9c96fed67cf40aba6a2dd630d7c1cd4 0.076s
2025-02-21 08:49:52.786 63439 INFO tempest.lib.common.dynamic_creds [-] Dynamic test user 1ab41d0143d448f88375643ed9f8c29e is created with scope project and roles: ['admin']
2025-02-21 08:49:52.786 63439 INFO tempest.lib.common.dynamic_creds [-] Acquired dynamic creds: credentials: Credentials: {'domain_id': 'default', 'domain_name': 'Default', 'username': 'tempest-VolumesAdminNegativeTest-159329615-project-admin', 'project_domain_id': 'default', 'project_domain_name': 'Default', 'project_id': '87f975f367d2479f92f000a3f7ec35bc', 'project_name': 'tempest-VolumesAdminNegativeTest-159329615', 'tenant_id': '87f975f367d2479f92f000a3f7ec35bc', 'tenant_name': 'tempest-VolumesAdminNegativeTest-159329615', 'user_domain_id': 'default', 'user_domain_name': 'Default', 'user_id': '1ab41d0143d448f88375643ed9f8c29e', 'system': None}, Network: None, Subnet: None, Router: None
2025-02-21 08:49:52.803 63407 INFO tempest.lib.common.rest_client [req-8f941e7b-7d8c-4406-a6ee-dac4fb91145a req-8f941e7b-7d8c-4406-a6ee-dac4fb91145a ] Request (QuotasAdminTestV236:setUpClass): 200 GET http://10.180.1.21/identity/v3/domains?name=Default 0.103s
2025-02-21 08:49:52.832 63405 INFO tempest.lib.common.rest_client [req-3f7d588d-121c-4e15-af12-8b7fc1b0df39 req-3f7d588d-121c-4e15-af12-8b7fc1b0df39 ] Request (ServersTestMultiNic:_run_cleanups): 200 GET http://10.180.1.21/compute/v2.1/servers/4abcfad4-6a44-4a21-962b-5157d09a6fbd 1.157s
2025-02-21 08:49:52.874 63429 INFO tempest.lib.common.rest_client [req-f15ee5a4-8543-43b6-a7e0-a43881ba4e87 req-f15ee5a4-8543-43b6-a7e0-a43881ba4e87 ] Request (ServerExternalEventsTest:setUpClass): 201 POST http://10.180.1.21/identity/v3/auth/tokens 0.141s
2025-02-21 08:49:52.900 63407 INFO tempest.lib.common.rest_client [req-4346e027-6506-4430-b0ea-557b6ff6ab71 req-4346e027-6506-4430-b0ea-557b6ff6ab71 ] Request (QuotasAdminTestV236:setUpClass): 201 POST http://10.180.1.21/identity/v3/projects 0.095s
2025-02-21 08:49:52.919 63429 INFO tempest.lib.common.rest_client [req-6ca70552-a1ae-443d-b833-31aa6265466f req-6ca70552-a1ae-443d-b833-31aa6265466f ] Request (ServerExternalEventsTest:setUpClass): 201 POST http://10.180.1.21/identity/v3/projects 0.044s
2025-02-21 08:49:53.006 63429 INFO tempest.lib.common.rest_client [req-1188a2e1-6cc3-4cb9-a820-4c896817bfd9 req-1188a2e1-6cc3-4cb9-a820-4c896817bfd9 ] Request (ServerExternalEventsTest:setUpClass): 201 POST http://10.180.1.21/identity/v3/users 0.086s
2025-02-21 08:49:53.010 63407 INFO tempest.lib.common.rest_client [req-cbfca705-dd8f-4482-965b-08e72f960c62 req-cbfca705-dd8f-4482-965b-08e72f960c62 ] Request (QuotasAdminTestV236:setUpClass): 201 POST http://10.180.1.21/identity/v3/users 0.109s
2025-02-21 08:49:53.035 63407 INFO tempest.lib.common.rest_client [req-16ff4a0c-30b6-4383-b87e-8ef847c5863d req-16ff4a0c-30b6-4383-b87e-8ef847c5863d ] Request (QuotasAdminTestV236:setUpClass): 200 GET http://10.180.1.21/identity/v3/roles 0.024s
2025-02-21 08:49:53.047 63429 INFO tempest.lib.common.rest_client [req-6b2eff1a-132b-4132-b523-777b61c2981d req-6b2eff1a-132b-4132-b523-777b61c2981d ] Request (ServerExternalEventsTest:setUpClass): 200 GET http://10.180.1.21/identity/v3/roles 0.040s
2025-02-21 08:49:53.069 63433 INFO tempest.lib.common.rest_client [req-2a0d40ad-6774-4546-bc08-5eeef835e379 req-2a0d40ad-6774-4546-bc08-5eeef835e379 ] Request (ServerActionsV293TestJSON:setUpClass): 201 POST http://10.180.1.21:9696/networking/v2.0/floatingips 0.639s
2025-02-21 08:49:53.076 63407 INFO tempest.lib.common.rest_client [req-23fd649d-f23a-443c-bbb0-1efd49565ab3 req-23fd649d-f23a-443c-bbb0-1efd49565ab3 ] Request (QuotasAdminTestV236:setUpClass): 204 PUT http://10.180.1.21/identity/v3/projects/94c7b4443a9c4e57bbc5ff4dfa557c54/users/399802398748416f81165d660c162dc6/roles/74c0bd29307245b796d58e79a49b940a 0.041s
2025-02-21 08:49:53.076 63407 INFO tempest.lib.common.dynamic_creds [-] Dynamic test user 399802398748416f81165d660c162dc6 is created with scope project and roles: ['member']
2025-02-21 08:49:53.076 63407 INFO tempest.lib.common.dynamic_creds [-] Acquired dynamic creds: credentials: Credentials: {'domain_id': 'default', 'domain_name': 'Default', 'username': 'tempest-QuotasAdminTestV236-409292983-project-member', 'project_domain_id': 'default', 'project_domain_name': 'Default', 'project_id': '94c7b4443a9c4e57bbc5ff4dfa557c54', 'project_name': 'tempest-QuotasAdminTestV236-409292983', 'tenant_id': '94c7b4443a9c4e57bbc5ff4dfa557c54', 'tenant_name': 'tempest-QuotasAdminTestV236-409292983', 'user_domain_id': 'default', 'user_domain_name': 'Default', 'user_id': '399802398748416f81165d660c162dc6', 'system': None}, Network: None, Subnet: None, Router: None
2025-02-21 08:49:53.076 63407 INFO tempest.lib.common.dynamic_creds [-] Created isolated network resources for: credentials: Credentials: {'domain_id': 'default', 'domain_name': 'Default', 'username': 'tempest-QuotasAdminTestV236-409292983-project-member', 'project_domain_id': 'default', 'project_domain_name': 'Default', 'project_id': '94c7b4443a9c4e57bbc5ff4dfa557c54', 'project_name': 'tempest-QuotasAdminTestV236-409292983', 'tenant_id': '94c7b4443a9c4e57bbc5ff4dfa557c54', 'tenant_name': 'tempest-QuotasAdminTestV236-409292983', 'user_domain_id': 'default', 'user_domain_name': 'Default', 'user_id': '399802398748416f81165d660c162dc6', 'system': None}, Network: None, Subnet: None, Router: None
2025-02-21 08:49:53.085 63429 INFO tempest.lib.common.rest_client [req-71f36d83-24f3-4edd-882e-5e9da0f4cde4 req-71f36d83-24f3-4edd-882e-5e9da0f4cde4 ] Request (ServerExternalEventsTest:setUpClass): 204 PUT http://10.180.1.21/identity/v3/projects/486b45e42bb649838ebec2faf82a720b/users/66fd45b4e93249b68fec0819891d4f70/roles/a70cd62f28e1424d86631b33892522c8 0.038s
2025-02-21 08:49:53.140 63433 INFO tempest.lib.common.rest_client [req-0def8d91-89ab-4e93-b74c-b4e62a49f1d8 req-0def8d91-89ab-4e93-b74c-b4e62a49f1d8 ] Request (ServerActionsV293TestJSON:setUpClass): 201 POST http://10.180.1.21/identity/v3/auth/tokens 0.065s
2025-02-21 08:49:53.140 63433 INFO tempest.lib.common.fixed_network [-] (ServerActionsV293TestJSON:setUpClass) Found network {'id': '85146f06-3092-471d-9d86-13a59800d999', 'name': 'tempest-ServerActionsV293TestJSON-2022584903-network', 'tenant_id': '72b0585c35c24e27856994e63291445e', 'admin_state_up': True, 'mtu': 8950, 'status': 'ACTIVE', 'subnets': [], 'shared': False, 'project_id': '72b0585c35c24e27856994e63291445e', 'port_security_enabled': True, 'router:external': False, 'provider:network_type': 'vlan', 'provider:physical_network': 'default', 'provider:segmentation_id': 214, 'availability_zone_hints': [], 'availability_zones': [], 'ipv4_address_scope': None, 'ipv6_address_scope': None, 'description': '', 'tags': [], 'created_at': '2025-02-21T08:49:46Z', 'updated_at': '2025-02-21T08:49:46Z', 'revision_number': 1} available for tenant
2025-02-21 08:49:53.156 63407 INFO tempest.lib.common.rest_client [req-b2e275bd-f3bf-45cb-9b64-8f094c2ae005 req-b2e275bd-f3bf-45cb-9b64-8f094c2ae005 ] Request (QuotasAdminTestV236:setUpClass): 201 POST http://10.180.1.21/identity/v3/auth/tokens 0.077s
2025-02-21 08:49:53.195 63429 INFO tempest.lib.common.rest_client [req-58c1fa70-7633-4c41-a881-27ca268113db req-58c1fa70-7633-4c41-a881-27ca268113db ] Request (ServerExternalEventsTest:setUpClass): 200 GET http://10.180.1.21/identity/v3/roles 0.110s
2025-02-21 08:49:53.204 63403 INFO tempest.lib.common.rest_client [req-bdb95509-9737-4f13-9c14-0e6eace326af req-bdb95509-9737-4f13-9c14-0e6eace326af ] Request (AttachInterfacesTestJSON:test_create_list_show_delete_interfaces_by_fixed_ip): 200 GET http://10.180.1.21/compute/v2.1/servers/0fd393bb-8113-4b12-93ea-2d257fb98ae0 1.416s
2025-02-21 08:49:53.217 63407 INFO tempest.lib.common.rest_client [req-b9e1ff94-3b16-4057-846f-f6607a6e7c46 req-b9e1ff94-3b16-4057-846f-f6607a6e7c46 ] Request (QuotasAdminTestV236:setUpClass): 201 POST http://10.180.1.21/identity/v3/projects 0.060s
2025-02-21 08:49:53.232 63429 INFO tempest.lib.common.rest_client [req-e5362c52-fad1-4695-89c5-c5a4f8df9224 req-e5362c52-fad1-4695-89c5-c5a4f8df9224 ] Request (ServerExternalEventsTest:setUpClass): 204 PUT http://10.180.1.21/identity/v3/projects/486b45e42bb649838ebec2faf82a720b/users/66fd45b4e93249b68fec0819891d4f70/roles/b9c96fed67cf40aba6a2dd630d7c1cd4 0.036s
2025-02-21 08:49:53.232 63429 INFO tempest.lib.common.dynamic_creds [-] Dynamic test user 66fd45b4e93249b68fec0819891d4f70 is created with scope project and roles: ['service', 'admin']
2025-02-21 08:49:53.232 63429 INFO tempest.lib.common.dynamic_creds [-] Acquired dynamic creds: credentials: Credentials: {'domain_id': 'default', 'domain_name': 'Default', 'username': 'tempest-ServerExternalEventsTest-86233247-project', 'project_domain_id': 'default', 'project_domain_name': 'Default', 'project_id': '486b45e42bb649838ebec2faf82a720b', 'project_name': 'tempest-ServerExternalEventsTest-86233247', 'tenant_id': '486b45e42bb649838ebec2faf82a720b', 'tenant_name': 'tempest-ServerExternalEventsTest-86233247', 'user_domain_id': 'default', 'user_domain_name': 'Default', 'user_id': '66fd45b4e93249b68fec0819891d4f70', 'system': None}, Network: None, Subnet: None, Router: None
2025-02-21 08:49:53.232 63429 INFO tempest.lib.common.dynamic_creds [-] Created isolated network resources for: credentials: Credentials: {'domain_id': 'default', 'domain_name': 'Default', 'username': 'tempest-ServerExternalEventsTest-86233247-project', 'project_domain_id': 'default', 'project_domain_name': 'Default', 'project_id': '486b45e42bb649838ebec2faf82a720b', 'project_name': 'tempest-ServerExternalEventsTest-86233247', 'tenant_id': '486b45e42bb649838ebec2faf82a720b', 'tenant_name': 'tempest-ServerExternalEventsTest-86233247', 'user_domain_id': 'default', 'user_domain_name': 'Default', 'user_id': '66fd45b4e93249b68fec0819891d4f70', 'system': None}, Network: None, Subnet: None, Router: None
2025-02-21 08:49:53.298 63407 INFO tempest.lib.common.rest_client [req-9d497f83-5f58-4624-9d34-1ad3204b4fe9 req-9d497f83-5f58-4624-9d34-1ad3204b4fe9 ] Request (QuotasAdminTestV236:setUpClass): 201 POST http://10.180.1.21/identity/v3/users 0.081s
2025-02-21 08:49:53.310 63413 INFO tempest.lib.common.rest_client [req-285696f3-a342-40c1-9a91-89f26b59e872 req-285696f3-a342-40c1-9a91-89f26b59e872 ] Request (ServerDiagnosticsTest:test_get_server_diagnostics): 200 GET http://10.180.1.21/compute/v2.1/servers/3dd36d4d-cbaa-4203-a1df-c7e8670682ff 1.459s
2025-02-21 08:49:53.349 63429 INFO tempest.lib.common.rest_client [req-4bdb639a-244d-4974-8fac-39b9cc4d2be7 req-4bdb639a-244d-4974-8fac-39b9cc4d2be7 ] Request (ServerExternalEventsTest:setUpClass): 201 POST http://10.180.1.21/identity/v3/auth/tokens 0.111s
2025-02-21 08:49:53.373 63407 INFO tempest.lib.common.rest_client [req-7a6ba9bf-0be7-473c-adb0-c0cf864c0207 req-7a6ba9bf-0be7-473c-adb0-c0cf864c0207 ] Request (QuotasAdminTestV236:setUpClass): 200 GET http://10.180.1.21/identity/v3/roles 0.074s
2025-02-21 08:49:53.404 63407 INFO tempest.lib.common.rest_client [req-42f2a981-5163-4af0-8dc2-7f9d8ae58d71 req-42f2a981-5163-4af0-8dc2-7f9d8ae58d71 ] Request (QuotasAdminTestV236:setUpClass): 204 PUT http://10.180.1.21/identity/v3/projects/410d0a6f0b2f4168838e85e451eb7a96/users/61b9926928f748a09e62d6d0636b4272/roles/b9c96fed67cf40aba6a2dd630d7c1cd4 0.031s
2025-02-21 08:49:53.417 63429 INFO tempest.lib.common.rest_client [req-e959e7f8-c17f-4b61-a6fa-3a53d1dd3e2c req-e959e7f8-c17f-4b61-a6fa-3a53d1dd3e2c ] Request (ServerExternalEventsTest:test_create_server_external_events): 201 POST http://10.180.1.21/identity/v3/auth/tokens 0.062s
2025-02-21 08:49:53.417 63429 INFO tempest.lib.common.fixed_network [-] (ServerExternalEventsTest:test_create_server_external_events) Found network None available for tenant
2025-02-21 08:49:53.460 63407 INFO tempest.lib.common.rest_client [req-7138fe0c-9fed-4ebd-a5b3-c8c1d04fcdb6 req-7138fe0c-9fed-4ebd-a5b3-c8c1d04fcdb6 ] Request (QuotasAdminTestV236:setUpClass): 200 GET http://10.180.1.21/identity/v3/roles 0.056s
2025-02-21 08:49:53.481 63407 INFO tempest.lib.common.rest_client [req-1191353d-0cb7-4601-babf-b3cc7bf0160c req-1191353d-0cb7-4601-babf-b3cc7bf0160c ] Request (QuotasAdminTestV236:setUpClass): 204 PUT http://10.180.1.21/identity/v3/projects/410d0a6f0b2f4168838e85e451eb7a96/users/61b9926928f748a09e62d6d0636b4272/roles/b9c96fed67cf40aba6a2dd630d7c1cd4 0.021s
2025-02-21 08:49:53.482 63407 INFO tempest.lib.common.dynamic_creds [-] Dynamic test user 61b9926928f748a09e62d6d0636b4272 is created with scope project and roles: ['admin']
2025-02-21 08:49:53.482 63407 INFO tempest.lib.common.dynamic_creds [-] Acquired dynamic creds: credentials: Credentials: {'domain_id': 'default', 'domain_name': 'Default', 'username': 'tempest-QuotasAdminTestV236-275002393-project-admin', 'project_domain_id': 'default', 'project_domain_name': 'Default', 'project_id': '410d0a6f0b2f4168838e85e451eb7a96', 'project_name': 'tempest-QuotasAdminTestV236-275002393', 'tenant_id': '410d0a6f0b2f4168838e85e451eb7a96', 'tenant_name': 'tempest-QuotasAdminTestV236-275002393', 'user_domain_id': 'default', 'user_domain_name': 'Default', 'user_id': '61b9926928f748a09e62d6d0636b4272', 'system': None}, Network: None, Subnet: None, Router: None
2025-02-21 08:49:53.482 63407 INFO tempest.lib.common.dynamic_creds [-] Created isolated network resources for: credentials: Credentials: {'domain_id': 'default', 'domain_name': 'Default', 'username': 'tempest-QuotasAdminTestV236-275002393-project-admin', 'project_domain_id': 'default', 'project_domain_name': 'Default', 'project_id': '410d0a6f0b2f4168838e85e451eb7a96', 'project_name': 'tempest-QuotasAdminTestV236-275002393', 'tenant_id': '410d0a6f0b2f4168838e85e451eb7a96', 'tenant_name': 'tempest-QuotasAdminTestV236-275002393', 'user_domain_id': 'default', 'user_domain_name': 'Default', 'user_id': '61b9926928f748a09e62d6d0636b4272', 'system': None}, Network: None, Subnet: None, Router: None
2025-02-21 08:49:53.552 63407 INFO tempest.lib.common.rest_client [req-c98f566e-6bee-4b09-a495-0db4bcaa945d req-c98f566e-6bee-4b09-a495-0db4bcaa945d ] Request (QuotasAdminTestV236:setUpClass): 201 POST http://10.180.1.21/identity/v3/auth/tokens 0.067s
2025-02-21 08:49:53.581 63407 INFO tempest.lib.common.rest_client [req-0ae8678c-4546-4349-b5dd-e4d159be26b7 req-0ae8678c-4546-4349-b5dd-e4d159be26b7 ] Request (QuotasAdminTestV236:test_get_updated_quotas): 200 GET http://10.180.1.21/identity/v3/domains?name=Default 0.027s
2025-02-21 08:49:53.607 63443 INFO tempest.lib.common.rest_client [req-f2b7333f-d344-421a-9d97-b493d42ca8b5 req-f2b7333f-d344-421a-9d97-b493d42ca8b5 ] Request (DeleteServersTestJSON:test_delete_active_server): 200 GET http://10.180.1.21/compute/v2.1/servers/ec73cb87-6d0c-4390-88ef-f26ca372063f 1.754s
2025-02-21 08:49:53.627 63407 INFO tempest.lib.common.rest_client [req-84d32dea-f38f-4cba-a79c-dd1a84802e37 req-84d32dea-f38f-4cba-a79c-dd1a84802e37 ] Request (QuotasAdminTestV236:test_get_updated_quotas): 201 POST http://10.180.1.21/identity/v3/projects 0.045s
2025-02-21 08:49:53.633 63421 INFO tempest.lib.common.rest_client [req-8bd86b1c-a80a-458d-9827-4c79599de421 req-8bd86b1c-a80a-458d-9827-4c79599de421 ] Request (FlavorsAdminTestJSON:test_is_public_string_variations): 200 GET http://10.180.1.21/compute/v2.1/flavors/detail?is_public=t 1.713s
2025-02-21 08:49:53.652 63439 INFO tempest.lib.common.rest_client [req-b85e2ada-2e88-4ce6-8f71-6ec1657c6a15 req-b85e2ada-2e88-4ce6-8f71-6ec1657c6a15 ] Request (VolumesAdminNegativeTest:setUpClass): 201 POST http://10.180.1.21:9696/networking/v2.0/networks 0.866s
2025-02-21 08:49:53.669 63431 INFO tempest.lib.common.rest_client [req-871047dd-061a-4894-bb77-f4bded8560ff req-871047dd-061a-4894-bb77-f4bded8560ff ] Request (FloatingIPsAssociationNegativeTestJSON:test_associate_ip_to_server_with_floating_ip): 200 POST http://10.180.1.21/compute/v2.1/os-floating-ips 2.332s
2025-02-21 08:49:53.696 63407 INFO tempest.lib.common.rest_client [req-a20dbc69-e0a4-4e62-a572-695194e112ce req-a20dbc69-e0a4-4e62-a572-695194e112ce ] Request (QuotasAdminTestV236:test_get_updated_quotas): 200 GET http://10.180.1.21/identity/v3/domains?name=Default 0.068s
2025-02-21 08:49:53.706 63383 INFO tempest.lib.common.rest_client [req-643ec627-4025-40dd-b23c-793e2a846a9d req-643ec627-4025-40dd-b23c-793e2a846a9d ] Request (DeleteServersAdminTestJSON:test_delete_server_while_in_error_state): 200 GET http://10.180.1.21/compute/v2.1/servers/be7b959e-265e-41e1-b578-acb0ec182c71 1.784s
2025-02-21 08:49:53.707 63399 INFO tempest.lib.common.rest_client [req-9db9a64f-11c3-47bc-a3b1-2d0c58e81be5 req-9db9a64f-11c3-47bc-a3b1-2d0c58e81be5 ] Request (AggregatesAdminNegativeTestJSON:_run_cleanups): 200 DELETE http://10.180.1.21/compute/v2.1/os-aggregates/7 1.697s
2025-02-21 08:49:53.848 63433 INFO tempest.lib.common.rest_client [req-5f96a6b8-1b21-4d42-85aa-91318957cd62 req-5f96a6b8-1b21-4d42-85aa-91318957cd62 ] Request (ServerActionsV293TestJSON:setUpClass): 202 POST http://10.180.1.21/volume/v3/volumes 0.707s
2025-02-21 08:49:53.873 63415 INFO tempest.lib.common.rest_client [req-225a4b48-eb77-4a1a-85a8-5ee066baee6f req-225a4b48-eb77-4a1a-85a8-5ee066baee6f ] Request (ServerRescueTestJSONUnderV235:setUpClass): 200 GET http://10.180.1.21/compute/v2.1/servers/6a752f33-9dc2-4107-8648-7ab829348c6a 1.829s
2025-02-21 08:49:53.905 63433 INFO tempest.lib.common.rest_client [req-58ab135f-b600-460f-b0fe-e466bb520f73 req-58ab135f-b600-460f-b0fe-e466bb520f73 ] Request (ServerActionsV293TestJSON:setUpClass): 200 GET http://10.180.1.21/volume/v3/volumes/03ed169d-3346-4d8f-9459-70d1acbe5259 0.050s
2025-02-21 08:49:53.918 63385 INFO tempest.lib.common.rest_client [req-8e3fc4ac-08dd-4a8d-90a3-702facb2e95e req-8e3fc4ac-08dd-4a8d-90a3-702facb2e95e ] Request (ImagesTestJSON:test_create_image_from_stopped_server): 200 GET http://10.180.1.21/compute/v2.1/servers/897ce5c2-de30-4264-9f89-d2fe7c537b1e 1.776s
2025-02-21 08:49:53.923 63439 INFO tempest.lib.common.rest_client [req-4ebcd206-8702-407a-b5e5-e6924265bacb req-4ebcd206-8702-407a-b5e5-e6924265bacb ] Request (VolumesAdminNegativeTest:setUpClass): 201 POST http://10.180.1.21:9696/networking/v2.0/subnets 0.270s
2025-02-21 08:49:53.927 63385 INFO tempest.common.waiters [-] State transition "ACTIVE/powering-off" ==> "SHUTOFF/None" after 2 second wait
2025-02-21 08:49:53.965 63381 INFO tempest.lib.common.rest_client [req-c0431577-a81a-42ad-a33d-a838f99201d2 req-c0431577-a81a-42ad-a33d-a838f99201d2 ] Request (ServerShowV247Test:test_update_rebuild_list_server): 200 GET http://10.180.1.21/compute/v2.1/servers/46864447-5fdc-4e7e-ad3d-63c9d7c15afc 1.795s
2025-02-21 08:49:53.966 63425 WARNING tempest.lib.common.ssh [-] Failed to establish authenticated ssh connection to cirros@10.180.180.167 ([Errno None] Unable to connect to port 22 on 10.180.180.167). Number attempts: 2. Retry after 3 seconds.: paramiko.ssh_exception.NoValidConnectionsError: [Errno None] Unable to connect to port 22 on 10.180.180.167
2025-02-21 08:49:54.003 63409 INFO tempest.lib.common.rest_client [req-81c98431-edd9-4633-bd4e-b5ccca6e88d7 req-81c98431-edd9-4633-bd4e-b5ccca6e88d7 ] Request (ServicesAdminNegativeTestJSON:test_get_service_with_valid_service_and_invalid_host): 200 GET http://10.180.1.21/compute/v2.1/os-services?host=xxx&binary=nova-scheduler 1.644s
2025-02-21 08:49:54.012 63435 INFO tempest.lib.common.rest_client [req-ee0f38a8-3c55-4f46-abf9-23575b63b665 req-ee0f38a8-3c55-4f46-abf9-23575b63b665 ] Request (SecurityGroupsNegativeTestJSON:test_delete_the_default_security_group): 400 DELETE http://10.180.1.21/compute/v2.1/os-security-groups/4c5e054f-87c8-47cd-8528-beb501a86473 1.678s
2025-02-21 08:49:54.080 63427 INFO tempest.lib.common.rest_client [req-6ef29321-81ad-441e-acf2-038550e50f64 req-6ef29321-81ad-441e-acf2-038550e50f64 ] Request (ImagesNegativeTestJSON:test_create_image_from_deleted_server): 200 GET http://10.180.1.21/compute/v2.1/servers/1e5168f3-0c40-4ada-ba5c-001efd526393 1.576s
2025-02-21 08:49:54.108 63419 INFO tempest.lib.common.rest_client [req-343d47f0-0f3a-43cb-bdb4-e3830c514a50 req-343d47f0-0f3a-43cb-bdb4-e3830c514a50 ] Request (VolumesNegativeTest:test_create_volume_without_passing_size): 400 POST http://10.180.1.21/compute/v2.1/os-volumes 1.386s
2025-02-21 08:49:54.157 63423 INFO tempest.lib.common.rest_client [req-addef47f-ac82-4be5-b360-b56354fef66b req-addef47f-ac82-4be5-b360-b56354fef66b ] Request (ServerTagsTestJSON:setUpClass): 200 GET http://10.180.1.21/compute/v2.1/servers/75b01166-8911-4077-9d48-af25659c486a 1.590s
2025-02-21 08:49:54.171 63423 INFO tempest.common.waiters [-] State transition "BUILD/spawning" ==> "ACTIVE/None" after 22 second wait
2025-02-21 08:49:54.238 63389 INFO tempest.lib.common.rest_client [req-c1a2a9f3-3da8-405c-b87b-14e2d3c55bc2 req-c1a2a9f3-3da8-405c-b87b-14e2d3c55bc2 ] Request (ServerMetadataNegativeTestJSON:setUpClass): 200 GET http://10.180.1.21/compute/v2.1/servers/66a33204-a15e-4e4c-bc3e-b0fb625268b9 1.348s
2025-02-21 08:49:54.260 63417 INFO tempest.lib.common.rest_client [req-c082511f-3311-4ca3-96d1-4b14456a12ac req-c082511f-3311-4ca3-96d1-4b14456a12ac ] Request (MigrationsAdminTest:test_list_migrations_in_flavor_resize_situation): 200 GET http://10.180.1.21/compute/v2.1/servers/a78212e0-e331-4fd3-8b67-0c8522d82c2b 1.449s
2025-02-21 08:49:54.268 63417 INFO tempest.common.waiters [-] State transition "RESIZE/resize_prep" ==> "RESIZE/resize_migrating" after 21 second wait
2025-02-21 08:49:54.303 63411 INFO tempest.lib.common.rest_client [req-a7459984-3116-4289-9ce4-4411a212414d req-a7459984-3116-4289-9ce4-4411a212414d ] Request (ServerMetadataTestJSON:setUpClass): 200 GET http://10.180.1.21/compute/v2.1/servers/350dd628-4842-4a8b-9a72-9161a2c86605 1.296s
2025-02-21 08:49:54.315 63393 INFO tempest.lib.common.rest_client [req-d95f39d1-048d-4412-b5e5-7957c6f0a89c req-d95f39d1-048d-4412-b5e5-7957c6f0a89c ] Request (ServersTestJSON:test_create_server_specify_multibyte_character_name): 200 GET http://10.180.1.21/compute/v2.1/servers/bd76bbfc-9c88-4046-8d6a-cb72d35453d8 1.218s
2025-02-21 08:49:54.369 63395 INFO tempest.lib.common.rest_client [req-0c4230e1-37fa-4a9a-b296-66ed8c373738 req-0c4230e1-37fa-4a9a-b296-66ed8c373738 ] Request (ServersTestManualDisk:setUpClass): 200 GET http://10.180.1.21/compute/v2.1/servers/8f1812a5-1596-464f-b486-91b6c9a822bd 1.175s
2025-02-21 08:49:54.373 63391 INFO tempest.lib.common.rest_client [req-69eeb910-53af-4179-8192-a9c43bc9868b req-69eeb910-53af-4179-8192-a9c43bc9868b ] Request (ServersV294TestFqdnHostnames:setUpClass): 200 GET http://10.180.1.21/compute/v2.1/servers/68a75af1-3f9a-4ed7-9e12-24dfd927b323 1.269s
2025-02-21 08:49:54.421 63401 INFO tempest.lib.common.rest_client [req-7c78c0e9-b044-4a5a-ac01-2ccd030d56ea req-7c78c0e9-b044-4a5a-ac01-2ccd030d56ea ] Request (ServersAdminNegativeTestJSON:test_migrate_server_invalid_state): 200 GET http://10.180.1.21/compute/v2.1/servers/27309833-bf08-4d8d-a71e-fd2ae2d46b35 0.962s
2025-02-21 08:49:54.481 63438 INFO tempest.lib.common.rest_client [req-127a9877-d99e-468b-b4db-8cb5280d5f2d req-127a9877-d99e-468b-b4db-8cb5280d5f2d ] Request (ServersAdmin275Test:_run_cleanups): 200 GET http://10.180.1.21/compute/v2.1/servers/0ac90090-56b1-4ea2-8a94-e0c98b5ee974 0.862s
2025-02-21 08:49:54.513 63421 INFO tempest.lib.common.rest_client [req-f65d2e5f-ec3d-46fa-9002-1a805dd655a3 req-f65d2e5f-ec3d-46fa-9002-1a805dd655a3 ] Request (FlavorsAdminTestJSON:test_is_public_string_variations): 200 GET http://10.180.1.21/compute/v2.1/flavors/detail?is_public=true 0.874s
2025-02-21 08:49:54.652 63439 INFO tempest.lib.common.rest_client [req-d03220b2-40d9-48cc-a09b-67c58342fa7e req-d03220b2-40d9-48cc-a09b-67c58342fa7e ] Request (VolumesAdminNegativeTest:setUpClass): 201 POST http://10.180.1.21:9696/networking/v2.0/routers 0.728s
2025-02-21 08:49:54.735 63429 INFO tempest.lib.common.rest_client [req-f17a9a24-7dce-4cac-8bed-fdce96cdc2bd req-f17a9a24-7dce-4cac-8bed-fdce96cdc2bd ] Request (ServerExternalEventsTest:test_create_server_external_events): 202 POST http://10.180.1.21/compute/v2.1/servers 1.317s
2025-02-21 08:49:54.835 63407 INFO tempest.lib.common.rest_client [req-c73df253-b075-4128-b765-6892e1e0db4e req-c73df253-b075-4128-b765-6892e1e0db4e ] Request (QuotasAdminTestV236:test_get_updated_quotas): 200 PUT http://10.180.1.21/compute/v2.1/os-quota-sets/96b3f2173f1940508fdde76f9b55bcd6 1.139s
2025-02-21 08:49:54.863 63399 INFO tempest.lib.common.rest_client [req-c4d1f7d5-a612-4770-83db-38403331d67e req-c4d1f7d5-a612-4770-83db-38403331d67e ] Request (AggregatesAdminNegativeTestJSON:test_aggregate_remove_nonexistent_host): 200 POST http://10.180.1.21/compute/v2.1/os-aggregates 1.154s
2025-02-21 08:49:54.940 63433 INFO tempest.lib.common.rest_client [req-860c2baf-5ea2-405e-b4df-ca6428fa6ee7 req-860c2baf-5ea2-405e-b4df-ca6428fa6ee7 ] Request (ServerActionsV293TestJSON:setUpClass): 200 GET http://10.180.1.21/volume/v3/volumes/03ed169d-3346-4d8f-9459-70d1acbe5259 0.026s
2025-02-21 08:49:54.960 63387 INFO tempest.lib.common.rest_client [req-b97db677-22df-4d0b-a128-bddf3af5925c req-b97db677-22df-4d0b-a128-bddf3af5925c ] Request (ServerDiagnosticsV248Test:tearDownClass): 200 GET http://10.180.1.21/compute/v2.1/servers/214009d9-dcb7-40a1-bd46-e1d06d96f2f5 1.229s
2025-02-21 08:49:55.056 63405 INFO tempest.lib.common.rest_client [req-129ed60b-b0c1-4a24-84f1-2218679d9c6f req-129ed60b-b0c1-4a24-84f1-2218679d9c6f ] Request (ServersTestMultiNic:_run_cleanups): 200 GET http://10.180.1.21/compute/v2.1/servers/4abcfad4-6a44-4a21-962b-5157d09a6fbd 1.215s
2025-02-21 08:49:55.559 63385 INFO tempest.lib.common.rest_client [req-18c579ac-ab9b-4e44-886f-9534af7a1c4d req-18c579ac-ab9b-4e44-886f-9534af7a1c4d ] Request (ImagesTestJSON:test_create_image_from_stopped_server): 202 POST http://10.180.1.21/compute/v2.1/servers/897ce5c2-de30-4264-9f89-d2fe7c537b1e/action 1.631s
2025-02-21 08:49:55.642 63409 INFO tempest.lib.common.rest_client [req-40793a48-d66e-4a39-a980-5644d3277e6b req-40793a48-d66e-4a39-a980-5644d3277e6b ] Request (ServicesAdminNegativeTestJSON:test_list_services_with_non_admin_user): 403 GET http://10.180.1.21/compute/v2.1/os-services 1.636s
2025-02-21 08:49:55.667 63435 INFO tempest.lib.common.rest_client [req-79471990-de41-4bcd-889e-8be6906df793 req-79471990-de41-4bcd-889e-8be6906df793 ] Request (SecurityGroupsNegativeTestJSON:test_security_group_get_nonexistent_group): 404 GET http://10.180.1.21/compute/v2.1/os-security-groups/c3200201-91f6-47d7-ac67-06efe98751e3 1.651s
2025-02-21 08:49:55.719 63419 INFO tempest.lib.common.rest_client [req-5d95c496-33a4-4832-bd6c-466a456c5ed4 req-5d95c496-33a4-4832-bd6c-466a456c5ed4 ] Request (VolumesNegativeTest:test_delete_invalid_volume_id): 404 DELETE http://10.180.1.21/compute/v2.1/os-volumes/tempest-invalid-1644709372 1.609s
2025-02-21 08:49:55.737 63431 INFO tempest.lib.common.rest_client [req-45157813-687b-44a1-aa2f-c00b066e6699 req-45157813-687b-44a1-aa2f-c00b066e6699 ] Request (FloatingIPsAssociationNegativeTestJSON:test_associate_ip_to_server_with_floating_ip): 202 POST http://10.180.1.21/compute/v2.1/servers/96025479-e79b-4a2d-ab21-169965c2902f/action 2.066s
2025-02-21 08:49:55.794 63409 INFO tempest.lib.common.rest_client [req-2acbde20-9431-47fe-aa70-d1e52de5420e req-2acbde20-9431-47fe-aa70-d1e52de5420e ] Request (ServicesAdminNegativeTestJSON:tearDownClass): 204 DELETE http://10.180.1.21/identity/v3/users/01fb8cc533db4116afda6cf9058b7d73 0.151s
2025-02-21 08:49:55.820 63423 INFO tempest.lib.common.rest_client [req-bd9cd8f1-a18c-4d96-b44a-c888e6643f5d req-bd9cd8f1-a18c-4d96-b44a-c888e6643f5d ] Request (ServerTagsTestJSON:test_check_tag_existence): 201 PUT http://10.180.1.21/compute/v2.1/servers/75b01166-8911-4077-9d48-af25659c486a/tags/tempest-tag-1045277080 1.649s
2025-02-21 08:49:55.866 63413 INFO tempest.lib.common.rest_client [req-a2db3b08-49fd-438c-a22a-06d379baa34d req-a2db3b08-49fd-438c-a22a-06d379baa34d ] Request (ServerDiagnosticsTest:test_get_server_diagnostics): 200 GET http://10.180.1.21/compute/v2.1/servers/3dd36d4d-cbaa-4203-a1df-c7e8670682ff 1.548s
2025-02-21 08:49:55.885 63421 INFO tempest.lib.common.rest_client [req-98eef822-541c-4b83-879b-111a903d85ed req-98eef822-541c-4b83-879b-111a903d85ed ] Request (FlavorsAdminTestJSON:test_is_public_string_variations): 200 GET http://10.180.1.21/compute/v2.1/flavors/detail?is_public=yes 1.363s
2025-02-21 08:49:55.894 63403 INFO tempest.lib.common.rest_client [req-c9e1bfcd-d4de-4f4f-947b-0d9a86465ac8 req-c9e1bfcd-d4de-4f4f-947b-0d9a86465ac8 ] Request (AttachInterfacesTestJSON:test_create_list_show_delete_interfaces_by_fixed_ip): 200 GET http://10.180.1.21/compute/v2.1/servers/0fd393bb-8113-4b12-93ea-2d257fb98ae0 1.678s
2025-02-21 08:49:55.902 63409 INFO tempest.lib.common.rest_client [req-2a001b11-e72c-4709-bad7-e22fac48fd52 req-2a001b11-e72c-4709-bad7-e22fac48fd52 ] Request (ServicesAdminNegativeTestJSON:tearDownClass): 204 DELETE http://10.180.1.21/identity/v3/users/9a3e436ecf904518a705130d2633a932 0.107s
2025-02-21 08:49:55.902 63409 INFO tempest.lib.common.dynamic_creds [-] Deleting project and security group for project: 51009b8cb8664943b2305250248b000e
2025-02-21 08:49:55.905 63403 INFO tempest.common.waiters [-] State transition "BUILD/None" ==> "BUILD/spawning" after 19 second wait
2025-02-21 08:49:55.909 63439 INFO tempest.lib.common.rest_client [req-76ef24fe-b012-406f-b345-b35ad7e65c23 req-76ef24fe-b012-406f-b345-b35ad7e65c23 ] Request (VolumesAdminNegativeTest:setUpClass): 200 PUT http://10.180.1.21:9696/networking/v2.0/routers/54006509-6c05-4ccf-bd6c-26d3b77749e7/add_router_interface 1.256s
2025-02-21 08:49:55.909 63439 INFO tempest.lib.common.dynamic_creds [-] Created isolated network resources for: credentials: Credentials: {'domain_id': 'default', 'domain_name': 'Default', 'username': 'tempest-VolumesAdminNegativeTest-159329615-project-admin', 'project_domain_id': 'default', 'project_domain_name': 'Default', 'project_id': '87f975f367d2479f92f000a3f7ec35bc', 'project_name': 'tempest-VolumesAdminNegativeTest-159329615', 'tenant_id': '87f975f367d2479f92f000a3f7ec35bc', 'tenant_name': 'tempest-VolumesAdminNegativeTest-159329615', 'user_domain_id': 'default', 'user_domain_name': 'Default', 'user_id': '1ab41d0143d448f88375643ed9f8c29e', 'system': None}, Network: {'id': '7844e6c4-00f3-4b02-97a5-b6500e77a209', 'name': 'tempest-VolumesAdminNegativeTest-747923041-network', 'tenant_id': '87f975f367d2479f92f000a3f7ec35bc', 'admin_state_up': True, 'mtu': 8950, 'status': 'ACTIVE', 'subnets': [], 'shared': False, 'project_id': '87f975f367d2479f92f000a3f7ec35bc', 'port_security_enabled': True, 'router:external': False, 'provider:network_type': 'vlan', 'provider:physical_network': 'default', 'provider:segmentation_id': 400, 'availability_zone_hints': [], 'availability_zones': [], 'ipv4_address_scope': None, 'ipv6_address_scope': None, 'description': '', 'tags': [], 'created_at': '2025-02-21T08:49:53Z', 'updated_at': '2025-02-21T08:49:53Z', 'revision_number': 1}, Subnet: {'id': '681e93b2-c8da-4c2c-8ab4-f14a1aa2a11b', 'name': 'tempest-VolumesAdminNegativeTest-747923041-subnet', 'tenant_id': '87f975f367d2479f92f000a3f7ec35bc', 'network_id': '7844e6c4-00f3-4b02-97a5-b6500e77a209', 'ip_version': 4, 'subnetpool_id': None, 'enable_dhcp': True, 'ipv6_ra_mode': None, 'ipv6_address_mode': None, 'gateway_ip': '192.168.128.1', 'cidr': '192.168.128.0/28', 'allocation_pools': [{'start': '192.168.128.2', 'end': '192.168.128.14'}], 'host_routes': [], 'dns_nameservers': [], 'description': '', 'router:external': False, 'service_types': [], 'tags': [], 'created_at': '2025-02-21T08:49:53Z', 'updated_at': '2025-02-21T08:49:53Z', 'revision_number': 0, 'project_id': '87f975f367d2479f92f000a3f7ec35bc'}, Router: {'id': '54006509-6c05-4ccf-bd6c-26d3b77749e7', 'name': 'tempest-VolumesAdminNegativeTest-747923041-router', 'tenant_id': '87f975f367d2479f92f000a3f7ec35bc', 'admin_state_up': True, 'status': 'ACTIVE', 'external_gateway_info': {'network_id': 'bb40834d-1c64-490f-a9a8-ed30144c830f', 'external_fixed_ips': [{'subnet_id': 'b69ff5b1-5d7c-47af-8c7e-305e517288e4', 'ip_address': '10.180.180.177'}], 'enable_snat': True}, 'description': '', 'availability_zones': [], 'distributed': False, 'ha': False, 'availability_zone_hints': [], 'routes': [], 'flavor_id': None, 'tags': [], 'created_at': '2025-02-21T08:49:53Z', 'updated_at': '2025-02-21T08:49:54Z', 'revision_number': 2, 'project_id': '87f975f367d2479f92f000a3f7ec35bc'}
2025-02-21 08:49:55.967 63383 INFO tempest.lib.common.rest_client [req-b2e0d45e-dd20-4207-87c2-2c3f2f0ef128 req-b2e0d45e-dd20-4207-87c2-2c3f2f0ef128 ] Request (DeleteServersAdminTestJSON:test_delete_server_while_in_error_state): 200 GET http://10.180.1.21/compute/v2.1/servers/be7b959e-265e-41e1-b578-acb0ec182c71 1.250s
2025-02-21 08:49:55.979 63383 INFO tempest.common.waiters [-] State transition "BUILD/scheduling" ==> "BUILD/None" after 9 second wait
2025-02-21 08:49:55.983 63409 INFO tempest.lib.common.rest_client [req-d2ae6cfe-35f1-4717-9ef0-b9ceef7a58b9 req-d2ae6cfe-35f1-4717-9ef0-b9ceef7a58b9 ] Request (ServicesAdminNegativeTestJSON:tearDownClass): 201 POST http://10.180.1.21/identity/v3/auth/tokens 0.080s
2025-02-21 08:49:55.987 63433 INFO tempest.lib.common.rest_client [req-721a1f2a-0127-4b5e-914b-000f3d9c2fe3 req-721a1f2a-0127-4b5e-914b-000f3d9c2fe3 ] Request (ServerActionsV293TestJSON:setUpClass): 200 GET http://10.180.1.21/volume/v3/volumes/03ed169d-3346-4d8f-9459-70d1acbe5259 0.039s
2025-02-21 08:49:55.997 63439 INFO tempest.lib.common.rest_client [req-ec43895d-8bb3-457c-889b-037307bc12f0 req-ec43895d-8bb3-457c-889b-037307bc12f0 ] Request (VolumesAdminNegativeTest:setUpClass): 201 POST http://10.180.1.21/identity/v3/auth/tokens 0.084s
2025-02-21 08:49:56.015 63443 INFO tempest.lib.common.rest_client [req-5af88292-2ac7-4d75-9cfc-9af6a2774999 req-5af88292-2ac7-4d75-9cfc-9af6a2774999 ] Request (DeleteServersTestJSON:test_delete_active_server): 200 GET http://10.180.1.21/compute/v2.1/servers/ec73cb87-6d0c-4390-88ef-f26ca372063f 1.400s
2025-02-21 08:49:56.028 63429 INFO tempest.lib.common.rest_client [req-cddb88fd-c860-4c1f-9a50-16339b6b1ac9 req-cddb88fd-c860-4c1f-9a50-16339b6b1ac9 ] Request (ServerExternalEventsTest:test_create_server_external_events): 200 GET http://10.180.1.21/compute/v2.1/servers/197ae546-2199-49d6-b4cc-a295e4353a1f 1.291s
2025-02-21 08:49:56.062 63399 INFO tempest.lib.common.rest_client [req-698db0f6-a2c3-4635-b919-2132cf501d9c req-698db0f6-a2c3-4635-b919-2132cf501d9c ] Request (AggregatesAdminNegativeTestJSON:test_aggregate_remove_nonexistent_host): 404 POST http://10.180.1.21/compute/v2.1/os-aggregates/8/action 1.197s
2025-02-21 08:49:56.172 63409 INFO tempest.lib.common.rest_client [req-258dd68b-10de-48bf-aa44-2a6ea4dfebe7 req-258dd68b-10de-48bf-aa44-2a6ea4dfebe7 ] Request (ServicesAdminNegativeTestJSON:tearDownClass): 200 GET http://10.180.1.21:9696/networking/v2.0/security-groups?tenant_id=51009b8cb8664943b2305250248b000e&name=default 0.189s
2025-02-21 08:49:56.178 63407 INFO tempest.lib.common.rest_client [req-3f0fb135-4a99-4127-a1d3-feeae7b3775d req-3f0fb135-4a99-4127-a1d3-feeae7b3775d ] Request (QuotasAdminTestV236:test_get_updated_quotas): 200 GET http://10.180.1.21/compute/v2.1/os-quota-sets/96b3f2173f1940508fdde76f9b55bcd6/detail 1.340s
2025-02-21 08:49:56.218 63407 INFO tempest.lib.common.rest_client [req-54965fe9-5708-43c9-8462-591a82047d82 req-54965fe9-5708-43c9-8462-591a82047d82 ] Request (QuotasAdminTestV236:test_get_updated_quotas): 200 GET http://10.180.1.21/identity/v3/domains?name=Default 0.034s
2025-02-21 08:49:56.233 63415 INFO tempest.lib.common.rest_client [req-758b3454-8e70-4bbb-999e-1feb681ad4a1 req-758b3454-8e70-4bbb-999e-1feb681ad4a1 ] Request (ServerRescueTestJSONUnderV235:setUpClass): 200 GET http://10.180.1.21/compute/v2.1/servers/6a752f33-9dc2-4107-8648-7ab829348c6a 1.349s
2025-02-21 08:49:56.260 63381 INFO tempest.lib.common.rest_client [req-806629b4-bad1-42ed-afd8-30f7c04882a1 req-806629b4-bad1-42ed-afd8-30f7c04882a1 ] Request (ServerShowV247Test:test_update_rebuild_list_server): 200 GET http://10.180.1.21/compute/v2.1/servers/46864447-5fdc-4e7e-ad3d-63c9d7c15afc 1.280s
2025-02-21 08:49:56.266 63407 INFO tempest.lib.common.rest_client [req-6d4a02a5-9949-4fd0-9f48-119ec2a5dbb4 req-6d4a02a5-9949-4fd0-9f48-119ec2a5dbb4 ] Request (QuotasAdminTestV236:test_get_updated_quotas): 201 POST http://10.180.1.21/identity/v3/users 0.047s
2025-02-21 08:49:56.302 63407 INFO tempest.lib.common.rest_client [req-ccdd46e9-cab0-4acb-b7f5-b058a02dd4ed req-ccdd46e9-cab0-4acb-b7f5-b058a02dd4ed ] Request (QuotasAdminTestV236:test_get_updated_quotas): 200 GET http://10.180.1.21/identity/v3/domains?name=Default 0.035s
2025-02-21 08:49:56.324 63389 INFO tempest.lib.common.rest_client [req-6a38bf64-698b-49c0-ac1a-bd4fe66dde00 req-6a38bf64-698b-49c0-ac1a-bd4fe66dde00 ] Request (ServerMetadataNegativeTestJSON:setUpClass): 200 GET http://10.180.1.21/compute/v2.1/servers/66a33204-a15e-4e4c-bc3e-b0fb625268b9 1.076s
2025-02-21 08:49:56.336 63427 INFO tempest.lib.common.rest_client [req-c3539646-37e4-4517-8f15-05e9f4eaed8f req-c3539646-37e4-4517-8f15-05e9f4eaed8f ] Request (ImagesNegativeTestJSON:test_create_image_from_deleted_server): 200 GET http://10.180.1.21/compute/v2.1/servers/1e5168f3-0c40-4ada-ba5c-001efd526393 1.248s
2025-02-21 08:49:56.353 63409 INFO tempest.lib.common.rest_client [req-8c614d5a-30ef-4805-96b2-b4791678e558 req-8c614d5a-30ef-4805-96b2-b4791678e558 ] Request (ServicesAdminNegativeTestJSON:tearDownClass): 204 DELETE http://10.180.1.21:9696/networking/v2.0/security-groups/f7b48fce-dcf4-4efc-b1e7-9f4410c9476a 0.180s
2025-02-21 08:49:56.404 63411 INFO tempest.lib.common.rest_client [req-848d4e45-3f9e-4ae0-b7f1-1f408b00ff7f req-848d4e45-3f9e-4ae0-b7f1-1f408b00ff7f ] Request (ServerMetadataTestJSON:setUpClass): 200 GET http://10.180.1.21/compute/v2.1/servers/350dd628-4842-4a8b-9a72-9161a2c86605 1.091s
2025-02-21 08:49:56.450 63409 INFO tempest.lib.common.rest_client [req-543a14de-df01-4979-a88d-d912e7b6b543 req-543a14de-df01-4979-a88d-d912e7b6b543 ] Request (ServicesAdminNegativeTestJSON:tearDownClass): 204 DELETE http://10.180.1.21/identity/v3/projects/51009b8cb8664943b2305250248b000e 0.097s
2025-02-21 08:49:56.450 63409 INFO tempest.lib.common.dynamic_creds [-] Deleting project and security group for project: 43a25a5254c24badbec9ab0e3d2ace54
2025-02-21 08:49:56.454 63417 INFO tempest.lib.common.rest_client [req-448e671a-bb77-43bf-a455-f8fd6262a789 req-448e671a-bb77-43bf-a455-f8fd6262a789 ] Request (MigrationsAdminTest:test_list_migrations_in_flavor_resize_situation): 200 GET http://10.180.1.21/compute/v2.1/servers/a78212e0-e331-4fd3-8b67-0c8522d82c2b 1.184s
2025-02-21 08:49:56.460 63393 INFO tempest.lib.common.rest_client [req-888b3737-a643-41ff-9229-b705c8399641 req-888b3737-a643-41ff-9229-b705c8399641 ] Request (ServersTestJSON:test_create_server_specify_multibyte_character_name): 200 GET http://10.180.1.21/compute/v2.1/servers/bd76bbfc-9c88-4046-8d6a-cb72d35453d8 1.135s
2025-02-21 08:49:56.536 63395 INFO tempest.lib.common.rest_client [req-82f14d77-c7e6-4610-9850-df14988a9cbc req-82f14d77-c7e6-4610-9850-df14988a9cbc ] Request (ServersTestManualDisk:setUpClass): 200 GET http://10.180.1.21/compute/v2.1/servers/8f1812a5-1596-464f-b486-91b6c9a822bd 1.158s
2025-02-21 08:49:56.548 63391 INFO tempest.lib.common.rest_client [req-f6bb519d-abcb-4963-a94c-3c8da5ab3cbf req-f6bb519d-abcb-4963-a94c-3c8da5ab3cbf ] Request (ServersV294TestFqdnHostnames:setUpClass): 200 GET http://10.180.1.21/compute/v2.1/servers/68a75af1-3f9a-4ed7-9e12-24dfd927b323 1.163s
2025-02-21 08:49:56.595 63401 INFO tempest.lib.common.rest_client [req-d5818926-0282-4e8e-9daa-8ae3bbc5d39d req-d5818926-0282-4e8e-9daa-8ae3bbc5d39d ] Request (ServersAdminNegativeTestJSON:test_migrate_server_invalid_state): 200 GET http://10.180.1.21/compute/v2.1/servers/27309833-bf08-4d8d-a71e-fd2ae2d46b35 1.164s
2025-02-21 08:49:56.602 63409 INFO tempest.lib.common.rest_client [req-d4c8b58c-2fe7-4719-bfda-6ec5b1553e56 req-d4c8b58c-2fe7-4719-bfda-6ec5b1553e56 ] Request (ServicesAdminNegativeTestJSON:tearDownClass): 200 GET http://10.180.1.21:9696/networking/v2.0/security-groups?tenant_id=43a25a5254c24badbec9ab0e3d2ace54&name=default 0.151s
2025-02-21 08:49:56.618 63438 INFO tempest.lib.common.rest_client [req-68f33f41-dcbf-4e2b-ba71-aaa77b99d017 req-68f33f41-dcbf-4e2b-ba71-aaa77b99d017 ] Request (ServersAdmin275Test:_run_cleanups): 200 GET http://10.180.1.21/compute/v2.1/servers/0ac90090-56b1-4ea2-8a94-e0c98b5ee974 1.119s
2025-02-21 08:49:56.630 63438 INFO tempest.common.waiters [-] State transition "REBUILD/rebuild_spawning" ==> "ACTIVE/None" after 11 second wait
2025-02-21 08:49:56.636 63385 INFO tempest.lib.common.rest_client [req-cc87d624-3b91-4664-ac20-8fe92c4998d4 req-cc87d624-3b91-4664-ac20-8fe92c4998d4 ] Request (ImagesTestJSON:test_create_image_from_stopped_server): 200 GET http://10.180.1.21/compute/v2.1/images/3ebe1bc4-1542-47dc-94eb-8599434aed43 1.074s
2025-02-21 08:49:56.640 63435 INFO tempest.lib.common.rest_client [req-109eb249-f345-4414-a851-21dc18c83f02 req-109eb249-f345-4414-a851-21dc18c83f02 ] Request (SecurityGroupsNegativeTestJSON:test_update_non_existent_security_group): 404 PUT http://10.180.1.21/compute/v2.1/os-security-groups/36b594b2-4d11-4af1-b7eb-ccc7e55a319c 0.971s
2025-02-21 08:49:56.643 63419 INFO tempest.lib.common.rest_client [req-17bc0751-ca7a-4530-88fe-ce627745dbbd req-17bc0751-ca7a-4530-88fe-ce627745dbbd ] Request (VolumesNegativeTest:test_delete_volume_without_passing_volume_id): 404 DELETE http://10.180.1.21/compute/v2.1/os-volumes/ 0.923s
2025-02-21 08:49:56.659 63423 INFO tempest.lib.common.rest_client [req-77d0ae9e-edfc-46f7-9a1b-b1b804710085 req-77d0ae9e-edfc-46f7-9a1b-b1b804710085 ] Request (ServerTagsTestJSON:test_check_tag_existence): 204 GET http://10.180.1.21/compute/v2.1/servers/75b01166-8911-4077-9d48-af25659c486a/tags/tempest-tag-1045277080 0.837s
2025-02-21 08:49:56.675 63421 INFO tempest.lib.common.rest_client [req-da4b190a-2972-4bf0-ab03-c8f58046df4b req-da4b190a-2972-4bf0-ab03-c8f58046df4b ] Request (FlavorsAdminTestJSON:test_is_public_string_variations): 200 GET http://10.180.1.21/compute/v2.1/flavors/detail?is_public=1 0.784s
2025-02-21 08:49:56.730 63409 INFO tempest.lib.common.rest_client [req-46a8918d-bb22-49ef-aa89-bdf31d463372 req-46a8918d-bb22-49ef-aa89-bdf31d463372 ] Request (ServicesAdminNegativeTestJSON:tearDownClass): 204 DELETE http://10.180.1.21:9696/networking/v2.0/security-groups/e49d9368-c9ab-44ed-a88a-6d6af35a5381 0.128s
2025-02-21 08:49:56.739 63387 INFO tempest.lib.common.rest_client [req-81aca852-2f25-4ad6-80e1-548025dad81f req-81aca852-2f25-4ad6-80e1-548025dad81f ] Request (ServerDiagnosticsV248Test:tearDownClass): 200 GET http://10.180.1.21/compute/v2.1/servers/214009d9-dcb7-40a1-bd46-e1d06d96f2f5 0.767s
2025-02-21 08:49:56.844 63409 INFO tempest.lib.common.rest_client [req-3c7addf8-b397-47b7-ab6d-0b752f9c08c1 req-3c7addf8-b397-47b7-ab6d-0b752f9c08c1 ] Request (ServicesAdminNegativeTestJSON:tearDownClass): 204 DELETE http://10.180.1.21/identity/v3/projects/43a25a5254c24badbec9ab0e3d2ace54 0.114s
2025-02-21 08:49:56.897 63439 INFO tempest.lib.common.rest_client [req-cec2232c-44a9-48b3-8626-9ed6b68ae1d3 req-cec2232c-44a9-48b3-8626-9ed6b68ae1d3 ] Request (VolumesAdminNegativeTest:test_update_attached_volume_with_nonexistent_volume_in_body): 200 POST http://10.180.1.21/compute/v2.1/os-keypairs 0.898s
2025-02-21 08:49:56.903 63409 INFO tempest.lib.common.rest_client [req-18b9b9ef-4e1b-460f-8113-73b1ea47447a req-18b9b9ef-4e1b-460f-8113-73b1ea47447a ] Request (ServersTestFqdnHostnames:setUpClass): 201 POST http://10.180.1.21/identity/v3/auth/tokens 0.057s
2025-02-21 08:49:56.918 63399 INFO tempest.lib.common.rest_client [req-bc4711a1-dce3-4a11-879c-360e3f573931 req-bc4711a1-dce3-4a11-879c-360e3f573931 ] Request (AggregatesAdminNegativeTestJSON:_run_cleanups): 200 DELETE http://10.180.1.21/compute/v2.1/os-aggregates/8 0.855s
2025-02-21 08:49:56.951 63409 INFO tempest.lib.common.rest_client [req-78e38992-c27e-450e-b1bc-8fe553354767 req-78e38992-c27e-450e-b1bc-8fe553354767 ] Request (ServersTestFqdnHostnames:setUpClass): 201 POST http://10.180.1.21/identity/v3/auth/tokens 0.046s
