2025-02-21 08:51:58.283 63385 INFO tempest.lib.common.rest_client [req-f4c13cab-b0b2-4173-b679-2b83a69c235e req-f4c13cab-b0b2-4173-b679-2b83a69c235e ] Request (ImagesTestJSON:test_create_server_from_snapshot): 201 POST http://10.180.1.21/identity/v3/auth/tokens 0.078s
2025-02-21 08:51:58.284 63385 INFO tempest.lib.common.fixed_network [-] (ImagesTestJSON:test_create_server_from_snapshot) Found network {'id': 'da754b38-ead4-475c-adb4-d1570711cf71', 'name': 'tempest-ImagesTestJSON-374670986-network', 'tenant_id': '8b2d61f61e724c719088e006027a9e34', 'admin_state_up': True, 'mtu': 8950, 'status': 'ACTIVE', 'subnets': [], 'shared': False, 'project_id': '8b2d61f61e724c719088e006027a9e34', 'port_security_enabled': True, 'router:external': False, 'provider:network_type': 'vlan', 'provider:physical_network': 'default', 'provider:segmentation_id': 238, 'availability_zone_hints': [], 'availability_zones': [], 'ipv4_address_scope': None, 'ipv6_address_scope': None, 'description': '', 'tags': [], 'created_at': '2025-02-21T08:49:14Z', 'updated_at': '2025-02-21T08:49:14Z', 'revision_number': 1} available for tenant
2025-02-21 08:51:58.358 63425 INFO tempest.lib.common.rest_client [req-46d28366-0214-4568-944a-15bc3b130a0a req-46d28366-0214-4568-944a-15bc3b130a0a ] Request (ServersWithSpecificFlavorTestJSON:test_verify_created_server_ephemeral_disk): 200 GET http://10.180.1.21/compute/v2.1/servers/421a6100-70a4-4fbf-abac-28a4e47acaef 0.306s
2025-02-21 08:51:58.364 63409 INFO tempest.lib.common.rest_client [req-a63975b2-729a-4616-90a6-df11dcb0310c req-a63975b2-729a-4616-90a6-df11dcb0310c ] Request (ServersTestFqdnHostnames:tearDownClass): 200 GET http://10.180.1.21/compute/v2.1/servers/7c42dd10-0981-4496-85bd-d467534c95e5 0.344s
2025-02-21 08:51:58.401 63439 INFO tempest.lib.common.rest_client [req-bae14c5a-635c-4187-8683-15643a4ccf79 req-bae14c5a-635c-4187-8683-15643a4ccf79 ] Request (VolumesAdminNegativeTest:_run_cleanups): 200 GET http://10.180.1.21/compute/v2.1/servers/2ce8dfe0-35b5-48d7-836d-2fe62c9e43f3/os-volume_attachments 0.317s
2025-02-21 08:51:58.414 63433 INFO tempest.lib.common.rest_client [req-b8241dec-92e7-4811-b8c1-f1e06255c6c8 req-b8241dec-92e7-4811-b8c1-f1e06255c6c8 ] Request (ServerActionsV293TestJSON:test_rebuild_volume_backed_server): 200 GET http://10.180.1.21/compute/v2.1/flavors/42 0.295s
2025-02-21 08:51:58.434 63423 INFO tempest.lib.common.rest_client [req-9b7f2951-8014-4f1d-9229-677fe6c68b7f req-9b7f2951-8014-4f1d-9229-677fe6c68b7f ] Request (ServerShowV254Test:test_rebuild_server): 200 GET http://10.180.1.21/compute/v2.1/servers/1e36432b-3ebc-4417-b914-5feb9fbd040d 0.349s
2025-02-21 08:51:58.469 63383 INFO tempest.lib.common.rest_client [req-5fd5dfc4-cb7e-4e12-9897-032831ef52da req-5fd5dfc4-cb7e-4e12-9897-032831ef52da ] Request (FloatingIPsAssociationTestJSON:setUpClass): 200 GET http://10.180.1.21/compute/v2.1/servers/b979985d-b472-47ed-8611-e55e959942e9 0.305s
2025-02-21 08:51:58.506 63421 INFO tempest.lib.common.rest_client [req-2960799f-56be-4962-a08d-05dc70419b3e req-2960799f-56be-4962-a08d-05dc70419b3e ] Request (TenantUsagesTestJSON:tearDownClass): 200 GET http://10.180.1.21:9696/networking/v2.0/security-groups?tenant_id=b3d4cb4d56954e8094932daa1b56373d&name=default 0.482s
2025-02-21 08:51:58.535 63413 INFO tempest.lib.common.rest_client [req-3e72ef39-f04c-4bde-bbfc-18604fd197ef req-3e72ef39-f04c-4bde-bbfc-18604fd197ef ] Request (ImagesOneServerNegativeTestJSON:setUpClass): 200 GET http://10.180.1.21/compute/v2.1/servers/8dbcecc9-e6d8-49d6-a3ac-187920f2719b 0.290s
2025-02-21 08:51:58.600 63399 INFO tempest.lib.common.rest_client [req-189a79dc-6e63-4768-9ab6-8c0a72fdf173 req-189a79dc-6e63-4768-9ab6-8c0a72fdf173 ] Request (InstanceActionsNegativeTestJSON:tearDownClass): 204 DELETE http://10.180.1.21:9696/networking/v2.0/routers/c5a3b772-10f8-455e-a93e-aa43eab0c1c0 0.637s
2025-02-21 08:51:58.606 63427 INFO tempest.lib.common.rest_client [req-1ce78e5f-ec61-413f-aad8-8803ccf22154 req-1ce78e5f-ec61-413f-aad8-8803ccf22154 ] Request (ListServerFiltersTestJSON:setUpClass): 200 GET http://10.180.1.21/compute/v2.1/servers/591f0933-c3e5-4d84-b7ae-5125f18f7110 0.421s
2025-02-21 08:51:58.631 63401 INFO tempest.lib.common.rest_client [req-e599cfad-27ca-453c-89ab-a785c1219c23 req-e599cfad-27ca-453c-89ab-a785c1219c23 ] Request (ServersAdminNegativeTestJSON:tearDownClass): 404 GET http://10.180.1.21/compute/v2.1/servers/cc7675ce-8158-4544-95c9-df40c403832e 0.318s
2025-02-21 08:51:58.697 63421 INFO tempest.lib.common.rest_client [req-f9675fbf-a954-42e0-857f-461ca59f99bc req-f9675fbf-a954-42e0-857f-461ca59f99bc ] Request (TenantUsagesTestJSON:tearDownClass): 204 DELETE http://10.180.1.21:9696/networking/v2.0/security-groups/78c8af8d-704f-4bba-9c89-d826eca0024d 0.190s
2025-02-21 08:51:58.777 63401 INFO tempest.lib.common.rest_client [req-1324c5a1-b1a3-44fc-b249-93b48b48b8cb req-1324c5a1-b1a3-44fc-b249-93b48b48b8cb ] Request (ServersAdminNegativeTestJSON:tearDownClass): 204 DELETE http://10.180.1.21/identity/v3/users/52d2b43ca54e4c45852aa2699493b314 0.145s
2025-02-21 08:51:58.785 63421 INFO tempest.lib.common.rest_client [req-6b33644f-a983-414a-a08f-791de5b28691 req-6b33644f-a983-414a-a08f-791de5b28691 ] Request (TenantUsagesTestJSON:tearDownClass): 204 DELETE http://10.180.1.21/identity/v3/projects/b3d4cb4d56954e8094932daa1b56373d 0.088s
2025-02-21 08:51:58.838 63438 INFO tempest.lib.common.rest_client [req-54ca10df-5d54-4b69-9fb0-1c40b7845557 req-54ca10df-5d54-4b69-9fb0-1c40b7845557 ] Request (AttachInterfacesUnderV243Test:test_add_remove_fixed_ip): 200 GET http://10.180.1.21/compute/v2.1/servers/398e516b-9906-4e3f-b74d-b090a0437662 0.512s
2025-02-21 08:51:58.855 63421 INFO tempest.lib.common.rest_client [req-19b6c4cb-07f9-49ed-b111-ea62c0cbdc15 req-19b6c4cb-07f9-49ed-b111-ea62c0cbdc15 ] Request (InstanceActionsTestJSON:setUpClass): 201 POST http://10.180.1.21/identity/v3/auth/tokens 0.068s
2025-02-21 08:51:58.864 63399 INFO tempest.lib.common.rest_client [req-7e089f9e-38d5-4808-8606-04377b09614e req-7e089f9e-38d5-4808-8606-04377b09614e ] Request (InstanceActionsNegativeTestJSON:tearDownClass): 204 DELETE http://10.180.1.21:9696/networking/v2.0/subnets/6aca01ea-23cd-4f5b-9c9e-7afe95588882 0.263s
2025-02-21 08:51:58.902 63401 INFO tempest.lib.common.rest_client [req-7c10c395-d502-449f-a67d-b3ffb8551788 req-7c10c395-d502-449f-a67d-b3ffb8551788 ] Request (ServersAdminNegativeTestJSON:tearDownClass): 204 DELETE http://10.180.1.21/identity/v3/users/42ada4bc3e824311bb7f53c4082bacd9 0.124s
2025-02-21 08:51:58.902 63401 INFO tempest.lib.common.dynamic_creds [-] Deleting project and security group for project: fc75b7425e9e4813bf441fc187ec0ad0
2025-02-21 08:51:58.920 63421 INFO tempest.lib.common.rest_client [req-555f2324-3cbd-492f-9121-64b0c33cc34b req-555f2324-3cbd-492f-9121-64b0c33cc34b ] Request (InstanceActionsTestJSON:setUpClass): 201 POST http://10.180.1.21/identity/v3/auth/tokens 0.063s
2025-02-21 08:51:58.931 63381 INFO tempest.lib.common.rest_client [req-202e688d-d3d2-4a8e-b9db-943dfc5233a5 req-202e688d-d3d2-4a8e-b9db-943dfc5233a5 ] Request (ServerShowV247Test:tearDownClass): 200 GET http://10.180.1.21/compute/v2.1/servers/17e58975-52ca-4e4e-8358-e72975123529 0.525s
2025-02-21 08:51:58.961 63401 INFO tempest.lib.common.rest_client [req-e39f6f71-46cb-4081-b0a7-b71773f228e1 req-e39f6f71-46cb-4081-b0a7-b71773f228e1 ] Request (ServersAdminNegativeTestJSON:tearDownClass): 201 POST http://10.180.1.21/identity/v3/auth/tokens 0.059s
2025-02-21 08:51:58.973 63421 INFO tempest.lib.common.rest_client [req-d58d7d87-f4f8-4d5c-b98b-e93e248b7e0f req-d58d7d87-f4f8-4d5c-b98b-e93e248b7e0f ] Request (InstanceActionsTestJSON:setUpClass): 200 GET http://10.180.1.21/identity/v3/domains?name=Default 0.053s
2025-02-21 08:51:59.002 63421 INFO tempest.lib.common.rest_client [req-7f50408c-b38d-449a-8ef5-1763c5057ee1 req-7f50408c-b38d-449a-8ef5-1763c5057ee1 ] Request (InstanceActionsTestJSON:setUpClass): 201 POST http://10.180.1.21/identity/v3/projects 0.028s
2025-02-21 08:51:59.016 63391 INFO tempest.lib.common.rest_client [req-418d8e44-40f4-459f-83b8-8f68c8b6e5da req-418d8e44-40f4-459f-83b8-8f68c8b6e5da ] Request (ServersV294TestFqdnHostnames:tearDownClass): 200 GET http://10.180.1.21/compute/v2.1/servers/68a75af1-3f9a-4ed7-9e12-24dfd927b323 0.600s
2025-02-21 08:51:59.051 63385 INFO tempest.lib.common.rest_client [req-ab9f234a-a89e-4e63-8d5c-d607da0a7f9f req-ab9f234a-a89e-4e63-8d5c-d607da0a7f9f ] Request (ImagesTestJSON:test_create_server_from_snapshot): 202 POST http://10.180.1.21/compute/v2.1/servers 0.766s
2025-02-21 08:51:59.083 63421 INFO tempest.lib.common.rest_client [req-ebc55a5e-9289-48d0-9f5e-7301f3b60ddb req-ebc55a5e-9289-48d0-9f5e-7301f3b60ddb ] Request (InstanceActionsTestJSON:setUpClass): 201 POST http://10.180.1.21/identity/v3/users 0.080s
2025-02-21 08:51:59.105 63421 INFO tempest.lib.common.rest_client [req-b8e261f7-4c19-4366-b01c-72ce36c48390 req-b8e261f7-4c19-4366-b01c-72ce36c48390 ] Request (InstanceActionsTestJSON:setUpClass): 200 GET http://10.180.1.21/identity/v3/roles 0.021s
2025-02-21 08:51:59.131 63401 INFO tempest.lib.common.rest_client [req-e01a5cc9-66e0-4840-9583-82c610d1c99a req-e01a5cc9-66e0-4840-9583-82c610d1c99a ] Request (ServersAdminNegativeTestJSON:tearDownClass): 200 GET http://10.180.1.21:9696/networking/v2.0/security-groups?tenant_id=fc75b7425e9e4813bf441fc187ec0ad0&name=default 0.169s
2025-02-21 08:51:59.155 63405 INFO tempest.lib.common.rest_client [req-26d01da4-ae30-49ec-8642-fc935c0e8cda req-26d01da4-ae30-49ec-8642-fc935c0e8cda ] Request (ServersTestMultiNic:_run_cleanups): 200 GET http://10.180.1.21/compute/v2.1/servers/5c6d73d6-f07f-4581-824f-2b13701c8f88 0.657s
2025-02-21 08:51:59.157 63421 INFO tempest.lib.common.rest_client [req-11c5fee1-79b3-416d-8adc-c33cfb7b3e24 req-11c5fee1-79b3-416d-8adc-c33cfb7b3e24 ] Request (InstanceActionsTestJSON:setUpClass): 204 PUT http://10.180.1.21/identity/v3/projects/fba694370d104daabb0a41030634bc47/users/9ec775d5f663457eaed673c37b4888c5/roles/74c0bd29307245b796d58e79a49b940a 0.051s
2025-02-21 08:51:59.157 63421 INFO tempest.lib.common.dynamic_creds [-] Dynamic test user 9ec775d5f663457eaed673c37b4888c5 is created with scope project and roles: ['member']
2025-02-21 08:51:59.157 63421 INFO tempest.lib.common.dynamic_creds [-] Acquired dynamic creds: credentials: Credentials: {'domain_id': 'default', 'domain_name': 'Default', 'username': 'tempest-InstanceActionsTestJSON-1504172975-project-member', 'project_domain_id': 'default', 'project_domain_name': 'Default', 'project_id': 'fba694370d104daabb0a41030634bc47', 'project_name': 'tempest-InstanceActionsTestJSON-1504172975', 'tenant_id': 'fba694370d104daabb0a41030634bc47', 'tenant_name': 'tempest-InstanceActionsTestJSON-1504172975', 'user_domain_id': 'default', 'user_domain_name': 'Default', 'user_id': '9ec775d5f663457eaed673c37b4888c5', 'system': None}, Network: None, Subnet: None, Router: None
2025-02-21 08:51:59.177 63433 INFO tempest.lib.common.rest_client [req-aba2d4ad-5c12-4158-abcf-11d8daad2e89 req-aba2d4ad-5c12-4158-abcf-11d8daad2e89 ] Request (ServerActionsV293TestJSON:test_rebuild_volume_backed_server): 200 GET http://10.180.1.21/compute/v2.1/servers/51b3dd53-5669-4967-8b80-6b9b89d997cb 0.760s
2025-02-21 08:51:59.241 63421 INFO tempest.lib.common.rest_client [req-85ea4a06-8814-4c80-b1a0-fe689b08e689 req-85ea4a06-8814-4c80-b1a0-fe689b08e689 ] Request (InstanceActionsTestJSON:setUpClass): 201 POST http://10.180.1.21/identity/v3/auth/tokens 0.083s
2025-02-21 08:51:59.288 63403 INFO tempest.lib.common.rest_client [req-82fe76d0-013c-4770-906b-d3570bcfe0b6 req-82fe76d0-013c-4770-906b-d3570bcfe0b6 ] Request (AttachInterfacesTestJSON:test_create_list_show_delete_interfaces_by_fixed_ip): 200 GET http://10.180.1.21/compute/v2.1/servers/0fd393bb-8113-4b12-93ea-2d257fb98ae0/os-interface 0.768s
2025-02-21 08:51:59.298 63401 INFO tempest.lib.common.rest_client [req-d6290354-871a-421b-b2a2-d7f2a03b7d94 req-d6290354-871a-421b-b2a2-d7f2a03b7d94 ] Request (ServersAdminNegativeTestJSON:tearDownClass): 204 DELETE http://10.180.1.21:9696/networking/v2.0/security-groups/1b0e538a-b1b4-4a75-b52e-df08a62019ea 0.167s
2025-02-21 08:51:59.329 63403 INFO tempest.lib.common.rest_client [req-efb0b07d-9ba1-44d0-8f27-f37222c15468 req-efb0b07d-9ba1-44d0-8f27-f37222c15468 ] Request (AttachInterfacesTestJSON:_run_cleanups): 404 DELETE http://10.180.1.21:9696/networking/v2.0/ports/8cc1992a-f48c-4cda-b644-c277298723b7 0.039s
2025-02-21 08:51:59.389 63399 INFO tempest.lib.common.rest_client [req-7f4788a3-6eb0-446a-9d9b-d25def018f35 req-7f4788a3-6eb0-446a-9d9b-d25def018f35 ] Request (InstanceActionsNegativeTestJSON:tearDownClass): 204 DELETE http://10.180.1.21:9696/networking/v2.0/networks/4c99e0fb-2b0c-4cea-a726-8140903be4fb 0.525s
2025-02-21 08:51:59.413 63417 INFO tempest.lib.common.rest_client [req-c683628a-f941-4b63-918e-55e62f057dcb req-c683628a-f941-4b63-918e-55e62f057dcb ] Request (MigrationsAdminTest:test_resize_server_revert_deleted_flavor): 200 GET http://10.180.1.21/compute/v2.1/servers/878bfa51-a829-4537-a841-31273a0b09cc 0.829s
2025-02-21 08:51:59.424 63387 INFO tempest.lib.common.rest_client [req-68f4ddaf-423c-4032-9896-bf57bd02c1c8 req-68f4ddaf-423c-4032-9896-bf57bd02c1c8 ] Request (MultipleCreateTestJSON:test_multiple_create): 200 GET http://10.180.1.21/compute/v2.1/servers/1b4ce059-48cf-4e2c-9717-8435265be136 0.871s
2025-02-21 08:51:59.436 63387 INFO tempest.common.waiters [-] State transition "BUILD/None" ==> "BUILD/networking" after 86 second wait
2025-02-21 08:51:59.438 63401 INFO tempest.lib.common.rest_client [req-eb30edc6-6e74-435e-a1e3-50bb0dbdfcd6 req-eb30edc6-6e74-435e-a1e3-50bb0dbdfcd6 ] Request (ServersAdminNegativeTestJSON:tearDownClass): 204 DELETE http://10.180.1.21/identity/v3/projects/fc75b7425e9e4813bf441fc187ec0ad0 0.138s
2025-02-21 08:51:59.438 63401 INFO tempest.lib.common.dynamic_creds [-] Deleting project and security group for project: 0f4f30b0e21b45febcd78fa119d635a0
2025-02-21 08:51:59.493 63401 INFO tempest.lib.common.rest_client [req-c6f92855-c2f4-4b17-bf82-e3ecf302ce67 req-c6f92855-c2f4-4b17-bf82-e3ecf302ce67 ] Request (ServersAdminNegativeTestJSON:tearDownClass): 200 GET http://10.180.1.21:9696/networking/v2.0/security-groups?tenant_id=0f4f30b0e21b45febcd78fa119d635a0&name=default 0.055s
2025-02-21 08:51:59.493 63385 INFO tempest.lib.common.rest_client [req-c887c26b-b150-4190-ad0d-956d9bf78b55 req-c887c26b-b150-4190-ad0d-956d9bf78b55 ] Request (ImagesTestJSON:test_create_server_from_snapshot): 200 GET http://10.180.1.21/compute/v2.1/servers/51f3d212-fea0-4743-bd74-810c1f0122f5 0.439s
2025-02-21 08:51:59.497 63431 INFO tempest.lib.common.rest_client [req-87ec9901-a0e7-4dc7-9089-3cd76087c24e req-87ec9901-a0e7-4dc7-9089-3cd76087c24e ] Request (ImagesOneServerTestJSON:setUpClass): 200 GET http://10.180.1.21/compute/v2.1/servers/821a516b-af49-4b2c-b120-d08b237ccb7b 0.893s
2025-02-21 08:51:59.544 63399 INFO tempest.lib.common.rest_client [req-120dd42a-71ae-4dc3-bfaa-5e4e43c99890 req-120dd42a-71ae-4dc3-bfaa-5e4e43c99890 ] Request (InstanceActionsNegativeTestJSON:tearDownClass): 204 DELETE http://10.180.1.21/identity/v3/users/78e05340a8a84136bc972ea207141f2a 0.154s
2025-02-21 08:51:59.544 63399 INFO tempest.lib.common.dynamic_creds [-] Deleting project and security group for project: 4fde46e015414fa2b7a03f089c0d0260
2025-02-21 08:51:59.545 63407 INFO tempest.lib.common.rest_client [req-97156302-40e2-4109-8408-e62fae06e25e req-97156302-40e2-4109-8408-e62fae06e25e ] Request (ListImageFiltersTestJSON:setUpClass): 200 GET http://10.180.1.21/compute/v2.1/images/c3ade0cf-6d3a-4346-b217-debc06b0e4d5 0.417s
2025-02-21 08:51:59.582 63399 INFO tempest.lib.common.rest_client [req-8d0c0132-8c38-4ca3-a49f-935a551cd5fe req-8d0c0132-8c38-4ca3-a49f-935a551cd5fe ] Request (InstanceActionsNegativeTestJSON:tearDownClass): 200 GET http://10.180.1.21:9696/networking/v2.0/security-groups?tenant_id=4fde46e015414fa2b7a03f089c0d0260&name=default 0.037s
2025-02-21 08:51:59.632 63443 INFO tempest.lib.common.rest_client [req-27dbbbf9-38d5-44d2-a093-084ce7496df2 req-27dbbbf9-38d5-44d2-a093-084ce7496df2 ] Request (DeleteServersTestJSON:test_delete_server_while_in_attached_volume): 200 GET http://10.180.1.21/compute/v2.1/servers/5fae8f14-70bd-496e-b311-8555e6eb8dd6 0.429s
2025-02-21 08:51:59.634 63429 INFO tempest.lib.common.rest_client [req-a8eb18eb-02bc-4cfc-a8f6-9ab866eab38d req-a8eb18eb-02bc-4cfc-a8f6-9ab866eab38d ] Request (InstanceActionsV221TestJSON:test_get_list_deleted_instance_actions): 200 GET http://10.180.1.21/compute/v2.1/servers/d9015a99-4e2e-48e7-ab0a-e63da1bbcdee 0.355s
2025-02-21 08:51:59.643 63401 INFO tempest.lib.common.rest_client [req-630a3b88-7667-4d95-a8a8-42a5b893969b req-630a3b88-7667-4d95-a8a8-42a5b893969b ] Request (ServersAdminNegativeTestJSON:tearDownClass): 204 DELETE http://10.180.1.21:9696/networking/v2.0/security-groups/707b3c2f-91e1-4843-93b9-dd8c28e2b660 0.149s
2025-02-21 08:51:59.688 63421 INFO tempest.lib.common.rest_client [req-a350e46f-3ec6-4db6-8941-7d0b54a390ce req-a350e46f-3ec6-4db6-8941-7d0b54a390ce ] Request (InstanceActionsTestJSON:setUpClass): 201 POST http://10.180.1.21:9696/networking/v2.0/networks 0.446s
2025-02-21 08:51:59.720 63393 INFO tempest.lib.common.rest_client [req-6cbfc5ca-93ee-4662-8e40-3a827d13df8e req-6cbfc5ca-93ee-4662-8e40-3a827d13df8e ] Request (ServersTestJSON:test_create_server_with_ipv6_addr_only): 200 GET http://10.180.1.21/compute/v2.1/servers/62d329f2-b211-4c32-9cbd-5b4d68e825b8 0.436s
2025-02-21 08:51:59.753 63399 INFO tempest.lib.common.rest_client [req-c14eb876-7fd8-4488-9a44-88ab0633ff79 req-c14eb876-7fd8-4488-9a44-88ab0633ff79 ] Request (InstanceActionsNegativeTestJSON:tearDownClass): 204 DELETE http://10.180.1.21:9696/networking/v2.0/security-groups/b2553dca-abcc-4a6b-b0c4-9ad415fcff67 0.170s
2025-02-21 08:51:59.753 63403 INFO tempest.lib.common.rest_client [req-0c29a4ba-35d5-4766-b43f-e7186dc87fb2 req-0c29a4ba-35d5-4766-b43f-e7186dc87fb2 ] Request (AttachInterfacesTestJSON:_run_cleanups): 204 DELETE http://10.180.1.21/compute/v2.1/servers/0fd393bb-8113-4b12-93ea-2d257fb98ae0 0.423s
2025-02-21 08:51:59.817 63401 INFO tempest.lib.common.rest_client [req-7db0b22d-9b71-42ed-926a-6c6e36374619 req-7db0b22d-9b71-42ed-926a-6c6e36374619 ] Request (ServersAdminNegativeTestJSON:tearDownClass): 204 DELETE http://10.180.1.21/identity/v3/projects/0f4f30b0e21b45febcd78fa119d635a0 0.174s
2025-02-21 08:51:59.819 63401 INFO tempest.test [-] raised in SpiceDirectConsoleTestJSON.setUpClass. Invoking tearDownClass.
2025-02-21 08:51:59.860 63409 INFO tempest.lib.common.rest_client [req-f8773481-e394-42dc-bb20-a06d07835635 req-f8773481-e394-42dc-bb20-a06d07835635 ] Request (ServersTestFqdnHostnames:tearDownClass): 200 GET http://10.180.1.21/compute/v2.1/servers/7c42dd10-0981-4496-85bd-d467534c95e5 0.486s
2025-02-21 08:51:59.861 63425 INFO tempest.lib.common.rest_client [req-f7e970a8-34b5-4c2e-b504-90c78f861a1e req-f7e970a8-34b5-4c2e-b504-90c78f861a1e ] Request (ServersWithSpecificFlavorTestJSON:test_verify_created_server_ephemeral_disk): 200 GET http://10.180.1.21/compute/v2.1/servers/421a6100-70a4-4fbf-abac-28a4e47acaef 0.486s
2025-02-21 08:51:59.901 63401 INFO tempest.lib.common.rest_client [req-4ce70e5e-a20a-4611-8645-5a695ee2ff3f req-4ce70e5e-a20a-4611-8645-5a695ee2ff3f ] Request (ListImagesTestJSON:setUpClass): 201 POST http://10.180.1.21/identity/v3/auth/tokens 0.078s
2025-02-21 08:51:59.904 63439 INFO tempest.lib.common.rest_client [req-ee0e88f7-a436-404d-bd85-4fc575f54814 req-ee0e88f7-a436-404d-bd85-4fc575f54814 ] Request (VolumesAdminNegativeTest:_run_cleanups): 200 GET http://10.180.1.21/compute/v2.1/servers/2ce8dfe0-35b5-48d7-836d-2fe62c9e43f3/os-volume_attachments 0.496s
2025-02-21 08:51:59.945 63399 INFO tempest.lib.common.rest_client [req-d37bf884-1ce5-4edf-a98e-30451489bafc req-d37bf884-1ce5-4edf-a98e-30451489bafc ] Request (InstanceActionsNegativeTestJSON:tearDownClass): 204 DELETE http://10.180.1.21/identity/v3/projects/4fde46e015414fa2b7a03f089c0d0260 0.191s
2025-02-21 08:51:59.947 63423 INFO tempest.lib.common.rest_client [req-9c31ce81-690c-4816-bbc7-c0a773321bdd req-9c31ce81-690c-4816-bbc7-c0a773321bdd ] Request (ServerShowV254Test:test_rebuild_server): 200 GET http://10.180.1.21/compute/v2.1/servers/1e36432b-3ebc-4417-b914-5feb9fbd040d 0.502s
2025-02-21 08:51:59.988 63401 INFO tempest.lib.common.rest_client [req-b7438fe2-5d26-4d82-a5aa-11b8805a34f8 req-b7438fe2-5d26-4d82-a5aa-11b8805a34f8 ] Request (ListImagesTestJSON:setUpClass): 201 POST http://10.180.1.21/identity/v3/auth/tokens 0.085s
2025-02-21 08:51:59.989 63399 INFO tempest.lib.common.rest_client [req-45211a46-7493-450a-bdce-a375a5d6ab47 req-45211a46-7493-450a-bdce-a375a5d6ab47 ] Request (ServerRescueTestJSON:setUpClass): 201 POST http://10.180.1.21/identity/v3/auth/tokens 0.041s
2025-02-21 08:51:59.998 63383 INFO tempest.lib.common.rest_client [req-b1a9c943-1a91-4459-9ff9-fdc77aeb38a2 req-b1a9c943-1a91-4459-9ff9-fdc77aeb38a2 ] Request (FloatingIPsAssociationTestJSON:setUpClass): 200 GET http://10.180.1.21/compute/v2.1/servers/b979985d-b472-47ed-8611-e55e959942e9 0.519s
2025-02-21 08:52:00.018 63401 INFO tempest.lib.common.rest_client [req-230d47b0-b9d4-4446-845a-30597416ad2f req-230d47b0-b9d4-4446-845a-30597416ad2f ] Request (ListImagesTestJSON:setUpClass): 200 GET http://10.180.1.21/identity/v3/domains?name=Default 0.029s
2025-02-21 08:52:00.039 63399 INFO tempest.lib.common.rest_client [req-a1c8438e-ad59-4eed-8352-d1ed2046be2e req-a1c8438e-ad59-4eed-8352-d1ed2046be2e ] Request (ServerRescueTestJSON:setUpClass): 201 POST http://10.180.1.21/identity/v3/auth/tokens 0.045s
2025-02-21 08:52:00.045 63421 INFO tempest.lib.common.rest_client [req-bd1833e0-3761-4c65-b99a-3f7bd037e0fd req-bd1833e0-3761-4c65-b99a-3f7bd037e0fd ] Request (InstanceActionsTestJSON:setUpClass): 201 POST http://10.180.1.21:9696/networking/v2.0/subnets 0.357s
2025-02-21 08:52:00.051 63401 INFO tempest.lib.common.rest_client [req-27ef7b61-12c8-4a31-80df-42cb1feeb3dc req-27ef7b61-12c8-4a31-80df-42cb1feeb3dc ] Request (ListImagesTestJSON:setUpClass): 201 POST http://10.180.1.21/identity/v3/projects 0.032s
2025-02-21 08:52:00.063 63413 INFO tempest.lib.common.rest_client [req-021ead85-49a7-4d40-9e73-5ddf15d85207 req-021ead85-49a7-4d40-9e73-5ddf15d85207 ] Request (ImagesOneServerNegativeTestJSON:setUpClass): 200 GET http://10.180.1.21/compute/v2.1/servers/8dbcecc9-e6d8-49d6-a3ac-187920f2719b 0.513s
2025-02-21 08:52:00.107 63399 INFO tempest.lib.common.rest_client [req-1fc70cc3-f345-42ac-826d-72785b4fbed1 req-1fc70cc3-f345-42ac-826d-72785b4fbed1 ] Request (ServerRescueTestJSON:setUpClass): 200 GET http://10.180.1.21/identity/v3/domains?name=Default 0.067s
2025-02-21 08:52:00.124 63401 INFO tempest.lib.common.rest_client [req-c981d63e-75e3-47d9-b6a2-7414220a665b req-c981d63e-75e3-47d9-b6a2-7414220a665b ] Request (ListImagesTestJSON:setUpClass): 201 POST http://10.180.1.21/identity/v3/users 0.073s
2025-02-21 08:52:00.150 63399 INFO tempest.lib.common.rest_client [req-6769d432-45d5-475b-a135-2d7eb9574fbc req-6769d432-45d5-475b-a135-2d7eb9574fbc ] Request (ServerRescueTestJSON:setUpClass): 201 POST http://10.180.1.21/identity/v3/projects 0.042s
2025-02-21 08:52:00.152 63401 INFO tempest.lib.common.rest_client [req-4351c0a7-8984-48f3-a555-33bdb73f5ccd req-4351c0a7-8984-48f3-a555-33bdb73f5ccd ] Request (ListImagesTestJSON:setUpClass): 200 GET http://10.180.1.21/identity/v3/roles 0.027s
2025-02-21 08:52:00.181 63427 INFO tempest.lib.common.rest_client [req-23d83d2b-f97a-4eb7-beab-570fcfeb31a0 req-23d83d2b-f97a-4eb7-beab-570fcfeb31a0 ] Request (ListServerFiltersTestJSON:setUpClass): 200 GET http://10.180.1.21/compute/v2.1/servers/591f0933-c3e5-4d84-b7ae-5125f18f7110 0.565s
2025-02-21 08:52:00.223 63399 INFO tempest.lib.common.rest_client [req-17024ed8-40e5-4680-b993-149e07ca3337 req-17024ed8-40e5-4680-b993-149e07ca3337 ] Request (ServerRescueTestJSON:setUpClass): 201 POST http://10.180.1.21/identity/v3/users 0.072s
2025-02-21 08:52:00.227 63403 INFO tempest.lib.common.rest_client [req-3be6a035-140a-4810-8730-a129438cd42f req-3be6a035-140a-4810-8730-a129438cd42f ] Request (AttachInterfacesTestJSON:_run_cleanups): 200 GET http://10.180.1.21/compute/v2.1/servers/0fd393bb-8113-4b12-93ea-2d257fb98ae0 0.473s
2025-02-21 08:52:00.249 63401 INFO tempest.lib.common.rest_client [req-8cc614f5-46e3-4dbe-bede-446fc5019860 req-8cc614f5-46e3-4dbe-bede-446fc5019860 ] Request (ListImagesTestJSON:setUpClass): 204 PUT http://10.180.1.21/identity/v3/projects/e77b97d28b1a482fb927d74d078c064d/users/d262341657bf4c5596348412ef7a3281/roles/74c0bd29307245b796d58e79a49b940a 0.096s
2025-02-21 08:52:00.249 63401 INFO tempest.lib.common.dynamic_creds [-] Dynamic test user d262341657bf4c5596348412ef7a3281 is created with scope project and roles: ['member']
2025-02-21 08:52:00.249 63401 INFO tempest.lib.common.dynamic_creds [-] Acquired dynamic creds: credentials: Credentials: {'domain_id': 'default', 'domain_name': 'Default', 'username': 'tempest-ListImagesTestJSON-1423390950-project-member', 'project_domain_id': 'default', 'project_domain_name': 'Default', 'project_id': 'e77b97d28b1a482fb927d74d078c064d', 'project_name': 'tempest-ListImagesTestJSON-1423390950', 'tenant_id': 'e77b97d28b1a482fb927d74d078c064d', 'tenant_name': 'tempest-ListImagesTestJSON-1423390950', 'user_domain_id': 'default', 'user_domain_name': 'Default', 'user_id': 'd262341657bf4c5596348412ef7a3281', 'system': None}, Network: None, Subnet: None, Router: None
2025-02-21 08:52:00.250 63401 INFO tempest.lib.common.dynamic_creds [-] Created isolated network resources for: credentials: Credentials: {'domain_id': 'default', 'domain_name': 'Default', 'username': 'tempest-ListImagesTestJSON-1423390950-project-member', 'project_domain_id': 'default', 'project_domain_name': 'Default', 'project_id': 'e77b97d28b1a482fb927d74d078c064d', 'project_name': 'tempest-ListImagesTestJSON-1423390950', 'tenant_id': 'e77b97d28b1a482fb927d74d078c064d', 'tenant_name': 'tempest-ListImagesTestJSON-1423390950', 'user_domain_id': 'default', 'user_domain_name': 'Default', 'user_id': 'd262341657bf4c5596348412ef7a3281', 'system': None}, Network: None, Subnet: None, Router: None
2025-02-21 08:52:00.252 63399 INFO tempest.lib.common.rest_client [req-0c2392ed-3f9e-4cd9-8e17-6a7321d2451f req-0c2392ed-3f9e-4cd9-8e17-6a7321d2451f ] Request (ServerRescueTestJSON:setUpClass): 200 GET http://10.180.1.21/identity/v3/roles 0.028s
2025-02-21 08:52:00.320 63381 INFO tempest.lib.common.rest_client [req-f25636c8-1b93-402c-96a1-81db522519ed req-f25636c8-1b93-402c-96a1-81db522519ed ] Request (ServerShowV247Test:tearDownClass): 200 GET http://10.180.1.21/compute/v2.1/servers/17e58975-52ca-4e4e-8358-e72975123529 0.371s
2025-02-21 08:52:00.339 63438 INFO tempest.lib.common.rest_client [req-0e75d497-dc83-4bbd-bff3-e700bfc12885 req-0e75d497-dc83-4bbd-bff3-e700bfc12885 ] Request (AttachInterfacesUnderV243Test:test_add_remove_fixed_ip): 200 GET http://10.180.1.21/compute/v2.1/servers/398e516b-9906-4e3f-b74d-b090a0437662 0.487s
2025-02-21 08:52:00.359 63399 INFO tempest.lib.common.rest_client [req-446c962a-e30d-49e2-a981-0dd637ee0bd8 req-446c962a-e30d-49e2-a981-0dd637ee0bd8 ] Request (ServerRescueTestJSON:setUpClass): 204 PUT http://10.180.1.21/identity/v3/projects/a8b089305d5a4ae1a6d2e97e16cd2092/users/1fc98fc552ab4e7f8a1730a842872078/roles/74c0bd29307245b796d58e79a49b940a 0.107s
2025-02-21 08:52:00.359 63399 INFO tempest.lib.common.dynamic_creds [-] Dynamic test user 1fc98fc552ab4e7f8a1730a842872078 is created with scope project and roles: ['member']
2025-02-21 08:52:00.360 63399 INFO tempest.lib.common.dynamic_creds [-] Acquired dynamic creds: credentials: Credentials: {'domain_id': 'default', 'domain_name': 'Default', 'username': 'tempest-ServerRescueTestJSON-1835327343-project-member', 'project_domain_id': 'default', 'project_domain_name': 'Default', 'project_id': 'a8b089305d5a4ae1a6d2e97e16cd2092', 'project_name': 'tempest-ServerRescueTestJSON-1835327343', 'tenant_id': 'a8b089305d5a4ae1a6d2e97e16cd2092', 'tenant_name': 'tempest-ServerRescueTestJSON-1835327343', 'user_domain_id': 'default', 'user_domain_name': 'Default', 'user_id': '1fc98fc552ab4e7f8a1730a842872078', 'system': None}, Network: None, Subnet: None, Router: None
2025-02-21 08:52:00.363 63401 INFO tempest.lib.common.rest_client [req-10aded3d-464a-4bc3-818d-d031f5c5a982 req-10aded3d-464a-4bc3-818d-d031f5c5a982 ] Request (ListImagesTestJSON:setUpClass): 201 POST http://10.180.1.21/identity/v3/auth/tokens 0.108s
2025-02-21 08:52:00.426 63391 INFO tempest.lib.common.rest_client [req-eb73d66b-19d4-416f-883d-118420432473 req-eb73d66b-19d4-416f-883d-118420432473 ] Request (ServersV294TestFqdnHostnames:tearDownClass): 200 GET http://10.180.1.21/compute/v2.1/servers/68a75af1-3f9a-4ed7-9e12-24dfd927b323 0.396s
2025-02-21 08:52:00.433 63405 INFO tempest.lib.common.rest_client [req-a8ab471c-d550-4ee9-82a2-79c333b70093 req-a8ab471c-d550-4ee9-82a2-79c333b70093 ] Request (ServersTestMultiNic:_run_cleanups): 200 GET http://10.180.1.21/compute/v2.1/servers/5c6d73d6-f07f-4581-824f-2b13701c8f88 0.268s
2025-02-21 08:52:00.451 63399 INFO tempest.lib.common.rest_client [req-5e60d899-fbeb-462c-b277-076e0232c1c4 req-5e60d899-fbeb-462c-b277-076e0232c1c4 ] Request (ServerRescueTestJSON:setUpClass): 201 POST http://10.180.1.21/identity/v3/auth/tokens 0.091s
2025-02-21 08:52:00.606 63433 INFO tempest.lib.common.rest_client [req-fba0b92d-013d-4615-a8a0-747a4d1f424c req-fba0b92d-013d-4615-a8a0-747a4d1f424c ] Request (ServerActionsV293TestJSON:test_rebuild_volume_backed_server): 200 GET http://10.180.1.21/compute/v2.1/servers/51b3dd53-5669-4967-8b80-6b9b89d997cb 0.408s
2025-02-21 08:52:00.625 63401 INFO tempest.lib.common.rest_client [req-c840af01-3689-434e-9011-361d6bbd353a req-c840af01-3689-434e-9011-361d6bbd353a ] Request (ListImagesTestJSON:test_get_image): 200 GET http://10.180.1.21/compute/v2.1/images/b9e27439-f47d-4d34-b48d-2bb5f19db53e 0.260s
2025-02-21 08:52:00.702 63417 INFO tempest.lib.common.rest_client [req-7f47b54a-bb24-4aa8-999d-693d29efc5b1 req-7f47b54a-bb24-4aa8-999d-693d29efc5b1 ] Request (MigrationsAdminTest:test_resize_server_revert_deleted_flavor): 200 GET http://10.180.1.21/compute/v2.1/servers/878bfa51-a829-4537-a841-31273a0b09cc 0.273s
2025-02-21 08:52:00.785 63431 INFO tempest.lib.common.rest_client [req-e98569af-2779-4bf4-bbed-cf6528f79a1a req-e98569af-2779-4bf4-bbed-cf6528f79a1a ] Request (ImagesOneServerTestJSON:setUpClass): 200 GET http://10.180.1.21/compute/v2.1/servers/821a516b-af49-4b2c-b120-d08b237ccb7b 0.276s
2025-02-21 08:52:00.811 63387 INFO tempest.lib.common.rest_client [req-2081db71-85a3-4339-a21b-cd6cc0b627fc req-2081db71-85a3-4339-a21b-cd6cc0b627fc ] Request (MultipleCreateTestJSON:test_multiple_create): 200 GET http://10.180.1.21/compute/v2.1/servers/1b4ce059-48cf-4e2c-9717-8435265be136 0.373s
2025-02-21 08:52:00.818 63387 INFO tempest.common.waiters [-] State transition "BUILD/networking" ==> "BUILD/spawning" after 87 second wait
2025-02-21 08:52:00.856 63385 INFO tempest.lib.common.rest_client [req-d4174f41-2093-4097-941f-9e396dcdd191 req-d4174f41-2093-4097-941f-9e396dcdd191 ] Request (ImagesTestJSON:test_create_server_from_snapshot): 200 GET http://10.180.1.21/compute/v2.1/servers/51f3d212-fea0-4743-bd74-810c1f0122f5 0.346s
2025-02-21 08:52:00.857 63407 INFO tempest.lib.common.rest_client [req-8e7c7570-96e7-4258-8fa4-f469c78ac945 req-8e7c7570-96e7-4258-8fa4-f469c78ac945 ] Request (ListImageFiltersTestJSON:setUpClass): 200 GET http://10.180.1.21/compute/v2.1/images/c3ade0cf-6d3a-4346-b217-debc06b0e4d5 0.307s
2025-02-21 08:52:00.910 63399 INFO tempest.lib.common.rest_client [req-41b4e94a-f43b-4d25-86db-8344338d028c req-41b4e94a-f43b-4d25-86db-8344338d028c ] Request (ServerRescueTestJSON:setUpClass): 201 POST http://10.180.1.21:9696/networking/v2.0/networks 0.458s
2025-02-21 08:52:00.921 63401 INFO tempest.lib.common.rest_client [req-b409548f-642d-4875-8e76-31fdf80168dc req-b409548f-642d-4875-8e76-31fdf80168dc ] Request (ListImagesTestJSON:test_list_images): 200 GET http://10.180.1.21/compute/v2.1/images 0.291s
2025-02-21 08:52:00.922 63443 INFO tempest.lib.common.rest_client [req-c8d38249-f695-4b35-9131-0d338d129607 req-c8d38249-f695-4b35-9131-0d338d129607 ] Request (DeleteServersTestJSON:test_delete_server_while_in_attached_volume): 200 GET http://10.180.1.21/compute/v2.1/servers/5fae8f14-70bd-496e-b311-8555e6eb8dd6 0.276s
2025-02-21 08:52:00.968 63421 INFO tempest.lib.common.rest_client [req-4115609a-9240-4a06-a675-a3bc7cadf0fb req-4115609a-9240-4a06-a675-a3bc7cadf0fb ] Request (InstanceActionsTestJSON:setUpClass): 201 POST http://10.180.1.21:9696/networking/v2.0/routers 0.923s
2025-02-21 08:52:00.997 63429 INFO tempest.lib.common.rest_client [req-db80c1bc-65ee-4919-8b57-5a8942a78539 req-db80c1bc-65ee-4919-8b57-5a8942a78539 ] Request (InstanceActionsV221TestJSON:test_get_list_deleted_instance_actions): 200 GET http://10.180.1.21/compute/v2.1/servers/d9015a99-4e2e-48e7-ab0a-e63da1bbcdee 0.345s
2025-02-21 08:52:00.996 63393 INFO tempest.lib.common.rest_client [req-51cc4542-bf6c-4905-83e3-a1e49f8923a1 req-51cc4542-bf6c-4905-83e3-a1e49f8923a1 ] Request (ServersTestJSON:test_create_server_with_ipv6_addr_only): 200 GET http://10.180.1.21/compute/v2.1/servers/62d329f2-b211-4c32-9cbd-5b4d68e825b8 0.256s
2025-02-21 08:52:01.043 63407 INFO tempest.lib.common.rest_client [req-41f6c160-a018-4da5-9bee-fae4f8e4487b req-41f6c160-a018-4da5-9bee-fae4f8e4487b ] Request (ListImageFiltersTestJSON:setUpClass): 200 GET http://10.180.1.21/compute/v2.1/images/c3ade0cf-6d3a-4346-b217-debc06b0e4d5 0.183s
2025-02-21 08:52:01.059 63425 INFO tempest.lib.common.rest_client [req-646f6e0f-5068-44b7-a329-1901348b45ec req-646f6e0f-5068-44b7-a329-1901348b45ec ] Request (ServersWithSpecificFlavorTestJSON:test_verify_created_server_ephemeral_disk): 200 GET http://10.180.1.21/compute/v2.1/servers/421a6100-70a4-4fbf-abac-28a4e47acaef 0.188s
2025-02-21 08:52:01.094 63439 INFO tempest.lib.common.rest_client [req-aa48d2be-3a29-4ce4-af95-9c64f55b223b req-aa48d2be-3a29-4ce4-af95-9c64f55b223b ] Request (VolumesAdminNegativeTest:_run_cleanups): 200 GET http://10.180.1.21/compute/v2.1/servers/2ce8dfe0-35b5-48d7-836d-2fe62c9e43f3/os-volume_attachments 0.186s
2025-02-21 08:52:01.111 63409 INFO tempest.lib.common.rest_client [req-c9972600-8b68-4fab-b532-bb659be2eea5 req-c9972600-8b68-4fab-b532-bb659be2eea5 ] Request (ServersTestFqdnHostnames:tearDownClass): 200 GET http://10.180.1.21/compute/v2.1/servers/7c42dd10-0981-4496-85bd-d467534c95e5 0.237s
2025-02-21 08:52:01.129 63399 INFO tempest.lib.common.rest_client [req-635377b0-77ee-458a-b0cd-327d1bb91954 req-635377b0-77ee-458a-b0cd-327d1bb91954 ] Request (ServerRescueTestJSON:setUpClass): 201 POST http://10.180.1.21:9696/networking/v2.0/subnets 0.218s
2025-02-21 08:52:01.134 63401 INFO tempest.lib.common.rest_client [req-1ff9ba43-8530-41dc-9013-e4f48d11a77c req-1ff9ba43-8530-41dc-9013-e4f48d11a77c ] Request (ListImagesTestJSON:test_list_images_with_detail): 200 GET http://10.180.1.21/compute/v2.1/images/detail 0.210s
2025-02-21 08:52:01.203 63423 INFO tempest.lib.common.rest_client [req-3f72e4be-5b48-4e6b-9038-57e8ddc3eb65 req-3f72e4be-5b48-4e6b-9038-57e8ddc3eb65 ] Request (ServerShowV254Test:test_rebuild_server): 200 GET http://10.180.1.21/compute/v2.1/servers/1e36432b-3ebc-4417-b914-5feb9fbd040d 0.242s
2025-02-21 08:52:01.218 63383 INFO tempest.lib.common.rest_client [req-01257ac9-0fe1-40d9-b048-1bd24960c446 req-01257ac9-0fe1-40d9-b048-1bd24960c446 ] Request (FloatingIPsAssociationTestJSON:setUpClass): 200 GET http://10.180.1.21/compute/v2.1/servers/b979985d-b472-47ed-8611-e55e959942e9 0.207s
2025-02-21 08:52:01.279 63401 INFO tempest.lib.common.rest_client [req-38937b9c-b86c-4b7f-8a19-72d7f7a5bb27 req-38937b9c-b86c-4b7f-8a19-72d7f7a5bb27 ] Request (ListImagesTestJSON:tearDownClass): 204 DELETE http://10.180.1.21/identity/v3/users/d262341657bf4c5596348412ef7a3281 0.137s
2025-02-21 08:52:01.280 63401 INFO tempest.lib.common.dynamic_creds [-] Deleting project and security group for project: e77b97d28b1a482fb927d74d078c064d
2025-02-21 08:52:01.363 63401 INFO tempest.lib.common.rest_client [req-2d17177d-842e-40b4-a88d-76ba358afaa9 req-2d17177d-842e-40b4-a88d-76ba358afaa9 ] Request (ListImagesTestJSON:tearDownClass): 201 POST http://10.180.1.21/identity/v3/auth/tokens 0.083s
2025-02-21 08:52:01.546 63413 INFO tempest.lib.common.rest_client [req-497c6aff-3e4b-4f72-91d0-b04dec681dae req-497c6aff-3e4b-4f72-91d0-b04dec681dae ] Request (ImagesOneServerNegativeTestJSON:setUpClass): 200 GET http://10.180.1.21/compute/v2.1/servers/8dbcecc9-e6d8-49d6-a3ac-187920f2719b 0.471s
2025-02-21 08:52:01.628 63401 INFO tempest.lib.common.rest_client [req-6c3d7363-fec4-4c3f-89f5-258c1d8ffc0e req-6c3d7363-fec4-4c3f-89f5-258c1d8ffc0e ] Request (ListImagesTestJSON:tearDownClass): 200 GET http://10.180.1.21:9696/networking/v2.0/security-groups?tenant_id=e77b97d28b1a482fb927d74d078c064d&name=default 0.264s
2025-02-21 08:52:01.747 63407 INFO tempest.lib.common.rest_client [req-75d8e578-8f12-4635-a446-636e275a804a req-75d8e578-8f12-4635-a446-636e275a804a ] Request (ListImageFiltersTestJSON:setUpClass): 200 GET http://10.180.1.21/compute/v2.1/servers/57c6d90c-2e72-489b-bffc-10c040dbc6aa 0.699s
2025-02-21 08:52:01.776 63427 INFO tempest.lib.common.rest_client [req-18b23f99-28be-41d1-8dac-1abb4fb416fe req-18b23f99-28be-41d1-8dac-1abb4fb416fe ] Request (ListServerFiltersTestJSON:setUpClass): 200 GET http://10.180.1.21/compute/v2.1/servers/591f0933-c3e5-4d84-b7ae-5125f18f7110 0.585s
2025-02-21 08:52:01.820 63401 INFO tempest.lib.common.rest_client [req-a838e277-60a8-4345-b431-025a76fff345 req-a838e277-60a8-4345-b431-025a76fff345 ] Request (ListImagesTestJSON:tearDownClass): 204 DELETE http://10.180.1.21:9696/networking/v2.0/security-groups/3f010955-f5dc-44bf-b825-7b40ba4ef474 0.191s
2025-02-21 08:52:01.858 63381 INFO tempest.lib.common.rest_client [req-456657ac-ae41-4bb1-99c7-657409c934d2 req-456657ac-ae41-4bb1-99c7-657409c934d2 ] Request (ServerShowV247Test:tearDownClass): 200 GET http://10.180.1.21/compute/v2.1/servers/17e58975-52ca-4e4e-8358-e72975123529 0.522s
2025-02-21 08:52:01.898 63401 INFO tempest.lib.common.rest_client [req-bf978abb-1d2a-4857-aee9-962ae6638133 req-bf978abb-1d2a-4857-aee9-962ae6638133 ] Request (ListImagesTestJSON:tearDownClass): 204 DELETE http://10.180.1.21/identity/v3/projects/e77b97d28b1a482fb927d74d078c064d 0.077s
2025-02-21 08:52:01.956 63403 INFO tempest.lib.common.rest_client [req-8871a07d-32a1-4c6a-b6a8-c59bbbc6077d req-8871a07d-32a1-4c6a-b6a8-c59bbbc6077d ] Request (AttachInterfacesTestJSON:_run_cleanups): 200 GET http://10.180.1.21/compute/v2.1/servers/0fd393bb-8113-4b12-93ea-2d257fb98ae0 0.718s
2025-02-21 08:52:01.989 63401 INFO tempest.lib.common.rest_client [req-a0cc0830-27b4-4706-b1dd-3190b6557838 req-a0cc0830-27b4-4706-b1dd-3190b6557838 ] Request (ExtensionsTest:setUpClass): 201 POST http://10.180.1.21/identity/v3/auth/tokens 0.089s
2025-02-21 08:52:02.038 63401 INFO tempest.lib.common.rest_client [req-343f5015-193b-4b9f-8476-7d29f2412c52 req-343f5015-193b-4b9f-8476-7d29f2412c52 ] Request (ExtensionsTest:setUpClass): 201 POST http://10.180.1.21/identity/v3/auth/tokens 0.047s
2025-02-21 08:52:02.049 63391 INFO tempest.lib.common.rest_client [req-d55a5c2f-1137-4930-ac55-8e38e59068f8 req-d55a5c2f-1137-4930-ac55-8e38e59068f8 ] Request (ServersV294TestFqdnHostnames:tearDownClass): 200 GET http://10.180.1.21/compute/v2.1/servers/68a75af1-3f9a-4ed7-9e12-24dfd927b323 0.607s
2025-02-21 08:52:02.050 63438 INFO tempest.lib.common.rest_client [req-01fa16e3-89e7-4b2e-9150-c6a7c92c383a req-01fa16e3-89e7-4b2e-9150-c6a7c92c383a ] Request (AttachInterfacesUnderV243Test:test_add_remove_fixed_ip): 200 GET http://10.180.1.21/compute/v2.1/servers/398e516b-9906-4e3f-b74d-b090a0437662 0.700s
2025-02-21 08:52:02.090 63401 INFO tempest.lib.common.rest_client [req-1197de13-87fe-47d5-b8c8-c24ee713b465 req-1197de13-87fe-47d5-b8c8-c24ee713b465 ] Request (ExtensionsTest:setUpClass): 200 GET http://10.180.1.21/identity/v3/domains?name=Default 0.052s
2025-02-21 08:52:02.131 63401 INFO tempest.lib.common.rest_client [req-00f89538-bbb7-4e6b-a1cc-9b754542696e req-00f89538-bbb7-4e6b-a1cc-9b754542696e ] Request (ExtensionsTest:setUpClass): 201 POST http://10.180.1.21/identity/v3/projects 0.040s
2025-02-21 08:52:02.139 63405 INFO tempest.lib.common.rest_client [req-5fbe1498-6c19-4761-91b7-975e94cc6c59 req-5fbe1498-6c19-4761-91b7-975e94cc6c59 ] Request (ServersTestMultiNic:_run_cleanups): 200 GET http://10.180.1.21/compute/v2.1/servers/5c6d73d6-f07f-4581-824f-2b13701c8f88 0.684s
2025-02-21 08:52:02.203 63401 INFO tempest.lib.common.rest_client [req-bb2a0efc-7045-4d5a-be4b-2519643186f2 req-bb2a0efc-7045-4d5a-be4b-2519643186f2 ] Request (ExtensionsTest:setUpClass): 201 POST http://10.180.1.21/identity/v3/users 0.072s
2025-02-21 08:52:02.231 63401 INFO tempest.lib.common.rest_client [req-6970ebdf-9ead-4176-8416-a269767ad835 req-6970ebdf-9ead-4176-8416-a269767ad835 ] Request (ExtensionsTest:setUpClass): 200 GET http://10.180.1.21/identity/v3/roles 0.028s
2025-02-21 08:52:02.269 63417 INFO tempest.lib.common.rest_client [req-926659bb-4c41-4e8b-8bd0-035b734698b7 req-926659bb-4c41-4e8b-8bd0-035b734698b7 ] Request (MigrationsAdminTest:test_resize_server_revert_deleted_flavor): 200 GET http://10.180.1.21/compute/v2.1/servers/878bfa51-a829-4537-a841-31273a0b09cc 0.552s
2025-02-21 08:52:02.277 63401 INFO tempest.lib.common.rest_client [req-49595520-67a2-484f-ade6-63d78b831978 req-49595520-67a2-484f-ade6-63d78b831978 ] Request (ExtensionsTest:setUpClass): 204 PUT http://10.180.1.21/identity/v3/projects/37674154aa4647c99373c2e436d48db6/users/45a4dbee60f34073a4387bc5c86493e9/roles/74c0bd29307245b796d58e79a49b940a 0.046s
2025-02-21 08:52:02.277 63401 INFO tempest.lib.common.dynamic_creds [-] Dynamic test user 45a4dbee60f34073a4387bc5c86493e9 is created with scope project and roles: ['member']
2025-02-21 08:52:02.278 63401 INFO tempest.lib.common.dynamic_creds [-] Acquired dynamic creds: credentials: Credentials: {'domain_id': 'default', 'domain_name': 'Default', 'username': 'tempest-ExtensionsTest-1959135423-project-member', 'project_domain_id': 'default', 'project_domain_name': 'Default', 'project_id': '37674154aa4647c99373c2e436d48db6', 'project_name': 'tempest-ExtensionsTest-1959135423', 'tenant_id': '37674154aa4647c99373c2e436d48db6', 'tenant_name': 'tempest-ExtensionsTest-1959135423', 'user_domain_id': 'default', 'user_domain_name': 'Default', 'user_id': '45a4dbee60f34073a4387bc5c86493e9', 'system': None}, Network: None, Subnet: None, Router: None
2025-02-21 08:52:02.278 63401 INFO tempest.lib.common.dynamic_creds [-] Created isolated network resources for: credentials: Credentials: {'domain_id': 'default', 'domain_name': 'Default', 'username': 'tempest-ExtensionsTest-1959135423-project-member', 'project_domain_id': 'default', 'project_domain_name': 'Default', 'project_id': '37674154aa4647c99373c2e436d48db6', 'project_name': 'tempest-ExtensionsTest-1959135423', 'tenant_id': '37674154aa4647c99373c2e436d48db6', 'tenant_name': 'tempest-ExtensionsTest-1959135423', 'user_domain_id': 'default', 'user_domain_name': 'Default', 'user_id': '45a4dbee60f34073a4387bc5c86493e9', 'system': None}, Network: None, Subnet: None, Router: None
2025-02-21 08:52:02.317 63433 INFO tempest.lib.common.rest_client [req-80fe98ba-3187-4261-8d2a-a4e08ef9159c req-80fe98ba-3187-4261-8d2a-a4e08ef9159c ] Request (ServerActionsV293TestJSON:test_rebuild_volume_backed_server): 200 GET http://10.180.1.21/compute/v2.1/servers/51b3dd53-5669-4967-8b80-6b9b89d997cb 0.697s
2025-02-21 08:52:02.359 63421 INFO tempest.lib.common.rest_client [req-ceaa584b-49c3-4b12-8195-281fe821b3dc req-ceaa584b-49c3-4b12-8195-281fe821b3dc ] Request (InstanceActionsTestJSON:setUpClass): 200 PUT http://10.180.1.21:9696/networking/v2.0/routers/fd88160e-5a82-49e8-a7da-a5f386e834c7/add_router_interface 1.390s
2025-02-21 08:52:02.359 63421 INFO tempest.lib.common.dynamic_creds [-] Created isolated network resources for: credentials: Credentials: {'domain_id': 'default', 'domain_name': 'Default', 'username': 'tempest-InstanceActionsTestJSON-1504172975-project-member', 'project_domain_id': 'default', 'project_domain_name': 'Default', 'project_id': 'fba694370d104daabb0a41030634bc47', 'project_name': 'tempest-InstanceActionsTestJSON-1504172975', 'tenant_id': 'fba694370d104daabb0a41030634bc47', 'tenant_name': 'tempest-InstanceActionsTestJSON-1504172975', 'user_domain_id': 'default', 'user_domain_name': 'Default', 'user_id': '9ec775d5f663457eaed673c37b4888c5', 'system': None}, Network: {'id': 'f3e1ac25-0397-4644-8107-facaa5bbc9c9', 'name': 'tempest-InstanceActionsTestJSON-2113741778-network', 'tenant_id': 'fba694370d104daabb0a41030634bc47', 'admin_state_up': True, 'mtu': 8950, 'status': 'ACTIVE', 'subnets': [], 'shared': False, 'project_id': 'fba694370d104daabb0a41030634bc47', 'port_security_enabled': True, 'router:external': False, 'provider:network_type': 'vlan', 'provider:physical_network': 'default', 'provider:segmentation_id': 73, 'availability_zone_hints': [], 'availability_zones': [], 'ipv4_address_scope': None, 'ipv6_address_scope': None, 'description': '', 'tags': [], 'created_at': '2025-02-21T08:51:59Z', 'updated_at': '2025-02-21T08:51:59Z', 'revision_number': 1}, Subnet: {'id': '1f6b5793-188e-4934-a3d8-52dd8bfc75f3', 'name': 'tempest-InstanceActionsTestJSON-2113741778-subnet', 'tenant_id': 'fba694370d104daabb0a41030634bc47', 'network_id': 'f3e1ac25-0397-4644-8107-facaa5bbc9c9', 'ip_version': 4, 'subnetpool_id': None, 'enable_dhcp': True, 'ipv6_ra_mode': None, 'ipv6_address_mode': None, 'gateway_ip': '192.168.128.1', 'cidr': '192.168.128.0/28', 'allocation_pools': [{'start': '192.168.128.2', 'end': '192.168.128.14'}], 'host_routes': [], 'dns_nameservers': [], 'description': '', 'router:external': False, 'service_types': [], 'tags': [], 'created_at': '2025-02-21T08:51:59Z', 'updated_at': '2025-02-21T08:51:59Z', 'revision_number': 0, 'project_id': 'fba694370d104daabb0a41030634bc47'}, Router: {'id': 'fd88160e-5a82-49e8-a7da-a5f386e834c7', 'name': 'tempest-InstanceActionsTestJSON-2113741778-router', 'tenant_id': 'fba694370d104daabb0a41030634bc47', 'admin_state_up': True, 'status': 'ACTIVE', 'external_gateway_info': {'network_id': 'bb40834d-1c64-490f-a9a8-ed30144c830f', 'external_fixed_ips': [{'subnet_id': 'b69ff5b1-5d7c-47af-8c7e-305e517288e4', 'ip_address': '10.180.180.142'}], 'enable_snat': True}, 'description': '', 'availability_zones': [], 'distributed': False, 'ha': False, 'availability_zone_hints': [], 'routes': [], 'flavor_id': None, 'tags': [], 'created_at': '2025-02-21T08:52:00Z', 'updated_at': '2025-02-21T08:52:00Z', 'revision_number': 2, 'project_id': 'fba694370d104daabb0a41030634bc47'}
2025-02-21 08:52:02.360 63431 INFO tempest.lib.common.rest_client [req-8fcf706e-8c87-41b4-a83a-60e6338a7c2d req-8fcf706e-8c87-41b4-a83a-60e6338a7c2d ] Request (ImagesOneServerTestJSON:setUpClass): 200 GET http://10.180.1.21/compute/v2.1/servers/821a516b-af49-4b2c-b120-d08b237ccb7b 0.565s
2025-02-21 08:52:02.426 63401 INFO tempest.lib.common.rest_client [req-fc01cf7b-322b-452b-bb39-174e5a3d4a6b req-fc01cf7b-322b-452b-bb39-174e5a3d4a6b ] Request (ExtensionsTest:setUpClass): 201 POST http://10.180.1.21/identity/v3/auth/tokens 0.144s
2025-02-21 08:52:02.487 63385 INFO tempest.lib.common.rest_client [req-58475a99-205f-4cbf-9305-9d1abc197d8d req-58475a99-205f-4cbf-9305-9d1abc197d8d ] Request (ImagesTestJSON:test_create_server_from_snapshot): 200 GET http://10.180.1.21/compute/v2.1/servers/51f3d212-fea0-4743-bd74-810c1f0122f5 0.622s
2025-02-21 08:52:02.494 63421 INFO tempest.lib.common.rest_client [req-af61b87f-f800-4d49-bc2a-98e70aff4ed2 req-af61b87f-f800-4d49-bc2a-98e70aff4ed2 ] Request (InstanceActionsTestJSON:setUpClass): 201 POST http://10.180.1.21/identity/v3/auth/tokens 0.128s
2025-02-21 08:52:02.530 63421 INFO tempest.lib.common.rest_client [req-c95a70e8-e7b7-4a16-b76b-5172a58bf3de req-c95a70e8-e7b7-4a16-b76b-5172a58bf3de ] Request (InstanceActionsTestJSON:setUpClass): 201 POST http://10.180.1.21/identity/v3/auth/tokens 0.030s
2025-02-21 08:52:02.530 63421 INFO tempest.lib.common.fixed_network [-] (InstanceActionsTestJSON:setUpClass) Found network {'id': 'f3e1ac25-0397-4644-8107-facaa5bbc9c9', 'name': 'tempest-InstanceActionsTestJSON-2113741778-network', 'tenant_id': 'fba694370d104daabb0a41030634bc47', 'admin_state_up': True, 'mtu': 8950, 'status': 'ACTIVE', 'subnets': [], 'shared': False, 'project_id': 'fba694370d104daabb0a41030634bc47', 'port_security_enabled': True, 'router:external': False, 'provider:network_type': 'vlan', 'provider:physical_network': 'default', 'provider:segmentation_id': 73, 'availability_zone_hints': [], 'availability_zones': [], 'ipv4_address_scope': None, 'ipv6_address_scope': None, 'description': '', 'tags': [], 'created_at': '2025-02-21T08:51:59Z', 'updated_at': '2025-02-21T08:51:59Z', 'revision_number': 1} available for tenant
2025-02-21 08:52:02.565 63387 INFO tempest.lib.common.rest_client [req-6c1222c3-0afa-4fe1-a5a4-4af8b786bd00 req-6c1222c3-0afa-4fe1-a5a4-4af8b786bd00 ] Request (MultipleCreateTestJSON:test_multiple_create): 200 GET http://10.180.1.21/compute/v2.1/servers/1b4ce059-48cf-4e2c-9717-8435265be136 0.746s
2025-02-21 08:52:02.600 63443 INFO tempest.lib.common.rest_client [req-1bb59b5c-2e0c-4444-bbda-1c3480780a00 req-1bb59b5c-2e0c-4444-bbda-1c3480780a00 ] Request (DeleteServersTestJSON:test_delete_server_while_in_attached_volume): 200 GET http://10.180.1.21/compute/v2.1/servers/5fae8f14-70bd-496e-b311-8555e6eb8dd6 0.669s
2025-02-21 08:52:02.658 63429 INFO tempest.lib.common.rest_client [req-bff0fc07-b51d-4ede-b5ee-bd22e43ee782 req-bff0fc07-b51d-4ede-b5ee-bd22e43ee782 ] Request (InstanceActionsV221TestJSON:test_get_list_deleted_instance_actions): 200 GET http://10.180.1.21/compute/v2.1/servers/d9015a99-4e2e-48e7-ab0a-e63da1bbcdee 0.643s
