2025-02-21 08:49:48.647 63403 INFO tempest.lib.common.rest_client [req-0cd9a704-eec2-4a31-8ab4-b097c98604b8 req-0cd9a704-eec2-4a31-8ab4-b097c98604b8 ] Request (AttachInterfacesTestJSON:test_create_list_show_delete_interfaces_by_fixed_ip): 200 GET http://10.180.1.21/compute/v2.1/servers/0fd393bb-8113-4b12-93ea-2d257fb98ae0 1.023s
2025-02-21 08:49:48.689 63413 INFO tempest.lib.common.rest_client [req-b52fc248-9251-4486-badc-f02ebcf67909 req-b52fc248-9251-4486-badc-f02ebcf67909 ] Request (ServerDiagnosticsTest:test_get_server_diagnostics): 200 GET http://10.180.1.21/compute/v2.1/servers/3dd36d4d-cbaa-4203-a1df-c7e8670682ff 0.954s
2025-02-21 08:49:48.740 63415 INFO tempest.lib.common.rest_client [req-b6111db5-d003-4d9e-9bb9-2fae9b40f9a0 req-b6111db5-d003-4d9e-9bb9-2fae9b40f9a0 ] Request (ServerRescueTestJSONUnderV235:setUpClass): 200 GET http://10.180.1.21/compute/v2.1/servers/6a752f33-9dc2-4107-8648-7ab829348c6a 0.946s
2025-02-21 08:49:48.816 63383 INFO tempest.lib.common.rest_client [req-0ead6e6a-4784-45ca-905f-a788baa4a622 req-0ead6e6a-4784-45ca-905f-a788baa4a622 ] Request (DeleteServersAdminTestJSON:test_delete_server_while_in_error_state): 200 GET http://10.180.1.21/compute/v2.1/servers/be7b959e-265e-41e1-b578-acb0ec182c71 0.942s
2025-02-21 08:49:48.891 63407 INFO tempest.lib.common.rest_client [req-64d41ae0-6166-4179-914a-fe0c17d9db2c req-64d41ae0-6166-4179-914a-fe0c17d9db2c ] Request (InstanceUsageAuditLogNegativeTestJSON:test_get_instance_usage_audit_logs_with_invalid_time): 400 GET http://10.180.1.21/compute/v2.1/os-instance_usage_audit_log/invalid_time 0.972s
2025-02-21 08:49:48.921 63399 INFO tempest.lib.common.rest_client [req-e754ef9a-10c1-44ac-83b4-65f4a9b43344 req-e754ef9a-10c1-44ac-83b4-65f4a9b43344 ] Request (AggregatesAdminNegativeTestJSON:test_aggregate_remove_host_as_user): 200 POST http://10.180.1.21/compute/v2.1/os-aggregates 0.890s
2025-02-21 08:49:48.931 63385 INFO tempest.lib.common.rest_client [req-f584954e-b276-44ba-8473-3be154a2eb0b req-f584954e-b276-44ba-8473-3be154a2eb0b ] Request (ImagesTestJSON:test_create_image_from_stopped_server): 200 GET http://10.180.1.21/compute/v2.1/servers/897ce5c2-de30-4264-9f89-d2fe7c537b1e 1.122s
2025-02-21 08:49:48.946 63385 INFO tempest.common.waiters [-] State transition "BUILD/spawning" ==> "ACTIVE/None" after 20 second wait
2025-02-21 08:49:48.948 63421 INFO tempest.lib.common.rest_client [req-271514a6-9a02-4105-8fed-1953d83787ee req-271514a6-9a02-4105-8fed-1953d83787ee ] Request (FlavorsAdminTestJSON:test_is_public_string_variations): 200 GET http://10.180.1.21/compute/v2.1/flavors/detail?is_public=f 0.769s
2025-02-21 08:49:48.966 63419 INFO tempest.lib.common.rest_client [req-52e14958-4aea-45e3-af49-09408d2322dc req-52e14958-4aea-45e3-af49-09408d2322dc ] Request (HostsAdminNegativeTestJSON:test_update_nonexistent_host): 404 PUT http://10.180.1.21/compute/v2.1/os-hosts/nonexistent_hostname 0.776s
2025-02-21 08:49:49.061 63381 INFO tempest.lib.common.rest_client [req-bb9d6457-7254-4c23-ac49-867ba97efc8f req-bb9d6457-7254-4c23-ac49-867ba97efc8f ] Request (ServerShowV247Test:test_show_server): 202 POST http://10.180.1.21/compute/v2.1/servers 0.955s
2025-02-21 08:49:49.104 63419 INFO tempest.lib.common.rest_client [req-8a0f588e-f1c2-43e9-8218-77f6949466d8 req-8a0f588e-f1c2-43e9-8218-77f6949466d8 ] Request (HostsAdminNegativeTestJSON:tearDownClass): 204 DELETE http://10.180.1.21/identity/v3/users/8caa4bd8c00b453d91474ab5e0c2571e 0.137s
2025-02-21 08:49:49.214 63419 INFO tempest.lib.common.rest_client [req-60d30f0a-16f9-4610-b91a-2f89076f59da req-60d30f0a-16f9-4610-b91a-2f89076f59da ] Request (HostsAdminNegativeTestJSON:tearDownClass): 204 DELETE http://10.180.1.21/identity/v3/users/13d030b7a47943a6b9e642d3bf8ff0a1 0.110s
2025-02-21 08:49:49.214 63419 INFO tempest.lib.common.dynamic_creds [-] Deleting project and security group for project: 3e40b86374564e388a084d77c2d54bbb
2025-02-21 08:49:49.215 63435 INFO tempest.lib.common.rest_client [req-56734339-10e4-4f47-830b-9abb3a594859 req-56734339-10e4-4f47-830b-9abb3a594859 ] Request (SecurityGroupsNegativeTestJSON:setUpClass): 200 PUT http://10.180.1.21:9696/networking/v2.0/routers/791820fe-2a76-4a0c-8ef6-2dacbf139d44/add_router_interface 0.788s
2025-02-21 08:49:49.216 63435 INFO tempest.lib.common.dynamic_creds [-] Created isolated network resources for: credentials: Credentials: {'domain_id': 'default', 'domain_name': 'Default', 'username': 'tempest-SecurityGroupsNegativeTestJSON-1416861456-project-member', 'project_domain_id': 'default', 'project_domain_name': 'Default', 'project_id': 'c834b6aab53442eabaa3b056742894d3', 'project_name': 'tempest-SecurityGroupsNegativeTestJSON-1416861456', 'tenant_id': 'c834b6aab53442eabaa3b056742894d3', 'tenant_name': 'tempest-SecurityGroupsNegativeTestJSON-1416861456', 'user_domain_id': 'default', 'user_domain_name': 'Default', 'user_id': '51635caf79104f05aed8dbc76f7a9400', 'system': None}, Network: {'id': 'dbd2ba77-81ba-45da-95ac-a15267f3872f', 'name': 'tempest-SecurityGroupsNegativeTestJSON-1339268616-network', 'tenant_id': 'c834b6aab53442eabaa3b056742894d3', 'admin_state_up': True, 'mtu': 8950, 'status': 'ACTIVE', 'subnets': [], 'shared': False, 'project_id': 'c834b6aab53442eabaa3b056742894d3', 'port_security_enabled': True, 'router:external': False, 'provider:network_type': 'vlan', 'provider:physical_network': 'default', 'provider:segmentation_id': 276, 'availability_zone_hints': [], 'availability_zones': [], 'ipv4_address_scope': None, 'ipv6_address_scope': None, 'description': '', 'tags': [], 'created_at': '2025-02-21T08:49:47Z', 'updated_at': '2025-02-21T08:49:47Z', 'revision_number': 1}, Subnet: {'id': '9cde1dd2-913b-4961-a856-d0e579eeb5a2', 'name': 'tempest-SecurityGroupsNegativeTestJSON-1339268616-subnet', 'tenant_id': 'c834b6aab53442eabaa3b056742894d3', 'network_id': 'dbd2ba77-81ba-45da-95ac-a15267f3872f', 'ip_version': 4, 'subnetpool_id': None, 'enable_dhcp': True, 'ipv6_ra_mode': None, 'ipv6_address_mode': None, 'gateway_ip': '192.168.128.1', 'cidr': '192.168.128.0/28', 'allocation_pools': [{'start': '192.168.128.2', 'end': '192.168.128.14'}], 'host_routes': [], 'dns_nameservers': [], 'description': '', 'router:external': False, 'service_types': [], 'tags': [], 'created_at': '2025-02-21T08:49:47Z', 'updated_at': '2025-02-21T08:49:47Z', 'revision_number': 0, 'project_id': 'c834b6aab53442eabaa3b056742894d3'}, Router: {'id': '791820fe-2a76-4a0c-8ef6-2dacbf139d44', 'name': 'tempest-SecurityGroupsNegativeTestJSON-1339268616-router', 'tenant_id': 'c834b6aab53442eabaa3b056742894d3', 'admin_state_up': True, 'status': 'ACTIVE', 'external_gateway_info': {'network_id': 'bb40834d-1c64-490f-a9a8-ed30144c830f', 'external_fixed_ips': [{'subnet_id': 'b69ff5b1-5d7c-47af-8c7e-305e517288e4', 'ip_address': '10.180.180.155'}], 'enable_snat': True}, 'description': '', 'availability_zones': [], 'distributed': False, 'ha': False, 'availability_zone_hints': [], 'routes': [], 'flavor_id': None, 'tags': [], 'created_at': '2025-02-21T08:49:47Z', 'updated_at': '2025-02-21T08:49:47Z', 'revision_number': 2, 'project_id': 'c834b6aab53442eabaa3b056742894d3'}
2025-02-21 08:49:49.285 63419 INFO tempest.lib.common.rest_client [req-2a5e3e61-342b-41c6-a7d2-3ed8bab40169 req-2a5e3e61-342b-41c6-a7d2-3ed8bab40169 ] Request (HostsAdminNegativeTestJSON:tearDownClass): 201 POST http://10.180.1.21/identity/v3/auth/tokens 0.070s
2025-02-21 08:49:49.292 63435 INFO tempest.lib.common.rest_client [req-7ab2a4ab-7867-4f1d-b0c6-92f99eef9b9f req-7ab2a4ab-7867-4f1d-b0c6-92f99eef9b9f ] Request (SecurityGroupsNegativeTestJSON:setUpClass): 201 POST http://10.180.1.21/identity/v3/auth/tokens 0.072s
2025-02-21 08:49:49.383 63431 INFO tempest.lib.common.rest_client [req-9e2cbcd6-3d39-423d-b14e-9694b36446cc req-9e2cbcd6-3d39-423d-b14e-9694b36446cc ] Request (FloatingIPsAssociationNegativeTestJSON:setUpClass): 200 GET http://10.180.1.21/compute/v2.1/servers/96025479-e79b-4a2d-ab21-169965c2902f 1.101s
2025-02-21 08:49:49.467 63419 INFO tempest.lib.common.rest_client [req-cf695348-a49b-4c97-92e3-794ca81631cd req-cf695348-a49b-4c97-92e3-794ca81631cd ] Request (HostsAdminNegativeTestJSON:tearDownClass): 200 GET http://10.180.1.21:9696/networking/v2.0/security-groups?tenant_id=3e40b86374564e388a084d77c2d54bbb&name=default 0.182s
2025-02-21 08:49:49.539 63423 INFO tempest.lib.common.rest_client [req-8304403f-38ce-4739-887b-7bb136278123 req-8304403f-38ce-4739-887b-7bb136278123 ] Request (ServerTagsTestJSON:setUpClass): 200 GET http://10.180.1.21/compute/v2.1/servers/75b01166-8911-4077-9d48-af25659c486a 1.157s
2025-02-21 08:49:49.544 63429 INFO tempest.lib.common.rest_client [req-0349845e-22ee-47d9-8988-425a97471843 req-0349845e-22ee-47d9-8988-425a97471843 ] Request (QuotasAdminTestV257:test_get_updated_quotas): 200 GET http://10.180.1.21/compute/v2.1/os-quota-sets/c8e04b683e1c45f4acc1c5f1ab93ba50?user_id=404dff4aabf14a79ac7e202f46d60f88 1.028s
2025-02-21 08:49:49.572 63409 INFO tempest.lib.common.rest_client [req-6517c6d3-cf2b-4a81-b08c-2c8332cd0333 req-6517c6d3-cf2b-4a81-b08c-2c8332cd0333 ] Request (ServicesAdminNegativeTestJSON:test_get_service_by_invalid_params): 200 GET http://10.180.1.21/compute/v2.1/os-services?xxx=nova-compute 0.964s
2025-02-21 08:49:49.576 63419 INFO tempest.lib.common.rest_client [req-bd9219b1-d970-48f1-bc51-537fe3b38701 req-bd9219b1-d970-48f1-bc51-537fe3b38701 ] Request (HostsAdminNegativeTestJSON:tearDownClass): 204 DELETE http://10.180.1.21:9696/networking/v2.0/security-groups/bfce0808-7e51-44a0-b6fa-ecf5c241df5a 0.108s
2025-02-21 08:49:49.593 63433 INFO tempest.lib.common.rest_client [req-8468c58f-98af-4f27-a653-22ae25f67903 req-8468c58f-98af-4f27-a653-22ae25f67903 ] Request (ServerActionsV293TestJSON:setUpClass): 201 POST http://10.180.1.21:9696/networking/v2.0/routers 2.763s
2025-02-21 08:49:49.668 63429 INFO tempest.lib.common.rest_client [req-1de6dfa6-3aea-4a6c-b750-592ad236e074 req-1de6dfa6-3aea-4a6c-b750-592ad236e074 ] Request (QuotasAdminTestV257:_run_cleanups): 204 DELETE http://10.180.1.21/identity/v3/users/404dff4aabf14a79ac7e202f46d60f88 0.122s
2025-02-21 08:49:49.703 63427 INFO tempest.lib.common.rest_client [req-87836439-efe1-4c28-9cb7-58171bedf169 req-87836439-efe1-4c28-9cb7-58171bedf169 ] Request (ImagesNegativeTestJSON:test_create_image_from_deleted_server): 200 GET http://10.180.1.21/compute/v2.1/servers/1e5168f3-0c40-4ada-ba5c-001efd526393 0.891s
2025-02-21 08:49:49.718 63419 INFO tempest.lib.common.rest_client [req-e8467337-0483-427b-b08d-d56a33e79b96 req-e8467337-0483-427b-b08d-d56a33e79b96 ] Request (HostsAdminNegativeTestJSON:tearDownClass): 204 DELETE http://10.180.1.21/identity/v3/projects/3e40b86374564e388a084d77c2d54bbb 0.141s
2025-02-21 08:49:49.718 63419 INFO tempest.lib.common.dynamic_creds [-] Deleting project and security group for project: 677c7a43a15a47bdb5b833772e75b18b
2025-02-21 08:49:49.797 63429 INFO tempest.lib.common.rest_client [req-79675441-2fcc-4d71-a799-363e4482b6db req-79675441-2fcc-4d71-a799-363e4482b6db ] Request (QuotasAdminTestV257:_run_cleanups): 204 DELETE http://10.180.1.21/identity/v3/projects/c8e04b683e1c45f4acc1c5f1ab93ba50 0.129s
2025-02-21 08:49:49.830 63417 INFO tempest.lib.common.rest_client [req-46093503-cfe0-41d0-8678-845bcdcf29c1 req-46093503-cfe0-41d0-8678-845bcdcf29c1 ] Request (MigrationsAdminTest:test_list_migrations_in_flavor_resize_situation): 200 GET http://10.180.1.21/compute/v2.1/servers/a78212e0-e331-4fd3-8b67-0c8522d82c2b 1.119s
2025-02-21 08:49:49.854 63407 INFO tempest.lib.common.rest_client [req-20b7a502-37b0-46fb-b700-ecd13d1831ca req-20b7a502-37b0-46fb-b700-ecd13d1831ca ] Request (InstanceUsageAuditLogNegativeTestJSON:test_instance_usage_audit_logs_with_nonadmin_user): 403 GET http://10.180.1.21/compute/v2.1/os-instance_usage_audit_log 0.960s
2025-02-21 08:49:49.907 63429 INFO tempest.lib.common.rest_client [req-6353d57f-5fbc-4deb-b48f-4efe7dbd25e8 req-6353d57f-5fbc-4deb-b48f-4efe7dbd25e8 ] Request (QuotasAdminTestV257:tearDownClass): 204 DELETE http://10.180.1.21/identity/v3/users/f27305112df84453b15b9d9ab649f50e 0.109s
2025-02-21 08:49:49.910 63389 INFO tempest.lib.common.rest_client [req-74712883-9392-4e98-bdea-56e90b7b9e70 req-74712883-9392-4e98-bdea-56e90b7b9e70 ] Request (ServerMetadataNegativeTestJSON:setUpClass): 200 GET http://10.180.1.21/compute/v2.1/servers/66a33204-a15e-4e4c-bc3e-b0fb625268b9 0.990s
2025-02-21 08:49:49.997 63399 INFO tempest.lib.common.rest_client [req-cd56bba4-b6f0-4877-8d9b-f1708314449b req-cd56bba4-b6f0-4877-8d9b-f1708314449b ] Request (AggregatesAdminNegativeTestJSON:test_aggregate_remove_host_as_user): 200 POST http://10.180.1.21/compute/v2.1/os-aggregates/7/action 1.074s
2025-02-21 08:49:50.011 63411 INFO tempest.lib.common.rest_client [req-c6f195a0-b5dd-4ec4-82c7-8e54f0cf4c04 req-c6f195a0-b5dd-4ec4-82c7-8e54f0cf4c04 ] Request (ServerMetadataTestJSON:setUpClass): 200 GET http://10.180.1.21/compute/v2.1/servers/350dd628-4842-4a8b-9a72-9161a2c86605 1.070s
2025-02-21 08:49:50.029 63421 INFO tempest.lib.common.rest_client [req-2d9705ac-f9fc-450a-a1e4-7d0f480afdf4 req-2d9705ac-f9fc-450a-a1e4-7d0f480afdf4 ] Request (FlavorsAdminTestJSON:test_is_public_string_variations): 200 GET http://10.180.1.21/compute/v2.1/flavors/detail?is_public=false 1.076s
2025-02-21 08:49:50.040 63429 INFO tempest.lib.common.rest_client [req-3b861a7b-4f75-489f-b443-c559364cb68e req-3b861a7b-4f75-489f-b443-c559364cb68e ] Request (QuotasAdminTestV257:tearDownClass): 204 DELETE http://10.180.1.21/identity/v3/users/2298ca764ad444c8be264a5d51eabfbb 0.132s
2025-02-21 08:49:50.040 63429 INFO tempest.lib.common.dynamic_creds [-] Deleting project and security group for project: a83efd1d470d4ae3917112260cb70b8d
2025-02-21 08:49:50.047 63419 INFO tempest.lib.common.rest_client [req-083d6814-bfe1-42c1-9f36-b02739e56a5e req-083d6814-bfe1-42c1-9f36-b02739e56a5e ] Request (HostsAdminNegativeTestJSON:tearDownClass): 200 GET http://10.180.1.21:9696/networking/v2.0/security-groups?tenant_id=677c7a43a15a47bdb5b833772e75b18b&name=default 0.328s
2025-02-21 08:49:50.103 63385 INFO tempest.lib.common.rest_client [req-55f1bbb3-9bce-4508-a9ba-a2e6a8a256f0 req-55f1bbb3-9bce-4508-a9ba-a2e6a8a256f0 ] Request (ImagesTestJSON:test_create_image_from_stopped_server): 202 POST http://10.180.1.21/compute/v2.1/servers/897ce5c2-de30-4264-9f89-d2fe7c537b1e/action 1.156s
2025-02-21 08:49:50.112 63429 INFO tempest.lib.common.rest_client [req-6d7a970b-445b-4b02-a11c-bc77569bcf07 req-6d7a970b-445b-4b02-a11c-bc77569bcf07 ] Request (QuotasAdminTestV257:tearDownClass): 201 POST http://10.180.1.21/identity/v3/auth/tokens 0.072s
2025-02-21 08:49:50.140 63391 INFO tempest.lib.common.rest_client [req-9e509abe-c436-4d4a-977d-130b9427051b req-9e509abe-c436-4d4a-977d-130b9427051b ] Request (ServersV294TestFqdnHostnames:setUpClass): 200 GET http://10.180.1.21/compute/v2.1/servers/68a75af1-3f9a-4ed7-9e12-24dfd927b323 1.096s
2025-02-21 08:49:50.174 63419 INFO tempest.lib.common.rest_client [req-b24fe885-900e-4145-98a4-fc97e732500f req-b24fe885-900e-4145-98a4-fc97e732500f ] Request (HostsAdminNegativeTestJSON:tearDownClass): 204 DELETE http://10.180.1.21:9696/networking/v2.0/security-groups/1e06183e-2935-4162-9c6e-c4731f1f7b78 0.126s
2025-02-21 08:49:50.181 63393 INFO tempest.lib.common.rest_client [req-e78de746-e4ea-444f-b535-8c4b060faf74 req-e78de746-e4ea-444f-b535-8c4b060faf74 ] Request (ServersTestJSON:test_create_server_specify_multibyte_character_name): 200 GET http://10.180.1.21/compute/v2.1/servers/bd76bbfc-9c88-4046-8d6a-cb72d35453d8 1.133s
2025-02-21 08:49:50.266 63419 INFO tempest.lib.common.rest_client [req-d20112b6-005a-4c3f-8faf-3af47ddb2ba9 req-d20112b6-005a-4c3f-8faf-3af47ddb2ba9 ] Request (HostsAdminNegativeTestJSON:tearDownClass): 204 DELETE http://10.180.1.21/identity/v3/projects/677c7a43a15a47bdb5b833772e75b18b 0.092s
2025-02-21 08:49:50.267 63419 INFO tempest.test [-] raised in ServersOnMultiNodesTest.setUpClass. Invoking tearDownClass.
2025-02-21 08:49:50.280 63395 INFO tempest.lib.common.rest_client [req-c20426cf-4015-450a-8794-f2ebc7d76e39 req-c20426cf-4015-450a-8794-f2ebc7d76e39 ] Request (ServersTestManualDisk:setUpClass): 200 GET http://10.180.1.21/compute/v2.1/servers/8f1812a5-1596-464f-b486-91b6c9a822bd 1.140s
2025-02-21 08:49:50.347 63419 INFO tempest.lib.common.rest_client [req-b167148f-882a-4d07-baf8-04cb7f4de8dc req-b167148f-882a-4d07-baf8-04cb7f4de8dc ] Request (VolumesNegativeTest:setUpClass): 201 POST http://10.180.1.21/identity/v3/auth/tokens 0.074s
2025-02-21 08:49:50.348 63381 INFO tempest.lib.common.rest_client [req-10a60200-c4f8-4d6a-9ca8-d17dcdb5fc90 req-10a60200-c4f8-4d6a-9ca8-d17dcdb5fc90 ] Request (ServerShowV247Test:test_show_server): 200 GET http://10.180.1.21/compute/v2.1/servers/17e58975-52ca-4e4e-8358-e72975123529 1.286s
2025-02-21 08:49:50.369 63401 INFO tempest.lib.common.rest_client [req-d1ab350c-cbb7-47a8-bcd8-5845803ebb0d req-d1ab350c-cbb7-47a8-bcd8-5845803ebb0d ] Request (ServersAdminNegativeTestJSON:test_migrate_server_invalid_state): 200 GET http://10.180.1.21/compute/v2.1/servers/27309833-bf08-4d8d-a71e-fd2ae2d46b35 1.215s
2025-02-21 08:49:50.383 63401 INFO tempest.common.waiters [-] State transition "BUILD/scheduling" ==> "BUILD/None" after 7 second wait
2025-02-21 08:49:50.405 63419 INFO tempest.lib.common.rest_client [req-c18f2144-e3d0-4ed8-8230-6dcd29979488 req-c18f2144-e3d0-4ed8-8230-6dcd29979488 ] Request (VolumesNegativeTest:setUpClass): 201 POST http://10.180.1.21/identity/v3/auth/tokens 0.055s
2025-02-21 08:49:50.441 63381 INFO tempest.lib.common.rest_client [req-bde2ed41-4bee-48d5-a1be-9c6555342c50 req-bde2ed41-4bee-48d5-a1be-9c6555342c50 ] Request (ServerShowV247Test:test_update_rebuild_list_server): 201 POST http://10.180.1.21/identity/v3/auth/tokens 0.074s
2025-02-21 08:49:50.442 63381 INFO tempest.lib.common.fixed_network [-] (ServerShowV247Test:test_update_rebuild_list_server) Found network None available for tenant
2025-02-21 08:49:50.452 63438 INFO tempest.lib.common.rest_client [req-49b87276-99f9-4925-959e-886b9c58fd14 req-49b87276-99f9-4925-959e-886b9c58fd14 ] Request (ServersAdmin275Test:_run_cleanups): 200 GET http://10.180.1.21/compute/v2.1/servers/0ac90090-56b1-4ea2-8a94-e0c98b5ee974 1.196s
2025-02-21 08:49:50.479 63419 INFO tempest.lib.common.rest_client [req-79a9a0f9-b5fb-47e4-8edc-70a24633a0a6 req-79a9a0f9-b5fb-47e4-8edc-70a24633a0a6 ] Request (VolumesNegativeTest:setUpClass): 200 GET http://10.180.1.21/identity/v3/domains?name=Default 0.073s
2025-02-21 08:49:50.516 63419 INFO tempest.lib.common.rest_client [req-69b4d321-2c19-4cc8-9f26-950cce53e469 req-69b4d321-2c19-4cc8-9f26-950cce53e469 ] Request (VolumesNegativeTest:setUpClass): 201 POST http://10.180.1.21/identity/v3/projects 0.036s
2025-02-21 08:49:50.560 63429 INFO tempest.lib.common.rest_client [req-c3cc5c03-d746-4d98-a8bf-16893eb59db6 req-c3cc5c03-d746-4d98-a8bf-16893eb59db6 ] Request (QuotasAdminTestV257:tearDownClass): 200 GET http://10.180.1.21:9696/networking/v2.0/security-groups?tenant_id=a83efd1d470d4ae3917112260cb70b8d&name=default 0.447s
2025-02-21 08:49:50.562 63387 INFO tempest.lib.common.rest_client [req-a33883c2-7bc1-41cc-953d-6cc64f88c451 req-a33883c2-7bc1-41cc-953d-6cc64f88c451 ] Request (ServerDiagnosticsV248Test:tearDownClass): 200 GET http://10.180.1.21/compute/v2.1/servers/214009d9-dcb7-40a1-bd46-e1d06d96f2f5 1.257s
2025-02-21 08:49:50.573 63435 INFO tempest.lib.common.rest_client [req-16079b8c-60bf-4086-9b46-7413792379ef req-16079b8c-60bf-4086-9b46-7413792379ef ] Request (SecurityGroupsNegativeTestJSON:test_delete_nonexistent_security_group): 404 DELETE http://10.180.1.21/compute/v2.1/os-security-groups/aa0e3d0c-2563-421b-8f6d-2b97aea75287 1.279s
2025-02-21 08:49:50.598 63419 INFO tempest.lib.common.rest_client [req-5a6e2c2a-fb97-4915-b351-20e581bcc622 req-5a6e2c2a-fb97-4915-b351-20e581bcc622 ] Request (VolumesNegativeTest:setUpClass): 201 POST http://10.180.1.21/identity/v3/users 0.080s
2025-02-21 08:49:50.619 63419 INFO tempest.lib.common.rest_client [req-b644414c-6dc0-4a95-85cb-cbc2deda83d0 req-b644414c-6dc0-4a95-85cb-cbc2deda83d0 ] Request (VolumesNegativeTest:setUpClass): 200 GET http://10.180.1.21/identity/v3/roles 0.020s
2025-02-21 08:49:50.646 63419 INFO tempest.lib.common.rest_client [req-78f80f65-61c0-43f8-bb15-f21a852fe4e9 req-78f80f65-61c0-43f8-bb15-f21a852fe4e9 ] Request (VolumesNegativeTest:setUpClass): 204 PUT http://10.180.1.21/identity/v3/projects/0bdef4b13b8b448ab1083771ab0db149/users/fb3d901dbc5449668d6cc52075e61d74/roles/74c0bd29307245b796d58e79a49b940a 0.026s
2025-02-21 08:49:50.646 63419 INFO tempest.lib.common.dynamic_creds [-] Dynamic test user fb3d901dbc5449668d6cc52075e61d74 is created with scope project and roles: ['member']
2025-02-21 08:49:50.647 63419 INFO tempest.lib.common.dynamic_creds [-] Acquired dynamic creds: credentials: Credentials: {'domain_id': 'default', 'domain_name': 'Default', 'username': 'tempest-VolumesNegativeTest-1279812221-project-member', 'project_domain_id': 'default', 'project_domain_name': 'Default', 'project_id': '0bdef4b13b8b448ab1083771ab0db149', 'project_name': 'tempest-VolumesNegativeTest-1279812221', 'tenant_id': '0bdef4b13b8b448ab1083771ab0db149', 'tenant_name': 'tempest-VolumesNegativeTest-1279812221', 'user_domain_id': 'default', 'user_domain_name': 'Default', 'user_id': 'fb3d901dbc5449668d6cc52075e61d74', 'system': None}, Network: None, Subnet: None, Router: None
2025-02-21 08:49:50.647 63419 INFO tempest.lib.common.dynamic_creds [-] Created isolated network resources for: credentials: Credentials: {'domain_id': 'default', 'domain_name': 'Default', 'username': 'tempest-VolumesNegativeTest-1279812221-project-member', 'project_domain_id': 'default', 'project_domain_name': 'Default', 'project_id': '0bdef4b13b8b448ab1083771ab0db149', 'project_name': 'tempest-VolumesNegativeTest-1279812221', 'tenant_id': '0bdef4b13b8b448ab1083771ab0db149', 'tenant_name': 'tempest-VolumesNegativeTest-1279812221', 'user_domain_id': 'default', 'user_domain_name': 'Default', 'user_id': 'fb3d901dbc5449668d6cc52075e61d74', 'system': None}, Network: None, Subnet: None, Router: None
2025-02-21 08:49:50.664 63405 INFO tempest.lib.common.rest_client [req-1bbc8233-a36f-4f65-a89a-c3e25f14ab18 req-1bbc8233-a36f-4f65-a89a-c3e25f14ab18 ] Request (ServersTestMultiNic:_run_cleanups): 200 GET http://10.180.1.21/compute/v2.1/servers/4abcfad4-6a44-4a21-962b-5157d09a6fbd 1.327s
2025-02-21 08:49:50.674 63433 INFO tempest.lib.common.rest_client [req-41d31ff5-d3de-42c2-a6c4-645f7263e343 req-41d31ff5-d3de-42c2-a6c4-645f7263e343 ] Request (ServerActionsV293TestJSON:setUpClass): 200 PUT http://10.180.1.21:9696/networking/v2.0/routers/e84739e4-42fa-4d60-9040-358eee1177d6/add_router_interface 1.080s
2025-02-21 08:49:50.674 63433 INFO tempest.lib.common.dynamic_creds [-] Created isolated network resources for: credentials: Credentials: {'domain_id': 'default', 'domain_name': 'Default', 'username': 'tempest-ServerActionsV293TestJSON-1571366619-project-member', 'project_domain_id': 'default', 'project_domain_name': 'Default', 'project_id': '72b0585c35c24e27856994e63291445e', 'project_name': 'tempest-ServerActionsV293TestJSON-1571366619', 'tenant_id': '72b0585c35c24e27856994e63291445e', 'tenant_name': 'tempest-ServerActionsV293TestJSON-1571366619', 'user_domain_id': 'default', 'user_domain_name': 'Default', 'user_id': 'bcaf1e030b114df3ace5cb97f86ae177', 'system': None}, Network: {'id': '85146f06-3092-471d-9d86-13a59800d999', 'name': 'tempest-ServerActionsV293TestJSON-2022584903-network', 'tenant_id': '72b0585c35c24e27856994e63291445e', 'admin_state_up': True, 'mtu': 8950, 'status': 'ACTIVE', 'subnets': [], 'shared': False, 'project_id': '72b0585c35c24e27856994e63291445e', 'port_security_enabled': True, 'router:external': False, 'provider:network_type': 'vlan', 'provider:physical_network': 'default', 'provider:segmentation_id': 214, 'availability_zone_hints': [], 'availability_zones': [], 'ipv4_address_scope': None, 'ipv6_address_scope': None, 'description': '', 'tags': [], 'created_at': '2025-02-21T08:49:46Z', 'updated_at': '2025-02-21T08:49:46Z', 'revision_number': 1}, Subnet: {'id': '3bdd60b7-3815-4a33-8264-c1165e463ed1', 'name': 'tempest-ServerActionsV293TestJSON-2022584903-subnet', 'tenant_id': '72b0585c35c24e27856994e63291445e', 'network_id': '85146f06-3092-471d-9d86-13a59800d999', 'ip_version': 4, 'subnetpool_id': None, 'enable_dhcp': True, 'ipv6_ra_mode': None, 'ipv6_address_mode': None, 'gateway_ip': '192.168.128.1', 'cidr': '192.168.128.0/28', 'allocation_pools': [{'start': '192.168.128.2', 'end': '192.168.128.14'}], 'host_routes': [], 'dns_nameservers': [], 'description': '', 'router:external': False, 'service_types': [], 'tags': [], 'created_at': '2025-02-21T08:49:46Z', 'updated_at': '2025-02-21T08:49:46Z', 'revision_number': 0, 'project_id': '72b0585c35c24e27856994e63291445e'}, Router: {'id': 'e84739e4-42fa-4d60-9040-358eee1177d6', 'name': 'tempest-ServerActionsV293TestJSON-2022584903-router', 'tenant_id': '72b0585c35c24e27856994e63291445e', 'admin_state_up': True, 'status': 'ACTIVE', 'external_gateway_info': {'network_id': 'bb40834d-1c64-490f-a9a8-ed30144c830f', 'external_fixed_ips': [{'subnet_id': 'b69ff5b1-5d7c-47af-8c7e-305e517288e4', 'ip_address': '10.180.180.202'}], 'enable_snat': True}, 'description': '', 'availability_zones': [], 'distributed': False, 'ha': False, 'availability_zone_hints': [], 'routes': [], 'flavor_id': None, 'tags': [], 'created_at': '2025-02-21T08:49:47Z', 'updated_at': '2025-02-21T08:49:48Z', 'revision_number': 2, 'project_id': '72b0585c35c24e27856994e63291445e'}
2025-02-21 08:49:50.688 63429 INFO tempest.lib.common.rest_client [req-0a0ab5c8-1981-4389-9136-646d4c8e74ba req-0a0ab5c8-1981-4389-9136-646d4c8e74ba ] Request (QuotasAdminTestV257:tearDownClass): 204 DELETE http://10.180.1.21:9696/networking/v2.0/security-groups/41e1cc25-b52c-4b40-bb4f-2ede9d76bd9b 0.128s
2025-02-21 08:49:50.689 63409 INFO tempest.lib.common.rest_client [req-0eb06bab-219a-493a-99f0-4be89a8b9336 req-0eb06bab-219a-493a-99f0-4be89a8b9336 ] Request (ServicesAdminNegativeTestJSON:test_get_service_by_invalid_service_and_valid_host): 200 GET http://10.180.1.21/compute/v2.1/os-services 1.112s
2025-02-21 08:49:50.736 63439 INFO tempest.lib.common.rest_client [req-c1d729db-c404-4bd8-9213-adc1a2a4dea0 req-c1d729db-c404-4bd8-9213-adc1a2a4dea0 ] Request (VolumesAdminNegativeTest:setUpClass): 201 POST http://10.180.1.21:9696/networking/v2.0/routers 2.479s
2025-02-21 08:49:50.736 63419 INFO tempest.lib.common.rest_client [req-855c9617-9220-45a3-9602-01f7898fa2cc req-855c9617-9220-45a3-9602-01f7898fa2cc ] Request (VolumesNegativeTest:setUpClass): 201 POST http://10.180.1.21/identity/v3/auth/tokens 0.086s
2025-02-21 08:49:50.757 63433 INFO tempest.lib.common.rest_client [req-5acbe149-dc7a-4755-a519-13255d1ca1d8 req-5acbe149-dc7a-4755-a519-13255d1ca1d8 ] Request (ServerActionsV293TestJSON:setUpClass): 201 POST http://10.180.1.21/identity/v3/auth/tokens 0.078s
2025-02-21 08:49:50.777 63403 INFO tempest.lib.common.rest_client [req-b697b7b1-812d-4e25-aa19-0c6444761a72 req-b697b7b1-812d-4e25-aa19-0c6444761a72 ] Request (AttachInterfacesTestJSON:test_create_list_show_delete_interfaces_by_fixed_ip): 200 GET http://10.180.1.21/compute/v2.1/servers/0fd393bb-8113-4b12-93ea-2d257fb98ae0 1.122s
2025-02-21 08:49:50.827 63429 INFO tempest.lib.common.rest_client [req-9f5615b1-a3df-4263-b5ca-621d7e867461 req-9f5615b1-a3df-4263-b5ca-621d7e867461 ] Request (QuotasAdminTestV257:tearDownClass): 204 DELETE http://10.180.1.21/identity/v3/projects/a83efd1d470d4ae3917112260cb70b8d 0.138s
2025-02-21 08:49:50.827 63429 INFO tempest.lib.common.dynamic_creds [-] Deleting project and security group for project: 9065b7dd615644dd9f25b71ede932b2a
2025-02-21 08:49:50.843 63413 INFO tempest.lib.common.rest_client [req-994a610f-90be-4507-9228-dcb41cafdad5 req-994a610f-90be-4507-9228-dcb41cafdad5 ] Request (ServerDiagnosticsTest:test_get_server_diagnostics): 200 GET http://10.180.1.21/compute/v2.1/servers/3dd36d4d-cbaa-4203-a1df-c7e8670682ff 1.143s
2025-02-21 08:49:50.843 63443 INFO tempest.lib.common.rest_client [req-878f5ae8-b5d3-45d2-a3ed-e19ad77e859b req-878f5ae8-b5d3-45d2-a3ed-e19ad77e859b ] Request (DeleteServersTestJSON:test_delete_active_server): 200 GET http://10.180.1.21/compute/v2.1/servers/ec73cb87-6d0c-4390-88ef-f26ca372063f 1.277s
2025-02-21 08:49:50.851 63413 INFO tempest.common.waiters [-] State transition "BUILD/scheduling" ==> "BUILD/None" after 6 second wait
2025-02-21 08:49:50.894 63425 WARNING tempest.lib.common.ssh [-] Failed to establish authenticated ssh connection to cirros@10.180.180.167 ([Errno None] Unable to connect to port 22 on 10.180.180.167). Number attempts: 1. Retry after 2 seconds.: paramiko.ssh_exception.NoValidConnectionsError: [Errno None] Unable to connect to port 22 on 10.180.180.167
2025-02-21 08:49:50.908 63383 INFO tempest.lib.common.rest_client [req-1b7450aa-0c67-464d-9cfe-21d43e21cfca req-1b7450aa-0c67-464d-9cfe-21d43e21cfca ] Request (DeleteServersAdminTestJSON:test_delete_server_while_in_error_state): 200 GET http://10.180.1.21/compute/v2.1/servers/be7b959e-265e-41e1-b578-acb0ec182c71 1.084s
2025-02-21 08:49:50.920 63407 INFO tempest.lib.common.rest_client [req-9980a221-7596-41c9-a8fa-685167f27361 req-9980a221-7596-41c9-a8fa-685167f27361 ] Request (InstanceUsageAuditLogNegativeTestJSON:test_instance_usage_audit_logs_with_nonadmin_user): 403 GET http://10.180.1.21/compute/v2.1/os-instance_usage_audit_log/2025-02-21%2008%3A49%3A49 1.066s
2025-02-21 08:49:50.926 63399 INFO tempest.lib.common.rest_client [req-c6c6104b-8ba9-49de-822a-8f52b5aadafa req-c6c6104b-8ba9-49de-822a-8f52b5aadafa ] Request (AggregatesAdminNegativeTestJSON:test_aggregate_remove_host_as_user): 403 POST http://10.180.1.21/compute/v2.1/os-aggregates/7/action 0.926s
2025-02-21 08:49:50.941 63421 INFO tempest.lib.common.rest_client [req-362695d1-094e-4852-8778-28143c7bc2a9 req-362695d1-094e-4852-8778-28143c7bc2a9 ] Request (FlavorsAdminTestJSON:test_is_public_string_variations): 200 GET http://10.180.1.21/compute/v2.1/flavors/detail?is_public=no 0.905s
2025-02-21 08:49:51.029 63415 INFO tempest.lib.common.rest_client [req-51846675-3875-46bf-83d0-b3276cdea20f req-51846675-3875-46bf-83d0-b3276cdea20f ] Request (ServerRescueTestJSONUnderV235:setUpClass): 200 GET http://10.180.1.21/compute/v2.1/servers/6a752f33-9dc2-4107-8648-7ab829348c6a 1.282s
2025-02-21 08:49:51.041 63415 INFO tempest.common.waiters [-] State transition "BUILD/None" ==> "BUILD/spawning" after 17 second wait
2025-02-21 08:49:51.046 63407 INFO tempest.lib.common.rest_client [req-8b52f879-e89a-4d41-9de5-a583d353b547 req-8b52f879-e89a-4d41-9de5-a583d353b547 ] Request (InstanceUsageAuditLogNegativeTestJSON:tearDownClass): 204 DELETE http://10.180.1.21/identity/v3/users/ba4100e24e0e498da32347ef414b207a 0.125s
2025-02-21 08:49:51.128 63385 INFO tempest.lib.common.rest_client [req-6a58c524-5ed8-432d-81fa-341b61776190 req-6a58c524-5ed8-432d-81fa-341b61776190 ] Request (ImagesTestJSON:test_create_image_from_stopped_server): 200 GET http://10.180.1.21/compute/v2.1/servers/897ce5c2-de30-4264-9f89-d2fe7c537b1e 1.024s
2025-02-21 08:49:51.201 63407 INFO tempest.lib.common.rest_client [req-0dc813d3-9b45-4958-94dd-7c6d5c4808b4 req-0dc813d3-9b45-4958-94dd-7c6d5c4808b4 ] Request (InstanceUsageAuditLogNegativeTestJSON:tearDownClass): 204 DELETE http://10.180.1.21/identity/v3/users/929b483032434cae9df69fc8b50713ec 0.153s
2025-02-21 08:49:51.201 63407 INFO tempest.lib.common.dynamic_creds [-] Deleting project and security group for project: 0989332065ed4d00a717c56f573eb925
2025-02-21 08:49:51.233 63429 INFO tempest.lib.common.rest_client [req-4a216daf-e04d-49de-b2fd-6e7774098433 req-4a216daf-e04d-49de-b2fd-6e7774098433 ] Request (QuotasAdminTestV257:tearDownClass): 200 GET http://10.180.1.21:9696/networking/v2.0/security-groups?tenant_id=9065b7dd615644dd9f25b71ede932b2a&name=default 0.405s
2025-02-21 08:49:51.295 63381 INFO tempest.lib.common.rest_client [req-8c000516-041a-4657-83e3-6ccc98eea6fa req-8c000516-041a-4657-83e3-6ccc98eea6fa ] Request (ServerShowV247Test:test_update_rebuild_list_server): 202 POST http://10.180.1.21/compute/v2.1/servers 0.852s
2025-02-21 08:49:51.312 63407 INFO tempest.lib.common.rest_client [req-98ca4756-6b19-4f11-aca6-3d14bb7a7f1d req-98ca4756-6b19-4f11-aca6-3d14bb7a7f1d ] Request (InstanceUsageAuditLogNegativeTestJSON:tearDownClass): 201 POST http://10.180.1.21/identity/v3/auth/tokens 0.111s
2025-02-21 08:49:51.321 63431 INFO tempest.lib.common.rest_client [req-3deda8f6-f41f-44ba-a14d-34f4398afd80 req-3deda8f6-f41f-44ba-a14d-34f4398afd80 ] Request (FloatingIPsAssociationNegativeTestJSON:setUpClass): 200 GET http://10.180.1.21/compute/v2.1/servers/96025479-e79b-4a2d-ab21-169965c2902f 0.922s
2025-02-21 08:49:51.326 63435 INFO tempest.lib.common.rest_client [req-e7495341-c5c2-4bbe-9192-a29a4d342ead req-e7495341-c5c2-4bbe-9192-a29a4d342ead ] Request (SecurityGroupsNegativeTestJSON:test_delete_security_group_without_passing_id): 404 DELETE http://10.180.1.21/compute/v2.1/os-security-groups/ 0.751s
2025-02-21 08:49:51.336 63431 INFO tempest.common.waiters [-] State transition "BUILD/spawning" ==> "ACTIVE/None" after 21 second wait
2025-02-21 08:49:51.357 63409 INFO tempest.lib.common.rest_client [req-2018d47f-3ba2-485e-a564-2f0129da743e req-2018d47f-3ba2-485e-a564-2f0129da743e ] Request (ServicesAdminNegativeTestJSON:test_get_service_by_invalid_service_and_valid_host): 200 GET http://10.180.1.21/compute/v2.1/os-services?host=devstack&binary=xxx 0.666s
2025-02-21 08:49:51.494 63427 INFO tempest.lib.common.rest_client [req-a67b989b-fbd0-40af-9c80-4c88b0b2a2bc req-a67b989b-fbd0-40af-9c80-4c88b0b2a2bc ] Request (ImagesNegativeTestJSON:test_create_image_from_deleted_server): 200 GET http://10.180.1.21/compute/v2.1/servers/1e5168f3-0c40-4ada-ba5c-001efd526393 0.777s
2025-02-21 08:49:51.556 63423 INFO tempest.lib.common.rest_client [req-5ac6b4a2-ea1a-498f-93ab-3e1b15f4abfa req-5ac6b4a2-ea1a-498f-93ab-3e1b15f4abfa ] Request (ServerTagsTestJSON:setUpClass): 200 GET http://10.180.1.21/compute/v2.1/servers/75b01166-8911-4077-9d48-af25659c486a 0.992s
2025-02-21 08:49:51.558 63429 INFO tempest.lib.common.rest_client [req-d94003a3-5524-45d9-9f8c-09b08dec7d9a req-d94003a3-5524-45d9-9f8c-09b08dec7d9a ] Request (QuotasAdminTestV257:tearDownClass): 204 DELETE http://10.180.1.21:9696/networking/v2.0/security-groups/38163950-818c-4733-bb8b-3a334ce48b1f 0.324s
2025-02-21 08:49:51.609 63407 INFO tempest.lib.common.rest_client [req-55f50cc9-5063-44b9-b15d-61f492c3e65b req-55f50cc9-5063-44b9-b15d-61f492c3e65b ] Request (InstanceUsageAuditLogNegativeTestJSON:tearDownClass): 200 GET http://10.180.1.21:9696/networking/v2.0/security-groups?tenant_id=0989332065ed4d00a717c56f573eb925&name=default 0.296s
2025-02-21 08:49:51.634 63429 INFO tempest.lib.common.rest_client [req-4505b37e-1d00-4546-ad0c-08ea081b8c28 req-4505b37e-1d00-4546-ad0c-08ea081b8c28 ] Request (QuotasAdminTestV257:tearDownClass): 204 DELETE http://10.180.1.21/identity/v3/projects/9065b7dd615644dd9f25b71ede932b2a 0.075s
2025-02-21 08:49:51.652 63419 INFO tempest.lib.common.rest_client [req-8c47115d-9785-4d7b-80a9-9ecc343218f8 req-8c47115d-9785-4d7b-80a9-9ecc343218f8 ] Request (VolumesNegativeTest:test_create_volume_with_invalid_size): 400 POST http://10.180.1.21/compute/v2.1/os-volumes 0.914s
2025-02-21 08:49:51.725 63429 INFO tempest.lib.common.rest_client [req-8f94f5a1-2578-4477-bd05-48882d893138 req-8f94f5a1-2578-4477-bd05-48882d893138 ] Request (ServerExternalEventsTest:setUpClass): 201 POST http://10.180.1.21/identity/v3/auth/tokens 0.089s
2025-02-21 08:49:51.748 63407 INFO tempest.lib.common.rest_client [req-0f05243b-0553-4d38-abbe-fb493214f18d req-0f05243b-0553-4d38-abbe-fb493214f18d ] Request (InstanceUsageAuditLogNegativeTestJSON:tearDownClass): 204 DELETE http://10.180.1.21:9696/networking/v2.0/security-groups/fe672b74-1b3e-418b-ada2-ad463e751a86 0.138s
2025-02-21 08:49:51.767 63429 INFO tempest.lib.common.rest_client [req-96b3bef8-c227-4d88-91c9-e68bf15f7534 req-96b3bef8-c227-4d88-91c9-e68bf15f7534 ] Request (ServerExternalEventsTest:setUpClass): 201 POST http://10.180.1.21/identity/v3/auth/tokens 0.039s
2025-02-21 08:49:51.796 63429 INFO tempest.lib.common.rest_client [req-862226ca-88bd-4da6-bfd5-76621949e7c2 req-862226ca-88bd-4da6-bfd5-76621949e7c2 ] Request (ServerExternalEventsTest:setUpClass): 200 GET http://10.180.1.21/identity/v3/domains?name=Default 0.029s
2025-02-21 08:49:51.801 63417 INFO tempest.lib.common.rest_client [req-f1930ba1-8706-43cf-a434-7f6f19f81053 req-f1930ba1-8706-43cf-a434-7f6f19f81053 ] Request (MigrationsAdminTest:test_list_migrations_in_flavor_resize_situation): 200 GET http://10.180.1.21/compute/v2.1/servers/a78212e0-e331-4fd3-8b67-0c8522d82c2b 0.952s
2025-02-21 08:49:51.831 63429 INFO tempest.lib.common.rest_client [req-e552a5a5-084c-470b-8144-8dd22bcde641 req-e552a5a5-084c-470b-8144-8dd22bcde641 ] Request (ServerExternalEventsTest:setUpClass): 201 POST http://10.180.1.21/identity/v3/projects 0.033s
2025-02-21 08:49:51.833 63433 INFO tempest.lib.common.rest_client [req-36cfae43-fd81-4b35-8129-75f800f6cf7c req-36cfae43-fd81-4b35-8129-75f800f6cf7c ] Request (ServerActionsV293TestJSON:setUpClass): 201 POST http://10.180.1.21/compute/v2.1/os-keypairs 1.074s
2025-02-21 08:49:51.838 63407 INFO tempest.lib.common.rest_client [req-878a0546-2701-40f7-81b9-a5b5490e1534 req-878a0546-2701-40f7-81b9-a5b5490e1534 ] Request (InstanceUsageAuditLogNegativeTestJSON:tearDownClass): 204 DELETE http://10.180.1.21/identity/v3/projects/0989332065ed4d00a717c56f573eb925 0.090s
2025-02-21 08:49:51.838 63407 INFO tempest.lib.common.dynamic_creds [-] Deleting project and security group for project: 6492c18c67c24fbda1d59d7b19544b3e
2025-02-21 08:49:51.880 63389 INFO tempest.lib.common.rest_client [req-27af41d8-27d3-4739-bc0c-8ff0268f7f3e req-27af41d8-27d3-4739-bc0c-8ff0268f7f3e ] Request (ServerMetadataNegativeTestJSON:setUpClass): 200 GET http://10.180.1.21/compute/v2.1/servers/66a33204-a15e-4e4c-bc3e-b0fb625268b9 0.961s
2025-02-21 08:49:51.915 63421 INFO tempest.lib.common.rest_client [req-fa740167-3de4-45c3-8aad-e56724390f2e req-fa740167-3de4-45c3-8aad-e56724390f2e ] Request (FlavorsAdminTestJSON:test_is_public_string_variations): 200 GET http://10.180.1.21/compute/v2.1/flavors/detail?is_public=0 0.971s
2025-02-21 08:49:51.925 63429 INFO tempest.lib.common.rest_client [req-ea422841-b5f3-456d-b1aa-92a023a4444e req-ea422841-b5f3-456d-b1aa-92a023a4444e ] Request (ServerExternalEventsTest:setUpClass): 201 POST http://10.180.1.21/identity/v3/users 0.094s
2025-02-21 08:49:51.993 63411 INFO tempest.lib.common.rest_client [req-0f68b430-d468-4a6c-93f7-c3357ee13599 req-0f68b430-d468-4a6c-93f7-c3357ee13599 ] Request (ServerMetadataTestJSON:setUpClass): 200 GET http://10.180.1.21/compute/v2.1/servers/350dd628-4842-4a8b-9a72-9161a2c86605 0.968s
2025-02-21 08:49:52.005 63399 INFO tempest.lib.common.rest_client [req-3fedf5ca-3c10-4a82-a87a-6ed2ea7723da req-3fedf5ca-3c10-4a82-a87a-6ed2ea7723da ] Request (AggregatesAdminNegativeTestJSON:_run_cleanups): 200 POST http://10.180.1.21/compute/v2.1/os-aggregates/7/action 1.078s
2025-02-21 08:49:52.024 63429 INFO tempest.lib.common.rest_client [req-15215066-b393-4e31-8549-4574d520aa1b req-15215066-b393-4e31-8549-4574d520aa1b ] Request (ServerExternalEventsTest:setUpClass): 200 GET http://10.180.1.21/identity/v3/roles 0.098s
2025-02-21 08:49:52.087 63393 INFO tempest.lib.common.rest_client [req-bef89c58-9a96-4ce0-9181-0709afc75d91 req-bef89c58-9a96-4ce0-9181-0709afc75d91 ] Request (ServersTestJSON:test_create_server_specify_multibyte_character_name): 200 GET http://10.180.1.21/compute/v2.1/servers/bd76bbfc-9c88-4046-8d6a-cb72d35453d8 0.890s
2025-02-21 08:49:52.088 63429 INFO tempest.lib.common.rest_client [req-fc82957f-111d-44d4-8118-f8245a9cb86d req-fc82957f-111d-44d4-8118-f8245a9cb86d ] Request (ServerExternalEventsTest:setUpClass): 204 PUT http://10.180.1.21/identity/v3/projects/dbb6be3f6fd9413fb586bf39c012ba60/users/b6c9538e1ea74e31ab547f6d37768d5c/roles/74c0bd29307245b796d58e79a49b940a 0.064s
2025-02-21 08:49:52.088 63429 INFO tempest.lib.common.dynamic_creds [-] Dynamic test user b6c9538e1ea74e31ab547f6d37768d5c is created with scope project and roles: ['member']
2025-02-21 08:49:52.089 63429 INFO tempest.lib.common.dynamic_creds [-] Acquired dynamic creds: credentials: Credentials: {'domain_id': 'default', 'domain_name': 'Default', 'username': 'tempest-ServerExternalEventsTest-911908388-project-member', 'project_domain_id': 'default', 'project_domain_name': 'Default', 'project_id': 'dbb6be3f6fd9413fb586bf39c012ba60', 'project_name': 'tempest-ServerExternalEventsTest-911908388', 'tenant_id': 'dbb6be3f6fd9413fb586bf39c012ba60', 'tenant_name': 'tempest-ServerExternalEventsTest-911908388', 'user_domain_id': 'default', 'user_domain_name': 'Default', 'user_id': 'b6c9538e1ea74e31ab547f6d37768d5c', 'system': None}, Network: None, Subnet: None, Router: None
2025-02-21 08:49:52.089 63429 INFO tempest.lib.common.dynamic_creds [-] Created isolated network resources for: credentials: Credentials: {'domain_id': 'default', 'domain_name': 'Default', 'username': 'tempest-ServerExternalEventsTest-911908388-project-member', 'project_domain_id': 'default', 'project_domain_name': 'Default', 'project_id': 'dbb6be3f6fd9413fb586bf39c012ba60', 'project_name': 'tempest-ServerExternalEventsTest-911908388', 'tenant_id': 'dbb6be3f6fd9413fb586bf39c012ba60', 'tenant_name': 'tempest-ServerExternalEventsTest-911908388', 'user_domain_id': 'default', 'user_domain_name': 'Default', 'user_id': 'b6c9538e1ea74e31ab547f6d37768d5c', 'system': None}, Network: None, Subnet: None, Router: None
2025-02-21 08:49:52.092 63391 INFO tempest.lib.common.rest_client [req-acf81808-a783-47d8-9422-ce19856a4c8e req-acf81808-a783-47d8-9422-ce19856a4c8e ] Request (ServersV294TestFqdnHostnames:setUpClass): 200 GET http://10.180.1.21/compute/v2.1/servers/68a75af1-3f9a-4ed7-9e12-24dfd927b323 0.940s
2025-02-21 08:49:52.100 63433 INFO tempest.lib.common.rest_client [req-6330eb5b-bf0a-4bba-843b-326d896662c5 req-6330eb5b-bf0a-4bba-843b-326d896662c5 ] Request (ServerActionsV293TestJSON:setUpClass): 201 POST http://10.180.1.21:9696/networking/v2.0/security-groups 0.265s
2025-02-21 08:49:52.108 63407 INFO tempest.lib.common.rest_client [req-7c54307f-649c-4acd-a095-14f86a5fc399 req-7c54307f-649c-4acd-a095-14f86a5fc399 ] Request (InstanceUsageAuditLogNegativeTestJSON:tearDownClass): 200 GET http://10.180.1.21:9696/networking/v2.0/security-groups?tenant_id=6492c18c67c24fbda1d59d7b19544b3e&name=default 0.269s
2025-02-21 08:49:52.150 63439 INFO tempest.lib.common.rest_client [req-fe3e8dbe-70bf-4437-9495-71951cf102fc req-fe3e8dbe-70bf-4437-9495-71951cf102fc ] Request (VolumesAdminNegativeTest:setUpClass): 200 PUT http://10.180.1.21:9696/networking/v2.0/routers/0c70bbe1-ca3c-40d6-9570-d8883474a338/add_router_interface 1.414s
2025-02-21 08:49:52.151 63439 INFO tempest.lib.common.dynamic_creds [-] Created isolated network resources for: credentials: Credentials: {'domain_id': 'default', 'domain_name': 'Default', 'username': 'tempest-VolumesAdminNegativeTest-1626357694-project-member', 'project_domain_id': 'default', 'project_domain_name': 'Default', 'project_id': '3d10a8e458c34f2e882093313a9c88d4', 'project_name': 'tempest-VolumesAdminNegativeTest-1626357694', 'tenant_id': '3d10a8e458c34f2e882093313a9c88d4', 'tenant_name': 'tempest-VolumesAdminNegativeTest-1626357694', 'user_domain_id': 'default', 'user_domain_name': 'Default', 'user_id': '909f3bf065fb4b0286cfd76d0c95bebb', 'system': None}, Network: {'id': 'a5367371-8d40-419e-8bfc-a7b5ebd6bf85', 'name': 'tempest-VolumesAdminNegativeTest-1688951479-network', 'tenant_id': '3d10a8e458c34f2e882093313a9c88d4', 'admin_state_up': True, 'mtu': 8950, 'status': 'ACTIVE', 'subnets': [], 'shared': False, 'project_id': '3d10a8e458c34f2e882093313a9c88d4', 'port_security_enabled': True, 'router:external': False, 'provider:network_type': 'vlan', 'provider:physical_network': 'default', 'provider:segmentation_id': 904, 'availability_zone_hints': [], 'availability_zones': [], 'ipv4_address_scope': None, 'ipv6_address_scope': None, 'description': '', 'tags': [], 'created_at': '2025-02-21T08:49:47Z', 'updated_at': '2025-02-21T08:49:47Z', 'revision_number': 1}, Subnet: {'id': 'a7566cd7-4873-4a47-9853-dd0685572442', 'name': 'tempest-VolumesAdminNegativeTest-1688951479-subnet', 'tenant_id': '3d10a8e458c34f2e882093313a9c88d4', 'network_id': 'a5367371-8d40-419e-8bfc-a7b5ebd6bf85', 'ip_version': 4, 'subnetpool_id': None, 'enable_dhcp': True, 'ipv6_ra_mode': None, 'ipv6_address_mode': None, 'gateway_ip': '192.168.128.1', 'cidr': '192.168.128.0/28', 'allocation_pools': [{'start': '192.168.128.2', 'end': '192.168.128.14'}], 'host_routes': [], 'dns_nameservers': [], 'description': '', 'router:external': False, 'service_types': [], 'tags': [], 'created_at': '2025-02-21T08:49:47Z', 'updated_at': '2025-02-21T08:49:47Z', 'revision_number': 0, 'project_id': '3d10a8e458c34f2e882093313a9c88d4'}, Router: {'id': '0c70bbe1-ca3c-40d6-9570-d8883474a338', 'name': 'tempest-VolumesAdminNegativeTest-1688951479-router', 'tenant_id': '3d10a8e458c34f2e882093313a9c88d4', 'admin_state_up': True, 'status': 'ACTIVE', 'external_gateway_info': {'network_id': 'bb40834d-1c64-490f-a9a8-ed30144c830f', 'external_fixed_ips': [{'subnet_id': 'b69ff5b1-5d7c-47af-8c7e-305e517288e4', 'ip_address': '10.180.180.183'}], 'enable_snat': True}, 'description': '', 'availability_zones': [], 'distributed': False, 'ha': False, 'availability_zone_hints': [], 'routes': [], 'flavor_id': None, 'tags': [], 'created_at': '2025-02-21T08:49:48Z', 'updated_at': '2025-02-21T08:49:49Z', 'revision_number': 2, 'project_id': '3d10a8e458c34f2e882093313a9c88d4'}
2025-02-21 08:49:52.157 63381 INFO tempest.lib.common.rest_client [req-c298ffdf-624e-470b-8cfc-52e59395b0a7 req-c298ffdf-624e-470b-8cfc-52e59395b0a7 ] Request (ServerShowV247Test:test_update_rebuild_list_server): 200 PUT http://10.180.1.21/compute/v2.1/servers/46864447-5fdc-4e7e-ad3d-63c9d7c15afc 0.860s
2025-02-21 08:49:52.182 63395 INFO tempest.lib.common.rest_client [req-2cc2360d-a061-4f24-aa28-ab3f828dd128 req-2cc2360d-a061-4f24-aa28-ab3f828dd128 ] Request (ServersTestManualDisk:setUpClass): 200 GET http://10.180.1.21/compute/v2.1/servers/8f1812a5-1596-464f-b486-91b6c9a822bd 0.889s
2025-02-21 08:49:52.192 63429 INFO tempest.lib.common.rest_client [req-30de7c17-a4bb-4daf-8e54-bccd0882d433 req-30de7c17-a4bb-4daf-8e54-bccd0882d433 ] Request (ServerExternalEventsTest:setUpClass): 201 POST http://10.180.1.21/identity/v3/auth/tokens 0.096s
2025-02-21 08:49:52.256 63439 INFO tempest.lib.common.rest_client [req-b6532861-d205-4330-8ff4-e7fa7ecd960f req-b6532861-d205-4330-8ff4-e7fa7ecd960f ] Request (VolumesAdminNegativeTest:setUpClass): 201 POST http://10.180.1.21/identity/v3/auth/tokens 0.097s
2025-02-21 08:49:52.271 63429 INFO tempest.lib.common.rest_client [req-c458d6e0-2a9b-4d8f-8e17-05e4e8063f5e req-c458d6e0-2a9b-4d8f-8e17-05e4e8063f5e ] Request (ServerExternalEventsTest:setUpClass): 201 POST http://10.180.1.21/identity/v3/projects 0.078s
2025-02-21 08:49:52.310 63433 INFO tempest.lib.common.rest_client [req-6ae857d5-d567-4216-99e5-83665b24cdcd req-6ae857d5-d567-4216-99e5-83665b24cdcd ] Request (ServerActionsV293TestJSON:setUpClass): 201 POST http://10.180.1.21:9696/networking/v2.0/security-group-rules 0.209s
2025-02-21 08:49:52.330 63435 INFO tempest.lib.common.rest_client [req-964f412a-8e7c-492e-bae2-c7fd8ece80ad req-964f412a-8e7c-492e-bae2-c7fd8ece80ad ] Request (SecurityGroupsNegativeTestJSON:test_delete_the_default_security_group): 200 GET http://10.180.1.21/compute/v2.1/os-security-groups 1.003s
2025-02-21 08:49:52.332 63407 INFO tempest.lib.common.rest_client [req-52285e9e-a1c2-401b-bc34-adb1fd78ed0c req-52285e9e-a1c2-401b-bc34-adb1fd78ed0c ] Request (InstanceUsageAuditLogNegativeTestJSON:tearDownClass): 204 DELETE http://10.180.1.21:9696/networking/v2.0/security-groups/94879660-e3fb-4bf5-a237-8490a6ec8ad3 0.223s
2025-02-21 08:49:52.349 63429 INFO tempest.lib.common.rest_client [req-a804932e-f5ef-47e9-b53e-c711648d7536 req-a804932e-f5ef-47e9-b53e-c711648d7536 ] Request (ServerExternalEventsTest:setUpClass): 201 POST http://10.180.1.21/identity/v3/users 0.077s
2025-02-21 08:49:52.356 63409 INFO tempest.lib.common.rest_client [req-ff1ebb8b-88ca-47be-94ac-e26b765f5b61 req-ff1ebb8b-88ca-47be-94ac-e26b765f5b61 ] Request (ServicesAdminNegativeTestJSON:test_get_service_with_valid_service_and_invalid_host): 200 GET http://10.180.1.21/compute/v2.1/os-services 0.996s
2025-02-21 08:49:52.360 63439 INFO tempest.lib.common.rest_client [req-ac8d0612-ea1f-4542-bb71-af22fc69e507 req-ac8d0612-ea1f-4542-bb71-af22fc69e507 ] Request (VolumesAdminNegativeTest:setUpClass): 201 POST http://10.180.1.21/identity/v3/projects 0.104s
2025-02-21 08:49:52.421 63429 INFO tempest.lib.common.rest_client [req-cd541237-083a-4b49-8fb1-ad4e44ed773e req-cd541237-083a-4b49-8fb1-ad4e44ed773e ] Request (ServerExternalEventsTest:setUpClass): 200 GET http://10.180.1.21/identity/v3/roles 0.071s
2025-02-21 08:49:52.429 63433 INFO tempest.lib.common.rest_client [req-3df6ceee-9864-4aed-b3cd-8614b64d2f9e req-3df6ceee-9864-4aed-b3cd-8614b64d2f9e ] Request (ServerActionsV293TestJSON:setUpClass): 201 POST http://10.180.1.21:9696/networking/v2.0/security-group-rules 0.119s
2025-02-21 08:49:52.446 63401 INFO tempest.lib.common.rest_client [req-ad1fa667-099d-451d-8efc-e07d05b75326 req-ad1fa667-099d-451d-8efc-e07d05b75326 ] Request (ServersAdminNegativeTestJSON:test_migrate_server_invalid_state): 200 GET http://10.180.1.21/compute/v2.1/servers/27309833-bf08-4d8d-a71e-fd2ae2d46b35 1.062s
2025-02-21 08:49:52.451 63439 INFO tempest.lib.common.rest_client [req-9b81d252-bb54-494e-9c43-d04bbf1856fc req-9b81d252-bb54-494e-9c43-d04bbf1856fc ] Request (VolumesAdminNegativeTest:setUpClass): 201 POST http://10.180.1.21/identity/v3/users 0.090s
