2024-12-12 15:23:58.974 66941 INFO tempest.lib.common.rest_client [req-e7f8765b-98bd-4051-bb75-4bb69a031542 req-e7f8765b-98bd-4051-bb75-4bb69a031542 ] Request (ServersTestManualDisk:setUpClass): 200 GET http://10.180.1.21/compute/v2.1/servers/3c51d4dc-5a2c-4483-9aa5-8bab532971d4 0.845s
2024-12-12 15:23:58.983 66941 INFO tempest.lib.common.ssh [-] Creating ssh connection to '10.180.180.166:22' as 'cirros' with public key authentication
2024-12-12 15:23:59.015 66967 INFO tempest.lib.common.rest_client [req-b4420fa4-fd59-4d82-ab44-70eae9381de7 req-b4420fa4-fd59-4d82-ab44-70eae9381de7 ] Request (ServerDiagnosticsV248Test:tearDownClass): 204 DELETE http://10.180.1.21:9696/networking/v2.0/security-groups/62197f66-e869-4b32-982e-fe761854339d 0.124s
2024-12-12 15:23:59.015 66955 INFO tempest.lib.common.rest_client [req-39d00bdb-54b4-41b6-a20f-c9f6bcae172a req-39d00bdb-54b4-41b6-a20f-c9f6bcae172a ] Request (ServerDiagnosticsNegativeTest:test_get_server_diagnostics_by_non_admin): 200 GET http://10.180.1.21/compute/v2.1/servers/40217405-dcba-48cf-9d92-4122390d9fa8 0.863s
2024-12-12 15:23:59.034 66929 INFO tempest.lib.common.rest_client [req-e5aff4a7-6cc7-4720-b390-7ab1036505a7 req-e5aff4a7-6cc7-4720-b390-7ab1036505a7 ] Request (ImagesMetadataNegativeTestJSON:test_set_nonexistent_image_metadata_item): 404 PUT http://10.180.1.21/compute/v2.1/images/c51a75a8-8efd-4b2e-9eb0-75da57126ec5/metadata/os_distro 0.820s
2024-12-12 15:23:59.126 66967 INFO tempest.lib.common.rest_client [req-a946bf40-fcf6-450b-b9fa-225c91ddef3b req-a946bf40-fcf6-450b-b9fa-225c91ddef3b ] Request (ServerDiagnosticsV248Test:tearDownClass): 204 DELETE http://10.180.1.21/identity/v3/projects/01fd99b99f6d426ba3070706a4b7694d 0.111s
2024-12-12 15:23:59.151 66939 INFO tempest.lib.common.rest_client [req-0dd2a58f-2922-4066-b6ed-c387c6943cdd req-0dd2a58f-2922-4066-b6ed-c387c6943cdd ] Request (ServersTestMultiNic:setUpClass): 201 POST http://10.180.1.21:9696/networking/v2.0/subnets 0.426s
2024-12-12 15:23:59.170 66937 WARNING tempest.lib.common.ssh [-] Failed to establish authenticated ssh connection to cirros@10.180.180.178 ([Errno None] Unable to connect to port 22 on 10.180.180.178). Number attempts: 1. Retry after 2 seconds.: paramiko.ssh_exception.NoValidConnectionsError: [Errno None] Unable to connect to port 22 on 10.180.180.178
2024-12-12 15:23:59.189 66967 INFO tempest.lib.common.rest_client [req-97e6ee2a-63a1-4b2c-96d0-f004a60a339d req-97e6ee2a-63a1-4b2c-96d0-f004a60a339d ] Request (ListImagesTestJSON:setUpClass): 201 POST http://10.180.1.21/identity/v3/auth/tokens 0.061s
2024-12-12 15:23:59.234 66967 INFO tempest.lib.common.rest_client [req-af8217f7-6557-43f6-bddf-3f90f101d2ad req-af8217f7-6557-43f6-bddf-3f90f101d2ad ] Request (ListImagesTestJSON:setUpClass): 201 POST http://10.180.1.21/identity/v3/auth/tokens 0.042s
2024-12-12 15:23:59.279 66967 INFO tempest.lib.common.rest_client [req-021ded21-8632-4784-9b68-ebcf4e6774d4 req-021ded21-8632-4784-9b68-ebcf4e6774d4 ] Request (ListImagesTestJSON:setUpClass): 200 GET http://10.180.1.21/identity/v3/domains?name=Default 0.044s
2024-12-12 15:23:59.322 66967 INFO tempest.lib.common.rest_client [req-c200f04c-eae3-4027-ba1f-fc14df9d3d88 req-c200f04c-eae3-4027-ba1f-fc14df9d3d88 ] Request (ListImagesTestJSON:setUpClass): 201 POST http://10.180.1.21/identity/v3/projects 0.042s
2024-12-12 15:23:59.383 66967 INFO tempest.lib.common.rest_client [req-04b851d2-0f5a-4121-96cc-4b2e4c613da2 req-04b851d2-0f5a-4121-96cc-4b2e4c613da2 ] Request (ListImagesTestJSON:setUpClass): 201 POST http://10.180.1.21/identity/v3/users 0.060s
2024-12-12 15:23:59.410 66967 INFO tempest.lib.common.rest_client [req-a1c1e467-8f33-45de-a99c-53913161de2e req-a1c1e467-8f33-45de-a99c-53913161de2e ] Request (ListImagesTestJSON:setUpClass): 200 GET http://10.180.1.21/identity/v3/roles 0.026s
2024-12-12 15:23:59.430 66957 INFO tempest.lib.common.rest_client [req-694d66f6-8e65-4faf-be6b-0eb0935b76f6 req-694d66f6-8e65-4faf-be6b-0eb0935b76f6 ] Request (SecurityGroupsTestJSON:test_security_groups_create_list_delete): 202 DELETE http://10.180.1.21/compute/v2.1/os-security-groups/14bff5c5-9dd7-4ab8-bc32-51987840543b 1.176s
2024-12-12 15:23:59.443 66967 INFO tempest.lib.common.rest_client [req-ce09c93c-e633-4182-b072-2f96f03b2564 req-ce09c93c-e633-4182-b072-2f96f03b2564 ] Request (ListImagesTestJSON:setUpClass): 204 PUT http://10.180.1.21/identity/v3/projects/87d7b9ff3afb4d12835abe6f10fafe91/users/71998f6bffe444aea1073c9b07fd3de5/roles/08066019558748538e66a84e912cb085 0.033s
2024-12-12 15:23:59.444 66967 INFO tempest.lib.common.dynamic_creds [-] Dynamic test user 71998f6bffe444aea1073c9b07fd3de5 is created with scope project and roles: ['member']
2024-12-12 15:23:59.444 66967 INFO tempest.lib.common.dynamic_creds [-] Acquired dynamic creds: credentials: Credentials: {'domain_id': 'default', 'domain_name': 'Default', 'username': 'tempest-ListImagesTestJSON-1098612204-project-member', 'project_domain_id': 'default', 'project_domain_name': 'Default', 'project_id': '87d7b9ff3afb4d12835abe6f10fafe91', 'project_name': 'tempest-ListImagesTestJSON-1098612204', 'tenant_id': '87d7b9ff3afb4d12835abe6f10fafe91', 'tenant_name': 'tempest-ListImagesTestJSON-1098612204', 'user_domain_id': 'default', 'user_domain_name': 'Default', 'user_id': '71998f6bffe444aea1073c9b07fd3de5', 'system': None}, Network: None, Subnet: None, Router: None
2024-12-12 15:23:59.444 66967 INFO tempest.lib.common.dynamic_creds [-] Created isolated network resources for: credentials: Credentials: {'domain_id': 'default', 'domain_name': 'Default', 'username': 'tempest-ListImagesTestJSON-1098612204-project-member', 'project_domain_id': 'default', 'project_domain_name': 'Default', 'project_id': '87d7b9ff3afb4d12835abe6f10fafe91', 'project_name': 'tempest-ListImagesTestJSON-1098612204', 'tenant_id': '87d7b9ff3afb4d12835abe6f10fafe91', 'tenant_name': 'tempest-ListImagesTestJSON-1098612204', 'user_domain_id': 'default', 'user_domain_name': 'Default', 'user_id': '71998f6bffe444aea1073c9b07fd3de5', 'system': None}, Network: None, Subnet: None, Router: None
2024-12-12 15:23:59.465 66985 INFO tempest.lib.common.rest_client [req-b805b629-745b-4704-baad-43d5d730c83f req-b805b629-745b-4704-baad-43d5d730c83f ] Request (FlavorsAdminTestJSON:test_list_non_public_flavor): 200 GET http://10.180.1.21/compute/v2.1/flavors/detail 1.185s
2024-12-12 15:23:59.535 66967 INFO tempest.lib.common.rest_client [req-f12cc38b-be33-4942-b979-1c21df692f2e req-f12cc38b-be33-4942-b979-1c21df692f2e ] Request (ListImagesTestJSON:setUpClass): 201 POST http://10.180.1.21/identity/v3/auth/tokens 0.084s
2024-12-12 15:23:59.538 66973 INFO tempest.lib.common.rest_client [req-28dd0b39-d29f-48da-b661-3ccb980482c7 req-28dd0b39-d29f-48da-b661-3ccb980482c7 ] Request (VolumesAssistedSnapshotsTest:setUpClass): 201 POST http://10.180.1.21:9696/networking/v2.0/subnets 0.599s
2024-12-12 15:23:59.674 66971 INFO tempest.lib.common.rest_client [req-4e361065-031e-405d-bd97-a9c34e8b05a0 req-4e361065-031e-405d-bd97-a9c34e8b05a0 ] Request (ServersTestBootFromVolume:setUpClass): 200 GET http://10.180.1.21/compute/v2.1/servers/c8e94dd5-64eb-4c4f-bb45-b49e468cb5c3 1.032s
2024-12-12 15:23:59.747 66965 INFO tempest.lib.common.rest_client [req-bee65b1f-ebee-4cab-bc34-612a99d41292 req-bee65b1f-ebee-4cab-bc34-612a99d41292 ] Request (ServerShowV254Test:test_rebuild_server): 200 GET http://10.180.1.21/compute/v2.1/servers/c390d1ca-a199-4df6-847a-b543630a7bf5 1.013s
2024-12-12 15:23:59.823 66925 INFO tempest.lib.common.rest_client [req-4437072f-63a2-4c77-b421-32d4edb221b4 req-4437072f-63a2-4c77-b421-32d4edb221b4 ] Request (ServerExternalEventsTest:tearDownClass): 200 GET http://10.180.1.21/compute/v2.1/servers/0440c0a8-f065-4a82-b190-33279e7c0d93 1.074s
2024-12-12 15:23:59.892 66953 INFO tempest.lib.common.rest_client [req-a29e874a-edf2-4918-894e-1d5f26094b3e req-a29e874a-edf2-4918-894e-1d5f26094b3e ] Request (ServersTestFqdnHostnames:test_create_server_with_fqdn_name): 200 GET http://10.180.1.21/compute/v2.1/servers/5fce9350-6d45-4bfb-a74b-f5b384ecb16c 0.964s
2024-12-12 15:23:59.953 66935 INFO tempest.lib.common.rest_client [req-6d37515f-abef-480c-b25b-ba91802717e3 req-6d37515f-abef-480c-b25b-ba91802717e3 ] Request (SecurityGroupRulesNegativeTestJSON:test_create_security_group_rule_with_invalid_port_range): 400 POST http://10.180.1.21/compute/v2.1/os-security-group-rules 1.016s
2024-12-12 15:24:00.045 66983 INFO tempest.lib.common.rest_client [req-acc422df-26f7-4a6e-9d02-957035521231 req-acc422df-26f7-4a6e-9d02-957035521231 ] Request (ServersAdmin275Test:tearDownClass): 200 GET http://10.180.1.21/compute/v2.1/servers/b4182e53-50db-4256-b376-b00100778935 1.023s
2024-12-12 15:24:00.066 66929 INFO tempest.lib.common.rest_client [req-11ca7a62-a8f7-4d29-9190-f493283dae69 req-11ca7a62-a8f7-4d29-9190-f493283dae69 ] Request (ImagesMetadataNegativeTestJSON:test_update_nonexistent_image_metadata): 404 POST http://10.180.1.21/compute/v2.1/images/7db1aa26-d938-4e48-9c87-7218328105e5/metadata 1.031s
2024-12-12 15:24:00.132 66949 INFO tempest.lib.common.rest_client [req-a3ead31d-2ed7-4a79-923e-e5727b3a89b1 req-a3ead31d-2ed7-4a79-923e-e5727b3a89b1 ] Request (ServerDiagnosticsTest:test_get_server_diagnostics): 200 GET http://10.180.1.21/compute/v2.1/servers/fe8eaeee-56b2-4974-a448-8f95848b3b3a 1.062s
2024-12-12 15:24:00.202 66929 INFO tempest.lib.common.rest_client [req-92fa8826-c11f-444a-b6ac-f0e2f062730e req-92fa8826-c11f-444a-b6ac-f0e2f062730e ] Request (ImagesMetadataNegativeTestJSON:tearDownClass): 204 DELETE http://10.180.1.21/identity/v3/users/6f940496c94f4a6f922717687ead6b97 0.131s
2024-12-12 15:24:00.202 66929 INFO tempest.lib.common.dynamic_creds [-] Deleting project and security group for project: 966185a1cc464b02a32f1f8e3008919d
2024-12-12 15:24:00.208 66931 INFO tempest.lib.common.rest_client [req-41944350-165f-402e-be8a-ebd7b7e90657 req-41944350-165f-402e-be8a-ebd7b7e90657 ] Request (ServerPasswordTestJSON:tearDownClass): 200 GET http://10.180.1.21/compute/v2.1/servers/97890eda-0c1d-4423-acd2-60d3097c6f8a 1.065s
2024-12-12 15:24:00.239 66973 INFO tempest.lib.common.rest_client [req-02d19394-fa6c-4d1f-ae20-6a6df7d40e41 req-02d19394-fa6c-4d1f-ae20-6a6df7d40e41 ] Request (VolumesAssistedSnapshotsTest:setUpClass): 201 POST http://10.180.1.21:9696/networking/v2.0/routers 0.700s
2024-12-12 15:24:00.282 66927 INFO tempest.lib.common.rest_client [req-86bab4d1-4800-48e6-bfde-3a10212b36fb req-86bab4d1-4800-48e6-bfde-3a10212b36fb ] Request (ListImageFiltersTestJSON:setUpClass): 200 GET http://10.180.1.21/compute/v2.1/servers/5060e745-08d0-429e-8780-bfdad7a29f30 1.082s
2024-12-12 15:24:00.294 66929 INFO tempest.lib.common.rest_client [req-31a23e1a-bd9d-4cd6-a821-19d63921f92d req-31a23e1a-bd9d-4cd6-a821-19d63921f92d ] Request (ImagesMetadataNegativeTestJSON:tearDownClass): 201 POST http://10.180.1.21/identity/v3/auth/tokens 0.091s
2024-12-12 15:24:00.542 66961 INFO tempest.lib.common.rest_client [req-13af666a-7185-4578-9dfb-e4446595c91b req-13af666a-7185-4578-9dfb-e4446595c91b ] Request (DeleteServersAdminTestJSON:test_delete_server_while_in_error_state): 200 GET http://10.180.1.21/compute/v2.1/servers/f1c19f17-ce7c-481a-99fd-d0bb20f1520b 1.292s
2024-12-12 15:24:00.585 66969 INFO tempest.lib.common.rest_client [req-35968f7d-8b2f-4e5d-8b9d-7dc002b1be0f req-35968f7d-8b2f-4e5d-8b9d-7dc002b1be0f ] Request (ImagesTestJSON:test_create_image_from_stopped_server): 200 GET http://10.180.1.21/compute/v2.1/images/2e5e8333-de95-4236-94c3-4f089c2b83a4 1.320s
2024-12-12 15:24:00.661 66977 INFO tempest.lib.common.rest_client [req-3f6a5062-63ed-4d99-a4b0-a141ce2ad008 req-3f6a5062-63ed-4d99-a4b0-a141ce2ad008 ] Request (ServersTestJSON:test_create_server_specify_multibyte_character_name): 200 GET http://10.180.1.21/compute/v2.1/servers/94a604da-ad3d-415a-aa92-d648e3da803d 1.316s
2024-12-12 15:24:00.743 66933 INFO tempest.lib.common.rest_client [req-d1958e12-d118-499d-99c7-e0aecdfe0975 req-d1958e12-d118-499d-99c7-e0aecdfe0975 ] Request (AttachInterfacesTestJSON:test_create_list_show_delete_interfaces_by_fixed_ip): 200 GET http://10.180.1.21/compute/v2.1/servers/27177719-5090-43de-9bca-6db6bebab7b4 1.328s
2024-12-12 15:24:00.783 66957 INFO tempest.lib.common.rest_client [req-d0710752-ffdd-4953-ab1f-f7b89e1be1a0 req-d0710752-ffdd-4953-ab1f-f7b89e1be1a0 ] Request (SecurityGroupsTestJSON:test_security_groups_create_list_delete): 404 GET http://10.180.1.21/compute/v2.1/os-security-groups/14bff5c5-9dd7-4ab8-bc32-51987840543b 1.352s
2024-12-12 15:24:00.799 66929 INFO tempest.lib.common.rest_client [req-c51e7794-bbb5-4b59-b8fe-968143addc60 req-c51e7794-bbb5-4b59-b8fe-968143addc60 ] Request (ImagesMetadataNegativeTestJSON:tearDownClass): 200 GET http://10.180.1.21:9696/networking/v2.0/security-groups?tenant_id=966185a1cc464b02a32f1f8e3008919d&name=default 0.505s
2024-12-12 15:24:00.934 66929 INFO tempest.lib.common.rest_client [req-79bbf9a7-232d-40fb-a463-30f0731396a6 req-79bbf9a7-232d-40fb-a463-30f0731396a6 ] Request (ImagesMetadataNegativeTestJSON:tearDownClass): 204 DELETE http://10.180.1.21:9696/networking/v2.0/security-groups/caa0bd13-46a4-4901-993a-68f802b066a2 0.134s
2024-12-12 15:24:00.938 66939 INFO tempest.lib.common.rest_client [req-e875e674-24d3-445a-9c7a-48e4955a5456 req-e875e674-24d3-445a-9c7a-48e4955a5456 ] Request (ServersTestMultiNic:setUpClass): 201 POST http://10.180.1.21:9696/networking/v2.0/routers 1.786s
2024-12-12 15:24:00.959 66963 WARNING tempest.lib.common.ssh [-] Failed to establish authenticated ssh connection to cirros@10.180.180.242 ([Errno None] Unable to connect to port 22 on 10.180.180.242). Number attempts: 2. Retry after 3 seconds.: paramiko.ssh_exception.NoValidConnectionsError: [Errno None] Unable to connect to port 22 on 10.180.180.242
2024-12-12 15:24:00.969 66943 INFO tempest.lib.common.rest_client [req-00bc64c6-ba01-450e-bd4b-fc7d490a75a6 req-00bc64c6-ba01-450e-bd4b-fc7d490a75a6 ] Request (DeleteServersTestJSON:test_delete_active_server): 200 GET http://10.180.1.21/compute/v2.1/servers/11b1888e-95ec-4166-9219-0c38f8817dd4 1.522s
2024-12-12 15:24:01.008 66985 INFO tempest.lib.common.rest_client [req-0afb7d6f-6879-44c1-be71-fb4e83729456 req-0afb7d6f-6879-44c1-be71-fb4e83729456 ] Request (FlavorsAdminTestJSON:test_list_non_public_flavor): 200 GET http://10.180.1.21/compute/v2.1/flavors/detail 1.537s
2024-12-12 15:24:01.040 66929 INFO tempest.lib.common.rest_client [req-183ddeee-9aa5-4d3e-ba11-2bc2e30d08e3 req-183ddeee-9aa5-4d3e-ba11-2bc2e30d08e3 ] Request (ImagesMetadataNegativeTestJSON:tearDownClass): 204 DELETE http://10.180.1.21/identity/v3/projects/966185a1cc464b02a32f1f8e3008919d 0.105s
2024-12-12 15:24:01.048 66982 INFO tempest.lib.common.rest_client [req-ab9222cc-3c6a-441b-a866-38cedf96e79e req-ab9222cc-3c6a-441b-a866-38cedf96e79e ] Request (FloatingIPsAssociationNegativeTestJSON:test_associate_ip_to_server_with_floating_ip): 202 POST http://10.180.1.21/compute/v2.1/servers/eb506425-4ecc-44b7-afa4-0901fc60b04f/action 2.876s
2024-12-12 15:24:01.082 66975 INFO tempest.lib.common.rest_client [req-52466223-c984-42f3-b52f-be54ef88fd9d req-52466223-c984-42f3-b52f-be54ef88fd9d ] Request (ServersAdminNegativeTestJSON:test_migrate_server_invalid_state): 200 GET http://10.180.1.21/compute/v2.1/servers/d60c3a22-19fb-4826-be88-d0307810a079 1.605s
2024-12-12 15:24:01.111 66947 INFO tempest.lib.common.rest_client [req-09309487-4293-44df-b4ce-90a6a6d42f2b req-09309487-4293-44df-b4ce-90a6a6d42f2b ] Request (ImagesNegativeTestJSON:test_create_image_from_deleted_server): 200 GET http://10.180.1.21/compute/v2.1/servers/e2758650-2762-49f6-a678-f55425a89994 1.581s
2024-12-12 15:24:01.127 66929 INFO tempest.lib.common.rest_client [req-ce342c32-4e39-451b-b622-915bce5efd0b req-ce342c32-4e39-451b-b622-915bce5efd0b ] Request (ServerGroupTestJSON:setUpClass): 201 POST http://10.180.1.21/identity/v3/auth/tokens 0.085s
2024-12-12 15:24:01.165 66929 INFO tempest.lib.common.rest_client [req-ec58d16e-c3da-4f20-8471-a2dcfa011b75 req-ec58d16e-c3da-4f20-8471-a2dcfa011b75 ] Request (ServerGroupTestJSON:setUpClass): 201 POST http://10.180.1.21/identity/v3/auth/tokens 0.035s
2024-12-12 15:24:01.194 66929 INFO tempest.lib.common.rest_client [req-e257312a-f9de-4378-ab35-6fcc0f45a687 req-e257312a-f9de-4378-ab35-6fcc0f45a687 ] Request (ServerGroupTestJSON:setUpClass): 200 GET http://10.180.1.21/identity/v3/domains?name=Default 0.029s
2024-12-12 15:24:01.240 66929 INFO tempest.lib.common.rest_client [req-3aea999e-b789-411d-a41b-0506a9175818 req-3aea999e-b789-411d-a41b-0506a9175818 ] Request (ServerGroupTestJSON:setUpClass): 201 POST http://10.180.1.21/identity/v3/projects 0.046s
2024-12-12 15:24:01.252 66967 INFO tempest.lib.common.rest_client [req-9558fabf-5f42-4e56-b1f0-35c94fc120be req-9558fabf-5f42-4e56-b1f0-35c94fc120be ] Request (ListImagesTestJSON:test_get_image): 200 GET http://10.180.1.21/compute/v2.1/images/e128f8d9-813d-4846-9a6e-b4c4717cd5b4 1.715s
2024-12-12 15:24:01.259 66951 INFO tempest.lib.common.rest_client [req-ea113a56-c1bb-43c0-bba2-ac2e309c31d2 req-ea113a56-c1bb-43c0-bba2-ac2e309c31d2 ] Request (FloatingIPsAssociationTestJSON:setUpClass): 200 GET http://10.180.1.21/compute/v2.1/servers/0c72c98b-57f0-44e5-9159-490b27eac3a6 1.621s
2024-12-12 15:24:01.337 66929 INFO tempest.lib.common.rest_client [req-d6b28ede-bfd4-4c87-9988-32f4e8295f77 req-d6b28ede-bfd4-4c87-9988-32f4e8295f77 ] Request (ServerGroupTestJSON:setUpClass): 201 POST http://10.180.1.21/identity/v3/users 0.096s
2024-12-12 15:24:01.362 66979 INFO tempest.lib.common.rest_client [req-6fc9fc7f-f229-4c72-84e7-c655363896ee req-6fc9fc7f-f229-4c72-84e7-c655363896ee ] Request (ServersAdminTestJSON:test_create_server_with_scheduling_hint): 200 GET http://10.180.1.21/compute/v2.1/servers/ac35fa03-aeca-4e18-84ab-cb80bb4cabfd 1.664s
2024-12-12 15:24:01.369 66929 INFO tempest.lib.common.rest_client [req-6673c222-3eeb-400b-bfc0-e2b5e9fc8daa req-6673c222-3eeb-400b-bfc0-e2b5e9fc8daa ] Request (ServerGroupTestJSON:setUpClass): 200 GET http://10.180.1.21/identity/v3/roles 0.031s
2024-12-12 15:24:01.371 66987 INFO tempest.lib.common.rest_client [req-54fe2338-5f28-4f9d-810b-05af467293fc req-54fe2338-5f28-4f9d-810b-05af467293fc ] Request (AttachInterfacesV270Test:test_create_get_list_interfaces): 200 GET http://10.180.1.21/compute/v2.1/servers/41182989-2537-42f0-8c37-792b8b2c5206 1.559s
2024-12-12 15:24:01.407 66929 INFO tempest.lib.common.rest_client [req-8b2843de-6d95-41e3-b4df-9526bf1a50be req-8b2843de-6d95-41e3-b4df-9526bf1a50be ] Request (ServerGroupTestJSON:setUpClass): 204 PUT http://10.180.1.21/identity/v3/projects/81e16d69973c40f69085e32b5c24e1db/users/909c078d9d844872b692ef74ad801e46/roles/08066019558748538e66a84e912cb085 0.038s
2024-12-12 15:24:01.408 66929 INFO tempest.lib.common.dynamic_creds [-] Dynamic test user 909c078d9d844872b692ef74ad801e46 is created with scope project and roles: ['member']
2024-12-12 15:24:01.408 66929 INFO tempest.lib.common.dynamic_creds [-] Acquired dynamic creds: credentials: Credentials: {'domain_id': 'default', 'domain_name': 'Default', 'username': 'tempest-ServerGroupTestJSON-1793503604-project-member', 'project_domain_id': 'default', 'project_domain_name': 'Default', 'project_id': '81e16d69973c40f69085e32b5c24e1db', 'project_name': 'tempest-ServerGroupTestJSON-1793503604', 'tenant_id': '81e16d69973c40f69085e32b5c24e1db', 'tenant_name': 'tempest-ServerGroupTestJSON-1793503604', 'user_domain_id': 'default', 'user_domain_name': 'Default', 'user_id': '909c078d9d844872b692ef74ad801e46', 'system': None}, Network: None, Subnet: None, Router: None
2024-12-12 15:24:01.440 66955 INFO tempest.lib.common.rest_client [req-2d63d65e-c1ed-4d24-b355-19d25cc18feb req-2d63d65e-c1ed-4d24-b355-19d25cc18feb ] Request (ServerDiagnosticsNegativeTest:test_get_server_diagnostics_by_non_admin): 200 GET http://10.180.1.21/compute/v2.1/servers/40217405-dcba-48cf-9d92-4122390d9fa8 1.418s
2024-12-12 15:24:01.474 66929 INFO tempest.lib.common.rest_client [req-edf98877-6479-4868-b725-ea3b8715eebc req-edf98877-6479-4868-b725-ea3b8715eebc ] Request (ServerGroupTestJSON:setUpClass): 201 POST http://10.180.1.21/identity/v3/auth/tokens 0.066s
2024-12-12 15:24:01.570 66935 INFO tempest.lib.common.rest_client [req-1b00efe2-673b-412a-995c-a40b6373b892 req-1b00efe2-673b-412a-995c-a40b6373b892 ] Request (SecurityGroupRulesNegativeTestJSON:test_create_security_group_rule_with_invalid_to_port): 200 POST http://10.180.1.21/compute/v2.1/os-security-groups 1.616s
2024-12-12 15:24:01.615 66973 INFO tempest.lib.common.rest_client [req-dff66526-987c-4207-be06-d8920d929b27 req-dff66526-987c-4207-be06-d8920d929b27 ] Request (VolumesAssistedSnapshotsTest:setUpClass): 200 PUT http://10.180.1.21:9696/networking/v2.0/routers/f0577364-e3f5-4ee6-aacf-f9e3ade6257b/add_router_interface 1.376s
2024-12-12 15:24:01.616 66973 INFO tempest.lib.common.dynamic_creds [-] Created isolated network resources for: credentials: Credentials: {'domain_id': 'default', 'domain_name': 'Default', 'username': 'tempest-VolumesAssistedSnapshotsTest-265288555-project-member', 'project_domain_id': 'default', 'project_domain_name': 'Default', 'project_id': 'd734ba31d184477f9d6cbb2bc3f63706', 'project_name': 'tempest-VolumesAssistedSnapshotsTest-265288555', 'tenant_id': 'd734ba31d184477f9d6cbb2bc3f63706', 'tenant_name': 'tempest-VolumesAssistedSnapshotsTest-265288555', 'user_domain_id': 'default', 'user_domain_name': 'Default', 'user_id': '254b3a0b92e9481a8fdce01f766369dc', 'system': None}, Network: {'id': '9e6ff769-6f81-4d69-9710-49158736659b', 'name': 'tempest-VolumesAssistedSnapshotsTest-1337177874-network', 'tenant_id': 'd734ba31d184477f9d6cbb2bc3f63706', 'admin_state_up': True, 'mtu': 8950, 'status': 'ACTIVE', 'subnets': [], 'shared': False, 'project_id': 'd734ba31d184477f9d6cbb2bc3f63706', 'port_security_enabled': True, 'router:external': False, 'provider:network_type': 'vlan', 'provider:physical_network': 'default', 'provider:segmentation_id': 918, 'availability_zone_hints': [], 'availability_zones': [], 'ipv4_address_scope': None, 'ipv6_address_scope': None, 'description': '', 'tags': [], 'created_at': '2024-12-12T15:23:58Z', 'updated_at': '2024-12-12T15:23:58Z', 'revision_number': 1}, Subnet: {'id': '36d787fd-73ab-455a-abc1-fc05db434a31', 'name': 'tempest-VolumesAssistedSnapshotsTest-1337177874-subnet', 'tenant_id': 'd734ba31d184477f9d6cbb2bc3f63706', 'network_id': '9e6ff769-6f81-4d69-9710-49158736659b', 'ip_version': 4, 'subnetpool_id': None, 'enable_dhcp': True, 'ipv6_ra_mode': None, 'ipv6_address_mode': None, 'gateway_ip': '192.168.128.1', 'cidr': '192.168.128.0/28', 'allocation_pools': [{'start': '192.168.128.2', 'end': '192.168.128.14'}], 'host_routes': [], 'dns_nameservers': [], 'description': '', 'router:external': False, 'service_types': [], 'tags': [], 'created_at': '2024-12-12T15:23:59Z', 'updated_at': '2024-12-12T15:23:59Z', 'revision_number': 0, 'project_id': 'd734ba31d184477f9d6cbb2bc3f63706'}, Router: {'id': 'f0577364-e3f5-4ee6-aacf-f9e3ade6257b', 'name': 'tempest-VolumesAssistedSnapshotsTest-1337177874-router', 'tenant_id': 'd734ba31d184477f9d6cbb2bc3f63706', 'admin_state_up': True, 'status': 'ACTIVE', 'external_gateway_info': {'network_id': '2371bf6e-1eb8-44a8-afe6-2fa8139f7bae', 'external_fixed_ips': [{'subnet_id': '7f4b2123-7b51-4d53-8778-bc088ad7cba0', 'ip_address': '10.180.180.191'}], 'enable_snat': True}, 'description': '', 'availability_zones': [], 'distributed': False, 'ha': False, 'availability_zone_hints': [], 'routes': [], 'flavor_id': None, 'tags': [], 'created_at': '2024-12-12T15:23:59Z', 'updated_at': '2024-12-12T15:23:59Z', 'revision_number': 2, 'project_id': 'd734ba31d184477f9d6cbb2bc3f63706'}
2024-12-12 15:24:01.673 66965 INFO tempest.lib.common.rest_client [req-08c96939-da7b-4863-997c-a7202deeec3b req-08c96939-da7b-4863-997c-a7202deeec3b ] Request (ServerShowV254Test:test_rebuild_server): 200 GET http://10.180.1.21/compute/v2.1/servers/c390d1ca-a199-4df6-847a-b543630a7bf5 0.913s
2024-12-12 15:24:01.689 66973 INFO tempest.lib.common.rest_client [req-d5177162-2b4b-4c3c-b0ba-60abf4c39aa7 req-d5177162-2b4b-4c3c-b0ba-60abf4c39aa7 ] Request (VolumesAssistedSnapshotsTest:setUpClass): 201 POST http://10.180.1.21/identity/v3/auth/tokens 0.069s
2024-12-12 15:24:01.717 66971 INFO tempest.lib.common.rest_client [req-3d9c983a-8654-44f4-90a2-9723ddbe8a68 req-3d9c983a-8654-44f4-90a2-9723ddbe8a68 ] Request (ServersTestBootFromVolume:setUpClass): 200 GET http://10.180.1.21/compute/v2.1/servers/c8e94dd5-64eb-4c4f-bb45-b49e468cb5c3 1.028s
2024-12-12 15:24:01.737 66973 INFO tempest.lib.common.rest_client [req-04dc75e5-0ead-49fb-9cb4-e6ac74af45d1 req-04dc75e5-0ead-49fb-9cb4-e6ac74af45d1 ] Request (VolumesAssistedSnapshotsTest:setUpClass): 201 POST http://10.180.1.21/identity/v3/projects 0.047s
2024-12-12 15:24:01.830 66973 INFO tempest.lib.common.rest_client [req-0a24fab1-466e-486f-904d-8fdb34b4fe2c req-0a24fab1-466e-486f-904d-8fdb34b4fe2c ] Request (VolumesAssistedSnapshotsTest:setUpClass): 201 POST http://10.180.1.21/identity/v3/users 0.093s
2024-12-12 15:24:01.834 66925 INFO tempest.lib.common.rest_client [req-3bf73227-ae42-46f7-99bd-548a0249116b req-3bf73227-ae42-46f7-99bd-548a0249116b ] Request (ServerExternalEventsTest:tearDownClass): 200 GET http://10.180.1.21/compute/v2.1/servers/0440c0a8-f065-4a82-b190-33279e7c0d93 1.004s
2024-12-12 15:24:01.854 66973 INFO tempest.lib.common.rest_client [req-56bc7af6-b883-41bb-93da-07e48572bacc req-56bc7af6-b883-41bb-93da-07e48572bacc ] Request (VolumesAssistedSnapshotsTest:setUpClass): 200 GET http://10.180.1.21/identity/v3/roles 0.023s
2024-12-12 15:24:01.903 66973 INFO tempest.lib.common.rest_client [req-7cc37fe5-fa8c-422d-92b2-5f537a9dd69e req-7cc37fe5-fa8c-422d-92b2-5f537a9dd69e ] Request (VolumesAssistedSnapshotsTest:setUpClass): 204 PUT http://10.180.1.21/identity/v3/projects/fba605d8c6e942f3b98db2b45d080999/users/1f057643dc584995828161d2a3735c27/roles/2ba19dc4028840028471d7609720f106 0.048s
2024-12-12 15:24:01.959 66953 INFO tempest.lib.common.rest_client [req-a9b77a2e-a1f0-4817-adc0-2a3ec5032415 req-a9b77a2e-a1f0-4817-adc0-2a3ec5032415 ] Request (ServersTestFqdnHostnames:test_create_server_with_fqdn_name): 200 GET http://10.180.1.21/compute/v2.1/servers/5fce9350-6d45-4bfb-a74b-f5b384ecb16c 1.058s
2024-12-12 15:24:01.993 66985 INFO tempest.lib.common.rest_client [req-9aae2851-84ab-4755-9b9f-8c2208e45a9c req-9aae2851-84ab-4755-9b9f-8c2208e45a9c ] Request (FlavorsAdminTestJSON:_run_cleanups): 202 DELETE http://10.180.1.21/compute/v2.1/flavors/1840436 0.975s
2024-12-12 15:24:01.996 66957 INFO tempest.lib.common.rest_client [req-6a62442d-8f67-4566-ac1d-09584e0ab2d3 req-6a62442d-8f67-4566-ac1d-09584e0ab2d3 ] Request (SecurityGroupsTestJSON:test_security_groups_create_list_delete): 202 DELETE http://10.180.1.21/compute/v2.1/os-security-groups/f2902d06-8eaa-464a-a4d4-6d0e444916ea 1.213s
2024-12-12 15:24:02.016 66973 INFO tempest.lib.common.rest_client [req-cf533462-20b6-47c4-bac7-c5036816714f req-cf533462-20b6-47c4-bac7-c5036816714f ] Request (VolumesAssistedSnapshotsTest:setUpClass): 200 GET http://10.180.1.21/identity/v3/roles 0.113s
2024-12-12 15:24:02.052 66929 INFO tempest.lib.common.rest_client [req-1a7d44b0-9a1d-4d66-8581-b610b1047ffd req-1a7d44b0-9a1d-4d66-8581-b610b1047ffd ] Request (ServerGroupTestJSON:setUpClass): 201 POST http://10.180.1.21:9696/networking/v2.0/networks 0.577s
2024-12-12 15:24:02.056 66973 INFO tempest.lib.common.rest_client [req-d491de20-fd41-438e-9f4b-b30d95a53181 req-d491de20-fd41-438e-9f4b-b30d95a53181 ] Request (VolumesAssistedSnapshotsTest:setUpClass): 204 PUT http://10.180.1.21/identity/v3/projects/fba605d8c6e942f3b98db2b45d080999/users/1f057643dc584995828161d2a3735c27/roles/2ba19dc4028840028471d7609720f106 0.039s
2024-12-12 15:24:02.056 66973 INFO tempest.lib.common.dynamic_creds [-] Dynamic test user 1f057643dc584995828161d2a3735c27 is created with scope project and roles: ['admin']
2024-12-12 15:24:02.056 66973 INFO tempest.lib.common.dynamic_creds [-] Acquired dynamic creds: credentials: Credentials: {'domain_id': 'default', 'domain_name': 'Default', 'username': 'tempest-VolumesAssistedSnapshotsTest-1587319170-project-admin', 'project_domain_id': 'default', 'project_domain_name': 'Default', 'project_id': 'fba605d8c6e942f3b98db2b45d080999', 'project_name': 'tempest-VolumesAssistedSnapshotsTest-1587319170', 'tenant_id': 'fba605d8c6e942f3b98db2b45d080999', 'tenant_name': 'tempest-VolumesAssistedSnapshotsTest-1587319170', 'user_domain_id': 'default', 'user_domain_name': 'Default', 'user_id': '1f057643dc584995828161d2a3735c27', 'system': None}, Network: None, Subnet: None, Router: None
2024-12-12 15:24:02.145 66983 INFO tempest.lib.common.rest_client [req-a995e845-a68d-47db-b94a-695833e0c349 req-a995e845-a68d-47db-b94a-695833e0c349 ] Request (ServersAdmin275Test:tearDownClass): 200 GET http://10.180.1.21/compute/v2.1/servers/b4182e53-50db-4256-b376-b00100778935 1.089s
2024-12-12 15:24:02.231 66949 INFO tempest.lib.common.rest_client [req-ff803392-0276-4f35-a56c-23095b85e7ea req-ff803392-0276-4f35-a56c-23095b85e7ea ] Request (ServerDiagnosticsTest:test_get_server_diagnostics): 200 GET http://10.180.1.21/compute/v2.1/servers/fe8eaeee-56b2-4974-a448-8f95848b3b3a 1.086s
2024-12-12 15:24:02.239 66937 WARNING tempest.lib.common.ssh [-] Failed to establish authenticated ssh connection to cirros@10.180.180.178 ([Errno None] Unable to connect to port 22 on 10.180.180.178). Number attempts: 2. Retry after 3 seconds.: paramiko.ssh_exception.NoValidConnectionsError: [Errno None] Unable to connect to port 22 on 10.180.180.178
2024-12-12 15:24:02.325 66931 INFO tempest.lib.common.rest_client [req-fe30354d-6a8f-4b2c-a547-1da8141b2db8 req-fe30354d-6a8f-4b2c-a547-1da8141b2db8 ] Request (ServerPasswordTestJSON:tearDownClass): 200 GET http://10.180.1.21/compute/v2.1/servers/97890eda-0c1d-4423-acd2-60d3097c6f8a 1.106s
2024-12-12 15:24:02.400 66967 INFO tempest.lib.common.rest_client [req-ec6bfcc0-4614-4a74-ae6c-7ededfd65138 req-ec6bfcc0-4614-4a74-ae6c-7ededfd65138 ] Request (ListImagesTestJSON:test_list_images): 200 GET http://10.180.1.21/compute/v2.1/images 1.145s
2024-12-12 15:24:02.496 66927 INFO tempest.lib.common.rest_client [req-7ec14547-0d29-419f-8dbc-ca5f33ea90c1 req-7ec14547-0d29-419f-8dbc-ca5f33ea90c1 ] Request (ListImageFiltersTestJSON:setUpClass): 200 GET http://10.180.1.21/compute/v2.1/servers/5060e745-08d0-429e-8780-bfdad7a29f30 1.200s
2024-12-12 15:24:02.570 66961 INFO tempest.lib.common.rest_client [req-4c3e46b5-8cb8-470e-b534-d9dda203b6ed req-4c3e46b5-8cb8-470e-b534-d9dda203b6ed ] Request (DeleteServersAdminTestJSON:test_delete_server_while_in_error_state): 200 GET http://10.180.1.21/compute/v2.1/servers/f1c19f17-ce7c-481a-99fd-d0bb20f1520b 1.016s
2024-12-12 15:24:02.662 66935 INFO tempest.lib.common.rest_client [req-fbfb7ab0-7914-4525-9f5e-6fbb228d4510 req-fbfb7ab0-7914-4525-9f5e-6fbb228d4510 ] Request (SecurityGroupRulesNegativeTestJSON:test_create_security_group_rule_with_invalid_to_port): 400 POST http://10.180.1.21/compute/v2.1/os-security-group-rules 1.088s
2024-12-12 15:24:02.701 66969 INFO tempest.lib.common.rest_client [req-381a8b44-f58f-4518-bc16-276de20d3a78 req-381a8b44-f58f-4518-bc16-276de20d3a78 ] Request (ImagesTestJSON:test_create_image_from_stopped_server): 200 GET http://10.180.1.21/compute/v2.1/images/2e5e8333-de95-4236-94c3-4f089c2b83a4 1.112s
2024-12-12 15:24:02.728 66939 INFO tempest.lib.common.rest_client [req-d6c0f2d1-193b-4133-a4f2-d8bf48e470ab req-d6c0f2d1-193b-4133-a4f2-d8bf48e470ab ] Request (ServersTestMultiNic:setUpClass): 200 PUT http://10.180.1.21:9696/networking/v2.0/routers/873bb3c1-27a1-41cf-af55-93c7b1126394/add_router_interface 1.789s
2024-12-12 15:24:02.728 66939 INFO tempest.lib.common.dynamic_creds [-] Created isolated network resources for: credentials: Credentials: {'domain_id': 'default', 'domain_name': 'Default', 'username': 'tempest-ServersTestMultiNic-1918609820-project-member', 'project_domain_id': 'default', 'project_domain_name': 'Default', 'project_id': '5b874b5f558e48e9a83b27e69d262106', 'project_name': 'tempest-ServersTestMultiNic-1918609820', 'tenant_id': '5b874b5f558e48e9a83b27e69d262106', 'tenant_name': 'tempest-ServersTestMultiNic-1918609820', 'user_domain_id': 'default', 'user_domain_name': 'Default', 'user_id': '74bb38a9180e49efa8e14396d5d04d8b', 'system': None}, Network: {'id': 'e310b4b3-3504-4bd7-b19d-d3f533d936f7', 'name': 'tempest-ServersTestMultiNic-297075364-network', 'tenant_id': '5b874b5f558e48e9a83b27e69d262106', 'admin_state_up': True, 'mtu': 8950, 'status': 'ACTIVE', 'subnets': [], 'shared': False, 'project_id': '5b874b5f558e48e9a83b27e69d262106', 'port_security_enabled': True, 'router:external': False, 'provider:network_type': 'vlan', 'provider:physical_network': 'default', 'provider:segmentation_id': 764, 'availability_zone_hints': [], 'availability_zones': [], 'ipv4_address_scope': None, 'ipv6_address_scope': None, 'description': '', 'tags': [], 'created_at': '2024-12-12T15:23:58Z', 'updated_at': '2024-12-12T15:23:58Z', 'revision_number': 1}, Subnet: {'id': 'c448599c-3508-4674-b178-db2f436314c3', 'name': 'tempest-ServersTestMultiNic-297075364-subnet', 'tenant_id': '5b874b5f558e48e9a83b27e69d262106', 'network_id': 'e310b4b3-3504-4bd7-b19d-d3f533d936f7', 'ip_version': 4, 'subnetpool_id': None, 'enable_dhcp': True, 'ipv6_ra_mode': None, 'ipv6_address_mode': None, 'gateway_ip': '192.168.128.1', 'cidr': '192.168.128.0/28', 'allocation_pools': [{'start': '192.168.128.2', 'end': '192.168.128.14'}], 'host_routes': [], 'dns_nameservers': [], 'description': '', 'router:external': False, 'service_types': [], 'tags': [], 'created_at': '2024-12-12T15:23:58Z', 'updated_at': '2024-12-12T15:23:58Z', 'revision_number': 0, 'project_id': '5b874b5f558e48e9a83b27e69d262106'}, Router: {'id': '873bb3c1-27a1-41cf-af55-93c7b1126394', 'name': 'tempest-ServersTestMultiNic-297075364-router', 'tenant_id': '5b874b5f558e48e9a83b27e69d262106', 'admin_state_up': True, 'status': 'ACTIVE', 'external_gateway_info': {'network_id': '2371bf6e-1eb8-44a8-afe6-2fa8139f7bae', 'external_fixed_ips': [{'subnet_id': '7f4b2123-7b51-4d53-8778-bc088ad7cba0', 'ip_address': '10.180.180.130'}], 'enable_snat': True}, 'description': '', 'availability_zones': [], 'distributed': False, 'ha': False, 'availability_zone_hints': [], 'routes': [], 'flavor_id': None, 'tags': [], 'created_at': '2024-12-12T15:23:59Z', 'updated_at': '2024-12-12T15:24:00Z', 'revision_number': 2, 'project_id': '5b874b5f558e48e9a83b27e69d262106'}
2024-12-12 15:24:02.780 66977 INFO tempest.lib.common.rest_client [req-22ff5449-1fdb-4728-9950-8991e9f64e40 req-22ff5449-1fdb-4728-9950-8991e9f64e40 ] Request (ServersTestJSON:test_create_server_specify_multibyte_character_name): 200 GET http://10.180.1.21/compute/v2.1/servers/94a604da-ad3d-415a-aa92-d648e3da803d 1.111s
2024-12-12 15:24:02.784 66929 INFO tempest.lib.common.rest_client [req-183a65d2-7963-41d0-9868-8747eab7e8d0 req-183a65d2-7963-41d0-9868-8747eab7e8d0 ] Request (ServerGroupTestJSON:setUpClass): 201 POST http://10.180.1.21:9696/networking/v2.0/subnets 0.731s
2024-12-12 15:24:02.786 66973 INFO tempest.lib.common.rest_client [req-08eb89b7-8800-4f49-a457-89cff2911ea2 req-08eb89b7-8800-4f49-a457-89cff2911ea2 ] Request (VolumesAssistedSnapshotsTest:setUpClass): 201 POST http://10.180.1.21:9696/networking/v2.0/networks 0.729s
2024-12-12 15:24:02.839 66939 INFO tempest.lib.common.rest_client [req-8989b365-3e73-45ba-aed2-aba867cf1495 req-8989b365-3e73-45ba-aed2-aba867cf1495 ] Request (ServersTestMultiNic:setUpClass): 201 POST http://10.180.1.21/identity/v3/auth/tokens 0.104s
2024-12-12 15:24:02.862 66933 INFO tempest.lib.common.rest_client [req-70ab0279-57d3-4e3c-8d0b-7ba7bedd6513 req-70ab0279-57d3-4e3c-8d0b-7ba7bedd6513 ] Request (AttachInterfacesTestJSON:test_create_list_show_delete_interfaces_by_fixed_ip): 200 GET http://10.180.1.21/compute/v2.1/servers/27177719-5090-43de-9bca-6db6bebab7b4 1.108s
2024-12-12 15:24:03.072 66941 WARNING tempest.lib.common.ssh [-] Failed to establish authenticated ssh connection to cirros@10.180.180.166 ([Errno None] Unable to connect to port 22 on 10.180.180.166). Number attempts: 1. Retry after 2 seconds.: paramiko.ssh_exception.NoValidConnectionsError: [Errno None] Unable to connect to port 22 on 10.180.180.166
2024-12-12 15:24:03.197 66943 INFO tempest.lib.common.rest_client [req-b5058e7a-97e1-4a85-a372-f2b30de5c747 req-b5058e7a-97e1-4a85-a372-f2b30de5c747 ] Request (DeleteServersTestJSON:test_delete_active_server): 200 GET http://10.180.1.21/compute/v2.1/servers/11b1888e-95ec-4166-9219-0c38f8817dd4 1.216s
2024-12-12 15:24:03.219 66985 INFO tempest.lib.common.rest_client [req-ddf545a0-4d79-490d-86ca-61e9b9111765 req-ddf545a0-4d79-490d-86ca-61e9b9111765 ] Request (FlavorsAdminTestJSON:_run_cleanups): 200 GET http://10.180.1.21/compute/v2.1/flavors/detail 1.226s
2024-12-12 15:24:03.262 66957 INFO tempest.lib.common.rest_client [req-9c7ef1bf-a5bc-484f-9072-4d0388cfb8e7 req-9c7ef1bf-a5bc-484f-9072-4d0388cfb8e7 ] Request (SecurityGroupsTestJSON:test_security_groups_create_list_delete): 404 GET http://10.180.1.21/compute/v2.1/os-security-groups/f2902d06-8eaa-464a-a4d4-6d0e444916ea 1.265s
2024-12-12 15:24:03.278 66939 INFO tempest.lib.common.rest_client [req-ce24b27f-7d9f-4955-a6bd-2a46cc764241 req-ce24b27f-7d9f-4955-a6bd-2a46cc764241 ] Request (ServersTestMultiNic:test_verify_duplicate_network_nics): 201 POST http://10.180.1.21:9696/networking/v2.0/networks 0.437s
2024-12-12 15:24:03.281 66973 INFO tempest.lib.common.rest_client [req-a7393096-5a15-46cb-8a94-dc4510340b4a req-a7393096-5a15-46cb-8a94-dc4510340b4a ] Request (VolumesAssistedSnapshotsTest:setUpClass): 201 POST http://10.180.1.21:9696/networking/v2.0/subnets 0.494s
2024-12-12 15:24:03.334 66975 INFO tempest.lib.common.rest_client [req-6165fc05-4a87-4e72-befe-b433bbdee479 req-6165fc05-4a87-4e72-befe-b433bbdee479 ] Request (ServersAdminNegativeTestJSON:test_migrate_server_invalid_state): 200 GET http://10.180.1.21/compute/v2.1/servers/d60c3a22-19fb-4826-be88-d0307810a079 1.242s
2024-12-12 15:24:03.398 66947 INFO tempest.lib.common.rest_client [req-1a78ac60-7c83-4c2a-921a-5da89eaacbf6 req-1a78ac60-7c83-4c2a-921a-5da89eaacbf6 ] Request (ImagesNegativeTestJSON:test_create_image_from_deleted_server): 200 GET http://10.180.1.21/compute/v2.1/servers/e2758650-2762-49f6-a678-f55425a89994 1.278s
2024-12-12 15:24:03.423 66982 INFO tempest.lib.common.rest_client [req-dce26d94-6ae0-4fbf-a15b-b849a1d50441 req-dce26d94-6ae0-4fbf-a15b-b849a1d50441 ] Request (FloatingIPsAssociationNegativeTestJSON:test_associate_ip_to_server_with_floating_ip): 200 POST http://10.180.1.21/compute/v2.1/os-floating-ips 2.375s
2024-12-12 15:24:03.493 66979 INFO tempest.lib.common.rest_client [req-b77d0ec3-06be-474c-822e-cf426f192e66 req-b77d0ec3-06be-474c-822e-cf426f192e66 ] Request (ServersAdminTestJSON:test_create_server_with_scheduling_hint): 200 GET http://10.180.1.21/compute/v2.1/servers/ac35fa03-aeca-4e18-84ab-cb80bb4cabfd 1.122s
2024-12-12 15:24:03.565 66987 INFO tempest.lib.common.rest_client [req-da82c4f1-849e-4c67-931b-7f9da7ae09fa req-da82c4f1-849e-4c67-931b-7f9da7ae09fa ] Request (AttachInterfacesV270Test:test_create_get_list_interfaces): 200 GET http://10.180.1.21/compute/v2.1/servers/41182989-2537-42f0-8c37-792b8b2c5206 1.180s
2024-12-12 15:24:03.567 66951 INFO tempest.lib.common.rest_client [req-df17de1c-c519-429c-bd61-163b512e985f req-df17de1c-c519-429c-bd61-163b512e985f ] Request (FloatingIPsAssociationTestJSON:setUpClass): 200 GET http://10.180.1.21/compute/v2.1/servers/0c72c98b-57f0-44e5-9159-490b27eac3a6 1.299s
2024-12-12 15:24:03.574 66951 INFO tempest.common.waiters [-] State transition "BUILD/spawning" ==> "ACTIVE/None" after 34 second wait
2024-12-12 15:24:03.625 66967 INFO tempest.lib.common.rest_client [req-94d24d12-f9c7-4058-81bc-2eaaf0c50680 req-94d24d12-f9c7-4058-81bc-2eaaf0c50680 ] Request (ListImagesTestJSON:test_list_images_with_detail): 200 GET http://10.180.1.21/compute/v2.1/images/detail 1.220s
2024-12-12 15:24:03.642 66955 INFO tempest.lib.common.rest_client [req-de2e080f-65bf-4a6e-911e-303aae20a006 req-de2e080f-65bf-4a6e-911e-303aae20a006 ] Request (ServerDiagnosticsNegativeTest:test_get_server_diagnostics_by_non_admin): 200 GET http://10.180.1.21/compute/v2.1/servers/40217405-dcba-48cf-9d92-4122390d9fa8 1.190s
2024-12-12 15:24:03.649 66935 INFO tempest.lib.common.rest_client [req-a8596225-b05c-4d46-888f-8eb6976c1743 req-a8596225-b05c-4d46-888f-8eb6976c1743 ] Request (SecurityGroupRulesNegativeTestJSON:test_create_security_group_rule_with_non_existent_id): 404 POST http://10.180.1.21/compute/v2.1/os-security-group-rules 0.985s
2024-12-12 15:24:03.728 66965 INFO tempest.lib.common.rest_client [req-6e6b97b6-a809-4b88-b6aa-0fa3094d89e1 req-6e6b97b6-a809-4b88-b6aa-0fa3094d89e1 ] Request (ServerShowV254Test:test_rebuild_server): 200 GET http://10.180.1.21/compute/v2.1/servers/c390d1ca-a199-4df6-847a-b543630a7bf5 1.044s
2024-12-12 15:24:03.756 66925 INFO tempest.lib.common.rest_client [req-ae8da6ec-12f5-4955-829a-d64d610ebe2e req-ae8da6ec-12f5-4955-829a-d64d610ebe2e ] Request (ServerExternalEventsTest:tearDownClass): 404 GET http://10.180.1.21/compute/v2.1/servers/0440c0a8-f065-4a82-b190-33279e7c0d93 0.911s
2024-12-12 15:24:03.799 66967 INFO tempest.lib.common.rest_client [req-0a957647-3ead-49d8-97ba-2b05e38aff4d req-0a957647-3ead-49d8-97ba-2b05e38aff4d ] Request (ListImagesTestJSON:tearDownClass): 204 DELETE http://10.180.1.21/identity/v3/users/71998f6bffe444aea1073c9b07fd3de5 0.169s
2024-12-12 15:24:03.799 66967 INFO tempest.lib.common.dynamic_creds [-] Deleting project and security group for project: 87d7b9ff3afb4d12835abe6f10fafe91
2024-12-12 15:24:03.802 66971 INFO tempest.lib.common.rest_client [req-79e70b5e-6d78-4290-80ef-4fab020d2e3e req-79e70b5e-6d78-4290-80ef-4fab020d2e3e ] Request (ServersTestBootFromVolume:setUpClass): 200 GET http://10.180.1.21/compute/v2.1/servers/c8e94dd5-64eb-4c4f-bb45-b49e468cb5c3 1.074s
2024-12-12 15:24:03.815 66953 INFO tempest.lib.common.rest_client [req-3261022b-a2f6-48e1-b7e2-f13ae328b6b0 req-3261022b-a2f6-48e1-b7e2-f13ae328b6b0 ] Request (ServersTestFqdnHostnames:test_create_server_with_fqdn_name): 200 GET http://10.180.1.21/compute/v2.1/servers/5fce9350-6d45-4bfb-a74b-f5b384ecb16c 0.841s
2024-12-12 15:24:03.850 66985 INFO tempest.lib.common.rest_client [req-62d8bcba-6807-4c4e-a177-4edba840c26a req-62d8bcba-6807-4c4e-a177-4edba840c26a ] Request (FlavorsAdminTestJSON:test_list_public_flavor_with_other_user): 200 POST http://10.180.1.21/compute/v2.1/flavors 0.627s
2024-12-12 15:24:03.877 66971 INFO tempest.common.waiters [-] State transition "BUILD/spawning" ==> "ACTIVE/None" after 34 second wait
2024-12-12 15:24:03.891 66929 INFO tempest.lib.common.rest_client [req-6499a36e-4b2b-4d90-99ae-c42cc7014eaf req-6499a36e-4b2b-4d90-99ae-c42cc7014eaf ] Request (ServerGroupTestJSON:setUpClass): 201 POST http://10.180.1.21:9696/networking/v2.0/routers 1.106s
2024-12-12 15:24:03.907 66939 INFO tempest.lib.common.rest_client [req-ab013ef4-3ed2-4928-af1e-511261d77dc4 req-ab013ef4-3ed2-4928-af1e-511261d77dc4 ] Request (ServersTestMultiNic:test_verify_duplicate_network_nics): 201 POST http://10.180.1.21:9696/networking/v2.0/subnets 0.628s
2024-12-12 15:24:03.926 66967 INFO tempest.lib.common.rest_client [req-efcf9e29-b58b-42d1-86a1-8563b1faf4b3 req-efcf9e29-b58b-42d1-86a1-8563b1faf4b3 ] Request (ListImagesTestJSON:tearDownClass): 201 POST http://10.180.1.21/identity/v3/auth/tokens 0.126s
2024-12-12 15:24:03.975 66925 INFO tempest.lib.common.rest_client [req-3ea946c4-7cb6-45a5-9a75-b17817915abe req-3ea946c4-7cb6-45a5-9a75-b17817915abe ] Request (ServerExternalEventsTest:tearDownClass): 204 DELETE http://10.180.1.21/identity/v3/users/f188015a3fc54ec0bf23ee8077a0b5a5 0.219s
2024-12-12 15:24:03.983 66949 INFO tempest.lib.common.rest_client [req-b9429ae9-38f6-49e3-ae52-686fbbad0ae6 req-b9429ae9-38f6-49e3-ae52-686fbbad0ae6 ] Request (ServerDiagnosticsTest:test_get_server_diagnostics): 200 GET http://10.180.1.21/compute/v2.1/servers/fe8eaeee-56b2-4974-a448-8f95848b3b3a 0.744s
2024-12-12 15:24:03.985 66983 INFO tempest.lib.common.rest_client [req-279f27fb-9fa8-47f1-8d48-f135e7878ba0 req-279f27fb-9fa8-47f1-8d48-f135e7878ba0 ] Request (ServersAdmin275Test:tearDownClass): 200 GET http://10.180.1.21/compute/v2.1/servers/b4182e53-50db-4256-b376-b00100778935 0.829s
2024-12-12 15:24:04.099 66931 INFO tempest.lib.common.rest_client [req-c97b09ff-fb45-4697-8db6-0806b38867bc req-c97b09ff-fb45-4697-8db6-0806b38867bc ] Request (ServerPasswordTestJSON:tearDownClass): 200 GET http://10.180.1.21/compute/v2.1/servers/97890eda-0c1d-4423-acd2-60d3097c6f8a 0.764s
2024-12-12 15:24:04.113 66925 INFO tempest.lib.common.rest_client [req-be06b5f6-8e5c-4703-b284-bb32d86cee92 req-be06b5f6-8e5c-4703-b284-bb32d86cee92 ] Request (ServerExternalEventsTest:tearDownClass): 204 DELETE http://10.180.1.21/identity/v3/users/ce96a5a509ee43b58665fbbb86d0f8a5 0.138s
2024-12-12 15:24:04.203 66925 INFO tempest.lib.common.rest_client [req-721d5533-7aa1-40c1-bc42-978c58dbd808 req-721d5533-7aa1-40c1-bc42-978c58dbd808 ] Request (ServerExternalEventsTest:tearDownClass): 204 DELETE http://10.180.1.21/identity/v3/users/57077ef2477f4242acdb4c15e87361cc 0.089s
2024-12-12 15:24:04.203 66925 INFO tempest.lib.common.dynamic_creds [-] Deleting project and security group for project: 0e8a551f252d4d158598e08456179dce
2024-12-12 15:24:04.207 66957 INFO tempest.lib.common.rest_client [req-03d4f686-9935-409f-b69f-583b842a79d2 req-03d4f686-9935-409f-b69f-583b842a79d2 ] Request (SecurityGroupsTestJSON:test_security_groups_create_list_delete): 200 GET http://10.180.1.21/compute/v2.1/os-security-groups 0.945s
2024-12-12 15:24:04.222 66939 INFO tempest.lib.common.rest_client [req-fd25613a-637a-47ea-8837-8ab1910a97e4 req-fd25613a-637a-47ea-8837-8ab1910a97e4 ] Request (ServersTestMultiNic:test_verify_duplicate_network_nics): 201 POST http://10.180.1.21:9696/networking/v2.0/networks 0.314s
2024-12-12 15:24:04.267 66925 INFO tempest.lib.common.rest_client [req-45eabd50-d742-4eca-ac16-6014fbe3df6b req-45eabd50-d742-4eca-ac16-6014fbe3df6b ] Request (ServerExternalEventsTest:tearDownClass): 201 POST http://10.180.1.21/identity/v3/auth/tokens 0.063s
2024-12-12 15:24:04.269 66927 INFO tempest.lib.common.rest_client [req-87890479-a716-4ede-bdad-59c97af4cafb req-87890479-a716-4ede-bdad-59c97af4cafb ] Request (ListImageFiltersTestJSON:setUpClass): 200 GET http://10.180.1.21/compute/v2.1/servers/5060e745-08d0-429e-8780-bfdad7a29f30 0.759s
2024-12-12 15:24:04.278 66927 INFO tempest.common.waiters [-] State transition "BUILD/scheduling" ==> "BUILD/None" after 21 second wait
2024-12-12 15:24:04.522 66982 INFO tempest.lib.common.rest_client [req-7efe575d-5c2a-44d6-9df2-06a279d62f77 req-7efe575d-5c2a-44d6-9df2-06a279d62f77 ] Request (FloatingIPsAssociationNegativeTestJSON:test_associate_ip_to_server_with_floating_ip): 400 POST http://10.180.1.21/compute/v2.1/servers/eb506425-4ecc-44b7-afa4-0901fc60b04f/action 1.094s
2024-12-12 15:24:04.571 66961 INFO tempest.lib.common.rest_client [req-440d5cdf-8ca0-4998-9224-c251d045eab1 req-440d5cdf-8ca0-4998-9224-c251d045eab1 ] Request (DeleteServersAdminTestJSON:test_delete_server_while_in_error_state): 200 GET http://10.180.1.21/compute/v2.1/servers/f1c19f17-ce7c-481a-99fd-d0bb20f1520b 0.988s
2024-12-12 15:24:04.592 66935 INFO tempest.lib.common.rest_client [req-50440b56-630c-4fb4-a342-8a648781d7bb req-50440b56-630c-4fb4-a342-8a648781d7bb ] Request (SecurityGroupRulesNegativeTestJSON:test_delete_security_group_rule_with_non_existent_id): 404 DELETE http://10.180.1.21/compute/v2.1/os-security-group-rules/01c83806-f477-4b79-9730-6bdade343293 0.939s
2024-12-12 15:24:04.629 66969 INFO tempest.lib.common.rest_client [req-440286e8-445d-4d9b-86b6-93ff92feade9 req-440286e8-445d-4d9b-86b6-93ff92feade9 ] Request (ImagesTestJSON:test_create_image_from_stopped_server): 200 GET http://10.180.1.21/compute/v2.1/images/2e5e8333-de95-4236-94c3-4f089c2b83a4 0.924s
2024-12-12 15:24:04.640 66967 INFO tempest.lib.common.rest_client [req-6b825f1d-5bbd-4591-98f8-7a79a60c8531 req-6b825f1d-5bbd-4591-98f8-7a79a60c8531 ] Request (ListImagesTestJSON:tearDownClass): 200 GET http://10.180.1.21:9696/networking/v2.0/security-groups?tenant_id=87d7b9ff3afb4d12835abe6f10fafe91&name=default 0.714s
2024-12-12 15:24:04.693 66977 INFO tempest.lib.common.rest_client [req-4c22f162-bd81-483b-bf50-097cb51a1633 req-4c22f162-bd81-483b-bf50-097cb51a1633 ] Request (ServersTestJSON:test_create_server_specify_multibyte_character_name): 200 GET http://10.180.1.21/compute/v2.1/servers/94a604da-ad3d-415a-aa92-d648e3da803d 0.902s
2024-12-12 15:24:04.723 66985 INFO tempest.lib.common.rest_client [req-4483e79e-294e-4523-b57f-0c17a537e03b req-4483e79e-294e-4523-b57f-0c17a537e03b ] Request (FlavorsAdminTestJSON:test_list_public_flavor_with_other_user): 200 GET http://10.180.1.21/compute/v2.1/flavors/detail 0.869s
2024-12-12 15:24:04.789 66933 INFO tempest.lib.common.rest_client [req-62f88322-b875-42cf-bb59-80814a13ede7 req-62f88322-b875-42cf-bb59-80814a13ede7 ] Request (AttachInterfacesTestJSON:test_create_list_show_delete_interfaces_by_fixed_ip): 200 GET http://10.180.1.21/compute/v2.1/servers/27177719-5090-43de-9bca-6db6bebab7b4 0.916s
2024-12-12 15:24:04.873 66971 INFO tempest.lib.common.rest_client [req-7cf3bfc2-e220-4219-9f0f-a43fe42a66df req-7cf3bfc2-e220-4219-9f0f-a43fe42a66df ] Request (ServersTestBootFromVolume:setUpClass): 200 GET http://10.180.1.21/compute/v2.1/servers/c8e94dd5-64eb-4c4f-bb45-b49e468cb5c3/os-interface 0.996s
2024-12-12 15:24:04.945 66925 INFO tempest.lib.common.rest_client [req-8dfc3250-acff-4770-82c6-5905cf685127 req-8dfc3250-acff-4770-82c6-5905cf685127 ] Request (ServerExternalEventsTest:tearDownClass): 200 GET http://10.180.1.21:9696/networking/v2.0/security-groups?tenant_id=0e8a551f252d4d158598e08456179dce&name=default 0.676s
