2024-12-12 15:25:01.522 66951 INFO tempest.lib.common.rest_client [req-11e4b9fa-e044-4f0f-90a2-d3b4a8f949f6 req-11e4b9fa-e044-4f0f-90a2-d3b4a8f949f6 ] Request (FloatingIPsAssociationTestJSON:test_associate_already_associated_floating_ip): 200 GET http://10.180.1.21/compute/v2.1/servers/2b1805b3-2e03-410f-8222-64b8542d4a43 0.185s
2024-12-12 15:25:01.563 66957 INFO tempest.lib.common.rest_client [req-f4b9a4eb-4644-4215-9acb-19a9c2f06de2 req-f4b9a4eb-4644-4215-9acb-19a9c2f06de2 ] Request (SecurityGroupsTestJSON:test_server_security_groups): 200 GET http://10.180.1.21/compute/v2.1/servers/343a7e90-5e55-4125-8475-44050f267987 0.055s
2024-12-12 15:25:01.627 66965 INFO tempest.lib.common.rest_client [req-f6ee8b37-7133-4ea2-b245-e9f197708d8c req-f6ee8b37-7133-4ea2-b245-e9f197708d8c ] Request (ServerShowV254Test:test_rebuild_server): 200 GET http://10.180.1.21/compute/v2.1/servers/c390d1ca-a199-4df6-847a-b543630a7bf5 0.061s
2024-12-12 15:25:01.636 66965 INFO tempest.common.waiters [-] State transition "BUILD/spawning" ==> "ACTIVE/None" after 62 second wait
2024-12-12 15:25:01.691 66939 INFO tempest.lib.common.rest_client [req-20d1c962-ab7e-40e7-926d-523f80e563c1 req-20d1c962-ab7e-40e7-926d-523f80e563c1 ] Request (ServersTestMultiNic:test_verify_duplicate_network_nics): 200 GET http://10.180.1.21/compute/v2.1/servers/78894fda-8309-430a-ab38-ce1a415d83d3 0.053s
2024-12-12 15:25:01.696 66961 INFO tempest.lib.common.rest_client [req-ccaf63aa-4524-4c21-90b9-a1b32ee81a12 req-ccaf63aa-4524-4c21-90b9-a1b32ee81a12 ] Request (DeleteServersAdminTestJSON:test_delete_server_while_in_error_state): 200 GET http://10.180.1.21/compute/v2.1/servers/f1c19f17-ce7c-481a-99fd-d0bb20f1520b 0.065s
2024-12-12 15:25:01.697 66939 INFO tempest.common.waiters [-] State transition "BUILD/None" ==> "BUILD/networking" after 52 second wait
2024-12-12 15:25:01.724 66965 INFO tempest.lib.common.rest_client [req-cd2b8235-0c94-45d5-a7df-b1a58c016d54 req-cd2b8235-0c94-45d5-a7df-b1a58c016d54 ] Request (ServerShowV254Test:test_rebuild_server): 201 POST http://10.180.1.21/compute/v2.1/os-keypairs 0.086s
2024-12-12 15:25:01.740 66979 INFO tempest.lib.common.rest_client [req-5e112c5e-f60d-4e4d-b87e-73b731cb9f24 req-5e112c5e-f60d-4e4d-b87e-73b731cb9f24 ] Request (ServersAdminTestJSON:test_inject_network_info): 200 GET http://10.180.1.21/compute/v2.1/servers/e753da08-d4a5-4f17-85c8-154e843798c9 0.055s
2024-12-12 15:25:01.793 66949 INFO tempest.lib.common.rest_client [req-2ed177a3-e386-49c1-bebb-ddac9db6472d req-2ed177a3-e386-49c1-bebb-ddac9db6472d ] Request (TenantUsagesTestJSON:setUpClass): 200 GET http://10.180.1.21/compute/v2.1/servers/eaed706d-b3db-46ed-8c70-08f80479afa4 0.053s
2024-12-12 15:25:01.860 66973 INFO tempest.lib.common.rest_client [req-38d7d42e-6da1-42ac-b1b8-71e0232a0d3b req-38d7d42e-6da1-42ac-b1b8-71e0232a0d3b ] Request (VolumesAssistedSnapshotsTest:test_volume_assisted_snapshot_create_delete): 200 GET http://10.180.1.21/compute/v2.1/servers/72a11582-1fad-428a-bde1-e9d0b05731cd 0.063s
2024-12-12 15:25:01.909 66965 INFO tempest.lib.common.rest_client [req-5122076a-7302-47ab-b785-2e6ab4b42084 req-5122076a-7302-47ab-b785-2e6ab4b42084 ] Request (ServerShowV254Test:test_rebuild_server): 202 POST http://10.180.1.21/compute/v2.1/servers/c390d1ca-a199-4df6-847a-b543630a7bf5/action 0.183s
2024-12-12 15:25:01.960 66987 INFO tempest.lib.common.rest_client [req-c3e5ef27-db86-4cea-b040-bb4d9af109b4 req-c3e5ef27-db86-4cea-b040-bb4d9af109b4 ] Request (AttachInterfacesV270Test:tearDownClass): 200 GET http://10.180.1.21/compute/v2.1/servers/41182989-2537-42f0-8c37-792b8b2c5206 0.099s
2024-12-12 15:25:01.980 66965 INFO tempest.lib.common.rest_client [req-16b52158-df0d-47b4-ae6b-35c83e8ebb7c req-16b52158-df0d-47b4-ae6b-35c83e8ebb7c ] Request (ServerShowV254Test:test_rebuild_server): 200 GET http://10.180.1.21/compute/v2.1/servers/c390d1ca-a199-4df6-847a-b543630a7bf5 0.064s
2024-12-12 15:25:02.022 66935 INFO tempest.lib.common.rest_client [req-b2ae2bc8-e3bf-42ca-bf1b-f1f81592e8d9 req-b2ae2bc8-e3bf-42ca-bf1b-f1f81592e8d9 ] Request (ServerActionsV293TestJSON:setUpClass): 200 GET http://10.180.1.21/compute/v2.1/servers/9361ee6a-7c4d-4409-bc3c-7da7d4550d97 0.101s
2024-12-12 15:25:02.036 66925 INFO tempest.lib.common.rest_client [req-9d0463db-90f1-486c-a995-e87c69179f39 req-9d0463db-90f1-486c-a995-e87c69179f39 ] Request (ListServersNegativeTestJSON:setUpClass): 200 GET http://10.180.1.21/compute/v2.1/servers/bef91c1c-a418-4464-ae7b-883ffb7e9695 0.067s
2024-12-12 15:25:02.079 66983 INFO tempest.lib.common.rest_client [req-523de372-7685-46c0-9efd-f48285a97dda req-523de372-7685-46c0-9efd-f48285a97dda ] Request (ServerDiskConfigTestJSON:test_rebuild_server_with_auto_disk_config): 200 GET http://10.180.1.21/compute/v2.1/servers/e3df56a7-eb82-4297-8aa3-f77c0380b6ec 0.052s
2024-12-12 15:25:02.156 66975 INFO tempest.lib.common.rest_client [req-8ddbdd20-65e4-44a6-9006-1b849fc97ed2 req-8ddbdd20-65e4-44a6-9006-1b849fc97ed2 ] Request (ServersAdminNegativeTestJSON:tearDownClass): 200 GET http://10.180.1.21/compute/v2.1/servers/d60c3a22-19fb-4826-be88-d0307810a079 0.073s
2024-12-12 15:25:02.163 66927 INFO tempest.lib.common.rest_client [req-0baea072-f7aa-4fd7-a6e6-407aa0f07db7 req-0baea072-f7aa-4fd7-a6e6-407aa0f07db7 ] Request (ListImageFiltersTestJSON:setUpClass): 200 GET http://10.180.1.21/compute/v2.1/images/dcb38905-84bc-4f0d-9bbd-6e6343d3cd85 0.039s
2024-12-12 15:25:02.214 66955 INFO tempest.lib.common.rest_client [req-ea67ddee-7ef7-4ba1-b7ce-e7ccc2562a4e req-ea67ddee-7ef7-4ba1-b7ce-e7ccc2562a4e ] Request (ServerDiagnosticsNegativeTest:tearDownClass): 200 GET http://10.180.1.21/compute/v2.1/servers/40217405-dcba-48cf-9d92-4122390d9fa8 0.078s
2024-12-12 15:25:02.246 66977 INFO tempest.lib.common.rest_client [req-d50fa633-4ff2-489d-a4ec-210783f559fe req-d50fa633-4ff2-489d-a4ec-210783f559fe ] Request (ServersTestJSON:test_create_server_with_ipv6_addr_only): 200 GET http://10.180.1.21/compute/v2.1/servers/5203c12e-14a0-4736-8185-8ead9a29b03b 0.050s
2024-12-12 15:25:02.321 66929 INFO tempest.lib.common.rest_client [req-80957b38-51c4-4999-ac8b-b572786f160d req-80957b38-51c4-4999-ac8b-b572786f160d ] Request (ServerGroupTestJSON:test_create_server_with_scheduler_hint_group): 200 GET http://10.180.1.21/compute/v2.1/servers/0b7c72e0-79b9-4435-9676-7a0e9afaf936 0.064s
2024-12-12 15:25:02.452 66943 INFO tempest.lib.common.rest_client [req-b5e4ed8e-8f9c-43da-a66a-16775e7dec1b req-b5e4ed8e-8f9c-43da-a66a-16775e7dec1b ] Request (DeleteServersTestJSON:test_delete_server_while_in_attached_volume): 200 GET http://10.180.1.21/compute/v2.1/servers/2d1425f2-ddf9-4e82-bcfe-e11c597d011a 0.058s
2024-12-12 15:25:02.531 66969 INFO tempest.lib.common.rest_client [req-7f8ca48e-640f-4f38-bfb5-15b7c85633ca req-7f8ca48e-640f-4f38-bfb5-15b7c85633ca ] Request (ImagesTestJSON:test_create_image_from_suspended_server): 200 GET http://10.180.1.21/compute/v2.1/servers/efbe39fa-d581-41ac-b51c-9c94c9839d7a 0.063s
2024-12-12 15:25:02.570 66947 INFO tempest.lib.common.rest_client [req-444e0494-c219-408a-9d0e-14d690a68988 req-444e0494-c219-408a-9d0e-14d690a68988 ] Request (ImagesNegativeTestJSON:test_create_image_from_deleted_server): 200 GET http://10.180.1.21/compute/v2.1/servers/e2758650-2762-49f6-a678-f55425a89994 0.156s
2024-12-12 15:25:02.577 66947 INFO tempest.common.waiters [-] State transition "BUILD/spawning" ==> "ACTIVE/None" after 68 second wait
2024-12-12 15:25:02.639 66957 INFO tempest.lib.common.rest_client [req-63fcdc86-cce9-4809-9e3f-0b222d2bf6c0 req-63fcdc86-cce9-4809-9e3f-0b222d2bf6c0 ] Request (SecurityGroupsTestJSON:test_server_security_groups): 200 GET http://10.180.1.21/compute/v2.1/servers/343a7e90-5e55-4125-8475-44050f267987 0.069s
2024-12-12 15:25:02.675 66951 INFO tempest.lib.common.rest_client [req-75dedab9-887b-433b-9c8f-ea839ad21795 req-75dedab9-887b-433b-9c8f-ea839ad21795 ] Request (FloatingIPsAssociationTestJSON:test_associate_already_associated_floating_ip): 200 GET http://10.180.1.21/compute/v2.1/servers/2b1805b3-2e03-410f-8222-64b8542d4a43 0.147s
2024-12-12 15:25:02.717 66947 INFO tempest.lib.common.rest_client [req-375e597e-c434-4c3c-84e0-c9a411424a21 req-375e597e-c434-4c3c-84e0-c9a411424a21 ] Request (ImagesNegativeTestJSON:test_create_image_from_deleted_server): 204 DELETE http://10.180.1.21/compute/v2.1/servers/e2758650-2762-49f6-a678-f55425a89994 0.139s
2024-12-12 15:25:02.792 66961 INFO tempest.lib.common.rest_client [req-bccd564f-0e91-4887-9839-4ad6fb3e5d28 req-bccd564f-0e91-4887-9839-4ad6fb3e5d28 ] Request (DeleteServersAdminTestJSON:test_delete_server_while_in_error_state): 200 GET http://10.180.1.21/compute/v2.1/servers/f1c19f17-ce7c-481a-99fd-d0bb20f1520b 0.089s
2024-12-12 15:25:02.984 66947 INFO tempest.lib.common.rest_client [req-9b103175-7367-4f73-9506-5b4603627188 req-9b103175-7367-4f73-9506-5b4603627188 ] Request (ImagesNegativeTestJSON:test_create_image_from_deleted_server): 200 GET http://10.180.1.21/compute/v2.1/servers/e2758650-2762-49f6-a678-f55425a89994 0.267s
2024-12-12 15:25:03.067 66979 INFO tempest.lib.common.rest_client [req-4c158313-b608-4253-bcd9-3a4d0711a3d6 req-4c158313-b608-4253-bcd9-3a4d0711a3d6 ] Request (ServersAdminTestJSON:test_inject_network_info): 200 GET http://10.180.1.21/compute/v2.1/servers/e753da08-d4a5-4f17-85c8-154e843798c9 0.320s
2024-12-12 15:25:03.093 66939 INFO tempest.lib.common.rest_client [req-9eea607a-56a4-4dc6-b5a6-e92327e1822e req-9eea607a-56a4-4dc6-b5a6-e92327e1822e ] Request (ServersTestMultiNic:test_verify_duplicate_network_nics): 200 GET http://10.180.1.21/compute/v2.1/servers/78894fda-8309-430a-ab38-ce1a415d83d3 0.395s
2024-12-12 15:25:03.100 66939 INFO tempest.common.waiters [-] State transition "BUILD/networking" ==> "BUILD/block_device_mapping" after 54 second wait
2024-12-12 15:25:03.125 66949 INFO tempest.lib.common.rest_client [req-aaf8c4ba-b543-4e10-9f89-ac7e52a0e09e req-aaf8c4ba-b543-4e10-9f89-ac7e52a0e09e ] Request (TenantUsagesTestJSON:setUpClass): 200 GET http://10.180.1.21/compute/v2.1/servers/eaed706d-b3db-46ed-8c70-08f80479afa4 0.326s
2024-12-12 15:25:03.141 66973 INFO tempest.lib.common.rest_client [req-2b2a5e5b-05cd-4ad0-904f-7e6002462d34 req-2b2a5e5b-05cd-4ad0-904f-7e6002462d34 ] Request (VolumesAssistedSnapshotsTest:test_volume_assisted_snapshot_create_delete): 200 GET http://10.180.1.21/compute/v2.1/servers/72a11582-1fad-428a-bde1-e9d0b05731cd 0.270s
2024-12-12 15:25:03.166 66941 WARNING tempest.lib.common.ssh [-] Failed to establish authenticated ssh connection to cirros@10.180.180.166 ([Errno None] Unable to connect to port 22 on 10.180.180.166). Number attempts: 8. Retry after 9 seconds.: paramiko.ssh_exception.NoValidConnectionsError: [Errno None] Unable to connect to port 22 on 10.180.180.166
2024-12-12 15:25:03.201 66987 INFO tempest.lib.common.rest_client [req-a196ca77-e82e-4152-b982-81f27bb267b9 req-a196ca77-e82e-4152-b982-81f27bb267b9 ] Request (AttachInterfacesV270Test:tearDownClass): 200 GET http://10.180.1.21/compute/v2.1/servers/41182989-2537-42f0-8c37-792b8b2c5206 0.231s
2024-12-12 15:25:03.213 66965 INFO tempest.lib.common.rest_client [req-106b5f3d-6231-4fc1-b933-c0e256b9c6b4 req-106b5f3d-6231-4fc1-b933-c0e256b9c6b4 ] Request (ServerShowV254Test:test_rebuild_server): 200 GET http://10.180.1.21/compute/v2.1/servers/c390d1ca-a199-4df6-847a-b543630a7bf5 0.224s
2024-12-12 15:25:03.232 66953 WARNING tempest.lib.common.ssh [-] Failed to establish authenticated ssh connection to cirros@10.180.180.236 ([Errno None] Unable to connect to port 22 on 10.180.180.236). Number attempts: 6. Retry after 7 seconds.: paramiko.ssh_exception.NoValidConnectionsError: [Errno None] Unable to connect to port 22 on 10.180.180.236
2024-12-12 15:25:03.264 66935 INFO tempest.lib.common.rest_client [req-e98d4afb-2c14-4055-839a-7d993d10e1eb req-e98d4afb-2c14-4055-839a-7d993d10e1eb ] Request (ServerActionsV293TestJSON:setUpClass): 200 GET http://10.180.1.21/compute/v2.1/servers/9361ee6a-7c4d-4409-bc3c-7da7d4550d97 0.229s
2024-12-12 15:25:03.278 66925 INFO tempest.lib.common.rest_client [req-2f065a7b-5076-42b8-891e-7023c9552394 req-2f065a7b-5076-42b8-891e-7023c9552394 ] Request (ListServersNegativeTestJSON:setUpClass): 200 GET http://10.180.1.21/compute/v2.1/servers/bef91c1c-a418-4464-ae7b-883ffb7e9695 0.233s
2024-12-12 15:25:03.331 66983 INFO tempest.lib.common.rest_client [req-08237d97-0281-4cf5-95bc-1b01ed5a5063 req-08237d97-0281-4cf5-95bc-1b01ed5a5063 ] Request (ServerDiskConfigTestJSON:test_rebuild_server_with_auto_disk_config): 200 GET http://10.180.1.21/compute/v2.1/servers/e3df56a7-eb82-4297-8aa3-f77c0380b6ec 0.245s
2024-12-12 15:25:03.346 66975 INFO tempest.lib.common.rest_client [req-ca4624a4-27f2-4190-b611-ff71ecdb4c7b req-ca4624a4-27f2-4190-b611-ff71ecdb4c7b ] Request (ServersAdminNegativeTestJSON:tearDownClass): 200 GET http://10.180.1.21/compute/v2.1/servers/d60c3a22-19fb-4826-be88-d0307810a079 0.182s
2024-12-12 15:25:03.362 66927 INFO tempest.lib.common.rest_client [req-b312e438-2c37-4a97-9448-1e328100a72d req-b312e438-2c37-4a97-9448-1e328100a72d ] Request (ListImageFiltersTestJSON:setUpClass): 200 GET http://10.180.1.21/compute/v2.1/images/dcb38905-84bc-4f0d-9bbd-6e6343d3cd85 0.196s
2024-12-12 15:25:03.406 66955 INFO tempest.lib.common.rest_client [req-230c1e22-5dcd-48ef-ad54-5d7ec673860e req-230c1e22-5dcd-48ef-ad54-5d7ec673860e ] Request (ServerDiagnosticsNegativeTest:tearDownClass): 200 GET http://10.180.1.21/compute/v2.1/servers/40217405-dcba-48cf-9d92-4122390d9fa8 0.184s
2024-12-12 15:25:03.429 66977 INFO tempest.lib.common.rest_client [req-20be5b94-4af1-44bb-9ff5-b97b093be54b req-20be5b94-4af1-44bb-9ff5-b97b093be54b ] Request (ServersTestJSON:test_create_server_with_ipv6_addr_only): 200 GET http://10.180.1.21/compute/v2.1/servers/5203c12e-14a0-4736-8185-8ead9a29b03b 0.176s
2024-12-12 15:25:03.455 66929 INFO tempest.lib.common.rest_client [req-6dc1bd8e-3673-4b1f-9549-adc9ab4d3b38 req-6dc1bd8e-3673-4b1f-9549-adc9ab4d3b38 ] Request (ServerGroupTestJSON:test_create_server_with_scheduler_hint_group): 200 GET http://10.180.1.21/compute/v2.1/servers/0b7c72e0-79b9-4435-9676-7a0e9afaf936 0.128s
2024-12-12 15:25:03.518 66943 INFO tempest.lib.common.rest_client [req-0815a336-6c1e-422c-b880-7a85717d968d req-0815a336-6c1e-422c-b880-7a85717d968d ] Request (DeleteServersTestJSON:test_delete_server_while_in_attached_volume): 200 GET http://10.180.1.21/compute/v2.1/servers/2d1425f2-ddf9-4e82-bcfe-e11c597d011a 0.056s
2024-12-12 15:25:03.587 66969 INFO tempest.lib.common.rest_client [req-9bfe2b17-7203-4c6a-a048-85a56933c267 req-9bfe2b17-7203-4c6a-a048-85a56933c267 ] Request (ImagesTestJSON:test_create_image_from_suspended_server): 200 GET http://10.180.1.21/compute/v2.1/servers/efbe39fa-d581-41ac-b51c-9c94c9839d7a 0.047s
2024-12-12 15:25:03.702 66957 INFO tempest.lib.common.rest_client [req-a6026544-a323-4179-a409-94774adac25a req-a6026544-a323-4179-a409-94774adac25a ] Request (SecurityGroupsTestJSON:test_server_security_groups): 200 GET http://10.180.1.21/compute/v2.1/servers/343a7e90-5e55-4125-8475-44050f267987 0.055s
2024-12-12 15:25:03.809 66951 INFO tempest.lib.common.rest_client [req-7e5ed46a-3d8c-4f94-8bcd-ba85837b9ddc req-7e5ed46a-3d8c-4f94-8bcd-ba85837b9ddc ] Request (FloatingIPsAssociationTestJSON:test_associate_already_associated_floating_ip): 200 GET http://10.180.1.21/compute/v2.1/servers/2b1805b3-2e03-410f-8222-64b8542d4a43 0.122s
2024-12-12 15:25:03.870 66961 INFO tempest.lib.common.rest_client [req-cad1fc24-f2c2-4afc-b9ce-f90acffd9540 req-cad1fc24-f2c2-4afc-b9ce-f90acffd9540 ] Request (DeleteServersAdminTestJSON:test_delete_server_while_in_error_state): 200 GET http://10.180.1.21/compute/v2.1/servers/f1c19f17-ce7c-481a-99fd-d0bb20f1520b 0.067s
2024-12-12 15:25:04.126 66979 INFO tempest.lib.common.rest_client [req-0c638db5-f3a6-4430-9788-49a10053a8e8 req-0c638db5-f3a6-4430-9788-49a10053a8e8 ] Request (ServersAdminTestJSON:test_inject_network_info): 200 GET http://10.180.1.21/compute/v2.1/servers/e753da08-d4a5-4f17-85c8-154e843798c9 0.052s
2024-12-12 15:25:04.136 66947 INFO tempest.lib.common.rest_client [req-c3b4b44e-741e-4ec4-9ba7-fa0a68836b1d req-c3b4b44e-741e-4ec4-9ba7-fa0a68836b1d ] Request (ImagesNegativeTestJSON:test_create_image_from_deleted_server): 200 GET http://10.180.1.21/compute/v2.1/servers/e2758650-2762-49f6-a678-f55425a89994 0.143s
2024-12-12 15:25:04.185 66949 INFO tempest.lib.common.rest_client [req-0ac68792-e513-44e5-9f68-eefefaf10cf4 req-0ac68792-e513-44e5-9f68-eefefaf10cf4 ] Request (TenantUsagesTestJSON:setUpClass): 200 GET http://10.180.1.21/compute/v2.1/servers/eaed706d-b3db-46ed-8c70-08f80479afa4 0.052s
2024-12-12 15:25:04.238 66973 INFO tempest.lib.common.rest_client [req-38e0ec2c-a255-4bdb-a94a-7d0ed3b4e701 req-38e0ec2c-a255-4bdb-a94a-7d0ed3b4e701 ] Request (VolumesAssistedSnapshotsTest:test_volume_assisted_snapshot_create_delete): 200 GET http://10.180.1.21/compute/v2.1/servers/72a11582-1fad-428a-bde1-e9d0b05731cd 0.089s
2024-12-12 15:25:04.241 66939 INFO tempest.lib.common.rest_client [req-3551ff0f-d297-4256-817e-67d447f72fd8 req-3551ff0f-d297-4256-817e-67d447f72fd8 ] Request (ServersTestMultiNic:test_verify_duplicate_network_nics): 200 GET http://10.180.1.21/compute/v2.1/servers/78894fda-8309-430a-ab38-ce1a415d83d3 0.139s
2024-12-12 15:25:04.246 66939 INFO tempest.common.waiters [-] State transition "BUILD/block_device_mapping" ==> "BUILD/spawning" after 55 second wait
2024-12-12 15:25:04.255 66933 WARNING tempest.lib.common.ssh [-] Failed to establish authenticated ssh connection to cirros@10.180.180.240 ([Errno None] Unable to connect to port 22 on 10.180.180.240). Number attempts: 1. Retry after 2 seconds.: paramiko.ssh_exception.NoValidConnectionsError: [Errno None] Unable to connect to port 22 on 10.180.180.240
2024-12-12 15:25:04.291 66965 INFO tempest.lib.common.rest_client [req-229e4106-3e6f-404c-ad5e-d1523600768d req-229e4106-3e6f-404c-ad5e-d1523600768d ] Request (ServerShowV254Test:test_rebuild_server): 200 GET http://10.180.1.21/compute/v2.1/servers/c390d1ca-a199-4df6-847a-b543630a7bf5 0.070s
2024-12-12 15:25:04.296 66987 INFO tempest.lib.common.rest_client [req-97bf097f-45dc-45ba-976b-222fbb9a78cc req-97bf097f-45dc-45ba-976b-222fbb9a78cc ] Request (AttachInterfacesV270Test:tearDownClass): 200 GET http://10.180.1.21/compute/v2.1/servers/41182989-2537-42f0-8c37-792b8b2c5206 0.087s
2024-12-12 15:25:04.298 66965 INFO tempest.common.waiters [-] State transition "REBUILD/rebuilding" ==> "REBUILD/rebuild_block_device_mapping" after 3 second wait
2024-12-12 15:25:04.346 66925 INFO tempest.lib.common.rest_client [req-1fe4e01f-f9e2-44d1-8daf-d0f9c7e74da7 req-1fe4e01f-f9e2-44d1-8daf-d0f9c7e74da7 ] Request (ListServersNegativeTestJSON:setUpClass): 200 GET http://10.180.1.21/compute/v2.1/servers/bef91c1c-a418-4464-ae7b-883ffb7e9695 0.061s
2024-12-12 15:25:04.349 66935 INFO tempest.lib.common.rest_client [req-e6503830-a4a8-472b-aa51-08107f4249ef req-e6503830-a4a8-472b-aa51-08107f4249ef ] Request (ServerActionsV293TestJSON:setUpClass): 200 GET http://10.180.1.21/compute/v2.1/servers/9361ee6a-7c4d-4409-bc3c-7da7d4550d97 0.074s
2024-12-12 15:25:04.382 66959 WARNING tempest.lib.common.ssh [-] Failed to establish authenticated ssh connection to cirros@10.180.180.150 ([Errno None] Unable to connect to port 22 on 10.180.180.150). Number attempts: 10. Retry after 11 seconds.: paramiko.ssh_exception.NoValidConnectionsError: [Errno None] Unable to connect to port 22 on 10.180.180.150
2024-12-12 15:25:04.390 66983 INFO tempest.lib.common.rest_client [req-314a1bac-ae32-4285-8cd3-a4b2fee7108e req-314a1bac-ae32-4285-8cd3-a4b2fee7108e ] Request (ServerDiskConfigTestJSON:test_rebuild_server_with_auto_disk_config): 200 GET http://10.180.1.21/compute/v2.1/servers/e3df56a7-eb82-4297-8aa3-f77c0380b6ec 0.048s
2024-12-12 15:25:04.404 66975 INFO tempest.lib.common.rest_client [req-57e68d50-560a-46ec-a7a9-5d18c9501784 req-57e68d50-560a-46ec-a7a9-5d18c9501784 ] Request (ServersAdminNegativeTestJSON:tearDownClass): 200 GET http://10.180.1.21/compute/v2.1/servers/d60c3a22-19fb-4826-be88-d0307810a079 0.050s
2024-12-12 15:25:04.420 66927 INFO tempest.lib.common.rest_client [req-74ddd668-cc97-468d-ae7a-4e3fa09050b9 req-74ddd668-cc97-468d-ae7a-4e3fa09050b9 ] Request (ListImageFiltersTestJSON:setUpClass): 200 GET http://10.180.1.21/compute/v2.1/images/dcb38905-84bc-4f0d-9bbd-6e6343d3cd85 0.054s
2024-12-12 15:25:04.472 66955 INFO tempest.lib.common.rest_client [req-1ca420ae-b854-4a38-b416-794a0bcce069 req-1ca420ae-b854-4a38-b416-794a0bcce069 ] Request (ServerDiagnosticsNegativeTest:tearDownClass): 200 GET http://10.180.1.21/compute/v2.1/servers/40217405-dcba-48cf-9d92-4122390d9fa8 0.054s
2024-12-12 15:25:04.487 66977 INFO tempest.lib.common.rest_client [req-93d2fbe5-abf6-4240-ad38-594d4852635d req-93d2fbe5-abf6-4240-ad38-594d4852635d ] Request (ServersTestJSON:test_create_server_with_ipv6_addr_only): 200 GET http://10.180.1.21/compute/v2.1/servers/5203c12e-14a0-4736-8185-8ead9a29b03b 0.049s
2024-12-12 15:25:04.492 66977 INFO tempest.common.waiters [-] State transition "BUILD/scheduling" ==> "BUILD/None" after 44 second wait
2024-12-12 15:25:04.518 66929 INFO tempest.lib.common.rest_client [req-6dbb05cb-fb87-445e-9c8c-0dc6cc035928 req-6dbb05cb-fb87-445e-9c8c-0dc6cc035928 ] Request (ServerGroupTestJSON:test_create_server_with_scheduler_hint_group): 200 GET http://10.180.1.21/compute/v2.1/servers/0b7c72e0-79b9-4435-9676-7a0e9afaf936 0.055s
2024-12-12 15:25:04.524 66929 INFO tempest.common.waiters [-] State transition "BUILD/scheduling" ==> "BUILD/None" after 45 second wait
2024-12-12 15:25:04.584 66943 INFO tempest.lib.common.rest_client [req-f8a7fedf-38a3-49d4-9cc3-4fb2eb11be77 req-f8a7fedf-38a3-49d4-9cc3-4fb2eb11be77 ] Request (DeleteServersTestJSON:test_delete_server_while_in_attached_volume): 200 GET http://10.180.1.21/compute/v2.1/servers/2d1425f2-ddf9-4e82-bcfe-e11c597d011a 0.060s
2024-12-12 15:25:04.652 66969 INFO tempest.lib.common.rest_client [req-14b4abf6-8cac-4ff2-855b-731f7ab0861c req-14b4abf6-8cac-4ff2-855b-731f7ab0861c ] Request (ImagesTestJSON:test_create_image_from_suspended_server): 200 GET http://10.180.1.21/compute/v2.1/servers/efbe39fa-d581-41ac-b51c-9c94c9839d7a 0.058s
2024-12-12 15:25:04.765 66957 INFO tempest.lib.common.rest_client [req-ade457f1-137e-4aca-a181-fe8c72e007e8 req-ade457f1-137e-4aca-a181-fe8c72e007e8 ] Request (SecurityGroupsTestJSON:test_server_security_groups): 200 GET http://10.180.1.21/compute/v2.1/servers/343a7e90-5e55-4125-8475-44050f267987 0.057s
2024-12-12 15:25:04.772 66957 INFO tempest.common.waiters [-] State transition "BUILD/None" ==> "BUILD/networking" after 53 second wait
2024-12-12 15:25:04.976 66961 INFO tempest.lib.common.rest_client [req-eb930dbc-39e3-4dc2-956a-0c21cabdc115 req-eb930dbc-39e3-4dc2-956a-0c21cabdc115 ] Request (DeleteServersAdminTestJSON:test_delete_server_while_in_error_state): 200 GET http://10.180.1.21/compute/v2.1/servers/f1c19f17-ce7c-481a-99fd-d0bb20f1520b 0.095s
2024-12-12 15:25:04.999 66963 WARNING tempest.lib.common.ssh [-] Failed to establish authenticated ssh connection to cirros@10.180.180.242 ([Errno None] Unable to connect to port 22 on 10.180.180.242). Number attempts: 9. Retry after 10 seconds.: paramiko.ssh_exception.NoValidConnectionsError: [Errno None] Unable to connect to port 22 on 10.180.180.242
2024-12-12 15:25:05.024 66951 INFO tempest.lib.common.rest_client [req-440cd569-e74b-4915-98e7-82109af2bb36 req-440cd569-e74b-4915-98e7-82109af2bb36 ] Request (FloatingIPsAssociationTestJSON:test_associate_already_associated_floating_ip): 200 GET http://10.180.1.21/compute/v2.1/servers/2b1805b3-2e03-410f-8222-64b8542d4a43 0.207s
2024-12-12 15:25:05.214 66979 INFO tempest.lib.common.rest_client [req-b7d6348d-c9ce-4b92-8eee-80cc0648fa8c req-b7d6348d-c9ce-4b92-8eee-80cc0648fa8c ] Request (ServersAdminTestJSON:test_inject_network_info): 200 GET http://10.180.1.21/compute/v2.1/servers/e753da08-d4a5-4f17-85c8-154e843798c9 0.079s
2024-12-12 15:25:05.281 66949 INFO tempest.lib.common.rest_client [req-4b66d99e-576b-4110-8d50-8e80b0873f58 req-4b66d99e-576b-4110-8d50-8e80b0873f58 ] Request (TenantUsagesTestJSON:setUpClass): 200 GET http://10.180.1.21/compute/v2.1/servers/eaed706d-b3db-46ed-8c70-08f80479afa4 0.089s
2024-12-12 15:25:05.298 66947 INFO tempest.lib.common.rest_client [req-f6ffaa13-3332-44ba-a1b2-dc94851878ab req-f6ffaa13-3332-44ba-a1b2-dc94851878ab ] Request (ImagesNegativeTestJSON:test_create_image_from_deleted_server): 200 GET http://10.180.1.21/compute/v2.1/servers/e2758650-2762-49f6-a678-f55425a89994 0.155s
2024-12-12 15:25:05.333 66973 INFO tempest.lib.common.rest_client [req-79fb686d-51b6-4983-ad7a-0e85f7bf7a63 req-79fb686d-51b6-4983-ad7a-0e85f7bf7a63 ] Request (VolumesAssistedSnapshotsTest:test_volume_assisted_snapshot_create_delete): 200 GET http://10.180.1.21/compute/v2.1/servers/72a11582-1fad-428a-bde1-e9d0b05731cd 0.088s
2024-12-12 15:25:05.408 66965 INFO tempest.lib.common.rest_client [req-d726c2e1-9e87-4e75-b963-2095df661bba req-d726c2e1-9e87-4e75-b963-2095df661bba ] Request (ServerShowV254Test:test_rebuild_server): 200 GET http://10.180.1.21/compute/v2.1/servers/c390d1ca-a199-4df6-847a-b543630a7bf5 0.109s
2024-12-12 15:25:05.417 66965 INFO tempest.common.waiters [-] State transition "REBUILD/rebuild_block_device_mapping" ==> "REBUILD/rebuild_spawning" after 4 second wait
2024-12-12 15:25:05.636 66987 INFO tempest.lib.common.rest_client [req-a26a8598-7d03-4746-b9c8-f099c37ea850 req-a26a8598-7d03-4746-b9c8-f099c37ea850 ] Request (AttachInterfacesV270Test:tearDownClass): 200 GET http://10.180.1.21/compute/v2.1/servers/41182989-2537-42f0-8c37-792b8b2c5206 0.332s
2024-12-12 15:25:05.681 66939 INFO tempest.lib.common.rest_client [req-c7a3ab8a-c5be-4d8d-969c-1b5ae39c741a req-c7a3ab8a-c5be-4d8d-969c-1b5ae39c741a ] Request (ServersTestMultiNic:test_verify_duplicate_network_nics): 200 GET http://10.180.1.21/compute/v2.1/servers/78894fda-8309-430a-ab38-ce1a415d83d3 0.433s
2024-12-12 15:25:05.700 66925 INFO tempest.lib.common.rest_client [req-5731ed23-3b32-4b34-b8c8-b9d2c3a656aa req-5731ed23-3b32-4b34-b8c8-b9d2c3a656aa ] Request (ListServersNegativeTestJSON:setUpClass): 200 GET http://10.180.1.21/compute/v2.1/servers/bef91c1c-a418-4464-ae7b-883ffb7e9695 0.346s
2024-12-12 15:25:05.752 66935 INFO tempest.lib.common.rest_client [req-0cd07391-3964-4d47-ab22-0a8d29cd9c46 req-0cd07391-3964-4d47-ab22-0a8d29cd9c46 ] Request (ServerActionsV293TestJSON:setUpClass): 200 GET http://10.180.1.21/compute/v2.1/servers/9361ee6a-7c4d-4409-bc3c-7da7d4550d97 0.392s
2024-12-12 15:25:05.761 66983 INFO tempest.lib.common.rest_client [req-e4f9f236-523a-4e6d-9f56-142daa2f6fe1 req-e4f9f236-523a-4e6d-9f56-142daa2f6fe1 ] Request (ServerDiskConfigTestJSON:test_rebuild_server_with_auto_disk_config): 200 GET http://10.180.1.21/compute/v2.1/servers/e3df56a7-eb82-4297-8aa3-f77c0380b6ec 0.364s
2024-12-12 15:25:05.805 66927 INFO tempest.lib.common.rest_client [req-f3ef91f2-fcb5-485d-a6a3-60058590e9b5 req-f3ef91f2-fcb5-485d-a6a3-60058590e9b5 ] Request (ListImageFiltersTestJSON:setUpClass): 200 GET http://10.180.1.21/compute/v2.1/images/dcb38905-84bc-4f0d-9bbd-6e6343d3cd85 0.381s
2024-12-12 15:25:05.816 66975 INFO tempest.lib.common.rest_client [req-504f2f3e-42a2-4d87-a22c-2a77fc1ee6fb req-504f2f3e-42a2-4d87-a22c-2a77fc1ee6fb ] Request (ServersAdminNegativeTestJSON:tearDownClass): 200 GET http://10.180.1.21/compute/v2.1/servers/d60c3a22-19fb-4826-be88-d0307810a079 0.405s
2024-12-12 15:25:05.868 66977 INFO tempest.lib.common.rest_client [req-6a88ac4d-e2e4-48c2-a8bf-4f0d965eea6b req-6a88ac4d-e2e4-48c2-a8bf-4f0d965eea6b ] Request (ServersTestJSON:test_create_server_with_ipv6_addr_only): 200 GET http://10.180.1.21/compute/v2.1/servers/5203c12e-14a0-4736-8185-8ead9a29b03b 0.373s
2024-12-12 15:25:05.889 66955 INFO tempest.lib.common.rest_client [req-bf468d65-730e-43b4-88cf-743b703bc8a9 req-bf468d65-730e-43b4-88cf-743b703bc8a9 ] Request (ServerDiagnosticsNegativeTest:tearDownClass): 200 GET http://10.180.1.21/compute/v2.1/servers/40217405-dcba-48cf-9d92-4122390d9fa8 0.411s
2024-12-12 15:25:05.934 66929 INFO tempest.lib.common.rest_client [req-fbff01d0-0ed1-4b03-b076-e2fa603746f5 req-fbff01d0-0ed1-4b03-b076-e2fa603746f5 ] Request (ServerGroupTestJSON:test_create_server_with_scheduler_hint_group): 200 GET http://10.180.1.21/compute/v2.1/servers/0b7c72e0-79b9-4435-9676-7a0e9afaf936 0.410s
2024-12-12 15:25:05.972 66943 INFO tempest.lib.common.rest_client [req-5d5048d4-15fb-4992-aa9b-f7a9bff762d9 req-5d5048d4-15fb-4992-aa9b-f7a9bff762d9 ] Request (DeleteServersTestJSON:test_delete_server_while_in_attached_volume): 200 GET http://10.180.1.21/compute/v2.1/servers/2d1425f2-ddf9-4e82-bcfe-e11c597d011a 0.380s
2024-12-12 15:25:06.010 66969 INFO tempest.lib.common.rest_client [req-3dea34cc-ec0f-4694-b3b6-47aba2838c30 req-3dea34cc-ec0f-4694-b3b6-47aba2838c30 ] Request (ImagesTestJSON:test_create_image_from_suspended_server): 200 GET http://10.180.1.21/compute/v2.1/servers/efbe39fa-d581-41ac-b51c-9c94c9839d7a 0.351s
2024-12-12 15:25:06.069 66961 INFO tempest.lib.common.rest_client [req-e0cc0341-bf20-4c38-86fe-afd4eef5abd2 req-e0cc0341-bf20-4c38-86fe-afd4eef5abd2 ] Request (DeleteServersAdminTestJSON:test_delete_server_while_in_error_state): 200 GET http://10.180.1.21/compute/v2.1/servers/f1c19f17-ce7c-481a-99fd-d0bb20f1520b 0.079s
2024-12-12 15:25:06.151 66957 INFO tempest.lib.common.rest_client [req-5d63ce54-2739-46d6-be54-06236eb81d8f req-5d63ce54-2739-46d6-be54-06236eb81d8f ] Request (SecurityGroupsTestJSON:test_server_security_groups): 200 GET http://10.180.1.21/compute/v2.1/servers/343a7e90-5e55-4125-8475-44050f267987 0.377s
2024-12-12 15:25:06.157 66957 INFO tempest.common.waiters [-] State transition "BUILD/networking" ==> "BUILD/spawning" after 55 second wait
2024-12-12 15:25:06.207 66951 INFO tempest.lib.common.rest_client [req-b73f9b9e-a31b-4300-a618-af5bfebf87ba req-b73f9b9e-a31b-4300-a618-af5bfebf87ba ] Request (FloatingIPsAssociationTestJSON:test_associate_already_associated_floating_ip): 200 GET http://10.180.1.21/compute/v2.1/servers/2b1805b3-2e03-410f-8222-64b8542d4a43 0.175s
2024-12-12 15:25:06.284 66979 INFO tempest.lib.common.rest_client [req-6701d6cc-7499-4eca-a806-dd99450a9eb7 req-6701d6cc-7499-4eca-a806-dd99450a9eb7 ] Request (ServersAdminTestJSON:test_inject_network_info): 200 GET http://10.180.1.21/compute/v2.1/servers/e753da08-d4a5-4f17-85c8-154e843798c9 0.055s
2024-12-12 15:25:06.285 66937 WARNING tempest.lib.common.ssh [-] Failed to establish authenticated ssh connection to cirros@10.180.180.178 ([Errno None] Unable to connect to port 22 on 10.180.180.178). Number attempts: 9. Retry after 10 seconds.: paramiko.ssh_exception.NoValidConnectionsError: [Errno None] Unable to connect to port 22 on 10.180.180.178
2024-12-12 15:25:06.340 66949 INFO tempest.lib.common.rest_client [req-f2053328-d199-4c62-801a-474b2a036922 req-f2053328-d199-4c62-801a-474b2a036922 ] Request (TenantUsagesTestJSON:setUpClass): 200 GET http://10.180.1.21/compute/v2.1/servers/eaed706d-b3db-46ed-8c70-08f80479afa4 0.050s
2024-12-12 15:25:06.361 66947 INFO tempest.lib.common.rest_client [req-f2d514a1-0208-4dac-9113-30b1560c8be8 req-f2d514a1-0208-4dac-9113-30b1560c8be8 ] Request (ImagesNegativeTestJSON:test_create_image_from_deleted_server): 200 GET http://10.180.1.21/compute/v2.1/servers/e2758650-2762-49f6-a678-f55425a89994 0.055s
2024-12-12 15:25:06.389 66973 INFO tempest.lib.common.rest_client [req-fc952ed2-cff1-4b67-ba10-91ec97d5fa5c req-fc952ed2-cff1-4b67-ba10-91ec97d5fa5c ] Request (VolumesAssistedSnapshotsTest:test_volume_assisted_snapshot_create_delete): 200 GET http://10.180.1.21/compute/v2.1/servers/72a11582-1fad-428a-bde1-e9d0b05731cd 0.049s
2024-12-12 15:25:06.472 66965 INFO tempest.lib.common.rest_client [req-46e217e7-8227-4100-af71-b1afb5091760 req-46e217e7-8227-4100-af71-b1afb5091760 ] Request (ServerShowV254Test:test_rebuild_server): 200 GET http://10.180.1.21/compute/v2.1/servers/c390d1ca-a199-4df6-847a-b543630a7bf5 0.055s
2024-12-12 15:25:06.706 66987 INFO tempest.lib.common.rest_client [req-ea5f5ae4-4178-465b-855c-5d6678cddbba req-ea5f5ae4-4178-465b-855c-5d6678cddbba ] Request (AttachInterfacesV270Test:tearDownClass): 200 GET http://10.180.1.21/compute/v2.1/servers/41182989-2537-42f0-8c37-792b8b2c5206 0.060s
2024-12-12 15:25:06.820 66939 INFO tempest.lib.common.rest_client [req-68f31597-3bcf-44bc-8264-992dd36ebaf9 req-68f31597-3bcf-44bc-8264-992dd36ebaf9 ] Request (ServersTestMultiNic:test_verify_duplicate_network_nics): 200 GET http://10.180.1.21/compute/v2.1/servers/78894fda-8309-430a-ab38-ce1a415d83d3 0.133s
2024-12-12 15:25:06.891 66935 INFO tempest.lib.common.rest_client [req-70797c3a-ffac-471b-82ec-352110b68188 req-70797c3a-ffac-471b-82ec-352110b68188 ] Request (ServerActionsV293TestJSON:setUpClass): 200 GET http://10.180.1.21/compute/v2.1/servers/9361ee6a-7c4d-4409-bc3c-7da7d4550d97 0.129s
2024-12-12 15:25:06.954 66983 INFO tempest.lib.common.rest_client [req-41c81936-2ea0-4abd-9530-2b190a95ad9b req-41c81936-2ea0-4abd-9530-2b190a95ad9b ] Request (ServerDiskConfigTestJSON:test_rebuild_server_with_auto_disk_config): 200 GET http://10.180.1.21/compute/v2.1/servers/e3df56a7-eb82-4297-8aa3-f77c0380b6ec 0.182s
2024-12-12 15:25:06.990 66927 INFO tempest.lib.common.rest_client [req-d4efae12-9b89-4c8f-953e-23635820591f req-d4efae12-9b89-4c8f-953e-23635820591f ] Request (ListImageFiltersTestJSON:setUpClass): 200 GET http://10.180.1.21/compute/v2.1/images/dcb38905-84bc-4f0d-9bbd-6e6343d3cd85 0.178s
2024-12-12 15:25:07.006 66925 INFO tempest.lib.common.rest_client [req-7d14c387-0858-4c75-ae1c-1cc5037b7a93 req-7d14c387-0858-4c75-ae1c-1cc5037b7a93 ] Request (ListServersNegativeTestJSON:setUpClass): 200 GET http://10.180.1.21/compute/v2.1/servers/bef91c1c-a418-4464-ae7b-883ffb7e9695 0.297s
2024-12-12 15:25:07.072 66977 INFO tempest.lib.common.rest_client [req-ee9f816f-42da-4575-99a5-92ee08fac137 req-ee9f816f-42da-4575-99a5-92ee08fac137 ] Request (ServersTestJSON:test_create_server_with_ipv6_addr_only): 200 GET http://10.180.1.21/compute/v2.1/servers/5203c12e-14a0-4736-8185-8ead9a29b03b 0.196s
2024-12-12 15:25:07.079 66975 INFO tempest.lib.common.rest_client [req-27fd58fe-b377-4b3b-a631-fa016eee53bc req-27fd58fe-b377-4b3b-a631-fa016eee53bc ] Request (ServersAdminNegativeTestJSON:tearDownClass): 200 GET http://10.180.1.21/compute/v2.1/servers/d60c3a22-19fb-4826-be88-d0307810a079 0.252s
2024-12-12 15:25:07.146 66955 INFO tempest.lib.common.rest_client [req-78d022b0-dd8b-4b03-b35b-6307f31326fd req-78d022b0-dd8b-4b03-b35b-6307f31326fd ] Request (ServerDiagnosticsNegativeTest:tearDownClass): 200 GET http://10.180.1.21/compute/v2.1/servers/40217405-dcba-48cf-9d92-4122390d9fa8 0.249s
2024-12-12 15:25:07.156 66929 INFO tempest.lib.common.rest_client [req-bc09312b-0040-4afc-b6cf-159c10394546 req-bc09312b-0040-4afc-b6cf-159c10394546 ] Request (ServerGroupTestJSON:test_create_server_with_scheduler_hint_group): 200 GET http://10.180.1.21/compute/v2.1/servers/0b7c72e0-79b9-4435-9676-7a0e9afaf936 0.214s
2024-12-12 15:25:07.201 66943 INFO tempest.lib.common.rest_client [req-d09f1495-d012-4c8a-8220-907f5e83f387 req-d09f1495-d012-4c8a-8220-907f5e83f387 ] Request (DeleteServersTestJSON:test_delete_server_while_in_attached_volume): 200 GET http://10.180.1.21/compute/v2.1/servers/2d1425f2-ddf9-4e82-bcfe-e11c597d011a 0.221s
2024-12-12 15:25:07.218 66969 INFO tempest.lib.common.rest_client [req-44c45e49-d335-45fa-8c7e-a00ecb7a1613 req-44c45e49-d335-45fa-8c7e-a00ecb7a1613 ] Request (ImagesTestJSON:test_create_image_from_suspended_server): 200 GET http://10.180.1.21/compute/v2.1/servers/efbe39fa-d581-41ac-b51c-9c94c9839d7a 0.199s
2024-12-12 15:25:07.267 66961 INFO tempest.lib.common.rest_client [req-2b6f5839-c372-40f2-8463-7d9680d15b76 req-2b6f5839-c372-40f2-8463-7d9680d15b76 ] Request (DeleteServersAdminTestJSON:test_delete_server_while_in_error_state): 200 GET http://10.180.1.21/compute/v2.1/servers/f1c19f17-ce7c-481a-99fd-d0bb20f1520b 0.189s
2024-12-12 15:25:07.327 66933 WARNING tempest.lib.common.ssh [-] Failed to establish authenticated ssh connection to cirros@10.180.180.240 ([Errno None] Unable to connect to port 22 on 10.180.180.240). Number attempts: 2. Retry after 3 seconds.: paramiko.ssh_exception.NoValidConnectionsError: [Errno None] Unable to connect to port 22 on 10.180.180.240
2024-12-12 15:25:07.376 66957 INFO tempest.lib.common.rest_client [req-05222245-34ef-467d-ab7e-85df262894ff req-05222245-34ef-467d-ab7e-85df262894ff ] Request (SecurityGroupsTestJSON:test_server_security_groups): 200 GET http://10.180.1.21/compute/v2.1/servers/343a7e90-5e55-4125-8475-44050f267987 0.217s
2024-12-12 15:25:07.383 66951 INFO tempest.lib.common.rest_client [req-5cc0103c-4ffb-41da-9d4d-53c767d1d18f req-5cc0103c-4ffb-41da-9d4d-53c767d1d18f ] Request (FloatingIPsAssociationTestJSON:test_associate_already_associated_floating_ip): 200 GET http://10.180.1.21/compute/v2.1/servers/2b1805b3-2e03-410f-8222-64b8542d4a43 0.169s
2024-12-12 15:25:07.430 66979 INFO tempest.lib.common.rest_client [req-38da0a2c-3fad-4e0c-b2d7-e0643e3c0798 req-38da0a2c-3fad-4e0c-b2d7-e0643e3c0798 ] Request (ServersAdminTestJSON:test_inject_network_info): 200 GET http://10.180.1.21/compute/v2.1/servers/e753da08-d4a5-4f17-85c8-154e843798c9 0.139s
2024-12-12 15:25:07.434 66949 INFO tempest.lib.common.rest_client [req-333aeffa-7177-40f1-a16d-18ab7d46c6bf req-333aeffa-7177-40f1-a16d-18ab7d46c6bf ] Request (TenantUsagesTestJSON:setUpClass): 200 GET http://10.180.1.21/compute/v2.1/servers/eaed706d-b3db-46ed-8c70-08f80479afa4 0.087s
2024-12-12 15:25:07.494 66947 INFO tempest.lib.common.rest_client [req-77cbeca9-05cf-40ee-84c2-2afd8f59da13 req-77cbeca9-05cf-40ee-84c2-2afd8f59da13 ] Request (ImagesNegativeTestJSON:test_create_image_from_deleted_server): 200 GET http://10.180.1.21/compute/v2.1/servers/e2758650-2762-49f6-a678-f55425a89994 0.125s
2024-12-12 15:25:07.495 66973 INFO tempest.lib.common.rest_client [req-a1fa17fb-5cee-4398-a8ef-8acf82a72787 req-a1fa17fb-5cee-4398-a8ef-8acf82a72787 ] Request (VolumesAssistedSnapshotsTest:test_volume_assisted_snapshot_create_delete): 200 GET http://10.180.1.21/compute/v2.1/servers/72a11582-1fad-428a-bde1-e9d0b05731cd 0.099s
2024-12-12 15:25:07.500 66947 INFO tempest.common.waiters [-] State transition "ACTIVE/deleting" ==> "DELETED/None" after 5 second wait
2024-12-12 15:25:07.543 66965 INFO tempest.lib.common.rest_client [req-09101676-c092-41b5-aa6b-445e10215f67 req-09101676-c092-41b5-aa6b-445e10215f67 ] Request (ServerShowV254Test:test_rebuild_server): 200 GET http://10.180.1.21/compute/v2.1/servers/c390d1ca-a199-4df6-847a-b543630a7bf5 0.062s
2024-12-12 15:25:07.774 66987 INFO tempest.lib.common.rest_client [req-285279a3-985b-4ca3-a604-a2590e4f293d req-285279a3-985b-4ca3-a604-a2590e4f293d ] Request (AttachInterfacesV270Test:tearDownClass): 200 GET http://10.180.1.21/compute/v2.1/servers/41182989-2537-42f0-8c37-792b8b2c5206 0.059s
2024-12-12 15:25:07.944 66939 INFO tempest.lib.common.rest_client [req-c68a63d6-39d5-4acc-82d5-bcdb06b8cd4e req-c68a63d6-39d5-4acc-82d5-bcdb06b8cd4e ] Request (ServersTestMultiNic:test_verify_duplicate_network_nics): 200 GET http://10.180.1.21/compute/v2.1/servers/78894fda-8309-430a-ab38-ce1a415d83d3 0.114s
2024-12-12 15:25:07.980 66935 INFO tempest.lib.common.rest_client [req-d46e142a-0172-49b0-a830-d635477ab2d8 req-d46e142a-0172-49b0-a830-d635477ab2d8 ] Request (ServerActionsV293TestJSON:setUpClass): 200 GET http://10.180.1.21/compute/v2.1/servers/9361ee6a-7c4d-4409-bc3c-7da7d4550d97 0.078s
2024-12-12 15:25:08.033 66983 INFO tempest.lib.common.rest_client [req-c36da8bd-10fe-49e6-a8ce-43f6f090179b req-c36da8bd-10fe-49e6-a8ce-43f6f090179b ] Request (ServerDiskConfigTestJSON:test_rebuild_server_with_auto_disk_config): 200 GET http://10.180.1.21/compute/v2.1/servers/e3df56a7-eb82-4297-8aa3-f77c0380b6ec 0.069s
2024-12-12 15:25:08.040 66927 INFO tempest.lib.common.rest_client [req-216e91b8-2926-492a-b866-cbdca86bff3f req-216e91b8-2926-492a-b866-cbdca86bff3f ] Request (ListImageFiltersTestJSON:setUpClass): 200 GET http://10.180.1.21/compute/v2.1/images/dcb38905-84bc-4f0d-9bbd-6e6343d3cd85 0.045s
2024-12-12 15:25:08.084 66925 INFO tempest.lib.common.rest_client [req-315161d2-37fc-4640-a2be-6a593fbf2249 req-315161d2-37fc-4640-a2be-6a593fbf2249 ] Request (ListServersNegativeTestJSON:setUpClass): 200 GET http://10.180.1.21/compute/v2.1/servers/bef91c1c-a418-4464-ae7b-883ffb7e9695 0.068s
2024-12-12 15:25:08.134 66977 INFO tempest.lib.common.rest_client [req-f9abdf31-7070-4537-9398-309bbc7c47ab req-f9abdf31-7070-4537-9398-309bbc7c47ab ] Request (ServersTestJSON:test_create_server_with_ipv6_addr_only): 200 GET http://10.180.1.21/compute/v2.1/servers/5203c12e-14a0-4736-8185-8ead9a29b03b 0.053s
2024-12-12 15:25:08.145 66975 INFO tempest.lib.common.rest_client [req-f5f454d7-8a12-40f6-b2c2-e1ee951fab0c req-f5f454d7-8a12-40f6-b2c2-e1ee951fab0c ] Request (ServersAdminNegativeTestJSON:tearDownClass): 200 GET http://10.180.1.21/compute/v2.1/servers/d60c3a22-19fb-4826-be88-d0307810a079 0.059s
2024-12-12 15:25:08.233 66929 INFO tempest.lib.common.rest_client [req-559560ff-7376-4d1d-9be4-a2a62d4a28f7 req-559560ff-7376-4d1d-9be4-a2a62d4a28f7 ] Request (ServerGroupTestJSON:test_create_server_with_scheduler_hint_group): 200 GET http://10.180.1.21/compute/v2.1/servers/0b7c72e0-79b9-4435-9676-7a0e9afaf936 0.068s
2024-12-12 15:25:08.236 66955 INFO tempest.lib.common.rest_client [req-1be8994c-a502-4d2e-808f-7de6daad12c3 req-1be8994c-a502-4d2e-808f-7de6daad12c3 ] Request (ServerDiagnosticsNegativeTest:tearDownClass): 200 GET http://10.180.1.21/compute/v2.1/servers/40217405-dcba-48cf-9d92-4122390d9fa8 0.081s
2024-12-12 15:25:08.292 66943 INFO tempest.lib.common.rest_client [req-eae987b2-8c68-4333-8c00-255ff40acf22 req-eae987b2-8c68-4333-8c00-255ff40acf22 ] Request (DeleteServersTestJSON:test_delete_server_while_in_attached_volume): 200 GET http://10.180.1.21/compute/v2.1/servers/2d1425f2-ddf9-4e82-bcfe-e11c597d011a 0.082s
2024-12-12 15:25:08.302 66969 INFO tempest.lib.common.rest_client [req-28e96912-0ef0-4397-adb1-7fafa83e852d req-28e96912-0ef0-4397-adb1-7fafa83e852d ] Request (ImagesTestJSON:test_create_image_from_suspended_server): 200 GET http://10.180.1.21/compute/v2.1/servers/efbe39fa-d581-41ac-b51c-9c94c9839d7a 0.075s
2024-12-12 15:25:08.352 66961 INFO tempest.lib.common.rest_client [req-8ddc4f1b-9e78-4667-af38-91d40673c652 req-8ddc4f1b-9e78-4667-af38-91d40673c652 ] Request (DeleteServersAdminTestJSON:test_delete_server_while_in_error_state): 200 GET http://10.180.1.21/compute/v2.1/servers/f1c19f17-ce7c-481a-99fd-d0bb20f1520b 0.078s
2024-12-12 15:25:08.538 66957 INFO tempest.lib.common.rest_client [req-3a38d584-b8b6-4a4b-af60-a569a499f1bd req-3a38d584-b8b6-4a4b-af60-a569a499f1bd ] Request (SecurityGroupsTestJSON:test_server_security_groups): 200 GET http://10.180.1.21/compute/v2.1/servers/343a7e90-5e55-4125-8475-44050f267987 0.154s
2024-12-12 15:25:08.549 66951 INFO tempest.lib.common.rest_client [req-62fe46e1-0cf9-49ec-8cc0-1f7e45d36bff req-62fe46e1-0cf9-49ec-8cc0-1f7e45d36bff ] Request (FloatingIPsAssociationTestJSON:test_associate_already_associated_floating_ip): 200 GET http://10.180.1.21/compute/v2.1/servers/2b1805b3-2e03-410f-8222-64b8542d4a43 0.159s
2024-12-12 15:25:08.600 66979 INFO tempest.lib.common.rest_client [req-54c0e325-e339-488e-aa9e-5288f4855c7f req-54c0e325-e339-488e-aa9e-5288f4855c7f ] Request (ServersAdminTestJSON:test_inject_network_info): 200 GET http://10.180.1.21/compute/v2.1/servers/e753da08-d4a5-4f17-85c8-154e843798c9 0.162s
2024-12-12 15:25:08.614 66949 INFO tempest.lib.common.rest_client [req-b376edd6-8a4a-447b-afc8-f091308afc71 req-b376edd6-8a4a-447b-afc8-f091308afc71 ] Request (TenantUsagesTestJSON:setUpClass): 200 GET http://10.180.1.21/compute/v2.1/servers/eaed706d-b3db-46ed-8c70-08f80479afa4 0.172s
2024-12-12 15:25:08.665 66947 INFO tempest.lib.common.rest_client [req-0fa78f1c-b3ba-41bd-bff1-5040fb513fe1 req-0fa78f1c-b3ba-41bd-bff1-5040fb513fe1 ] Request (ImagesNegativeTestJSON:test_create_image_from_deleted_server): 200 GET http://10.180.1.21/compute/v2.1/servers/e2758650-2762-49f6-a678-f55425a89994 0.165s
2024-12-12 15:25:08.679 66973 INFO tempest.lib.common.rest_client [req-15be065d-dfa3-4f2f-80e8-2305ae1941b6 req-15be065d-dfa3-4f2f-80e8-2305ae1941b6 ] Request (VolumesAssistedSnapshotsTest:test_volume_assisted_snapshot_create_delete): 200 GET http://10.180.1.21/compute/v2.1/servers/72a11582-1fad-428a-bde1-e9d0b05731cd 0.176s
2024-12-12 15:25:08.731 66965 INFO tempest.lib.common.rest_client [req-49cde31c-d648-4b61-9b92-2eb0f678ef76 req-49cde31c-d648-4b61-9b92-2eb0f678ef76 ] Request (ServerShowV254Test:test_rebuild_server): 200 GET http://10.180.1.21/compute/v2.1/servers/c390d1ca-a199-4df6-847a-b543630a7bf5 0.180s
2024-12-12 15:25:08.848 66987 INFO tempest.lib.common.rest_client [req-c47d2131-7793-4d9a-8b6a-6433f4678554 req-c47d2131-7793-4d9a-8b6a-6433f4678554 ] Request (AttachInterfacesV270Test:tearDownClass): 200 GET http://10.180.1.21/compute/v2.1/servers/41182989-2537-42f0-8c37-792b8b2c5206 0.065s
2024-12-12 15:25:09.055 66971 WARNING tempest.lib.common.ssh [-] Failed to establish authenticated ssh connection to cirros@10.180.180.206 ([Errno None] Unable to connect to port 22 on 10.180.180.206). Number attempts: 8. Retry after 9 seconds.: paramiko.ssh_exception.NoValidConnectionsError: [Errno None] Unable to connect to port 22 on 10.180.180.206
2024-12-12 15:25:09.066 66935 INFO tempest.lib.common.rest_client [req-ef04357d-dee4-4c7c-9fbc-24ad7428367f req-ef04357d-dee4-4c7c-9fbc-24ad7428367f ] Request (ServerActionsV293TestJSON:setUpClass): 200 GET http://10.180.1.21/compute/v2.1/servers/9361ee6a-7c4d-4409-bc3c-7da7d4550d97 0.076s
2024-12-12 15:25:09.132 66983 INFO tempest.lib.common.rest_client [req-604e6cfd-6910-4ceb-91f3-8f42123665ee req-604e6cfd-6910-4ceb-91f3-8f42123665ee ] Request (ServerDiskConfigTestJSON:test_rebuild_server_with_auto_disk_config): 200 GET http://10.180.1.21/compute/v2.1/servers/e3df56a7-eb82-4297-8aa3-f77c0380b6ec 0.092s
2024-12-12 15:25:09.175 66927 INFO tempest.lib.common.rest_client [req-8bd37e0e-f1c8-470a-bbc1-242e1d3f2b54 req-8bd37e0e-f1c8-470a-bbc1-242e1d3f2b54 ] Request (ListImageFiltersTestJSON:setUpClass): 200 GET http://10.180.1.21/compute/v2.1/images/dcb38905-84bc-4f0d-9bbd-6e6343d3cd85 0.130s
2024-12-12 15:25:09.250 66925 INFO tempest.lib.common.rest_client [req-b88ba13c-a5c7-4ada-b769-5c59a38b7e20 req-b88ba13c-a5c7-4ada-b769-5c59a38b7e20 ] Request (ListServersNegativeTestJSON:setUpClass): 200 GET http://10.180.1.21/compute/v2.1/servers/bef91c1c-a418-4464-ae7b-883ffb7e9695 0.158s
2024-12-12 15:25:09.259 66939 INFO tempest.lib.common.rest_client [req-d5f5cc03-9970-4f91-be4a-c525d103bba0 req-d5f5cc03-9970-4f91-be4a-c525d103bba0 ] Request (ServersTestMultiNic:test_verify_duplicate_network_nics): 200 GET http://10.180.1.21/compute/v2.1/servers/78894fda-8309-430a-ab38-ce1a415d83d3 0.306s
2024-12-12 15:25:09.312 66977 INFO tempest.lib.common.rest_client [req-25390024-2b83-4d11-a2f0-0b466d30dc90 req-25390024-2b83-4d11-a2f0-0b466d30dc90 ] Request (ServersTestJSON:test_create_server_with_ipv6_addr_only): 200 GET http://10.180.1.21/compute/v2.1/servers/5203c12e-14a0-4736-8185-8ead9a29b03b 0.170s
2024-12-12 15:25:09.335 66975 INFO tempest.lib.common.rest_client [req-b0fdd6c1-c1f5-4d01-b0af-fe2e700e5b50 req-b0fdd6c1-c1f5-4d01-b0af-fe2e700e5b50 ] Request (ServersAdminNegativeTestJSON:tearDownClass): 200 GET http://10.180.1.21/compute/v2.1/servers/d60c3a22-19fb-4826-be88-d0307810a079 0.183s
2024-12-12 15:25:09.367 66929 INFO tempest.lib.common.rest_client [req-7cb57f06-30a6-417f-87bd-2c8554d31517 req-7cb57f06-30a6-417f-87bd-2c8554d31517 ] Request (ServerGroupTestJSON:test_create_server_with_scheduler_hint_group): 200 GET http://10.180.1.21/compute/v2.1/servers/0b7c72e0-79b9-4435-9676-7a0e9afaf936 0.126s
2024-12-12 15:25:09.395 66955 INFO tempest.lib.common.rest_client [req-a4ab3890-af5c-4f44-8881-759b8ce091e6 req-a4ab3890-af5c-4f44-8881-759b8ce091e6 ] Request (ServerDiagnosticsNegativeTest:tearDownClass): 200 GET http://10.180.1.21/compute/v2.1/servers/40217405-dcba-48cf-9d92-4122390d9fa8 0.148s
2024-12-12 15:25:09.435 66943 INFO tempest.lib.common.rest_client [req-cf94fc36-3590-4f89-863a-a0d33a6235f9 req-cf94fc36-3590-4f89-863a-a0d33a6235f9 ] Request (DeleteServersTestJSON:test_delete_server_while_in_attached_volume): 200 GET http://10.180.1.21/compute/v2.1/servers/2d1425f2-ddf9-4e82-bcfe-e11c597d011a 0.136s
2024-12-12 15:25:09.446 66969 INFO tempest.lib.common.rest_client [req-46eea8ec-5a7b-46bd-895e-096cc0f7a484 req-46eea8ec-5a7b-46bd-895e-096cc0f7a484 ] Request (ImagesTestJSON:test_create_image_from_suspended_server): 200 GET http://10.180.1.21/compute/v2.1/servers/efbe39fa-d581-41ac-b51c-9c94c9839d7a 0.137s
2024-12-12 15:25:09.488 66961 INFO tempest.lib.common.rest_client [req-d0ee389c-01ec-4658-a1ec-043effcf49dc req-d0ee389c-01ec-4658-a1ec-043effcf49dc ] Request (DeleteServersAdminTestJSON:test_delete_server_while_in_error_state): 200 GET http://10.180.1.21/compute/v2.1/servers/f1c19f17-ce7c-481a-99fd-d0bb20f1520b 0.129s
2024-12-12 15:25:09.687 66957 INFO tempest.lib.common.rest_client [req-5054d3cd-54fa-4c00-920b-7038daaaa67b req-5054d3cd-54fa-4c00-920b-7038daaaa67b ] Request (SecurityGroupsTestJSON:test_server_security_groups): 200 GET http://10.180.1.21/compute/v2.1/servers/343a7e90-5e55-4125-8475-44050f267987 0.141s
2024-12-12 15:25:09.691 66951 INFO tempest.lib.common.rest_client [req-687e8d6a-da28-4423-be95-9f65ea368743 req-687e8d6a-da28-4423-be95-9f65ea368743 ] Request (FloatingIPsAssociationTestJSON:test_associate_already_associated_floating_ip): 200 GET http://10.180.1.21/compute/v2.1/servers/2b1805b3-2e03-410f-8222-64b8542d4a43 0.130s
2024-12-12 15:25:09.742 66979 INFO tempest.lib.common.rest_client [req-52acff47-035c-471a-a763-4bf1caf32f2b req-52acff47-035c-471a-a763-4bf1caf32f2b ] Request (ServersAdminTestJSON:test_inject_network_info): 200 GET http://10.180.1.21/compute/v2.1/servers/e753da08-d4a5-4f17-85c8-154e843798c9 0.134s
