2024-12-12 15:23:44.322 66947 INFO tempest.lib.common.rest_client [req-3e5d1842-7be2-4d12-9eb2-5259771c82a0 req-3e5d1842-7be2-4d12-9eb2-5259771c82a0 ] Request (SecurityGroupsTestAdminJSON:_run_cleanups): 202 DELETE http://10.180.1.21/compute/v2.1/os-security-groups/1744b3e7-803a-4dee-ab18-15e5f3f0a2da 1.303s
2024-12-12 15:23:44.334 66939 INFO tempest.lib.common.rest_client [req-9eccb19f-cd96-4820-bc86-18543352aeab req-9eccb19f-cd96-4820-bc86-18543352aeab ] Request (KeyPairsV210TestJSON:setUpClass): 201 POST http://10.180.1.21/identity/v3/projects 0.037s
2024-12-12 15:23:44.390 66939 INFO tempest.lib.common.rest_client [req-c144ff8e-795c-43b8-8055-1e63e85ae227 req-c144ff8e-795c-43b8-8055-1e63e85ae227 ] Request (KeyPairsV210TestJSON:setUpClass): 201 POST http://10.180.1.21/identity/v3/users 0.055s
2024-12-12 15:23:44.417 66947 INFO tempest.lib.common.rest_client [req-59b15546-c090-49ed-a8f5-7d699004d107 req-59b15546-c090-49ed-a8f5-7d699004d107 ] Request (SecurityGroupsTestAdminJSON:tearDownClass): 204 DELETE http://10.180.1.21/identity/v3/users/c0af5fbca0e64048ac5671be9c253202 0.093s
2024-12-12 15:23:44.470 66939 INFO tempest.lib.common.rest_client [req-cf1abf85-f0d7-4833-b050-d19871219ae7 req-cf1abf85-f0d7-4833-b050-d19871219ae7 ] Request (KeyPairsV210TestJSON:setUpClass): 200 GET http://10.180.1.21/identity/v3/roles 0.080s
2024-12-12 15:23:44.528 66955 INFO tempest.lib.common.rest_client [req-24543fc9-748a-4d3a-873b-94e4c14ea3fe req-24543fc9-748a-4d3a-873b-94e4c14ea3fe ] Request (QuotasAdminTestJSON:test_update_all_quota_resources_for_tenant): 200 GET http://10.180.1.21/compute/v2.1/os-quota-sets/d9276b00a7724c0e86923664c59ed1d7/defaults 1.159s
2024-12-12 15:23:44.534 66947 INFO tempest.lib.common.rest_client [req-adf2154b-23fc-42a9-874f-cd8fd44549eb req-adf2154b-23fc-42a9-874f-cd8fd44549eb ] Request (SecurityGroupsTestAdminJSON:tearDownClass): 204 DELETE http://10.180.1.21/identity/v3/users/d87daf96940440fb81368c6a2dfe995d 0.116s
2024-12-12 15:23:44.534 66947 INFO tempest.lib.common.dynamic_creds [-] Deleting project and security group for project: d1c60be82dd249e3860bc3164c19eab6
2024-12-12 15:23:44.581 66939 INFO tempest.lib.common.rest_client [req-ee7e2482-08e2-4309-8e47-eeabd26ce6ed req-ee7e2482-08e2-4309-8e47-eeabd26ce6ed ] Request (KeyPairsV210TestJSON:setUpClass): 204 PUT http://10.180.1.21/identity/v3/projects/ac1ae57e342b4b85bb93306fe29d851d/users/ac0f72c38334448da818b8ba21199248/roles/08066019558748538e66a84e912cb085 0.111s
2024-12-12 15:23:44.582 66939 INFO tempest.lib.common.dynamic_creds [-] Dynamic test user ac0f72c38334448da818b8ba21199248 is created with scope project and roles: ['member']
2024-12-12 15:23:44.582 66939 INFO tempest.lib.common.dynamic_creds [-] Acquired dynamic creds: credentials: Credentials: {'domain_id': 'default', 'domain_name': 'Default', 'username': 'tempest-KeyPairsV210TestJSON-1556439522-project-member', 'project_domain_id': 'default', 'project_domain_name': 'Default', 'project_id': 'ac1ae57e342b4b85bb93306fe29d851d', 'project_name': 'tempest-KeyPairsV210TestJSON-1556439522', 'tenant_id': 'ac1ae57e342b4b85bb93306fe29d851d', 'tenant_name': 'tempest-KeyPairsV210TestJSON-1556439522', 'user_domain_id': 'default', 'user_domain_name': 'Default', 'user_id': 'ac0f72c38334448da818b8ba21199248', 'system': None}, Network: None, Subnet: None, Router: None
2024-12-12 15:23:44.582 66939 INFO tempest.lib.common.dynamic_creds [-] Created isolated network resources for: credentials: Credentials: {'domain_id': 'default', 'domain_name': 'Default', 'username': 'tempest-KeyPairsV210TestJSON-1556439522-project-member', 'project_domain_id': 'default', 'project_domain_name': 'Default', 'project_id': 'ac1ae57e342b4b85bb93306fe29d851d', 'project_name': 'tempest-KeyPairsV210TestJSON-1556439522', 'tenant_id': 'ac1ae57e342b4b85bb93306fe29d851d', 'tenant_name': 'tempest-KeyPairsV210TestJSON-1556439522', 'user_domain_id': 'default', 'user_domain_name': 'Default', 'user_id': 'ac0f72c38334448da818b8ba21199248', 'system': None}, Network: None, Subnet: None, Router: None
2024-12-12 15:23:44.610 66947 INFO tempest.lib.common.rest_client [req-76f75767-afa6-40e9-ac4d-dc73d3706674 req-76f75767-afa6-40e9-ac4d-dc73d3706674 ] Request (SecurityGroupsTestAdminJSON:tearDownClass): 201 POST http://10.180.1.21/identity/v3/auth/tokens 0.075s
2024-12-12 15:23:44.635 66969 INFO tempest.lib.common.rest_client [req-b86da98e-f6e7-48f8-a4fa-0576ff501cc7 req-b86da98e-f6e7-48f8-a4fa-0576ff501cc7 ] Request (ImagesTestJSON:test_create_image_from_stopped_server): 200 GET http://10.180.1.21/compute/v2.1/servers/99eccbef-0e76-4532-af2f-5d74e563e1d2 1.294s
2024-12-12 15:23:44.672 66939 INFO tempest.lib.common.rest_client [req-ac03b954-32fb-4157-9bca-6cbebfdb8711 req-ac03b954-32fb-4157-9bca-6cbebfdb8711 ] Request (KeyPairsV210TestJSON:setUpClass): 201 POST http://10.180.1.21/identity/v3/auth/tokens 0.086s
2024-12-12 15:23:44.712 66951 INFO tempest.lib.common.rest_client [req-edee75be-8cf7-4e4a-bbb0-639b9370cf82 req-edee75be-8cf7-4e4a-bbb0-639b9370cf82 ] Request (FloatingIPsAssociationTestJSON:setUpClass): 200 GET http://10.180.1.21/compute/v2.1/servers/0c72c98b-57f0-44e5-9159-490b27eac3a6 1.302s
2024-12-12 15:23:44.722 66957 INFO tempest.lib.common.rest_client [req-5de4a0e2-8c05-4bc6-9dd5-af8dc3dbb0cb req-5de4a0e2-8c05-4bc6-9dd5-af8dc3dbb0cb ] Request (SecurityGroupsTestJSON:test_list_security_groups_by_server): 200 GET http://10.180.1.21/compute/v2.1/servers/a1f24cfe-88f0-4e73-9ade-2dcf907848a1/os-security-groups 1.317s
2024-12-12 15:23:44.743 66939 INFO tempest.lib.common.rest_client [req-007128dc-a4d1-4594-8d4b-cc8950dc21fb req-007128dc-a4d1-4594-8d4b-cc8950dc21fb ] Request (KeyPairsV210TestJSON:setUpClass): 201 POST http://10.180.1.21/identity/v3/projects 0.070s
2024-12-12 15:23:44.744 66931 INFO tempest.lib.common.rest_client [req-d95d3f58-d8e2-48e4-919c-196ff6bd5a8d req-d95d3f58-d8e2-48e4-919c-196ff6bd5a8d ] Request (ServerPasswordTestJSON:test_get_server_password): 200 GET http://10.180.1.21/compute/v2.1/servers/97890eda-0c1d-4423-acd2-60d3097c6f8a/os-server-password 1.282s
2024-12-12 15:23:44.809 66939 INFO tempest.lib.common.rest_client [req-898f9f44-259e-4040-9b35-4d3f97c2ac08 req-898f9f44-259e-4040-9b35-4d3f97c2ac08 ] Request (KeyPairsV210TestJSON:setUpClass): 201 POST http://10.180.1.21/identity/v3/users 0.065s
2024-12-12 15:23:44.834 66939 INFO tempest.lib.common.rest_client [req-83315f61-be9e-45e6-ab21-08c42cb50bc3 req-83315f61-be9e-45e6-ab21-08c42cb50bc3 ] Request (KeyPairsV210TestJSON:setUpClass): 200 GET http://10.180.1.21/identity/v3/roles 0.024s
2024-12-12 15:23:44.864 66939 INFO tempest.lib.common.rest_client [req-1b60ffba-71aa-4410-886f-b598d8858a97 req-1b60ffba-71aa-4410-886f-b598d8858a97 ] Request (KeyPairsV210TestJSON:setUpClass): 204 PUT http://10.180.1.21/identity/v3/projects/6cf450e45f2a4cabbca8e325f1f95a89/users/d498d6b47df1483d8b301d7589e41534/roles/2ba19dc4028840028471d7609720f106 0.029s
2024-12-12 15:23:44.930 66939 INFO tempest.lib.common.rest_client [req-42318662-2846-407f-a9be-4d83c741884a req-42318662-2846-407f-a9be-4d83c741884a ] Request (KeyPairsV210TestJSON:setUpClass): 200 GET http://10.180.1.21/identity/v3/roles 0.066s
2024-12-12 15:23:44.949 66939 INFO tempest.lib.common.rest_client [req-1078fffa-5e89-4105-a7f9-f179d94eea1c req-1078fffa-5e89-4105-a7f9-f179d94eea1c ] Request (KeyPairsV210TestJSON:setUpClass): 204 PUT http://10.180.1.21/identity/v3/projects/6cf450e45f2a4cabbca8e325f1f95a89/users/d498d6b47df1483d8b301d7589e41534/roles/2ba19dc4028840028471d7609720f106 0.018s
2024-12-12 15:23:44.950 66939 INFO tempest.lib.common.dynamic_creds [-] Dynamic test user d498d6b47df1483d8b301d7589e41534 is created with scope project and roles: ['admin']
2024-12-12 15:23:44.950 66939 INFO tempest.lib.common.dynamic_creds [-] Acquired dynamic creds: credentials: Credentials: {'domain_id': 'default', 'domain_name': 'Default', 'username': 'tempest-KeyPairsV210TestJSON-1640315630-project-admin', 'project_domain_id': 'default', 'project_domain_name': 'Default', 'project_id': '6cf450e45f2a4cabbca8e325f1f95a89', 'project_name': 'tempest-KeyPairsV210TestJSON-1640315630', 'tenant_id': '6cf450e45f2a4cabbca8e325f1f95a89', 'tenant_name': 'tempest-KeyPairsV210TestJSON-1640315630', 'user_domain_id': 'default', 'user_domain_name': 'Default', 'user_id': 'd498d6b47df1483d8b301d7589e41534', 'system': None}, Network: None, Subnet: None, Router: None
2024-12-12 15:23:44.950 66939 INFO tempest.lib.common.dynamic_creds [-] Created isolated network resources for: credentials: Credentials: {'domain_id': 'default', 'domain_name': 'Default', 'username': 'tempest-KeyPairsV210TestJSON-1640315630-project-admin', 'project_domain_id': 'default', 'project_domain_name': 'Default', 'project_id': '6cf450e45f2a4cabbca8e325f1f95a89', 'project_name': 'tempest-KeyPairsV210TestJSON-1640315630', 'tenant_id': '6cf450e45f2a4cabbca8e325f1f95a89', 'tenant_name': 'tempest-KeyPairsV210TestJSON-1640315630', 'user_domain_id': 'default', 'user_domain_name': 'Default', 'user_id': 'd498d6b47df1483d8b301d7589e41534', 'system': None}, Network: None, Subnet: None, Router: None
2024-12-12 15:23:44.972 66947 INFO tempest.lib.common.rest_client [req-849e12ba-43e8-4dcb-9d84-2f7ba7c67c1f req-849e12ba-43e8-4dcb-9d84-2f7ba7c67c1f ] Request (SecurityGroupsTestAdminJSON:tearDownClass): 200 GET http://10.180.1.21:9696/networking/v2.0/security-groups?tenant_id=d1c60be82dd249e3860bc3164c19eab6&name=default 0.361s
2024-12-12 15:23:44.986 66979 INFO tempest.lib.common.rest_client [req-b6b59946-4651-4c0b-9977-ebba1336c6cd req-b6b59946-4651-4c0b-9977-ebba1336c6cd ] Request (ServersAdminTestJSON:test_create_server_with_scheduling_hint): 200 GET http://10.180.1.21/compute/v2.1/servers/ac35fa03-aeca-4e18-84ab-cb80bb4cabfd 1.509s
2024-12-12 15:23:45.000 66987 INFO tempest.lib.common.rest_client [req-9bc29d8f-2dc1-4ff6-917d-38c8d8924e74 req-9bc29d8f-2dc1-4ff6-917d-38c8d8924e74 ] Request (AttachInterfacesV270Test:test_create_get_list_interfaces): 200 GET http://10.180.1.21/compute/v2.1/servers/41182989-2537-42f0-8c37-792b8b2c5206 1.510s
2024-12-12 15:23:45.035 66939 INFO tempest.lib.common.rest_client [req-9ee6658f-b65d-4abb-95c8-4d05dd9c05eb req-9ee6658f-b65d-4abb-95c8-4d05dd9c05eb ] Request (KeyPairsV210TestJSON:setUpClass): 201 POST http://10.180.1.21/identity/v3/auth/tokens 0.082s
2024-12-12 15:23:45.048 66971 INFO tempest.lib.common.rest_client [req-75fc5e65-5792-48ec-8c2e-53b100d8aabb req-75fc5e65-5792-48ec-8c2e-53b100d8aabb ] Request (ServersTestBootFromVolume:setUpClass): 200 GET http://10.180.1.21/compute/v2.1/servers/c8e94dd5-64eb-4c4f-bb45-b49e468cb5c3 1.490s
2024-12-12 15:23:45.081 66925 INFO tempest.lib.common.rest_client [req-45639fbd-aa39-4acc-9b13-dac4e8287dde req-45639fbd-aa39-4acc-9b13-dac4e8287dde ] Request (ServerExternalEventsTest:tearDownClass): 200 GET http://10.180.1.21/compute/v2.1/servers/0440c0a8-f065-4a82-b190-33279e7c0d93 1.386s
2024-12-12 15:23:45.086 66929 INFO tempest.lib.common.rest_client [req-702cec3a-5e9c-45d7-975e-4d4463dd124f req-702cec3a-5e9c-45d7-975e-4d4463dd124f ] Request (FloatingIPsNegativeTestJSON:setUpClass): 201 POST http://10.180.1.21:9696/networking/v2.0/routers 1.399s
2024-12-12 15:23:45.156 66967 INFO tempest.lib.common.rest_client [req-092e7714-ab71-4fad-9de4-afc1e0567586 req-092e7714-ab71-4fad-9de4-afc1e0567586 ] Request (ServerDiagnosticsV248Test:tearDownClass): 200 GET http://10.180.1.21/compute/v2.1/servers/69c73342-258a-4b00-ba1b-ffdd5f247890 1.389s
2024-12-12 15:23:45.174 66983 INFO tempest.lib.common.rest_client [req-b52a042e-b04f-410f-a1cf-d3f0f7562d10 req-b52a042e-b04f-410f-a1cf-d3f0f7562d10 ] Request (ServersAdmin275Test:tearDownClass): 200 GET http://10.180.1.21/compute/v2.1/servers/b4182e53-50db-4256-b376-b00100778935 1.345s
2024-12-12 15:23:45.190 66985 INFO tempest.lib.common.rest_client [req-6ee1fe74-3c88-478f-abe3-97c33f806d1b req-6ee1fe74-3c88-478f-abe3-97c33f806d1b ] Request (FlavorsAdminTestJSON:test_is_public_string_variations): 200 GET http://10.180.1.21/compute/v2.1/flavors/detail?is_public=false 1.001s
2024-12-12 15:23:45.201 66973 INFO tempest.lib.common.rest_client [req-48629589-02eb-4f2a-816f-2fee175ef18e req-48629589-02eb-4f2a-816f-2fee175ef18e ] Request (AggregatesAdminNegativeTestJSON:test_aggregate_list_as_user): 403 GET http://10.180.1.21/compute/v2.1/os-aggregates 1.005s
2024-12-12 15:23:45.285 66953 INFO tempest.lib.common.rest_client [req-36abd81e-524a-47d1-a0a3-fea37c2a315e req-36abd81e-524a-47d1-a0a3-fea37c2a315e ] Request (ServersTestFqdnHostnames:test_create_server_with_fqdn_name): 200 GET http://10.180.1.21/compute/v2.1/servers/5fce9350-6d45-4bfb-a74b-f5b384ecb16c 1.003s
2024-12-12 15:23:45.345 66947 INFO tempest.lib.common.rest_client [req-a071bac4-2572-4ac1-998a-2fc50c15af40 req-a071bac4-2572-4ac1-998a-2fc50c15af40 ] Request (SecurityGroupsTestAdminJSON:tearDownClass): 204 DELETE http://10.180.1.21:9696/networking/v2.0/security-groups/e0e35e34-e1d8-47f4-bb31-fb2f0800e6b5 0.373s
2024-12-12 15:23:45.393 66935 INFO tempest.lib.common.rest_client [req-e445dbc9-c589-40e5-a014-a75a9dadd0db req-e445dbc9-c589-40e5-a014-a75a9dadd0db ] Request (SecurityGroupRulesNegativeTestJSON:setUpClass): 200 PUT http://10.180.1.21:9696/networking/v2.0/routers/87a0176c-fd18-4def-85fd-6a254c9d3675/add_router_interface 1.904s
2024-12-12 15:23:45.394 66935 INFO tempest.lib.common.dynamic_creds [-] Created isolated network resources for: credentials: Credentials: {'domain_id': 'default', 'domain_name': 'Default', 'username': 'tempest-SecurityGroupRulesNegativeTestJSON-964852937-project-member', 'project_domain_id': 'default', 'project_domain_name': 'Default', 'project_id': 'ac64fa7b01e44257958af58fe9476683', 'project_name': 'tempest-SecurityGroupRulesNegativeTestJSON-964852937', 'tenant_id': 'ac64fa7b01e44257958af58fe9476683', 'tenant_name': 'tempest-SecurityGroupRulesNegativeTestJSON-964852937', 'user_domain_id': 'default', 'user_domain_name': 'Default', 'user_id': '05cebc0287db4e03bdf947ec4ab88eb6', 'system': None}, Network: {'id': '9f695d02-a1a7-44fc-ba74-aad08375b141', 'name': 'tempest-SecurityGroupRulesNegativeTestJSON-1110752183-network', 'tenant_id': 'ac64fa7b01e44257958af58fe9476683', 'admin_state_up': True, 'mtu': 8950, 'status': 'ACTIVE', 'subnets': [], 'shared': False, 'project_id': 'ac64fa7b01e44257958af58fe9476683', 'port_security_enabled': True, 'router:external': False, 'provider:network_type': 'vlan', 'provider:physical_network': 'default', 'provider:segmentation_id': 252, 'availability_zone_hints': [], 'availability_zones': [], 'ipv4_address_scope': None, 'ipv6_address_scope': None, 'description': '', 'tags': [], 'created_at': '2024-12-12T15:23:42Z', 'updated_at': '2024-12-12T15:23:42Z', 'revision_number': 1}, Subnet: {'id': '98d6d455-e8a6-45e6-b946-03c1fdc4e7d8', 'name': 'tempest-SecurityGroupRulesNegativeTestJSON-1110752183-subnet', 'tenant_id': 'ac64fa7b01e44257958af58fe9476683', 'network_id': '9f695d02-a1a7-44fc-ba74-aad08375b141', 'ip_version': 4, 'subnetpool_id': None, 'enable_dhcp': True, 'ipv6_ra_mode': None, 'ipv6_address_mode': None, 'gateway_ip': '192.168.128.1', 'cidr': '192.168.128.0/28', 'allocation_pools': [{'start': '192.168.128.2', 'end': '192.168.128.14'}], 'host_routes': [], 'dns_nameservers': [], 'description': '', 'router:external': False, 'service_types': [], 'tags': [], 'created_at': '2024-12-12T15:23:42Z', 'updated_at': '2024-12-12T15:23:42Z', 'revision_number': 0, 'project_id': 'ac64fa7b01e44257958af58fe9476683'}, Router: {'id': '87a0176c-fd18-4def-85fd-6a254c9d3675', 'name': 'tempest-SecurityGroupRulesNegativeTestJSON-1110752183-router', 'tenant_id': 'ac64fa7b01e44257958af58fe9476683', 'admin_state_up': True, 'status': 'ACTIVE', 'external_gateway_info': {'network_id': '2371bf6e-1eb8-44a8-afe6-2fa8139f7bae', 'external_fixed_ips': [{'subnet_id': '7f4b2123-7b51-4d53-8778-bc088ad7cba0', 'ip_address': '10.180.180.188'}], 'enable_snat': True}, 'description': '', 'availability_zones': [], 'distributed': False, 'ha': False, 'availability_zone_hints': [], 'routes': [], 'flavor_id': None, 'tags': [], 'created_at': '2024-12-12T15:23:42Z', 'updated_at': '2024-12-12T15:23:42Z', 'revision_number': 2, 'project_id': 'ac64fa7b01e44257958af58fe9476683'}
2024-12-12 15:23:45.464 66947 INFO tempest.lib.common.rest_client [req-12417f57-ca5e-442e-8995-1459d627226f req-12417f57-ca5e-442e-8995-1459d627226f ] Request (SecurityGroupsTestAdminJSON:tearDownClass): 204 DELETE http://10.180.1.21/identity/v3/projects/d1c60be82dd249e3860bc3164c19eab6 0.119s
2024-12-12 15:23:45.464 66947 INFO tempest.lib.common.dynamic_creds [-] Deleting project and security group for project: cc646be0eb2544c6b44c7d9402821af4
2024-12-12 15:23:45.478 66935 INFO tempest.lib.common.rest_client [req-f5d7b7a9-7df3-42da-9a67-6e193a1d94ff req-f5d7b7a9-7df3-42da-9a67-6e193a1d94ff ] Request (SecurityGroupRulesNegativeTestJSON:setUpClass): 201 POST http://10.180.1.21/identity/v3/auth/tokens 0.077s
2024-12-12 15:23:45.516 66965 INFO tempest.lib.common.rest_client [req-57761748-23a1-4961-9fa2-ddb38a148153 req-57761748-23a1-4961-9fa2-ddb38a148153 ] Request (QuotasAdminNegativeTest:test_create_server_when_memory_quota_is_full): 403 POST http://10.180.1.21/compute/v2.1/servers 1.528s
2024-12-12 15:23:45.530 66947 INFO tempest.lib.common.rest_client [req-3c0bc777-ab97-4936-b08f-bb233d22bf3c req-3c0bc777-ab97-4936-b08f-bb233d22bf3c ] Request (SecurityGroupsTestAdminJSON:tearDownClass): 200 GET http://10.180.1.21:9696/networking/v2.0/security-groups?tenant_id=cc646be0eb2544c6b44c7d9402821af4&name=default 0.065s
2024-12-12 15:23:45.540 66955 INFO tempest.lib.common.rest_client [req-44cf323f-0147-4b70-9bf9-aaf1a7e7468a req-44cf323f-0147-4b70-9bf9-aaf1a7e7468a ] Request (QuotasAdminTestJSON:test_update_all_quota_resources_for_tenant): 200 PUT http://10.180.1.21/compute/v2.1/os-quota-sets/d9276b00a7724c0e86923664c59ed1d7 1.009s
2024-12-12 15:23:45.604 66961 INFO tempest.lib.common.rest_client [req-c9f62ace-dc78-4518-94e0-52406e9dbd30 req-c9f62ace-dc78-4518-94e0-52406e9dbd30 ] Request (DeleteServersAdminTestJSON:test_admin_delete_servers_of_others): 200 GET http://10.180.1.21/compute/v2.1/servers/bbb94f08-7df2-457e-bc5b-d0008839cf20 1.044s
2024-12-12 15:23:45.672 66949 INFO tempest.lib.common.rest_client [req-fd9bcad8-12e0-4dee-9cb6-e277fdf1a8ba req-fd9bcad8-12e0-4dee-9cb6-e277fdf1a8ba ] Request (ServerDiagnosticsTest:test_get_server_diagnostics): 200 GET http://10.180.1.21/compute/v2.1/servers/fe8eaeee-56b2-4974-a448-8f95848b3b3a 1.017s
2024-12-12 15:23:45.679 66947 INFO tempest.lib.common.rest_client [req-23a5935a-4ac2-411d-8f5c-ed4bebc69ab1 req-23a5935a-4ac2-411d-8f5c-ed4bebc69ab1 ] Request (SecurityGroupsTestAdminJSON:tearDownClass): 204 DELETE http://10.180.1.21:9696/networking/v2.0/security-groups/0063c29c-5b49-4f83-acaf-d163b7d20c81 0.149s
2024-12-12 15:23:45.744 66963 INFO tempest.lib.common.rest_client [req-006d2f36-7535-4597-8303-ab865ff69866 req-006d2f36-7535-4597-8303-ab865ff69866 ] Request (ServersWithSpecificFlavorTestJSON:test_verify_created_server_ephemeral_disk): 200 GET http://10.180.1.21/compute/v2.1/servers/44508cc6-c576-4c30-8559-75118ceba02a 1.094s
2024-12-12 15:23:45.774 66947 INFO tempest.lib.common.rest_client [req-30e583cc-204b-4b85-add5-101edbe77b93 req-30e583cc-204b-4b85-add5-101edbe77b93 ] Request (SecurityGroupsTestAdminJSON:tearDownClass): 204 DELETE http://10.180.1.21/identity/v3/projects/cc646be0eb2544c6b44c7d9402821af4 0.094s
2024-12-12 15:23:45.870 66947 INFO tempest.lib.common.rest_client [req-1d74213d-8690-4d72-a733-3aca04e3d7d0 req-1d74213d-8690-4d72-a733-3aca04e3d7d0 ] Request (ImagesNegativeTestJSON:setUpClass): 201 POST http://10.180.1.21/identity/v3/auth/tokens 0.094s
2024-12-12 15:23:45.909 66947 INFO tempest.lib.common.rest_client [req-6ede2f25-4684-4e9b-b013-01f4fac32cf7 req-6ede2f25-4684-4e9b-b013-01f4fac32cf7 ] Request (ImagesNegativeTestJSON:setUpClass): 201 POST http://10.180.1.21/identity/v3/auth/tokens 0.037s
2024-12-12 15:23:45.938 66947 INFO tempest.lib.common.rest_client [req-17823629-0a3e-4177-bd5d-1184fdbfbc51 req-17823629-0a3e-4177-bd5d-1184fdbfbc51 ] Request (ImagesNegativeTestJSON:setUpClass): 200 GET http://10.180.1.21/identity/v3/domains?name=Default 0.028s
2024-12-12 15:23:45.982 66947 INFO tempest.lib.common.rest_client [req-c01fe94a-5fa2-475b-93a3-5240caf9433b req-c01fe94a-5fa2-475b-93a3-5240caf9433b ] Request (ImagesNegativeTestJSON:setUpClass): 201 POST http://10.180.1.21/identity/v3/projects 0.044s
2024-12-12 15:23:46.062 66947 INFO tempest.lib.common.rest_client [req-5b8d514c-2d86-4a6d-a1f6-d9dd6c7c8bea req-5b8d514c-2d86-4a6d-a1f6-d9dd6c7c8bea ] Request (ImagesNegativeTestJSON:setUpClass): 201 POST http://10.180.1.21/identity/v3/users 0.080s
2024-12-12 15:23:46.084 66933 INFO tempest.lib.common.rest_client [req-c353a776-1fd4-4b63-9360-02751c3b3e9f req-c353a776-1fd4-4b63-9360-02751c3b3e9f ] Request (AttachInterfacesTestJSON:setUpClass): 201 POST http://10.180.1.21:9696/networking/v2.0/routers 2.076s
2024-12-12 15:23:46.085 66947 INFO tempest.lib.common.rest_client [req-4773748f-003c-4162-b8f0-7c3871b35f27 req-4773748f-003c-4162-b8f0-7c3871b35f27 ] Request (ImagesNegativeTestJSON:setUpClass): 200 GET http://10.180.1.21/identity/v3/roles 0.022s
2024-12-12 15:23:46.107 66957 INFO tempest.lib.common.rest_client [req-0c80035d-5e88-4e1c-bb85-998695d546fb req-0c80035d-5e88-4e1c-bb85-998695d546fb ] Request (SecurityGroupsTestJSON:test_security_group_create_get_delete): 200 POST http://10.180.1.21/compute/v2.1/os-security-groups 1.380s
2024-12-12 15:23:46.126 66947 INFO tempest.lib.common.rest_client [req-60530fef-8906-41e7-a0b4-ee198ff45eac req-60530fef-8906-41e7-a0b4-ee198ff45eac ] Request (ImagesNegativeTestJSON:setUpClass): 204 PUT http://10.180.1.21/identity/v3/projects/b914905bfcb64d31bae51b7236dc5b57/users/bb65db44f8304f9fbdd3106554e0cf98/roles/08066019558748538e66a84e912cb085 0.041s
2024-12-12 15:23:46.126 66947 INFO tempest.lib.common.dynamic_creds [-] Dynamic test user bb65db44f8304f9fbdd3106554e0cf98 is created with scope project and roles: ['member']
2024-12-12 15:23:46.126 66947 INFO tempest.lib.common.dynamic_creds [-] Acquired dynamic creds: credentials: Credentials: {'domain_id': 'default', 'domain_name': 'Default', 'username': 'tempest-ImagesNegativeTestJSON-207112561-project-member', 'project_domain_id': 'default', 'project_domain_name': 'Default', 'project_id': 'b914905bfcb64d31bae51b7236dc5b57', 'project_name': 'tempest-ImagesNegativeTestJSON-207112561', 'tenant_id': 'b914905bfcb64d31bae51b7236dc5b57', 'tenant_name': 'tempest-ImagesNegativeTestJSON-207112561', 'user_domain_id': 'default', 'user_domain_name': 'Default', 'user_id': 'bb65db44f8304f9fbdd3106554e0cf98', 'system': None}, Network: None, Subnet: None, Router: None
2024-12-12 15:23:46.146 66941 INFO tempest.lib.common.rest_client [req-c5df45b2-a4f3-4ab7-82c0-9f6386d9f372 req-c5df45b2-a4f3-4ab7-82c0-9f6386d9f372 ] Request (ServersTestManualDisk:setUpClass): 200 GET http://10.180.1.21/compute/v2.1/servers/3c51d4dc-5a2c-4483-9aa5-8bab532971d4 1.417s
2024-12-12 15:23:46.155 66941 INFO tempest.common.waiters [-] State transition "BUILD/block_device_mapping" ==> "BUILD/spawning" after 19 second wait
2024-12-12 15:23:46.197 66927 INFO tempest.lib.common.rest_client [req-22ca605d-4837-4b58-ac8a-87d86b7ed304 req-22ca605d-4837-4b58-ac8a-87d86b7ed304 ] Request (ListImageFiltersTestJSON:setUpClass): 200 GET http://10.180.1.21/compute/v2.1/servers/5060e745-08d0-429e-8780-bfdad7a29f30 1.466s
2024-12-12 15:23:46.210 66947 INFO tempest.lib.common.rest_client [req-16623f37-87e0-439c-abe4-2ec3ab707776 req-16623f37-87e0-439c-abe4-2ec3ab707776 ] Request (ImagesNegativeTestJSON:setUpClass): 201 POST http://10.180.1.21/identity/v3/auth/tokens 0.084s
2024-12-12 15:23:46.256 66931 INFO tempest.lib.common.rest_client [req-eca6d2a3-7923-480f-aace-7915f9f5dbdf req-eca6d2a3-7923-480f-aace-7915f9f5dbdf ] Request (ServerPasswordTestJSON:tearDownClass): 204 DELETE http://10.180.1.21/compute/v2.1/servers/97890eda-0c1d-4423-acd2-60d3097c6f8a 1.510s
2024-12-12 15:23:46.415 66939 INFO tempest.lib.common.rest_client [req-32d1060a-bd67-4291-840f-f343978597f6 req-32d1060a-bd67-4291-840f-f343978597f6 ] Request (KeyPairsV210TestJSON:test_admin_manage_keypairs_for_other_users): 201 POST http://10.180.1.21/compute/v2.1/os-keypairs 1.377s
2024-12-12 15:23:46.635 66982 INFO tempest.lib.common.rest_client [req-877b7f96-4b2a-4204-bb11-3800f63d4e25 req-877b7f96-4b2a-4204-bb11-3800f63d4e25 ] Request (FloatingIPsAssociationNegativeTestJSON:setUpClass): 200 GET http://10.180.1.21/compute/v2.1/servers/eb506425-4ecc-44b7-afa4-0901fc60b04f 1.639s
2024-12-12 15:23:46.642 66982 INFO tempest.common.waiters [-] State transition "BUILD/None" ==> "BUILD/block_device_mapping" after 18 second wait
2024-12-12 15:23:46.909 66943 INFO tempest.lib.common.rest_client [req-e337a7f1-df22-496c-bf6d-eb4f75c6870f req-e337a7f1-df22-496c-bf6d-eb4f75c6870f ] Request (DeleteServersTestJSON:test_delete_active_server): 200 GET http://10.180.1.21/compute/v2.1/servers/11b1888e-95ec-4166-9219-0c38f8817dd4 1.806s
2024-12-12 15:23:47.049 66977 INFO tempest.lib.common.rest_client [req-9eb1eeb3-e723-40b6-955b-9f02ba4ca5aa req-9eb1eeb3-e723-40b6-955b-9f02ba4ca5aa ] Request (ServersTestJSON:test_create_server_specify_multibyte_character_name): 200 GET http://10.180.1.21/compute/v2.1/servers/94a604da-ad3d-415a-aa92-d648e3da803d 1.875s
2024-12-12 15:23:47.072 66985 INFO tempest.lib.common.rest_client [req-f1bd9597-5c5c-4734-9567-0f2b487eb14f req-f1bd9597-5c5c-4734-9567-0f2b487eb14f ] Request (FlavorsAdminTestJSON:test_is_public_string_variations): 200 GET http://10.180.1.21/compute/v2.1/flavors/detail?is_public=no 1.879s
2024-12-12 15:23:47.102 66933 INFO tempest.lib.common.rest_client [req-8429f4c8-a4b4-43f7-8d3e-9cc76b64f444 req-8429f4c8-a4b4-43f7-8d3e-9cc76b64f444 ] Request (AttachInterfacesTestJSON:setUpClass): 200 PUT http://10.180.1.21:9696/networking/v2.0/routers/5266b566-ff2e-4bce-8ec0-e277e52bb475/add_router_interface 1.017s
2024-12-12 15:23:47.102 66933 INFO tempest.lib.common.dynamic_creds [-] Created isolated network resources for: credentials: Credentials: {'domain_id': 'default', 'domain_name': 'Default', 'username': 'tempest-AttachInterfacesTestJSON-1054157255-project-member', 'project_domain_id': 'default', 'project_domain_name': 'Default', 'project_id': 'ecafb0abbdc74501b22b20b797c4c60c', 'project_name': 'tempest-AttachInterfacesTestJSON-1054157255', 'tenant_id': 'ecafb0abbdc74501b22b20b797c4c60c', 'tenant_name': 'tempest-AttachInterfacesTestJSON-1054157255', 'user_domain_id': 'default', 'user_domain_name': 'Default', 'user_id': '54dc853b6f204a75ae7612f9fbd2d1f1', 'system': None}, Network: {'id': 'cafd3d43-975a-4836-8948-2f1b47e56666', 'name': 'tempest-AttachInterfacesTestJSON-1286345479-network', 'tenant_id': 'ecafb0abbdc74501b22b20b797c4c60c', 'admin_state_up': True, 'mtu': 8950, 'status': 'ACTIVE', 'subnets': [], 'shared': False, 'project_id': 'ecafb0abbdc74501b22b20b797c4c60c', 'port_security_enabled': True, 'router:external': False, 'provider:network_type': 'vlan', 'provider:physical_network': 'default', 'provider:segmentation_id': 162, 'availability_zone_hints': [], 'availability_zones': [], 'ipv4_address_scope': None, 'ipv6_address_scope': None, 'description': '', 'tags': [], 'created_at': '2024-12-12T15:23:43Z', 'updated_at': '2024-12-12T15:23:43Z', 'revision_number': 1}, Subnet: {'id': '1f7a83af-52da-4e0e-ac07-c28ec96d0b75', 'name': 'tempest-AttachInterfacesTestJSON-1286345479-subnet', 'tenant_id': 'ecafb0abbdc74501b22b20b797c4c60c', 'network_id': 'cafd3d43-975a-4836-8948-2f1b47e56666', 'ip_version': 4, 'subnetpool_id': None, 'enable_dhcp': True, 'ipv6_ra_mode': None, 'ipv6_address_mode': None, 'gateway_ip': '192.168.128.1', 'cidr': '192.168.128.0/28', 'allocation_pools': [{'start': '192.168.128.2', 'end': '192.168.128.14'}], 'host_routes': [], 'dns_nameservers': [], 'description': '', 'router:external': False, 'service_types': [], 'tags': [], 'created_at': '2024-12-12T15:23:43Z', 'updated_at': '2024-12-12T15:23:43Z', 'revision_number': 0, 'project_id': 'ecafb0abbdc74501b22b20b797c4c60c'}, Router: {'id': '5266b566-ff2e-4bce-8ec0-e277e52bb475', 'name': 'tempest-AttachInterfacesTestJSON-1286345479-router', 'tenant_id': 'ecafb0abbdc74501b22b20b797c4c60c', 'admin_state_up': True, 'status': 'ACTIVE', 'external_gateway_info': {'network_id': '2371bf6e-1eb8-44a8-afe6-2fa8139f7bae', 'external_fixed_ips': [{'subnet_id': '7f4b2123-7b51-4d53-8778-bc088ad7cba0', 'ip_address': '10.180.180.227'}], 'enable_snat': True}, 'description': '', 'availability_zones': [], 'distributed': False, 'ha': False, 'availability_zone_hints': [], 'routes': [], 'flavor_id': None, 'tags': [], 'created_at': '2024-12-12T15:23:44Z', 'updated_at': '2024-12-12T15:23:45Z', 'revision_number': 2, 'project_id': 'ecafb0abbdc74501b22b20b797c4c60c'}
2024-12-12 15:23:47.103 66973 INFO tempest.lib.common.rest_client [req-a563cac4-8d4d-49ef-a351-9376ff7d3b9a req-a563cac4-8d4d-49ef-a351-9376ff7d3b9a ] Request (AggregatesAdminNegativeTestJSON:test_aggregate_remove_host_as_user): 200 POST http://10.180.1.21/compute/v2.1/os-aggregates 1.899s
2024-12-12 15:23:47.114 66937 INFO tempest.lib.common.rest_client [req-58bc1c01-da0e-40a3-a840-81fe11dc69e7 req-58bc1c01-da0e-40a3-a840-81fe11dc69e7 ] Request (ServersTestJSON:setUpClass): 200 GET http://10.180.1.21/compute/v2.1/servers/a88ba00d-6644-4ecc-8603-a7d79ce8a4b4 2.072s
2024-12-12 15:23:47.181 66975 INFO tempest.lib.common.rest_client [req-8676adb8-72b9-48f5-b378-49bbb7bd906e req-8676adb8-72b9-48f5-b378-49bbb7bd906e ] Request (ServersAdminNegativeTestJSON:test_migrate_server_invalid_state): 200 GET http://10.180.1.21/compute/v2.1/servers/d60c3a22-19fb-4826-be88-d0307810a079 1.885s
2024-12-12 15:23:47.221 66947 INFO tempest.lib.common.rest_client [req-e9359650-ad64-4c89-92d3-c5ae52090886 req-e9359650-ad64-4c89-92d3-c5ae52090886 ] Request (ImagesNegativeTestJSON:setUpClass): 201 POST http://10.180.1.21:9696/networking/v2.0/networks 1.010s
2024-12-12 15:23:47.227 66933 INFO tempest.lib.common.rest_client [req-defd6548-51e1-47a9-b500-b758dd11de2b req-defd6548-51e1-47a9-b500-b758dd11de2b ] Request (AttachInterfacesTestJSON:setUpClass): 201 POST http://10.180.1.21/identity/v3/auth/tokens 0.118s
2024-12-12 15:23:47.343 66965 INFO tempest.lib.common.rest_client [req-a05116e4-906c-46c3-bc63-f9adf75679cf req-a05116e4-906c-46c3-bc63-f9adf75679cf ] Request (QuotasAdminNegativeTest:_run_cleanups): 200 PUT http://10.180.1.21/compute/v2.1/os-quota-sets/0ba122e14e454a19aa2be5949db602e1 1.827s
2024-12-12 15:23:47.479 66935 INFO tempest.lib.common.rest_client [req-32ac89b5-a0c1-44c0-9d7a-e741713d9962 req-32ac89b5-a0c1-44c0-9d7a-e741713d9962 ] Request (SecurityGroupRulesNegativeTestJSON:test_create_security_group_rule_duplicate): 200 POST http://10.180.1.21/compute/v2.1/os-security-groups 2.000s
2024-12-12 15:23:47.578 66955 INFO tempest.lib.common.rest_client [req-ee7445b2-4203-4352-bdcc-38d91437da45 req-ee7445b2-4203-4352-bdcc-38d91437da45 ] Request (QuotasAdminTestJSON:_run_cleanups): 200 PUT http://10.180.1.21/compute/v2.1/os-quota-sets/d9276b00a7724c0e86923664c59ed1d7 2.036s
2024-12-12 15:23:47.604 66947 INFO tempest.lib.common.rest_client [req-c4c44029-4191-4595-a707-6e3417713fa9 req-c4c44029-4191-4595-a707-6e3417713fa9 ] Request (ImagesNegativeTestJSON:setUpClass): 201 POST http://10.180.1.21:9696/networking/v2.0/subnets 0.382s
2024-12-12 15:23:47.664 66951 INFO tempest.lib.common.rest_client [req-9fbc058f-f98f-4645-bb6e-857447bc26c4 req-9fbc058f-f98f-4645-bb6e-857447bc26c4 ] Request (FloatingIPsAssociationTestJSON:setUpClass): 200 GET http://10.180.1.21/compute/v2.1/servers/0c72c98b-57f0-44e5-9159-490b27eac3a6 1.944s
2024-12-12 15:23:47.692 66969 INFO tempest.lib.common.rest_client [req-ae32bbfe-c8a0-4574-a5ee-de2603aabec9 req-ae32bbfe-c8a0-4574-a5ee-de2603aabec9 ] Request (ImagesTestJSON:test_create_image_from_stopped_server): 200 GET http://10.180.1.21/compute/v2.1/servers/99eccbef-0e76-4532-af2f-5d74e563e1d2 2.049s
2024-12-12 15:23:47.713 66955 INFO tempest.lib.common.rest_client [req-4ae7b279-a29c-4fb5-a98d-609409c2ff2b req-4ae7b279-a29c-4fb5-a98d-609409c2ff2b ] Request (QuotasAdminTestJSON:tearDownClass): 204 DELETE http://10.180.1.21/identity/v3/users/45b061d0b6c24dd386f8ad73e388f2cd 0.130s
2024-12-12 15:23:47.725 66979 INFO tempest.lib.common.rest_client [req-0bb7b746-8e16-43a1-8ec7-2fd43170aa9f req-0bb7b746-8e16-43a1-8ec7-2fd43170aa9f ] Request (ServersAdminTestJSON:test_create_server_with_scheduling_hint): 200 GET http://10.180.1.21/compute/v2.1/servers/ac35fa03-aeca-4e18-84ab-cb80bb4cabfd 1.732s
2024-12-12 15:23:47.782 66987 INFO tempest.lib.common.rest_client [req-65c8d52b-c3bd-427c-8655-d7aa872eedc6 req-65c8d52b-c3bd-427c-8655-d7aa872eedc6 ] Request (AttachInterfacesV270Test:test_create_get_list_interfaces): 200 GET http://10.180.1.21/compute/v2.1/servers/41182989-2537-42f0-8c37-792b8b2c5206 1.772s
2024-12-12 15:23:47.843 66971 INFO tempest.lib.common.rest_client [req-55186366-6d0e-46f2-9201-5e369ba9ef59 req-55186366-6d0e-46f2-9201-5e369ba9ef59 ] Request (ServersTestBootFromVolume:setUpClass): 200 GET http://10.180.1.21/compute/v2.1/servers/c8e94dd5-64eb-4c4f-bb45-b49e468cb5c3 1.786s
2024-12-12 15:23:47.874 66955 INFO tempest.lib.common.rest_client [req-4e079bd0-f9b4-4af9-be28-7a68e2a1b43b req-4e079bd0-f9b4-4af9-be28-7a68e2a1b43b ] Request (QuotasAdminTestJSON:tearDownClass): 204 DELETE http://10.180.1.21/identity/v3/users/bbe7380696844d1c8856cc6686779829 0.161s
2024-12-12 15:23:47.875 66955 INFO tempest.lib.common.dynamic_creds [-] Deleting project and security group for project: d9276b00a7724c0e86923664c59ed1d7
2024-12-12 15:23:47.890 66925 INFO tempest.lib.common.rest_client [req-fff4b352-5007-4948-93cc-77decf7869db req-fff4b352-5007-4948-93cc-77decf7869db ] Request (ServerExternalEventsTest:tearDownClass): 200 GET http://10.180.1.21/compute/v2.1/servers/0440c0a8-f065-4a82-b190-33279e7c0d93 1.801s
2024-12-12 15:23:47.907 66929 INFO tempest.lib.common.rest_client [req-bbc13467-7e94-490a-ac6b-c60df9f27e66 req-bbc13467-7e94-490a-ac6b-c60df9f27e66 ] Request (FloatingIPsNegativeTestJSON:setUpClass): 200 PUT http://10.180.1.21:9696/networking/v2.0/routers/98a9ac4f-1847-4ebe-9189-bddfd2deced7/add_router_interface 2.821s
2024-12-12 15:23:47.908 66929 INFO tempest.lib.common.dynamic_creds [-] Created isolated network resources for: credentials: Credentials: {'domain_id': 'default', 'domain_name': 'Default', 'username': 'tempest-FloatingIPsNegativeTestJSON-1552658448-project-member', 'project_domain_id': 'default', 'project_domain_name': 'Default', 'project_id': 'c69f58479b454c669819ba30e884e1ff', 'project_name': 'tempest-FloatingIPsNegativeTestJSON-1552658448', 'tenant_id': 'c69f58479b454c669819ba30e884e1ff', 'tenant_name': 'tempest-FloatingIPsNegativeTestJSON-1552658448', 'user_domain_id': 'default', 'user_domain_name': 'Default', 'user_id': '5ce1b541bd5f4c13ae344afba2bc3e05', 'system': None}, Network: {'id': '66198cf4-1d3b-4116-b0ab-a4bfadfa3ef5', 'name': 'tempest-FloatingIPsNegativeTestJSON-1435823776-network', 'tenant_id': 'c69f58479b454c669819ba30e884e1ff', 'admin_state_up': True, 'mtu': 8950, 'status': 'ACTIVE', 'subnets': [], 'shared': False, 'project_id': 'c69f58479b454c669819ba30e884e1ff', 'port_security_enabled': True, 'router:external': False, 'provider:network_type': 'vlan', 'provider:physical_network': 'default', 'provider:segmentation_id': 47, 'availability_zone_hints': [], 'availability_zones': [], 'ipv4_address_scope': None, 'ipv6_address_scope': None, 'description': '', 'tags': [], 'created_at': '2024-12-12T15:23:42Z', 'updated_at': '2024-12-12T15:23:43Z', 'revision_number': 1}, Subnet: {'id': '944536c0-f303-4925-a948-a89a137529c0', 'name': 'tempest-FloatingIPsNegativeTestJSON-1435823776-subnet', 'tenant_id': 'c69f58479b454c669819ba30e884e1ff', 'network_id': '66198cf4-1d3b-4116-b0ab-a4bfadfa3ef5', 'ip_version': 4, 'subnetpool_id': None, 'enable_dhcp': True, 'ipv6_ra_mode': None, 'ipv6_address_mode': None, 'gateway_ip': '192.168.128.1', 'cidr': '192.168.128.0/28', 'allocation_pools': [{'start': '192.168.128.2', 'end': '192.168.128.14'}], 'host_routes': [], 'dns_nameservers': [], 'description': '', 'router:external': False, 'service_types': [], 'tags': [], 'created_at': '2024-12-12T15:23:43Z', 'updated_at': '2024-12-12T15:23:43Z', 'revision_number': 0, 'project_id': 'c69f58479b454c669819ba30e884e1ff'}, Router: {'id': '98a9ac4f-1847-4ebe-9189-bddfd2deced7', 'name': 'tempest-FloatingIPsNegativeTestJSON-1435823776-router', 'tenant_id': 'c69f58479b454c669819ba30e884e1ff', 'admin_state_up': True, 'status': 'ACTIVE', 'external_gateway_info': {'network_id': '2371bf6e-1eb8-44a8-afe6-2fa8139f7bae', 'external_fixed_ips': [{'subnet_id': '7f4b2123-7b51-4d53-8778-bc088ad7cba0', 'ip_address': '10.180.180.221'}], 'enable_snat': True}, 'description': '', 'availability_zones': [], 'distributed': False, 'ha': False, 'availability_zone_hints': [], 'routes': [], 'flavor_id': None, 'tags': [], 'created_at': '2024-12-12T15:23:43Z', 'updated_at': '2024-12-12T15:23:44Z', 'revision_number': 2, 'project_id': 'c69f58479b454c669819ba30e884e1ff'}
2024-12-12 15:23:47.916 66957 INFO tempest.lib.common.rest_client [req-eda6c298-bfe4-44ef-ab4d-ce70a934cb01 req-eda6c298-bfe4-44ef-ab4d-ce70a934cb01 ] Request (SecurityGroupsTestJSON:test_security_group_create_get_delete): 200 GET http://10.180.1.21/compute/v2.1/os-security-groups/b416b72c-e857-457e-932b-497b97c44b31 1.803s
2024-12-12 15:23:47.979 66955 INFO tempest.lib.common.rest_client [req-cc9b56f8-f142-4387-b9f2-258d6b2b7c14 req-cc9b56f8-f142-4387-b9f2-258d6b2b7c14 ] Request (QuotasAdminTestJSON:tearDownClass): 201 POST http://10.180.1.21/identity/v3/auth/tokens 0.104s
2024-12-12 15:23:48.029 66967 INFO tempest.lib.common.rest_client [req-d5204425-fbbe-46e6-a0a0-c367a14de4ef req-d5204425-fbbe-46e6-a0a0-c367a14de4ef ] Request (ServerDiagnosticsV248Test:tearDownClass): 200 GET http://10.180.1.21/compute/v2.1/servers/69c73342-258a-4b00-ba1b-ffdd5f247890 1.862s
2024-12-12 15:23:48.043 66929 INFO tempest.lib.common.rest_client [req-a569363e-8bdf-48b6-8f07-ce895a302acf req-a569363e-8bdf-48b6-8f07-ce895a302acf ] Request (FloatingIPsNegativeTestJSON:setUpClass): 201 POST http://10.180.1.21/identity/v3/auth/tokens 0.132s
2024-12-12 15:23:48.049 66983 INFO tempest.lib.common.rest_client [req-9c83a4bd-5955-49df-8bac-ee8d7b732154 req-9c83a4bd-5955-49df-8bac-ee8d7b732154 ] Request (ServersAdmin275Test:tearDownClass): 200 GET http://10.180.1.21/compute/v2.1/servers/b4182e53-50db-4256-b376-b00100778935 1.863s
2024-12-12 15:23:48.064 66983 INFO tempest.common.waiters [-] State transition "ACTIVE/deleting" ==> "DELETED/None" after 3 second wait
2024-12-12 15:23:48.141 66953 INFO tempest.lib.common.rest_client [req-5e0245df-5918-49b0-a988-4a00497d4227 req-5e0245df-5918-49b0-a988-4a00497d4227 ] Request (ServersTestFqdnHostnames:test_create_server_with_fqdn_name): 200 GET http://10.180.1.21/compute/v2.1/servers/5fce9350-6d45-4bfb-a74b-f5b384ecb16c 1.845s
2024-12-12 15:23:48.192 66939 INFO tempest.lib.common.rest_client [req-302d2c17-64c2-4d87-b0b1-96d1747ee8f9 req-302d2c17-64c2-4d87-b0b1-96d1747ee8f9 ] Request (KeyPairsV210TestJSON:test_admin_manage_keypairs_for_other_users): 201 POST http://10.180.1.21/compute/v2.1/os-keypairs 1.775s
2024-12-12 15:23:48.252 66955 INFO tempest.lib.common.rest_client [req-3423af9b-05f2-42d6-a22a-e5757a2688ef req-3423af9b-05f2-42d6-a22a-e5757a2688ef ] Request (QuotasAdminTestJSON:tearDownClass): 200 GET http://10.180.1.21:9696/networking/v2.0/security-groups?tenant_id=d9276b00a7724c0e86923664c59ed1d7&name=default 0.272s
2024-12-12 15:23:48.287 66961 INFO tempest.lib.common.rest_client [req-be1d8a7f-8ce9-4996-b1f5-0c3006ccd064 req-be1d8a7f-8ce9-4996-b1f5-0c3006ccd064 ] Request (DeleteServersAdminTestJSON:test_admin_delete_servers_of_others): 200 GET http://10.180.1.21/compute/v2.1/servers/bbb94f08-7df2-457e-bc5b-d0008839cf20 1.675s
2024-12-12 15:23:48.374 66949 INFO tempest.lib.common.rest_client [req-7a17b7f7-b3b6-41fb-ba40-94d0c80f633b req-7a17b7f7-b3b6-41fb-ba40-94d0c80f633b ] Request (ServerDiagnosticsTest:test_get_server_diagnostics): 200 GET http://10.180.1.21/compute/v2.1/servers/fe8eaeee-56b2-4974-a448-8f95848b3b3a 1.693s
2024-12-12 15:23:48.403 66955 INFO tempest.lib.common.rest_client [req-93d416c8-a816-443e-8c3c-3bf3645f00d3 req-93d416c8-a816-443e-8c3c-3bf3645f00d3 ] Request (QuotasAdminTestJSON:tearDownClass): 204 DELETE http://10.180.1.21:9696/networking/v2.0/security-groups/7c50437a-e8cb-4b0f-983a-7facebb71be8 0.150s
2024-12-12 15:23:48.420 66931 INFO tempest.lib.common.rest_client [req-6b041fe3-64ce-417b-91e8-c9fc613dda1a req-6b041fe3-64ce-417b-91e8-c9fc613dda1a ] Request (ServerPasswordTestJSON:tearDownClass): 200 GET http://10.180.1.21/compute/v2.1/servers/97890eda-0c1d-4423-acd2-60d3097c6f8a 2.163s
2024-12-12 15:23:48.442 66985 INFO tempest.lib.common.rest_client [req-9fe132a3-35fd-474e-a3c2-8b8aafaa8453 req-9fe132a3-35fd-474e-a3c2-8b8aafaa8453 ] Request (FlavorsAdminTestJSON:test_is_public_string_variations): 200 GET http://10.180.1.21/compute/v2.1/flavors/detail?is_public=0 1.365s
2024-12-12 15:23:48.489 66955 INFO tempest.lib.common.rest_client [req-b30bcd34-6151-4262-ae8a-b3ab9240de21 req-b30bcd34-6151-4262-ae8a-b3ab9240de21 ] Request (QuotasAdminTestJSON:tearDownClass): 204 DELETE http://10.180.1.21/identity/v3/projects/d9276b00a7724c0e86923664c59ed1d7 0.086s
2024-12-12 15:23:48.489 66955 INFO tempest.lib.common.dynamic_creds [-] Deleting project and security group for project: 38772d3ecd3a4f8e937b5389db746fc2
2024-12-12 15:23:48.590 66973 INFO tempest.lib.common.rest_client [req-dc0daed1-f6e3-46b5-82c1-02c8474f5c3e req-dc0daed1-f6e3-46b5-82c1-02c8474f5c3e ] Request (AggregatesAdminNegativeTestJSON:test_aggregate_remove_host_as_user): 200 POST http://10.180.1.21/compute/v2.1/os-aggregates/7/action 1.484s
2024-12-12 15:23:48.681 66963 INFO tempest.lib.common.rest_client [req-90342174-ac42-4d2e-ad0f-de0626250410 req-90342174-ac42-4d2e-ad0f-de0626250410 ] Request (ServersWithSpecificFlavorTestJSON:test_verify_created_server_ephemeral_disk): 200 GET http://10.180.1.21/compute/v2.1/servers/44508cc6-c576-4c30-8559-75118ceba02a 1.927s
2024-12-12 15:23:48.779 66927 INFO tempest.lib.common.rest_client [req-e4375126-d522-4ea6-9a9f-4915d9ad0c14 req-e4375126-d522-4ea6-9a9f-4915d9ad0c14 ] Request (ListImageFiltersTestJSON:setUpClass): 200 GET http://10.180.1.21/compute/v2.1/servers/5060e745-08d0-429e-8780-bfdad7a29f30 1.574s
2024-12-12 15:23:48.979 66941 INFO tempest.lib.common.rest_client [req-824456aa-6784-4c3b-9bdc-179573d95ed1 req-824456aa-6784-4c3b-9bdc-179573d95ed1 ] Request (ServersTestManualDisk:setUpClass): 200 GET http://10.180.1.21/compute/v2.1/servers/3c51d4dc-5a2c-4483-9aa5-8bab532971d4 1.821s
2024-12-12 15:23:48.989 66965 INFO tempest.lib.common.rest_client [req-10d847af-a27b-42c7-8965-540b8737bcff req-10d847af-a27b-42c7-8965-540b8737bcff ] Request (QuotasAdminNegativeTest:test_update_quota_normal_user): 403 PUT http://10.180.1.21/compute/v2.1/os-quota-sets/0ba122e14e454a19aa2be5949db602e1 1.641s
2024-12-12 15:23:48.998 66955 INFO tempest.lib.common.rest_client [req-28479963-ccdb-4ca9-9b4c-142172b6c35b req-28479963-ccdb-4ca9-9b4c-142172b6c35b ] Request (QuotasAdminTestJSON:tearDownClass): 200 GET http://10.180.1.21:9696/networking/v2.0/security-groups?tenant_id=38772d3ecd3a4f8e937b5389db746fc2&name=default 0.508s
2024-12-12 15:23:48.998 66933 INFO tempest.lib.common.rest_client [req-bece1eb3-4088-47a7-a5e2-dc2309899d98 req-bece1eb3-4088-47a7-a5e2-dc2309899d98 ] Request (ValidationResourcesFixture:setUp): 200 POST http://10.180.1.21/compute/v2.1/os-keypairs 1.768s
2024-12-12 15:23:49.096 66955 INFO tempest.lib.common.rest_client [req-207625a0-027d-4b60-9a96-d4daef55c3a4 req-207625a0-027d-4b60-9a96-d4daef55c3a4 ] Request (QuotasAdminTestJSON:tearDownClass): 204 DELETE http://10.180.1.21:9696/networking/v2.0/security-groups/7c6b2e5e-6285-44d6-bac5-3a63c6bb1f69 0.098s
2024-12-12 15:23:49.130 66965 INFO tempest.lib.common.rest_client [req-e77f21ce-76cd-4f4b-843d-e0635bc40672 req-e77f21ce-76cd-4f4b-843d-e0635bc40672 ] Request (QuotasAdminNegativeTest:tearDownClass): 204 DELETE http://10.180.1.21/identity/v3/users/a936ebfb5ddd49d0bb12c5716a8fa31e 0.138s
2024-12-12 15:23:49.230 66955 INFO tempest.lib.common.rest_client [req-ca8ebfc6-35f4-42ed-8c38-bb0e9cc42afc req-ca8ebfc6-35f4-42ed-8c38-bb0e9cc42afc ] Request (QuotasAdminTestJSON:tearDownClass): 204 DELETE http://10.180.1.21/identity/v3/projects/38772d3ecd3a4f8e937b5389db746fc2 0.133s
2024-12-12 15:23:49.230 66965 INFO tempest.lib.common.rest_client [req-37d93d3d-ccc3-47c2-af82-c689a24aca46 req-37d93d3d-ccc3-47c2-af82-c689a24aca46 ] Request (QuotasAdminNegativeTest:tearDownClass): 204 DELETE http://10.180.1.21/identity/v3/users/89aadece20d040e1a92b4623e5aa7e6c 0.099s
2024-12-12 15:23:49.230 66965 INFO tempest.lib.common.dynamic_creds [-] Deleting project and security group for project: 0ba122e14e454a19aa2be5949db602e1
2024-12-12 15:23:49.283 66965 INFO tempest.lib.common.rest_client [req-daf5ec22-e98d-4503-8cbb-2ec4b4fe022a req-daf5ec22-e98d-4503-8cbb-2ec4b4fe022a ] Request (QuotasAdminNegativeTest:tearDownClass): 201 POST http://10.180.1.21/identity/v3/auth/tokens 0.053s
2024-12-12 15:23:49.289 66955 INFO tempest.lib.common.rest_client [req-55f11cf7-df0e-4dca-9329-a1379b896b19 req-55f11cf7-df0e-4dca-9329-a1379b896b19 ] Request (ServerDiagnosticsNegativeTest:setUpClass): 201 POST http://10.180.1.21/identity/v3/auth/tokens 0.057s
2024-12-12 15:23:49.318 66955 INFO tempest.lib.common.rest_client [req-319559af-07ac-4b1c-b42d-3163020549ad req-319559af-07ac-4b1c-b42d-3163020549ad ] Request (ServerDiagnosticsNegativeTest:setUpClass): 201 POST http://10.180.1.21/identity/v3/auth/tokens 0.027s
2024-12-12 15:23:49.319 66982 INFO tempest.lib.common.rest_client [req-77de89ba-3f47-4b8b-a997-f814cc424f4d req-77de89ba-3f47-4b8b-a997-f814cc424f4d ] Request (FloatingIPsAssociationNegativeTestJSON:setUpClass): 200 GET http://10.180.1.21/compute/v2.1/servers/eb506425-4ecc-44b7-afa4-0901fc60b04f 1.675s
2024-12-12 15:23:49.325 66982 INFO tempest.common.waiters [-] State transition "BUILD/block_device_mapping" ==> "BUILD/spawning" after 21 second wait
2024-12-12 15:23:49.340 66955 INFO tempest.lib.common.rest_client [req-28ecd058-3aac-44ad-9867-2db6e97a6915 req-28ecd058-3aac-44ad-9867-2db6e97a6915 ] Request (ServerDiagnosticsNegativeTest:setUpClass): 200 GET http://10.180.1.21/identity/v3/domains?name=Default 0.022s
2024-12-12 15:23:49.377 66955 INFO tempest.lib.common.rest_client [req-347cb34a-8e95-4144-852a-79e18ca214fb req-347cb34a-8e95-4144-852a-79e18ca214fb ] Request (ServerDiagnosticsNegativeTest:setUpClass): 201 POST http://10.180.1.21/identity/v3/projects 0.036s
2024-12-12 15:23:49.435 66933 INFO tempest.lib.common.rest_client [req-27d5097f-8203-4315-88f6-36b0f046196d req-27d5097f-8203-4315-88f6-36b0f046196d ] Request (ValidationResourcesFixture:setUp): 201 POST http://10.180.1.21:9696/networking/v2.0/security-groups 0.431s
2024-12-12 15:23:49.437 66965 INFO tempest.lib.common.rest_client [req-ec394e66-a957-4203-8fd3-aa6bad7f0851 req-ec394e66-a957-4203-8fd3-aa6bad7f0851 ] Request (QuotasAdminNegativeTest:tearDownClass): 200 GET http://10.180.1.21:9696/networking/v2.0/security-groups?tenant_id=0ba122e14e454a19aa2be5949db602e1&name=default 0.153s
2024-12-12 15:23:49.456 66955 INFO tempest.lib.common.rest_client [req-7cc4ccda-53ac-474b-9f74-858b7d949adb req-7cc4ccda-53ac-474b-9f74-858b7d949adb ] Request (ServerDiagnosticsNegativeTest:setUpClass): 201 POST http://10.180.1.21/identity/v3/users 0.079s
2024-12-12 15:23:49.458 66935 INFO tempest.lib.common.rest_client [req-74802b25-75f1-4f80-aa43-d0b587f3102e req-74802b25-75f1-4f80-aa43-d0b587f3102e ] Request (SecurityGroupRulesNegativeTestJSON:test_create_security_group_rule_duplicate): 200 POST http://10.180.1.21/compute/v2.1/os-security-group-rules 1.972s
2024-12-12 15:23:49.483 66955 INFO tempest.lib.common.rest_client [req-8bc83ee5-5873-46b9-85cf-97211baf65d6 req-8bc83ee5-5873-46b9-85cf-97211baf65d6 ] Request (ServerDiagnosticsNegativeTest:setUpClass): 200 GET http://10.180.1.21/identity/v3/roles 0.026s
2024-12-12 15:23:49.520 66955 INFO tempest.lib.common.rest_client [req-f729bf6e-02c1-4b28-bf93-d2e8e81ba184 req-f729bf6e-02c1-4b28-bf93-d2e8e81ba184 ] Request (ServerDiagnosticsNegativeTest:setUpClass): 204 PUT http://10.180.1.21/identity/v3/projects/aec32854f143447db1f2158591c69165/users/241be7981c2a4e8392411d55e0beb0b8/roles/08066019558748538e66a84e912cb085 0.036s
2024-12-12 15:23:49.520 66955 INFO tempest.lib.common.dynamic_creds [-] Dynamic test user 241be7981c2a4e8392411d55e0beb0b8 is created with scope project and roles: ['member']
2024-12-12 15:23:49.521 66955 INFO tempest.lib.common.dynamic_creds [-] Acquired dynamic creds: credentials: Credentials: {'domain_id': 'default', 'domain_name': 'Default', 'username': 'tempest-ServerDiagnosticsNegativeTest-3115894-project-member', 'project_domain_id': 'default', 'project_domain_name': 'Default', 'project_id': 'aec32854f143447db1f2158591c69165', 'project_name': 'tempest-ServerDiagnosticsNegativeTest-3115894', 'tenant_id': 'aec32854f143447db1f2158591c69165', 'tenant_name': 'tempest-ServerDiagnosticsNegativeTest-3115894', 'user_domain_id': 'default', 'user_domain_name': 'Default', 'user_id': '241be7981c2a4e8392411d55e0beb0b8', 'system': None}, Network: None, Subnet: None, Router: None
