2024-12-12 15:23:09.596 66975 INFO tempest.lib.common.rest_client [req-dda1c245-592b-4524-8bf4-fbddf02157cc req-dda1c245-592b-4524-8bf4-fbddf02157cc ] Request (ServersAdminNegativeTestJSON:setUpClass): 204 PUT http://10.180.1.21/identity/v3/projects/c3c169de01e54eadb01e893c9c08a5d4/users/bf8105765cf54eadb588bdd496217103/roles/2ba19dc4028840028471d7609720f106 0.034s
2024-12-12 15:23:09.604 66927 INFO tempest.lib.common.rest_client [req-cacb9539-6271-4f03-b690-6c6f9c69d598 req-cacb9539-6271-4f03-b690-6c6f9c69d598 ] Request (FlavorsAccessTestJSON:tearDownClass): 200 GET http://10.180.1.21:9696/networking/v2.0/security-groups?tenant_id=650331116f934c5199d8371253eb3f8a&name=default 0.340s
2024-12-12 15:23:09.675 66925 INFO tempest.lib.common.rest_client [req-5addb851-a00d-4531-8074-72537700603d req-5addb851-a00d-4531-8074-72537700603d ] Request (ServerExternalEventsTest:test_create_server_external_events): 200 GET http://10.180.1.21/compute/v2.1/servers/0440c0a8-f065-4a82-b190-33279e7c0d93 0.770s
2024-12-12 15:23:09.676 66971 INFO tempest.lib.common.rest_client [req-0fad3151-3d8a-49aa-a216-1412cebcbd7e req-0fad3151-3d8a-49aa-a216-1412cebcbd7e ] Request (ServersTestBootFromVolume:setUpClass): 200 GET http://10.180.1.21/volume/v3/volumes/c32b5066-e324-4377-90d0-ef224dd92932 0.038s
2024-12-12 15:23:09.682 66977 INFO tempest.lib.common.rest_client [req-fb5f0500-257b-4cea-8b69-a446e0565e3e req-fb5f0500-257b-4cea-8b69-a446e0565e3e ] Request (KeyPairsNegativeTestJSON:test_create_keypair_with_empty_name_string): 400 POST http://10.180.1.21/compute/v2.1/os-keypairs 0.757s
2024-12-12 15:23:09.692 66961 INFO tempest.lib.common.rest_client [req-d8337641-29e6-4053-81f6-77b7aa012879 req-d8337641-29e6-4053-81f6-77b7aa012879 ] Request (DeleteServersAdminTestJSON:test_admin_delete_servers_of_others): 200 GET http://10.180.1.21/compute/v2.1/servers/bbb94f08-7df2-457e-bc5b-d0008839cf20 1.052s
2024-12-12 15:23:09.696 66975 INFO tempest.lib.common.rest_client [req-7969148e-538b-40b7-8164-f379c8882fc1 req-7969148e-538b-40b7-8164-f379c8882fc1 ] Request (ServersAdminNegativeTestJSON:setUpClass): 200 GET http://10.180.1.21/identity/v3/roles 0.100s
2024-12-12 15:23:09.700 66961 INFO tempest.common.waiters [-] State transition "BUILD/networking" ==> "BUILD/spawning" after 7 second wait
2024-12-12 15:23:09.710 66985 INFO tempest.lib.common.rest_client [req-364dc1fa-f8fd-4e09-8b1e-0df410108c2c req-364dc1fa-f8fd-4e09-8b1e-0df410108c2c ] Request (FlavorsAdminTestJSON:test_create_flavor_with_none_id): 200 POST http://10.180.1.21/compute/v2.1/flavors 0.732s
2024-12-12 15:23:09.723 66987 INFO tempest.lib.common.rest_client [req-9ca797a4-8c60-4fba-8439-542e26c9ea29 req-9ca797a4-8c60-4fba-8439-542e26c9ea29 ] Request (FlavorsV261TestJSON:tearDownClass): 204 DELETE http://10.180.1.21/identity/v3/projects/fa0a646ab3ff4fd1bcc8a3d0144e1574 0.128s
2024-12-12 15:23:09.724 66987 INFO tempest.lib.common.dynamic_creds [-] Deleting project and security group for project: 6ab951f9f7db401b9aed0e42e94a0b9b
2024-12-12 15:23:09.729 66941 INFO tempest.lib.common.rest_client [req-3b53510d-a1c2-43a0-971e-8a05e05bdbc8 req-3b53510d-a1c2-43a0-971e-8a05e05bdbc8 ] Request (ServersTestManualDisk:setUpClass): 201 POST http://10.180.1.21:9696/networking/v2.0/routers 2.986s
2024-12-12 15:23:09.739 66963 INFO tempest.lib.common.rest_client [req-9a3caf11-7eb9-48e8-a8db-360162bc1611 req-9a3caf11-7eb9-48e8-a8db-360162bc1611 ] Request (ServersWithSpecificFlavorTestJSON:test_verify_created_server_ephemeral_disk): 200 POST http://10.180.1.21/compute/v2.1/flavors/1111409626/os-extra_specs 0.752s
2024-12-12 15:23:09.828 66975 INFO tempest.lib.common.rest_client [req-99845a5d-579f-4c9c-99da-50ea7863f562 req-99845a5d-579f-4c9c-99da-50ea7863f562 ] Request (ServersAdminNegativeTestJSON:setUpClass): 204 PUT http://10.180.1.21/identity/v3/projects/c3c169de01e54eadb01e893c9c08a5d4/users/bf8105765cf54eadb588bdd496217103/roles/2ba19dc4028840028471d7609720f106 0.130s
2024-12-12 15:23:09.829 66975 INFO tempest.lib.common.dynamic_creds [-] Dynamic test user bf8105765cf54eadb588bdd496217103 is created with scope project and roles: ['admin']
2024-12-12 15:23:09.829 66975 INFO tempest.lib.common.dynamic_creds [-] Acquired dynamic creds: credentials: Credentials: {'domain_id': 'default', 'domain_name': 'Default', 'username': 'tempest-ServersAdminNegativeTestJSON-15652427-project-admin', 'project_domain_id': 'default', 'project_domain_name': 'Default', 'project_id': 'c3c169de01e54eadb01e893c9c08a5d4', 'project_name': 'tempest-ServersAdminNegativeTestJSON-15652427', 'tenant_id': 'c3c169de01e54eadb01e893c9c08a5d4', 'tenant_name': 'tempest-ServersAdminNegativeTestJSON-15652427', 'user_domain_id': 'default', 'user_domain_name': 'Default', 'user_id': 'bf8105765cf54eadb588bdd496217103', 'system': None}, Network: None, Subnet: None, Router: None
2024-12-12 15:23:09.829 66975 INFO tempest.lib.common.dynamic_creds [-] Created isolated network resources for: credentials: Credentials: {'domain_id': 'default', 'domain_name': 'Default', 'username': 'tempest-ServersAdminNegativeTestJSON-15652427-project-admin', 'project_domain_id': 'default', 'project_domain_name': 'Default', 'project_id': 'c3c169de01e54eadb01e893c9c08a5d4', 'project_name': 'tempest-ServersAdminNegativeTestJSON-15652427', 'tenant_id': 'c3c169de01e54eadb01e893c9c08a5d4', 'tenant_name': 'tempest-ServersAdminNegativeTestJSON-15652427', 'user_domain_id': 'default', 'user_domain_name': 'Default', 'user_id': 'bf8105765cf54eadb588bdd496217103', 'system': None}, Network: None, Subnet: None, Router: None
2024-12-12 15:23:09.861 66967 INFO tempest.lib.common.rest_client [req-9b727c29-4691-450d-9109-8e8f1a74a62a req-9b727c29-4691-450d-9109-8e8f1a74a62a ] Request (ServerDiagnosticsV248Test:test_get_server_diagnostics): 200 GET http://10.180.1.21/compute/v2.1/servers/69c73342-258a-4b00-ba1b-ffdd5f247890 0.728s
2024-12-12 15:23:09.893 66973 INFO tempest.lib.common.rest_client [req-c48d5009-9601-4b0c-9113-429856faf97a req-c48d5009-9601-4b0c-9113-429856faf97a ] Request (AggregatesAdminNegativeTestJSON:_run_cleanups): 200 DELETE http://10.180.1.21/compute/v2.1/os-aggregates/2 0.706s
2024-12-12 15:23:09.919 66947 INFO tempest.lib.common.rest_client [req-08566a6a-2906-4126-8ce5-53cba71e6309 req-08566a6a-2906-4126-8ce5-53cba71e6309 ] Request (HostsAdminTestJSON:test_show_host_detail): 200 GET http://10.180.1.21/compute/v2.1/os-hosts 0.701s
2024-12-12 15:23:09.937 66949 INFO tempest.lib.common.rest_client [req-f589de0b-3c4f-4a1a-8fdd-a756dcca0384 req-f589de0b-3c4f-4a1a-8fdd-a756dcca0384 ] Request (HostsAdminNegativeTestJSON:test_startup_nonexistent_host): 404 GET http://10.180.1.21/compute/v2.1/os-hosts/nonexistent_hostname/startup 0.713s
2024-12-12 15:23:09.967 66965 INFO tempest.lib.common.rest_client [req-c2748149-e6a2-48c6-8795-6f7d229774e9 req-c2748149-e6a2-48c6-8795-6f7d229774e9 ] Request (FlavorsExtraSpecsTestJSON:test_flavor_set_get_update_show_unset_keys): 200 DELETE http://10.180.1.21/compute/v2.1/flavors/1001028128/os-extra_specs/hw:numa_nodes 0.726s
2024-12-12 15:23:09.971 66951 INFO tempest.lib.common.rest_client [req-ad2c0977-82f4-4e76-ac12-f6db0f37a947 req-ad2c0977-82f4-4e76-ac12-f6db0f37a947 ] Request (FlavorsV255TestJSON:tearDownClass): 204 DELETE http://10.180.1.21:9696/networking/v2.0/security-groups/78beced2-31f7-4598-b34c-8ed5c2e86923 0.657s
2024-12-12 15:23:09.976 66975 INFO tempest.lib.common.rest_client [req-bd5d9ac5-4357-4310-8a2e-e3dcbef43128 req-bd5d9ac5-4357-4310-8a2e-e3dcbef43128 ] Request (ServersAdminNegativeTestJSON:setUpClass): 201 POST http://10.180.1.21/identity/v3/auth/tokens 0.140s
2024-12-12 15:23:09.977 66975 WARNING tempest.lib.common.rest_client [-] Deprecated: "tenant_id" property is deprecated for removal, use "project_id" instead
2024-12-12 15:23:09.991 66939 INFO tempest.lib.common.rest_client [req-efddbf27-90fc-42be-ae3d-08bcc868fe12 req-efddbf27-90fc-42be-ae3d-08bcc868fe12 ] Request (FlavorsAccessNegativeTestJSON:_run_cleanups): 202 DELETE http://10.180.1.21/compute/v2.1/flavors/215182312 0.738s
2024-12-12 15:23:10.003 66945 INFO tempest.lib.common.rest_client [req-a15728ae-6e46-4e6a-9794-418077088837 req-a15728ae-6e46-4e6a-9794-418077088837 ] Request (FlavorsExtraSpecsNegativeTestJSON:tearDownClass): 202 DELETE http://10.180.1.21/compute/v2.1/flavors/867224277 0.741s
2024-12-12 15:23:10.023 66943 INFO tempest.lib.common.rest_client [req-047c6aa9-06ed-49a3-92ef-4f9bca39ec47 req-047c6aa9-06ed-49a3-92ef-4f9bca39ec47 ] Request (ServicesAdminNegativeV253TestJSON:test_get_service_by_invalid_service_and_valid_host): 200 GET http://10.180.1.21/compute/v2.1/os-services 0.740s
2024-12-12 15:23:10.064 66982 INFO tempest.lib.common.rest_client [req-d83c67c2-b449-4ff2-8bc9-d3c715038132 req-d83c67c2-b449-4ff2-8bc9-d3c715038132 ] Request (HypervisorAdminTestJSON:tearDownClass): 204 DELETE http://10.180.1.21:9696/networking/v2.0/security-groups/d42fa3d6-7bc4-4292-a057-2fee2dc532f6 0.569s
2024-12-12 15:23:10.067 66953 INFO tempest.lib.common.rest_client [req-d7019775-fe03-479a-8b67-b310fd504c66 req-d7019775-fe03-479a-8b67-b310fd504c66 ] Request (QuotaClassesAdmin257Test:_run_cleanups): 200 PUT http://10.180.1.21/compute/v2.1/os-quota-class-sets/default 0.767s
2024-12-12 15:23:10.072 66975 INFO tempest.lib.common.rest_client [req-38c1813b-ed93-4df8-a9ad-851824cf6b86 req-38c1813b-ed93-4df8-a9ad-851824cf6b86 ] Request (ServersAdminNegativeTestJSON:setUpClass): 201 POST http://10.180.1.21/identity/v3/auth/tokens 0.087s
2024-12-12 15:23:10.072 66975 INFO tempest.lib.common.fixed_network [-] (ServersAdminNegativeTestJSON:setUpClass) Found network None available for tenant
2024-12-12 15:23:10.074 66927 INFO tempest.lib.common.rest_client [req-d5d0b9c0-c38d-4453-8910-ab3c33f278a8 req-d5d0b9c0-c38d-4453-8910-ab3c33f278a8 ] Request (FlavorsAccessTestJSON:tearDownClass): 204 DELETE http://10.180.1.21:9696/networking/v2.0/security-groups/7c6e9c5d-f2ca-4c4f-b243-180f8a8d4a40 0.469s
2024-12-12 15:23:10.122 66951 INFO tempest.lib.common.rest_client [req-bb72119c-4c62-4d2f-a05f-16a017bdf290 req-bb72119c-4c62-4d2f-a05f-16a017bdf290 ] Request (FlavorsV255TestJSON:tearDownClass): 204 DELETE http://10.180.1.21/identity/v3/projects/1a8b81b2fae24697a09f2cb3bfd729f2 0.150s
2024-12-12 15:23:10.122 66951 INFO tempest.lib.common.dynamic_creds [-] Deleting project and security group for project: 152be1d33e7b466ca99fe8be11fba45c
2024-12-12 15:23:10.139 66982 INFO tempest.lib.common.rest_client [req-e956edf1-3cf9-4452-b147-40cbd7f12aec req-e956edf1-3cf9-4452-b147-40cbd7f12aec ] Request (HypervisorAdminTestJSON:tearDownClass): 204 DELETE http://10.180.1.21/identity/v3/projects/79f75f2370974aa0b03a4b78752dc17e 0.075s
2024-12-12 15:23:10.187 66983 INFO tempest.lib.common.rest_client [req-5b728f23-58e4-4722-8a76-672c1f174799 req-5b728f23-58e4-4722-8a76-672c1f174799 ] Request (ServersAdmin275Test:test_rebuild_update_server_275): 200 GET http://10.180.1.21/compute/v2.1/servers/b4182e53-50db-4256-b376-b00100778935 0.584s
2024-12-12 15:23:10.209 66987 INFO tempest.lib.common.rest_client [req-7b8d3f1e-cbcd-4972-aacc-2886716329e6 req-7b8d3f1e-cbcd-4972-aacc-2886716329e6 ] Request (FlavorsV261TestJSON:tearDownClass): 200 GET http://10.180.1.21:9696/networking/v2.0/security-groups?tenant_id=6ab951f9f7db401b9aed0e42e94a0b9b&name=default 0.485s
2024-12-12 15:23:10.228 66977 INFO tempest.lib.common.rest_client [req-f4988bf8-3453-485c-95bf-c8754510c69d req-f4988bf8-3453-485c-95bf-c8754510c69d ] Request (KeyPairsNegativeTestJSON:test_create_keypair_with_empty_public_key): 400 POST http://10.180.1.21/compute/v2.1/os-keypairs 0.544s
2024-12-12 15:23:10.248 66953 INFO tempest.lib.common.rest_client [req-1de503b7-1177-4c7c-a02a-42a70cfb689e req-1de503b7-1177-4c7c-a02a-42a70cfb689e ] Request (QuotaClassesAdmin257Test:tearDownClass): 204 DELETE http://10.180.1.21/identity/v3/users/7db04f9815b14840be5162ad161a2cc4 0.178s
2024-12-12 15:23:10.254 66985 INFO tempest.lib.common.rest_client [req-bada5ca0-2dcc-49ca-bd38-337be566ce08 req-bada5ca0-2dcc-49ca-bd38-337be566ce08 ] Request (FlavorsAdminTestJSON:_run_cleanups): 202 DELETE http://10.180.1.21/compute/v2.1/flavors/7d6a364f-32c5-4edc-8c74-84a82a57cbf7 0.539s
2024-12-12 15:23:10.265 66927 INFO tempest.lib.common.rest_client [req-fd229c6f-532b-4307-956f-521eda7dce4a req-fd229c6f-532b-4307-956f-521eda7dce4a ] Request (FlavorsAccessTestJSON:tearDownClass): 204 DELETE http://10.180.1.21/identity/v3/projects/650331116f934c5199d8371253eb3f8a 0.191s
2024-12-12 15:23:10.266 66927 INFO tempest.test [-] raised in LiveMigrationRemoteConsolesV26Test.setUpClass. Invoking tearDownClass.
2024-12-12 15:23:10.269 66933 INFO tempest.lib.common.rest_client [req-66cc7abd-ed1e-499c-9707-4f9383d45ee5 req-66cc7abd-ed1e-499c-9707-4f9383d45ee5 ] Request (HypervisorAdminNegativeTestJSON:tearDownClass): 200 GET http://10.180.1.21:9696/networking/v2.0/security-groups?tenant_id=a1f4c1c6ab844aee9aaa59148b7a80b7&name=default 0.927s
2024-12-12 15:23:10.272 66927 INFO tempest.test [-] raised in ServersOnMultiNodesTest.setUpClass. Invoking tearDownClass.
2024-12-12 15:23:10.303 66963 INFO tempest.lib.common.rest_client [req-0be1a0b6-edc3-439b-a65d-5b7f9b86f967 req-0be1a0b6-edc3-439b-a65d-5b7f9b86f967 ] Request (ValidationResourcesFixture:setUp): 200 POST http://10.180.1.21/compute/v2.1/os-keypairs 0.560s
2024-12-12 15:23:10.325 66929 INFO tempest.lib.common.rest_client [req-0d6ae965-2cc4-4c04-a25b-ae03528e4129 req-0d6ae965-2cc4-4c04-a25b-ae03528e4129 ] Request (QuotasAdminTestV236:test_get_updated_quotas): 200 GET http://10.180.1.21/identity/v3/domains?name=Default 0.226s
2024-12-12 15:23:10.335 66982 INFO tempest.lib.common.rest_client [req-733ffa92-28c5-46e3-a3e4-cecb2d04290f req-733ffa92-28c5-46e3-a3e4-cecb2d04290f ] Request (FloatingIPsAssociationNegativeTestJSON:setUpClass): 201 POST http://10.180.1.21/identity/v3/auth/tokens 0.191s
2024-12-12 15:23:10.349 66973 INFO tempest.lib.common.rest_client [req-15f6661d-e4bd-4d0d-978d-1323b8872aa1 req-15f6661d-e4bd-4d0d-978d-1323b8872aa1 ] Request (AggregatesAdminNegativeTestJSON:test_aggregate_add_non_exist_host): 200 POST http://10.180.1.21/compute/v2.1/os-aggregates 0.454s
2024-12-12 15:23:10.378 66927 INFO tempest.lib.common.rest_client [req-b62dae04-b704-4ad3-bcd1-39fc81c201c1 req-b62dae04-b704-4ad3-bcd1-39fc81c201c1 ] Request (ListImageFiltersTestJSON:setUpClass): 201 POST http://10.180.1.21/identity/v3/auth/tokens 0.103s
2024-12-12 15:23:10.416 66947 INFO tempest.lib.common.rest_client [req-e36aad9f-802a-470e-9179-63bd6f5f5d57 req-e36aad9f-802a-470e-9179-63bd6f5f5d57 ] Request (HostsAdminTestJSON:test_show_host_detail): 200 GET http://10.180.1.21/compute/v2.1/os-hosts/cpu-1 0.492s
2024-12-12 15:23:10.417 66929 INFO tempest.lib.common.rest_client [req-7e8e7fac-c5f6-4b6f-a6ec-ac28bda09363 req-7e8e7fac-c5f6-4b6f-a6ec-ac28bda09363 ] Request (QuotasAdminTestV236:test_get_updated_quotas): 201 POST http://10.180.1.21/identity/v3/projects 0.092s
2024-12-12 15:23:10.425 66949 INFO tempest.lib.common.rest_client [req-0ac2eba2-c1d2-40cb-a670-482fec310ccd req-0ac2eba2-c1d2-40cb-a670-482fec310ccd ] Request (HostsAdminNegativeTestJSON:test_update_host_with_invalid_maintenance_mode): 400 PUT http://10.180.1.21/compute/v2.1/os-hosts/devstack 0.483s
2024-12-12 15:23:10.438 66953 INFO tempest.lib.common.rest_client [req-6dc086b7-9267-45b4-9990-b05df49aa923 req-6dc086b7-9267-45b4-9990-b05df49aa923 ] Request (QuotaClassesAdmin257Test:tearDownClass): 204 DELETE http://10.180.1.21/identity/v3/users/47651a49f5ca4e2ea75a07b25abd4132 0.189s
2024-12-12 15:23:10.438 66953 INFO tempest.lib.common.dynamic_creds [-] Deleting project and security group for project: 69a998b0d7cf4d9fbbfdd2b8b6d77a9b
2024-12-12 15:23:10.454 66965 INFO tempest.lib.common.rest_client [req-9c76e56c-c98c-4b7c-aaed-b9d71c0543ab req-9c76e56c-c98c-4b7c-aaed-b9d71c0543ab ] Request (FlavorsExtraSpecsTestJSON:test_flavor_set_get_update_show_unset_keys): 200 DELETE http://10.180.1.21/compute/v2.1/flavors/1001028128/os-extra_specs/hw:cpu_policy 0.486s
2024-12-12 15:23:10.479 66939 INFO tempest.lib.common.rest_client [req-0e8b7a0f-43a3-4eba-a060-0cf14601d64b req-0e8b7a0f-43a3-4eba-a060-0cf14601d64b ] Request (FlavorsAccessNegativeTestJSON:_run_cleanups): 200 GET http://10.180.1.21/compute/v2.1/flavors/detail 0.488s
2024-12-12 15:23:10.503 66945 INFO tempest.lib.common.rest_client [req-028e2d49-83dc-46d6-86c6-ebdd8792b0d3 req-028e2d49-83dc-46d6-86c6-ebdd8792b0d3 ] Request (FlavorsExtraSpecsNegativeTestJSON:tearDownClass): 200 GET http://10.180.1.21/compute/v2.1/flavors/detail 0.499s
2024-12-12 15:23:10.512 66927 INFO tempest.lib.common.rest_client [req-dac9b8dd-6ddd-4b12-89a2-190ccb401b48 req-dac9b8dd-6ddd-4b12-89a2-190ccb401b48 ] Request (ListImageFiltersTestJSON:setUpClass): 201 POST http://10.180.1.21/identity/v3/auth/tokens 0.129s
2024-12-12 15:23:10.522 66943 INFO tempest.lib.common.rest_client [req-e4794105-e036-42b6-8817-d3aed961864b req-e4794105-e036-42b6-8817-d3aed961864b ] Request (ServicesAdminNegativeV253TestJSON:test_get_service_by_invalid_service_and_valid_host): 200 GET http://10.180.1.21/compute/v2.1/os-services?host=devstack&binary=xxx 0.495s
2024-12-12 15:23:10.540 66982 INFO tempest.lib.common.rest_client [req-3a6e21b7-542b-4628-8ee7-407ecd412662 req-3a6e21b7-542b-4628-8ee7-407ecd412662 ] Request (FloatingIPsAssociationNegativeTestJSON:setUpClass): 201 POST http://10.180.1.21/identity/v3/auth/tokens 0.203s
2024-12-12 15:23:10.585 66929 INFO tempest.lib.common.rest_client [req-3a7fa07c-9af3-452a-a7d7-643ca0777aac req-3a7fa07c-9af3-452a-a7d7-643ca0777aac ] Request (QuotasAdminTestV236:test_get_updated_quotas): 200 GET http://10.180.1.21/identity/v3/domains?name=Default 0.167s
2024-12-12 15:23:10.606 66947 INFO tempest.lib.common.rest_client [req-b2d29e3e-dde1-4cd0-94da-591dbbe59da7 req-b2d29e3e-dde1-4cd0-94da-591dbbe59da7 ] Request (HostsAdminTestJSON:tearDownClass): 204 DELETE http://10.180.1.21/identity/v3/users/222732be566148aeb407ad1c7a312605 0.182s
2024-12-12 15:23:10.636 66953 INFO tempest.lib.common.rest_client [req-e7269d57-b6b1-4153-ba1c-15d615cbdc47 req-e7269d57-b6b1-4153-ba1c-15d615cbdc47 ] Request (QuotaClassesAdmin257Test:tearDownClass): 201 POST http://10.180.1.21/identity/v3/auth/tokens 0.198s
2024-12-12 15:23:10.649 66959 INFO tempest.lib.common.rest_client [req-937fe101-9d92-4eb2-a5d5-c1423e92e3c9 req-937fe101-9d92-4eb2-a5d5-c1423e92e3c9 ] Request (ServersV294TestFqdnHostnames:setUpClass): 200 GET http://10.180.1.21/compute/v2.1/servers/780f3eee-f6c7-4054-8e6e-a370f74dc405 0.612s
2024-12-12 15:23:10.661 66927 INFO tempest.lib.common.rest_client [req-5f77e6cd-11bc-4e90-a1cd-6f58ad383300 req-5f77e6cd-11bc-4e90-a1cd-6f58ad383300 ] Request (ListImageFiltersTestJSON:setUpClass): 200 GET http://10.180.1.21/identity/v3/domains?name=Default 0.149s
2024-12-12 15:23:10.685 66982 INFO tempest.lib.common.rest_client [req-d9f7a927-c379-48dd-ae77-6e9b51a080ab req-d9f7a927-c379-48dd-ae77-6e9b51a080ab ] Request (FloatingIPsAssociationNegativeTestJSON:setUpClass): 200 GET http://10.180.1.21/identity/v3/domains?name=Default 0.144s
2024-12-12 15:23:10.711 66945 INFO tempest.lib.common.rest_client [req-4a374131-4dff-422e-b536-3c93e9337b2f req-4a374131-4dff-422e-b536-3c93e9337b2f ] Request (FlavorsExtraSpecsNegativeTestJSON:tearDownClass): 204 DELETE http://10.180.1.21/identity/v3/users/400050270cae4aba8d1c2702f93394e6 0.194s
2024-12-12 15:23:10.727 66971 INFO tempest.lib.common.rest_client [req-215a41d9-0b11-4b66-bc43-3ac8138db65d req-215a41d9-0b11-4b66-bc43-3ac8138db65d ] Request (ServersTestBootFromVolume:setUpClass): 200 GET http://10.180.1.21/volume/v3/volumes/c32b5066-e324-4377-90d0-ef224dd92932 0.036s
2024-12-12 15:23:10.730 66957 INFO tempest.lib.common.rest_client [req-9d4d47cf-ade2-4fde-a9d3-970fb2f40c4f req-9d4d47cf-ade2-4fde-a9d3-970fb2f40c4f ] Request (SecurityGroupsTestJSON:test_list_security_groups_by_server): 200 POST http://10.180.1.21/compute/v2.1/os-security-groups 1.790s
2024-12-12 15:23:10.738 66977 INFO tempest.lib.common.rest_client [req-20d90e7b-2ddf-4cb9-832d-2000696b8f77 req-20d90e7b-2ddf-4cb9-832d-2000696b8f77 ] Request (KeyPairsNegativeTestJSON:test_create_keypair_with_long_keynames): 400 POST http://10.180.1.21/compute/v2.1/os-keypairs 0.505s
2024-12-12 15:23:10.764 66985 INFO tempest.lib.common.rest_client [req-6219ccc8-ce6c-4f95-a952-d4bccf59e17b req-6219ccc8-ce6c-4f95-a952-d4bccf59e17b ] Request (FlavorsAdminTestJSON:_run_cleanups): 200 GET http://10.180.1.21/compute/v2.1/flavors/detail 0.509s
2024-12-12 15:23:10.775 66987 INFO tempest.lib.common.rest_client [req-b0909aec-9483-4f83-a83d-a950287402ec req-b0909aec-9483-4f83-a83d-a950287402ec ] Request (FlavorsV261TestJSON:tearDownClass): 204 DELETE http://10.180.1.21:9696/networking/v2.0/security-groups/8769dd83-a17d-44d6-a7b7-712cb1f1e771 0.566s
2024-12-12 15:23:10.787 66947 INFO tempest.lib.common.rest_client [req-81145d77-1fee-4a35-b467-f91e6d8d97ac req-81145d77-1fee-4a35-b467-f91e6d8d97ac ] Request (HostsAdminTestJSON:tearDownClass): 204 DELETE http://10.180.1.21/identity/v3/users/6d99630baf2f4245bc8c04ee2894de1d 0.180s
2024-12-12 15:23:10.788 66947 INFO tempest.lib.common.dynamic_creds [-] Deleting project and security group for project: 12c76ecd2904471481827800e215604e
2024-12-12 15:23:10.794 66973 INFO tempest.lib.common.rest_client [req-c7d4ded7-02aa-45cf-8b7e-50c361315e99 req-c7d4ded7-02aa-45cf-8b7e-50c361315e99 ] Request (AggregatesAdminNegativeTestJSON:test_aggregate_add_non_exist_host): 404 POST http://10.180.1.21/compute/v2.1/os-aggregates/3/action 0.440s
2024-12-12 15:23:10.797 66949 INFO tempest.lib.common.rest_client [req-8581a89a-a142-476e-951e-52dd7e07e20a req-8581a89a-a142-476e-951e-52dd7e07e20a ] Request (HostsAdminNegativeTestJSON:test_update_host_with_invalid_status): 400 PUT http://10.180.1.21/compute/v2.1/os-hosts/devstack 0.370s
2024-12-12 15:23:10.812 66965 INFO tempest.lib.common.rest_client [req-6f65b1f3-cc1f-4a6d-872a-c3a37ddd9ebc req-6f65b1f3-cc1f-4a6d-872a-c3a37ddd9ebc ] Request (FlavorsExtraSpecsTestJSON:test_flavor_set_get_update_show_unset_keys): 200 GET http://10.180.1.21/compute/v2.1/flavors/1001028128/os-extra_specs 0.356s
2024-12-12 15:23:10.844 66933 INFO tempest.lib.common.rest_client [req-954b4032-b530-438a-b3f8-ebdf73b8cfca req-954b4032-b530-438a-b3f8-ebdf73b8cfca ] Request (HypervisorAdminNegativeTestJSON:tearDownClass): 204 DELETE http://10.180.1.21:9696/networking/v2.0/security-groups/18071d0d-2859-415a-b482-fa3fadc84ec2 0.574s
2024-12-12 15:23:10.851 66951 INFO tempest.lib.common.rest_client [req-4d896391-719c-47e1-9474-a9de4dee3720 req-4d896391-719c-47e1-9474-a9de4dee3720 ] Request (FlavorsV255TestJSON:tearDownClass): 200 GET http://10.180.1.21:9696/networking/v2.0/security-groups?tenant_id=152be1d33e7b466ca99fe8be11fba45c&name=default 0.728s
2024-12-12 15:23:10.855 66939 INFO tempest.lib.common.rest_client [req-c6aff802-3a03-4e33-8fa3-a8b28f7246ee req-c6aff802-3a03-4e33-8fa3-a8b28f7246ee ] Request (FlavorsAccessNegativeTestJSON:test_flavor_non_admin_add): 200 POST http://10.180.1.21/compute/v2.1/flavors 0.370s
2024-12-12 15:23:10.878 66927 INFO tempest.lib.common.rest_client [req-237eb555-1d8d-4468-9bb6-9cba693a123d req-237eb555-1d8d-4468-9bb6-9cba693a123d ] Request (ListImageFiltersTestJSON:setUpClass): 201 POST http://10.180.1.21/identity/v3/projects 0.216s
2024-12-12 15:23:10.882 66943 INFO tempest.lib.common.rest_client [req-0bbaf253-ef1c-42f9-b03e-dc43089952f2 req-0bbaf253-ef1c-42f9-b03e-dc43089952f2 ] Request (ServicesAdminNegativeV253TestJSON:test_get_service_with_valid_service_and_invalid_host): 200 GET http://10.180.1.21/compute/v2.1/os-services 0.351s
2024-12-12 15:23:11.014 66979 INFO tempest.lib.common.rest_client [req-e4064b1f-7080-4009-aae1-683e80498d81 req-e4064b1f-7080-4009-aae1-683e80498d81 ] Request (ServersAdminTestJSON:setUpClass): 200 GET http://10.180.1.21/compute/v2.1/servers/0e5447fd-a04f-4bc2-b329-e015883773b8 0.449s
2024-12-12 15:23:11.024 66979 INFO tempest.common.waiters [-] State transition "BUILD/scheduling" ==> "BUILD/None" after 2 second wait
2024-12-12 15:23:11.045 66982 INFO tempest.lib.common.rest_client [req-f4216816-4992-41d6-8260-66746a149ac1 req-f4216816-4992-41d6-8260-66746a149ac1 ] Request (FloatingIPsAssociationNegativeTestJSON:setUpClass): 201 POST http://10.180.1.21/identity/v3/projects 0.360s
2024-12-12 15:23:11.049 66945 INFO tempest.lib.common.rest_client [req-7ffc95d6-2311-4ed3-9100-bd1387ebf1bf req-7ffc95d6-2311-4ed3-9100-bd1387ebf1bf ] Request (FlavorsExtraSpecsNegativeTestJSON:tearDownClass): 204 DELETE http://10.180.1.21/identity/v3/users/42858345f32c428f8e38e81cc32cac2c 0.337s
2024-12-12 15:23:11.049 66945 INFO tempest.lib.common.dynamic_creds [-] Deleting project and security group for project: a0eea2bb956644ffae0450cd9d336a7f
2024-12-12 15:23:11.115 66947 INFO tempest.lib.common.rest_client [req-5e82724b-7f99-45de-8532-af06d00111ac req-5e82724b-7f99-45de-8532-af06d00111ac ] Request (HostsAdminTestJSON:tearDownClass): 201 POST http://10.180.1.21/identity/v3/auth/tokens 0.327s
2024-12-12 15:23:11.172 66933 INFO tempest.lib.common.rest_client [req-460fcd14-67b4-4bea-815c-96fe156919b5 req-460fcd14-67b4-4bea-815c-96fe156919b5 ] Request (HypervisorAdminNegativeTestJSON:tearDownClass): 204 DELETE http://10.180.1.21/identity/v3/projects/a1f4c1c6ab844aee9aaa59148b7a80b7 0.327s
2024-12-12 15:23:11.172 66933 INFO tempest.lib.common.dynamic_creds [-] Deleting project and security group for project: aba83c1847274d24aff0ed4d1aedbdc5
2024-12-12 15:23:11.179 66963 INFO tempest.lib.common.rest_client [req-0ca8a976-712d-45e9-9511-64eee4cdd7f0 req-0ca8a976-712d-45e9-9511-64eee4cdd7f0 ] Request (ValidationResourcesFixture:setUp): 201 POST http://10.180.1.21:9696/networking/v2.0/security-groups 0.874s
2024-12-12 15:23:11.194 66987 INFO tempest.lib.common.rest_client [req-c70f292d-7436-4ae0-82ed-b862a9713b73 req-c70f292d-7436-4ae0-82ed-b862a9713b73 ] Request (FlavorsV261TestJSON:tearDownClass): 204 DELETE http://10.180.1.21/identity/v3/projects/6ab951f9f7db401b9aed0e42e94a0b9b 0.419s
2024-12-12 15:23:11.342 66927 INFO tempest.lib.common.rest_client [req-3751482e-d9e2-4942-bab8-91fe6e0d432c req-3751482e-d9e2-4942-bab8-91fe6e0d432c ] Request (ListImageFiltersTestJSON:setUpClass): 201 POST http://10.180.1.21/identity/v3/users 0.464s
2024-12-12 15:23:11.365 66982 INFO tempest.lib.common.rest_client [req-aaa712d1-0a92-47c2-b600-e40536b995b6 req-aaa712d1-0a92-47c2-b600-e40536b995b6 ] Request (FloatingIPsAssociationNegativeTestJSON:setUpClass): 201 POST http://10.180.1.21/identity/v3/users 0.319s
2024-12-12 15:23:11.369 66945 INFO tempest.lib.common.rest_client [req-992e3ccc-d875-426d-8395-283b55ef0d1b req-992e3ccc-d875-426d-8395-283b55ef0d1b ] Request (FlavorsExtraSpecsNegativeTestJSON:tearDownClass): 201 POST http://10.180.1.21/identity/v3/auth/tokens 0.320s
2024-12-12 15:23:11.395 66987 INFO tempest.lib.common.rest_client [req-5a57c05e-01d5-47c4-a5c4-04d25b9cd75c req-5a57c05e-01d5-47c4-a5c4-04d25b9cd75c ] Request (QuotasAdminTestV257:setUpClass): 201 POST http://10.180.1.21/identity/v3/auth/tokens 0.198s
2024-12-12 15:23:11.419 66927 INFO tempest.lib.common.rest_client [req-9c442bc0-a708-4b59-9767-a275669e0ec9 req-9c442bc0-a708-4b59-9767-a275669e0ec9 ] Request (ListImageFiltersTestJSON:setUpClass): 200 GET http://10.180.1.21/identity/v3/roles 0.076s
2024-12-12 15:23:11.432 66982 INFO tempest.lib.common.rest_client [req-8907a75e-3b94-464c-9e71-dd574890594c req-8907a75e-3b94-464c-9e71-dd574890594c ] Request (FloatingIPsAssociationNegativeTestJSON:setUpClass): 200 GET http://10.180.1.21/identity/v3/roles 0.066s
2024-12-12 15:23:11.463 66987 INFO tempest.lib.common.rest_client [req-530812c4-d984-4097-b6ea-a695e78fffd4 req-530812c4-d984-4097-b6ea-a695e78fffd4 ] Request (QuotasAdminTestV257:setUpClass): 201 POST http://10.180.1.21/identity/v3/auth/tokens 0.065s
2024-12-12 15:23:11.465 66951 INFO tempest.lib.common.rest_client [req-87cb4fee-c6bb-4502-8180-11e7cafd114d req-87cb4fee-c6bb-4502-8180-11e7cafd114d ] Request (FlavorsV255TestJSON:tearDownClass): 204 DELETE http://10.180.1.21:9696/networking/v2.0/security-groups/06ae6ffa-1712-4330-97d9-baf0a40ee255 0.613s
2024-12-12 15:23:11.484 66982 INFO tempest.lib.common.rest_client [req-d0b51a4f-fc88-4f8f-ad16-e3c8240070e5 req-d0b51a4f-fc88-4f8f-ad16-e3c8240070e5 ] Request (FloatingIPsAssociationNegativeTestJSON:setUpClass): 204 PUT http://10.180.1.21/identity/v3/projects/9b98d078fef845cf87f6d932885790e1/users/b2286e0bee4a40e99058009376f30820/roles/08066019558748538e66a84e912cb085 0.051s
2024-12-12 15:23:11.484 66982 INFO tempest.lib.common.dynamic_creds [-] Dynamic test user b2286e0bee4a40e99058009376f30820 is created with scope project and roles: ['member']
2024-12-12 15:23:11.484 66982 INFO tempest.lib.common.dynamic_creds [-] Acquired dynamic creds: credentials: Credentials: {'domain_id': 'default', 'domain_name': 'Default', 'username': 'tempest-FloatingIPsAssociationNegativeTestJSON-1495889442-project-member', 'project_domain_id': 'default', 'project_domain_name': 'Default', 'project_id': '9b98d078fef845cf87f6d932885790e1', 'project_name': 'tempest-FloatingIPsAssociationNegativeTestJSON-1495889442', 'tenant_id': '9b98d078fef845cf87f6d932885790e1', 'tenant_name': 'tempest-FloatingIPsAssociationNegativeTestJSON-1495889442', 'user_domain_id': 'default', 'user_domain_name': 'Default', 'user_id': 'b2286e0bee4a40e99058009376f30820', 'system': None}, Network: None, Subnet: None, Router: None
2024-12-12 15:23:11.489 66927 INFO tempest.lib.common.rest_client [req-54e32cb5-6fb2-4a75-96fa-0d0dd34fd4c5 req-54e32cb5-6fb2-4a75-96fa-0d0dd34fd4c5 ] Request (ListImageFiltersTestJSON:setUpClass): 204 PUT http://10.180.1.21/identity/v3/projects/c6a96e3f7eb649ffb15fd6a19a98fdd4/users/ecfeb57e9ebb4929867e7b4de8716c6b/roles/08066019558748538e66a84e912cb085 0.069s
2024-12-12 15:23:11.489 66927 INFO tempest.lib.common.dynamic_creds [-] Dynamic test user ecfeb57e9ebb4929867e7b4de8716c6b is created with scope project and roles: ['member']
2024-12-12 15:23:11.489 66927 INFO tempest.lib.common.dynamic_creds [-] Acquired dynamic creds: credentials: Credentials: {'domain_id': 'default', 'domain_name': 'Default', 'username': 'tempest-ListImageFiltersTestJSON-1973084216-project-member', 'project_domain_id': 'default', 'project_domain_name': 'Default', 'project_id': 'c6a96e3f7eb649ffb15fd6a19a98fdd4', 'project_name': 'tempest-ListImageFiltersTestJSON-1973084216', 'tenant_id': 'c6a96e3f7eb649ffb15fd6a19a98fdd4', 'tenant_name': 'tempest-ListImageFiltersTestJSON-1973084216', 'user_domain_id': 'default', 'user_domain_name': 'Default', 'user_id': 'ecfeb57e9ebb4929867e7b4de8716c6b', 'system': None}, Network: None, Subnet: None, Router: None
2024-12-12 15:23:11.489 66927 INFO tempest.lib.common.dynamic_creds [-] Created isolated network resources for: credentials: Credentials: {'domain_id': 'default', 'domain_name': 'Default', 'username': 'tempest-ListImageFiltersTestJSON-1973084216-project-member', 'project_domain_id': 'default', 'project_domain_name': 'Default', 'project_id': 'c6a96e3f7eb649ffb15fd6a19a98fdd4', 'project_name': 'tempest-ListImageFiltersTestJSON-1973084216', 'tenant_id': 'c6a96e3f7eb649ffb15fd6a19a98fdd4', 'tenant_name': 'tempest-ListImageFiltersTestJSON-1973084216', 'user_domain_id': 'default', 'user_domain_name': 'Default', 'user_id': 'ecfeb57e9ebb4929867e7b4de8716c6b', 'system': None}, Network: None, Subnet: None, Router: None
2024-12-12 15:23:11.523 66929 INFO tempest.lib.common.rest_client [req-e0133d42-49f1-4608-9cc1-860eb8d02722 req-e0133d42-49f1-4608-9cc1-860eb8d02722 ] Request (QuotasAdminTestV236:test_get_updated_quotas): 200 PUT http://10.180.1.21/compute/v2.1/os-quota-sets/72814427af184680b4f79d3a57a41dbe 0.938s
2024-12-12 15:23:11.526 66953 INFO tempest.lib.common.rest_client [req-e7af9c3a-15a3-4088-80ff-7e24e9287b2a req-e7af9c3a-15a3-4088-80ff-7e24e9287b2a ] Request (QuotaClassesAdmin257Test:tearDownClass): 200 GET http://10.180.1.21:9696/networking/v2.0/security-groups?tenant_id=69a998b0d7cf4d9fbbfdd2b8b6d77a9b&name=default 0.889s
2024-12-12 15:23:11.544 66975 INFO tempest.lib.common.rest_client [req-d8124676-b023-4687-9708-3d84f284b1a2 req-d8124676-b023-4687-9708-3d84f284b1a2 ] Request (ServersAdminNegativeTestJSON:setUpClass): 202 POST http://10.180.1.21/compute/v2.1/servers 1.471s
2024-12-12 15:23:11.579 66987 INFO tempest.lib.common.rest_client [req-415fa6de-6eb4-46a1-9eff-ea92b1b9f41f req-415fa6de-6eb4-46a1-9eff-ea92b1b9f41f ] Request (QuotasAdminTestV257:setUpClass): 200 GET http://10.180.1.21/identity/v3/domains?name=Default 0.115s
2024-12-12 15:23:11.608 66951 INFO tempest.lib.common.rest_client [req-c7e3206a-dda6-4be3-be4b-5f8f9d0cd92f req-c7e3206a-dda6-4be3-be4b-5f8f9d0cd92f ] Request (FlavorsV255TestJSON:tearDownClass): 204 DELETE http://10.180.1.21/identity/v3/projects/152be1d33e7b466ca99fe8be11fba45c 0.142s
2024-12-12 15:23:11.652 66982 INFO tempest.lib.common.rest_client [req-4e99d054-c250-467c-a5f7-79278c52a02d req-4e99d054-c250-467c-a5f7-79278c52a02d ] Request (FloatingIPsAssociationNegativeTestJSON:setUpClass): 201 POST http://10.180.1.21/identity/v3/auth/tokens 0.167s
2024-12-12 15:23:11.664 66925 INFO tempest.lib.common.rest_client [req-c588403d-6345-4bbd-88b3-55013c8fba9a req-c588403d-6345-4bbd-88b3-55013c8fba9a ] Request (ServerExternalEventsTest:test_create_server_external_events): 200 GET http://10.180.1.21/compute/v2.1/servers/0440c0a8-f065-4a82-b190-33279e7c0d93 0.972s
2024-12-12 15:23:11.670 66925 INFO tempest.common.waiters [-] State transition "BUILD/None" ==> "BUILD/networking" after 8 second wait
2024-12-12 15:23:11.683 66927 INFO tempest.lib.common.rest_client [req-5b1a7b1a-bea3-49ab-9f32-6a1a904ba3e5 req-5b1a7b1a-bea3-49ab-9f32-6a1a904ba3e5 ] Request (ListImageFiltersTestJSON:setUpClass): 201 POST http://10.180.1.21/identity/v3/auth/tokens 0.189s
2024-12-12 15:23:11.692 66987 INFO tempest.lib.common.rest_client [req-fd165c06-3881-48d2-8292-1401540251d8 req-fd165c06-3881-48d2-8292-1401540251d8 ] Request (QuotasAdminTestV257:setUpClass): 201 POST http://10.180.1.21/identity/v3/projects 0.112s
2024-12-12 15:23:11.720 66933 INFO tempest.lib.common.rest_client [req-4e03e3f7-77b7-4949-8168-64c9d3c1ae5a req-4e03e3f7-77b7-4949-8168-64c9d3c1ae5a ] Request (HypervisorAdminNegativeTestJSON:tearDownClass): 200 GET http://10.180.1.21:9696/networking/v2.0/security-groups?tenant_id=aba83c1847274d24aff0ed4d1aedbdc5&name=default 0.547s
2024-12-12 15:23:11.742 66963 INFO tempest.lib.common.rest_client [req-ff5ec89c-77f0-49b9-9b15-eaf8e3050f82 req-ff5ec89c-77f0-49b9-9b15-eaf8e3050f82 ] Request (ValidationResourcesFixture:setUp): 201 POST http://10.180.1.21:9696/networking/v2.0/security-group-rules 0.562s
2024-12-12 15:23:11.753 66951 INFO tempest.lib.common.rest_client [req-b9c6b05e-bec6-403e-8519-80411d70b25a req-b9c6b05e-bec6-403e-8519-80411d70b25a ] Request (FloatingIPsAssociationTestJSON:setUpClass): 201 POST http://10.180.1.21/identity/v3/auth/tokens 0.143s
2024-12-12 15:23:11.781 66971 INFO tempest.lib.common.rest_client [req-48ac6418-2d02-4235-b137-1f7e171c170f req-48ac6418-2d02-4235-b137-1f7e171c170f ] Request (ServersTestBootFromVolume:setUpClass): 200 GET http://10.180.1.21/volume/v3/volumes/c32b5066-e324-4377-90d0-ef224dd92932 0.047s
2024-12-12 15:23:11.821 66987 INFO tempest.lib.common.rest_client [req-92efbdd1-97e7-4c20-9ca0-1695c345a7cf req-92efbdd1-97e7-4c20-9ca0-1695c345a7cf ] Request (QuotasAdminTestV257:setUpClass): 201 POST http://10.180.1.21/identity/v3/users 0.128s
2024-12-12 15:23:11.856 66951 INFO tempest.lib.common.rest_client [req-3951d742-355e-4be4-86cb-39c1a6a22866 req-3951d742-355e-4be4-86cb-39c1a6a22866 ] Request (FloatingIPsAssociationTestJSON:setUpClass): 201 POST http://10.180.1.21/identity/v3/auth/tokens 0.099s
2024-12-12 15:23:11.880 66987 INFO tempest.lib.common.rest_client [req-6f2a20d2-80d7-4605-97ef-51a01a48188b req-6f2a20d2-80d7-4605-97ef-51a01a48188b ] Request (QuotasAdminTestV257:setUpClass): 200 GET http://10.180.1.21/identity/v3/roles 0.058s
2024-12-12 15:23:11.887 66951 INFO tempest.lib.common.rest_client [req-02da08a4-7334-45df-b332-f6fb1aa2f79c req-02da08a4-7334-45df-b332-f6fb1aa2f79c ] Request (FloatingIPsAssociationTestJSON:setUpClass): 200 GET http://10.180.1.21/identity/v3/domains?name=Default 0.030s
2024-12-12 15:23:11.910 66987 INFO tempest.lib.common.rest_client [req-ab9f90c0-1405-42cf-98b1-c03cfbf15c43 req-ab9f90c0-1405-42cf-98b1-c03cfbf15c43 ] Request (QuotasAdminTestV257:setUpClass): 204 PUT http://10.180.1.21/identity/v3/projects/a0f240133f204cdf909aadd480035ed4/users/2c82435d36e346f0bec518680fbbf177/roles/08066019558748538e66a84e912cb085 0.029s
2024-12-12 15:23:11.911 66987 INFO tempest.lib.common.dynamic_creds [-] Dynamic test user 2c82435d36e346f0bec518680fbbf177 is created with scope project and roles: ['member']
2024-12-12 15:23:11.911 66987 INFO tempest.lib.common.dynamic_creds [-] Acquired dynamic creds: credentials: Credentials: {'domain_id': 'default', 'domain_name': 'Default', 'username': 'tempest-QuotasAdminTestV257-564964809-project-member', 'project_domain_id': 'default', 'project_domain_name': 'Default', 'project_id': 'a0f240133f204cdf909aadd480035ed4', 'project_name': 'tempest-QuotasAdminTestV257-564964809', 'tenant_id': 'a0f240133f204cdf909aadd480035ed4', 'tenant_name': 'tempest-QuotasAdminTestV257-564964809', 'user_domain_id': 'default', 'user_domain_name': 'Default', 'user_id': '2c82435d36e346f0bec518680fbbf177', 'system': None}, Network: None, Subnet: None, Router: None
2024-12-12 15:23:11.911 66987 INFO tempest.lib.common.dynamic_creds [-] Created isolated network resources for: credentials: Credentials: {'domain_id': 'default', 'domain_name': 'Default', 'username': 'tempest-QuotasAdminTestV257-564964809-project-member', 'project_domain_id': 'default', 'project_domain_name': 'Default', 'project_id': 'a0f240133f204cdf909aadd480035ed4', 'project_name': 'tempest-QuotasAdminTestV257-564964809', 'tenant_id': 'a0f240133f204cdf909aadd480035ed4', 'tenant_name': 'tempest-QuotasAdminTestV257-564964809', 'user_domain_id': 'default', 'user_domain_name': 'Default', 'user_id': '2c82435d36e346f0bec518680fbbf177', 'system': None}, Network: None, Subnet: None, Router: None
2024-12-12 15:23:11.926 66951 INFO tempest.lib.common.rest_client [req-d1e5b17d-55cc-4286-a271-8b8deadf56d6 req-d1e5b17d-55cc-4286-a271-8b8deadf56d6 ] Request (FloatingIPsAssociationTestJSON:setUpClass): 201 POST http://10.180.1.21/identity/v3/projects 0.039s
2024-12-12 15:23:12.027 66947 INFO tempest.lib.common.rest_client [req-f5c9c726-c809-456e-b397-6ee6c604a2e7 req-f5c9c726-c809-456e-b397-6ee6c604a2e7 ] Request (HostsAdminTestJSON:tearDownClass): 200 GET http://10.180.1.21:9696/networking/v2.0/security-groups?tenant_id=12c76ecd2904471481827800e215604e&name=default 0.911s
2024-12-12 15:23:12.042 66987 INFO tempest.lib.common.rest_client [req-67a12166-4ff1-4504-9c65-1bcf0f799a1c req-67a12166-4ff1-4504-9c65-1bcf0f799a1c ] Request (QuotasAdminTestV257:setUpClass): 201 POST http://10.180.1.21/identity/v3/auth/tokens 0.128s
2024-12-12 15:23:12.044 66969 INFO tempest.lib.common.rest_client [req-a9c5cab9-49be-46be-a201-776e4ac44248 req-a9c5cab9-49be-46be-a201-776e4ac44248 ] Request (ImagesTestJSON:setUpClass): 201 POST http://10.180.1.21:9696/networking/v2.0/routers 3.565s
2024-12-12 15:23:12.045 66951 INFO tempest.lib.common.rest_client [req-0b88ba0e-23d5-4c77-aa24-b4fbd786b0bc req-0b88ba0e-23d5-4c77-aa24-b4fbd786b0bc ] Request (FloatingIPsAssociationTestJSON:setUpClass): 201 POST http://10.180.1.21/identity/v3/users 0.118s
2024-12-12 15:23:12.071 66987 INFO tempest.lib.common.rest_client [req-576b6cb2-2570-4a65-9395-c5280d354021 req-576b6cb2-2570-4a65-9395-c5280d354021 ] Request (QuotasAdminTestV257:setUpClass): 201 POST http://10.180.1.21/identity/v3/projects 0.028s
2024-12-12 15:23:12.114 66951 INFO tempest.lib.common.rest_client [req-672694a4-a0df-4577-9246-2cba41d2b022 req-672694a4-a0df-4577-9246-2cba41d2b022 ] Request (FloatingIPsAssociationTestJSON:setUpClass): 200 GET http://10.180.1.21/identity/v3/roles 0.069s
2024-12-12 15:23:12.128 66945 INFO tempest.lib.common.rest_client [req-661911f9-ae0c-4e76-bcc8-70150f3b7da9 req-661911f9-ae0c-4e76-bcc8-70150f3b7da9 ] Request (FlavorsExtraSpecsNegativeTestJSON:tearDownClass): 200 GET http://10.180.1.21:9696/networking/v2.0/security-groups?tenant_id=a0eea2bb956644ffae0450cd9d336a7f&name=default 0.758s
2024-12-12 15:23:12.129 66963 INFO tempest.lib.common.rest_client [req-304790fe-dd43-4b49-986f-d12b6c3f73d0 req-304790fe-dd43-4b49-986f-d12b6c3f73d0 ] Request (ValidationResourcesFixture:setUp): 201 POST http://10.180.1.21:9696/networking/v2.0/security-group-rules 0.386s
2024-12-12 15:23:12.153 66961 INFO tempest.lib.common.rest_client [req-cbbcefff-d291-41c5-b9f1-a3a463d46c29 req-cbbcefff-d291-41c5-b9f1-a3a463d46c29 ] Request (DeleteServersAdminTestJSON:test_admin_delete_servers_of_others): 200 GET http://10.180.1.21/compute/v2.1/servers/bbb94f08-7df2-457e-bc5b-d0008839cf20 1.449s
2024-12-12 15:23:12.173 66987 INFO tempest.lib.common.rest_client [req-8027c8a6-f2ae-4041-a012-69d74d9e21c6 req-8027c8a6-f2ae-4041-a012-69d74d9e21c6 ] Request (QuotasAdminTestV257:setUpClass): 201 POST http://10.180.1.21/identity/v3/users 0.101s
2024-12-12 15:23:12.185 66931 INFO tempest.lib.common.rest_client [req-d222be34-ebba-4e08-adf2-31265c218f65 req-d222be34-ebba-4e08-adf2-31265c218f65 ] Request (ServerPasswordTestJSON:setUpClass): 200 PUT http://10.180.1.21:9696/networking/v2.0/routers/93f9940b-85bc-4d64-8d9f-fb3cced17c22/add_router_interface 4.881s
2024-12-12 15:23:12.186 66931 INFO tempest.lib.common.dynamic_creds [-] Created isolated network resources for: credentials: Credentials: {'domain_id': 'default', 'domain_name': 'Default', 'username': 'tempest-ServerPasswordTestJSON-346833765-project-member', 'project_domain_id': 'default', 'project_domain_name': 'Default', 'project_id': '69f026988ee840638c4d1163b629d7cb', 'project_name': 'tempest-ServerPasswordTestJSON-346833765', 'tenant_id': '69f026988ee840638c4d1163b629d7cb', 'tenant_name': 'tempest-ServerPasswordTestJSON-346833765', 'user_domain_id': 'default', 'user_domain_name': 'Default', 'user_id': '5010fa4fbe3a496a9f354606c7a2a09c', 'system': None}, Network: {'id': '76566fa9-e905-4509-ba1e-02e3aa059cae', 'name': 'tempest-ServerPasswordTestJSON-1889079318-network', 'tenant_id': '69f026988ee840638c4d1163b629d7cb', 'admin_state_up': True, 'mtu': 8950, 'status': 'ACTIVE', 'subnets': [], 'shared': False, 'project_id': '69f026988ee840638c4d1163b629d7cb', 'port_security_enabled': True, 'router:external': False, 'provider:network_type': 'vlan', 'provider:physical_network': 'default', 'provider:segmentation_id': 355, 'availability_zone_hints': [], 'availability_zones': [], 'ipv4_address_scope': None, 'ipv6_address_scope': None, 'description': '', 'tags': [], 'created_at': '2024-12-12T15:23:04Z', 'updated_at': '2024-12-12T15:23:04Z', 'revision_number': 1}, Subnet: {'id': 'e0bc557d-bd99-4d83-beaf-605762d7c8a1', 'name': 'tempest-ServerPasswordTestJSON-1889079318-subnet', 'tenant_id': '69f026988ee840638c4d1163b629d7cb', 'network_id': '76566fa9-e905-4509-ba1e-02e3aa059cae', 'ip_version': 4, 'subnetpool_id': None, 'enable_dhcp': True, 'ipv6_ra_mode': None, 'ipv6_address_mode': None, 'gateway_ip': '192.168.128.1', 'cidr': '192.168.128.0/28', 'allocation_pools': [{'start': '192.168.128.2', 'end': '192.168.128.14'}], 'host_routes': [], 'dns_nameservers': [], 'description': '', 'router:external': False, 'service_types': [], 'tags': [], 'created_at': '2024-12-12T15:23:04Z', 'updated_at': '2024-12-12T15:23:04Z', 'revision_number': 0, 'project_id': '69f026988ee840638c4d1163b629d7cb'}, Router: {'id': '93f9940b-85bc-4d64-8d9f-fb3cced17c22', 'name': 'tempest-ServerPasswordTestJSON-1889079318-router', 'tenant_id': '69f026988ee840638c4d1163b629d7cb', 'admin_state_up': True, 'status': 'ACTIVE', 'external_gateway_info': {'network_id': '2371bf6e-1eb8-44a8-afe6-2fa8139f7bae', 'external_fixed_ips': [{'subnet_id': '7f4b2123-7b51-4d53-8778-bc088ad7cba0', 'ip_address': '10.180.180.245'}], 'enable_snat': True}, 'description': '', 'availability_zones': [], 'distributed': False, 'ha': False, 'availability_zone_hints': [], 'routes': [], 'flavor_id': None, 'tags': [], 'created_at': '2024-12-12T15:23:04Z', 'updated_at': '2024-12-12T15:23:06Z', 'revision_number': 2, 'project_id': '69f026988ee840638c4d1163b629d7cb'}
2024-12-12 15:23:12.191 66951 INFO tempest.lib.common.rest_client [req-8247a45d-cdb0-4218-81ec-fa86c876b840 req-8247a45d-cdb0-4218-81ec-fa86c876b840 ] Request (FloatingIPsAssociationTestJSON:setUpClass): 204 PUT http://10.180.1.21/identity/v3/projects/b8ae8ca872a549a6918b0e060d4b4af0/users/e31706e8cd1a4bf790f23c31c71298a5/roles/08066019558748538e66a84e912cb085 0.076s
2024-12-12 15:23:12.191 66951 INFO tempest.lib.common.dynamic_creds [-] Dynamic test user e31706e8cd1a4bf790f23c31c71298a5 is created with scope project and roles: ['member']
2024-12-12 15:23:12.191 66951 INFO tempest.lib.common.dynamic_creds [-] Acquired dynamic creds: credentials: Credentials: {'domain_id': 'default', 'domain_name': 'Default', 'username': 'tempest-FloatingIPsAssociationTestJSON-679460102-project-member', 'project_domain_id': 'default', 'project_domain_name': 'Default', 'project_id': 'b8ae8ca872a549a6918b0e060d4b4af0', 'project_name': 'tempest-FloatingIPsAssociationTestJSON-679460102', 'tenant_id': 'b8ae8ca872a549a6918b0e060d4b4af0', 'tenant_name': 'tempest-FloatingIPsAssociationTestJSON-679460102', 'user_domain_id': 'default', 'user_domain_name': 'Default', 'user_id': 'e31706e8cd1a4bf790f23c31c71298a5', 'system': None}, Network: None, Subnet: None, Router: None
2024-12-12 15:23:12.202 66977 INFO tempest.lib.common.rest_client [req-36ba25b4-dba0-4e52-b5b2-2887d4824917 req-36ba25b4-dba0-4e52-b5b2-2887d4824917 ] Request (KeyPairsNegativeTestJSON:test_keypair_create_with_invalid_pub_key): 400 POST http://10.180.1.21/compute/v2.1/os-keypairs 1.461s
2024-12-12 15:23:12.228 66985 INFO tempest.lib.common.rest_client [req-016e0a70-5baf-454e-afec-20d0ac18a48d req-016e0a70-5baf-454e-afec-20d0ac18a48d ] Request (FlavorsAdminTestJSON:test_create_flavor_with_uuid_id): 200 POST http://10.180.1.21/compute/v2.1/flavors 1.458s
2024-12-12 15:23:12.232 66987 INFO tempest.lib.common.rest_client [req-4ec9619c-2637-4ecf-b901-bc097c4d36d6 req-4ec9619c-2637-4ecf-b901-bc097c4d36d6 ] Request (QuotasAdminTestV257:setUpClass): 200 GET http://10.180.1.21/identity/v3/roles 0.059s
2024-12-12 15:23:12.261 66973 INFO tempest.lib.common.rest_client [req-3fc51f6d-9dc7-4052-9bce-7f8b4b83cd07 req-3fc51f6d-9dc7-4052-9bce-7f8b4b83cd07 ] Request (AggregatesAdminNegativeTestJSON:_run_cleanups): 200 DELETE http://10.180.1.21/compute/v2.1/os-aggregates/3 1.465s
2024-12-12 15:23:12.262 66951 INFO tempest.lib.common.rest_client [req-d3256873-32d0-4e88-96a9-0f01f109b424 req-d3256873-32d0-4e88-96a9-0f01f109b424 ] Request (FloatingIPsAssociationTestJSON:setUpClass): 201 POST http://10.180.1.21/identity/v3/auth/tokens 0.070s
2024-12-12 15:23:12.273 66949 INFO tempest.lib.common.rest_client [req-b2e94177-cadf-4e74-a447-c9848651cfb4 req-b2e94177-cadf-4e74-a447-c9848651cfb4 ] Request (HostsAdminNegativeTestJSON:test_update_host_with_non_admin_user): 403 PUT http://10.180.1.21/compute/v2.1/os-hosts/devstack 1.473s
2024-12-12 15:23:12.292 66987 INFO tempest.lib.common.rest_client [req-2fdd88b8-3901-4b4e-ac4d-8d5786c8e1a1 req-2fdd88b8-3901-4b4e-ac4d-8d5786c8e1a1 ] Request (QuotasAdminTestV257:setUpClass): 204 PUT http://10.180.1.21/identity/v3/projects/ff62b3554f6a4bd39788e067bfd8bc88/users/a01cdb90e2d3418da6d1fdd9c62c372c/roles/2ba19dc4028840028471d7609720f106 0.058s
2024-12-12 15:23:12.301 66965 INFO tempest.lib.common.rest_client [req-a086a8e7-2f35-49af-9c6d-4874b8e3de62 req-a086a8e7-2f35-49af-9c6d-4874b8e3de62 ] Request (FlavorsExtraSpecsTestJSON:tearDownClass): 202 DELETE http://10.180.1.21/compute/v2.1/flavors/1001028128 1.486s
2024-12-12 15:23:12.311 66927 INFO tempest.lib.common.rest_client [req-4e4a178c-e872-40f0-a8f1-a9b8726b4396 req-4e4a178c-e872-40f0-a8f1-a9b8726b4396 ] Request (ListImageFiltersTestJSON:setUpClass): 201 POST http://10.180.1.21/image/v2/images 0.626s
2024-12-12 15:23:12.320 66931 INFO tempest.lib.common.rest_client [req-1ca9198d-461b-4f47-bfe9-5fa35c7267a4 req-1ca9198d-461b-4f47-bfe9-5fa35c7267a4 ] Request (ServerPasswordTestJSON:setUpClass): 201 POST http://10.180.1.21/identity/v3/auth/tokens 0.125s
2024-12-12 15:23:12.336 66953 INFO tempest.lib.common.rest_client [req-08ace911-4105-4121-9b1f-b0f0cd02c044 req-08ace911-4105-4121-9b1f-b0f0cd02c044 ] Request (QuotaClassesAdmin257Test:tearDownClass): 204 DELETE http://10.180.1.21:9696/networking/v2.0/security-groups/d2bf6d9a-1f4c-4cf8-8bee-be05b3a11910 0.808s
2024-12-12 15:23:12.369 66987 INFO tempest.lib.common.rest_client [req-9e3f39cc-861f-40b2-a174-acef99e92180 req-9e3f39cc-861f-40b2-a174-acef99e92180 ] Request (QuotasAdminTestV257:setUpClass): 200 GET http://10.180.1.21/identity/v3/roles 0.077s
2024-12-12 15:23:12.404 66947 INFO tempest.lib.common.rest_client [req-39fdeba5-bdef-4dad-b0ab-6d6ecc4fc007 req-39fdeba5-bdef-4dad-b0ab-6d6ecc4fc007 ] Request (HostsAdminTestJSON:tearDownClass): 204 DELETE http://10.180.1.21:9696/networking/v2.0/security-groups/cc597765-4ebc-4a55-985e-e649f14128ed 0.377s
2024-12-12 15:23:12.420 66931 INFO tempest.lib.common.rest_client [req-d5b12283-b3e0-4d4f-b75f-0f1c43b46233 req-d5b12283-b3e0-4d4f-b75f-0f1c43b46233 ] Request (ServerPasswordTestJSON:setUpClass): 201 POST http://10.180.1.21/identity/v3/auth/tokens 0.093s
