2024-12-12 15:25:56.334 66969 INFO tempest.lib.common.rest_client [req-fef0421f-7341-4894-8e7c-51a34524b4d7 req-fef0421f-7341-4894-8e7c-51a34524b4d7 ] Request (ImagesTestJSON:test_create_image_from_suspended_server): 200 GET http://10.180.1.21/compute/v2.1/images/29b41d3f-4ad1-4bd1-9f5e-450efb73d68d 0.044s
2024-12-12 15:25:56.363 66969 INFO tempest.lib.common.rest_client [req-0173d3f6-f68f-4cdc-bec4-c14799d1b09d req-0173d3f6-f68f-4cdc-bec4-c14799d1b09d ] Request (ImagesTestJSON:test_create_image_from_suspended_server): 200 GET http://10.180.1.21/image/v2/images/29b41d3f-4ad1-4bd1-9f5e-450efb73d68d/tasks 0.025s
2024-12-12 15:25:56.447 66971 INFO tempest.lib.common.rest_client [req-f1e27f52-b022-494f-b7af-3297db27a014 req-f1e27f52-b022-494f-b7af-3297db27a014 ] Request (ServersTestBootFromVolume:tearDownClass): 200 GET http://10.180.1.21/compute/v2.1/servers/c8e94dd5-64eb-4c4f-bb45-b49e468cb5c3 0.125s
2024-12-12 15:25:56.498 66969 INFO tempest.lib.common.rest_client [req-20762b5e-c50d-4a46-a05a-0aa12fd94d27 req-20762b5e-c50d-4a46-a05a-0aa12fd94d27 ] Request (ImagesTestJSON:_run_cleanups): 204 DELETE http://10.180.1.21/compute/v2.1/images/29b41d3f-4ad1-4bd1-9f5e-450efb73d68d 0.134s
2024-12-12 15:25:56.501 66947 INFO tempest.lib.common.rest_client [req-22526af0-1dc6-4281-bf23-b385ff958573 req-22526af0-1dc6-4281-bf23-b385ff958573 ] Request (ImagesOneServerTestJSON:setUpClass): 200 GET http://10.180.1.21/compute/v2.1/servers/a534b054-2143-41c4-a0fa-028339ecdbbf 0.135s
2024-12-12 15:25:56.504 66975 INFO tempest.lib.common.rest_client [req-6ca113d4-c429-4024-b8f7-2bb98231b1fc req-6ca113d4-c429-4024-b8f7-2bb98231b1fc ] Request (AttachInterfacesUnderV243Test:setUpClass): 200 PUT http://10.180.1.21:9696/networking/v2.0/routers/4e0c335a-8f4b-4b9e-948e-794f7cd69aba/add_router_interface 1.099s
2024-12-12 15:25:56.504 66975 INFO tempest.lib.common.dynamic_creds [-] Created isolated network resources for: credentials: Credentials: {'domain_id': 'default', 'domain_name': 'Default', 'username': 'tempest-AttachInterfacesUnderV243Test-51790697-project-member', 'project_domain_id': 'default', 'project_domain_name': 'Default', 'project_id': 'f89b38fc89ac4f039a89fb9bf42dbc5d', 'project_name': 'tempest-AttachInterfacesUnderV243Test-51790697', 'tenant_id': 'f89b38fc89ac4f039a89fb9bf42dbc5d', 'tenant_name': 'tempest-AttachInterfacesUnderV243Test-51790697', 'user_domain_id': 'default', 'user_domain_name': 'Default', 'user_id': '22e64075ae2a435fa4e372cdb9cd0ad2', 'system': None}, Network: {'id': '7b2cb854-43f8-4d73-b16a-16b0e34b29e4', 'name': 'tempest-AttachInterfacesUnderV243Test-1952186645-network', 'tenant_id': 'f89b38fc89ac4f039a89fb9bf42dbc5d', 'admin_state_up': True, 'mtu': 8950, 'status': 'ACTIVE', 'subnets': [], 'shared': False, 'project_id': 'f89b38fc89ac4f039a89fb9bf42dbc5d', 'port_security_enabled': True, 'router:external': False, 'provider:network_type': 'vlan', 'provider:physical_network': 'default', 'provider:segmentation_id': 74, 'availability_zone_hints': [], 'availability_zones': [], 'ipv4_address_scope': None, 'ipv6_address_scope': None, 'description': '', 'tags': [], 'created_at': '2024-12-12T15:25:54Z', 'updated_at': '2024-12-12T15:25:54Z', 'revision_number': 1}, Subnet: {'id': 'ea219663-2c60-445e-8264-f584b45e84fc', 'name': 'tempest-AttachInterfacesUnderV243Test-1952186645-subnet', 'tenant_id': 'f89b38fc89ac4f039a89fb9bf42dbc5d', 'network_id': '7b2cb854-43f8-4d73-b16a-16b0e34b29e4', 'ip_version': 4, 'subnetpool_id': None, 'enable_dhcp': True, 'ipv6_ra_mode': None, 'ipv6_address_mode': None, 'gateway_ip': '192.168.128.1', 'cidr': '192.168.128.0/28', 'allocation_pools': [{'start': '192.168.128.2', 'end': '192.168.128.14'}], 'host_routes': [], 'dns_nameservers': [], 'description': '', 'router:external': False, 'service_types': [], 'tags': [], 'created_at': '2024-12-12T15:25:54Z', 'updated_at': '2024-12-12T15:25:54Z', 'revision_number': 0, 'project_id': 'f89b38fc89ac4f039a89fb9bf42dbc5d'}, Router: {'id': '4e0c335a-8f4b-4b9e-948e-794f7cd69aba', 'name': 'tempest-AttachInterfacesUnderV243Test-1952186645-router', 'tenant_id': 'f89b38fc89ac4f039a89fb9bf42dbc5d', 'admin_state_up': True, 'status': 'ACTIVE', 'external_gateway_info': {'network_id': '2371bf6e-1eb8-44a8-afe6-2fa8139f7bae', 'external_fixed_ips': [{'subnet_id': '7f4b2123-7b51-4d53-8778-bc088ad7cba0', 'ip_address': '10.180.180.220'}], 'enable_snat': True}, 'description': '', 'availability_zones': [], 'distributed': False, 'ha': False, 'availability_zone_hints': [], 'routes': [], 'flavor_id': None, 'tags': [], 'created_at': '2024-12-12T15:25:54Z', 'updated_at': '2024-12-12T15:25:55Z', 'revision_number': 2, 'project_id': 'f89b38fc89ac4f039a89fb9bf42dbc5d'}
2024-12-12 15:25:56.573 66951 INFO tempest.lib.common.rest_client [req-6ce4405b-6bd2-44e4-9ab5-497f14756a7c req-6ce4405b-6bd2-44e4-9ab5-497f14756a7c ] Request (FloatingIPsAssociationTestJSON:tearDownClass): 200 GET http://10.180.1.21/compute/v2.1/servers/0c72c98b-57f0-44e5-9159-490b27eac3a6 0.188s
2024-12-12 15:25:56.585 66951 INFO tempest.common.waiters [-] State transition "ACTIVE/deleting" ==> "DELETED/None" after 4 second wait
2024-12-12 15:25:56.587 66941 INFO tempest.lib.common.rest_client [req-318427cf-14e1-40e5-803f-b115c5991e17 req-318427cf-14e1-40e5-803f-b115c5991e17 ] Request (ServersTestManualDisk:tearDownClass): 200 GET http://10.180.1.21/compute/v2.1/servers/3c51d4dc-5a2c-4483-9aa5-8bab532971d4 0.134s
2024-12-12 15:25:56.626 66975 INFO tempest.lib.common.rest_client [req-1b045629-3d59-410f-9ecc-9764576475a4 req-1b045629-3d59-410f-9ecc-9764576475a4 ] Request (AttachInterfacesUnderV243Test:setUpClass): 201 POST http://10.180.1.21/identity/v3/auth/tokens 0.119s
2024-12-12 15:25:56.642 66937 INFO tempest.lib.common.rest_client [req-e1fa6f77-de0a-4152-86cc-64bc057779d2 req-e1fa6f77-de0a-4152-86cc-64bc057779d2 ] Request (ServersTestJSON:tearDownClass): 200 GET http://10.180.1.21/compute/v2.1/servers/a88ba00d-6644-4ecc-8603-a7d79ce8a4b4 0.185s
2024-12-12 15:25:56.671 66969 INFO tempest.lib.common.rest_client [req-d3661eef-2096-4b49-92da-d547d056593b req-d3661eef-2096-4b49-92da-d547d056593b ] Request (ImagesTestJSON:_run_cleanups): 204 DELETE http://10.180.1.21/compute/v2.1/servers/efbe39fa-d581-41ac-b51c-9c94c9839d7a 0.173s
2024-12-12 15:25:56.697 66949 INFO tempest.lib.common.rest_client [req-c627205d-c331-4104-b46c-edf9a7e4c7c1 req-c627205d-c331-4104-b46c-edf9a7e4c7c1 ] Request (TenantUsagesTestJSON:setUpClass): 200 GET http://10.180.1.21/compute/v2.1/servers/eaed706d-b3db-46ed-8c70-08f80479afa4 0.181s
2024-12-12 15:25:56.725 66979 INFO tempest.lib.common.rest_client [req-6195266c-e197-4a31-bbab-400198e5ebc0 req-6195266c-e197-4a31-bbab-400198e5ebc0 ] Request (ServersAdminTestJSON:test_inject_network_info): 200 GET http://10.180.1.21/compute/v2.1/servers/e753da08-d4a5-4f17-85c8-154e843798c9 0.190s
2024-12-12 15:25:56.744 66969 INFO tempest.lib.common.rest_client [req-dd21f5f2-2588-4f12-a7b3-fbc81546c2b2 req-dd21f5f2-2588-4f12-a7b3-fbc81546c2b2 ] Request (ImagesTestJSON:test_create_server_from_snapshot): 201 POST http://10.180.1.21/identity/v3/auth/tokens 0.067s
2024-12-12 15:25:56.745 66969 INFO tempest.lib.common.fixed_network [-] (ImagesTestJSON:test_create_server_from_snapshot) Found network {'id': 'cd2ecc8a-0a76-48a5-9162-4eac798ab55d', 'name': 'tempest-ImagesTestJSON-1197708022-network', 'tenant_id': 'e48fc59560ab47ae87be73ab11b13e7c', 'admin_state_up': True, 'mtu': 8950, 'status': 'ACTIVE', 'subnets': [], 'shared': False, 'project_id': 'e48fc59560ab47ae87be73ab11b13e7c', 'port_security_enabled': True, 'router:external': False, 'provider:network_type': 'vlan', 'provider:physical_network': 'default', 'provider:segmentation_id': 886, 'availability_zone_hints': [], 'availability_zones': [], 'ipv4_address_scope': None, 'ipv6_address_scope': None, 'description': '', 'tags': [], 'created_at': '2024-12-12T15:23:07Z', 'updated_at': '2024-12-12T15:23:07Z', 'revision_number': 1} available for tenant
2024-12-12 15:25:56.745 66939 INFO tempest.lib.common.rest_client [req-e77f332c-1983-4026-a14b-50b78c313d1a req-e77f332c-1983-4026-a14b-50b78c313d1a ] Request (ServersTestMultiNic:_run_cleanups): 404 GET http://10.180.1.21/compute/v2.1/servers/78894fda-8309-430a-ab38-ce1a415d83d3 0.111s
2024-12-12 15:25:56.800 66961 INFO tempest.lib.common.rest_client [req-c0644366-9c36-4f5f-b3a3-a6c4a9b07790 req-c0644366-9c36-4f5f-b3a3-a6c4a9b07790 ] Request (MigrationsAdminTest:test_list_migrations_in_flavor_resize_situation): 200 GET http://10.180.1.21/compute/v2.1/servers/965f3d8a-7a8e-464e-b117-ce1ca8e8a0ce 0.085s
2024-12-12 15:25:56.816 66975 INFO tempest.lib.common.rest_client [req-db5daf09-1d52-4c69-9770-13fea43aef07 req-db5daf09-1d52-4c69-9770-13fea43aef07 ] Request (ValidationResourcesFixture:setUp): 200 POST http://10.180.1.21/compute/v2.1/os-keypairs 0.188s
2024-12-12 15:25:56.896 66955 INFO tempest.lib.common.rest_client [req-101303e1-699e-455a-ac1a-d9ee371165cc req-101303e1-699e-455a-ac1a-d9ee371165cc ] Request (ServersNegativeTestMultiTenantJSON:setUpClass): 200 GET http://10.180.1.21/compute/v2.1/servers/c3c278a8-0513-4a7f-881e-b71c70206860 0.109s
2024-12-12 15:25:56.923 66953 WARNING tempest.lib.common.ssh [-] Failed to establish authenticated ssh connection to cirros@10.180.180.236 ([Errno None] Unable to connect to port 22 on 10.180.180.236). Number attempts: 11. Retry after 12 seconds.: paramiko.ssh_exception.NoValidConnectionsError: [Errno None] Unable to connect to port 22 on 10.180.180.236
2024-12-12 15:25:56.926 66939 INFO tempest.lib.common.rest_client [req-d3cd5e02-e30a-4ff2-9c64-e4f627eaa0e4 req-d3cd5e02-e30a-4ff2-9c64-e4f627eaa0e4 ] Request (ServersTestMultiNic:_run_cleanups): 204 DELETE http://10.180.1.21:9696/networking/v2.0/subnets/55494cef-0a59-4406-a46f-fa931e0e0040 0.180s
2024-12-12 15:25:57.124 66943 INFO tempest.lib.common.rest_client [req-68224554-14a2-4ad7-968e-d6fa43f254ef req-68224554-14a2-4ad7-968e-d6fa43f254ef ] Request (DeleteServersTestJSON:test_delete_server_while_in_attached_volume): 200 GET http://10.180.1.21/compute/v2.1/servers/2d1425f2-ddf9-4e82-bcfe-e11c597d011a 0.318s
2024-12-12 15:25:57.128 66975 INFO tempest.lib.common.rest_client [req-9c13d91d-9206-4261-9b4b-98155d5cc4ef req-9c13d91d-9206-4261-9b4b-98155d5cc4ef ] Request (ValidationResourcesFixture:setUp): 201 POST http://10.180.1.21:9696/networking/v2.0/security-groups 0.309s
2024-12-12 15:25:57.236 66933 INFO tempest.lib.common.rest_client [req-0b56a2a3-4014-4d45-a167-84df02bf115f req-0b56a2a3-4014-4d45-a167-84df02bf115f ] Request (AttachInterfacesTestJSON:test_create_list_show_delete_interfaces_by_fixed_ip): 200 GET http://10.180.1.21/compute/v2.1/servers/27177719-5090-43de-9bca-6db6bebab7b4/os-interface 0.344s
2024-12-12 15:25:57.317 66975 INFO tempest.lib.common.rest_client [req-c41c114a-b273-4f83-8a07-fdb0f20e59d9 req-c41c114a-b273-4f83-8a07-fdb0f20e59d9 ] Request (ValidationResourcesFixture:setUp): 201 POST http://10.180.1.21:9696/networking/v2.0/security-group-rules 0.188s
2024-12-12 15:25:57.334 66927 INFO tempest.lib.common.rest_client [req-0435c508-28b2-4547-9714-a54d71a7f352 req-0435c508-28b2-4547-9714-a54d71a7f352 ] Request (ListImageFiltersTestJSON:tearDownClass): 200 GET http://10.180.1.21/compute/v2.1/servers/5060e745-08d0-429e-8780-bfdad7a29f30 0.442s
2024-12-12 15:25:57.365 66969 INFO tempest.lib.common.rest_client [req-ce4f48d8-4e15-4ff4-bc0a-db80f4694e8a req-ce4f48d8-4e15-4ff4-bc0a-db80f4694e8a ] Request (ImagesTestJSON:test_create_server_from_snapshot): 202 POST http://10.180.1.21/compute/v2.1/servers 0.619s
2024-12-12 15:25:57.408 66939 INFO tempest.lib.common.rest_client [req-2a2a74cd-c557-4621-8a82-cc3c01eeb6af req-2a2a74cd-c557-4621-8a82-cc3c01eeb6af ] Request (ServersTestMultiNic:_run_cleanups): 204 DELETE http://10.180.1.21:9696/networking/v2.0/networks/973f42f3-6900-49cd-8468-d103467601f9 0.481s
2024-12-12 15:25:57.428 66963 INFO tempest.lib.common.rest_client [req-7d7dccf7-424e-40ad-a0b3-115b37ddf72c req-7d7dccf7-424e-40ad-a0b3-115b37ddf72c ] Request (ServersWithSpecificFlavorTestJSON:test_verify_created_server_ephemeral_disk): 200 GET http://10.180.1.21/compute/v2.1/servers/c7b034f7-1d7f-4782-9ecb-5987c35339cc 0.470s
2024-12-12 15:25:57.468 66925 INFO tempest.lib.common.rest_client [req-730d8423-3e83-4d3f-87e3-44f88854855e req-730d8423-3e83-4d3f-87e3-44f88854855e ] Request (ListServersNegativeTestJSON:setUpClass): 200 GET http://10.180.1.21/compute/v2.1/servers/c1c85cc0-53f1-4920-8f3e-6dd69414fa85 0.418s
2024-12-12 15:25:57.539 66957 INFO tempest.lib.common.rest_client [req-83f348d9-4213-4393-9ce6-d7fe227fc962 req-83f348d9-4213-4393-9ce6-d7fe227fc962 ] Request (SecurityGroupsTestJSON:test_server_security_groups): 200 GET http://10.180.1.21/compute/v2.1/servers/343a7e90-5e55-4125-8475-44050f267987 0.351s
2024-12-12 15:25:57.573 66975 INFO tempest.lib.common.rest_client [req-4e2f905b-03f4-4994-a5ae-97842615e824 req-4e2f905b-03f4-4994-a5ae-97842615e824 ] Request (ValidationResourcesFixture:setUp): 201 POST http://10.180.1.21:9696/networking/v2.0/security-group-rules 0.256s
2024-12-12 15:25:57.576 66983 INFO tempest.lib.common.rest_client [req-31985478-c8f9-4207-b293-40952ac57178 req-31985478-c8f9-4207-b293-40952ac57178 ] Request (ServerDiskConfigTestJSON:test_rebuild_server_with_auto_disk_config): 200 GET http://10.180.1.21/compute/v2.1/servers/e3df56a7-eb82-4297-8aa3-f77c0380b6ec 0.463s
2024-12-12 15:25:57.585 66983 INFO tempest.common.waiters [-] State transition "REBUILD/rebuilding" ==> "REBUILD/rebuild_spawning" after 4 second wait
2024-12-12 15:25:57.622 66987 INFO tempest.lib.common.rest_client [req-ce8e04ae-701f-4440-9561-0b3e29b7ac34 req-ce8e04ae-701f-4440-9561-0b3e29b7ac34 ] Request (ServerAddressesNegativeTestJSON:setUpClass): 200 GET http://10.180.1.21/compute/v2.1/servers/3dfeaf57-2244-418e-a04a-ed4143e454d5 0.384s
2024-12-12 15:25:57.642 66929 INFO tempest.lib.common.rest_client [req-5e67cefc-3a04-42b7-9c99-cc59c2ed3fe0 req-5e67cefc-3a04-42b7-9c99-cc59c2ed3fe0 ] Request (ServerGroupTestJSON:_run_cleanups): 200 GET http://10.180.1.21/compute/v2.1/servers/0b7c72e0-79b9-4435-9676-7a0e9afaf936 0.397s
2024-12-12 15:25:57.684 66969 INFO tempest.lib.common.rest_client [req-8f318f42-3466-4c4f-bab9-7382827b8e86 req-8f318f42-3466-4c4f-bab9-7382827b8e86 ] Request (ImagesTestJSON:test_create_server_from_snapshot): 200 GET http://10.180.1.21/compute/v2.1/servers/7158c64a-5036-419b-b110-7e22c12bf3dd 0.318s
2024-12-12 15:25:57.705 66977 INFO tempest.lib.common.rest_client [req-c6dbdff1-5f7b-4768-839d-16a4d3ece5b9 req-c6dbdff1-5f7b-4768-839d-16a4d3ece5b9 ] Request (ServersTestJSON:_run_cleanups): 200 GET http://10.180.1.21/compute/v2.1/servers/5203c12e-14a0-4736-8185-8ead9a29b03b 0.402s
2024-12-12 15:25:57.720 66939 INFO tempest.lib.common.rest_client [req-919b520a-7e79-428b-9581-cec7e1f5bd27 req-919b520a-7e79-428b-9581-cec7e1f5bd27 ] Request (ServersTestMultiNic:_run_cleanups): 204 DELETE http://10.180.1.21:9696/networking/v2.0/subnets/33a04c60-4fac-4728-a55d-84e64ca43e0c 0.312s
2024-12-12 15:25:57.771 66947 INFO tempest.lib.common.rest_client [req-c79e5823-7fac-4ec4-92e6-8c6245a49e5f req-c79e5823-7fac-4ec4-92e6-8c6245a49e5f ] Request (ImagesOneServerTestJSON:setUpClass): 200 GET http://10.180.1.21/compute/v2.1/servers/a534b054-2143-41c4-a0fa-028339ecdbbf 0.259s
2024-12-12 15:25:57.847 66951 INFO tempest.lib.common.rest_client [req-23585bfc-24ac-4d36-a097-0d5744067003 req-23585bfc-24ac-4d36-a097-0d5744067003 ] Request (FloatingIPsAssociationTestJSON:tearDownClass): 200 GET http://10.180.1.21/compute/v2.1/servers/0c72c98b-57f0-44e5-9159-490b27eac3a6 0.260s
2024-12-12 15:25:57.856 66971 INFO tempest.lib.common.rest_client [req-22d48e93-1ddd-4a9b-8936-30d09d944cd4 req-22d48e93-1ddd-4a9b-8936-30d09d944cd4 ] Request (ServersTestBootFromVolume:tearDownClass): 200 GET http://10.180.1.21/compute/v2.1/servers/c8e94dd5-64eb-4c4f-bb45-b49e468cb5c3 0.400s
2024-12-12 15:25:57.935 66941 INFO tempest.lib.common.rest_client [req-9e3e71fb-30ff-4dc5-8418-3aa8d06009a2 req-9e3e71fb-30ff-4dc5-8418-3aa8d06009a2 ] Request (ServersTestManualDisk:tearDownClass): 200 GET http://10.180.1.21/compute/v2.1/servers/3c51d4dc-5a2c-4483-9aa5-8bab532971d4 0.333s
2024-12-12 15:25:57.948 66937 INFO tempest.lib.common.rest_client [req-f3bd7e29-9b9c-4835-86e7-e03d92cdedc5 req-f3bd7e29-9b9c-4835-86e7-e03d92cdedc5 ] Request (ServersTestJSON:tearDownClass): 200 GET http://10.180.1.21/compute/v2.1/servers/a88ba00d-6644-4ecc-8603-a7d79ce8a4b4 0.296s
2024-12-12 15:25:58.012 66949 INFO tempest.lib.common.rest_client [req-479e85b0-2150-489d-87ba-16ef8e8bd604 req-479e85b0-2150-489d-87ba-16ef8e8bd604 ] Request (TenantUsagesTestJSON:setUpClass): 200 GET http://10.180.1.21/compute/v2.1/servers/eaed706d-b3db-46ed-8c70-08f80479afa4 0.304s
2024-12-12 15:25:58.030 66979 INFO tempest.lib.common.rest_client [req-bdfc9360-ccda-480c-8037-0ac6e17a151d req-bdfc9360-ccda-480c-8037-0ac6e17a151d ] Request (ServersAdminTestJSON:test_inject_network_info): 200 GET http://10.180.1.21/compute/v2.1/servers/e753da08-d4a5-4f17-85c8-154e843798c9 0.298s
2024-12-12 15:25:58.080 66961 INFO tempest.lib.common.rest_client [req-0eafcead-8288-424e-9e8c-bbbf529f3026 req-0eafcead-8288-424e-9e8c-bbbf529f3026 ] Request (MigrationsAdminTest:test_list_migrations_in_flavor_resize_situation): 200 GET http://10.180.1.21/compute/v2.1/servers/965f3d8a-7a8e-464e-b117-ce1ca8e8a0ce 0.271s
2024-12-12 15:25:58.112 66939 INFO tempest.lib.common.rest_client [req-bbe61107-dc58-49cf-a8a7-90117f3366d7 req-bbe61107-dc58-49cf-a8a7-90117f3366d7 ] Request (ServersTestMultiNic:_run_cleanups): 204 DELETE http://10.180.1.21:9696/networking/v2.0/networks/252d5d89-738e-45ee-ac6b-8ffd0b53e1d3 0.391s
2024-12-12 15:25:58.134 66955 INFO tempest.lib.common.rest_client [req-c14ccd70-925d-415e-9077-985fda290702 req-c14ccd70-925d-415e-9077-985fda290702 ] Request (ServersNegativeTestMultiTenantJSON:setUpClass): 200 GET http://10.180.1.21/compute/v2.1/servers/c3c278a8-0513-4a7f-881e-b71c70206860 0.223s
2024-12-12 15:25:58.287 66939 INFO tempest.lib.common.rest_client [req-d296b689-6d89-4dfb-8381-a225fd772931 req-d296b689-6d89-4dfb-8381-a225fd772931 ] Request (ServersTestMultiNic:test_verify_multiple_nics_order): 201 POST http://10.180.1.21:9696/networking/v2.0/networks 0.173s
2024-12-12 15:25:58.361 66933 INFO tempest.lib.common.rest_client [req-e14e364a-f2c0-4279-a497-3117252907c6 req-e14e364a-f2c0-4279-a497-3117252907c6 ] Request (AttachInterfacesTestJSON:test_create_list_show_delete_interfaces_by_fixed_ip): 200 GET http://10.180.1.21/compute/v2.1/servers/27177719-5090-43de-9bca-6db6bebab7b4/os-interface 0.121s
2024-12-12 15:25:58.370 66943 INFO tempest.lib.common.rest_client [req-f36b18e0-f0dc-4131-a708-7808dffb3cc6 req-f36b18e0-f0dc-4131-a708-7808dffb3cc6 ] Request (DeleteServersTestJSON:test_delete_server_while_in_attached_volume): 200 GET http://10.180.1.21/compute/v2.1/servers/2d1425f2-ddf9-4e82-bcfe-e11c597d011a 0.233s
2024-12-12 15:25:58.380 66933 INFO tempest.lib.common.rest_client [req-776f4665-09ec-4b3c-ae94-35315905d24a req-776f4665-09ec-4b3c-ae94-35315905d24a ] Request (AttachInterfacesTestJSON:_run_cleanups): 404 DELETE http://10.180.1.21:9696/networking/v2.0/ports/6c744114-882e-410b-a8fd-10bac7d2be70 0.017s
2024-12-12 15:25:58.386 66975 INFO tempest.lib.common.rest_client [req-ac286c0a-668d-47c0-85b5-a35cf0949569 req-ac286c0a-668d-47c0-85b5-a35cf0949569 ] Request (ValidationResourcesFixture:setUp): 201 POST http://10.180.1.21:9696/networking/v2.0/floatingips 0.812s
2024-12-12 15:25:58.431 66975 INFO tempest.lib.common.rest_client [req-7c4f76ad-a44e-4fcb-8505-7fb664ea5fd4 req-7c4f76ad-a44e-4fcb-8505-7fb664ea5fd4 ] Request (AttachInterfacesUnderV243Test:test_add_remove_fixed_ip): 201 POST http://10.180.1.21/identity/v3/auth/tokens 0.041s
2024-12-12 15:25:58.431 66975 INFO tempest.lib.common.fixed_network [-] (AttachInterfacesUnderV243Test:test_add_remove_fixed_ip) Found network {'id': '7b2cb854-43f8-4d73-b16a-16b0e34b29e4', 'name': 'tempest-AttachInterfacesUnderV243Test-1952186645-network', 'tenant_id': 'f89b38fc89ac4f039a89fb9bf42dbc5d', 'admin_state_up': True, 'mtu': 8950, 'status': 'ACTIVE', 'subnets': [], 'shared': False, 'project_id': 'f89b38fc89ac4f039a89fb9bf42dbc5d', 'port_security_enabled': True, 'router:external': False, 'provider:network_type': 'vlan', 'provider:physical_network': 'default', 'provider:segmentation_id': 74, 'availability_zone_hints': [], 'availability_zones': [], 'ipv4_address_scope': None, 'ipv6_address_scope': None, 'description': '', 'tags': [], 'created_at': '2024-12-12T15:25:54Z', 'updated_at': '2024-12-12T15:25:54Z', 'revision_number': 1} available for tenant
2024-12-12 15:25:58.432 66927 INFO tempest.lib.common.rest_client [req-aad3a045-0279-43d4-8717-bc60a8b3c3ef req-aad3a045-0279-43d4-8717-bc60a8b3c3ef ] Request (ListImageFiltersTestJSON:tearDownClass): 200 GET http://10.180.1.21/compute/v2.1/servers/5060e745-08d0-429e-8780-bfdad7a29f30 0.088s
2024-12-12 15:25:58.689 66939 INFO tempest.lib.common.rest_client [req-4927b141-5878-41e5-a1d8-1f345167901f req-4927b141-5878-41e5-a1d8-1f345167901f ] Request (ServersTestMultiNic:test_verify_multiple_nics_order): 201 POST http://10.180.1.21:9696/networking/v2.0/subnets 0.401s
2024-12-12 15:25:58.698 66933 INFO tempest.lib.common.rest_client [req-a3ee9c14-5224-4b88-a266-65112673e7ac req-a3ee9c14-5224-4b88-a266-65112673e7ac ] Request (AttachInterfacesTestJSON:_run_cleanups): 204 DELETE http://10.180.1.21/compute/v2.1/servers/27177719-5090-43de-9bca-6db6bebab7b4 0.317s
2024-12-12 15:25:58.752 66963 INFO tempest.lib.common.rest_client [req-c171f3f0-6048-49cc-bac0-b684db35b714 req-c171f3f0-6048-49cc-bac0-b684db35b714 ] Request (ServersWithSpecificFlavorTestJSON:test_verify_created_server_ephemeral_disk): 200 GET http://10.180.1.21/compute/v2.1/servers/c7b034f7-1d7f-4782-9ecb-5987c35339cc 0.312s
2024-12-12 15:25:58.807 66925 INFO tempest.lib.common.rest_client [req-91081f8a-48a8-4e88-8808-48506b4aed4f req-91081f8a-48a8-4e88-8808-48506b4aed4f ] Request (ListServersNegativeTestJSON:setUpClass): 200 GET http://10.180.1.21/compute/v2.1/servers/c1c85cc0-53f1-4920-8f3e-6dd69414fa85 0.329s
2024-12-12 15:25:58.846 66975 INFO tempest.lib.common.rest_client [req-a190762a-c866-4f2b-81b0-a98e16d480c3 req-a190762a-c866-4f2b-81b0-a98e16d480c3 ] Request (AttachInterfacesUnderV243Test:test_add_remove_fixed_ip): 202 POST http://10.180.1.21/compute/v2.1/servers 0.413s
2024-12-12 15:25:58.883 66939 INFO tempest.lib.common.rest_client [req-434709e8-f513-4fe1-8eef-af252dd67240 req-434709e8-f513-4fe1-8eef-af252dd67240 ] Request (ServersTestMultiNic:test_verify_multiple_nics_order): 201 POST http://10.180.1.21:9696/networking/v2.0/networks 0.193s
2024-12-12 15:25:58.887 66957 INFO tempest.lib.common.rest_client [req-eb07bf77-d5fe-4863-8ee0-f797182649ac req-eb07bf77-d5fe-4863-8ee0-f797182649ac ] Request (SecurityGroupsTestJSON:test_server_security_groups): 200 GET http://10.180.1.21/compute/v2.1/servers/343a7e90-5e55-4125-8475-44050f267987 0.340s
2024-12-12 15:25:58.956 66987 INFO tempest.lib.common.rest_client [req-e1b93551-893a-45a4-b264-ea005d4c3ee3 req-e1b93551-893a-45a4-b264-ea005d4c3ee3 ] Request (ServerAddressesNegativeTestJSON:setUpClass): 200 GET http://10.180.1.21/compute/v2.1/servers/3dfeaf57-2244-418e-a04a-ed4143e454d5 0.326s
2024-12-12 15:25:58.979 66983 INFO tempest.lib.common.rest_client [req-20034d2b-dfcd-4aad-80bd-1eb9ac58e2d7 req-20034d2b-dfcd-4aad-80bd-1eb9ac58e2d7 ] Request (ServerDiskConfigTestJSON:test_rebuild_server_with_auto_disk_config): 200 GET http://10.180.1.21/compute/v2.1/servers/e3df56a7-eb82-4297-8aa3-f77c0380b6ec 0.392s
2024-12-12 15:25:59.046 66969 INFO tempest.lib.common.rest_client [req-78301c61-df94-46e9-8ceb-77d2dfd1723e req-78301c61-df94-46e9-8ceb-77d2dfd1723e ] Request (ImagesTestJSON:test_create_server_from_snapshot): 200 GET http://10.180.1.21/compute/v2.1/servers/7158c64a-5036-419b-b110-7e22c12bf3dd 0.354s
2024-12-12 15:25:59.054 66969 INFO tempest.common.waiters [-] State transition "BUILD/scheduling" ==> "BUILD/None" after 2 second wait
2024-12-12 15:25:59.054 66929 INFO tempest.lib.common.rest_client [req-3cd6f63b-f558-4c69-a02a-2ca277018098 req-3cd6f63b-f558-4c69-a02a-2ca277018098 ] Request (ServerGroupTestJSON:_run_cleanups): 200 GET http://10.180.1.21/compute/v2.1/servers/0b7c72e0-79b9-4435-9676-7a0e9afaf936 0.399s
2024-12-12 15:25:59.127 66977 INFO tempest.lib.common.rest_client [req-c4451294-dcde-4843-8af1-ea39200d7c93 req-c4451294-dcde-4843-8af1-ea39200d7c93 ] Request (ServersTestJSON:_run_cleanups): 200 GET http://10.180.1.21/compute/v2.1/servers/5203c12e-14a0-4736-8185-8ead9a29b03b 0.409s
2024-12-12 15:25:59.206 66947 INFO tempest.lib.common.rest_client [req-4f7671a3-2c40-4a28-bc21-9d459a46b5c2 req-4f7671a3-2c40-4a28-bc21-9d459a46b5c2 ] Request (ImagesOneServerTestJSON:setUpClass): 200 GET http://10.180.1.21/compute/v2.1/servers/a534b054-2143-41c4-a0fa-028339ecdbbf 0.428s
2024-12-12 15:25:59.217 66933 INFO tempest.lib.common.rest_client [req-778058e3-427f-4d97-9ea9-5563bbd47925 req-778058e3-427f-4d97-9ea9-5563bbd47925 ] Request (AttachInterfacesTestJSON:_run_cleanups): 200 GET http://10.180.1.21/compute/v2.1/servers/27177719-5090-43de-9bca-6db6bebab7b4 0.518s
2024-12-12 15:25:59.254 66939 INFO tempest.lib.common.rest_client [req-7c71f002-fe71-4f7b-a5bc-e97046a6a0dd req-7c71f002-fe71-4f7b-a5bc-e97046a6a0dd ] Request (ServersTestMultiNic:test_verify_multiple_nics_order): 201 POST http://10.180.1.21:9696/networking/v2.0/subnets 0.371s
2024-12-12 15:25:59.265 66975 INFO tempest.lib.common.rest_client [req-3cad2ec6-cd76-49dd-9b7d-b62bfe452c55 req-3cad2ec6-cd76-49dd-9b7d-b62bfe452c55 ] Request (AttachInterfacesUnderV243Test:test_add_remove_fixed_ip): 200 GET http://10.180.1.21/compute/v2.1/servers/e3842404-2c80-4fa9-b0c9-c58c484845a2 0.418s
2024-12-12 15:25:59.313 66951 INFO tempest.lib.common.rest_client [req-27941311-9d87-4027-a73b-9a6a13cb2ce0 req-27941311-9d87-4027-a73b-9a6a13cb2ce0 ] Request (FloatingIPsAssociationTestJSON:tearDownClass): 200 GET http://10.180.1.21/compute/v2.1/servers/0c72c98b-57f0-44e5-9159-490b27eac3a6 0.459s
2024-12-12 15:25:59.338 66971 INFO tempest.lib.common.rest_client [req-5b72d45c-a7a5-4b17-95dc-a7485a3dc901 req-5b72d45c-a7a5-4b17-95dc-a7485a3dc901 ] Request (ServersTestBootFromVolume:tearDownClass): 200 GET http://10.180.1.21/compute/v2.1/servers/c8e94dd5-64eb-4c4f-bb45-b49e468cb5c3 0.474s
2024-12-12 15:25:59.346 66939 INFO tempest.lib.common.rest_client [req-57a89eed-45a1-47b7-9860-5d1815a22aa9 req-57a89eed-45a1-47b7-9860-5d1815a22aa9 ] Request (ServersTestMultiNic:test_verify_multiple_nics_order): 201 POST http://10.180.1.21/identity/v3/auth/tokens 0.087s
2024-12-12 15:25:59.346 66939 INFO tempest.lib.common.fixed_network [-] (ServersTestMultiNic:test_verify_multiple_nics_order) Found network {'id': 'e310b4b3-3504-4bd7-b19d-d3f533d936f7', 'name': 'tempest-ServersTestMultiNic-297075364-network', 'tenant_id': '5b874b5f558e48e9a83b27e69d262106', 'admin_state_up': True, 'mtu': 8950, 'status': 'ACTIVE', 'subnets': [], 'shared': False, 'project_id': '5b874b5f558e48e9a83b27e69d262106', 'port_security_enabled': True, 'router:external': False, 'provider:network_type': 'vlan', 'provider:physical_network': 'default', 'provider:segmentation_id': 764, 'availability_zone_hints': [], 'availability_zones': [], 'ipv4_address_scope': None, 'ipv6_address_scope': None, 'description': '', 'tags': [], 'created_at': '2024-12-12T15:23:58Z', 'updated_at': '2024-12-12T15:23:58Z', 'revision_number': 1} available for tenant
2024-12-12 15:25:59.397 66941 INFO tempest.lib.common.rest_client [req-dd218874-2330-45ba-972c-2b17c2faf794 req-dd218874-2330-45ba-972c-2b17c2faf794 ] Request (ServersTestManualDisk:tearDownClass): 200 GET http://10.180.1.21/compute/v2.1/servers/3c51d4dc-5a2c-4483-9aa5-8bab532971d4 0.449s
2024-12-12 15:25:59.433 66937 INFO tempest.lib.common.rest_client [req-15857350-6956-4ccd-b6b3-12615a3790b0 req-15857350-6956-4ccd-b6b3-12615a3790b0 ] Request (ServersTestJSON:tearDownClass): 200 GET http://10.180.1.21/compute/v2.1/servers/a88ba00d-6644-4ecc-8603-a7d79ce8a4b4 0.474s
2024-12-12 15:25:59.465 66949 INFO tempest.lib.common.rest_client [req-cc528f90-b3da-48e1-b6ce-dba56c6536c0 req-cc528f90-b3da-48e1-b6ce-dba56c6536c0 ] Request (TenantUsagesTestJSON:setUpClass): 200 GET http://10.180.1.21/compute/v2.1/servers/eaed706d-b3db-46ed-8c70-08f80479afa4 0.442s
2024-12-12 15:25:59.500 66979 INFO tempest.lib.common.rest_client [req-7bd5e679-df9f-4109-8ff7-a8eb620e8635 req-7bd5e679-df9f-4109-8ff7-a8eb620e8635 ] Request (ServersAdminTestJSON:test_inject_network_info): 200 GET http://10.180.1.21/compute/v2.1/servers/e753da08-d4a5-4f17-85c8-154e843798c9 0.455s
2024-12-12 15:25:59.511 66979 INFO tempest.common.waiters [-] State transition "BUILD/None" ==> "BUILD/networking" after 78 second wait
2024-12-12 15:25:59.531 66961 INFO tempest.lib.common.rest_client [req-259f98ae-a74f-4bb9-b797-f5d823b585d1 req-259f98ae-a74f-4bb9-b797-f5d823b585d1 ] Request (MigrationsAdminTest:test_list_migrations_in_flavor_resize_situation): 200 GET http://10.180.1.21/compute/v2.1/servers/965f3d8a-7a8e-464e-b117-ce1ca8e8a0ce 0.442s
2024-12-12 15:25:59.560 66955 INFO tempest.lib.common.rest_client [req-b86132cf-1884-4fda-b22b-db648b9bff03 req-b86132cf-1884-4fda-b22b-db648b9bff03 ] Request (ServersNegativeTestMultiTenantJSON:setUpClass): 200 GET http://10.180.1.21/compute/v2.1/servers/c3c278a8-0513-4a7f-881e-b71c70206860 0.416s
2024-12-12 15:26:00.010 66943 INFO tempest.lib.common.rest_client [req-1abba58a-dcb8-4afd-bc3b-4e2e6abc2b4e req-1abba58a-dcb8-4afd-bc3b-4e2e6abc2b4e ] Request (DeleteServersTestJSON:test_delete_server_while_in_attached_volume): 200 GET http://10.180.1.21/compute/v2.1/servers/2d1425f2-ddf9-4e82-bcfe-e11c597d011a 0.628s
2024-12-12 15:26:00.017 66943 INFO tempest.common.waiters [-] State transition "BUILD/spawning" ==> "ACTIVE/None" after 79 second wait
2024-12-12 15:26:00.092 66927 INFO tempest.lib.common.rest_client [req-20ab07d8-222b-4bc6-93f9-5c4384c99900 req-20ab07d8-222b-4bc6-93f9-5c4384c99900 ] Request (ListImageFiltersTestJSON:tearDownClass): 200 GET http://10.180.1.21/compute/v2.1/servers/5060e745-08d0-429e-8780-bfdad7a29f30 0.652s
2024-12-12 15:26:00.167 66963 INFO tempest.lib.common.rest_client [req-ade9a034-4249-4896-a66c-c4625c531055 req-ade9a034-4249-4896-a66c-c4625c531055 ] Request (ServersWithSpecificFlavorTestJSON:test_verify_created_server_ephemeral_disk): 200 GET http://10.180.1.21/compute/v2.1/servers/c7b034f7-1d7f-4782-9ecb-5987c35339cc 0.407s
2024-12-12 15:26:00.196 66943 INFO tempest.lib.common.rest_client [req-87f85505-b2e7-452e-8089-1841a3fad0dc req-87f85505-b2e7-452e-8089-1841a3fad0dc ] Request (DeleteServersTestJSON:test_delete_server_while_in_attached_volume): 202 POST http://10.180.1.21/volume/v3/volumes 0.179s
2024-12-12 15:26:00.227 66943 INFO tempest.lib.common.rest_client [req-fe8228a8-4bff-4be2-aa80-692401104f99 req-fe8228a8-4bff-4be2-aa80-692401104f99 ] Request (DeleteServersTestJSON:test_delete_server_while_in_attached_volume): 200 GET http://10.180.1.21/volume/v3/volumes/037b9a76-8815-4762-9780-c0a21b05b3bd 0.025s
2024-12-12 15:26:00.235 66925 INFO tempest.lib.common.rest_client [req-084a1685-9dcf-4be5-a7fd-8fee74a489ed req-084a1685-9dcf-4be5-a7fd-8fee74a489ed ] Request (ListServersNegativeTestJSON:setUpClass): 200 GET http://10.180.1.21/compute/v2.1/servers/c1c85cc0-53f1-4920-8f3e-6dd69414fa85 0.415s
2024-12-12 15:26:00.313 66957 INFO tempest.lib.common.rest_client [req-bb249a0b-507d-4d89-bd68-956eccca3841 req-bb249a0b-507d-4d89-bd68-956eccca3841 ] Request (SecurityGroupsTestJSON:test_server_security_groups): 200 GET http://10.180.1.21/compute/v2.1/servers/343a7e90-5e55-4125-8475-44050f267987 0.415s
2024-12-12 15:26:00.321 66935 WARNING tempest.lib.common.ssh [-] Failed to establish authenticated ssh connection to cirros@10.180.180.216 ([Errno None] Unable to connect to port 22 on 10.180.180.216). Number attempts: 1. Retry after 2 seconds.: paramiko.ssh_exception.NoValidConnectionsError: [Errno None] Unable to connect to port 22 on 10.180.180.216
2024-12-12 15:26:00.397 66987 INFO tempest.lib.common.rest_client [req-efe18050-e635-4e67-9553-cd8764db6c4d req-efe18050-e635-4e67-9553-cd8764db6c4d ] Request (ServerAddressesNegativeTestJSON:setUpClass): 200 GET http://10.180.1.21/compute/v2.1/servers/3dfeaf57-2244-418e-a04a-ed4143e454d5 0.426s
2024-12-12 15:26:00.438 66939 INFO tempest.lib.common.rest_client [req-c71adb0f-2ac4-47fa-bce6-fdb58c40adfc req-c71adb0f-2ac4-47fa-bce6-fdb58c40adfc ] Request (ServersTestMultiNic:test_verify_multiple_nics_order): 202 POST http://10.180.1.21/compute/v2.1/servers 1.091s
2024-12-12 15:26:00.500 66969 INFO tempest.lib.common.rest_client [req-ee661468-99b7-41a8-a9c4-6790a3e11776 req-ee661468-99b7-41a8-a9c4-6790a3e11776 ] Request (ImagesTestJSON:test_create_server_from_snapshot): 200 GET http://10.180.1.21/compute/v2.1/servers/7158c64a-5036-419b-b110-7e22c12bf3dd 0.444s
2024-12-12 15:26:00.609 66929 INFO tempest.lib.common.rest_client [req-cf817f7a-823d-4ef8-8e86-1fd2e17c7e2e req-cf817f7a-823d-4ef8-8e86-1fd2e17c7e2e ] Request (ServerGroupTestJSON:_run_cleanups): 200 GET http://10.180.1.21/compute/v2.1/servers/0b7c72e0-79b9-4435-9676-7a0e9afaf936 0.540s
2024-12-12 15:26:00.612 66983 INFO tempest.lib.common.rest_client [req-0e480228-a27e-44af-a1e0-2ea6d49d9a14 req-0e480228-a27e-44af-a1e0-2ea6d49d9a14 ] Request (ServerDiskConfigTestJSON:test_rebuild_server_with_auto_disk_config): 200 GET http://10.180.1.21/compute/v2.1/servers/e3df56a7-eb82-4297-8aa3-f77c0380b6ec 0.626s
2024-12-12 15:26:00.667 66947 INFO tempest.lib.common.rest_client [req-3e36a3cf-57a0-49f0-9012-901ac70ec4bf req-3e36a3cf-57a0-49f0-9012-901ac70ec4bf ] Request (ImagesOneServerTestJSON:setUpClass): 200 GET http://10.180.1.21/compute/v2.1/servers/a534b054-2143-41c4-a0fa-028339ecdbbf 0.453s
2024-12-12 15:26:00.676 66977 INFO tempest.lib.common.rest_client [req-b13b0ecc-a365-4fec-918c-ca395ff637f6 req-b13b0ecc-a365-4fec-918c-ca395ff637f6 ] Request (ServersTestJSON:_run_cleanups): 200 GET http://10.180.1.21/compute/v2.1/servers/5203c12e-14a0-4736-8185-8ead9a29b03b 0.538s
2024-12-12 15:26:00.733 66975 INFO tempest.lib.common.rest_client [req-75a783ba-bad3-4e14-bd79-eb2d660668ab req-75a783ba-bad3-4e14-bd79-eb2d660668ab ] Request (AttachInterfacesUnderV243Test:test_add_remove_fixed_ip): 200 GET http://10.180.1.21/compute/v2.1/servers/e3842404-2c80-4fa9-b0c9-c58c484845a2 0.456s
2024-12-12 15:26:00.740 66975 INFO tempest.common.waiters [-] State transition "BUILD/scheduling" ==> "BUILD/None" after 1 second wait
2024-12-12 15:26:00.805 66951 INFO tempest.lib.common.rest_client [req-e843b35e-8b34-4a97-b146-e6fa4a8037af req-e843b35e-8b34-4a97-b146-e6fa4a8037af ] Request (FloatingIPsAssociationTestJSON:tearDownClass): 200 GET http://10.180.1.21/compute/v2.1/servers/0c72c98b-57f0-44e5-9159-490b27eac3a6 0.485s
2024-12-12 15:26:00.823 66933 INFO tempest.lib.common.rest_client [req-5d910eb7-0622-4d8f-953e-50a51655ff1b req-5d910eb7-0622-4d8f-953e-50a51655ff1b ] Request (AttachInterfacesTestJSON:_run_cleanups): 200 GET http://10.180.1.21/compute/v2.1/servers/27177719-5090-43de-9bca-6db6bebab7b4 0.597s
2024-12-12 15:26:00.865 66971 INFO tempest.lib.common.rest_client [req-88b3dc88-061f-4ed6-869b-8df13f60bf96 req-88b3dc88-061f-4ed6-869b-8df13f60bf96 ] Request (ServersTestBootFromVolume:tearDownClass): 200 GET http://10.180.1.21/compute/v2.1/servers/c8e94dd5-64eb-4c4f-bb45-b49e468cb5c3 0.513s
2024-12-12 15:26:00.889 66941 INFO tempest.lib.common.rest_client [req-5d3b3b64-9834-4ae3-ac90-f9782eb94f5a req-5d3b3b64-9834-4ae3-ac90-f9782eb94f5a ] Request (ServersTestManualDisk:tearDownClass): 200 GET http://10.180.1.21/compute/v2.1/servers/3c51d4dc-5a2c-4483-9aa5-8bab532971d4 0.484s
2024-12-12 15:26:00.907 66939 INFO tempest.lib.common.rest_client [req-16525755-072e-4517-a0e4-9fd63f43e133 req-16525755-072e-4517-a0e4-9fd63f43e133 ] Request (ServersTestMultiNic:test_verify_multiple_nics_order): 200 GET http://10.180.1.21/compute/v2.1/servers/943100f1-e702-4869-8c19-d81d39712ac5 0.466s
2024-12-12 15:26:00.982 66937 INFO tempest.lib.common.rest_client [req-7e8d8bba-52c3-497e-870e-113e1b2db744 req-7e8d8bba-52c3-497e-870e-113e1b2db744 ] Request (ServersTestJSON:tearDownClass): 200 GET http://10.180.1.21/compute/v2.1/servers/a88ba00d-6644-4ecc-8603-a7d79ce8a4b4 0.539s
2024-12-12 15:26:00.989 66949 INFO tempest.lib.common.rest_client [req-62591634-d875-46f9-97f6-3c7c8f9eef33 req-62591634-d875-46f9-97f6-3c7c8f9eef33 ] Request (TenantUsagesTestJSON:setUpClass): 200 GET http://10.180.1.21/compute/v2.1/servers/eaed706d-b3db-46ed-8c70-08f80479afa4 0.516s
2024-12-12 15:26:01.049 66961 INFO tempest.lib.common.rest_client [req-3a159657-107d-4583-8b08-4ad6f2166dac req-3a159657-107d-4583-8b08-4ad6f2166dac ] Request (MigrationsAdminTest:test_list_migrations_in_flavor_resize_situation): 200 GET http://10.180.1.21/compute/v2.1/servers/965f3d8a-7a8e-464e-b117-ce1ca8e8a0ce 0.510s
2024-12-12 15:26:01.109 66955 INFO tempest.lib.common.rest_client [req-3f8eedf8-7248-487c-bc25-58618bc8df17 req-3f8eedf8-7248-487c-bc25-58618bc8df17 ] Request (ServersNegativeTestMultiTenantJSON:setUpClass): 200 GET http://10.180.1.21/compute/v2.1/servers/c3c278a8-0513-4a7f-881e-b71c70206860 0.540s
2024-12-12 15:26:01.164 66979 INFO tempest.lib.common.rest_client [req-5af7405b-dfac-4a5e-a436-ad2e5883c36a req-5af7405b-dfac-4a5e-a436-ad2e5883c36a ] Request (ServersAdminTestJSON:test_inject_network_info): 200 GET http://10.180.1.21/compute/v2.1/servers/e753da08-d4a5-4f17-85c8-154e843798c9 0.652s
2024-12-12 15:26:01.170 66927 INFO tempest.lib.common.rest_client [req-7a68c24c-8d67-45b8-9da9-55b44b7e16ff req-7a68c24c-8d67-45b8-9da9-55b44b7e16ff ] Request (ListImageFiltersTestJSON:tearDownClass): 200 GET http://10.180.1.21/compute/v2.1/servers/5060e745-08d0-429e-8780-bfdad7a29f30 0.069s
2024-12-12 15:26:01.175 66979 INFO tempest.common.waiters [-] State transition "BUILD/networking" ==> "BUILD/spawning" after 80 second wait
2024-12-12 15:26:01.235 66963 INFO tempest.lib.common.rest_client [req-0574fd06-7b8e-43f1-b9d3-9ae1b16337ae req-0574fd06-7b8e-43f1-b9d3-9ae1b16337ae ] Request (ServersWithSpecificFlavorTestJSON:test_verify_created_server_ephemeral_disk): 200 GET http://10.180.1.21/compute/v2.1/servers/c7b034f7-1d7f-4782-9ecb-5987c35339cc 0.056s
2024-12-12 15:26:01.276 66943 INFO tempest.lib.common.rest_client [req-d5e1c091-a789-460d-91ce-32b67ca9a887 req-d5e1c091-a789-460d-91ce-32b67ca9a887 ] Request (DeleteServersTestJSON:test_delete_server_while_in_attached_volume): 200 GET http://10.180.1.21/volume/v3/volumes/037b9a76-8815-4762-9780-c0a21b05b3bd 0.042s
2024-12-12 15:26:01.283 66943 INFO tempest.common.waiters [-] volume 037b9a76-8815-4762-9780-c0a21b05b3bd reached available after waiting for 1.283491 seconds
2024-12-12 15:26:01.312 66925 INFO tempest.lib.common.rest_client [req-6c63410b-1e4e-4fd7-a5e8-11ab95454631 req-6c63410b-1e4e-4fd7-a5e8-11ab95454631 ] Request (ListServersNegativeTestJSON:setUpClass): 200 GET http://10.180.1.21/compute/v2.1/servers/c1c85cc0-53f1-4920-8f3e-6dd69414fa85 0.070s
2024-12-12 15:26:01.350 66957 INFO tempest.lib.common.rest_client [req-5618f91a-b73d-446d-9b60-466bef649ec1 req-5618f91a-b73d-446d-9b60-466bef649ec1 ] Request (SecurityGroupsTestJSON:test_server_security_groups): 404 GET http://10.180.1.21/compute/v2.1/servers/343a7e90-5e55-4125-8475-44050f267987 0.027s
2024-12-12 15:26:01.458 66957 INFO tempest.lib.common.rest_client [req-b5e37349-cf88-4171-a341-3d823d615bc9 req-b5e37349-cf88-4171-a341-3d823d615bc9 ] Request (SecurityGroupsTestJSON:test_server_security_groups): 202 DELETE http://10.180.1.21/compute/v2.1/os-security-groups/3225e0d9-097e-498a-acfb-832f70abd3a2 0.108s
2024-12-12 15:26:01.512 66987 INFO tempest.lib.common.rest_client [req-1986ec04-db6f-4b00-849a-87f258e6a92b req-1986ec04-db6f-4b00-849a-87f258e6a92b ] Request (ServerAddressesNegativeTestJSON:setUpClass): 200 GET http://10.180.1.21/compute/v2.1/servers/3dfeaf57-2244-418e-a04a-ed4143e454d5 0.108s
2024-12-12 15:26:01.625 66957 INFO tempest.lib.common.rest_client [req-3fcb9af6-063c-4472-af85-609b36e95ccb req-3fcb9af6-063c-4472-af85-609b36e95ccb ] Request (SecurityGroupsTestJSON:test_server_security_groups): 202 DELETE http://10.180.1.21/compute/v2.1/os-security-groups/7cd4846c-ea4a-4688-ab9f-0c5fc8692e21 0.166s
2024-12-12 15:26:01.692 66969 INFO tempest.lib.common.rest_client [req-26c64c32-7428-4bf7-8203-c2bb0a14c83f req-26c64c32-7428-4bf7-8203-c2bb0a14c83f ] Request (ImagesTestJSON:test_create_server_from_snapshot): 200 GET http://10.180.1.21/compute/v2.1/servers/7158c64a-5036-419b-b110-7e22c12bf3dd 0.182s
2024-12-12 15:26:01.818 66983 INFO tempest.lib.common.rest_client [req-d8675578-a13b-4cef-b6d9-56b1f80860c1 req-d8675578-a13b-4cef-b6d9-56b1f80860c1 ] Request (ServerDiskConfigTestJSON:test_rebuild_server_with_auto_disk_config): 200 GET http://10.180.1.21/compute/v2.1/servers/e3df56a7-eb82-4297-8aa3-f77c0380b6ec 0.200s
2024-12-12 15:26:01.887 66929 INFO tempest.lib.common.rest_client [req-e4583dbe-fe73-4c0f-9004-752571dade11 req-e4583dbe-fe73-4c0f-9004-752571dade11 ] Request (ServerGroupTestJSON:_run_cleanups): 200 GET http://10.180.1.21/compute/v2.1/servers/0b7c72e0-79b9-4435-9676-7a0e9afaf936 0.267s
2024-12-12 15:26:02.049 66957 INFO tempest.lib.common.rest_client [req-e2c7ff74-d5a7-4e29-9d66-ffd2e230f201 req-e2c7ff74-d5a7-4e29-9d66-ffd2e230f201 ] Request (SecurityGroupsTestJSON:test_update_security_groups): 200 POST http://10.180.1.21/compute/v2.1/os-security-groups 0.422s
2024-12-12 15:26:02.108 66947 INFO tempest.lib.common.rest_client [req-a34cbb18-cc3f-4857-8985-e3aa99d1f90c req-a34cbb18-cc3f-4857-8985-e3aa99d1f90c ] Request (ImagesOneServerTestJSON:setUpClass): 200 GET http://10.180.1.21/compute/v2.1/servers/a534b054-2143-41c4-a0fa-028339ecdbbf 0.433s
2024-12-12 15:26:02.168 66977 INFO tempest.lib.common.rest_client [req-432bd964-0410-4940-a1f8-33e299d22f85 req-432bd964-0410-4940-a1f8-33e299d22f85 ] Request (ServersTestJSON:_run_cleanups): 200 GET http://10.180.1.21/compute/v2.1/servers/5203c12e-14a0-4736-8185-8ead9a29b03b 0.484s
2024-12-12 15:26:02.217 66975 INFO tempest.lib.common.rest_client [req-08ea4072-0150-41d8-875d-7d27a6af1251 req-08ea4072-0150-41d8-875d-7d27a6af1251 ] Request (AttachInterfacesUnderV243Test:test_add_remove_fixed_ip): 200 GET http://10.180.1.21/compute/v2.1/servers/e3842404-2c80-4fa9-b0c9-c58c484845a2 0.476s
2024-12-12 15:26:02.272 66951 INFO tempest.lib.common.rest_client [req-5ef90326-8c32-497a-8930-a1650f4b9f46 req-5ef90326-8c32-497a-8930-a1650f4b9f46 ] Request (FloatingIPsAssociationTestJSON:tearDownClass): 200 GET http://10.180.1.21/compute/v2.1/servers/0c72c98b-57f0-44e5-9159-490b27eac3a6 0.460s
2024-12-12 15:26:02.346 66933 INFO tempest.lib.common.rest_client [req-2b2f5e1a-2b63-46f1-a149-e465713a708d req-2b2f5e1a-2b63-46f1-a149-e465713a708d ] Request (AttachInterfacesTestJSON:_run_cleanups): 200 GET http://10.180.1.21/compute/v2.1/servers/27177719-5090-43de-9bca-6db6bebab7b4 0.514s
2024-12-12 15:26:02.353 66933 INFO tempest.common.waiters [-] State transition "ACTIVE/deleting" ==> "DELETED/None" after 3 second wait
2024-12-12 15:26:02.405 66971 INFO tempest.lib.common.rest_client [req-2dd9bff8-d5b1-4d44-9600-f77831502cf5 req-2dd9bff8-d5b1-4d44-9600-f77831502cf5 ] Request (ServersTestBootFromVolume:tearDownClass): 200 GET http://10.180.1.21/compute/v2.1/servers/c8e94dd5-64eb-4c4f-bb45-b49e468cb5c3 0.532s
2024-12-12 15:26:02.411 66971 INFO tempest.common.waiters [-] State transition "ACTIVE/deleting" ==> "DELETED/None" after 7 second wait
2024-12-12 15:26:02.469 66941 INFO tempest.lib.common.rest_client [req-279fcd2b-9d87-456a-ba14-0f78d352b421 req-279fcd2b-9d87-456a-ba14-0f78d352b421 ] Request (ServersTestManualDisk:tearDownClass): 200 GET http://10.180.1.21/compute/v2.1/servers/3c51d4dc-5a2c-4483-9aa5-8bab532971d4 0.569s
2024-12-12 15:26:02.521 66939 INFO tempest.lib.common.rest_client [req-ec1f04db-d661-410a-ab84-f16a6b877170 req-ec1f04db-d661-410a-ab84-f16a6b877170 ] Request (ServersTestMultiNic:test_verify_multiple_nics_order): 200 GET http://10.180.1.21/compute/v2.1/servers/943100f1-e702-4869-8c19-d81d39712ac5 0.601s
2024-12-12 15:26:02.527 66939 INFO tempest.common.waiters [-] State transition "BUILD/scheduling" ==> "BUILD/None" after 2 second wait
2024-12-12 15:26:02.571 66937 INFO tempest.lib.common.rest_client [req-7855ab77-e6c9-47e0-9f24-049d8cbddedb req-7855ab77-e6c9-47e0-9f24-049d8cbddedb ] Request (ServersTestJSON:tearDownClass): 200 GET http://10.180.1.21/compute/v2.1/servers/a88ba00d-6644-4ecc-8603-a7d79ce8a4b4 0.580s
2024-12-12 15:26:02.614 66949 INFO tempest.lib.common.rest_client [req-6a557cd2-61ca-4794-888f-c522c0777c7a req-6a557cd2-61ca-4794-888f-c522c0777c7a ] Request (TenantUsagesTestJSON:setUpClass): 200 GET http://10.180.1.21/compute/v2.1/servers/eaed706d-b3db-46ed-8c70-08f80479afa4 0.613s
2024-12-12 15:26:02.625 66959 WARNING tempest.lib.common.ssh [-] Failed to establish authenticated ssh connection to cirros@10.180.180.150 ([Errno None] Unable to connect to port 22 on 10.180.180.150). Number attempts: 14. Retry after 15 seconds.: paramiko.ssh_exception.NoValidConnectionsError: [Errno None] Unable to connect to port 22 on 10.180.180.150
2024-12-12 15:26:02.700 66957 INFO tempest.lib.common.rest_client [req-20080751-43fb-4b4f-845c-af8f95b7be14 req-20080751-43fb-4b4f-845c-af8f95b7be14 ] Request (SecurityGroupsTestJSON:test_update_security_groups): 200 PUT http://10.180.1.21/compute/v2.1/os-security-groups/962ad985-e5f7-47a8-b5b2-45f02440f855 0.648s
2024-12-12 15:26:02.745 66961 INFO tempest.lib.common.rest_client [req-bf8cd280-826f-45b5-b273-d7c94f24cb15 req-bf8cd280-826f-45b5-b273-d7c94f24cb15 ] Request (MigrationsAdminTest:test_list_migrations_in_flavor_resize_situation): 200 GET http://10.180.1.21/compute/v2.1/servers/965f3d8a-7a8e-464e-b117-ce1ca8e8a0ce 0.688s
2024-12-12 15:26:02.792 66955 INFO tempest.lib.common.rest_client [req-5a579635-eca3-460a-ba72-8a29fe7c1b7e req-5a579635-eca3-460a-ba72-8a29fe7c1b7e ] Request (ServersNegativeTestMultiTenantJSON:setUpClass): 200 GET http://10.180.1.21/compute/v2.1/servers/c3c278a8-0513-4a7f-881e-b71c70206860 0.675s
2024-12-12 15:26:02.899 66979 INFO tempest.lib.common.rest_client [req-f891a634-7ae8-43c7-b70a-2c842b812784 req-f891a634-7ae8-43c7-b70a-2c842b812784 ] Request (ServersAdminTestJSON:test_inject_network_info): 200 GET http://10.180.1.21/compute/v2.1/servers/e753da08-d4a5-4f17-85c8-154e843798c9 0.722s
2024-12-12 15:26:02.932 66943 INFO tempest.lib.common.rest_client [req-854bcd7e-c3f0-461c-bbe0-0578235f3b96 req-854bcd7e-c3f0-461c-bbe0-0578235f3b96 ] Request (DeleteServersTestJSON:test_delete_server_while_in_attached_volume): 200 POST http://10.180.1.21/compute/v2.1/servers/2d1425f2-ddf9-4e82-bcfe-e11c597d011a/os-volume_attachments 1.648s
2024-12-12 15:26:02.942 66973 WARNING tempest.lib.common.ssh [-] Failed to establish authenticated ssh connection to cirros@10.180.180.228 ([Errno None] Unable to connect to port 22 on 10.180.180.228). Number attempts: 4. Retry after 5 seconds.: paramiko.ssh_exception.NoValidConnectionsError: [Errno None] Unable to connect to port 22 on 10.180.180.228
2024-12-12 15:26:02.959 66943 INFO tempest.lib.common.rest_client [req-092f02b9-20bf-4c2c-b5d0-b792c517bfd3 req-092f02b9-20bf-4c2c-b5d0-b792c517bfd3 ] Request (DeleteServersTestJSON:test_delete_server_while_in_attached_volume): 200 GET http://10.180.1.21/volume/v3/volumes/037b9a76-8815-4762-9780-c0a21b05b3bd 0.026s
2024-12-12 15:26:02.963 66927 INFO tempest.lib.common.rest_client [req-d91e1746-6e8d-4b83-bbeb-dc12b18fc49e req-d91e1746-6e8d-4b83-bbeb-dc12b18fc49e ] Request (ListImageFiltersTestJSON:tearDownClass): 200 GET http://10.180.1.21/compute/v2.1/servers/5060e745-08d0-429e-8780-bfdad7a29f30 0.786s
2024-12-12 15:26:02.997 66963 INFO tempest.lib.common.rest_client [req-944f6d9d-360e-4c88-aa68-5e0e05be2fcb req-944f6d9d-360e-4c88-aa68-5e0e05be2fcb ] Request (ServersWithSpecificFlavorTestJSON:test_verify_created_server_ephemeral_disk): 200 GET http://10.180.1.21/compute/v2.1/servers/c7b034f7-1d7f-4782-9ecb-5987c35339cc 0.755s
2024-12-12 15:26:03.021 66925 INFO tempest.lib.common.rest_client [req-7a9fe897-a7c5-4c85-992e-99c6af7350dd req-7a9fe897-a7c5-4c85-992e-99c6af7350dd ] Request (ListServersNegativeTestJSON:setUpClass): 200 GET http://10.180.1.21/compute/v2.1/servers/c1c85cc0-53f1-4920-8f3e-6dd69414fa85 0.702s
2024-12-12 15:26:03.057 66987 INFO tempest.lib.common.rest_client [req-284c9e5b-f8d4-4113-8e29-58e52b351936 req-284c9e5b-f8d4-4113-8e29-58e52b351936 ] Request (ServerAddressesNegativeTestJSON:setUpClass): 200 GET http://10.180.1.21/compute/v2.1/servers/3dfeaf57-2244-418e-a04a-ed4143e454d5 0.537s
2024-12-12 15:26:03.100 66969 INFO tempest.lib.common.rest_client [req-407a5ad4-324f-4a9c-9a2c-8390ab825d8d req-407a5ad4-324f-4a9c-9a2c-8390ab825d8d ] Request (ImagesTestJSON:test_create_server_from_snapshot): 200 GET http://10.180.1.21/compute/v2.1/servers/7158c64a-5036-419b-b110-7e22c12bf3dd 0.400s
2024-12-12 15:26:03.108 66957 INFO tempest.lib.common.rest_client [req-f6699f05-cd70-4ad2-809e-ef511416a5a6 req-f6699f05-cd70-4ad2-809e-ef511416a5a6 ] Request (SecurityGroupsTestJSON:test_update_security_groups): 200 GET http://10.180.1.21/compute/v2.1/os-security-groups/962ad985-e5f7-47a8-b5b2-45f02440f855 0.405s
2024-12-12 15:26:03.170 66929 INFO tempest.lib.common.rest_client [req-e93bb614-b2a3-41c4-9787-5567fe2262a8 req-e93bb614-b2a3-41c4-9787-5567fe2262a8 ] Request (ServerGroupTestJSON:_run_cleanups): 200 GET http://10.180.1.21/compute/v2.1/servers/0b7c72e0-79b9-4435-9676-7a0e9afaf936 0.274s
2024-12-12 15:26:03.260 66983 INFO tempest.lib.common.rest_client [req-65f8eaae-95d0-432f-a9be-aef297d324c1 req-65f8eaae-95d0-432f-a9be-aef297d324c1 ] Request (ServerDiskConfigTestJSON:test_rebuild_server_with_auto_disk_config): 200 GET http://10.180.1.21/compute/v2.1/servers/e3df56a7-eb82-4297-8aa3-f77c0380b6ec 0.434s
2024-12-12 15:26:03.267 66983 INFO tempest.common.waiters [-] State transition "REBUILD/rebuild_spawning" ==> "ACTIVE/None" after 10 second wait
