2024-12-12 15:25:09.744 66949 INFO tempest.lib.common.rest_client [req-32de5ab0-420f-409d-9b31-038603cadaad req-32de5ab0-420f-409d-9b31-038603cadaad ] Request (TenantUsagesTestJSON:setUpClass): 200 GET http://10.180.1.21/compute/v2.1/servers/eaed706d-b3db-46ed-8c70-08f80479afa4 0.122s
2024-12-12 15:25:09.796 66973 INFO tempest.lib.common.rest_client [req-015cc7ad-6341-410d-9d18-227400023c60 req-015cc7ad-6341-410d-9d18-227400023c60 ] Request (VolumesAssistedSnapshotsTest:test_volume_assisted_snapshot_create_delete): 200 GET http://10.180.1.21/compute/v2.1/servers/72a11582-1fad-428a-bde1-e9d0b05731cd 0.109s
2024-12-12 15:25:09.805 66947 INFO tempest.lib.common.rest_client [req-39a33f64-c069-4a16-b7c7-73e42ebd0ef4 req-39a33f64-c069-4a16-b7c7-73e42ebd0ef4 ] Request (ImagesNegativeTestJSON:test_create_image_from_deleted_server): 200 GET http://10.180.1.21/compute/v2.1/servers/e2758650-2762-49f6-a678-f55425a89994 0.130s
2024-12-12 15:25:09.848 66965 INFO tempest.lib.common.rest_client [req-4b83b399-0e3e-498c-a659-c9027ab461fe req-4b83b399-0e3e-498c-a659-c9027ab461fe ] Request (ServerShowV254Test:test_rebuild_server): 200 GET http://10.180.1.21/compute/v2.1/servers/c390d1ca-a199-4df6-847a-b543630a7bf5 0.103s
2024-12-12 15:25:09.923 66987 INFO tempest.lib.common.rest_client [req-3bf5c358-1787-4f9d-ac75-f963266e4c44 req-3bf5c358-1787-4f9d-ac75-f963266e4c44 ] Request (AttachInterfacesV270Test:tearDownClass): 200 GET http://10.180.1.21/compute/v2.1/servers/41182989-2537-42f0-8c37-792b8b2c5206 0.063s
2024-12-12 15:25:10.133 66935 INFO tempest.lib.common.rest_client [req-e7d60f6e-7e93-4d7a-9dde-ebc7f8d6e428 req-e7d60f6e-7e93-4d7a-9dde-ebc7f8d6e428 ] Request (ServerActionsV293TestJSON:setUpClass): 200 GET http://10.180.1.21/compute/v2.1/servers/9361ee6a-7c4d-4409-bc3c-7da7d4550d97 0.055s
2024-12-12 15:25:10.192 66983 INFO tempest.lib.common.rest_client [req-9bd47a8b-5e5c-4763-a429-1cc0c4e2b547 req-9bd47a8b-5e5c-4763-a429-1cc0c4e2b547 ] Request (ServerDiskConfigTestJSON:test_rebuild_server_with_auto_disk_config): 200 GET http://10.180.1.21/compute/v2.1/servers/e3df56a7-eb82-4297-8aa3-f77c0380b6ec 0.051s
2024-12-12 15:25:10.213 66927 INFO tempest.lib.common.rest_client [req-1de5e18a-bca1-4bda-9a49-b33279f1dd43 req-1de5e18a-bca1-4bda-9a49-b33279f1dd43 ] Request (ListImageFiltersTestJSON:setUpClass): 200 GET http://10.180.1.21/compute/v2.1/images/dcb38905-84bc-4f0d-9bbd-6e6343d3cd85 0.033s
2024-12-12 15:25:10.306 66925 INFO tempest.lib.common.rest_client [req-16e3dc36-8083-4051-9d3c-ea81c19eb2b2 req-16e3dc36-8083-4051-9d3c-ea81c19eb2b2 ] Request (ListServersNegativeTestJSON:setUpClass): 200 GET http://10.180.1.21/compute/v2.1/servers/bef91c1c-a418-4464-ae7b-883ffb7e9695 0.049s
2024-12-12 15:25:10.379 66977 INFO tempest.lib.common.rest_client [req-49acb489-4a16-4f95-910b-f78ae1d8642f req-49acb489-4a16-4f95-910b-f78ae1d8642f ] Request (ServersTestJSON:test_create_server_with_ipv6_addr_only): 200 GET http://10.180.1.21/compute/v2.1/servers/5203c12e-14a0-4736-8185-8ead9a29b03b 0.057s
2024-12-12 15:25:10.393 66939 INFO tempest.lib.common.rest_client [req-99f97881-6952-4488-84ab-45fc5e0c83b9 req-99f97881-6952-4488-84ab-45fc5e0c83b9 ] Request (ServersTestMultiNic:test_verify_duplicate_network_nics): 200 GET http://10.180.1.21/compute/v2.1/servers/78894fda-8309-430a-ab38-ce1a415d83d3 0.121s
2024-12-12 15:25:10.437 66975 INFO tempest.lib.common.rest_client [req-f598e484-1e66-4276-921c-677676e6b8b9 req-f598e484-1e66-4276-921c-677676e6b8b9 ] Request (ServersAdminNegativeTestJSON:tearDownClass): 200 GET http://10.180.1.21/compute/v2.1/servers/d60c3a22-19fb-4826-be88-d0307810a079 0.094s
2024-12-12 15:25:10.448 66929 INFO tempest.lib.common.rest_client [req-5b1e3da2-f327-47ac-9b90-6b28b4358f50 req-5b1e3da2-f327-47ac-9b90-6b28b4358f50 ] Request (ServerGroupTestJSON:test_create_server_with_scheduler_hint_group): 200 GET http://10.180.1.21/compute/v2.1/servers/0b7c72e0-79b9-4435-9676-7a0e9afaf936 0.074s
2024-12-12 15:25:10.503 66943 INFO tempest.lib.common.rest_client [req-997c3186-2cd8-42f2-9927-131563a89bcd req-997c3186-2cd8-42f2-9927-131563a89bcd ] Request (DeleteServersTestJSON:test_delete_server_while_in_attached_volume): 200 GET http://10.180.1.21/compute/v2.1/servers/2d1425f2-ddf9-4e82-bcfe-e11c597d011a 0.058s
2024-12-12 15:25:10.504 66955 INFO tempest.lib.common.rest_client [req-d7148516-5f95-42c6-a6fb-6d51a0e32c5f req-d7148516-5f95-42c6-a6fb-6d51a0e32c5f ] Request (ServerDiagnosticsNegativeTest:tearDownClass): 200 GET http://10.180.1.21/compute/v2.1/servers/40217405-dcba-48cf-9d92-4122390d9fa8 0.102s
2024-12-12 15:25:10.554 66969 INFO tempest.lib.common.rest_client [req-dcb9fd4d-e149-48e0-99b3-8abdd754a2de req-dcb9fd4d-e149-48e0-99b3-8abdd754a2de ] Request (ImagesTestJSON:test_create_image_from_suspended_server): 200 GET http://10.180.1.21/compute/v2.1/servers/efbe39fa-d581-41ac-b51c-9c94c9839d7a 0.101s
2024-12-12 15:25:10.561 66961 INFO tempest.lib.common.rest_client [req-d40d5b6c-523b-4085-acb9-6f4bf1af41ef req-d40d5b6c-523b-4085-acb9-6f4bf1af41ef ] Request (DeleteServersAdminTestJSON:test_delete_server_while_in_error_state): 200 GET http://10.180.1.21/compute/v2.1/servers/f1c19f17-ce7c-481a-99fd-d0bb20f1520b 0.066s
2024-12-12 15:25:10.836 66957 INFO tempest.lib.common.rest_client [req-dca7d6ca-9bde-4fda-a7ed-da4a673887fd req-dca7d6ca-9bde-4fda-a7ed-da4a673887fd ] Request (SecurityGroupsTestJSON:test_server_security_groups): 200 GET http://10.180.1.21/compute/v2.1/servers/343a7e90-5e55-4125-8475-44050f267987 0.141s
2024-12-12 15:25:10.840 66951 INFO tempest.lib.common.rest_client [req-803a61a7-7c01-436c-a678-a72d6dc2de69 req-803a61a7-7c01-436c-a678-a72d6dc2de69 ] Request (FloatingIPsAssociationTestJSON:test_associate_already_associated_floating_ip): 200 GET http://10.180.1.21/compute/v2.1/servers/2b1805b3-2e03-410f-8222-64b8542d4a43 0.142s
2024-12-12 15:25:10.892 66979 INFO tempest.lib.common.rest_client [req-c1a2135d-fe42-4e7e-962c-963aa4847040 req-c1a2135d-fe42-4e7e-962c-963aa4847040 ] Request (ServersAdminTestJSON:test_inject_network_info): 200 GET http://10.180.1.21/compute/v2.1/servers/e753da08-d4a5-4f17-85c8-154e843798c9 0.143s
2024-12-12 15:25:10.893 66949 INFO tempest.lib.common.rest_client [req-f3a65ad1-b463-41d5-864a-c845ad59a612 req-f3a65ad1-b463-41d5-864a-c845ad59a612 ] Request (TenantUsagesTestJSON:setUpClass): 200 GET http://10.180.1.21/compute/v2.1/servers/eaed706d-b3db-46ed-8c70-08f80479afa4 0.142s
2024-12-12 15:25:10.946 66973 INFO tempest.lib.common.rest_client [req-6fb3762f-a2a4-4f58-bf1f-f39f7f17956c req-6fb3762f-a2a4-4f58-bf1f-f39f7f17956c ] Request (VolumesAssistedSnapshotsTest:test_volume_assisted_snapshot_create_delete): 200 GET http://10.180.1.21/compute/v2.1/servers/72a11582-1fad-428a-bde1-e9d0b05731cd 0.142s
2024-12-12 15:25:10.953 66947 INFO tempest.lib.common.rest_client [req-20eb28ed-7ae4-4375-8b87-68f66f978def req-20eb28ed-7ae4-4375-8b87-68f66f978def ] Request (ImagesNegativeTestJSON:test_create_image_from_deleted_server): 200 GET http://10.180.1.21/compute/v2.1/servers/e2758650-2762-49f6-a678-f55425a89994 0.138s
2024-12-12 15:25:10.995 66965 INFO tempest.lib.common.rest_client [req-2449efc9-12bf-4651-b524-34bf309f0c4b req-2449efc9-12bf-4651-b524-34bf309f0c4b ] Request (ServerShowV254Test:test_rebuild_server): 200 GET http://10.180.1.21/compute/v2.1/servers/c390d1ca-a199-4df6-847a-b543630a7bf5 0.137s
2024-12-12 15:25:11.006 66987 INFO tempest.lib.common.rest_client [req-6e8bd1bd-6b25-4b18-af77-27bf927d9254 req-6e8bd1bd-6b25-4b18-af77-27bf927d9254 ] Request (AttachInterfacesV270Test:tearDownClass): 200 GET http://10.180.1.21/compute/v2.1/servers/41182989-2537-42f0-8c37-792b8b2c5206 0.076s
2024-12-12 15:25:11.206 66935 INFO tempest.lib.common.rest_client [req-6ea5ff96-c75c-4255-b9cb-fc05d8755f2a req-6ea5ff96-c75c-4255-b9cb-fc05d8755f2a ] Request (ServerActionsV293TestJSON:setUpClass): 200 GET http://10.180.1.21/compute/v2.1/servers/9361ee6a-7c4d-4409-bc3c-7da7d4550d97 0.064s
2024-12-12 15:25:11.254 66927 INFO tempest.lib.common.rest_client [req-4522e4fd-d89a-4b96-8be9-78fb4171bf8c req-4522e4fd-d89a-4b96-8be9-78fb4171bf8c ] Request (ListImageFiltersTestJSON:setUpClass): 200 GET http://10.180.1.21/compute/v2.1/images/dcb38905-84bc-4f0d-9bbd-6e6343d3cd85 0.035s
2024-12-12 15:25:11.265 66983 INFO tempest.lib.common.rest_client [req-b95236f5-f8fa-468c-9bd0-632c4dc5fe76 req-b95236f5-f8fa-468c-9bd0-632c4dc5fe76 ] Request (ServerDiskConfigTestJSON:test_rebuild_server_with_auto_disk_config): 200 GET http://10.180.1.21/compute/v2.1/servers/e3df56a7-eb82-4297-8aa3-f77c0380b6ec 0.066s
2024-12-12 15:25:11.393 66925 INFO tempest.lib.common.rest_client [req-1e082a86-a8bf-4a21-97f0-576ed1802e3d req-1e082a86-a8bf-4a21-97f0-576ed1802e3d ] Request (ListServersNegativeTestJSON:setUpClass): 200 GET http://10.180.1.21/compute/v2.1/servers/bef91c1c-a418-4464-ae7b-883ffb7e9695 0.079s
2024-12-12 15:25:11.468 66977 INFO tempest.lib.common.rest_client [req-6d10142c-d986-4519-bc0c-709a6fd6bf04 req-6d10142c-d986-4519-bc0c-709a6fd6bf04 ] Request (ServersTestJSON:test_create_server_with_ipv6_addr_only): 200 GET http://10.180.1.21/compute/v2.1/servers/5203c12e-14a0-4736-8185-8ead9a29b03b 0.082s
2024-12-12 15:25:11.568 66975 INFO tempest.lib.common.rest_client [req-16827582-05ac-4a98-bcb7-7d42dad9918c req-16827582-05ac-4a98-bcb7-7d42dad9918c ] Request (ServersAdminNegativeTestJSON:tearDownClass): 200 GET http://10.180.1.21/compute/v2.1/servers/d60c3a22-19fb-4826-be88-d0307810a079 0.124s
2024-12-12 15:25:11.621 66939 INFO tempest.lib.common.rest_client [req-15925d7b-ead9-4d88-8791-d2e131008c35 req-15925d7b-ead9-4d88-8791-d2e131008c35 ] Request (ServersTestMultiNic:test_verify_duplicate_network_nics): 200 GET http://10.180.1.21/compute/v2.1/servers/78894fda-8309-430a-ab38-ce1a415d83d3 0.218s
2024-12-12 15:25:11.631 66929 INFO tempest.lib.common.rest_client [req-db3a7fcb-2917-4825-b189-a4ddb2496585 req-db3a7fcb-2917-4825-b189-a4ddb2496585 ] Request (ServerGroupTestJSON:test_create_server_with_scheduler_hint_group): 200 GET http://10.180.1.21/compute/v2.1/servers/0b7c72e0-79b9-4435-9676-7a0e9afaf936 0.175s
2024-12-12 15:25:11.693 66943 INFO tempest.lib.common.rest_client [req-bc0448d7-06c2-4168-87b9-7235b97006c8 req-bc0448d7-06c2-4168-87b9-7235b97006c8 ] Request (DeleteServersTestJSON:test_delete_server_while_in_attached_volume): 200 GET http://10.180.1.21/compute/v2.1/servers/2d1425f2-ddf9-4e82-bcfe-e11c597d011a 0.183s
2024-12-12 15:25:11.703 66955 INFO tempest.lib.common.rest_client [req-a307854e-cdb4-48e8-9a86-00c00d62c738 req-a307854e-cdb4-48e8-9a86-00c00d62c738 ] Request (ServerDiagnosticsNegativeTest:tearDownClass): 200 GET http://10.180.1.21/compute/v2.1/servers/40217405-dcba-48cf-9d92-4122390d9fa8 0.191s
2024-12-12 15:25:11.763 66969 INFO tempest.lib.common.rest_client [req-dab06da7-23c4-4558-b08f-ed949cf56fe1 req-dab06da7-23c4-4558-b08f-ed949cf56fe1 ] Request (ImagesTestJSON:test_create_image_from_suspended_server): 200 GET http://10.180.1.21/compute/v2.1/servers/efbe39fa-d581-41ac-b51c-9c94c9839d7a 0.199s
2024-12-12 15:25:11.775 66961 INFO tempest.lib.common.rest_client [req-3905c4ec-1fdc-4244-9526-4fd1dceef55d req-3905c4ec-1fdc-4244-9526-4fd1dceef55d ] Request (DeleteServersAdminTestJSON:test_delete_server_while_in_error_state): 200 GET http://10.180.1.21/compute/v2.1/servers/f1c19f17-ce7c-481a-99fd-d0bb20f1520b 0.206s
2024-12-12 15:25:12.043 66951 INFO tempest.lib.common.rest_client [req-5fbab3c3-f329-4349-83f9-fedba726af81 req-5fbab3c3-f329-4349-83f9-fedba726af81 ] Request (FloatingIPsAssociationTestJSON:test_associate_already_associated_floating_ip): 200 GET http://10.180.1.21/compute/v2.1/servers/2b1805b3-2e03-410f-8222-64b8542d4a43 0.193s
2024-12-12 15:25:12.043 66957 INFO tempest.lib.common.rest_client [req-a731b1fe-2455-499f-ad45-755def87c776 req-a731b1fe-2455-499f-ad45-755def87c776 ] Request (SecurityGroupsTestJSON:test_server_security_groups): 200 GET http://10.180.1.21/compute/v2.1/servers/343a7e90-5e55-4125-8475-44050f267987 0.197s
2024-12-12 15:25:12.049 66951 INFO tempest.common.waiters [-] State transition "BUILD/spawning" ==> "ACTIVE/None" after 64 second wait
2024-12-12 15:25:12.098 66949 INFO tempest.lib.common.rest_client [req-f3aaa810-2ec7-4655-b8e7-67d05e310d3c req-f3aaa810-2ec7-4655-b8e7-67d05e310d3c ] Request (TenantUsagesTestJSON:setUpClass): 200 GET http://10.180.1.21/compute/v2.1/servers/eaed706d-b3db-46ed-8c70-08f80479afa4 0.197s
2024-12-12 15:25:12.105 66979 INFO tempest.lib.common.rest_client [req-88f3ea0a-7f90-4b3c-b784-f6ee4a13af3c req-88f3ea0a-7f90-4b3c-b784-f6ee4a13af3c ] Request (ServersAdminTestJSON:test_inject_network_info): 200 GET http://10.180.1.21/compute/v2.1/servers/e753da08-d4a5-4f17-85c8-154e843798c9 0.202s
2024-12-12 15:25:12.147 66973 INFO tempest.lib.common.rest_client [req-9aea20f5-f925-4425-bd32-d99284fa9243 req-9aea20f5-f925-4425-bd32-d99284fa9243 ] Request (VolumesAssistedSnapshotsTest:test_volume_assisted_snapshot_create_delete): 200 GET http://10.180.1.21/compute/v2.1/servers/72a11582-1fad-428a-bde1-e9d0b05731cd 0.193s
2024-12-12 15:25:12.164 66947 INFO tempest.lib.common.rest_client [req-613bd1da-c866-473e-8164-0d37727ac986 req-613bd1da-c866-473e-8164-0d37727ac986 ] Request (ImagesNegativeTestJSON:test_create_image_from_deleted_server): 200 GET http://10.180.1.21/compute/v2.1/servers/e2758650-2762-49f6-a678-f55425a89994 0.204s
2024-12-12 15:25:12.196 66965 INFO tempest.lib.common.rest_client [req-a88be46e-d1c4-469c-8642-bc6d59425901 req-a88be46e-d1c4-469c-8642-bc6d59425901 ] Request (ServerShowV254Test:test_rebuild_server): 200 GET http://10.180.1.21/compute/v2.1/servers/c390d1ca-a199-4df6-847a-b543630a7bf5 0.192s
2024-12-12 15:25:12.203 66965 INFO tempest.common.waiters [-] State transition "REBUILD/rebuild_spawning" ==> "ACTIVE/None" after 11 second wait
2024-12-12 15:25:12.219 66987 INFO tempest.lib.common.rest_client [req-e4156f52-3de3-4c94-b90a-a690ef0ca2c5 req-e4156f52-3de3-4c94-b90a-a690ef0ca2c5 ] Request (AttachInterfacesV270Test:tearDownClass): 200 GET http://10.180.1.21/compute/v2.1/servers/41182989-2537-42f0-8c37-792b8b2c5206 0.203s
2024-12-12 15:25:12.238 66965 INFO tempest.lib.common.rest_client [req-10dfca95-f3bb-44aa-92bd-e62fd7386904 req-10dfca95-f3bb-44aa-92bd-e62fd7386904 ] Request (ServerShowV254Test:_run_cleanups): 204 DELETE http://10.180.1.21/compute/v2.1/os-keypairs/tempest-ServerShowV254Test-keypair-1387395165 0.034s
2024-12-12 15:25:12.297 66935 INFO tempest.lib.common.rest_client [req-5c22048e-ea9a-4a70-a658-9c1a95fc11c9 req-5c22048e-ea9a-4a70-a658-9c1a95fc11c9 ] Request (ServerActionsV293TestJSON:setUpClass): 200 GET http://10.180.1.21/compute/v2.1/servers/9361ee6a-7c4d-4409-bc3c-7da7d4550d97 0.081s
2024-12-12 15:25:12.363 66965 INFO tempest.lib.common.rest_client [req-c0ca98d2-e961-4410-a145-a28d1743eecc req-c0ca98d2-e961-4410-a145-a28d1743eecc ] Request (ServerShowV254Test:tearDownClass): 204 DELETE http://10.180.1.21/compute/v2.1/servers/c390d1ca-a199-4df6-847a-b543630a7bf5 0.121s
2024-12-12 15:25:12.395 66927 INFO tempest.lib.common.rest_client [req-4433a5e4-3a91-460f-9105-fbc7a3882b34 req-4433a5e4-3a91-460f-9105-fbc7a3882b34 ] Request (ListImageFiltersTestJSON:setUpClass): 200 GET http://10.180.1.21/compute/v2.1/images/dcb38905-84bc-4f0d-9bbd-6e6343d3cd85 0.136s
2024-12-12 15:25:12.446 66983 INFO tempest.lib.common.rest_client [req-d147b4b7-1a5b-4a23-8ca9-039350585e92 req-d147b4b7-1a5b-4a23-8ca9-039350585e92 ] Request (ServerDiskConfigTestJSON:test_rebuild_server_with_auto_disk_config): 200 GET http://10.180.1.21/compute/v2.1/servers/e3df56a7-eb82-4297-8aa3-f77c0380b6ec 0.172s
2024-12-12 15:25:12.505 66965 INFO tempest.lib.common.rest_client [req-af38d2e6-8395-4590-8f03-aa467c466466 req-af38d2e6-8395-4590-8f03-aa467c466466 ] Request (ServerShowV254Test:tearDownClass): 200 GET http://10.180.1.21/compute/v2.1/servers/c390d1ca-a199-4df6-847a-b543630a7bf5 0.142s
2024-12-12 15:25:12.555 66925 INFO tempest.lib.common.rest_client [req-36cacd9c-f239-4e36-8cae-fdbdde8e98d9 req-36cacd9c-f239-4e36-8cae-fdbdde8e98d9 ] Request (ListServersNegativeTestJSON:setUpClass): 200 GET http://10.180.1.21/compute/v2.1/servers/bef91c1c-a418-4464-ae7b-883ffb7e9695 0.154s
2024-12-12 15:25:12.616 66977 INFO tempest.lib.common.rest_client [req-b484f9a6-7fc7-4ac9-9fad-d727600d86c0 req-b484f9a6-7fc7-4ac9-9fad-d727600d86c0 ] Request (ServersTestJSON:test_create_server_with_ipv6_addr_only): 200 GET http://10.180.1.21/compute/v2.1/servers/5203c12e-14a0-4736-8185-8ead9a29b03b 0.139s
2024-12-12 15:25:12.673 66975 INFO tempest.lib.common.rest_client [req-73367731-db5c-451a-8041-4b223bb5e223 req-73367731-db5c-451a-8041-4b223bb5e223 ] Request (ServersAdminNegativeTestJSON:tearDownClass): 200 GET http://10.180.1.21/compute/v2.1/servers/d60c3a22-19fb-4826-be88-d0307810a079 0.099s
2024-12-12 15:25:12.678 66941 WARNING tempest.lib.common.ssh [-] Failed to establish authenticated ssh connection to cirros@10.180.180.166 ([Errno None] Unable to connect to port 22 on 10.180.180.166). Number attempts: 9. Retry after 10 seconds.: paramiko.ssh_exception.NoValidConnectionsError: [Errno None] Unable to connect to port 22 on 10.180.180.166
2024-12-12 15:25:12.806 66939 INFO tempest.lib.common.rest_client [req-809662e1-7a10-4876-ae31-23ad5bd3b01b req-809662e1-7a10-4876-ae31-23ad5bd3b01b ] Request (ServersTestMultiNic:test_verify_duplicate_network_nics): 200 GET http://10.180.1.21/compute/v2.1/servers/78894fda-8309-430a-ab38-ce1a415d83d3 0.175s
2024-12-12 15:25:13.064 66929 INFO tempest.lib.common.rest_client [req-035bdf72-b45b-4251-afbf-9a10996a838b req-035bdf72-b45b-4251-afbf-9a10996a838b ] Request (ServerGroupTestJSON:test_create_server_with_scheduler_hint_group): 200 GET http://10.180.1.21/compute/v2.1/servers/0b7c72e0-79b9-4435-9676-7a0e9afaf936 0.423s
2024-12-12 15:25:13.122 66943 INFO tempest.lib.common.rest_client [req-db970a7c-02b4-4030-9523-c5999a3e2287 req-db970a7c-02b4-4030-9523-c5999a3e2287 ] Request (DeleteServersTestJSON:test_delete_server_while_in_attached_volume): 200 GET http://10.180.1.21/compute/v2.1/servers/2d1425f2-ddf9-4e82-bcfe-e11c597d011a 0.417s
2024-12-12 15:25:13.198 66955 INFO tempest.lib.common.rest_client [req-eb080642-824d-4750-b949-ee791455523e req-eb080642-824d-4750-b949-ee791455523e ] Request (ServerDiagnosticsNegativeTest:tearDownClass): 200 GET http://10.180.1.21/compute/v2.1/servers/40217405-dcba-48cf-9d92-4122390d9fa8 0.488s
2024-12-12 15:25:13.268 66969 INFO tempest.lib.common.rest_client [req-2dc0578f-5b87-4cb1-b416-1ca6b8431270 req-2dc0578f-5b87-4cb1-b416-1ca6b8431270 ] Request (ImagesTestJSON:test_create_image_from_suspended_server): 200 GET http://10.180.1.21/compute/v2.1/servers/efbe39fa-d581-41ac-b51c-9c94c9839d7a 0.497s
2024-12-12 15:25:13.342 66961 INFO tempest.lib.common.rest_client [req-cca3b218-e96a-4ee6-a1da-0b2d0a846016 req-cca3b218-e96a-4ee6-a1da-0b2d0a846016 ] Request (DeleteServersAdminTestJSON:test_delete_server_while_in_error_state): 200 GET http://10.180.1.21/compute/v2.1/servers/f1c19f17-ce7c-481a-99fd-d0bb20f1520b 0.560s
2024-12-12 15:25:13.512 66957 INFO tempest.lib.common.rest_client [req-81970217-932b-4dda-8393-9234ff9dc20a req-81970217-932b-4dda-8393-9234ff9dc20a ] Request (SecurityGroupsTestJSON:test_server_security_groups): 200 GET http://10.180.1.21/compute/v2.1/servers/343a7e90-5e55-4125-8475-44050f267987 0.455s
2024-12-12 15:25:13.549 66951 INFO tempest.lib.common.rest_client [req-ec254b4f-1ad7-4113-9e92-5477ff5924db req-ec254b4f-1ad7-4113-9e92-5477ff5924db ] Request (FloatingIPsAssociationTestJSON:test_associate_already_associated_floating_ip): 202 POST http://10.180.1.21/compute/v2.1/servers/0c72c98b-57f0-44e5-9159-490b27eac3a6/action 1.499s
2024-12-12 15:25:13.577 66949 INFO tempest.lib.common.rest_client [req-d8cc1437-cc28-4d56-875b-64d1f6a3c683 req-d8cc1437-cc28-4d56-875b-64d1f6a3c683 ] Request (TenantUsagesTestJSON:setUpClass): 200 GET http://10.180.1.21/compute/v2.1/servers/eaed706d-b3db-46ed-8c70-08f80479afa4 0.470s
2024-12-12 15:25:13.596 66979 INFO tempest.lib.common.rest_client [req-69537b95-97ba-40c7-8e27-5a4646bf7f0b req-69537b95-97ba-40c7-8e27-5a4646bf7f0b ] Request (ServersAdminTestJSON:test_inject_network_info): 200 GET http://10.180.1.21/compute/v2.1/servers/e753da08-d4a5-4f17-85c8-154e843798c9 0.483s
2024-12-12 15:25:13.636 66973 INFO tempest.lib.common.rest_client [req-be48527c-aec5-4a46-a337-2acb8d6750ce req-be48527c-aec5-4a46-a337-2acb8d6750ce ] Request (VolumesAssistedSnapshotsTest:test_volume_assisted_snapshot_create_delete): 200 GET http://10.180.1.21/compute/v2.1/servers/72a11582-1fad-428a-bde1-e9d0b05731cd 0.482s
2024-12-12 15:25:13.660 66947 INFO tempest.lib.common.rest_client [req-2cfe60fc-3c4b-44ce-a0bb-3b8cd7dfd7d5 req-2cfe60fc-3c4b-44ce-a0bb-3b8cd7dfd7d5 ] Request (ImagesNegativeTestJSON:test_create_image_from_deleted_server): 200 GET http://10.180.1.21/compute/v2.1/servers/e2758650-2762-49f6-a678-f55425a89994 0.488s
2024-12-12 15:25:13.670 66987 INFO tempest.lib.common.rest_client [req-539341e4-5197-4f08-bd4a-1de365256cb0 req-539341e4-5197-4f08-bd4a-1de365256cb0 ] Request (AttachInterfacesV270Test:tearDownClass): 404 GET http://10.180.1.21/compute/v2.1/servers/41182989-2537-42f0-8c37-792b8b2c5206 0.441s
2024-12-12 15:25:13.714 66935 INFO tempest.lib.common.rest_client [req-0ceaa036-c535-4212-987b-c6d03c48320b req-0ceaa036-c535-4212-987b-c6d03c48320b ] Request (ServerActionsV293TestJSON:setUpClass): 200 GET http://10.180.1.21/compute/v2.1/servers/9361ee6a-7c4d-4409-bc3c-7da7d4550d97 0.403s
2024-12-12 15:25:13.725 66927 INFO tempest.lib.common.rest_client [req-8c49f891-7ede-4849-bdd8-b6644dc31701 req-8c49f891-7ede-4849-bdd8-b6644dc31701 ] Request (ListImageFiltersTestJSON:setUpClass): 200 GET http://10.180.1.21/compute/v2.1/images/dcb38905-84bc-4f0d-9bbd-6e6343d3cd85 0.325s
2024-12-12 15:25:13.765 66983 INFO tempest.lib.common.rest_client [req-c449028d-1e8d-48f0-bede-92ebeac89842 req-c449028d-1e8d-48f0-bede-92ebeac89842 ] Request (ServerDiskConfigTestJSON:test_rebuild_server_with_auto_disk_config): 200 GET http://10.180.1.21/compute/v2.1/servers/e3df56a7-eb82-4297-8aa3-f77c0380b6ec 0.312s
2024-12-12 15:25:13.771 66983 INFO tempest.common.waiters [-] State transition "BUILD/scheduling" ==> "BUILD/None" after 49 second wait
2024-12-12 15:25:13.782 66965 INFO tempest.lib.common.rest_client [req-f4f9580c-2dc0-4222-a3c4-2e7ddd0fc6a6 req-f4f9580c-2dc0-4222-a3c4-2e7ddd0fc6a6 ] Request (ServerShowV254Test:tearDownClass): 200 GET http://10.180.1.21/compute/v2.1/servers/c390d1ca-a199-4df6-847a-b543630a7bf5 0.267s
2024-12-12 15:25:13.791 66953 WARNING tempest.lib.common.ssh [-] Failed to establish authenticated ssh connection to cirros@10.180.180.236 ([Errno None] Unable to connect to port 22 on 10.180.180.236). Number attempts: 7. Retry after 8 seconds.: paramiko.ssh_exception.NoValidConnectionsError: [Errno None] Unable to connect to port 22 on 10.180.180.236
2024-12-12 15:25:13.837 66925 INFO tempest.lib.common.rest_client [req-bc3c0ea1-5094-4ab9-a890-2c8d2358882b req-bc3c0ea1-5094-4ab9-a890-2c8d2358882b ] Request (ListServersNegativeTestJSON:setUpClass): 200 GET http://10.180.1.21/compute/v2.1/servers/bef91c1c-a418-4464-ae7b-883ffb7e9695 0.274s
2024-12-12 15:25:13.903 66977 INFO tempest.lib.common.rest_client [req-40b6e1b8-ec0d-4757-908e-e1d7e149fc21 req-40b6e1b8-ec0d-4757-908e-e1d7e149fc21 ] Request (ServersTestJSON:test_create_server_with_ipv6_addr_only): 200 GET http://10.180.1.21/compute/v2.1/servers/5203c12e-14a0-4736-8185-8ead9a29b03b 0.279s
2024-12-12 15:25:13.919 66933 WARNING tempest.lib.common.ssh [-] Failed to establish authenticated ssh connection to cirros@10.180.180.240 ([Errno None] Unable to connect to port 22 on 10.180.180.240). Number attempts: 3. Retry after 4 seconds.: paramiko.ssh_exception.NoValidConnectionsError: [Errno None] Unable to connect to port 22 on 10.180.180.240
2024-12-12 15:25:13.986 66975 INFO tempest.lib.common.rest_client [req-be14d522-f2e0-4257-959c-3c69655402db req-be14d522-f2e0-4257-959c-3c69655402db ] Request (ServersAdminNegativeTestJSON:tearDownClass): 200 GET http://10.180.1.21/compute/v2.1/servers/d60c3a22-19fb-4826-be88-d0307810a079 0.306s
2024-12-12 15:25:14.174 66939 INFO tempest.lib.common.rest_client [req-b780a30d-7689-4192-8068-118b5bf8fc31 req-b780a30d-7689-4192-8068-118b5bf8fc31 ] Request (ServersTestMultiNic:test_verify_duplicate_network_nics): 200 GET http://10.180.1.21/compute/v2.1/servers/78894fda-8309-430a-ab38-ce1a415d83d3 0.359s
2024-12-12 15:25:14.248 66929 INFO tempest.lib.common.rest_client [req-6bd1a06f-ce3f-4dd0-8aee-2d318e4e6ff2 req-6bd1a06f-ce3f-4dd0-8aee-2d318e4e6ff2 ] Request (ServerGroupTestJSON:test_create_server_with_scheduler_hint_group): 200 GET http://10.180.1.21/compute/v2.1/servers/0b7c72e0-79b9-4435-9676-7a0e9afaf936 0.175s
2024-12-12 15:25:14.303 66943 INFO tempest.lib.common.rest_client [req-45af1885-fcb4-45e7-b31e-3d58ed48bd3d req-45af1885-fcb4-45e7-b31e-3d58ed48bd3d ] Request (DeleteServersTestJSON:test_delete_server_while_in_attached_volume): 200 GET http://10.180.1.21/compute/v2.1/servers/2d1425f2-ddf9-4e82-bcfe-e11c597d011a 0.172s
2024-12-12 15:25:14.368 66955 INFO tempest.lib.common.rest_client [req-94be5209-f9d7-43e9-b118-34120517ca84 req-94be5209-f9d7-43e9-b118-34120517ca84 ] Request (ServerDiagnosticsNegativeTest:tearDownClass): 200 GET http://10.180.1.21/compute/v2.1/servers/40217405-dcba-48cf-9d92-4122390d9fa8 0.157s
2024-12-12 15:25:14.430 66969 INFO tempest.lib.common.rest_client [req-076d76d6-7055-4258-9864-dc3a5a63590e req-076d76d6-7055-4258-9864-dc3a5a63590e ] Request (ImagesTestJSON:test_create_image_from_suspended_server): 200 GET http://10.180.1.21/compute/v2.1/servers/efbe39fa-d581-41ac-b51c-9c94c9839d7a 0.155s
2024-12-12 15:25:14.504 66961 INFO tempest.lib.common.rest_client [req-c3abd949-663d-43a0-bfef-be7488c1292b req-c3abd949-663d-43a0-bfef-be7488c1292b ] Request (DeleteServersAdminTestJSON:test_delete_server_while_in_error_state): 200 GET http://10.180.1.21/compute/v2.1/servers/f1c19f17-ce7c-481a-99fd-d0bb20f1520b 0.155s
2024-12-12 15:25:14.547 66987 INFO tempest.lib.common.rest_client [req-37e5aaa9-17f7-4d00-87b2-0c8b5bea630c req-37e5aaa9-17f7-4d00-87b2-0c8b5bea630c ] Request (AttachInterfacesV270Test:tearDownClass): 200 PUT http://10.180.1.21:9696/networking/v2.0/routers/7634444a-be6c-4f8a-bb82-745deb9f930e/remove_router_interface 0.876s
2024-12-12 15:25:14.656 66957 INFO tempest.lib.common.rest_client [req-e0e5c9a3-ea90-4a60-8e61-1d8f65b53cfb req-e0e5c9a3-ea90-4a60-8e61-1d8f65b53cfb ] Request (SecurityGroupsTestJSON:test_server_security_groups): 200 GET http://10.180.1.21/compute/v2.1/servers/343a7e90-5e55-4125-8475-44050f267987 0.135s
2024-12-12 15:25:14.708 66949 INFO tempest.lib.common.rest_client [req-d7e98808-a7e0-4d2a-b090-250d714d79fd req-d7e98808-a7e0-4d2a-b090-250d714d79fd ] Request (TenantUsagesTestJSON:setUpClass): 200 GET http://10.180.1.21/compute/v2.1/servers/eaed706d-b3db-46ed-8c70-08f80479afa4 0.124s
2024-12-12 15:25:14.764 66979 INFO tempest.lib.common.rest_client [req-a04671de-c22f-4733-81c2-aa57819f3490 req-a04671de-c22f-4733-81c2-aa57819f3490 ] Request (ServersAdminTestJSON:test_inject_network_info): 200 GET http://10.180.1.21/compute/v2.1/servers/e753da08-d4a5-4f17-85c8-154e843798c9 0.162s
2024-12-12 15:25:14.832 66973 INFO tempest.lib.common.rest_client [req-a740403c-94a0-414a-b549-9b99d438a8f1 req-a740403c-94a0-414a-b549-9b99d438a8f1 ] Request (VolumesAssistedSnapshotsTest:test_volume_assisted_snapshot_create_delete): 200 GET http://10.180.1.21/compute/v2.1/servers/72a11582-1fad-428a-bde1-e9d0b05731cd 0.189s
2024-12-12 15:25:14.906 66947 INFO tempest.lib.common.rest_client [req-c028e449-eca9-4f17-8cc7-6e1562645424 req-c028e449-eca9-4f17-8cc7-6e1562645424 ] Request (ImagesNegativeTestJSON:test_create_image_from_deleted_server): 200 GET http://10.180.1.21/compute/v2.1/servers/e2758650-2762-49f6-a678-f55425a89994 0.238s
2024-12-12 15:25:14.938 66987 INFO tempest.lib.common.rest_client [req-17bdbf35-4947-4641-ba8f-59dad057de7e req-17bdbf35-4947-4641-ba8f-59dad057de7e ] Request (AttachInterfacesV270Test:tearDownClass): 204 DELETE http://10.180.1.21:9696/networking/v2.0/routers/7634444a-be6c-4f8a-bb82-745deb9f930e 0.391s
2024-12-12 15:25:14.983 66935 INFO tempest.lib.common.rest_client [req-4149b3af-c0c1-4118-9dcd-ec26def34d7b req-4149b3af-c0c1-4118-9dcd-ec26def34d7b ] Request (ServerActionsV293TestJSON:setUpClass): 200 GET http://10.180.1.21/compute/v2.1/servers/9361ee6a-7c4d-4409-bc3c-7da7d4550d97 0.258s
2024-12-12 15:25:15.019 66927 INFO tempest.lib.common.rest_client [req-6b08d228-1e4b-448e-bee4-ec348c027c8e req-6b08d228-1e4b-448e-bee4-ec348c027c8e ] Request (ListImageFiltersTestJSON:setUpClass): 200 GET http://10.180.1.21/compute/v2.1/images/dcb38905-84bc-4f0d-9bbd-6e6343d3cd85 0.290s
2024-12-12 15:25:15.058 66987 INFO tempest.lib.common.rest_client [req-b720bffe-bc97-4e98-bc5b-95ea644e6c30 req-b720bffe-bc97-4e98-bc5b-95ea644e6c30 ] Request (AttachInterfacesV270Test:tearDownClass): 204 DELETE http://10.180.1.21:9696/networking/v2.0/subnets/8ee404ae-77f4-42f2-afd3-b32e467bd0d6 0.119s
2024-12-12 15:25:15.076 66983 INFO tempest.lib.common.rest_client [req-22ea9934-1c7c-4813-bc7a-d635c08a59d2 req-22ea9934-1c7c-4813-bc7a-d635c08a59d2 ] Request (ServerDiskConfigTestJSON:test_rebuild_server_with_auto_disk_config): 200 GET http://10.180.1.21/compute/v2.1/servers/e3df56a7-eb82-4297-8aa3-f77c0380b6ec 0.304s
2024-12-12 15:25:15.146 66965 INFO tempest.lib.common.rest_client [req-e5570515-bf67-42eb-9db0-2e4ba4c1b018 req-e5570515-bf67-42eb-9db0-2e4ba4c1b018 ] Request (ServerShowV254Test:tearDownClass): 200 GET http://10.180.1.21/compute/v2.1/servers/c390d1ca-a199-4df6-847a-b543630a7bf5 0.354s
2024-12-12 15:25:15.195 66925 INFO tempest.lib.common.rest_client [req-50b77161-9a57-4ea0-ad8d-1a3840d3a5f6 req-50b77161-9a57-4ea0-ad8d-1a3840d3a5f6 ] Request (ListServersNegativeTestJSON:setUpClass): 200 GET http://10.180.1.21/compute/v2.1/servers/bef91c1c-a418-4464-ae7b-883ffb7e9695 0.347s
2024-12-12 15:25:15.251 66977 INFO tempest.lib.common.rest_client [req-ef0ae483-b75c-4035-a721-c81d2b71e03e req-ef0ae483-b75c-4035-a721-c81d2b71e03e ] Request (ServersTestJSON:test_create_server_with_ipv6_addr_only): 200 GET http://10.180.1.21/compute/v2.1/servers/5203c12e-14a0-4736-8185-8ead9a29b03b 0.340s
2024-12-12 15:25:15.300 66987 INFO tempest.lib.common.rest_client [req-56925a2a-5f8f-46c4-b418-ccb11a1307f8 req-56925a2a-5f8f-46c4-b418-ccb11a1307f8 ] Request (AttachInterfacesV270Test:tearDownClass): 204 DELETE http://10.180.1.21:9696/networking/v2.0/networks/c60c5870-cde6-4a59-ba48-5308b3e604ec 0.242s
2024-12-12 15:25:15.321 66975 INFO tempest.lib.common.rest_client [req-abd02d5c-eea6-4ed7-be68-7398d25088d4 req-abd02d5c-eea6-4ed7-be68-7398d25088d4 ] Request (ServersAdminNegativeTestJSON:tearDownClass): 200 GET http://10.180.1.21/compute/v2.1/servers/d60c3a22-19fb-4826-be88-d0307810a079 0.323s
2024-12-12 15:25:15.359 66927 INFO tempest.lib.common.rest_client [req-fb83a4af-d66c-499d-aaab-13fc32d6320e req-fb83a4af-d66c-499d-aaab-13fc32d6320e ] Request (ListImageFiltersTestJSON:setUpClass): 200 GET http://10.180.1.21/compute/v2.1/images/dcb38905-84bc-4f0d-9bbd-6e6343d3cd85 0.337s
2024-12-12 15:25:15.464 66987 INFO tempest.lib.common.rest_client [req-17fa2778-77d9-49b7-8bdf-14545215dd23 req-17fa2778-77d9-49b7-8bdf-14545215dd23 ] Request (AttachInterfacesV270Test:tearDownClass): 204 DELETE http://10.180.1.21/identity/v3/users/365c48bb1ce14b21a6f7f2085e1c6930 0.163s
2024-12-12 15:25:15.464 66987 INFO tempest.lib.common.dynamic_creds [-] Deleting project and security group for project: 3681ee52c08b44128ad4b05f19c23cc8
2024-12-12 15:25:15.497 66987 INFO tempest.lib.common.rest_client [req-8954393b-a23c-4e10-9b73-fd3bebcfdb88 req-8954393b-a23c-4e10-9b73-fd3bebcfdb88 ] Request (AttachInterfacesV270Test:tearDownClass): 200 GET http://10.180.1.21:9696/networking/v2.0/security-groups?tenant_id=3681ee52c08b44128ad4b05f19c23cc8&name=default 0.032s
2024-12-12 15:25:15.514 66963 WARNING tempest.lib.common.ssh [-] Failed to establish authenticated ssh connection to cirros@10.180.180.242 ([Errno None] Unable to connect to port 22 on 10.180.180.242). Number attempts: 10. Retry after 11 seconds.: paramiko.ssh_exception.NoValidConnectionsError: [Errno None] Unable to connect to port 22 on 10.180.180.242
2024-12-12 15:25:15.589 66987 INFO tempest.lib.common.rest_client [req-8ceca224-282d-4717-97e1-a40cee15ccef req-8ceca224-282d-4717-97e1-a40cee15ccef ] Request (AttachInterfacesV270Test:tearDownClass): 204 DELETE http://10.180.1.21:9696/networking/v2.0/security-groups/c657a15d-d5c9-4157-af6a-9c09ee280dea 0.091s
2024-12-12 15:25:15.597 66951 INFO tempest.lib.common.rest_client [req-a5b65274-96e7-4eb0-8192-a5c17d8b98e1 req-a5b65274-96e7-4eb0-8192-a5c17d8b98e1 ] Request (FloatingIPsAssociationTestJSON:test_associate_already_associated_floating_ip): 202 POST http://10.180.1.21/compute/v2.1/servers/2b1805b3-2e03-410f-8222-64b8542d4a43/action 2.047s
2024-12-12 15:25:15.605 66939 INFO tempest.lib.common.rest_client [req-8c873463-0a19-4d18-b7d1-b21b8df42fae req-8c873463-0a19-4d18-b7d1-b21b8df42fae ] Request (ServersTestMultiNic:test_verify_duplicate_network_nics): 200 GET http://10.180.1.21/compute/v2.1/servers/78894fda-8309-430a-ab38-ce1a415d83d3 0.422s
2024-12-12 15:25:15.660 66929 INFO tempest.lib.common.rest_client [req-32f098e4-fd52-4939-951e-16fda3c345c0 req-32f098e4-fd52-4939-951e-16fda3c345c0 ] Request (ServerGroupTestJSON:test_create_server_with_scheduler_hint_group): 200 GET http://10.180.1.21/compute/v2.1/servers/0b7c72e0-79b9-4435-9676-7a0e9afaf936 0.401s
2024-12-12 15:25:15.663 66943 INFO tempest.lib.common.rest_client [req-9d3051bb-f2a7-4ac5-a75f-74d89e7f0433 req-9d3051bb-f2a7-4ac5-a75f-74d89e7f0433 ] Request (DeleteServersTestJSON:test_delete_server_while_in_attached_volume): 200 GET http://10.180.1.21/compute/v2.1/servers/2d1425f2-ddf9-4e82-bcfe-e11c597d011a 0.350s
2024-12-12 15:25:15.677 66987 INFO tempest.lib.common.rest_client [req-ad35a2d6-fbd8-4f4a-b8cd-c32c5618e4d6 req-ad35a2d6-fbd8-4f4a-b8cd-c32c5618e4d6 ] Request (AttachInterfacesV270Test:tearDownClass): 204 DELETE http://10.180.1.21/identity/v3/projects/3681ee52c08b44128ad4b05f19c23cc8 0.088s
2024-12-12 15:25:15.718 66955 INFO tempest.lib.common.rest_client [req-fce71400-6960-4c5f-9016-3ade17a29356 req-fce71400-6960-4c5f-9016-3ade17a29356 ] Request (ServerDiagnosticsNegativeTest:tearDownClass): 200 GET http://10.180.1.21/compute/v2.1/servers/40217405-dcba-48cf-9d92-4122390d9fa8 0.337s
2024-12-12 15:25:15.744 66987 INFO tempest.lib.common.rest_client [req-f1e57823-491e-4fa2-a50d-7d841cc2077a req-f1e57823-491e-4fa2-a50d-7d841cc2077a ] Request (ServerAddressesNegativeTestJSON:setUpClass): 201 POST http://10.180.1.21/identity/v3/auth/tokens 0.066s
2024-12-12 15:25:15.776 66987 INFO tempest.lib.common.rest_client [req-56ad51f8-142f-4b11-bcaa-3bfd7b1b6c80 req-56ad51f8-142f-4b11-bcaa-3bfd7b1b6c80 ] Request (ServerAddressesNegativeTestJSON:setUpClass): 201 POST http://10.180.1.21/identity/v3/auth/tokens 0.029s
2024-12-12 15:25:15.778 66969 INFO tempest.lib.common.rest_client [req-76aee104-c62b-418d-ab94-28a2235fc27d req-76aee104-c62b-418d-ab94-28a2235fc27d ] Request (ImagesTestJSON:test_create_image_from_suspended_server): 200 GET http://10.180.1.21/compute/v2.1/servers/efbe39fa-d581-41ac-b51c-9c94c9839d7a 0.341s
2024-12-12 15:25:15.800 66927 INFO tempest.lib.common.rest_client [req-7b6bf343-9e18-4e6a-a466-8c2805efb00c req-7b6bf343-9e18-4e6a-a466-8c2805efb00c ] Request (ListImageFiltersTestJSON:setUpClass): 200 GET http://10.180.1.21/compute/v2.1/servers/5060e745-08d0-429e-8780-bfdad7a29f30 0.438s
2024-12-12 15:25:15.808 66987 INFO tempest.lib.common.rest_client [req-4d876366-e9f6-4996-a559-96693b15a5a8 req-4d876366-e9f6-4996-a559-96693b15a5a8 ] Request (ServerAddressesNegativeTestJSON:setUpClass): 200 GET http://10.180.1.21/identity/v3/domains?name=Default 0.031s
2024-12-12 15:25:15.828 66961 INFO tempest.lib.common.rest_client [req-db78085f-669a-440d-8924-6e2ead81a6ff req-db78085f-669a-440d-8924-6e2ead81a6ff ] Request (DeleteServersAdminTestJSON:test_delete_server_while_in_error_state): 200 GET http://10.180.1.21/compute/v2.1/servers/f1c19f17-ce7c-481a-99fd-d0bb20f1520b 0.317s
2024-12-12 15:25:15.842 66987 INFO tempest.lib.common.rest_client [req-bbd3a75e-f4a2-4d6e-8f32-86a0dfa305b3 req-bbd3a75e-f4a2-4d6e-8f32-86a0dfa305b3 ] Request (ServerAddressesNegativeTestJSON:setUpClass): 201 POST http://10.180.1.21/identity/v3/projects 0.033s
2024-12-12 15:25:15.909 66987 INFO tempest.lib.common.rest_client [req-20a97bf1-556a-40ad-8ce6-c86ddf500ef6 req-20a97bf1-556a-40ad-8ce6-c86ddf500ef6 ] Request (ServerAddressesNegativeTestJSON:setUpClass): 201 POST http://10.180.1.21/identity/v3/users 0.066s
2024-12-12 15:25:15.934 66987 INFO tempest.lib.common.rest_client [req-57ecb070-f4b5-46e4-aca4-26a931fb8320 req-57ecb070-f4b5-46e4-aca4-26a931fb8320 ] Request (ServerAddressesNegativeTestJSON:setUpClass): 200 GET http://10.180.1.21/identity/v3/roles 0.025s
2024-12-12 15:25:15.961 66987 INFO tempest.lib.common.rest_client [req-f4439032-38b6-4b82-b01d-7341f77ac4d2 req-f4439032-38b6-4b82-b01d-7341f77ac4d2 ] Request (ServerAddressesNegativeTestJSON:setUpClass): 204 PUT http://10.180.1.21/identity/v3/projects/0350a83a316341dabe7c8665737a3888/users/37331fb003154d989da99dae6dde9078/roles/08066019558748538e66a84e912cb085 0.026s
2024-12-12 15:25:15.961 66987 INFO tempest.lib.common.dynamic_creds [-] Dynamic test user 37331fb003154d989da99dae6dde9078 is created with scope project and roles: ['member']
2024-12-12 15:25:15.961 66987 INFO tempest.lib.common.dynamic_creds [-] Acquired dynamic creds: credentials: Credentials: {'domain_id': 'default', 'domain_name': 'Default', 'username': 'tempest-ServerAddressesNegativeTestJSON-815809384-project-member', 'project_domain_id': 'default', 'project_domain_name': 'Default', 'project_id': '0350a83a316341dabe7c8665737a3888', 'project_name': 'tempest-ServerAddressesNegativeTestJSON-815809384', 'tenant_id': '0350a83a316341dabe7c8665737a3888', 'tenant_name': 'tempest-ServerAddressesNegativeTestJSON-815809384', 'user_domain_id': 'default', 'user_domain_name': 'Default', 'user_id': '37331fb003154d989da99dae6dde9078', 'system': None}, Network: None, Subnet: None, Router: None
2024-12-12 15:25:15.962 66957 INFO tempest.lib.common.rest_client [req-9e30d0c8-a48f-4b87-9bdb-2b9eb402ca86 req-9e30d0c8-a48f-4b87-9bdb-2b9eb402ca86 ] Request (SecurityGroupsTestJSON:test_server_security_groups): 200 GET http://10.180.1.21/compute/v2.1/servers/343a7e90-5e55-4125-8475-44050f267987 0.294s
2024-12-12 15:25:15.969 66957 INFO tempest.common.waiters [-] State transition "BUILD/spawning" ==> "ACTIVE/None" after 64 second wait
2024-12-12 15:25:16.022 66949 INFO tempest.lib.common.rest_client [req-5c240556-eace-4b1d-8493-bb052fdd6ab3 req-5c240556-eace-4b1d-8493-bb052fdd6ab3 ] Request (TenantUsagesTestJSON:setUpClass): 200 GET http://10.180.1.21/compute/v2.1/servers/eaed706d-b3db-46ed-8c70-08f80479afa4 0.304s
2024-12-12 15:25:16.033 66987 INFO tempest.lib.common.rest_client [req-041048da-4797-466b-a7b3-a9ac145599d9 req-041048da-4797-466b-a7b3-a9ac145599d9 ] Request (ServerAddressesNegativeTestJSON:setUpClass): 201 POST http://10.180.1.21/identity/v3/auth/tokens 0.071s
2024-12-12 15:25:16.071 66979 INFO tempest.lib.common.rest_client [req-a3cdc205-306b-4c63-9807-f589c207d76a req-a3cdc205-306b-4c63-9807-f589c207d76a ] Request (ServersAdminTestJSON:test_inject_network_info): 200 GET http://10.180.1.21/compute/v2.1/servers/e753da08-d4a5-4f17-85c8-154e843798c9 0.298s
2024-12-12 15:25:16.079 66951 INFO tempest.lib.common.rest_client [req-8dcce08f-1156-4afb-85f6-7b8f7a4251a9 req-8dcce08f-1156-4afb-85f6-7b8f7a4251a9 ] Request (FloatingIPsAssociationTestJSON:test_associate_already_associated_floating_ip): 409 POST http://10.180.1.21/compute/v2.1/servers/0c72c98b-57f0-44e5-9159-490b27eac3a6/action 0.482s
2024-12-12 15:25:16.122 66973 INFO tempest.lib.common.rest_client [req-2c97595b-dfd6-41f4-9b5f-32ae6a7e4663 req-2c97595b-dfd6-41f4-9b5f-32ae6a7e4663 ] Request (VolumesAssistedSnapshotsTest:test_volume_assisted_snapshot_create_delete): 200 GET http://10.180.1.21/compute/v2.1/servers/72a11582-1fad-428a-bde1-e9d0b05731cd 0.280s
2024-12-12 15:25:16.154 66947 INFO tempest.lib.common.rest_client [req-dddbe69f-799c-449f-b87e-cfeb653824a2 req-dddbe69f-799c-449f-b87e-cfeb653824a2 ] Request (ImagesNegativeTestJSON:test_create_image_from_deleted_server): 200 GET http://10.180.1.21/compute/v2.1/servers/e2758650-2762-49f6-a678-f55425a89994 0.237s
2024-12-12 15:25:16.218 66935 INFO tempest.lib.common.rest_client [req-4743d33e-4471-44d0-9fa0-f91798306185 req-4743d33e-4471-44d0-9fa0-f91798306185 ] Request (ServerActionsV293TestJSON:setUpClass): 200 GET http://10.180.1.21/compute/v2.1/servers/9361ee6a-7c4d-4409-bc3c-7da7d4550d97 0.223s
2024-12-12 15:25:16.564 66987 INFO tempest.lib.common.rest_client [req-b60b8df0-3850-4871-bcea-dbae25fc39fb req-b60b8df0-3850-4871-bcea-dbae25fc39fb ] Request (ServerAddressesNegativeTestJSON:setUpClass): 201 POST http://10.180.1.21:9696/networking/v2.0/networks 0.530s
2024-12-12 15:25:16.798 66937 WARNING tempest.lib.common.ssh [-] Failed to establish authenticated ssh connection to cirros@10.180.180.178 ([Errno None] Unable to connect to port 22 on 10.180.180.178). Number attempts: 10. Retry after 11 seconds.: paramiko.ssh_exception.NoValidConnectionsError: [Errno None] Unable to connect to port 22 on 10.180.180.178
2024-12-12 15:25:16.952 66987 INFO tempest.lib.common.rest_client [req-466ebfed-b93e-4c88-a1b1-f934c96efeb4 req-466ebfed-b93e-4c88-a1b1-f934c96efeb4 ] Request (ServerAddressesNegativeTestJSON:setUpClass): 201 POST http://10.180.1.21:9696/networking/v2.0/subnets 0.388s
2024-12-12 15:25:17.186 66957 INFO tempest.lib.common.rest_client [req-ab0ece8f-925e-4e89-8555-f83d86ded162 req-ab0ece8f-925e-4e89-8555-f83d86ded162 ] Request (SecurityGroupsTestJSON:test_server_security_groups): 202 POST http://10.180.1.21/compute/v2.1/servers/343a7e90-5e55-4125-8475-44050f267987/action 1.216s
2024-12-12 15:25:17.247 66983 INFO tempest.lib.common.rest_client [req-dcc016b4-e1dc-4a87-bb0a-389014b930fe req-dcc016b4-e1dc-4a87-bb0a-389014b930fe ] Request (ServerDiskConfigTestJSON:test_rebuild_server_with_auto_disk_config): 200 GET http://10.180.1.21/compute/v2.1/servers/e3df56a7-eb82-4297-8aa3-f77c0380b6ec 1.164s
2024-12-12 15:25:17.315 66965 INFO tempest.lib.common.rest_client [req-155f46db-6fdb-4b0e-845c-ae169a4c358f req-155f46db-6fdb-4b0e-845c-ae169a4c358f ] Request (ServerShowV254Test:tearDownClass): 200 GET http://10.180.1.21/compute/v2.1/servers/c390d1ca-a199-4df6-847a-b543630a7bf5 1.159s
2024-12-12 15:25:17.333 66965 INFO tempest.common.waiters [-] State transition "ACTIVE/deleting" ==> "DELETED/None" after 5 second wait
2024-12-12 15:25:17.372 66925 INFO tempest.lib.common.rest_client [req-a9da8dce-543f-4f68-9f80-7aac9c724a94 req-a9da8dce-543f-4f68-9f80-7aac9c724a94 ] Request (ListServersNegativeTestJSON:setUpClass): 200 GET http://10.180.1.21/compute/v2.1/servers/bef91c1c-a418-4464-ae7b-883ffb7e9695 1.168s
2024-12-12 15:25:17.422 66977 INFO tempest.lib.common.rest_client [req-8332a727-a835-4f4d-b847-1cbcd02d5b1b req-8332a727-a835-4f4d-b847-1cbcd02d5b1b ] Request (ServersTestJSON:test_create_server_with_ipv6_addr_only): 200 GET http://10.180.1.21/compute/v2.1/servers/5203c12e-14a0-4736-8185-8ead9a29b03b 1.163s
2024-12-12 15:25:17.498 66975 INFO tempest.lib.common.rest_client [req-e51d3c0c-b045-4e91-b049-3c4bd76c233f req-e51d3c0c-b045-4e91-b049-3c4bd76c233f ] Request (ServersAdminNegativeTestJSON:tearDownClass): 200 GET http://10.180.1.21/compute/v2.1/servers/d60c3a22-19fb-4826-be88-d0307810a079 1.168s
2024-12-12 15:25:17.629 66939 INFO tempest.lib.common.rest_client [req-cad012e1-cb05-4bc8-a641-ca5fba849b1d req-cad012e1-cb05-4bc8-a641-ca5fba849b1d ] Request (ServersTestMultiNic:test_verify_duplicate_network_nics): 200 GET http://10.180.1.21/compute/v2.1/servers/78894fda-8309-430a-ab38-ce1a415d83d3 1.014s
2024-12-12 15:25:17.669 66987 INFO tempest.lib.common.rest_client [req-ff91aab9-a388-4066-903d-0fd1bf17cb03 req-ff91aab9-a388-4066-903d-0fd1bf17cb03 ] Request (ServerAddressesNegativeTestJSON:setUpClass): 201 POST http://10.180.1.21:9696/networking/v2.0/routers 0.717s
2024-12-12 15:25:17.696 66929 INFO tempest.lib.common.rest_client [req-54a2f36e-1543-411b-82c5-af16879fba01 req-54a2f36e-1543-411b-82c5-af16879fba01 ] Request (ServerGroupTestJSON:test_create_server_with_scheduler_hint_group): 200 GET http://10.180.1.21/compute/v2.1/servers/0b7c72e0-79b9-4435-9676-7a0e9afaf936 1.028s
2024-12-12 15:25:17.702 66951 INFO tempest.lib.common.rest_client [req-bdaa9076-8faf-4574-a313-1ecfb3d5ece5 req-bdaa9076-8faf-4574-a313-1ecfb3d5ece5 ] Request (FloatingIPsAssociationTestJSON:_run_cleanups): 202 POST http://10.180.1.21/compute/v2.1/servers/2b1805b3-2e03-410f-8222-64b8542d4a43/action 1.622s
2024-12-12 15:25:17.748 66943 INFO tempest.lib.common.rest_client [req-047c83f9-eee9-44aa-88a8-7af511ef3b5e req-047c83f9-eee9-44aa-88a8-7af511ef3b5e ] Request (DeleteServersTestJSON:test_delete_server_while_in_attached_volume): 200 GET http://10.180.1.21/compute/v2.1/servers/2d1425f2-ddf9-4e82-bcfe-e11c597d011a 1.077s
2024-12-12 15:25:17.783 66955 INFO tempest.lib.common.rest_client [req-c71120df-7598-40ef-b255-d92066f1fbc5 req-c71120df-7598-40ef-b255-d92066f1fbc5 ] Request (ServerDiagnosticsNegativeTest:tearDownClass): 200 GET http://10.180.1.21/compute/v2.1/servers/40217405-dcba-48cf-9d92-4122390d9fa8 1.053s
2024-12-12 15:25:17.792 66969 INFO tempest.lib.common.rest_client [req-e9fa9b30-bce8-4fa8-9103-09c3599dee8d req-e9fa9b30-bce8-4fa8-9103-09c3599dee8d ] Request (ImagesTestJSON:test_create_image_from_suspended_server): 200 GET http://10.180.1.21/compute/v2.1/servers/efbe39fa-d581-41ac-b51c-9c94c9839d7a 1.007s
2024-12-12 15:25:17.863 66961 INFO tempest.lib.common.rest_client [req-66829795-b09b-401a-a48e-07c4b85a0bd6 req-66829795-b09b-401a-a48e-07c4b85a0bd6 ] Request (DeleteServersAdminTestJSON:test_delete_server_while_in_error_state): 200 GET http://10.180.1.21/compute/v2.1/servers/f1c19f17-ce7c-481a-99fd-d0bb20f1520b 1.025s
2024-12-12 15:25:17.912 66927 INFO tempest.lib.common.rest_client [req-6d26feed-9c60-4711-ad1f-4858404d4e20 req-6d26feed-9c60-4711-ad1f-4858404d4e20 ] Request (ListImageFiltersTestJSON:setUpClass): 200 GET http://10.180.1.21/compute/v2.1/servers/5060e745-08d0-429e-8780-bfdad7a29f30 1.100s
2024-12-12 15:25:17.917 66949 INFO tempest.lib.common.rest_client [req-0c083abd-7b09-4f5b-8378-f60bcbe14e4d req-0c083abd-7b09-4f5b-8378-f60bcbe14e4d ] Request (TenantUsagesTestJSON:setUpClass): 200 GET http://10.180.1.21/compute/v2.1/servers/eaed706d-b3db-46ed-8c70-08f80479afa4 0.882s
2024-12-12 15:25:17.919 66927 INFO tempest.common.waiters [-] State transition "ACTIVE/image_uploading" ==> "ACTIVE/None" after 2 second wait
2024-12-12 15:25:17.977 66979 INFO tempest.lib.common.rest_client [req-a1f981fe-007b-4b1c-980e-c4fc7905d8e6 req-a1f981fe-007b-4b1c-980e-c4fc7905d8e6 ] Request (ServersAdminTestJSON:test_inject_network_info): 200 GET http://10.180.1.21/compute/v2.1/servers/e753da08-d4a5-4f17-85c8-154e843798c9 0.892s
2024-12-12 15:25:17.986 66973 INFO tempest.lib.common.rest_client [req-bf3038ae-f043-444f-867c-0236129d363e req-bf3038ae-f043-444f-867c-0236129d363e ] Request (VolumesAssistedSnapshotsTest:test_volume_assisted_snapshot_create_delete): 200 GET http://10.180.1.21/compute/v2.1/servers/72a11582-1fad-428a-bde1-e9d0b05731cd 0.856s
2024-12-12 15:25:18.053 66947 INFO tempest.lib.common.rest_client [req-28f27d2f-5dd0-4ab0-90be-a04b4f749e86 req-28f27d2f-5dd0-4ab0-90be-a04b4f749e86 ] Request (ImagesNegativeTestJSON:test_create_image_from_deleted_server): 200 GET http://10.180.1.21/compute/v2.1/servers/e2758650-2762-49f6-a678-f55425a89994 0.890s
2024-12-12 15:25:18.058 66957 INFO tempest.lib.common.rest_client [req-d0ccaace-1279-4493-b61e-a0d766ae3e17 req-d0ccaace-1279-4493-b61e-a0d766ae3e17 ] Request (SecurityGroupsTestJSON:test_server_security_groups): 400 DELETE http://10.180.1.21/compute/v2.1/os-security-groups/3225e0d9-097e-498a-acfb-832f70abd3a2 0.872s
2024-12-12 15:25:18.107 66935 INFO tempest.lib.common.rest_client [req-3620e451-5a0c-40b2-be0b-751fd3a51e18 req-3620e451-5a0c-40b2-be0b-751fd3a51e18 ] Request (ServerActionsV293TestJSON:setUpClass): 200 GET http://10.180.1.21/compute/v2.1/servers/9361ee6a-7c4d-4409-bc3c-7da7d4550d97 0.876s
2024-12-12 15:25:18.116 66935 INFO tempest.common.waiters [-] State transition "BUILD/scheduling" ==> "BUILD/None" after 38 second wait
2024-12-12 15:25:18.134 66951 INFO tempest.lib.common.rest_client [req-bba7dc43-cbde-4d45-ada5-8e7fcf81e9c3 req-bba7dc43-cbde-4d45-ada5-8e7fcf81e9c3 ] Request (FloatingIPsAssociationTestJSON:_run_cleanups): 204 DELETE http://10.180.1.21/compute/v2.1/servers/2b1805b3-2e03-410f-8222-64b8542d4a43 0.431s
2024-12-12 15:25:18.207 66957 INFO tempest.lib.common.rest_client [req-b21872ca-50eb-436b-94a7-f29b1fe2771b req-b21872ca-50eb-436b-94a7-f29b1fe2771b ] Request (SecurityGroupsTestJSON:test_server_security_groups): 202 POST http://10.180.1.21/compute/v2.1/servers/343a7e90-5e55-4125-8475-44050f267987/action 0.148s
2024-12-12 15:25:18.427 66933 WARNING tempest.lib.common.ssh [-] Failed to establish authenticated ssh connection to cirros@10.180.180.240 ([Errno None] Unable to connect to port 22 on 10.180.180.240). Number attempts: 4. Retry after 5 seconds.: paramiko.ssh_exception.NoValidConnectionsError: [Errno None] Unable to connect to port 22 on 10.180.180.240
2024-12-12 15:25:18.568 66971 WARNING tempest.lib.common.ssh [-] Failed to establish authenticated ssh connection to cirros@10.180.180.206 ([Errno None] Unable to connect to port 22 on 10.180.180.206). Number attempts: 9. Retry after 10 seconds.: paramiko.ssh_exception.NoValidConnectionsError: [Errno None] Unable to connect to port 22 on 10.180.180.206
