2024-12-12 15:23:06.506 66975 INFO tempest.lib.common.rest_client [req-dc8ca30c-a2c8-4336-bcf8-a992d6d03286 req-dc8ca30c-a2c8-4336-bcf8-a992d6d03286 ] Request (FlavorMetadataValidation:tearDownClass): 201 POST http://10.180.1.21/identity/v3/auth/tokens 0.148s
2024-12-12 15:23:06.507 66935 INFO tempest.lib.common.rest_client [req-57f30e6a-80f1-4320-b47a-2eb184cff40f req-57f30e6a-80f1-4320-b47a-2eb184cff40f ] Request (FloatingIPsTestJSON:setUpClass): 201 POST http://10.180.1.21:9696/networking/v2.0/subnets 0.921s
2024-12-12 15:23:06.520 66971 INFO tempest.lib.common.rest_client [req-018ff333-4a21-488b-9d70-b50634426d46 req-018ff333-4a21-488b-9d70-b50634426d46 ] Request (ServersTestBootFromVolume:setUpClass): 200 GET http://10.180.1.21/volume/v3/volumes/c32b5066-e324-4377-90d0-ef224dd92932 0.038s
2024-12-12 15:23:06.524 66953 INFO tempest.lib.common.rest_client [req-0a27146c-80cf-4440-8f4f-6f84f50e17bf req-0a27146c-80cf-4440-8f4f-6f84f50e17bf ] Request (QuotaClassesAdmin257Test:setUpClass): 200 GET http://10.180.1.21/identity/v3/roles 0.054s
2024-12-12 15:23:06.549 66973 INFO tempest.lib.common.rest_client [req-2af6ce2b-7ad4-4afc-8903-f95101b3b7a2 req-2af6ce2b-7ad4-4afc-8903-f95101b3b7a2 ] Request (AggregatesAdminNegativeTestJSON:test_aggregate_add_existent_host): 409 POST http://10.180.1.21/compute/v2.1/os-aggregates/1/action 1.138s
2024-12-12 15:23:06.578 66969 INFO tempest.lib.common.rest_client [req-6399f6cb-d997-4ffb-9627-33f28ad701c5 req-6399f6cb-d997-4ffb-9627-33f28ad701c5 ] Request (ImagesTestJSON:setUpClass): 201 POST http://10.180.1.21/identity/v3/auth/tokens 0.187s
2024-12-12 15:23:06.599 66953 INFO tempest.lib.common.rest_client [req-4d9c9535-2ebc-408c-8021-878f479b1d6f req-4d9c9535-2ebc-408c-8021-878f479b1d6f ] Request (QuotaClassesAdmin257Test:setUpClass): 204 PUT http://10.180.1.21/identity/v3/projects/69a998b0d7cf4d9fbbfdd2b8b6d77a9b/users/47651a49f5ca4e2ea75a07b25abd4132/roles/2ba19dc4028840028471d7609720f106 0.075s
2024-12-12 15:23:06.600 66953 INFO tempest.lib.common.dynamic_creds [-] Dynamic test user 47651a49f5ca4e2ea75a07b25abd4132 is created with scope project and roles: ['admin']
2024-12-12 15:23:06.600 66953 INFO tempest.lib.common.dynamic_creds [-] Acquired dynamic creds: credentials: Credentials: {'domain_id': 'default', 'domain_name': 'Default', 'username': 'tempest-QuotaClassesAdmin257Test-1839324035-project-admin', 'project_domain_id': 'default', 'project_domain_name': 'Default', 'project_id': '69a998b0d7cf4d9fbbfdd2b8b6d77a9b', 'project_name': 'tempest-QuotaClassesAdmin257Test-1839324035', 'tenant_id': '69a998b0d7cf4d9fbbfdd2b8b6d77a9b', 'tenant_name': 'tempest-QuotaClassesAdmin257Test-1839324035', 'user_domain_id': 'default', 'user_domain_name': 'Default', 'user_id': '47651a49f5ca4e2ea75a07b25abd4132', 'system': None}, Network: None, Subnet: None, Router: None
2024-12-12 15:23:06.600 66953 INFO tempest.lib.common.dynamic_creds [-] Created isolated network resources for: credentials: Credentials: {'domain_id': 'default', 'domain_name': 'Default', 'username': 'tempest-QuotaClassesAdmin257Test-1839324035-project-admin', 'project_domain_id': 'default', 'project_domain_name': 'Default', 'project_id': '69a998b0d7cf4d9fbbfdd2b8b6d77a9b', 'project_name': 'tempest-QuotaClassesAdmin257Test-1839324035', 'tenant_id': '69a998b0d7cf4d9fbbfdd2b8b6d77a9b', 'tenant_name': 'tempest-QuotaClassesAdmin257Test-1839324035', 'user_domain_id': 'default', 'user_domain_name': 'Default', 'user_id': '47651a49f5ca4e2ea75a07b25abd4132', 'system': None}, Network: None, Subnet: None, Router: None
2024-12-12 15:23:06.606 66969 INFO tempest.lib.common.rest_client [req-55232ff8-6641-49a6-81dd-7e54b91f6ca9 req-55232ff8-6641-49a6-81dd-7e54b91f6ca9 ] Request (ImagesTestJSON:setUpClass): 200 GET http://10.180.1.21/identity/v3/domains?name=Default 0.028s
2024-12-12 15:23:06.645 66967 INFO tempest.lib.common.rest_client [req-8859c444-499e-429e-bb92-51243737cdd4 req-8859c444-499e-429e-bb92-51243737cdd4 ] Request (ServerDiagnosticsV248Test:test_get_server_diagnostics): 200 GET http://10.180.1.21/compute/v2.1/servers/69c73342-258a-4b00-ba1b-ffdd5f247890 0.914s
2024-12-12 15:23:06.679 66969 INFO tempest.lib.common.rest_client [req-6cf9adc1-395c-4d5a-a789-9545f457087d req-6cf9adc1-395c-4d5a-a789-9545f457087d ] Request (ImagesTestJSON:setUpClass): 201 POST http://10.180.1.21/identity/v3/projects 0.072s
2024-12-12 15:23:06.684 66953 INFO tempest.lib.common.rest_client [req-af07ca0d-bb57-4886-91b9-ae208e0d5471 req-af07ca0d-bb57-4886-91b9-ae208e0d5471 ] Request (QuotaClassesAdmin257Test:setUpClass): 201 POST http://10.180.1.21/identity/v3/auth/tokens 0.080s
2024-12-12 15:23:06.740 66975 INFO tempest.lib.common.rest_client [req-0f3aa132-62dd-4427-ae71-0a1efffc6bd5 req-0f3aa132-62dd-4427-ae71-0a1efffc6bd5 ] Request (FlavorMetadataValidation:tearDownClass): 200 GET http://10.180.1.21:9696/networking/v2.0/security-groups?tenant_id=0afb8e64103940e7b14d9bf33a401e64&name=default 0.233s
2024-12-12 15:23:06.741 66969 INFO tempest.lib.common.rest_client [req-3fb378a0-93a3-429d-858d-00a657dc8ba9 req-3fb378a0-93a3-429d-858d-00a657dc8ba9 ] Request (ImagesTestJSON:setUpClass): 201 POST http://10.180.1.21/identity/v3/users 0.061s
2024-12-12 15:23:06.742 66941 INFO tempest.lib.common.rest_client [req-58b2c5de-c6d7-4533-bd6e-283b23ac3baa req-58b2c5de-c6d7-4533-bd6e-283b23ac3baa ] Request (ServersTestManualDisk:setUpClass): 201 POST http://10.180.1.21:9696/networking/v2.0/subnets 0.837s
2024-12-12 15:23:06.760 66969 INFO tempest.lib.common.rest_client [req-c8a47d0d-3349-468b-9805-b25f73481195 req-c8a47d0d-3349-468b-9805-b25f73481195 ] Request (ImagesTestJSON:setUpClass): 200 GET http://10.180.1.21/identity/v3/roles 0.018s
2024-12-12 15:23:06.801 66969 INFO tempest.lib.common.rest_client [req-765a467e-f49e-448f-8585-82d6f1fd2dc8 req-765a467e-f49e-448f-8585-82d6f1fd2dc8 ] Request (ImagesTestJSON:setUpClass): 204 PUT http://10.180.1.21/identity/v3/projects/e48fc59560ab47ae87be73ab11b13e7c/users/53f691b52644488c832ce1224a079218/roles/08066019558748538e66a84e912cb085 0.040s
2024-12-12 15:23:06.801 66969 INFO tempest.lib.common.dynamic_creds [-] Dynamic test user 53f691b52644488c832ce1224a079218 is created with scope project and roles: ['member']
2024-12-12 15:23:06.802 66969 INFO tempest.lib.common.dynamic_creds [-] Acquired dynamic creds: credentials: Credentials: {'domain_id': 'default', 'domain_name': 'Default', 'username': 'tempest-ImagesTestJSON-2007080518-project-member', 'project_domain_id': 'default', 'project_domain_name': 'Default', 'project_id': 'e48fc59560ab47ae87be73ab11b13e7c', 'project_name': 'tempest-ImagesTestJSON-2007080518', 'tenant_id': 'e48fc59560ab47ae87be73ab11b13e7c', 'tenant_name': 'tempest-ImagesTestJSON-2007080518', 'user_domain_id': 'default', 'user_domain_name': 'Default', 'user_id': '53f691b52644488c832ce1224a079218', 'system': None}, Network: None, Subnet: None, Router: None
2024-12-12 15:23:06.808 66963 INFO tempest.lib.common.rest_client [req-1d91d4e6-69b6-4505-858d-61cde63581c1 req-1d91d4e6-69b6-4505-858d-61cde63581c1 ] Request (ServersWithSpecificFlavorTestJSON:test_verify_created_server_ephemeral_disk): 200 POST http://10.180.1.21/compute/v2.1/flavors 1.066s
2024-12-12 15:23:06.830 66955 INFO tempest.lib.common.rest_client [req-f16cd066-a6bb-4748-97df-76e8324f9435 req-f16cd066-a6bb-4748-97df-76e8324f9435 ] Request (QuotasAdminTestJSON:test_delete_quota): 202 DELETE http://10.180.1.21/compute/v2.1/os-quota-sets/ee22e0b588f24908ba317887e06ea7e0 1.041s
2024-12-12 15:23:06.861 66982 INFO tempest.lib.common.rest_client [req-4affe800-4398-4c97-8b43-908fd1085686 req-4affe800-4398-4c97-8b43-908fd1085686 ] Request (HypervisorAdminTestJSON:test_get_hypervisor_stats): 200 GET http://10.180.1.21/compute/v2.1/os-hypervisors/statistics 0.991s
2024-12-12 15:23:06.890 66969 INFO tempest.lib.common.rest_client [req-b767238a-f08e-43aa-934e-1c9df65c8eb7 req-b767238a-f08e-43aa-934e-1c9df65c8eb7 ] Request (ImagesTestJSON:setUpClass): 201 POST http://10.180.1.21/identity/v3/auth/tokens 0.088s
2024-12-12 15:23:06.987 66983 INFO tempest.lib.common.rest_client [req-6379aa88-c809-428e-af85-c241cdc1217f req-6379aa88-c809-428e-af85-c241cdc1217f ] Request (ServersAdmin275Test:test_rebuild_update_server_275): 200 GET http://10.180.1.21/compute/v2.1/servers/b4182e53-50db-4256-b376-b00100778935 1.105s
2024-12-12 15:23:06.993 66949 INFO tempest.lib.common.rest_client [req-cde190e0-4d9c-40fa-9506-0d3ab2432425 req-cde190e0-4d9c-40fa-9506-0d3ab2432425 ] Request (HostsAdminNegativeTestJSON:test_show_host_detail_with_non_admin_user): 403 GET http://10.180.1.21/compute/v2.1/os-hosts/devstack 1.110s
2024-12-12 15:23:06.997 66982 INFO tempest.lib.common.rest_client [req-372abe81-65ce-49ff-b8ea-3d17233e82aa req-372abe81-65ce-49ff-b8ea-3d17233e82aa ] Request (HypervisorAdminTestJSON:tearDownClass): 204 DELETE http://10.180.1.21/identity/v3/users/57fcb8afdd3a46f5bc5976b0093978c4 0.131s
2024-12-12 15:23:06.998 66983 INFO tempest.common.waiters [-] State transition "BUILD/networking" ==> "BUILD/spawning" after 2 second wait
2024-12-12 15:23:07.018 66951 INFO tempest.lib.common.rest_client [req-a549e3e5-d87c-46a9-9a49-00a3d4e76dd3 req-a549e3e5-d87c-46a9-9a49-00a3d4e76dd3 ] Request (FlavorsV255TestJSON:test_crud_flavor): 200 GET http://10.180.1.21/compute/v2.1/flavors 1.093s
2024-12-12 15:23:07.096 66982 INFO tempest.lib.common.rest_client [req-fe83211c-6d73-4a33-9194-0837f14db1ca req-fe83211c-6d73-4a33-9194-0837f14db1ca ] Request (HypervisorAdminTestJSON:tearDownClass): 204 DELETE http://10.180.1.21/identity/v3/users/7cb0f3019a1c4a318f7e265c8d468c2f 0.099s
2024-12-12 15:23:07.097 66982 INFO tempest.lib.common.dynamic_creds [-] Deleting project and security group for project: f05017b0c545438cb81309ab0f4fae5b
2024-12-12 15:23:07.101 66975 INFO tempest.lib.common.rest_client [req-e5d98818-dbb7-451e-9816-bb868ec7c156 req-e5d98818-dbb7-451e-9816-bb868ec7c156 ] Request (FlavorMetadataValidation:tearDownClass): 204 DELETE http://10.180.1.21:9696/networking/v2.0/security-groups/fc082dd7-599c-44ab-8d99-a298f95a66d8 0.360s
2024-12-12 15:23:07.167 66982 INFO tempest.lib.common.rest_client [req-4cf5a0cd-dbaf-4e3f-bb08-8fb7c19803ab req-4cf5a0cd-dbaf-4e3f-bb08-8fb7c19803ab ] Request (HypervisorAdminTestJSON:tearDownClass): 201 POST http://10.180.1.21/identity/v3/auth/tokens 0.070s
2024-12-12 15:23:07.231 66975 INFO tempest.lib.common.rest_client [req-d79e961b-20ef-4874-8dc6-3c4b7638620a req-d79e961b-20ef-4874-8dc6-3c4b7638620a ] Request (FlavorMetadataValidation:tearDownClass): 204 DELETE http://10.180.1.21/identity/v3/projects/0afb8e64103940e7b14d9bf33a401e64 0.130s
2024-12-12 15:23:07.231 66975 INFO tempest.lib.common.dynamic_creds [-] Deleting project and security group for project: eb8b8f3d7fef44ec9fca0ab9bb73fbbd
2024-12-12 15:23:07.234 66939 INFO tempest.lib.common.rest_client [req-66b816dd-22be-4abb-a460-6b14df94bfd7 req-66b816dd-22be-4abb-a460-6b14df94bfd7 ] Request (FlavorsAccessNegativeTestJSON:_run_cleanups): 200 POST http://10.180.1.21/compute/v2.1/flavors/423154373/action 1.180s
2024-12-12 15:23:07.243 66979 INFO tempest.lib.common.rest_client [req-1b7804bb-2097-47fc-aa2e-2f9fcac799ec req-1b7804bb-2097-47fc-aa2e-2f9fcac799ec ] Request (ServersAdminTestJSON:setUpClass): 202 POST http://10.180.1.21/compute/v2.1/servers 2.916s
2024-12-12 15:23:07.262 66965 INFO tempest.lib.common.rest_client [req-7dc06d4a-4e91-41d1-a02b-d6c5199f91d2 req-7dc06d4a-4e91-41d1-a02b-d6c5199f91d2 ] Request (FlavorsExtraSpecsTestJSON:test_flavor_non_admin_get_specific_key): 200 GET http://10.180.1.21/compute/v2.1/flavors/1001028128/os-extra_specs/hw:numa_nodes 1.174s
2024-12-12 15:23:07.274 66987 INFO tempest.lib.common.rest_client [req-1a18991a-c460-43ed-b99e-91a61bdc21c2 req-1a18991a-c460-43ed-b99e-91a61bdc21c2 ] Request (FlavorsV261TestJSON:test_crud_flavor): 200 GET http://10.180.1.21/compute/v2.1/flavors 1.127s
2024-12-12 15:23:07.292 66927 INFO tempest.lib.common.rest_client [req-62c79329-3e86-43ee-ac28-8623be0d48f4 req-62c79329-3e86-43ee-ac28-8623be0d48f4 ] Request (FlavorsAccessTestJSON:_run_cleanups): 200 GET http://10.180.1.21/compute/v2.1/flavors/detail 1.126s
2024-12-12 15:23:07.298 66933 INFO tempest.lib.common.rest_client [req-c1826b9d-acbf-438e-b78b-3cde82f6a9ac req-c1826b9d-acbf-438e-b78b-3cde82f6a9ac ] Request (HypervisorAdminNegativeTestJSON:test_get_nonexistent_hypervisor_uptime): 404 GET http://10.180.1.21/compute/v2.1/os-hypervisors/5fd46e6e-4465-4b9a-afbf-14733a799561/uptime 0.971s
2024-12-12 15:23:07.304 66931 INFO tempest.lib.common.rest_client [req-4e155993-5e1b-4beb-bd48-c880a65881e3 req-4e155993-5e1b-4beb-bd48-c880a65881e3 ] Request (ServerPasswordTestJSON:setUpClass): 201 POST http://10.180.1.21:9696/networking/v2.0/routers 2.364s
2024-12-12 15:23:07.324 66945 INFO tempest.lib.common.rest_client [req-25acd82e-e208-41c9-9bd2-cef5083fc841 req-25acd82e-e208-41c9-9bd2-cef5083fc841 ] Request (FlavorsExtraSpecsNegativeTestJSON:test_flavor_non_admin_update_specific_key): 200 POST http://10.180.1.21/compute/v2.1/flavors/867224277/os-extra_specs 0.989s
2024-12-12 15:23:07.330 66979 INFO tempest.lib.common.rest_client [req-683ecbee-8b79-4be1-9865-6279fe1f6148 req-683ecbee-8b79-4be1-9865-6279fe1f6148 ] Request (ServersAdminTestJSON:setUpClass): 201 POST http://10.180.1.21/identity/v3/auth/tokens 0.075s
2024-12-12 15:23:07.331 66979 INFO tempest.lib.common.fixed_network [-] (ServersAdminTestJSON:setUpClass) Found network {'id': 'b337daaf-30b2-4654-86b7-d5c28b4a88f2', 'name': 'tempest-ServersAdminTestJSON-1218980603-network', 'tenant_id': '38c709b68d2a40049d6d4795267987d8', 'admin_state_up': True, 'mtu': 8950, 'status': 'ACTIVE', 'subnets': [], 'shared': False, 'project_id': '38c709b68d2a40049d6d4795267987d8', 'port_security_enabled': True, 'router:external': False, 'provider:network_type': 'vlan', 'provider:physical_network': 'default', 'provider:segmentation_id': 29, 'availability_zone_hints': [], 'availability_zones': [], 'ipv4_address_scope': None, 'ipv6_address_scope': None, 'description': '', 'tags': [], 'created_at': '2024-12-12T15:22:54Z', 'updated_at': '2024-12-12T15:22:54Z', 'revision_number': 1} available for tenant
2024-12-12 15:23:07.410 66959 INFO tempest.lib.common.rest_client [req-d19f6525-f28e-40d3-91fa-51622704d747 req-d19f6525-f28e-40d3-91fa-51622704d747 ] Request (ServersV294TestFqdnHostnames:setUpClass): 200 GET http://10.180.1.21/compute/v2.1/servers/780f3eee-f6c7-4054-8e6e-a370f74dc405 1.031s
2024-12-12 15:23:07.474 66943 INFO tempest.lib.common.rest_client [req-bc3b1e25-3f5d-4ed0-828a-664d6d9afcc3 req-bc3b1e25-3f5d-4ed0-828a-664d6d9afcc3 ] Request (ServicesAdminNegativeV253TestJSON:test_disable_log_reason_with_invalid_service_id): 404 PUT http://10.180.1.21/compute/v2.1/os-services/95de22ca-dca0-4a00-bea1-184289638711 1.167s
2024-12-12 15:23:07.474 66977 INFO tempest.lib.common.rest_client [req-ffd84b8f-6e71-4343-8900-4b330315c2c7 req-ffd84b8f-6e71-4343-8900-4b330315c2c7 ] Request (KeyPairsNegativeTestJSON:test_create_keypair_when_public_key_bits_exceeds_maximum): 400 POST http://10.180.1.21/compute/v2.1/os-keypairs 1.011s
2024-12-12 15:23:07.488 66927 INFO tempest.lib.common.rest_client [req-a71ab517-bdfd-4955-9b54-4b8b8e754f87 req-a71ab517-bdfd-4955-9b54-4b8b8e754f87 ] Request (FlavorsAccessTestJSON:tearDownClass): 204 DELETE http://10.180.1.21/identity/v3/users/5548a642b0554c5b99620c24f20338c6 0.189s
2024-12-12 15:23:07.504 66985 INFO tempest.lib.common.rest_client [req-9d29f061-d282-48eb-a69c-b645386f4d4b req-9d29f061-d282-48eb-a69c-b645386f4d4b ] Request (FlavorsAdminTestJSON:_run_cleanups): 200 GET http://10.180.1.21/compute/v2.1/flavors/detail 1.021s
2024-12-12 15:23:07.566 66971 INFO tempest.lib.common.rest_client [req-af419bdc-fe6b-484d-97a0-30e98fbd3d5e req-af419bdc-fe6b-484d-97a0-30e98fbd3d5e ] Request (ServersTestBootFromVolume:setUpClass): 200 GET http://10.180.1.21/volume/v3/volumes/c32b5066-e324-4377-90d0-ef224dd92932 0.035s
2024-12-12 15:23:07.617 66973 INFO tempest.lib.common.rest_client [req-f853f3e3-bedf-455a-a0b2-975f0fa34f69 req-f853f3e3-bedf-455a-a0b2-975f0fa34f69 ] Request (AggregatesAdminNegativeTestJSON:_run_cleanups): 200 POST http://10.180.1.21/compute/v2.1/os-aggregates/1/action 1.067s
2024-12-12 15:23:07.627 66961 INFO tempest.lib.common.rest_client [req-952bdd97-b132-46c7-9eeb-667bace794d7 req-952bdd97-b132-46c7-9eeb-667bace794d7 ] Request (DeleteServersAdminTestJSON:test_admin_delete_servers_of_others): 200 GET http://10.180.1.21/compute/v2.1/servers/bbb94f08-7df2-457e-bc5b-d0008839cf20 0.827s
2024-12-12 15:23:07.634 66969 INFO tempest.lib.common.rest_client [req-932053bb-64ee-4b52-a805-931c218f8718 req-932053bb-64ee-4b52-a805-931c218f8718 ] Request (ImagesTestJSON:setUpClass): 201 POST http://10.180.1.21:9696/networking/v2.0/networks 0.744s
2024-12-12 15:23:07.635 66963 INFO tempest.lib.common.rest_client [req-db0b854b-317b-4c92-884f-375126868ebb req-db0b854b-317b-4c92-884f-375126868ebb ] Request (ServersWithSpecificFlavorTestJSON:test_verify_created_server_ephemeral_disk): 200 GET http://10.180.1.21/compute/v2.1/flavors/42/os-extra_specs 0.824s
2024-12-12 15:23:07.638 66961 INFO tempest.common.waiters [-] State transition "BUILD/None" ==> "BUILD/networking" after 5 second wait
2024-12-12 15:23:07.654 66949 INFO tempest.lib.common.rest_client [req-a216b503-3b6d-4719-92b4-4ad8485de494 req-a216b503-3b6d-4719-92b4-4ad8485de494 ] Request (HostsAdminNegativeTestJSON:test_show_host_detail_with_nonexistent_hostname): 404 GET http://10.180.1.21/compute/v2.1/os-hosts/nonexistent_hostname 0.660s
2024-12-12 15:23:07.688 66927 INFO tempest.lib.common.rest_client [req-3a544981-b804-4c31-a018-e1dbced660f7 req-3a544981-b804-4c31-a018-e1dbced660f7 ] Request (FlavorsAccessTestJSON:tearDownClass): 204 DELETE http://10.180.1.21/identity/v3/users/efdd824ceb2a40a38f20e7ea87ec1c6e 0.199s
2024-12-12 15:23:07.688 66927 INFO tempest.lib.common.dynamic_creds [-] Deleting project and security group for project: 61622ef9aa264091a374e850443ea09c
2024-12-12 15:23:07.690 66951 INFO tempest.lib.common.rest_client [req-fad5c1bc-c23b-40ef-ba85-ed5ccef20f42 req-fad5c1bc-c23b-40ef-ba85-ed5ccef20f42 ] Request (FlavorsV255TestJSON:_run_cleanups): 202 DELETE http://10.180.1.21/compute/v2.1/flavors/1288405240 0.667s
2024-12-12 15:23:07.708 66939 INFO tempest.lib.common.rest_client [req-22e24d43-1209-4dd4-988d-b4a30e370f29 req-22e24d43-1209-4dd4-988d-b4a30e370f29 ] Request (FlavorsAccessNegativeTestJSON:_run_cleanups): 202 DELETE http://10.180.1.21/compute/v2.1/flavors/423154373 0.473s
2024-12-12 15:23:07.739 66965 INFO tempest.lib.common.rest_client [req-50f7a449-d179-4154-998d-7b5352b3f209 req-50f7a449-d179-4154-998d-7b5352b3f209 ] Request (FlavorsExtraSpecsTestJSON:test_flavor_set_get_update_show_unset_keys): 200 POST http://10.180.1.21/compute/v2.1/flavors/1001028128/os-extra_specs 0.475s
2024-12-12 15:23:07.757 66987 INFO tempest.lib.common.rest_client [req-35350607-f485-4c1d-8ccf-13da6a9ba72f req-35350607-f485-4c1d-8ccf-13da6a9ba72f ] Request (FlavorsV261TestJSON:_run_cleanups): 202 DELETE http://10.180.1.21/compute/v2.1/flavors/385730621 0.475s
2024-12-12 15:23:07.763 66975 INFO tempest.lib.common.rest_client [req-fe9be3f5-5ed1-4073-b67a-ac731fd71d97 req-fe9be3f5-5ed1-4073-b67a-ac731fd71d97 ] Request (FlavorMetadataValidation:tearDownClass): 200 GET http://10.180.1.21:9696/networking/v2.0/security-groups?tenant_id=eb8b8f3d7fef44ec9fca0ab9bb73fbbd&name=default 0.531s
2024-12-12 15:23:07.777 66927 INFO tempest.lib.common.rest_client [req-381ca360-b7bd-4eae-8fca-e5aa21ee6aa9 req-381ca360-b7bd-4eae-8fca-e5aa21ee6aa9 ] Request (FlavorsAccessTestJSON:tearDownClass): 201 POST http://10.180.1.21/identity/v3/auth/tokens 0.089s
2024-12-12 15:23:07.786 66933 INFO tempest.lib.common.rest_client [req-33f1dca6-2ec4-49e2-aff4-30d4da4ca410 req-33f1dca6-2ec4-49e2-aff4-30d4da4ca410 ] Request (HypervisorAdminNegativeTestJSON:test_show_hypervisor_with_non_admin_user): 200 GET http://10.180.1.21/compute/v2.1/os-hypervisors 0.486s
2024-12-12 15:23:07.798 66945 INFO tempest.lib.common.rest_client [req-84212fd5-fb0b-41a7-a440-05bb17f8800c req-84212fd5-fb0b-41a7-a440-05bb17f8800c ] Request (FlavorsExtraSpecsNegativeTestJSON:test_flavor_non_admin_update_specific_key): 403 PUT http://10.180.1.21/compute/v2.1/flavors/867224277/os-extra_specs/hw:numa_nodes 0.473s
2024-12-12 15:23:07.853 66955 INFO tempest.lib.common.rest_client [req-cc9cf4e9-ea77-47f8-8080-ccb3242b8154 req-cc9cf4e9-ea77-47f8-8080-ccb3242b8154 ] Request (QuotasAdminTestJSON:test_delete_quota): 200 GET http://10.180.1.21/compute/v2.1/os-quota-sets/ee22e0b588f24908ba317887e06ea7e0 1.022s
2024-12-12 15:23:07.892 66925 INFO tempest.lib.common.rest_client [req-bbb4c21d-5166-45c1-badd-3030689b7dd8 req-bbb4c21d-5166-45c1-badd-3030689b7dd8 ] Request (ServerExternalEventsTest:test_create_server_external_events): 200 GET http://10.180.1.21/compute/v2.1/servers/0440c0a8-f065-4a82-b190-33279e7c0d93 0.564s
2024-12-12 15:23:07.911 66943 INFO tempest.lib.common.rest_client [req-8533ed46-cda8-4700-a23e-a9f5ed1f2928 req-8533ed46-cda8-4700-a23e-a9f5ed1f2928 ] Request (ServicesAdminNegativeV253TestJSON:test_disable_service_with_invalid_service_id): 404 PUT http://10.180.1.21/compute/v2.1/os-services/95de22ca-dca0-4a00-bea1-184289638711 0.436s
2024-12-12 15:23:07.933 66955 INFO tempest.lib.common.rest_client [req-dc5dcf1e-1198-48e1-b614-f3093402b89d req-dc5dcf1e-1198-48e1-b614-f3093402b89d ] Request (QuotasAdminTestJSON:_run_cleanups): 204 DELETE http://10.180.1.21/identity/v3/projects/ee22e0b588f24908ba317887e06ea7e0 0.077s
2024-12-12 15:23:07.956 66977 INFO tempest.lib.common.rest_client [req-d9642e15-208b-484b-9c5f-dc09578748ce req-d9642e15-208b-484b-9c5f-dc09578748ce ] Request (KeyPairsNegativeTestJSON:test_create_keypair_with_duplicate_name): 200 POST http://10.180.1.21/compute/v2.1/os-keypairs 0.480s
2024-12-12 15:23:07.965 66982 INFO tempest.lib.common.rest_client [req-9398b3f4-19ad-4bf6-9b00-2439c735ade6 req-9398b3f4-19ad-4bf6-9b00-2439c735ade6 ] Request (HypervisorAdminTestJSON:tearDownClass): 200 GET http://10.180.1.21:9696/networking/v2.0/security-groups?tenant_id=f05017b0c545438cb81309ab0f4fae5b&name=default 0.798s
2024-12-12 15:23:07.975 66985 INFO tempest.lib.common.rest_client [req-86522322-d94e-4272-a4da-714ea944b533 req-86522322-d94e-4272-a4da-714ea944b533 ] Request (FlavorsAdminTestJSON:test_create_flavor_with_int_id): 200 POST http://10.180.1.21/compute/v2.1/flavors 0.459s
2024-12-12 15:23:07.997 66973 INFO tempest.lib.common.rest_client [req-319570c6-3058-4f02-8a61-63de7a90bb56 req-319570c6-3058-4f02-8a61-63de7a90bb56 ] Request (AggregatesAdminNegativeTestJSON:_run_cleanups): 200 DELETE http://10.180.1.21/compute/v2.1/os-aggregates/1 0.378s
2024-12-12 15:23:08.022 66963 INFO tempest.lib.common.rest_client [req-d6548a9b-fbd6-4188-bc01-adbd934cf6cf req-d6548a9b-fbd6-4188-bc01-adbd934cf6cf ] Request (ServersWithSpecificFlavorTestJSON:test_verify_created_server_ephemeral_disk): 200 POST http://10.180.1.21/compute/v2.1/flavors/547591385/os-extra_specs 0.385s
2024-12-12 15:23:08.124 66967 INFO tempest.lib.common.rest_client [req-805e5dd2-8bf7-4fc2-895c-838a3f356fc4 req-805e5dd2-8bf7-4fc2-895c-838a3f356fc4 ] Request (ServerDiagnosticsV248Test:test_get_server_diagnostics): 200 GET http://10.180.1.21/compute/v2.1/servers/69c73342-258a-4b00-ba1b-ffdd5f247890 0.470s
2024-12-12 15:23:08.138 66949 INFO tempest.lib.common.rest_client [req-6446edc2-374f-4e7f-9f3f-e6652db69a51 req-6446edc2-374f-4e7f-9f3f-e6652db69a51 ] Request (HostsAdminNegativeTestJSON:test_shutdown_host_with_non_admin_user): 403 GET http://10.180.1.21/compute/v2.1/os-hosts/devstack/shutdown 0.482s
2024-12-12 15:23:08.146 66975 INFO tempest.lib.common.rest_client [req-bfb827c9-d865-4901-9a7d-ccbc48784ebf req-bfb827c9-d865-4901-9a7d-ccbc48784ebf ] Request (FlavorMetadataValidation:tearDownClass): 204 DELETE http://10.180.1.21:9696/networking/v2.0/security-groups/a83db5fa-4c65-4d44-8b64-95bc8dbb5422 0.382s
2024-12-12 15:23:08.162 66951 INFO tempest.lib.common.rest_client [req-84672104-b341-4e70-986b-ea4f21c7749c req-84672104-b341-4e70-986b-ea4f21c7749c ] Request (FlavorsV255TestJSON:_run_cleanups): 200 GET http://10.180.1.21/compute/v2.1/flavors/detail 0.472s
2024-12-12 15:23:08.186 66939 INFO tempest.lib.common.rest_client [req-07ca4516-b529-49c7-ba99-f4723639e599 req-07ca4516-b529-49c7-ba99-f4723639e599 ] Request (FlavorsAccessNegativeTestJSON:_run_cleanups): 200 GET http://10.180.1.21/compute/v2.1/flavors/detail 0.477s
2024-12-12 15:23:08.200 66965 INFO tempest.lib.common.rest_client [req-dc8cf313-92b3-43c9-848e-8cb9bca0d85d req-dc8cf313-92b3-43c9-848e-8cb9bca0d85d ] Request (FlavorsExtraSpecsTestJSON:test_flavor_set_get_update_show_unset_keys): 200 GET http://10.180.1.21/compute/v2.1/flavors/1001028128/os-extra_specs 0.460s
2024-12-12 15:23:08.223 66987 INFO tempest.lib.common.rest_client [req-64a12a99-f8be-4436-867f-e599f5b0f8f7 req-64a12a99-f8be-4436-867f-e599f5b0f8f7 ] Request (FlavorsV261TestJSON:_run_cleanups): 200 GET http://10.180.1.21/compute/v2.1/flavors/detail 0.465s
2024-12-12 15:23:08.230 66933 INFO tempest.lib.common.rest_client [req-6f392346-e838-481a-bf6d-4b4c6c50d13d req-6f392346-e838-481a-bf6d-4b4c6c50d13d ] Request (HypervisorAdminNegativeTestJSON:test_show_hypervisor_with_non_admin_user): 403 GET http://10.180.1.21/compute/v2.1/os-hypervisors/1 0.442s
2024-12-12 15:23:08.240 66945 INFO tempest.lib.common.rest_client [req-41a44ab7-2f23-4bf7-997d-6b74c8a34b0a req-41a44ab7-2f23-4bf7-997d-6b74c8a34b0a ] Request (FlavorsExtraSpecsNegativeTestJSON:test_flavor_unset_nonexistent_key): 404 DELETE http://10.180.1.21/compute/v2.1/flavors/867224277/os-extra_specs/hw:cpu_thread_policy 0.440s
2024-12-12 15:23:08.251 66943 INFO tempest.lib.common.rest_client [req-0e20944e-ef2c-481e-bb91-a41949176392 req-0e20944e-ef2c-481e-bb91-a41949176392 ] Request (ServicesAdminNegativeV253TestJSON:test_enable_service_with_invalid_service_id): 404 PUT http://10.180.1.21/compute/v2.1/os-services/95de22ca-dca0-4a00-bea1-184289638711 0.338s
2024-12-12 15:23:08.261 66937 INFO tempest.lib.common.rest_client [req-7a541ca6-8de9-403a-8e14-9921d5b7afb7 req-7a541ca6-8de9-403a-8e14-9921d5b7afb7 ] Request (ServersTestJSON:setUpClass): 201 POST http://10.180.1.21:9696/networking/v2.0/routers 1.911s
2024-12-12 15:23:08.275 66975 INFO tempest.lib.common.rest_client [req-9def1e8c-ae25-470e-ab76-e906ed44292e req-9def1e8c-ae25-470e-ab76-e906ed44292e ] Request (FlavorMetadataValidation:tearDownClass): 204 DELETE http://10.180.1.21/identity/v3/projects/eb8b8f3d7fef44ec9fca0ab9bb73fbbd 0.129s
2024-12-12 15:23:08.304 66927 INFO tempest.lib.common.rest_client [req-1c90553f-35d8-4cdb-b303-54fb686c0b7a req-1c90553f-35d8-4cdb-b303-54fb686c0b7a ] Request (FlavorsAccessTestJSON:tearDownClass): 200 GET http://10.180.1.21:9696/networking/v2.0/security-groups?tenant_id=61622ef9aa264091a374e850443ea09c&name=default 0.526s
2024-12-12 15:23:08.314 66951 INFO tempest.lib.common.rest_client [req-d0a6d1b1-dc74-4b08-83c6-a7b0cd443e83 req-d0a6d1b1-dc74-4b08-83c6-a7b0cd443e83 ] Request (FlavorsV255TestJSON:tearDownClass): 204 DELETE http://10.180.1.21/identity/v3/users/9838961a91b94dd4b6ccad23dae6ad7f 0.093s
2024-12-12 15:23:08.340 66982 INFO tempest.lib.common.rest_client [req-3583005c-4ca4-4603-9fb2-6a5fd67761e6 req-3583005c-4ca4-4603-9fb2-6a5fd67761e6 ] Request (HypervisorAdminTestJSON:tearDownClass): 204 DELETE http://10.180.1.21:9696/networking/v2.0/security-groups/79c2af10-a153-49d1-af05-6ebaaa504b79 0.373s
2024-12-12 15:23:08.379 66975 INFO tempest.lib.common.rest_client [req-344c0a3f-ab23-4d06-aa8f-67225f075265 req-344c0a3f-ab23-4d06-aa8f-67225f075265 ] Request (ServersAdminNegativeTestJSON:setUpClass): 201 POST http://10.180.1.21/identity/v3/auth/tokens 0.101s
2024-12-12 15:23:08.420 66953 INFO tempest.lib.common.rest_client [req-39d2f694-ca9b-497f-93eb-d4b2a6e64d2c req-39d2f694-ca9b-497f-93eb-d4b2a6e64d2c ] Request (QuotaClassesAdmin257Test:test_update_default_quotas): 200 GET http://10.180.1.21/compute/v2.1/os-quota-class-sets/default 0.479s
2024-12-12 15:23:08.458 66977 INFO tempest.lib.common.rest_client [req-f2fa35fb-3703-4de2-a2a0-7bf7caad0710 req-f2fa35fb-3703-4de2-a2a0-7bf7caad0710 ] Request (KeyPairsNegativeTestJSON:test_create_keypair_with_duplicate_name): 409 POST http://10.180.1.21/compute/v2.1/os-keypairs 0.500s
2024-12-12 15:23:08.459 66951 INFO tempest.lib.common.rest_client [req-6f3f331a-dfe9-4c37-8df9-16666acf8017 req-6f3f331a-dfe9-4c37-8df9-16666acf8017 ] Request (FlavorsV255TestJSON:tearDownClass): 204 DELETE http://10.180.1.21/identity/v3/users/31b3f0c1573c42c38af322c52d884c8a 0.144s
2024-12-12 15:23:08.460 66951 INFO tempest.lib.common.dynamic_creds [-] Deleting project and security group for project: 1a8b81b2fae24697a09f2cb3bfd729f2
2024-12-12 15:23:08.473 66987 INFO tempest.lib.common.rest_client [req-deedaa8a-beae-4db8-92f4-2006c26eb60f req-deedaa8a-beae-4db8-92f4-2006c26eb60f ] Request (FlavorsV261TestJSON:tearDownClass): 204 DELETE http://10.180.1.21/identity/v3/users/152eaa23cc3d4eedb6f502e5531eefd0 0.186s
2024-12-12 15:23:08.478 66969 INFO tempest.lib.common.rest_client [req-3dde6761-c241-4653-8ceb-61ef702b179f req-3dde6761-c241-4653-8ceb-61ef702b179f ] Request (ImagesTestJSON:setUpClass): 201 POST http://10.180.1.21:9696/networking/v2.0/subnets 0.843s
2024-12-12 15:23:08.481 66985 INFO tempest.lib.common.rest_client [req-a15eae1d-fd6c-4b2f-9a9d-8d4d1dc17d5a req-a15eae1d-fd6c-4b2f-9a9d-8d4d1dc17d5a ] Request (FlavorsAdminTestJSON:_run_cleanups): 202 DELETE http://10.180.1.21/compute/v2.1/flavors/1125316372 0.504s
2024-12-12 15:23:08.546 66975 INFO tempest.lib.common.rest_client [req-175a5347-ef62-4d45-b572-187dfedcef19 req-175a5347-ef62-4d45-b572-187dfedcef19 ] Request (ServersAdminNegativeTestJSON:setUpClass): 201 POST http://10.180.1.21/identity/v3/auth/tokens 0.165s
2024-12-12 15:23:08.578 66982 INFO tempest.lib.common.rest_client [req-5f9a16d5-8c80-412a-90d4-33186315cbc8 req-5f9a16d5-8c80-412a-90d4-33186315cbc8 ] Request (HypervisorAdminTestJSON:tearDownClass): 204 DELETE http://10.180.1.21/identity/v3/projects/f05017b0c545438cb81309ab0f4fae5b 0.238s
2024-12-12 15:23:08.579 66982 INFO tempest.lib.common.dynamic_creds [-] Deleting project and security group for project: 79f75f2370974aa0b03a4b78752dc17e
2024-12-12 15:23:08.584 66983 INFO tempest.lib.common.rest_client [req-f602d401-d0ef-4b87-93e8-3682eb17c598 req-f602d401-d0ef-4b87-93e8-3682eb17c598 ] Request (ServersAdmin275Test:test_rebuild_update_server_275): 200 GET http://10.180.1.21/compute/v2.1/servers/b4182e53-50db-4256-b376-b00100778935 0.584s
2024-12-12 15:23:08.605 66951 INFO tempest.lib.common.rest_client [req-c93263a1-b148-4473-92df-31f0905e2cfb req-c93263a1-b148-4473-92df-31f0905e2cfb ] Request (FlavorsV255TestJSON:tearDownClass): 201 POST http://10.180.1.21/identity/v3/auth/tokens 0.146s
2024-12-12 15:23:08.612 66963 INFO tempest.lib.common.rest_client [req-4b76fdd4-ca9f-46fd-bf91-9143f496ecac req-4b76fdd4-ca9f-46fd-bf91-9143f496ecac ] Request (ServersWithSpecificFlavorTestJSON:test_verify_created_server_ephemeral_disk): 200 POST http://10.180.1.21/compute/v2.1/flavors 0.589s
2024-12-12 15:23:08.630 66971 INFO tempest.lib.common.rest_client [req-9a31b6ba-f3bc-4c74-98fd-26c246c1c202 req-9a31b6ba-f3bc-4c74-98fd-26c246c1c202 ] Request (ServersTestBootFromVolume:setUpClass): 200 GET http://10.180.1.21/volume/v3/volumes/c32b5066-e324-4377-90d0-ef224dd92932 0.052s
2024-12-12 15:23:08.635 66975 INFO tempest.lib.common.rest_client [req-0a309751-c40e-41e6-a174-66c71273ba07 req-0a309751-c40e-41e6-a174-66c71273ba07 ] Request (ServersAdminNegativeTestJSON:setUpClass): 200 GET http://10.180.1.21/identity/v3/domains?name=Default 0.087s
2024-12-12 15:23:08.656 66973 INFO tempest.lib.common.rest_client [req-df3fe03b-c044-4fdd-b059-67e8c5f59286 req-df3fe03b-c044-4fdd-b059-67e8c5f59286 ] Request (AggregatesAdminNegativeTestJSON:test_aggregate_add_host_as_user): 200 POST http://10.180.1.21/compute/v2.1/os-aggregates 0.613s
2024-12-12 15:23:08.677 66987 INFO tempest.lib.common.rest_client [req-70a6d445-b3b5-4cd3-964e-5c22ce74c8eb req-70a6d445-b3b5-4cd3-964e-5c22ce74c8eb ] Request (FlavorsV261TestJSON:tearDownClass): 204 DELETE http://10.180.1.21/identity/v3/users/886a9a59370344a991aa4eb895ef2bef 0.204s
2024-12-12 15:23:08.678 66987 INFO tempest.lib.common.dynamic_creds [-] Deleting project and security group for project: fa0a646ab3ff4fd1bcc8a3d0144e1574
2024-12-12 15:23:08.682 66947 INFO tempest.lib.common.rest_client [req-44d6dead-1e89-49d0-91d2-15c34c81fc8f req-44d6dead-1e89-49d0-91d2-15c34c81fc8f ] Request (HostsAdminTestJSON:test_list_hosts_with_zone): 200 GET http://10.180.1.21/compute/v2.1/os-hosts 0.634s
2024-12-12 15:23:08.691 66949 INFO tempest.lib.common.rest_client [req-54820bd9-ea8c-46af-ab03-fa3175c45d52 req-54820bd9-ea8c-46af-ab03-fa3175c45d52 ] Request (HostsAdminNegativeTestJSON:test_shutdown_nonexistent_host): 404 GET http://10.180.1.21/compute/v2.1/os-hosts/nonexistent_hostname/shutdown 0.552s
2024-12-12 15:23:08.692 66975 INFO tempest.lib.common.rest_client [req-98b5d11f-9a6f-44fa-a6b6-34ed5818243a req-98b5d11f-9a6f-44fa-a6b6-34ed5818243a ] Request (ServersAdminNegativeTestJSON:setUpClass): 201 POST http://10.180.1.21/identity/v3/projects 0.056s
2024-12-12 15:23:08.715 66965 INFO tempest.lib.common.rest_client [req-73fa5736-d310-47ed-a03a-5d0d6b0bd64b req-73fa5736-d310-47ed-a03a-5d0d6b0bd64b ] Request (FlavorsExtraSpecsTestJSON:test_flavor_set_get_update_show_unset_keys): 200 PUT http://10.180.1.21/compute/v2.1/flavors/1001028128/os-extra_specs/hw:numa_nodes 0.514s
2024-12-12 15:23:08.733 66939 INFO tempest.lib.common.rest_client [req-23b65caa-b189-4801-89f1-fc526ec57092 req-23b65caa-b189-4801-89f1-fc526ec57092 ] Request (FlavorsAccessNegativeTestJSON:test_flavor_access_list_with_public_flavor): 200 POST http://10.180.1.21/compute/v2.1/flavors 0.533s
2024-12-12 15:23:08.737 66987 INFO tempest.lib.common.rest_client [req-5aefaca6-71d6-4849-b86c-77d412dec623 req-5aefaca6-71d6-4849-b86c-77d412dec623 ] Request (FlavorsV261TestJSON:tearDownClass): 201 POST http://10.180.1.21/identity/v3/auth/tokens 0.059s
2024-12-12 15:23:08.739 66933 INFO tempest.lib.common.rest_client [req-6a14e1c7-ab16-4a3f-8c5e-b02921b9a5ff req-6a14e1c7-ab16-4a3f-8c5e-b02921b9a5ff ] Request (HypervisorAdminNegativeTestJSON:test_show_nonexistent_hypervisor): 404 GET http://10.180.1.21/compute/v2.1/os-hypervisors/06344d6f-44d3-4acb-9b2c-b26af7006e0f 0.507s
2024-12-12 15:23:08.746 66945 INFO tempest.lib.common.rest_client [req-c1ea488a-ffdd-4fb5-94d5-a047d48c3222 req-c1ea488a-ffdd-4fb5-94d5-a047d48c3222 ] Request (FlavorsExtraSpecsNegativeTestJSON:test_flavor_update_mismatch_key): 400 PUT http://10.180.1.21/compute/v2.1/flavors/867224277/os-extra_specs/hw:numa_nodes 0.503s
2024-12-12 15:23:08.779 66943 INFO tempest.lib.common.rest_client [req-4a303faf-009d-47cc-9ad2-88e558776cdd req-4a303faf-009d-47cc-9ad2-88e558776cdd ] Request (ServicesAdminNegativeV253TestJSON:test_get_service_by_invalid_params): 200 GET http://10.180.1.21/compute/v2.1/os-services 0.527s
2024-12-12 15:23:08.780 66957 INFO tempest.lib.common.rest_client [req-2b413de9-396c-4109-b680-d1a46e419508 req-2b413de9-396c-4109-b680-d1a46e419508 ] Request (SecurityGroupsTestJSON:setUpClass): 200 PUT http://10.180.1.21:9696/networking/v2.0/routers/280799dc-273f-40be-b970-bca76464299f/add_router_interface 3.523s
2024-12-12 15:23:08.780 66957 INFO tempest.lib.common.dynamic_creds [-] Created isolated network resources for: credentials: Credentials: {'domain_id': 'default', 'domain_name': 'Default', 'username': 'tempest-SecurityGroupsTestJSON-1725646800-project-member', 'project_domain_id': 'default', 'project_domain_name': 'Default', 'project_id': '1b1a99e9ac8f4fc0bbd763a9d91321af', 'project_name': 'tempest-SecurityGroupsTestJSON-1725646800', 'tenant_id': '1b1a99e9ac8f4fc0bbd763a9d91321af', 'tenant_name': 'tempest-SecurityGroupsTestJSON-1725646800', 'user_domain_id': 'default', 'user_domain_name': 'Default', 'user_id': 'efae520b7bdf459ab1bdc0a9692026bb', 'system': None}, Network: {'id': '7f61cd58-880b-488b-8ae6-bc6d0b2a3806', 'name': 'tempest-SecurityGroupsTestJSON-1752925058-network', 'tenant_id': '1b1a99e9ac8f4fc0bbd763a9d91321af', 'admin_state_up': True, 'mtu': 8950, 'status': 'ACTIVE', 'subnets': [], 'shared': False, 'project_id': '1b1a99e9ac8f4fc0bbd763a9d91321af', 'port_security_enabled': True, 'router:external': False, 'provider:network_type': 'vlan', 'provider:physical_network': 'default', 'provider:segmentation_id': 274, 'availability_zone_hints': [], 'availability_zones': [], 'ipv4_address_scope': None, 'ipv6_address_scope': None, 'description': '', 'tags': [], 'created_at': '2024-12-12T15:23:04Z', 'updated_at': '2024-12-12T15:23:04Z', 'revision_number': 1}, Subnet: {'id': 'ad5ec644-f6db-4736-8843-efed57f13256', 'name': 'tempest-SecurityGroupsTestJSON-1752925058-subnet', 'tenant_id': '1b1a99e9ac8f4fc0bbd763a9d91321af', 'network_id': '7f61cd58-880b-488b-8ae6-bc6d0b2a3806', 'ip_version': 4, 'subnetpool_id': None, 'enable_dhcp': True, 'ipv6_ra_mode': None, 'ipv6_address_mode': None, 'gateway_ip': '192.168.128.1', 'cidr': '192.168.128.0/28', 'allocation_pools': [{'start': '192.168.128.2', 'end': '192.168.128.14'}], 'host_routes': [], 'dns_nameservers': [], 'description': '', 'router:external': False, 'service_types': [], 'tags': [], 'created_at': '2024-12-12T15:23:04Z', 'updated_at': '2024-12-12T15:23:04Z', 'revision_number': 0, 'project_id': '1b1a99e9ac8f4fc0bbd763a9d91321af'}, Router: {'id': '280799dc-273f-40be-b970-bca76464299f', 'name': 'tempest-SecurityGroupsTestJSON-1752925058-router', 'tenant_id': '1b1a99e9ac8f4fc0bbd763a9d91321af', 'admin_state_up': True, 'status': 'ACTIVE', 'external_gateway_info': {'network_id': '2371bf6e-1eb8-44a8-afe6-2fa8139f7bae', 'external_fixed_ips': [{'subnet_id': '7f4b2123-7b51-4d53-8778-bc088ad7cba0', 'ip_address': '10.180.180.186'}], 'enable_snat': True}, 'description': '', 'availability_zones': [], 'distributed': False, 'ha': False, 'availability_zone_hints': [], 'routes': [], 'flavor_id': None, 'tags': [], 'created_at': '2024-12-12T15:23:04Z', 'updated_at': '2024-12-12T15:23:04Z', 'revision_number': 2, 'project_id': '1b1a99e9ac8f4fc0bbd763a9d91321af'}
2024-12-12 15:23:08.801 66975 INFO tempest.lib.common.rest_client [req-e17ac9f4-8c65-4882-b030-44b18c4f9d51 req-e17ac9f4-8c65-4882-b030-44b18c4f9d51 ] Request (ServersAdminNegativeTestJSON:setUpClass): 201 POST http://10.180.1.21/identity/v3/users 0.107s
2024-12-12 15:23:08.839 66953 INFO tempest.lib.common.rest_client [req-0636d19f-c9e5-4a26-9725-c36dd294f169 req-0636d19f-c9e5-4a26-9725-c36dd294f169 ] Request (QuotaClassesAdmin257Test:test_update_default_quotas): 200 PUT http://10.180.1.21/compute/v2.1/os-quota-class-sets/default 0.418s
2024-12-12 15:23:08.895 66979 INFO tempest.lib.common.rest_client [req-5f5b0aff-17f6-4308-90f3-aad40eaba4a6 req-5f5b0aff-17f6-4308-90f3-aad40eaba4a6 ] Request (ServersAdminTestJSON:setUpClass): 202 POST http://10.180.1.21/compute/v2.1/servers 1.564s
2024-12-12 15:23:08.920 66977 INFO tempest.lib.common.rest_client [req-576c6cac-f822-4089-a68d-5c12f91e37a7 req-576c6cac-f822-4089-a68d-5c12f91e37a7 ] Request (KeyPairsNegativeTestJSON:test_create_keypair_with_duplicate_name): 202 DELETE http://10.180.1.21/compute/v2.1/os-keypairs/tempest-keypair-1277499140 0.461s
2024-12-12 15:23:08.938 66957 INFO tempest.lib.common.rest_client [req-c1dd4c6b-0f88-46b9-bd37-8b98fe25ccdf req-c1dd4c6b-0f88-46b9-bd37-8b98fe25ccdf ] Request (SecurityGroupsTestJSON:setUpClass): 201 POST http://10.180.1.21/identity/v3/auth/tokens 0.147s
2024-12-12 15:23:08.945 66933 INFO tempest.lib.common.rest_client [req-203d8664-c255-4402-91e9-5d79fbae5612 req-203d8664-c255-4402-91e9-5d79fbae5612 ] Request (HypervisorAdminNegativeTestJSON:tearDownClass): 204 DELETE http://10.180.1.21/identity/v3/users/6d902b48bcc743fc9f72ad0430b3e149 0.202s
2024-12-12 15:23:08.963 66985 INFO tempest.lib.common.rest_client [req-1a253583-dd63-4e5b-877f-a9c6a3ea968f req-1a253583-dd63-4e5b-877f-a9c6a3ea968f ] Request (FlavorsAdminTestJSON:_run_cleanups): 200 GET http://10.180.1.21/compute/v2.1/flavors/detail 0.482s
2024-12-12 15:23:08.985 66963 INFO tempest.lib.common.rest_client [req-d3dd6806-f75a-47f6-8d08-191ebcf4b1a0 req-d3dd6806-f75a-47f6-8d08-191ebcf4b1a0 ] Request (ServersWithSpecificFlavorTestJSON:test_verify_created_server_ephemeral_disk): 200 GET http://10.180.1.21/compute/v2.1/flavors/42/os-extra_specs 0.371s
2024-12-12 15:23:09.020 66975 INFO tempest.lib.common.rest_client [req-65eae94b-0c07-4875-94d1-c4f04be6a2a1 req-65eae94b-0c07-4875-94d1-c4f04be6a2a1 ] Request (ServersAdminNegativeTestJSON:setUpClass): 200 GET http://10.180.1.21/identity/v3/roles 0.219s
2024-12-12 15:23:09.023 66959 INFO tempest.lib.common.rest_client [req-cfdf01fd-f4d2-43d4-ae0d-b22d979e41f1 req-cfdf01fd-f4d2-43d4-ae0d-b22d979e41f1 ] Request (ServersV294TestFqdnHostnames:setUpClass): 200 GET http://10.180.1.21/compute/v2.1/servers/780f3eee-f6c7-4054-8e6e-a370f74dc405 0.593s
2024-12-12 15:23:09.027 66927 INFO tempest.lib.common.rest_client [req-04c5f9a0-6e2d-449a-83ea-3d2e212bef6c req-04c5f9a0-6e2d-449a-83ea-3d2e212bef6c ] Request (FlavorsAccessTestJSON:tearDownClass): 204 DELETE http://10.180.1.21:9696/networking/v2.0/security-groups/c180815b-541c-4b9c-8dce-6435621a6d70 0.723s
2024-12-12 15:23:09.061 66975 INFO tempest.lib.common.rest_client [req-e15192b0-1163-4cbc-a1dd-25866b67b8b0 req-e15192b0-1163-4cbc-a1dd-25866b67b8b0 ] Request (ServersAdminNegativeTestJSON:setUpClass): 204 PUT http://10.180.1.21/identity/v3/projects/58d423eaebec4695928cb0d2b698bbfd/users/a1328b5860e6490aa44a9bd45f747ddf/roles/08066019558748538e66a84e912cb085 0.041s
2024-12-12 15:23:09.062 66975 INFO tempest.lib.common.dynamic_creds [-] Dynamic test user a1328b5860e6490aa44a9bd45f747ddf is created with scope project and roles: ['member']
2024-12-12 15:23:09.062 66975 INFO tempest.lib.common.dynamic_creds [-] Acquired dynamic creds: credentials: Credentials: {'domain_id': 'default', 'domain_name': 'Default', 'username': 'tempest-ServersAdminNegativeTestJSON-1751779954-project-member', 'project_domain_id': 'default', 'project_domain_name': 'Default', 'project_id': '58d423eaebec4695928cb0d2b698bbfd', 'project_name': 'tempest-ServersAdminNegativeTestJSON-1751779954', 'tenant_id': '58d423eaebec4695928cb0d2b698bbfd', 'tenant_name': 'tempest-ServersAdminNegativeTestJSON-1751779954', 'user_domain_id': 'default', 'user_domain_name': 'Default', 'user_id': 'a1328b5860e6490aa44a9bd45f747ddf', 'system': None}, Network: None, Subnet: None, Router: None
2024-12-12 15:23:09.062 66975 INFO tempest.lib.common.dynamic_creds [-] Created isolated network resources for: credentials: Credentials: {'domain_id': 'default', 'domain_name': 'Default', 'username': 'tempest-ServersAdminNegativeTestJSON-1751779954-project-member', 'project_domain_id': 'default', 'project_domain_name': 'Default', 'project_id': '58d423eaebec4695928cb0d2b698bbfd', 'project_name': 'tempest-ServersAdminNegativeTestJSON-1751779954', 'tenant_id': '58d423eaebec4695928cb0d2b698bbfd', 'tenant_name': 'tempest-ServersAdminNegativeTestJSON-1751779954', 'user_domain_id': 'default', 'user_domain_name': 'Default', 'user_id': 'a1328b5860e6490aa44a9bd45f747ddf', 'system': None}, Network: None, Subnet: None, Router: None
2024-12-12 15:23:09.081 66933 INFO tempest.lib.common.rest_client [req-8a9eb08d-1eb1-4908-8b46-e80e627bd178 req-8a9eb08d-1eb1-4908-8b46-e80e627bd178 ] Request (HypervisorAdminNegativeTestJSON:tearDownClass): 204 DELETE http://10.180.1.21/identity/v3/users/7934c9331439421f9559b964491e4392 0.135s
2024-12-12 15:23:09.081 66933 INFO tempest.lib.common.dynamic_creds [-] Deleting project and security group for project: a1f4c1c6ab844aee9aaa59148b7a80b7
2024-12-12 15:23:09.186 66973 INFO tempest.lib.common.rest_client [req-b8fc0184-3100-4021-8c96-38da2e30bc6e req-b8fc0184-3100-4021-8c96-38da2e30bc6e ] Request (AggregatesAdminNegativeTestJSON:test_aggregate_add_host_as_user): 403 POST http://10.180.1.21/compute/v2.1/os-aggregates/2/action 0.527s
2024-12-12 15:23:09.215 66947 INFO tempest.lib.common.rest_client [req-3039b24d-07a5-49d0-90fa-935813ea6fab req-3039b24d-07a5-49d0-90fa-935813ea6fab ] Request (HostsAdminTestJSON:test_list_hosts_with_zone): 200 GET http://10.180.1.21/compute/v2.1/os-hosts?zone=internal 0.531s
2024-12-12 15:23:09.222 66949 INFO tempest.lib.common.rest_client [req-6dc63694-f054-4abd-bb45-7b0d1ce18c24 req-6dc63694-f054-4abd-bb45-7b0d1ce18c24 ] Request (HostsAdminNegativeTestJSON:test_startup_host_with_non_admin_user): 403 GET http://10.180.1.21/compute/v2.1/os-hosts/devstack/startup 0.529s
2024-12-12 15:23:09.240 66965 INFO tempest.lib.common.rest_client [req-ca140d57-f45a-4884-8c54-9e96cba2d1bf req-ca140d57-f45a-4884-8c54-9e96cba2d1bf ] Request (FlavorsExtraSpecsTestJSON:test_flavor_set_get_update_show_unset_keys): 200 GET http://10.180.1.21/compute/v2.1/flavors/1001028128/os-extra_specs 0.524s
2024-12-12 15:23:09.251 66939 INFO tempest.lib.common.rest_client [req-c0a5401a-8be9-4631-a5cb-18147f43c80f req-c0a5401a-8be9-4631-a5cb-18147f43c80f ] Request (FlavorsAccessNegativeTestJSON:test_flavor_access_list_with_public_flavor): 404 GET http://10.180.1.21/compute/v2.1/flavors/215182312/os-flavor-access 0.513s
2024-12-12 15:23:09.260 66945 INFO tempest.lib.common.rest_client [req-6f075e68-a928-46b8-9656-c8949bd3ae61 req-6f075e68-a928-46b8-9656-c8949bd3ae61 ] Request (FlavorsExtraSpecsNegativeTestJSON:test_flavor_update_more_key): 400 PUT http://10.180.1.21/compute/v2.1/flavors/867224277/os-extra_specs/hw:numa_nodes 0.513s
2024-12-12 15:23:09.263 66927 INFO tempest.lib.common.rest_client [req-0346ccbf-505b-43b2-b6cc-af59d882fc46 req-0346ccbf-505b-43b2-b6cc-af59d882fc46 ] Request (FlavorsAccessTestJSON:tearDownClass): 204 DELETE http://10.180.1.21/identity/v3/projects/61622ef9aa264091a374e850443ea09c 0.235s
2024-12-12 15:23:09.263 66927 INFO tempest.lib.common.dynamic_creds [-] Deleting project and security group for project: 650331116f934c5199d8371253eb3f8a
2024-12-12 15:23:09.280 66943 INFO tempest.lib.common.rest_client [req-79cf4c62-1367-4e7d-ab65-439f832a1c37 req-79cf4c62-1367-4e7d-ab65-439f832a1c37 ] Request (ServicesAdminNegativeV253TestJSON:test_get_service_by_invalid_params): 200 GET http://10.180.1.21/compute/v2.1/os-services?xxx=nova-compute 0.499s
2024-12-12 15:23:09.284 66975 INFO tempest.lib.common.rest_client [req-6a98072f-a5a4-47f9-accc-a45a82fa54d7 req-6a98072f-a5a4-47f9-accc-a45a82fa54d7 ] Request (ServersAdminNegativeTestJSON:setUpClass): 201 POST http://10.180.1.21/identity/v3/auth/tokens 0.214s
2024-12-12 15:23:09.286 66987 INFO tempest.lib.common.rest_client [req-45f6901e-03a5-40fc-a1fb-9342c5bd0b6a req-45f6901e-03a5-40fc-a1fb-9342c5bd0b6a ] Request (FlavorsV261TestJSON:tearDownClass): 200 GET http://10.180.1.21:9696/networking/v2.0/security-groups?tenant_id=fa0a646ab3ff4fd1bcc8a3d0144e1574&name=default 0.549s
2024-12-12 15:23:09.298 66953 INFO tempest.lib.common.rest_client [req-91bb7de2-049d-471e-b963-5e8960ffc73c req-91bb7de2-049d-471e-b963-5e8960ffc73c ] Request (QuotaClassesAdmin257Test:test_update_default_quotas): 200 GET http://10.180.1.21/compute/v2.1/os-quota-class-sets/default 0.450s
2024-12-12 15:23:09.314 66951 INFO tempest.lib.common.rest_client [req-44ad528f-e3e2-4ec3-928b-c9e8ae0d6188 req-44ad528f-e3e2-4ec3-928b-c9e8ae0d6188 ] Request (FlavorsV255TestJSON:tearDownClass): 200 GET http://10.180.1.21:9696/networking/v2.0/security-groups?tenant_id=1a8b81b2fae24697a09f2cb3bfd729f2&name=default 0.708s
2024-12-12 15:23:09.340 66933 INFO tempest.lib.common.rest_client [req-415ef2c6-321e-4324-bcff-97b268057700 req-415ef2c6-321e-4324-bcff-97b268057700 ] Request (HypervisorAdminNegativeTestJSON:tearDownClass): 201 POST http://10.180.1.21/identity/v3/auth/tokens 0.259s
2024-12-12 15:23:09.379 66975 INFO tempest.lib.common.rest_client [req-e5c55a6f-b6fc-4fdc-b0fe-617ba59d33f9 req-e5c55a6f-b6fc-4fdc-b0fe-617ba59d33f9 ] Request (ServersAdminNegativeTestJSON:setUpClass): 201 POST http://10.180.1.21/identity/v3/projects 0.094s
2024-12-12 15:23:09.493 66982 INFO tempest.lib.common.rest_client [req-ddfdf3fe-877b-44f2-9e37-dcf0aee4274c req-ddfdf3fe-877b-44f2-9e37-dcf0aee4274c ] Request (HypervisorAdminTestJSON:tearDownClass): 200 GET http://10.180.1.21:9696/networking/v2.0/security-groups?tenant_id=79f75f2370974aa0b03a4b78752dc17e&name=default 0.914s
2024-12-12 15:23:09.516 66975 INFO tempest.lib.common.rest_client [req-8cfe2782-da8b-449f-bded-437f819d963a req-8cfe2782-da8b-449f-bded-437f819d963a ] Request (ServersAdminNegativeTestJSON:setUpClass): 201 POST http://10.180.1.21/identity/v3/users 0.137s
2024-12-12 15:23:09.524 66935 INFO tempest.lib.common.rest_client [req-a6ac8957-1a6f-4837-a32c-ee903f4ef783 req-a6ac8957-1a6f-4837-a32c-ee903f4ef783 ] Request (FloatingIPsTestJSON:setUpClass): 201 POST http://10.180.1.21:9696/networking/v2.0/routers 3.016s
2024-12-12 15:23:09.550 66979 INFO tempest.lib.common.rest_client [req-a99fca03-61de-43e5-a651-828f1b1c8bf2 req-a99fca03-61de-43e5-a651-828f1b1c8bf2 ] Request (ServersAdminTestJSON:setUpClass): 200 GET http://10.180.1.21/compute/v2.1/servers/0e5447fd-a04f-4bc2-b329-e015883773b8 0.653s
2024-12-12 15:23:09.561 66975 INFO tempest.lib.common.rest_client [req-2d01967e-a8b6-4428-b71c-1eab5db88616 req-2d01967e-a8b6-4428-b71c-1eab5db88616 ] Request (ServersAdminNegativeTestJSON:setUpClass): 200 GET http://10.180.1.21/identity/v3/roles 0.044s
2024-12-12 15:23:09.595 66987 INFO tempest.lib.common.rest_client [req-d39817e4-67a6-4769-a216-894087c2d30b req-d39817e4-67a6-4769-a216-894087c2d30b ] Request (FlavorsV261TestJSON:tearDownClass): 204 DELETE http://10.180.1.21:9696/networking/v2.0/security-groups/00bb10b5-abcb-4cfd-9997-1a4d9f64bea4 0.308s
