2025-01-30 20:32:52.063 62988 INFO tempest.lib.common.dynamic_creds [-] Acquired dynamic creds: credentials: Credentials: {'domain_id': 'default', 'domain_name': 'Default', 'username': 'tempest-ServicesAdminNegativeV253TestJSON-336980344-project-admin', 'project_domain_id': 'default', 'project_domain_name': 'Default', 'project_id': '10135621a3ac4929b6a303df097ddc29', 'project_name': 'tempest-ServicesAdminNegativeV253TestJSON-336980344', 'tenant_id': '10135621a3ac4929b6a303df097ddc29', 'tenant_name': 'tempest-ServicesAdminNegativeV253TestJSON-336980344', 'user_domain_id': 'default', 'user_domain_name': 'Default', 'user_id': 'e64c0a80672e41138956e093e4741c29', 'system': None}, Network: None, Subnet: None, Router: None
2025-01-30 20:32:52.063 62988 INFO tempest.lib.common.dynamic_creds [-] Created isolated network resources for: credentials: Credentials: {'domain_id': 'default', 'domain_name': 'Default', 'username': 'tempest-ServicesAdminNegativeV253TestJSON-336980344-project-admin', 'project_domain_id': 'default', 'project_domain_name': 'Default', 'project_id': '10135621a3ac4929b6a303df097ddc29', 'project_name': 'tempest-ServicesAdminNegativeV253TestJSON-336980344', 'tenant_id': '10135621a3ac4929b6a303df097ddc29', 'tenant_name': 'tempest-ServicesAdminNegativeV253TestJSON-336980344', 'user_domain_id': 'default', 'user_domain_name': 'Default', 'user_id': 'e64c0a80672e41138956e093e4741c29', 'system': None}, Network: None, Subnet: None, Router: None
2025-01-30 20:32:52.130 62988 INFO tempest.lib.common.rest_client [req-3f761f78-38ad-4038-9f7d-905c409a782b req-3f761f78-38ad-4038-9f7d-905c409a782b ] Request (ServicesAdminNegativeV253TestJSON:setUpClass): 201 POST http://10.180.1.21/identity/v3/auth/tokens 0.064s
2025-01-30 20:32:52.179 62992 INFO tempest.lib.common.rest_client [req-bc0a580c-b64d-46ff-87f1-32ee31d5667c req-bc0a580c-b64d-46ff-87f1-32ee31d5667c ] Request (FloatingIPsAssociationTestJSON:tearDownClass): 200 GET http://10.180.1.21/compute/v2.1/servers/a674db15-ea4e-44c8-abc1-6af425286517 0.366s
2025-01-30 20:32:52.227 62988 INFO tempest.lib.common.rest_client [req-e932c607-3d46-4e9f-b0e9-abe664170bbe req-e932c607-3d46-4e9f-b0e9-abe664170bbe ] Request (ServicesAdminNegativeV253TestJSON:test_disable_log_reason_with_invalid_service_id): 404 PUT http://10.180.1.21/compute/v2.1/os-services/08259063-7b52-40d3-a8f7-edc733835649 0.095s
2025-01-30 20:32:52.229 62950 INFO tempest.lib.common.rest_client [req-952cb59f-8aa8-435d-9604-140cf1dc6651 req-952cb59f-8aa8-435d-9604-140cf1dc6651 ] Request (ImagesOneServerNegativeTestJSON:setUpClass): 200 GET http://10.180.1.21/compute/v2.1/servers/4c88fbb7-6e54-4ae6-a6df-e77e4d0202d8 0.088s
2025-01-30 20:32:52.248 62988 INFO tempest.lib.common.rest_client [req-5f488cfc-0f78-4801-b383-0e46007748f3 req-5f488cfc-0f78-4801-b383-0e46007748f3 ] Request (ServicesAdminNegativeV253TestJSON:test_disable_service_with_invalid_service_id): 404 PUT http://10.180.1.21/compute/v2.1/os-services/08259063-7b52-40d3-a8f7-edc733835649 0.019s
2025-01-30 20:32:52.295 62978 INFO tempest.lib.common.rest_client [req-1d188f3e-1fd4-41a1-b1ed-5bce06542be2 req-1d188f3e-1fd4-41a1-b1ed-5bce06542be2 ] Request (ListServersNegativeTestJSON:tearDownClass): 200 GET http://10.180.1.21/compute/v2.1/servers/f09c685d-9103-4c94-a44a-266aacc334f3 0.079s
2025-01-30 20:32:52.309 62988 INFO tempest.lib.common.rest_client [req-0fbdb63d-72a2-4ff5-b0f4-0a7c173b3d68 req-0fbdb63d-72a2-4ff5-b0f4-0a7c173b3d68 ] Request (ServicesAdminNegativeV253TestJSON:test_enable_service_with_invalid_service_id): 404 PUT http://10.180.1.21/compute/v2.1/os-services/08259063-7b52-40d3-a8f7-edc733835649 0.059s
2025-01-30 20:32:52.353 62958 INFO tempest.lib.common.rest_client [req-0217df93-1e0a-4510-87c2-9f8faaefae2c req-0217df93-1e0a-4510-87c2-9f8faaefae2c ] Request (ListImageFiltersTestJSON:setUpClass): 200 GET http://10.180.1.21/compute/v2.1/servers/aed62160-2db5-4008-a491-2b27ae81ef5f 0.106s
2025-01-30 20:32:52.355 62986 INFO tempest.lib.common.rest_client [req-03372829-99bb-42dd-a1cd-cbc8bf5773b2 req-03372829-99bb-42dd-a1cd-cbc8bf5773b2 ] Request (SecurityGroupsTestJSON:test_server_security_groups): 200 GET http://10.180.1.21/compute/v2.1/servers/d28285ed-2ec0-43a4-bd34-82d33816fea4 0.062s
2025-01-30 20:32:52.374 62988 INFO tempest.lib.common.rest_client [req-9fe7f0b4-f50f-4db8-b790-7b963e73c43c req-9fe7f0b4-f50f-4db8-b790-7b963e73c43c ] Request (ServicesAdminNegativeV253TestJSON:test_get_service_by_invalid_params): 200 GET http://10.180.1.21/compute/v2.1/os-services 0.064s
2025-01-30 20:32:52.398 62974 INFO tempest.lib.common.rest_client [req-eef1dbf6-e529-4674-8cec-8cc278e0a555 req-eef1dbf6-e529-4674-8cec-8cc278e0a555 ] Request (ServerExternalEventsTest:test_create_server_external_events): 200 GET http://10.180.1.21/compute/v2.1/servers/5f0240da-bec1-4bf3-a975-6ed3d0630a2d 0.094s
2025-01-30 20:32:52.420 62964 INFO tempest.lib.common.rest_client [req-46db6cf4-b0af-4619-a639-603cbe67a2cf req-46db6cf4-b0af-4619-a639-603cbe67a2cf ] Request (ServersAdminTestJSON:test_inject_network_info): 200 GET http://10.180.1.21/compute/v2.1/servers/87bc4af9-7cbc-4797-8aaa-cf5f8ba51218 0.062s
2025-01-30 20:32:52.439 62988 INFO tempest.lib.common.rest_client [req-37bb7f58-5359-4a84-9769-39b4c2e59cd6 req-37bb7f58-5359-4a84-9769-39b4c2e59cd6 ] Request (ServicesAdminNegativeV253TestJSON:test_get_service_by_invalid_params): 200 GET http://10.180.1.21/compute/v2.1/os-services?xxx=nova-compute 0.063s
2025-01-30 20:32:52.448 62952 INFO tempest.lib.common.rest_client [req-2e984626-5fef-4524-8fa2-1e610ad0c37a req-2e984626-5fef-4524-8fa2-1e610ad0c37a ] Request (MultipleCreateTestJSON:test_multiple_create_with_reservation_return): 200 GET http://10.180.1.21/compute/v2.1/servers/f1b70379-e13d-4007-ac2d-3d2d43cd5602 0.084s
2025-01-30 20:32:52.467 62988 INFO tempest.lib.common.rest_client [req-90339e29-76f5-4270-85ae-55984669ff92 req-90339e29-76f5-4270-85ae-55984669ff92 ] Request (ServicesAdminNegativeV253TestJSON:test_get_service_by_invalid_service_and_valid_host): 200 GET http://10.180.1.21/compute/v2.1/os-services 0.025s
2025-01-30 20:32:52.498 62970 INFO tempest.lib.common.rest_client [req-f979957a-f70e-403d-9ce1-7779e334898b req-f979957a-f70e-403d-9ce1-7779e334898b ] Request (DeleteServersTestJSON:test_delete_active_server): 200 GET http://10.180.1.21/compute/v2.1/servers/ea289de9-9b2d-4756-a9a5-0e3dfe8db772 0.083s
2025-01-30 20:32:52.519 62988 INFO tempest.lib.common.rest_client [req-1f436a12-28ea-4114-a302-e0a9b67a8e8d req-1f436a12-28ea-4114-a302-e0a9b67a8e8d ] Request (ServicesAdminNegativeV253TestJSON:test_get_service_by_invalid_service_and_valid_host): 200 GET http://10.180.1.21/compute/v2.1/os-services?host=devstack&binary=xxx 0.049s
2025-01-30 20:32:52.527 62996 INFO tempest.lib.common.rest_client [req-bc8e23ff-ff70-440c-a99d-9aaa680b7aad req-bc8e23ff-ff70-440c-a99d-9aaa680b7aad ] Request (DeleteServersAdminTestJSON:test_delete_server_while_in_error_state): 200 GET http://10.180.1.21/compute/v2.1/servers/cbd30c37-f6c3-4229-8b95-855cab64924c 0.070s
2025-01-30 20:32:52.580 63004 INFO tempest.lib.common.rest_client [req-b88c99b0-d5bc-478a-81b5-0ce9451114cf req-b88c99b0-d5bc-478a-81b5-0ce9451114cf ] Request (ServerRescueTestJSONUnderV235:tearDownClass): 200 GET http://10.180.1.21/compute/v2.1/servers/fffa23fe-3ce2-4879-b72d-11275d298504 0.060s
2025-01-30 20:32:52.600 62988 INFO tempest.lib.common.rest_client [req-8e8abf7a-7a9b-445a-9792-191de6e693a7 req-8e8abf7a-7a9b-445a-9792-191de6e693a7 ] Request (ServicesAdminNegativeV253TestJSON:test_get_service_with_valid_service_and_invalid_host): 200 GET http://10.180.1.21/compute/v2.1/os-services 0.078s
2025-01-30 20:32:52.636 62994 INFO tempest.lib.common.rest_client [req-4f0721c0-6389-4ca6-b256-a657782de471 req-4f0721c0-6389-4ca6-b256-a657782de471 ] Request (ServerRescueNegativeTestJSON:setUpClass): 200 GET http://10.180.1.21/compute/v2.1/servers/aa181094-cb78-44e0-8d7a-1d677e0af1fe 0.121s
2025-01-30 20:32:52.648 63000 INFO tempest.lib.common.rest_client [req-d5015f7f-f9d0-4c96-8f7a-74d1eff49f58 req-d5015f7f-f9d0-4c96-8f7a-74d1eff49f58 ] Request (ServerAddressesNegativeTestJSON:setUpClass): 200 GET http://10.180.1.21/compute/v2.1/servers/c9088ac9-456b-4c92-8773-79c263e7cc2a 0.085s
2025-01-30 20:32:52.667 62988 INFO tempest.lib.common.rest_client [req-240cd2ff-17ba-4db9-8c2d-08dc64d3ab3d req-240cd2ff-17ba-4db9-8c2d-08dc64d3ab3d ] Request (ServicesAdminNegativeV253TestJSON:test_get_service_with_valid_service_and_invalid_host): 200 GET http://10.180.1.21/compute/v2.1/os-services?host=xxx&binary=nova-scheduler 0.065s
2025-01-30 20:32:52.690 62980 INFO tempest.lib.common.rest_client [req-dd83570f-e9d2-41f8-8873-c56b4d7b6fa0 req-dd83570f-e9d2-41f8-8873-c56b4d7b6fa0 ] Request (ServerActionsTestOtherA:setUpClass): 200 GET http://10.180.1.21/compute/v2.1/servers/6f9b5217-6ab8-4cf5-a2ab-ad0d9dd95b1a 0.104s
2025-01-30 20:32:52.721 62976 INFO tempest.lib.common.rest_client [req-bbc35904-34ad-461b-a7d6-5dbeeefb85a7 req-bbc35904-34ad-461b-a7d6-5dbeeefb85a7 ] Request (MigrationsAdminTest:test_resize_server_revert_deleted_flavor): 200 GET http://10.180.1.21/compute/v2.1/servers/892fc84b-02a9-4fa0-81b5-80326a060c64 0.108s
2025-01-30 20:32:52.722 62960 INFO tempest.lib.common.rest_client [req-4d7d279f-96e8-46d5-bd2f-e05180b8e2a3 req-4d7d279f-96e8-46d5-bd2f-e05180b8e2a3 ] Request (ImagesOneServerTestJSON:test_create_image_specify_multibyte_character_image_name): 200 GET http://10.180.1.21/compute/v2.1/images/c4bcb9e5-6a75-4d8c-9f62-99a25e841d24 0.078s
2025-01-30 20:32:52.771 62962 INFO tempest.lib.common.rest_client [req-139eee67-276a-489e-8f44-6f23c0f24929 req-139eee67-276a-489e-8f44-6f23c0f24929 ] Request (ImagesTestJSON:test_create_image_from_suspended_server): 200 GET http://10.180.1.21/compute/v2.1/servers/e76bdb57-4a30-4222-ad4c-d95e4e6193cb 0.101s
2025-01-30 20:32:52.779 62988 INFO tempest.lib.common.rest_client [req-6ac2ea84-fe91-4ae5-8e04-9ef5770a8ca4 req-6ac2ea84-fe91-4ae5-8e04-9ef5770a8ca4 ] Request (ServicesAdminNegativeV253TestJSON:test_list_services_with_non_admin_user): 403 GET http://10.180.1.21/compute/v2.1/os-services 0.109s
2025-01-30 20:32:52.835 62948 INFO tempest.lib.common.rest_client [req-fb17febd-62a1-4985-92aa-a9373b2a062a req-fb17febd-62a1-4985-92aa-a9373b2a062a ] Request (ServerAddressesTestJSON:setUpClass): 200 GET http://10.180.1.21/compute/v2.1/servers/32a3b8bb-7c3a-4e30-8a50-37ce53e71882 0.119s
2025-01-30 20:32:52.851 62966 INFO tempest.lib.common.rest_client [req-b0aa930d-62e5-47d3-8c47-6c040f7a03c0 req-b0aa930d-62e5-47d3-8c47-6c040f7a03c0 ] Request (AttachInterfacesV270Test:tearDownClass): 200 GET http://10.180.1.21/compute/v2.1/servers/95ac4fbf-071a-403e-8cae-88d9899757ba 0.086s
2025-01-30 20:32:52.884 62988 INFO tempest.lib.common.rest_client [req-65267c5d-4718-40e1-a052-f02841b05534 req-65267c5d-4718-40e1-a052-f02841b05534 ] Request (ServicesAdminNegativeV253TestJSON:tearDownClass): 204 DELETE http://10.180.1.21/identity/v3/users/24f292f93cec4388b150078ef3fec5c7 0.103s
2025-01-30 20:32:52.896 62982 INFO tempest.lib.common.rest_client [req-f5a35dbc-5457-4040-b9ab-22563215c882 req-f5a35dbc-5457-4040-b9ab-22563215c882 ] Request (ServerRescueTestJSON:setUpClass): 200 GET http://10.180.1.21/compute/v2.1/servers/1129349d-65db-4e1d-bb08-cea793adf996 0.056s
2025-01-30 20:32:52.947 62984 INFO tempest.lib.common.rest_client [req-140ea058-3884-4816-aba6-05c74d162785 req-140ea058-3884-4816-aba6-05c74d162785 ] Request (ServersTestMultiNic:test_verify_duplicate_network_nics): 200 GET http://10.180.1.21/compute/v2.1/servers/574293e3-8ec8-410f-8a30-83bc60d25d64 0.052s
2025-01-30 20:32:52.962 62988 INFO tempest.lib.common.rest_client [req-1511d271-42eb-4e83-accc-95e1b0ade7b8 req-1511d271-42eb-4e83-accc-95e1b0ade7b8 ] Request (ServicesAdminNegativeV253TestJSON:tearDownClass): 204 DELETE http://10.180.1.21/identity/v3/users/e64c0a80672e41138956e093e4741c29 0.077s
2025-01-30 20:32:52.962 62988 INFO tempest.lib.common.dynamic_creds [-] Deleting project and security group for project: 0f94e8b1b2f54887afe36a3330474c05
2025-01-30 20:32:53.021 62988 INFO tempest.lib.common.rest_client [req-792ab7d3-c381-4734-be79-36d55f6877d3 req-792ab7d3-c381-4734-be79-36d55f6877d3 ] Request (ServicesAdminNegativeV253TestJSON:tearDownClass): 201 POST http://10.180.1.21/identity/v3/auth/tokens 0.058s
2025-01-30 20:32:53.043 63002 INFO tempest.lib.common.rest_client [req-5ac7cb5d-41d8-4bd0-88aa-c72ede3df56b req-5ac7cb5d-41d8-4bd0-88aa-c72ede3df56b ] Request (ServerShowV254Test:tearDownClass): 200 GET http://10.180.1.21/compute/v2.1/servers/16c4065b-83cf-4b1c-92bf-66ce0a75e573 0.071s
2025-01-30 20:32:53.182 62944 WARNING tempest.lib.common.ssh [-] Failed to establish authenticated ssh connection to cirros@10.180.180.193 ([Errno None] Unable to connect to port 22 on 10.180.180.193). Number attempts: 9. Retry after 10 seconds.: paramiko.ssh_exception.NoValidConnectionsError: [Errno None] Unable to connect to port 22 on 10.180.180.193
2025-01-30 20:32:53.182 62988 INFO tempest.lib.common.rest_client [req-54c343bb-5f80-4df7-8a4e-b2fcab6c9610 req-54c343bb-5f80-4df7-8a4e-b2fcab6c9610 ] Request (ServicesAdminNegativeV253TestJSON:tearDownClass): 200 GET http://10.180.1.21:9696/networking/v2.0/security-groups?tenant_id=0f94e8b1b2f54887afe36a3330474c05&name=default 0.162s
2025-01-30 20:32:53.255 62992 INFO tempest.lib.common.rest_client [req-4a0a4d2a-5b02-4697-8a05-4c41351ca824 req-4a0a4d2a-5b02-4697-8a05-4c41351ca824 ] Request (FloatingIPsAssociationTestJSON:tearDownClass): 200 GET http://10.180.1.21/compute/v2.1/servers/a674db15-ea4e-44c8-abc1-6af425286517 0.067s
2025-01-30 20:32:53.295 62950 INFO tempest.lib.common.rest_client [req-c3412825-06fd-41b4-b6be-dd4d045b3591 req-c3412825-06fd-41b4-b6be-dd4d045b3591 ] Request (ImagesOneServerNegativeTestJSON:setUpClass): 200 GET http://10.180.1.21/compute/v2.1/servers/4c88fbb7-6e54-4ae6-a6df-e77e4d0202d8 0.059s
2025-01-30 20:32:53.298 62988 INFO tempest.lib.common.rest_client [req-9fc830f8-4d7c-48f4-b9cd-3b77948613f9 req-9fc830f8-4d7c-48f4-b9cd-3b77948613f9 ] Request (ServicesAdminNegativeV253TestJSON:tearDownClass): 204 DELETE http://10.180.1.21:9696/networking/v2.0/security-groups/11044a9e-6906-4ed6-9649-c094c89ee7a1 0.115s
2025-01-30 20:32:53.359 62988 INFO tempest.lib.common.rest_client [req-b3954e31-1dc8-49ce-95ed-6f16dcb125ad req-b3954e31-1dc8-49ce-95ed-6f16dcb125ad ] Request (ServicesAdminNegativeV253TestJSON:tearDownClass): 204 DELETE http://10.180.1.21/identity/v3/projects/0f94e8b1b2f54887afe36a3330474c05 0.060s
2025-01-30 20:32:53.359 62988 INFO tempest.lib.common.dynamic_creds [-] Deleting project and security group for project: 10135621a3ac4929b6a303df097ddc29
2025-01-30 20:32:53.362 62978 INFO tempest.lib.common.rest_client [req-eb009784-4bcf-46cb-b8fb-f85666d28aae req-eb009784-4bcf-46cb-b8fb-f85666d28aae ] Request (ListServersNegativeTestJSON:tearDownClass): 200 GET http://10.180.1.21/compute/v2.1/servers/f09c685d-9103-4c94-a44a-266aacc334f3 0.060s
2025-01-30 20:32:53.419 62986 INFO tempest.lib.common.rest_client [req-5aecb180-046e-4dfa-a55d-bd89c46d2242 req-5aecb180-046e-4dfa-a55d-bd89c46d2242 ] Request (SecurityGroupsTestJSON:test_server_security_groups): 200 GET http://10.180.1.21/compute/v2.1/servers/d28285ed-2ec0-43a4-bd34-82d33816fea4 0.056s
2025-01-30 20:32:53.468 62958 INFO tempest.lib.common.rest_client [req-56451b68-a4f1-4531-82d6-3140f2417d90 req-56451b68-a4f1-4531-82d6-3140f2417d90 ] Request (ListImageFiltersTestJSON:setUpClass): 200 GET http://10.180.1.21/compute/v2.1/servers/aed62160-2db5-4008-a491-2b27ae81ef5f 0.108s
2025-01-30 20:32:53.477 62974 INFO tempest.lib.common.rest_client [req-861c3c87-35db-4355-8bba-7b39ce1abd0c req-861c3c87-35db-4355-8bba-7b39ce1abd0c ] Request (ServerExternalEventsTest:test_create_server_external_events): 200 GET http://10.180.1.21/compute/v2.1/servers/5f0240da-bec1-4bf3-a975-6ed3d0630a2d 0.070s
2025-01-30 20:32:53.496 62988 INFO tempest.lib.common.rest_client [req-5daec0c2-c6f5-490c-bcae-137686e875b1 req-5daec0c2-c6f5-490c-bcae-137686e875b1 ] Request (ServicesAdminNegativeV253TestJSON:tearDownClass): 200 GET http://10.180.1.21:9696/networking/v2.0/security-groups?tenant_id=10135621a3ac4929b6a303df097ddc29&name=default 0.136s
2025-01-30 20:32:53.524 62964 INFO tempest.lib.common.rest_client [req-3299d2c5-f70b-4200-ba30-5b1b862045af req-3299d2c5-f70b-4200-ba30-5b1b862045af ] Request (ServersAdminTestJSON:test_inject_network_info): 200 GET http://10.180.1.21/compute/v2.1/servers/87bc4af9-7cbc-4797-8aaa-cf5f8ba51218 0.097s
2025-01-30 20:32:53.534 62952 INFO tempest.lib.common.rest_client [req-611a19ff-ade2-4d89-9fd8-50c854c0fd95 req-611a19ff-ade2-4d89-9fd8-50c854c0fd95 ] Request (MultipleCreateTestJSON:test_multiple_create_with_reservation_return): 200 GET http://10.180.1.21/compute/v2.1/servers/f1b70379-e13d-4007-ac2d-3d2d43cd5602 0.077s
2025-01-30 20:32:53.577 62970 INFO tempest.lib.common.rest_client [req-00881025-adad-41ce-ad4c-a77c50915508 req-00881025-adad-41ce-ad4c-a77c50915508 ] Request (DeleteServersTestJSON:test_delete_active_server): 200 GET http://10.180.1.21/compute/v2.1/servers/ea289de9-9b2d-4756-a9a5-0e3dfe8db772 0.070s
2025-01-30 20:32:53.589 62988 INFO tempest.lib.common.rest_client [req-1f3b6418-5e01-4c03-ada6-23a9d52b2d42 req-1f3b6418-5e01-4c03-ada6-23a9d52b2d42 ] Request (ServicesAdminNegativeV253TestJSON:tearDownClass): 204 DELETE http://10.180.1.21:9696/networking/v2.0/security-groups/6c7d58fa-2c75-4c20-b81e-e4685fb320b4 0.093s
2025-01-30 20:32:53.589 62996 INFO tempest.lib.common.rest_client [req-48d1daa2-4c98-4a9d-b0d4-4b99430b0a38 req-48d1daa2-4c98-4a9d-b0d4-4b99430b0a38 ] Request (DeleteServersAdminTestJSON:test_delete_server_while_in_error_state): 200 GET http://10.180.1.21/compute/v2.1/servers/cbd30c37-f6c3-4229-8b95-855cab64924c 0.054s
2025-01-30 20:32:53.644 63004 INFO tempest.lib.common.rest_client [req-2ffa7ae8-6932-49ec-afe1-fed488b9b75d req-2ffa7ae8-6932-49ec-afe1-fed488b9b75d ] Request (ServerRescueTestJSONUnderV235:tearDownClass): 200 GET http://10.180.1.21/compute/v2.1/servers/fffa23fe-3ce2-4879-b72d-11275d298504 0.056s
2025-01-30 20:32:53.674 62988 INFO tempest.lib.common.rest_client [req-e20a30f6-bdc1-47ae-baa0-7b6d72396d77 req-e20a30f6-bdc1-47ae-baa0-7b6d72396d77 ] Request (ServicesAdminNegativeV253TestJSON:tearDownClass): 204 DELETE http://10.180.1.21/identity/v3/projects/10135621a3ac4929b6a303df097ddc29 0.085s
2025-01-30 20:32:53.717 63000 INFO tempest.lib.common.rest_client [req-f87c6a97-26eb-41eb-912e-7c26518dc8ea req-f87c6a97-26eb-41eb-912e-7c26518dc8ea ] Request (ServerAddressesNegativeTestJSON:setUpClass): 200 GET http://10.180.1.21/compute/v2.1/servers/c9088ac9-456b-4c92-8773-79c263e7cc2a 0.060s
2025-01-30 20:32:53.740 62988 INFO tempest.lib.common.rest_client [req-7a9b3886-442a-40db-9c3c-2549937ed5f1 req-7a9b3886-442a-40db-9c3c-2549937ed5f1 ] Request (ServerShowV257Test:setUpClass): 201 POST http://10.180.1.21/identity/v3/auth/tokens 0.064s
2025-01-30 20:32:53.776 62980 INFO tempest.lib.common.rest_client [req-c3742169-2e85-4714-a7cb-e55f1cf1cec5 req-c3742169-2e85-4714-a7cb-e55f1cf1cec5 ] Request (ServerActionsTestOtherA:setUpClass): 200 GET http://10.180.1.21/compute/v2.1/servers/6f9b5217-6ab8-4cf5-a2ab-ad0d9dd95b1a 0.078s
2025-01-30 20:32:53.778 62988 INFO tempest.lib.common.rest_client [req-023636bd-2704-4959-a48e-e1fa5d4cf721 req-023636bd-2704-4959-a48e-e1fa5d4cf721 ] Request (ServerShowV257Test:setUpClass): 201 POST http://10.180.1.21/identity/v3/auth/tokens 0.035s
2025-01-30 20:32:53.816 62960 INFO tempest.lib.common.rest_client [req-d76488bb-834e-46e2-8c3e-e6110c4464f5 req-d76488bb-834e-46e2-8c3e-e6110c4464f5 ] Request (ImagesOneServerTestJSON:test_create_image_specify_multibyte_character_image_name): 200 GET http://10.180.1.21/compute/v2.1/images/c4bcb9e5-6a75-4d8c-9f62-99a25e841d24 0.090s
2025-01-30 20:32:53.820 62988 INFO tempest.lib.common.rest_client [req-92f5e9bc-5576-46b1-97d9-14a63adbc937 req-92f5e9bc-5576-46b1-97d9-14a63adbc937 ] Request (ServerShowV257Test:setUpClass): 200 GET http://10.180.1.21/identity/v3/domains?name=Default 0.041s
2025-01-30 20:32:53.831 62994 INFO tempest.lib.common.rest_client [req-0a7886e5-2582-4e00-ac00-25d391dcaa0f req-0a7886e5-2582-4e00-ac00-25d391dcaa0f ] Request (ServerRescueNegativeTestJSON:setUpClass): 200 GET http://10.180.1.21/compute/v2.1/servers/aa181094-cb78-44e0-8d7a-1d677e0af1fe 0.187s
2025-01-30 20:32:53.863 62988 INFO tempest.lib.common.rest_client [req-5ec4baf9-6e46-4747-98b5-d16842878cff req-5ec4baf9-6e46-4747-98b5-d16842878cff ] Request (ServerShowV257Test:setUpClass): 201 POST http://10.180.1.21/identity/v3/projects 0.041s
2025-01-30 20:32:53.878 62976 INFO tempest.lib.common.rest_client [req-f0c055a2-4325-4ba8-bff0-246f1bf11f85 req-f0c055a2-4325-4ba8-bff0-246f1bf11f85 ] Request (MigrationsAdminTest:test_resize_server_revert_deleted_flavor): 200 GET http://10.180.1.21/compute/v2.1/servers/892fc84b-02a9-4fa0-81b5-80326a060c64 0.149s
2025-01-30 20:32:53.903 62962 INFO tempest.lib.common.rest_client [req-1f2e471c-908d-4210-a89e-66d0fc94f34c req-1f2e471c-908d-4210-a89e-66d0fc94f34c ] Request (ImagesTestJSON:test_create_image_from_suspended_server): 200 GET http://10.180.1.21/compute/v2.1/servers/e76bdb57-4a30-4222-ad4c-d95e4e6193cb 0.123s
2025-01-30 20:32:53.935 62948 INFO tempest.lib.common.rest_client [req-f2819fa1-45c7-4467-981c-e0c9fd1400b9 req-f2819fa1-45c7-4467-981c-e0c9fd1400b9 ] Request (ServerAddressesTestJSON:setUpClass): 200 GET http://10.180.1.21/compute/v2.1/servers/32a3b8bb-7c3a-4e30-8a50-37ce53e71882 0.092s
2025-01-30 20:32:53.941 62988 INFO tempest.lib.common.rest_client [req-0551760c-231f-4bea-a68c-ac0d577c409f req-0551760c-231f-4bea-a68c-ac0d577c409f ] Request (ServerShowV257Test:setUpClass): 201 POST http://10.180.1.21/identity/v3/users 0.077s
2025-01-30 20:32:53.944 62948 INFO tempest.common.waiters [-] State transition "BUILD/None" ==> "BUILD/networking" after 80 second wait
2025-01-30 20:32:53.970 62988 INFO tempest.lib.common.rest_client [req-1b102984-0ad9-40c3-a7ca-1247e8894683 req-1b102984-0ad9-40c3-a7ca-1247e8894683 ] Request (ServerShowV257Test:setUpClass): 200 GET http://10.180.1.21/identity/v3/roles 0.029s
2025-01-30 20:32:53.983 62966 INFO tempest.lib.common.rest_client [req-fc480a93-5818-4e57-9fe2-106cf54b6b0d req-fc480a93-5818-4e57-9fe2-106cf54b6b0d ] Request (AttachInterfacesV270Test:tearDownClass): 200 GET http://10.180.1.21/compute/v2.1/servers/95ac4fbf-071a-403e-8cae-88d9899757ba 0.121s
2025-01-30 20:32:53.987 62982 INFO tempest.lib.common.rest_client [req-35a0aab2-ecba-47b5-ac28-cb9d8ed20699 req-35a0aab2-ecba-47b5-ac28-cb9d8ed20699 ] Request (ServerRescueTestJSON:setUpClass): 200 GET http://10.180.1.21/compute/v2.1/servers/1129349d-65db-4e1d-bb08-cea793adf996 0.078s
2025-01-30 20:32:53.998 62988 INFO tempest.lib.common.rest_client [req-41903d35-3881-4ada-af21-7df69312c00b req-41903d35-3881-4ada-af21-7df69312c00b ] Request (ServerShowV257Test:setUpClass): 204 PUT http://10.180.1.21/identity/v3/projects/d8b16483b2f142198ea759b729ef6011/users/6f224a0ea664488d80a60157fd7cd456/roles/9bcf3396288247b29cb0164d0320cd22 0.028s
2025-01-30 20:32:53.998 62988 INFO tempest.lib.common.dynamic_creds [-] Dynamic test user 6f224a0ea664488d80a60157fd7cd456 is created with scope project and roles: ['member']
2025-01-30 20:32:53.999 62988 INFO tempest.lib.common.dynamic_creds [-] Acquired dynamic creds: credentials: Credentials: {'domain_id': 'default', 'domain_name': 'Default', 'username': 'tempest-ServerShowV257Test-2139404517-project-member', 'project_domain_id': 'default', 'project_domain_name': 'Default', 'project_id': 'd8b16483b2f142198ea759b729ef6011', 'project_name': 'tempest-ServerShowV257Test-2139404517', 'tenant_id': 'd8b16483b2f142198ea759b729ef6011', 'tenant_name': 'tempest-ServerShowV257Test-2139404517', 'user_domain_id': 'default', 'user_domain_name': 'Default', 'user_id': '6f224a0ea664488d80a60157fd7cd456', 'system': None}, Network: None, Subnet: None, Router: None
2025-01-30 20:32:53.999 62988 INFO tempest.lib.common.dynamic_creds [-] Created isolated network resources for: credentials: Credentials: {'domain_id': 'default', 'domain_name': 'Default', 'username': 'tempest-ServerShowV257Test-2139404517-project-member', 'project_domain_id': 'default', 'project_domain_name': 'Default', 'project_id': 'd8b16483b2f142198ea759b729ef6011', 'project_name': 'tempest-ServerShowV257Test-2139404517', 'tenant_id': 'd8b16483b2f142198ea759b729ef6011', 'tenant_name': 'tempest-ServerShowV257Test-2139404517', 'user_domain_id': 'default', 'user_domain_name': 'Default', 'user_id': '6f224a0ea664488d80a60157fd7cd456', 'system': None}, Network: None, Subnet: None, Router: None
2025-01-30 20:32:54.010 62946 WARNING tempest.lib.common.ssh [-] Failed to establish authenticated ssh connection to cirros@10.180.180.182 ([Errno None] Unable to connect to port 22 on 10.180.180.182). Number attempts: 6. Retry after 7 seconds.: paramiko.ssh_exception.NoValidConnectionsError: [Errno None] Unable to connect to port 22 on 10.180.180.182
2025-01-30 20:32:54.030 62984 INFO tempest.lib.common.rest_client [req-5f1b53e5-3d0c-4764-8af1-b1732f3a2fec req-5f1b53e5-3d0c-4764-8af1-b1732f3a2fec ] Request (ServersTestMultiNic:test_verify_duplicate_network_nics): 200 GET http://10.180.1.21/compute/v2.1/servers/574293e3-8ec8-410f-8a30-83bc60d25d64 0.075s
2025-01-30 20:32:54.066 62988 INFO tempest.lib.common.rest_client [req-bf72e3b7-c5ea-420e-90fe-0cd0d0f3266f req-bf72e3b7-c5ea-420e-90fe-0cd0d0f3266f ] Request (ServerShowV257Test:setUpClass): 201 POST http://10.180.1.21/identity/v3/auth/tokens 0.064s
2025-01-30 20:32:54.078 62954 WARNING tempest.lib.common.ssh [-] Failed to establish authenticated ssh connection to cirros@10.180.180.251 ([Errno None] Unable to connect to port 22 on 10.180.180.251). Number attempts: 6. Retry after 7 seconds.: paramiko.ssh_exception.NoValidConnectionsError: [Errno None] Unable to connect to port 22 on 10.180.180.251
2025-01-30 20:32:54.101 62988 INFO tempest.lib.common.rest_client [req-dd500e42-e46c-4d3e-8ce3-211d7300b526 req-dd500e42-e46c-4d3e-8ce3-211d7300b526 ] Request (ServerShowV257Test:test_rebuild_server): 201 POST http://10.180.1.21/identity/v3/auth/tokens 0.030s
2025-01-30 20:32:54.101 62988 INFO tempest.lib.common.fixed_network [-] (ServerShowV257Test:test_rebuild_server) Found network None available for tenant
2025-01-30 20:32:54.118 63002 INFO tempest.lib.common.rest_client [req-aa61bd5f-165d-498a-a4b3-ec98a179e2c1 req-aa61bd5f-165d-498a-a4b3-ec98a179e2c1 ] Request (ServerShowV254Test:tearDownClass): 200 GET http://10.180.1.21/compute/v2.1/servers/16c4065b-83cf-4b1c-92bf-66ce0a75e573 0.065s
2025-01-30 20:32:54.278 62988 INFO tempest.lib.common.rest_client [req-0c412b15-7517-49b1-93d9-8c7eec2f10b9 req-0c412b15-7517-49b1-93d9-8c7eec2f10b9 ] Request (ServerShowV257Test:test_rebuild_server): 202 POST http://10.180.1.21/compute/v2.1/servers 0.176s
2025-01-30 20:32:54.330 62988 INFO tempest.lib.common.rest_client [req-ad9c0647-721b-4bea-a1c0-969a1b2fab7c req-ad9c0647-721b-4bea-a1c0-969a1b2fab7c ] Request (ServerShowV257Test:test_rebuild_server): 200 GET http://10.180.1.21/compute/v2.1/servers/7804914c-7df8-45c2-a934-67aa73afb2e2 0.049s
2025-01-30 20:32:54.346 62992 INFO tempest.lib.common.rest_client [req-2f7d27ca-acdf-42de-87c0-ad0843f44deb req-2f7d27ca-acdf-42de-87c0-ad0843f44deb ] Request (FloatingIPsAssociationTestJSON:tearDownClass): 200 GET http://10.180.1.21/compute/v2.1/servers/a674db15-ea4e-44c8-abc1-6af425286517 0.076s
2025-01-30 20:32:54.353 62992 INFO tempest.common.waiters [-] State transition "ACTIVE/deleting" ==> "DELETED/None" after 5 second wait
2025-01-30 20:32:54.381 62950 INFO tempest.lib.common.rest_client [req-9b957497-9c16-4d72-8f32-08ea4c89688e req-9b957497-9c16-4d72-8f32-08ea4c89688e ] Request (ImagesOneServerNegativeTestJSON:setUpClass): 200 GET http://10.180.1.21/compute/v2.1/servers/4c88fbb7-6e54-4ae6-a6df-e77e4d0202d8 0.077s
2025-01-30 20:32:54.430 62978 INFO tempest.lib.common.rest_client [req-1ce30e48-edd2-4788-bbcf-4cb6a5543df6 req-1ce30e48-edd2-4788-bbcf-4cb6a5543df6 ] Request (ListServersNegativeTestJSON:tearDownClass): 200 GET http://10.180.1.21/compute/v2.1/servers/f09c685d-9103-4c94-a44a-266aacc334f3 0.059s
2025-01-30 20:32:54.481 62986 INFO tempest.lib.common.rest_client [req-c7a60fb0-578c-4909-8d31-5a07e4765a0b req-c7a60fb0-578c-4909-8d31-5a07e4765a0b ] Request (SecurityGroupsTestJSON:test_server_security_groups): 200 GET http://10.180.1.21/compute/v2.1/servers/d28285ed-2ec0-43a4-bd34-82d33816fea4 0.054s
2025-01-30 20:32:54.544 62974 INFO tempest.lib.common.rest_client [req-89269201-9fa9-411d-88f6-0bdc97cb3c60 req-89269201-9fa9-411d-88f6-0bdc97cb3c60 ] Request (ServerExternalEventsTest:test_create_server_external_events): 200 GET http://10.180.1.21/compute/v2.1/servers/5f0240da-bec1-4bf3-a975-6ed3d0630a2d 0.054s
2025-01-30 20:32:54.575 62958 INFO tempest.lib.common.rest_client [req-4baa51b9-c7b7-4507-9b1d-cd06a783da7b req-4baa51b9-c7b7-4507-9b1d-cd06a783da7b ] Request (ListImageFiltersTestJSON:setUpClass): 200 GET http://10.180.1.21/compute/v2.1/servers/aed62160-2db5-4008-a491-2b27ae81ef5f 0.099s
2025-01-30 20:32:54.595 62964 INFO tempest.lib.common.rest_client [req-b2547adf-b6e5-44e5-a32d-667c7bd59ea3 req-b2547adf-b6e5-44e5-a32d-667c7bd59ea3 ] Request (ServersAdminTestJSON:test_inject_network_info): 200 GET http://10.180.1.21/compute/v2.1/servers/87bc4af9-7cbc-4797-8aaa-cf5f8ba51218 0.063s
2025-01-30 20:32:54.621 62952 INFO tempest.lib.common.rest_client [req-fca84246-5377-4183-8be4-2059bc8729ef req-fca84246-5377-4183-8be4-2059bc8729ef ] Request (MultipleCreateTestJSON:test_multiple_create_with_reservation_return): 200 GET http://10.180.1.21/compute/v2.1/servers/f1b70379-e13d-4007-ac2d-3d2d43cd5602 0.078s
2025-01-30 20:32:54.645 63006 INFO paramiko.transport [-] Connected (version 2.0, client dropbear_2020.81)
2025-01-30 20:32:54.650 62970 INFO tempest.lib.common.rest_client [req-be8f4b65-c05a-4cf8-a4dd-afce8829b40a req-be8f4b65-c05a-4cf8-a4dd-afce8829b40a ] Request (DeleteServersTestJSON:test_delete_active_server): 200 GET http://10.180.1.21/compute/v2.1/servers/ea289de9-9b2d-4756-a9a5-0e3dfe8db772 0.065s
2025-01-30 20:32:54.672 62996 INFO tempest.lib.common.rest_client [req-d8869293-77d5-4224-a4d0-8251d8787fe8 req-d8869293-77d5-4224-a4d0-8251d8787fe8 ] Request (DeleteServersAdminTestJSON:test_delete_server_while_in_error_state): 200 GET http://10.180.1.21/compute/v2.1/servers/cbd30c37-f6c3-4229-8b95-855cab64924c 0.072s
2025-01-30 20:32:54.715 63004 INFO tempest.lib.common.rest_client [req-b3bc37f2-a809-4db4-a5ca-bf30d01fa0ee req-b3bc37f2-a809-4db4-a5ca-bf30d01fa0ee ] Request (ServerRescueTestJSONUnderV235:tearDownClass): 200 GET http://10.180.1.21/compute/v2.1/servers/fffa23fe-3ce2-4879-b72d-11275d298504 0.059s
2025-01-30 20:32:54.755 63006 INFO paramiko.transport [-] Authentication (publickey) successful!
2025-01-30 20:32:54.755 63006 INFO tempest.lib.common.ssh [-] ssh connection to cirros@10.180.180.227 successfully created
2025-01-30 20:32:54.791 63000 INFO tempest.lib.common.rest_client [req-0c9991f9-78f0-4bbb-b5b9-5c3b6b4404c0 req-0c9991f9-78f0-4bbb-b5b9-5c3b6b4404c0 ] Request (ServerAddressesNegativeTestJSON:setUpClass): 200 GET http://10.180.1.21/compute/v2.1/servers/c9088ac9-456b-4c92-8773-79c263e7cc2a 0.063s
2025-01-30 20:32:54.832 63006 INFO tempest.lib.common.rest_client [req-f47d4984-f0ee-44b2-9f54-2ed8a90b543a req-f47d4984-f0ee-44b2-9f54-2ed8a90b543a ] Request (ServersTestBootFromVolume:test_list_servers): 200 GET http://10.180.1.21/compute/v2.1/servers 0.064s
2025-01-30 20:32:54.850 62980 INFO tempest.lib.common.rest_client [req-b7e395c3-6c7a-4302-b159-97af73e3df3d req-b7e395c3-6c7a-4302-b159-97af73e3df3d ] Request (ServerActionsTestOtherA:setUpClass): 200 GET http://10.180.1.21/compute/v2.1/servers/6f9b5217-6ab8-4cf5-a2ab-ad0d9dd95b1a 0.064s
2025-01-30 20:32:54.868 62960 INFO tempest.lib.common.rest_client [req-ff49bc40-9147-4506-bebb-435415c0a864 req-ff49bc40-9147-4506-bebb-435415c0a864 ] Request (ImagesOneServerTestJSON:test_create_image_specify_multibyte_character_image_name): 200 GET http://10.180.1.21/compute/v2.1/images/c4bcb9e5-6a75-4d8c-9f62-99a25e841d24 0.043s
2025-01-30 20:32:54.985 62994 INFO tempest.lib.common.rest_client [req-42f9b972-b4de-4f51-aa9f-af4a61096c6e req-42f9b972-b4de-4f51-aa9f-af4a61096c6e ] Request (ServerRescueNegativeTestJSON:setUpClass): 200 GET http://10.180.1.21/compute/v2.1/servers/aa181094-cb78-44e0-8d7a-1d677e0af1fe 0.142s
2025-01-30 20:32:55.028 63006 INFO tempest.lib.common.rest_client [req-1b8693cd-f337-4022-a1f2-14ee435d70a3 req-1b8693cd-f337-4022-a1f2-14ee435d70a3 ] Request (ServersTestBootFromVolume:test_list_servers_with_detail): 200 GET http://10.180.1.21/compute/v2.1/servers/detail 0.193s
2025-01-30 20:32:55.039 62976 INFO tempest.lib.common.rest_client [req-c6bb9c85-f44e-415b-a740-11cf7a35aea9 req-c6bb9c85-f44e-415b-a740-11cf7a35aea9 ] Request (MigrationsAdminTest:test_resize_server_revert_deleted_flavor): 200 GET http://10.180.1.21/compute/v2.1/servers/892fc84b-02a9-4fa0-81b5-80326a060c64 0.151s
2025-01-30 20:32:55.082 62962 INFO tempest.lib.common.rest_client [req-be20597d-2216-4916-83d5-5d40bd2dc76b req-be20597d-2216-4916-83d5-5d40bd2dc76b ] Request (ImagesTestJSON:test_create_image_from_suspended_server): 200 GET http://10.180.1.21/compute/v2.1/servers/e76bdb57-4a30-4222-ad4c-d95e4e6193cb 0.169s
2025-01-30 20:32:55.130 62982 INFO tempest.lib.common.rest_client [req-949673f4-e904-4ac3-9c64-6af08ed4daf9 req-949673f4-e904-4ac3-9c64-6af08ed4daf9 ] Request (ServerRescueTestJSON:setUpClass): 200 GET http://10.180.1.21/compute/v2.1/servers/1129349d-65db-4e1d-bb08-cea793adf996 0.136s
2025-01-30 20:32:55.131 62948 INFO tempest.lib.common.rest_client [req-8dda7c25-6248-4404-b2f0-718c039de43d req-8dda7c25-6248-4404-b2f0-718c039de43d ] Request (ServerAddressesTestJSON:setUpClass): 200 GET http://10.180.1.21/compute/v2.1/servers/32a3b8bb-7c3a-4e30-8a50-37ce53e71882 0.186s
2025-01-30 20:32:55.139 62948 INFO tempest.common.waiters [-] State transition "BUILD/networking" ==> "BUILD/spawning" after 82 second wait
2025-01-30 20:32:55.146 63006 INFO tempest.lib.common.rest_client [req-d568c164-f73b-4f48-9bef-c0bc4f1dcc9b req-d568c164-f73b-4f48-9bef-c0bc4f1dcc9b ] Request (ServersTestBootFromVolume:test_verify_created_server_vcpus): 200 GET http://10.180.1.21/compute/v2.1/flavors/42 0.109s
2025-01-30 20:32:55.148 63006 INFO tempest.lib.common.ssh [-] Creating ssh connection to '10.180.180.227:22' as 'cirros' with public key authentication
2025-01-30 20:32:55.153 63006 INFO paramiko.transport [-] Connected (version 2.0, client dropbear_2020.81)
2025-01-30 20:32:55.190 62966 INFO tempest.lib.common.rest_client [req-93d6ee04-944f-496b-8e16-ed9d0c3ee1f4 req-93d6ee04-944f-496b-8e16-ed9d0c3ee1f4 ] Request (AttachInterfacesV270Test:tearDownClass): 200 GET http://10.180.1.21/compute/v2.1/servers/95ac4fbf-071a-403e-8cae-88d9899757ba 0.194s
2025-01-30 20:32:55.198 62984 INFO tempest.lib.common.rest_client [req-00f47bea-9ee1-415c-a737-c91403fdf7db req-00f47bea-9ee1-415c-a737-c91403fdf7db ] Request (ServersTestMultiNic:test_verify_duplicate_network_nics): 200 GET http://10.180.1.21/compute/v2.1/servers/574293e3-8ec8-410f-8a30-83bc60d25d64 0.160s
2025-01-30 20:32:55.248 63002 INFO tempest.lib.common.rest_client [req-56b57519-0038-4da8-84f7-ab719d949a9b req-56b57519-0038-4da8-84f7-ab719d949a9b ] Request (ServerShowV254Test:tearDownClass): 200 GET http://10.180.1.21/compute/v2.1/servers/16c4065b-83cf-4b1c-92bf-66ce0a75e573 0.120s
2025-01-30 20:32:55.255 63006 INFO paramiko.transport [-] Authentication (publickey) successful!
2025-01-30 20:32:55.255 63006 INFO tempest.lib.common.ssh [-] ssh connection to cirros@10.180.180.227 successfully created
2025-01-30 20:32:55.344 63006 INFO tempest.lib.common.rest_client [req-f74ab9a9-2e7b-4cbe-9e9f-bdbc2edd0063 req-f74ab9a9-2e7b-4cbe-9e9f-bdbc2edd0063 ] Request (ServersTestBootFromVolume:tearDownClass): 204 DELETE http://10.180.1.21/compute/v2.1/servers/e5712962-ad8e-4cf2-aa47-275293609a13 0.079s
2025-01-30 20:32:55.398 62988 INFO tempest.lib.common.rest_client [req-24d9f608-d2bd-42b9-be15-4818cf55e401 req-24d9f608-d2bd-42b9-be15-4818cf55e401 ] Request (ServerShowV257Test:test_rebuild_server): 200 GET http://10.180.1.21/compute/v2.1/servers/7804914c-7df8-45c2-a934-67aa73afb2e2 0.058s
2025-01-30 20:32:55.456 63006 INFO tempest.lib.common.rest_client [req-a123cc59-95ec-40cc-be26-e2799d831a3f req-a123cc59-95ec-40cc-be26-e2799d831a3f ] Request (ServersTestBootFromVolume:tearDownClass): 200 GET http://10.180.1.21/compute/v2.1/servers/e5712962-ad8e-4cf2-aa47-275293609a13 0.112s
2025-01-30 20:32:55.461 62992 INFO tempest.lib.common.rest_client [req-437d26b5-d945-4f1a-aa47-7fe88e0c6bbc req-437d26b5-d945-4f1a-aa47-7fe88e0c6bbc ] Request (FloatingIPsAssociationTestJSON:tearDownClass): 200 GET http://10.180.1.21/compute/v2.1/servers/a674db15-ea4e-44c8-abc1-6af425286517 0.106s
2025-01-30 20:32:55.504 62950 INFO tempest.lib.common.rest_client [req-a17083e3-6b7b-459d-a934-a786a723d885 req-a17083e3-6b7b-459d-a934-a786a723d885 ] Request (ImagesOneServerNegativeTestJSON:setUpClass): 200 GET http://10.180.1.21/compute/v2.1/servers/4c88fbb7-6e54-4ae6-a6df-e77e4d0202d8 0.116s
2025-01-30 20:32:55.518 62978 INFO tempest.lib.common.rest_client [req-a7989f79-f0fa-4528-bf88-31707e52e890 req-a7989f79-f0fa-4528-bf88-31707e52e890 ] Request (ListServersNegativeTestJSON:tearDownClass): 200 GET http://10.180.1.21/compute/v2.1/servers/f09c685d-9103-4c94-a44a-266aacc334f3 0.078s
2025-01-30 20:32:55.552 62986 INFO tempest.lib.common.rest_client [req-a04bfa4e-8519-4175-9ab3-7de54d3761d9 req-a04bfa4e-8519-4175-9ab3-7de54d3761d9 ] Request (SecurityGroupsTestJSON:test_server_security_groups): 200 GET http://10.180.1.21/compute/v2.1/servers/d28285ed-2ec0-43a4-bd34-82d33816fea4 0.065s
2025-01-30 20:32:55.617 62974 INFO tempest.lib.common.rest_client [req-69c52dc2-e71f-409a-8d35-1fdb857fc3d5 req-69c52dc2-e71f-409a-8d35-1fdb857fc3d5 ] Request (ServerExternalEventsTest:test_create_server_external_events): 200 GET http://10.180.1.21/compute/v2.1/servers/5f0240da-bec1-4bf3-a975-6ed3d0630a2d 0.062s
2025-01-30 20:32:55.686 62964 INFO tempest.lib.common.rest_client [req-315be0f7-d18c-461a-9ef2-3a84c8c52b2e req-315be0f7-d18c-461a-9ef2-3a84c8c52b2e ] Request (ServersAdminTestJSON:test_inject_network_info): 200 GET http://10.180.1.21/compute/v2.1/servers/87bc4af9-7cbc-4797-8aaa-cf5f8ba51218 0.083s
2025-01-30 20:32:55.692 62958 INFO tempest.lib.common.rest_client [req-4c7b0508-6f99-4929-b731-333e1189a862 req-4c7b0508-6f99-4929-b731-333e1189a862 ] Request (ListImageFiltersTestJSON:setUpClass): 200 GET http://10.180.1.21/compute/v2.1/servers/aed62160-2db5-4008-a491-2b27ae81ef5f 0.110s
2025-01-30 20:32:55.741 62952 INFO tempest.lib.common.rest_client [req-dd26238d-ff85-4b5f-9e93-3d39acc805ac req-dd26238d-ff85-4b5f-9e93-3d39acc805ac ] Request (MultipleCreateTestJSON:test_multiple_create_with_reservation_return): 200 GET http://10.180.1.21/compute/v2.1/servers/f1b70379-e13d-4007-ac2d-3d2d43cd5602 0.112s
2025-01-30 20:32:55.761 62970 INFO tempest.lib.common.rest_client [req-1ffbdf3c-3a18-4dd9-a77d-f3ab4eec2513 req-1ffbdf3c-3a18-4dd9-a77d-f3ab4eec2513 ] Request (DeleteServersTestJSON:test_delete_active_server): 200 GET http://10.180.1.21/compute/v2.1/servers/ea289de9-9b2d-4756-a9a5-0e3dfe8db772 0.104s
2025-01-30 20:32:55.801 62996 INFO tempest.lib.common.rest_client [req-4f0dc812-4016-448c-a7fc-dcfe68f40502 req-4f0dc812-4016-448c-a7fc-dcfe68f40502 ] Request (DeleteServersAdminTestJSON:test_delete_server_while_in_error_state): 200 GET http://10.180.1.21/compute/v2.1/servers/cbd30c37-f6c3-4229-8b95-855cab64924c 0.120s
2025-01-30 20:32:55.817 63004 INFO tempest.lib.common.rest_client [req-3b73fa2a-209e-4d2f-a59f-34f2967d403a req-3b73fa2a-209e-4d2f-a59f-34f2967d403a ] Request (ServerRescueTestJSONUnderV235:tearDownClass): 200 GET http://10.180.1.21/compute/v2.1/servers/fffa23fe-3ce2-4879-b72d-11275d298504 0.095s
2025-01-30 20:32:55.852 63000 INFO tempest.lib.common.rest_client [req-a6104dad-1797-4f63-84a2-90df8e30c153 req-a6104dad-1797-4f63-84a2-90df8e30c153 ] Request (ServerAddressesNegativeTestJSON:setUpClass): 200 GET http://10.180.1.21/compute/v2.1/servers/c9088ac9-456b-4c92-8773-79c263e7cc2a 0.049s
2025-01-30 20:32:55.909 62980 INFO tempest.lib.common.rest_client [req-f23b00a4-e159-4186-9312-e08c4d522286 req-f23b00a4-e159-4186-9312-e08c4d522286 ] Request (ServerActionsTestOtherA:setUpClass): 200 GET http://10.180.1.21/compute/v2.1/servers/6f9b5217-6ab8-4cf5-a2ab-ad0d9dd95b1a 0.052s
2025-01-30 20:32:55.910 62960 INFO tempest.lib.common.rest_client [req-94731d7b-5300-4ef9-a9a8-638cdcfd01d3 req-94731d7b-5300-4ef9-a9a8-638cdcfd01d3 ] Request (ImagesOneServerTestJSON:test_create_image_specify_multibyte_character_image_name): 200 GET http://10.180.1.21/compute/v2.1/images/c4bcb9e5-6a75-4d8c-9f62-99a25e841d24 0.037s
2025-01-30 20:32:56.104 62994 INFO tempest.lib.common.rest_client [req-2baaa92b-8cb0-46af-8fcc-b97c10c0576c req-2baaa92b-8cb0-46af-8fcc-b97c10c0576c ] Request (ServerRescueNegativeTestJSON:setUpClass): 200 GET http://10.180.1.21/compute/v2.1/servers/aa181094-cb78-44e0-8d7a-1d677e0af1fe 0.110s
2025-01-30 20:32:56.104 62976 INFO tempest.lib.common.rest_client [req-39d468b0-5425-4adb-8d8b-9b58aa6c6fa1 req-39d468b0-5425-4adb-8d8b-9b58aa6c6fa1 ] Request (MigrationsAdminTest:test_resize_server_revert_deleted_flavor): 200 GET http://10.180.1.21/compute/v2.1/servers/892fc84b-02a9-4fa0-81b5-80326a060c64 0.057s
2025-01-30 20:32:56.151 62962 INFO tempest.lib.common.rest_client [req-f77a5372-3a9d-4580-8ff1-0b3d200237a6 req-f77a5372-3a9d-4580-8ff1-0b3d200237a6 ] Request (ImagesTestJSON:test_create_image_from_suspended_server): 200 GET http://10.180.1.21/compute/v2.1/servers/e76bdb57-4a30-4222-ad4c-d95e4e6193cb 0.062s
2025-01-30 20:32:56.188 62982 INFO tempest.lib.common.rest_client [req-49399fdc-cadd-4df6-9ebe-5f7429c19587 req-49399fdc-cadd-4df6-9ebe-5f7429c19587 ] Request (ServerRescueTestJSON:setUpClass): 200 GET http://10.180.1.21/compute/v2.1/servers/1129349d-65db-4e1d-bb08-cea793adf996 0.050s
2025-01-30 20:32:56.264 62966 INFO tempest.lib.common.rest_client [req-f5d433e4-dcf5-4b57-ba2d-8475230a81e6 req-f5d433e4-dcf5-4b57-ba2d-8475230a81e6 ] Request (AttachInterfacesV270Test:tearDownClass): 200 GET http://10.180.1.21/compute/v2.1/servers/95ac4fbf-071a-403e-8cae-88d9899757ba 0.063s
2025-01-30 20:32:56.303 62948 INFO tempest.lib.common.rest_client [req-787fd21b-3fa8-4e39-ba59-63fb91d2133e req-787fd21b-3fa8-4e39-ba59-63fb91d2133e ] Request (ServerAddressesTestJSON:setUpClass): 200 GET http://10.180.1.21/compute/v2.1/servers/32a3b8bb-7c3a-4e30-8a50-37ce53e71882 0.163s
2025-01-30 20:32:56.312 62984 INFO tempest.lib.common.rest_client [req-5313fe3e-1942-402f-9fe9-87cb16c4aa28 req-5313fe3e-1942-402f-9fe9-87cb16c4aa28 ] Request (ServersTestMultiNic:test_verify_duplicate_network_nics): 200 GET http://10.180.1.21/compute/v2.1/servers/574293e3-8ec8-410f-8a30-83bc60d25d64 0.106s
2025-01-30 20:32:56.359 63002 INFO tempest.lib.common.rest_client [req-064a6c90-caef-40ad-8be3-fd225376c627 req-064a6c90-caef-40ad-8be3-fd225376c627 ] Request (ServerShowV254Test:tearDownClass): 200 GET http://10.180.1.21/compute/v2.1/servers/16c4065b-83cf-4b1c-92bf-66ce0a75e573 0.101s
2025-01-30 20:32:56.460 62988 INFO tempest.lib.common.rest_client [req-4f44f242-ad11-46ed-879e-4bb74b024d31 req-4f44f242-ad11-46ed-879e-4bb74b024d31 ] Request (ServerShowV257Test:test_rebuild_server): 200 GET http://10.180.1.21/compute/v2.1/servers/7804914c-7df8-45c2-a934-67aa73afb2e2 0.052s
2025-01-30 20:32:56.529 62992 INFO tempest.lib.common.rest_client [req-a13ecee6-6a55-4b20-b53e-b94ab87c347b req-a13ecee6-6a55-4b20-b53e-b94ab87c347b ] Request (FloatingIPsAssociationTestJSON:tearDownClass): 200 GET http://10.180.1.21/compute/v2.1/servers/a674db15-ea4e-44c8-abc1-6af425286517 0.059s
2025-01-30 20:32:56.579 63006 INFO tempest.lib.common.rest_client [req-e649ae18-0345-4089-a04f-30c9bb380789 req-e649ae18-0345-4089-a04f-30c9bb380789 ] Request (ServersTestBootFromVolume:tearDownClass): 200 GET http://10.180.1.21/compute/v2.1/servers/e5712962-ad8e-4cf2-aa47-275293609a13 0.114s
2025-01-30 20:32:56.586 62950 INFO tempest.lib.common.rest_client [req-3b690dd0-1ce7-4fab-846b-58be78610ce9 req-3b690dd0-1ce7-4fab-846b-58be78610ce9 ] Request (ImagesOneServerNegativeTestJSON:setUpClass): 200 GET http://10.180.1.21/compute/v2.1/servers/4c88fbb7-6e54-4ae6-a6df-e77e4d0202d8 0.074s
2025-01-30 20:32:56.638 62978 INFO tempest.lib.common.rest_client [req-610d7232-fa97-4106-91a7-ddc3e488a91a req-610d7232-fa97-4106-91a7-ddc3e488a91a ] Request (ListServersNegativeTestJSON:tearDownClass): 200 GET http://10.180.1.21/compute/v2.1/servers/f09c685d-9103-4c94-a44a-266aacc334f3 0.111s
2025-01-30 20:32:56.638 62986 INFO tempest.lib.common.rest_client [req-5b371c6c-4081-46a9-952e-dee0980c3d7c req-5b371c6c-4081-46a9-952e-dee0980c3d7c ] Request (SecurityGroupsTestJSON:test_server_security_groups): 200 GET http://10.180.1.21/compute/v2.1/servers/d28285ed-2ec0-43a4-bd34-82d33816fea4 0.076s
2025-01-30 20:32:56.684 62974 INFO tempest.lib.common.rest_client [req-7cc6e32b-229c-4011-8478-5d78b00dba78 req-7cc6e32b-229c-4011-8478-5d78b00dba78 ] Request (ServerExternalEventsTest:test_create_server_external_events): 200 GET http://10.180.1.21/compute/v2.1/servers/5f0240da-bec1-4bf3-a975-6ed3d0630a2d 0.060s
2025-01-30 20:32:56.758 62964 INFO tempest.lib.common.rest_client [req-10f81d85-4c68-4ea6-9b8d-c975581b77e0 req-10f81d85-4c68-4ea6-9b8d-c975581b77e0 ] Request (ServersAdminTestJSON:test_inject_network_info): 200 GET http://10.180.1.21/compute/v2.1/servers/87bc4af9-7cbc-4797-8aaa-cf5f8ba51218 0.060s
2025-01-30 20:32:56.815 62952 INFO tempest.lib.common.rest_client [req-f0d710f2-5353-4d3a-a4bc-fd96dcc7abb9 req-f0d710f2-5353-4d3a-a4bc-fd96dcc7abb9 ] Request (MultipleCreateTestJSON:test_multiple_create_with_reservation_return): 200 GET http://10.180.1.21/compute/v2.1/servers/f1b70379-e13d-4007-ac2d-3d2d43cd5602 0.067s
2025-01-30 20:32:56.822 62952 INFO tempest.common.waiters [-] State transition "BUILD/scheduling" ==> "BUILD/None" after 50 second wait
2025-01-30 20:32:56.840 62958 INFO tempest.lib.common.rest_client [req-89e5efd9-c322-466f-b4b4-1e0e98308137 req-89e5efd9-c322-466f-b4b4-1e0e98308137 ] Request (ListImageFiltersTestJSON:setUpClass): 200 GET http://10.180.1.21/compute/v2.1/servers/aed62160-2db5-4008-a491-2b27ae81ef5f 0.133s
2025-01-30 20:32:56.878 62970 INFO tempest.lib.common.rest_client [req-487477c1-0da3-43a1-b4fe-74403c110920 req-487477c1-0da3-43a1-b4fe-74403c110920 ] Request (DeleteServersTestJSON:test_delete_active_server): 200 GET http://10.180.1.21/compute/v2.1/servers/ea289de9-9b2d-4756-a9a5-0e3dfe8db772 0.108s
2025-01-30 20:32:56.905 63004 INFO tempest.lib.common.rest_client [req-1e7cda80-5b84-44b7-b277-3300c5dec40d req-1e7cda80-5b84-44b7-b277-3300c5dec40d ] Request (ServerRescueTestJSONUnderV235:tearDownClass): 404 GET http://10.180.1.21/compute/v2.1/servers/fffa23fe-3ce2-4879-b72d-11275d298504 0.080s
2025-01-30 20:32:56.918 62996 INFO tempest.lib.common.rest_client [req-02ed4565-38db-4f03-b705-3d72b6b88fcf req-02ed4565-38db-4f03-b705-3d72b6b88fcf ] Request (DeleteServersAdminTestJSON:test_delete_server_while_in_error_state): 200 GET http://10.180.1.21/compute/v2.1/servers/cbd30c37-f6c3-4229-8b95-855cab64924c 0.110s
2025-01-30 20:32:56.959 62960 INFO tempest.lib.common.rest_client [req-c82c7f3e-0595-4a4d-b759-32bd3c2b210f req-c82c7f3e-0595-4a4d-b759-32bd3c2b210f ] Request (ImagesOneServerTestJSON:test_create_image_specify_multibyte_character_image_name): 200 GET http://10.180.1.21/compute/v2.1/images/c4bcb9e5-6a75-4d8c-9f62-99a25e841d24 0.044s
2025-01-30 20:32:56.966 63000 INFO tempest.lib.common.rest_client [req-0f69c7d7-4d38-4a45-ad20-3e13dea58beb req-0f69c7d7-4d38-4a45-ad20-3e13dea58beb ] Request (ServerAddressesNegativeTestJSON:setUpClass): 200 GET http://10.180.1.21/compute/v2.1/servers/c9088ac9-456b-4c92-8773-79c263e7cc2a 0.105s
2025-01-30 20:32:57.022 62980 INFO tempest.lib.common.rest_client [req-b3bea9b9-20f7-4d7c-a20f-7778d2447693 req-b3bea9b9-20f7-4d7c-a20f-7778d2447693 ] Request (ServerActionsTestOtherA:setUpClass): 200 GET http://10.180.1.21/compute/v2.1/servers/6f9b5217-6ab8-4cf5-a2ab-ad0d9dd95b1a 0.106s
2025-01-30 20:32:57.212 62994 INFO tempest.lib.common.rest_client [req-d360073b-f8f5-4968-859d-db619c812d52 req-d360073b-f8f5-4968-859d-db619c812d52 ] Request (ServerRescueNegativeTestJSON:setUpClass): 200 GET http://10.180.1.21/compute/v2.1/servers/aa181094-cb78-44e0-8d7a-1d677e0af1fe 0.101s
2025-01-30 20:32:57.280 62962 INFO tempest.lib.common.rest_client [req-d9712079-e680-49e9-9188-05e60df5556f req-d9712079-e680-49e9-9188-05e60df5556f ] Request (ImagesTestJSON:test_create_image_from_suspended_server): 200 GET http://10.180.1.21/compute/v2.1/servers/e76bdb57-4a30-4222-ad4c-d95e4e6193cb 0.120s
2025-01-30 20:32:57.337 62982 INFO tempest.lib.common.rest_client [req-84c66564-b2a0-4206-961a-78a0b819a0f1 req-84c66564-b2a0-4206-961a-78a0b819a0f1 ] Request (ServerRescueTestJSON:setUpClass): 200 GET http://10.180.1.21/compute/v2.1/servers/1129349d-65db-4e1d-bb08-cea793adf996 0.141s
2025-01-30 20:32:57.338 62976 INFO tempest.lib.common.rest_client [req-a6ae05ae-5505-45a6-95d9-ff1e54c77bca req-a6ae05ae-5505-45a6-95d9-ff1e54c77bca ] Request (MigrationsAdminTest:test_resize_server_revert_deleted_flavor): 200 GET http://10.180.1.21/compute/v2.1/servers/892fc84b-02a9-4fa0-81b5-80326a060c64 0.224s
2025-01-30 20:32:57.404 62966 INFO tempest.lib.common.rest_client [req-dd72589b-2411-4f01-93cf-4b62d69162c2 req-dd72589b-2411-4f01-93cf-4b62d69162c2 ] Request (AttachInterfacesV270Test:tearDownClass): 200 GET http://10.180.1.21/compute/v2.1/servers/95ac4fbf-071a-403e-8cae-88d9899757ba 0.128s
