2025-01-30 20:30:33.246 62974 INFO tempest.lib.common.dynamic_creds [-] Acquired dynamic creds: credentials: Credentials: {'domain_id': 'default', 'domain_name': 'Default', 'username': 'tempest-FlavorsAdminTestJSON-617938202-project-admin', 'project_domain_id': 'default', 'project_domain_name': 'Default', 'project_id': 'bb655cf9a4fc43f69dce717b2429d149', 'project_name': 'tempest-FlavorsAdminTestJSON-617938202', 'tenant_id': 'bb655cf9a4fc43f69dce717b2429d149', 'tenant_name': 'tempest-FlavorsAdminTestJSON-617938202', 'user_domain_id': 'default', 'user_domain_name': 'Default', 'user_id': 'bcef7cb1aa9d45c6b22548a7d8b7f714', 'system': None}, Network: None, Subnet: None, Router: None
2025-01-30 20:30:33.247 62974 INFO tempest.lib.common.dynamic_creds [-] Created isolated network resources for: credentials: Credentials: {'domain_id': 'default', 'domain_name': 'Default', 'username': 'tempest-FlavorsAdminTestJSON-617938202-project-admin', 'project_domain_id': 'default', 'project_domain_name': 'Default', 'project_id': 'bb655cf9a4fc43f69dce717b2429d149', 'project_name': 'tempest-FlavorsAdminTestJSON-617938202', 'tenant_id': 'bb655cf9a4fc43f69dce717b2429d149', 'tenant_name': 'tempest-FlavorsAdminTestJSON-617938202', 'user_domain_id': 'default', 'user_domain_name': 'Default', 'user_id': 'bcef7cb1aa9d45c6b22548a7d8b7f714', 'system': None}, Network: None, Subnet: None, Router: None
2025-01-30 20:30:33.261 62958 INFO tempest.lib.common.rest_client [req-baaf72c4-3e2f-4329-b2b4-74ad10e76b8e req-baaf72c4-3e2f-4329-b2b4-74ad10e76b8e ] Request (HypervisorAdminNegativeUnderV252Test:setUpClass): 204 PUT http://10.180.1.21/identity/v3/projects/07d4f24b6ad14337affcc808ffa8fdf6/users/0af88a47334b44cea78a3c89df62222f/roles/9e516ab939f94ee9872873c23a9e9273 0.669s
2025-01-30 20:30:33.261 62958 INFO tempest.lib.common.dynamic_creds [-] Dynamic test user 0af88a47334b44cea78a3c89df62222f is created with scope project and roles: ['admin']
2025-01-30 20:30:33.261 62958 INFO tempest.lib.common.dynamic_creds [-] Acquired dynamic creds: credentials: Credentials: {'domain_id': 'default', 'domain_name': 'Default', 'username': 'tempest-HypervisorAdminNegativeUnderV252Test-2073516513-project-admin', 'project_domain_id': 'default', 'project_domain_name': 'Default', 'project_id': '07d4f24b6ad14337affcc808ffa8fdf6', 'project_name': 'tempest-HypervisorAdminNegativeUnderV252Test-2073516513', 'tenant_id': '07d4f24b6ad14337affcc808ffa8fdf6', 'tenant_name': 'tempest-HypervisorAdminNegativeUnderV252Test-2073516513', 'user_domain_id': 'default', 'user_domain_name': 'Default', 'user_id': '0af88a47334b44cea78a3c89df62222f', 'system': None}, Network: None, Subnet: None, Router: None
2025-01-30 20:30:33.262 62958 INFO tempest.lib.common.dynamic_creds [-] Created isolated network resources for: credentials: Credentials: {'domain_id': 'default', 'domain_name': 'Default', 'username': 'tempest-HypervisorAdminNegativeUnderV252Test-2073516513-project-admin', 'project_domain_id': 'default', 'project_domain_name': 'Default', 'project_id': '07d4f24b6ad14337affcc808ffa8fdf6', 'project_name': 'tempest-HypervisorAdminNegativeUnderV252Test-2073516513', 'tenant_id': '07d4f24b6ad14337affcc808ffa8fdf6', 'tenant_name': 'tempest-HypervisorAdminNegativeUnderV252Test-2073516513', 'user_domain_id': 'default', 'user_domain_name': 'Default', 'user_id': '0af88a47334b44cea78a3c89df62222f', 'system': None}, Network: None, Subnet: None, Router: None
2025-01-30 20:30:33.307 62976 INFO tempest.lib.common.rest_client [req-cae7c98e-51cd-478d-b26e-de8de2e5cf38 req-cae7c98e-51cd-478d-b26e-de8de2e5cf38 ] Request (MigrationsAdminTest:setUpClass): 204 PUT http://10.180.1.21/identity/v3/projects/725e1e680d064c51be2d3538f88c35ac/users/c143b8326268404ea52da0d50ca8f30b/roles/9e516ab939f94ee9872873c23a9e9273 0.691s
2025-01-30 20:30:33.307 62976 INFO tempest.lib.common.dynamic_creds [-] Dynamic test user c143b8326268404ea52da0d50ca8f30b is created with scope project and roles: ['admin']
2025-01-30 20:30:33.307 62976 INFO tempest.lib.common.dynamic_creds [-] Acquired dynamic creds: credentials: Credentials: {'domain_id': 'default', 'domain_name': 'Default', 'username': 'tempest-MigrationsAdminTest-1975872564-project-admin', 'project_domain_id': 'default', 'project_domain_name': 'Default', 'project_id': '725e1e680d064c51be2d3538f88c35ac', 'project_name': 'tempest-MigrationsAdminTest-1975872564', 'tenant_id': '725e1e680d064c51be2d3538f88c35ac', 'tenant_name': 'tempest-MigrationsAdminTest-1975872564', 'user_domain_id': 'default', 'user_domain_name': 'Default', 'user_id': 'c143b8326268404ea52da0d50ca8f30b', 'system': None}, Network: None, Subnet: None, Router: None
2025-01-30 20:30:33.307 62976 INFO tempest.lib.common.dynamic_creds [-] Created isolated network resources for: credentials: Credentials: {'domain_id': 'default', 'domain_name': 'Default', 'username': 'tempest-MigrationsAdminTest-1975872564-project-admin', 'project_domain_id': 'default', 'project_domain_name': 'Default', 'project_id': '725e1e680d064c51be2d3538f88c35ac', 'project_name': 'tempest-MigrationsAdminTest-1975872564', 'tenant_id': '725e1e680d064c51be2d3538f88c35ac', 'tenant_name': 'tempest-MigrationsAdminTest-1975872564', 'user_domain_id': 'default', 'user_domain_name': 'Default', 'user_id': 'c143b8326268404ea52da0d50ca8f30b', 'system': None}, Network: None, Subnet: None, Router: None
2025-01-30 20:30:33.311 62978 INFO tempest.lib.common.rest_client [req-f2bee1e1-714d-4a3f-95c2-cd25ed41929d req-f2bee1e1-714d-4a3f-95c2-cd25ed41929d ] Request (FlavorsAccessTestJSON:setUpClass): 204 PUT http://10.180.1.21/identity/v3/projects/3a26630f58fb4204b518095c4465f0b3/users/e81f77f90d4d48ac973ecf4acacaa6a1/roles/9e516ab939f94ee9872873c23a9e9273 0.698s
2025-01-30 20:30:33.311 62978 INFO tempest.lib.common.dynamic_creds [-] Dynamic test user e81f77f90d4d48ac973ecf4acacaa6a1 is created with scope project and roles: ['admin']
2025-01-30 20:30:33.311 62978 INFO tempest.lib.common.dynamic_creds [-] Acquired dynamic creds: credentials: Credentials: {'domain_id': 'default', 'domain_name': 'Default', 'username': 'tempest-FlavorsAccessTestJSON-520074755-project-admin', 'project_domain_id': 'default', 'project_domain_name': 'Default', 'project_id': '3a26630f58fb4204b518095c4465f0b3', 'project_name': 'tempest-FlavorsAccessTestJSON-520074755', 'tenant_id': '3a26630f58fb4204b518095c4465f0b3', 'tenant_name': 'tempest-FlavorsAccessTestJSON-520074755', 'user_domain_id': 'default', 'user_domain_name': 'Default', 'user_id': 'e81f77f90d4d48ac973ecf4acacaa6a1', 'system': None}, Network: None, Subnet: None, Router: None
2025-01-30 20:30:33.311 62978 INFO tempest.lib.common.dynamic_creds [-] Created isolated network resources for: credentials: Credentials: {'domain_id': 'default', 'domain_name': 'Default', 'username': 'tempest-FlavorsAccessTestJSON-520074755-project-admin', 'project_domain_id': 'default', 'project_domain_name': 'Default', 'project_id': '3a26630f58fb4204b518095c4465f0b3', 'project_name': 'tempest-FlavorsAccessTestJSON-520074755', 'tenant_id': '3a26630f58fb4204b518095c4465f0b3', 'tenant_name': 'tempest-FlavorsAccessTestJSON-520074755', 'user_domain_id': 'default', 'user_domain_name': 'Default', 'user_id': 'e81f77f90d4d48ac973ecf4acacaa6a1', 'system': None}, Network: None, Subnet: None, Router: None
2025-01-30 20:30:33.373 62972 INFO tempest.lib.common.rest_client [req-e62f4cf6-2dee-4aaa-a733-240e91e51275 req-e62f4cf6-2dee-4aaa-a733-240e91e51275 ] Request (FlavorsExtraSpecsTestJSON:setUpClass): 204 PUT http://10.180.1.21/identity/v3/projects/01b51e35feb64ab1abd947df4d6878df/users/2d5157e32e734effb27ee3e9d60aa058/roles/9e516ab939f94ee9872873c23a9e9273 0.740s
2025-01-30 20:30:33.373 62972 INFO tempest.lib.common.dynamic_creds [-] Dynamic test user 2d5157e32e734effb27ee3e9d60aa058 is created with scope project and roles: ['admin']
2025-01-30 20:30:33.373 62972 INFO tempest.lib.common.dynamic_creds [-] Acquired dynamic creds: credentials: Credentials: {'domain_id': 'default', 'domain_name': 'Default', 'username': 'tempest-FlavorsExtraSpecsTestJSON-1625756532-project-admin', 'project_domain_id': 'default', 'project_domain_name': 'Default', 'project_id': '01b51e35feb64ab1abd947df4d6878df', 'project_name': 'tempest-FlavorsExtraSpecsTestJSON-1625756532', 'tenant_id': '01b51e35feb64ab1abd947df4d6878df', 'tenant_name': 'tempest-FlavorsExtraSpecsTestJSON-1625756532', 'user_domain_id': 'default', 'user_domain_name': 'Default', 'user_id': '2d5157e32e734effb27ee3e9d60aa058', 'system': None}, Network: None, Subnet: None, Router: None
2025-01-30 20:30:33.374 62972 INFO tempest.lib.common.dynamic_creds [-] Created isolated network resources for: credentials: Credentials: {'domain_id': 'default', 'domain_name': 'Default', 'username': 'tempest-FlavorsExtraSpecsTestJSON-1625756532-project-admin', 'project_domain_id': 'default', 'project_domain_name': 'Default', 'project_id': '01b51e35feb64ab1abd947df4d6878df', 'project_name': 'tempest-FlavorsExtraSpecsTestJSON-1625756532', 'tenant_id': '01b51e35feb64ab1abd947df4d6878df', 'tenant_name': 'tempest-FlavorsExtraSpecsTestJSON-1625756532', 'user_domain_id': 'default', 'user_domain_name': 'Default', 'user_id': '2d5157e32e734effb27ee3e9d60aa058', 'system': None}, Network: None, Subnet: None, Router: None
2025-01-30 20:30:33.466 62998 INFO tempest.lib.common.rest_client [req-9dfcd128-84db-4950-b3e4-09dcc65e6ce4 req-9dfcd128-84db-4950-b3e4-09dcc65e6ce4 ] Request (ComputeTenantNetworksTest:tearDownClass): 204 DELETE http://10.180.1.21/identity/v3/users/39413d794c314fb4bf6a41fa1ca198fa 0.848s
2025-01-30 20:30:33.466 62998 INFO tempest.lib.common.dynamic_creds [-] Deleting project and security group for project: c29a19662e6f469ebee69ee2dbe92a26
2025-01-30 20:30:33.468 62988 INFO tempest.lib.common.rest_client [req-76d032cb-19bd-40c9-94ad-2e3e94cdbefe req-76d032cb-19bd-40c9-94ad-2e3e94cdbefe ] Request (ServersAdminNegativeTestJSON:setUpClass): 201 POST http://10.180.1.21/identity/v3/auth/tokens 0.777s
2025-01-30 20:30:33.469 62988 WARNING tempest.lib.common.rest_client [-] Deprecated: "tenant_id" property is deprecated for removal, use "project_id" instead
2025-01-30 20:30:33.518 63006 INFO tempest.lib.common.rest_client [req-263dd989-ec67-4127-82ad-493c140e4b2c req-263dd989-ec67-4127-82ad-493c140e4b2c ] Request (ServersTestBootFromVolume:setUpClass): 201 POST http://10.180.1.21:9696/networking/v2.0/routers 1.910s
2025-01-30 20:30:33.564 62980 INFO tempest.lib.common.rest_client [req-acc9d37f-27ad-48d2-8325-6775ef687b64 req-acc9d37f-27ad-48d2-8325-6775ef687b64 ] Request (AggregatesAdminNegativeTestJSON:setUpClass): 201 POST http://10.180.1.21/identity/v3/auth/tokens 0.813s
2025-01-30 20:30:33.576 62998 INFO tempest.lib.common.rest_client [req-14283284-636b-4b3b-ba76-06cfea06d26f req-14283284-636b-4b3b-ba76-06cfea06d26f ] Request (ComputeTenantNetworksTest:tearDownClass): 200 GET http://10.180.1.21:9696/networking/v2.0/security-groups?tenant_id=c29a19662e6f469ebee69ee2dbe92a26&name=default 0.110s
2025-01-30 20:30:33.614 62982 INFO tempest.lib.common.rest_client [req-92f327d4-fa6a-4b3e-9337-90bd810865c0 req-92f327d4-fa6a-4b3e-9337-90bd810865c0 ] Request (QuotasAdminTestV236:setUpClass): 204 PUT http://10.180.1.21/identity/v3/projects/c680d66b31dd4844950c9f988c251a8f/users/6d9d2447e8914eab99c76b698e49e35a/roles/9e516ab939f94ee9872873c23a9e9273 0.918s
2025-01-30 20:30:33.614 62982 INFO tempest.lib.common.dynamic_creds [-] Dynamic test user 6d9d2447e8914eab99c76b698e49e35a is created with scope project and roles: ['admin']
2025-01-30 20:30:33.616 62982 INFO tempest.lib.common.dynamic_creds [-] Acquired dynamic creds: credentials: Credentials: {'domain_id': 'default', 'domain_name': 'Default', 'username': 'tempest-QuotasAdminTestV236-1266342175-project-admin', 'project_domain_id': 'default', 'project_domain_name': 'Default', 'project_id': 'c680d66b31dd4844950c9f988c251a8f', 'project_name': 'tempest-QuotasAdminTestV236-1266342175', 'tenant_id': 'c680d66b31dd4844950c9f988c251a8f', 'tenant_name': 'tempest-QuotasAdminTestV236-1266342175', 'user_domain_id': 'default', 'user_domain_name': 'Default', 'user_id': '6d9d2447e8914eab99c76b698e49e35a', 'system': None}, Network: None, Subnet: None, Router: None
2025-01-30 20:30:33.616 62982 INFO tempest.lib.common.dynamic_creds [-] Created isolated network resources for: credentials: Credentials: {'domain_id': 'default', 'domain_name': 'Default', 'username': 'tempest-QuotasAdminTestV236-1266342175-project-admin', 'project_domain_id': 'default', 'project_domain_name': 'Default', 'project_id': 'c680d66b31dd4844950c9f988c251a8f', 'project_name': 'tempest-QuotasAdminTestV236-1266342175', 'tenant_id': 'c680d66b31dd4844950c9f988c251a8f', 'tenant_name': 'tempest-QuotasAdminTestV236-1266342175', 'user_domain_id': 'default', 'user_domain_name': 'Default', 'user_id': '6d9d2447e8914eab99c76b698e49e35a', 'system': None}, Network: None, Subnet: None, Router: None
2025-01-30 20:30:33.664 62966 INFO tempest.lib.common.rest_client [req-2be2da48-c2da-4124-8e7c-8efc6527fb08 req-2be2da48-c2da-4124-8e7c-8efc6527fb08 ] Request (FlavorsAccessNegativeTestJSON:setUpClass): 204 PUT http://10.180.1.21/identity/v3/projects/69d0f9f276954111a2e16200492e96c5/users/32514962c04b48e5ae3a3e326cf858ff/roles/9e516ab939f94ee9872873c23a9e9273 0.905s
2025-01-30 20:30:33.665 62966 INFO tempest.lib.common.dynamic_creds [-] Dynamic test user 32514962c04b48e5ae3a3e326cf858ff is created with scope project and roles: ['admin']
2025-01-30 20:30:33.665 62966 INFO tempest.lib.common.dynamic_creds [-] Acquired dynamic creds: credentials: Credentials: {'domain_id': 'default', 'domain_name': 'Default', 'username': 'tempest-FlavorsAccessNegativeTestJSON-1093445097-project-admin', 'project_domain_id': 'default', 'project_domain_name': 'Default', 'project_id': '69d0f9f276954111a2e16200492e96c5', 'project_name': 'tempest-FlavorsAccessNegativeTestJSON-1093445097', 'tenant_id': '69d0f9f276954111a2e16200492e96c5', 'tenant_name': 'tempest-FlavorsAccessNegativeTestJSON-1093445097', 'user_domain_id': 'default', 'user_domain_name': 'Default', 'user_id': '32514962c04b48e5ae3a3e326cf858ff', 'system': None}, Network: None, Subnet: None, Router: None
2025-01-30 20:30:33.665 62966 INFO tempest.lib.common.dynamic_creds [-] Created isolated network resources for: credentials: Credentials: {'domain_id': 'default', 'domain_name': 'Default', 'username': 'tempest-FlavorsAccessNegativeTestJSON-1093445097-project-admin', 'project_domain_id': 'default', 'project_domain_name': 'Default', 'project_id': '69d0f9f276954111a2e16200492e96c5', 'project_name': 'tempest-FlavorsAccessNegativeTestJSON-1093445097', 'tenant_id': '69d0f9f276954111a2e16200492e96c5', 'tenant_name': 'tempest-FlavorsAccessNegativeTestJSON-1093445097', 'user_domain_id': 'default', 'user_domain_name': 'Default', 'user_id': '32514962c04b48e5ae3a3e326cf858ff', 'system': None}, Network: None, Subnet: None, Router: None
2025-01-30 20:30:33.722 62994 INFO tempest.lib.common.rest_client [req-dd051914-9277-4b41-b0bd-0cedab3ae49d req-dd051914-9277-4b41-b0bd-0cedab3ae49d ] Request (FlavorsV255TestJSON:setUpClass): 204 PUT http://10.180.1.21/identity/v3/projects/66269cea5ccd4ff08fab459dd8e496bd/users/21970cd7c55c4e709aa729529a65270e/roles/9e516ab939f94ee9872873c23a9e9273 0.824s
2025-01-30 20:30:33.722 62994 INFO tempest.lib.common.dynamic_creds [-] Dynamic test user 21970cd7c55c4e709aa729529a65270e is created with scope project and roles: ['admin']
2025-01-30 20:30:33.722 62994 INFO tempest.lib.common.dynamic_creds [-] Acquired dynamic creds: credentials: Credentials: {'domain_id': 'default', 'domain_name': 'Default', 'username': 'tempest-FlavorsV255TestJSON-820601373-project-admin', 'project_domain_id': 'default', 'project_domain_name': 'Default', 'project_id': '66269cea5ccd4ff08fab459dd8e496bd', 'project_name': 'tempest-FlavorsV255TestJSON-820601373', 'tenant_id': '66269cea5ccd4ff08fab459dd8e496bd', 'tenant_name': 'tempest-FlavorsV255TestJSON-820601373', 'user_domain_id': 'default', 'user_domain_name': 'Default', 'user_id': '21970cd7c55c4e709aa729529a65270e', 'system': None}, Network: None, Subnet: None, Router: None
2025-01-30 20:30:33.723 62994 INFO tempest.lib.common.dynamic_creds [-] Created isolated network resources for: credentials: Credentials: {'domain_id': 'default', 'domain_name': 'Default', 'username': 'tempest-FlavorsV255TestJSON-820601373-project-admin', 'project_domain_id': 'default', 'project_domain_name': 'Default', 'project_id': '66269cea5ccd4ff08fab459dd8e496bd', 'project_name': 'tempest-FlavorsV255TestJSON-820601373', 'tenant_id': '66269cea5ccd4ff08fab459dd8e496bd', 'tenant_name': 'tempest-FlavorsV255TestJSON-820601373', 'user_domain_id': 'default', 'user_domain_name': 'Default', 'user_id': '21970cd7c55c4e709aa729529a65270e', 'system': None}, Network: None, Subnet: None, Router: None
2025-01-30 20:30:33.746 62962 INFO tempest.lib.common.rest_client [req-9f3b1066-835c-4417-8e04-0a083685490f req-9f3b1066-835c-4417-8e04-0a083685490f ] Request (SecurityGroupsTestAdminJSON:setUpClass): 201 POST http://10.180.1.21/identity/v3/auth/tokens 0.913s
2025-01-30 20:30:33.809 62996 INFO tempest.lib.common.rest_client [req-aa4b5cbc-09db-460d-b61d-8ea4121c6ef5 req-aa4b5cbc-09db-460d-b61d-8ea4121c6ef5 ] Request (DeleteServersAdminTestJSON:test_admin_delete_servers_of_others): 201 POST http://10.180.1.21/identity/v3/auth/tokens 0.831s
2025-01-30 20:30:33.809 62996 INFO tempest.lib.common.fixed_network [-] (DeleteServersAdminTestJSON:test_admin_delete_servers_of_others) Found network None available for tenant
2025-01-30 20:30:33.811 63000 INFO tempest.lib.common.rest_client [req-f2124612-99dd-4dcc-a1da-6aa3e5a57256 req-f2124612-99dd-4dcc-a1da-6aa3e5a57256 ] Request (AZAdminV2TestJSON:setUpClass): 201 POST http://10.180.1.21/identity/v3/auth/tokens 0.899s
2025-01-30 20:30:33.874 62990 INFO tempest.lib.common.rest_client [req-769534fa-278e-4fd0-bd0f-932004cee1ba req-769534fa-278e-4fd0-bd0f-932004cee1ba ] Request (FlavorMetadataValidation:setUpClass): 201 POST http://10.180.1.21/identity/v3/auth/tokens 0.850s
2025-01-30 20:30:33.899 62986 INFO tempest.lib.common.rest_client [req-0c1301e9-7d12-4b3e-b553-7e96db644921 req-0c1301e9-7d12-4b3e-b553-7e96db644921 ] Request (SecurityGroupsTestJSON:setUpClass): 201 POST http://10.180.1.21/identity/v3/projects 0.875s
2025-01-30 20:30:34.000 62950 INFO tempest.lib.common.rest_client [req-b21e9a78-3854-45a0-b54d-eedf7d162ee9 req-b21e9a78-3854-45a0-b54d-eedf7d162ee9 ] Request (ServerDiagnosticsNegativeTest:setUpClass): 201 POST http://10.180.1.21/identity/v3/auth/tokens 0.907s
2025-01-30 20:30:34.015 62946 INFO tempest.lib.common.rest_client [req-829d918a-e99c-4249-961f-f0b569c14013 req-829d918a-e99c-4249-961f-f0b569c14013 ] Request (FloatingIPDetailsNegativeTestJSON:tearDownClass): 200 PUT http://10.180.1.21:9696/networking/v2.0/routers/f2ba5b78-3eca-467c-aa9e-4e4aaa09be8d/remove_router_interface 1.920s
2025-01-30 20:30:34.026 62948 INFO tempest.lib.common.rest_client [req-62c872ed-1516-4df4-9ce8-9b0bbc859068 req-62c872ed-1516-4df4-9ce8-9b0bbc859068 ] Request (HostsAdminNegativeTestJSON:setUpClass): 201 POST http://10.180.1.21/identity/v3/auth/tokens 0.834s
2025-01-30 20:30:34.104 62956 INFO tempest.lib.common.rest_client [req-e25d089e-4cdb-4238-9a72-a0f8281f9a22 req-e25d089e-4cdb-4238-9a72-a0f8281f9a22 ] Request (VolumesAssistedSnapshotsTest:setUpClass): 201 POST http://10.180.1.21/identity/v3/auth/tokens 0.877s
2025-01-30 20:30:34.140 62984 INFO tempest.lib.common.rest_client [req-7c394c63-b521-4a01-82c3-5ab4277b50c7 req-7c394c63-b521-4a01-82c3-5ab4277b50c7 ] Request (QuotasSecurityGroupAdminNegativeTest:tearDownClass): 204 DELETE http://10.180.1.21/identity/v3/users/76fc85a7e1354e74adf038bef6b09a2d 0.947s
2025-01-30 20:30:34.141 62984 INFO tempest.lib.common.dynamic_creds [-] Deleting project and security group for project: 16039af978c04f3aae8598f0c18fdf29
2025-01-30 20:30:34.149 62998 INFO tempest.lib.common.rest_client [req-4d4fe627-de22-460c-9588-86ab375ea00c req-4d4fe627-de22-460c-9588-86ab375ea00c ] Request (ComputeTenantNetworksTest:tearDownClass): 204 DELETE http://10.180.1.21:9696/networking/v2.0/security-groups/92e66c92-ab77-473f-bf3d-602b660a4e4f 0.573s
2025-01-30 20:30:34.174 62960 INFO tempest.lib.common.rest_client [req-f38a3f66-b730-4820-bc7e-b13919cd2238 req-f38a3f66-b730-4820-bc7e-b13919cd2238 ] Request (HypervisorAdminV228Test:setUpClass): 201 POST http://10.180.1.21/identity/v3/auth/tokens 0.929s
2025-01-30 20:30:34.198 62964 INFO tempest.lib.common.rest_client [req-2c756bc2-187c-4c48-9c7e-e197587b0f23 req-2c756bc2-187c-4c48-9c7e-e197587b0f23 ] Request (ServersAdminTestJSON:setUpClass): 200 PUT http://10.180.1.21:9696/networking/v2.0/routers/04f93120-8396-471f-ac93-9aeeaba27bf0/add_router_interface 2.439s
2025-01-30 20:30:34.198 62964 INFO tempest.lib.common.dynamic_creds [-] Created isolated network resources for: credentials: Credentials: {'domain_id': 'default', 'domain_name': 'Default', 'username': 'tempest-ServersAdminTestJSON-158660873-project-member', 'project_domain_id': 'default', 'project_domain_name': 'Default', 'project_id': '14238d8125674b63a7cf4452cb260283', 'project_name': 'tempest-ServersAdminTestJSON-158660873', 'tenant_id': '14238d8125674b63a7cf4452cb260283', 'tenant_name': 'tempest-ServersAdminTestJSON-158660873', 'user_domain_id': 'default', 'user_domain_name': 'Default', 'user_id': 'c72c1ac25b9f4aeea2c5fb37afd37598', 'system': None}, Network: {'id': '4e8b6953-adb2-4977-8315-179e01e807e0', 'name': 'tempest-ServersAdminTestJSON-1952492535-network', 'tenant_id': '14238d8125674b63a7cf4452cb260283', 'admin_state_up': True, 'mtu': 8950, 'status': 'ACTIVE', 'subnets': [], 'shared': False, 'project_id': '14238d8125674b63a7cf4452cb260283', 'port_security_enabled': True, 'router:external': False, 'provider:network_type': 'vlan', 'provider:physical_network': 'default', 'provider:segmentation_id': 427, 'availability_zone_hints': [], 'availability_zones': [], 'ipv4_address_scope': None, 'ipv6_address_scope': None, 'description': '', 'tags': [], 'created_at': '2025-01-30T20:30:30Z', 'updated_at': '2025-01-30T20:30:30Z', 'revision_number': 1}, Subnet: {'id': '589ac3a9-65ba-41a7-9cba-4aad0fb5864a', 'name': 'tempest-ServersAdminTestJSON-1952492535-subnet', 'tenant_id': '14238d8125674b63a7cf4452cb260283', 'network_id': '4e8b6953-adb2-4977-8315-179e01e807e0', 'ip_version': 4, 'subnetpool_id': None, 'enable_dhcp': True, 'ipv6_ra_mode': None, 'ipv6_address_mode': None, 'gateway_ip': '192.168.128.1', 'cidr': '192.168.128.0/28', 'allocation_pools': [{'start': '192.168.128.2', 'end': '192.168.128.14'}], 'host_routes': [], 'dns_nameservers': [], 'description': '', 'router:external': False, 'service_types': [], 'tags': [], 'created_at': '2025-01-30T20:30:30Z', 'updated_at': '2025-01-30T20:30:30Z', 'revision_number': 0, 'project_id': '14238d8125674b63a7cf4452cb260283'}, Router: {'id': '04f93120-8396-471f-ac93-9aeeaba27bf0', 'name': 'tempest-ServersAdminTestJSON-1952492535-router', 'tenant_id': '14238d8125674b63a7cf4452cb260283', 'admin_state_up': True, 'status': 'ACTIVE', 'external_gateway_info': {'network_id': '329ad84d-a457-4bfa-bddb-c81ccd0a975b', 'external_fixed_ips': [{'subnet_id': 'a74fa48a-7867-48cf-b177-648056d7f6d7', 'ip_address': '10.180.180.198'}], 'enable_snat': True}, 'description': '', 'availability_zones': [], 'distributed': False, 'ha': False, 'availability_zone_hints': [], 'routes': [], 'flavor_id': None, 'tags': [], 'created_at': '2025-01-30T20:30:30Z', 'updated_at': '2025-01-30T20:30:31Z', 'revision_number': 2, 'project_id': '14238d8125674b63a7cf4452cb260283'}
2025-01-30 20:30:34.221 62974 INFO tempest.lib.common.rest_client [req-1d5290ab-5742-4f1d-a92c-5e1205a85909 req-1d5290ab-5742-4f1d-a92c-5e1205a85909 ] Request (FlavorsAdminTestJSON:setUpClass): 201 POST http://10.180.1.21/identity/v3/auth/tokens 0.892s
2025-01-30 20:30:34.240 62958 INFO tempest.lib.common.rest_client [req-d4238ad9-fc95-4832-8e14-67d0909ee0dd req-d4238ad9-fc95-4832-8e14-67d0909ee0dd ] Request (HypervisorAdminNegativeUnderV252Test:setUpClass): 201 POST http://10.180.1.21/identity/v3/auth/tokens 0.911s
2025-01-30 20:30:34.288 62976 INFO tempest.lib.common.rest_client [req-0f077d39-cf6c-4292-913a-33e9bc67eeba req-0f077d39-cf6c-4292-913a-33e9bc67eeba ] Request (MigrationsAdminTest:setUpClass): 201 POST http://10.180.1.21/identity/v3/auth/tokens 0.899s
2025-01-30 20:30:34.316 62978 INFO tempest.lib.common.rest_client [req-aa1f8499-6b1a-4a00-bb4d-3587c2c4bbdc req-aa1f8499-6b1a-4a00-bb4d-3587c2c4bbdc ] Request (FlavorsAccessTestJSON:setUpClass): 201 POST http://10.180.1.21/identity/v3/auth/tokens 0.919s
2025-01-30 20:30:34.317 62978 WARNING tempest.lib.common.rest_client [-] Deprecated: "tenant_id" property is deprecated for removal, use "project_id" instead
2025-01-30 20:30:34.357 62972 INFO tempest.lib.common.rest_client [req-df30be21-d184-48d9-a4da-a994154834a2 req-df30be21-d184-48d9-a4da-a994154834a2 ] Request (FlavorsExtraSpecsTestJSON:setUpClass): 201 POST http://10.180.1.21/identity/v3/auth/tokens 0.902s
2025-01-30 20:30:34.389 62988 INFO tempest.lib.common.rest_client [req-e36f6a8a-353b-45d7-a7b0-2142e3187024 req-e36f6a8a-353b-45d7-a7b0-2142e3187024 ] Request (ServersAdminNegativeTestJSON:setUpClass): 201 POST http://10.180.1.21/identity/v3/auth/tokens 0.914s
2025-01-30 20:30:34.390 62988 INFO tempest.lib.common.fixed_network [-] (ServersAdminNegativeTestJSON:setUpClass) Found network None available for tenant
2025-01-30 20:30:34.466 62982 INFO tempest.lib.common.rest_client [req-eb26b5a1-114d-47f2-b007-a1f1fe69eef7 req-eb26b5a1-114d-47f2-b007-a1f1fe69eef7 ] Request (QuotasAdminTestV236:setUpClass): 201 POST http://10.180.1.21/identity/v3/auth/tokens 0.786s
2025-01-30 20:30:34.467 62982 WARNING tempest.lib.common.rest_client [-] Deprecated: "tenant_id" property is deprecated for removal, use "project_id" instead
2025-01-30 20:30:34.480 63004 INFO tempest.lib.common.rest_client [req-9362fd07-582e-4ac4-9f77-6d3930b73ecf req-9362fd07-582e-4ac4-9f77-6d3930b73ecf ] Request (FloatingIPsTestJSON:test_allocate_floating_ip): 200 POST http://10.180.1.21/compute/v2.1/os-floating-ips 3.504s
2025-01-30 20:30:34.529 62992 INFO tempest.lib.common.rest_client [req-10a9d7d0-85f3-4040-b988-7728e8c96481 req-10a9d7d0-85f3-4040-b988-7728e8c96481 ] Request (FloatingIPsAssociationTestJSON:setUpClass): 200 PUT http://10.180.1.21:9696/networking/v2.0/routers/554fa295-e87d-4edf-a0f9-8f24224e059d/add_router_interface 2.304s
2025-01-30 20:30:34.529 62992 INFO tempest.lib.common.dynamic_creds [-] Created isolated network resources for: credentials: Credentials: {'domain_id': 'default', 'domain_name': 'Default', 'username': 'tempest-FloatingIPsAssociationTestJSON-1435038635-project-member', 'project_domain_id': 'default', 'project_domain_name': 'Default', 'project_id': 'b12d6c9026644c9cb45d687b92161121', 'project_name': 'tempest-FloatingIPsAssociationTestJSON-1435038635', 'tenant_id': 'b12d6c9026644c9cb45d687b92161121', 'tenant_name': 'tempest-FloatingIPsAssociationTestJSON-1435038635', 'user_domain_id': 'default', 'user_domain_name': 'Default', 'user_id': '137df2297d4e4317ba82a3c6faf09bc4', 'system': None}, Network: {'id': '5d65934a-2966-4094-bc55-817726caaea5', 'name': 'tempest-FloatingIPsAssociationTestJSON-1246247596-network', 'tenant_id': 'b12d6c9026644c9cb45d687b92161121', 'admin_state_up': True, 'mtu': 8950, 'status': 'ACTIVE', 'subnets': [], 'shared': False, 'project_id': 'b12d6c9026644c9cb45d687b92161121', 'port_security_enabled': True, 'router:external': False, 'provider:network_type': 'vlan', 'provider:physical_network': 'default', 'provider:segmentation_id': 176, 'availability_zone_hints': [], 'availability_zones': [], 'ipv4_address_scope': None, 'ipv6_address_scope': None, 'description': '', 'tags': [], 'created_at': '2025-01-30T20:30:30Z', 'updated_at': '2025-01-30T20:30:30Z', 'revision_number': 1}, Subnet: {'id': 'aa2dbca8-73df-4498-9b0a-12c01caa4fe6', 'name': 'tempest-FloatingIPsAssociationTestJSON-1246247596-subnet', 'tenant_id': 'b12d6c9026644c9cb45d687b92161121', 'network_id': '5d65934a-2966-4094-bc55-817726caaea5', 'ip_version': 4, 'subnetpool_id': None, 'enable_dhcp': True, 'ipv6_ra_mode': None, 'ipv6_address_mode': None, 'gateway_ip': '192.168.128.1', 'cidr': '192.168.128.0/28', 'allocation_pools': [{'start': '192.168.128.2', 'end': '192.168.128.14'}], 'host_routes': [], 'dns_nameservers': [], 'description': '', 'router:external': False, 'service_types': [], 'tags': [], 'created_at': '2025-01-30T20:30:30Z', 'updated_at': '2025-01-30T20:30:30Z', 'revision_number': 0, 'project_id': 'b12d6c9026644c9cb45d687b92161121'}, Router: {'id': '554fa295-e87d-4edf-a0f9-8f24224e059d', 'name': 'tempest-FloatingIPsAssociationTestJSON-1246247596-router', 'tenant_id': 'b12d6c9026644c9cb45d687b92161121', 'admin_state_up': True, 'status': 'ACTIVE', 'external_gateway_info': {'network_id': '329ad84d-a457-4bfa-bddb-c81ccd0a975b', 'external_fixed_ips': [{'subnet_id': 'a74fa48a-7867-48cf-b177-648056d7f6d7', 'ip_address': '10.180.180.184'}], 'enable_snat': True}, 'description': '', 'availability_zones': [], 'distributed': False, 'ha': False, 'availability_zone_hints': [], 'routes': [], 'flavor_id': None, 'tags': [], 'created_at': '2025-01-30T20:30:30Z', 'updated_at': '2025-01-30T20:30:31Z', 'revision_number': 2, 'project_id': 'b12d6c9026644c9cb45d687b92161121'}
2025-01-30 20:30:34.532 62954 INFO tempest.lib.common.rest_client [req-6ae2729f-58cf-4827-b18a-6d749179f027 req-6ae2729f-58cf-4827-b18a-6d749179f027 ] Request (QuotasAdminTestJSON:test_delete_quota): 200 PUT http://10.180.1.21/compute/v2.1/os-quota-sets/ea568f34c42540938576f9c63906c812 2.150s
2025-01-30 20:30:34.537 62994 INFO tempest.lib.common.rest_client [req-e627aebf-8b8d-4b57-96f2-1c2f4115769e req-e627aebf-8b8d-4b57-96f2-1c2f4115769e ] Request (FlavorsV255TestJSON:setUpClass): 201 POST http://10.180.1.21/identity/v3/auth/tokens 0.750s
2025-01-30 20:30:34.540 62966 INFO tempest.lib.common.rest_client [req-8e1c6c9d-8ece-40a2-b886-3f269eefb7c5 req-8e1c6c9d-8ece-40a2-b886-3f269eefb7c5 ] Request (FlavorsAccessNegativeTestJSON:setUpClass): 201 POST http://10.180.1.21/identity/v3/auth/tokens 0.812s
2025-01-30 20:30:34.620 62986 INFO tempest.lib.common.rest_client [req-0bb1047e-a8f9-4af3-a524-6cab024b3fe8 req-0bb1047e-a8f9-4af3-a524-6cab024b3fe8 ] Request (SecurityGroupsTestJSON:setUpClass): 201 POST http://10.180.1.21/identity/v3/users 0.720s
2025-01-30 20:30:34.652 62950 INFO tempest.lib.common.rest_client [req-d8f48e6c-71db-4823-b09c-4b077400a91d req-d8f48e6c-71db-4823-b09c-4b077400a91d ] Request (ServerDiagnosticsNegativeTest:test_get_server_diagnostics_by_non_admin): 201 POST http://10.180.1.21/identity/v3/auth/tokens 0.647s
2025-01-30 20:30:34.653 62950 INFO tempest.lib.common.fixed_network [-] (ServerDiagnosticsNegativeTest:test_get_server_diagnostics_by_non_admin) Found network None available for tenant
2025-01-30 20:30:34.667 62956 INFO tempest.lib.common.rest_client [req-44f3e02a-58ff-44af-bc30-59252a061b55 req-44f3e02a-58ff-44af-bc30-59252a061b55 ] Request (VolumesAssistedSnapshotsTest:setUpClass): 201 POST http://10.180.1.21/identity/v3/projects 0.562s
2025-01-30 20:30:34.679 62946 INFO tempest.lib.common.rest_client [req-7cdae299-4726-486f-a0a7-98f48bb4bc06 req-7cdae299-4726-486f-a0a7-98f48bb4bc06 ] Request (FloatingIPDetailsNegativeTestJSON:tearDownClass): 204 DELETE http://10.180.1.21:9696/networking/v2.0/routers/f2ba5b78-3eca-467c-aa9e-4e4aaa09be8d 0.663s
2025-01-30 20:30:34.707 62984 INFO tempest.lib.common.rest_client [req-5401d013-950d-4cab-b6b0-79f878e9c0d9 req-5401d013-950d-4cab-b6b0-79f878e9c0d9 ] Request (QuotasSecurityGroupAdminNegativeTest:tearDownClass): 201 POST http://10.180.1.21/identity/v3/auth/tokens 0.566s
2025-01-30 20:30:34.769 62964 INFO tempest.lib.common.rest_client [req-1191cb7b-15db-454d-b81b-a148054c769c req-1191cb7b-15db-454d-b81b-a148054c769c ] Request (ServersAdminTestJSON:setUpClass): 201 POST http://10.180.1.21/identity/v3/auth/tokens 0.568s
2025-01-30 20:30:34.774 62998 INFO tempest.lib.common.rest_client [req-5f5f0d06-5d2b-484e-950a-6146b003b7f9 req-5f5f0d06-5d2b-484e-950a-6146b003b7f9 ] Request (ComputeTenantNetworksTest:tearDownClass): 204 DELETE http://10.180.1.21/identity/v3/projects/c29a19662e6f469ebee69ee2dbe92a26 0.624s
2025-01-30 20:30:34.839 62946 INFO tempest.lib.common.rest_client [req-57801fb9-606f-46fa-b07c-6c18a7fc902a req-57801fb9-606f-46fa-b07c-6c18a7fc902a ] Request (FloatingIPDetailsNegativeTestJSON:tearDownClass): 204 DELETE http://10.180.1.21:9696/networking/v2.0/subnets/d3ff5e6c-7a29-45b8-86f9-c1cee797b367 0.159s
2025-01-30 20:30:34.912 62968 INFO tempest.lib.common.rest_client [req-c6a383d9-24b3-4b43-b869-9a17eb267b6b req-c6a383d9-24b3-4b43-b869-9a17eb267b6b ] Request (FlavorsExtraSpecsNegativeTestJSON:test_flavor_get_nonexistent_key): 404 GET http://10.180.1.21/compute/v2.1/flavors/1934763299/os-extra_specs/hw:cpu_thread_policy 2.079s
2025-01-30 20:30:34.922 62970 INFO tempest.lib.common.rest_client [req-d5d4f455-1c5f-4964-845e-d77bd66ac804 req-d5d4f455-1c5f-4964-845e-d77bd66ac804 ] Request (AZAdminNegativeTestJSON:test_get_availability_zone_list_detail_with_non_admin_user): 403 GET http://10.180.1.21/compute/v2.1/os-availability-zone/detail 2.367s
2025-01-30 20:30:34.941 62992 INFO tempest.lib.common.rest_client [req-3734171d-732a-4e67-a21d-b17ad0deb171 req-3734171d-732a-4e67-a21d-b17ad0deb171 ] Request (FloatingIPsAssociationTestJSON:setUpClass): 201 POST http://10.180.1.21/identity/v3/auth/tokens 0.407s
2025-01-30 20:30:34.957 63002 INFO tempest.lib.common.rest_client [req-201b7aa3-de46-4c54-b256-5ab442818a49 req-201b7aa3-de46-4c54-b256-5ab442818a49 ] Request (FlavorsV261TestJSON:test_crud_flavor): 200 GET http://10.180.1.21/compute/v2.1/flavors/detail 2.088s
2025-01-30 20:30:34.984 62966 INFO tempest.lib.common.rest_client [req-3d568138-a07c-4159-8f51-39ecf6ad3899 req-3d568138-a07c-4159-8f51-39ecf6ad3899 ] Request (FlavorsAccessNegativeTestJSON:setUpClass): 201 POST http://10.180.1.21/identity/v3/projects 0.444s
2025-01-30 20:30:34.994 62986 INFO tempest.lib.common.rest_client [req-e0701e1d-3e49-4e0d-9871-e7c97a566afe req-e0701e1d-3e49-4e0d-9871-e7c97a566afe ] Request (SecurityGroupsTestJSON:setUpClass): 200 GET http://10.180.1.21/identity/v3/roles 0.374s
2025-01-30 20:30:35.041 62956 INFO tempest.lib.common.rest_client [req-9e6e7eeb-d8e3-4352-901a-50efa2cc8547 req-9e6e7eeb-d8e3-4352-901a-50efa2cc8547 ] Request (VolumesAssistedSnapshotsTest:setUpClass): 201 POST http://10.180.1.21/identity/v3/users 0.374s
2025-01-30 20:30:35.075 62964 INFO tempest.lib.common.rest_client [req-2c13f772-f377-478c-a522-54c09dd22245 req-2c13f772-f377-478c-a522-54c09dd22245 ] Request (ServersAdminTestJSON:setUpClass): 201 POST http://10.180.1.21/identity/v3/projects 0.305s
2025-01-30 20:30:35.104 63006 INFO tempest.lib.common.rest_client [req-5a66b616-1e1e-4061-8a32-fa59f6d3c329 req-5a66b616-1e1e-4061-8a32-fa59f6d3c329 ] Request (ServersTestBootFromVolume:setUpClass): 200 PUT http://10.180.1.21:9696/networking/v2.0/routers/0e5a363f-503e-48fd-98cb-946c1222a93e/add_router_interface 1.585s
2025-01-30 20:30:35.104 63006 INFO tempest.lib.common.dynamic_creds [-] Created isolated network resources for: credentials: Credentials: {'domain_id': 'default', 'domain_name': 'Default', 'username': 'tempest-ServersTestBootFromVolume-172209119-project-member', 'project_domain_id': 'default', 'project_domain_name': 'Default', 'project_id': 'f831870fb0824e8e8353640736a11692', 'project_name': 'tempest-ServersTestBootFromVolume-172209119', 'tenant_id': 'f831870fb0824e8e8353640736a11692', 'tenant_name': 'tempest-ServersTestBootFromVolume-172209119', 'user_domain_id': 'default', 'user_domain_name': 'Default', 'user_id': '61f771c92f944c26a4af4caf1a429325', 'system': None}, Network: {'id': 'b9125493-d85a-4d39-9114-1d2259e90e38', 'name': 'tempest-ServersTestBootFromVolume-1324862174-network', 'tenant_id': 'f831870fb0824e8e8353640736a11692', 'admin_state_up': True, 'mtu': 8950, 'status': 'ACTIVE', 'subnets': [], 'shared': False, 'project_id': 'f831870fb0824e8e8353640736a11692', 'port_security_enabled': True, 'router:external': False, 'provider:network_type': 'vlan', 'provider:physical_network': 'default', 'provider:segmentation_id': 795, 'availability_zone_hints': [], 'availability_zones': [], 'ipv4_address_scope': None, 'ipv6_address_scope': None, 'description': '', 'tags': [], 'created_at': '2025-01-30T20:30:30Z', 'updated_at': '2025-01-30T20:30:30Z', 'revision_number': 1}, Subnet: {'id': '4023df9c-787c-4ad6-94d3-014c3ae40d30', 'name': 'tempest-ServersTestBootFromVolume-1324862174-subnet', 'tenant_id': 'f831870fb0824e8e8353640736a11692', 'network_id': 'b9125493-d85a-4d39-9114-1d2259e90e38', 'ip_version': 4, 'subnetpool_id': None, 'enable_dhcp': True, 'ipv6_ra_mode': None, 'ipv6_address_mode': None, 'gateway_ip': '192.168.128.1', 'cidr': '192.168.128.0/28', 'allocation_pools': [{'start': '192.168.128.2', 'end': '192.168.128.14'}], 'host_routes': [], 'dns_nameservers': [], 'description': '', 'router:external': False, 'service_types': [], 'tags': [], 'created_at': '2025-01-30T20:30:31Z', 'updated_at': '2025-01-30T20:30:31Z', 'revision_number': 0, 'project_id': 'f831870fb0824e8e8353640736a11692'}, Router: {'id': '0e5a363f-503e-48fd-98cb-946c1222a93e', 'name': 'tempest-ServersTestBootFromVolume-1324862174-router', 'tenant_id': 'f831870fb0824e8e8353640736a11692', 'admin_state_up': True, 'status': 'ACTIVE', 'external_gateway_info': {'network_id': '329ad84d-a457-4bfa-bddb-c81ccd0a975b', 'external_fixed_ips': [{'subnet_id': 'a74fa48a-7867-48cf-b177-648056d7f6d7', 'ip_address': '10.180.180.135'}], 'enable_snat': True}, 'description': '', 'availability_zones': [], 'distributed': False, 'ha': False, 'availability_zone_hints': [], 'routes': [], 'flavor_id': None, 'tags': [], 'created_at': '2025-01-30T20:30:31Z', 'updated_at': '2025-01-30T20:30:32Z', 'revision_number': 2, 'project_id': 'f831870fb0824e8e8353640736a11692'}
2025-01-30 20:30:35.180 62970 INFO tempest.lib.common.rest_client [req-f68f03e9-0814-47a0-b0a7-995afd29fe9f req-f68f03e9-0814-47a0-b0a7-995afd29fe9f ] Request (AZAdminNegativeTestJSON:tearDownClass): 204 DELETE http://10.180.1.21/identity/v3/users/efaf01e8898049d8ba0b54469e80fb42 0.250s
2025-01-30 20:30:35.189 62984 INFO tempest.lib.common.rest_client [req-b4b9e325-9cfe-4f8a-97ec-a67988577bec req-b4b9e325-9cfe-4f8a-97ec-a67988577bec ] Request (QuotasSecurityGroupAdminNegativeTest:tearDownClass): 200 GET http://10.180.1.21:9696/networking/v2.0/security-groups?tenant_id=16039af978c04f3aae8598f0c18fdf29&name=default 0.481s
2025-01-30 20:30:35.255 62952 INFO tempest.lib.common.rest_client [req-8395d6b6-93de-4834-b8a2-d8e27d90530d req-8395d6b6-93de-4834-b8a2-d8e27d90530d ] Request (HypervisorAdminTestJSON:test_get_hypervisor_list): 200 GET http://10.180.1.21/compute/v2.1/os-hypervisors 2.413s
2025-01-30 20:30:35.267 62984 INFO tempest.lib.common.rest_client [req-739ce601-78c5-4ac9-85d3-b56dffd16827 req-739ce601-78c5-4ac9-85d3-b56dffd16827 ] Request (QuotasSecurityGroupAdminNegativeTest:tearDownClass): 204 DELETE http://10.180.1.21:9696/networking/v2.0/security-groups/2c2eb8d4-a813-4547-9ccc-420b6eb94222 0.078s
2025-01-30 20:30:35.306 62966 INFO tempest.lib.common.rest_client [req-35d0e264-b5fb-452a-b82d-fdcd07110ff7 req-35d0e264-b5fb-452a-b82d-fdcd07110ff7 ] Request (FlavorsAccessNegativeTestJSON:setUpClass): 201 POST http://10.180.1.21/identity/v3/users 0.322s
2025-01-30 20:30:35.325 62992 INFO tempest.lib.common.rest_client [req-8746505d-78f9-4788-9cfa-7a1100fd96b7 req-8746505d-78f9-4788-9cfa-7a1100fd96b7 ] Request (FloatingIPsAssociationTestJSON:setUpClass): 201 POST http://10.180.1.21/identity/v3/auth/tokens 0.332s
2025-01-30 20:30:35.325 62992 INFO tempest.lib.common.fixed_network [-] (FloatingIPsAssociationTestJSON:setUpClass) Found network {'id': '5d65934a-2966-4094-bc55-817726caaea5', 'name': 'tempest-FloatingIPsAssociationTestJSON-1246247596-network', 'tenant_id': 'b12d6c9026644c9cb45d687b92161121', 'admin_state_up': True, 'mtu': 8950, 'status': 'ACTIVE', 'subnets': [], 'shared': False, 'project_id': 'b12d6c9026644c9cb45d687b92161121', 'port_security_enabled': True, 'router:external': False, 'provider:network_type': 'vlan', 'provider:physical_network': 'default', 'provider:segmentation_id': 176, 'availability_zone_hints': [], 'availability_zones': [], 'ipv4_address_scope': None, 'ipv6_address_scope': None, 'description': '', 'tags': [], 'created_at': '2025-01-30T20:30:30Z', 'updated_at': '2025-01-30T20:30:30Z', 'revision_number': 1} available for tenant
2025-01-30 20:30:35.346 62986 INFO tempest.lib.common.rest_client [req-f3a4d4bc-778d-4660-b71c-995ba4fbbe75 req-f3a4d4bc-778d-4660-b71c-995ba4fbbe75 ] Request (SecurityGroupsTestJSON:setUpClass): 204 PUT http://10.180.1.21/identity/v3/projects/ca351451d2344fc1872f6faf89412354/users/27f56b55b5da498a94fe889d63538d53/roles/9bcf3396288247b29cb0164d0320cd22 0.351s
2025-01-30 20:30:35.347 62986 INFO tempest.lib.common.dynamic_creds [-] Dynamic test user 27f56b55b5da498a94fe889d63538d53 is created with scope project and roles: ['member']
2025-01-30 20:30:35.347 62986 INFO tempest.lib.common.dynamic_creds [-] Acquired dynamic creds: credentials: Credentials: {'domain_id': 'default', 'domain_name': 'Default', 'username': 'tempest-SecurityGroupsTestJSON-1783259876-project-member', 'project_domain_id': 'default', 'project_domain_name': 'Default', 'project_id': 'ca351451d2344fc1872f6faf89412354', 'project_name': 'tempest-SecurityGroupsTestJSON-1783259876', 'tenant_id': 'ca351451d2344fc1872f6faf89412354', 'tenant_name': 'tempest-SecurityGroupsTestJSON-1783259876', 'user_domain_id': 'default', 'user_domain_name': 'Default', 'user_id': '27f56b55b5da498a94fe889d63538d53', 'system': None}, Network: None, Subnet: None, Router: None
2025-01-30 20:30:35.349 62956 INFO tempest.lib.common.rest_client [req-cd92e7ca-9797-4c6b-a6ab-8b1bc1ed5ea5 req-cd92e7ca-9797-4c6b-a6ab-8b1bc1ed5ea5 ] Request (VolumesAssistedSnapshotsTest:setUpClass): 200 GET http://10.180.1.21/identity/v3/roles 0.307s
2025-01-30 20:30:35.357 62946 INFO tempest.lib.common.rest_client [req-1140948c-2367-4e12-a860-61739f820d3a req-1140948c-2367-4e12-a860-61739f820d3a ] Request (FloatingIPDetailsNegativeTestJSON:tearDownClass): 204 DELETE http://10.180.1.21:9696/networking/v2.0/networks/865b69d7-8917-4b40-a4c5-496aa662989b 0.518s
2025-01-30 20:30:35.388 62944 INFO tempest.lib.common.rest_client [req-2aa3785e-0f57-4eb1-8353-14e99c59c2f4 req-2aa3785e-0f57-4eb1-8353-14e99c59c2f4 ] Request (NetworksTest:test_get_network): 200 GET http://10.180.1.21/compute/v2.1/os-networks 2.326s
2025-01-30 20:30:35.415 62964 INFO tempest.lib.common.rest_client [req-62ac4296-b843-4ade-a482-8a1440f290f8 req-62ac4296-b843-4ade-a482-8a1440f290f8 ] Request (ServersAdminTestJSON:setUpClass): 201 POST http://10.180.1.21/identity/v3/users 0.339s
2025-01-30 20:30:35.420 63006 INFO tempest.lib.common.rest_client [req-0118d920-a2ee-4e4b-9100-fb4d266a6655 req-0118d920-a2ee-4e4b-9100-fb4d266a6655 ] Request (ServersTestBootFromVolume:setUpClass): 201 POST http://10.180.1.21/identity/v3/auth/tokens 0.313s
2025-01-30 20:30:35.489 62970 INFO tempest.lib.common.rest_client [req-0d953e5d-c04a-46c8-8933-0878617cd024 req-0d953e5d-c04a-46c8-8933-0878617cd024 ] Request (AZAdminNegativeTestJSON:tearDownClass): 204 DELETE http://10.180.1.21/identity/v3/users/ea0c7c7950d04d78b0ed02ef045dc680 0.309s
2025-01-30 20:30:35.489 62970 INFO tempest.lib.common.dynamic_creds [-] Deleting project and security group for project: ed84d6ad4a4342b0ae2237ed9ce677a6
2025-01-30 20:30:35.583 62984 INFO tempest.lib.common.rest_client [req-f9f83314-f12c-4e9b-ab24-87df56dc02ef req-f9f83314-f12c-4e9b-ab24-87df56dc02ef ] Request (QuotasSecurityGroupAdminNegativeTest:tearDownClass): 204 DELETE http://10.180.1.21/identity/v3/projects/16039af978c04f3aae8598f0c18fdf29 0.316s
2025-01-30 20:30:35.584 62984 INFO tempest.lib.common.dynamic_creds [-] Deleting project and security group for project: e0f7e5a1138e4daa9afba7f7d3633494
2025-01-30 20:30:35.600 62980 INFO tempest.lib.common.rest_client [req-f34d7b86-e95d-4486-bd3b-37dcf0f248cf req-f34d7b86-e95d-4486-bd3b-37dcf0f248cf ] Request (AggregatesAdminNegativeTestJSON:setUpClass): 200 GET http://10.180.1.21/compute/v2.1/os-services?binary=nova-compute 2.035s
2025-01-30 20:30:35.656 62986 INFO tempest.lib.common.rest_client [req-de519e98-7964-40da-b807-cb70eabf971f req-de519e98-7964-40da-b807-cb70eabf971f ] Request (SecurityGroupsTestJSON:setUpClass): 201 POST http://10.180.1.21/identity/v3/auth/tokens 0.309s
2025-01-30 20:30:35.678 62966 INFO tempest.lib.common.rest_client [req-85283ac0-4778-4ce6-b6a6-4a4acfe675b3 req-85283ac0-4778-4ce6-b6a6-4a4acfe675b3 ] Request (FlavorsAccessNegativeTestJSON:setUpClass): 200 GET http://10.180.1.21/identity/v3/roles 0.371s
2025-01-30 20:30:35.689 62956 INFO tempest.lib.common.rest_client [req-0c9c4640-b14c-43c1-90a4-4b3f88d5ed5a req-0c9c4640-b14c-43c1-90a4-4b3f88d5ed5a ] Request (VolumesAssistedSnapshotsTest:setUpClass): 204 PUT http://10.180.1.21/identity/v3/projects/007b89a79f234d1ba4a0b0b8a106b093/users/2704928f762b41e293b77f72b261cc3b/roles/9e516ab939f94ee9872873c23a9e9273 0.339s
2025-01-30 20:30:35.710 62984 INFO tempest.lib.common.rest_client [req-60750603-7f81-4b06-ad23-c7fedf36559e req-60750603-7f81-4b06-ad23-c7fedf36559e ] Request (QuotasSecurityGroupAdminNegativeTest:tearDownClass): 200 GET http://10.180.1.21:9696/networking/v2.0/security-groups?tenant_id=e0f7e5a1138e4daa9afba7f7d3633494&name=default 0.125s
2025-01-30 20:30:35.775 62946 INFO tempest.lib.common.rest_client [req-a84a6e90-cab2-4a7b-bf1a-591a37a4e493 req-a84a6e90-cab2-4a7b-bf1a-591a37a4e493 ] Request (FloatingIPDetailsNegativeTestJSON:tearDownClass): 204 DELETE http://10.180.1.21/identity/v3/users/31604bbfd7e24273abe743fa7270faa5 0.416s
2025-01-30 20:30:35.775 62946 INFO tempest.lib.common.dynamic_creds [-] Deleting project and security group for project: 278ecb51801247149e5fac383c591d35
2025-01-30 20:30:35.805 62984 INFO tempest.lib.common.rest_client [req-d0a4b750-95ee-4ed2-bb9b-40cd10a21eb1 req-d0a4b750-95ee-4ed2-bb9b-40cd10a21eb1 ] Request (QuotasSecurityGroupAdminNegativeTest:tearDownClass): 204 DELETE http://10.180.1.21:9696/networking/v2.0/security-groups/d3e1546a-678e-4ce5-8e19-bff77fea2baa 0.094s
2025-01-30 20:30:35.809 62946 INFO tempest.lib.common.rest_client [req-74d75428-e6a6-418e-bd26-bff0a73696c3 req-74d75428-e6a6-418e-bd26-bff0a73696c3 ] Request (FloatingIPDetailsNegativeTestJSON:tearDownClass): 200 GET http://10.180.1.21:9696/networking/v2.0/security-groups?tenant_id=278ecb51801247149e5fac383c591d35&name=default 0.034s
2025-01-30 20:30:35.832 62970 INFO tempest.lib.common.rest_client [req-1bdea9ae-9394-47e8-9b1a-c02aa73dc60a req-1bdea9ae-9394-47e8-9b1a-c02aa73dc60a ] Request (AZAdminNegativeTestJSON:tearDownClass): 201 POST http://10.180.1.21/identity/v3/auth/tokens 0.342s
2025-01-30 20:30:35.840 62964 INFO tempest.lib.common.rest_client [req-a30e8456-7f9b-4c03-8217-88221ca7e460 req-a30e8456-7f9b-4c03-8217-88221ca7e460 ] Request (ServersAdminTestJSON:setUpClass): 200 GET http://10.180.1.21/identity/v3/roles 0.424s
2025-01-30 20:30:35.884 62946 INFO tempest.lib.common.rest_client [req-829272f5-4356-41d1-a9b7-2eb358c5e199 req-829272f5-4356-41d1-a9b7-2eb358c5e199 ] Request (FloatingIPDetailsNegativeTestJSON:tearDownClass): 204 DELETE http://10.180.1.21:9696/networking/v2.0/security-groups/c38f7aaa-15fe-4d63-a27e-7480ae521ce4 0.074s
2025-01-30 20:30:35.959 62966 INFO tempest.lib.common.rest_client [req-a5598e26-55be-466f-8102-a47e76cc4353 req-a5598e26-55be-466f-8102-a47e76cc4353 ] Request (FlavorsAccessNegativeTestJSON:setUpClass): 204 PUT http://10.180.1.21/identity/v3/projects/77ac8b162490424d81a17422fa4fce38/users/baa603f562ab4e58a0f72f209556a719/roles/9bcf3396288247b29cb0164d0320cd22 0.281s
2025-01-30 20:30:35.959 62966 INFO tempest.lib.common.dynamic_creds [-] Dynamic test user baa603f562ab4e58a0f72f209556a719 is created with scope project and roles: ['member']
2025-01-30 20:30:35.960 62966 INFO tempest.lib.common.dynamic_creds [-] Acquired dynamic creds: credentials: Credentials: {'domain_id': 'default', 'domain_name': 'Default', 'username': 'tempest-FlavorsAccessNegativeTestJSON-1531181789-project-member', 'project_domain_id': 'default', 'project_domain_name': 'Default', 'project_id': '77ac8b162490424d81a17422fa4fce38', 'project_name': 'tempest-FlavorsAccessNegativeTestJSON-1531181789', 'tenant_id': '77ac8b162490424d81a17422fa4fce38', 'tenant_name': 'tempest-FlavorsAccessNegativeTestJSON-1531181789', 'user_domain_id': 'default', 'user_domain_name': 'Default', 'user_id': 'baa603f562ab4e58a0f72f209556a719', 'system': None}, Network: None, Subnet: None, Router: None
2025-01-30 20:30:35.960 62966 INFO tempest.lib.common.dynamic_creds [-] Created isolated network resources for: credentials: Credentials: {'domain_id': 'default', 'domain_name': 'Default', 'username': 'tempest-FlavorsAccessNegativeTestJSON-1531181789-project-member', 'project_domain_id': 'default', 'project_domain_name': 'Default', 'project_id': '77ac8b162490424d81a17422fa4fce38', 'project_name': 'tempest-FlavorsAccessNegativeTestJSON-1531181789', 'tenant_id': '77ac8b162490424d81a17422fa4fce38', 'tenant_name': 'tempest-FlavorsAccessNegativeTestJSON-1531181789', 'user_domain_id': 'default', 'user_domain_name': 'Default', 'user_id': 'baa603f562ab4e58a0f72f209556a719', 'system': None}, Network: None, Subnet: None, Router: None
2025-01-30 20:30:35.965 62962 INFO tempest.lib.common.rest_client [req-732ca5fb-bdbb-4d32-abe8-a7637bae013b req-732ca5fb-bdbb-4d32-abe8-a7637bae013b ] Request (SecurityGroupsTestAdminJSON:test_list_security_groups_list_all_tenants_filter): 200 POST http://10.180.1.21/compute/v2.1/os-security-groups 2.217s
2025-01-30 20:30:36.023 62956 INFO tempest.lib.common.rest_client [req-83d19344-493e-4174-ad8c-33a5793b2b7b req-83d19344-493e-4174-ad8c-33a5793b2b7b ] Request (VolumesAssistedSnapshotsTest:setUpClass): 200 GET http://10.180.1.21/identity/v3/roles 0.334s
