2025-01-30 20:32:02.378 62984 INFO tempest.lib.common.rest_client [req-5f3fb364-182e-4de8-b45d-6675fe39c3eb req-5f3fb364-182e-4de8-b45d-6675fe39c3eb ] Request (ServersTestMultiNic:test_verify_duplicate_network_nics): 200 GET http://10.180.1.21/compute/v2.1/servers/574293e3-8ec8-410f-8a30-83bc60d25d64 0.054s
2025-01-30 20:32:02.435 63004 INFO tempest.lib.common.rest_client [req-67d0998c-8b3b-4b7d-8118-f3d7480f0a69 req-67d0998c-8b3b-4b7d-8118-f3d7480f0a69 ] Request (ServerRescueTestJSONUnderV235:setUpClass): 200 GET http://10.180.1.21/compute/v2.1/servers/fffa23fe-3ce2-4879-b72d-11275d298504 0.116s
2025-01-30 20:32:02.619 62962 INFO tempest.lib.common.rest_client [req-8cd3741f-9a59-43a0-a0e0-a009f2e8f8a1 req-8cd3741f-9a59-43a0-a0e0-a009f2e8f8a1 ] Request (ImagesTestJSON:test_create_image_from_stopped_server): 200 GET http://10.180.1.21/compute/v2.1/servers/83998771-97a7-4458-834e-df1e4b2914ee 0.103s
2025-01-30 20:32:02.622 62946 INFO tempest.lib.common.rest_client [req-a39ff1a4-bb22-4c29-823e-c76d6cedd7d2 req-a39ff1a4-bb22-4c29-823e-c76d6cedd7d2 ] Request (AttachInterfacesUnderV243Test:test_add_remove_fixed_ip): 200 GET http://10.180.1.21/compute/v2.1/servers/faa16f10-63f0-457c-8cd7-20a624454d86 0.120s
2025-01-30 20:32:02.671 62954 INFO tempest.lib.common.rest_client [req-4929aa0c-6475-4b21-a475-c27bf25217de req-4929aa0c-6475-4b21-a475-c27bf25217de ] Request (AttachInterfacesTestJSON:test_create_list_show_delete_interfaces_by_fixed_ip): 200 GET http://10.180.1.21/compute/v2.1/servers/a12855e2-1544-4e85-a7ff-c026fec861b6 0.118s
2025-01-30 20:32:02.679 62970 INFO tempest.lib.common.rest_client [req-0da2af68-6b5b-4bad-9ad4-2db8767ae7ca req-0da2af68-6b5b-4bad-9ad4-2db8767ae7ca ] Request (DeleteServersTestJSON:test_delete_active_server): 200 GET http://10.180.1.21/compute/v2.1/servers/ea289de9-9b2d-4756-a9a5-0e3dfe8db772 0.098s
2025-01-30 20:32:02.732 62950 INFO tempest.lib.common.rest_client [req-503da2bc-9b53-4192-9203-a1d8c75d4098 req-503da2bc-9b53-4192-9203-a1d8c75d4098 ] Request (ImagesOneServerNegativeTestJSON:setUpClass): 200 GET http://10.180.1.21/compute/v2.1/servers/4c88fbb7-6e54-4ae6-a6df-e77e4d0202d8 0.127s
2025-01-30 20:32:02.736 62958 INFO tempest.lib.common.rest_client [req-1437d951-d842-47db-a104-f50ab1e8dcc3 req-1437d951-d842-47db-a104-f50ab1e8dcc3 ] Request (ListImageFiltersTestJSON:setUpClass): 200 GET http://10.180.1.21/compute/v2.1/servers/aed62160-2db5-4008-a491-2b27ae81ef5f 0.109s
2025-01-30 20:32:02.783 62996 INFO tempest.lib.common.rest_client [req-85cbc8b6-a4db-4900-9ff9-36771cab3635 req-85cbc8b6-a4db-4900-9ff9-36771cab3635 ] Request (DeleteServersAdminTestJSON:test_delete_server_while_in_error_state): 200 GET http://10.180.1.21/compute/v2.1/servers/cbd30c37-f6c3-4229-8b95-855cab64924c 0.099s
2025-01-30 20:32:02.790 62996 INFO tempest.common.waiters [-] State transition "BUILD/scheduling" ==> "BUILD/None" after 37 second wait
2025-01-30 20:32:02.860 62992 INFO tempest.lib.common.rest_client [req-8ebafcdc-ad4c-4206-98d9-e9d5f9905a3b req-8ebafcdc-ad4c-4206-98d9-e9d5f9905a3b ] Request (FloatingIPsAssociationTestJSON:test_associate_already_associated_floating_ip): 200 GET http://10.180.1.21/compute/v2.1/servers/2cfcbc3b-c2b9-4155-a48a-0e73eea0589e 0.157s
2025-01-30 20:32:02.869 62966 INFO tempest.lib.common.rest_client [req-eb34524d-46e5-4b31-b5cf-976d434290c5 req-eb34524d-46e5-4b31-b5cf-976d434290c5 ] Request (AttachInterfacesV270Test:test_create_get_list_interfaces): 200 GET http://10.180.1.21/compute/v2.1/servers/95ac4fbf-071a-403e-8cae-88d9899757ba 0.106s
2025-01-30 20:32:02.922 63002 INFO tempest.lib.common.rest_client [req-d4c348af-cd08-4de0-be63-7ea7a3398d26 req-d4c348af-cd08-4de0-be63-7ea7a3398d26 ] Request (ServerShowV254Test:test_rebuild_server): 200 GET http://10.180.1.21/compute/v2.1/servers/16c4065b-83cf-4b1c-92bf-66ce0a75e573 0.155s
2025-01-30 20:32:02.923 62974 INFO tempest.lib.common.rest_client [req-d3a80e7b-993e-466c-bab8-b5ceb3a44d6f req-d3a80e7b-993e-466c-bab8-b5ceb3a44d6f ] Request (ServerExternalEventsTest:test_create_server_external_events): 200 GET http://10.180.1.21/compute/v2.1/servers/5f0240da-bec1-4bf3-a975-6ed3d0630a2d 0.104s
2025-01-30 20:32:02.974 62980 INFO tempest.lib.common.rest_client [req-5fb44b9a-e43e-44a5-bf7a-c366012e226a req-5fb44b9a-e43e-44a5-bf7a-c366012e226a ] Request (ServerActionsTestOtherA:setUpClass): 200 GET http://10.180.1.21/compute/v2.1/servers/6f9b5217-6ab8-4cf5-a2ab-ad0d9dd95b1a 0.098s
2025-01-30 20:32:02.979 62964 INFO tempest.lib.common.rest_client [req-50a93625-1494-4b6b-a1dc-8103ed4b815d req-50a93625-1494-4b6b-a1dc-8103ed4b815d ] Request (ServersAdminTestJSON:test_create_server_with_scheduling_hint): 200 GET http://10.180.1.21/compute/v2.1/servers/b1ba58c1-340f-486a-8f47-86fbc7b27485 0.157s
2025-01-30 20:32:03.029 62986 INFO tempest.lib.common.rest_client [req-ac95061f-7def-4527-b1d3-8fa6de284869 req-ac95061f-7def-4527-b1d3-8fa6de284869 ] Request (SecurityGroupsTestJSON:test_server_security_groups): 200 GET http://10.180.1.21/compute/v2.1/servers/d28285ed-2ec0-43a4-bd34-82d33816fea4 0.099s
2025-01-30 20:32:03.038 63000 INFO tempest.lib.common.rest_client [req-66e8d934-c48d-4788-b7f0-2c936652bbdb req-66e8d934-c48d-4788-b7f0-2c936652bbdb ] Request (ServersAdmin275Test:tearDownClass): 200 GET http://10.180.1.21/compute/v2.1/servers/63e884c4-2cc1-431d-8a7f-1c4259b29e1a 0.150s
2025-01-30 20:32:03.085 62978 INFO tempest.lib.common.rest_client [req-4a6e33e5-b3de-4801-b913-98427240d981 req-4a6e33e5-b3de-4801-b913-98427240d981 ] Request (ListServersNegativeTestJSON:setUpClass): 200 GET http://10.180.1.21/compute/v2.1/servers/15799515-ab7d-4e7c-a6e0-c740baf4f93a 0.107s
2025-01-30 20:32:03.092 62978 INFO tempest.common.waiters [-] State transition "ACTIVE/deleting" ==> "DELETED/None" after 6 second wait
2025-01-30 20:32:03.132 62994 INFO tempest.lib.common.rest_client [req-1997b18c-0477-4632-bcc1-d48d131c52d1 req-1997b18c-0477-4632-bcc1-d48d131c52d1 ] Request (ServerRescueNegativeTestJSON:setUpClass): 200 GET http://10.180.1.21/compute/v2.1/servers/aa181094-cb78-44e0-8d7a-1d677e0af1fe 0.072s
2025-01-30 20:32:03.139 62976 INFO tempest.lib.common.rest_client [req-7889ff9f-9a4e-4d9d-85ad-9ff6a20d737c req-7889ff9f-9a4e-4d9d-85ad-9ff6a20d737c ] Request (MigrationsAdminTest:test_list_migrations_in_flavor_resize_situation): 200 GET http://10.180.1.21/compute/v2.1/servers/ab999825-4310-4fd8-81f0-6bb5dde4175b 0.152s
2025-01-30 20:32:03.179 62948 INFO tempest.lib.common.rest_client [req-d921321a-7583-43ba-b311-54765234e5c5 req-d921321a-7583-43ba-b311-54765234e5c5 ] Request (ServerAddressesTestJSON:setUpClass): 200 GET http://10.180.1.21/compute/v2.1/servers/32a3b8bb-7c3a-4e30-8a50-37ce53e71882 0.072s
2025-01-30 20:32:03.188 62960 INFO tempest.lib.common.rest_client [req-f0436d3d-2bf9-4ab2-b0ba-f1209fdad355 req-f0436d3d-2bf9-4ab2-b0ba-f1209fdad355 ] Request (ImagesOneServerTestJSON:setUpClass): 200 GET http://10.180.1.21/compute/v2.1/servers/8af5ca34-f9c4-4b68-b0f7-7163f388b778 0.058s
2025-01-30 20:32:03.224 62952 INFO tempest.lib.common.rest_client [req-db7b559c-9acd-4ac3-bcda-7754a7991192 req-db7b559c-9acd-4ac3-bcda-7754a7991192 ] Request (MultipleCreateTestJSON:_run_cleanups): 404 GET http://10.180.1.21/compute/v2.1/servers/e8c87637-4a30-4482-af21-f58ad8a218fc 0.023s
2025-01-30 20:32:03.283 62952 INFO tempest.lib.common.rest_client [req-b6116daf-dc7d-4d0b-ab58-498ad9b4623e req-b6116daf-dc7d-4d0b-ab58-498ad9b4623e ] Request (MultipleCreateTestJSON:_run_cleanups): 200 GET http://10.180.1.21/compute/v2.1/servers/33bf3932-3746-445b-b0fe-611466cdd9b1 0.059s
2025-01-30 20:32:03.342 62944 WARNING tempest.lib.common.ssh [-] Failed to establish authenticated ssh connection to cirros@10.180.180.193 ([Errno None] Unable to connect to port 22 on 10.180.180.193). Number attempts: 4. Retry after 5 seconds.: paramiko.ssh_exception.NoValidConnectionsError: [Errno None] Unable to connect to port 22 on 10.180.180.193
2025-01-30 20:32:03.343 62988 INFO tempest.lib.common.rest_client [req-57f444f1-b182-455e-ab83-f8a281dd034a req-57f444f1-b182-455e-ab83-f8a281dd034a ] Request (ServersAdminNegativeTestJSON:tearDownClass): 200 GET http://10.180.1.21/compute/v2.1/servers/f4be6a21-4f4c-4ec7-89ad-5ae2be2389d7 0.058s
2025-01-30 20:32:03.377 62982 INFO tempest.lib.common.rest_client [req-8d1fe45d-3e96-4094-a560-712eb8afd5c3 req-8d1fe45d-3e96-4094-a560-712eb8afd5c3 ] Request (ServerRescueTestJSON:setUpClass): 200 GET http://10.180.1.21/compute/v2.1/servers/1129349d-65db-4e1d-bb08-cea793adf996 0.064s
2025-01-30 20:32:03.438 62984 INFO tempest.lib.common.rest_client [req-dff3eb13-901d-4350-aaed-e00d0934922c req-dff3eb13-901d-4350-aaed-e00d0934922c ] Request (ServersTestMultiNic:test_verify_duplicate_network_nics): 200 GET http://10.180.1.21/compute/v2.1/servers/574293e3-8ec8-410f-8a30-83bc60d25d64 0.050s
2025-01-30 20:32:03.469 63006 WARNING tempest.lib.common.ssh [-] Failed to establish authenticated ssh connection to cirros@10.180.180.227 ([Errno None] Unable to connect to port 22 on 10.180.180.227). Number attempts: 3. Retry after 4 seconds.: paramiko.ssh_exception.NoValidConnectionsError: [Errno None] Unable to connect to port 22 on 10.180.180.227
2025-01-30 20:32:03.629 63004 INFO tempest.lib.common.rest_client [req-ed4dfedd-7ed0-4cca-964b-95b750b972a6 req-ed4dfedd-7ed0-4cca-964b-95b750b972a6 ] Request (ServerRescueTestJSONUnderV235:setUpClass): 200 GET http://10.180.1.21/compute/v2.1/servers/fffa23fe-3ce2-4879-b72d-11275d298504 0.184s
2025-01-30 20:32:03.748 62962 INFO tempest.lib.common.rest_client [req-dbb928c8-08f1-4a17-8e34-3f43badbf860 req-dbb928c8-08f1-4a17-8e34-3f43badbf860 ] Request (ImagesTestJSON:test_create_image_from_stopped_server): 200 GET http://10.180.1.21/compute/v2.1/servers/83998771-97a7-4458-834e-df1e4b2914ee 0.120s
2025-01-30 20:32:03.756 62962 INFO tempest.common.waiters [-] State transition "BUILD/spawning" ==> "ACTIVE/None" after 54 second wait
2025-01-30 20:32:03.789 62946 INFO tempest.lib.common.rest_client [req-75d60059-bf34-49af-9abb-a6ee48e4b989 req-75d60059-bf34-49af-9abb-a6ee48e4b989 ] Request (AttachInterfacesUnderV243Test:test_add_remove_fixed_ip): 200 GET http://10.180.1.21/compute/v2.1/servers/faa16f10-63f0-457c-8cd7-20a624454d86 0.160s
2025-01-30 20:32:03.811 62954 INFO tempest.lib.common.rest_client [req-35039392-f276-4489-9443-e33ef60716f3 req-35039392-f276-4489-9443-e33ef60716f3 ] Request (AttachInterfacesTestJSON:test_create_list_show_delete_interfaces_by_fixed_ip): 200 GET http://10.180.1.21/compute/v2.1/servers/a12855e2-1544-4e85-a7ff-c026fec861b6 0.131s
2025-01-30 20:32:03.842 62970 INFO tempest.lib.common.rest_client [req-1a91d208-0cb7-42cc-b33e-619594d3b9a2 req-1a91d208-0cb7-42cc-b33e-619594d3b9a2 ] Request (DeleteServersTestJSON:test_delete_active_server): 200 GET http://10.180.1.21/compute/v2.1/servers/ea289de9-9b2d-4756-a9a5-0e3dfe8db772 0.155s
2025-01-30 20:32:03.860 62958 INFO tempest.lib.common.rest_client [req-e55366f0-8325-4c6e-a361-917356d61dee req-e55366f0-8325-4c6e-a361-917356d61dee ] Request (ListImageFiltersTestJSON:setUpClass): 200 GET http://10.180.1.21/compute/v2.1/servers/aed62160-2db5-4008-a491-2b27ae81ef5f 0.115s
2025-01-30 20:32:03.890 62950 INFO tempest.lib.common.rest_client [req-504adf90-53a5-4e9c-bff7-373c84f8d43f req-504adf90-53a5-4e9c-bff7-373c84f8d43f ] Request (ImagesOneServerNegativeTestJSON:setUpClass): 200 GET http://10.180.1.21/compute/v2.1/servers/4c88fbb7-6e54-4ae6-a6df-e77e4d0202d8 0.145s
2025-01-30 20:32:03.924 62962 INFO tempest.lib.common.rest_client [req-c91fbc73-8b18-4f5a-b593-4431e461194f req-c91fbc73-8b18-4f5a-b593-4431e461194f ] Request (ImagesTestJSON:test_create_image_from_stopped_server): 202 POST http://10.180.1.21/compute/v2.1/servers/83998771-97a7-4458-834e-df1e4b2914ee/action 0.168s
2025-01-30 20:32:03.939 62996 INFO tempest.lib.common.rest_client [req-7e67d04f-0c39-41a5-a2ec-50d741fd5942 req-7e67d04f-0c39-41a5-a2ec-50d741fd5942 ] Request (DeleteServersAdminTestJSON:test_delete_server_while_in_error_state): 200 GET http://10.180.1.21/compute/v2.1/servers/cbd30c37-f6c3-4229-8b95-855cab64924c 0.148s
2025-01-30 20:32:03.994 62966 INFO tempest.lib.common.rest_client [req-5eb738dc-e3bf-465e-ba5b-3d7d72616510 req-5eb738dc-e3bf-465e-ba5b-3d7d72616510 ] Request (AttachInterfacesV270Test:test_create_get_list_interfaces): 200 GET http://10.180.1.21/compute/v2.1/servers/95ac4fbf-071a-403e-8cae-88d9899757ba 0.114s
2025-01-30 20:32:04.027 62992 INFO tempest.lib.common.rest_client [req-d667b0a9-a12c-4b81-ab50-f71a6d2594a7 req-d667b0a9-a12c-4b81-ab50-f71a6d2594a7 ] Request (FloatingIPsAssociationTestJSON:test_associate_already_associated_floating_ip): 200 GET http://10.180.1.21/compute/v2.1/servers/2cfcbc3b-c2b9-4155-a48a-0e73eea0589e 0.155s
2025-01-30 20:32:04.077 63002 INFO tempest.lib.common.rest_client [req-0d11439b-a4ee-44e2-b503-7aa8fea5424b req-0d11439b-a4ee-44e2-b503-7aa8fea5424b ] Request (ServerShowV254Test:test_rebuild_server): 200 GET http://10.180.1.21/compute/v2.1/servers/16c4065b-83cf-4b1c-92bf-66ce0a75e573 0.145s
2025-01-30 20:32:04.086 62962 INFO tempest.lib.common.rest_client [req-8446f32e-3532-48c3-8cad-5d405ada4320 req-8446f32e-3532-48c3-8cad-5d405ada4320 ] Request (ImagesTestJSON:test_create_image_from_stopped_server): 200 GET http://10.180.1.21/compute/v2.1/servers/83998771-97a7-4458-834e-df1e4b2914ee 0.161s
2025-01-30 20:32:04.124 62974 INFO tempest.lib.common.rest_client [req-67f2ced7-7398-4e39-ae76-52437b7e677a req-67f2ced7-7398-4e39-ae76-52437b7e677a ] Request (ServerExternalEventsTest:test_create_server_external_events): 200 GET http://10.180.1.21/compute/v2.1/servers/5f0240da-bec1-4bf3-a975-6ed3d0630a2d 0.193s
2025-01-30 20:32:04.133 62980 INFO tempest.lib.common.rest_client [req-ff93ad1b-c189-4f9f-bdee-e2fd7c3e09ba req-ff93ad1b-c189-4f9f-bdee-e2fd7c3e09ba ] Request (ServerActionsTestOtherA:setUpClass): 200 GET http://10.180.1.21/compute/v2.1/servers/6f9b5217-6ab8-4cf5-a2ab-ad0d9dd95b1a 0.151s
2025-01-30 20:32:04.166 62964 INFO tempest.lib.common.rest_client [req-880191d1-c76b-4072-8211-d3f9904f0b72 req-880191d1-c76b-4072-8211-d3f9904f0b72 ] Request (ServersAdminTestJSON:test_create_server_with_scheduling_hint): 200 GET http://10.180.1.21/compute/v2.1/servers/b1ba58c1-340f-486a-8f47-86fbc7b27485 0.180s
2025-01-30 20:32:04.183 62986 INFO tempest.lib.common.rest_client [req-5ee90b8e-1566-4763-b46b-da2c3e6d9aab req-5ee90b8e-1566-4763-b46b-da2c3e6d9aab ] Request (SecurityGroupsTestJSON:test_server_security_groups): 200 GET http://10.180.1.21/compute/v2.1/servers/d28285ed-2ec0-43a4-bd34-82d33816fea4 0.145s
2025-01-30 20:32:04.232 63000 INFO tempest.lib.common.rest_client [req-6051da49-b534-408b-9823-a7cf702f5470 req-6051da49-b534-408b-9823-a7cf702f5470 ] Request (ServersAdmin275Test:tearDownClass): 200 GET http://10.180.1.21/compute/v2.1/servers/63e884c4-2cc1-431d-8a7f-1c4259b29e1a 0.183s
2025-01-30 20:32:04.237 62978 INFO tempest.lib.common.rest_client [req-1533eb8c-bcce-43f5-a7ca-e2b658a90487 req-1533eb8c-bcce-43f5-a7ca-e2b658a90487 ] Request (ListServersNegativeTestJSON:setUpClass): 200 GET http://10.180.1.21/compute/v2.1/servers/15799515-ab7d-4e7c-a6e0-c740baf4f93a 0.143s
2025-01-30 20:32:04.277 62994 INFO tempest.lib.common.rest_client [req-eecefa55-d1e1-45a9-ad50-3b98d7dc096e req-eecefa55-d1e1-45a9-ad50-3b98d7dc096e ] Request (ServerRescueNegativeTestJSON:setUpClass): 200 GET http://10.180.1.21/compute/v2.1/servers/aa181094-cb78-44e0-8d7a-1d677e0af1fe 0.136s
2025-01-30 20:32:04.323 62948 INFO tempest.lib.common.rest_client [req-cdc9e99f-601b-4d1e-b81e-e77ef3172b68 req-cdc9e99f-601b-4d1e-b81e-e77ef3172b68 ] Request (ServerAddressesTestJSON:setUpClass): 200 GET http://10.180.1.21/compute/v2.1/servers/32a3b8bb-7c3a-4e30-8a50-37ce53e71882 0.136s
2025-01-30 20:32:04.332 62976 INFO tempest.lib.common.rest_client [req-e6879f85-aaa8-4d4d-8075-34a54bc39cab req-e6879f85-aaa8-4d4d-8075-34a54bc39cab ] Request (MigrationsAdminTest:test_list_migrations_in_flavor_resize_situation): 200 GET http://10.180.1.21/compute/v2.1/servers/ab999825-4310-4fd8-81f0-6bb5dde4175b 0.184s
2025-01-30 20:32:04.367 62960 INFO tempest.lib.common.rest_client [req-4601d5ec-d9bd-4846-849a-a6a4466a625d req-4601d5ec-d9bd-4846-849a-a6a4466a625d ] Request (ImagesOneServerTestJSON:setUpClass): 200 GET http://10.180.1.21/compute/v2.1/servers/8af5ca34-f9c4-4b68-b0f7-7163f388b778 0.170s
2025-01-30 20:32:04.382 62952 INFO tempest.lib.common.rest_client [req-8b03acb7-6454-4ab9-95e2-c65d320eef6f req-8b03acb7-6454-4ab9-95e2-c65d320eef6f ] Request (MultipleCreateTestJSON:_run_cleanups): 200 GET http://10.180.1.21/compute/v2.1/servers/33bf3932-3746-445b-b0fe-611466cdd9b1 0.090s
2025-01-30 20:32:04.423 62988 INFO tempest.lib.common.rest_client [req-6bc85332-52ea-464b-bb22-83899089df44 req-6bc85332-52ea-464b-bb22-83899089df44 ] Request (ServersAdminNegativeTestJSON:tearDownClass): 200 GET http://10.180.1.21/compute/v2.1/servers/f4be6a21-4f4c-4ec7-89ad-5ae2be2389d7 0.072s
2025-01-30 20:32:04.434 62982 INFO tempest.lib.common.rest_client [req-cfd69087-b1ee-444e-851c-c6eaa26f8d43 req-cfd69087-b1ee-444e-851c-c6eaa26f8d43 ] Request (ServerRescueTestJSON:setUpClass): 200 GET http://10.180.1.21/compute/v2.1/servers/1129349d-65db-4e1d-bb08-cea793adf996 0.049s
2025-01-30 20:32:04.502 62984 INFO tempest.lib.common.rest_client [req-bfad3284-4af1-4359-b162-fba7b460505d req-bfad3284-4af1-4359-b162-fba7b460505d ] Request (ServersTestMultiNic:test_verify_duplicate_network_nics): 200 GET http://10.180.1.21/compute/v2.1/servers/574293e3-8ec8-410f-8a30-83bc60d25d64 0.052s
2025-01-30 20:32:04.685 62956 WARNING tempest.lib.common.ssh [-] Failed to establish authenticated ssh connection to cirros@10.180.180.187 ([Errno None] Unable to connect to port 22 on 10.180.180.187). Number attempts: 6. Retry after 7 seconds.: paramiko.ssh_exception.NoValidConnectionsError: [Errno None] Unable to connect to port 22 on 10.180.180.187
2025-01-30 20:32:04.760 63004 INFO tempest.lib.common.rest_client [req-de6b4983-d63d-4774-ac84-03ba501ee324 req-de6b4983-d63d-4774-ac84-03ba501ee324 ] Request (ServerRescueTestJSONUnderV235:setUpClass): 200 GET http://10.180.1.21/compute/v2.1/servers/fffa23fe-3ce2-4879-b72d-11275d298504 0.121s
2025-01-30 20:32:04.875 62954 INFO tempest.lib.common.rest_client [req-8b319535-c849-439a-b543-5c5bbbf63caa req-8b319535-c849-439a-b543-5c5bbbf63caa ] Request (AttachInterfacesTestJSON:test_create_list_show_delete_interfaces_by_fixed_ip): 200 GET http://10.180.1.21/compute/v2.1/servers/a12855e2-1544-4e85-a7ff-c026fec861b6 0.055s
2025-01-30 20:32:04.908 62946 INFO tempest.lib.common.rest_client [req-5e70da4b-b7b6-42ec-81f5-3318094b5da0 req-5e70da4b-b7b6-42ec-81f5-3318094b5da0 ] Request (AttachInterfacesUnderV243Test:test_add_remove_fixed_ip): 200 GET http://10.180.1.21/compute/v2.1/servers/faa16f10-63f0-457c-8cd7-20a624454d86 0.107s
2025-01-30 20:32:04.927 62970 INFO tempest.lib.common.rest_client [req-9ba3ee21-56fb-46f7-ac11-7e3cb5c063b6 req-9ba3ee21-56fb-46f7-ac11-7e3cb5c063b6 ] Request (DeleteServersTestJSON:test_delete_active_server): 200 GET http://10.180.1.21/compute/v2.1/servers/ea289de9-9b2d-4756-a9a5-0e3dfe8db772 0.077s
2025-01-30 20:32:04.956 62958 INFO tempest.lib.common.rest_client [req-8a06b100-5e2a-4927-8b4f-b28c5cc1a668 req-8a06b100-5e2a-4927-8b4f-b28c5cc1a668 ] Request (ListImageFiltersTestJSON:setUpClass): 200 GET http://10.180.1.21/compute/v2.1/servers/aed62160-2db5-4008-a491-2b27ae81ef5f 0.089s
2025-01-30 20:32:04.977 62950 INFO tempest.lib.common.rest_client [req-56da60fa-1bba-418e-a7e7-9ce01b3c45af req-56da60fa-1bba-418e-a7e7-9ce01b3c45af ] Request (ImagesOneServerNegativeTestJSON:setUpClass): 200 GET http://10.180.1.21/compute/v2.1/servers/4c88fbb7-6e54-4ae6-a6df-e77e4d0202d8 0.078s
2025-01-30 20:32:05.003 62996 INFO tempest.lib.common.rest_client [req-b5162cb6-e24e-4625-9254-484e166a511f req-b5162cb6-e24e-4625-9254-484e166a511f ] Request (DeleteServersAdminTestJSON:test_delete_server_while_in_error_state): 200 GET http://10.180.1.21/compute/v2.1/servers/cbd30c37-f6c3-4229-8b95-855cab64924c 0.055s
2025-01-30 20:32:05.055 62966 INFO tempest.lib.common.rest_client [req-83d878ae-94d2-4c77-b7b7-f7339c2ab70d req-83d878ae-94d2-4c77-b7b7-f7339c2ab70d ] Request (AttachInterfacesV270Test:test_create_get_list_interfaces): 200 GET http://10.180.1.21/compute/v2.1/servers/95ac4fbf-071a-403e-8cae-88d9899757ba 0.051s
2025-01-30 20:32:05.141 63002 INFO tempest.lib.common.rest_client [req-bd56fa79-921f-4e27-a967-e3ba2a485339 req-bd56fa79-921f-4e27-a967-e3ba2a485339 ] Request (ServerShowV254Test:test_rebuild_server): 200 GET http://10.180.1.21/compute/v2.1/servers/16c4065b-83cf-4b1c-92bf-66ce0a75e573 0.054s
2025-01-30 20:32:05.164 62992 INFO tempest.lib.common.rest_client [req-05ffea38-8249-4013-9cde-869c8b90b38a req-05ffea38-8249-4013-9cde-869c8b90b38a ] Request (FloatingIPsAssociationTestJSON:test_associate_already_associated_floating_ip): 200 GET http://10.180.1.21/compute/v2.1/servers/2cfcbc3b-c2b9-4155-a48a-0e73eea0589e 0.129s
2025-01-30 20:32:05.207 62974 INFO tempest.lib.common.rest_client [req-a71d17d9-b2b2-4b4e-9fc7-0fcc16f109d0 req-a71d17d9-b2b2-4b4e-9fc7-0fcc16f109d0 ] Request (ServerExternalEventsTest:test_create_server_external_events): 200 GET http://10.180.1.21/compute/v2.1/servers/5f0240da-bec1-4bf3-a975-6ed3d0630a2d 0.075s
2025-01-30 20:32:05.224 62962 INFO tempest.lib.common.rest_client [req-f5c58844-4b4b-49a2-b528-a1063cd47f1d req-f5c58844-4b4b-49a2-b528-a1063cd47f1d ] Request (ImagesTestJSON:test_create_image_from_stopped_server): 200 GET http://10.180.1.21/compute/v2.1/servers/83998771-97a7-4458-834e-df1e4b2914ee 0.130s
2025-01-30 20:32:05.251 62980 INFO tempest.lib.common.rest_client [req-c638db5e-9b1e-49f9-81ea-4a02013d8da4 req-c638db5e-9b1e-49f9-81ea-4a02013d8da4 ] Request (ServerActionsTestOtherA:setUpClass): 200 GET http://10.180.1.21/compute/v2.1/servers/6f9b5217-6ab8-4cf5-a2ab-ad0d9dd95b1a 0.110s
2025-01-30 20:32:05.272 62964 INFO tempest.lib.common.rest_client [req-0b2100e7-4043-4d73-812f-d8f1212965a7 req-0b2100e7-4043-4d73-812f-d8f1212965a7 ] Request (ServersAdminTestJSON:test_create_server_with_scheduling_hint): 200 GET http://10.180.1.21/compute/v2.1/servers/b1ba58c1-340f-486a-8f47-86fbc7b27485 0.096s
2025-01-30 20:32:05.301 62986 INFO tempest.lib.common.rest_client [req-39a39337-3493-4e69-9c01-c455365c8c66 req-39a39337-3493-4e69-9c01-c455365c8c66 ] Request (SecurityGroupsTestJSON:test_server_security_groups): 200 GET http://10.180.1.21/compute/v2.1/servers/d28285ed-2ec0-43a4-bd34-82d33816fea4 0.111s
2025-01-30 20:32:05.340 63000 INFO tempest.lib.common.rest_client [req-72057b9d-9995-4161-958a-4628f17d7864 req-72057b9d-9995-4161-958a-4628f17d7864 ] Request (ServersAdmin275Test:tearDownClass): 200 GET http://10.180.1.21/compute/v2.1/servers/63e884c4-2cc1-431d-8a7f-1c4259b29e1a 0.097s
2025-01-30 20:32:05.355 62978 INFO tempest.lib.common.rest_client [req-0af9a86f-aa3d-477e-8090-c5ec88bc922d req-0af9a86f-aa3d-477e-8090-c5ec88bc922d ] Request (ListServersNegativeTestJSON:setUpClass): 200 GET http://10.180.1.21/compute/v2.1/servers/15799515-ab7d-4e7c-a6e0-c740baf4f93a 0.110s
2025-01-30 20:32:05.392 62994 INFO tempest.lib.common.rest_client [req-06470200-43a3-4907-9d86-e18694074912 req-06470200-43a3-4907-9d86-e18694074912 ] Request (ServerRescueNegativeTestJSON:setUpClass): 200 GET http://10.180.1.21/compute/v2.1/servers/aa181094-cb78-44e0-8d7a-1d677e0af1fe 0.107s
2025-01-30 20:32:05.408 62948 INFO tempest.lib.common.rest_client [req-f03f3de6-07d3-4fd1-9bf4-ed24dedb01ee req-f03f3de6-07d3-4fd1-9bf4-ed24dedb01ee ] Request (ServerAddressesTestJSON:setUpClass): 200 GET http://10.180.1.21/compute/v2.1/servers/32a3b8bb-7c3a-4e30-8a50-37ce53e71882 0.078s
2025-01-30 20:32:05.463 62960 INFO tempest.lib.common.rest_client [req-a5564d1b-23cf-4145-8dea-6f0a83c49548 req-a5564d1b-23cf-4145-8dea-6f0a83c49548 ] Request (ImagesOneServerTestJSON:setUpClass): 200 GET http://10.180.1.21/compute/v2.1/servers/8af5ca34-f9c4-4b68-b0f7-7163f388b778 0.089s
2025-01-30 20:32:05.485 62952 INFO tempest.lib.common.rest_client [req-127e516a-50f7-411d-acba-622106029ed4 req-127e516a-50f7-411d-acba-622106029ed4 ] Request (MultipleCreateTestJSON:_run_cleanups): 404 GET http://10.180.1.21/compute/v2.1/servers/33bf3932-3746-445b-b0fe-611466cdd9b1 0.095s
2025-01-30 20:32:05.545 62976 INFO tempest.lib.common.rest_client [req-0387708b-03c9-46b3-bb3b-f72746e0d397 req-0387708b-03c9-46b3-bb3b-f72746e0d397 ] Request (MigrationsAdminTest:test_list_migrations_in_flavor_resize_situation): 200 GET http://10.180.1.21/compute/v2.1/servers/ab999825-4310-4fd8-81f0-6bb5dde4175b 0.205s
2025-01-30 20:32:05.546 62988 INFO tempest.lib.common.rest_client [req-f19f189a-38a4-4e3b-b96a-d8812ae574af req-f19f189a-38a4-4e3b-b96a-d8812ae574af ] Request (ServersAdminNegativeTestJSON:tearDownClass): 200 GET http://10.180.1.21/compute/v2.1/servers/f4be6a21-4f4c-4ec7-89ad-5ae2be2389d7 0.115s
2025-01-30 20:32:05.570 62952 INFO tempest.lib.common.rest_client [req-0435446e-6d59-43d0-beb1-64d6bfba6913 req-0435446e-6d59-43d0-beb1-64d6bfba6913 ] Request (MultipleCreateTestJSON:test_multiple_create_with_reservation_return): 201 POST http://10.180.1.21/identity/v3/auth/tokens 0.081s
2025-01-30 20:32:05.571 62952 INFO tempest.lib.common.fixed_network [-] (MultipleCreateTestJSON:test_multiple_create_with_reservation_return) Found network {'id': '529dc9a6-8843-4139-a315-ff9ae56f4d81', 'name': 'tempest-MultipleCreateTestJSON-1514488580-network', 'tenant_id': '8fe72f9f87144786adbb917cf0da1b19', 'admin_state_up': True, 'mtu': 8950, 'status': 'ACTIVE', 'subnets': [], 'shared': False, 'project_id': '8fe72f9f87144786adbb917cf0da1b19', 'port_security_enabled': True, 'router:external': False, 'provider:network_type': 'vlan', 'provider:physical_network': 'default', 'provider:segmentation_id': 852, 'availability_zone_hints': [], 'availability_zones': [], 'ipv4_address_scope': None, 'ipv6_address_scope': None, 'description': '', 'tags': [], 'created_at': '2025-01-30T20:30:46Z', 'updated_at': '2025-01-30T20:30:46Z', 'revision_number': 1} available for tenant
2025-01-30 20:32:05.596 62984 INFO tempest.lib.common.rest_client [req-3fff26ae-f8fa-459a-984b-32b6b818b34b req-3fff26ae-f8fa-459a-984b-32b6b818b34b ] Request (ServersTestMultiNic:test_verify_duplicate_network_nics): 200 GET http://10.180.1.21/compute/v2.1/servers/574293e3-8ec8-410f-8a30-83bc60d25d64 0.087s
2025-01-30 20:32:05.599 62982 INFO tempest.lib.common.rest_client [req-10769e81-7fa8-4b9b-a664-de6d7a28de4d req-10769e81-7fa8-4b9b-a664-de6d7a28de4d ] Request (ServerRescueTestJSON:setUpClass): 200 GET http://10.180.1.21/compute/v2.1/servers/1129349d-65db-4e1d-bb08-cea793adf996 0.157s
2025-01-30 20:32:05.905 63004 INFO tempest.lib.common.rest_client [req-9fbe2b92-a2b8-43bf-bd28-6317d844ca76 req-9fbe2b92-a2b8-43bf-bd28-6317d844ca76 ] Request (ServerRescueTestJSONUnderV235:setUpClass): 200 GET http://10.180.1.21/compute/v2.1/servers/fffa23fe-3ce2-4879-b72d-11275d298504 0.136s
2025-01-30 20:32:05.954 62954 INFO tempest.lib.common.rest_client [req-fc999b2b-ef9c-42d5-80ab-0f9660b70e3a req-fc999b2b-ef9c-42d5-80ab-0f9660b70e3a ] Request (AttachInterfacesTestJSON:test_create_list_show_delete_interfaces_by_fixed_ip): 200 GET http://10.180.1.21/compute/v2.1/servers/a12855e2-1544-4e85-a7ff-c026fec861b6 0.071s
2025-01-30 20:32:05.969 62952 INFO tempest.lib.common.rest_client [req-1eb60e4c-b8cc-4684-ab98-b93d27b9eb65 req-1eb60e4c-b8cc-4684-ab98-b93d27b9eb65 ] Request (MultipleCreateTestJSON:test_multiple_create_with_reservation_return): 202 POST http://10.180.1.21/compute/v2.1/servers 0.398s
2025-01-30 20:32:06.020 62970 INFO tempest.lib.common.rest_client [req-45e93a26-2dd1-4371-bba3-b09955b53511 req-45e93a26-2dd1-4371-bba3-b09955b53511 ] Request (DeleteServersTestJSON:test_delete_active_server): 200 GET http://10.180.1.21/compute/v2.1/servers/ea289de9-9b2d-4756-a9a5-0e3dfe8db772 0.084s
2025-01-30 20:32:06.052 62946 INFO tempest.lib.common.rest_client [req-1ad9e15b-f1f6-47a7-8fc7-5ca097fb943a req-1ad9e15b-f1f6-47a7-8fc7-5ca097fb943a ] Request (AttachInterfacesUnderV243Test:test_add_remove_fixed_ip): 200 GET http://10.180.1.21/compute/v2.1/servers/faa16f10-63f0-457c-8cd7-20a624454d86 0.136s
2025-01-30 20:32:06.077 62958 INFO tempest.lib.common.rest_client [req-aa7fcd27-262e-4ab0-acfc-ffdf0f4b9163 req-aa7fcd27-262e-4ab0-acfc-ffdf0f4b9163 ] Request (ListImageFiltersTestJSON:setUpClass): 200 GET http://10.180.1.21/compute/v2.1/servers/aed62160-2db5-4008-a491-2b27ae81ef5f 0.109s
2025-01-30 20:32:06.085 62952 INFO tempest.lib.common.rest_client [req-997037d4-8eb3-4848-9108-f73b5056b1cd req-997037d4-8eb3-4848-9108-f73b5056b1cd ] Request (MultipleCreateTestJSON:test_multiple_create_with_reservation_return): 200 GET http://10.180.1.21/compute/v2.1/servers 0.115s
2025-01-30 20:32:06.127 62950 INFO tempest.lib.common.rest_client [req-a5e01200-62e8-45be-b457-28d6a83dc29e req-a5e01200-62e8-45be-b457-28d6a83dc29e ] Request (ImagesOneServerNegativeTestJSON:setUpClass): 200 GET http://10.180.1.21/compute/v2.1/servers/4c88fbb7-6e54-4ae6-a6df-e77e4d0202d8 0.142s
2025-01-30 20:32:06.131 62996 INFO tempest.lib.common.rest_client [req-e8848501-7688-4555-9a52-1904b3c861ab req-e8848501-7688-4555-9a52-1904b3c861ab ] Request (DeleteServersAdminTestJSON:test_delete_server_while_in_error_state): 200 GET http://10.180.1.21/compute/v2.1/servers/cbd30c37-f6c3-4229-8b95-855cab64924c 0.119s
2025-01-30 20:32:06.167 62952 INFO tempest.lib.common.rest_client [req-bd570e00-bfdc-45c8-88ab-d3c723ebb27d req-bd570e00-bfdc-45c8-88ab-d3c723ebb27d ] Request (MultipleCreateTestJSON:test_multiple_create_with_reservation_return): 200 GET http://10.180.1.21/compute/v2.1/servers/f1b70379-e13d-4007-ac2d-3d2d43cd5602 0.079s
2025-01-30 20:32:06.176 62966 INFO tempest.lib.common.rest_client [req-8acd1e25-23de-44b2-b3da-1cc6aa52ea01 req-8acd1e25-23de-44b2-b3da-1cc6aa52ea01 ] Request (AttachInterfacesV270Test:test_create_get_list_interfaces): 200 GET http://10.180.1.21/compute/v2.1/servers/95ac4fbf-071a-403e-8cae-88d9899757ba 0.108s
2025-01-30 20:32:06.217 63002 INFO tempest.lib.common.rest_client [req-776459fb-ea59-4934-853a-1e6f3570b4a0 req-776459fb-ea59-4934-853a-1e6f3570b4a0 ] Request (ServerShowV254Test:test_rebuild_server): 200 GET http://10.180.1.21/compute/v2.1/servers/16c4065b-83cf-4b1c-92bf-66ce0a75e573 0.066s
2025-01-30 20:32:06.259 62974 INFO tempest.lib.common.rest_client [req-1381dc19-bb4a-4ff2-8cd5-44d0f071aff6 req-1381dc19-bb4a-4ff2-8cd5-44d0f071aff6 ] Request (ServerExternalEventsTest:test_create_server_external_events): 200 GET http://10.180.1.21/compute/v2.1/servers/5f0240da-bec1-4bf3-a975-6ed3d0630a2d 0.044s
2025-01-30 20:32:06.265 62992 INFO tempest.lib.common.rest_client [req-0dbfef2a-a15c-4a92-a9f9-ef1887aec990 req-0dbfef2a-a15c-4a92-a9f9-ef1887aec990 ] Request (FloatingIPsAssociationTestJSON:test_associate_already_associated_floating_ip): 200 GET http://10.180.1.21/compute/v2.1/servers/2cfcbc3b-c2b9-4155-a48a-0e73eea0589e 0.093s
2025-01-30 20:32:06.272 62992 INFO tempest.common.waiters [-] State transition "BUILD/spawning" ==> "ACTIVE/None" after 57 second wait
2025-01-30 20:32:06.308 62980 INFO tempest.lib.common.rest_client [req-50013e57-22e6-4f12-81db-38de626cbc03 req-50013e57-22e6-4f12-81db-38de626cbc03 ] Request (ServerActionsTestOtherA:setUpClass): 200 GET http://10.180.1.21/compute/v2.1/servers/6f9b5217-6ab8-4cf5-a2ab-ad0d9dd95b1a 0.049s
2025-01-30 20:32:06.346 62962 INFO tempest.lib.common.rest_client [req-2b59c64c-3c45-453d-9ec6-ece70f0eed0d req-2b59c64c-3c45-453d-9ec6-ece70f0eed0d ] Request (ImagesTestJSON:test_create_image_from_stopped_server): 200 GET http://10.180.1.21/compute/v2.1/servers/83998771-97a7-4458-834e-df1e4b2914ee 0.114s
2025-01-30 20:32:06.353 62962 INFO tempest.common.waiters [-] State transition "ACTIVE/powering-off" ==> "SHUTOFF/None" after 2 second wait
2025-01-30 20:32:06.395 62964 INFO tempest.lib.common.rest_client [req-ef7120cd-9d8a-4a3d-a6c3-b41c2946e92e req-ef7120cd-9d8a-4a3d-a6c3-b41c2946e92e ] Request (ServersAdminTestJSON:test_create_server_with_scheduling_hint): 200 GET http://10.180.1.21/compute/v2.1/servers/b1ba58c1-340f-486a-8f47-86fbc7b27485 0.114s
2025-01-30 20:32:06.449 62986 INFO tempest.lib.common.rest_client [req-5b8ac0e5-f2b7-473f-b00b-90bd70662933 req-5b8ac0e5-f2b7-473f-b00b-90bd70662933 ] Request (SecurityGroupsTestJSON:test_server_security_groups): 200 GET http://10.180.1.21/compute/v2.1/servers/d28285ed-2ec0-43a4-bd34-82d33816fea4 0.139s
2025-01-30 20:32:06.504 63000 INFO tempest.lib.common.rest_client [req-fedf1626-3a27-4a04-b85a-5c4532a58bb1 req-fedf1626-3a27-4a04-b85a-5c4532a58bb1 ] Request (ServersAdmin275Test:tearDownClass): 200 GET http://10.180.1.21/compute/v2.1/servers/63e884c4-2cc1-431d-8a7f-1c4259b29e1a 0.154s
2025-01-30 20:32:06.542 62990 WARNING tempest.lib.common.ssh [-] Failed to establish authenticated ssh connection to cirros@10.180.180.236 ([Errno None] Unable to connect to port 22 on 10.180.180.236). Number attempts: 5. Retry after 6 seconds.: paramiko.ssh_exception.NoValidConnectionsError: [Errno None] Unable to connect to port 22 on 10.180.180.236
2025-01-30 20:32:06.932 62962 INFO tempest.lib.common.rest_client [req-e36f63a7-11e0-4439-b16e-1d702ec48e64 req-e36f63a7-11e0-4439-b16e-1d702ec48e64 ] Request (ImagesTestJSON:test_create_image_from_stopped_server): 202 POST http://10.180.1.21/compute/v2.1/servers/83998771-97a7-4458-834e-df1e4b2914ee/action 0.579s
2025-01-30 20:32:07.006 62978 INFO tempest.lib.common.rest_client [req-ea8751b3-b875-415d-9105-13c63bc158e1 req-ea8751b3-b875-415d-9105-13c63bc158e1 ] Request (ListServersNegativeTestJSON:setUpClass): 200 GET http://10.180.1.21/compute/v2.1/servers/15799515-ab7d-4e7c-a6e0-c740baf4f93a 0.644s
2025-01-30 20:32:07.063 62994 INFO tempest.lib.common.rest_client [req-35ba0007-6299-4364-95db-5a09b46b63ab req-35ba0007-6299-4364-95db-5a09b46b63ab ] Request (ServerRescueNegativeTestJSON:setUpClass): 200 GET http://10.180.1.21/compute/v2.1/servers/aa181094-cb78-44e0-8d7a-1d677e0af1fe 0.663s
2025-01-30 20:32:07.111 62948 INFO tempest.lib.common.rest_client [req-b0b42f03-7a69-4ca0-9ca5-9b157767f048 req-b0b42f03-7a69-4ca0-9ca5-9b157767f048 ] Request (ServerAddressesTestJSON:setUpClass): 200 GET http://10.180.1.21/compute/v2.1/servers/32a3b8bb-7c3a-4e30-8a50-37ce53e71882 0.694s
2025-01-30 20:32:07.177 62960 INFO tempest.lib.common.rest_client [req-80d0ee5a-fe96-4b6f-9b61-0312beaff867 req-80d0ee5a-fe96-4b6f-9b61-0312beaff867 ] Request (ImagesOneServerTestJSON:setUpClass): 200 GET http://10.180.1.21/compute/v2.1/servers/8af5ca34-f9c4-4b68-b0f7-7163f388b778 0.704s
2025-01-30 20:32:07.279 62976 INFO tempest.lib.common.rest_client [req-9048211b-046f-49bd-908f-c1d03259dac2 req-9048211b-046f-49bd-908f-c1d03259dac2 ] Request (MigrationsAdminTest:test_list_migrations_in_flavor_resize_situation): 200 GET http://10.180.1.21/compute/v2.1/servers/ab999825-4310-4fd8-81f0-6bb5dde4175b 0.726s
2025-01-30 20:32:07.341 62988 INFO tempest.lib.common.rest_client [req-6b15f035-bf76-4fb3-97ea-70fd04121c48 req-6b15f035-bf76-4fb3-97ea-70fd04121c48 ] Request (ServersAdminNegativeTestJSON:tearDownClass): 200 GET http://10.180.1.21/compute/v2.1/servers/f4be6a21-4f4c-4ec7-89ad-5ae2be2389d7 0.785s
2025-01-30 20:32:07.396 62984 INFO tempest.lib.common.rest_client [req-564e726f-478b-441e-bf6f-74f493455e8a req-564e726f-478b-441e-bf6f-74f493455e8a ] Request (ServersTestMultiNic:test_verify_duplicate_network_nics): 200 GET http://10.180.1.21/compute/v2.1/servers/574293e3-8ec8-410f-8a30-83bc60d25d64 0.790s
2025-01-30 20:32:07.441 62982 INFO tempest.lib.common.rest_client [req-18a47a4b-daec-499d-afbe-7252ea9168d2 req-18a47a4b-daec-499d-afbe-7252ea9168d2 ] Request (ServerRescueTestJSON:setUpClass): 200 GET http://10.180.1.21/compute/v2.1/servers/1129349d-65db-4e1d-bb08-cea793adf996 0.834s
2025-01-30 20:32:07.443 62992 INFO tempest.lib.common.rest_client [req-1b5e060f-d7bd-435f-9335-a7f8550417fe req-1b5e060f-d7bd-435f-9335-a7f8550417fe ] Request (FloatingIPsAssociationTestJSON:test_associate_already_associated_floating_ip): 202 POST http://10.180.1.21/compute/v2.1/servers/a674db15-ea4e-44c8-abc1-6af425286517/action 1.171s
2025-01-30 20:32:07.498 62962 INFO tempest.lib.common.rest_client [req-cbee42c7-0e4e-4cae-bd89-5edd7e9770b3 req-cbee42c7-0e4e-4cae-bd89-5edd7e9770b3 ] Request (ImagesTestJSON:test_create_image_from_stopped_server): 200 GET http://10.180.1.21/compute/v2.1/images/e9a1cf7c-3c1c-4510-847f-fc1bacd2e5ca 0.564s
2025-01-30 20:32:07.545 62954 INFO tempest.lib.common.rest_client [req-4066f360-f140-44a4-9c3d-d652d596a502 req-4066f360-f140-44a4-9c3d-d652d596a502 ] Request (AttachInterfacesTestJSON:test_create_list_show_delete_interfaces_by_fixed_ip): 200 GET http://10.180.1.21/compute/v2.1/servers/a12855e2-1544-4e85-a7ff-c026fec861b6 0.583s
2025-01-30 20:32:07.552 62954 INFO tempest.common.waiters [-] State transition "BUILD/None" ==> "BUILD/networking" after 52 second wait
2025-01-30 20:32:07.567 63004 INFO tempest.lib.common.rest_client [req-f7fc643c-2c90-4d77-869b-0a64b12b04f9 req-f7fc643c-2c90-4d77-869b-0a64b12b04f9 ] Request (ServerRescueTestJSONUnderV235:setUpClass): 200 GET http://10.180.1.21/compute/v2.1/servers/fffa23fe-3ce2-4879-b72d-11275d298504 0.653s
2025-01-30 20:32:07.602 62970 INFO tempest.lib.common.rest_client [req-b15bef76-5202-4782-9060-020ea7f41577 req-b15bef76-5202-4782-9060-020ea7f41577 ] Request (DeleteServersTestJSON:test_delete_active_server): 200 GET http://10.180.1.21/compute/v2.1/servers/ea289de9-9b2d-4756-a9a5-0e3dfe8db772 0.573s
2025-01-30 20:32:07.647 62958 INFO tempest.lib.common.rest_client [req-091f266c-d203-433c-9375-46bee09a3bda req-091f266c-d203-433c-9375-46bee09a3bda ] Request (ListImageFiltersTestJSON:setUpClass): 200 GET http://10.180.1.21/compute/v2.1/servers/aed62160-2db5-4008-a491-2b27ae81ef5f 0.562s
2025-01-30 20:32:07.683 62946 INFO tempest.lib.common.rest_client [req-1d88a245-1126-443b-bdb8-e8ee6b6ac5de req-1d88a245-1126-443b-bdb8-e8ee6b6ac5de ] Request (AttachInterfacesUnderV243Test:test_add_remove_fixed_ip): 200 GET http://10.180.1.21/compute/v2.1/servers/faa16f10-63f0-457c-8cd7-20a624454d86 0.622s
2025-01-30 20:32:07.708 62950 INFO tempest.lib.common.rest_client [req-41256160-0220-4ce1-b7ce-56e32ee28dd2 req-41256160-0220-4ce1-b7ce-56e32ee28dd2 ] Request (ImagesOneServerNegativeTestJSON:setUpClass): 200 GET http://10.180.1.21/compute/v2.1/servers/4c88fbb7-6e54-4ae6-a6df-e77e4d0202d8 0.573s
2025-01-30 20:32:07.731 62996 INFO tempest.lib.common.rest_client [req-f1ee0f04-7911-4188-b21e-25ee46e3de3f req-f1ee0f04-7911-4188-b21e-25ee46e3de3f ] Request (DeleteServersAdminTestJSON:test_delete_server_while_in_error_state): 200 GET http://10.180.1.21/compute/v2.1/servers/cbd30c37-f6c3-4229-8b95-855cab64924c 0.591s
2025-01-30 20:32:07.769 62952 INFO tempest.lib.common.rest_client [req-d7b69db6-b526-45f2-9a9e-c7cc0297788f req-d7b69db6-b526-45f2-9a9e-c7cc0297788f ] Request (MultipleCreateTestJSON:test_multiple_create_with_reservation_return): 200 GET http://10.180.1.21/compute/v2.1/servers/f1b70379-e13d-4007-ac2d-3d2d43cd5602 0.594s
2025-01-30 20:32:07.784 62966 INFO tempest.lib.common.rest_client [req-f59c7549-a390-4e15-b207-287fa6fd3edb req-f59c7549-a390-4e15-b207-287fa6fd3edb ] Request (AttachInterfacesV270Test:test_create_get_list_interfaces): 200 GET http://10.180.1.21/compute/v2.1/servers/95ac4fbf-071a-403e-8cae-88d9899757ba 0.598s
2025-01-30 20:32:07.833 63002 INFO tempest.lib.common.rest_client [req-69b993b4-b412-4fe6-93b0-c4a094ef4278 req-69b993b4-b412-4fe6-93b0-c4a094ef4278 ] Request (ServerShowV254Test:test_rebuild_server): 200 GET http://10.180.1.21/compute/v2.1/servers/16c4065b-83cf-4b1c-92bf-66ce0a75e573 0.606s
2025-01-30 20:32:07.834 62974 INFO tempest.lib.common.rest_client [req-65482ae4-7dfd-4da4-80e6-6f4291bff39d req-65482ae4-7dfd-4da4-80e6-6f4291bff39d ] Request (ServerExternalEventsTest:test_create_server_external_events): 200 GET http://10.180.1.21/compute/v2.1/servers/5f0240da-bec1-4bf3-a975-6ed3d0630a2d 0.567s
2025-01-30 20:32:07.878 62980 INFO tempest.lib.common.rest_client [req-46dceef0-c6eb-4acd-9236-1fb785245682 req-46dceef0-c6eb-4acd-9236-1fb785245682 ] Request (ServerActionsTestOtherA:setUpClass): 200 GET http://10.180.1.21/compute/v2.1/servers/6f9b5217-6ab8-4cf5-a2ab-ad0d9dd95b1a 0.561s
2025-01-30 20:32:07.880 62964 INFO tempest.lib.common.rest_client [req-8bc9f13d-2241-4897-b53b-cab9b7717c51 req-8bc9f13d-2241-4897-b53b-cab9b7717c51 ] Request (ServersAdminTestJSON:test_create_server_with_scheduling_hint): 200 GET http://10.180.1.21/compute/v2.1/servers/b1ba58c1-340f-486a-8f47-86fbc7b27485 0.477s
2025-01-30 20:32:07.936 62986 INFO tempest.lib.common.rest_client [req-f3d3b621-c50f-4123-9e67-745227a91245 req-f3d3b621-c50f-4123-9e67-745227a91245 ] Request (SecurityGroupsTestJSON:test_server_security_groups): 200 GET http://10.180.1.21/compute/v2.1/servers/d28285ed-2ec0-43a4-bd34-82d33816fea4 0.480s
2025-01-30 20:32:08.009 63000 INFO tempest.lib.common.rest_client [req-7f5f062f-796f-4aa3-ad13-10a4a85dd1ad req-7f5f062f-796f-4aa3-ad13-10a4a85dd1ad ] Request (ServersAdmin275Test:tearDownClass): 200 GET http://10.180.1.21/compute/v2.1/servers/63e884c4-2cc1-431d-8a7f-1c4259b29e1a 0.495s
2025-01-30 20:32:08.069 62978 INFO tempest.lib.common.rest_client [req-8457f1e4-5667-4c74-a06d-8cbc13a2ab80 req-8457f1e4-5667-4c74-a06d-8cbc13a2ab80 ] Request (ListServersNegativeTestJSON:setUpClass): 200 GET http://10.180.1.21/compute/v2.1/servers/15799515-ab7d-4e7c-a6e0-c740baf4f93a 0.055s
2025-01-30 20:32:08.126 62994 INFO tempest.lib.common.rest_client [req-e6a701ed-2d42-4ed1-b15d-24f84a3b82cb req-e6a701ed-2d42-4ed1-b15d-24f84a3b82cb ] Request (ServerRescueNegativeTestJSON:setUpClass): 200 GET http://10.180.1.21/compute/v2.1/servers/aa181094-cb78-44e0-8d7a-1d677e0af1fe 0.052s
2025-01-30 20:32:08.136 62994 INFO tempest.common.waiters [-] State transition "BUILD/scheduling" ==> "BUILD/None" after 40 second wait
2025-01-30 20:32:08.173 62948 INFO tempest.lib.common.rest_client [req-916736a4-c115-4ab1-ad61-f07db6bd9c6d req-916736a4-c115-4ab1-ad61-f07db6bd9c6d ] Request (ServerAddressesTestJSON:setUpClass): 200 GET http://10.180.1.21/compute/v2.1/servers/32a3b8bb-7c3a-4e30-8a50-37ce53e71882 0.053s
2025-01-30 20:32:08.237 62960 INFO tempest.lib.common.rest_client [req-ef51139f-d499-46ed-bc76-7cee64933c63 req-ef51139f-d499-46ed-bc76-7cee64933c63 ] Request (ImagesOneServerTestJSON:setUpClass): 200 GET http://10.180.1.21/compute/v2.1/servers/8af5ca34-f9c4-4b68-b0f7-7163f388b778 0.050s
2025-01-30 20:32:08.412 62976 INFO tempest.lib.common.rest_client [req-cca25a85-4ff7-480a-b871-caeb61aacf70 req-cca25a85-4ff7-480a-b871-caeb61aacf70 ] Request (MigrationsAdminTest:test_list_migrations_in_flavor_resize_situation): 200 GET http://10.180.1.21/compute/v2.1/servers/ab999825-4310-4fd8-81f0-6bb5dde4175b 0.124s
2025-01-30 20:32:08.467 62988 INFO tempest.lib.common.rest_client [req-24cd3a4a-7284-4bd4-8ccf-2c832ddd0c63 req-24cd3a4a-7284-4bd4-8ccf-2c832ddd0c63 ] Request (ServersAdminNegativeTestJSON:tearDownClass): 200 GET http://10.180.1.21/compute/v2.1/servers/f4be6a21-4f4c-4ec7-89ad-5ae2be2389d7 0.108s
2025-01-30 20:32:08.511 62984 INFO tempest.lib.common.rest_client [req-cbe6148c-464b-4001-8671-3cc6f187d8c3 req-cbe6148c-464b-4001-8671-3cc6f187d8c3 ] Request (ServersTestMultiNic:test_verify_duplicate_network_nics): 200 GET http://10.180.1.21/compute/v2.1/servers/574293e3-8ec8-410f-8a30-83bc60d25d64 0.107s
2025-01-30 20:32:08.561 62982 INFO tempest.lib.common.rest_client [req-e3088d55-7255-4c86-aa47-7015da478633 req-e3088d55-7255-4c86-aa47-7015da478633 ] Request (ServerRescueTestJSON:setUpClass): 200 GET http://10.180.1.21/compute/v2.1/servers/1129349d-65db-4e1d-bb08-cea793adf996 0.111s
2025-01-30 20:32:08.596 62962 INFO tempest.lib.common.rest_client [req-b2d5dab9-ffb9-459e-a0ee-548c65dad750 req-b2d5dab9-ffb9-459e-a0ee-548c65dad750 ] Request (ImagesTestJSON:test_create_image_from_stopped_server): 200 GET http://10.180.1.21/compute/v2.1/images/e9a1cf7c-3c1c-4510-847f-fc1bacd2e5ca 0.092s
2025-01-30 20:32:08.736 62954 INFO tempest.lib.common.rest_client [req-1031bb64-c309-4636-a0d3-3e1ce8672559 req-1031bb64-c309-4636-a0d3-3e1ce8672559 ] Request (AttachInterfacesTestJSON:test_create_list_show_delete_interfaces_by_fixed_ip): 200 GET http://10.180.1.21/compute/v2.1/servers/a12855e2-1544-4e85-a7ff-c026fec861b6 0.181s
2025-01-30 20:32:08.745 62954 INFO tempest.common.waiters [-] State transition "BUILD/networking" ==> "BUILD/block_device_mapping" after 53 second wait
2025-01-30 20:32:08.845 63004 INFO tempest.lib.common.rest_client [req-c8f36cad-c47f-4f60-89c8-943ca4e0d55b req-c8f36cad-c47f-4f60-89c8-943ca4e0d55b ] Request (ServerRescueTestJSONUnderV235:setUpClass): 200 GET http://10.180.1.21/compute/v2.1/servers/fffa23fe-3ce2-4879-b72d-11275d298504 0.270s
2025-01-30 20:32:08.897 62970 INFO tempest.lib.common.rest_client [req-f78eaf5d-7a9a-4572-9087-749236bdc0b2 req-f78eaf5d-7a9a-4572-9087-749236bdc0b2 ] Request (DeleteServersTestJSON:test_delete_active_server): 200 GET http://10.180.1.21/compute/v2.1/servers/ea289de9-9b2d-4756-a9a5-0e3dfe8db772 0.287s
2025-01-30 20:32:08.944 62958 INFO tempest.lib.common.rest_client [req-13edf77b-9a77-4f27-b422-add536236822 req-13edf77b-9a77-4f27-b422-add536236822 ] Request (ListImageFiltersTestJSON:setUpClass): 200 GET http://10.180.1.21/compute/v2.1/servers/aed62160-2db5-4008-a491-2b27ae81ef5f 0.288s
2025-01-30 20:32:09.035 62946 INFO tempest.lib.common.rest_client [req-1737619c-6952-4606-bd54-bf23bc6852aa req-1737619c-6952-4606-bd54-bf23bc6852aa ] Request (AttachInterfacesUnderV243Test:test_add_remove_fixed_ip): 200 GET http://10.180.1.21/compute/v2.1/servers/faa16f10-63f0-457c-8cd7-20a624454d86 0.343s
2025-01-30 20:32:09.096 62950 INFO tempest.lib.common.rest_client [req-cb1b04b8-f834-49b2-ab87-a8463a8bad35 req-cb1b04b8-f834-49b2-ab87-a8463a8bad35 ] Request (ImagesOneServerNegativeTestJSON:setUpClass): 200 GET http://10.180.1.21/compute/v2.1/servers/4c88fbb7-6e54-4ae6-a6df-e77e4d0202d8 0.380s
2025-01-30 20:32:09.150 62996 INFO tempest.lib.common.rest_client [req-148fd11e-32fe-4e92-834b-120e57e052d4 req-148fd11e-32fe-4e92-834b-120e57e052d4 ] Request (DeleteServersAdminTestJSON:test_delete_server_while_in_error_state): 200 GET http://10.180.1.21/compute/v2.1/servers/cbd30c37-f6c3-4229-8b95-855cab64924c 0.410s
2025-01-30 20:32:09.200 62952 INFO tempest.lib.common.rest_client [req-dce237cf-a1d6-4000-8126-7a0379635748 req-dce237cf-a1d6-4000-8126-7a0379635748 ] Request (MultipleCreateTestJSON:test_multiple_create_with_reservation_return): 200 GET http://10.180.1.21/compute/v2.1/servers/f1b70379-e13d-4007-ac2d-3d2d43cd5602 0.421s
2025-01-30 20:32:09.252 62966 INFO tempest.lib.common.rest_client [req-35d34d7c-c2fd-45db-ad1c-fc2db6529b10 req-35d34d7c-c2fd-45db-ad1c-fc2db6529b10 ] Request (AttachInterfacesV270Test:test_create_get_list_interfaces): 200 GET http://10.180.1.21/compute/v2.1/servers/95ac4fbf-071a-403e-8cae-88d9899757ba 0.457s
2025-01-30 20:32:09.302 62974 INFO tempest.lib.common.rest_client [req-bdfdf350-3e44-4390-a9cf-3cc64b414d62 req-bdfdf350-3e44-4390-a9cf-3cc64b414d62 ] Request (ServerExternalEventsTest:test_create_server_external_events): 200 GET http://10.180.1.21/compute/v2.1/servers/5f0240da-bec1-4bf3-a975-6ed3d0630a2d 0.460s
2025-01-30 20:32:09.352 63002 INFO tempest.lib.common.rest_client [req-cb9691e8-2c71-45d7-8723-7607c0577b57 req-cb9691e8-2c71-45d7-8723-7607c0577b57 ] Request (ServerShowV254Test:test_rebuild_server): 200 GET http://10.180.1.21/compute/v2.1/servers/16c4065b-83cf-4b1c-92bf-66ce0a75e573 0.507s
2025-01-30 20:32:09.362 63002 INFO tempest.common.waiters [-] State transition "BUILD/spawning" ==> "ACTIVE/None" after 54 second wait
2025-01-30 20:32:09.401 62980 INFO tempest.lib.common.rest_client [req-b60a6963-2601-4004-8208-8bbbc8d5ce8e req-b60a6963-2601-4004-8208-8bbbc8d5ce8e ] Request (ServerActionsTestOtherA:setUpClass): 200 GET http://10.180.1.21/compute/v2.1/servers/6f9b5217-6ab8-4cf5-a2ab-ad0d9dd95b1a 0.515s
2025-01-30 20:32:09.449 62964 INFO tempest.lib.common.rest_client [req-ade04f8f-eaf1-437d-93a8-932d8753bd2f req-ade04f8f-eaf1-437d-93a8-932d8753bd2f ] Request (ServersAdminTestJSON:test_create_server_with_scheduling_hint): 200 GET http://10.180.1.21/compute/v2.1/servers/b1ba58c1-340f-486a-8f47-86fbc7b27485 0.559s
2025-01-30 20:32:09.494 62986 INFO tempest.lib.common.rest_client [req-5cb247ec-b2e6-4bb7-8732-1569938ee778 req-5cb247ec-b2e6-4bb7-8732-1569938ee778 ] Request (SecurityGroupsTestJSON:test_server_security_groups): 200 GET http://10.180.1.21/compute/v2.1/servers/d28285ed-2ec0-43a4-bd34-82d33816fea4 0.547s
2025-01-30 20:32:09.554 63000 INFO tempest.lib.common.rest_client [req-d67ae99e-59eb-4b0a-ab1e-c8a9f5b579df req-d67ae99e-59eb-4b0a-ab1e-c8a9f5b579df ] Request (ServersAdmin275Test:tearDownClass): 200 GET http://10.180.1.21/compute/v2.1/servers/63e884c4-2cc1-431d-8a7f-1c4259b29e1a 0.524s
2025-01-30 20:32:09.616 62978 INFO tempest.lib.common.rest_client [req-54981418-f195-4680-bd64-ea72de76dcff req-54981418-f195-4680-bd64-ea72de76dcff ] Request (ListServersNegativeTestJSON:setUpClass): 200 GET http://10.180.1.21/compute/v2.1/servers/15799515-ab7d-4e7c-a6e0-c740baf4f93a 0.539s
2025-01-30 20:32:09.668 62994 INFO tempest.lib.common.rest_client [req-dd664762-35aa-4c58-abca-167d0c47002c req-dd664762-35aa-4c58-abca-167d0c47002c ] Request (ServerRescueNegativeTestJSON:setUpClass): 200 GET http://10.180.1.21/compute/v2.1/servers/aa181094-cb78-44e0-8d7a-1d677e0af1fe 0.531s
2025-01-30 20:32:09.722 62948 INFO tempest.lib.common.rest_client [req-b00f7de3-cce3-43ad-916b-16166fd93d32 req-b00f7de3-cce3-43ad-916b-16166fd93d32 ] Request (ServerAddressesTestJSON:setUpClass): 200 GET http://10.180.1.21/compute/v2.1/servers/32a3b8bb-7c3a-4e30-8a50-37ce53e71882 0.540s
2025-01-30 20:32:09.771 62960 INFO tempest.lib.common.rest_client [req-87970047-3819-4f4c-ab6a-a754111986d2 req-87970047-3819-4f4c-ab6a-a754111986d2 ] Request (ImagesOneServerTestJSON:setUpClass): 200 GET http://10.180.1.21/compute/v2.1/servers/8af5ca34-f9c4-4b68-b0f7-7163f388b778 0.521s
