2025-02-10 12:18:53.790 62810 INFO tempest.lib.common.rest_client [req-cf3c3229-614c-41ee-9138-91d717565d92 req-cf3c3229-614c-41ee-9138-91d717565d92 ] Request (VolumesAssistedSnapshotsTest:setUpClass): 201 POST http://10.180.1.21/identity/v3/auth/tokens 0.105s
2025-02-10 12:18:53.791 62850 INFO tempest.lib.common.rest_client [req-4930b275-cfcb-41bb-9efd-176762979adc req-4930b275-cfcb-41bb-9efd-176762979adc ] Request (HypervisorAdminV228Test:tearDownClass): 204 DELETE http://10.180.1.21:9696/networking/v2.0/security-groups/c21b33f0-df93-4c0d-bfe0-c5706e69ad85 0.179s
2025-02-10 12:18:53.806 62816 INFO tempest.lib.common.rest_client [req-016cc5ca-b4a6-4dcd-8717-d5006fa902f9 req-016cc5ca-b4a6-4dcd-8717-d5006fa902f9 ] Request (ServerDiagnosticsTest:test_get_server_diagnostics): 200 GET http://10.180.1.21/compute/v2.1/servers/758ed671-347a-4949-9842-2f8cdcd261ae 1.641s
2025-02-10 12:18:53.855 62826 INFO tempest.lib.common.rest_client [req-0088c2a4-b305-4e78-9f8f-8d8730bdb13b req-0088c2a4-b305-4e78-9f8f-8d8730bdb13b ] Request (FlavorMetadataValidation:tearDownClass): 204 DELETE http://10.180.1.21:9696/networking/v2.0/security-groups/c35b8437-c9fe-4311-bce2-52736712b5cb 0.116s
2025-02-10 12:18:53.891 62850 INFO tempest.lib.common.rest_client [req-659daf1f-022c-43cd-8e18-e3a835a6e74a req-659daf1f-022c-43cd-8e18-e3a835a6e74a ] Request (HypervisorAdminV228Test:tearDownClass): 204 DELETE http://10.180.1.21/identity/v3/projects/37992b3a80e04fa9a140d3e14d6e3e5a 0.099s
2025-02-10 12:18:54.012 62826 INFO tempest.lib.common.rest_client [req-ad5e0d52-98c5-475e-9e85-e9dd87bfc4a0 req-ad5e0d52-98c5-475e-9e85-e9dd87bfc4a0 ] Request (FlavorMetadataValidation:tearDownClass): 204 DELETE http://10.180.1.21/identity/v3/projects/f65a01be4ed34c718f7c3b765362de09 0.156s
2025-02-10 12:18:54.012 62826 INFO tempest.lib.common.dynamic_creds [-] Deleting project and security group for project: 5c6d840eac1a4af29de6f0b69738a2b9
2025-02-10 12:18:54.018 62828 INFO tempest.lib.common.rest_client [req-537ab6ef-9d5e-45a9-8af1-93a0978cc59d req-537ab6ef-9d5e-45a9-8af1-93a0978cc59d ] Request (SecurityGroupsTestAdminJSON:test_list_security_groups_list_all_tenants_filter): 200 POST http://10.180.1.21/compute/v2.1/os-security-groups 1.950s
2025-02-10 12:18:54.042 62850 INFO tempest.lib.common.rest_client [req-c36c7218-ef08-4e27-a765-79d6dfda2f79 req-c36c7218-ef08-4e27-a765-79d6dfda2f79 ] Request (HypervisorAdminNegativeTestJSON:setUpClass): 201 POST http://10.180.1.21/identity/v3/auth/tokens 0.150s
2025-02-10 12:18:54.054 62844 INFO tempest.lib.common.rest_client [req-34bd8b75-758c-42da-96ca-da65e1310cc0 req-34bd8b75-758c-42da-96ca-da65e1310cc0 ] Request (FlavorsExtraSpecsTestJSON:test_flavor_non_admin_get_all_keys): 200 POST http://10.180.1.21/compute/v2.1/flavors/1959564932/os-extra_specs 1.832s
2025-02-10 12:18:54.084 62850 INFO tempest.lib.common.rest_client [req-550d8c15-2366-430f-906f-dfac9df9832a req-550d8c15-2366-430f-906f-dfac9df9832a ] Request (HypervisorAdminNegativeTestJSON:setUpClass): 201 POST http://10.180.1.21/identity/v3/auth/tokens 0.036s
2025-02-10 12:18:54.091 62856 INFO tempest.lib.common.rest_client [req-a6328377-723e-4c01-9e34-67f4f2d8c9fb req-a6328377-723e-4c01-9e34-67f4f2d8c9fb ] Request (InstanceUsageAuditLogTestJSON:test_list_instance_usage_audit_logs): 200 GET http://10.180.1.21/compute/v2.1/os-instance_usage_audit_log 1.774s
2025-02-10 12:18:54.116 62850 INFO tempest.lib.common.rest_client [req-e55885d2-6580-447c-a81a-24f9d88bb002 req-e55885d2-6580-447c-a81a-24f9d88bb002 ] Request (HypervisorAdminNegativeTestJSON:setUpClass): 200 GET http://10.180.1.21/identity/v3/domains?name=Default 0.032s
2025-02-10 12:18:54.230 62826 INFO tempest.lib.common.rest_client [req-216acab0-6f3c-497b-bd2e-603db6d0c08a req-216acab0-6f3c-497b-bd2e-603db6d0c08a ] Request (FlavorMetadataValidation:tearDownClass): 200 GET http://10.180.1.21:9696/networking/v2.0/security-groups?tenant_id=5c6d840eac1a4af29de6f0b69738a2b9&name=default 0.218s
2025-02-10 12:18:54.253 62820 INFO tempest.lib.common.rest_client [req-1ba7ee8b-a939-4512-874d-bd36f9c03184 req-1ba7ee8b-a939-4512-874d-bd36f9c03184 ] Request (ServerDiagnosticsNegativeTest:test_get_server_diagnostics_by_non_admin): 202 POST http://10.180.1.21/compute/v2.1/servers 2.038s
2025-02-10 12:18:54.263 62856 INFO tempest.lib.common.rest_client [req-55101bc5-40a3-41ef-b517-7a28be9b1862 req-55101bc5-40a3-41ef-b517-7a28be9b1862 ] Request (InstanceUsageAuditLogTestJSON:tearDownClass): 204 DELETE http://10.180.1.21/identity/v3/users/543e8603adae42b79a4437e28904fc61 0.166s
2025-02-10 12:18:54.297 62800 INFO tempest.lib.common.rest_client [req-ff373b08-5b42-49fb-8106-83dbd7c23786 req-ff373b08-5b42-49fb-8106-83dbd7c23786 ] Request (FlavorsV261TestJSON:test_crud_flavor): 200 PUT http://10.180.1.21/compute/v2.1/flavors/1345910935 1.933s
2025-02-10 12:18:54.306 62854 INFO tempest.lib.common.rest_client [req-d8387374-544e-418d-b5cd-5e0273b79c89 req-d8387374-544e-418d-b5cd-5e0273b79c89 ] Request (HostsAdminNegativeTestJSON:test_reboot_host_with_non_admin_user): 403 GET http://10.180.1.21/compute/v2.1/os-hosts/devstack/reboot 1.907s
2025-02-10 12:18:54.324 62836 INFO tempest.lib.common.rest_client [req-c3e2f7fc-05e5-4265-b312-5c83a7d56794 req-c3e2f7fc-05e5-4265-b312-5c83a7d56794 ] Request (ServersAdmin275Test:test_rebuild_update_server_275): 202 POST http://10.180.1.21/compute/v2.1/servers 1.979s
2025-02-10 12:18:54.342 62850 INFO tempest.lib.common.rest_client [req-0b159da5-52f9-4466-ae2e-9c23a34f297a req-0b159da5-52f9-4466-ae2e-9c23a34f297a ] Request (HypervisorAdminNegativeTestJSON:setUpClass): 201 POST http://10.180.1.21/identity/v3/projects 0.225s
2025-02-10 12:18:54.344 62834 INFO tempest.lib.common.rest_client [req-7c782cb2-64d5-4564-a993-bdc391d187dd req-7c782cb2-64d5-4564-a993-bdc391d187dd ] Request (HypervisorAdminUnderV252Test:test_search_hypervisor): 200 GET http://10.180.1.21/compute/v2.1/os-hypervisors 1.906s
2025-02-10 12:18:54.347 62826 INFO tempest.lib.common.rest_client [req-5207049b-ceb0-4f38-9907-a3bc9d5dd4f5 req-5207049b-ceb0-4f38-9907-a3bc9d5dd4f5 ] Request (FlavorMetadataValidation:tearDownClass): 204 DELETE http://10.180.1.21:9696/networking/v2.0/security-groups/b73e266c-d929-42d2-b5df-314a75137810 0.116s
2025-02-10 12:18:54.353 62802 INFO tempest.lib.common.rest_client [req-138ce61e-8ff4-41bf-9fba-009bd2178ec5 req-138ce61e-8ff4-41bf-9fba-009bd2178ec5 ] Request (FlavorsAdminTestJSON:_run_cleanups): 200 GET http://10.180.1.21/compute/v2.1/flavors/detail 1.885s
2025-02-10 12:18:54.382 62824 INFO tempest.lib.common.rest_client [req-c88b3ec6-a2a8-43f1-b6f3-ef78fed78c96 req-c88b3ec6-a2a8-43f1-b6f3-ef78fed78c96 ] Request (ServicesAdminTestJSON:test_get_service_by_service_binary_name): 200 GET http://10.180.1.21/compute/v2.1/os-services?binary=nova-compute 1.871s
2025-02-10 12:18:54.437 62850 INFO tempest.lib.common.rest_client [req-c5b3cffd-7e85-4dd5-bd44-2feb612e824a req-c5b3cffd-7e85-4dd5-bd44-2feb612e824a ] Request (HypervisorAdminNegativeTestJSON:setUpClass): 201 POST http://10.180.1.21/identity/v3/users 0.094s
2025-02-10 12:18:54.453 62810 INFO tempest.lib.common.rest_client [req-0ce34d47-5434-48d0-9d7d-687b347fbad2 req-0ce34d47-5434-48d0-9d7d-687b347fbad2 ] Request (VolumesAssistedSnapshotsTest:test_volume_assisted_snapshot_create_delete): 202 POST http://10.180.1.21/volume/v3/volumes 0.662s
2025-02-10 12:18:54.541 62856 INFO tempest.lib.common.rest_client [req-468e475e-18a5-4d55-a740-27cd8f7182a1 req-468e475e-18a5-4d55-a740-27cd8f7182a1 ] Request (InstanceUsageAuditLogTestJSON:tearDownClass): 204 DELETE http://10.180.1.21/identity/v3/users/44bb258fa807460c8f9640da6979d09b 0.277s
2025-02-10 12:18:54.541 62856 INFO tempest.lib.common.dynamic_creds [-] Deleting project and security group for project: 9cdc14f8474e425fbc79df249c966098
2025-02-10 12:18:54.544 62826 INFO tempest.lib.common.rest_client [req-1d02ec6a-e90c-4743-8527-bf4bd1166a4f req-1d02ec6a-e90c-4743-8527-bf4bd1166a4f ] Request (FlavorMetadataValidation:tearDownClass): 204 DELETE http://10.180.1.21/identity/v3/projects/5c6d840eac1a4af29de6f0b69738a2b9 0.197s
2025-02-10 12:18:54.567 62810 INFO tempest.lib.common.rest_client [req-2518137d-be88-41d5-b250-ac34235fd16a req-2518137d-be88-41d5-b250-ac34235fd16a ] Request (VolumesAssistedSnapshotsTest:test_volume_assisted_snapshot_create_delete): 200 GET http://10.180.1.21/volume/v3/volumes/576c8720-9070-4d05-af30-8ea24f60700e 0.102s
2025-02-10 12:18:54.621 62850 INFO tempest.lib.common.rest_client [req-ac17b44c-49fd-40a1-ac88-7cfe86daaff8 req-ac17b44c-49fd-40a1-ac88-7cfe86daaff8 ] Request (HypervisorAdminNegativeTestJSON:setUpClass): 200 GET http://10.180.1.21/identity/v3/roles 0.183s
2025-02-10 12:18:54.644 62856 INFO tempest.lib.common.rest_client [req-b04252ae-78c4-4d0e-af3c-056ff01f5650 req-b04252ae-78c4-4d0e-af3c-056ff01f5650 ] Request (InstanceUsageAuditLogTestJSON:tearDownClass): 201 POST http://10.180.1.21/identity/v3/auth/tokens 0.103s
2025-02-10 12:18:54.671 62826 INFO tempest.lib.common.rest_client [req-8943fbdf-2683-4389-bc16-448d7cf17273 req-8943fbdf-2683-4389-bc16-448d7cf17273 ] Request (ServersTestJSON:setUpClass): 201 POST http://10.180.1.21/identity/v3/auth/tokens 0.123s
2025-02-10 12:18:54.721 62850 INFO tempest.lib.common.rest_client [req-01680ce5-8465-4789-9a08-3625cd7c30ad req-01680ce5-8465-4789-9a08-3625cd7c30ad ] Request (HypervisorAdminNegativeTestJSON:setUpClass): 204 PUT http://10.180.1.21/identity/v3/projects/9847e1373f1c4db193d614873904e43c/users/e0b4f8e314c34fa0a501eb724a1266a4/roles/b19bf4b6d3a3448b95ac3b4a35a03e98 0.099s
2025-02-10 12:18:54.721 62850 INFO tempest.lib.common.dynamic_creds [-] Dynamic test user e0b4f8e314c34fa0a501eb724a1266a4 is created with scope project and roles: ['member']
2025-02-10 12:18:54.721 62850 INFO tempest.lib.common.dynamic_creds [-] Acquired dynamic creds: credentials: Credentials: {'domain_id': 'default', 'domain_name': 'Default', 'username': 'tempest-HypervisorAdminNegativeTestJSON-509613170-project-member', 'project_domain_id': 'default', 'project_domain_name': 'Default', 'project_id': '9847e1373f1c4db193d614873904e43c', 'project_name': 'tempest-HypervisorAdminNegativeTestJSON-509613170', 'tenant_id': '9847e1373f1c4db193d614873904e43c', 'tenant_name': 'tempest-HypervisorAdminNegativeTestJSON-509613170', 'user_domain_id': 'default', 'user_domain_name': 'Default', 'user_id': 'e0b4f8e314c34fa0a501eb724a1266a4', 'system': None}, Network: None, Subnet: None, Router: None
2025-02-10 12:18:54.721 62850 INFO tempest.lib.common.dynamic_creds [-] Created isolated network resources for: credentials: Credentials: {'domain_id': 'default', 'domain_name': 'Default', 'username': 'tempest-HypervisorAdminNegativeTestJSON-509613170-project-member', 'project_domain_id': 'default', 'project_domain_name': 'Default', 'project_id': '9847e1373f1c4db193d614873904e43c', 'project_name': 'tempest-HypervisorAdminNegativeTestJSON-509613170', 'tenant_id': '9847e1373f1c4db193d614873904e43c', 'tenant_name': 'tempest-HypervisorAdminNegativeTestJSON-509613170', 'user_domain_id': 'default', 'user_domain_name': 'Default', 'user_id': 'e0b4f8e314c34fa0a501eb724a1266a4', 'system': None}, Network: None, Subnet: None, Router: None
2025-02-10 12:18:54.739 62806 INFO tempest.lib.common.rest_client [req-58993f45-3250-4f85-8f16-0fe029c98f43 req-58993f45-3250-4f85-8f16-0fe029c98f43 ] Request (FlavorsAccessNegativeTestJSON:test_add_flavor_access_duplicate): 200 POST http://10.180.1.21/compute/v2.1/flavors/1267224481/action 2.137s
2025-02-10 12:18:54.780 62826 INFO tempest.lib.common.rest_client [req-90cf4184-9f98-477f-a68c-29f5b763c937 req-90cf4184-9f98-477f-a68c-29f5b763c937 ] Request (ServersTestJSON:setUpClass): 201 POST http://10.180.1.21/identity/v3/auth/tokens 0.105s
2025-02-10 12:18:54.797 62852 INFO tempest.lib.common.rest_client [req-cf75fd2a-2efa-4276-89bd-72a6accb860e req-cf75fd2a-2efa-4276-89bd-72a6accb860e ] Request (ServersAdminNegativeTestJSON:setUpClass): 200 GET http://10.180.1.21/compute/v2.1/servers/3824a70e-8498-410a-904d-c7cd0de0c358 2.094s
2025-02-10 12:18:54.819 62804 INFO tempest.lib.common.rest_client [req-a7b2a644-ba18-479e-a2d7-d4cabc34bc1b req-a7b2a644-ba18-479e-a2d7-d4cabc34bc1b ] Request (ServicesAdminNegativeV253TestJSON:test_disable_service_with_invalid_service_id): 404 PUT http://10.180.1.21/compute/v2.1/os-services/f8bf0de2-92e3-4fa8-b1b0-cdd760c05b8b 2.003s
2025-02-10 12:18:54.831 62826 INFO tempest.lib.common.rest_client [req-bb58e6dc-d186-4aca-82da-0b9499af490e req-bb58e6dc-d186-4aca-82da-0b9499af490e ] Request (ServersTestJSON:setUpClass): 200 GET http://10.180.1.21/identity/v3/domains?name=Default 0.051s
2025-02-10 12:18:54.856 62850 INFO tempest.lib.common.rest_client [req-1cfff2df-c811-4a2a-9372-deac35e9e00b req-1cfff2df-c811-4a2a-9372-deac35e9e00b ] Request (HypervisorAdminNegativeTestJSON:setUpClass): 201 POST http://10.180.1.21/identity/v3/auth/tokens 0.132s
2025-02-10 12:18:54.897 62826 INFO tempest.lib.common.rest_client [req-d4abeb7f-5f41-4438-b146-c63e8b450816 req-d4abeb7f-5f41-4438-b146-c63e8b450816 ] Request (ServersTestJSON:setUpClass): 201 POST http://10.180.1.21/identity/v3/projects 0.065s
2025-02-10 12:18:54.964 62858 INFO tempest.lib.common.rest_client [req-292336e5-c930-49c2-92fd-aa003591f61a req-292336e5-c930-49c2-92fd-aa003591f61a ] Request (NetworksTest:test_list_all_networks): 200 GET http://10.180.1.21/compute/v2.1/os-networks 2.084s
2025-02-10 12:18:54.968 62850 INFO tempest.lib.common.rest_client [req-3fc19ebe-f43f-4ec3-965e-21a26ae1aaac req-3fc19ebe-f43f-4ec3-965e-21a26ae1aaac ] Request (HypervisorAdminNegativeTestJSON:setUpClass): 201 POST http://10.180.1.21/identity/v3/projects 0.111s
2025-02-10 12:18:54.969 62826 INFO tempest.lib.common.rest_client [req-6bcfa74f-efcb-4db3-89af-531cd5788ac7 req-6bcfa74f-efcb-4db3-89af-531cd5788ac7 ] Request (ServersTestJSON:setUpClass): 201 POST http://10.180.1.21/identity/v3/users 0.072s
2025-02-10 12:18:55.077 62858 INFO tempest.lib.common.rest_client [req-79ed2abd-639d-475c-b700-a1b20c701714 req-79ed2abd-639d-475c-b700-a1b20c701714 ] Request (NetworksTest:tearDownClass): 204 DELETE http://10.180.1.21/identity/v3/users/c4f067ce81304f948abcc493116c6e32 0.111s
2025-02-10 12:18:55.088 62856 INFO tempest.lib.common.rest_client [req-58e3d631-7c47-463d-8a29-9d804dafba53 req-58e3d631-7c47-463d-8a29-9d804dafba53 ] Request (InstanceUsageAuditLogTestJSON:tearDownClass): 200 GET http://10.180.1.21:9696/networking/v2.0/security-groups?tenant_id=9cdc14f8474e425fbc79df249c966098&name=default 0.444s
2025-02-10 12:18:55.160 62850 INFO tempest.lib.common.rest_client [req-6c3cf4f2-d1ab-4b67-b4df-38281fbbf0d5 req-6c3cf4f2-d1ab-4b67-b4df-38281fbbf0d5 ] Request (HypervisorAdminNegativeTestJSON:setUpClass): 201 POST http://10.180.1.21/identity/v3/users 0.191s
2025-02-10 12:18:55.173 62818 INFO tempest.lib.common.rest_client [req-66c29e93-782d-4c75-9653-0633f931baa7 req-66c29e93-782d-4c75-9653-0633f931baa7 ] Request (AggregatesAdminNegativeTestJSON:test_aggregate_add_existent_host): 200 POST http://10.180.1.21/compute/v2.1/os-aggregates/1/action 2.509s
2025-02-10 12:18:55.181 62856 INFO tempest.lib.common.rest_client [req-0041d246-8dbd-4135-a671-bbe15b349f6c req-0041d246-8dbd-4135-a671-bbe15b349f6c ] Request (InstanceUsageAuditLogTestJSON:tearDownClass): 204 DELETE http://10.180.1.21:9696/networking/v2.0/security-groups/d89cad28-3320-4b72-8e3f-45262194579e 0.092s
2025-02-10 12:18:55.184 62826 INFO tempest.lib.common.rest_client [req-fdd4dab4-e643-44a5-bb96-108e73af83bb req-fdd4dab4-e643-44a5-bb96-108e73af83bb ] Request (ServersTestJSON:setUpClass): 200 GET http://10.180.1.21/identity/v3/roles 0.214s
2025-02-10 12:18:55.185 62860 INFO tempest.lib.common.rest_client [req-b5c53e45-89ba-4c5f-b546-9600fb9fa8c6 req-b5c53e45-89ba-4c5f-b546-9600fb9fa8c6 ] Request (ServersWithSpecificFlavorTestJSON:test_verify_created_server_ephemeral_disk): 200 GET http://10.180.1.21/compute/v2.1/flavors/42 2.253s
2025-02-10 12:18:55.210 62850 INFO tempest.lib.common.rest_client [req-cfa37b6a-8d6b-4919-be11-69e8fe495d5e req-cfa37b6a-8d6b-4919-be11-69e8fe495d5e ] Request (HypervisorAdminNegativeTestJSON:setUpClass): 200 GET http://10.180.1.21/identity/v3/roles 0.049s
2025-02-10 12:18:55.244 62858 INFO tempest.lib.common.rest_client [req-f154aa01-6008-4d4e-b466-f232c897c755 req-f154aa01-6008-4d4e-b466-f232c897c755 ] Request (NetworksTest:tearDownClass): 204 DELETE http://10.180.1.21/identity/v3/users/cdfe46ffef3041d9b2810d3e66efe671 0.167s
2025-02-10 12:18:55.244 62858 INFO tempest.lib.common.dynamic_creds [-] Deleting project and security group for project: 437fd546f87a486ba763a32136278302
2025-02-10 12:18:55.247 62812 INFO tempest.lib.common.rest_client [req-6f36e5ad-a244-4dad-84d0-3b536edc2deb req-6f36e5ad-a244-4dad-84d0-3b536edc2deb ] Request (ServerExternalEventsTest:test_create_server_external_events): 200 GET http://10.180.1.21/compute/v2.1/servers/678b6b5f-b410-4c55-872e-4a74da6d7ebc 2.022s
2025-02-10 12:18:55.258 62832 INFO tempest.lib.common.rest_client [req-7f09ec37-54f6-4ff9-ac77-b529118b7311 req-7f09ec37-54f6-4ff9-ac77-b529118b7311 ] Request (QuotaClassesAdminTestJSON:test_update_default_quotas): 200 GET http://10.180.1.21/compute/v2.1/os-quota-class-sets/default 1.726s
2025-02-10 12:18:55.322 62862 INFO tempest.lib.common.rest_client [req-9ae9017a-aa1b-4285-bb0c-e3e924b50422 req-9ae9017a-aa1b-4285-bb0c-e3e924b50422 ] Request (FlavorsAccessTestJSON:test_flavor_access_add_remove): 200 GET http://10.180.1.21/compute/v2.1/flavors/detail 2.308s
2025-02-10 12:18:55.332 62842 INFO tempest.lib.common.rest_client [req-b6c3bd1b-8215-4206-bcb3-8105f20bbb8d req-b6c3bd1b-8215-4206-bcb3-8105f20bbb8d ] Request (KeyPairsV2TestJSON:test_get_keypair_detail): 200 GET http://10.180.1.21/compute/v2.1/os-keypairs/tempest-keypair-311267704 1.610s
2025-02-10 12:18:55.340 62856 INFO tempest.lib.common.rest_client [req-6b2e2d80-7b92-45ac-b282-7b3e1bcf1cb4 req-6b2e2d80-7b92-45ac-b282-7b3e1bcf1cb4 ] Request (InstanceUsageAuditLogTestJSON:tearDownClass): 204 DELETE http://10.180.1.21/identity/v3/projects/9cdc14f8474e425fbc79df249c966098 0.159s
2025-02-10 12:18:55.340 62856 INFO tempest.lib.common.dynamic_creds [-] Deleting project and security group for project: 6dda3e8c7f81434799a6d08d1273eb34
2025-02-10 12:18:55.371 62826 INFO tempest.lib.common.rest_client [req-99bbf5a7-6734-43e8-9927-f508a3eced26 req-99bbf5a7-6734-43e8-9927-f508a3eced26 ] Request (ServersTestJSON:setUpClass): 204 PUT http://10.180.1.21/identity/v3/projects/9c4c1e4d92254cbd89569f7c135646a5/users/ee727c0bfc05441a8d4cccf6f8728e9c/roles/b19bf4b6d3a3448b95ac3b4a35a03e98 0.186s
2025-02-10 12:18:55.371 62826 INFO tempest.lib.common.dynamic_creds [-] Dynamic test user ee727c0bfc05441a8d4cccf6f8728e9c is created with scope project and roles: ['member']
2025-02-10 12:18:55.372 62826 INFO tempest.lib.common.dynamic_creds [-] Acquired dynamic creds: credentials: Credentials: {'domain_id': 'default', 'domain_name': 'Default', 'username': 'tempest-ServersTestJSON-2066055632-project-member', 'project_domain_id': 'default', 'project_domain_name': 'Default', 'project_id': '9c4c1e4d92254cbd89569f7c135646a5', 'project_name': 'tempest-ServersTestJSON-2066055632', 'tenant_id': '9c4c1e4d92254cbd89569f7c135646a5', 'tenant_name': 'tempest-ServersTestJSON-2066055632', 'user_domain_id': 'default', 'user_domain_name': 'Default', 'user_id': 'ee727c0bfc05441a8d4cccf6f8728e9c', 'system': None}, Network: None, Subnet: None, Router: None
2025-02-10 12:18:55.410 62814 INFO tempest.lib.common.rest_client [req-a529c452-c053-41f9-b5a1-fbc839653faa req-a529c452-c053-41f9-b5a1-fbc839653faa ] Request (DeleteServersAdminTestJSON:test_admin_delete_servers_of_others): 200 GET http://10.180.1.21/compute/v2.1/servers/a3830103-2dcb-40ac-8e62-b331fe4673ff 1.569s
2025-02-10 12:18:55.423 62814 INFO tempest.common.waiters [-] State transition "BUILD/None" ==> "BUILD/networking" after 3 second wait
2025-02-10 12:18:55.425 62858 INFO tempest.lib.common.rest_client [req-c56f075e-4026-4027-9330-7f1bd58363d7 req-c56f075e-4026-4027-9330-7f1bd58363d7 ] Request (NetworksTest:tearDownClass): 201 POST http://10.180.1.21/identity/v3/auth/tokens 0.180s
2025-02-10 12:18:55.432 62850 INFO tempest.lib.common.rest_client [req-3161adf4-b13a-4af0-932d-9615252fa922 req-3161adf4-b13a-4af0-932d-9615252fa922 ] Request (HypervisorAdminNegativeTestJSON:setUpClass): 204 PUT http://10.180.1.21/identity/v3/projects/d1bfbbcb6cd84fc4bbb10d223d546404/users/bccea4cdbfc04330a0529066eed59c9d/roles/d588008f12dd4707a855761490f91ee3 0.222s
2025-02-10 12:18:55.490 62856 INFO tempest.lib.common.rest_client [req-d70c058f-6e65-4416-b389-34e02211b461 req-d70c058f-6e65-4416-b389-34e02211b461 ] Request (InstanceUsageAuditLogTestJSON:tearDownClass): 200 GET http://10.180.1.21:9696/networking/v2.0/security-groups?tenant_id=6dda3e8c7f81434799a6d08d1273eb34&name=default 0.149s
2025-02-10 12:18:55.492 62826 INFO tempest.lib.common.rest_client [req-01d9ce2d-501a-4f41-836c-34804a81d345 req-01d9ce2d-501a-4f41-836c-34804a81d345 ] Request (ServersTestJSON:setUpClass): 201 POST http://10.180.1.21/identity/v3/auth/tokens 0.118s
2025-02-10 12:18:55.496 62850 INFO tempest.lib.common.rest_client [req-9a79a208-ad9b-4c71-a91a-afeae9d093b2 req-9a79a208-ad9b-4c71-a91a-afeae9d093b2 ] Request (HypervisorAdminNegativeTestJSON:setUpClass): 200 GET http://10.180.1.21/identity/v3/roles 0.064s
2025-02-10 12:18:55.519 62850 INFO tempest.lib.common.rest_client [req-938b4d04-c65d-477d-819f-1e307c7c621b req-938b4d04-c65d-477d-819f-1e307c7c621b ] Request (HypervisorAdminNegativeTestJSON:setUpClass): 204 PUT http://10.180.1.21/identity/v3/projects/d1bfbbcb6cd84fc4bbb10d223d546404/users/bccea4cdbfc04330a0529066eed59c9d/roles/d588008f12dd4707a855761490f91ee3 0.021s
2025-02-10 12:18:55.520 62850 INFO tempest.lib.common.dynamic_creds [-] Dynamic test user bccea4cdbfc04330a0529066eed59c9d is created with scope project and roles: ['admin']
2025-02-10 12:18:55.520 62850 INFO tempest.lib.common.dynamic_creds [-] Acquired dynamic creds: credentials: Credentials: {'domain_id': 'default', 'domain_name': 'Default', 'username': 'tempest-HypervisorAdminNegativeTestJSON-2052425372-project-admin', 'project_domain_id': 'default', 'project_domain_name': 'Default', 'project_id': 'd1bfbbcb6cd84fc4bbb10d223d546404', 'project_name': 'tempest-HypervisorAdminNegativeTestJSON-2052425372', 'tenant_id': 'd1bfbbcb6cd84fc4bbb10d223d546404', 'tenant_name': 'tempest-HypervisorAdminNegativeTestJSON-2052425372', 'user_domain_id': 'default', 'user_domain_name': 'Default', 'user_id': 'bccea4cdbfc04330a0529066eed59c9d', 'system': None}, Network: None, Subnet: None, Router: None
2025-02-10 12:18:55.520 62850 INFO tempest.lib.common.dynamic_creds [-] Created isolated network resources for: credentials: Credentials: {'domain_id': 'default', 'domain_name': 'Default', 'username': 'tempest-HypervisorAdminNegativeTestJSON-2052425372-project-admin', 'project_domain_id': 'default', 'project_domain_name': 'Default', 'project_id': 'd1bfbbcb6cd84fc4bbb10d223d546404', 'project_name': 'tempest-HypervisorAdminNegativeTestJSON-2052425372', 'tenant_id': 'd1bfbbcb6cd84fc4bbb10d223d546404', 'tenant_name': 'tempest-HypervisorAdminNegativeTestJSON-2052425372', 'user_domain_id': 'default', 'user_domain_name': 'Default', 'user_id': 'bccea4cdbfc04330a0529066eed59c9d', 'system': None}, Network: None, Subnet: None, Router: None
2025-02-10 12:18:55.560 62828 INFO tempest.lib.common.rest_client [req-2d6ad3be-cae3-4042-8c3b-259a576cb342 req-2d6ad3be-cae3-4042-8c3b-259a576cb342 ] Request (SecurityGroupsTestAdminJSON:test_list_security_groups_list_all_tenants_filter): 200 POST http://10.180.1.21/compute/v2.1/os-security-groups 1.539s
2025-02-10 12:18:55.617 62810 INFO tempest.lib.common.rest_client [req-67b43462-69e9-49b0-b5b4-27e8bb4546e3 req-67b43462-69e9-49b0-b5b4-27e8bb4546e3 ] Request (VolumesAssistedSnapshotsTest:test_volume_assisted_snapshot_create_delete): 200 GET http://10.180.1.21/volume/v3/volumes/576c8720-9070-4d05-af30-8ea24f60700e 0.041s
2025-02-10 12:18:55.626 62856 INFO tempest.lib.common.rest_client [req-af684bf2-084b-4827-94cf-df4b092dbef7 req-af684bf2-084b-4827-94cf-df4b092dbef7 ] Request (InstanceUsageAuditLogTestJSON:tearDownClass): 204 DELETE http://10.180.1.21:9696/networking/v2.0/security-groups/ac5187e3-ae43-4267-a5ca-0febdd1c8451 0.135s
2025-02-10 12:18:55.630 62810 INFO tempest.common.waiters [-] volume 576c8720-9070-4d05-af30-8ea24f60700e reached available after waiting for 1.629963 seconds
2025-02-10 12:18:55.654 62848 INFO tempest.lib.common.rest_client [req-e02c09ee-6d8f-47c6-a7b1-bdeb500451c6 req-e02c09ee-6d8f-47c6-a7b1-bdeb500451c6 ] Request (ServersAdminTestJSON:setUpClass): 202 POST http://10.180.1.21/compute/v2.1/servers 2.055s
2025-02-10 12:18:55.695 62850 INFO tempest.lib.common.rest_client [req-f3d5070f-7c72-4d38-8aa3-58d7dcb2484e req-f3d5070f-7c72-4d38-8aa3-58d7dcb2484e ] Request (HypervisorAdminNegativeTestJSON:setUpClass): 201 POST http://10.180.1.21/identity/v3/auth/tokens 0.170s
2025-02-10 12:18:55.740 62820 INFO tempest.lib.common.rest_client [req-3bf6f0f0-0e99-4446-8656-f52f23177db0 req-3bf6f0f0-0e99-4446-8656-f52f23177db0 ] Request (ServerDiagnosticsNegativeTest:test_get_server_diagnostics_by_non_admin): 200 GET http://10.180.1.21/compute/v2.1/servers/a5657a70-5374-4d52-be9a-2d05f9556d16 1.485s
2025-02-10 12:18:55.767 62856 INFO tempest.lib.common.rest_client [req-322b8560-b969-4154-9f95-ce90f6fda496 req-322b8560-b969-4154-9f95-ce90f6fda496 ] Request (InstanceUsageAuditLogTestJSON:tearDownClass): 204 DELETE http://10.180.1.21/identity/v3/projects/6dda3e8c7f81434799a6d08d1273eb34 0.140s
2025-02-10 12:18:55.779 62844 INFO tempest.lib.common.rest_client [req-74b7f5ac-7c18-4386-81fd-2204744bf142 req-74b7f5ac-7c18-4386-81fd-2204744bf142 ] Request (FlavorsExtraSpecsTestJSON:test_flavor_non_admin_get_all_keys): 200 GET http://10.180.1.21/compute/v2.1/flavors/1959564932/os-extra_specs 1.724s
2025-02-10 12:18:55.781 62800 INFO tempest.lib.common.rest_client [req-7df94e07-914f-46ac-9ed5-a80be1761ba4 req-7df94e07-914f-46ac-9ed5-a80be1761ba4 ] Request (FlavorsV261TestJSON:test_crud_flavor): 200 GET http://10.180.1.21/compute/v2.1/flavors/detail 1.481s
2025-02-10 12:18:55.789 62858 INFO tempest.lib.common.rest_client [req-502c5a34-a914-4cfe-a993-c4a499a14614 req-502c5a34-a914-4cfe-a993-c4a499a14614 ] Request (NetworksTest:tearDownClass): 200 GET http://10.180.1.21:9696/networking/v2.0/security-groups?tenant_id=437fd546f87a486ba763a32136278302&name=default 0.364s
2025-02-10 12:18:55.801 62854 INFO tempest.lib.common.rest_client [req-963abb56-6bbd-4592-ae10-a13ec998ba72 req-963abb56-6bbd-4592-ae10-a13ec998ba72 ] Request (HostsAdminNegativeTestJSON:test_reboot_nonexistent_host): 404 GET http://10.180.1.21/compute/v2.1/os-hosts/nonexistent_hostname/reboot 1.493s
2025-02-10 12:18:55.824 62826 INFO tempest.lib.common.rest_client [req-5be549a3-391a-4bc9-b706-dbc25a965984 req-5be549a3-391a-4bc9-b706-dbc25a965984 ] Request (ServersTestJSON:setUpClass): 201 POST http://10.180.1.21:9696/networking/v2.0/networks 0.332s
2025-02-10 12:18:55.842 62856 INFO tempest.lib.common.rest_client [req-bae20de7-1202-4caf-9c3e-1420f7832296 req-bae20de7-1202-4caf-9c3e-1420f7832296 ] Request (QuotaClassesAdmin257Test:setUpClass): 201 POST http://10.180.1.21/identity/v3/auth/tokens 0.072s
2025-02-10 12:18:55.870 62856 INFO tempest.lib.common.rest_client [req-0d62583e-6a2f-4463-bc1f-803f6f75807e req-0d62583e-6a2f-4463-bc1f-803f6f75807e ] Request (QuotaClassesAdmin257Test:setUpClass): 201 POST http://10.180.1.21/identity/v3/auth/tokens 0.026s
2025-02-10 12:18:55.884 62836 INFO tempest.lib.common.rest_client [req-608e9233-b814-4a05-921f-498644d2151b req-608e9233-b814-4a05-921f-498644d2151b ] Request (ServersAdmin275Test:test_rebuild_update_server_275): 200 PUT http://10.180.1.21/compute/v2.1/servers/9a098809-cc26-4210-b09e-b7825c406294 1.558s
2025-02-10 12:18:55.894 62856 INFO tempest.lib.common.rest_client [req-f6599374-8b71-4d87-99a4-cd896051338d req-f6599374-8b71-4d87-99a4-cd896051338d ] Request (QuotaClassesAdmin257Test:setUpClass): 200 GET http://10.180.1.21/identity/v3/domains?name=Default 0.023s
2025-02-10 12:18:55.895 62822 INFO tempest.lib.common.rest_client [req-144e2ec2-0053-4a4c-88ab-852c320ac9c3 req-144e2ec2-0053-4a4c-88ab-852c320ac9c3 ] Request (ServerDiagnosticsV248Test:test_get_server_diagnostics): 200 GET http://10.180.1.21/compute/v2.1/servers/c8779822-1694-463e-bd06-5f84d867d1bd 1.553s
2025-02-10 12:18:55.905 62822 INFO tempest.common.waiters [-] State transition "BUILD/block_device_mapping" ==> "BUILD/spawning" after 6 second wait
2025-02-10 12:18:55.911 62834 INFO tempest.lib.common.rest_client [req-99238ea7-d723-4976-be5f-290623831413 req-99238ea7-d723-4976-be5f-290623831413 ] Request (HypervisorAdminUnderV252Test:test_search_hypervisor): 200 GET http://10.180.1.21/compute/v2.1/os-hypervisors/domain-c8.fc996f14-c53b-4953-92e3-bdfa48f5cc28/search 1.564s
2025-02-10 12:18:55.915 62858 INFO tempest.lib.common.rest_client [req-7356a5de-75bc-43d8-8d3a-15de7a1392ad req-7356a5de-75bc-43d8-8d3a-15de7a1392ad ] Request (NetworksTest:tearDownClass): 204 DELETE http://10.180.1.21:9696/networking/v2.0/security-groups/0b906c81-7f84-41ff-a03d-39e72edfac44 0.125s
2025-02-10 12:18:55.918 62802 INFO tempest.lib.common.rest_client [req-c13a595c-9167-4bf9-9a31-cd05cb6bf249 req-c13a595c-9167-4bf9-9a31-cd05cb6bf249 ] Request (FlavorsAdminTestJSON:test_create_flavor_verify_entry_in_list_details): 200 POST http://10.180.1.21/compute/v2.1/flavors 1.551s
2025-02-10 12:18:55.925 62856 INFO tempest.lib.common.rest_client [req-9ed9ef75-c495-483e-b371-12b021a4636f req-9ed9ef75-c495-483e-b371-12b021a4636f ] Request (QuotaClassesAdmin257Test:setUpClass): 201 POST http://10.180.1.21/identity/v3/projects 0.031s
2025-02-10 12:18:55.931 62824 INFO tempest.lib.common.rest_client [req-26db9f98-1c36-45ec-9b06-196f37df46cf req-26db9f98-1c36-45ec-9b06-196f37df46cf ] Request (ServicesAdminTestJSON:test_list_services): 200 GET http://10.180.1.21/compute/v2.1/os-services 1.540s
2025-02-10 12:18:55.965 62830 INFO tempest.lib.common.rest_client [req-a0b4e48c-c2d1-4ee3-9491-8fb0860f6da5 req-a0b4e48c-c2d1-4ee3-9491-8fb0860f6da5 ] Request (InstanceActionsV221TestJSON:test_get_list_deleted_instance_actions): 200 GET http://10.180.1.21/compute/v2.1/servers/7828f9c8-fc02-4218-ba93-5362af807dad 1.313s
2025-02-10 12:18:56.011 62846 INFO tempest.lib.common.rest_client [req-978dbc2e-2f78-4e8b-867b-40a45e04820e req-978dbc2e-2f78-4e8b-867b-40a45e04820e ] Request (ImagesOneServerNegativeTestJSON:setUpClass): 200 GET http://10.180.1.21/compute/v2.1/servers/74b6ae10-a595-4139-8eda-38fe1aa298cf 1.251s
2025-02-10 12:18:56.019 62834 INFO tempest.lib.common.rest_client [req-3f7df805-b6a4-415c-808b-a9dd53df268e req-3f7df805-b6a4-415c-808b-a9dd53df268e ] Request (HypervisorAdminUnderV252Test:tearDownClass): 204 DELETE http://10.180.1.21/identity/v3/users/8e7dc938045a41db88525ee62980b7fc 0.102s
2025-02-10 12:18:56.021 62858 INFO tempest.lib.common.rest_client [req-ee15aaac-9a19-4c45-ab9a-98d5395da1f3 req-ee15aaac-9a19-4c45-ab9a-98d5395da1f3 ] Request (NetworksTest:tearDownClass): 204 DELETE http://10.180.1.21/identity/v3/projects/437fd546f87a486ba763a32136278302 0.106s
2025-02-10 12:18:56.021 62858 INFO tempest.lib.common.dynamic_creds [-] Deleting project and security group for project: 97a8f88844fe492aa38c410537e680f0
2025-02-10 12:18:56.061 62826 INFO tempest.lib.common.rest_client [req-b66eb2df-23d0-4e24-bc86-708d55beb019 req-b66eb2df-23d0-4e24-bc86-708d55beb019 ] Request (ServersTestJSON:setUpClass): 201 POST http://10.180.1.21:9696/networking/v2.0/subnets 0.236s
2025-02-10 12:18:56.086 62856 INFO tempest.lib.common.rest_client [req-274cb0f1-6885-4e59-b7f1-97aa97fd51f7 req-274cb0f1-6885-4e59-b7f1-97aa97fd51f7 ] Request (QuotaClassesAdmin257Test:setUpClass): 201 POST http://10.180.1.21/identity/v3/users 0.161s
2025-02-10 12:18:56.094 62816 INFO tempest.lib.common.rest_client [req-412fd112-71db-4d91-bf8d-fdfbea8c28a9 req-412fd112-71db-4d91-bf8d-fdfbea8c28a9 ] Request (ServerDiagnosticsTest:test_get_server_diagnostics): 200 GET http://10.180.1.21/compute/v2.1/servers/758ed671-347a-4949-9842-2f8cdcd261ae 1.279s
2025-02-10 12:18:56.115 62804 INFO tempest.lib.common.rest_client [req-dd146f43-ebc9-444f-b8d3-43a7e163f9a7 req-dd146f43-ebc9-444f-b8d3-43a7e163f9a7 ] Request (ServicesAdminNegativeV253TestJSON:test_enable_service_with_invalid_service_id): 404 PUT http://10.180.1.21/compute/v2.1/os-services/f8bf0de2-92e3-4fa8-b1b0-cdd760c05b8b 1.295s
2025-02-10 12:18:56.149 62824 INFO tempest.lib.common.rest_client [req-dbc72093-5757-4c39-9ac7-3a127cf6c1d9 req-dbc72093-5757-4c39-9ac7-3a127cf6c1d9 ] Request (ServicesAdminTestJSON:tearDownClass): 204 DELETE http://10.180.1.21/identity/v3/users/03a0184e6c984d1c9f6d09d9c132f195 0.214s
2025-02-10 12:18:56.151 62858 INFO tempest.lib.common.rest_client [req-ff323a6a-689f-4e76-a98a-73f0b56530d8 req-ff323a6a-689f-4e76-a98a-73f0b56530d8 ] Request (NetworksTest:tearDownClass): 200 GET http://10.180.1.21:9696/networking/v2.0/security-groups?tenant_id=97a8f88844fe492aa38c410537e680f0&name=default 0.129s
2025-02-10 12:18:56.189 62818 INFO tempest.lib.common.rest_client [req-14fa6808-58d1-4b78-9b72-2c2a4787ad7d req-14fa6808-58d1-4b78-9b72-2c2a4787ad7d ] Request (AggregatesAdminNegativeTestJSON:test_aggregate_add_existent_host): 409 POST http://10.180.1.21/compute/v2.1/os-aggregates/1/action 1.013s
2025-02-10 12:18:56.204 62856 INFO tempest.lib.common.rest_client [req-8f7dfe57-a004-4729-b268-4b6cc3216006 req-8f7dfe57-a004-4729-b268-4b6cc3216006 ] Request (QuotaClassesAdmin257Test:setUpClass): 200 GET http://10.180.1.21/identity/v3/roles 0.117s
2025-02-10 12:18:56.235 62834 INFO tempest.lib.common.rest_client [req-988d311d-2653-4d6c-93ad-786bcc7a6873 req-988d311d-2653-4d6c-93ad-786bcc7a6873 ] Request (HypervisorAdminUnderV252Test:tearDownClass): 204 DELETE http://10.180.1.21/identity/v3/users/31036a807e2e4d1598814363cad64abd 0.215s
2025-02-10 12:18:56.236 62834 INFO tempest.lib.common.dynamic_creds [-] Deleting project and security group for project: 6f54dcdf617b48e695419c7539c0c301
2025-02-10 12:18:56.330 62806 INFO tempest.lib.common.rest_client [req-bade8819-ded6-4ba3-b003-810b66405ad9 req-bade8819-ded6-4ba3-b003-810b66405ad9 ] Request (FlavorsAccessNegativeTestJSON:test_add_flavor_access_duplicate): 409 POST http://10.180.1.21/compute/v2.1/flavors/1267224481/action 1.590s
2025-02-10 12:18:56.335 62824 INFO tempest.lib.common.rest_client [req-e29c7164-ac65-4597-bcba-4ca8a51ac368 req-e29c7164-ac65-4597-bcba-4ca8a51ac368 ] Request (ServicesAdminTestJSON:tearDownClass): 204 DELETE http://10.180.1.21/identity/v3/users/9b080fcab52c44968427ea27722e550e 0.184s
2025-02-10 12:18:56.335 62824 INFO tempest.lib.common.dynamic_creds [-] Deleting project and security group for project: 7d5001cba90a477cb9368b0edf0239f5
2025-02-10 12:18:56.372 62858 INFO tempest.lib.common.rest_client [req-7713c5d4-bf2f-43c1-aa75-024aa56ddb61 req-7713c5d4-bf2f-43c1-aa75-024aa56ddb61 ] Request (NetworksTest:tearDownClass): 204 DELETE http://10.180.1.21:9696/networking/v2.0/security-groups/a5334eb9-bbc0-4f7a-83c5-974b75beed35 0.220s
2025-02-10 12:18:56.380 62832 INFO tempest.lib.common.rest_client [req-40735958-2d7e-4847-9933-fe0f0863930b req-40735958-2d7e-4847-9933-fe0f0863930b ] Request (QuotaClassesAdminTestJSON:_run_cleanups): 200 PUT http://10.180.1.21/compute/v2.1/os-quota-class-sets/default 1.118s
2025-02-10 12:18:56.398 62856 INFO tempest.lib.common.rest_client [req-a5e5ebff-5f70-43f6-ba4b-f85120e73c37 req-a5e5ebff-5f70-43f6-ba4b-f85120e73c37 ] Request (QuotaClassesAdmin257Test:setUpClass): 204 PUT http://10.180.1.21/identity/v3/projects/0bfbee0c97594eeca5c667c3bb571cfd/users/b10a5f9e6fa546b6bb0c537cfb584407/roles/b19bf4b6d3a3448b95ac3b4a35a03e98 0.193s
2025-02-10 12:18:56.398 62856 INFO tempest.lib.common.dynamic_creds [-] Dynamic test user b10a5f9e6fa546b6bb0c537cfb584407 is created with scope project and roles: ['member']
2025-02-10 12:18:56.398 62856 INFO tempest.lib.common.dynamic_creds [-] Acquired dynamic creds: credentials: Credentials: {'domain_id': 'default', 'domain_name': 'Default', 'username': 'tempest-QuotaClassesAdmin257Test-751022274-project-member', 'project_domain_id': 'default', 'project_domain_name': 'Default', 'project_id': '0bfbee0c97594eeca5c667c3bb571cfd', 'project_name': 'tempest-QuotaClassesAdmin257Test-751022274', 'tenant_id': '0bfbee0c97594eeca5c667c3bb571cfd', 'tenant_name': 'tempest-QuotaClassesAdmin257Test-751022274', 'user_domain_id': 'default', 'user_domain_name': 'Default', 'user_id': 'b10a5f9e6fa546b6bb0c537cfb584407', 'system': None}, Network: None, Subnet: None, Router: None
2025-02-10 12:18:56.398 62856 INFO tempest.lib.common.dynamic_creds [-] Created isolated network resources for: credentials: Credentials: {'domain_id': 'default', 'domain_name': 'Default', 'username': 'tempest-QuotaClassesAdmin257Test-751022274-project-member', 'project_domain_id': 'default', 'project_domain_name': 'Default', 'project_id': '0bfbee0c97594eeca5c667c3bb571cfd', 'project_name': 'tempest-QuotaClassesAdmin257Test-751022274', 'tenant_id': '0bfbee0c97594eeca5c667c3bb571cfd', 'tenant_name': 'tempest-QuotaClassesAdmin257Test-751022274', 'user_domain_id': 'default', 'user_domain_name': 'Default', 'user_id': 'b10a5f9e6fa546b6bb0c537cfb584407', 'system': None}, Network: None, Subnet: None, Router: None
2025-02-10 12:18:56.459 62860 INFO tempest.lib.common.rest_client [req-a5b4265e-c32c-40ba-ba16-cd8c9e64f4b2 req-a5b4265e-c32c-40ba-ba16-cd8c9e64f4b2 ] Request (ServersWithSpecificFlavorTestJSON:test_verify_created_server_ephemeral_disk): 200 POST http://10.180.1.21/compute/v2.1/flavors 1.271s
2025-02-10 12:18:56.461 62834 INFO tempest.lib.common.rest_client [req-0c609073-c655-4ed3-8536-0e91c43cee4f req-0c609073-c655-4ed3-8536-0e91c43cee4f ] Request (HypervisorAdminUnderV252Test:tearDownClass): 201 POST http://10.180.1.21/identity/v3/auth/tokens 0.225s
2025-02-10 12:18:56.470 62824 INFO tempest.lib.common.rest_client [req-5c002f07-a445-4362-97af-f820daf408f0 req-5c002f07-a445-4362-97af-f820daf408f0 ] Request (ServicesAdminTestJSON:tearDownClass): 201 POST http://10.180.1.21/identity/v3/auth/tokens 0.134s
2025-02-10 12:18:56.484 62842 INFO tempest.lib.common.rest_client [req-176c65cd-a288-429b-9842-d7505f4587fa req-176c65cd-a288-429b-9842-d7505f4587fa ] Request (KeyPairsV2TestJSON:_run_cleanups): 202 DELETE http://10.180.1.21/compute/v2.1/os-keypairs/tempest-keypair-311267704 1.149s
2025-02-10 12:18:56.518 62858 INFO tempest.lib.common.rest_client [req-0fde6bf3-a20e-4f9a-99dd-50079eb3b3f4 req-0fde6bf3-a20e-4f9a-99dd-50079eb3b3f4 ] Request (NetworksTest:tearDownClass): 204 DELETE http://10.180.1.21/identity/v3/projects/97a8f88844fe492aa38c410537e680f0 0.145s
2025-02-10 12:18:56.519 62858 INFO tempest.test [-] raised in TestMultiAttachVolumeSwap.setUpClass. Invoking tearDownClass.
2025-02-10 12:18:56.530 62832 INFO tempest.lib.common.rest_client [req-2af263de-806e-4f11-aabb-5dab71c9273f req-2af263de-806e-4f11-aabb-5dab71c9273f ] Request (QuotaClassesAdminTestJSON:tearDownClass): 204 DELETE http://10.180.1.21/identity/v3/users/d3b5fa5df4434452af2bd4813a8b32d8 0.141s
2025-02-10 12:18:56.574 62856 INFO tempest.lib.common.rest_client [req-381ea737-7e3e-488c-81dc-97651864c3b9 req-381ea737-7e3e-488c-81dc-97651864c3b9 ] Request (QuotaClassesAdmin257Test:setUpClass): 201 POST http://10.180.1.21/identity/v3/auth/tokens 0.171s
2025-02-10 12:18:56.585 62840 INFO tempest.lib.common.rest_client [req-4f126fee-5f35-4d56-94b1-9bfec90c26d9 req-4f126fee-5f35-4d56-94b1-9bfec90c26d9 ] Request (QuotasAdminTestJSON:test_delete_quota): 200 GET http://10.180.1.21/identity/v3/domains?name=Default 0.143s
2025-02-10 12:18:56.706 62862 INFO tempest.lib.common.rest_client [req-b89e72b7-69c6-4662-bd9d-daa0f18639f1 req-b89e72b7-69c6-4662-bd9d-daa0f18639f1 ] Request (FlavorsAccessTestJSON:test_flavor_access_add_remove): 200 POST http://10.180.1.21/compute/v2.1/flavors/1153465282/action 1.378s
2025-02-10 12:18:56.710 62858 INFO tempest.lib.common.rest_client [req-3c6a964e-7672-481b-b307-fd1e662df696 req-3c6a964e-7672-481b-b307-fd1e662df696 ] Request (InstanceActionsTestJSON:setUpClass): 201 POST http://10.180.1.21/identity/v3/auth/tokens 0.187s
2025-02-10 12:18:56.774 62832 INFO tempest.lib.common.rest_client [req-c915d5c3-e9c6-4c86-9215-7fb443f695b7 req-c915d5c3-e9c6-4c86-9215-7fb443f695b7 ] Request (QuotaClassesAdminTestJSON:tearDownClass): 204 DELETE http://10.180.1.21/identity/v3/users/2075c1fd80bd49a59fb222c95883ef00 0.244s
2025-02-10 12:18:56.775 62832 INFO tempest.lib.common.dynamic_creds [-] Deleting project and security group for project: 65c68c844ad346749b08739c55984b15
2025-02-10 12:18:56.808 62856 INFO tempest.lib.common.rest_client [req-b36c93c3-568b-4eb4-8214-b1262e6265ad req-b36c93c3-568b-4eb4-8214-b1262e6265ad ] Request (QuotaClassesAdmin257Test:setUpClass): 201 POST http://10.180.1.21/identity/v3/projects 0.233s
2025-02-10 12:18:56.861 62834 INFO tempest.lib.common.rest_client [req-e928efe9-a75e-4717-bb4a-5d92ca1630b4 req-e928efe9-a75e-4717-bb4a-5d92ca1630b4 ] Request (HypervisorAdminUnderV252Test:tearDownClass): 200 GET http://10.180.1.21:9696/networking/v2.0/security-groups?tenant_id=6f54dcdf617b48e695419c7539c0c301&name=default 0.400s
2025-02-10 12:18:56.896 62824 INFO tempest.lib.common.rest_client [req-829f1b7d-41bd-4995-b646-c066abd27bd2 req-829f1b7d-41bd-4995-b646-c066abd27bd2 ] Request (ServicesAdminTestJSON:tearDownClass): 200 GET http://10.180.1.21:9696/networking/v2.0/security-groups?tenant_id=7d5001cba90a477cb9368b0edf0239f5&name=default 0.426s
2025-02-10 12:18:56.898 62840 INFO tempest.lib.common.rest_client [req-03c324c8-69c4-42ff-93d7-e673ad61ac02 req-03c324c8-69c4-42ff-93d7-e673ad61ac02 ] Request (QuotasAdminTestJSON:test_delete_quota): 201 POST http://10.180.1.21/identity/v3/projects 0.312s
2025-02-10 12:18:56.925 62810 INFO tempest.lib.common.rest_client [req-6be8ac6e-5b20-420d-83c0-21846a23e161 req-6be8ac6e-5b20-420d-83c0-21846a23e161 ] Request (VolumesAssistedSnapshotsTest:test_volume_assisted_snapshot_create_delete): 200 POST http://10.180.1.21/compute/v2.1/os-keypairs 1.294s
2025-02-10 12:18:56.946 62858 INFO tempest.lib.common.rest_client [req-d8967863-013e-4056-b2e4-63f1555225dd req-d8967863-013e-4056-b2e4-63f1555225dd ] Request (InstanceActionsTestJSON:setUpClass): 201 POST http://10.180.1.21/identity/v3/auth/tokens 0.234s
2025-02-10 12:18:56.974 62832 INFO tempest.lib.common.rest_client [req-7a26aa50-30da-4c25-afea-b5ae0ce7098a req-7a26aa50-30da-4c25-afea-b5ae0ce7098a ] Request (QuotaClassesAdminTestJSON:tearDownClass): 201 POST http://10.180.1.21/identity/v3/auth/tokens 0.199s
2025-02-10 12:18:56.979 62856 INFO tempest.lib.common.rest_client [req-fc2cae9d-e0a1-405e-8298-d4242319b979 req-fc2cae9d-e0a1-405e-8298-d4242319b979 ] Request (QuotaClassesAdmin257Test:setUpClass): 201 POST http://10.180.1.21/identity/v3/users 0.171s
2025-02-10 12:18:56.998 62848 INFO tempest.lib.common.rest_client [req-11486a8a-7efa-4aa0-b6c9-6b0f9e893d41 req-11486a8a-7efa-4aa0-b6c9-6b0f9e893d41 ] Request (ServersAdminTestJSON:setUpClass): 200 GET http://10.180.1.21/compute/v2.1/servers/84ad5317-344d-44c1-9318-fa1574321296 1.342s
2025-02-10 12:18:57.001 62858 INFO tempest.lib.common.rest_client [req-d397253d-d511-40f7-8037-66137b4af392 req-d397253d-d511-40f7-8037-66137b4af392 ] Request (InstanceActionsTestJSON:setUpClass): 200 GET http://10.180.1.21/identity/v3/domains?name=Default 0.055s
2025-02-10 12:18:57.026 62856 INFO tempest.lib.common.rest_client [req-c4e3593a-81ec-4156-a24e-9b4738be17af req-c4e3593a-81ec-4156-a24e-9b4738be17af ] Request (QuotaClassesAdmin257Test:setUpClass): 200 GET http://10.180.1.21/identity/v3/roles 0.045s
2025-02-10 12:18:57.040 62840 INFO tempest.lib.common.rest_client [req-ec9cdfb9-6ff2-4af2-8cb3-c5d9321c5618 req-ec9cdfb9-6ff2-4af2-8cb3-c5d9321c5618 ] Request (QuotasAdminTestJSON:test_delete_quota): 200 GET http://10.180.1.21/identity/v3/domains?name=Default 0.141s
2025-02-10 12:18:57.055 62824 INFO tempest.lib.common.rest_client [req-3f33ef98-f929-431f-964c-0d96255fc257 req-3f33ef98-f929-431f-964c-0d96255fc257 ] Request (ServicesAdminTestJSON:tearDownClass): 204 DELETE http://10.180.1.21:9696/networking/v2.0/security-groups/ac0ad66e-202b-406b-9c48-e3a389e00337 0.158s
2025-02-10 12:18:57.085 62834 INFO tempest.lib.common.rest_client [req-49d2e91b-ec48-41c8-a326-8da0b4e35dae req-49d2e91b-ec48-41c8-a326-8da0b4e35dae ] Request (HypervisorAdminUnderV252Test:tearDownClass): 204 DELETE http://10.180.1.21:9696/networking/v2.0/security-groups/b3a11761-f418-404d-8f32-f916ad9af898 0.223s
2025-02-10 12:18:57.104 62826 INFO tempest.lib.common.rest_client [req-64a95b7c-c220-40dc-bcdf-f48f64fba2df req-64a95b7c-c220-40dc-bcdf-f48f64fba2df ] Request (ServersTestJSON:setUpClass): 201 POST http://10.180.1.21:9696/networking/v2.0/routers 1.042s
2025-02-10 12:18:57.116 62858 INFO tempest.lib.common.rest_client [req-a2add889-010e-4e73-ad00-7e038acc107d req-a2add889-010e-4e73-ad00-7e038acc107d ] Request (InstanceActionsTestJSON:setUpClass): 201 POST http://10.180.1.21/identity/v3/projects 0.114s
2025-02-10 12:18:57.139 62850 INFO tempest.lib.common.rest_client [req-72f9ef9c-2f86-4c37-b5df-fe48c8824599 req-72f9ef9c-2f86-4c37-b5df-fe48c8824599 ] Request (HypervisorAdminNegativeTestJSON:test_get_hypervisor_list_details_with_non_admin_user): 403 GET http://10.180.1.21/compute/v2.1/os-hypervisors/detail 1.443s
2025-02-10 12:18:57.163 62810 INFO tempest.lib.common.rest_client [req-5737b61b-327b-4b0f-a53e-0bcd123684dd req-5737b61b-327b-4b0f-a53e-0bcd123684dd ] Request (VolumesAssistedSnapshotsTest:test_volume_assisted_snapshot_create_delete): 201 POST http://10.180.1.21:9696/networking/v2.0/security-groups 0.236s
2025-02-10 12:18:57.168 62844 INFO tempest.lib.common.rest_client [req-eb9a8c15-07bc-4506-89b7-146979f41a4b req-eb9a8c15-07bc-4506-89b7-146979f41a4b ] Request (FlavorsExtraSpecsTestJSON:test_flavor_non_admin_get_specific_key): 200 POST http://10.180.1.21/compute/v2.1/flavors/1959564932/os-extra_specs 1.380s
2025-02-10 12:18:57.182 62856 INFO tempest.lib.common.rest_client [req-1bc8a804-ad81-4cc8-9b91-886d3e0a5a81 req-1bc8a804-ad81-4cc8-9b91-886d3e0a5a81 ] Request (QuotaClassesAdmin257Test:setUpClass): 204 PUT http://10.180.1.21/identity/v3/projects/2ee111cb8b15409db4719c4f6bf87d74/users/749d3ff78fe14084a9b51a5603a5077e/roles/d588008f12dd4707a855761490f91ee3 0.156s
2025-02-10 12:18:57.198 62800 INFO tempest.lib.common.rest_client [req-a6d16bd8-fb3d-4359-8906-26fcb4255410 req-a6d16bd8-fb3d-4359-8906-26fcb4255410 ] Request (FlavorsV261TestJSON:test_crud_flavor): 200 GET http://10.180.1.21/compute/v2.1/flavors 1.407s
2025-02-10 12:18:57.203 62854 INFO tempest.lib.common.rest_client [req-44f479e1-b943-4a27-b11a-423861c49e7c req-44f479e1-b943-4a27-b11a-423861c49e7c ] Request (HostsAdminNegativeTestJSON:test_show_host_detail_with_non_admin_user): 403 GET http://10.180.1.21/compute/v2.1/os-hosts/devstack 1.400s
2025-02-10 12:18:57.217 62828 INFO tempest.lib.common.rest_client [req-0f557f8c-d2e9-44a0-ab74-79f867e138c8 req-0f557f8c-d2e9-44a0-ab74-79f867e138c8 ] Request (SecurityGroupsTestAdminJSON:test_list_security_groups_list_all_tenants_filter): 200 POST http://10.180.1.21/compute/v2.1/os-security-groups 1.651s
2025-02-10 12:18:57.239 62824 INFO tempest.lib.common.rest_client [req-3d73d18f-8999-4995-93df-55e379a9b82a req-3d73d18f-8999-4995-93df-55e379a9b82a ] Request (ServicesAdminTestJSON:tearDownClass): 204 DELETE http://10.180.1.21/identity/v3/projects/7d5001cba90a477cb9368b0edf0239f5 0.184s
2025-02-10 12:18:57.239 62824 INFO tempest.lib.common.dynamic_creds [-] Deleting project and security group for project: 2c7c1238a9d84a6daf0ad50193743558
2025-02-10 12:18:57.279 62852 INFO tempest.lib.common.rest_client [req-83b13f33-89f8-45c7-94ef-ce048969de39 req-83b13f33-89f8-45c7-94ef-ce048969de39 ] Request (ServersAdminNegativeTestJSON:setUpClass): 200 GET http://10.180.1.21/compute/v2.1/servers/3824a70e-8498-410a-904d-c7cd0de0c358 1.471s
2025-02-10 12:18:57.305 62858 INFO tempest.lib.common.rest_client [req-686ab7a4-66f6-4da6-a4aa-a4087f1b8eb0 req-686ab7a4-66f6-4da6-a4aa-a4087f1b8eb0 ] Request (InstanceActionsTestJSON:setUpClass): 201 POST http://10.180.1.21/identity/v3/users 0.188s
2025-02-10 12:18:57.321 62834 INFO tempest.lib.common.rest_client [req-c35716af-6bcf-4531-b08d-f759857de803 req-c35716af-6bcf-4531-b08d-f759857de803 ] Request (HypervisorAdminUnderV252Test:tearDownClass): 204 DELETE http://10.180.1.21/identity/v3/projects/6f54dcdf617b48e695419c7539c0c301 0.235s
2025-02-10 12:18:57.321 62834 INFO tempest.lib.common.dynamic_creds [-] Deleting project and security group for project: 7562afdcd63c4d7d8c7cb9cb4b937d49
2025-02-10 12:18:57.325 62802 INFO tempest.lib.common.rest_client [req-9ea6a337-6b4b-4b10-963c-b966614d3ee3 req-9ea6a337-6b4b-4b10-963c-b966614d3ee3 ] Request (FlavorsAdminTestJSON:test_create_flavor_verify_entry_in_list_details): 200 GET http://10.180.1.21/compute/v2.1/flavors/detail 1.405s
2025-02-10 12:18:57.361 62804 INFO tempest.lib.common.rest_client [req-a42483b4-116b-4b45-8d9e-1d4ad1e0e576 req-a42483b4-116b-4b45-8d9e-1d4ad1e0e576 ] Request (ServicesAdminNegativeV253TestJSON:test_get_service_by_invalid_params): 200 GET http://10.180.1.21/compute/v2.1/os-services 1.244s
2025-02-10 12:18:57.377 62856 INFO tempest.lib.common.rest_client [req-b7d0aba0-9639-4983-b0b0-658ca9324a0b req-b7d0aba0-9639-4983-b0b0-658ca9324a0b ] Request (QuotaClassesAdmin257Test:setUpClass): 200 GET http://10.180.1.21/identity/v3/roles 0.194s
2025-02-10 12:18:57.387 62836 INFO tempest.lib.common.rest_client [req-db3c97ae-5b72-4acd-9590-06b9fe70587f req-db3c97ae-5b72-4acd-9590-06b9fe70587f ] Request (ServersAdmin275Test:test_rebuild_update_server_275): 200 GET http://10.180.1.21/compute/v2.1/servers/9a098809-cc26-4210-b09e-b7825c406294 1.492s
