2025-02-10 12:19:01.817 62830 INFO tempest.lib.common.rest_client [req-12a030f7-c87e-42a6-8bf4-23f22c91f844 req-12a030f7-c87e-42a6-8bf4-23f22c91f844 ] Request (InstanceActionsV221TestJSON:test_get_list_deleted_instance_actions): 200 GET http://10.180.1.21/compute/v2.1/servers/7828f9c8-fc02-4218-ba93-5362af807dad 2.308s
2025-02-10 12:19:01.827 62830 INFO tempest.common.waiters [-] State transition "BUILD/block_device_mapping" ==> "BUILD/spawning" after 8 second wait
2025-02-10 12:19:01.829 62832 INFO tempest.lib.common.rest_client [req-840864f2-6ed3-410a-8864-d9e9d00934ef req-840864f2-6ed3-410a-8864-d9e9d00934ef ] Request (ServerAddressesNegativeTestJSON:setUpClass): 201 POST http://10.180.1.21:9696/networking/v2.0/routers 1.903s
2025-02-10 12:19:01.957 62816 INFO tempest.lib.common.rest_client [req-e229d37a-d1fc-4b06-9650-a9899bd620bc req-e229d37a-d1fc-4b06-9650-a9899bd620bc ] Request (ServerDiagnosticsTest:test_get_server_diagnostics): 200 GET http://10.180.1.21/compute/v2.1/servers/758ed671-347a-4949-9842-2f8cdcd261ae 2.400s
2025-02-10 12:19:01.964 62816 INFO tempest.common.waiters [-] State transition "BUILD/None" ==> "BUILD/networking" after 8 second wait
2025-02-10 12:19:02.053 62848 INFO tempest.lib.common.rest_client [req-8584220a-a59c-4c45-87db-2c5d404e6861 req-8584220a-a59c-4c45-87db-2c5d404e6861 ] Request (ServersAdminTestJSON:setUpClass): 200 GET http://10.180.1.21/compute/v2.1/servers/84ad5317-344d-44c1-9318-fa1574321296 2.286s
2025-02-10 12:19:02.062 62850 INFO tempest.lib.common.rest_client [req-9e2d0bbd-a062-4e8c-b073-7374291e1399 req-9e2d0bbd-a062-4e8c-b073-7374291e1399 ] Request (HypervisorAdminNegativeTestJSON:test_get_hypervisor_uptime_with_non_admin_user): 403 GET http://10.180.1.21/compute/v2.1/os-hypervisors/1/uptime 2.249s
2025-02-10 12:19:02.100 62844 INFO tempest.lib.common.rest_client [req-6984039c-6855-41c0-adfc-70b5963b2f13 req-6984039c-6855-41c0-adfc-70b5963b2f13 ] Request (FlavorsExtraSpecsTestJSON:test_flavor_set_get_update_show_unset_keys): 200 PUT http://10.180.1.21/compute/v2.1/flavors/1959564932/os-extra_specs/hw:numa_nodes 2.275s
2025-02-10 12:19:02.110 62854 INFO tempest.lib.common.rest_client [req-044dcaf7-81f2-4c9c-a137-06160899eec7 req-044dcaf7-81f2-4c9c-a137-06160899eec7 ] Request (HostsAdminNegativeTestJSON:test_startup_host_with_non_admin_user): 403 GET http://10.180.1.21/compute/v2.1/os-hosts/devstack/startup 2.275s
2025-02-10 12:19:02.156 62828 INFO tempest.lib.common.rest_client [req-ec682589-1fec-4a84-be25-07bfbfb6d41f req-ec682589-1fec-4a84-be25-07bfbfb6d41f ] Request (SecurityGroupsTestAdminJSON:test_list_security_groups_list_all_tenants_filter): 200 GET http://10.180.1.21/compute/v2.1/os-security-groups?all_tenants=true 3.233s
2025-02-10 12:19:02.190 62826 INFO tempest.lib.common.rest_client [req-fedc5ec5-280f-4485-8d48-7f70586be064 req-fedc5ec5-280f-4485-8d48-7f70586be064 ] Request (ServersTestJSON:setUpClass): 201 POST http://10.180.1.21:9696/networking/v2.0/security-group-rules 0.387s
2025-02-10 12:19:02.254 62852 INFO tempest.lib.common.rest_client [req-4020a467-439a-4666-a5cf-a452b94da08e req-4020a467-439a-4666-a5cf-a452b94da08e ] Request (ServersAdminNegativeTestJSON:setUpClass): 200 GET http://10.180.1.21/compute/v2.1/servers/3824a70e-8498-410a-904d-c7cd0de0c358 2.245s
2025-02-10 12:19:02.291 62840 INFO tempest.lib.common.rest_client [req-c11945e7-0149-4931-96bd-da6917204fd2 req-c11945e7-0149-4931-96bd-da6917204fd2 ] Request (QuotasAdminTestJSON:test_delete_quota): 200 GET http://10.180.1.21/compute/v2.1/os-quota-sets/d28642dd9ba2418c979911cdf9242f19 2.447s
2025-02-10 12:19:02.359 62800 INFO tempest.lib.common.rest_client [req-89056550-ee88-4f90-871c-4dafc200ccb6 req-89056550-ee88-4f90-871c-4dafc200ccb6 ] Request (MultipleCreateTestJSON:setUpClass): 201 POST http://10.180.1.21:9696/networking/v2.0/networks 0.802s
2025-02-10 12:19:02.379 62812 INFO tempest.lib.common.rest_client [req-376ad556-c67a-4729-a5da-8353499b6114 req-376ad556-c67a-4729-a5da-8353499b6114 ] Request (ServerExternalEventsTest:test_create_server_external_events): 200 GET http://10.180.1.21/compute/v2.1/servers/678b6b5f-b410-4c55-872e-4a74da6d7ebc 2.260s
2025-02-10 12:19:02.382 62840 INFO tempest.lib.common.rest_client [req-aac9a4c5-95ea-4746-a197-dd2942b7c6da req-aac9a4c5-95ea-4746-a197-dd2942b7c6da ] Request (QuotasAdminTestJSON:_run_cleanups): 204 DELETE http://10.180.1.21/identity/v3/projects/d28642dd9ba2418c979911cdf9242f19 0.087s
2025-02-10 12:19:02.395 62836 INFO tempest.lib.common.rest_client [req-e87b1ef1-b23d-4bc4-92b1-47605a54f280 req-e87b1ef1-b23d-4bc4-92b1-47605a54f280 ] Request (ServersAdmin275Test:test_rebuild_update_server_275): 200 GET http://10.180.1.21/compute/v2.1/servers/9a098809-cc26-4210-b09e-b7825c406294 2.350s
2025-02-10 12:19:02.452 62820 INFO tempest.lib.common.rest_client [req-fe13bc90-7080-4c3c-b71a-2c04dd10adb0 req-fe13bc90-7080-4c3c-b71a-2c04dd10adb0 ] Request (ServerDiagnosticsNegativeTest:test_get_server_diagnostics_by_non_admin): 200 GET http://10.180.1.21/compute/v2.1/servers/a5657a70-5374-4d52-be9a-2d05f9556d16 2.021s
2025-02-10 12:19:02.477 62822 INFO tempest.lib.common.rest_client [req-bc5183f8-7762-47cb-9169-4cb45e61ba41 req-bc5183f8-7762-47cb-9169-4cb45e61ba41 ] Request (ServerDiagnosticsV248Test:test_get_server_diagnostics): 200 GET http://10.180.1.21/compute/v2.1/servers/c8779822-1694-463e-bd06-5f84d867d1bd 1.982s
2025-02-10 12:19:02.551 62810 INFO tempest.lib.common.rest_client [req-14eb5b36-93dd-4f08-9aeb-132bcee01bb2 req-14eb5b36-93dd-4f08-9aeb-132bcee01bb2 ] Request (VolumesAssistedSnapshotsTest:test_volume_assisted_snapshot_create_delete): 200 GET http://10.180.1.21/compute/v2.1/servers/bf2ccaeb-610a-437b-be94-d3caefbe15c5 1.781s
2025-02-10 12:19:02.571 62804 INFO tempest.lib.common.rest_client [req-73e68189-b162-465b-8382-411d5f0f8b86 req-73e68189-b162-465b-8382-411d5f0f8b86 ] Request (ServicesAdminNegativeV253TestJSON:test_get_service_with_valid_service_and_invalid_host): 200 GET http://10.180.1.21/compute/v2.1/os-services 1.773s
2025-02-10 12:19:02.587 62802 INFO tempest.lib.common.rest_client [req-0fa9663e-d77a-49da-bb0b-13ce7eddb32f req-0fa9663e-d77a-49da-bb0b-13ce7eddb32f ] Request (FlavorsAdminTestJSON:_run_cleanups): 202 DELETE http://10.180.1.21/compute/v2.1/flavors/2055558653 1.773s
2025-02-10 12:19:02.597 62826 INFO tempest.lib.common.rest_client [req-1bb4fb14-120a-422c-9e79-c3d6eb6850cb req-1bb4fb14-120a-422c-9e79-c3d6eb6850cb ] Request (ServersTestJSON:setUpClass): 201 POST http://10.180.1.21:9696/networking/v2.0/security-group-rules 0.406s
2025-02-10 12:19:02.689 62814 INFO tempest.lib.common.rest_client [req-eb0ef876-3bd7-4744-a334-09f57a54a79c req-eb0ef876-3bd7-4744-a334-09f57a54a79c ] Request (DeleteServersAdminTestJSON:test_admin_delete_servers_of_others): 200 GET http://10.180.1.21/compute/v2.1/servers/a3830103-2dcb-40ac-8e62-b331fe4673ff 1.979s
2025-02-10 12:19:02.702 62806 INFO tempest.lib.common.rest_client [req-5bb89620-1288-40c8-9eec-94316f8e8ed8 req-5bb89620-1288-40c8-9eec-94316f8e8ed8 ] Request (FlavorsAccessNegativeTestJSON:test_flavor_access_list_with_public_flavor): 404 GET http://10.180.1.21/compute/v2.1/flavors/98573805/os-flavor-access 1.503s
2025-02-10 12:19:02.725 62818 INFO tempest.lib.common.rest_client [req-35af0a91-f6b5-46d1-a750-3c2540479840 req-35af0a91-f6b5-46d1-a750-3c2540479840 ] Request (AggregatesAdminNegativeTestJSON:_run_cleanups): 200 DELETE http://10.180.1.21/compute/v2.1/os-aggregates/2 1.424s
2025-02-10 12:19:02.747 62860 INFO tempest.lib.common.rest_client [req-a4db928d-0f0f-48c8-9857-99f0fa7abd40 req-a4db928d-0f0f-48c8-9857-99f0fa7abd40 ] Request (ServersWithSpecificFlavorTestJSON:test_verify_created_server_ephemeral_disk): 200 POST http://10.180.1.21/compute/v2.1/flavors/1943045594/os-extra_specs 1.425s
2025-02-10 12:19:02.764 62862 INFO tempest.lib.common.rest_client [req-e938cf2f-242b-4ea4-8a27-742b5c6dda76 req-e938cf2f-242b-4ea4-8a27-742b5c6dda76 ] Request (FlavorsAccessTestJSON:test_flavor_access_list_with_private_flavor): 200 GET http://10.180.1.21/compute/v2.1/flavors/331158656/os-flavor-access 1.392s
2025-02-10 12:19:02.777 62842 INFO tempest.lib.common.rest_client [req-29f58ece-cac7-4f89-8e57-c604b99c2908 req-29f58ece-cac7-4f89-8e57-c604b99c2908 ] Request (KeyPairsV2TestJSON:test_keypairs_create_list_delete): 200 POST http://10.180.1.21/compute/v2.1/os-keypairs 1.426s
2025-02-10 12:19:02.782 62850 INFO tempest.lib.common.rest_client [req-ad052474-a5ad-4317-a118-b1d2172e38c1 req-ad052474-a5ad-4317-a118-b1d2172e38c1 ] Request (HypervisorAdminNegativeTestJSON:test_get_nonexistent_hypervisor_uptime): 404 GET http://10.180.1.21/compute/v2.1/os-hypervisors/b5397224-bca7-43d7-895c-4f1b296dd95f/uptime 0.718s
2025-02-10 12:19:02.786 62834 INFO tempest.lib.common.rest_client [req-ba58138c-a0b5-4c79-bd4f-3523b855c4db req-ba58138c-a0b5-4c79-bd4f-3523b855c4db ] Request (ImagesDeleteNegativeTestJSON:test_delete_image_non_hex_string_id): 404 DELETE http://10.180.1.21/compute/v2.1/images/c8b62926-768c-4f9b-9a37-f47b8909647j 1.392s
2025-02-10 12:19:02.799 62844 INFO tempest.lib.common.rest_client [req-b14110b7-aa1c-4b01-a7ce-f01dfd2f0f99 req-b14110b7-aa1c-4b01-a7ce-f01dfd2f0f99 ] Request (FlavorsExtraSpecsTestJSON:test_flavor_set_get_update_show_unset_keys): 200 GET http://10.180.1.21/compute/v2.1/flavors/1959564932/os-extra_specs 0.699s
2025-02-10 12:19:02.801 62854 INFO tempest.lib.common.rest_client [req-c95ce737-5136-435f-8749-c1b0c8e41c50 req-c95ce737-5136-435f-8749-c1b0c8e41c50 ] Request (HostsAdminNegativeTestJSON:test_startup_nonexistent_host): 404 GET http://10.180.1.21/compute/v2.1/os-hosts/nonexistent_hostname/startup 0.689s
2025-02-10 12:19:03.092 62846 INFO tempest.lib.common.rest_client [req-ba0f7c38-cc03-4e73-8c4f-a8cf33bb426e req-ba0f7c38-cc03-4e73-8c4f-a8cf33bb426e ] Request (ImagesOneServerNegativeTestJSON:setUpClass): 200 GET http://10.180.1.21/compute/v2.1/servers/74b6ae10-a595-4139-8eda-38fe1aa298cf 0.900s
2025-02-10 12:19:03.113 62828 INFO tempest.lib.common.rest_client [req-dc814e78-30a4-403c-b887-39d939abccfa req-dc814e78-30a4-403c-b887-39d939abccfa ] Request (SecurityGroupsTestAdminJSON:test_list_security_groups_list_all_tenants_filter): 200 GET http://10.180.1.21/compute/v2.1/os-security-groups?all_tenants=true 0.943s
2025-02-10 12:19:03.138 62804 INFO tempest.lib.common.rest_client [req-4e0a3f20-7c5f-4ea2-a3c7-f4f5e750ce1c req-4e0a3f20-7c5f-4ea2-a3c7-f4f5e750ce1c ] Request (ServicesAdminNegativeV253TestJSON:test_get_service_with_valid_service_and_invalid_host): 200 GET http://10.180.1.21/compute/v2.1/os-services?host=xxx&binary=nova-scheduler 0.564s
2025-02-10 12:19:03.139 62800 INFO tempest.lib.common.rest_client [req-2afcb918-ddd2-423f-adc1-75fb114c08e4 req-2afcb918-ddd2-423f-adc1-75fb114c08e4 ] Request (MultipleCreateTestJSON:setUpClass): 201 POST http://10.180.1.21:9696/networking/v2.0/subnets 0.780s
2025-02-10 12:19:03.166 62802 INFO tempest.lib.common.rest_client [req-de72594f-8b1e-4c47-bfe4-55d807becdd5 req-de72594f-8b1e-4c47-bfe4-55d807becdd5 ] Request (FlavorsAdminTestJSON:_run_cleanups): 200 GET http://10.180.1.21/compute/v2.1/flavors/detail 0.579s
2025-02-10 12:19:03.182 62806 INFO tempest.lib.common.rest_client [req-e85e83df-9411-4453-9876-3dacde610449 req-e85e83df-9411-4453-9876-3dacde610449 ] Request (FlavorsAccessNegativeTestJSON:_run_cleanups): 202 DELETE http://10.180.1.21/compute/v2.1/flavors/98573805 0.479s
2025-02-10 12:19:03.196 62840 INFO tempest.lib.common.rest_client [req-c4a8b2c3-4044-4cac-a665-4d47c821dead req-c4a8b2c3-4044-4cac-a665-4d47c821dead ] Request (QuotasAdminTestJSON:test_get_default_quotas): 200 GET http://10.180.1.21/compute/v2.1/os-quota-sets/b50e082d5fc144eba51facdd7e906981/defaults 0.804s
2025-02-10 12:19:03.210 62818 INFO tempest.lib.common.rest_client [req-012e0ec5-1854-4baf-b607-4fe9b6bebff1 req-012e0ec5-1854-4baf-b607-4fe9b6bebff1 ] Request (AggregatesAdminNegativeTestJSON:test_aggregate_add_non_exist_host): 200 POST http://10.180.1.21/compute/v2.1/os-aggregates 0.482s
2025-02-10 12:19:03.226 62862 INFO tempest.lib.common.rest_client [req-b46e0feb-4deb-4fc8-84cd-ee90f0ee3d01 req-b46e0feb-4deb-4fc8-84cd-ee90f0ee3d01 ] Request (FlavorsAccessTestJSON:_run_cleanups): 202 DELETE http://10.180.1.21/compute/v2.1/flavors/331158656 0.461s
2025-02-10 12:19:03.235 62840 INFO tempest.lib.common.rest_client [req-1ea21024-68aa-4127-a447-3208ecb558e1 req-1ea21024-68aa-4127-a447-3208ecb558e1 ] Request (QuotasAdminTestJSON:test_get_updated_quotas): 200 GET http://10.180.1.21/identity/v3/domains?name=Default 0.035s
2025-02-10 12:19:03.263 62842 INFO tempest.lib.common.rest_client [req-b0c6a10e-0c0f-4d90-a78b-e5d5cca31c70 req-b0c6a10e-0c0f-4d90-a78b-e5d5cca31c70 ] Request (KeyPairsV2TestJSON:test_keypairs_create_list_delete): 200 POST http://10.180.1.21/compute/v2.1/os-keypairs 0.483s
2025-02-10 12:19:03.265 62860 INFO tempest.lib.common.rest_client [req-40bc119d-a72b-46cd-b982-41673418b59c req-40bc119d-a72b-46cd-b982-41673418b59c ] Request (ValidationResourcesFixture:setUp): 200 POST http://10.180.1.21/compute/v2.1/os-keypairs 0.516s
2025-02-10 12:19:03.280 62834 INFO tempest.lib.common.rest_client [req-6080c4be-a0f2-4dfa-a678-e0329bd0e148 req-6080c4be-a0f2-4dfa-a678-e0329bd0e148 ] Request (ImagesDeleteNegativeTestJSON:test_delete_image_with_id_over_character_limit): 404 DELETE http://10.180.1.21/compute/v2.1/images/4a7cc053-d86a-4a76-bc9c-ac99ff78b45e1 0.492s
2025-02-10 12:19:03.281 62850 INFO tempest.lib.common.rest_client [req-7abf156d-f1a0-4d92-8f77-be9bfbfb7787 req-7abf156d-f1a0-4d92-8f77-be9bfbfb7787 ] Request (HypervisorAdminNegativeTestJSON:test_show_hypervisor_with_non_admin_user): 200 GET http://10.180.1.21/compute/v2.1/os-hypervisors 0.497s
2025-02-10 12:19:03.286 62854 INFO tempest.lib.common.rest_client [req-be839f73-d3bb-4eae-b674-fe36e1151379 req-be839f73-d3bb-4eae-b674-fe36e1151379 ] Request (HostsAdminNegativeTestJSON:test_update_host_with_invalid_maintenance_mode): 400 PUT http://10.180.1.21/compute/v2.1/os-hosts/devstack 0.479s
2025-02-10 12:19:03.289 62840 INFO tempest.lib.common.rest_client [req-6aab5388-f8be-441d-84ea-6d50a9ad649f req-6aab5388-f8be-441d-84ea-6d50a9ad649f ] Request (QuotasAdminTestJSON:test_get_updated_quotas): 201 POST http://10.180.1.21/identity/v3/projects 0.053s
2025-02-10 12:19:03.309 62844 INFO tempest.lib.common.rest_client [req-b1023b47-182e-43ea-96f2-341f02d87ad4 req-b1023b47-182e-43ea-96f2-341f02d87ad4 ] Request (FlavorsExtraSpecsTestJSON:test_flavor_set_get_update_show_unset_keys): 200 DELETE http://10.180.1.21/compute/v2.1/flavors/1959564932/os-extra_specs/hw:numa_nodes 0.509s
2025-02-10 12:19:03.363 62840 INFO tempest.lib.common.rest_client [req-d67fccc7-7afb-4c05-a607-97497b1d80fb req-d67fccc7-7afb-4c05-a607-97497b1d80fb ] Request (QuotasAdminTestJSON:test_get_updated_quotas): 200 GET http://10.180.1.21/identity/v3/domains?name=Default 0.073s
2025-02-10 12:19:03.597 62830 INFO tempest.lib.common.rest_client [req-58c79fcb-ec34-4815-a126-1eafa5c7e4e9 req-58c79fcb-ec34-4815-a126-1eafa5c7e4e9 ] Request (InstanceActionsV221TestJSON:test_get_list_deleted_instance_actions): 200 GET http://10.180.1.21/compute/v2.1/servers/7828f9c8-fc02-4218-ba93-5362af807dad 0.769s
2025-02-10 12:19:03.646 62816 INFO tempest.lib.common.rest_client [req-b3644ac1-e1a9-4d99-995a-14880bde1853 req-b3644ac1-e1a9-4d99-995a-14880bde1853 ] Request (ServerDiagnosticsTest:test_get_server_diagnostics): 200 GET http://10.180.1.21/compute/v2.1/servers/758ed671-347a-4949-9842-2f8cdcd261ae 0.681s
2025-02-10 12:19:03.659 62816 INFO tempest.common.waiters [-] State transition "BUILD/networking" ==> "BUILD/spawning" after 10 second wait
2025-02-10 12:19:03.684 62848 INFO tempest.lib.common.rest_client [req-e0414f1e-50aa-4786-94e5-a4dae820105b req-e0414f1e-50aa-4786-94e5-a4dae820105b ] Request (ServersAdminTestJSON:setUpClass): 200 GET http://10.180.1.21/compute/v2.1/servers/84ad5317-344d-44c1-9318-fa1574321296 0.617s
2025-02-10 12:19:03.715 62860 INFO tempest.lib.common.rest_client [req-2a19979e-75d4-40b3-bb3b-c592621275fc req-2a19979e-75d4-40b3-bb3b-c592621275fc ] Request (ValidationResourcesFixture:setUp): 201 POST http://10.180.1.21:9696/networking/v2.0/security-groups 0.446s
2025-02-10 12:19:03.742 62858 INFO tempest.lib.common.rest_client [req-a20a8a60-6144-40c3-a5b2-bd3d8b5c6e78 req-a20a8a60-6144-40c3-a5b2-bd3d8b5c6e78 ] Request (InstanceActionsTestJSON:setUpClass): 200 PUT http://10.180.1.21:9696/networking/v2.0/routers/61645712-bc92-4961-b65d-ffa9aca2b99f/add_router_interface 2.956s
2025-02-10 12:19:03.742 62858 INFO tempest.lib.common.dynamic_creds [-] Created isolated network resources for: credentials: Credentials: {'domain_id': 'default', 'domain_name': 'Default', 'username': 'tempest-InstanceActionsTestJSON-1144647943-project-member', 'project_domain_id': 'default', 'project_domain_name': 'Default', 'project_id': '707c18dc3f934d35b85e59f08ea537ca', 'project_name': 'tempest-InstanceActionsTestJSON-1144647943', 'tenant_id': '707c18dc3f934d35b85e59f08ea537ca', 'tenant_name': 'tempest-InstanceActionsTestJSON-1144647943', 'user_domain_id': 'default', 'user_domain_name': 'Default', 'user_id': '8b8d5f0f4a5e40a7b4c7d1c7bfbb90f5', 'system': None}, Network: {'id': '0c30d1a3-4c52-426c-a107-95453e519e90', 'name': 'tempest-InstanceActionsTestJSON-991475332-network', 'tenant_id': '707c18dc3f934d35b85e59f08ea537ca', 'admin_state_up': True, 'mtu': 8950, 'status': 'ACTIVE', 'subnets': [], 'shared': False, 'project_id': '707c18dc3f934d35b85e59f08ea537ca', 'port_security_enabled': True, 'router:external': False, 'provider:network_type': 'vlan', 'provider:physical_network': 'default', 'provider:segmentation_id': 430, 'availability_zone_hints': [], 'availability_zones': [], 'ipv4_address_scope': None, 'ipv6_address_scope': None, 'description': '', 'tags': [], 'created_at': '2025-02-10T12:18:58Z', 'updated_at': '2025-02-10T12:18:58Z', 'revision_number': 1}, Subnet: {'id': '15503a37-9e6a-44c4-ae87-940d70784448', 'name': 'tempest-InstanceActionsTestJSON-991475332-subnet', 'tenant_id': '707c18dc3f934d35b85e59f08ea537ca', 'network_id': '0c30d1a3-4c52-426c-a107-95453e519e90', 'ip_version': 4, 'subnetpool_id': None, 'enable_dhcp': True, 'ipv6_ra_mode': None, 'ipv6_address_mode': None, 'gateway_ip': '192.168.128.1', 'cidr': '192.168.128.0/28', 'allocation_pools': [{'start': '192.168.128.2', 'end': '192.168.128.14'}], 'host_routes': [], 'dns_nameservers': [], 'description': '', 'router:external': False, 'service_types': [], 'tags': [], 'created_at': '2025-02-10T12:18:58Z', 'updated_at': '2025-02-10T12:18:58Z', 'revision_number': 0, 'project_id': '707c18dc3f934d35b85e59f08ea537ca'}, Router: {'id': '61645712-bc92-4961-b65d-ffa9aca2b99f', 'name': 'tempest-InstanceActionsTestJSON-991475332-router', 'tenant_id': '707c18dc3f934d35b85e59f08ea537ca', 'admin_state_up': True, 'status': 'ACTIVE', 'external_gateway_info': {'network_id': 'fa840195-2097-438a-bcf5-398379263fc9', 'external_fixed_ips': [{'subnet_id': '26af22b3-6ad2-42b4-948b-649031f33a58', 'ip_address': '10.180.180.156'}], 'enable_snat': True}, 'description': '', 'availability_zones': [], 'distributed': False, 'ha': False, 'availability_zone_hints': [], 'routes': [], 'flavor_id': None, 'tags': [], 'created_at': '2025-02-10T12:18:59Z', 'updated_at': '2025-02-10T12:18:59Z', 'revision_number': 2, 'project_id': '707c18dc3f934d35b85e59f08ea537ca'}
2025-02-10 12:19:03.825 62804 INFO tempest.lib.common.rest_client [req-a3ccc0f0-b34e-4a55-bbac-b4db8d3ec04c req-a3ccc0f0-b34e-4a55-bbac-b4db8d3ec04c ] Request (ServicesAdminNegativeV253TestJSON:test_list_services_with_non_admin_user): 403 GET http://10.180.1.21/compute/v2.1/os-services 0.682s
2025-02-10 12:19:03.869 62858 INFO tempest.lib.common.rest_client [req-7cc45747-9f3b-43a9-935e-41aa56e7a93b req-7cc45747-9f3b-43a9-935e-41aa56e7a93b ] Request (InstanceActionsTestJSON:setUpClass): 201 POST http://10.180.1.21/identity/v3/auth/tokens 0.123s
2025-02-10 12:19:03.870 62802 INFO tempest.lib.common.rest_client [req-f724a047-5bc5-4530-9b30-85191e8fbc06 req-f724a047-5bc5-4530-9b30-85191e8fbc06 ] Request (FlavorsAdminTestJSON:test_create_flavor_with_none_id): 200 POST http://10.180.1.21/compute/v2.1/flavors 0.697s
2025-02-10 12:19:03.925 62806 INFO tempest.lib.common.rest_client [req-ee58fb56-63df-4377-984a-f9480348127e req-ee58fb56-63df-4377-984a-f9480348127e ] Request (FlavorsAccessNegativeTestJSON:_run_cleanups): 200 GET http://10.180.1.21/compute/v2.1/flavors/detail 0.742s
2025-02-10 12:19:03.946 62858 INFO tempest.lib.common.rest_client [req-7353eb14-73e2-4380-9752-548ea3d18355 req-7353eb14-73e2-4380-9752-548ea3d18355 ] Request (InstanceActionsTestJSON:setUpClass): 201 POST http://10.180.1.21/identity/v3/auth/tokens 0.069s
2025-02-10 12:19:03.947 62858 INFO tempest.lib.common.fixed_network [-] (InstanceActionsTestJSON:setUpClass) Found network {'id': '0c30d1a3-4c52-426c-a107-95453e519e90', 'name': 'tempest-InstanceActionsTestJSON-991475332-network', 'tenant_id': '707c18dc3f934d35b85e59f08ea537ca', 'admin_state_up': True, 'mtu': 8950, 'status': 'ACTIVE', 'subnets': [], 'shared': False, 'project_id': '707c18dc3f934d35b85e59f08ea537ca', 'port_security_enabled': True, 'router:external': False, 'provider:network_type': 'vlan', 'provider:physical_network': 'default', 'provider:segmentation_id': 430, 'availability_zone_hints': [], 'availability_zones': [], 'ipv4_address_scope': None, 'ipv6_address_scope': None, 'description': '', 'tags': [], 'created_at': '2025-02-10T12:18:58Z', 'updated_at': '2025-02-10T12:18:58Z', 'revision_number': 1} available for tenant
2025-02-10 12:19:03.961 62818 INFO tempest.lib.common.rest_client [req-8e94ae0c-3022-404d-8be6-086466d50637 req-8e94ae0c-3022-404d-8be6-086466d50637 ] Request (AggregatesAdminNegativeTestJSON:test_aggregate_add_non_exist_host): 404 POST http://10.180.1.21/compute/v2.1/os-aggregates/3/action 0.749s
2025-02-10 12:19:03.984 62862 INFO tempest.lib.common.rest_client [req-5c7bc410-b735-4835-a26c-47257b3d31df req-5c7bc410-b735-4835-a26c-47257b3d31df ] Request (FlavorsAccessTestJSON:_run_cleanups): 200 GET http://10.180.1.21/compute/v2.1/flavors/detail 0.757s
2025-02-10 12:19:04.015 62842 INFO tempest.lib.common.rest_client [req-2a7e2c38-fae4-40ec-b9ac-081b0830b538 req-2a7e2c38-fae4-40ec-b9ac-081b0830b538 ] Request (KeyPairsV2TestJSON:test_keypairs_create_list_delete): 200 POST http://10.180.1.21/compute/v2.1/os-keypairs 0.748s
2025-02-10 12:19:04.048 62804 INFO tempest.lib.common.rest_client [req-c53c027f-2e7b-490f-83bb-b85382ec4b20 req-c53c027f-2e7b-490f-83bb-b85382ec4b20 ] Request (ServicesAdminNegativeV253TestJSON:tearDownClass): 204 DELETE http://10.180.1.21/identity/v3/users/65de8257dd26499cbf073829526f192f 0.222s
2025-02-10 12:19:04.117 62862 INFO tempest.lib.common.rest_client [req-167a8237-75d2-4cda-91ee-501411ebf981 req-167a8237-75d2-4cda-91ee-501411ebf981 ] Request (FlavorsAccessTestJSON:tearDownClass): 204 DELETE http://10.180.1.21/identity/v3/users/85af90a501fb405c93e307ac9b800e64 0.124s
2025-02-10 12:19:04.170 62804 INFO tempest.lib.common.rest_client [req-10a45c29-a5e5-4532-af5f-7e7b64cf3dc0 req-10a45c29-a5e5-4532-af5f-7e7b64cf3dc0 ] Request (ServicesAdminNegativeV253TestJSON:tearDownClass): 204 DELETE http://10.180.1.21/identity/v3/users/edabfbfc9f5046e8abf870d60cb68181 0.121s
2025-02-10 12:19:04.170 62804 INFO tempest.lib.common.dynamic_creds [-] Deleting project and security group for project: 55d5960d66444d9b8efde3e4b001def0
2025-02-10 12:19:04.189 62852 INFO tempest.lib.common.rest_client [req-477c0969-5cdd-4726-b468-0da0dd0d4041 req-477c0969-5cdd-4726-b468-0da0dd0d4041 ] Request (ServersAdminNegativeTestJSON:setUpClass): 200 GET http://10.180.1.21/compute/v2.1/servers/3824a70e-8498-410a-904d-c7cd0de0c358 0.921s
2025-02-10 12:19:04.201 62852 INFO tempest.common.waiters [-] State transition "BUILD/None" ==> "BUILD/networking" after 10 second wait
2025-02-10 12:19:04.215 62834 INFO tempest.lib.common.rest_client [req-dc1d6f3c-3d86-4b9a-9ffe-e314765ff88f req-dc1d6f3c-3d86-4b9a-9ffe-e314765ff88f ] Request (ImagesDeleteNegativeTestJSON:test_delete_image_with_invalid_image_id): 404 DELETE http://10.180.1.21/compute/v2.1/images/tempest-invalid-206472433 0.933s
2025-02-10 12:19:04.219 62826 INFO tempest.lib.common.rest_client [req-0fae68cf-fee5-42b5-90f3-59b85c31d63e req-0fae68cf-fee5-42b5-90f3-59b85c31d63e ] Request (ServersTestJSON:setUpClass): 201 POST http://10.180.1.21:9696/networking/v2.0/floatingips 1.620s
2025-02-10 12:19:04.224 62850 INFO tempest.lib.common.rest_client [req-1e2acb42-d282-443c-8124-da0fb0699ebb req-1e2acb42-d282-443c-8124-da0fb0699ebb ] Request (HypervisorAdminNegativeTestJSON:test_show_hypervisor_with_non_admin_user): 403 GET http://10.180.1.21/compute/v2.1/os-hypervisors/1 0.941s
2025-02-10 12:19:04.226 62854 INFO tempest.lib.common.rest_client [req-e2aae530-b37e-4693-a2e0-a86293cb3f1e req-e2aae530-b37e-4693-a2e0-a86293cb3f1e ] Request (HostsAdminNegativeTestJSON:test_update_host_with_invalid_status): 400 PUT http://10.180.1.21/compute/v2.1/os-hosts/devstack 0.939s
2025-02-10 12:19:04.230 62804 INFO tempest.lib.common.rest_client [req-a1b65b18-5cc4-4ca0-93ff-00c45e173b12 req-a1b65b18-5cc4-4ca0-93ff-00c45e173b12 ] Request (ServicesAdminNegativeV253TestJSON:tearDownClass): 201 POST http://10.180.1.21/identity/v3/auth/tokens 0.059s
2025-02-10 12:19:04.253 62844 INFO tempest.lib.common.rest_client [req-72531d9f-1334-4257-8447-dce8237c2dbc req-72531d9f-1334-4257-8447-dce8237c2dbc ] Request (FlavorsExtraSpecsTestJSON:test_flavor_set_get_update_show_unset_keys): 200 DELETE http://10.180.1.21/compute/v2.1/flavors/1959564932/os-extra_specs/hw:cpu_policy 0.943s
2025-02-10 12:19:04.259 62862 INFO tempest.lib.common.rest_client [req-8aa5a0c8-aa40-4e4b-8558-d897ae0d84ee req-8aa5a0c8-aa40-4e4b-8558-d897ae0d84ee ] Request (FlavorsAccessTestJSON:tearDownClass): 204 DELETE http://10.180.1.21/identity/v3/users/5316ebf66acb4dd28afa1004f5400eff 0.141s
2025-02-10 12:19:04.259 62862 INFO tempest.lib.common.dynamic_creds [-] Deleting project and security group for project: d08c66e5355e4df68047afc5455fee33
2025-02-10 12:19:04.266 62860 INFO tempest.lib.common.rest_client [req-c098b070-b089-41d6-b9ff-503052eea846 req-c098b070-b089-41d6-b9ff-503052eea846 ] Request (ValidationResourcesFixture:setUp): 201 POST http://10.180.1.21:9696/networking/v2.0/security-group-rules 0.550s
2025-02-10 12:19:04.278 62828 INFO tempest.lib.common.rest_client [req-5c47de47-b037-4dad-95ca-34438828e818 req-5c47de47-b037-4dad-95ca-34438828e818 ] Request (SecurityGroupsTestAdminJSON:_run_cleanups): 202 DELETE http://10.180.1.21/compute/v2.1/os-security-groups/e1caa782-c45b-4c7c-8561-964b0577de00 1.161s
2025-02-10 12:19:04.289 62826 INFO tempest.lib.common.rest_client [req-79f75770-708a-4f70-8323-833bec2d5c0a req-79f75770-708a-4f70-8323-833bec2d5c0a ] Request (ServersTestJSON:setUpClass): 201 POST http://10.180.1.21/identity/v3/auth/tokens 0.063s
2025-02-10 12:19:04.289 62826 INFO tempest.lib.common.fixed_network [-] (ServersTestJSON:setUpClass) Found network {'id': '4cd63604-2f08-44bf-9d47-b408383e6296', 'name': 'tempest-ServersTestJSON-916427232-network', 'tenant_id': '9c4c1e4d92254cbd89569f7c135646a5', 'admin_state_up': True, 'mtu': 8950, 'status': 'ACTIVE', 'subnets': [], 'shared': False, 'project_id': '9c4c1e4d92254cbd89569f7c135646a5', 'port_security_enabled': True, 'router:external': False, 'provider:network_type': 'vlan', 'provider:physical_network': 'default', 'provider:segmentation_id': 535, 'availability_zone_hints': [], 'availability_zones': [], 'ipv4_address_scope': None, 'ipv6_address_scope': None, 'description': '', 'tags': [], 'created_at': '2025-02-10T12:18:55Z', 'updated_at': '2025-02-10T12:18:55Z', 'revision_number': 1} available for tenant
2025-02-10 12:19:04.346 62862 INFO tempest.lib.common.rest_client [req-1e7c77c2-df7e-4ba4-8aea-da5393c88511 req-1e7c77c2-df7e-4ba4-8aea-da5393c88511 ] Request (FlavorsAccessTestJSON:tearDownClass): 201 POST http://10.180.1.21/identity/v3/auth/tokens 0.087s
2025-02-10 12:19:04.351 62812 INFO tempest.lib.common.rest_client [req-625e09b6-5f6c-468d-adc6-5167c12dd529 req-625e09b6-5f6c-468d-adc6-5167c12dd529 ] Request (ServerExternalEventsTest:test_create_server_external_events): 200 GET http://10.180.1.21/compute/v2.1/servers/678b6b5f-b410-4c55-872e-4a74da6d7ebc 0.957s
2025-02-10 12:19:04.380 62824 INFO tempest.lib.common.rest_client [req-9f76e709-1b68-470a-b514-3f415cc333c7 req-9f76e709-1b68-470a-b514-3f415cc333c7 ] Request (FloatingIPsNegativeTestJSON:setUpClass): 200 PUT http://10.180.1.21:9696/networking/v2.0/routers/5eb948b5-619c-4702-b0f1-e71d26c117d9/add_router_interface 3.070s
2025-02-10 12:19:04.380 62824 INFO tempest.lib.common.dynamic_creds [-] Created isolated network resources for: credentials: Credentials: {'domain_id': 'default', 'domain_name': 'Default', 'username': 'tempest-FloatingIPsNegativeTestJSON-995917982-project-member', 'project_domain_id': 'default', 'project_domain_name': 'Default', 'project_id': '37eff9ad9b054a6dbba42855b71231d1', 'project_name': 'tempest-FloatingIPsNegativeTestJSON-995917982', 'tenant_id': '37eff9ad9b054a6dbba42855b71231d1', 'tenant_name': 'tempest-FloatingIPsNegativeTestJSON-995917982', 'user_domain_id': 'default', 'user_domain_name': 'Default', 'user_id': '58df00c076a24e5f9c098adc6d4b02f6', 'system': None}, Network: {'id': '27b20878-cd01-4a08-9271-05d0bfb1157d', 'name': 'tempest-FloatingIPsNegativeTestJSON-1952656472-network', 'tenant_id': '37eff9ad9b054a6dbba42855b71231d1', 'admin_state_up': True, 'mtu': 8950, 'status': 'ACTIVE', 'subnets': [], 'shared': False, 'project_id': '37eff9ad9b054a6dbba42855b71231d1', 'port_security_enabled': True, 'router:external': False, 'provider:network_type': 'vlan', 'provider:physical_network': 'default', 'provider:segmentation_id': 497, 'availability_zone_hints': [], 'availability_zones': [], 'ipv4_address_scope': None, 'ipv6_address_scope': None, 'description': '', 'tags': [], 'created_at': '2025-02-10T12:18:58Z', 'updated_at': '2025-02-10T12:18:58Z', 'revision_number': 1}, Subnet: {'id': '4bde037a-891f-46fa-9805-9aa5f21024ba', 'name': 'tempest-FloatingIPsNegativeTestJSON-1952656472-subnet', 'tenant_id': '37eff9ad9b054a6dbba42855b71231d1', 'network_id': '27b20878-cd01-4a08-9271-05d0bfb1157d', 'ip_version': 4, 'subnetpool_id': None, 'enable_dhcp': True, 'ipv6_ra_mode': None, 'ipv6_address_mode': None, 'gateway_ip': '192.168.128.1', 'cidr': '192.168.128.0/28', 'allocation_pools': [{'start': '192.168.128.2', 'end': '192.168.128.14'}], 'host_routes': [], 'dns_nameservers': [], 'description': '', 'router:external': False, 'service_types': [], 'tags': [], 'created_at': '2025-02-10T12:18:59Z', 'updated_at': '2025-02-10T12:18:59Z', 'revision_number': 0, 'project_id': '37eff9ad9b054a6dbba42855b71231d1'}, Router: {'id': '5eb948b5-619c-4702-b0f1-e71d26c117d9', 'name': 'tempest-FloatingIPsNegativeTestJSON-1952656472-router', 'tenant_id': '37eff9ad9b054a6dbba42855b71231d1', 'admin_state_up': True, 'status': 'ACTIVE', 'external_gateway_info': {'network_id': 'fa840195-2097-438a-bcf5-398379263fc9', 'external_fixed_ips': [{'subnet_id': '26af22b3-6ad2-42b4-948b-649031f33a58', 'ip_address': '10.180.180.251'}], 'enable_snat': True}, 'description': '', 'availability_zones': [], 'distributed': False, 'ha': False, 'availability_zone_hints': [], 'routes': [], 'flavor_id': None, 'tags': [], 'created_at': '2025-02-10T12:18:59Z', 'updated_at': '2025-02-10T12:19:00Z', 'revision_number': 2, 'project_id': '37eff9ad9b054a6dbba42855b71231d1'}
2025-02-10 12:19:04.421 62836 INFO tempest.lib.common.rest_client [req-ee233847-c10c-49fe-b3d6-9b1f539ec182 req-ee233847-c10c-49fe-b3d6-9b1f539ec182 ] Request (ServersAdmin275Test:test_rebuild_update_server_275): 200 GET http://10.180.1.21/compute/v2.1/servers/9a098809-cc26-4210-b09e-b7825c406294 1.014s
2025-02-10 12:19:04.473 62824 INFO tempest.lib.common.rest_client [req-12a46f62-7f3a-4c5d-b00e-60a6278d636a req-12a46f62-7f3a-4c5d-b00e-60a6278d636a ] Request (FloatingIPsNegativeTestJSON:setUpClass): 201 POST http://10.180.1.21/identity/v3/auth/tokens 0.088s
2025-02-10 12:19:04.480 62820 INFO tempest.lib.common.rest_client [req-d668b6db-22e5-4bf3-ac11-9c35069f5248 req-d668b6db-22e5-4bf3-ac11-9c35069f5248 ] Request (ServerDiagnosticsNegativeTest:test_get_server_diagnostics_by_non_admin): 200 GET http://10.180.1.21/compute/v2.1/servers/a5657a70-5374-4d52-be9a-2d05f9556d16 1.018s
2025-02-10 12:19:04.521 62840 INFO tempest.lib.common.rest_client [req-64266ea7-dafe-4ad4-af4a-9ed259559242 req-64266ea7-dafe-4ad4-af4a-9ed259559242 ] Request (QuotasAdminTestJSON:test_get_updated_quotas): 200 PUT http://10.180.1.21/compute/v2.1/os-quota-sets/1e8b9655a48b431b97acaa64595dc5c3 1.158s
2025-02-10 12:19:04.539 62822 INFO tempest.lib.common.rest_client [req-775fb7bc-6d34-4c35-b3de-04e5c8f8b428 req-775fb7bc-6d34-4c35-b3de-04e5c8f8b428 ] Request (ServerDiagnosticsV248Test:test_get_server_diagnostics): 200 GET http://10.180.1.21/compute/v2.1/servers/c8779822-1694-463e-bd06-5f84d867d1bd 1.043s
2025-02-10 12:19:04.551 62822 INFO tempest.common.waiters [-] State transition "BUILD/spawning" ==> "ACTIVE/None" after 15 second wait
2025-02-10 12:19:04.571 62810 INFO tempest.lib.common.rest_client [req-b276dade-96ef-48e9-977d-9fef3747c8f3 req-b276dade-96ef-48e9-977d-9fef3747c8f3 ] Request (VolumesAssistedSnapshotsTest:test_volume_assisted_snapshot_create_delete): 200 GET http://10.180.1.21/compute/v2.1/servers/bf2ccaeb-610a-437b-be94-d3caefbe15c5 1.009s
2025-02-10 12:19:04.593 62802 INFO tempest.lib.common.rest_client [req-ccbe16ff-2538-4248-a991-5da5e04b5d14 req-ccbe16ff-2538-4248-a991-5da5e04b5d14 ] Request (FlavorsAdminTestJSON:_run_cleanups): 202 DELETE http://10.180.1.21/compute/v2.1/flavors/8b464c7b-9413-4718-8467-ad797950c6aa 0.716s
2025-02-10 12:19:04.611 62806 INFO tempest.lib.common.rest_client [req-7f53f408-0a46-452a-bcaf-e39764ed37c7 req-7f53f408-0a46-452a-bcaf-e39764ed37c7 ] Request (FlavorsAccessNegativeTestJSON:test_flavor_non_admin_add): 200 POST http://10.180.1.21/compute/v2.1/flavors 0.675s
2025-02-10 12:19:04.645 62814 INFO tempest.lib.common.rest_client [req-ecab7411-c54b-4ac8-a14e-56c790c95bdf req-ecab7411-c54b-4ac8-a14e-56c790c95bdf ] Request (DeleteServersAdminTestJSON:test_admin_delete_servers_of_others): 200 GET http://10.180.1.21/compute/v2.1/servers/a3830103-2dcb-40ac-8e62-b331fe4673ff 0.946s
2025-02-10 12:19:04.659 62860 INFO tempest.lib.common.rest_client [req-32b26500-e2e3-42f8-9fc8-750c980ac9da req-32b26500-e2e3-42f8-9fc8-750c980ac9da ] Request (ValidationResourcesFixture:setUp): 201 POST http://10.180.1.21:9696/networking/v2.0/security-group-rules 0.393s
2025-02-10 12:19:04.674 62818 INFO tempest.lib.common.rest_client [req-cdfd2dc0-cc5c-456c-bdac-e508124aae6f req-cdfd2dc0-cc5c-456c-bdac-e508124aae6f ] Request (AggregatesAdminNegativeTestJSON:_run_cleanups): 200 DELETE http://10.180.1.21/compute/v2.1/os-aggregates/3 0.712s
2025-02-10 12:19:04.687 62842 INFO tempest.lib.common.rest_client [req-0cbc7315-fe0f-4365-848c-e61df9065919 req-0cbc7315-fe0f-4365-848c-e61df9065919 ] Request (KeyPairsV2TestJSON:test_keypairs_create_list_delete): 200 GET http://10.180.1.21/compute/v2.1/os-keypairs 0.671s
2025-02-10 12:19:04.785 62804 INFO tempest.lib.common.rest_client [req-1823647c-3389-4b0d-b140-bcf99362616f req-1823647c-3389-4b0d-b140-bcf99362616f ] Request (ServicesAdminNegativeV253TestJSON:tearDownClass): 200 GET http://10.180.1.21:9696/networking/v2.0/security-groups?tenant_id=55d5960d66444d9b8efde3e4b001def0&name=default 0.555s
2025-02-10 12:19:04.843 62862 INFO tempest.lib.common.rest_client [req-8a5d93d0-7a8b-4f81-8de5-132df138ae03 req-8a5d93d0-7a8b-4f81-8de5-132df138ae03 ] Request (FlavorsAccessTestJSON:tearDownClass): 200 GET http://10.180.1.21:9696/networking/v2.0/security-groups?tenant_id=d08c66e5355e4df68047afc5455fee33&name=default 0.497s
2025-02-10 12:19:04.890 62846 INFO tempest.lib.common.rest_client [req-06604834-6838-4f48-9168-f9aa75f58d79 req-06604834-6838-4f48-9168-f9aa75f58d79 ] Request (ImagesOneServerNegativeTestJSON:setUpClass): 200 GET http://10.180.1.21/compute/v2.1/servers/74b6ae10-a595-4139-8eda-38fe1aa298cf 0.787s
2025-02-10 12:19:04.911 62834 INFO tempest.lib.common.rest_client [req-6b6411e7-fdef-4193-95c7-1fabdf8f4b29 req-6b6411e7-fdef-4193-95c7-1fabdf8f4b29 ] Request (ImagesDeleteNegativeTestJSON:test_delete_non_existent_image): 404 DELETE http://10.180.1.21/compute/v2.1/images/c6fd6882-b069-487a-afdd-e1807ce6f56a 0.694s
2025-02-10 12:19:04.919 62850 INFO tempest.lib.common.rest_client [req-2a1009b0-6397-45fe-9e45-e7f427fa09ba req-2a1009b0-6397-45fe-9e45-e7f427fa09ba ] Request (HypervisorAdminNegativeTestJSON:test_show_nonexistent_hypervisor): 404 GET http://10.180.1.21/compute/v2.1/os-hypervisors/3a4d0b29-fad8-4c22-a814-6a3301d88bd2 0.693s
2025-02-10 12:19:04.928 62854 INFO tempest.lib.common.rest_client [req-736b59d9-7847-4434-bb22-9406dc15d9f1 req-736b59d9-7847-4434-bb22-9406dc15d9f1 ] Request (HostsAdminNegativeTestJSON:test_update_host_with_non_admin_user): 403 PUT http://10.180.1.21/compute/v2.1/os-hosts/devstack 0.701s
2025-02-10 12:19:04.944 62844 INFO tempest.lib.common.rest_client [req-902347b3-4b36-478e-86d7-ce547669ae4a req-902347b3-4b36-478e-86d7-ce547669ae4a ] Request (FlavorsExtraSpecsTestJSON:test_flavor_set_get_update_show_unset_keys): 200 GET http://10.180.1.21/compute/v2.1/flavors/1959564932/os-extra_specs 0.690s
2025-02-10 12:19:05.009 62834 INFO tempest.lib.common.rest_client [req-213aef02-7b87-4e73-ae24-56e52d1c6243 req-213aef02-7b87-4e73-ae24-56e52d1c6243 ] Request (ImagesDeleteNegativeTestJSON:tearDownClass): 204 DELETE http://10.180.1.21/identity/v3/users/d175f15eda774857a2c0654ce31c5cab 0.096s
2025-02-10 12:19:05.009 62834 INFO tempest.lib.common.dynamic_creds [-] Deleting project and security group for project: 86d5589bb8344d33b52e7a0f736ccd9e
2025-02-10 12:19:05.011 62850 INFO tempest.lib.common.rest_client [req-e35b99d9-5b34-4812-ae17-127dbf53710b req-e35b99d9-5b34-4812-ae17-127dbf53710b ] Request (HypervisorAdminNegativeTestJSON:tearDownClass): 204 DELETE http://10.180.1.21/identity/v3/users/e0b4f8e314c34fa0a501eb724a1266a4 0.089s
2025-02-10 12:19:05.024 62832 INFO tempest.lib.common.rest_client [req-b6f70526-1f5a-426d-889b-b411a1f9bec2 req-b6f70526-1f5a-426d-889b-b411a1f9bec2 ] Request (ServerAddressesNegativeTestJSON:setUpClass): 200 PUT http://10.180.1.21:9696/networking/v2.0/routers/0910da35-6e94-4915-8806-35963de9a51a/add_router_interface 3.194s
2025-02-10 12:19:05.024 62832 INFO tempest.lib.common.dynamic_creds [-] Created isolated network resources for: credentials: Credentials: {'domain_id': 'default', 'domain_name': 'Default', 'username': 'tempest-ServerAddressesNegativeTestJSON-1067668060-project-member', 'project_domain_id': 'default', 'project_domain_name': 'Default', 'project_id': 'f3b97af192e04ccfa14c4ee30eb6d056', 'project_name': 'tempest-ServerAddressesNegativeTestJSON-1067668060', 'tenant_id': 'f3b97af192e04ccfa14c4ee30eb6d056', 'tenant_name': 'tempest-ServerAddressesNegativeTestJSON-1067668060', 'user_domain_id': 'default', 'user_domain_name': 'Default', 'user_id': 'f8c88488ce86402e96e887f1c3eba84a', 'system': None}, Network: {'id': '098fc34b-2576-46ea-b611-12603e03cd93', 'name': 'tempest-ServerAddressesNegativeTestJSON-1626728290-network', 'tenant_id': 'f3b97af192e04ccfa14c4ee30eb6d056', 'admin_state_up': True, 'mtu': 8950, 'status': 'ACTIVE', 'subnets': [], 'shared': False, 'project_id': 'f3b97af192e04ccfa14c4ee30eb6d056', 'port_security_enabled': True, 'router:external': False, 'provider:network_type': 'vlan', 'provider:physical_network': 'default', 'provider:segmentation_id': 456, 'availability_zone_hints': [], 'availability_zones': [], 'ipv4_address_scope': None, 'ipv6_address_scope': None, 'description': '', 'tags': [], 'created_at': '2025-02-10T12:18:59Z', 'updated_at': '2025-02-10T12:18:59Z', 'revision_number': 1}, Subnet: {'id': 'ee6b5a10-dce1-478d-bd39-bfc587e609a6', 'name': 'tempest-ServerAddressesNegativeTestJSON-1626728290-subnet', 'tenant_id': 'f3b97af192e04ccfa14c4ee30eb6d056', 'network_id': '098fc34b-2576-46ea-b611-12603e03cd93', 'ip_version': 4, 'subnetpool_id': None, 'enable_dhcp': True, 'ipv6_ra_mode': None, 'ipv6_address_mode': None, 'gateway_ip': '192.168.128.1', 'cidr': '192.168.128.0/28', 'allocation_pools': [{'start': '192.168.128.2', 'end': '192.168.128.14'}], 'host_routes': [], 'dns_nameservers': [], 'description': '', 'router:external': False, 'service_types': [], 'tags': [], 'created_at': '2025-02-10T12:18:59Z', 'updated_at': '2025-02-10T12:18:59Z', 'revision_number': 0, 'project_id': 'f3b97af192e04ccfa14c4ee30eb6d056'}, Router: {'id': '0910da35-6e94-4915-8806-35963de9a51a', 'name': 'tempest-ServerAddressesNegativeTestJSON-1626728290-router', 'tenant_id': 'f3b97af192e04ccfa14c4ee30eb6d056', 'admin_state_up': True, 'status': 'ACTIVE', 'external_gateway_info': {'network_id': 'fa840195-2097-438a-bcf5-398379263fc9', 'external_fixed_ips': [{'subnet_id': '26af22b3-6ad2-42b4-948b-649031f33a58', 'ip_address': '10.180.180.216'}], 'enable_snat': True}, 'description': '', 'availability_zones': [], 'distributed': False, 'ha': False, 'availability_zone_hints': [], 'routes': [], 'flavor_id': None, 'tags': [], 'created_at': '2025-02-10T12:18:59Z', 'updated_at': '2025-02-10T12:19:01Z', 'revision_number': 2, 'project_id': 'f3b97af192e04ccfa14c4ee30eb6d056'}
2025-02-10 12:19:05.076 62834 INFO tempest.lib.common.rest_client [req-65d45110-d339-43ee-9727-f7cfff9268c4 req-65d45110-d339-43ee-9727-f7cfff9268c4 ] Request (ImagesDeleteNegativeTestJSON:tearDownClass): 201 POST http://10.180.1.21/identity/v3/auth/tokens 0.067s
2025-02-10 12:19:05.101 62862 INFO tempest.lib.common.rest_client [req-7be7cc69-8d43-4a4f-ac99-c1d45d6f0edd req-7be7cc69-8d43-4a4f-ac99-c1d45d6f0edd ] Request (FlavorsAccessTestJSON:tearDownClass): 204 DELETE http://10.180.1.21:9696/networking/v2.0/security-groups/52b42aba-21da-421f-8c00-4b110ef36191 0.257s
2025-02-10 12:19:05.110 62804 INFO tempest.lib.common.rest_client [req-df72101f-9041-409f-894b-e0c33fd957f2 req-df72101f-9041-409f-894b-e0c33fd957f2 ] Request (ServicesAdminNegativeV253TestJSON:tearDownClass): 204 DELETE http://10.180.1.21:9696/networking/v2.0/security-groups/96c82562-2d54-462d-b81a-c1c510e7d63b 0.325s
2025-02-10 12:19:05.136 62850 INFO tempest.lib.common.rest_client [req-80ddde38-987f-4582-a948-71565c7353fa req-80ddde38-987f-4582-a948-71565c7353fa ] Request (HypervisorAdminNegativeTestJSON:tearDownClass): 204 DELETE http://10.180.1.21/identity/v3/users/bccea4cdbfc04330a0529066eed59c9d 0.125s
2025-02-10 12:19:05.136 62850 INFO tempest.lib.common.dynamic_creds [-] Deleting project and security group for project: 9847e1373f1c4db193d614873904e43c
2025-02-10 12:19:05.154 62832 INFO tempest.lib.common.rest_client [req-e8864a0c-8465-48f3-8ed4-bcd2848a79a6 req-e8864a0c-8465-48f3-8ed4-bcd2848a79a6 ] Request (ServerAddressesNegativeTestJSON:setUpClass): 201 POST http://10.180.1.21/identity/v3/auth/tokens 0.127s
2025-02-10 12:19:05.195 62828 INFO tempest.lib.common.rest_client [req-0ff61451-e3dd-4a8b-9905-d661e95d2fd2 req-0ff61451-e3dd-4a8b-9905-d661e95d2fd2 ] Request (SecurityGroupsTestAdminJSON:_run_cleanups): 202 DELETE http://10.180.1.21/compute/v2.1/os-security-groups/cdc3370e-861e-412a-84cc-d186888ee900 0.916s
2025-02-10 12:19:05.304 62804 INFO tempest.lib.common.rest_client [req-0f1b2b40-919e-4103-a92e-2325bba86343 req-0f1b2b40-919e-4103-a92e-2325bba86343 ] Request (ServicesAdminNegativeV253TestJSON:tearDownClass): 204 DELETE http://10.180.1.21/identity/v3/projects/55d5960d66444d9b8efde3e4b001def0 0.193s
2025-02-10 12:19:05.304 62804 INFO tempest.lib.common.dynamic_creds [-] Deleting project and security group for project: 45ea3ae56f30475b9b516bf79e156fab
2025-02-10 12:19:05.321 62862 INFO tempest.lib.common.rest_client [req-bef128d5-adc7-43f9-b5aa-a340bb2db172 req-bef128d5-adc7-43f9-b5aa-a340bb2db172 ] Request (FlavorsAccessTestJSON:tearDownClass): 204 DELETE http://10.180.1.21/identity/v3/projects/d08c66e5355e4df68047afc5455fee33 0.218s
2025-02-10 12:19:05.322 62862 INFO tempest.lib.common.dynamic_creds [-] Deleting project and security group for project: b814dae9d5a74bb3aa0a0ef07a9cdaa7
2025-02-10 12:19:05.360 62858 INFO tempest.lib.common.rest_client [req-98d93782-3f1a-4235-8eff-9f9365addbfc req-98d93782-3f1a-4235-8eff-9f9365addbfc ] Request (InstanceActionsTestJSON:setUpClass): 202 POST http://10.180.1.21/compute/v2.1/servers 1.412s
2025-02-10 12:19:05.366 62850 INFO tempest.lib.common.rest_client [req-cceb0b93-d554-43f5-83c7-b022638c1517 req-cceb0b93-d554-43f5-83c7-b022638c1517 ] Request (HypervisorAdminNegativeTestJSON:tearDownClass): 201 POST http://10.180.1.21/identity/v3/auth/tokens 0.229s
2025-02-10 12:19:05.399 62832 INFO tempest.lib.common.rest_client [req-f3ecd75b-5270-4101-a1a3-b645454d2a64 req-f3ecd75b-5270-4101-a1a3-b645454d2a64 ] Request (ServerAddressesNegativeTestJSON:setUpClass): 201 POST http://10.180.1.21/identity/v3/auth/tokens 0.239s
2025-02-10 12:19:05.400 62832 INFO tempest.lib.common.fixed_network [-] (ServerAddressesNegativeTestJSON:setUpClass) Found network {'id': '098fc34b-2576-46ea-b611-12603e03cd93', 'name': 'tempest-ServerAddressesNegativeTestJSON-1626728290-network', 'tenant_id': 'f3b97af192e04ccfa14c4ee30eb6d056', 'admin_state_up': True, 'mtu': 8950, 'status': 'ACTIVE', 'subnets': [], 'shared': False, 'project_id': 'f3b97af192e04ccfa14c4ee30eb6d056', 'port_security_enabled': True, 'router:external': False, 'provider:network_type': 'vlan', 'provider:physical_network': 'default', 'provider:segmentation_id': 456, 'availability_zone_hints': [], 'availability_zones': [], 'ipv4_address_scope': None, 'ipv6_address_scope': None, 'description': '', 'tags': [], 'created_at': '2025-02-10T12:18:59Z', 'updated_at': '2025-02-10T12:18:59Z', 'revision_number': 1} available for tenant
2025-02-10 12:19:05.620 62824 INFO tempest.lib.common.rest_client [req-29be98bb-7c4a-4f1e-9f59-a49ca7f5eb27 req-29be98bb-7c4a-4f1e-9f59-a49ca7f5eb27 ] Request (FloatingIPsNegativeTestJSON:setUpClass): 200 GET http://10.180.1.21/compute/v2.1/os-floating-ips 1.145s
2025-02-10 12:19:05.655 62834 INFO tempest.lib.common.rest_client [req-0230d92a-ffef-45b3-ace2-e6d3f689004e req-0230d92a-ffef-45b3-ace2-e6d3f689004e ] Request (ImagesDeleteNegativeTestJSON:tearDownClass): 200 GET http://10.180.1.21:9696/networking/v2.0/security-groups?tenant_id=86d5589bb8344d33b52e7a0f736ccd9e&name=default 0.578s
2025-02-10 12:19:05.729 62800 INFO tempest.lib.common.rest_client [req-10adfb30-67fa-42c6-9b3e-011f4e5ba596 req-10adfb30-67fa-42c6-9b3e-011f4e5ba596 ] Request (MultipleCreateTestJSON:setUpClass): 201 POST http://10.180.1.21:9696/networking/v2.0/routers 2.588s
2025-02-10 12:19:05.748 62840 INFO tempest.lib.common.rest_client [req-fb1c96c1-f9b8-433a-bf31-26af77ec90ea req-fb1c96c1-f9b8-433a-bf31-26af77ec90ea ] Request (QuotasAdminTestJSON:test_get_updated_quotas): 200 GET http://10.180.1.21/compute/v2.1/os-quota-sets/1e8b9655a48b431b97acaa64595dc5c3/detail 1.223s
2025-02-10 12:19:05.784 62840 INFO tempest.lib.common.rest_client [req-fb73e425-1913-42d7-9b2f-2c162ba2c7bd req-fb73e425-1913-42d7-9b2f-2c162ba2c7bd ] Request (QuotasAdminTestJSON:test_get_updated_quotas): 200 GET http://10.180.1.21/identity/v3/domains?name=Default 0.029s
2025-02-10 12:19:05.838 62840 INFO tempest.lib.common.rest_client [req-8b623ace-2883-41c2-956b-8b89b1ea99e0 req-8b623ace-2883-41c2-956b-8b89b1ea99e0 ] Request (QuotasAdminTestJSON:test_get_updated_quotas): 201 POST http://10.180.1.21/identity/v3/users 0.053s
2025-02-10 12:19:05.882 62840 INFO tempest.lib.common.rest_client [req-d85a6b47-1de8-4613-a8ef-40d0244a5097 req-d85a6b47-1de8-4613-a8ef-40d0244a5097 ] Request (QuotasAdminTestJSON:test_get_updated_quotas): 200 GET http://10.180.1.21/identity/v3/domains?name=Default 0.043s
2025-02-10 12:19:05.911 62804 INFO tempest.lib.common.rest_client [req-049c352d-fb89-4a2f-956b-82013a124f21 req-049c352d-fb89-4a2f-956b-82013a124f21 ] Request (ServicesAdminNegativeV253TestJSON:tearDownClass): 200 GET http://10.180.1.21:9696/networking/v2.0/security-groups?tenant_id=45ea3ae56f30475b9b516bf79e156fab&name=default 0.606s
2025-02-10 12:19:05.927 62860 INFO tempest.lib.common.rest_client [req-2e22bcdf-bf54-42b6-8a3e-7bdf7f60fd6c req-2e22bcdf-bf54-42b6-8a3e-7bdf7f60fd6c ] Request (ValidationResourcesFixture:setUp): 201 POST http://10.180.1.21:9696/networking/v2.0/floatingips 1.266s
2025-02-10 12:19:05.939 62862 INFO tempest.lib.common.rest_client [req-36844219-3632-46ad-b7c9-651983b0257e req-36844219-3632-46ad-b7c9-651983b0257e ] Request (FlavorsAccessTestJSON:tearDownClass): 200 GET http://10.180.1.21:9696/networking/v2.0/security-groups?tenant_id=b814dae9d5a74bb3aa0a0ef07a9cdaa7&name=default 0.617s
2025-02-10 12:19:05.963 62834 INFO tempest.lib.common.rest_client [req-69781317-06d9-4797-b950-748621d60ccf req-69781317-06d9-4797-b950-748621d60ccf ] Request (ImagesDeleteNegativeTestJSON:tearDownClass): 204 DELETE http://10.180.1.21:9696/networking/v2.0/security-groups/36944da1-380b-4c9c-8ecd-3ab203b6586b 0.308s
2025-02-10 12:19:06.009 62860 INFO tempest.lib.common.rest_client [req-0903aba8-eb8a-4211-82ad-8f18d56585c4 req-0903aba8-eb8a-4211-82ad-8f18d56585c4 ] Request (ServersWithSpecificFlavorTestJSON:test_verify_created_server_ephemeral_disk): 201 POST http://10.180.1.21/identity/v3/auth/tokens 0.075s
