2025-02-10 12:20:19.397 62820 INFO tempest.lib.common.rest_client [req-27e9dcef-de06-4519-84f2-3f298538be6b req-27e9dcef-de06-4519-84f2-3f298538be6b ] Request (ImagesMetadataTestJSON:test_set_image_metadata): 200 GET http://10.180.1.21/compute/v2.1/images/c9e857ae-722e-40f6-ac23-e716d6ba6b78/metadata 0.448s
2025-02-10 12:20:19.404 62836 INFO tempest.lib.common.rest_client [req-3e2f7f45-9341-4529-bde9-8c48127c3b36 req-3e2f7f45-9341-4529-bde9-8c48127c3b36 ] Request (ServersAdmin275Test:tearDownClass): 200 GET http://10.180.1.21/compute/v2.1/servers/9a098809-cc26-4210-b09e-b7825c406294 0.457s
2025-02-10 12:20:19.464 62818 INFO tempest.lib.common.rest_client [req-914f9ce5-e811-4573-9ced-5b4cc404bdfa req-914f9ce5-e811-4573-9ced-5b4cc404bdfa ] Request (ServersTestJSON:test_create_server_specify_multibyte_character_name): 200 GET http://10.180.1.21/compute/v2.1/servers/ebca687d-4de7-4fd6-99fb-b4f0154abe9c 0.478s
2025-02-10 12:20:19.472 62806 INFO tempest.lib.common.rest_client [req-0c0b18c3-ebb4-4d6e-86e9-f831828b21df req-0c0b18c3-ebb4-4d6e-86e9-f831828b21df ] Request (AttachInterfacesV270Test:test_create_get_list_interfaces): 200 GET http://10.180.1.21/compute/v2.1/servers/194c1dd8-3b0a-4c29-9779-65f1534121d1 0.498s
2025-02-10 12:20:19.574 62808 INFO tempest.lib.common.rest_client [req-7ddd9fe2-a8ba-4fe9-85cd-bc5720657ea8 req-7ddd9fe2-a8ba-4fe9-85cd-bc5720657ea8 ] Request (FloatingIPsAssociationTestJSON:setUpClass): 200 GET http://10.180.1.21/compute/v2.1/servers/c1fd078c-61d4-4c0f-8c49-0f56a926a087 0.553s
2025-02-10 12:20:19.581 62808 INFO tempest.common.waiters [-] State transition "BUILD/scheduling" ==> "BUILD/None" after 39 second wait
2025-02-10 12:20:19.636 62816 INFO tempest.lib.common.rest_client [req-60e36e88-c157-4aa6-9f85-80f5a2b248b6 req-60e36e88-c157-4aa6-9f85-80f5a2b248b6 ] Request (ImagesTestJSON:test_create_image_from_stopped_server): 200 GET http://10.180.1.21/compute/v2.1/servers/ee1c638b-1f38-4e21-9369-4d4ff2e13d46 0.554s
2025-02-10 12:20:19.708 62802 INFO tempest.lib.common.rest_client [req-271c23a0-e125-4bf1-8117-b3212db9e5ed req-271c23a0-e125-4bf1-8117-b3212db9e5ed ] Request (ServerShowV254Test:test_rebuild_server): 200 GET http://10.180.1.21/compute/v2.1/servers/63a7f41d-13cc-420a-96d3-a3f102869137 0.579s
2025-02-10 12:20:19.789 62800 INFO tempest.lib.common.rest_client [req-821b2e80-349b-4ac1-b9f9-608e6b41491d req-821b2e80-349b-4ac1-b9f9-608e6b41491d ] Request (MultipleCreateTestJSON:_run_cleanups): 200 GET http://10.180.1.21/compute/v2.1/servers/6d8b5429-113b-4280-9851-bf6614dde4a7 0.569s
2025-02-10 12:20:19.821 62848 INFO tempest.lib.common.rest_client [req-bfbb06ac-a852-4c5a-88e8-e1440d94bf44 req-bfbb06ac-a852-4c5a-88e8-e1440d94bf44 ] Request (ServersTestMultiNic:setUpClass): 201 POST http://10.180.1.21:9696/networking/v2.0/subnets 0.498s
2025-02-10 12:20:19.857 62832 INFO tempest.lib.common.rest_client [req-19d3b622-61f3-4112-aa7f-ffe876ed667c req-19d3b622-61f3-4112-aa7f-ffe876ed667c ] Request (ServerAddressesNegativeTestJSON:tearDownClass): 200 GET http://10.180.1.21/compute/v2.1/servers/4de70165-c28f-44b7-a01a-caa0787170b8 0.624s
2025-02-10 12:20:19.917 62846 INFO tempest.lib.common.rest_client [req-fe607a5f-bb3e-41a9-9e47-5d363cdf00ca req-fe607a5f-bb3e-41a9-9e47-5d363cdf00ca ] Request (ImagesOneServerNegativeTestJSON:_run_cleanups): 200 GET http://10.180.1.21/compute/v2.1/servers/d68b472d-2139-4e2d-bb28-7e45d80904cb 0.647s
2025-02-10 12:20:19.948 62858 INFO tempest.lib.common.rest_client [req-eb9de939-3c1b-4c95-8717-ec8649285236 req-eb9de939-3c1b-4c95-8717-ec8649285236 ] Request (InstanceActionsTestJSON:tearDownClass): 200 PUT http://10.180.1.21:9696/networking/v2.0/routers/61645712-bc92-4961-b65d-ffa9aca2b99f/remove_router_interface 1.308s
2025-02-10 12:20:19.975 62822 INFO tempest.lib.common.rest_client [req-50391d3c-e763-412b-8cd7-67f1e202d8fe req-50391d3c-e763-412b-8cd7-67f1e202d8fe ] Request (ServerDiskConfigTestJSON:test_rebuild_server_with_auto_disk_config): 200 GET http://10.180.1.21/compute/v2.1/servers/713dd924-1c96-496a-bd06-cf0235dd6f75 0.687s
2025-02-10 12:20:20.041 62840 INFO tempest.lib.common.rest_client [req-80cf1bd0-d29f-44a4-811a-63bff0e9bdcb req-80cf1bd0-d29f-44a4-811a-63bff0e9bdcb ] Request (VolumesAdminNegativeTest:test_update_attached_volume_with_nonexistent_volume_in_body): 200 GET http://10.180.1.21/compute/v2.1/servers/e813e7da-fd2c-4f10-b2f3-1e2b5c153a19 0.704s
2025-02-10 12:20:20.307 62820 INFO tempest.lib.common.rest_client [req-d4f5867b-e3f9-4f5d-80e6-de62cba41276 req-d4f5867b-e3f9-4f5d-80e6-de62cba41276 ] Request (ImagesMetadataTestJSON:setUp): 200 PUT http://10.180.1.21/compute/v2.1/images/c9e857ae-722e-40f6-ac23-e716d6ba6b78/metadata 0.908s
2025-02-10 12:20:20.523 62852 INFO tempest.lib.common.rest_client [req-87b94216-1c8b-4131-bb76-b16f4bc12e88 req-87b94216-1c8b-4131-bb76-b16f4bc12e88 ] Request (ServersAdminNegativeTestJSON:test_migrate_server_invalid_state): 200 GET http://10.180.1.21/compute/v2.1/servers/17e1557d-e4cf-45b0-84da-4cbcffe31fb6 0.897s
2025-02-10 12:20:20.609 62834 INFO tempest.lib.common.rest_client [req-8e093506-3af5-4905-8d10-58b18a415828 req-8e093506-3af5-4905-8d10-58b18a415828 ] Request (ServerShowV257Test:tearDownClass): 200 GET http://10.180.1.21/compute/v2.1/servers/c73686c6-4dd8-4f00-a65a-5d8574409ad1 0.868s
2025-02-10 12:20:20.678 62838 INFO tempest.lib.common.rest_client [req-01d2e944-adde-4d6b-b1c7-a0cff8bbe1c0 req-01d2e944-adde-4d6b-b1c7-a0cff8bbe1c0 ] Request (TenantUsagesTestJSON:setUpClass): 200 GET http://10.180.1.21/compute/v2.1/servers/5b69254a-b34b-48ff-a96c-d8573c9abf3b 0.655s
2025-02-10 12:20:20.728 62858 INFO tempest.lib.common.rest_client [req-7b7a8dfb-45a6-477d-9f21-a3df12fad0c3 req-7b7a8dfb-45a6-477d-9f21-a3df12fad0c3 ] Request (InstanceActionsTestJSON:tearDownClass): 204 DELETE http://10.180.1.21:9696/networking/v2.0/routers/61645712-bc92-4961-b65d-ffa9aca2b99f 0.779s
2025-02-10 12:20:20.746 62854 INFO tempest.lib.common.rest_client [req-57527bf1-fa84-4f9d-853d-8b6be100f215 req-57527bf1-fa84-4f9d-853d-8b6be100f215 ] Request (SecurityGroupsTestJSON:test_list_security_groups_by_server): 200 GET http://10.180.1.21/compute/v2.1/servers/cce5f0d4-364d-4295-a27d-44ca8585f803 0.674s
2025-02-10 12:20:20.760 62854 INFO tempest.common.waiters [-] State transition "BUILD/None" ==> "BUILD/networking" after 55 second wait
2025-02-10 12:20:20.820 62824 INFO tempest.lib.common.rest_client [req-07f7b75d-d687-4f5f-9b59-fb495a088ff0 req-07f7b75d-d687-4f5f-9b59-fb495a088ff0 ] Request (ServersV294TestFqdnHostnames:setUpClass): 200 GET http://10.180.1.21/compute/v2.1/servers/ae3e55b8-00c1-4dae-9276-f46a1e17b80e 0.722s
2025-02-10 12:20:20.887 62812 INFO tempest.lib.common.rest_client [req-7ee7ebb0-4c21-4613-909a-2d86ee264542 req-7ee7ebb0-4c21-4613-909a-2d86ee264542 ] Request (ServerMetadataTestJSON:setUpClass): 200 GET http://10.180.1.21/compute/v2.1/servers/566c207c-5506-4410-98ab-aee9fdbc5d6e 0.738s
2025-02-10 12:20:20.933 62858 INFO tempest.lib.common.rest_client [req-cfbe7a71-8361-42ca-9f80-2b4dad37c0ba req-cfbe7a71-8361-42ca-9f80-2b4dad37c0ba ] Request (InstanceActionsTestJSON:tearDownClass): 204 DELETE http://10.180.1.21:9696/networking/v2.0/subnets/15503a37-9e6a-44c4-ae87-940d70784448 0.204s
2025-02-10 12:20:20.950 62828 INFO tempest.lib.common.rest_client [req-fca4de04-a38c-4510-912a-28a5bcc0a61b req-fca4de04-a38c-4510-912a-28a5bcc0a61b ] Request (AttachInterfacesUnderV243Test:test_add_remove_fixed_ip): 200 GET http://10.180.1.21/compute/v2.1/servers/d266aff3-42b4-4dcb-b8ca-7c13cdf8d314 0.736s
2025-02-10 12:20:21.051 62848 INFO tempest.lib.common.rest_client [req-49cff438-d9ee-46ab-add4-05eca182df3f req-49cff438-d9ee-46ab-add4-05eca182df3f ] Request (ServersTestMultiNic:setUpClass): 201 POST http://10.180.1.21:9696/networking/v2.0/routers 1.229s
2025-02-10 12:20:21.054 62844 INFO tempest.lib.common.rest_client [req-f0b01354-8d22-4bde-a9ae-9daad2531b78 req-f0b01354-8d22-4bde-a9ae-9daad2531b78 ] Request (FloatingIPsAssociationNegativeTestJSON:test_associate_ip_to_server_with_floating_ip): 202 POST http://10.180.1.21/compute/v2.1/servers/253a2903-2601-4f0a-8882-e7510406f9d5/action 2.034s
2025-02-10 12:20:21.103 62850 INFO tempest.lib.common.rest_client [req-7ff6babf-b242-40a4-9e26-bef9998e459f req-7ff6babf-b242-40a4-9e26-bef9998e459f ] Request (MigrationsAdminTest:test_list_migrations_in_flavor_resize_situation): 200 GET http://10.180.1.21/compute/v2.1/servers/879354d3-7423-41e2-93f6-0d8d3a120170 0.847s
2025-02-10 12:20:21.140 62814 INFO tempest.lib.common.rest_client [req-3de80dce-7b28-49e4-9d0c-c47385dec060 req-3de80dce-7b28-49e4-9d0c-c47385dec060 ] Request (DeleteServersAdminTestJSON:test_delete_server_while_in_error_state): 200 GET http://10.180.1.21/compute/v2.1/servers/87a90c88-6e0a-4051-8978-b2f9c5a876ca 0.865s
2025-02-10 12:20:21.209 62830 INFO tempest.lib.common.rest_client [req-61be0658-99ba-48f5-a103-d9c3aba741f1 req-61be0658-99ba-48f5-a103-d9c3aba741f1 ] Request (ListServerFiltersTestJSON:setUpClass): 200 GET http://10.180.1.21/compute/v2.1/servers/d6935c9b-e4cc-47ed-96d5-e485d60382d6 0.881s
2025-02-10 12:20:21.272 62842 INFO tempest.lib.common.rest_client [req-07f7e87a-aafe-4ae4-85de-ec5dafa649e5 req-07f7e87a-aafe-4ae4-85de-ec5dafa649e5 ] Request (ServerRescueNegativeTestJSON:setUpClass): 200 GET http://10.180.1.21/compute/v2.1/servers/cd69a052-369b-4809-baf0-a1aec44f4ab5 0.940s
2025-02-10 12:20:21.324 62804 INFO tempest.lib.common.rest_client [req-aeab68ee-4e7f-4554-af14-26c8d362085f req-aeab68ee-4e7f-4554-af14-26c8d362085f ] Request (ImagesNegativeTestJSON:test_create_image_from_deleted_server): 200 GET http://10.180.1.21/compute/v2.1/servers/8461f823-e48a-42f0-8863-44177565b82d 0.949s
2025-02-10 12:20:21.358 62820 INFO tempest.lib.common.rest_client [req-f7bbc9b4-f339-4ce6-88ea-18d090225c61 req-f7bbc9b4-f339-4ce6-88ea-18d090225c61 ] Request (ImagesMetadataTestJSON:test_set_image_metadata_item): 200 PUT http://10.180.1.21/compute/v2.1/images/c9e857ae-722e-40f6-ac23-e716d6ba6b78/metadata/os_version 1.050s
2025-02-10 12:20:21.378 62858 INFO tempest.lib.common.rest_client [req-12fa8247-39d2-4644-8e0f-0b70fb6162ef req-12fa8247-39d2-4644-8e0f-0b70fb6162ef ] Request (InstanceActionsTestJSON:tearDownClass): 204 DELETE http://10.180.1.21:9696/networking/v2.0/networks/0c30d1a3-4c52-426c-a107-95453e519e90 0.445s
2025-02-10 12:20:21.397 62836 INFO tempest.lib.common.rest_client [req-2cd11c85-d7ea-48a7-983a-878a5b8ecc0f req-2cd11c85-d7ea-48a7-983a-878a5b8ecc0f ] Request (ServersAdmin275Test:tearDownClass): 200 GET http://10.180.1.21/compute/v2.1/servers/9a098809-cc26-4210-b09e-b7825c406294 0.979s
2025-02-10 12:20:21.417 62818 INFO tempest.lib.common.rest_client [req-2c0bccf7-0387-4a2f-bb9f-e68d36753dd1 req-2c0bccf7-0387-4a2f-bb9f-e68d36753dd1 ] Request (ServersTestJSON:test_create_server_specify_multibyte_character_name): 200 GET http://10.180.1.21/compute/v2.1/servers/ebca687d-4de7-4fd6-99fb-b4f0154abe9c 0.941s
2025-02-10 12:20:21.462 62806 INFO tempest.lib.common.rest_client [req-bda0a663-0dfa-4571-815e-b196d7c5a991 req-bda0a663-0dfa-4571-815e-b196d7c5a991 ] Request (AttachInterfacesV270Test:test_create_get_list_interfaces): 200 GET http://10.180.1.21/compute/v2.1/servers/194c1dd8-3b0a-4c29-9779-65f1534121d1 0.979s
2025-02-10 12:20:21.468 62858 INFO tempest.lib.common.rest_client [req-41865ecd-ae1c-4704-8f1e-f63612bc7953 req-41865ecd-ae1c-4704-8f1e-f63612bc7953 ] Request (InstanceActionsTestJSON:tearDownClass): 204 DELETE http://10.180.1.21/identity/v3/users/8b8d5f0f4a5e40a7b4c7d1c7bfbb90f5 0.089s
2025-02-10 12:20:21.468 62858 INFO tempest.lib.common.dynamic_creds [-] Deleting project and security group for project: 707c18dc3f934d35b85e59f08ea537ca
2025-02-10 12:20:21.492 62808 INFO tempest.lib.common.rest_client [req-3e35e68b-70e3-4c0d-9337-de4928fd944c req-3e35e68b-70e3-4c0d-9337-de4928fd944c ] Request (FloatingIPsAssociationTestJSON:setUpClass): 200 GET http://10.180.1.21/compute/v2.1/servers/c1fd078c-61d4-4c0f-8c49-0f56a926a087 0.909s
2025-02-10 12:20:21.521 62816 INFO tempest.lib.common.rest_client [req-01184a7e-69a3-45d6-be43-31dd1aabc230 req-01184a7e-69a3-45d6-be43-31dd1aabc230 ] Request (ImagesTestJSON:test_create_image_from_stopped_server): 200 GET http://10.180.1.21/compute/v2.1/servers/ee1c638b-1f38-4e21-9369-4d4ff2e13d46 0.874s
2025-02-10 12:20:21.526 62858 INFO tempest.lib.common.rest_client [req-a1cf64bd-048e-4e79-b6b1-53e4e320c204 req-a1cf64bd-048e-4e79-b6b1-53e4e320c204 ] Request (InstanceActionsTestJSON:tearDownClass): 200 GET http://10.180.1.21:9696/networking/v2.0/security-groups?tenant_id=707c18dc3f934d35b85e59f08ea537ca&name=default 0.058s
2025-02-10 12:20:21.546 62802 INFO tempest.lib.common.rest_client [req-74409cfe-5ba5-4b9d-bb46-fee7a5bca008 req-74409cfe-5ba5-4b9d-bb46-fee7a5bca008 ] Request (ServerShowV254Test:test_rebuild_server): 200 GET http://10.180.1.21/compute/v2.1/servers/63a7f41d-13cc-420a-96d3-a3f102869137 0.824s
2025-02-10 12:20:21.591 62800 INFO tempest.lib.common.rest_client [req-e3025256-ad9c-4416-b96e-7d04d2cf4b1e req-e3025256-ad9c-4416-b96e-7d04d2cf4b1e ] Request (MultipleCreateTestJSON:_run_cleanups): 200 GET http://10.180.1.21/compute/v2.1/servers/6d8b5429-113b-4280-9851-bf6614dde4a7 0.793s
2025-02-10 12:20:21.608 62832 INFO tempest.lib.common.rest_client [req-a1164128-5ac7-4b99-be81-a3d19e2eecf3 req-a1164128-5ac7-4b99-be81-a3d19e2eecf3 ] Request (ServerAddressesNegativeTestJSON:tearDownClass): 200 GET http://10.180.1.21/compute/v2.1/servers/4de70165-c28f-44b7-a01a-caa0787170b8 0.743s
2025-02-10 12:20:21.660 62846 INFO tempest.lib.common.rest_client [req-6bfdbb21-90c7-49f0-aac4-4821e5bd7bd5 req-6bfdbb21-90c7-49f0-aac4-4821e5bd7bd5 ] Request (ImagesOneServerNegativeTestJSON:_run_cleanups): 200 GET http://10.180.1.21/compute/v2.1/servers/d68b472d-2139-4e2d-bb28-7e45d80904cb 0.734s
2025-02-10 12:20:21.669 62858 INFO tempest.lib.common.rest_client [req-fe559c03-6302-4591-90d7-312948af44d4 req-fe559c03-6302-4591-90d7-312948af44d4 ] Request (InstanceActionsTestJSON:tearDownClass): 204 DELETE http://10.180.1.21:9696/networking/v2.0/security-groups/c55145b2-2652-4fd8-b00c-9869204d16f5 0.142s
2025-02-10 12:20:21.669 62822 INFO tempest.lib.common.rest_client [req-8a979bf5-910e-48c6-9a63-8462941e17de req-8a979bf5-910e-48c6-9a63-8462941e17de ] Request (ServerDiskConfigTestJSON:test_rebuild_server_with_auto_disk_config): 200 GET http://10.180.1.21/compute/v2.1/servers/713dd924-1c96-496a-bd06-cf0235dd6f75 0.686s
2025-02-10 12:20:21.713 62840 INFO tempest.lib.common.rest_client [req-e81fc05c-4baf-4da9-97ba-5ac851f36e14 req-e81fc05c-4baf-4da9-97ba-5ac851f36e14 ] Request (VolumesAdminNegativeTest:test_update_attached_volume_with_nonexistent_volume_in_body): 200 GET http://10.180.1.21/compute/v2.1/servers/e813e7da-fd2c-4f10-b2f3-1e2b5c153a19 0.661s
2025-02-10 12:20:21.754 62820 INFO tempest.lib.common.rest_client [req-96c97db5-ff5c-4ba7-ac38-92a23f80233b req-96c97db5-ff5c-4ba7-ac38-92a23f80233b ] Request (ImagesMetadataTestJSON:test_set_image_metadata_item): 200 GET http://10.180.1.21/compute/v2.1/images/c9e857ae-722e-40f6-ac23-e716d6ba6b78/metadata 0.396s
2025-02-10 12:20:21.781 62858 INFO tempest.lib.common.rest_client [req-285611cb-ad18-401c-aedb-eb43af502bfd req-285611cb-ad18-401c-aedb-eb43af502bfd ] Request (InstanceActionsTestJSON:tearDownClass): 204 DELETE http://10.180.1.21/identity/v3/projects/707c18dc3f934d35b85e59f08ea537ca 0.112s
2025-02-10 12:20:21.838 62858 INFO tempest.lib.common.rest_client [req-dd0b660b-cfdb-4983-bedb-1822fbda7c10 req-dd0b660b-cfdb-4983-bedb-1822fbda7c10 ] Request (AttachVolumeTestJSON:setUpClass): 201 POST http://10.180.1.21/identity/v3/auth/tokens 0.055s
2025-02-10 12:20:21.867 62858 INFO tempest.lib.common.rest_client [req-d6a2553f-e90b-4e23-b0ee-65508cc428ad req-d6a2553f-e90b-4e23-b0ee-65508cc428ad ] Request (AttachVolumeTestJSON:setUpClass): 201 POST http://10.180.1.21/identity/v3/auth/tokens 0.027s
2025-02-10 12:20:21.890 62858 INFO tempest.lib.common.rest_client [req-96bc623f-6c51-4ec3-be90-932e4175fbb4 req-96bc623f-6c51-4ec3-be90-932e4175fbb4 ] Request (AttachVolumeTestJSON:setUpClass): 200 GET http://10.180.1.21/identity/v3/domains?name=Default 0.022s
2025-02-10 12:20:21.891 62852 INFO tempest.lib.common.rest_client [req-ef62a403-2a7a-4a32-8980-f6d532ab3336 req-ef62a403-2a7a-4a32-8980-f6d532ab3336 ] Request (ServersAdminNegativeTestJSON:test_migrate_server_invalid_state): 200 GET http://10.180.1.21/compute/v2.1/servers/17e1557d-e4cf-45b0-84da-4cbcffe31fb6 0.360s
2025-02-10 12:20:21.906 62852 INFO tempest.common.waiters [-] State transition "BUILD/spawning" ==> "ACTIVE/None" after 58 second wait
2025-02-10 12:20:21.920 62858 INFO tempest.lib.common.rest_client [req-13673248-d944-47ae-839a-3cf2f6f33921 req-13673248-d944-47ae-839a-3cf2f6f33921 ] Request (AttachVolumeTestJSON:setUpClass): 201 POST http://10.180.1.21/identity/v3/projects 0.029s
2025-02-10 12:20:21.969 62834 INFO tempest.lib.common.rest_client [req-9ea963e5-f804-481e-97fb-269aff133b4d req-9ea963e5-f804-481e-97fb-269aff133b4d ] Request (ServerShowV257Test:tearDownClass): 200 GET http://10.180.1.21/compute/v2.1/servers/c73686c6-4dd8-4f00-a65a-5d8574409ad1 0.344s
2025-02-10 12:20:21.985 62858 INFO tempest.lib.common.rest_client [req-14b339e9-9098-4cef-a526-73e9ae342a9c req-14b339e9-9098-4cef-a526-73e9ae342a9c ] Request (AttachVolumeTestJSON:setUpClass): 201 POST http://10.180.1.21/identity/v3/users 0.065s
2025-02-10 12:20:22.007 62858 INFO tempest.lib.common.rest_client [req-d32684a0-0292-4958-8328-13f7ec919864 req-d32684a0-0292-4958-8328-13f7ec919864 ] Request (AttachVolumeTestJSON:setUpClass): 200 GET http://10.180.1.21/identity/v3/roles 0.021s
2025-02-10 12:20:22.035 62858 INFO tempest.lib.common.rest_client [req-a46f4a10-b135-4f68-9952-e8394bb13fe6 req-a46f4a10-b135-4f68-9952-e8394bb13fe6 ] Request (AttachVolumeTestJSON:setUpClass): 204 PUT http://10.180.1.21/identity/v3/projects/686854cd52ce4809a4d315275260da54/users/f23d9647c4874ea0b3e6a6abf9d6202f/roles/b19bf4b6d3a3448b95ac3b4a35a03e98 0.027s
2025-02-10 12:20:22.035 62858 INFO tempest.lib.common.dynamic_creds [-] Dynamic test user f23d9647c4874ea0b3e6a6abf9d6202f is created with scope project and roles: ['member']
2025-02-10 12:20:22.035 62858 INFO tempest.lib.common.dynamic_creds [-] Acquired dynamic creds: credentials: Credentials: {'domain_id': 'default', 'domain_name': 'Default', 'username': 'tempest-AttachVolumeTestJSON-1462924921-project-member', 'project_domain_id': 'default', 'project_domain_name': 'Default', 'project_id': '686854cd52ce4809a4d315275260da54', 'project_name': 'tempest-AttachVolumeTestJSON-1462924921', 'tenant_id': '686854cd52ce4809a4d315275260da54', 'tenant_name': 'tempest-AttachVolumeTestJSON-1462924921', 'user_domain_id': 'default', 'user_domain_name': 'Default', 'user_id': 'f23d9647c4874ea0b3e6a6abf9d6202f', 'system': None}, Network: None, Subnet: None, Router: None
2025-02-10 12:20:22.091 62848 INFO tempest.lib.common.rest_client [req-02d7e678-7717-4b1b-8b6d-dbb96e1f026d req-02d7e678-7717-4b1b-8b6d-dbb96e1f026d ] Request (ServersTestMultiNic:setUpClass): 200 PUT http://10.180.1.21:9696/networking/v2.0/routers/30d0b527-4359-4555-9885-d6a85140ac03/add_router_interface 1.039s
2025-02-10 12:20:22.091 62848 INFO tempest.lib.common.dynamic_creds [-] Created isolated network resources for: credentials: Credentials: {'domain_id': 'default', 'domain_name': 'Default', 'username': 'tempest-ServersTestMultiNic-58410992-project-member', 'project_domain_id': 'default', 'project_domain_name': 'Default', 'project_id': '3ca7e42d226a4ef6b48b882356da8950', 'project_name': 'tempest-ServersTestMultiNic-58410992', 'tenant_id': '3ca7e42d226a4ef6b48b882356da8950', 'tenant_name': 'tempest-ServersTestMultiNic-58410992', 'user_domain_id': 'default', 'user_domain_name': 'Default', 'user_id': '2915209e81104e9eb3f4446a9d85fd57', 'system': None}, Network: {'id': '1c0ae758-159d-4ec9-8b32-7a3ab41849f4', 'name': 'tempest-ServersTestMultiNic-1905959032-network', 'tenant_id': '3ca7e42d226a4ef6b48b882356da8950', 'admin_state_up': True, 'mtu': 8950, 'status': 'ACTIVE', 'subnets': [], 'shared': False, 'project_id': '3ca7e42d226a4ef6b48b882356da8950', 'port_security_enabled': True, 'router:external': False, 'provider:network_type': 'vlan', 'provider:physical_network': 'default', 'provider:segmentation_id': 311, 'availability_zone_hints': [], 'availability_zones': [], 'ipv4_address_scope': None, 'ipv6_address_scope': None, 'description': '', 'tags': [], 'created_at': '2025-02-10T12:20:19Z', 'updated_at': '2025-02-10T12:20:19Z', 'revision_number': 1}, Subnet: {'id': '46726313-13be-4a50-b28f-cae6ed195f6f', 'name': 'tempest-ServersTestMultiNic-1905959032-subnet', 'tenant_id': '3ca7e42d226a4ef6b48b882356da8950', 'network_id': '1c0ae758-159d-4ec9-8b32-7a3ab41849f4', 'ip_version': 4, 'subnetpool_id': None, 'enable_dhcp': True, 'ipv6_ra_mode': None, 'ipv6_address_mode': None, 'gateway_ip': '192.168.128.1', 'cidr': '192.168.128.0/28', 'allocation_pools': [{'start': '192.168.128.2', 'end': '192.168.128.14'}], 'host_routes': [], 'dns_nameservers': [], 'description': '', 'router:external': False, 'service_types': [], 'tags': [], 'created_at': '2025-02-10T12:20:19Z', 'updated_at': '2025-02-10T12:20:19Z', 'revision_number': 0, 'project_id': '3ca7e42d226a4ef6b48b882356da8950'}, Router: {'id': '30d0b527-4359-4555-9885-d6a85140ac03', 'name': 'tempest-ServersTestMultiNic-1905959032-router', 'tenant_id': '3ca7e42d226a4ef6b48b882356da8950', 'admin_state_up': True, 'status': 'ACTIVE', 'external_gateway_info': {'network_id': 'fa840195-2097-438a-bcf5-398379263fc9', 'external_fixed_ips': [{'subnet_id': '26af22b3-6ad2-42b4-948b-649031f33a58', 'ip_address': '10.180.180.248'}], 'enable_snat': True}, 'description': '', 'availability_zones': [], 'distributed': False, 'ha': False, 'availability_zone_hints': [], 'routes': [], 'flavor_id': None, 'tags': [], 'created_at': '2025-02-10T12:20:19Z', 'updated_at': '2025-02-10T12:20:20Z', 'revision_number': 2, 'project_id': '3ca7e42d226a4ef6b48b882356da8950'}
2025-02-10 12:20:22.098 62858 INFO tempest.lib.common.rest_client [req-3fbe9de3-5b90-426d-b22c-6f4af7eed6f7 req-3fbe9de3-5b90-426d-b22c-6f4af7eed6f7 ] Request (AttachVolumeTestJSON:setUpClass): 201 POST http://10.180.1.21/identity/v3/auth/tokens 0.062s
2025-02-10 12:20:22.192 62826 WARNING tempest.lib.common.ssh [-] Failed to establish authenticated ssh connection to cirros@10.180.180.172 ([Errno None] Unable to connect to port 22 on 10.180.180.172). Number attempts: 6. Retry after 7 seconds.: paramiko.ssh_exception.NoValidConnectionsError: [Errno None] Unable to connect to port 22 on 10.180.180.172
2025-02-10 12:20:22.198 62848 INFO tempest.lib.common.rest_client [req-b1f71e53-0c8b-46ec-ad0c-5f6914a2b9c1 req-b1f71e53-0c8b-46ec-ad0c-5f6914a2b9c1 ] Request (ServersTestMultiNic:setUpClass): 201 POST http://10.180.1.21/identity/v3/auth/tokens 0.103s
2025-02-10 12:20:22.266 62838 INFO tempest.lib.common.rest_client [req-897446e6-a954-45de-be5f-e689f4e1c239 req-897446e6-a954-45de-be5f-e689f4e1c239 ] Request (TenantUsagesTestJSON:setUpClass): 200 GET http://10.180.1.21/compute/v2.1/servers/5b69254a-b34b-48ff-a96c-d8573c9abf3b 0.573s
2025-02-10 12:20:22.276 62844 INFO tempest.lib.common.rest_client [req-1845c7af-8f0c-4eeb-9188-5834203eb365 req-1845c7af-8f0c-4eeb-9188-5834203eb365 ] Request (FloatingIPsAssociationNegativeTestJSON:test_associate_ip_to_server_with_floating_ip): 200 POST http://10.180.1.21/compute/v2.1/os-floating-ips 1.221s
2025-02-10 12:20:22.320 62860 WARNING tempest.lib.common.ssh [-] Failed to establish authenticated ssh connection to cirros@10.180.180.199 ([Errno None] Unable to connect to port 22 on 10.180.180.199). Number attempts: 4. Retry after 5 seconds.: paramiko.ssh_exception.NoValidConnectionsError: [Errno None] Unable to connect to port 22 on 10.180.180.199
2025-02-10 12:20:22.364 62848 INFO tempest.lib.common.rest_client [req-6ce9072f-e810-4020-a2dc-c31248ff3fb3 req-6ce9072f-e810-4020-a2dc-c31248ff3fb3 ] Request (ServersTestMultiNic:test_verify_duplicate_network_nics): 201 POST http://10.180.1.21:9696/networking/v2.0/networks 0.163s
2025-02-10 12:20:22.423 62854 INFO tempest.lib.common.rest_client [req-dc6fbd5c-5fb6-4bab-b48e-bb07fff60470 req-dc6fbd5c-5fb6-4bab-b48e-bb07fff60470 ] Request (SecurityGroupsTestJSON:test_list_security_groups_by_server): 200 GET http://10.180.1.21/compute/v2.1/servers/cce5f0d4-364d-4295-a27d-44ca8585f803 0.661s
2025-02-10 12:20:22.434 62854 INFO tempest.common.waiters [-] State transition "BUILD/networking" ==> "BUILD/spawning" after 57 second wait
2025-02-10 12:20:22.445 62858 INFO tempest.lib.common.rest_client [req-e210208e-3768-4299-883b-f5df65728ba1 req-e210208e-3768-4299-883b-f5df65728ba1 ] Request (AttachVolumeTestJSON:setUpClass): 201 POST http://10.180.1.21:9696/networking/v2.0/networks 0.347s
2025-02-10 12:20:22.482 62820 INFO tempest.lib.common.rest_client [req-31ce63c0-2f43-4b90-9d21-614f00ec23bd req-31ce63c0-2f43-4b90-9d21-614f00ec23bd ] Request (ImagesMetadataTestJSON:setUp): 200 PUT http://10.180.1.21/compute/v2.1/images/c9e857ae-722e-40f6-ac23-e716d6ba6b78/metadata 0.726s
2025-02-10 12:20:22.488 62824 INFO tempest.lib.common.rest_client [req-89dd72d8-5798-482a-aff9-172e3a10aadf req-89dd72d8-5798-482a-aff9-172e3a10aadf ] Request (ServersV294TestFqdnHostnames:setUpClass): 200 GET http://10.180.1.21/compute/v2.1/servers/ae3e55b8-00c1-4dae-9276-f46a1e17b80e 0.656s
2025-02-10 12:20:22.538 62812 INFO tempest.lib.common.rest_client [req-1079ef07-a15d-4656-b194-4fcd269b7c57 req-1079ef07-a15d-4656-b194-4fcd269b7c57 ] Request (ServerMetadataTestJSON:setUpClass): 200 GET http://10.180.1.21/compute/v2.1/servers/566c207c-5506-4410-98ab-aee9fdbc5d6e 0.641s
2025-02-10 12:20:22.576 62848 INFO tempest.lib.common.rest_client [req-322dfc9a-fbd8-4c82-9df5-482acb9f0793 req-322dfc9a-fbd8-4c82-9df5-482acb9f0793 ] Request (ServersTestMultiNic:test_verify_duplicate_network_nics): 201 POST http://10.180.1.21:9696/networking/v2.0/subnets 0.211s
2025-02-10 12:20:22.593 62852 INFO tempest.lib.common.rest_client [req-6f9a0480-b84a-4705-9cd5-d6b1da3f179b req-6f9a0480-b84a-4705-9cd5-d6b1da3f179b ] Request (ServersAdminNegativeTestJSON:test_migrate_server_invalid_state): 202 POST http://10.180.1.21/compute/v2.1/servers/17e1557d-e4cf-45b0-84da-4cbcffe31fb6/action 0.686s
2025-02-10 12:20:22.599 62828 INFO tempest.lib.common.rest_client [req-84ad32fb-0afc-4e2d-adcc-c8afe19fcef9 req-84ad32fb-0afc-4e2d-adcc-c8afe19fcef9 ] Request (AttachInterfacesUnderV243Test:test_add_remove_fixed_ip): 200 GET http://10.180.1.21/compute/v2.1/servers/d266aff3-42b4-4dcb-b8ca-7c13cdf8d314 0.640s
2025-02-10 12:20:22.677 62814 INFO tempest.lib.common.rest_client [req-9a00181a-4917-4e27-9dbc-8379f730729d req-9a00181a-4917-4e27-9dbc-8379f730729d ] Request (DeleteServersAdminTestJSON:test_delete_server_while_in_error_state): 200 GET http://10.180.1.21/compute/v2.1/servers/87a90c88-6e0a-4051-8978-b2f9c5a876ca 0.520s
2025-02-10 12:20:22.717 62848 INFO tempest.lib.common.rest_client [req-df7593c9-dcc9-4461-8ce1-15138c114287 req-df7593c9-dcc9-4461-8ce1-15138c114287 ] Request (ServersTestMultiNic:test_verify_duplicate_network_nics): 201 POST http://10.180.1.21:9696/networking/v2.0/networks 0.141s
2025-02-10 12:20:22.728 62858 INFO tempest.lib.common.rest_client [req-cd13648f-0c02-4389-abcb-06c9efbeda48 req-cd13648f-0c02-4389-abcb-06c9efbeda48 ] Request (AttachVolumeTestJSON:setUpClass): 201 POST http://10.180.1.21:9696/networking/v2.0/subnets 0.282s
2025-02-10 12:20:22.748 62830 INFO tempest.lib.common.rest_client [req-083d2d5a-8000-48a0-8d01-8315f6e164a5 req-083d2d5a-8000-48a0-8d01-8315f6e164a5 ] Request (ListServerFiltersTestJSON:setUpClass): 200 GET http://10.180.1.21/compute/v2.1/servers/d6935c9b-e4cc-47ed-96d5-e485d60382d6 0.532s
2025-02-10 12:20:22.764 62850 INFO tempest.lib.common.rest_client [req-a54c1563-5ee1-43b4-ad46-83092df5536d req-a54c1563-5ee1-43b4-ad46-83092df5536d ] Request (MigrationsAdminTest:test_list_migrations_in_flavor_resize_situation): 200 GET http://10.180.1.21/compute/v2.1/servers/879354d3-7423-41e2-93f6-0d8d3a120170 0.646s
2025-02-10 12:20:22.829 62842 INFO tempest.lib.common.rest_client [req-b01b6a89-3758-4194-b4ba-fa45717b34c9 req-b01b6a89-3758-4194-b4ba-fa45717b34c9 ] Request (ServerRescueNegativeTestJSON:setUpClass): 200 GET http://10.180.1.21/compute/v2.1/servers/cd69a052-369b-4809-baf0-a1aec44f4ab5 0.548s
2025-02-10 12:20:22.898 62804 INFO tempest.lib.common.rest_client [req-d2abc865-125a-48ad-8fe8-dab865b74ccb req-d2abc865-125a-48ad-8fe8-dab865b74ccb ] Request (ImagesNegativeTestJSON:test_create_image_from_deleted_server): 200 GET http://10.180.1.21/compute/v2.1/servers/8461f823-e48a-42f0-8863-44177565b82d 0.566s
2025-02-10 12:20:22.920 62836 INFO tempest.lib.common.rest_client [req-ed24ecd2-fe9c-4b53-b283-8820c5366cbf req-ed24ecd2-fe9c-4b53-b283-8820c5366cbf ] Request (ServersAdmin275Test:tearDownClass): 404 GET http://10.180.1.21/compute/v2.1/servers/9a098809-cc26-4210-b09e-b7825c406294 0.512s
2025-02-10 12:20:22.986 62818 INFO tempest.lib.common.rest_client [req-d1138da8-f7b7-4c68-9b9c-d51af53669e0 req-d1138da8-f7b7-4c68-9b9c-d51af53669e0 ] Request (ServersTestJSON:test_create_server_specify_multibyte_character_name): 200 GET http://10.180.1.21/compute/v2.1/servers/ebca687d-4de7-4fd6-99fb-b4f0154abe9c 0.560s
2025-02-10 12:20:23.016 62836 INFO tempest.lib.common.rest_client [req-db3d80cd-d2cf-4285-9535-167a3a8a37f3 req-db3d80cd-d2cf-4285-9535-167a3a8a37f3 ] Request (ServersAdmin275Test:tearDownClass): 204 DELETE http://10.180.1.21/identity/v3/users/2f9944bcdaa94f6aa7877d2401a9252c 0.095s
2025-02-10 12:20:23.065 62806 INFO tempest.lib.common.rest_client [req-1dc8c3a0-c2ca-4773-81bd-b1a39b15ea68 req-1dc8c3a0-c2ca-4773-81bd-b1a39b15ea68 ] Request (AttachInterfacesV270Test:test_create_get_list_interfaces): 200 GET http://10.180.1.21/compute/v2.1/servers/194c1dd8-3b0a-4c29-9779-65f1534121d1 0.588s
2025-02-10 12:20:23.101 62848 INFO tempest.lib.common.rest_client [req-42f1979f-2b89-44e7-bd3e-2ef8950a43fd req-42f1979f-2b89-44e7-bd3e-2ef8950a43fd ] Request (ServersTestMultiNic:test_verify_duplicate_network_nics): 201 POST http://10.180.1.21:9696/networking/v2.0/subnets 0.383s
2025-02-10 12:20:23.113 62844 INFO tempest.lib.common.rest_client [req-80fbb6c8-75ba-4814-a05a-96b22821b52a req-80fbb6c8-75ba-4814-a05a-96b22821b52a ] Request (FloatingIPsAssociationNegativeTestJSON:test_associate_ip_to_server_with_floating_ip): 400 POST http://10.180.1.21/compute/v2.1/servers/253a2903-2601-4f0a-8882-e7510406f9d5/action 0.835s
2025-02-10 12:20:23.123 62836 INFO tempest.lib.common.rest_client [req-e6fe6632-37bc-4d85-9a10-c65bbac05cf9 req-e6fe6632-37bc-4d85-9a10-c65bbac05cf9 ] Request (ServersAdmin275Test:tearDownClass): 204 DELETE http://10.180.1.21/identity/v3/users/66bc5147d37e4a00b4b9572edb999138 0.106s
2025-02-10 12:20:23.123 62836 INFO tempest.lib.common.dynamic_creds [-] Deleting project and security group for project: 6a1701c3651546a7b5a39bcf8f06cff2
2025-02-10 12:20:23.189 62848 INFO tempest.lib.common.rest_client [req-b40d1409-97c2-4ce7-8893-cc508acd8857 req-b40d1409-97c2-4ce7-8893-cc508acd8857 ] Request (ServersTestMultiNic:test_verify_duplicate_network_nics): 201 POST http://10.180.1.21/identity/v3/auth/tokens 0.084s
2025-02-10 12:20:23.190 62848 INFO tempest.lib.common.fixed_network [-] (ServersTestMultiNic:test_verify_duplicate_network_nics) Found network {'id': '1c0ae758-159d-4ec9-8b32-7a3ab41849f4', 'name': 'tempest-ServersTestMultiNic-1905959032-network', 'tenant_id': '3ca7e42d226a4ef6b48b882356da8950', 'admin_state_up': True, 'mtu': 8950, 'status': 'ACTIVE', 'subnets': [], 'shared': False, 'project_id': '3ca7e42d226a4ef6b48b882356da8950', 'port_security_enabled': True, 'router:external': False, 'provider:network_type': 'vlan', 'provider:physical_network': 'default', 'provider:segmentation_id': 311, 'availability_zone_hints': [], 'availability_zones': [], 'ipv4_address_scope': None, 'ipv6_address_scope': None, 'description': '', 'tags': [], 'created_at': '2025-02-10T12:20:19Z', 'updated_at': '2025-02-10T12:20:19Z', 'revision_number': 1} available for tenant
2025-02-10 12:20:23.193 62808 INFO tempest.lib.common.rest_client [req-4191f06f-d911-4e78-b9ae-179fcf15ea1c req-4191f06f-d911-4e78-b9ae-179fcf15ea1c ] Request (FloatingIPsAssociationTestJSON:setUpClass): 200 GET http://10.180.1.21/compute/v2.1/servers/c1fd078c-61d4-4c0f-8c49-0f56a926a087 0.689s
2025-02-10 12:20:23.220 62836 INFO tempest.lib.common.rest_client [req-66e7fdb9-156f-4648-8b9d-d5dde2f842d7 req-66e7fdb9-156f-4648-8b9d-d5dde2f842d7 ] Request (ServersAdmin275Test:tearDownClass): 201 POST http://10.180.1.21/identity/v3/auth/tokens 0.097s
2025-02-10 12:20:23.259 62816 INFO tempest.lib.common.rest_client [req-6bfa9a96-493d-4314-9690-058dd9353b54 req-6bfa9a96-493d-4314-9690-058dd9353b54 ] Request (ImagesTestJSON:test_create_image_from_stopped_server): 200 GET http://10.180.1.21/compute/v2.1/servers/ee1c638b-1f38-4e21-9369-4d4ff2e13d46 0.725s
2025-02-10 12:20:23.324 62802 INFO tempest.lib.common.rest_client [req-ab2deb14-504c-4441-bc0f-38ed39f9ac7a req-ab2deb14-504c-4441-bc0f-38ed39f9ac7a ] Request (ServerShowV254Test:test_rebuild_server): 200 GET http://10.180.1.21/compute/v2.1/servers/63a7f41d-13cc-420a-96d3-a3f102869137 0.765s
2025-02-10 12:20:23.339 62820 INFO tempest.lib.common.rest_client [req-e8419676-1e88-4f0f-944c-315fd9db5317 req-e8419676-1e88-4f0f-944c-315fd9db5317 ] Request (ImagesMetadataTestJSON:test_update_image_metadata): 200 POST http://10.180.1.21/compute/v2.1/images/c9e857ae-722e-40f6-ac23-e716d6ba6b78/metadata 0.856s
2025-02-10 12:20:23.423 62800 INFO tempest.lib.common.rest_client [req-ca33c963-0787-4f49-87a9-4f7942f38d64 req-ca33c963-0787-4f49-87a9-4f7942f38d64 ] Request (MultipleCreateTestJSON:_run_cleanups): 200 GET http://10.180.1.21/compute/v2.1/servers/6d8b5429-113b-4280-9851-bf6614dde4a7 0.824s
2025-02-10 12:20:23.481 62836 INFO tempest.lib.common.rest_client [req-7631e36b-032c-436a-b6a5-8852457c3f67 req-7631e36b-032c-436a-b6a5-8852457c3f67 ] Request (ServersAdmin275Test:tearDownClass): 200 GET http://10.180.1.21:9696/networking/v2.0/security-groups?tenant_id=6a1701c3651546a7b5a39bcf8f06cff2&name=default 0.260s
2025-02-10 12:20:23.497 62832 INFO tempest.lib.common.rest_client [req-56e8b9fa-b13d-466d-971e-fabefc8ecbd5 req-56e8b9fa-b13d-466d-971e-fabefc8ecbd5 ] Request (ServerAddressesNegativeTestJSON:tearDownClass): 200 GET http://10.180.1.21/compute/v2.1/servers/4de70165-c28f-44b7-a01a-caa0787170b8 0.877s
2025-02-10 12:20:23.552 62846 INFO tempest.lib.common.rest_client [req-a6f15b44-ca37-4ee5-8afb-7eb0019e5fc6 req-a6f15b44-ca37-4ee5-8afb-7eb0019e5fc6 ] Request (ImagesOneServerNegativeTestJSON:_run_cleanups): 200 GET http://10.180.1.21/compute/v2.1/servers/d68b472d-2139-4e2d-bb28-7e45d80904cb 0.878s
2025-02-10 12:20:23.603 62852 INFO tempest.lib.common.rest_client [req-81a0d03a-f57b-414a-8ab3-250524b5a20e req-81a0d03a-f57b-414a-8ab3-250524b5a20e ] Request (ServersAdminNegativeTestJSON:test_migrate_server_invalid_state): 200 GET http://10.180.1.21/compute/v2.1/servers/17e1557d-e4cf-45b0-84da-4cbcffe31fb6 1.010s
2025-02-10 12:20:23.609 62822 INFO tempest.lib.common.rest_client [req-59cbe482-c169-4d4d-a409-332199fa9372 req-59cbe482-c169-4d4d-a409-332199fa9372 ] Request (ServerDiskConfigTestJSON:test_rebuild_server_with_auto_disk_config): 200 GET http://10.180.1.21/compute/v2.1/servers/713dd924-1c96-496a-bd06-cf0235dd6f75 0.930s
2025-02-10 12:20:23.634 62836 INFO tempest.lib.common.rest_client [req-95aa551e-0628-4d36-8a1b-8d05b18b4107 req-95aa551e-0628-4d36-8a1b-8d05b18b4107 ] Request (ServersAdmin275Test:tearDownClass): 204 DELETE http://10.180.1.21:9696/networking/v2.0/security-groups/c036d5ea-eb05-4c91-9150-63cb67ced064 0.152s
2025-02-10 12:20:23.665 62840 INFO tempest.lib.common.rest_client [req-6e075f26-3c0e-4245-8ada-c1291d8374e9 req-6e075f26-3c0e-4245-8ada-c1291d8374e9 ] Request (VolumesAdminNegativeTest:test_update_attached_volume_with_nonexistent_volume_in_body): 200 GET http://10.180.1.21/compute/v2.1/servers/e813e7da-fd2c-4f10-b2f3-1e2b5c153a19 0.942s
2025-02-10 12:20:23.673 62858 INFO tempest.lib.common.rest_client [req-bc2a5d00-fdce-4b0b-b335-7f4ed6b5e1fe req-bc2a5d00-fdce-4b0b-b335-7f4ed6b5e1fe ] Request (AttachVolumeTestJSON:setUpClass): 201 POST http://10.180.1.21:9696/networking/v2.0/routers 0.944s
2025-02-10 12:20:23.675 62840 INFO tempest.common.waiters [-] State transition "BUILD/scheduling" ==> "BUILD/None" after 42 second wait
2025-02-10 12:20:23.680 62834 INFO tempest.lib.common.rest_client [req-ff8564fd-6c68-4020-8e8a-5b4a4fbacea4 req-ff8564fd-6c68-4020-8e8a-5b4a4fbacea4 ] Request (ServerShowV257Test:tearDownClass): 200 GET http://10.180.1.21/compute/v2.1/servers/c73686c6-4dd8-4f00-a65a-5d8574409ad1 0.700s
2025-02-10 12:20:23.705 62836 INFO tempest.lib.common.rest_client [req-68f8b478-91ba-42f9-a32e-246020fe317c req-68f8b478-91ba-42f9-a32e-246020fe317c ] Request (ServersAdmin275Test:tearDownClass): 204 DELETE http://10.180.1.21/identity/v3/projects/6a1701c3651546a7b5a39bcf8f06cff2 0.071s
2025-02-10 12:20:23.705 62836 INFO tempest.lib.common.dynamic_creds [-] Deleting project and security group for project: aaeffd1b936048d1815931197bbf5971
2025-02-10 12:20:23.888 62836 INFO tempest.lib.common.rest_client [req-cf440f6a-e6bd-4ad0-8994-9c831545bff9 req-cf440f6a-e6bd-4ad0-8994-9c831545bff9 ] Request (ServersAdmin275Test:tearDownClass): 200 GET http://10.180.1.21:9696/networking/v2.0/security-groups?tenant_id=aaeffd1b936048d1815931197bbf5971&name=default 0.182s
2025-02-10 12:20:24.122 62844 INFO tempest.lib.common.rest_client [req-174aa660-303b-48fd-b429-2ebe7d04266e req-174aa660-303b-48fd-b429-2ebe7d04266e ] Request (FloatingIPsAssociationNegativeTestJSON:_run_cleanups): 202 DELETE http://10.180.1.21/compute/v2.1/os-floating-ips/0ad032bc-498b-4b65-b30e-ac958b2a57b9 1.008s
2025-02-10 12:20:24.190 62836 INFO tempest.lib.common.rest_client [req-ef2b219e-653f-4936-a954-c46dad1fe839 req-ef2b219e-653f-4936-a954-c46dad1fe839 ] Request (ServersAdmin275Test:tearDownClass): 204 DELETE http://10.180.1.21:9696/networking/v2.0/security-groups/01321d4e-eec6-472a-bcf1-091e3b5adfe9 0.302s
2025-02-10 12:20:24.210 62838 INFO tempest.lib.common.rest_client [req-fff60748-7720-41b8-82f0-f1dd5e2183a9 req-fff60748-7720-41b8-82f0-f1dd5e2183a9 ] Request (TenantUsagesTestJSON:setUpClass): 200 GET http://10.180.1.21/compute/v2.1/servers/5b69254a-b34b-48ff-a96c-d8573c9abf3b 0.934s
2025-02-10 12:20:24.243 62820 INFO tempest.lib.common.rest_client [req-dbf90da8-94f4-4f09-8fa6-941037c49f2a req-dbf90da8-94f4-4f09-8fa6-941037c49f2a ] Request (ImagesMetadataTestJSON:test_update_image_metadata): 200 GET http://10.180.1.21/compute/v2.1/images/c9e857ae-722e-40f6-ac23-e716d6ba6b78/metadata 0.903s
2025-02-10 12:20:24.311 62820 INFO tempest.lib.common.rest_client [req-58431694-cb44-4fd2-a4a5-cbd2400de9bb req-58431694-cb44-4fd2-a4a5-cbd2400de9bb ] Request (ImagesMetadataTestJSON:tearDownClass): 204 DELETE http://10.180.1.21/image/v2/images/c9e857ae-722e-40f6-ac23-e716d6ba6b78 0.066s
2025-02-10 12:20:24.320 62836 INFO tempest.lib.common.rest_client [req-129a740f-5d02-4dd0-a9b5-9bceac6a8f05 req-129a740f-5d02-4dd0-a9b5-9bceac6a8f05 ] Request (ServersAdmin275Test:tearDownClass): 204 DELETE http://10.180.1.21/identity/v3/projects/aaeffd1b936048d1815931197bbf5971 0.129s
2025-02-10 12:20:24.351 62848 INFO tempest.lib.common.rest_client [req-d393943e-8214-4f4e-a5a1-c323d71483e1 req-d393943e-8214-4f4e-a5a1-c323d71483e1 ] Request (ServersTestMultiNic:test_verify_duplicate_network_nics): 202 POST http://10.180.1.21/compute/v2.1/servers 1.160s
2025-02-10 12:20:24.406 62836 INFO tempest.lib.common.rest_client [req-b71512b2-b7d2-48eb-9239-7e0c4d24ab42 req-b71512b2-b7d2-48eb-9239-7e0c4d24ab42 ] Request (FlavorsV2TestJSON:setUpClass): 201 POST http://10.180.1.21/identity/v3/auth/tokens 0.084s
2025-02-10 12:20:24.422 62820 INFO tempest.lib.common.rest_client [req-235bbbdc-4e62-4a46-9d52-036bd1564531 req-235bbbdc-4e62-4a46-9d52-036bd1564531 ] Request (ImagesMetadataTestJSON:tearDownClass): 204 DELETE http://10.180.1.21/identity/v3/users/269c3cfda41945beaee72a22d451f832 0.110s
2025-02-10 12:20:24.422 62820 INFO tempest.lib.common.dynamic_creds [-] Deleting project and security group for project: a2a9997d3f544965bdb8bb0ebab36576
2025-02-10 12:20:24.427 62854 INFO tempest.lib.common.rest_client [req-c51a9936-554e-4755-84be-ac93cbdc0bae req-c51a9936-554e-4755-84be-ac93cbdc0bae ] Request (SecurityGroupsTestJSON:test_list_security_groups_by_server): 200 GET http://10.180.1.21/compute/v2.1/servers/cce5f0d4-364d-4295-a27d-44ca8585f803 0.992s
2025-02-10 12:20:24.450 62824 INFO tempest.lib.common.rest_client [req-86bd3743-3e81-444c-a0d5-52fc5cc3ce9c req-86bd3743-3e81-444c-a0d5-52fc5cc3ce9c ] Request (ServersV294TestFqdnHostnames:setUpClass): 200 GET http://10.180.1.21/compute/v2.1/servers/ae3e55b8-00c1-4dae-9276-f46a1e17b80e 0.949s
2025-02-10 12:20:24.486 62820 INFO tempest.lib.common.rest_client [req-53aa5a87-4645-4153-bd17-9d6973733a32 req-53aa5a87-4645-4153-bd17-9d6973733a32 ] Request (ImagesMetadataTestJSON:tearDownClass): 201 POST http://10.180.1.21/identity/v3/auth/tokens 0.064s
2025-02-10 12:20:24.492 62836 INFO tempest.lib.common.rest_client [req-e235ace2-0df4-45bb-9f6b-3e7b808c7937 req-e235ace2-0df4-45bb-9f6b-3e7b808c7937 ] Request (FlavorsV2TestJSON:setUpClass): 201 POST http://10.180.1.21/identity/v3/auth/tokens 0.082s
2025-02-10 12:20:24.519 62812 INFO tempest.lib.common.rest_client [req-6163c48f-df35-4184-b2c4-8925e376c535 req-6163c48f-df35-4184-b2c4-8925e376c535 ] Request (ServerMetadataTestJSON:setUpClass): 200 GET http://10.180.1.21/compute/v2.1/servers/566c207c-5506-4410-98ab-aee9fdbc5d6e 0.973s
2025-02-10 12:20:24.519 62836 INFO tempest.lib.common.rest_client [req-e2666d7f-309f-4187-91c0-d03dfd1d1e38 req-e2666d7f-309f-4187-91c0-d03dfd1d1e38 ] Request (FlavorsV2TestJSON:setUpClass): 200 GET http://10.180.1.21/identity/v3/domains?name=Default 0.027s
2025-02-10 12:20:24.530 62828 INFO tempest.lib.common.rest_client [req-e9dc1ab0-ed27-47b4-9bfb-7c551fffb396 req-e9dc1ab0-ed27-47b4-9bfb-7c551fffb396 ] Request (AttachInterfacesUnderV243Test:test_add_remove_fixed_ip): 200 GET http://10.180.1.21/compute/v2.1/servers/d266aff3-42b4-4dcb-b8ca-7c13cdf8d314 0.919s
2025-02-10 12:20:24.554 62836 INFO tempest.lib.common.rest_client [req-c314d737-b3c3-40ce-b062-d0d98e9cce5f req-c314d737-b3c3-40ce-b062-d0d98e9cce5f ] Request (FlavorsV2TestJSON:setUpClass): 201 POST http://10.180.1.21/identity/v3/projects 0.033s
2025-02-10 12:20:24.591 62814 INFO tempest.lib.common.rest_client [req-29a37c92-5110-4781-ab3b-4189431cd6d5 req-29a37c92-5110-4781-ab3b-4189431cd6d5 ] Request (DeleteServersAdminTestJSON:test_delete_server_while_in_error_state): 200 GET http://10.180.1.21/compute/v2.1/servers/87a90c88-6e0a-4051-8978-b2f9c5a876ca 0.904s
2025-02-10 12:20:24.601 62830 INFO tempest.lib.common.rest_client [req-c8598d4a-9555-4860-9e7b-4d740f34262d req-c8598d4a-9555-4860-9e7b-4d740f34262d ] Request (ListServerFiltersTestJSON:setUpClass): 200 GET http://10.180.1.21/compute/v2.1/servers/d6935c9b-e4cc-47ed-96d5-e485d60382d6 0.845s
2025-02-10 12:20:24.611 62836 INFO tempest.lib.common.rest_client [req-4602d6ed-e8e1-4835-882c-8469ab90e0f2 req-4602d6ed-e8e1-4835-882c-8469ab90e0f2 ] Request (FlavorsV2TestJSON:setUpClass): 201 POST http://10.180.1.21/identity/v3/users 0.056s
2025-02-10 12:20:24.644 62836 INFO tempest.lib.common.rest_client [req-5999c630-2c54-42df-a9b3-e39337cffb5d req-5999c630-2c54-42df-a9b3-e39337cffb5d ] Request (FlavorsV2TestJSON:setUpClass): 200 GET http://10.180.1.21/identity/v3/roles 0.033s
2025-02-10 12:20:24.666 62842 INFO tempest.lib.common.rest_client [req-91fa28ea-d933-49e3-bf23-306b291cb83f req-91fa28ea-d933-49e3-bf23-306b291cb83f ] Request (ServerRescueNegativeTestJSON:setUpClass): 200 GET http://10.180.1.21/compute/v2.1/servers/cd69a052-369b-4809-baf0-a1aec44f4ab5 0.828s
2025-02-10 12:20:24.676 62836 INFO tempest.lib.common.rest_client [req-02461a0c-8255-4c6b-bfd2-b135b0e461c1 req-02461a0c-8255-4c6b-bfd2-b135b0e461c1 ] Request (FlavorsV2TestJSON:setUpClass): 204 PUT http://10.180.1.21/identity/v3/projects/d59c63f3245343e7b7891eccab371ffa/users/dcb613c33f814469b2407e1d4ba7d9e2/roles/b19bf4b6d3a3448b95ac3b4a35a03e98 0.031s
2025-02-10 12:20:24.676 62836 INFO tempest.lib.common.dynamic_creds [-] Dynamic test user dcb613c33f814469b2407e1d4ba7d9e2 is created with scope project and roles: ['member']
2025-02-10 12:20:24.676 62836 INFO tempest.lib.common.dynamic_creds [-] Acquired dynamic creds: credentials: Credentials: {'domain_id': 'default', 'domain_name': 'Default', 'username': 'tempest-FlavorsV2TestJSON-454753887-project-member', 'project_domain_id': 'default', 'project_domain_name': 'Default', 'project_id': 'd59c63f3245343e7b7891eccab371ffa', 'project_name': 'tempest-FlavorsV2TestJSON-454753887', 'tenant_id': 'd59c63f3245343e7b7891eccab371ffa', 'tenant_name': 'tempest-FlavorsV2TestJSON-454753887', 'user_domain_id': 'default', 'user_domain_name': 'Default', 'user_id': 'dcb613c33f814469b2407e1d4ba7d9e2', 'system': None}, Network: None, Subnet: None, Router: None
2025-02-10 12:20:24.676 62836 INFO tempest.lib.common.dynamic_creds [-] Created isolated network resources for: credentials: Credentials: {'domain_id': 'default', 'domain_name': 'Default', 'username': 'tempest-FlavorsV2TestJSON-454753887-project-member', 'project_domain_id': 'default', 'project_domain_name': 'Default', 'project_id': 'd59c63f3245343e7b7891eccab371ffa', 'project_name': 'tempest-FlavorsV2TestJSON-454753887', 'tenant_id': 'd59c63f3245343e7b7891eccab371ffa', 'tenant_name': 'tempest-FlavorsV2TestJSON-454753887', 'user_domain_id': 'default', 'user_domain_name': 'Default', 'user_id': 'dcb613c33f814469b2407e1d4ba7d9e2', 'system': None}, Network: None, Subnet: None, Router: None
2025-02-10 12:20:24.713 62804 INFO tempest.lib.common.rest_client [req-90c89ccc-ec38-48c4-aeaa-b71b4de5aee4 req-90c89ccc-ec38-48c4-aeaa-b71b4de5aee4 ] Request (ImagesNegativeTestJSON:test_create_image_from_deleted_server): 200 GET http://10.180.1.21/compute/v2.1/servers/8461f823-e48a-42f0-8863-44177565b82d 0.807s
2025-02-10 12:20:24.722 62850 INFO tempest.lib.common.rest_client [req-4f35b557-f695-4ca7-90a1-3dcbee6acdc8 req-4f35b557-f695-4ca7-90a1-3dcbee6acdc8 ] Request (MigrationsAdminTest:test_list_migrations_in_flavor_resize_situation): 200 GET http://10.180.1.21/compute/v2.1/servers/879354d3-7423-41e2-93f6-0d8d3a120170 0.947s
2025-02-10 12:20:24.724 62820 INFO tempest.lib.common.rest_client [req-c2d1c65f-00be-48b0-ae2d-41b643f37f5b req-c2d1c65f-00be-48b0-ae2d-41b643f37f5b ] Request (ImagesMetadataTestJSON:tearDownClass): 200 GET http://10.180.1.21:9696/networking/v2.0/security-groups?tenant_id=a2a9997d3f544965bdb8bb0ebab36576&name=default 0.237s
2025-02-10 12:20:24.759 62836 INFO tempest.lib.common.rest_client [req-b49f7c78-a3e0-427a-9b1e-8bf0b6784a02 req-b49f7c78-a3e0-427a-9b1e-8bf0b6784a02 ] Request (FlavorsV2TestJSON:setUpClass): 201 POST http://10.180.1.21/identity/v3/auth/tokens 0.079s
2025-02-10 12:20:24.780 62818 INFO tempest.lib.common.rest_client [req-452ba8a0-8b48-40d0-a0aa-3e1c09ca9f04 req-452ba8a0-8b48-40d0-a0aa-3e1c09ca9f04 ] Request (ServersTestJSON:test_create_server_specify_multibyte_character_name): 200 GET http://10.180.1.21/compute/v2.1/servers/ebca687d-4de7-4fd6-99fb-b4f0154abe9c 0.785s
2025-02-10 12:20:24.788 62806 INFO tempest.lib.common.rest_client [req-fe31e424-83f0-4e0b-bc6c-d5415aaf7f5a req-fe31e424-83f0-4e0b-bc6c-d5415aaf7f5a ] Request (AttachInterfacesV270Test:test_create_get_list_interfaces): 200 GET http://10.180.1.21/compute/v2.1/servers/194c1dd8-3b0a-4c29-9779-65f1534121d1 0.706s
2025-02-10 12:20:24.839 62808 INFO tempest.lib.common.rest_client [req-ac69eed5-5e0c-42c7-a9e0-e9a4a5c585a8 req-ac69eed5-5e0c-42c7-a9e0-e9a4a5c585a8 ] Request (FloatingIPsAssociationTestJSON:setUpClass): 200 GET http://10.180.1.21/compute/v2.1/servers/c1fd078c-61d4-4c0f-8c49-0f56a926a087 0.634s
2025-02-10 12:20:24.849 62820 INFO tempest.lib.common.rest_client [req-10f5a0e8-981e-43d5-8307-234e6e9c3a03 req-10f5a0e8-981e-43d5-8307-234e6e9c3a03 ] Request (ImagesMetadataTestJSON:tearDownClass): 204 DELETE http://10.180.1.21:9696/networking/v2.0/security-groups/f8b50966-5a97-44ab-9d14-d8f8359be2cd 0.125s
2025-02-10 12:20:24.908 62816 INFO tempest.lib.common.rest_client [req-f0177cd5-dca5-45a6-812c-0fe0484eed03 req-f0177cd5-dca5-45a6-812c-0fe0484eed03 ] Request (ImagesTestJSON:test_create_image_from_stopped_server): 200 GET http://10.180.1.21/compute/v2.1/servers/ee1c638b-1f38-4e21-9369-4d4ff2e13d46 0.639s
2025-02-10 12:20:24.959 62820 INFO tempest.lib.common.rest_client [req-ab688f29-0d23-4e7e-a0c8-6145a56597ea req-ab688f29-0d23-4e7e-a0c8-6145a56597ea ] Request (ImagesMetadataTestJSON:tearDownClass): 204 DELETE http://10.180.1.21/identity/v3/projects/a2a9997d3f544965bdb8bb0ebab36576 0.110s
2025-02-10 12:20:24.973 62802 INFO tempest.lib.common.rest_client [req-78a786ba-9e71-4ebe-8974-0e44b2283b32 req-78a786ba-9e71-4ebe-8974-0e44b2283b32 ] Request (ServerShowV254Test:test_rebuild_server): 200 GET http://10.180.1.21/compute/v2.1/servers/63a7f41d-13cc-420a-96d3-a3f102869137 0.638s
2025-02-10 12:20:25.006 62858 INFO tempest.lib.common.rest_client [req-11726a4c-eccd-4233-b0fe-510fda9ab862 req-11726a4c-eccd-4233-b0fe-510fda9ab862 ] Request (AttachVolumeTestJSON:setUpClass): 200 PUT http://10.180.1.21:9696/networking/v2.0/routers/671c9ce0-abae-4e71-aa5c-86b378fb84bf/add_router_interface 1.332s
