2025-02-10 12:21:31.852 62806 INFO tempest.lib.common.rest_client [req-6e92c579-2ca8-4956-a242-17733bf7877b req-6e92c579-2ca8-4956-a242-17733bf7877b ] Request (AttachInterfacesV270Test:tearDownClass): 204 DELETE http://10.180.1.21:9696/networking/v2.0/routers/9b453564-b314-4fd3-82bb-7788363ce7c3 0.374s
2025-02-10 12:21:31.963 62806 INFO tempest.lib.common.rest_client [req-0077e475-9a69-4074-8900-5f8f16fecfef req-0077e475-9a69-4074-8900-5f8f16fecfef ] Request (AttachInterfacesV270Test:tearDownClass): 204 DELETE http://10.180.1.21:9696/networking/v2.0/subnets/b38b1971-b2ca-4b2a-ac65-2fe72a90ba02 0.111s
2025-02-10 12:21:32.159 62830 INFO tempest.lib.common.rest_client [req-d8433b79-bb28-4771-a7f0-323419baac8f req-d8433b79-bb28-4771-a7f0-323419baac8f ] Request (ListServerFiltersTestJSON:test_list_servers_detailed_filter_by_flavor): 200 GET http://10.180.1.21/compute/v2.1/servers/detail?flavor=84 0.586s
2025-02-10 12:21:32.214 62806 INFO tempest.lib.common.rest_client [req-3b0a9dac-8821-4b49-bc35-db617bdc1ce5 req-3b0a9dac-8821-4b49-bc35-db617bdc1ce5 ] Request (AttachInterfacesV270Test:tearDownClass): 204 DELETE http://10.180.1.21:9696/networking/v2.0/networks/00774907-e17b-4b92-a84f-d66005fed67a 0.250s
2025-02-10 12:21:32.251 62858 INFO tempest.lib.common.rest_client [req-b2a7a551-54c7-42f8-9468-f0e41be1f588 req-b2a7a551-54c7-42f8-9468-f0e41be1f588 ] Request (AttachVolumeTestJSON:test_attach_detach_volume): 200 GET http://10.180.1.21/compute/v2.1/servers/3c4c395c-0625-4569-990d-e2d4ad162c14 0.572s
2025-02-10 12:21:32.354 62850 INFO tempest.lib.common.rest_client [req-2e14c64f-bd29-4ebb-8406-65da84121c38 req-2e14c64f-bd29-4ebb-8406-65da84121c38 ] Request (MigrationsAdminTest:test_list_migrations_in_flavor_resize_situation): 200 GET http://10.180.1.21/compute/v2.1/servers/879354d3-7423-41e2-93f6-0d8d3a120170 0.743s
2025-02-10 12:21:32.364 62806 INFO tempest.lib.common.rest_client [req-952752f2-a515-47f0-8956-3da204d5ea2c req-952752f2-a515-47f0-8956-3da204d5ea2c ] Request (AttachInterfacesV270Test:tearDownClass): 204 DELETE http://10.180.1.21/identity/v3/users/117741ff219249b5b5861807cd4d0326 0.150s
2025-02-10 12:21:32.365 62806 INFO tempest.lib.common.dynamic_creds [-] Deleting project and security group for project: faaea538586e4b93a78e5188cb096769
2025-02-10 12:21:32.394 62806 INFO tempest.lib.common.rest_client [req-a973ae2c-c70d-45ee-9683-715a28d324eb req-a973ae2c-c70d-45ee-9683-715a28d324eb ] Request (AttachInterfacesV270Test:tearDownClass): 200 GET http://10.180.1.21:9696/networking/v2.0/security-groups?tenant_id=faaea538586e4b93a78e5188cb096769&name=default 0.029s
2025-02-10 12:21:32.433 62848 INFO tempest.lib.common.rest_client [req-691cb0af-6baa-4dd0-97e9-612a0c6ad79e req-691cb0af-6baa-4dd0-97e9-612a0c6ad79e ] Request (ServersTestMultiNic:test_verify_duplicate_network_nics): 200 GET http://10.180.1.21/compute/v2.1/servers/a185273e-cdaf-4967-832b-f75014b7b3f4 0.687s
2025-02-10 12:21:32.471 62810 INFO tempest.lib.common.rest_client [req-d5d597b5-a4f0-427e-b7f2-c8d85e5029e3 req-d5d597b5-a4f0-427e-b7f2-c8d85e5029e3 ] Request (VolumesAssistedSnapshotsTest:tearDownClass): 200 GET http://10.180.1.21/compute/v2.1/servers/bf2ccaeb-610a-437b-be94-d3caefbe15c5 0.755s
2025-02-10 12:21:32.493 62806 INFO tempest.lib.common.rest_client [req-5a9a0aa6-ea7e-4684-84e3-02f983b42b0d req-5a9a0aa6-ea7e-4684-84e3-02f983b42b0d ] Request (AttachInterfacesV270Test:tearDownClass): 204 DELETE http://10.180.1.21:9696/networking/v2.0/security-groups/60e59c87-c471-4fc8-9533-b3f577e44bd6 0.098s
2025-02-10 12:21:32.507 62842 INFO tempest.lib.common.rest_client [req-38a83be9-7cec-47de-9cfb-e08a1b775fb5 req-38a83be9-7cec-47de-9cfb-e08a1b775fb5 ] Request (ServerRescueNegativeTestJSON:test_rescued_vm_detach_volume): 200 GET http://10.180.1.21/compute/v2.1/servers/bf44e269-0297-473e-b6ce-04a40d0ec1b4 0.703s
2025-02-10 12:21:32.569 62818 INFO tempest.lib.common.rest_client [req-391e5171-2ca8-4988-993e-e1d8644cfe4d req-391e5171-2ca8-4988-993e-e1d8644cfe4d ] Request (ServersTestJSON:test_create_server_with_ipv6_addr_only): 200 GET http://10.180.1.21/compute/v2.1/servers/ed7220fa-fee9-4715-acbb-236682c6729e 0.704s
2025-02-10 12:21:32.615 62806 INFO tempest.lib.common.rest_client [req-13282837-8d8b-4c66-8a46-cfd0c9dc54f7 req-13282837-8d8b-4c66-8a46-cfd0c9dc54f7 ] Request (AttachInterfacesV270Test:tearDownClass): 204 DELETE http://10.180.1.21/identity/v3/projects/faaea538586e4b93a78e5188cb096769 0.122s
2025-02-10 12:21:32.637 62846 INFO tempest.lib.common.rest_client [req-18fb4897-d88d-4250-b65f-d518cdbf1dbd req-18fb4897-d88d-4250-b65f-d518cdbf1dbd ] Request (ImagesOneServerNegativeTestJSON:_run_cleanups): 200 GET http://10.180.1.21/compute/v2.1/servers/d68b472d-2139-4e2d-bb28-7e45d80904cb 0.769s
2025-02-10 12:21:32.691 62806 INFO tempest.lib.common.rest_client [req-1b324811-dbd4-4bc6-9237-26bb7638fe02 req-1b324811-dbd4-4bc6-9237-26bb7638fe02 ] Request (ServersTestBootFromVolume:setUpClass): 201 POST http://10.180.1.21/identity/v3/auth/tokens 0.073s
2025-02-10 12:21:32.691 62812 INFO tempest.lib.common.rest_client [req-a4a148b8-41d9-4074-81ad-5a4c88f3f5b2 req-a4a148b8-41d9-4074-81ad-5a4c88f3f5b2 ] Request (ServerMetadataTestJSON:setUpClass): 200 GET http://10.180.1.21/compute/v2.1/servers/566c207c-5506-4410-98ab-aee9fdbc5d6e 0.765s
2025-02-10 12:21:32.699 62812 INFO tempest.common.waiters [-] State transition "BUILD/None" ==> "BUILD/networking" after 87 second wait
2025-02-10 12:21:32.719 62806 INFO tempest.lib.common.rest_client [req-5dd2e6d3-7d69-4290-8ae1-4152a2c81201 req-5dd2e6d3-7d69-4290-8ae1-4152a2c81201 ] Request (ServersTestBootFromVolume:setUpClass): 201 POST http://10.180.1.21/identity/v3/auth/tokens 0.026s
2025-02-10 12:21:32.740 62800 INFO tempest.lib.common.rest_client [req-3a207cba-abd1-4f77-853e-3df92450c9bc req-3a207cba-abd1-4f77-853e-3df92450c9bc ] Request (MultipleCreateTestJSON:test_multiple_create_with_reservation_return): 200 GET http://10.180.1.21/compute/v2.1/servers/74e663b1-b552-4b71-aa74-308e908d79e7 0.767s
2025-02-10 12:21:32.750 62800 INFO tempest.common.waiters [-] State transition "BUILD/scheduling" ==> "BUILD/None" after 50 second wait
2025-02-10 12:21:32.754 62806 INFO tempest.lib.common.rest_client [req-4997d12a-9ad8-4ee4-b52d-ba8368e6c0e2 req-4997d12a-9ad8-4ee4-b52d-ba8368e6c0e2 ] Request (ServersTestBootFromVolume:setUpClass): 200 GET http://10.180.1.21/identity/v3/domains?name=Default 0.034s
2025-02-10 12:21:32.793 62806 INFO tempest.lib.common.rest_client [req-0231fbf1-c717-45b6-b412-f264c327748c req-0231fbf1-c717-45b6-b412-f264c327748c ] Request (ServersTestBootFromVolume:setUpClass): 201 POST http://10.180.1.21/identity/v3/projects 0.038s
2025-02-10 12:21:32.825 62838 INFO tempest.lib.common.rest_client [req-43f89264-25c0-419d-a767-e596b951fb49 req-43f89264-25c0-419d-a767-e596b951fb49 ] Request (TenantUsagesTestJSON:tearDownClass): 200 GET http://10.180.1.21/compute/v2.1/servers/5b69254a-b34b-48ff-a96c-d8573c9abf3b 1.017s
2025-02-10 12:21:32.851 62806 INFO tempest.lib.common.rest_client [req-ef36ac57-39b9-4edb-80eb-acfa6d3ec3dc req-ef36ac57-39b9-4edb-80eb-acfa6d3ec3dc ] Request (ServersTestBootFromVolume:setUpClass): 201 POST http://10.180.1.21/identity/v3/users 0.057s
2025-02-10 12:21:32.855 62816 INFO tempest.lib.common.rest_client [req-b4c59576-c13d-4c19-805b-b6c07379674b req-b4c59576-c13d-4c19-805b-b6c07379674b ] Request (ImagesTestJSON:test_create_image_from_stopped_server): 200 GET http://10.180.1.21/compute/v2.1/servers/ee1c638b-1f38-4e21-9369-4d4ff2e13d46 0.874s
2025-02-10 12:21:32.871 62854 INFO tempest.lib.common.rest_client [req-e20b9916-f45b-40fd-8791-44b7c7495333 req-e20b9916-f45b-40fd-8791-44b7c7495333 ] Request (SecurityGroupsTestJSON:test_server_security_groups): 200 GET http://10.180.1.21/compute/v2.1/servers/76cb551e-e605-4c80-a6ef-e36681fc0bc2 0.843s
2025-02-10 12:21:32.881 62806 INFO tempest.lib.common.rest_client [req-d471fe6e-1302-46f6-afcf-1ed701f7195c req-d471fe6e-1302-46f6-afcf-1ed701f7195c ] Request (ServersTestBootFromVolume:setUpClass): 200 GET http://10.180.1.21/identity/v3/roles 0.030s
2025-02-10 12:21:32.901 62808 INFO tempest.lib.common.rest_client [req-a302394f-a142-44e6-8d27-1d293ced0368 req-a302394f-a142-44e6-8d27-1d293ced0368 ] Request (FloatingIPsAssociationTestJSON:test_associate_already_associated_floating_ip): 200 GET http://10.180.1.21/compute/v2.1/servers/41a980df-88a9-4f9b-b34b-905b226c0675 0.850s
2025-02-10 12:21:32.911 62806 INFO tempest.lib.common.rest_client [req-4d3a9dc0-0ff5-4ea0-bcd7-08ab64b722ac req-4d3a9dc0-0ff5-4ea0-bcd7-08ab64b722ac ] Request (ServersTestBootFromVolume:setUpClass): 204 PUT http://10.180.1.21/identity/v3/projects/5c08a602a8fe4b4396543ac75ac40e7b/users/f1f4b0fffebf4a31bf6c37227c3f56c1/roles/b19bf4b6d3a3448b95ac3b4a35a03e98 0.029s
2025-02-10 12:21:32.912 62806 INFO tempest.lib.common.dynamic_creds [-] Dynamic test user f1f4b0fffebf4a31bf6c37227c3f56c1 is created with scope project and roles: ['member']
2025-02-10 12:21:32.912 62806 INFO tempest.lib.common.dynamic_creds [-] Acquired dynamic creds: credentials: Credentials: {'domain_id': 'default', 'domain_name': 'Default', 'username': 'tempest-ServersTestBootFromVolume-1262135564-project-member', 'project_domain_id': 'default', 'project_domain_name': 'Default', 'project_id': '5c08a602a8fe4b4396543ac75ac40e7b', 'project_name': 'tempest-ServersTestBootFromVolume-1262135564', 'tenant_id': '5c08a602a8fe4b4396543ac75ac40e7b', 'tenant_name': 'tempest-ServersTestBootFromVolume-1262135564', 'user_domain_id': 'default', 'user_domain_name': 'Default', 'user_id': 'f1f4b0fffebf4a31bf6c37227c3f56c1', 'system': None}, Network: None, Subnet: None, Router: None
2025-02-10 12:21:32.924 62820 INFO tempest.lib.common.rest_client [req-2363128c-3bca-459b-a224-3e17b2352bcc req-2363128c-3bca-459b-a224-3e17b2352bcc ] Request (ImagesOneServerTestJSON:setUpClass): 200 GET http://10.180.1.21/compute/v2.1/servers/504396d8-077d-4563-91b5-a7a6259eea27 0.808s
2025-02-10 12:21:32.983 62844 INFO tempest.lib.common.rest_client [req-d6b2292c-377a-423f-8b91-783f3b31367c req-d6b2292c-377a-423f-8b91-783f3b31367c ] Request (ServersTestFqdnHostnames:test_create_server_with_fqdn_name): 200 GET http://10.180.1.21/compute/v2.1/servers/a10c4dee-4490-445a-bea2-9f8ef5425d15 0.794s
2025-02-10 12:21:32.985 62806 INFO tempest.lib.common.rest_client [req-38e4476a-ac75-47f3-93a1-4990633c35a4 req-38e4476a-ac75-47f3-93a1-4990633c35a4 ] Request (ServersTestBootFromVolume:setUpClass): 201 POST http://10.180.1.21/identity/v3/auth/tokens 0.072s
2025-02-10 12:21:33.072 62852 INFO tempest.lib.common.rest_client [req-11d4ef89-8255-4ecb-872a-d7e5d3cc246c req-11d4ef89-8255-4ecb-872a-d7e5d3cc246c ] Request (ServersAdminNegativeTestJSON:tearDownClass): 200 GET http://10.180.1.21/compute/v2.1/servers/3824a70e-8498-410a-904d-c7cd0de0c358 0.775s
2025-02-10 12:21:33.134 62802 INFO tempest.lib.common.rest_client [req-81b213fb-6560-4f07-a0c5-a1217acaaee4 req-81b213fb-6560-4f07-a0c5-a1217acaaee4 ] Request (ServerShowV254Test:tearDownClass): 200 GET http://10.180.1.21/compute/v2.1/servers/63a7f41d-13cc-420a-96d3-a3f102869137 0.650s
2025-02-10 12:21:33.197 62830 INFO tempest.lib.common.rest_client [req-8521cf0d-c0c5-46d7-86dc-d7eec1703e64 req-8521cf0d-c0c5-46d7-86dc-d7eec1703e64 ] Request (ListServerFiltersTestJSON:test_list_servers_detailed_filter_by_server_name): 200 GET http://10.180.1.21/compute/v2.1/servers/detail?name=tempest-ListServerFiltersTestJSON-instance-512748607 1.027s
2025-02-10 12:21:33.205 62834 INFO tempest.lib.common.rest_client [req-3ab1a78b-493c-4d9c-8ea6-5b410f393e76 req-3ab1a78b-493c-4d9c-8ea6-5b410f393e76 ] Request (ServersNegativeTestMultiTenantJSON:setUpClass): 200 GET http://10.180.1.21/compute/v2.1/servers/7a086314-3e49-48e9-82c9-cead8ecb19d1 0.647s
2025-02-10 12:21:33.343 62806 INFO tempest.lib.common.rest_client [req-e66c5dfc-f67d-42be-b1b4-717778f849bf req-e66c5dfc-f67d-42be-b1b4-717778f849bf ] Request (ServersTestBootFromVolume:setUpClass): 201 POST http://10.180.1.21:9696/networking/v2.0/networks 0.358s
2025-02-10 12:21:33.429 62828 WARNING tempest.lib.common.ssh [-] Failed to establish authenticated ssh connection to cirros@10.180.180.192 ([Errno None] Unable to connect to port 22 on 10.180.180.192). Number attempts: 5. Retry after 6 seconds.: paramiko.ssh_exception.NoValidConnectionsError: [Errno None] Unable to connect to port 22 on 10.180.180.192
2025-02-10 12:21:33.438 62822 INFO tempest.lib.common.rest_client [req-03171e2a-16ed-4abb-a8cb-3b31afeecc0d req-03171e2a-16ed-4abb-a8cb-3b31afeecc0d ] Request (ServerDiskConfigTestJSON:test_rebuild_server_with_auto_disk_config): 200 GET http://10.180.1.21/compute/v2.1/servers/713dd924-1c96-496a-bd06-cf0235dd6f75 0.616s
2025-02-10 12:21:33.447 62824 WARNING tempest.lib.common.ssh [-] Failed to establish authenticated ssh connection to cirros@10.180.180.167 ([Errno None] Unable to connect to port 22 on 10.180.180.167). Number attempts: 7. Retry after 8 seconds.: paramiko.ssh_exception.NoValidConnectionsError: [Errno None] Unable to connect to port 22 on 10.180.180.167
2025-02-10 12:21:33.508 62806 INFO tempest.lib.common.rest_client [req-8bbda5e9-0d89-4cce-a539-49b696aed2cf req-8bbda5e9-0d89-4cce-a539-49b696aed2cf ] Request (ServersTestBootFromVolume:setUpClass): 201 POST http://10.180.1.21:9696/networking/v2.0/subnets 0.164s
2025-02-10 12:21:33.510 62858 INFO tempest.lib.common.rest_client [req-433d0572-6963-416e-afd7-07bbaab9bf5f req-433d0572-6963-416e-afd7-07bbaab9bf5f ] Request (AttachVolumeTestJSON:test_attach_detach_volume): 200 GET http://10.180.1.21/compute/v2.1/servers/3c4c395c-0625-4569-990d-e2d4ad162c14 0.243s
2025-02-10 12:21:33.522 62830 INFO tempest.lib.common.rest_client [req-86ce09dc-cf4a-4699-973d-3861e94c7f96 req-86ce09dc-cf4a-4699-973d-3861e94c7f96 ] Request (ListServerFiltersTestJSON:test_list_servers_detailed_filter_by_server_status): 200 GET http://10.180.1.21/compute/v2.1/servers/detail?status=active 0.312s
2025-02-10 12:21:33.611 62848 INFO tempest.lib.common.rest_client [req-057ddc12-32fe-42ca-8468-a07a79a2a972 req-057ddc12-32fe-42ca-8468-a07a79a2a972 ] Request (ServersTestMultiNic:test_verify_duplicate_network_nics): 200 GET http://10.180.1.21/compute/v2.1/servers/a185273e-cdaf-4967-832b-f75014b7b3f4 0.165s
2025-02-10 12:21:33.682 62810 INFO tempest.lib.common.rest_client [req-1b1f0971-9e48-483b-b256-2b0260601b0f req-1b1f0971-9e48-483b-b256-2b0260601b0f ] Request (VolumesAssistedSnapshotsTest:tearDownClass): 200 GET http://10.180.1.21/compute/v2.1/servers/bf2ccaeb-610a-437b-be94-d3caefbe15c5 0.197s
2025-02-10 12:21:33.706 62850 INFO tempest.lib.common.rest_client [req-63185bb3-f6ce-4bd7-bbf3-f27cf4395949 req-63185bb3-f6ce-4bd7-bbf3-f27cf4395949 ] Request (MigrationsAdminTest:test_list_migrations_in_flavor_resize_situation): 200 GET http://10.180.1.21/compute/v2.1/servers/879354d3-7423-41e2-93f6-0d8d3a120170 0.339s
2025-02-10 12:21:33.743 62842 INFO tempest.lib.common.rest_client [req-942531f9-87a3-49af-9eb0-da39e3a51b47 req-942531f9-87a3-49af-9eb0-da39e3a51b47 ] Request (ServerRescueNegativeTestJSON:test_rescued_vm_detach_volume): 200 GET http://10.180.1.21/compute/v2.1/servers/bf44e269-0297-473e-b6ce-04a40d0ec1b4 0.218s
2025-02-10 12:21:33.826 62818 INFO tempest.lib.common.rest_client [req-8bedf058-4bca-4c84-8a85-f065b8c63b86 req-8bedf058-4bca-4c84-8a85-f065b8c63b86 ] Request (ServersTestJSON:test_create_server_with_ipv6_addr_only): 200 GET http://10.180.1.21/compute/v2.1/servers/ed7220fa-fee9-4715-acbb-236682c6729e 0.245s
2025-02-10 12:21:33.887 62846 INFO tempest.lib.common.rest_client [req-282fece4-52ef-40b7-8222-865babace3d1 req-282fece4-52ef-40b7-8222-865babace3d1 ] Request (ImagesOneServerNegativeTestJSON:_run_cleanups): 200 GET http://10.180.1.21/compute/v2.1/servers/d68b472d-2139-4e2d-bb28-7e45d80904cb 0.235s
2025-02-10 12:21:33.904 62830 INFO tempest.lib.common.rest_client [req-8d777e1a-e534-49c3-84d9-8e3b53b9032e req-8d777e1a-e534-49c3-84d9-8e3b53b9032e ] Request (ListServerFiltersTestJSON:test_list_servers_detailed_limit_results): 200 GET http://10.180.1.21/compute/v2.1/servers/detail?limit=1 0.366s
2025-02-10 12:21:33.968 62800 INFO tempest.lib.common.rest_client [req-df3876ff-db62-432c-9256-e63ca51b2749 req-df3876ff-db62-432c-9256-e63ca51b2749 ] Request (MultipleCreateTestJSON:test_multiple_create_with_reservation_return): 200 GET http://10.180.1.21/compute/v2.1/servers/74e663b1-b552-4b71-aa74-308e908d79e7 0.216s
2025-02-10 12:21:34.001 62862 WARNING tempest.lib.common.ssh [-] Failed to establish authenticated ssh connection to cirros@10.180.180.161 ([Errno None] Unable to connect to port 22 on 10.180.180.161). Number attempts: 10. Retry after 11 seconds.: paramiko.ssh_exception.NoValidConnectionsError: [Errno None] Unable to connect to port 22 on 10.180.180.161
2025-02-10 12:21:34.035 62838 INFO tempest.lib.common.rest_client [req-2213ce77-6935-4449-b3a3-4c218c4ef7a1 req-2213ce77-6935-4449-b3a3-4c218c4ef7a1 ] Request (TenantUsagesTestJSON:tearDownClass): 200 GET http://10.180.1.21/compute/v2.1/servers/5b69254a-b34b-48ff-a96c-d8573c9abf3b 0.201s
2025-02-10 12:21:34.043 62812 INFO tempest.lib.common.rest_client [req-ccc24c4e-4cba-4572-a406-b20109fd41fe req-ccc24c4e-4cba-4572-a406-b20109fd41fe ] Request (ServerMetadataTestJSON:setUpClass): 200 GET http://10.180.1.21/compute/v2.1/servers/566c207c-5506-4410-98ab-aee9fdbc5d6e 0.342s
2025-02-10 12:21:34.050 62812 INFO tempest.common.waiters [-] State transition "BUILD/networking" ==> "BUILD/block_device_mapping" after 89 second wait
2025-02-10 12:21:34.104 62854 INFO tempest.lib.common.rest_client [req-db85d07b-5f53-4cc5-8160-9bb48fa56ed4 req-db85d07b-5f53-4cc5-8160-9bb48fa56ed4 ] Request (SecurityGroupsTestJSON:test_server_security_groups): 200 GET http://10.180.1.21/compute/v2.1/servers/76cb551e-e605-4c80-a6ef-e36681fc0bc2 0.223s
2025-02-10 12:21:34.173 62816 INFO tempest.lib.common.rest_client [req-175710ef-42d1-43b2-ade2-d4679ef80571 req-175710ef-42d1-43b2-ade2-d4679ef80571 ] Request (ImagesTestJSON:test_create_image_from_stopped_server): 200 GET http://10.180.1.21/compute/v2.1/servers/ee1c638b-1f38-4e21-9369-4d4ff2e13d46 0.300s
2025-02-10 12:21:34.202 62806 INFO tempest.lib.common.rest_client [req-78ae65c0-b85d-4330-bcbc-407dbd73078f req-78ae65c0-b85d-4330-bcbc-407dbd73078f ] Request (ServersTestBootFromVolume:setUpClass): 201 POST http://10.180.1.21:9696/networking/v2.0/routers 0.693s
2025-02-10 12:21:34.209 62830 INFO tempest.lib.common.rest_client [req-c9ef6520-3262-4e71-9b81-e6619d134faf req-c9ef6520-3262-4e71-9b81-e6619d134faf ] Request (ListServerFiltersTestJSON:test_list_servers_filter_by_active_status): 200 GET http://10.180.1.21/compute/v2.1/servers?status=active 0.295s
2025-02-10 12:21:34.265 62808 INFO tempest.lib.common.rest_client [req-61264d50-f176-45c9-a80d-56bb9a40da49 req-61264d50-f176-45c9-a80d-56bb9a40da49 ] Request (FloatingIPsAssociationTestJSON:test_associate_already_associated_floating_ip): 200 GET http://10.180.1.21/compute/v2.1/servers/41a980df-88a9-4f9b-b34b-905b226c0675 0.350s
2025-02-10 12:21:34.285 62820 INFO tempest.lib.common.rest_client [req-4a5b3a95-d277-4ba3-932c-6620acec83da req-4a5b3a95-d277-4ba3-932c-6620acec83da ] Request (ImagesOneServerTestJSON:setUpClass): 200 GET http://10.180.1.21/compute/v2.1/servers/504396d8-077d-4563-91b5-a7a6259eea27 0.353s
2025-02-10 12:21:34.333 62844 INFO tempest.lib.common.rest_client [req-017a3602-c1ed-471b-b19c-d2355784c7c4 req-017a3602-c1ed-471b-b19c-d2355784c7c4 ] Request (ServersTestFqdnHostnames:test_create_server_with_fqdn_name): 200 GET http://10.180.1.21/compute/v2.1/servers/a10c4dee-4490-445a-bea2-9f8ef5425d15 0.341s
2025-02-10 12:21:34.369 62852 INFO tempest.lib.common.rest_client [req-98d0e066-f656-4cb4-825b-be8a818233c9 req-98d0e066-f656-4cb4-825b-be8a818233c9 ] Request (ServersAdminNegativeTestJSON:tearDownClass): 200 GET http://10.180.1.21/compute/v2.1/servers/3824a70e-8498-410a-904d-c7cd0de0c358 0.286s
2025-02-10 12:21:34.408 62802 INFO tempest.lib.common.rest_client [req-55b4a8c1-7086-49a0-99d7-76a38db77939 req-55b4a8c1-7086-49a0-99d7-76a38db77939 ] Request (ServerShowV254Test:tearDownClass): 200 GET http://10.180.1.21/compute/v2.1/servers/63a7f41d-13cc-420a-96d3-a3f102869137 0.263s
2025-02-10 12:21:34.478 62834 INFO tempest.lib.common.rest_client [req-2e2448f8-32f2-43c5-8e27-aefba5237259 req-2e2448f8-32f2-43c5-8e27-aefba5237259 ] Request (ServersNegativeTestMultiTenantJSON:setUpClass): 200 GET http://10.180.1.21/compute/v2.1/servers/7a086314-3e49-48e9-82c9-cead8ecb19d1 0.263s
2025-02-10 12:21:34.546 62840 WARNING tempest.lib.common.ssh [-] Failed to establish authenticated ssh connection to cirros@10.180.180.231 ([Errno None] Unable to connect to port 22 on 10.180.180.231). Number attempts: 5. Retry after 6 seconds.: paramiko.ssh_exception.NoValidConnectionsError: [Errno None] Unable to connect to port 22 on 10.180.180.231
2025-02-10 12:21:34.593 62822 INFO tempest.lib.common.rest_client [req-08767d53-85e8-4ff1-85c9-47702aaeae16 req-08767d53-85e8-4ff1-85c9-47702aaeae16 ] Request (ServerDiskConfigTestJSON:test_rebuild_server_with_auto_disk_config): 200 GET http://10.180.1.21/compute/v2.1/servers/713dd924-1c96-496a-bd06-cf0235dd6f75 0.146s
2025-02-10 12:21:34.661 62858 INFO tempest.lib.common.rest_client [req-ae6c1c6b-4261-4f3b-ab36-9a3230bd6077 req-ae6c1c6b-4261-4f3b-ab36-9a3230bd6077 ] Request (AttachVolumeTestJSON:test_attach_detach_volume): 200 GET http://10.180.1.21/compute/v2.1/servers/3c4c395c-0625-4569-990d-e2d4ad162c14 0.139s
2025-02-10 12:21:34.672 62830 INFO tempest.lib.common.rest_client [req-67bda835-5684-4532-b3cd-28a778ff03ba req-67bda835-5684-4532-b3cd-28a778ff03ba ] Request (ListServerFiltersTestJSON:test_list_servers_filter_by_exceed_limit): 200 GET http://10.180.1.21/compute/v2.1/servers?limit=100000 0.460s
2025-02-10 12:21:34.714 62830 INFO tempest.lib.common.rest_client [req-3f4a05f9-d265-4c7e-b632-7a6113283061 req-3f4a05f9-d265-4c7e-b632-7a6113283061 ] Request (ListServerFiltersTestJSON:test_list_servers_filter_by_exceed_limit): 200 GET http://10.180.1.21/compute/v2.1/servers 0.040s
2025-02-10 12:21:34.716 62848 INFO tempest.lib.common.rest_client [req-46e91fbf-cce8-4712-a51e-b74676581336 req-46e91fbf-cce8-4712-a51e-b74676581336 ] Request (ServersTestMultiNic:test_verify_duplicate_network_nics): 200 GET http://10.180.1.21/compute/v2.1/servers/a185273e-cdaf-4967-832b-f75014b7b3f4 0.095s
2025-02-10 12:21:34.786 62810 INFO tempest.lib.common.rest_client [req-0052007e-f208-4c67-ad0f-2cc79ab255ca req-0052007e-f208-4c67-ad0f-2cc79ab255ca ] Request (VolumesAssistedSnapshotsTest:tearDownClass): 200 GET http://10.180.1.21/compute/v2.1/servers/bf2ccaeb-610a-437b-be94-d3caefbe15c5 0.095s
2025-02-10 12:21:34.794 62810 INFO tempest.common.waiters [-] State transition "ACTIVE/deleting" ==> "DELETED/None" after 5 second wait
2025-02-10 12:21:34.868 62850 INFO tempest.lib.common.rest_client [req-656b4d7b-196b-4db8-a932-d626def24d29 req-656b4d7b-196b-4db8-a932-d626def24d29 ] Request (MigrationsAdminTest:test_list_migrations_in_flavor_resize_situation): 200 GET http://10.180.1.21/compute/v2.1/servers/879354d3-7423-41e2-93f6-0d8d3a120170 0.151s
2025-02-10 12:21:34.894 62830 INFO tempest.lib.common.rest_client [req-ed552f06-a1db-4376-b76a-993518f67b63 req-ed552f06-a1db-4376-b76a-993518f67b63 ] Request (ListServerFiltersTestJSON:test_list_servers_filter_by_flavor): 200 GET http://10.180.1.21/compute/v2.1/servers?flavor=84 0.176s
2025-02-10 12:21:34.926 62842 INFO tempest.lib.common.rest_client [req-a687ed09-872a-4ee7-9847-6227560ec435 req-a687ed09-872a-4ee7-9847-6227560ec435 ] Request (ServerRescueNegativeTestJSON:test_rescued_vm_detach_volume): 200 GET http://10.180.1.21/compute/v2.1/servers/bf44e269-0297-473e-b6ce-04a40d0ec1b4 0.173s
2025-02-10 12:21:34.946 62818 INFO tempest.lib.common.rest_client [req-09030578-05f0-4c26-8837-d487ff2dda48 req-09030578-05f0-4c26-8837-d487ff2dda48 ] Request (ServersTestJSON:test_create_server_with_ipv6_addr_only): 200 GET http://10.180.1.21/compute/v2.1/servers/ed7220fa-fee9-4715-acbb-236682c6729e 0.112s
2025-02-10 12:21:34.971 62830 INFO tempest.lib.common.rest_client [req-4f5cd9b9-f534-430c-a5e0-03935097f8e5 req-4f5cd9b9-f534-430c-a5e0-03935097f8e5 ] Request (ListServerFiltersTestJSON:test_list_servers_filter_by_limit): 200 GET http://10.180.1.21/compute/v2.1/servers?limit=1 0.074s
2025-02-10 12:21:34.979 62846 INFO tempest.lib.common.rest_client [req-da4dd6bf-86be-4827-af8b-e08f8e80a13d req-da4dd6bf-86be-4827-af8b-e08f8e80a13d ] Request (ImagesOneServerNegativeTestJSON:_run_cleanups): 200 GET http://10.180.1.21/compute/v2.1/servers/d68b472d-2139-4e2d-bb28-7e45d80904cb 0.081s
2025-02-10 12:21:35.035 62800 INFO tempest.lib.common.rest_client [req-38fc6c1f-61d9-4a2b-80e3-2830815814ee req-38fc6c1f-61d9-4a2b-80e3-2830815814ee ] Request (MultipleCreateTestJSON:test_multiple_create_with_reservation_return): 200 GET http://10.180.1.21/compute/v2.1/servers/74e663b1-b552-4b71-aa74-308e908d79e7 0.058s
2025-02-10 12:21:35.060 62830 INFO tempest.lib.common.rest_client [req-673fa583-97e3-4e01-9540-051188e23b02 req-673fa583-97e3-4e01-9540-051188e23b02 ] Request (ListServerFiltersTestJSON:test_list_servers_filter_by_server_name): 200 GET http://10.180.1.21/compute/v2.1/servers?name=tempest-ListServerFiltersTestJSON-instance-512748607 0.086s
2025-02-10 12:21:35.073 62838 INFO tempest.lib.common.rest_client [req-4d44b148-71ef-453f-a417-2b0ffc98c567 req-4d44b148-71ef-453f-a417-2b0ffc98c567 ] Request (TenantUsagesTestJSON:tearDownClass): 404 GET http://10.180.1.21/compute/v2.1/servers/5b69254a-b34b-48ff-a96c-d8573c9abf3b 0.026s
2025-02-10 12:21:35.139 62830 INFO tempest.lib.common.rest_client [req-454ceffb-9e0c-499e-84ab-3126d74bcfb9 req-454ceffb-9e0c-499e-84ab-3126d74bcfb9 ] Request (ListServerFiltersTestJSON:test_list_servers_filter_by_shutoff_status): 202 POST http://10.180.1.21/compute/v2.1/servers/d30397b4-c617-4717-b624-ad1b06331bea/action 0.076s
2025-02-10 12:21:35.161 62838 INFO tempest.lib.common.rest_client [req-6ce6d08c-2759-461b-9c9b-0aa2e3cc2191 req-6ce6d08c-2759-461b-9c9b-0aa2e3cc2191 ] Request (TenantUsagesTestJSON:tearDownClass): 204 DELETE http://10.180.1.21/identity/v3/users/92852ca5b2214597818755ae79f626aa 0.087s
2025-02-10 12:21:35.188 62812 INFO tempest.lib.common.rest_client [req-58601310-9611-4eb6-9161-76d04740ae48 req-58601310-9611-4eb6-9161-76d04740ae48 ] Request (ServerMetadataTestJSON:setUpClass): 200 GET http://10.180.1.21/compute/v2.1/servers/566c207c-5506-4410-98ab-aee9fdbc5d6e 0.137s
2025-02-10 12:21:35.199 62812 INFO tempest.common.waiters [-] State transition "BUILD/block_device_mapping" ==> "BUILD/spawning" after 90 second wait
2025-02-10 12:21:35.204 62854 INFO tempest.lib.common.rest_client [req-5bb88b08-20e3-42ae-894c-e3fe69df2425 req-5bb88b08-20e3-42ae-894c-e3fe69df2425 ] Request (SecurityGroupsTestJSON:test_server_security_groups): 200 GET http://10.180.1.21/compute/v2.1/servers/76cb551e-e605-4c80-a6ef-e36681fc0bc2 0.092s
2025-02-10 12:21:35.227 62860 WARNING tempest.lib.common.ssh [-] Failed to establish authenticated ssh connection to cirros@10.180.180.199 ([Errno None] Unable to connect to port 22 on 10.180.180.199). Number attempts: 11. Retry after 12 seconds.: paramiko.ssh_exception.NoValidConnectionsError: [Errno None] Unable to connect to port 22 on 10.180.180.199
2025-02-10 12:21:35.299 62838 INFO tempest.lib.common.rest_client [req-423f0c57-05ae-4f84-b001-1c25488ba8ab req-423f0c57-05ae-4f84-b001-1c25488ba8ab ] Request (TenantUsagesTestJSON:tearDownClass): 204 DELETE http://10.180.1.21/identity/v3/users/8a07f4d9e4cd423694996be9e8df339a 0.138s
2025-02-10 12:21:35.299 62838 INFO tempest.lib.common.dynamic_creds [-] Deleting project and security group for project: 093c35d4ac794641ba9e8b51e6e3cb7a
2025-02-10 12:21:35.373 62838 INFO tempest.lib.common.rest_client [req-d451b03f-1c02-4a73-9ec2-21f2ecf642c1 req-d451b03f-1c02-4a73-9ec2-21f2ecf642c1 ] Request (TenantUsagesTestJSON:tearDownClass): 201 POST http://10.180.1.21/identity/v3/auth/tokens 0.073s
2025-02-10 12:21:35.381 62830 INFO tempest.lib.common.rest_client [req-1605b0e7-1129-4a7a-962b-84a5abefbe1d req-1605b0e7-1129-4a7a-962b-84a5abefbe1d ] Request (ListServerFiltersTestJSON:test_list_servers_filter_by_shutoff_status): 200 GET http://10.180.1.21/compute/v2.1/servers/d30397b4-c617-4717-b624-ad1b06331bea 0.241s
2025-02-10 12:21:35.457 62838 INFO tempest.lib.common.rest_client [req-343dad98-6b05-4e31-b367-78b7c75bb432 req-343dad98-6b05-4e31-b367-78b7c75bb432 ] Request (TenantUsagesTestJSON:tearDownClass): 200 GET http://10.180.1.21:9696/networking/v2.0/security-groups?tenant_id=093c35d4ac794641ba9e8b51e6e3cb7a&name=default 0.083s
2025-02-10 12:21:35.461 62808 INFO tempest.lib.common.rest_client [req-1345c2af-351e-4026-83fa-09143f47d162 req-1345c2af-351e-4026-83fa-09143f47d162 ] Request (FloatingIPsAssociationTestJSON:test_associate_already_associated_floating_ip): 200 GET http://10.180.1.21/compute/v2.1/servers/41a980df-88a9-4f9b-b34b-905b226c0675 0.188s
2025-02-10 12:21:35.520 62816 INFO tempest.lib.common.rest_client [req-8f7fb9e8-e2c4-4608-88cc-1adffcd91b0f req-8f7fb9e8-e2c4-4608-88cc-1adffcd91b0f ] Request (ImagesTestJSON:test_create_image_from_stopped_server): 200 GET http://10.180.1.21/compute/v2.1/servers/ee1c638b-1f38-4e21-9369-4d4ff2e13d46 0.339s
2025-02-10 12:21:35.523 62820 INFO tempest.lib.common.rest_client [req-682787ce-cc94-495d-a09d-dff171864c21 req-682787ce-cc94-495d-a09d-dff171864c21 ] Request (ImagesOneServerTestJSON:setUpClass): 200 GET http://10.180.1.21/compute/v2.1/servers/504396d8-077d-4563-91b5-a7a6259eea27 0.226s
2025-02-10 12:21:35.550 62838 INFO tempest.lib.common.rest_client [req-8e78044c-b0a7-400a-aae8-f29c4d043878 req-8e78044c-b0a7-400a-aae8-f29c4d043878 ] Request (TenantUsagesTestJSON:tearDownClass): 204 DELETE http://10.180.1.21:9696/networking/v2.0/security-groups/70850c61-4a90-4d73-b66b-65e4d6766e81 0.092s
2025-02-10 12:21:35.596 62844 INFO tempest.lib.common.rest_client [req-40995e18-1e12-4948-b1b3-3a44f0f5288c req-40995e18-1e12-4948-b1b3-3a44f0f5288c ] Request (ServersTestFqdnHostnames:test_create_server_with_fqdn_name): 200 GET http://10.180.1.21/compute/v2.1/servers/a10c4dee-4490-445a-bea2-9f8ef5425d15 0.255s
2025-02-10 12:21:35.600 62852 INFO tempest.lib.common.rest_client [req-07b51119-7467-4b18-9cab-508aaed0087f req-07b51119-7467-4b18-9cab-508aaed0087f ] Request (ServersAdminNegativeTestJSON:tearDownClass): 200 GET http://10.180.1.21/compute/v2.1/servers/3824a70e-8498-410a-904d-c7cd0de0c358 0.221s
2025-02-10 12:21:35.615 62806 INFO tempest.lib.common.rest_client [req-31599b55-90ae-46e9-843b-cb7b7a3fac43 req-31599b55-90ae-46e9-843b-cb7b7a3fac43 ] Request (ServersTestBootFromVolume:setUpClass): 200 PUT http://10.180.1.21:9696/networking/v2.0/routers/f80788a6-20ff-427c-8808-25969d0aba03/add_router_interface 1.413s
2025-02-10 12:21:35.616 62806 INFO tempest.lib.common.dynamic_creds [-] Created isolated network resources for: credentials: Credentials: {'domain_id': 'default', 'domain_name': 'Default', 'username': 'tempest-ServersTestBootFromVolume-1262135564-project-member', 'project_domain_id': 'default', 'project_domain_name': 'Default', 'project_id': '5c08a602a8fe4b4396543ac75ac40e7b', 'project_name': 'tempest-ServersTestBootFromVolume-1262135564', 'tenant_id': '5c08a602a8fe4b4396543ac75ac40e7b', 'tenant_name': 'tempest-ServersTestBootFromVolume-1262135564', 'user_domain_id': 'default', 'user_domain_name': 'Default', 'user_id': 'f1f4b0fffebf4a31bf6c37227c3f56c1', 'system': None}, Network: {'id': 'fe5f9959-d5b5-47d4-bfa0-689a4f70bf12', 'name': 'tempest-ServersTestBootFromVolume-291790058-network', 'tenant_id': '5c08a602a8fe4b4396543ac75ac40e7b', 'admin_state_up': True, 'mtu': 8950, 'status': 'ACTIVE', 'subnets': [], 'shared': False, 'project_id': '5c08a602a8fe4b4396543ac75ac40e7b', 'port_security_enabled': True, 'router:external': False, 'provider:network_type': 'vlan', 'provider:physical_network': 'default', 'provider:segmentation_id': 475, 'availability_zone_hints': [], 'availability_zones': [], 'ipv4_address_scope': None, 'ipv6_address_scope': None, 'description': '', 'tags': [], 'created_at': '2025-02-10T12:21:33Z', 'updated_at': '2025-02-10T12:21:33Z', 'revision_number': 1}, Subnet: {'id': 'eeb74514-ae06-4bb5-aac2-6244d45f1840', 'name': 'tempest-ServersTestBootFromVolume-291790058-subnet', 'tenant_id': '5c08a602a8fe4b4396543ac75ac40e7b', 'network_id': 'fe5f9959-d5b5-47d4-bfa0-689a4f70bf12', 'ip_version': 4, 'subnetpool_id': None, 'enable_dhcp': True, 'ipv6_ra_mode': None, 'ipv6_address_mode': None, 'gateway_ip': '192.168.128.1', 'cidr': '192.168.128.0/28', 'allocation_pools': [{'start': '192.168.128.2', 'end': '192.168.128.14'}], 'host_routes': [], 'dns_nameservers': [], 'description': '', 'router:external': False, 'service_types': [], 'tags': [], 'created_at': '2025-02-10T12:21:33Z', 'updated_at': '2025-02-10T12:21:33Z', 'revision_number': 0, 'project_id': '5c08a602a8fe4b4396543ac75ac40e7b'}, Router: {'id': 'f80788a6-20ff-427c-8808-25969d0aba03', 'name': 'tempest-ServersTestBootFromVolume-291790058-router', 'tenant_id': '5c08a602a8fe4b4396543ac75ac40e7b', 'admin_state_up': True, 'status': 'ACTIVE', 'external_gateway_info': {'network_id': 'fa840195-2097-438a-bcf5-398379263fc9', 'external_fixed_ips': [{'subnet_id': '26af22b3-6ad2-42b4-948b-649031f33a58', 'ip_address': '10.180.180.165'}], 'enable_snat': True}, 'description': '', 'availability_zones': [], 'distributed': False, 'ha': False, 'availability_zone_hints': [], 'routes': [], 'flavor_id': None, 'tags': [], 'created_at': '2025-02-10T12:21:33Z', 'updated_at': '2025-02-10T12:21:33Z', 'revision_number': 2, 'project_id': '5c08a602a8fe4b4396543ac75ac40e7b'}
2025-02-10 12:21:35.631 62838 INFO tempest.lib.common.rest_client [req-c1963d10-6caf-4574-b9bb-1e8a46ec8b0b req-c1963d10-6caf-4574-b9bb-1e8a46ec8b0b ] Request (TenantUsagesTestJSON:tearDownClass): 204 DELETE http://10.180.1.21/identity/v3/projects/093c35d4ac794641ba9e8b51e6e3cb7a 0.081s
2025-02-10 12:21:35.631 62838 INFO tempest.lib.common.dynamic_creds [-] Deleting project and security group for project: 73fc23f8868349f8a8ea043487e1e2f4
2025-02-10 12:21:35.652 62834 INFO tempest.lib.common.rest_client [req-f714b23f-175a-421a-bd1e-476a853e8779 req-f714b23f-175a-421a-bd1e-476a853e8779 ] Request (ServersNegativeTestMultiTenantJSON:setUpClass): 200 GET http://10.180.1.21/compute/v2.1/servers/7a086314-3e49-48e9-82c9-cead8ecb19d1 0.162s
2025-02-10 12:21:35.673 62802 INFO tempest.lib.common.rest_client [req-cd69cc53-13d3-49a0-abaf-bd51ee675676 req-cd69cc53-13d3-49a0-abaf-bd51ee675676 ] Request (ServerShowV254Test:tearDownClass): 200 GET http://10.180.1.21/compute/v2.1/servers/63a7f41d-13cc-420a-96d3-a3f102869137 0.255s
2025-02-10 12:21:35.684 62802 INFO tempest.common.waiters [-] State transition "ACTIVE/deleting" ==> "DELETED/None" after 4 second wait
2025-02-10 12:21:35.702 62806 INFO tempest.lib.common.rest_client [req-e7014f5b-2dc6-4409-8d1f-b0b64da039f8 req-e7014f5b-2dc6-4409-8d1f-b0b64da039f8 ] Request (ServersTestBootFromVolume:setUpClass): 201 POST http://10.180.1.21/identity/v3/auth/tokens 0.084s
2025-02-10 12:21:35.736 62838 INFO tempest.lib.common.rest_client [req-5c10e4b5-27ac-4d01-8695-c4691f5134ba req-5c10e4b5-27ac-4d01-8695-c4691f5134ba ] Request (TenantUsagesTestJSON:tearDownClass): 200 GET http://10.180.1.21:9696/networking/v2.0/security-groups?tenant_id=73fc23f8868349f8a8ea043487e1e2f4&name=default 0.104s
2025-02-10 12:21:35.752 62858 INFO tempest.lib.common.rest_client [req-d34d7019-967f-4c25-86c5-43148a4810e7 req-d34d7019-967f-4c25-86c5-43148a4810e7 ] Request (AttachVolumeTestJSON:test_attach_detach_volume): 200 GET http://10.180.1.21/compute/v2.1/servers/3c4c395c-0625-4569-990d-e2d4ad162c14 0.081s
2025-02-10 12:21:35.843 62822 INFO tempest.lib.common.rest_client [req-0bc9fdc2-2b70-49f4-8818-195408be0e69 req-0bc9fdc2-2b70-49f4-8818-195408be0e69 ] Request (ServerDiskConfigTestJSON:test_rebuild_server_with_auto_disk_config): 200 GET http://10.180.1.21/compute/v2.1/servers/713dd924-1c96-496a-bd06-cf0235dd6f75 0.234s
2025-02-10 12:21:35.845 62838 INFO tempest.lib.common.rest_client [req-9a3cef10-27a9-4fa9-9a5f-13b132e372f4 req-9a3cef10-27a9-4fa9-9a5f-13b132e372f4 ] Request (TenantUsagesTestJSON:tearDownClass): 204 DELETE http://10.180.1.21:9696/networking/v2.0/security-groups/5e57e3e8-2dcf-4a55-a0e6-8bda348e239f 0.105s
2025-02-10 12:21:35.926 62806 INFO tempest.lib.common.rest_client [req-6dbdcdb3-79ca-4688-bd55-207147ef4ead req-6dbdcdb3-79ca-4688-bd55-207147ef4ead ] Request (ServersTestBootFromVolume:setUpClass): 200 POST http://10.180.1.21/compute/v2.1/os-keypairs 0.222s
2025-02-10 12:21:35.944 62848 INFO tempest.lib.common.rest_client [req-9661a879-5cf9-4663-9c30-5219403ef639 req-9661a879-5cf9-4663-9c30-5219403ef639 ] Request (ServersTestMultiNic:test_verify_duplicate_network_nics): 200 GET http://10.180.1.21/compute/v2.1/servers/a185273e-cdaf-4967-832b-f75014b7b3f4 0.217s
2025-02-10 12:21:35.978 62838 INFO tempest.lib.common.rest_client [req-386562f0-b6bc-468e-a660-734823cd240b req-386562f0-b6bc-468e-a660-734823cd240b ] Request (TenantUsagesTestJSON:tearDownClass): 204 DELETE http://10.180.1.21/identity/v3/projects/73fc23f8868349f8a8ea043487e1e2f4 0.133s
2025-02-10 12:21:36.026 62810 INFO tempest.lib.common.rest_client [req-405e59cd-a1b7-42ee-b73b-5928099e9997 req-405e59cd-a1b7-42ee-b73b-5928099e9997 ] Request (VolumesAssistedSnapshotsTest:tearDownClass): 200 GET http://10.180.1.21/compute/v2.1/servers/bf2ccaeb-610a-437b-be94-d3caefbe15c5 0.230s
2025-02-10 12:21:36.059 62806 INFO tempest.lib.common.rest_client [req-2e24dbfd-20e6-49ab-8652-1d60e41b51ba req-2e24dbfd-20e6-49ab-8652-1d60e41b51ba ] Request (ServersTestBootFromVolume:setUpClass): 201 POST http://10.180.1.21:9696/networking/v2.0/security-groups 0.131s
2025-02-10 12:21:36.063 62838 INFO tempest.lib.common.rest_client [req-467e254c-c031-4a1e-9aed-8be44ba73765 req-467e254c-c031-4a1e-9aed-8be44ba73765 ] Request (ListImageFiltersTestJSON:setUpClass): 201 POST http://10.180.1.21/identity/v3/auth/tokens 0.082s
2025-02-10 12:21:36.094 62842 INFO tempest.lib.common.rest_client [req-943d22e5-1b28-4d81-b6ff-9e420d241d27 req-943d22e5-1b28-4d81-b6ff-9e420d241d27 ] Request (ServerRescueNegativeTestJSON:test_rescued_vm_detach_volume): 200 GET http://10.180.1.21/compute/v2.1/servers/bf44e269-0297-473e-b6ce-04a40d0ec1b4 0.157s
2025-02-10 12:21:36.114 62850 INFO tempest.lib.common.rest_client [req-2c89488c-f390-495c-b05d-78f544167e94 req-2c89488c-f390-495c-b05d-78f544167e94 ] Request (MigrationsAdminTest:test_list_migrations_in_flavor_resize_situation): 200 GET http://10.180.1.21/compute/v2.1/servers/879354d3-7423-41e2-93f6-0d8d3a120170 0.234s
2025-02-10 12:21:36.116 62838 INFO tempest.lib.common.rest_client [req-b4e76b7e-4117-475d-a009-8b9f154287ae req-b4e76b7e-4117-475d-a009-8b9f154287ae ] Request (ListImageFiltersTestJSON:setUpClass): 201 POST http://10.180.1.21/identity/v3/auth/tokens 0.048s
2025-02-10 12:21:36.145 62838 INFO tempest.lib.common.rest_client [req-fbbf7bc8-92b8-4a0f-85d9-ee40038e7c17 req-fbbf7bc8-92b8-4a0f-85d9-ee40038e7c17 ] Request (ListImageFiltersTestJSON:setUpClass): 200 GET http://10.180.1.21/identity/v3/domains?name=Default 0.029s
2025-02-10 12:21:36.148 62818 INFO tempest.lib.common.rest_client [req-229b89b9-78a9-4e0a-9b32-7b21f516e2d5 req-229b89b9-78a9-4e0a-9b32-7b21f516e2d5 ] Request (ServersTestJSON:test_create_server_with_ipv6_addr_only): 200 GET http://10.180.1.21/compute/v2.1/servers/ed7220fa-fee9-4715-acbb-236682c6729e 0.193s
2025-02-10 12:21:36.167 62806 INFO tempest.lib.common.rest_client [req-c5b29d03-4c7a-48fa-a479-505592f9b276 req-c5b29d03-4c7a-48fa-a479-505592f9b276 ] Request (ServersTestBootFromVolume:setUpClass): 201 POST http://10.180.1.21:9696/networking/v2.0/security-group-rules 0.108s
2025-02-10 12:21:36.171 62846 INFO tempest.lib.common.rest_client [req-19629f10-2c14-4ce9-a62b-9292b3ee96c5 req-19629f10-2c14-4ce9-a62b-9292b3ee96c5 ] Request (ImagesOneServerNegativeTestJSON:_run_cleanups): 200 GET http://10.180.1.21/compute/v2.1/servers/d68b472d-2139-4e2d-bb28-7e45d80904cb 0.182s
2025-02-10 12:21:36.189 62838 INFO tempest.lib.common.rest_client [req-03b6831b-5b6e-4c49-b1a3-0428f8e8acb3 req-03b6831b-5b6e-4c49-b1a3-0428f8e8acb3 ] Request (ListImageFiltersTestJSON:setUpClass): 201 POST http://10.180.1.21/identity/v3/projects 0.043s
2025-02-10 12:21:36.224 62800 INFO tempest.lib.common.rest_client [req-4a9e8399-885c-4354-b78b-81fad7c17c06 req-4a9e8399-885c-4354-b78b-81fad7c17c06 ] Request (MultipleCreateTestJSON:test_multiple_create_with_reservation_return): 200 GET http://10.180.1.21/compute/v2.1/servers/74e663b1-b552-4b71-aa74-308e908d79e7 0.174s
2025-02-10 12:21:36.266 62838 INFO tempest.lib.common.rest_client [req-41a1c7c5-e1d0-4984-840d-2d5376e6b654 req-41a1c7c5-e1d0-4984-840d-2d5376e6b654 ] Request (ListImageFiltersTestJSON:setUpClass): 201 POST http://10.180.1.21/identity/v3/users 0.076s
2025-02-10 12:21:36.295 62838 INFO tempest.lib.common.rest_client [req-8e280a69-12f6-4970-a0ff-1fbfbe0f3c7a req-8e280a69-12f6-4970-a0ff-1fbfbe0f3c7a ] Request (ListImageFiltersTestJSON:setUpClass): 200 GET http://10.180.1.21/identity/v3/roles 0.028s
2025-02-10 12:21:36.337 62854 INFO tempest.lib.common.rest_client [req-744abfeb-b505-42e8-bf67-53000bf7257d req-744abfeb-b505-42e8-bf67-53000bf7257d ] Request (SecurityGroupsTestJSON:test_server_security_groups): 200 GET http://10.180.1.21/compute/v2.1/servers/76cb551e-e605-4c80-a6ef-e36681fc0bc2 0.124s
2025-02-10 12:21:36.340 62838 INFO tempest.lib.common.rest_client [req-d527abf4-33f7-4dcb-9618-4ab3791fc203 req-d527abf4-33f7-4dcb-9618-4ab3791fc203 ] Request (ListImageFiltersTestJSON:setUpClass): 204 PUT http://10.180.1.21/identity/v3/projects/cd5f87d0072e4d63acd3d201754f72f6/users/cc1c3efee2cd4153a413daebd5ceefed/roles/b19bf4b6d3a3448b95ac3b4a35a03e98 0.044s
2025-02-10 12:21:36.340 62838 INFO tempest.lib.common.dynamic_creds [-] Dynamic test user cc1c3efee2cd4153a413daebd5ceefed is created with scope project and roles: ['member']
2025-02-10 12:21:36.340 62838 INFO tempest.lib.common.dynamic_creds [-] Acquired dynamic creds: credentials: Credentials: {'domain_id': 'default', 'domain_name': 'Default', 'username': 'tempest-ListImageFiltersTestJSON-1588512512-project-member', 'project_domain_id': 'default', 'project_domain_name': 'Default', 'project_id': 'cd5f87d0072e4d63acd3d201754f72f6', 'project_name': 'tempest-ListImageFiltersTestJSON-1588512512', 'tenant_id': 'cd5f87d0072e4d63acd3d201754f72f6', 'tenant_name': 'tempest-ListImageFiltersTestJSON-1588512512', 'user_domain_id': 'default', 'user_domain_name': 'Default', 'user_id': 'cc1c3efee2cd4153a413daebd5ceefed', 'system': None}, Network: None, Subnet: None, Router: None
2025-02-10 12:21:36.340 62838 INFO tempest.lib.common.dynamic_creds [-] Created isolated network resources for: credentials: Credentials: {'domain_id': 'default', 'domain_name': 'Default', 'username': 'tempest-ListImageFiltersTestJSON-1588512512-project-member', 'project_domain_id': 'default', 'project_domain_name': 'Default', 'project_id': 'cd5f87d0072e4d63acd3d201754f72f6', 'project_name': 'tempest-ListImageFiltersTestJSON-1588512512', 'tenant_id': 'cd5f87d0072e4d63acd3d201754f72f6', 'tenant_name': 'tempest-ListImageFiltersTestJSON-1588512512', 'user_domain_id': 'default', 'user_domain_name': 'Default', 'user_id': 'cc1c3efee2cd4153a413daebd5ceefed', 'system': None}, Network: None, Subnet: None, Router: None
2025-02-10 12:21:36.427 62806 INFO tempest.lib.common.rest_client [req-ec2d997e-0847-4fd9-a814-f1f4c47878a3 req-ec2d997e-0847-4fd9-a814-f1f4c47878a3 ] Request (ServersTestBootFromVolume:setUpClass): 201 POST http://10.180.1.21:9696/networking/v2.0/security-group-rules 0.259s
2025-02-10 12:21:36.446 62838 INFO tempest.lib.common.rest_client [req-fc56ab39-ada1-49b2-a40b-9842d362dc0c req-fc56ab39-ada1-49b2-a40b-9842d362dc0c ] Request (ListImageFiltersTestJSON:setUpClass): 201 POST http://10.180.1.21/identity/v3/auth/tokens 0.102s
2025-02-10 12:21:36.453 62812 INFO tempest.lib.common.rest_client [req-f1a8e69f-2620-4273-b5bd-08e3daf9bc44 req-f1a8e69f-2620-4273-b5bd-08e3daf9bc44 ] Request (ServerMetadataTestJSON:setUpClass): 200 GET http://10.180.1.21/compute/v2.1/servers/566c207c-5506-4410-98ab-aee9fdbc5d6e 0.253s
2025-02-10 12:21:36.545 62808 INFO tempest.lib.common.rest_client [req-3b14e389-2aa0-4490-bf6f-c5c44c336d9c req-3b14e389-2aa0-4490-bf6f-c5c44c336d9c ] Request (FloatingIPsAssociationTestJSON:test_associate_already_associated_floating_ip): 200 GET http://10.180.1.21/compute/v2.1/servers/41a980df-88a9-4f9b-b34b-905b226c0675 0.071s
2025-02-10 12:21:36.605 62830 INFO tempest.lib.common.rest_client [req-c9440eff-90a5-4891-a726-d33e0a1eca2e req-c9440eff-90a5-4891-a726-d33e0a1eca2e ] Request (ListServerFiltersTestJSON:test_list_servers_filter_by_shutoff_status): 200 GET http://10.180.1.21/compute/v2.1/servers/d30397b4-c617-4717-b624-ad1b06331bea 0.210s
2025-02-10 12:21:36.681 62820 INFO tempest.lib.common.rest_client [req-3612ee3f-b3a6-48a0-b0a3-d3f7b5ba997f req-3612ee3f-b3a6-48a0-b0a3-d3f7b5ba997f ] Request (ImagesOneServerTestJSON:setUpClass): 200 GET http://10.180.1.21/compute/v2.1/servers/504396d8-077d-4563-91b5-a7a6259eea27 0.150s
2025-02-10 12:21:36.687 62816 INFO tempest.lib.common.rest_client [req-d91fd84e-8c7c-4aff-ab98-0b8b0c328fa5 req-d91fd84e-8c7c-4aff-ab98-0b8b0c328fa5 ] Request (ImagesTestJSON:test_create_image_from_stopped_server): 200 GET http://10.180.1.21/compute/v2.1/servers/ee1c638b-1f38-4e21-9369-4d4ff2e13d46 0.158s
2025-02-10 12:21:36.697 62816 INFO tempest.common.waiters [-] State transition "BUILD/spawning" ==> "ACTIVE/None" after 99 second wait
2025-02-10 12:21:36.751 62844 INFO tempest.lib.common.rest_client [req-43ca9cb0-c7ac-4a98-bc06-9cc3d8d53094 req-43ca9cb0-c7ac-4a98-bc06-9cc3d8d53094 ] Request (ServersTestFqdnHostnames:test_create_server_with_fqdn_name): 200 GET http://10.180.1.21/compute/v2.1/servers/a10c4dee-4490-445a-bea2-9f8ef5425d15 0.146s
2025-02-10 12:21:36.768 62852 INFO tempest.lib.common.rest_client [req-c31073a2-4806-4b1a-8afd-27f11d09a85c req-c31073a2-4806-4b1a-8afd-27f11d09a85c ] Request (ServersAdminNegativeTestJSON:tearDownClass): 200 GET http://10.180.1.21/compute/v2.1/servers/3824a70e-8498-410a-904d-c7cd0de0c358 0.155s
2025-02-10 12:21:36.809 62834 INFO tempest.lib.common.rest_client [req-8a35e047-227b-4969-a13e-bc26f5362fef req-8a35e047-227b-4969-a13e-bc26f5362fef ] Request (ServersNegativeTestMultiTenantJSON:setUpClass): 200 GET http://10.180.1.21/compute/v2.1/servers/7a086314-3e49-48e9-82c9-cead8ecb19d1 0.146s
2025-02-10 12:21:36.831 62802 INFO tempest.lib.common.rest_client [req-3932e4e0-34ab-41db-b5a2-60e894c62245 req-3932e4e0-34ab-41db-b5a2-60e894c62245 ] Request (ServerShowV254Test:tearDownClass): 200 GET http://10.180.1.21/compute/v2.1/servers/63a7f41d-13cc-420a-96d3-a3f102869137 0.146s
2025-02-10 12:21:36.870 62816 INFO tempest.lib.common.rest_client [req-420fe96b-91a5-4246-a52d-8330b63f524c req-420fe96b-91a5-4246-a52d-8330b63f524c ] Request (ImagesTestJSON:test_create_image_from_stopped_server): 202 POST http://10.180.1.21/compute/v2.1/servers/ee1c638b-1f38-4e21-9369-4d4ff2e13d46/action 0.172s
2025-02-10 12:21:36.895 62858 INFO tempest.lib.common.rest_client [req-161f4856-9b51-4d1a-806b-07ec296a75e7 req-161f4856-9b51-4d1a-806b-07ec296a75e7 ] Request (AttachVolumeTestJSON:test_attach_detach_volume): 200 GET http://10.180.1.21/compute/v2.1/servers/3c4c395c-0625-4569-990d-e2d4ad162c14 0.133s
2025-02-10 12:21:36.906 62838 INFO tempest.lib.common.rest_client [req-bc99b898-b723-4f10-9e9e-88f54fec25b3 req-bc99b898-b723-4f10-9e9e-88f54fec25b3 ] Request (ListImageFiltersTestJSON:setUpClass): 201 POST http://10.180.1.21/image/v2/images 0.460s
2025-02-10 12:21:36.951 62806 INFO tempest.lib.common.rest_client [req-733a25f6-4517-4b5b-bfc4-bda81cda39c7 req-733a25f6-4517-4b5b-bfc4-bda81cda39c7 ] Request (ServersTestBootFromVolume:setUpClass): 201 POST http://10.180.1.21:9696/networking/v2.0/floatingips 0.523s
2025-02-10 12:21:37.014 62806 INFO tempest.lib.common.rest_client [req-29ccbf68-d605-4b55-951d-06a89ec11d1c req-29ccbf68-d605-4b55-951d-06a89ec11d1c ] Request (ServersTestBootFromVolume:setUpClass): 201 POST http://10.180.1.21/identity/v3/auth/tokens 0.058s
2025-02-10 12:21:37.014 62806 INFO tempest.lib.common.fixed_network [-] (ServersTestBootFromVolume:setUpClass) Found network {'id': 'fe5f9959-d5b5-47d4-bfa0-689a4f70bf12', 'name': 'tempest-ServersTestBootFromVolume-291790058-network', 'tenant_id': '5c08a602a8fe4b4396543ac75ac40e7b', 'admin_state_up': True, 'mtu': 8950, 'status': 'ACTIVE', 'subnets': [], 'shared': False, 'project_id': '5c08a602a8fe4b4396543ac75ac40e7b', 'port_security_enabled': True, 'router:external': False, 'provider:network_type': 'vlan', 'provider:physical_network': 'default', 'provider:segmentation_id': 475, 'availability_zone_hints': [], 'availability_zones': [], 'ipv4_address_scope': None, 'ipv6_address_scope': None, 'description': '', 'tags': [], 'created_at': '2025-02-10T12:21:33Z', 'updated_at': '2025-02-10T12:21:33Z', 'revision_number': 1} available for tenant
2025-02-10 12:21:37.023 62822 INFO tempest.lib.common.rest_client [req-49612c62-7c4f-409b-8ec1-e6c31626782b req-49612c62-7c4f-409b-8ec1-e6c31626782b ] Request (ServerDiskConfigTestJSON:test_rebuild_server_with_auto_disk_config): 200 GET http://10.180.1.21/compute/v2.1/servers/713dd924-1c96-496a-bd06-cf0235dd6f75 0.166s
2025-02-10 12:21:37.031 62816 INFO tempest.lib.common.rest_client [req-ac117e1f-c1ea-496e-ba6f-cfa7906459e7 req-ac117e1f-c1ea-496e-ba6f-cfa7906459e7 ] Request (ImagesTestJSON:test_create_image_from_stopped_server): 200 GET http://10.180.1.21/compute/v2.1/servers/ee1c638b-1f38-4e21-9369-4d4ff2e13d46 0.160s
2025-02-10 12:21:37.076 62848 INFO tempest.lib.common.rest_client [req-593657e0-a52e-4f0e-82e3-10e6b6f5d9ce req-593657e0-a52e-4f0e-82e3-10e6b6f5d9ce ] Request (ServersTestMultiNic:test_verify_duplicate_network_nics): 200 GET http://10.180.1.21/compute/v2.1/servers/a185273e-cdaf-4967-832b-f75014b7b3f4 0.125s
