2025-02-10 12:19:10.766 62854 INFO tempest.lib.common.rest_client [req-9a47f28c-fa1f-497e-8eac-2cb71feec4cf req-9a47f28c-fa1f-497e-8eac-2cb71feec4cf ] Request (SecurityGroupsTestJSON:setUpClass): 200 GET http://10.180.1.21/identity/v3/domains?name=Default 0.034s
2025-02-10 12:19:10.771 62844 INFO tempest.lib.common.rest_client [req-0f2c84ba-d7e5-4052-a76a-9535dce5d2d2 req-0f2c84ba-d7e5-4052-a76a-9535dce5d2d2 ] Request (FlavorsExtraSpecsTestJSON:tearDownClass): 204 DELETE http://10.180.1.21:9696/networking/v2.0/security-groups/32202424-84e7-4ee1-a323-1bc2099f28c1 0.226s
2025-02-10 12:19:10.814 62854 INFO tempest.lib.common.rest_client [req-d4430809-2a1d-484c-a7de-015aa74dec5a req-d4430809-2a1d-484c-a7de-015aa74dec5a ] Request (SecurityGroupsTestJSON:setUpClass): 201 POST http://10.180.1.21/identity/v3/projects 0.047s
2025-02-10 12:19:10.876 62850 INFO tempest.lib.common.rest_client [req-d9c6e9ad-cf65-4ab7-8b61-1e5d36b82a26 req-d9c6e9ad-cf65-4ab7-8b61-1e5d36b82a26 ] Request (MigrationsAdminTest:test_list_migrations): 200 GET http://10.180.1.21/compute/v2.1/os-migrations 2.629s
2025-02-10 12:19:10.893 62828 INFO tempest.lib.common.rest_client [req-ecfdafe1-3e8f-4fb4-b832-b3a6926f055e req-ecfdafe1-3e8f-4fb4-b832-b3a6926f055e ] Request (SecurityGroupsTestAdminJSON:tearDownClass): 204 DELETE http://10.180.1.21:9696/networking/v2.0/security-groups/71999e53-4ae9-4bbf-bbcd-2270e6f972e8 0.134s
2025-02-10 12:19:10.945 62836 INFO tempest.lib.common.rest_client [req-229eb8ba-1eaf-4fc9-ac55-22c05d25c923 req-229eb8ba-1eaf-4fc9-ac55-22c05d25c923 ] Request (ServersAdmin275Test:test_rebuild_update_server_275): 200 GET http://10.180.1.21/compute/v2.1/servers/9a098809-cc26-4210-b09e-b7825c406294 2.648s
2025-02-10 12:19:10.961 62854 INFO tempest.lib.common.rest_client [req-cacfee52-71ce-42de-b547-6d795606fbfb req-cacfee52-71ce-42de-b547-6d795606fbfb ] Request (SecurityGroupsTestJSON:setUpClass): 201 POST http://10.180.1.21/identity/v3/users 0.147s
2025-02-10 12:19:10.970 62840 INFO tempest.lib.common.rest_client [req-e9df9161-52be-4164-8894-1e14da25e6ab req-e9df9161-52be-4164-8894-1e14da25e6ab ] Request (QuotasAdminTestJSON:test_get_updated_quotas): 200 GET http://10.180.1.21/compute/v2.1/os-quota-sets/1e8b9655a48b431b97acaa64595dc5c3?user_id=87a8908d4d734686b6d4b9acb5ea8999 2.695s
2025-02-10 12:19:10.975 62844 INFO tempest.lib.common.rest_client [req-9d3fa768-f36e-4237-9f44-20a7da1f0b6c req-9d3fa768-f36e-4237-9f44-20a7da1f0b6c ] Request (FlavorsExtraSpecsTestJSON:tearDownClass): 204 DELETE http://10.180.1.21/identity/v3/projects/0bef85a9c9f6490a864a0947f042f1f7 0.204s
2025-02-10 12:19:11.012 62820 INFO tempest.lib.common.rest_client [req-91c66f0f-413e-4f75-b941-39b77ed93d13 req-91c66f0f-413e-4f75-b941-39b77ed93d13 ] Request (ServerDiagnosticsNegativeTest:test_get_server_diagnostics_by_non_admin): 200 GET http://10.180.1.21/compute/v2.1/servers/a5657a70-5374-4d52-be9a-2d05f9556d16 2.610s
2025-02-10 12:19:11.043 62850 INFO tempest.lib.common.rest_client [req-e95c92b9-74e2-42fb-afc0-880104aeea12 req-e95c92b9-74e2-42fb-afc0-880104aeea12 ] Request (MigrationsAdminTest:test_list_migrations_in_flavor_resize_situation): 201 POST http://10.180.1.21/identity/v3/auth/tokens 0.160s
2025-02-10 12:19:11.044 62850 INFO tempest.lib.common.fixed_network [-] (MigrationsAdminTest:test_list_migrations_in_flavor_resize_situation) Found network None available for tenant
2025-02-10 12:19:11.045 62802 INFO tempest.lib.common.rest_client [req-63cfc565-d7c7-4e3c-a60b-020c0f1787ae req-63cfc565-d7c7-4e3c-a60b-020c0f1787ae ] Request (FlavorsAdminTestJSON:_run_cleanups): 202 DELETE http://10.180.1.21/compute/v2.1/flavors/9df31530-0b51-4802-92f3-4d14dabee63d 2.373s
2025-02-10 12:19:11.083 62854 INFO tempest.lib.common.rest_client [req-e84e92e0-4881-465f-85d4-447abf1cbfbe req-e84e92e0-4881-465f-85d4-447abf1cbfbe ] Request (SecurityGroupsTestJSON:setUpClass): 200 GET http://10.180.1.21/identity/v3/roles 0.121s
2025-02-10 12:19:11.085 62806 INFO tempest.lib.common.rest_client [req-33d643d7-adfd-42f5-9cc8-9358a870d054 req-33d643d7-adfd-42f5-9cc8-9358a870d054 ] Request (FlavorsAccessNegativeTestJSON:_run_cleanups): 200 GET http://10.180.1.21/compute/v2.1/flavors/detail 2.395s
2025-02-10 12:19:11.092 62818 INFO tempest.lib.common.rest_client [req-21edd6a3-3470-4d07-9133-285ce8523dc8 req-21edd6a3-3470-4d07-9133-285ce8523dc8 ] Request (AggregatesAdminNegativeTestJSON:test_aggregate_create_as_user): 403 POST http://10.180.1.21/compute/v2.1/os-aggregates 2.394s
2025-02-10 12:19:11.107 62810 INFO tempest.lib.common.rest_client [req-aafe6db2-bd9d-4c38-8302-9e1276321121 req-aafe6db2-bd9d-4c38-8302-9e1276321121 ] Request (VolumesAssistedSnapshotsTest:test_volume_assisted_snapshot_create_delete): 200 GET http://10.180.1.21/compute/v2.1/servers/bf2ccaeb-610a-437b-be94-d3caefbe15c5 2.510s
2025-02-10 12:19:11.119 62810 INFO tempest.common.waiters [-] State transition "BUILD/scheduling" ==> "BUILD/None" after 9 second wait
2025-02-10 12:19:11.120 62828 INFO tempest.lib.common.rest_client [req-4b70f305-eabd-454b-a6ca-e6fd366dd96d req-4b70f305-eabd-454b-a6ca-e6fd366dd96d ] Request (SecurityGroupsTestAdminJSON:tearDownClass): 204 DELETE http://10.180.1.21/identity/v3/projects/19662e23ba0e43418a3b1cf5c7fcef92 0.226s
2025-02-10 12:19:11.126 62842 INFO tempest.lib.common.rest_client [req-5736426b-3416-48be-80bb-8b7f9d0d9f5e req-5736426b-3416-48be-80bb-8b7f9d0d9f5e ] Request (KeyPairsV2TestJSON:_run_cleanups): 202 DELETE http://10.180.1.21/compute/v2.1/os-keypairs/tempest-KeyPairsV2TestJSON-keypair-1245804600 2.406s
2025-02-10 12:19:11.189 62844 INFO tempest.lib.common.rest_client [req-2af1a2c2-da5e-4384-b1ac-e4db08b8b0b7 req-2af1a2c2-da5e-4384-b1ac-e4db08b8b0b7 ] Request (FloatingIPsAssociationNegativeTestJSON:setUpClass): 201 POST http://10.180.1.21/identity/v3/auth/tokens 0.212s
2025-02-10 12:19:11.195 62860 INFO tempest.lib.common.rest_client [req-c0f62334-9260-4bc3-a8ee-c738b4120eb6 req-c0f62334-9260-4bc3-a8ee-c738b4120eb6 ] Request (ServersWithSpecificFlavorTestJSON:test_verify_created_server_ephemeral_disk): 200 GET http://10.180.1.21/compute/v2.1/servers/7d561939-df5d-4f8d-99b1-5eb5f0fdfc0a 2.214s
2025-02-10 12:19:11.209 62834 INFO tempest.lib.common.rest_client [req-e45e9040-93e6-4ab4-90a3-6f0953a41e5c req-e45e9040-93e6-4ab4-90a3-6f0953a41e5c ] Request (ServerShowV257Test:test_rebuild_server): 200 GET http://10.180.1.21/compute/v2.1/servers/c73686c6-4dd8-4f00-a65a-5d8574409ad1 2.191s
2025-02-10 12:19:11.226 62854 INFO tempest.lib.common.rest_client [req-6e7036ce-86a7-46cb-8351-6c40d0278bab req-6e7036ce-86a7-46cb-8351-6c40d0278bab ] Request (SecurityGroupsTestJSON:setUpClass): 204 PUT http://10.180.1.21/identity/v3/projects/ec421e0535f04c2ba17759e8342e1897/users/fb193a7b00704d0d97429f6efc17ce98/roles/b19bf4b6d3a3448b95ac3b4a35a03e98 0.142s
2025-02-10 12:19:11.227 62854 INFO tempest.lib.common.dynamic_creds [-] Dynamic test user fb193a7b00704d0d97429f6efc17ce98 is created with scope project and roles: ['member']
2025-02-10 12:19:11.227 62854 INFO tempest.lib.common.dynamic_creds [-] Acquired dynamic creds: credentials: Credentials: {'domain_id': 'default', 'domain_name': 'Default', 'username': 'tempest-SecurityGroupsTestJSON-1761875515-project-member', 'project_domain_id': 'default', 'project_domain_name': 'Default', 'project_id': 'ec421e0535f04c2ba17759e8342e1897', 'project_name': 'tempest-SecurityGroupsTestJSON-1761875515', 'tenant_id': 'ec421e0535f04c2ba17759e8342e1897', 'tenant_name': 'tempest-SecurityGroupsTestJSON-1761875515', 'user_domain_id': 'default', 'user_domain_name': 'Default', 'user_id': 'fb193a7b00704d0d97429f6efc17ce98', 'system': None}, Network: None, Subnet: None, Router: None
2025-02-10 12:19:11.295 62826 INFO tempest.lib.common.rest_client [req-8a3fc49c-ee06-4ee8-a12a-6b691c647a63 req-8a3fc49c-ee06-4ee8-a12a-6b691c647a63 ] Request (ServersTestJSON:setUpClass): 200 GET http://10.180.1.21/compute/v2.1/servers/95e4fe36-6830-4fc4-bb53-1e5643c2f95b 1.635s
2025-02-10 12:19:11.299 62840 INFO tempest.lib.common.rest_client [req-5d2c78e1-c199-4d62-b3f5-50c316f5e93b req-5d2c78e1-c199-4d62-b3f5-50c316f5e93b ] Request (QuotasAdminTestJSON:_run_cleanups): 204 DELETE http://10.180.1.21/identity/v3/users/87a8908d4d734686b6d4b9acb5ea8999 0.327s
2025-02-10 12:19:11.303 62828 INFO tempest.lib.common.rest_client [req-0a08910b-66a2-4fe9-9cd1-c89a96fb4051 req-0a08910b-66a2-4fe9-9cd1-c89a96fb4051 ] Request (ServicesAdminNegativeTestJSON:setUpClass): 201 POST http://10.180.1.21/identity/v3/auth/tokens 0.181s
2025-02-10 12:19:11.373 62846 INFO tempest.lib.common.rest_client [req-7e223123-a049-42de-800d-f5b16880ffb1 req-7e223123-a049-42de-800d-f5b16880ffb1 ] Request (ImagesOneServerNegativeTestJSON:setUpClass): 200 GET http://10.180.1.21/compute/v2.1/servers/74b6ae10-a595-4139-8eda-38fe1aa298cf 1.789s
2025-02-10 12:19:11.386 62844 INFO tempest.lib.common.rest_client [req-5c449371-1ac4-44a8-af1a-062968dfe51c req-5c449371-1ac4-44a8-af1a-062968dfe51c ] Request (FloatingIPsAssociationNegativeTestJSON:setUpClass): 201 POST http://10.180.1.21/identity/v3/auth/tokens 0.194s
2025-02-10 12:19:11.435 62842 INFO tempest.lib.common.rest_client [req-34bb1e84-f8d6-4cc4-8ca2-c5b0331ec54f req-34bb1e84-f8d6-4cc4-8ca2-c5b0331ec54f ] Request (KeyPairsV2TestJSON:tearDownClass): 204 DELETE http://10.180.1.21/identity/v3/users/667ef1136fb74d16919b9a59a9f0a25c 0.307s
2025-02-10 12:19:11.435 62842 INFO tempest.lib.common.dynamic_creds [-] Deleting project and security group for project: 69d258f7bd654effadc2f244fced09b0
2025-02-10 12:19:11.443 62862 INFO tempest.lib.common.rest_client [req-4a1dd9f2-d49e-46e3-8559-f6c53a29f899 req-4a1dd9f2-d49e-46e3-8559-f6c53a29f899 ] Request (AttachInterfacesTestJSON:setUpClass): 200 PUT http://10.180.1.21:9696/networking/v2.0/routers/1624ecb8-7758-4868-a101-9b0bee345fcc/add_router_interface 2.530s
2025-02-10 12:19:11.443 62862 INFO tempest.lib.common.dynamic_creds [-] Created isolated network resources for: credentials: Credentials: {'domain_id': 'default', 'domain_name': 'Default', 'username': 'tempest-AttachInterfacesTestJSON-1457883008-project-member', 'project_domain_id': 'default', 'project_domain_name': 'Default', 'project_id': '4bdd1f5caf09454d808bcdc15df2d3a7', 'project_name': 'tempest-AttachInterfacesTestJSON-1457883008', 'tenant_id': '4bdd1f5caf09454d808bcdc15df2d3a7', 'tenant_name': 'tempest-AttachInterfacesTestJSON-1457883008', 'user_domain_id': 'default', 'user_domain_name': 'Default', 'user_id': 'ab5e5a8e6ee64aad8d52342ee3f5af36', 'system': None}, Network: {'id': 'be0fe686-4986-439e-aa82-5cbe54104c8a', 'name': 'tempest-AttachInterfacesTestJSON-558443835-network', 'tenant_id': '4bdd1f5caf09454d808bcdc15df2d3a7', 'admin_state_up': True, 'mtu': 8950, 'status': 'ACTIVE', 'subnets': [], 'shared': False, 'project_id': '4bdd1f5caf09454d808bcdc15df2d3a7', 'port_security_enabled': True, 'router:external': False, 'provider:network_type': 'vlan', 'provider:physical_network': 'default', 'provider:segmentation_id': 88, 'availability_zone_hints': [], 'availability_zones': [], 'ipv4_address_scope': None, 'ipv6_address_scope': None, 'description': '', 'tags': [], 'created_at': '2025-02-10T12:19:07Z', 'updated_at': '2025-02-10T12:19:07Z', 'revision_number': 1}, Subnet: {'id': 'afd2379b-ca05-4e36-bb74-48dcfaca3f68', 'name': 'tempest-AttachInterfacesTestJSON-558443835-subnet', 'tenant_id': '4bdd1f5caf09454d808bcdc15df2d3a7', 'network_id': 'be0fe686-4986-439e-aa82-5cbe54104c8a', 'ip_version': 4, 'subnetpool_id': None, 'enable_dhcp': True, 'ipv6_ra_mode': None, 'ipv6_address_mode': None, 'gateway_ip': '192.168.128.1', 'cidr': '192.168.128.0/28', 'allocation_pools': [{'start': '192.168.128.2', 'end': '192.168.128.14'}], 'host_routes': [], 'dns_nameservers': [], 'description': '', 'router:external': False, 'service_types': [], 'tags': [], 'created_at': '2025-02-10T12:19:07Z', 'updated_at': '2025-02-10T12:19:07Z', 'revision_number': 0, 'project_id': '4bdd1f5caf09454d808bcdc15df2d3a7'}, Router: {'id': '1624ecb8-7758-4868-a101-9b0bee345fcc', 'name': 'tempest-AttachInterfacesTestJSON-558443835-router', 'tenant_id': '4bdd1f5caf09454d808bcdc15df2d3a7', 'admin_state_up': True, 'status': 'ACTIVE', 'external_gateway_info': {'network_id': 'fa840195-2097-438a-bcf5-398379263fc9', 'external_fixed_ips': [{'subnet_id': '26af22b3-6ad2-42b4-948b-649031f33a58', 'ip_address': '10.180.180.193'}], 'enable_snat': True}, 'description': '', 'availability_zones': [], 'distributed': False, 'ha': False, 'availability_zone_hints': [], 'routes': [], 'flavor_id': None, 'tags': [], 'created_at': '2025-02-10T12:19:08Z', 'updated_at': '2025-02-10T12:19:08Z', 'revision_number': 2, 'project_id': '4bdd1f5caf09454d808bcdc15df2d3a7'}
2025-02-10 12:19:11.485 62854 INFO tempest.lib.common.rest_client [req-34db8aca-cba3-4c86-813a-2d833cea4f85 req-34db8aca-cba3-4c86-813a-2d833cea4f85 ] Request (SecurityGroupsTestJSON:setUpClass): 201 POST http://10.180.1.21/identity/v3/auth/tokens 0.258s
2025-02-10 12:19:11.536 62830 INFO tempest.lib.common.rest_client [req-ce72ef56-e2f4-459d-8f91-c8be3179c1f0 req-ce72ef56-e2f4-459d-8f91-c8be3179c1f0 ] Request (InstanceActionsV221TestJSON:test_get_list_deleted_instance_actions): 200 GET http://10.180.1.21/compute/v2.1/servers/7828f9c8-fc02-4218-ba93-5362af807dad 1.094s
2025-02-10 12:19:11.557 62828 INFO tempest.lib.common.rest_client [req-0fd34b41-8c9f-408e-8634-dfe437d31480 req-0fd34b41-8c9f-408e-8634-dfe437d31480 ] Request (ServicesAdminNegativeTestJSON:setUpClass): 201 POST http://10.180.1.21/identity/v3/auth/tokens 0.251s
2025-02-10 12:19:11.563 62840 INFO tempest.lib.common.rest_client [req-bb6f57c0-3adb-4fe1-b89e-2fb99bf2f14d req-bb6f57c0-3adb-4fe1-b89e-2fb99bf2f14d ] Request (QuotasAdminTestJSON:_run_cleanups): 204 DELETE http://10.180.1.21/identity/v3/projects/1e8b9655a48b431b97acaa64595dc5c3 0.263s
2025-02-10 12:19:11.571 62814 INFO tempest.lib.common.rest_client [req-e91a4767-60d7-4763-bec3-4fbeaafc1692 req-e91a4767-60d7-4763-bec3-4fbeaafc1692 ] Request (DeleteServersAdminTestJSON:test_admin_delete_servers_of_others): 200 GET http://10.180.1.21/compute/v2.1/servers/a3830103-2dcb-40ac-8e62-b331fe4673ff 1.057s
2025-02-10 12:19:11.612 62842 INFO tempest.lib.common.rest_client [req-94432237-f6d8-40f3-a103-cce02253a418 req-94432237-f6d8-40f3-a103-cce02253a418 ] Request (KeyPairsV2TestJSON:tearDownClass): 201 POST http://10.180.1.21/identity/v3/auth/tokens 0.173s
2025-02-10 12:19:11.620 62844 INFO tempest.lib.common.rest_client [req-76593f80-46cb-4ffb-9718-e5357cf19485 req-76593f80-46cb-4ffb-9718-e5357cf19485 ] Request (FloatingIPsAssociationNegativeTestJSON:setUpClass): 200 GET http://10.180.1.21/identity/v3/domains?name=Default 0.234s
2025-02-10 12:19:11.667 62848 INFO tempest.lib.common.rest_client [req-7536266b-9141-4d94-b391-068b1ea1e3a3 req-7536266b-9141-4d94-b391-068b1ea1e3a3 ] Request (ServersAdminTestJSON:setUpClass): 200 GET http://10.180.1.21/compute/v2.1/servers/84ad5317-344d-44c1-9318-fa1574321296 0.979s
2025-02-10 12:19:11.673 62800 INFO tempest.lib.common.rest_client [req-c34b58fe-c53a-4af0-b389-f514de858964 req-c34b58fe-c53a-4af0-b389-f514de858964 ] Request (MultipleCreateTestJSON:test_multiple_create): 200 GET http://10.180.1.21/compute/v2.1/servers 1.104s
2025-02-10 12:19:11.701 62862 INFO tempest.lib.common.rest_client [req-bf98f1e7-8db7-46ec-ad7f-5013f056e1fc req-bf98f1e7-8db7-46ec-ad7f-5013f056e1fc ] Request (AttachInterfacesTestJSON:setUpClass): 201 POST http://10.180.1.21/identity/v3/auth/tokens 0.253s
2025-02-10 12:19:11.723 62828 INFO tempest.lib.common.rest_client [req-c4fcb715-d32f-4075-ac28-0fc590695d8a req-c4fcb715-d32f-4075-ac28-0fc590695d8a ] Request (ServicesAdminNegativeTestJSON:setUpClass): 200 GET http://10.180.1.21/identity/v3/domains?name=Default 0.166s
2025-02-10 12:19:11.739 62844 INFO tempest.lib.common.rest_client [req-5cc36275-f8a3-4ff2-8361-a5fc489ae53e req-5cc36275-f8a3-4ff2-8361-a5fc489ae53e ] Request (FloatingIPsAssociationNegativeTestJSON:setUpClass): 201 POST http://10.180.1.21/identity/v3/projects 0.118s
2025-02-10 12:19:11.801 62828 INFO tempest.lib.common.rest_client [req-629f3541-7f0b-468c-9f83-aef62efdd456 req-629f3541-7f0b-468c-9f83-aef62efdd456 ] Request (ServicesAdminNegativeTestJSON:setUpClass): 201 POST http://10.180.1.21/identity/v3/projects 0.076s
2025-02-10 12:19:11.860 62844 INFO tempest.lib.common.rest_client [req-3b2f3f0a-f997-4055-a43b-29bac8edef34 req-3b2f3f0a-f997-4055-a43b-29bac8edef34 ] Request (FloatingIPsAssociationNegativeTestJSON:setUpClass): 201 POST http://10.180.1.21/identity/v3/users 0.120s
2025-02-10 12:19:11.890 62828 INFO tempest.lib.common.rest_client [req-c335fd18-0007-4b96-8f7c-852f7970ee5d req-c335fd18-0007-4b96-8f7c-852f7970ee5d ] Request (ServicesAdminNegativeTestJSON:setUpClass): 201 POST http://10.180.1.21/identity/v3/users 0.089s
2025-02-10 12:19:11.891 62844 INFO tempest.lib.common.rest_client [req-1a7305fc-25cc-4866-8706-db762ce8ca6e req-1a7305fc-25cc-4866-8706-db762ce8ca6e ] Request (FloatingIPsAssociationNegativeTestJSON:setUpClass): 200 GET http://10.180.1.21/identity/v3/roles 0.031s
2025-02-10 12:19:11.915 62828 INFO tempest.lib.common.rest_client [req-54b1c9bb-6989-40ea-a4e2-581d332cb3fb req-54b1c9bb-6989-40ea-a4e2-581d332cb3fb ] Request (ServicesAdminNegativeTestJSON:setUpClass): 200 GET http://10.180.1.21/identity/v3/roles 0.023s
2025-02-10 12:19:11.925 62844 INFO tempest.lib.common.rest_client [req-dff1a8fa-673a-4890-8406-af42d5df8ed8 req-dff1a8fa-673a-4890-8406-af42d5df8ed8 ] Request (FloatingIPsAssociationNegativeTestJSON:setUpClass): 204 PUT http://10.180.1.21/identity/v3/projects/13784066a83f4c8a83f6d65e62a1e6df/users/5de7455684c8411bab8275a9c6d6d50c/roles/b19bf4b6d3a3448b95ac3b4a35a03e98 0.034s
2025-02-10 12:19:11.926 62844 INFO tempest.lib.common.dynamic_creds [-] Dynamic test user 5de7455684c8411bab8275a9c6d6d50c is created with scope project and roles: ['member']
2025-02-10 12:19:11.926 62844 INFO tempest.lib.common.dynamic_creds [-] Acquired dynamic creds: credentials: Credentials: {'domain_id': 'default', 'domain_name': 'Default', 'username': 'tempest-FloatingIPsAssociationNegativeTestJSON-1640952404-project-member', 'project_domain_id': 'default', 'project_domain_name': 'Default', 'project_id': '13784066a83f4c8a83f6d65e62a1e6df', 'project_name': 'tempest-FloatingIPsAssociationNegativeTestJSON-1640952404', 'tenant_id': '13784066a83f4c8a83f6d65e62a1e6df', 'tenant_name': 'tempest-FloatingIPsAssociationNegativeTestJSON-1640952404', 'user_domain_id': 'default', 'user_domain_name': 'Default', 'user_id': '5de7455684c8411bab8275a9c6d6d50c', 'system': None}, Network: None, Subnet: None, Router: None
2025-02-10 12:19:11.982 62828 INFO tempest.lib.common.rest_client [req-b4ddef96-04a9-4bfd-af7f-094ed85d9ad7 req-b4ddef96-04a9-4bfd-af7f-094ed85d9ad7 ] Request (ServicesAdminNegativeTestJSON:setUpClass): 204 PUT http://10.180.1.21/identity/v3/projects/11f19addcc984f10a4c69cabcc49087c/users/ab5049c1a3b44e9080f5de1aa23a6f2f/roles/b19bf4b6d3a3448b95ac3b4a35a03e98 0.066s
2025-02-10 12:19:11.982 62828 INFO tempest.lib.common.dynamic_creds [-] Dynamic test user ab5049c1a3b44e9080f5de1aa23a6f2f is created with scope project and roles: ['member']
2025-02-10 12:19:11.982 62828 INFO tempest.lib.common.dynamic_creds [-] Acquired dynamic creds: credentials: Credentials: {'domain_id': 'default', 'domain_name': 'Default', 'username': 'tempest-ServicesAdminNegativeTestJSON-2098378232-project-member', 'project_domain_id': 'default', 'project_domain_name': 'Default', 'project_id': '11f19addcc984f10a4c69cabcc49087c', 'project_name': 'tempest-ServicesAdminNegativeTestJSON-2098378232', 'tenant_id': '11f19addcc984f10a4c69cabcc49087c', 'tenant_name': 'tempest-ServicesAdminNegativeTestJSON-2098378232', 'user_domain_id': 'default', 'user_domain_name': 'Default', 'user_id': 'ab5049c1a3b44e9080f5de1aa23a6f2f', 'system': None}, Network: None, Subnet: None, Router: None
2025-02-10 12:19:11.982 62828 INFO tempest.lib.common.dynamic_creds [-] Created isolated network resources for: credentials: Credentials: {'domain_id': 'default', 'domain_name': 'Default', 'username': 'tempest-ServicesAdminNegativeTestJSON-2098378232-project-member', 'project_domain_id': 'default', 'project_domain_name': 'Default', 'project_id': '11f19addcc984f10a4c69cabcc49087c', 'project_name': 'tempest-ServicesAdminNegativeTestJSON-2098378232', 'tenant_id': '11f19addcc984f10a4c69cabcc49087c', 'tenant_name': 'tempest-ServicesAdminNegativeTestJSON-2098378232', 'user_domain_id': 'default', 'user_domain_name': 'Default', 'user_id': 'ab5049c1a3b44e9080f5de1aa23a6f2f', 'system': None}, Network: None, Subnet: None, Router: None
2025-02-10 12:19:11.994 62844 INFO tempest.lib.common.rest_client [req-6cfba3d1-3d2b-4452-8a1b-5204e9ae2bc4 req-6cfba3d1-3d2b-4452-8a1b-5204e9ae2bc4 ] Request (FloatingIPsAssociationNegativeTestJSON:setUpClass): 201 POST http://10.180.1.21/identity/v3/auth/tokens 0.067s
2025-02-10 12:19:12.012 62816 INFO tempest.lib.common.rest_client [req-2b4dae94-e2fc-4079-aa13-cb7bd639d922 req-2b4dae94-e2fc-4079-aa13-cb7bd639d922 ] Request (ServerDiagnosticsTest:test_get_server_diagnostics): 200 GET http://10.180.1.21/compute/v2.1/servers/758ed671-347a-4949-9842-2f8cdcd261ae 1.038s
2025-02-10 12:19:12.022 62824 INFO tempest.lib.common.rest_client [req-50e17b34-d68f-4f72-b4ff-e36d61f5745c req-50e17b34-d68f-4f72-b4ff-e36d61f5745c ] Request (FloatingIPsNegativeTestJSON:tearDownClass): 200 PUT http://10.180.1.21:9696/networking/v2.0/routers/5eb948b5-619c-4702-b0f1-e71d26c117d9/remove_router_interface 2.447s
2025-02-10 12:19:12.053 62802 INFO tempest.lib.common.rest_client [req-7b74ed8d-7c10-45af-8dfb-0cc55cde0623 req-7b74ed8d-7c10-45af-8dfb-0cc55cde0623 ] Request (FlavorsAdminTestJSON:_run_cleanups): 200 GET http://10.180.1.21/compute/v2.1/flavors/detail 1.007s
2025-02-10 12:19:12.082 62818 INFO tempest.lib.common.rest_client [req-910b6428-0351-4a55-bfec-a2973e064e27 req-910b6428-0351-4a55-bfec-a2973e064e27 ] Request (AggregatesAdminNegativeTestJSON:test_aggregate_create_with_existent_aggregate_name): 200 POST http://10.180.1.21/compute/v2.1/os-aggregates 0.989s
2025-02-10 12:19:12.105 62806 INFO tempest.lib.common.rest_client [req-60351697-1113-4815-903c-288b7df9d1fb req-60351697-1113-4815-903c-288b7df9d1fb ] Request (FlavorsAccessNegativeTestJSON:test_flavor_non_admin_remove): 200 POST http://10.180.1.21/compute/v2.1/flavors 1.010s
2025-02-10 12:19:12.128 62828 INFO tempest.lib.common.rest_client [req-4f35e47d-6589-4811-a777-909c4e1ccb36 req-4f35e47d-6589-4811-a777-909c4e1ccb36 ] Request (ServicesAdminNegativeTestJSON:setUpClass): 201 POST http://10.180.1.21/identity/v3/auth/tokens 0.142s
2025-02-10 12:19:12.225 62828 INFO tempest.lib.common.rest_client [req-fc4d0faa-590e-4d3f-b142-6c1bf4a3cb29 req-fc4d0faa-590e-4d3f-b142-6c1bf4a3cb29 ] Request (ServicesAdminNegativeTestJSON:setUpClass): 201 POST http://10.180.1.21/identity/v3/projects 0.096s
2025-02-10 12:19:12.296 62828 INFO tempest.lib.common.rest_client [req-2ca16131-f007-4536-9cb7-b67ad61315d6 req-2ca16131-f007-4536-9cb7-b67ad61315d6 ] Request (ServicesAdminNegativeTestJSON:setUpClass): 201 POST http://10.180.1.21/identity/v3/users 0.070s
2025-02-10 12:19:12.324 62828 INFO tempest.lib.common.rest_client [req-52916d2c-8086-4b70-baa7-e18ca8d7dcc3 req-52916d2c-8086-4b70-baa7-e18ca8d7dcc3 ] Request (ServicesAdminNegativeTestJSON:setUpClass): 200 GET http://10.180.1.21/identity/v3/roles 0.028s
2025-02-10 12:19:12.352 62828 INFO tempest.lib.common.rest_client [req-d23a46de-4709-4066-b2ef-b457731fec46 req-d23a46de-4709-4066-b2ef-b457731fec46 ] Request (ServicesAdminNegativeTestJSON:setUpClass): 204 PUT http://10.180.1.21/identity/v3/projects/e92768dd443848b098d6ba56d4d2332e/users/f0637f4c7d4d4a678500a11f45100ac5/roles/d588008f12dd4707a855761490f91ee3 0.027s
2025-02-10 12:19:12.406 62828 INFO tempest.lib.common.rest_client [req-d3941f8f-6e1b-4fa0-b125-8e9345c5459f req-d3941f8f-6e1b-4fa0-b125-8e9345c5459f ] Request (ServicesAdminNegativeTestJSON:setUpClass): 200 GET http://10.180.1.21/identity/v3/roles 0.053s
2025-02-10 12:19:12.427 62828 INFO tempest.lib.common.rest_client [req-85adef06-d293-44a7-8ea8-8dc4b1084a9b req-85adef06-d293-44a7-8ea8-8dc4b1084a9b ] Request (ServicesAdminNegativeTestJSON:setUpClass): 204 PUT http://10.180.1.21/identity/v3/projects/e92768dd443848b098d6ba56d4d2332e/users/f0637f4c7d4d4a678500a11f45100ac5/roles/d588008f12dd4707a855761490f91ee3 0.020s
2025-02-10 12:19:12.427 62828 INFO tempest.lib.common.dynamic_creds [-] Dynamic test user f0637f4c7d4d4a678500a11f45100ac5 is created with scope project and roles: ['admin']
2025-02-10 12:19:12.427 62828 INFO tempest.lib.common.dynamic_creds [-] Acquired dynamic creds: credentials: Credentials: {'domain_id': 'default', 'domain_name': 'Default', 'username': 'tempest-ServicesAdminNegativeTestJSON-940133243-project-admin', 'project_domain_id': 'default', 'project_domain_name': 'Default', 'project_id': 'e92768dd443848b098d6ba56d4d2332e', 'project_name': 'tempest-ServicesAdminNegativeTestJSON-940133243', 'tenant_id': 'e92768dd443848b098d6ba56d4d2332e', 'tenant_name': 'tempest-ServicesAdminNegativeTestJSON-940133243', 'user_domain_id': 'default', 'user_domain_name': 'Default', 'user_id': 'f0637f4c7d4d4a678500a11f45100ac5', 'system': None}, Network: None, Subnet: None, Router: None
2025-02-10 12:19:12.427 62828 INFO tempest.lib.common.dynamic_creds [-] Created isolated network resources for: credentials: Credentials: {'domain_id': 'default', 'domain_name': 'Default', 'username': 'tempest-ServicesAdminNegativeTestJSON-940133243-project-admin', 'project_domain_id': 'default', 'project_domain_name': 'Default', 'project_id': 'e92768dd443848b098d6ba56d4d2332e', 'project_name': 'tempest-ServicesAdminNegativeTestJSON-940133243', 'tenant_id': 'e92768dd443848b098d6ba56d4d2332e', 'tenant_name': 'tempest-ServicesAdminNegativeTestJSON-940133243', 'user_domain_id': 'default', 'user_domain_name': 'Default', 'user_id': 'f0637f4c7d4d4a678500a11f45100ac5', 'system': None}, Network: None, Subnet: None, Router: None
2025-02-10 12:19:12.427 62842 INFO tempest.lib.common.rest_client [req-bd5d8893-478a-4f41-915e-acb2061291ae req-bd5d8893-478a-4f41-915e-acb2061291ae ] Request (KeyPairsV2TestJSON:tearDownClass): 200 GET http://10.180.1.21:9696/networking/v2.0/security-groups?tenant_id=69d258f7bd654effadc2f244fced09b0&name=default 0.814s
2025-02-10 12:19:12.502 62852 INFO tempest.lib.common.rest_client [req-282ac7fb-42b1-49e1-87a9-eea282261dad req-282ac7fb-42b1-49e1-87a9-eea282261dad ] Request (ServersAdminNegativeTestJSON:setUpClass): 200 GET http://10.180.1.21/compute/v2.1/servers/3824a70e-8498-410a-904d-c7cd0de0c358 1.265s
2025-02-10 12:19:12.527 62828 INFO tempest.lib.common.rest_client [req-0475088c-af4a-49a4-b865-5f9374cf43e0 req-0475088c-af4a-49a4-b865-5f9374cf43e0 ] Request (ServicesAdminNegativeTestJSON:setUpClass): 201 POST http://10.180.1.21/identity/v3/auth/tokens 0.094s
2025-02-10 12:19:12.575 62850 INFO tempest.lib.common.rest_client [req-9526fe02-6099-40d0-8d58-a67885f475aa req-9526fe02-6099-40d0-8d58-a67885f475aa ] Request (MigrationsAdminTest:test_list_migrations_in_flavor_resize_situation): 202 POST http://10.180.1.21/compute/v2.1/servers 1.530s
2025-02-10 12:19:12.615 62854 INFO tempest.lib.common.rest_client [req-d7aeaf8e-e7ab-49ff-96f3-886e28b83279 req-d7aeaf8e-e7ab-49ff-96f3-886e28b83279 ] Request (SecurityGroupsTestJSON:setUpClass): 201 POST http://10.180.1.21:9696/networking/v2.0/networks 1.129s
2025-02-10 12:19:12.655 62840 INFO tempest.lib.common.rest_client [req-ac61026f-8d30-45d6-a0d1-26cc67e55794 req-ac61026f-8d30-45d6-a0d1-26cc67e55794 ] Request (QuotasAdminTestJSON:test_update_all_quota_resources_for_tenant): 200 GET http://10.180.1.21/compute/v2.1/os-quota-sets/b50e082d5fc144eba51facdd7e906981/defaults 1.091s
2025-02-10 12:19:12.666 62858 INFO tempest.lib.common.rest_client [req-40730a71-e2f4-4271-9be2-3a1c1e8e45fd req-40730a71-e2f4-4271-9be2-3a1c1e8e45fd ] Request (InstanceActionsTestJSON:setUpClass): 200 GET http://10.180.1.21/compute/v2.1/servers/a804f755-58b2-4350-8726-4e82f60afcdc 1.051s
2025-02-10 12:19:12.713 62842 INFO tempest.lib.common.rest_client [req-8362ee25-12fa-4a38-9bee-d49e60020f01 req-8362ee25-12fa-4a38-9bee-d49e60020f01 ] Request (KeyPairsV2TestJSON:tearDownClass): 204 DELETE http://10.180.1.21:9696/networking/v2.0/security-groups/5c992c45-9986-48fb-a21d-64d1d4e491bd 0.285s
2025-02-10 12:19:12.743 62844 INFO tempest.lib.common.rest_client [req-b00d46d5-bb65-4f89-bb7b-0ea132002c67 req-b00d46d5-bb65-4f89-bb7b-0ea132002c67 ] Request (FloatingIPsAssociationNegativeTestJSON:setUpClass): 201 POST http://10.180.1.21:9696/networking/v2.0/networks 0.749s
2025-02-10 12:19:12.751 62800 INFO tempest.lib.common.rest_client [req-d912dae1-95a5-4cde-8671-7df51696a75f req-d912dae1-95a5-4cde-8671-7df51696a75f ] Request (MultipleCreateTestJSON:test_multiple_create): 200 GET http://10.180.1.21/compute/v2.1/servers/68b4c229-0ace-486f-9a99-d3c955b7bdfb 1.072s
2025-02-10 12:19:12.787 62862 INFO tempest.lib.common.rest_client [req-3722202d-2ba1-456d-bd76-5c3587f3f471 req-3722202d-2ba1-456d-bd76-5c3587f3f471 ] Request (ValidationResourcesFixture:setUp): 200 POST http://10.180.1.21/compute/v2.1/os-keypairs 1.081s
2025-02-10 12:19:12.843 62842 INFO tempest.lib.common.rest_client [req-0d8bad0f-a89f-469a-ade0-492eafb4a355 req-0d8bad0f-a89f-469a-ade0-492eafb4a355 ] Request (KeyPairsV2TestJSON:tearDownClass): 204 DELETE http://10.180.1.21/identity/v3/projects/69d258f7bd654effadc2f244fced09b0 0.130s
2025-02-10 12:19:12.844 62842 INFO tempest.test [-] raised in ServerStableDeviceRescueTestIDE.setUpClass. Invoking tearDownClass.
2025-02-10 12:19:12.849 62832 INFO tempest.lib.common.rest_client [req-1afcced3-6823-4f04-a6ed-45de2813df17 req-1afcced3-6823-4f04-a6ed-45de2813df17 ] Request (ServerAddressesNegativeTestJSON:setUpClass): 200 GET http://10.180.1.21/compute/v2.1/servers/4de70165-c28f-44b7-a01a-caa0787170b8 1.136s
2025-02-10 12:19:12.912 62842 INFO tempest.lib.common.rest_client [req-621814fa-3773-40ae-b638-0814739bba13 req-621814fa-3773-40ae-b638-0814739bba13 ] Request (ServerRescueNegativeTestJSON:setUpClass): 201 POST http://10.180.1.21/identity/v3/auth/tokens 0.065s
2025-02-10 12:19:12.932 62836 INFO tempest.lib.common.rest_client [req-785d04df-c9ef-4ef4-9716-b44b50d4d3f7 req-785d04df-c9ef-4ef4-9716-b44b50d4d3f7 ] Request (ServersAdmin275Test:test_rebuild_update_server_275): 200 GET http://10.180.1.21/compute/v2.1/servers/9a098809-cc26-4210-b09e-b7825c406294 0.970s
2025-02-10 12:19:12.954 62842 INFO tempest.lib.common.rest_client [req-81d4942d-e8fa-40ee-a1d5-6cf869d582bc req-81d4942d-e8fa-40ee-a1d5-6cf869d582bc ] Request (ServerRescueNegativeTestJSON:setUpClass): 201 POST http://10.180.1.21/identity/v3/auth/tokens 0.038s
2025-02-10 12:19:12.981 62842 INFO tempest.lib.common.rest_client [req-0d0585fb-7a12-4da2-a373-0bd087e2003c req-0d0585fb-7a12-4da2-a373-0bd087e2003c ] Request (ServerRescueNegativeTestJSON:setUpClass): 200 GET http://10.180.1.21/identity/v3/domains?name=Default 0.027s
2025-02-10 12:19:12.998 62820 INFO tempest.lib.common.rest_client [req-bf371b08-d468-425f-b542-9757d4b24b8d req-bf371b08-d468-425f-b542-9757d4b24b8d ] Request (ServerDiagnosticsNegativeTest:test_get_server_diagnostics_by_non_admin): 200 GET http://10.180.1.21/compute/v2.1/servers/a5657a70-5374-4d52-be9a-2d05f9556d16 0.972s
2025-02-10 12:19:13.002 62812 INFO tempest.lib.common.rest_client [req-829c1b04-2e97-436e-ba29-4485bb0301ab req-829c1b04-2e97-436e-ba29-4485bb0301ab ] Request (ServerExternalEventsTest:test_create_server_external_events): 200 GET http://10.180.1.21/compute/v2.1/servers/678b6b5f-b410-4c55-872e-4a74da6d7ebc 1.244s
2025-02-10 12:19:13.013 62842 INFO tempest.lib.common.rest_client [req-9cc7b7c1-7b24-4f0d-b811-b5978dedda38 req-9cc7b7c1-7b24-4f0d-b811-b5978dedda38 ] Request (ServerRescueNegativeTestJSON:setUpClass): 201 POST http://10.180.1.21/identity/v3/projects 0.032s
2025-02-10 12:19:13.025 62818 INFO tempest.lib.common.rest_client [req-a2241267-8a97-4e29-9cbe-b6cc4e59ebb6 req-a2241267-8a97-4e29-9cbe-b6cc4e59ebb6 ] Request (AggregatesAdminNegativeTestJSON:test_aggregate_create_with_existent_aggregate_name): 409 POST http://10.180.1.21/compute/v2.1/os-aggregates 0.941s
2025-02-10 12:19:13.026 62802 INFO tempest.lib.common.rest_client [req-4d05ca3e-f5e0-4346-9588-5d27994ea1b5 req-4d05ca3e-f5e0-4346-9588-5d27994ea1b5 ] Request (FlavorsAdminTestJSON:test_create_list_flavor_without_extra_data): 200 POST http://10.180.1.21/compute/v2.1/flavors 0.961s
2025-02-10 12:19:13.074 62842 INFO tempest.lib.common.rest_client [req-aace8147-716c-4f04-8a36-96c8988540cd req-aace8147-716c-4f04-8a36-96c8988540cd ] Request (ServerRescueNegativeTestJSON:setUpClass): 201 POST http://10.180.1.21/identity/v3/users 0.060s
2025-02-10 12:19:13.103 62810 INFO tempest.lib.common.rest_client [req-a22535d3-bfe1-48bf-ba4a-2b1cdfa59463 req-a22535d3-bfe1-48bf-ba4a-2b1cdfa59463 ] Request (VolumesAssistedSnapshotsTest:test_volume_assisted_snapshot_create_delete): 200 GET http://10.180.1.21/compute/v2.1/servers/bf2ccaeb-610a-437b-be94-d3caefbe15c5 0.983s
2025-02-10 12:19:13.107 62842 INFO tempest.lib.common.rest_client [req-c4a9b90a-a46f-45bf-a2a5-75aa8dd9f69b req-c4a9b90a-a46f-45bf-a2a5-75aa8dd9f69b ] Request (ServerRescueNegativeTestJSON:setUpClass): 200 GET http://10.180.1.21/identity/v3/roles 0.032s
2025-02-10 12:19:13.107 62854 INFO tempest.lib.common.rest_client [req-de0b5501-0d16-49ec-aa57-89a4fee9bce8 req-de0b5501-0d16-49ec-aa57-89a4fee9bce8 ] Request (SecurityGroupsTestJSON:setUpClass): 201 POST http://10.180.1.21:9696/networking/v2.0/subnets 0.491s
2025-02-10 12:19:13.144 62842 INFO tempest.lib.common.rest_client [req-8459af55-1be3-47bc-8056-c3ad33bca321 req-8459af55-1be3-47bc-8056-c3ad33bca321 ] Request (ServerRescueNegativeTestJSON:setUpClass): 204 PUT http://10.180.1.21/identity/v3/projects/962664c996f24cf9ae192f79fae18ca4/users/a10b77f3502a4e51a5e599b823f08db2/roles/b19bf4b6d3a3448b95ac3b4a35a03e98 0.037s
2025-02-10 12:19:13.145 62842 INFO tempest.lib.common.dynamic_creds [-] Dynamic test user a10b77f3502a4e51a5e599b823f08db2 is created with scope project and roles: ['member']
2025-02-10 12:19:13.145 62842 INFO tempest.lib.common.dynamic_creds [-] Acquired dynamic creds: credentials: Credentials: {'domain_id': 'default', 'domain_name': 'Default', 'username': 'tempest-ServerRescueNegativeTestJSON-454526832-project-member', 'project_domain_id': 'default', 'project_domain_name': 'Default', 'project_id': '962664c996f24cf9ae192f79fae18ca4', 'project_name': 'tempest-ServerRescueNegativeTestJSON-454526832', 'tenant_id': '962664c996f24cf9ae192f79fae18ca4', 'tenant_name': 'tempest-ServerRescueNegativeTestJSON-454526832', 'user_domain_id': 'default', 'user_domain_name': 'Default', 'user_id': 'a10b77f3502a4e51a5e599b823f08db2', 'system': None}, Network: None, Subnet: None, Router: None
2025-02-10 12:19:13.197 62860 INFO tempest.lib.common.rest_client [req-c69d5a59-c654-4216-b8ee-6a3d68da5e3b req-c69d5a59-c654-4216-b8ee-6a3d68da5e3b ] Request (ServersWithSpecificFlavorTestJSON:test_verify_created_server_ephemeral_disk): 200 GET http://10.180.1.21/compute/v2.1/servers/7d561939-df5d-4f8d-99b1-5eb5f0fdfc0a 0.988s
2025-02-10 12:19:13.216 62842 INFO tempest.lib.common.rest_client [req-62dee39c-8ffd-44d0-aff1-722eceefc862 req-62dee39c-8ffd-44d0-aff1-722eceefc862 ] Request (ServerRescueNegativeTestJSON:setUpClass): 201 POST http://10.180.1.21/identity/v3/auth/tokens 0.071s
2025-02-10 12:19:13.252 62806 INFO tempest.lib.common.rest_client [req-13589874-53a1-4b9d-b083-e4421267bc52 req-13589874-53a1-4b9d-b083-e4421267bc52 ] Request (FlavorsAccessNegativeTestJSON:test_flavor_non_admin_remove): 200 POST http://10.180.1.21/compute/v2.1/flavors/550399222/action 1.140s
2025-02-10 12:19:13.291 62824 INFO tempest.lib.common.rest_client [req-89e2777a-77dd-47b8-84f4-85dc51c851c5 req-89e2777a-77dd-47b8-84f4-85dc51c851c5 ] Request (FloatingIPsNegativeTestJSON:tearDownClass): 204 DELETE http://10.180.1.21:9696/networking/v2.0/routers/5eb948b5-619c-4702-b0f1-e71d26c117d9 1.268s
2025-02-10 12:19:13.315 62834 INFO tempest.lib.common.rest_client [req-3de0f804-3702-4ae4-b29e-6d8c2e553ef4 req-3de0f804-3702-4ae4-b29e-6d8c2e553ef4 ] Request (ServerShowV257Test:test_rebuild_server): 200 GET http://10.180.1.21/compute/v2.1/servers/c73686c6-4dd8-4f00-a65a-5d8574409ad1 1.088s
2025-02-10 12:19:13.326 62804 INFO tempest.lib.common.rest_client [req-03b72952-49f6-4575-aae9-d630fb3bc078 req-03b72952-49f6-4575-aae9-d630fb3bc078 ] Request (FloatingIPDetailsNegativeTestJSON:setUpClass): 200 PUT http://10.180.1.21:9696/networking/v2.0/routers/2f7b98ff-131f-4e86-9265-b2912b07aa48/add_router_interface 3.151s
2025-02-10 12:19:13.327 62804 INFO tempest.lib.common.dynamic_creds [-] Created isolated network resources for: credentials: Credentials: {'domain_id': 'default', 'domain_name': 'Default', 'username': 'tempest-FloatingIPDetailsNegativeTestJSON-225939516-project-member', 'project_domain_id': 'default', 'project_domain_name': 'Default', 'project_id': '58d4d7d5e3ac48dd8565e8ef26cb741c', 'project_name': 'tempest-FloatingIPDetailsNegativeTestJSON-225939516', 'tenant_id': '58d4d7d5e3ac48dd8565e8ef26cb741c', 'tenant_name': 'tempest-FloatingIPDetailsNegativeTestJSON-225939516', 'user_domain_id': 'default', 'user_domain_name': 'Default', 'user_id': '9b91da05b154456ba827b5686045560f', 'system': None}, Network: {'id': '41049321-0df6-422a-a77c-3e4073635af9', 'name': 'tempest-FloatingIPDetailsNegativeTestJSON-1608160662-network', 'tenant_id': '58d4d7d5e3ac48dd8565e8ef26cb741c', 'admin_state_up': True, 'mtu': 8950, 'status': 'ACTIVE', 'subnets': [], 'shared': False, 'project_id': '58d4d7d5e3ac48dd8565e8ef26cb741c', 'port_security_enabled': True, 'router:external': False, 'provider:network_type': 'vlan', 'provider:physical_network': 'default', 'provider:segmentation_id': 857, 'availability_zone_hints': [], 'availability_zones': [], 'ipv4_address_scope': None, 'ipv6_address_scope': None, 'description': '', 'tags': [], 'created_at': '2025-02-10T12:19:07Z', 'updated_at': '2025-02-10T12:19:07Z', 'revision_number': 1}, Subnet: {'id': 'ddce5b8d-1eba-4361-9830-4d33143b4c1b', 'name': 'tempest-FloatingIPDetailsNegativeTestJSON-1608160662-subnet', 'tenant_id': '58d4d7d5e3ac48dd8565e8ef26cb741c', 'network_id': '41049321-0df6-422a-a77c-3e4073635af9', 'ip_version': 4, 'subnetpool_id': None, 'enable_dhcp': True, 'ipv6_ra_mode': None, 'ipv6_address_mode': None, 'gateway_ip': '192.168.128.1', 'cidr': '192.168.128.0/28', 'allocation_pools': [{'start': '192.168.128.2', 'end': '192.168.128.14'}], 'host_routes': [], 'dns_nameservers': [], 'description': '', 'router:external': False, 'service_types': [], 'tags': [], 'created_at': '2025-02-10T12:19:07Z', 'updated_at': '2025-02-10T12:19:07Z', 'revision_number': 0, 'project_id': '58d4d7d5e3ac48dd8565e8ef26cb741c'}, Router: {'id': '2f7b98ff-131f-4e86-9265-b2912b07aa48', 'name': 'tempest-FloatingIPDetailsNegativeTestJSON-1608160662-router', 'tenant_id': '58d4d7d5e3ac48dd8565e8ef26cb741c', 'admin_state_up': True, 'status': 'ACTIVE', 'external_gateway_info': {'network_id': 'fa840195-2097-438a-bcf5-398379263fc9', 'external_fixed_ips': [{'subnet_id': '26af22b3-6ad2-42b4-948b-649031f33a58', 'ip_address': '10.180.180.225'}], 'enable_snat': True}, 'description': '', 'availability_zones': [], 'distributed': False, 'ha': False, 'availability_zone_hints': [], 'routes': [], 'flavor_id': None, 'tags': [], 'created_at': '2025-02-10T12:19:08Z', 'updated_at': '2025-02-10T12:19:08Z', 'revision_number': 2, 'project_id': '58d4d7d5e3ac48dd8565e8ef26cb741c'}
2025-02-10 12:19:13.340 62826 INFO tempest.lib.common.rest_client [req-f0c2b0fd-58bd-4282-a1d3-121d1db768cf req-f0c2b0fd-58bd-4282-a1d3-121d1db768cf ] Request (ServersTestJSON:setUpClass): 200 GET http://10.180.1.21/compute/v2.1/servers/95e4fe36-6830-4fc4-bb53-1e5643c2f95b 1.030s
2025-02-10 12:19:13.346 62862 INFO tempest.lib.common.rest_client [req-3f0f717f-4d12-47b2-8c7b-f9ac408a6863 req-3f0f717f-4d12-47b2-8c7b-f9ac408a6863 ] Request (ValidationResourcesFixture:setUp): 201 POST http://10.180.1.21:9696/networking/v2.0/security-groups 0.558s
2025-02-10 12:19:13.484 62804 INFO tempest.lib.common.rest_client [req-b712a81b-c98e-49e7-8b3f-7de51050f0e3 req-b712a81b-c98e-49e7-8b3f-7de51050f0e3 ] Request (FloatingIPDetailsNegativeTestJSON:setUpClass): 201 POST http://10.180.1.21/identity/v3/auth/tokens 0.154s
2025-02-10 12:19:13.506 62844 INFO tempest.lib.common.rest_client [req-424c491a-72f9-4ea7-a1bb-553a57c9b96f req-424c491a-72f9-4ea7-a1bb-553a57c9b96f ] Request (FloatingIPsAssociationNegativeTestJSON:setUpClass): 201 POST http://10.180.1.21:9696/networking/v2.0/subnets 0.762s
2025-02-10 12:19:13.524 62828 INFO tempest.lib.common.rest_client [req-f4e40f00-f1f0-4779-b760-3422f8c0815c req-f4e40f00-f1f0-4779-b760-3422f8c0815c ] Request (ServicesAdminNegativeTestJSON:test_get_service_by_invalid_params): 200 GET http://10.180.1.21/compute/v2.1/os-services 0.995s
2025-02-10 12:19:13.525 62846 INFO tempest.lib.common.rest_client [req-c994146d-2a30-4e45-8a19-31264996ec5b req-c994146d-2a30-4e45-8a19-31264996ec5b ] Request (ImagesOneServerNegativeTestJSON:setUpClass): 200 GET http://10.180.1.21/compute/v2.1/servers/74b6ae10-a595-4139-8eda-38fe1aa298cf 1.140s
2025-02-10 12:19:13.548 62824 INFO tempest.lib.common.rest_client [req-6e5dac2a-b1dd-4021-9261-5d6d3cba58ac req-6e5dac2a-b1dd-4021-9261-5d6d3cba58ac ] Request (FloatingIPsNegativeTestJSON:tearDownClass): 204 DELETE http://10.180.1.21:9696/networking/v2.0/subnets/4bde037a-891f-46fa-9805-9aa5f21024ba 0.256s
2025-02-10 12:19:13.610 62862 INFO tempest.lib.common.rest_client [req-10a73371-07aa-45c7-a161-087411c65b57 req-10a73371-07aa-45c7-a161-087411c65b57 ] Request (ValidationResourcesFixture:setUp): 201 POST http://10.180.1.21:9696/networking/v2.0/security-group-rules 0.263s
2025-02-10 12:19:13.659 62850 INFO tempest.lib.common.rest_client [req-526eb579-4b57-4d10-95b2-6899d435c9a5 req-526eb579-4b57-4d10-95b2-6899d435c9a5 ] Request (MigrationsAdminTest:test_list_migrations_in_flavor_resize_situation): 200 GET http://10.180.1.21/compute/v2.1/servers/879354d3-7423-41e2-93f6-0d8d3a120170 1.083s
2025-02-10 12:19:13.741 62814 INFO tempest.lib.common.rest_client [req-dfdec40e-8e50-4d0d-b3c9-e0a0bf4c068a req-dfdec40e-8e50-4d0d-b3c9-e0a0bf4c068a ] Request (DeleteServersAdminTestJSON:test_admin_delete_servers_of_others): 200 GET http://10.180.1.21/compute/v2.1/servers/a3830103-2dcb-40ac-8e62-b331fe4673ff 1.158s
2025-02-10 12:19:13.888 62830 INFO tempest.lib.common.rest_client [req-9bfc4104-5167-4cc9-9dd6-9d89dc2da179 req-9bfc4104-5167-4cc9-9dd6-9d89dc2da179 ] Request (InstanceActionsV221TestJSON:test_get_list_deleted_instance_actions): 200 GET http://10.180.1.21/compute/v2.1/servers/7828f9c8-fc02-4218-ba93-5362af807dad 1.336s
2025-02-10 12:19:13.902 62830 INFO tempest.common.waiters [-] State transition "BUILD/spawning" ==> "ACTIVE/None" after 20 second wait
2025-02-10 12:19:13.914 62862 INFO tempest.lib.common.rest_client [req-1acda9f1-3fcc-4782-ae5e-ed32c88fa575 req-1acda9f1-3fcc-4782-ae5e-ed32c88fa575 ] Request (ValidationResourcesFixture:setUp): 201 POST http://10.180.1.21:9696/networking/v2.0/security-group-rules 0.304s
2025-02-10 12:19:13.989 62824 INFO tempest.lib.common.rest_client [req-92ddd463-1bd5-4260-bede-9d68e81a0c00 req-92ddd463-1bd5-4260-bede-9d68e81a0c00 ] Request (FloatingIPsNegativeTestJSON:tearDownClass): 204 DELETE http://10.180.1.21:9696/networking/v2.0/networks/27b20878-cd01-4a08-9271-05d0bfb1157d 0.441s
2025-02-10 12:19:14.006 62842 INFO tempest.lib.common.rest_client [req-65d2324f-628a-4630-bb7f-0f7a11aeb156 req-65d2324f-628a-4630-bb7f-0f7a11aeb156 ] Request (ServerRescueNegativeTestJSON:setUpClass): 201 POST http://10.180.1.21:9696/networking/v2.0/networks 0.790s
2025-02-10 12:19:14.009 62848 INFO tempest.lib.common.rest_client [req-5bd9582d-2c3d-4bad-a127-9b76b49a8b30 req-5bd9582d-2c3d-4bad-a127-9b76b49a8b30 ] Request (ServersAdminTestJSON:setUpClass): 200 GET http://10.180.1.21/compute/v2.1/servers/84ad5317-344d-44c1-9318-fa1574321296 1.327s
2025-02-10 12:19:14.119 62840 INFO tempest.lib.common.rest_client [req-4a716099-e8a8-4dad-ae81-6c0f21d24f38 req-4a716099-e8a8-4dad-ae81-6c0f21d24f38 ] Request (QuotasAdminTestJSON:test_update_all_quota_resources_for_tenant): 200 PUT http://10.180.1.21/compute/v2.1/os-quota-sets/b50e082d5fc144eba51facdd7e906981 1.461s
2025-02-10 12:19:14.129 62824 INFO tempest.lib.common.rest_client [req-fb40886d-442f-4805-86aa-554b0189b2b5 req-fb40886d-442f-4805-86aa-554b0189b2b5 ] Request (FloatingIPsNegativeTestJSON:tearDownClass): 204 DELETE http://10.180.1.21/identity/v3/users/58df00c076a24e5f9c098adc6d4b02f6 0.139s
2025-02-10 12:19:14.130 62824 INFO tempest.lib.common.dynamic_creds [-] Deleting project and security group for project: 37eff9ad9b054a6dbba42855b71231d1
2025-02-10 12:19:14.147 62818 INFO tempest.lib.common.rest_client [req-6e15fda7-6dec-4edf-8e06-a71c07fb250b req-6e15fda7-6dec-4edf-8e06-a71c07fb250b ] Request (AggregatesAdminNegativeTestJSON:_run_cleanups): 200 DELETE http://10.180.1.21/compute/v2.1/os-aggregates/4 1.121s
2025-02-10 12:19:14.164 62802 INFO tempest.lib.common.rest_client [req-732e54df-5319-483b-ae63-32dc37aacc31 req-732e54df-5319-483b-ae63-32dc37aacc31 ] Request (FlavorsAdminTestJSON:test_create_list_flavor_without_extra_data): 200 GET http://10.180.1.21/compute/v2.1/flavors/540675854 1.134s
2025-02-10 12:19:14.204 62806 INFO tempest.lib.common.rest_client [req-900d5b00-66b4-4b7e-8285-15105ad67c7c req-900d5b00-66b4-4b7e-8285-15105ad67c7c ] Request (FlavorsAccessNegativeTestJSON:test_flavor_non_admin_remove): 403 POST http://10.180.1.21/compute/v2.1/flavors/550399222/action 0.947s
2025-02-10 12:19:14.255 62824 INFO tempest.lib.common.rest_client [req-65d1d93e-7be7-46dd-9047-99fde51d0fa9 req-65d1d93e-7be7-46dd-9047-99fde51d0fa9 ] Request (FloatingIPsNegativeTestJSON:tearDownClass): 200 GET http://10.180.1.21:9696/networking/v2.0/security-groups?tenant_id=37eff9ad9b054a6dbba42855b71231d1&name=default 0.125s
2025-02-10 12:19:14.259 62816 INFO tempest.lib.common.rest_client [req-e754af2f-2173-4947-8f2d-308b101d0bdb req-e754af2f-2173-4947-8f2d-308b101d0bdb ] Request (ServerDiagnosticsTest:test_get_server_diagnostics): 200 GET http://10.180.1.21/compute/v2.1/servers/758ed671-347a-4949-9842-2f8cdcd261ae 1.235s
2025-02-10 12:19:14.511 62804 INFO tempest.lib.common.rest_client [req-54d3ee78-10f2-49ab-8d0a-6e9355fd83c6 req-54d3ee78-10f2-49ab-8d0a-6e9355fd83c6 ] Request (FloatingIPDetailsNegativeTestJSON:test_get_nonexistent_floating_ip_details): 404 GET http://10.180.1.21/compute/v2.1/os-floating-ips/362aaff9-e87e-4c00-a7ab-077dce9b1b94 1.026s
2025-02-10 12:19:14.537 62828 INFO tempest.lib.common.rest_client [req-9a45915c-7bd4-4e22-9d4a-68f5f250ef79 req-9a45915c-7bd4-4e22-9d4a-68f5f250ef79 ] Request (ServicesAdminNegativeTestJSON:test_get_service_by_invalid_params): 200 GET http://10.180.1.21/compute/v2.1/os-services?xxx=nova-compute 1.006s
2025-02-10 12:19:14.566 62842 INFO tempest.lib.common.rest_client [req-35f068d2-cda8-4572-b21d-1c66d3e0419d req-35f068d2-cda8-4572-b21d-1c66d3e0419d ] Request (ServerRescueNegativeTestJSON:setUpClass): 201 POST http://10.180.1.21:9696/networking/v2.0/subnets 0.559s
2025-02-10 12:19:14.608 62858 INFO tempest.lib.common.rest_client [req-473f2096-9d1a-471a-b7ce-263ebf6e8e0a req-473f2096-9d1a-471a-b7ce-263ebf6e8e0a ] Request (InstanceActionsTestJSON:setUpClass): 200 GET http://10.180.1.21/compute/v2.1/servers/a804f755-58b2-4350-8726-4e82f60afcdc 0.932s
2025-02-10 12:19:14.616 62858 INFO tempest.common.waiters [-] State transition "BUILD/scheduling" ==> "BUILD/None" after 7 second wait
2025-02-10 12:19:14.627 62852 INFO tempest.lib.common.rest_client [req-0a8024c4-f1cd-4939-b221-a8b860429eeb req-0a8024c4-f1cd-4939-b221-a8b860429eeb ] Request (ServersAdminNegativeTestJSON:setUpClass): 200 GET http://10.180.1.21/compute/v2.1/servers/3824a70e-8498-410a-904d-c7cd0de0c358 1.111s
2025-02-10 12:19:14.646 62824 INFO tempest.lib.common.rest_client [req-30bd0181-580b-4ffc-b525-dbf7ba9ea3b3 req-30bd0181-580b-4ffc-b525-dbf7ba9ea3b3 ] Request (FloatingIPsNegativeTestJSON:tearDownClass): 204 DELETE http://10.180.1.21:9696/networking/v2.0/security-groups/ce260ccc-b8d7-4c2d-941f-9aecf5500798 0.390s
2025-02-10 12:19:14.687 62800 INFO tempest.lib.common.rest_client [req-042cfbe2-5e8f-428d-9408-1c63c49e8d1e req-042cfbe2-5e8f-428d-9408-1c63c49e8d1e ] Request (MultipleCreateTestJSON:test_multiple_create): 200 GET http://10.180.1.21/compute/v2.1/servers/68b4c229-0ace-486f-9a99-d3c955b7bdfb 0.924s
2025-02-10 12:19:14.707 62832 INFO tempest.lib.common.rest_client [req-875d9e3f-52ee-4411-85db-c6e8e9055fe1 req-875d9e3f-52ee-4411-85db-c6e8e9055fe1 ] Request (ServerAddressesNegativeTestJSON:setUpClass): 200 GET http://10.180.1.21/compute/v2.1/servers/4de70165-c28f-44b7-a01a-caa0787170b8 0.847s
2025-02-10 12:19:14.781 62824 INFO tempest.lib.common.rest_client [req-1d245060-3271-414a-b0a8-4638264c973b req-1d245060-3271-414a-b0a8-4638264c973b ] Request (FloatingIPsNegativeTestJSON:tearDownClass): 204 DELETE http://10.180.1.21/identity/v3/projects/37eff9ad9b054a6dbba42855b71231d1 0.134s
2025-02-10 12:19:14.785 62836 INFO tempest.lib.common.rest_client [req-aaec3338-cecb-4372-a61a-31da5e21a748 req-aaec3338-cecb-4372-a61a-31da5e21a748 ] Request (ServersAdmin275Test:test_rebuild_update_server_275): 200 GET http://10.180.1.21/compute/v2.1/servers/9a098809-cc26-4210-b09e-b7825c406294 0.842s
2025-02-10 12:19:14.838 62830 INFO tempest.lib.common.rest_client [req-02931f0c-be4c-4034-998e-867499e2d977 req-02931f0c-be4c-4034-998e-867499e2d977 ] Request (InstanceActionsV221TestJSON:test_get_list_deleted_instance_actions): 204 DELETE http://10.180.1.21/compute/v2.1/servers/7828f9c8-fc02-4218-ba93-5362af807dad 0.935s
