2025-02-10 12:18:50.625 62826 INFO tempest.lib.common.rest_client [req-4d2d2a9c-0bd6-4b8d-8a93-692881e86fab req-4d2d2a9c-0bd6-4b8d-8a93-692881e86fab ] Request (FlavorMetadataValidation:_run_cleanups): 202 DELETE http://10.180.1.21/compute/v2.1/flavors/1678461433 3.226s
2025-02-10 12:18:50.643 62848 INFO tempest.lib.common.rest_client [req-041702fe-3d95-4abe-9d00-fc764abbbd49 req-041702fe-3d95-4abe-9d00-fc764abbbd49 ] Request (ServersAdminTestJSON:setUpClass): 201 POST http://10.180.1.21/identity/v3/auth/tokens 0.310s
2025-02-10 12:18:50.644 62848 INFO tempest.lib.common.fixed_network [-] (ServersAdminTestJSON:setUpClass) Found network {'id': '057a8a28-3749-4366-abe1-1a10f81258ef', 'name': 'tempest-ServersAdminTestJSON-656976695-network', 'tenant_id': 'ddb5e4a83f7040088112cdd7aa173257', 'admin_state_up': True, 'mtu': 8950, 'status': 'ACTIVE', 'subnets': [], 'shared': False, 'project_id': 'ddb5e4a83f7040088112cdd7aa173257', 'port_security_enabled': True, 'router:external': False, 'provider:network_type': 'vlan', 'provider:physical_network': 'default', 'provider:segmentation_id': 91, 'availability_zone_hints': [], 'availability_zones': [], 'ipv4_address_scope': None, 'ipv6_address_scope': None, 'description': '', 'tags': [], 'created_at': '2025-02-10T12:18:40Z', 'updated_at': '2025-02-10T12:18:40Z', 'revision_number': 1} available for tenant
2025-02-10 12:18:50.645 62842 INFO tempest.lib.common.rest_client [req-fe25c692-67a1-4631-8242-0742609c97a0 req-fe25c692-67a1-4631-8242-0742609c97a0 ] Request (KeyPairsV2TestJSON:setUpClass): 200 GET http://10.180.1.21/identity/v3/roles 0.338s
2025-02-10 12:18:50.663 62828 INFO tempest.lib.common.rest_client [req-3d093f02-948a-411a-8782-d160ba66917f req-3d093f02-948a-411a-8782-d160ba66917f ] Request (SecurityGroupsTestAdminJSON:setUpClass): 201 POST http://10.180.1.21/identity/v3/auth/tokens 0.264s
2025-02-10 12:18:50.670 62808 INFO tempest.lib.common.rest_client [req-974e409d-0473-40cf-8c09-9b40f7d2dced req-974e409d-0473-40cf-8c09-9b40f7d2dced ] Request (QuotasAdminTestV236:setUpClass): 200 GET http://10.180.1.21/identity/v3/roles 0.247s
2025-02-10 12:18:50.691 62820 INFO tempest.lib.common.rest_client [req-2acab214-31dd-40ce-ab8c-ae04e48a82b2 req-2acab214-31dd-40ce-ab8c-ae04e48a82b2 ] Request (ServerDiagnosticsNegativeTest:setUpClass): 201 POST http://10.180.1.21/identity/v3/auth/tokens 0.210s
2025-02-10 12:18:50.697 62836 INFO tempest.lib.common.rest_client [req-a868c7f2-5e2d-4b64-aaad-e81b424ff22f req-a868c7f2-5e2d-4b64-aaad-e81b424ff22f ] Request (ServersAdmin275Test:setUpClass): 201 POST http://10.180.1.21/identity/v3/auth/tokens 0.115s
2025-02-10 12:18:50.722 62842 INFO tempest.lib.common.rest_client [req-e728c18b-a55b-4963-a08a-c43447af4008 req-e728c18b-a55b-4963-a08a-c43447af4008 ] Request (KeyPairsV2TestJSON:setUpClass): 204 PUT http://10.180.1.21/identity/v3/projects/69d258f7bd654effadc2f244fced09b0/users/667ef1136fb74d16919b9a59a9f0a25c/roles/b19bf4b6d3a3448b95ac3b4a35a03e98 0.076s
2025-02-10 12:18:50.723 62842 INFO tempest.lib.common.dynamic_creds [-] Dynamic test user 667ef1136fb74d16919b9a59a9f0a25c is created with scope project and roles: ['member']
2025-02-10 12:18:50.723 62842 INFO tempest.lib.common.dynamic_creds [-] Acquired dynamic creds: credentials: Credentials: {'domain_id': 'default', 'domain_name': 'Default', 'username': 'tempest-KeyPairsV2TestJSON-21638662-project-member', 'project_domain_id': 'default', 'project_domain_name': 'Default', 'project_id': '69d258f7bd654effadc2f244fced09b0', 'project_name': 'tempest-KeyPairsV2TestJSON-21638662', 'tenant_id': '69d258f7bd654effadc2f244fced09b0', 'tenant_name': 'tempest-KeyPairsV2TestJSON-21638662', 'user_domain_id': 'default', 'user_domain_name': 'Default', 'user_id': '667ef1136fb74d16919b9a59a9f0a25c', 'system': None}, Network: None, Subnet: None, Router: None
2025-02-10 12:18:50.723 62842 INFO tempest.lib.common.dynamic_creds [-] Created isolated network resources for: credentials: Credentials: {'domain_id': 'default', 'domain_name': 'Default', 'username': 'tempest-KeyPairsV2TestJSON-21638662-project-member', 'project_domain_id': 'default', 'project_domain_name': 'Default', 'project_id': '69d258f7bd654effadc2f244fced09b0', 'project_name': 'tempest-KeyPairsV2TestJSON-21638662', 'tenant_id': '69d258f7bd654effadc2f244fced09b0', 'tenant_name': 'tempest-KeyPairsV2TestJSON-21638662', 'user_domain_id': 'default', 'user_domain_name': 'Default', 'user_id': '667ef1136fb74d16919b9a59a9f0a25c', 'system': None}, Network: None, Subnet: None, Router: None
2025-02-10 12:18:50.771 62828 INFO tempest.lib.common.rest_client [req-a82eabcc-076b-4748-a014-8f588444d718 req-a82eabcc-076b-4748-a014-8f588444d718 ] Request (SecurityGroupsTestAdminJSON:setUpClass): 200 GET http://10.180.1.21/identity/v3/domains?name=Default 0.107s
2025-02-10 12:18:50.797 62808 INFO tempest.lib.common.rest_client [req-ae04c2be-b5f6-4e9e-870a-82e807d1e49c req-ae04c2be-b5f6-4e9e-870a-82e807d1e49c ] Request (QuotasAdminTestV236:setUpClass): 204 PUT http://10.180.1.21/identity/v3/projects/a3b1575299794c00bb5d13548b963ac5/users/fb3209ef3e1c404ca4c1674553b553c2/roles/d588008f12dd4707a855761490f91ee3 0.127s
2025-02-10 12:18:50.848 62832 INFO tempest.lib.common.rest_client [req-e8d5b417-48ac-4f6d-b2fe-0e237d1384be req-e8d5b417-48ac-4f6d-b2fe-0e237d1384be ] Request (QuotaClassesAdminTestJSON:test_update_default_quotas): 200 GET http://10.180.1.21/compute/v2.1/os-quota-class-sets/default 3.307s
2025-02-10 12:18:50.859 62820 INFO tempest.lib.common.rest_client [req-ea10f0f1-d731-46ba-9811-ea4d920d1080 req-ea10f0f1-d731-46ba-9811-ea4d920d1080 ] Request (ServerDiagnosticsNegativeTest:setUpClass): 201 POST http://10.180.1.21/identity/v3/auth/tokens 0.165s
2025-02-10 12:18:50.860 62836 INFO tempest.lib.common.rest_client [req-980a8321-cfcf-4b5c-b723-6266a0819b52 req-980a8321-cfcf-4b5c-b723-6266a0819b52 ] Request (ServersAdmin275Test:setUpClass): 201 POST http://10.180.1.21/identity/v3/auth/tokens 0.159s
2025-02-10 12:18:50.892 62828 INFO tempest.lib.common.rest_client [req-1d925ec3-19ce-4a03-82aa-19e69c4157b9 req-1d925ec3-19ce-4a03-82aa-19e69c4157b9 ] Request (SecurityGroupsTestAdminJSON:setUpClass): 201 POST http://10.180.1.21/identity/v3/projects 0.121s
2025-02-10 12:18:50.943 62808 INFO tempest.lib.common.rest_client [req-332b9ecd-407a-4324-abd0-0d8d279bcd0b req-332b9ecd-407a-4324-abd0-0d8d279bcd0b ] Request (QuotasAdminTestV236:setUpClass): 200 GET http://10.180.1.21/identity/v3/roles 0.145s
2025-02-10 12:18:50.949 62842 INFO tempest.lib.common.rest_client [req-891b5f8e-8e23-4871-8e3f-ff7b5bc7b4a1 req-891b5f8e-8e23-4871-8e3f-ff7b5bc7b4a1 ] Request (KeyPairsV2TestJSON:setUpClass): 201 POST http://10.180.1.21/identity/v3/auth/tokens 0.222s
2025-02-10 12:18:50.972 62820 INFO tempest.lib.common.rest_client [req-952631c4-23c0-4f6c-884f-ed3e859ac5c0 req-952631c4-23c0-4f6c-884f-ed3e859ac5c0 ] Request (ServerDiagnosticsNegativeTest:setUpClass): 200 GET http://10.180.1.21/identity/v3/domains?name=Default 0.112s
2025-02-10 12:18:50.988 62810 INFO tempest.lib.common.rest_client [req-9c94f576-d343-409b-8bee-bade9a1b28c1 req-9c94f576-d343-409b-8bee-bade9a1b28c1 ] Request (VolumesAssistedSnapshotsTest:setUpClass): 201 POST http://10.180.1.21:9696/networking/v2.0/subnets 0.367s
2025-02-10 12:18:50.993 62836 INFO tempest.lib.common.rest_client [req-56ea5f23-4cf0-42db-ac18-742161070c91 req-56ea5f23-4cf0-42db-ac18-742161070c91 ] Request (ServersAdmin275Test:setUpClass): 200 GET http://10.180.1.21/identity/v3/domains?name=Default 0.131s
2025-02-10 12:18:51.030 62828 INFO tempest.lib.common.rest_client [req-daff5230-998f-401c-8e87-d56735953273 req-daff5230-998f-401c-8e87-d56735953273 ] Request (SecurityGroupsTestAdminJSON:setUpClass): 201 POST http://10.180.1.21/identity/v3/users 0.137s
2025-02-10 12:18:51.045 62808 INFO tempest.lib.common.rest_client [req-a9fedabe-a438-477f-b93e-be9d614ab4ee req-a9fedabe-a438-477f-b93e-be9d614ab4ee ] Request (QuotasAdminTestV236:setUpClass): 204 PUT http://10.180.1.21/identity/v3/projects/a3b1575299794c00bb5d13548b963ac5/users/fb3209ef3e1c404ca4c1674553b553c2/roles/d588008f12dd4707a855761490f91ee3 0.102s
2025-02-10 12:18:51.045 62808 INFO tempest.lib.common.dynamic_creds [-] Dynamic test user fb3209ef3e1c404ca4c1674553b553c2 is created with scope project and roles: ['admin']
2025-02-10 12:18:51.045 62808 INFO tempest.lib.common.dynamic_creds [-] Acquired dynamic creds: credentials: Credentials: {'domain_id': 'default', 'domain_name': 'Default', 'username': 'tempest-QuotasAdminTestV236-2108113149-project-admin', 'project_domain_id': 'default', 'project_domain_name': 'Default', 'project_id': 'a3b1575299794c00bb5d13548b963ac5', 'project_name': 'tempest-QuotasAdminTestV236-2108113149', 'tenant_id': 'a3b1575299794c00bb5d13548b963ac5', 'tenant_name': 'tempest-QuotasAdminTestV236-2108113149', 'user_domain_id': 'default', 'user_domain_name': 'Default', 'user_id': 'fb3209ef3e1c404ca4c1674553b553c2', 'system': None}, Network: None, Subnet: None, Router: None
2025-02-10 12:18:51.045 62808 INFO tempest.lib.common.dynamic_creds [-] Created isolated network resources for: credentials: Credentials: {'domain_id': 'default', 'domain_name': 'Default', 'username': 'tempest-QuotasAdminTestV236-2108113149-project-admin', 'project_domain_id': 'default', 'project_domain_name': 'Default', 'project_id': 'a3b1575299794c00bb5d13548b963ac5', 'project_name': 'tempest-QuotasAdminTestV236-2108113149', 'tenant_id': 'a3b1575299794c00bb5d13548b963ac5', 'tenant_name': 'tempest-QuotasAdminTestV236-2108113149', 'user_domain_id': 'default', 'user_domain_name': 'Default', 'user_id': 'fb3209ef3e1c404ca4c1674553b553c2', 'system': None}, Network: None, Subnet: None, Router: None
2025-02-10 12:18:51.063 62820 INFO tempest.lib.common.rest_client [req-2191190b-bbdb-4aaa-8c68-bbb7ba358c1d req-2191190b-bbdb-4aaa-8c68-bbb7ba358c1d ] Request (ServerDiagnosticsNegativeTest:setUpClass): 201 POST http://10.180.1.21/identity/v3/projects 0.090s
2025-02-10 12:18:51.147 62828 INFO tempest.lib.common.rest_client [req-70cf458a-58d9-478b-a208-24f5442a93c6 req-70cf458a-58d9-478b-a208-24f5442a93c6 ] Request (SecurityGroupsTestAdminJSON:setUpClass): 200 GET http://10.180.1.21/identity/v3/roles 0.116s
2025-02-10 12:18:51.219 62836 INFO tempest.lib.common.rest_client [req-972bf45a-6fe6-4b64-aded-cc686d3c8b67 req-972bf45a-6fe6-4b64-aded-cc686d3c8b67 ] Request (ServersAdmin275Test:setUpClass): 201 POST http://10.180.1.21/identity/v3/projects 0.226s
2025-02-10 12:18:51.239 62860 INFO tempest.lib.common.rest_client [req-f2bd0e47-49ac-4323-9f19-b56cbb9e21b8 req-f2bd0e47-49ac-4323-9f19-b56cbb9e21b8 ] Request (ServersWithSpecificFlavorTestJSON:setUpClass): 201 POST http://10.180.1.21:9696/networking/v2.0/routers 1.326s
2025-02-10 12:18:51.274 62808 INFO tempest.lib.common.rest_client [req-3b208a8b-fc04-48b6-81e8-4fc931c764c6 req-3b208a8b-fc04-48b6-81e8-4fc931c764c6 ] Request (QuotasAdminTestV236:setUpClass): 201 POST http://10.180.1.21/identity/v3/auth/tokens 0.223s
2025-02-10 12:18:51.275 62808 WARNING tempest.lib.common.rest_client [-] Deprecated: "tenant_id" property is deprecated for removal, use "project_id" instead
2025-02-10 12:18:51.275 62820 INFO tempest.lib.common.rest_client [req-ca50b0d5-229c-44ba-a0b6-13cd2570ff94 req-ca50b0d5-229c-44ba-a0b6-13cd2570ff94 ] Request (ServerDiagnosticsNegativeTest:setUpClass): 201 POST http://10.180.1.21/identity/v3/users 0.212s
2025-02-10 12:18:51.311 62828 INFO tempest.lib.common.rest_client [req-f5480e7c-b6a5-4e0b-8765-5fd78ae74969 req-f5480e7c-b6a5-4e0b-8765-5fd78ae74969 ] Request (SecurityGroupsTestAdminJSON:setUpClass): 204 PUT http://10.180.1.21/identity/v3/projects/f6f78409da79469e98cf09336bac831d/users/21ae3f2d2a0343d882ef47668f76a577/roles/b19bf4b6d3a3448b95ac3b4a35a03e98 0.163s
2025-02-10 12:18:51.311 62828 INFO tempest.lib.common.dynamic_creds [-] Dynamic test user 21ae3f2d2a0343d882ef47668f76a577 is created with scope project and roles: ['member']
2025-02-10 12:18:51.311 62828 INFO tempest.lib.common.dynamic_creds [-] Acquired dynamic creds: credentials: Credentials: {'domain_id': 'default', 'domain_name': 'Default', 'username': 'tempest-SecurityGroupsTestAdminJSON-1738229775-project-member', 'project_domain_id': 'default', 'project_domain_name': 'Default', 'project_id': 'f6f78409da79469e98cf09336bac831d', 'project_name': 'tempest-SecurityGroupsTestAdminJSON-1738229775', 'tenant_id': 'f6f78409da79469e98cf09336bac831d', 'tenant_name': 'tempest-SecurityGroupsTestAdminJSON-1738229775', 'user_domain_id': 'default', 'user_domain_name': 'Default', 'user_id': '21ae3f2d2a0343d882ef47668f76a577', 'system': None}, Network: None, Subnet: None, Router: None
2025-02-10 12:18:51.311 62828 INFO tempest.lib.common.dynamic_creds [-] Created isolated network resources for: credentials: Credentials: {'domain_id': 'default', 'domain_name': 'Default', 'username': 'tempest-SecurityGroupsTestAdminJSON-1738229775-project-member', 'project_domain_id': 'default', 'project_domain_name': 'Default', 'project_id': 'f6f78409da79469e98cf09336bac831d', 'project_name': 'tempest-SecurityGroupsTestAdminJSON-1738229775', 'tenant_id': 'f6f78409da79469e98cf09336bac831d', 'tenant_name': 'tempest-SecurityGroupsTestAdminJSON-1738229775', 'user_domain_id': 'default', 'user_domain_name': 'Default', 'user_id': '21ae3f2d2a0343d882ef47668f76a577', 'system': None}, Network: None, Subnet: None, Router: None
2025-02-10 12:18:51.359 62836 INFO tempest.lib.common.rest_client [req-a13e9bf7-048c-4dd9-80fa-ba55da781893 req-a13e9bf7-048c-4dd9-80fa-ba55da781893 ] Request (ServersAdmin275Test:setUpClass): 201 POST http://10.180.1.21/identity/v3/users 0.139s
2025-02-10 12:18:51.376 62820 INFO tempest.lib.common.rest_client [req-70f8ab43-51d4-40b2-8245-d647b0460830 req-70f8ab43-51d4-40b2-8245-d647b0460830 ] Request (ServerDiagnosticsNegativeTest:setUpClass): 200 GET http://10.180.1.21/identity/v3/roles 0.100s
2025-02-10 12:18:51.394 62836 INFO tempest.lib.common.rest_client [req-3e8791e5-c505-4a6e-ab2a-1de5df1ee168 req-3e8791e5-c505-4a6e-ab2a-1de5df1ee168 ] Request (ServersAdmin275Test:setUpClass): 200 GET http://10.180.1.21/identity/v3/roles 0.034s
2025-02-10 12:18:51.414 62820 INFO tempest.lib.common.rest_client [req-41589318-5df1-409d-85ce-530c63f2aab3 req-41589318-5df1-409d-85ce-530c63f2aab3 ] Request (ServerDiagnosticsNegativeTest:setUpClass): 204 PUT http://10.180.1.21/identity/v3/projects/cbd92adc76814720ac43cd9c99d21209/users/c99439422d6d48b9a6229c0956c10c71/roles/b19bf4b6d3a3448b95ac3b4a35a03e98 0.037s
2025-02-10 12:18:51.415 62820 INFO tempest.lib.common.dynamic_creds [-] Dynamic test user c99439422d6d48b9a6229c0956c10c71 is created with scope project and roles: ['member']
2025-02-10 12:18:51.415 62820 INFO tempest.lib.common.dynamic_creds [-] Acquired dynamic creds: credentials: Credentials: {'domain_id': 'default', 'domain_name': 'Default', 'username': 'tempest-ServerDiagnosticsNegativeTest-1402839449-project-member', 'project_domain_id': 'default', 'project_domain_name': 'Default', 'project_id': 'cbd92adc76814720ac43cd9c99d21209', 'project_name': 'tempest-ServerDiagnosticsNegativeTest-1402839449', 'tenant_id': 'cbd92adc76814720ac43cd9c99d21209', 'tenant_name': 'tempest-ServerDiagnosticsNegativeTest-1402839449', 'user_domain_id': 'default', 'user_domain_name': 'Default', 'user_id': 'c99439422d6d48b9a6229c0956c10c71', 'system': None}, Network: None, Subnet: None, Router: None
2025-02-10 12:18:51.415 62820 INFO tempest.lib.common.dynamic_creds [-] Created isolated network resources for: credentials: Credentials: {'domain_id': 'default', 'domain_name': 'Default', 'username': 'tempest-ServerDiagnosticsNegativeTest-1402839449-project-member', 'project_domain_id': 'default', 'project_domain_name': 'Default', 'project_id': 'cbd92adc76814720ac43cd9c99d21209', 'project_name': 'tempest-ServerDiagnosticsNegativeTest-1402839449', 'tenant_id': 'cbd92adc76814720ac43cd9c99d21209', 'tenant_name': 'tempest-ServerDiagnosticsNegativeTest-1402839449', 'user_domain_id': 'default', 'user_domain_name': 'Default', 'user_id': 'c99439422d6d48b9a6229c0956c10c71', 'system': None}, Network: None, Subnet: None, Router: None
2025-02-10 12:18:51.437 62828 INFO tempest.lib.common.rest_client [req-41199b14-7930-4f37-8abe-7bd3925b5326 req-41199b14-7930-4f37-8abe-7bd3925b5326 ] Request (SecurityGroupsTestAdminJSON:setUpClass): 201 POST http://10.180.1.21/identity/v3/auth/tokens 0.121s
2025-02-10 12:18:51.489 62836 INFO tempest.lib.common.rest_client [req-4e9a81e1-f2c2-451d-bcac-eb21878a2890 req-4e9a81e1-f2c2-451d-bcac-eb21878a2890 ] Request (ServersAdmin275Test:setUpClass): 204 PUT http://10.180.1.21/identity/v3/projects/6a1701c3651546a7b5a39bcf8f06cff2/users/2f9944bcdaa94f6aa7877d2401a9252c/roles/b19bf4b6d3a3448b95ac3b4a35a03e98 0.094s
2025-02-10 12:18:51.489 62836 INFO tempest.lib.common.dynamic_creds [-] Dynamic test user 2f9944bcdaa94f6aa7877d2401a9252c is created with scope project and roles: ['member']
2025-02-10 12:18:51.490 62836 INFO tempest.lib.common.dynamic_creds [-] Acquired dynamic creds: credentials: Credentials: {'domain_id': 'default', 'domain_name': 'Default', 'username': 'tempest-ServersAdmin275Test-1050466741-project-member', 'project_domain_id': 'default', 'project_domain_name': 'Default', 'project_id': '6a1701c3651546a7b5a39bcf8f06cff2', 'project_name': 'tempest-ServersAdmin275Test-1050466741', 'tenant_id': '6a1701c3651546a7b5a39bcf8f06cff2', 'tenant_name': 'tempest-ServersAdmin275Test-1050466741', 'user_domain_id': 'default', 'user_domain_name': 'Default', 'user_id': '2f9944bcdaa94f6aa7877d2401a9252c', 'system': None}, Network: None, Subnet: None, Router: None
2025-02-10 12:18:51.490 62836 INFO tempest.lib.common.dynamic_creds [-] Created isolated network resources for: credentials: Credentials: {'domain_id': 'default', 'domain_name': 'Default', 'username': 'tempest-ServersAdmin275Test-1050466741-project-member', 'project_domain_id': 'default', 'project_domain_name': 'Default', 'project_id': '6a1701c3651546a7b5a39bcf8f06cff2', 'project_name': 'tempest-ServersAdmin275Test-1050466741', 'tenant_id': '6a1701c3651546a7b5a39bcf8f06cff2', 'tenant_name': 'tempest-ServersAdmin275Test-1050466741', 'user_domain_id': 'default', 'user_domain_name': 'Default', 'user_id': '2f9944bcdaa94f6aa7877d2401a9252c', 'system': None}, Network: None, Subnet: None, Router: None
2025-02-10 12:18:51.521 62820 INFO tempest.lib.common.rest_client [req-645d44e5-89ce-4a3d-919e-d844b4be81cc req-645d44e5-89ce-4a3d-919e-d844b4be81cc ] Request (ServerDiagnosticsNegativeTest:setUpClass): 201 POST http://10.180.1.21/identity/v3/auth/tokens 0.100s
2025-02-10 12:18:51.541 62828 INFO tempest.lib.common.rest_client [req-d5902bbd-c85e-4cda-9d10-5f3acd70fb3b req-d5902bbd-c85e-4cda-9d10-5f3acd70fb3b ] Request (SecurityGroupsTestAdminJSON:setUpClass): 201 POST http://10.180.1.21/identity/v3/projects 0.103s
2025-02-10 12:18:51.595 62836 INFO tempest.lib.common.rest_client [req-f25093f4-766a-489d-a217-4c32ae7a4f7f req-f25093f4-766a-489d-a217-4c32ae7a4f7f ] Request (ServersAdmin275Test:setUpClass): 201 POST http://10.180.1.21/identity/v3/auth/tokens 0.100s
2025-02-10 12:18:51.648 62830 INFO tempest.lib.common.rest_client [req-8fb9762f-30e7-4b85-98c5-178b779da64c req-8fb9762f-30e7-4b85-98c5-178b779da64c ] Request (InstanceActionsV221TestJSON:test_get_list_deleted_instance_actions): 202 POST http://10.180.1.21/compute/v2.1/servers 4.305s
2025-02-10 12:18:51.654 62820 INFO tempest.lib.common.rest_client [req-9bc1c1ae-fef8-4b6f-9b68-8113e30162ba req-9bc1c1ae-fef8-4b6f-9b68-8113e30162ba ] Request (ServerDiagnosticsNegativeTest:setUpClass): 201 POST http://10.180.1.21/identity/v3/projects 0.132s
2025-02-10 12:18:51.705 62828 INFO tempest.lib.common.rest_client [req-8be1f9e4-ac65-4110-b591-81ee5a9afa20 req-8be1f9e4-ac65-4110-b591-81ee5a9afa20 ] Request (SecurityGroupsTestAdminJSON:setUpClass): 201 POST http://10.180.1.21/identity/v3/users 0.164s
2025-02-10 12:18:51.705 62836 INFO tempest.lib.common.rest_client [req-c4426169-fe2d-47f4-be96-d8484e394214 req-c4426169-fe2d-47f4-be96-d8484e394214 ] Request (ServersAdmin275Test:setUpClass): 201 POST http://10.180.1.21/identity/v3/projects 0.109s
2025-02-10 12:18:51.766 62820 INFO tempest.lib.common.rest_client [req-b53f3ecf-a95f-4f39-a407-03a5312e1840 req-b53f3ecf-a95f-4f39-a407-03a5312e1840 ] Request (ServerDiagnosticsNegativeTest:setUpClass): 201 POST http://10.180.1.21/identity/v3/users 0.112s
2025-02-10 12:18:51.783 62828 INFO tempest.lib.common.rest_client [req-1a7b872e-70e2-4b14-b1fa-a7f8aadbf124 req-1a7b872e-70e2-4b14-b1fa-a7f8aadbf124 ] Request (SecurityGroupsTestAdminJSON:setUpClass): 200 GET http://10.180.1.21/identity/v3/roles 0.077s
2025-02-10 12:18:51.808 62836 INFO tempest.lib.common.rest_client [req-eba0d190-727e-48f4-afa8-34f5a54b2f6a req-eba0d190-727e-48f4-afa8-34f5a54b2f6a ] Request (ServersAdmin275Test:setUpClass): 201 POST http://10.180.1.21/identity/v3/users 0.102s
2025-02-10 12:18:51.808 62820 INFO tempest.lib.common.rest_client [req-c1aa7dfb-17ea-40bc-a79f-b88064e7fe41 req-c1aa7dfb-17ea-40bc-a79f-b88064e7fe41 ] Request (ServerDiagnosticsNegativeTest:setUpClass): 200 GET http://10.180.1.21/identity/v3/roles 0.041s
2025-02-10 12:18:51.840 62836 INFO tempest.lib.common.rest_client [req-deda8ce3-cce2-42b3-82fc-6eeb8f82304d req-deda8ce3-cce2-42b3-82fc-6eeb8f82304d ] Request (ServersAdmin275Test:setUpClass): 200 GET http://10.180.1.21/identity/v3/roles 0.031s
2025-02-10 12:18:51.851 62828 INFO tempest.lib.common.rest_client [req-38720086-8da2-4170-8ffa-c0dddd7f46a4 req-38720086-8da2-4170-8ffa-c0dddd7f46a4 ] Request (SecurityGroupsTestAdminJSON:setUpClass): 204 PUT http://10.180.1.21/identity/v3/projects/19662e23ba0e43418a3b1cf5c7fcef92/users/05663e924b66485a80d4aa63ce563f81/roles/d588008f12dd4707a855761490f91ee3 0.067s
2025-02-10 12:18:51.864 62820 INFO tempest.lib.common.rest_client [req-9c573ecd-8e67-40b4-b058-00945a9db20c req-9c573ecd-8e67-40b4-b058-00945a9db20c ] Request (ServerDiagnosticsNegativeTest:setUpClass): 204 PUT http://10.180.1.21/identity/v3/projects/c295a546f4d94f9191ed989ef21bddc7/users/e5a6a73028ec4b84babef3768e55bfcb/roles/d588008f12dd4707a855761490f91ee3 0.054s
2025-02-10 12:18:51.908 62828 INFO tempest.lib.common.rest_client [req-508e49a3-0b33-494f-91a4-b156d62fc4a0 req-508e49a3-0b33-494f-91a4-b156d62fc4a0 ] Request (SecurityGroupsTestAdminJSON:setUpClass): 200 GET http://10.180.1.21/identity/v3/roles 0.057s
2025-02-10 12:18:51.925 62820 INFO tempest.lib.common.rest_client [req-c1f5e5ad-7f38-4a98-813d-c2cf54bcd890 req-c1f5e5ad-7f38-4a98-813d-c2cf54bcd890 ] Request (ServerDiagnosticsNegativeTest:setUpClass): 200 GET http://10.180.1.21/identity/v3/roles 0.061s
2025-02-10 12:18:51.930 62836 INFO tempest.lib.common.rest_client [req-b874015c-52a7-47eb-9e32-fea5945007ea req-b874015c-52a7-47eb-9e32-fea5945007ea ] Request (ServersAdmin275Test:setUpClass): 204 PUT http://10.180.1.21/identity/v3/projects/aaeffd1b936048d1815931197bbf5971/users/66bc5147d37e4a00b4b9572edb999138/roles/d588008f12dd4707a855761490f91ee3 0.090s
2025-02-10 12:18:51.977 62828 INFO tempest.lib.common.rest_client [req-8093ac12-52c2-442a-9226-b1a31c95a160 req-8093ac12-52c2-442a-9226-b1a31c95a160 ] Request (SecurityGroupsTestAdminJSON:setUpClass): 204 PUT http://10.180.1.21/identity/v3/projects/19662e23ba0e43418a3b1cf5c7fcef92/users/05663e924b66485a80d4aa63ce563f81/roles/d588008f12dd4707a855761490f91ee3 0.068s
2025-02-10 12:18:51.977 62828 INFO tempest.lib.common.dynamic_creds [-] Dynamic test user 05663e924b66485a80d4aa63ce563f81 is created with scope project and roles: ['admin']
2025-02-10 12:18:51.978 62828 INFO tempest.lib.common.dynamic_creds [-] Acquired dynamic creds: credentials: Credentials: {'domain_id': 'default', 'domain_name': 'Default', 'username': 'tempest-SecurityGroupsTestAdminJSON-1188305787-project-admin', 'project_domain_id': 'default', 'project_domain_name': 'Default', 'project_id': '19662e23ba0e43418a3b1cf5c7fcef92', 'project_name': 'tempest-SecurityGroupsTestAdminJSON-1188305787', 'tenant_id': '19662e23ba0e43418a3b1cf5c7fcef92', 'tenant_name': 'tempest-SecurityGroupsTestAdminJSON-1188305787', 'user_domain_id': 'default', 'user_domain_name': 'Default', 'user_id': '05663e924b66485a80d4aa63ce563f81', 'system': None}, Network: None, Subnet: None, Router: None
2025-02-10 12:18:51.978 62828 INFO tempest.lib.common.dynamic_creds [-] Created isolated network resources for: credentials: Credentials: {'domain_id': 'default', 'domain_name': 'Default', 'username': 'tempest-SecurityGroupsTestAdminJSON-1188305787-project-admin', 'project_domain_id': 'default', 'project_domain_name': 'Default', 'project_id': '19662e23ba0e43418a3b1cf5c7fcef92', 'project_name': 'tempest-SecurityGroupsTestAdminJSON-1188305787', 'tenant_id': '19662e23ba0e43418a3b1cf5c7fcef92', 'tenant_name': 'tempest-SecurityGroupsTestAdminJSON-1188305787', 'user_domain_id': 'default', 'user_domain_name': 'Default', 'user_id': '05663e924b66485a80d4aa63ce563f81', 'system': None}, Network: None, Subnet: None, Router: None
2025-02-10 12:18:51.984 62820 INFO tempest.lib.common.rest_client [req-7e628522-ca15-46cb-b039-c9a7dbb79f3a req-7e628522-ca15-46cb-b039-c9a7dbb79f3a ] Request (ServerDiagnosticsNegativeTest:setUpClass): 204 PUT http://10.180.1.21/identity/v3/projects/c295a546f4d94f9191ed989ef21bddc7/users/e5a6a73028ec4b84babef3768e55bfcb/roles/d588008f12dd4707a855761490f91ee3 0.057s
2025-02-10 12:18:51.985 62820 INFO tempest.lib.common.dynamic_creds [-] Dynamic test user e5a6a73028ec4b84babef3768e55bfcb is created with scope project and roles: ['admin']
2025-02-10 12:18:51.985 62820 INFO tempest.lib.common.dynamic_creds [-] Acquired dynamic creds: credentials: Credentials: {'domain_id': 'default', 'domain_name': 'Default', 'username': 'tempest-ServerDiagnosticsNegativeTest-1114106663-project-admin', 'project_domain_id': 'default', 'project_domain_name': 'Default', 'project_id': 'c295a546f4d94f9191ed989ef21bddc7', 'project_name': 'tempest-ServerDiagnosticsNegativeTest-1114106663', 'tenant_id': 'c295a546f4d94f9191ed989ef21bddc7', 'tenant_name': 'tempest-ServerDiagnosticsNegativeTest-1114106663', 'user_domain_id': 'default', 'user_domain_name': 'Default', 'user_id': 'e5a6a73028ec4b84babef3768e55bfcb', 'system': None}, Network: None, Subnet: None, Router: None
2025-02-10 12:18:51.985 62820 INFO tempest.lib.common.dynamic_creds [-] Created isolated network resources for: credentials: Credentials: {'domain_id': 'default', 'domain_name': 'Default', 'username': 'tempest-ServerDiagnosticsNegativeTest-1114106663-project-admin', 'project_domain_id': 'default', 'project_domain_name': 'Default', 'project_id': 'c295a546f4d94f9191ed989ef21bddc7', 'project_name': 'tempest-ServerDiagnosticsNegativeTest-1114106663', 'tenant_id': 'c295a546f4d94f9191ed989ef21bddc7', 'tenant_name': 'tempest-ServerDiagnosticsNegativeTest-1114106663', 'user_domain_id': 'default', 'user_domain_name': 'Default', 'user_id': 'e5a6a73028ec4b84babef3768e55bfcb', 'system': None}, Network: None, Subnet: None, Router: None
2025-02-10 12:18:52.013 62846 INFO tempest.lib.common.rest_client [req-7f398e63-4ffe-42ca-97fd-a149233861be req-7f398e63-4ffe-42ca-97fd-a149233861be ] Request (ImagesOneServerNegativeTestJSON:setUpClass): 202 POST http://10.180.1.21/compute/v2.1/servers 4.431s
2025-02-10 12:18:52.064 62836 INFO tempest.lib.common.rest_client [req-b9f9be21-2f65-4ba5-941f-2c947e2523eb req-b9f9be21-2f65-4ba5-941f-2c947e2523eb ] Request (ServersAdmin275Test:setUpClass): 200 GET http://10.180.1.21/identity/v3/roles 0.133s
2025-02-10 12:18:52.066 62828 INFO tempest.lib.common.rest_client [req-b5028bf8-f79f-43b9-9d99-2ea6cddd1394 req-b5028bf8-f79f-43b9-9d99-2ea6cddd1394 ] Request (SecurityGroupsTestAdminJSON:setUpClass): 201 POST http://10.180.1.21/identity/v3/auth/tokens 0.083s
2025-02-10 12:18:52.144 62820 INFO tempest.lib.common.rest_client [req-5ce7b21e-6739-4db5-84ae-7ac759c5c6a4 req-5ce7b21e-6739-4db5-84ae-7ac759c5c6a4 ] Request (ServerDiagnosticsNegativeTest:setUpClass): 201 POST http://10.180.1.21/identity/v3/auth/tokens 0.154s
2025-02-10 12:18:52.161 62836 INFO tempest.lib.common.rest_client [req-79873781-b85b-4b34-9a16-85854f8e1849 req-79873781-b85b-4b34-9a16-85854f8e1849 ] Request (ServersAdmin275Test:setUpClass): 204 PUT http://10.180.1.21/identity/v3/projects/aaeffd1b936048d1815931197bbf5971/users/66bc5147d37e4a00b4b9572edb999138/roles/d588008f12dd4707a855761490f91ee3 0.097s
2025-02-10 12:18:52.162 62836 INFO tempest.lib.common.dynamic_creds [-] Dynamic test user 66bc5147d37e4a00b4b9572edb999138 is created with scope project and roles: ['admin']
2025-02-10 12:18:52.162 62836 INFO tempest.lib.common.dynamic_creds [-] Acquired dynamic creds: credentials: Credentials: {'domain_id': 'default', 'domain_name': 'Default', 'username': 'tempest-ServersAdmin275Test-1236548166-project-admin', 'project_domain_id': 'default', 'project_domain_name': 'Default', 'project_id': 'aaeffd1b936048d1815931197bbf5971', 'project_name': 'tempest-ServersAdmin275Test-1236548166', 'tenant_id': 'aaeffd1b936048d1815931197bbf5971', 'tenant_name': 'tempest-ServersAdmin275Test-1236548166', 'user_domain_id': 'default', 'user_domain_name': 'Default', 'user_id': '66bc5147d37e4a00b4b9572edb999138', 'system': None}, Network: None, Subnet: None, Router: None
2025-02-10 12:18:52.162 62836 INFO tempest.lib.common.dynamic_creds [-] Created isolated network resources for: credentials: Credentials: {'domain_id': 'default', 'domain_name': 'Default', 'username': 'tempest-ServersAdmin275Test-1236548166-project-admin', 'project_domain_id': 'default', 'project_domain_name': 'Default', 'project_id': 'aaeffd1b936048d1815931197bbf5971', 'project_name': 'tempest-ServersAdmin275Test-1236548166', 'tenant_id': 'aaeffd1b936048d1815931197bbf5971', 'tenant_name': 'tempest-ServersAdmin275Test-1236548166', 'user_domain_id': 'default', 'user_domain_name': 'Default', 'user_id': '66bc5147d37e4a00b4b9572edb999138', 'system': None}, Network: None, Subnet: None, Router: None
2025-02-10 12:18:52.162 62816 INFO tempest.lib.common.rest_client [req-af1426dd-9f1c-4637-9315-99eca5c2c283 req-af1426dd-9f1c-4637-9315-99eca5c2c283 ] Request (ServerDiagnosticsTest:test_get_server_diagnostics): 202 POST http://10.180.1.21/compute/v2.1/servers 4.562s
2025-02-10 12:18:52.214 62820 INFO tempest.lib.common.rest_client [req-a494fb54-d6d0-43c1-8126-af28e1bbed06 req-a494fb54-d6d0-43c1-8126-af28e1bbed06 ] Request (ServerDiagnosticsNegativeTest:test_get_server_diagnostics_by_non_admin): 201 POST http://10.180.1.21/identity/v3/auth/tokens 0.066s
2025-02-10 12:18:52.214 62820 INFO tempest.lib.common.fixed_network [-] (ServerDiagnosticsNegativeTest:test_get_server_diagnostics_by_non_admin) Found network None available for tenant
2025-02-10 12:18:52.218 62844 INFO tempest.lib.common.rest_client [req-6cccf3b6-a695-4eb6-b92f-0acdc2a13ec9 req-6cccf3b6-a695-4eb6-b92f-0acdc2a13ec9 ] Request (FlavorsExtraSpecsTestJSON:setUpClass): 200 POST http://10.180.1.21/compute/v2.1/flavors 4.412s
2025-02-10 12:18:52.286 62836 INFO tempest.lib.common.rest_client [req-33cc1863-8ef9-4ad4-9b9b-9a96d59b538d req-33cc1863-8ef9-4ad4-9b9b-9a96d59b538d ] Request (ServersAdmin275Test:setUpClass): 201 POST http://10.180.1.21/identity/v3/auth/tokens 0.119s
2025-02-10 12:18:52.305 62856 INFO tempest.lib.common.rest_client [req-13f0c2e2-1ad6-4c50-898a-bbfe6060ec3a req-13f0c2e2-1ad6-4c50-898a-bbfe6060ec3a ] Request (InstanceUsageAuditLogTestJSON:test_get_instance_usage_audit_log): 200 GET http://10.180.1.21/compute/v2.1/os-instance_usage_audit_log/2025-02-10%2012%3A18%3A47 4.398s
2025-02-10 12:18:52.344 62836 INFO tempest.lib.common.rest_client [req-25fd2aba-0940-4f4f-9fb4-84d6bca3c384 req-25fd2aba-0940-4f4f-9fb4-84d6bca3c384 ] Request (ServersAdmin275Test:test_rebuild_update_server_275): 201 POST http://10.180.1.21/identity/v3/auth/tokens 0.052s
2025-02-10 12:18:52.344 62836 INFO tempest.lib.common.fixed_network [-] (ServersAdmin275Test:test_rebuild_update_server_275) Found network None available for tenant
2025-02-10 12:18:52.360 62800 INFO tempest.lib.common.rest_client [req-723c858a-7d51-47e1-9f70-374837d153b1 req-723c858a-7d51-47e1-9f70-374837d153b1 ] Request (FlavorsV261TestJSON:test_crud_flavor): 200 GET http://10.180.1.21/compute/v2.1/flavors/1345910935 4.446s
2025-02-10 12:18:52.392 62854 INFO tempest.lib.common.rest_client [req-da83c223-e9ed-4f72-92b3-22216e005b54 req-da83c223-e9ed-4f72-92b3-22216e005b54 ] Request (HostsAdminNegativeTestJSON:test_list_hosts_with_non_admin_user): 403 GET http://10.180.1.21/compute/v2.1/os-hosts 4.284s
2025-02-10 12:18:52.401 62810 INFO tempest.lib.common.rest_client [req-0ca962f1-f152-4233-8e99-8ed40b1f7086 req-0ca962f1-f152-4233-8e99-8ed40b1f7086 ] Request (VolumesAssistedSnapshotsTest:setUpClass): 201 POST http://10.180.1.21:9696/networking/v2.0/routers 1.412s
2025-02-10 12:18:52.428 62834 INFO tempest.lib.common.rest_client [req-5db92aa9-4f0f-45d2-a066-6b8188c72d5c req-5db92aa9-4f0f-45d2-a066-6b8188c72d5c ] Request (HypervisorAdminUnderV252Test:test_get_hypervisor_show_servers): 200 GET http://10.180.1.21/compute/v2.1/os-hypervisors/domain-c8.fc996f14-c53b-4953-92e3-bdfa48f5cc28/servers 4.017s
2025-02-10 12:18:52.449 62850 INFO tempest.lib.common.rest_client [req-2dbfc7bf-73db-4dd3-b26a-04d346552c57 req-2dbfc7bf-73db-4dd3-b26a-04d346552c57 ] Request (HypervisorAdminV228Test:test_get_list_hypervisor_details): 200 GET http://10.180.1.21/compute/v2.1/os-hypervisors/1 3.733s
2025-02-10 12:18:52.467 62802 INFO tempest.lib.common.rest_client [req-6681e713-7dad-42f5-a588-b7d1d11eafa4 req-6681e713-7dad-42f5-a588-b7d1d11eafa4 ] Request (FlavorsAdminTestJSON:_run_cleanups): 202 DELETE http://10.180.1.21/compute/v2.1/flavors/1663952259 3.595s
2025-02-10 12:18:52.502 62824 INFO tempest.lib.common.rest_client [req-4abbac0f-c921-4fec-8269-bd31091ae6bc req-4abbac0f-c921-4fec-8269-bd31091ae6bc ] Request (ServicesAdminTestJSON:test_get_service_by_host_name): 200 GET http://10.180.1.21/compute/v2.1/os-services?host=devstack 3.223s
2025-02-10 12:18:52.570 62850 INFO tempest.lib.common.rest_client [req-89048a08-a5cd-45f5-a97c-7433860f966f req-89048a08-a5cd-45f5-a97c-7433860f966f ] Request (HypervisorAdminV228Test:tearDownClass): 204 DELETE http://10.180.1.21/identity/v3/users/9d3564c1a910421b8ec2ad727487dac6 0.109s
2025-02-10 12:18:52.599 62806 INFO tempest.lib.common.rest_client [req-1ad7e153-7537-4f47-858f-24d1919f3970 req-1ad7e153-7537-4f47-858f-24d1919f3970 ] Request (FlavorsAccessNegativeTestJSON:test_add_flavor_access_duplicate): 200 POST http://10.180.1.21/compute/v2.1/flavors 3.059s
2025-02-10 12:18:52.657 62818 INFO tempest.lib.common.rest_client [req-53578a20-8ae6-42e0-9f22-6d1898a84b9d req-53578a20-8ae6-42e0-9f22-6d1898a84b9d ] Request (AggregatesAdminNegativeTestJSON:test_aggregate_add_existent_host): 200 POST http://10.180.1.21/compute/v2.1/os-aggregates 3.083s
2025-02-10 12:18:52.698 62850 INFO tempest.lib.common.rest_client [req-9b1ee9a5-d4ba-4ab7-8387-68460f00804c req-9b1ee9a5-d4ba-4ab7-8387-68460f00804c ] Request (HypervisorAdminV228Test:tearDownClass): 204 DELETE http://10.180.1.21/identity/v3/users/9b84aeeaa83b4c608f077630cdd08780 0.127s
2025-02-10 12:18:52.698 62850 INFO tempest.lib.common.dynamic_creds [-] Deleting project and security group for project: 9fdb9aac05d741f59e4160ce20e3664f
2025-02-10 12:18:52.701 62852 INFO tempest.lib.common.rest_client [req-5f4573c9-f822-42f1-92e9-ec45508d3020 req-5f4573c9-f822-42f1-92e9-ec45508d3020 ] Request (ServersAdminNegativeTestJSON:setUpClass): 202 POST http://10.180.1.21/compute/v2.1/servers 4.398s
2025-02-10 12:18:52.761 62850 INFO tempest.lib.common.rest_client [req-8183b66e-8c8e-4e73-85cf-75f5c4300814 req-8183b66e-8c8e-4e73-85cf-75f5c4300814 ] Request (HypervisorAdminV228Test:tearDownClass): 201 POST http://10.180.1.21/identity/v3/auth/tokens 0.062s
2025-02-10 12:18:52.767 62860 INFO tempest.lib.common.rest_client [req-d89f4075-f18c-49b0-badd-ffb600a72a1e req-d89f4075-f18c-49b0-badd-ffb600a72a1e ] Request (ServersWithSpecificFlavorTestJSON:setUpClass): 200 PUT http://10.180.1.21:9696/networking/v2.0/routers/d0f164e5-bd8f-49eb-98ce-63d84b65260a/add_router_interface 1.527s
2025-02-10 12:18:52.767 62860 INFO tempest.lib.common.dynamic_creds [-] Created isolated network resources for: credentials: Credentials: {'domain_id': 'default', 'domain_name': 'Default', 'username': 'tempest-ServersWithSpecificFlavorTestJSON-64889853-project-admin', 'project_domain_id': 'default', 'project_domain_name': 'Default', 'project_id': 'd65e67758c1347dd900ff540dd039450', 'project_name': 'tempest-ServersWithSpecificFlavorTestJSON-64889853', 'tenant_id': 'd65e67758c1347dd900ff540dd039450', 'tenant_name': 'tempest-ServersWithSpecificFlavorTestJSON-64889853', 'user_domain_id': 'default', 'user_domain_name': 'Default', 'user_id': 'd55d0143401c43e8ae6b35b9765f6e6a', 'system': None}, Network: {'id': 'bcb1453c-a53d-4e31-aa93-77fb70172484', 'name': 'tempest-ServersWithSpecificFlavorTestJSON-466656597-network', 'tenant_id': 'd65e67758c1347dd900ff540dd039450', 'admin_state_up': True, 'mtu': 8950, 'status': 'ACTIVE', 'subnets': [], 'shared': False, 'project_id': 'd65e67758c1347dd900ff540dd039450', 'port_security_enabled': True, 'router:external': False, 'provider:network_type': 'vlan', 'provider:physical_network': 'default', 'provider:segmentation_id': 961, 'availability_zone_hints': [], 'availability_zones': [], 'ipv4_address_scope': None, 'ipv6_address_scope': None, 'description': '', 'tags': [], 'created_at': '2025-02-10T12:18:49Z', 'updated_at': '2025-02-10T12:18:49Z', 'revision_number': 1}, Subnet: {'id': '008e1c4d-b448-455a-9701-6b153c160199', 'name': 'tempest-ServersWithSpecificFlavorTestJSON-466656597-subnet', 'tenant_id': 'd65e67758c1347dd900ff540dd039450', 'network_id': 'bcb1453c-a53d-4e31-aa93-77fb70172484', 'ip_version': 4, 'subnetpool_id': None, 'enable_dhcp': True, 'ipv6_ra_mode': None, 'ipv6_address_mode': None, 'gateway_ip': '192.168.128.1', 'cidr': '192.168.128.0/28', 'allocation_pools': [{'start': '192.168.128.2', 'end': '192.168.128.14'}], 'host_routes': [], 'dns_nameservers': [], 'description': '', 'router:external': False, 'service_types': [], 'tags': [], 'created_at': '2025-02-10T12:18:49Z', 'updated_at': '2025-02-10T12:18:49Z', 'revision_number': 0, 'project_id': 'd65e67758c1347dd900ff540dd039450'}, Router: {'id': 'd0f164e5-bd8f-49eb-98ce-63d84b65260a', 'name': 'tempest-ServersWithSpecificFlavorTestJSON-466656597-router', 'tenant_id': 'd65e67758c1347dd900ff540dd039450', 'admin_state_up': True, 'status': 'ACTIVE', 'external_gateway_info': {'network_id': 'fa840195-2097-438a-bcf5-398379263fc9', 'external_fixed_ips': [{'subnet_id': '26af22b3-6ad2-42b4-948b-649031f33a58', 'ip_address': '10.180.180.254'}], 'enable_snat': True}, 'description': '', 'availability_zones': [], 'distributed': False, 'ha': False, 'availability_zone_hints': [], 'routes': [], 'flavor_id': None, 'tags': [], 'created_at': '2025-02-10T12:18:49Z', 'updated_at': '2025-02-10T12:18:50Z', 'revision_number': 2, 'project_id': 'd65e67758c1347dd900ff540dd039450'}
2025-02-10 12:18:52.814 62804 INFO tempest.lib.common.rest_client [req-b6f10595-b417-4a82-a250-221d4e46da73 req-b6f10595-b417-4a82-a250-221d4e46da73 ] Request (ServicesAdminNegativeV253TestJSON:test_disable_log_reason_with_invalid_service_id): 404 PUT http://10.180.1.21/compute/v2.1/os-services/f8bf0de2-92e3-4fa8-b1b0-cdd760c05b8b 2.731s
2025-02-10 12:18:52.821 62814 INFO tempest.lib.common.rest_client [req-b91253b7-588b-464a-ae5d-68c2c2f8bd1d req-b91253b7-588b-464a-ae5d-68c2c2f8bd1d ] Request (DeleteServersAdminTestJSON:test_admin_delete_servers_of_others): 200 GET http://10.180.1.21/compute/v2.1/servers/a3830103-2dcb-40ac-8e62-b331fe4673ff 2.542s
2025-02-10 12:18:52.871 62858 INFO tempest.lib.common.rest_client [req-ef4ffbf1-4566-41ba-b3a7-dbd7a12ff808 req-ef4ffbf1-4566-41ba-b3a7-dbd7a12ff808 ] Request (NetworksTest:test_get_network): 200 GET http://10.180.1.21/compute/v2.1/os-networks/fa840195-2097-438a-bcf5-398379263fc9 2.573s
2025-02-10 12:18:52.931 62860 INFO tempest.lib.common.rest_client [req-25f1212c-5f42-451f-b8e4-322816de5d21 req-25f1212c-5f42-451f-b8e4-322816de5d21 ] Request (ServersWithSpecificFlavorTestJSON:setUpClass): 201 POST http://10.180.1.21/identity/v3/auth/tokens 0.093s
2025-02-10 12:18:53.013 62862 INFO tempest.lib.common.rest_client [req-7dbce397-4f1b-4d21-882c-d601e6b04fda req-7dbce397-4f1b-4d21-882c-d601e6b04fda ] Request (FlavorsAccessTestJSON:test_flavor_access_add_remove): 200 POST http://10.180.1.21/compute/v2.1/flavors/1153465282/action 2.401s
2025-02-10 12:18:53.046 62826 INFO tempest.lib.common.rest_client [req-b2b2a38b-6be8-419e-9f08-3e802f455012 req-b2b2a38b-6be8-419e-9f08-3e802f455012 ] Request (FlavorMetadataValidation:_run_cleanups): 200 GET http://10.180.1.21/compute/v2.1/flavors/detail 2.420s
2025-02-10 12:18:53.050 62850 INFO tempest.lib.common.rest_client [req-bf31dfd2-8071-43fb-8a15-7ce67e9db170 req-bf31dfd2-8071-43fb-8a15-7ce67e9db170 ] Request (HypervisorAdminV228Test:tearDownClass): 200 GET http://10.180.1.21:9696/networking/v2.0/security-groups?tenant_id=9fdb9aac05d741f59e4160ce20e3664f&name=default 0.289s
2025-02-10 12:18:53.187 62826 INFO tempest.lib.common.rest_client [req-d0b375aa-da1d-425c-8ba2-c1a6451f3a0e req-d0b375aa-da1d-425c-8ba2-c1a6451f3a0e ] Request (FlavorMetadataValidation:tearDownClass): 204 DELETE http://10.180.1.21/identity/v3/users/003b94bfb3624139ad970ece53a01973 0.127s
2025-02-10 12:18:53.207 62850 INFO tempest.lib.common.rest_client [req-3ab71e24-0404-4911-8573-417a25666c4e req-3ab71e24-0404-4911-8573-417a25666c4e ] Request (HypervisorAdminV228Test:tearDownClass): 204 DELETE http://10.180.1.21:9696/networking/v2.0/security-groups/c526c49d-ad13-44a0-bfa2-852851059e55 0.156s
2025-02-10 12:18:53.223 62812 INFO tempest.lib.common.rest_client [req-bcff25d2-3329-431f-b5c4-a0f857d7bcc8 req-bcff25d2-3329-431f-b5c4-a0f857d7bcc8 ] Request (ServerExternalEventsTest:test_create_server_external_events): 202 POST http://10.180.1.21/compute/v2.1/servers 2.859s
2025-02-10 12:18:53.328 62822 INFO tempest.lib.common.rest_client [req-4472f1d2-a7b3-408b-9ef0-870a6583a310 req-4472f1d2-a7b3-408b-9ef0-870a6583a310 ] Request (ServerDiagnosticsV248Test:test_get_server_diagnostics): 200 GET http://10.180.1.21/compute/v2.1/servers/c8779822-1694-463e-bd06-5f84d867d1bd 2.565s
2025-02-10 12:18:53.341 62822 INFO tempest.common.waiters [-] State transition "BUILD/None" ==> "BUILD/block_device_mapping" after 4 second wait
2025-02-10 12:18:53.377 62826 INFO tempest.lib.common.rest_client [req-67d48234-3580-4a5d-846e-eb7d0a43e3f4 req-67d48234-3580-4a5d-846e-eb7d0a43e3f4 ] Request (FlavorMetadataValidation:tearDownClass): 204 DELETE http://10.180.1.21/identity/v3/users/e7d26146cc01422b88869cdc306acfb1 0.188s
2025-02-10 12:18:53.378 62826 INFO tempest.lib.common.dynamic_creds [-] Deleting project and security group for project: f65a01be4ed34c718f7c3b765362de09
2025-02-10 12:18:53.436 62850 INFO tempest.lib.common.rest_client [req-d3cddfa5-361e-4ed1-8521-faeae9c4a4c8 req-d3cddfa5-361e-4ed1-8521-faeae9c4a4c8 ] Request (HypervisorAdminV228Test:tearDownClass): 204 DELETE http://10.180.1.21/identity/v3/projects/9fdb9aac05d741f59e4160ce20e3664f 0.228s
2025-02-10 12:18:53.436 62850 INFO tempest.lib.common.dynamic_creds [-] Deleting project and security group for project: 37992b3a80e04fa9a140d3e14d6e3e5a
2025-02-10 12:18:53.461 62826 INFO tempest.lib.common.rest_client [req-6532df81-0c5d-4fb5-b339-9a69a6cf9b8c req-6532df81-0c5d-4fb5-b339-9a69a6cf9b8c ] Request (FlavorMetadataValidation:tearDownClass): 201 POST http://10.180.1.21/identity/v3/auth/tokens 0.083s
2025-02-10 12:18:53.530 62832 INFO tempest.lib.common.rest_client [req-8fa9cd3c-a51d-4aad-87e1-ad40989f5c8e req-8fa9cd3c-a51d-4aad-87e1-ad40989f5c8e ] Request (QuotaClassesAdminTestJSON:test_update_default_quotas): 200 PUT http://10.180.1.21/compute/v2.1/os-quota-class-sets/default 2.680s
2025-02-10 12:18:53.534 62848 INFO tempest.lib.common.rest_client [req-9a058760-af28-48f1-b6fe-8f276ae528fe req-9a058760-af28-48f1-b6fe-8f276ae528fe ] Request (ServersAdminTestJSON:setUpClass): 202 POST http://10.180.1.21/compute/v2.1/servers 2.889s
2025-02-10 12:18:53.597 62848 INFO tempest.lib.common.rest_client [req-41dc9d2a-30c0-4dcf-bb40-345cfe238ee6 req-41dc9d2a-30c0-4dcf-bb40-345cfe238ee6 ] Request (ServersAdminTestJSON:setUpClass): 201 POST http://10.180.1.21/identity/v3/auth/tokens 0.055s
2025-02-10 12:18:53.598 62848 INFO tempest.lib.common.fixed_network [-] (ServersAdminTestJSON:setUpClass) Found network {'id': '057a8a28-3749-4366-abe1-1a10f81258ef', 'name': 'tempest-ServersAdminTestJSON-656976695-network', 'tenant_id': 'ddb5e4a83f7040088112cdd7aa173257', 'admin_state_up': True, 'mtu': 8950, 'status': 'ACTIVE', 'subnets': [], 'shared': False, 'project_id': 'ddb5e4a83f7040088112cdd7aa173257', 'port_security_enabled': True, 'router:external': False, 'provider:network_type': 'vlan', 'provider:physical_network': 'default', 'provider:segmentation_id': 91, 'availability_zone_hints': [], 'availability_zones': [], 'ipv4_address_scope': None, 'ipv6_address_scope': None, 'description': '', 'tags': [], 'created_at': '2025-02-10T12:18:40Z', 'updated_at': '2025-02-10T12:18:40Z', 'revision_number': 1} available for tenant
2025-02-10 12:18:53.612 62850 INFO tempest.lib.common.rest_client [req-a6365af2-49c5-417d-b9a1-2a061d755602 req-a6365af2-49c5-417d-b9a1-2a061d755602 ] Request (HypervisorAdminV228Test:tearDownClass): 200 GET http://10.180.1.21:9696/networking/v2.0/security-groups?tenant_id=37992b3a80e04fa9a140d3e14d6e3e5a&name=default 0.175s
2025-02-10 12:18:53.636 62830 INFO tempest.lib.common.rest_client [req-6cd544ea-8c62-4582-8440-831e2f2db6c1 req-6cd544ea-8c62-4582-8440-831e2f2db6c1 ] Request (InstanceActionsV221TestJSON:test_get_list_deleted_instance_actions): 200 GET http://10.180.1.21/compute/v2.1/servers/7828f9c8-fc02-4218-ba93-5362af807dad 1.986s
2025-02-10 12:18:53.679 62810 INFO tempest.lib.common.rest_client [req-0beb6ebb-6056-4c28-bb9d-f4008fe2dfcd req-0beb6ebb-6056-4c28-bb9d-f4008fe2dfcd ] Request (VolumesAssistedSnapshotsTest:setUpClass): 200 PUT http://10.180.1.21:9696/networking/v2.0/routers/8d251ad5-759c-46a0-925a-6376a318e50d/add_router_interface 1.278s
2025-02-10 12:18:53.679 62810 INFO tempest.lib.common.dynamic_creds [-] Created isolated network resources for: credentials: Credentials: {'domain_id': 'default', 'domain_name': 'Default', 'username': 'tempest-VolumesAssistedSnapshotsTest-1502072313-project', 'project_domain_id': 'default', 'project_domain_name': 'Default', 'project_id': 'e22983260c0341d2b70c313f4096a536', 'project_name': 'tempest-VolumesAssistedSnapshotsTest-1502072313', 'tenant_id': 'e22983260c0341d2b70c313f4096a536', 'tenant_name': 'tempest-VolumesAssistedSnapshotsTest-1502072313', 'user_domain_id': 'default', 'user_domain_name': 'Default', 'user_id': '0f280b4fa4934d67b4885ed9f018c2e9', 'system': None}, Network: {'id': 'd652ece0-0305-4d27-b92b-ab2a781c2301', 'name': 'tempest-VolumesAssistedSnapshotsTest-257674918-network', 'tenant_id': 'e22983260c0341d2b70c313f4096a536', 'admin_state_up': True, 'mtu': 8950, 'status': 'ACTIVE', 'subnets': [], 'shared': False, 'project_id': 'e22983260c0341d2b70c313f4096a536', 'port_security_enabled': True, 'router:external': False, 'provider:network_type': 'vlan', 'provider:physical_network': 'default', 'provider:segmentation_id': 281, 'availability_zone_hints': [], 'availability_zones': [], 'ipv4_address_scope': None, 'ipv6_address_scope': None, 'description': '', 'tags': [], 'created_at': '2025-02-10T12:18:50Z', 'updated_at': '2025-02-10T12:18:50Z', 'revision_number': 1}, Subnet: {'id': 'e5f63e02-d4ea-460e-9d95-b24fc2fd51a5', 'name': 'tempest-VolumesAssistedSnapshotsTest-257674918-subnet', 'tenant_id': 'e22983260c0341d2b70c313f4096a536', 'network_id': 'd652ece0-0305-4d27-b92b-ab2a781c2301', 'ip_version': 4, 'subnetpool_id': None, 'enable_dhcp': True, 'ipv6_ra_mode': None, 'ipv6_address_mode': None, 'gateway_ip': '192.168.128.1', 'cidr': '192.168.128.0/28', 'allocation_pools': [{'start': '192.168.128.2', 'end': '192.168.128.14'}], 'host_routes': [], 'dns_nameservers': [], 'description': '', 'router:external': False, 'service_types': [], 'tags': [], 'created_at': '2025-02-10T12:18:50Z', 'updated_at': '2025-02-10T12:18:50Z', 'revision_number': 0, 'project_id': 'e22983260c0341d2b70c313f4096a536'}, Router: {'id': '8d251ad5-759c-46a0-925a-6376a318e50d', 'name': 'tempest-VolumesAssistedSnapshotsTest-257674918-router', 'tenant_id': 'e22983260c0341d2b70c313f4096a536', 'admin_state_up': True, 'status': 'ACTIVE', 'external_gateway_info': {'network_id': 'fa840195-2097-438a-bcf5-398379263fc9', 'external_fixed_ips': [{'subnet_id': '26af22b3-6ad2-42b4-948b-649031f33a58', 'ip_address': '10.180.180.169'}], 'enable_snat': True}, 'description': '', 'availability_zones': [], 'distributed': False, 'ha': False, 'availability_zone_hints': [], 'routes': [], 'flavor_id': None, 'tags': [], 'created_at': '2025-02-10T12:18:51Z', 'updated_at': '2025-02-10T12:18:51Z', 'revision_number': 2, 'project_id': 'e22983260c0341d2b70c313f4096a536'}
2025-02-10 12:18:53.720 62842 INFO tempest.lib.common.rest_client [req-04ee1ed4-a9c5-4a45-8374-4d7b9a546750 req-04ee1ed4-a9c5-4a45-8374-4d7b9a546750 ] Request (KeyPairsV2TestJSON:test_get_keypair_detail): 200 POST http://10.180.1.21/compute/v2.1/os-keypairs 2.770s
2025-02-10 12:18:53.738 62826 INFO tempest.lib.common.rest_client [req-80eed561-f5ca-48f7-912c-60fd59de5683 req-80eed561-f5ca-48f7-912c-60fd59de5683 ] Request (FlavorMetadataValidation:tearDownClass): 200 GET http://10.180.1.21:9696/networking/v2.0/security-groups?tenant_id=f65a01be4ed34c718f7c3b765362de09&name=default 0.276s
2025-02-10 12:18:53.751 62846 INFO tempest.lib.common.rest_client [req-0d348fb7-865b-4f8c-aa66-60a55cb6d0bf req-0d348fb7-865b-4f8c-aa66-60a55cb6d0bf ] Request (ImagesOneServerNegativeTestJSON:setUpClass): 200 GET http://10.180.1.21/compute/v2.1/servers/74b6ae10-a595-4139-8eda-38fe1aa298cf 1.735s
