2025-02-10 12:19:43.376 62832 INFO tempest.lib.common.rest_client [req-51d337b5-794c-4377-9814-5cc7331267a2 req-51d337b5-794c-4377-9814-5cc7331267a2 ] Request (ServerAddressesNegativeTestJSON:setUpClass): 200 GET http://10.180.1.21/compute/v2.1/servers/4de70165-c28f-44b7-a01a-caa0787170b8 0.838s
2025-02-10 12:19:43.390 62832 INFO tempest.common.waiters [-] State transition "BUILD/None" ==> "BUILD/networking" after 33 second wait
2025-02-10 12:19:43.403 62828 INFO tempest.lib.common.rest_client [req-1600f6f0-9f28-4a4d-91a3-2a638efa706a req-1600f6f0-9f28-4a4d-91a3-2a638efa706a ] Request (AttachInterfacesUnderV243Test:test_add_remove_fixed_ip): 200 GET http://10.180.1.21/compute/v2.1/servers/d266aff3-42b4-4dcb-b8ca-7c13cdf8d314 0.801s
2025-02-10 12:19:43.464 62820 INFO tempest.lib.common.rest_client [req-ee27f92c-9bc4-4b06-92d7-bbf7d7affe2d req-ee27f92c-9bc4-4b06-92d7-bbf7d7affe2d ] Request (ServerDiagnosticsNegativeTest:tearDownClass): 200 GET http://10.180.1.21/compute/v2.1/servers/a5657a70-5374-4d52-be9a-2d05f9556d16 0.827s
2025-02-10 12:19:43.471 62844 INFO tempest.lib.common.rest_client [req-c870cde4-b131-4492-9213-ad92a0a235d8 req-c870cde4-b131-4492-9213-ad92a0a235d8 ] Request (FloatingIPsAssociationNegativeTestJSON:setUpClass): 200 GET http://10.180.1.21/compute/v2.1/servers/253a2903-2601-4f0a-8882-e7510406f9d5 0.820s
2025-02-10 12:19:43.488 62856 INFO tempest.lib.common.rest_client [req-aaf9916a-3824-408a-9fca-8a5a2935a787 req-aaf9916a-3824-408a-9fca-8a5a2935a787 ] Request (SecurityGroupRulesNegativeTestJSON:test_create_security_group_rule_with_non_existent_id): 404 POST http://10.180.1.21/compute/v2.1/os-security-group-rules 0.792s
2025-02-10 12:19:43.518 62802 INFO tempest.lib.common.rest_client [req-cbffe1c4-98bf-4249-aa62-0c4cc72f3e31 req-cbffe1c4-98bf-4249-aa62-0c4cc72f3e31 ] Request (FlavorsAdminTestJSON:test_list_public_flavor_with_other_user): 200 POST http://10.180.1.21/compute/v2.1/flavors 0.780s
2025-02-10 12:19:43.586 62814 INFO tempest.lib.common.rest_client [req-4de5e74c-3fb9-466e-9fda-a9bcc0ce6611 req-4de5e74c-3fb9-466e-9fda-a9bcc0ce6611 ] Request (DeleteServersAdminTestJSON:test_delete_server_while_in_error_state): 200 GET http://10.180.1.21/compute/v2.1/servers/87a90c88-6e0a-4051-8978-b2f9c5a876ca 0.670s
2025-02-10 12:19:43.628 62826 INFO tempest.lib.common.rest_client [req-96574017-42cf-485e-97bd-5ab5aac1ad55 req-96574017-42cf-485e-97bd-5ab5aac1ad55 ] Request (ServersTestJSON:setUpClass): 200 GET http://10.180.1.21/compute/v2.1/servers/95e4fe36-6830-4fc4-bb53-1e5643c2f95b 0.890s
2025-02-10 12:19:43.642 62826 INFO tempest.lib.common.ssh [-] Creating ssh connection to '10.180.180.172:22' as 'cirros' with public key authentication
2025-02-10 12:19:43.645 62806 INFO tempest.lib.common.rest_client [req-ef725df2-a5d5-483e-8574-f72280f547f9 req-ef725df2-a5d5-483e-8574-f72280f547f9 ] Request (AttachInterfacesV270Test:test_create_get_list_interfaces): 200 GET http://10.180.1.21/compute/v2.1/servers/194c1dd8-3b0a-4c29-9779-65f1534121d1 0.717s
2025-02-10 12:19:43.704 62842 INFO tempest.lib.common.rest_client [req-6bc1f327-4324-40b6-89c6-da5a23941734 req-6bc1f327-4324-40b6-89c6-da5a23941734 ] Request (ServerRescueNegativeTestJSON:setUpClass): 200 GET http://10.180.1.21/compute/v2.1/servers/cd69a052-369b-4809-baf0-a1aec44f4ab5 0.631s
2025-02-10 12:19:43.712 62816 INFO tempest.lib.common.rest_client [req-bbaacdd0-563c-488b-8d43-07e7c923f222 req-bbaacdd0-563c-488b-8d43-07e7c923f222 ] Request (ServerDiagnosticsTest:tearDownClass): 200 GET http://10.180.1.21/compute/v2.1/servers/758ed671-347a-4949-9842-2f8cdcd261ae 0.723s
2025-02-10 12:19:43.775 62818 INFO tempest.lib.common.rest_client [req-924e150a-b017-4fa1-af71-51dd6c83f48a req-924e150a-b017-4fa1-af71-51dd6c83f48a ] Request (ServersTestJSON:test_create_server_specify_multibyte_character_name): 200 GET http://10.180.1.21/compute/v2.1/servers/ebca687d-4de7-4fd6-99fb-b4f0154abe9c 0.544s
2025-02-10 12:19:43.777 62804 INFO tempest.lib.common.rest_client [req-eef8ff9a-5449-4a91-b06b-1f1e181eafcf req-eef8ff9a-5449-4a91-b06b-1f1e181eafcf ] Request (ImagesNegativeTestJSON:test_create_image_from_deleted_server): 200 GET http://10.180.1.21/compute/v2.1/servers/8461f823-e48a-42f0-8863-44177565b82d 0.615s
2025-02-10 12:19:43.834 62808 INFO tempest.lib.common.rest_client [req-ef69280d-c864-4220-a86e-785b333731c6 req-ef69280d-c864-4220-a86e-785b333731c6 ] Request (FloatingIPsAssociationTestJSON:setUpClass): 200 GET http://10.180.1.21/compute/v2.1/servers/c1fd078c-61d4-4c0f-8c49-0f56a926a087 0.547s
2025-02-10 12:19:43.845 62812 INFO tempest.lib.common.rest_client [req-2b1d8360-9425-42cd-8332-92e1c7765ee3 req-2b1d8360-9425-42cd-8332-92e1c7765ee3 ] Request (ServerExternalEventsTest:tearDownClass): 200 GET http://10.180.1.21/compute/v2.1/servers/678b6b5f-b410-4c55-872e-4a74da6d7ebc 0.584s
2025-02-10 12:19:43.895 62860 INFO tempest.lib.common.rest_client [req-3b9f11e5-9471-41a0-bfaf-cde4eff1c796 req-3b9f11e5-9471-41a0-bfaf-cde4eff1c796 ] Request (ServersWithSpecificFlavorTestJSON:test_verify_created_server_ephemeral_disk): 200 GET http://10.180.1.21/compute/v2.1/servers/7d561939-df5d-4f8d-99b1-5eb5f0fdfc0a 0.535s
2025-02-10 12:19:43.912 62852 INFO tempest.lib.common.rest_client [req-43bee00a-90ec-4ee1-9fee-569db147d7ef req-43bee00a-90ec-4ee1-9fee-569db147d7ef ] Request (ServersAdminNegativeTestJSON:test_migrate_server_invalid_state): 200 GET http://10.180.1.21/compute/v2.1/servers/17e1557d-e4cf-45b0-84da-4cbcffe31fb6 0.545s
2025-02-10 12:19:43.952 62850 INFO tempest.lib.common.rest_client [req-7792fad2-bf68-4f4a-88a2-2cc8512e4edd req-7792fad2-bf68-4f4a-88a2-2cc8512e4edd ] Request (MigrationsAdminTest:test_list_migrations_in_flavor_resize_situation): 200 GET http://10.180.1.21/compute/v2.1/servers/879354d3-7423-41e2-93f6-0d8d3a120170 0.538s
2025-02-10 12:19:43.970 62856 INFO tempest.lib.common.rest_client [req-da267e0f-7a02-4740-8eda-3ace2a6ca633 req-da267e0f-7a02-4740-8eda-3ace2a6ca633 ] Request (SecurityGroupRulesNegativeTestJSON:test_delete_security_group_rule_with_non_existent_id): 404 DELETE http://10.180.1.21/compute/v2.1/os-security-group-rules/17b19d17-8e8c-4dba-ac51-324c6db1a8b3 0.480s
2025-02-10 12:19:43.979 62834 INFO tempest.lib.common.rest_client [req-1efc30f5-abcc-4601-aa14-44a631a357d9 req-1efc30f5-abcc-4601-aa14-44a631a357d9 ] Request (ServerShowV257Test:test_rebuild_server): 200 GET http://10.180.1.21/compute/v2.1/servers/c73686c6-4dd8-4f00-a65a-5d8574409ad1 0.549s
2025-02-10 12:19:44.029 62822 INFO tempest.lib.common.rest_client [req-ccba5a59-c8ea-4a56-82d3-ce4f9e1fe8dc req-ccba5a59-c8ea-4a56-82d3-ce4f9e1fe8dc ] Request (ServerDiagnosticsV248Test:tearDownClass): 200 GET http://10.180.1.21/compute/v2.1/servers/c8779822-1694-463e-bd06-5f84d867d1bd 0.538s
2025-02-10 12:19:44.051 62848 INFO tempest.lib.common.rest_client [req-b99e83a2-e834-4419-be6f-df7bf4c9be8b req-b99e83a2-e834-4419-be6f-df7bf4c9be8b ] Request (ServersAdminTestJSON:tearDownClass): 200 GET http://10.180.1.21/compute/v2.1/servers/84ad5317-344d-44c1-9318-fa1574321296 0.556s
2025-02-10 12:19:44.053 62802 INFO tempest.lib.common.rest_client [req-3947956a-84bb-4866-be6d-bd082f63aa42 req-3947956a-84bb-4866-be6d-bd082f63aa42 ] Request (FlavorsAdminTestJSON:test_list_public_flavor_with_other_user): 200 GET http://10.180.1.21/compute/v2.1/flavors/detail 0.532s
2025-02-10 12:19:44.285 62862 INFO tempest.lib.common.rest_client [req-1dd8c446-25f7-4843-8840-40e3d61cc091 req-1dd8c446-25f7-4843-8840-40e3d61cc091 ] Request (AttachInterfacesTestJSON:test_create_list_show_delete_interfaces_by_fixed_ip): 200 GET http://10.180.1.21/compute/v2.1/servers/19d3d54c-5ba1-420f-b012-a08add8546c9 0.736s
2025-02-10 12:19:44.297 62836 INFO tempest.lib.common.rest_client [req-3ef2290d-10a8-4a5b-968f-11b0a61c1c99 req-3ef2290d-10a8-4a5b-968f-11b0a61c1c99 ] Request (ServersAdmin275Test:_run_cleanups): 200 GET http://10.180.1.21/compute/v2.1/servers/9a098809-cc26-4210-b09e-b7825c406294 0.715s
2025-02-10 12:19:44.354 62840 INFO tempest.lib.common.rest_client [req-2f23e680-e00c-484f-b858-cc363fb7a0ac req-2f23e680-e00c-484f-b858-cc363fb7a0ac ] Request (VolumesAdminNegativeTest:test_update_attached_volume_with_nonexistent_volume_in_body): 200 GET http://10.180.1.21/compute/v2.1/servers/e813e7da-fd2c-4f10-b2f3-1e2b5c153a19 0.737s
2025-02-10 12:19:44.373 62830 INFO tempest.lib.common.rest_client [req-9337f484-f9d3-436a-b26a-6c5e55a787b9 req-9337f484-f9d3-436a-b26a-6c5e55a787b9 ] Request (InstanceActionsV221TestJSON:test_get_list_deleted_instance_actions): 200 GET http://10.180.1.21/compute/v2.1/servers/7828f9c8-fc02-4218-ba93-5362af807dad 0.727s
2025-02-10 12:19:44.410 62800 INFO tempest.lib.common.rest_client [req-8dfd2219-627f-4c90-a71e-4a9ba8edaffb req-8dfd2219-627f-4c90-a71e-4a9ba8edaffb ] Request (MultipleCreateTestJSON:test_multiple_create): 200 GET http://10.180.1.21/compute/v2.1/servers/68b4c229-0ace-486f-9a99-d3c955b7bdfb 0.715s
2025-02-10 12:19:44.429 62846 INFO tempest.lib.common.rest_client [req-d7a91d1a-bb9c-4f6a-8f53-ba7ec094efdb req-d7a91d1a-bb9c-4f6a-8f53-ba7ec094efdb ] Request (ImagesOneServerNegativeTestJSON:_run_cleanups): 200 GET http://10.180.1.21/compute/v2.1/servers/74b6ae10-a595-4139-8eda-38fe1aa298cf 0.566s
2025-02-10 12:19:44.473 62854 INFO tempest.lib.common.rest_client [req-b97b10d7-8db4-4a5e-91b2-5e14f3492cc8 req-b97b10d7-8db4-4a5e-91b2-5e14f3492cc8 ] Request (SecurityGroupsTestJSON:test_list_security_groups_by_server): 200 GET http://10.180.1.21/compute/v2.1/servers/cce5f0d4-364d-4295-a27d-44ca8585f803 0.550s
2025-02-10 12:19:44.491 62802 INFO tempest.lib.common.rest_client [req-4859862f-5ffa-41b6-a00a-ba87a3cbf9b7 req-4859862f-5ffa-41b6-a00a-ba87a3cbf9b7 ] Request (FlavorsAdminTestJSON:_run_cleanups): 202 DELETE http://10.180.1.21/compute/v2.1/flavors/822456469 0.429s
2025-02-10 12:19:44.656 62858 INFO tempest.lib.common.rest_client [req-e3060aee-6a37-4e1b-b5af-1af1d2d72690 req-e3060aee-6a37-4e1b-b5af-1af1d2d72690 ] Request (InstanceActionsTestJSON:test_list_instance_actions): 200 GET http://10.180.1.21/compute/v2.1/servers/a804f755-58b2-4350-8726-4e82f60afcdc 0.541s
2025-02-10 12:19:44.661 62856 INFO tempest.lib.common.rest_client [req-db203f7f-6359-4f82-99d7-282e80170461 req-db203f7f-6359-4f82-99d7-282e80170461 ] Request (SecurityGroupRulesNegativeTestJSON:tearDownClass): 202 DELETE http://10.180.1.21/compute/v2.1/os-security-groups/3ba75775-bd7b-4a5f-b7cf-850e2940505a 0.682s
2025-02-10 12:19:44.663 62858 INFO tempest.common.waiters [-] State transition "HARD_REBOOT/reboot_started_hard" ==> "ACTIVE/None" after 5 second wait
2025-02-10 12:19:44.715 62838 INFO tempest.lib.common.rest_client [req-112e3fab-127e-469b-bf5a-684591a4bb88 req-112e3fab-127e-469b-bf5a-684591a4bb88 ] Request (TenantUsagesTestJSON:setUpClass): 200 GET http://10.180.1.21/compute/v2.1/servers/5b69254a-b34b-48ff-a96c-d8573c9abf3b 0.388s
2025-02-10 12:19:44.718 62824 INFO tempest.lib.common.rest_client [req-8d75f444-2132-4fc1-9b94-b6b297fe4ab7 req-8d75f444-2132-4fc1-9b94-b6b297fe4ab7 ] Request (ServersV294TestFqdnHostnames:setUpClass): 200 GET http://10.180.1.21/compute/v2.1/servers/ae3e55b8-00c1-4dae-9276-f46a1e17b80e 0.538s
2025-02-10 12:19:44.779 62828 INFO tempest.lib.common.rest_client [req-f7146aef-e4da-4e11-a88a-18669ae0c537 req-f7146aef-e4da-4e11-a88a-18669ae0c537 ] Request (AttachInterfacesUnderV243Test:test_add_remove_fixed_ip): 200 GET http://10.180.1.21/compute/v2.1/servers/d266aff3-42b4-4dcb-b8ca-7c13cdf8d314 0.365s
2025-02-10 12:19:44.822 62832 INFO tempest.lib.common.rest_client [req-148d0980-8410-47f9-9106-269bbe1c2c59 req-148d0980-8410-47f9-9106-269bbe1c2c59 ] Request (ServerAddressesNegativeTestJSON:setUpClass): 200 GET http://10.180.1.21/compute/v2.1/servers/4de70165-c28f-44b7-a01a-caa0787170b8 0.430s
2025-02-10 12:19:44.830 62832 INFO tempest.common.waiters [-] State transition "BUILD/networking" ==> "BUILD/spawning" after 34 second wait
2025-02-10 12:19:44.835 62820 INFO tempest.lib.common.rest_client [req-aaae3b7f-654e-4133-a0f9-e807f75f6fdb req-aaae3b7f-654e-4133-a0f9-e807f75f6fdb ] Request (ServerDiagnosticsNegativeTest:tearDownClass): 200 GET http://10.180.1.21/compute/v2.1/servers/a5657a70-5374-4d52-be9a-2d05f9556d16 0.363s
2025-02-10 12:19:44.857 62802 INFO tempest.lib.common.rest_client [req-bb5e0644-a72f-4d55-a707-c286b930217f req-bb5e0644-a72f-4d55-a707-c286b930217f ] Request (FlavorsAdminTestJSON:_run_cleanups): 200 GET http://10.180.1.21/compute/v2.1/flavors/detail 0.364s
2025-02-10 12:19:44.872 62844 INFO tempest.lib.common.rest_client [req-804cbebd-8784-4835-b02b-42362f118742 req-804cbebd-8784-4835-b02b-42362f118742 ] Request (FloatingIPsAssociationNegativeTestJSON:setUpClass): 200 GET http://10.180.1.21/compute/v2.1/servers/253a2903-2601-4f0a-8882-e7510406f9d5 0.391s
2025-02-10 12:19:44.906 62814 INFO tempest.lib.common.rest_client [req-6fca1322-7e06-4014-9fc3-8de949ff6e8e req-6fca1322-7e06-4014-9fc3-8de949ff6e8e ] Request (DeleteServersAdminTestJSON:test_delete_server_while_in_error_state): 200 GET http://10.180.1.21/compute/v2.1/servers/87a90c88-6e0a-4051-8978-b2f9c5a876ca 0.306s
2025-02-10 12:19:44.920 62806 INFO tempest.lib.common.rest_client [req-fd2e05df-5dd5-41fd-8803-59a0db710911 req-fd2e05df-5dd5-41fd-8803-59a0db710911 ] Request (AttachInterfacesV270Test:test_create_get_list_interfaces): 200 GET http://10.180.1.21/compute/v2.1/servers/194c1dd8-3b0a-4c29-9779-65f1534121d1 0.265s
2025-02-10 12:19:44.948 62858 INFO tempest.lib.common.rest_client [req-3dbb9522-04b7-47e9-8094-9bcddc8bece9 req-3dbb9522-04b7-47e9-8094-9bcddc8bece9 ] Request (InstanceActionsTestJSON:test_list_instance_actions): 200 GET http://10.180.1.21/compute/v2.1/servers/a804f755-58b2-4350-8726-4e82f60afcdc/os-instance-actions 0.284s
2025-02-10 12:19:44.964 62802 INFO tempest.lib.common.rest_client [req-288100a8-3d10-4e23-8e23-fdc40a9d73ea req-288100a8-3d10-4e23-8e23-fdc40a9d73ea ] Request (FlavorsAdminTestJSON:tearDownClass): 204 DELETE http://10.180.1.21/identity/v3/users/e859f3ba521d442d9c7c2fb905a74dc8 0.101s
2025-02-10 12:19:44.997 62842 INFO tempest.lib.common.rest_client [req-c49e8e31-6869-48f9-8220-8c741326d8ae req-c49e8e31-6869-48f9-8220-8c741326d8ae ] Request (ServerRescueNegativeTestJSON:setUpClass): 200 GET http://10.180.1.21/compute/v2.1/servers/cd69a052-369b-4809-baf0-a1aec44f4ab5 0.286s
2025-02-10 12:19:45.024 62856 INFO tempest.lib.common.rest_client [req-d9f113bd-79ba-40e5-b4bf-d7acd82b3442 req-d9f113bd-79ba-40e5-b4bf-d7acd82b3442 ] Request (SecurityGroupRulesNegativeTestJSON:tearDownClass): 202 DELETE http://10.180.1.21/compute/v2.1/os-security-groups/52b780ba-3fa5-4936-8305-d46b3c7a1bdf 0.362s
2025-02-10 12:19:45.049 62802 INFO tempest.lib.common.rest_client [req-5d8b60ea-6372-41db-ade3-72f4588c6615 req-5d8b60ea-6372-41db-ade3-72f4588c6615 ] Request (FlavorsAdminTestJSON:tearDownClass): 204 DELETE http://10.180.1.21/identity/v3/users/0b7862a1625e4fdbac2346fd1d9f3828 0.085s
2025-02-10 12:19:45.050 62802 INFO tempest.lib.common.dynamic_creds [-] Deleting project and security group for project: ac55ad0118914a49a8621621ab189a67
2025-02-10 12:19:45.075 62804 INFO tempest.lib.common.rest_client [req-ee9fc0ca-801d-4f46-8160-2d2b83dd349a req-ee9fc0ca-801d-4f46-8160-2d2b83dd349a ] Request (ImagesNegativeTestJSON:test_create_image_from_deleted_server): 200 GET http://10.180.1.21/compute/v2.1/servers/8461f823-e48a-42f0-8863-44177565b82d 0.289s
2025-02-10 12:19:45.081 62816 INFO tempest.lib.common.rest_client [req-db9b10e1-1a8f-44b1-978e-b143435fb0b0 req-db9b10e1-1a8f-44b1-978e-b143435fb0b0 ] Request (ServerDiagnosticsTest:tearDownClass): 200 GET http://10.180.1.21/compute/v2.1/servers/758ed671-347a-4949-9842-2f8cdcd261ae 0.352s
2025-02-10 12:19:45.107 62802 INFO tempest.lib.common.rest_client [req-926e3635-d800-4f91-afe3-362bb64e0e2c req-926e3635-d800-4f91-afe3-362bb64e0e2c ] Request (FlavorsAdminTestJSON:tearDownClass): 201 POST http://10.180.1.21/identity/v3/auth/tokens 0.057s
2025-02-10 12:19:45.129 62818 INFO tempest.lib.common.rest_client [req-093d84bd-8df1-4435-8796-0f1d05df59b6 req-093d84bd-8df1-4435-8796-0f1d05df59b6 ] Request (ServersTestJSON:test_create_server_specify_multibyte_character_name): 200 GET http://10.180.1.21/compute/v2.1/servers/ebca687d-4de7-4fd6-99fb-b4f0154abe9c 0.340s
2025-02-10 12:19:45.135 62808 INFO tempest.lib.common.rest_client [req-10cda6c0-4408-49df-9c29-52e2002bff6c req-10cda6c0-4408-49df-9c29-52e2002bff6c ] Request (FloatingIPsAssociationTestJSON:setUpClass): 200 GET http://10.180.1.21/compute/v2.1/servers/c1fd078c-61d4-4c0f-8c49-0f56a926a087 0.292s
2025-02-10 12:19:45.186 62860 INFO tempest.lib.common.rest_client [req-9a560cf3-fcb8-45d3-a884-17c55e79caa6 req-9a560cf3-fcb8-45d3-a884-17c55e79caa6 ] Request (ServersWithSpecificFlavorTestJSON:test_verify_created_server_ephemeral_disk): 200 GET http://10.180.1.21/compute/v2.1/servers/7d561939-df5d-4f8d-99b1-5eb5f0fdfc0a 0.279s
2025-02-10 12:19:45.191 62812 INFO tempest.lib.common.rest_client [req-31365f14-8d55-420f-82a1-46b90a96b61d req-31365f14-8d55-420f-82a1-46b90a96b61d ] Request (ServerExternalEventsTest:tearDownClass): 200 GET http://10.180.1.21/compute/v2.1/servers/678b6b5f-b410-4c55-872e-4a74da6d7ebc 0.331s
2025-02-10 12:19:45.232 62852 INFO tempest.lib.common.rest_client [req-580c9e20-ed90-4b50-8457-bd84fa28106a req-580c9e20-ed90-4b50-8457-bd84fa28106a ] Request (ServersAdminNegativeTestJSON:test_migrate_server_invalid_state): 200 GET http://10.180.1.21/compute/v2.1/servers/17e1557d-e4cf-45b0-84da-4cbcffe31fb6 0.311s
2025-02-10 12:19:45.255 62802 INFO tempest.lib.common.rest_client [req-25e02d7a-08ae-4a67-9b28-a86713f1d69b req-25e02d7a-08ae-4a67-9b28-a86713f1d69b ] Request (FlavorsAdminTestJSON:tearDownClass): 200 GET http://10.180.1.21:9696/networking/v2.0/security-groups?tenant_id=ac55ad0118914a49a8621621ab189a67&name=default 0.148s
2025-02-10 12:19:45.265 62858 INFO tempest.lib.common.rest_client [req-c0c5ad85-764d-4621-98f8-09c04159c31e req-c0c5ad85-764d-4621-98f8-09c04159c31e ] Request (InstanceActionsTestJSON:tearDownClass): 204 DELETE http://10.180.1.21/compute/v2.1/servers/a804f755-58b2-4350-8726-4e82f60afcdc 0.314s
2025-02-10 12:19:45.285 62850 INFO tempest.lib.common.rest_client [req-e83b6a46-fd14-44fb-b566-600d2908b704 req-e83b6a46-fd14-44fb-b566-600d2908b704 ] Request (MigrationsAdminTest:test_list_migrations_in_flavor_resize_situation): 200 GET http://10.180.1.21/compute/v2.1/servers/879354d3-7423-41e2-93f6-0d8d3a120170 0.324s
2025-02-10 12:19:45.326 62834 INFO tempest.lib.common.rest_client [req-2c4d5ba7-658c-447c-b4e6-9fed787c7963 req-2c4d5ba7-658c-447c-b4e6-9fed787c7963 ] Request (ServerShowV257Test:test_rebuild_server): 200 GET http://10.180.1.21/compute/v2.1/servers/c73686c6-4dd8-4f00-a65a-5d8574409ad1 0.332s
2025-02-10 12:19:45.335 62834 INFO tempest.common.waiters [-] State transition "BUILD/None" ==> "BUILD/networking" after 34 second wait
2025-02-10 12:19:45.397 62822 INFO tempest.lib.common.rest_client [req-5280a0df-d4c9-44f3-ae50-65450bdd9aef req-5280a0df-d4c9-44f3-ae50-65450bdd9aef ] Request (ServerDiagnosticsV248Test:tearDownClass): 200 GET http://10.180.1.21/compute/v2.1/servers/c8779822-1694-463e-bd06-5f84d867d1bd 0.357s
2025-02-10 12:19:45.419 62802 INFO tempest.lib.common.rest_client [req-1d19901b-7a30-4592-86b8-5584ce7f498d req-1d19901b-7a30-4592-86b8-5584ce7f498d ] Request (FlavorsAdminTestJSON:tearDownClass): 204 DELETE http://10.180.1.21:9696/networking/v2.0/security-groups/0367ef5f-793f-4703-a599-c1d7c7238a34 0.162s
2025-02-10 12:19:45.434 62856 INFO tempest.lib.common.rest_client [req-5724a6ee-4c0b-41f9-83ec-f79ed37894b6 req-5724a6ee-4c0b-41f9-83ec-f79ed37894b6 ] Request (SecurityGroupRulesNegativeTestJSON:tearDownClass): 202 DELETE http://10.180.1.21/compute/v2.1/os-security-groups/4a36e29c-d9c1-4b43-8b32-a57bc33c0af8 0.410s
2025-02-10 12:19:45.451 62848 INFO tempest.lib.common.rest_client [req-89625fbe-ece5-41da-81b0-f8fccd5f685a req-89625fbe-ece5-41da-81b0-f8fccd5f685a ] Request (ServersAdminTestJSON:tearDownClass): 200 GET http://10.180.1.21/compute/v2.1/servers/84ad5317-344d-44c1-9318-fa1574321296 0.391s
2025-02-10 12:19:45.493 62802 INFO tempest.lib.common.rest_client [req-35f941dd-8658-4e39-80e5-129c7bb371fd req-35f941dd-8658-4e39-80e5-129c7bb371fd ] Request (FlavorsAdminTestJSON:tearDownClass): 204 DELETE http://10.180.1.21/identity/v3/projects/ac55ad0118914a49a8621621ab189a67 0.074s
2025-02-10 12:19:45.493 62802 INFO tempest.lib.common.dynamic_creds [-] Deleting project and security group for project: 717625d63529432f97976f44fd7c75fc
2025-02-10 12:19:45.495 62862 INFO tempest.lib.common.rest_client [req-5907371c-92c4-4873-b814-e6289b1ae489 req-5907371c-92c4-4873-b814-e6289b1ae489 ] Request (AttachInterfacesTestJSON:test_create_list_show_delete_interfaces_by_fixed_ip): 200 GET http://10.180.1.21/compute/v2.1/servers/19d3d54c-5ba1-420f-b012-a08add8546c9 0.202s
2025-02-10 12:19:45.550 62836 INFO tempest.lib.common.rest_client [req-0257c9f1-7192-4a5a-8e16-962760009e82 req-0257c9f1-7192-4a5a-8e16-962760009e82 ] Request (ServersAdmin275Test:_run_cleanups): 200 GET http://10.180.1.21/compute/v2.1/servers/9a098809-cc26-4210-b09e-b7825c406294 0.241s
2025-02-10 12:19:45.585 62858 INFO tempest.lib.common.rest_client [req-c396351f-7366-41cf-9085-3d4ee1cfc917 req-c396351f-7366-41cf-9085-3d4ee1cfc917 ] Request (InstanceActionsTestJSON:tearDownClass): 200 GET http://10.180.1.21/compute/v2.1/servers/a804f755-58b2-4350-8726-4e82f60afcdc 0.319s
2025-02-10 12:19:45.587 62802 INFO tempest.lib.common.rest_client [req-7cddbc94-d9d1-46f3-be8e-62980eb5e0cb req-7cddbc94-d9d1-46f3-be8e-62980eb5e0cb ] Request (FlavorsAdminTestJSON:tearDownClass): 200 GET http://10.180.1.21:9696/networking/v2.0/security-groups?tenant_id=717625d63529432f97976f44fd7c75fc&name=default 0.094s
2025-02-10 12:19:45.597 62840 INFO tempest.lib.common.rest_client [req-88e09c7c-5d00-4f28-b7ef-32b43b84ba8b req-88e09c7c-5d00-4f28-b7ef-32b43b84ba8b ] Request (VolumesAdminNegativeTest:test_update_attached_volume_with_nonexistent_volume_in_body): 200 GET http://10.180.1.21/compute/v2.1/servers/e813e7da-fd2c-4f10-b2f3-1e2b5c153a19 0.232s
2025-02-10 12:19:45.636 62830 INFO tempest.lib.common.rest_client [req-b3775f0c-fc3f-4cc2-90f6-f3771561ac63 req-b3775f0c-fc3f-4cc2-90f6-f3771561ac63 ] Request (InstanceActionsV221TestJSON:test_get_list_deleted_instance_actions): 200 GET http://10.180.1.21/compute/v2.1/servers/7828f9c8-fc02-4218-ba93-5362af807dad 0.252s
2025-02-10 12:19:45.643 62800 INFO tempest.lib.common.rest_client [req-05393c1d-55ed-4875-82db-82a28b60035e req-05393c1d-55ed-4875-82db-82a28b60035e ] Request (MultipleCreateTestJSON:test_multiple_create): 200 GET http://10.180.1.21/compute/v2.1/servers/68b4c229-0ace-486f-9a99-d3c955b7bdfb 0.225s
2025-02-10 12:19:45.667 62802 INFO tempest.lib.common.rest_client [req-25fe8efc-90a9-4354-9151-a875f11a6afb req-25fe8efc-90a9-4354-9151-a875f11a6afb ] Request (FlavorsAdminTestJSON:tearDownClass): 204 DELETE http://10.180.1.21:9696/networking/v2.0/security-groups/76018564-b3eb-45ec-96b9-a906b09fcf66 0.079s
2025-02-10 12:19:45.704 62846 INFO tempest.lib.common.rest_client [req-caa35ab8-f0a1-4116-adff-466ad9c47c05 req-caa35ab8-f0a1-4116-adff-466ad9c47c05 ] Request (ImagesOneServerNegativeTestJSON:_run_cleanups): 200 GET http://10.180.1.21/compute/v2.1/servers/74b6ae10-a595-4139-8eda-38fe1aa298cf 0.265s
2025-02-10 12:19:45.711 62846 INFO tempest.common.waiters [-] State transition "ACTIVE/deleting" ==> "DELETED/None" after 4 second wait
2025-02-10 12:19:45.733 62856 INFO tempest.lib.common.rest_client [req-803ac127-17e9-4df3-a9f1-c1960866b03c req-803ac127-17e9-4df3-a9f1-c1960866b03c ] Request (SecurityGroupRulesNegativeTestJSON:tearDownClass): 202 DELETE http://10.180.1.21/compute/v2.1/os-security-groups/9da2fb05-32e3-45ed-9250-c54e4886dd1a 0.298s
2025-02-10 12:19:45.753 62854 INFO tempest.lib.common.rest_client [req-6f3ec5b8-31df-48f9-b88c-78fd5837d05d req-6f3ec5b8-31df-48f9-b88c-78fd5837d05d ] Request (SecurityGroupsTestJSON:test_list_security_groups_by_server): 200 GET http://10.180.1.21/compute/v2.1/servers/cce5f0d4-364d-4295-a27d-44ca8585f803 0.270s
2025-02-10 12:19:45.766 62802 INFO tempest.lib.common.rest_client [req-d4b969b5-373f-46e6-8b81-194c2758b591 req-d4b969b5-373f-46e6-8b81-194c2758b591 ] Request (FlavorsAdminTestJSON:tearDownClass): 204 DELETE http://10.180.1.21/identity/v3/projects/717625d63529432f97976f44fd7c75fc 0.098s
2025-02-10 12:19:45.812 62838 INFO tempest.lib.common.rest_client [req-5dfec6d7-25c7-4522-bfc5-524a83ae0832 req-5dfec6d7-25c7-4522-bfc5-524a83ae0832 ] Request (TenantUsagesTestJSON:setUpClass): 200 GET http://10.180.1.21/compute/v2.1/servers/5b69254a-b34b-48ff-a96c-d8573c9abf3b 0.089s
2025-02-10 12:19:45.821 62824 INFO tempest.lib.common.rest_client [req-6aa82127-5beb-42e8-ac5a-d595072f7d5d req-6aa82127-5beb-42e8-ac5a-d595072f7d5d ] Request (ServersV294TestFqdnHostnames:setUpClass): 200 GET http://10.180.1.21/compute/v2.1/servers/ae3e55b8-00c1-4dae-9276-f46a1e17b80e 0.092s
2025-02-10 12:19:45.862 62802 INFO tempest.lib.common.rest_client [req-1c0f42ff-7c15-48f8-aaad-2ec59953d285 req-1c0f42ff-7c15-48f8-aaad-2ec59953d285 ] Request (KeyPairsV210TestJSON:setUpClass): 201 POST http://10.180.1.21/identity/v3/auth/tokens 0.094s
2025-02-10 12:19:45.874 62828 INFO tempest.lib.common.rest_client [req-2468af5e-b504-4cf2-906f-37827e90dd8b req-2468af5e-b504-4cf2-906f-37827e90dd8b ] Request (AttachInterfacesUnderV243Test:test_add_remove_fixed_ip): 200 GET http://10.180.1.21/compute/v2.1/servers/d266aff3-42b4-4dcb-b8ca-7c13cdf8d314 0.087s
2025-02-10 12:19:45.906 62802 INFO tempest.lib.common.rest_client [req-f38bc507-8049-4666-ab68-3c5cf49d4ad3 req-f38bc507-8049-4666-ab68-3c5cf49d4ad3 ] Request (KeyPairsV210TestJSON:setUpClass): 201 POST http://10.180.1.21/identity/v3/auth/tokens 0.041s
2025-02-10 12:19:45.941 62802 INFO tempest.lib.common.rest_client [req-4f857252-e9f2-4713-91ea-3f44bd353edb req-4f857252-e9f2-4713-91ea-3f44bd353edb ] Request (KeyPairsV210TestJSON:setUpClass): 200 GET http://10.180.1.21/identity/v3/domains?name=Default 0.035s
2025-02-10 12:19:45.958 62856 INFO tempest.lib.common.rest_client [req-d407063c-5c29-4a8b-bed9-25e518526ecb req-d407063c-5c29-4a8b-bed9-25e518526ecb ] Request (SecurityGroupRulesNegativeTestJSON:tearDownClass): 202 DELETE http://10.180.1.21/compute/v2.1/os-security-groups/aad61d4e-92c0-40ee-b94b-8e63c0cb0803 0.224s
2025-02-10 12:19:45.974 62802 INFO tempest.lib.common.rest_client [req-33a55b4b-8772-457e-85ec-b0e6477b8543 req-33a55b4b-8772-457e-85ec-b0e6477b8543 ] Request (KeyPairsV210TestJSON:setUpClass): 201 POST http://10.180.1.21/identity/v3/projects 0.032s
2025-02-10 12:19:45.986 62832 INFO tempest.lib.common.rest_client [req-2e9431e7-e378-4649-9921-cff9d762e20c req-2e9431e7-e378-4649-9921-cff9d762e20c ] Request (ServerAddressesNegativeTestJSON:setUpClass): 200 GET http://10.180.1.21/compute/v2.1/servers/4de70165-c28f-44b7-a01a-caa0787170b8 0.155s
2025-02-10 12:19:46.023 62820 INFO tempest.lib.common.rest_client [req-ebb93f5d-f895-476b-93f1-c05d3d2d5d30 req-ebb93f5d-f895-476b-93f1-c05d3d2d5d30 ] Request (ServerDiagnosticsNegativeTest:tearDownClass): 200 GET http://10.180.1.21/compute/v2.1/servers/a5657a70-5374-4d52-be9a-2d05f9556d16 0.180s
2025-02-10 12:19:46.035 62844 INFO tempest.lib.common.rest_client [req-f59e8ff8-a63a-4ac3-89bc-a6579ba8b267 req-f59e8ff8-a63a-4ac3-89bc-a6579ba8b267 ] Request (FloatingIPsAssociationNegativeTestJSON:setUpClass): 200 GET http://10.180.1.21/compute/v2.1/servers/253a2903-2601-4f0a-8882-e7510406f9d5 0.154s
2025-02-10 12:19:46.047 62802 INFO tempest.lib.common.rest_client [req-dd53bb71-fe45-4280-9c0a-83d76b785ec1 req-dd53bb71-fe45-4280-9c0a-83d76b785ec1 ] Request (KeyPairsV210TestJSON:setUpClass): 201 POST http://10.180.1.21/identity/v3/users 0.072s
2025-02-10 12:19:46.071 62814 INFO tempest.lib.common.rest_client [req-8162cbd6-3f5a-4d8f-a36d-59135522e957 req-8162cbd6-3f5a-4d8f-a36d-59135522e957 ] Request (DeleteServersAdminTestJSON:test_delete_server_while_in_error_state): 200 GET http://10.180.1.21/compute/v2.1/servers/87a90c88-6e0a-4051-8978-b2f9c5a876ca 0.156s
2025-02-10 12:19:46.072 62802 INFO tempest.lib.common.rest_client [req-e3e78e33-39a1-407f-a232-21986a3edf02 req-e3e78e33-39a1-407f-a232-21986a3edf02 ] Request (KeyPairsV210TestJSON:setUpClass): 200 GET http://10.180.1.21/identity/v3/roles 0.025s
2025-02-10 12:19:46.091 62806 INFO tempest.lib.common.rest_client [req-4faebe2d-feaf-4277-9be0-a32424a458e0 req-4faebe2d-feaf-4277-9be0-a32424a458e0 ] Request (AttachInterfacesV270Test:test_create_get_list_interfaces): 200 GET http://10.180.1.21/compute/v2.1/servers/194c1dd8-3b0a-4c29-9779-65f1534121d1 0.150s
2025-02-10 12:19:46.103 62802 INFO tempest.lib.common.rest_client [req-d4aa1c77-db3d-495a-bcb6-43060c0db543 req-d4aa1c77-db3d-495a-bcb6-43060c0db543 ] Request (KeyPairsV210TestJSON:setUpClass): 204 PUT http://10.180.1.21/identity/v3/projects/15032b542040452bacb3b41e3e53e7e2/users/4d0e73c15ba34930a2203a69c4637482/roles/b19bf4b6d3a3448b95ac3b4a35a03e98 0.030s
2025-02-10 12:19:46.103 62802 INFO tempest.lib.common.dynamic_creds [-] Dynamic test user 4d0e73c15ba34930a2203a69c4637482 is created with scope project and roles: ['member']
2025-02-10 12:19:46.104 62802 INFO tempest.lib.common.dynamic_creds [-] Acquired dynamic creds: credentials: Credentials: {'domain_id': 'default', 'domain_name': 'Default', 'username': 'tempest-KeyPairsV210TestJSON-777136377-project-member', 'project_domain_id': 'default', 'project_domain_name': 'Default', 'project_id': '15032b542040452bacb3b41e3e53e7e2', 'project_name': 'tempest-KeyPairsV210TestJSON-777136377', 'tenant_id': '15032b542040452bacb3b41e3e53e7e2', 'tenant_name': 'tempest-KeyPairsV210TestJSON-777136377', 'user_domain_id': 'default', 'user_domain_name': 'Default', 'user_id': '4d0e73c15ba34930a2203a69c4637482', 'system': None}, Network: None, Subnet: None, Router: None
2025-02-10 12:19:46.104 62802 INFO tempest.lib.common.dynamic_creds [-] Created isolated network resources for: credentials: Credentials: {'domain_id': 'default', 'domain_name': 'Default', 'username': 'tempest-KeyPairsV210TestJSON-777136377-project-member', 'project_domain_id': 'default', 'project_domain_name': 'Default', 'project_id': '15032b542040452bacb3b41e3e53e7e2', 'project_name': 'tempest-KeyPairsV210TestJSON-777136377', 'tenant_id': '15032b542040452bacb3b41e3e53e7e2', 'tenant_name': 'tempest-KeyPairsV210TestJSON-777136377', 'user_domain_id': 'default', 'user_domain_name': 'Default', 'user_id': '4d0e73c15ba34930a2203a69c4637482', 'system': None}, Network: None, Subnet: None, Router: None
2025-02-10 12:19:46.130 62842 INFO tempest.lib.common.rest_client [req-344e3260-00ea-4031-9d7f-a59e6a58dfd9 req-344e3260-00ea-4031-9d7f-a59e6a58dfd9 ] Request (ServerRescueNegativeTestJSON:setUpClass): 200 GET http://10.180.1.21/compute/v2.1/servers/cd69a052-369b-4809-baf0-a1aec44f4ab5 0.124s
2025-02-10 12:19:46.140 62804 INFO tempest.lib.common.rest_client [req-3a23b057-6c62-4c7e-a413-6da93a1c518d req-3a23b057-6c62-4c7e-a413-6da93a1c518d ] Request (ImagesNegativeTestJSON:test_create_image_from_deleted_server): 200 GET http://10.180.1.21/compute/v2.1/servers/8461f823-e48a-42f0-8863-44177565b82d 0.057s
2025-02-10 12:19:46.161 62810 WARNING tempest.lib.common.ssh [-] Failed to establish authenticated ssh connection to cirros@10.180.180.224 ([Errno None] Unable to connect to port 22 on 10.180.180.224). Number attempts: 2. Retry after 3 seconds.: paramiko.ssh_exception.NoValidConnectionsError: [Errno None] Unable to connect to port 22 on 10.180.180.224
2025-02-10 12:19:46.187 62802 INFO tempest.lib.common.rest_client [req-830bdf0b-e3a1-4ec8-8ab1-65e1f42e7e45 req-830bdf0b-e3a1-4ec8-8ab1-65e1f42e7e45 ] Request (KeyPairsV210TestJSON:setUpClass): 201 POST http://10.180.1.21/identity/v3/auth/tokens 0.080s
2025-02-10 12:19:46.192 62818 INFO tempest.lib.common.rest_client [req-839d92a4-e01c-475d-9a84-50dedf81aff2 req-839d92a4-e01c-475d-9a84-50dedf81aff2 ] Request (ServersTestJSON:test_create_server_specify_multibyte_character_name): 200 GET http://10.180.1.21/compute/v2.1/servers/ebca687d-4de7-4fd6-99fb-b4f0154abe9c 0.055s
2025-02-10 12:19:46.200 62816 INFO tempest.lib.common.rest_client [req-8eab60a7-c73f-4e70-b458-4f720ae3678b req-8eab60a7-c73f-4e70-b458-4f720ae3678b ] Request (ServerDiagnosticsTest:tearDownClass): 200 GET http://10.180.1.21/compute/v2.1/servers/758ed671-347a-4949-9842-2f8cdcd261ae 0.105s
2025-02-10 12:19:46.241 62808 INFO tempest.lib.common.rest_client [req-fc0c64bb-4c13-40a5-8ca1-2509f00e380f req-fc0c64bb-4c13-40a5-8ca1-2509f00e380f ] Request (FloatingIPsAssociationTestJSON:setUpClass): 200 GET http://10.180.1.21/compute/v2.1/servers/c1fd078c-61d4-4c0f-8c49-0f56a926a087 0.097s
2025-02-10 12:19:46.250 62860 INFO tempest.lib.common.rest_client [req-02c4e1c1-00d4-4a14-82d9-0e1d3bf4bb1c req-02c4e1c1-00d4-4a14-82d9-0e1d3bf4bb1c ] Request (ServersWithSpecificFlavorTestJSON:test_verify_created_server_ephemeral_disk): 200 GET http://10.180.1.21/compute/v2.1/servers/7d561939-df5d-4f8d-99b1-5eb5f0fdfc0a 0.056s
2025-02-10 12:19:46.260 62802 INFO tempest.lib.common.rest_client [req-4adc2132-ff3d-4070-8834-a5b19abb5da7 req-4adc2132-ff3d-4070-8834-a5b19abb5da7 ] Request (KeyPairsV210TestJSON:setUpClass): 201 POST http://10.180.1.21/identity/v3/projects 0.070s
2025-02-10 12:19:46.309 62852 INFO tempest.lib.common.rest_client [req-97fbdff4-e6c7-4909-885d-576fffb60d07 req-97fbdff4-e6c7-4909-885d-576fffb60d07 ] Request (ServersAdminNegativeTestJSON:test_migrate_server_invalid_state): 200 GET http://10.180.1.21/compute/v2.1/servers/17e1557d-e4cf-45b0-84da-4cbcffe31fb6 0.069s
2025-02-10 12:19:46.316 62812 INFO tempest.lib.common.rest_client [req-5a0e6823-addb-42cd-8dc1-70e4d838d4e5 req-5a0e6823-addb-42cd-8dc1-70e4d838d4e5 ] Request (ServerExternalEventsTest:tearDownClass): 200 GET http://10.180.1.21/compute/v2.1/servers/678b6b5f-b410-4c55-872e-4a74da6d7ebc 0.113s
2025-02-10 12:19:46.344 62802 INFO tempest.lib.common.rest_client [req-b3f8a563-360f-472b-84bb-969eb8aae6ff req-b3f8a563-360f-472b-84bb-969eb8aae6ff ] Request (KeyPairsV210TestJSON:setUpClass): 201 POST http://10.180.1.21/identity/v3/users 0.084s
2025-02-10 12:19:46.361 62850 INFO tempest.lib.common.rest_client [req-fbcbc25c-202f-419c-878f-5d6d4933a565 req-fbcbc25c-202f-419c-878f-5d6d4933a565 ] Request (MigrationsAdminTest:test_list_migrations_in_flavor_resize_situation): 200 GET http://10.180.1.21/compute/v2.1/servers/879354d3-7423-41e2-93f6-0d8d3a120170 0.068s
2025-02-10 12:19:46.372 62802 INFO tempest.lib.common.rest_client [req-6cbb4f3e-1e45-453e-8c92-321d32ddb34c req-6cbb4f3e-1e45-453e-8c92-321d32ddb34c ] Request (KeyPairsV210TestJSON:setUpClass): 200 GET http://10.180.1.21/identity/v3/roles 0.027s
2025-02-10 12:19:46.406 62802 INFO tempest.lib.common.rest_client [req-a0c947f5-54c7-471a-89a2-82dc165d1bc3 req-a0c947f5-54c7-471a-89a2-82dc165d1bc3 ] Request (KeyPairsV210TestJSON:setUpClass): 204 PUT http://10.180.1.21/identity/v3/projects/71f22af0eb6d4b8095bd1d485c4b0fa9/users/56fea8985b234a2b9ef259dde6221228/roles/d588008f12dd4707a855761490f91ee3 0.033s
2025-02-10 12:19:46.408 62834 INFO tempest.lib.common.rest_client [req-ac09b04c-1220-45d9-b901-e4726c8c2625 req-ac09b04c-1220-45d9-b901-e4726c8c2625 ] Request (ServerShowV257Test:test_rebuild_server): 200 GET http://10.180.1.21/compute/v2.1/servers/c73686c6-4dd8-4f00-a65a-5d8574409ad1 0.071s
2025-02-10 12:19:46.416 62834 INFO tempest.common.waiters [-] State transition "BUILD/networking" ==> "BUILD/block_device_mapping" after 35 second wait
2025-02-10 12:19:46.462 62802 INFO tempest.lib.common.rest_client [req-7902fc02-e10f-4dbd-9d4a-a923ccc9e456 req-7902fc02-e10f-4dbd-9d4a-a923ccc9e456 ] Request (KeyPairsV210TestJSON:setUpClass): 200 GET http://10.180.1.21/identity/v3/roles 0.055s
2025-02-10 12:19:46.471 62822 INFO tempest.lib.common.rest_client [req-4d30882f-e61c-487d-b4e0-dbc70aa1f434 req-4d30882f-e61c-487d-b4e0-dbc70aa1f434 ] Request (ServerDiagnosticsV248Test:tearDownClass): 200 GET http://10.180.1.21/compute/v2.1/servers/c8779822-1694-463e-bd06-5f84d867d1bd 0.064s
2025-02-10 12:19:46.479 62802 INFO tempest.lib.common.rest_client [req-3f57dbc5-24da-45de-8a03-4309df9fc3a2 req-3f57dbc5-24da-45de-8a03-4309df9fc3a2 ] Request (KeyPairsV210TestJSON:setUpClass): 204 PUT http://10.180.1.21/identity/v3/projects/71f22af0eb6d4b8095bd1d485c4b0fa9/users/56fea8985b234a2b9ef259dde6221228/roles/d588008f12dd4707a855761490f91ee3 0.017s
2025-02-10 12:19:46.480 62802 INFO tempest.lib.common.dynamic_creds [-] Dynamic test user 56fea8985b234a2b9ef259dde6221228 is created with scope project and roles: ['admin']
2025-02-10 12:19:46.480 62802 INFO tempest.lib.common.dynamic_creds [-] Acquired dynamic creds: credentials: Credentials: {'domain_id': 'default', 'domain_name': 'Default', 'username': 'tempest-KeyPairsV210TestJSON-382596053-project-admin', 'project_domain_id': 'default', 'project_domain_name': 'Default', 'project_id': '71f22af0eb6d4b8095bd1d485c4b0fa9', 'project_name': 'tempest-KeyPairsV210TestJSON-382596053', 'tenant_id': '71f22af0eb6d4b8095bd1d485c4b0fa9', 'tenant_name': 'tempest-KeyPairsV210TestJSON-382596053', 'user_domain_id': 'default', 'user_domain_name': 'Default', 'user_id': '56fea8985b234a2b9ef259dde6221228', 'system': None}, Network: None, Subnet: None, Router: None
2025-02-10 12:19:46.480 62802 INFO tempest.lib.common.dynamic_creds [-] Created isolated network resources for: credentials: Credentials: {'domain_id': 'default', 'domain_name': 'Default', 'username': 'tempest-KeyPairsV210TestJSON-382596053-project-admin', 'project_domain_id': 'default', 'project_domain_name': 'Default', 'project_id': '71f22af0eb6d4b8095bd1d485c4b0fa9', 'project_name': 'tempest-KeyPairsV210TestJSON-382596053', 'tenant_id': '71f22af0eb6d4b8095bd1d485c4b0fa9', 'tenant_name': 'tempest-KeyPairsV210TestJSON-382596053', 'user_domain_id': 'default', 'user_domain_name': 'Default', 'user_id': '56fea8985b234a2b9ef259dde6221228', 'system': None}, Network: None, Subnet: None, Router: None
2025-02-10 12:19:46.524 62848 INFO tempest.lib.common.rest_client [req-c9cf630b-a5af-4201-86ab-4ecc3517e6f4 req-c9cf630b-a5af-4201-86ab-4ecc3517e6f4 ] Request (ServersAdminTestJSON:tearDownClass): 200 GET http://10.180.1.21/compute/v2.1/servers/84ad5317-344d-44c1-9318-fa1574321296 0.064s
2025-02-10 12:19:46.553 62802 INFO tempest.lib.common.rest_client [req-b9f4225e-aab4-4cac-be7a-ae8e133d2075 req-b9f4225e-aab4-4cac-be7a-ae8e133d2075 ] Request (KeyPairsV210TestJSON:setUpClass): 201 POST http://10.180.1.21/identity/v3/auth/tokens 0.069s
2025-02-10 12:19:46.570 62862 INFO tempest.lib.common.rest_client [req-d35fb2a1-f879-4888-b688-4a8946dc3fc8 req-d35fb2a1-f879-4888-b688-4a8946dc3fc8 ] Request (AttachInterfacesTestJSON:test_create_list_show_delete_interfaces_by_fixed_ip): 200 GET http://10.180.1.21/compute/v2.1/servers/19d3d54c-5ba1-420f-b012-a08add8546c9 0.064s
2025-02-10 12:19:46.621 62836 INFO tempest.lib.common.rest_client [req-fc495b95-ec5f-4fad-a07c-a5d07ffef06c req-fc495b95-ec5f-4fad-a07c-a5d07ffef06c ] Request (ServersAdmin275Test:_run_cleanups): 200 GET http://10.180.1.21/compute/v2.1/servers/9a098809-cc26-4210-b09e-b7825c406294 0.059s
2025-02-10 12:19:46.665 62802 INFO tempest.lib.common.rest_client [req-b633a6fa-36be-4948-9152-6b0de6a2e553 req-b633a6fa-36be-4948-9152-6b0de6a2e553 ] Request (KeyPairsV210TestJSON:test_admin_manage_keypairs_for_other_users): 201 POST http://10.180.1.21/compute/v2.1/os-keypairs 0.111s
2025-02-10 12:19:46.697 62856 INFO tempest.lib.common.rest_client [req-0c00c983-52dc-40a4-aacd-1c9f277d537f req-0c00c983-52dc-40a4-aacd-1c9f277d537f ] Request (SecurityGroupRulesNegativeTestJSON:tearDownClass): 200 PUT http://10.180.1.21:9696/networking/v2.0/routers/530a7cfc-b28f-4a23-b527-271c56c0231a/remove_router_interface 0.738s
2025-02-10 12:19:46.718 62840 INFO tempest.lib.common.rest_client [req-5892ea42-1c93-477a-a5eb-446f207a9c5a req-5892ea42-1c93-477a-a5eb-446f207a9c5a ] Request (VolumesAdminNegativeTest:test_update_attached_volume_with_nonexistent_volume_in_body): 200 GET http://10.180.1.21/compute/v2.1/servers/e813e7da-fd2c-4f10-b2f3-1e2b5c153a19 0.112s
2025-02-10 12:19:46.737 62858 INFO tempest.lib.common.rest_client [req-8a928238-341f-4fc8-bdf9-3ca598002b7e req-8a928238-341f-4fc8-bdf9-3ca598002b7e ] Request (InstanceActionsTestJSON:tearDownClass): 200 GET http://10.180.1.21/compute/v2.1/servers/a804f755-58b2-4350-8726-4e82f60afcdc 0.142s
2025-02-10 12:19:46.739 62826 WARNING tempest.lib.common.ssh [-] Failed to establish authenticated ssh connection to cirros@10.180.180.172 ([Errno None] Unable to connect to port 22 on 10.180.180.172). Number attempts: 1. Retry after 2 seconds.: paramiko.ssh_exception.NoValidConnectionsError: [Errno None] Unable to connect to port 22 on 10.180.180.172
2025-02-10 12:19:46.796 62800 INFO tempest.lib.common.rest_client [req-505daea9-f298-4f46-a082-961a2fc0a26d req-505daea9-f298-4f46-a082-961a2fc0a26d ] Request (MultipleCreateTestJSON:test_multiple_create): 200 GET http://10.180.1.21/compute/v2.1/servers/68b4c229-0ace-486f-9a99-d3c955b7bdfb 0.144s
2025-02-10 12:19:46.799 62830 INFO tempest.lib.common.rest_client [req-da19be07-a1e4-435e-bf61-95fe5b4a94e9 req-da19be07-a1e4-435e-bf61-95fe5b4a94e9 ] Request (InstanceActionsV221TestJSON:test_get_list_deleted_instance_actions): 200 GET http://10.180.1.21/compute/v2.1/servers/7828f9c8-fc02-4218-ba93-5362af807dad 0.153s
2025-02-10 12:19:46.828 62802 INFO tempest.lib.common.rest_client [req-0fccc6cc-53e3-4236-bf91-d0a38cc46362 req-0fccc6cc-53e3-4236-bf91-d0a38cc46362 ] Request (KeyPairsV210TestJSON:test_admin_manage_keypairs_for_other_users): 201 POST http://10.180.1.21/compute/v2.1/os-keypairs 0.161s
2025-02-10 12:19:46.896 62846 INFO tempest.lib.common.rest_client [req-e7490230-4de2-4f1b-9b1a-82fc42a59f54 req-e7490230-4de2-4f1b-9b1a-82fc42a59f54 ] Request (ImagesOneServerNegativeTestJSON:_run_cleanups): 200 GET http://10.180.1.21/compute/v2.1/servers/74b6ae10-a595-4139-8eda-38fe1aa298cf 0.184s
2025-02-10 12:19:46.900 62854 INFO tempest.lib.common.rest_client [req-33932826-2772-4a18-911e-cb98045ea050 req-33932826-2772-4a18-911e-cb98045ea050 ] Request (SecurityGroupsTestJSON:test_list_security_groups_by_server): 200 GET http://10.180.1.21/compute/v2.1/servers/cce5f0d4-364d-4295-a27d-44ca8585f803 0.135s
2025-02-10 12:19:46.911 62802 INFO tempest.lib.common.rest_client [req-937a5f7b-1b8e-4bda-8ee9-17b4b08c60cf req-937a5f7b-1b8e-4bda-8ee9-17b4b08c60cf ] Request (KeyPairsV210TestJSON:test_admin_manage_keypairs_for_other_users): 200 GET http://10.180.1.21/compute/v2.1/os-keypairs/tempest-keypair-406034344?user_id=4d0e73c15ba34930a2203a69c4637482 0.080s
2025-02-10 12:19:46.949 62838 INFO tempest.lib.common.rest_client [req-a13a2697-f642-42c6-96dc-8344e394eca6 req-a13a2697-f642-42c6-96dc-8344e394eca6 ] Request (TenantUsagesTestJSON:setUpClass): 200 GET http://10.180.1.21/compute/v2.1/servers/5b69254a-b34b-48ff-a96c-d8573c9abf3b 0.129s
2025-02-10 12:19:46.972 62824 INFO tempest.lib.common.rest_client [req-38d75f78-dd51-4d70-af8a-8954fe32277e req-38d75f78-dd51-4d70-af8a-8954fe32277e ] Request (ServersV294TestFqdnHostnames:setUpClass): 200 GET http://10.180.1.21/compute/v2.1/servers/ae3e55b8-00c1-4dae-9276-f46a1e17b80e 0.137s
2025-02-10 12:19:47.004 62802 INFO tempest.lib.common.rest_client [req-a587449e-e1b9-44e7-b3a0-60c24b2c1ca0 req-a587449e-e1b9-44e7-b3a0-60c24b2c1ca0 ] Request (KeyPairsV210TestJSON:test_admin_manage_keypairs_for_other_users): 201 POST http://10.180.1.21/compute/v2.1/os-keypairs 0.089s
2025-02-10 12:19:47.006 62828 INFO tempest.lib.common.rest_client [req-75948dde-b386-4828-908f-fad1cd6fa956 req-75948dde-b386-4828-908f-fad1cd6fa956 ] Request (AttachInterfacesUnderV243Test:test_add_remove_fixed_ip): 200 GET http://10.180.1.21/compute/v2.1/servers/d266aff3-42b4-4dcb-b8ca-7c13cdf8d314 0.121s
2025-02-10 12:19:47.020 62802 INFO tempest.lib.common.rest_client [req-bb35c01a-03b0-4841-9cb4-1e5eaa7c5d5f req-bb35c01a-03b0-4841-9cb4-1e5eaa7c5d5f ] Request (KeyPairsV210TestJSON:test_admin_manage_keypairs_for_other_users): 200 GET http://10.180.1.21/compute/v2.1/os-keypairs?user_id=4d0e73c15ba34930a2203a69c4637482 0.014s
2025-02-10 12:19:47.039 62802 INFO tempest.lib.common.rest_client [req-de82fbba-2254-4d8f-8cad-d0fd9ff20268 req-de82fbba-2254-4d8f-8cad-d0fd9ff20268 ] Request (KeyPairsV210TestJSON:_run_cleanups): 204 DELETE http://10.180.1.21/compute/v2.1/os-keypairs/tempest-KeyPairsV210TestJSON-keypair-5018373 0.017s
2025-02-10 12:19:47.095 62856 INFO tempest.lib.common.rest_client [req-b2c8e9fb-17bf-4fe7-8a7f-3aed9deb9153 req-b2c8e9fb-17bf-4fe7-8a7f-3aed9deb9153 ] Request (SecurityGroupRulesNegativeTestJSON:tearDownClass): 204 DELETE http://10.180.1.21:9696/networking/v2.0/routers/530a7cfc-b28f-4a23-b527-271c56c0231a 0.397s
2025-02-10 12:19:47.109 62820 INFO tempest.lib.common.rest_client [req-0a52f24c-8968-4077-9171-24c51e04ef6b req-0a52f24c-8968-4077-9171-24c51e04ef6b ] Request (ServerDiagnosticsNegativeTest:tearDownClass): 200 GET http://10.180.1.21/compute/v2.1/servers/a5657a70-5374-4d52-be9a-2d05f9556d16 0.075s
2025-02-10 12:19:47.130 62832 INFO tempest.lib.common.rest_client [req-5bc0c2a0-241b-4649-a0d3-2d6c8a0e0600 req-5bc0c2a0-241b-4649-a0d3-2d6c8a0e0600 ] Request (ServerAddressesNegativeTestJSON:setUpClass): 200 GET http://10.180.1.21/compute/v2.1/servers/4de70165-c28f-44b7-a01a-caa0787170b8 0.135s
2025-02-10 12:19:47.149 62802 INFO tempest.lib.common.rest_client [req-04463913-e036-470d-b505-4e7189d3a352 req-04463913-e036-470d-b505-4e7189d3a352 ] Request (KeyPairsV210TestJSON:_run_cleanups): 204 DELETE http://10.180.1.21/compute/v2.1/os-keypairs/tempest-keypair-397550690?user_id=4d0e73c15ba34930a2203a69c4637482 0.109s
2025-02-10 12:19:47.191 62844 INFO tempest.lib.common.rest_client [req-95ae9947-e19c-42e1-82df-8e8bb8c6adfe req-95ae9947-e19c-42e1-82df-8e8bb8c6adfe ] Request (FloatingIPsAssociationNegativeTestJSON:setUpClass): 200 GET http://10.180.1.21/compute/v2.1/servers/253a2903-2601-4f0a-8882-e7510406f9d5 0.148s
2025-02-10 12:19:47.215 62814 INFO tempest.lib.common.rest_client [req-7df1b527-d0a7-4c13-a817-f31cfcfbc359 req-7df1b527-d0a7-4c13-a817-f31cfcfbc359 ] Request (DeleteServersAdminTestJSON:test_delete_server_while_in_error_state): 200 GET http://10.180.1.21/compute/v2.1/servers/87a90c88-6e0a-4051-8978-b2f9c5a876ca 0.132s
2025-02-10 12:19:47.251 62806 INFO tempest.lib.common.rest_client [req-0ecf51e0-2da2-470e-9d89-afac05a74b67 req-0ecf51e0-2da2-470e-9d89-afac05a74b67 ] Request (AttachInterfacesV270Test:test_create_get_list_interfaces): 200 GET http://10.180.1.21/compute/v2.1/servers/194c1dd8-3b0a-4c29-9779-65f1534121d1 0.148s
2025-02-10 12:19:47.272 62842 INFO tempest.lib.common.rest_client [req-4e0a4c23-27cd-456a-9a46-74c38b36ad12 req-4e0a4c23-27cd-456a-9a46-74c38b36ad12 ] Request (ServerRescueNegativeTestJSON:setUpClass): 200 GET http://10.180.1.21/compute/v2.1/servers/cd69a052-369b-4809-baf0-a1aec44f4ab5 0.135s
2025-02-10 12:19:47.299 62802 INFO tempest.lib.common.rest_client [req-ce085549-b798-41b3-8f42-3a7f1b9cf794 req-ce085549-b798-41b3-8f42-3a7f1b9cf794 ] Request (KeyPairsV210TestJSON:_run_cleanups): 204 DELETE http://10.180.1.21/compute/v2.1/os-keypairs/tempest-keypair-406034344?user_id=4d0e73c15ba34930a2203a69c4637482 0.149s
2025-02-10 12:19:47.313 62804 INFO tempest.lib.common.rest_client [req-cde11627-f463-42e8-a077-ef9bc7d931de req-cde11627-f463-42e8-a077-ef9bc7d931de ] Request (ImagesNegativeTestJSON:test_create_image_from_deleted_server): 200 GET http://10.180.1.21/compute/v2.1/servers/8461f823-e48a-42f0-8863-44177565b82d 0.164s
2025-02-10 12:19:47.362 62818 INFO tempest.lib.common.rest_client [req-e612dd10-4050-4643-b5d5-906e749800ff req-e612dd10-4050-4643-b5d5-906e749800ff ] Request (ServersTestJSON:test_create_server_specify_multibyte_character_name): 200 GET http://10.180.1.21/compute/v2.1/servers/ebca687d-4de7-4fd6-99fb-b4f0154abe9c 0.161s
2025-02-10 12:19:47.382 62816 INFO tempest.lib.common.rest_client [req-c9e70a6c-89c0-4d1d-8f51-76e205ab6c11 req-c9e70a6c-89c0-4d1d-8f51-76e205ab6c11 ] Request (ServerDiagnosticsTest:tearDownClass): 200 GET http://10.180.1.21/compute/v2.1/servers/758ed671-347a-4949-9842-2f8cdcd261ae 0.174s
2025-02-10 12:19:47.413 62808 INFO tempest.lib.common.rest_client [req-b7bfee38-4c09-4f1b-8635-f3fdbfcbab84 req-b7bfee38-4c09-4f1b-8635-f3fdbfcbab84 ] Request (FloatingIPsAssociationTestJSON:setUpClass): 200 GET http://10.180.1.21/compute/v2.1/servers/c1fd078c-61d4-4c0f-8c49-0f56a926a087 0.159s
2025-02-10 12:19:47.426 62802 INFO tempest.lib.common.rest_client [req-f97e2263-ed29-4220-a04e-f6ae60a1798d req-f97e2263-ed29-4220-a04e-f6ae60a1798d ] Request (KeyPairsV210TestJSON:tearDownClass): 204 DELETE http://10.180.1.21/identity/v3/users/4d0e73c15ba34930a2203a69c4637482 0.125s
2025-02-10 12:19:47.434 62860 INFO tempest.lib.common.rest_client [req-8df5de57-9b7f-449b-bd95-091cc08c2d82 req-8df5de57-9b7f-449b-bd95-091cc08c2d82 ] Request (ServersWithSpecificFlavorTestJSON:test_verify_created_server_ephemeral_disk): 200 GET http://10.180.1.21/compute/v2.1/servers/7d561939-df5d-4f8d-99b1-5eb5f0fdfc0a 0.171s
2025-02-10 12:19:47.456 62856 INFO tempest.lib.common.rest_client [req-2488c088-5ac8-4066-b4cf-216786a1978a req-2488c088-5ac8-4066-b4cf-216786a1978a ] Request (SecurityGroupRulesNegativeTestJSON:tearDownClass): 204 DELETE http://10.180.1.21:9696/networking/v2.0/subnets/17004f6e-4a8a-497a-91ae-ec62dea74036 0.360s
2025-02-10 12:19:47.461 62852 INFO tempest.lib.common.rest_client [req-bce8e63a-5cd8-4f4e-90ec-f960aceac818 req-bce8e63a-5cd8-4f4e-90ec-f960aceac818 ] Request (ServersAdminNegativeTestJSON:test_migrate_server_invalid_state): 200 GET http://10.180.1.21/compute/v2.1/servers/17e1557d-e4cf-45b0-84da-4cbcffe31fb6 0.142s
2025-02-10 12:19:47.496 62812 INFO tempest.lib.common.rest_client [req-99066325-b79a-4def-83ed-eaded4e2765e req-99066325-b79a-4def-83ed-eaded4e2765e ] Request (ServerExternalEventsTest:tearDownClass): 200 GET http://10.180.1.21/compute/v2.1/servers/678b6b5f-b410-4c55-872e-4a74da6d7ebc 0.172s
