2025-05-13 12:51:24.121 69676 INFO tempest.lib.common.rest_client [req-6a9b9b4c-7097-4059-ae7e-4537ae6f07bd req-6a9b9b4c-7097-4059-ae7e-4537ae6f07bd ] Request (ServersAaction247Test:test_create_backup): 200 GET http://10.180.1.21/compute/v2.1/servers/25436752-c4fa-4f90-a057-883501b0eaa6 1.850s
2025-05-13 12:51:24.149 69698 INFO tempest.lib.common.rest_client [req-9f8e2ca0-e0a0-47c9-8cb3-16578af1b310 req-9f8e2ca0-e0a0-47c9-8cb3-16578af1b310 ] Request (FlavorsAdminTestJSON:tearDownClass): 204 DELETE http://10.180.1.21/identity/v3/projects/fead5cc3c90e4043891a25e686357416 0.162s
2025-05-13 12:51:24.150 69698 INFO tempest.test [-] raised in LiveAutoBlockMigrationV225Test.setUpClass. Invoking tearDownClass.
2025-05-13 12:51:24.151 69644 INFO tempest.lib.common.rest_client [req-df842072-d106-4173-b6dc-23bfa784f265 req-df842072-d106-4173-b6dc-23bfa784f265 ] Request (ServersAdminTestJSON:test_create_server_with_scheduling_hint): 200 GET http://10.180.1.21/compute/v2.1/servers/e5f45a1f-33d1-4633-b03f-307e9ba561af 1.838s
2025-05-13 12:51:24.197 69694 INFO tempest.lib.common.rest_client [req-19669846-a62d-4b9a-a6cf-c90dd89f5a08 req-19669846-a62d-4b9a-a6cf-c90dd89f5a08 ] Request (ServerAddressesNegativeTestJSON:setUpClass): 200 GET http://10.180.1.21/compute/v2.1/servers/91b8bcff-61b1-4624-91b2-5af3577b6961 1.837s
2025-05-13 12:51:24.220 69698 INFO tempest.lib.common.rest_client [req-2f4d452b-a5e5-48ff-a2b3-8b7ede4fc43a req-2f4d452b-a5e5-48ff-a2b3-8b7ede4fc43a ] Request (FloatingIPsNegativeTestJSON:setUpClass): 201 POST http://10.180.1.21/identity/v3/auth/tokens 0.064s
2025-05-13 12:51:24.241 69704 INFO tempest.lib.common.rest_client [req-8d012e7d-0801-4316-b347-5477073f3290 req-8d012e7d-0801-4316-b347-5477073f3290 ] Request (ServersTestJSON:test_create_server_with_ipv6_addr_only): 200 GET http://10.180.1.21/compute/v2.1/servers/2903c85c-20c2-4747-9522-922f56568546 1.869s
2025-05-13 12:51:24.265 69698 INFO tempest.lib.common.rest_client [req-6b5d9628-146f-4daa-b0d8-a4e6ff263a30 req-6b5d9628-146f-4daa-b0d8-a4e6ff263a30 ] Request (FloatingIPsNegativeTestJSON:setUpClass): 201 POST http://10.180.1.21/identity/v3/auth/tokens 0.037s
2025-05-13 12:51:24.287 69656 INFO tempest.lib.common.rest_client [req-05f4466f-021d-4f7b-8bd5-8cd3c14245d9 req-05f4466f-021d-4f7b-8bd5-8cd3c14245d9 ] Request (ServerExternalEventsTest:tearDownClass): 200 GET http://10.180.1.21/compute/v2.1/servers/9687aeba-3a74-4bf1-9fda-9b76c88c1107 1.806s
2025-05-13 12:51:24.293 69698 INFO tempest.lib.common.rest_client [req-20c00b62-fe1e-4bac-938f-277fd2789b70 req-20c00b62-fe1e-4bac-938f-277fd2789b70 ] Request (FloatingIPsNegativeTestJSON:setUpClass): 200 GET http://10.180.1.21/identity/v3/domains?name=Default 0.027s
2025-05-13 12:51:24.324 69698 INFO tempest.lib.common.rest_client [req-3e34186c-e91f-4623-9359-acf56072b909 req-3e34186c-e91f-4623-9359-acf56072b909 ] Request (FloatingIPsNegativeTestJSON:setUpClass): 201 POST http://10.180.1.21/identity/v3/projects 0.031s
2025-05-13 12:51:24.376 69702 INFO tempest.lib.common.rest_client [req-597c7d40-f017-4aa7-997c-ebe3b4c0f83e req-597c7d40-f017-4aa7-997c-ebe3b4c0f83e ] Request (FloatingIPsAssociationTestJSON:setUpClass): 200 GET http://10.180.1.21/compute/v2.1/servers/fbc87491-5408-45a5-bf99-824181665f9b 1.728s
2025-05-13 12:51:24.405 69698 INFO tempest.lib.common.rest_client [req-34be043f-f87b-4400-8ead-65f8cd960c37 req-34be043f-f87b-4400-8ead-65f8cd960c37 ] Request (FloatingIPsNegativeTestJSON:setUpClass): 201 POST http://10.180.1.21/identity/v3/users 0.080s
2025-05-13 12:51:24.430 69698 INFO tempest.lib.common.rest_client [req-c0b0a306-1a51-4f98-90df-e8a4d06bc249 req-c0b0a306-1a51-4f98-90df-e8a4d06bc249 ] Request (FloatingIPsNegativeTestJSON:setUpClass): 200 GET http://10.180.1.21/identity/v3/roles 0.024s
2025-05-13 12:51:24.454 69690 INFO tempest.lib.common.rest_client [req-30b91fa7-98c6-4eda-bdeb-9bc3b898f974 req-30b91fa7-98c6-4eda-bdeb-9bc3b898f974 ] Request (MigrationsAdminTest:test_list_migrations_in_flavor_resize_situation): 200 GET http://10.180.1.21/compute/v2.1/servers/c24189e8-ca4b-448f-954f-e25bcc4db234 1.438s
2025-05-13 12:51:24.465 69698 INFO tempest.lib.common.rest_client [req-54a5790b-7dbd-4448-9b5b-6fc830118aac req-54a5790b-7dbd-4448-9b5b-6fc830118aac ] Request (FloatingIPsNegativeTestJSON:setUpClass): 204 PUT http://10.180.1.21/identity/v3/projects/0e009f6f03e641f192f2bbcc2f27e982/users/16af7db0729c42629e36f95a51404c33/roles/7fd50f9b29734a31aed8d8338361eb41 0.034s
2025-05-13 12:51:24.466 69698 INFO tempest.lib.common.dynamic_creds [-] Dynamic test user 16af7db0729c42629e36f95a51404c33 is created with scope project and roles: ['member']
2025-05-13 12:51:24.466 69698 INFO tempest.lib.common.dynamic_creds [-] Acquired dynamic creds: credentials: Credentials: {'domain_id': 'default', 'domain_name': 'Default', 'username': 'tempest-FloatingIPsNegativeTestJSON-1661970302-project-member', 'project_domain_id': 'default', 'project_domain_name': 'Default', 'project_id': '0e009f6f03e641f192f2bbcc2f27e982', 'project_name': 'tempest-FloatingIPsNegativeTestJSON-1661970302', 'tenant_id': '0e009f6f03e641f192f2bbcc2f27e982', 'tenant_name': 'tempest-FloatingIPsNegativeTestJSON-1661970302', 'user_domain_id': 'default', 'user_domain_name': 'Default', 'user_id': '16af7db0729c42629e36f95a51404c33', 'system': None}, Network: None, Subnet: None, Router: None
2025-05-13 12:51:24.523 69670 INFO tempest.lib.common.rest_client [req-a4ec8303-b911-4bc0-9e29-50747f93425b req-a4ec8303-b911-4bc0-9e29-50747f93425b ] Request (ImagesTestJSON:test_create_image_from_stopped_server): 200 GET http://10.180.1.21/compute/v2.1/servers/b5adf32b-f399-4338-8a19-79f9d51e9072 1.263s
2025-05-13 12:51:24.535 69698 INFO tempest.lib.common.rest_client [req-cb8c7468-b4d0-4e79-ad52-259e92d2b225 req-cb8c7468-b4d0-4e79-ad52-259e92d2b225 ] Request (FloatingIPsNegativeTestJSON:setUpClass): 201 POST http://10.180.1.21/identity/v3/auth/tokens 0.069s
2025-05-13 12:51:24.579 69700 INFO tempest.lib.common.rest_client [req-f67f1fc0-6d78-4939-a3f4-e5f53d9b5d75 req-f67f1fc0-6d78-4939-a3f4-e5f53d9b5d75 ] Request (SecurityGroupRulesTestJSON:test_security_group_rules_create_with_optional_group_id): 200 POST http://10.180.1.21/compute/v2.1/os-security-group-rules 1.407s
2025-05-13 12:51:24.619 69648 INFO tempest.lib.common.rest_client [req-1127c26c-fe00-47cd-be19-f6985635a910 req-1127c26c-fe00-47cd-be19-f6985635a910 ] Request (ServersAdminNegativeTestJSON:test_migrate_server_invalid_state): 200 GET http://10.180.1.21/compute/v2.1/servers/fbd30304-f19d-448d-b917-36322ffe9bc4 1.225s
2025-05-13 12:51:24.628 69648 INFO tempest.common.waiters [-] State transition "BUILD/None" ==> "BUILD/networking" after 31 second wait
2025-05-13 12:51:24.645 69680 WARNING tempest.lib.common.ssh [-] Failed to establish authenticated ssh connection to cirros@10.180.180.227 ([Errno None] Unable to connect to port 22 on 10.180.180.227). Number attempts: 6. Retry after 7 seconds.: paramiko.ssh_exception.NoValidConnectionsError: [Errno None] Unable to connect to port 22 on 10.180.180.227
2025-05-13 12:51:24.651 69658 INFO tempest.lib.common.rest_client [req-27455ab9-18c8-4bfc-993d-1179b0e55f45 req-27455ab9-18c8-4bfc-993d-1179b0e55f45 ] Request (DeleteServersTestJSON:test_delete_active_server): 200 GET http://10.180.1.21/compute/v2.1/servers/c73fd2e2-ba3b-4add-94d5-1d86fdafcfaf 1.172s
2025-05-13 12:51:24.723 69666 INFO tempest.lib.common.rest_client [req-7022364c-c7f4-4da1-9d4a-a4bd271daafe req-7022364c-c7f4-4da1-9d4a-a4bd271daafe ] Request (DeleteServersAdminTestJSON:test_delete_server_while_in_error_state): 200 GET http://10.180.1.21/compute/v2.1/servers/d0089ac6-b35e-4705-8652-1d87d64394f8 1.067s
2025-05-13 12:51:24.723 69650 INFO tempest.lib.common.rest_client [req-5a78f492-0ea3-4fa7-82cc-d6687788f3a9 req-5a78f492-0ea3-4fa7-82cc-d6687788f3a9 ] Request (ServerActionsV293TestJSON:setUpClass): 200 GET http://10.180.1.21/volume/v3/volumes/a524bcc2-da9f-40c7-a080-cabae8d2bfd5 0.029s
2025-05-13 12:51:24.784 69678 INFO tempest.lib.common.rest_client [req-22835c9a-3d8d-4bcd-8a7f-da38f4a107aa req-22835c9a-3d8d-4bcd-8a7f-da38f4a107aa ] Request (ServerPasswordTestJSON:setUpClass): 200 GET http://10.180.1.21/compute/v2.1/servers/d6e164fd-9d10-4a2b-b7dc-cd9c69ea83e1 1.245s
2025-05-13 12:51:24.789 69706 INFO tempest.lib.common.rest_client [req-c848c227-2c90-4158-b720-0e279ed8dee2 req-c848c227-2c90-4158-b720-0e279ed8dee2 ] Request (ImagesOneServerNegativeTestJSON:_run_cleanups): 200 GET http://10.180.1.21/compute/v2.1/servers/3ac2a03e-f49a-47bb-a28e-1a331ce309f2 1.013s
2025-05-13 12:51:24.794 69678 INFO tempest.common.waiters [-] State transition "BUILD/block_device_mapping" ==> "BUILD/spawning" after 31 second wait
2025-05-13 12:51:24.846 69662 INFO tempest.lib.common.rest_client [req-46982714-b328-48d3-a51d-13108a45d0d1 req-46982714-b328-48d3-a51d-13108a45d0d1 ] Request (ServerGroupTestJSON:test_create_server_with_scheduler_hint_group): 200 GET http://10.180.1.21/compute/v2.1/servers/5670b857-d679-4397-b310-94fcbc1a014c 1.003s
2025-05-13 12:51:24.863 69674 INFO tempest.lib.common.rest_client [req-b87de739-b3ea-4c9f-9009-79f2872616c9 req-b87de739-b3ea-4c9f-9009-79f2872616c9 ] Request (FloatingIPsAssociationNegativeTestJSON:setUpClass): 200 GET http://10.180.1.21/compute/v2.1/servers/9e5a0744-6697-4972-9b86-33c5c7f5d83b 1.060s
2025-05-13 12:51:24.883 69698 INFO tempest.lib.common.rest_client [req-0473251c-9c57-46c3-8a2d-1c1532557814 req-0473251c-9c57-46c3-8a2d-1c1532557814 ] Request (FloatingIPsNegativeTestJSON:setUpClass): 201 POST http://10.180.1.21:9696/networking/v2.0/networks 0.348s
2025-05-13 12:51:24.918 69646 INFO tempest.lib.common.rest_client [req-caf994ad-24e7-4edc-9478-fae2defc1bde req-caf994ad-24e7-4edc-9478-fae2defc1bde ] Request (ListServersNegativeTestJSON:setUpClass): 200 GET http://10.180.1.21/compute/v2.1/servers/48776541-d7e5-40e3-97e0-2cd6d2c08c4a 1.071s
2025-05-13 12:51:24.924 69686 INFO tempest.lib.common.rest_client [req-5dfb8815-40e7-4f39-ad7b-0c5c663ac531 req-5dfb8815-40e7-4f39-ad7b-0c5c663ac531 ] Request (AttachInterfacesUnderV243Test:test_add_remove_fixed_ip): 200 GET http://10.180.1.21/compute/v2.1/servers/e7352ab5-48c6-4f5d-849d-54d74afbdc5e 1.018s
2025-05-13 12:51:24.985 69682 INFO tempest.lib.common.rest_client [req-f2a36da8-1e4e-42d6-9a3d-da41a9c56082 req-f2a36da8-1e4e-42d6-9a3d-da41a9c56082 ] Request (ServerDiagnosticsNegativeTest:test_get_server_diagnostics_by_non_admin): 200 GET http://10.180.1.21/compute/v2.1/servers/651708cb-14cc-4b21-a183-0739ec714d11 0.982s
2025-05-13 12:51:25.068 69668 INFO tempest.lib.common.rest_client [req-0a3fd398-e427-4123-b766-6b3fd8710c87 req-0a3fd398-e427-4123-b766-6b3fd8710c87 ] Request (ServersAdmin275Test:tearDownClass): 200 GET http://10.180.1.21/compute/v2.1/servers/5b062b1d-53b0-4c79-a695-a5aaabcf3552 0.788s
2025-05-13 12:51:25.091 69654 WARNING tempest.lib.common.ssh [-] Failed to establish authenticated ssh connection to cirros@10.180.180.163 ([Errno None] Unable to connect to port 22 on 10.180.180.163). Number attempts: 4. Retry after 5 seconds.: paramiko.ssh_exception.NoValidConnectionsError: [Errno None] Unable to connect to port 22 on 10.180.180.163
2025-05-13 12:51:25.094 69698 INFO tempest.lib.common.rest_client [req-f94eb6df-b285-4857-aae2-4f550029a6b8 req-f94eb6df-b285-4857-aae2-4f550029a6b8 ] Request (FloatingIPsNegativeTestJSON:setUpClass): 201 POST http://10.180.1.21:9696/networking/v2.0/subnets 0.209s
2025-05-13 12:51:25.184 69684 INFO tempest.lib.common.rest_client [req-b0376795-ec26-4400-8ca5-e9a56ca0265e req-b0376795-ec26-4400-8ca5-e9a56ca0265e ] Request (SecurityGroupsTestAdminJSON:_run_cleanups): 202 DELETE http://10.180.1.21/compute/v2.1/os-security-groups/163b45bc-95aa-4580-9462-8fe827f80774 1.164s
2025-05-13 12:51:25.240 69692 INFO tempest.lib.common.rest_client [req-2f5b5586-8f2a-4c18-904b-669b39af1350 req-2f5b5586-8f2a-4c18-904b-669b39af1350 ] Request (SecurityGroupsTestJSON:test_list_security_groups_by_server): 200 GET http://10.180.1.21/compute/v2.1/servers/8dc747d9-fe78-4a01-bf0f-5408ef6d1444 0.802s
2025-05-13 12:51:25.254 69660 INFO tempest.lib.common.rest_client [req-ecbd06f9-c7e1-4445-b613-e34f1db5e8a3 req-ecbd06f9-c7e1-4445-b613-e34f1db5e8a3 ] Request (ServerRescueTestJSONUnderV235:tearDownClass): 200 GET http://10.180.1.21/compute/v2.1/servers/c8fb439a-a034-4360-a0a5-72f2cd895222 0.742s
2025-05-13 12:51:25.327 69665 INFO tempest.lib.common.rest_client [req-d950d40a-31d7-40d8-8247-59cbd4621ffc req-d950d40a-31d7-40d8-8247-59cbd4621ffc ] Request (ServerDiagnosticsV248Test:tearDownClass): 200 GET http://10.180.1.21/compute/v2.1/servers/2b88dbef-e3b5-41a7-85dd-b2c007b46680 0.723s
2025-05-13 12:51:25.386 69696 INFO tempest.lib.common.rest_client [req-14600918-4ae8-433b-a6b1-43d0e9b594ef req-14600918-4ae8-433b-a6b1-43d0e9b594ef ] Request (ServersTestBootFromVolume:setUpClass): 200 GET http://10.180.1.21/compute/v2.1/servers/32c9153b-c6e6-44a8-8c7a-54fff8444175 0.668s
2025-05-13 12:51:25.424 69700 INFO tempest.lib.common.rest_client [req-4e1c80c2-a91c-43f6-a386-cc9ee3cec581 req-4e1c80c2-a91c-43f6-a386-cc9ee3cec581 ] Request (SecurityGroupRulesTestJSON:test_security_group_rules_delete_when_peer_group_deleted): 200 POST http://10.180.1.21/compute/v2.1/os-security-groups 0.839s
2025-05-13 12:51:25.482 69676 INFO tempest.lib.common.rest_client [req-364c11fd-0d4b-45b1-98e7-b89e7b169ef4 req-364c11fd-0d4b-45b1-98e7-b89e7b169ef4 ] Request (ServersAaction247Test:test_create_backup): 200 GET http://10.180.1.21/compute/v2.1/servers/25436752-c4fa-4f90-a057-883501b0eaa6 0.349s
2025-05-13 12:51:25.542 69644 INFO tempest.lib.common.rest_client [req-a846b35c-04a2-4a1e-a18d-d7c9fa6ef374 req-a846b35c-04a2-4a1e-a18d-d7c9fa6ef374 ] Request (ServersAdminTestJSON:test_create_server_with_scheduling_hint): 200 GET http://10.180.1.21/compute/v2.1/servers/e5f45a1f-33d1-4633-b03f-307e9ba561af 0.377s
2025-05-13 12:51:25.630 69652 INFO tempest.lib.common.rest_client [req-60393c0f-09c7-4a43-aa1c-eb347396fd0f req-60393c0f-09c7-4a43-aa1c-eb347396fd0f ] Request (ServersTestMultiNic:test_verify_duplicate_network_nics): 200 GET http://10.180.1.21/compute/v2.1/servers/bed42166-e13b-4ce8-bd8e-c77571480e4c 0.539s
2025-05-13 12:51:25.682 69694 INFO tempest.lib.common.rest_client [req-ab5df51e-9153-426a-92d3-f72d4ac1e061 req-ab5df51e-9153-426a-92d3-f72d4ac1e061 ] Request (ServerAddressesNegativeTestJSON:setUpClass): 200 GET http://10.180.1.21/compute/v2.1/servers/91b8bcff-61b1-4624-91b2-5af3577b6961 0.472s
2025-05-13 12:51:25.700 69684 INFO tempest.lib.common.rest_client [req-7134e3b2-1384-4cf8-96ee-842a9061865e req-7134e3b2-1384-4cf8-96ee-842a9061865e ] Request (SecurityGroupsTestAdminJSON:_run_cleanups): 202 DELETE http://10.180.1.21/compute/v2.1/os-security-groups/1c5de5d4-f05a-4dd2-b5c1-51fa3d3c941a 0.515s
2025-05-13 12:51:25.746 69704 INFO tempest.lib.common.rest_client [req-e538b001-7115-4773-9a4d-508badb4fa24 req-e538b001-7115-4773-9a4d-508badb4fa24 ] Request (ServersTestJSON:test_create_server_with_ipv6_addr_only): 200 GET http://10.180.1.21/compute/v2.1/servers/2903c85c-20c2-4747-9522-922f56568546 0.493s
2025-05-13 12:51:25.766 69656 INFO tempest.lib.common.rest_client [req-618403c3-aee5-4aee-90eb-f5849f449304 req-618403c3-aee5-4aee-90eb-f5849f449304 ] Request (ServerExternalEventsTest:tearDownClass): 200 GET http://10.180.1.21/compute/v2.1/servers/9687aeba-3a74-4bf1-9fda-9b76c88c1107 0.472s
2025-05-13 12:51:25.773 69650 INFO tempest.lib.common.rest_client [req-4d7ad9ee-b44d-4ee6-b949-16d2805175e5 req-4d7ad9ee-b44d-4ee6-b949-16d2805175e5 ] Request (ServerActionsV293TestJSON:setUpClass): 200 GET http://10.180.1.21/volume/v3/volumes/a524bcc2-da9f-40c7-a080-cabae8d2bfd5 0.038s
2025-05-13 12:51:25.867 69702 INFO tempest.lib.common.rest_client [req-0a0af2fe-8a78-4795-9c42-669dde57a120 req-0a0af2fe-8a78-4795-9c42-669dde57a120 ] Request (FloatingIPsAssociationTestJSON:setUpClass): 200 GET http://10.180.1.21/compute/v2.1/servers/fbc87491-5408-45a5-bf99-824181665f9b 0.479s
2025-05-13 12:51:26.039 69690 INFO tempest.lib.common.rest_client [req-30b73db0-0742-4f8b-9903-5ba658c0e4e1 req-30b73db0-0742-4f8b-9903-5ba658c0e4e1 ] Request (MigrationsAdminTest:test_list_migrations_in_flavor_resize_situation): 200 GET http://10.180.1.21/compute/v2.1/servers/c24189e8-ca4b-448f-954f-e25bcc4db234 0.572s
2025-05-13 12:51:26.120 69670 INFO tempest.lib.common.rest_client [req-6455c63d-c462-4e3f-b6c9-a0fd5a175e5d req-6455c63d-c462-4e3f-b6c9-a0fd5a175e5d ] Request (ImagesTestJSON:test_create_image_from_stopped_server): 200 GET http://10.180.1.21/compute/v2.1/servers/b5adf32b-f399-4338-8a19-79f9d51e9072 0.588s
2025-05-13 12:51:26.244 69700 INFO tempest.lib.common.rest_client [req-af158867-7a1a-4c3f-94e6-c35a12247ea2 req-af158867-7a1a-4c3f-94e6-c35a12247ea2 ] Request (SecurityGroupRulesTestJSON:test_security_group_rules_delete_when_peer_group_deleted): 200 POST http://10.180.1.21/compute/v2.1/os-security-groups 0.814s
2025-05-13 12:51:26.249 69648 INFO tempest.lib.common.rest_client [req-d9a9d2fe-0b15-48b6-9888-32d8ee308f87 req-d9a9d2fe-0b15-48b6-9888-32d8ee308f87 ] Request (ServersAdminNegativeTestJSON:test_migrate_server_invalid_state): 200 GET http://10.180.1.21/compute/v2.1/servers/fbd30304-f19d-448d-b917-36322ffe9bc4 0.619s
2025-05-13 12:51:26.260 69648 INFO tempest.common.waiters [-] State transition "BUILD/networking" ==> "BUILD/spawning" after 33 second wait
2025-05-13 12:51:26.322 69658 INFO tempest.lib.common.rest_client [req-77f59fb9-de41-424d-8887-a6eac19e44cb req-77f59fb9-de41-424d-8887-a6eac19e44cb ] Request (DeleteServersTestJSON:test_delete_active_server): 200 GET http://10.180.1.21/compute/v2.1/servers/c73fd2e2-ba3b-4add-94d5-1d86fdafcfaf 0.657s
2025-05-13 12:51:26.375 69684 INFO tempest.lib.common.rest_client [req-94fe4daf-6cdd-4651-a7bd-d2b871e1115b req-94fe4daf-6cdd-4651-a7bd-d2b871e1115b ] Request (SecurityGroupsTestAdminJSON:_run_cleanups): 202 DELETE http://10.180.1.21/compute/v2.1/os-security-groups/b45141c4-9cdc-4a34-b634-104d82b903a5 0.674s
2025-05-13 12:51:26.381 69698 INFO tempest.lib.common.rest_client [req-1a11ca0f-b630-4adf-bcf6-21dc7f55f4e9 req-1a11ca0f-b630-4adf-bcf6-21dc7f55f4e9 ] Request (FloatingIPsNegativeTestJSON:setUpClass): 201 POST http://10.180.1.21:9696/networking/v2.0/routers 1.287s
2025-05-13 12:51:26.412 69666 INFO tempest.lib.common.rest_client [req-f0846ce1-8129-43d7-a0ef-c09c20bb79e5 req-f0846ce1-8129-43d7-a0ef-c09c20bb79e5 ] Request (DeleteServersAdminTestJSON:test_delete_server_while_in_error_state): 200 GET http://10.180.1.21/compute/v2.1/servers/d0089ac6-b35e-4705-8652-1d87d64394f8 0.681s
2025-05-13 12:51:26.488 69706 INFO tempest.lib.common.rest_client [req-da8a0d9f-8042-4549-8f4d-d88e8e5a1984 req-da8a0d9f-8042-4549-8f4d-d88e8e5a1984 ] Request (ImagesOneServerNegativeTestJSON:_run_cleanups): 200 GET http://10.180.1.21/compute/v2.1/servers/3ac2a03e-f49a-47bb-a28e-1a331ce309f2 0.687s
2025-05-13 12:51:26.526 69684 INFO tempest.lib.common.rest_client [req-58c208ac-ef55-4c6b-8687-921d27984f8d req-58c208ac-ef55-4c6b-8687-921d27984f8d ] Request (SecurityGroupsTestAdminJSON:tearDownClass): 204 DELETE http://10.180.1.21/identity/v3/users/a5dadeb3614e4a70aa0b03b0f602ba19 0.150s
2025-05-13 12:51:26.555 69662 INFO tempest.lib.common.rest_client [req-7eead0be-0ca0-41ab-b5af-3d5c5a40e460 req-7eead0be-0ca0-41ab-b5af-3d5c5a40e460 ] Request (ServerGroupTestJSON:test_create_server_with_scheduler_hint_group): 200 GET http://10.180.1.21/compute/v2.1/servers/5670b857-d679-4397-b310-94fcbc1a014c 0.697s
2025-05-13 12:51:26.629 69674 INFO tempest.lib.common.rest_client [req-a6da978e-3710-4f67-aeea-a3ef3d5a1c17 req-a6da978e-3710-4f67-aeea-a3ef3d5a1c17 ] Request (FloatingIPsAssociationNegativeTestJSON:setUpClass): 200 GET http://10.180.1.21/compute/v2.1/servers/9e5a0744-6697-4972-9b86-33c5c7f5d83b 0.755s
2025-05-13 12:51:26.636 69678 INFO tempest.lib.common.rest_client [req-fdbb03c2-6e2b-4196-b369-6840b30413ca req-fdbb03c2-6e2b-4196-b369-6840b30413ca ] Request (ServerPasswordTestJSON:setUpClass): 200 GET http://10.180.1.21/compute/v2.1/servers/d6e164fd-9d10-4a2b-b7dc-cd9c69ea83e1 0.841s
2025-05-13 12:51:26.684 69646 INFO tempest.lib.common.rest_client [req-ce7bf196-37da-4e37-915c-ccf401290d16 req-ce7bf196-37da-4e37-915c-ccf401290d16 ] Request (ListServersNegativeTestJSON:setUpClass): 200 GET http://10.180.1.21/compute/v2.1/servers/48776541-d7e5-40e3-97e0-2cd6d2c08c4a 0.758s
2025-05-13 12:51:26.721 69686 INFO tempest.lib.common.rest_client [req-2ad141bc-7fee-4554-a463-f550fceef873 req-2ad141bc-7fee-4554-a463-f550fceef873 ] Request (AttachInterfacesUnderV243Test:test_add_remove_fixed_ip): 200 GET http://10.180.1.21/compute/v2.1/servers/e7352ab5-48c6-4f5d-849d-54d74afbdc5e 0.786s
2025-05-13 12:51:26.749 69682 INFO tempest.lib.common.rest_client [req-11f77c0b-3096-4f45-ac21-35ddc87be62c req-11f77c0b-3096-4f45-ac21-35ddc87be62c ] Request (ServerDiagnosticsNegativeTest:test_get_server_diagnostics_by_non_admin): 200 GET http://10.180.1.21/compute/v2.1/servers/651708cb-14cc-4b21-a183-0739ec714d11 0.754s
2025-05-13 12:51:26.819 69688 WARNING tempest.lib.common.ssh [-] Failed to establish authenticated ssh connection to cirros@10.180.180.193 ([Errno None] Unable to connect to port 22 on 10.180.180.193). Number attempts: 5. Retry after 6 seconds.: paramiko.ssh_exception.NoValidConnectionsError: [Errno None] Unable to connect to port 22 on 10.180.180.193
2025-05-13 12:51:26.821 69684 INFO tempest.lib.common.rest_client [req-0862bddf-49fa-4176-b82a-fd9c80451a27 req-0862bddf-49fa-4176-b82a-fd9c80451a27 ] Request (SecurityGroupsTestAdminJSON:tearDownClass): 204 DELETE http://10.180.1.21/identity/v3/users/8b2216579e1b4e2e95d390a3058d7548 0.295s
2025-05-13 12:51:26.822 69684 INFO tempest.lib.common.dynamic_creds [-] Deleting project and security group for project: dc932212fc894499a5419b90029cde9f
2025-05-13 12:51:26.828 69650 INFO tempest.lib.common.rest_client [req-f3968b06-8ab5-46e5-b5e6-e8d19a3d7ae3 req-f3968b06-8ab5-46e5-b5e6-e8d19a3d7ae3 ] Request (ServerActionsV293TestJSON:setUpClass): 200 GET http://10.180.1.21/volume/v3/volumes/a524bcc2-da9f-40c7-a080-cabae8d2bfd5 0.045s
2025-05-13 12:51:26.869 69668 INFO tempest.lib.common.rest_client [req-11b11e8f-ad56-4f0d-b386-cbb2a8967140 req-11b11e8f-ad56-4f0d-b386-cbb2a8967140 ] Request (ServersAdmin275Test:tearDownClass): 200 GET http://10.180.1.21/compute/v2.1/servers/5b062b1d-53b0-4c79-a695-a5aaabcf3552 0.785s
2025-05-13 12:51:26.922 69684 INFO tempest.lib.common.rest_client [req-7f30c16d-6b47-40ad-987d-ade0ceb5f640 req-7f30c16d-6b47-40ad-987d-ade0ceb5f640 ] Request (SecurityGroupsTestAdminJSON:tearDownClass): 201 POST http://10.180.1.21/identity/v3/auth/tokens 0.099s
2025-05-13 12:51:27.068 69684 INFO tempest.lib.common.rest_client [req-383dd720-0e08-4f06-9422-2a88f97159b5 req-383dd720-0e08-4f06-9422-2a88f97159b5 ] Request (SecurityGroupsTestAdminJSON:tearDownClass): 200 GET http://10.180.1.21:9696/networking/v2.0/security-groups?tenant_id=dc932212fc894499a5419b90029cde9f&name=default 0.145s
2025-05-13 12:51:27.098 69700 INFO tempest.lib.common.rest_client [req-a3277a4e-d822-461f-994c-711a635b7f90 req-a3277a4e-d822-461f-994c-711a635b7f90 ] Request (SecurityGroupRulesTestJSON:test_security_group_rules_delete_when_peer_group_deleted): 200 POST http://10.180.1.21/compute/v2.1/os-security-group-rules 0.850s
2025-05-13 12:51:27.112 69692 INFO tempest.lib.common.rest_client [req-395038a2-8225-4edf-a189-6a3fcecf0a0c req-395038a2-8225-4edf-a189-6a3fcecf0a0c ] Request (SecurityGroupsTestJSON:test_list_security_groups_by_server): 200 GET http://10.180.1.21/compute/v2.1/servers/8dc747d9-fe78-4a01-bf0f-5408ef6d1444 0.858s
2025-05-13 12:51:27.203 69665 INFO tempest.lib.common.rest_client [req-1c0f21f7-3c0c-4333-b046-fbce23fd3d58 req-1c0f21f7-3c0c-4333-b046-fbce23fd3d58 ] Request (ServerDiagnosticsV248Test:tearDownClass): 200 GET http://10.180.1.21/compute/v2.1/servers/2b88dbef-e3b5-41a7-85dd-b2c007b46680 0.866s
2025-05-13 12:51:27.208 69660 INFO tempest.lib.common.rest_client [req-9e51c1e4-47c2-42b7-ba16-2183ef206ced req-9e51c1e4-47c2-42b7-ba16-2183ef206ced ] Request (ServerRescueTestJSONUnderV235:tearDownClass): 200 GET http://10.180.1.21/compute/v2.1/servers/c8fb439a-a034-4360-a0a5-72f2cd895222 0.946s
2025-05-13 12:51:27.251 69684 INFO tempest.lib.common.rest_client [req-42329abb-264e-4b7e-9448-3dbcccd4b864 req-42329abb-264e-4b7e-9448-3dbcccd4b864 ] Request (SecurityGroupsTestAdminJSON:tearDownClass): 204 DELETE http://10.180.1.21:9696/networking/v2.0/security-groups/9b3ba088-c687-43d1-8fea-556c7e982a2d 0.183s
2025-05-13 12:51:27.284 69696 INFO tempest.lib.common.rest_client [req-508a9f57-59e5-44f3-9fd9-415c97855009 req-508a9f57-59e5-44f3-9fd9-415c97855009 ] Request (ServersTestBootFromVolume:setUpClass): 200 GET http://10.180.1.21/compute/v2.1/servers/32c9153b-c6e6-44a8-8c7a-54fff8444175 0.887s
2025-05-13 12:51:27.291 69676 INFO tempest.lib.common.rest_client [req-dac04b5a-2490-4546-8cda-1fe136135b39 req-dac04b5a-2490-4546-8cda-1fe136135b39 ] Request (ServersAaction247Test:test_create_backup): 200 GET http://10.180.1.21/compute/v2.1/servers/25436752-c4fa-4f90-a057-883501b0eaa6 0.794s
2025-05-13 12:51:27.353 69684 INFO tempest.lib.common.rest_client [req-324dea31-5f07-44e5-b636-bcd415b6f336 req-324dea31-5f07-44e5-b636-bcd415b6f336 ] Request (SecurityGroupsTestAdminJSON:tearDownClass): 204 DELETE http://10.180.1.21/identity/v3/projects/dc932212fc894499a5419b90029cde9f 0.102s
2025-05-13 12:51:27.354 69684 INFO tempest.lib.common.dynamic_creds [-] Deleting project and security group for project: 3bed934d43364f0a99fc7c2782d80b87
2025-05-13 12:51:27.357 69644 INFO tempest.lib.common.rest_client [req-5774c1bc-f89c-4867-80e4-87b7eba277f0 req-5774c1bc-f89c-4867-80e4-87b7eba277f0 ] Request (ServersAdminTestJSON:test_create_server_with_scheduling_hint): 200 GET http://10.180.1.21/compute/v2.1/servers/e5f45a1f-33d1-4633-b03f-307e9ba561af 0.805s
2025-05-13 12:51:27.409 69684 INFO tempest.lib.common.rest_client [req-5914f0ac-c9d5-43b9-bbbc-1ce77a822f45 req-5914f0ac-c9d5-43b9-bbbc-1ce77a822f45 ] Request (SecurityGroupsTestAdminJSON:tearDownClass): 200 GET http://10.180.1.21:9696/networking/v2.0/security-groups?tenant_id=3bed934d43364f0a99fc7c2782d80b87&name=default 0.055s
2025-05-13 12:51:27.415 69694 INFO tempest.lib.common.rest_client [req-54322913-c3d3-4d33-b478-24c05c46f61e req-54322913-c3d3-4d33-b478-24c05c46f61e ] Request (ServerAddressesNegativeTestJSON:setUpClass): 200 GET http://10.180.1.21/compute/v2.1/servers/91b8bcff-61b1-4624-91b2-5af3577b6961 0.724s
2025-05-13 12:51:27.494 69704 INFO tempest.lib.common.rest_client [req-6b1edfc3-f5e0-4235-8ea3-1affbdcd43e9 req-6b1edfc3-f5e0-4235-8ea3-1affbdcd43e9 ] Request (ServersTestJSON:test_create_server_with_ipv6_addr_only): 200 GET http://10.180.1.21/compute/v2.1/servers/2903c85c-20c2-4747-9522-922f56568546 0.736s
2025-05-13 12:51:27.541 69652 INFO tempest.lib.common.rest_client [req-172acf15-ff0c-466b-9c12-f79b1a335a3e req-172acf15-ff0c-466b-9c12-f79b1a335a3e ] Request (ServersTestMultiNic:test_verify_duplicate_network_nics): 200 GET http://10.180.1.21/compute/v2.1/servers/bed42166-e13b-4ce8-bd8e-c77571480e4c 0.902s
2025-05-13 12:51:27.569 69656 INFO tempest.lib.common.rest_client [req-355592e0-625f-44bf-96d1-869ab55ac3c6 req-355592e0-625f-44bf-96d1-869ab55ac3c6 ] Request (ServerExternalEventsTest:tearDownClass): 200 GET http://10.180.1.21/compute/v2.1/servers/9687aeba-3a74-4bf1-9fda-9b76c88c1107 0.789s
2025-05-13 12:51:27.574 69684 INFO tempest.lib.common.rest_client [req-98979a75-e65f-47cb-9fc5-e7b7d4e2d51a req-98979a75-e65f-47cb-9fc5-e7b7d4e2d51a ] Request (SecurityGroupsTestAdminJSON:tearDownClass): 204 DELETE http://10.180.1.21:9696/networking/v2.0/security-groups/3d988461-dc08-47b0-b1ed-6313f9a6dd51 0.164s
2025-05-13 12:51:27.685 69684 INFO tempest.lib.common.rest_client [req-8e51eef5-0378-4768-9260-47e3c5af341e req-8e51eef5-0378-4768-9260-47e3c5af341e ] Request (SecurityGroupsTestAdminJSON:tearDownClass): 204 DELETE http://10.180.1.21/identity/v3/projects/3bed934d43364f0a99fc7c2782d80b87 0.111s
2025-05-13 12:51:27.733 69702 INFO tempest.lib.common.rest_client [req-f06682b8-6de2-431e-9c3d-14e7f6bc558a req-f06682b8-6de2-431e-9c3d-14e7f6bc558a ] Request (FloatingIPsAssociationTestJSON:setUpClass): 200 GET http://10.180.1.21/compute/v2.1/servers/fbc87491-5408-45a5-bf99-824181665f9b 0.848s
2025-05-13 12:51:27.745 69702 INFO tempest.common.waiters [-] State transition "BUILD/spawning" ==> "ACTIVE/None" after 41 second wait
2025-05-13 12:51:27.752 69690 INFO tempest.lib.common.rest_client [req-5b5f9e2d-e351-4548-bb71-80540f03f18f req-5b5f9e2d-e351-4548-bb71-80540f03f18f ] Request (MigrationsAdminTest:test_list_migrations_in_flavor_resize_situation): 200 GET http://10.180.1.21/compute/v2.1/servers/c24189e8-ca4b-448f-954f-e25bcc4db234 0.704s
2025-05-13 12:51:27.787 69684 INFO tempest.lib.common.rest_client [req-a51bd4c3-d1b4-46bc-8773-31d94129ac3d req-a51bd4c3-d1b4-46bc-8773-31d94129ac3d ] Request (ServicesAdminNegativeTestJSON:setUpClass): 201 POST http://10.180.1.21/identity/v3/auth/tokens 0.100s
2025-05-13 12:51:27.826 69670 INFO tempest.lib.common.rest_client [req-dcb76963-867c-4806-9ad4-ca52a687c522 req-dcb76963-867c-4806-9ad4-ca52a687c522 ] Request (ImagesTestJSON:test_create_image_from_stopped_server): 200 GET http://10.180.1.21/compute/v2.1/servers/b5adf32b-f399-4338-8a19-79f9d51e9072 0.697s
2025-05-13 12:51:27.843 69684 INFO tempest.lib.common.rest_client [req-7ad6f306-59bc-4c3b-bddd-d35bb2e09888 req-7ad6f306-59bc-4c3b-bddd-d35bb2e09888 ] Request (ServicesAdminNegativeTestJSON:setUpClass): 201 POST http://10.180.1.21/identity/v3/auth/tokens 0.052s
2025-05-13 12:51:27.881 69650 INFO tempest.lib.common.rest_client [req-c19946dc-2d9b-4627-8023-41ddc1363e58 req-c19946dc-2d9b-4627-8023-41ddc1363e58 ] Request (ServerActionsV293TestJSON:setUpClass): 200 GET http://10.180.1.21/volume/v3/volumes/a524bcc2-da9f-40c7-a080-cabae8d2bfd5 0.042s
2025-05-13 12:51:27.888 69684 INFO tempest.lib.common.rest_client [req-21714f74-6b02-4a7e-8555-7e9ebfc40115 req-21714f74-6b02-4a7e-8555-7e9ebfc40115 ] Request (ServicesAdminNegativeTestJSON:setUpClass): 200 GET http://10.180.1.21/identity/v3/domains?name=Default 0.045s
2025-05-13 12:51:27.928 69684 INFO tempest.lib.common.rest_client [req-4c40f317-9de1-4b15-9dd5-c094db62cae5 req-4c40f317-9de1-4b15-9dd5-c094db62cae5 ] Request (ServicesAdminNegativeTestJSON:setUpClass): 201 POST http://10.180.1.21/identity/v3/projects 0.039s
2025-05-13 12:51:27.975 69700 INFO tempest.lib.common.rest_client [req-ac378245-4001-46aa-a8fc-1ce11016f854 req-ac378245-4001-46aa-a8fc-1ce11016f854 ] Request (SecurityGroupRulesTestJSON:test_security_group_rules_delete_when_peer_group_deleted): 202 DELETE http://10.180.1.21/compute/v2.1/os-security-groups/0fba206e-41b8-46a9-a750-584f54ad0fb1 0.872s
2025-05-13 12:51:28.008 69684 INFO tempest.lib.common.rest_client [req-2f4739f1-af67-4c10-9aa8-35c5fc540daa req-2f4739f1-af67-4c10-9aa8-35c5fc540daa ] Request (ServicesAdminNegativeTestJSON:setUpClass): 201 POST http://10.180.1.21/identity/v3/users 0.079s
2025-05-13 12:51:28.037 69684 INFO tempest.lib.common.rest_client [req-36eafddd-eedb-405e-a676-d3953709fd89 req-36eafddd-eedb-405e-a676-d3953709fd89 ] Request (ServicesAdminNegativeTestJSON:setUpClass): 200 GET http://10.180.1.21/identity/v3/roles 0.029s
2025-05-13 12:51:28.047 69648 INFO tempest.lib.common.rest_client [req-3c10ea62-f702-4017-adf9-76c5a1920474 req-3c10ea62-f702-4017-adf9-76c5a1920474 ] Request (ServersAdminNegativeTestJSON:test_migrate_server_invalid_state): 200 GET http://10.180.1.21/compute/v2.1/servers/fbd30304-f19d-448d-b917-36322ffe9bc4 0.787s
2025-05-13 12:51:28.077 69684 INFO tempest.lib.common.rest_client [req-84d71271-3eca-41ba-90aa-5c413773859a req-84d71271-3eca-41ba-90aa-5c413773859a ] Request (ServicesAdminNegativeTestJSON:setUpClass): 204 PUT http://10.180.1.21/identity/v3/projects/57ff3fb5fe6441a48e8c3f7ab8c8ee79/users/6502af4debc643788bcdaddca344652b/roles/7fd50f9b29734a31aed8d8338361eb41 0.040s
2025-05-13 12:51:28.078 69684 INFO tempest.lib.common.dynamic_creds [-] Dynamic test user 6502af4debc643788bcdaddca344652b is created with scope project and roles: ['member']
2025-05-13 12:51:28.078 69684 INFO tempest.lib.common.dynamic_creds [-] Acquired dynamic creds: credentials: Credentials: {'domain_id': 'default', 'domain_name': 'Default', 'username': 'tempest-ServicesAdminNegativeTestJSON-333628817-project-member', 'project_domain_id': 'default', 'project_domain_name': 'Default', 'project_id': '57ff3fb5fe6441a48e8c3f7ab8c8ee79', 'project_name': 'tempest-ServicesAdminNegativeTestJSON-333628817', 'tenant_id': '57ff3fb5fe6441a48e8c3f7ab8c8ee79', 'tenant_name': 'tempest-ServicesAdminNegativeTestJSON-333628817', 'user_domain_id': 'default', 'user_domain_name': 'Default', 'user_id': '6502af4debc643788bcdaddca344652b', 'system': None}, Network: None, Subnet: None, Router: None
2025-05-13 12:51:28.078 69684 INFO tempest.lib.common.dynamic_creds [-] Created isolated network resources for: credentials: Credentials: {'domain_id': 'default', 'domain_name': 'Default', 'username': 'tempest-ServicesAdminNegativeTestJSON-333628817-project-member', 'project_domain_id': 'default', 'project_domain_name': 'Default', 'project_id': '57ff3fb5fe6441a48e8c3f7ab8c8ee79', 'project_name': 'tempest-ServicesAdminNegativeTestJSON-333628817', 'tenant_id': '57ff3fb5fe6441a48e8c3f7ab8c8ee79', 'tenant_name': 'tempest-ServicesAdminNegativeTestJSON-333628817', 'user_domain_id': 'default', 'user_domain_name': 'Default', 'user_id': '6502af4debc643788bcdaddca344652b', 'system': None}, Network: None, Subnet: None, Router: None
2025-05-13 12:51:28.125 69658 INFO tempest.lib.common.rest_client [req-a15a3bbf-06b3-4ce3-bfbf-e9d4c603d0d6 req-a15a3bbf-06b3-4ce3-bfbf-e9d4c603d0d6 ] Request (DeleteServersTestJSON:test_delete_active_server): 200 GET http://10.180.1.21/compute/v2.1/servers/c73fd2e2-ba3b-4add-94d5-1d86fdafcfaf 0.794s
2025-05-13 12:51:28.135 69658 INFO tempest.common.waiters [-] State transition "BUILD/None" ==> "BUILD/spawning" after 30 second wait
2025-05-13 12:51:28.200 69684 INFO tempest.lib.common.rest_client [req-2c21b480-8f24-4084-a9c5-4a430ea46479 req-2c21b480-8f24-4084-a9c5-4a430ea46479 ] Request (ServicesAdminNegativeTestJSON:setUpClass): 201 POST http://10.180.1.21/identity/v3/auth/tokens 0.118s
2025-05-13 12:51:28.207 69706 INFO tempest.lib.common.rest_client [req-8647b873-84ad-444c-8c98-d89434249bbe req-8647b873-84ad-444c-8c98-d89434249bbe ] Request (ImagesOneServerNegativeTestJSON:_run_cleanups): 200 GET http://10.180.1.21/compute/v2.1/servers/3ac2a03e-f49a-47bb-a28e-1a331ce309f2 0.710s
2025-05-13 12:51:28.258 69662 INFO tempest.lib.common.rest_client [req-937c11ea-61e9-46e2-be49-b4419ab5c143 req-937c11ea-61e9-46e2-be49-b4419ab5c143 ] Request (ServerGroupTestJSON:test_create_server_with_scheduler_hint_group): 200 GET http://10.180.1.21/compute/v2.1/servers/5670b857-d679-4397-b310-94fcbc1a014c 0.694s
2025-05-13 12:51:28.273 69684 INFO tempest.lib.common.rest_client [req-1edf77f5-5b1f-4e82-9f2d-b58a7e47e986 req-1edf77f5-5b1f-4e82-9f2d-b58a7e47e986 ] Request (ServicesAdminNegativeTestJSON:setUpClass): 201 POST http://10.180.1.21/identity/v3/projects 0.073s
2025-05-13 12:51:28.312 69674 INFO tempest.lib.common.rest_client [req-039d5c83-fc67-4adc-82f4-2136a42d3e54 req-039d5c83-fc67-4adc-82f4-2136a42d3e54 ] Request (FloatingIPsAssociationNegativeTestJSON:setUpClass): 200 GET http://10.180.1.21/compute/v2.1/servers/9e5a0744-6697-4972-9b86-33c5c7f5d83b 0.669s
2025-05-13 12:51:28.330 69684 INFO tempest.lib.common.rest_client [req-b7f11e79-dde0-40aa-9b21-8f1f6e1c9a74 req-b7f11e79-dde0-40aa-9b21-8f1f6e1c9a74 ] Request (ServicesAdminNegativeTestJSON:setUpClass): 201 POST http://10.180.1.21/identity/v3/users 0.056s
2025-05-13 12:51:28.353 69666 INFO tempest.lib.common.rest_client [req-435ae917-fc74-4b28-8b76-c28fdc28ec25 req-435ae917-fc74-4b28-8b76-c28fdc28ec25 ] Request (DeleteServersAdminTestJSON:test_delete_server_while_in_error_state): 200 GET http://10.180.1.21/compute/v2.1/servers/d0089ac6-b35e-4705-8652-1d87d64394f8 0.932s
2025-05-13 12:51:28.360 69684 INFO tempest.lib.common.rest_client [req-d49c99c8-a390-4df1-8b83-28edf68cd19a req-d49c99c8-a390-4df1-8b83-28edf68cd19a ] Request (ServicesAdminNegativeTestJSON:setUpClass): 200 GET http://10.180.1.21/identity/v3/roles 0.030s
2025-05-13 12:51:28.399 69684 INFO tempest.lib.common.rest_client [req-31e12619-4105-41b6-b943-feea93eb6722 req-31e12619-4105-41b6-b943-feea93eb6722 ] Request (ServicesAdminNegativeTestJSON:setUpClass): 204 PUT http://10.180.1.21/identity/v3/projects/e9c185ef193e4b5a83f491c423073b00/users/e22b6e3c31a944aca67cdce5d5c89564/roles/4250613a31654a81985c6cee2ebfd862 0.038s
2025-05-13 12:51:28.423 69646 INFO tempest.lib.common.rest_client [req-64301ddf-1517-4184-9126-69e5f8bfc9c3 req-64301ddf-1517-4184-9126-69e5f8bfc9c3 ] Request (ListServersNegativeTestJSON:setUpClass): 200 GET http://10.180.1.21/compute/v2.1/servers/48776541-d7e5-40e3-97e0-2cd6d2c08c4a 0.725s
2025-05-13 12:51:28.463 69678 INFO tempest.lib.common.rest_client [req-5160016f-ad32-4233-8710-95628803ecb3 req-5160016f-ad32-4233-8710-95628803ecb3 ] Request (ServerPasswordTestJSON:setUpClass): 200 GET http://10.180.1.21/compute/v2.1/servers/d6e164fd-9d10-4a2b-b7dc-cd9c69ea83e1 0.814s
2025-05-13 12:51:28.472 69684 INFO tempest.lib.common.rest_client [req-2f3c502b-be68-426f-aecd-4b6d36748471 req-2f3c502b-be68-426f-aecd-4b6d36748471 ] Request (ServicesAdminNegativeTestJSON:setUpClass): 200 GET http://10.180.1.21/identity/v3/roles 0.072s
2025-05-13 12:51:28.499 69684 INFO tempest.lib.common.rest_client [req-fcbacd38-59ce-4727-aebe-5431f57817dd req-fcbacd38-59ce-4727-aebe-5431f57817dd ] Request (ServicesAdminNegativeTestJSON:setUpClass): 204 PUT http://10.180.1.21/identity/v3/projects/e9c185ef193e4b5a83f491c423073b00/users/e22b6e3c31a944aca67cdce5d5c89564/roles/4250613a31654a81985c6cee2ebfd862 0.026s
2025-05-13 12:51:28.499 69684 INFO tempest.lib.common.dynamic_creds [-] Dynamic test user e22b6e3c31a944aca67cdce5d5c89564 is created with scope project and roles: ['admin']
2025-05-13 12:51:28.499 69684 INFO tempest.lib.common.dynamic_creds [-] Acquired dynamic creds: credentials: Credentials: {'domain_id': 'default', 'domain_name': 'Default', 'username': 'tempest-ServicesAdminNegativeTestJSON-1270254762-project-admin', 'project_domain_id': 'default', 'project_domain_name': 'Default', 'project_id': 'e9c185ef193e4b5a83f491c423073b00', 'project_name': 'tempest-ServicesAdminNegativeTestJSON-1270254762', 'tenant_id': 'e9c185ef193e4b5a83f491c423073b00', 'tenant_name': 'tempest-ServicesAdminNegativeTestJSON-1270254762', 'user_domain_id': 'default', 'user_domain_name': 'Default', 'user_id': 'e22b6e3c31a944aca67cdce5d5c89564', 'system': None}, Network: None, Subnet: None, Router: None
2025-05-13 12:51:28.499 69684 INFO tempest.lib.common.dynamic_creds [-] Created isolated network resources for: credentials: Credentials: {'domain_id': 'default', 'domain_name': 'Default', 'username': 'tempest-ServicesAdminNegativeTestJSON-1270254762-project-admin', 'project_domain_id': 'default', 'project_domain_name': 'Default', 'project_id': 'e9c185ef193e4b5a83f491c423073b00', 'project_name': 'tempest-ServicesAdminNegativeTestJSON-1270254762', 'tenant_id': 'e9c185ef193e4b5a83f491c423073b00', 'tenant_name': 'tempest-ServicesAdminNegativeTestJSON-1270254762', 'user_domain_id': 'default', 'user_domain_name': 'Default', 'user_id': 'e22b6e3c31a944aca67cdce5d5c89564', 'system': None}, Network: None, Subnet: None, Router: None
2025-05-13 12:51:28.518 69686 INFO tempest.lib.common.rest_client [req-45e8e19a-1fb1-4991-bc69-54a7c0411019 req-45e8e19a-1fb1-4991-bc69-54a7c0411019 ] Request (AttachInterfacesUnderV243Test:test_add_remove_fixed_ip): 200 GET http://10.180.1.21/compute/v2.1/servers/e7352ab5-48c6-4f5d-849d-54d74afbdc5e 0.790s
2025-05-13 12:51:28.589 69682 INFO tempest.lib.common.rest_client [req-00205fd1-8ce2-4835-9a5e-77b38d077766 req-00205fd1-8ce2-4835-9a5e-77b38d077766 ] Request (ServerDiagnosticsNegativeTest:test_get_server_diagnostics_by_non_admin): 200 GET http://10.180.1.21/compute/v2.1/servers/651708cb-14cc-4b21-a183-0739ec714d11 0.822s
2025-05-13 12:51:28.597 69684 INFO tempest.lib.common.rest_client [req-105468c3-1eef-44f2-ae8b-2f3c96d3822d req-105468c3-1eef-44f2-ae8b-2f3c96d3822d ] Request (ServicesAdminNegativeTestJSON:setUpClass): 201 POST http://10.180.1.21/identity/v3/auth/tokens 0.095s
2025-05-13 12:51:28.598 69698 INFO tempest.lib.common.rest_client [req-c94879a9-cb0e-4656-b68d-f565928ed4da req-c94879a9-cb0e-4656-b68d-f565928ed4da ] Request (FloatingIPsNegativeTestJSON:setUpClass): 200 PUT http://10.180.1.21:9696/networking/v2.0/routers/2097d91a-e55b-478e-91df-4ff98a179841/add_router_interface 2.216s
2025-05-13 12:51:28.598 69698 INFO tempest.lib.common.dynamic_creds [-] Created isolated network resources for: credentials: Credentials: {'domain_id': 'default', 'domain_name': 'Default', 'username': 'tempest-FloatingIPsNegativeTestJSON-1661970302-project-member', 'project_domain_id': 'default', 'project_domain_name': 'Default', 'project_id': '0e009f6f03e641f192f2bbcc2f27e982', 'project_name': 'tempest-FloatingIPsNegativeTestJSON-1661970302', 'tenant_id': '0e009f6f03e641f192f2bbcc2f27e982', 'tenant_name': 'tempest-FloatingIPsNegativeTestJSON-1661970302', 'user_domain_id': 'default', 'user_domain_name': 'Default', 'user_id': '16af7db0729c42629e36f95a51404c33', 'system': None}, Network: {'id': 'ba8f80b6-3cd0-40e1-b996-708b8a8d9f31', 'name': 'tempest-FloatingIPsNegativeTestJSON-407280802-network', 'tenant_id': '0e009f6f03e641f192f2bbcc2f27e982', 'admin_state_up': True, 'mtu': 8950, 'status': 'ACTIVE', 'subnets': [], 'shared': False, 'project_id': '0e009f6f03e641f192f2bbcc2f27e982', 'port_security_enabled': True, 'router:external': False, 'provider:network_type': 'vlan', 'provider:physical_network': 'default', 'provider:segmentation_id': 931, 'availability_zone_hints': [], 'availability_zones': [], 'ipv4_address_scope': None, 'ipv6_address_scope': None, 'description': '', 'tags': [], 'created_at': '2025-05-13T12:51:24Z', 'updated_at': '2025-05-13T12:51:24Z', 'revision_number': 1}, Subnet: {'id': '3f7df803-9a40-4d18-8c48-454221e272c2', 'name': 'tempest-FloatingIPsNegativeTestJSON-407280802-subnet', 'tenant_id': '0e009f6f03e641f192f2bbcc2f27e982', 'network_id': 'ba8f80b6-3cd0-40e1-b996-708b8a8d9f31', 'ip_version': 4, 'subnetpool_id': None, 'enable_dhcp': True, 'ipv6_ra_mode': None, 'ipv6_address_mode': None, 'gateway_ip': '192.168.128.1', 'cidr': '192.168.128.0/28', 'allocation_pools': [{'start': '192.168.128.2', 'end': '192.168.128.14'}], 'host_routes': [], 'dns_nameservers': [], 'description': '', 'router:external': False, 'service_types': [], 'tags': [], 'created_at': '2025-05-13T12:51:24Z', 'updated_at': '2025-05-13T12:51:24Z', 'revision_number': 0, 'project_id': '0e009f6f03e641f192f2bbcc2f27e982'}, Router: {'id': '2097d91a-e55b-478e-91df-4ff98a179841', 'name': 'tempest-FloatingIPsNegativeTestJSON-407280802-router', 'tenant_id': '0e009f6f03e641f192f2bbcc2f27e982', 'admin_state_up': True, 'status': 'ACTIVE', 'external_gateway_info': {'network_id': 'd1e8c88e-43d8-489f-ac1d-d395f054bc89', 'external_fixed_ips': [{'subnet_id': '23ef1607-c4da-482d-927f-43228987cafb', 'ip_address': '10.180.180.175'}], 'enable_snat': True}, 'description': '', 'availability_zones': [], 'distributed': False, 'ha': False, 'availability_zone_hints': [], 'routes': [], 'flavor_id': None, 'tags': [], 'created_at': '2025-05-13T12:51:25Z', 'updated_at': '2025-05-13T12:51:25Z', 'revision_number': 2, 'project_id': '0e009f6f03e641f192f2bbcc2f27e982'}
2025-05-13 12:51:28.667 69668 INFO tempest.lib.common.rest_client [req-436ee7b7-c111-4e8f-8e5a-ba159006940c req-436ee7b7-c111-4e8f-8e5a-ba159006940c ] Request (ServersAdmin275Test:tearDownClass): 200 GET http://10.180.1.21/compute/v2.1/servers/5b062b1d-53b0-4c79-a695-a5aaabcf3552 0.776s
2025-05-13 12:51:28.690 69698 INFO tempest.lib.common.rest_client [req-ded276f8-4cca-47fd-8a22-ab350b26d2e7 req-ded276f8-4cca-47fd-8a22-ab350b26d2e7 ] Request (FloatingIPsNegativeTestJSON:setUpClass): 201 POST http://10.180.1.21/identity/v3/auth/tokens 0.089s
2025-05-13 12:51:28.709 69700 INFO tempest.lib.common.rest_client [req-bd0ca950-8599-4791-b682-bcd3810a8933 req-bd0ca950-8599-4791-b682-bcd3810a8933 ] Request (SecurityGroupRulesTestJSON:test_security_group_rules_delete_when_peer_group_deleted): 200 GET http://10.180.1.21/compute/v2.1/os-security-groups/c7b0e660-fc95-4d9f-bb42-9098718b7935 0.733s
2025-05-13 12:51:28.829 69692 INFO tempest.lib.common.rest_client [req-12140661-273f-4bc3-970a-d02fa04902d9 req-12140661-273f-4bc3-970a-d02fa04902d9 ] Request (SecurityGroupsTestJSON:test_list_security_groups_by_server): 200 GET http://10.180.1.21/compute/v2.1/servers/8dc747d9-fe78-4a01-bf0f-5408ef6d1444 0.707s
2025-05-13 12:51:28.906 69665 INFO tempest.lib.common.rest_client [req-1b8c4605-be3f-4161-8bfe-cc37f52ed07d req-1b8c4605-be3f-4161-8bfe-cc37f52ed07d ] Request (ServerDiagnosticsV248Test:tearDownClass): 200 GET http://10.180.1.21/compute/v2.1/servers/2b88dbef-e3b5-41a7-85dd-b2c007b46680 0.679s
2025-05-13 12:51:28.926 69650 INFO tempest.lib.common.rest_client [req-bc130065-0c93-4591-8e00-2a2d37feb5f6 req-bc130065-0c93-4591-8e00-2a2d37feb5f6 ] Request (ServerActionsV293TestJSON:setUpClass): 200 GET http://10.180.1.21/volume/v3/volumes/a524bcc2-da9f-40c7-a080-cabae8d2bfd5 0.035s
2025-05-13 12:51:28.980 69660 INFO tempest.lib.common.rest_client [req-81e610ba-363d-4789-bdfc-75c00f4814dc req-81e610ba-363d-4789-bdfc-75c00f4814dc ] Request (ServerRescueTestJSONUnderV235:tearDownClass): 200 GET http://10.180.1.21/compute/v2.1/servers/c8fb439a-a034-4360-a0a5-72f2cd895222 0.752s
2025-05-13 12:51:29.045 69696 INFO tempest.lib.common.rest_client [req-81513ba6-ce3b-4940-91d1-84458f470543 req-81513ba6-ce3b-4940-91d1-84458f470543 ] Request (ServersTestBootFromVolume:setUpClass): 200 GET http://10.180.1.21/compute/v2.1/servers/32c9153b-c6e6-44a8-8c7a-54fff8444175 0.746s
2025-05-13 12:51:29.058 69702 INFO tempest.lib.common.rest_client [req-44bce3cd-9e0f-4f96-8cc7-03e6da4a14bc req-44bce3cd-9e0f-4f96-8cc7-03e6da4a14bc ] Request (FloatingIPsAssociationTestJSON:setUpClass): 200 POST http://10.180.1.21/compute/v2.1/os-floating-ips 1.312s
2025-05-13 12:51:29.111 69676 INFO tempest.lib.common.rest_client [req-22877f43-55d5-4700-ac17-781c98c8cb42 req-22877f43-55d5-4700-ac17-781c98c8cb42 ] Request (ServersAaction247Test:test_create_backup): 200 GET http://10.180.1.21/compute/v2.1/servers/25436752-c4fa-4f90-a057-883501b0eaa6 0.807s
2025-05-13 12:51:29.119 69644 INFO tempest.lib.common.rest_client [req-18db6349-bace-4454-b2b5-a6613e26d337 req-18db6349-bace-4454-b2b5-a6613e26d337 ] Request (ServersAdminTestJSON:test_create_server_with_scheduling_hint): 200 GET http://10.180.1.21/compute/v2.1/servers/e5f45a1f-33d1-4633-b03f-307e9ba561af 0.753s
2025-05-13 12:51:29.129 69702 INFO tempest.lib.common.rest_client [req-283b3b4e-f0be-41a8-8633-ae380ccdd13d req-283b3b4e-f0be-41a8-8633-ae380ccdd13d ] Request (FloatingIPsAssociationTestJSON:test_associate_already_associated_floating_ip): 201 POST http://10.180.1.21/identity/v3/auth/tokens 0.065s
2025-05-13 12:51:29.130 69702 INFO tempest.lib.common.fixed_network [-] (FloatingIPsAssociationTestJSON:test_associate_already_associated_floating_ip) Found network {'id': '632965cc-6f6c-4547-b876-e446accb9f6f', 'name': 'tempest-FloatingIPsAssociationTestJSON-1926510363-network', 'tenant_id': '390980613b184b0da0cd4ef1fab217d0', 'admin_state_up': True, 'mtu': 8950, 'status': 'ACTIVE', 'subnets': [], 'shared': False, 'project_id': '390980613b184b0da0cd4ef1fab217d0', 'port_security_enabled': True, 'router:external': False, 'provider:network_type': 'vlan', 'provider:physical_network': 'default', 'provider:segmentation_id': 353, 'availability_zone_hints': [], 'availability_zones': [], 'ipv4_address_scope': None, 'ipv6_address_scope': None, 'description': '', 'tags': [], 'created_at': '2025-05-13T12:50:35Z', 'updated_at': '2025-05-13T12:50:35Z', 'revision_number': 1} available for tenant
2025-05-13 12:51:29.162 69694 INFO tempest.lib.common.rest_client [req-c5e110b4-53de-4bb4-8a74-ad57d673838e req-c5e110b4-53de-4bb4-8a74-ad57d673838e ] Request (ServerAddressesNegativeTestJSON:setUpClass): 200 GET http://10.180.1.21/compute/v2.1/servers/91b8bcff-61b1-4624-91b2-5af3577b6961 0.732s
2025-05-13 12:51:29.172 69704 INFO tempest.lib.common.rest_client [req-eceed038-ec33-471a-86c6-464739715ab1 req-eceed038-ec33-471a-86c6-464739715ab1 ] Request (ServersTestJSON:test_create_server_with_ipv6_addr_only): 200 GET http://10.180.1.21/compute/v2.1/servers/2903c85c-20c2-4747-9522-922f56568546 0.664s
2025-05-13 12:51:29.246 69656 INFO tempest.lib.common.rest_client [req-9416ab5c-8a70-4bd5-8541-b9736ccc0c10 req-9416ab5c-8a70-4bd5-8541-b9736ccc0c10 ] Request (ServerExternalEventsTest:tearDownClass): 200 GET http://10.180.1.21/compute/v2.1/servers/9687aeba-3a74-4bf1-9fda-9b76c88c1107 0.666s
2025-05-13 12:51:29.280 69652 INFO tempest.lib.common.rest_client [req-550de6f4-4b63-4d13-932b-a7bdf5d6c636 req-550de6f4-4b63-4d13-932b-a7bdf5d6c636 ] Request (ServersTestMultiNic:test_verify_duplicate_network_nics): 200 GET http://10.180.1.21/compute/v2.1/servers/bed42166-e13b-4ce8-bd8e-c77571480e4c 0.730s
2025-05-13 12:51:29.375 69684 INFO tempest.lib.common.rest_client [req-7d2a7672-4829-435d-b0b2-a8bdb169d27e req-7d2a7672-4829-435d-b0b2-a8bdb169d27e ] Request (ServicesAdminNegativeTestJSON:test_get_service_by_invalid_params): 200 GET http://10.180.1.21/compute/v2.1/os-services 0.777s
2025-05-13 12:51:29.393 69698 INFO tempest.lib.common.rest_client [req-893de9c1-b811-4c86-9588-6f87a8fd9131 req-893de9c1-b811-4c86-9588-6f87a8fd9131 ] Request (FloatingIPsNegativeTestJSON:setUpClass): 200 GET http://10.180.1.21/compute/v2.1/os-floating-ips 0.701s
