2025-05-13 12:52:15.981 69662 INFO tempest.lib.common.rest_client [req-38ce989f-2e6b-4b70-8231-9adf9f8ed482 req-38ce989f-2e6b-4b70-8231-9adf9f8ed482 ] Request (ServerGroupTestJSON:_run_cleanups): 200 GET http://10.180.1.21/compute/v2.1/servers/5670b857-d679-4397-b310-94fcbc1a014c 0.100s
2025-05-13 12:52:15.982 69644 INFO tempest.lib.common.rest_client [req-db1800b1-4cb3-427d-9954-8a8dbe7bfd3d req-db1800b1-4cb3-427d-9954-8a8dbe7bfd3d ] Request (ServersAdminTestJSON:test_inject_network_info): 201 POST http://10.180.1.21/identity/v3/auth/tokens 0.068s
2025-05-13 12:52:15.982 69644 INFO tempest.lib.common.fixed_network [-] (ServersAdminTestJSON:test_inject_network_info) Found network {'id': '550225af-204a-4413-8366-22f57c4751d8', 'name': 'tempest-ServersAdminTestJSON-1269507931-network', 'tenant_id': 'ffab9f84e8e6432abff0e173b8ab55e3', 'admin_state_up': True, 'mtu': 8950, 'status': 'ACTIVE', 'subnets': [], 'shared': False, 'project_id': 'ffab9f84e8e6432abff0e173b8ab55e3', 'port_security_enabled': True, 'router:external': False, 'provider:network_type': 'vlan', 'provider:physical_network': 'default', 'provider:segmentation_id': 529, 'availability_zone_hints': [], 'availability_zones': [], 'ipv4_address_scope': None, 'ipv6_address_scope': None, 'description': '', 'tags': [], 'created_at': '2025-05-13T12:50:12Z', 'updated_at': '2025-05-13T12:50:12Z', 'revision_number': 1} available for tenant
2025-05-13 12:52:16.041 69648 INFO tempest.lib.common.rest_client [req-1b69a55d-4ee7-4ad2-84ef-1b15cb51fead req-1b69a55d-4ee7-4ad2-84ef-1b15cb51fead ] Request (ServersAdminNegativeTestJSON:tearDownClass): 200 GET http://10.180.1.21/compute/v2.1/servers/fbd30304-f19d-448d-b917-36322ffe9bc4 0.098s
2025-05-13 12:52:16.047 69694 INFO tempest.lib.common.rest_client [req-d4a8a25e-09d1-4399-83f9-740d98abc421 req-d4a8a25e-09d1-4399-83f9-740d98abc421 ] Request (ServerAddressesNegativeTestJSON:tearDownClass): 200 GET http://10.180.1.21/compute/v2.1/servers/91b8bcff-61b1-4624-91b2-5af3577b6961 0.106s
2025-05-13 12:52:16.104 69706 INFO tempest.lib.common.rest_client [req-1be43e95-1ab4-48f7-ad3e-ae17cbc7f780 req-1be43e95-1ab4-48f7-ad3e-ae17cbc7f780 ] Request (ImagesOneServerNegativeTestJSON:_run_cleanups): 200 GET http://10.180.1.21/compute/v2.1/servers/87fa633a-1683-4219-a042-4b9bffe90c2c 0.107s
2025-05-13 12:52:16.161 69666 INFO tempest.lib.common.rest_client [req-3c4ce9cc-859e-4fdf-a0f2-3ed3a5042a01 req-3c4ce9cc-859e-4fdf-a0f2-3ed3a5042a01 ] Request (DeleteServersAdminTestJSON:test_delete_server_while_in_error_state): 200 GET http://10.180.1.21/compute/v2.1/servers/d0089ac6-b35e-4705-8652-1d87d64394f8 0.091s
2025-05-13 12:52:16.223 69650 INFO tempest.lib.common.rest_client [req-b331f4bc-6dfd-4e60-9e07-a545a6801465 req-b331f4bc-6dfd-4e60-9e07-a545a6801465 ] Request (ServerActionsV293TestJSON:setUpClass): 200 GET http://10.180.1.21/compute/v2.1/servers/ffe27b90-c9e0-4033-baeb-a00e285af4cc 0.096s
2025-05-13 12:52:16.506 69678 INFO tempest.lib.common.rest_client [req-b305f4a1-5cff-4a0e-928d-b38f0c8f91f2 req-b305f4a1-5cff-4a0e-928d-b38f0c8f91f2 ] Request (ServerPasswordTestJSON:tearDownClass): 200 PUT http://10.180.1.21:9696/networking/v2.0/routers/fd4cfc6a-57e1-48ae-bb09-75489cfdc305/remove_router_interface 0.805s
2025-05-13 12:52:16.559 69644 INFO tempest.lib.common.rest_client [req-2be175ed-bcd9-415a-b03a-dbac3101b26f req-2be175ed-bcd9-415a-b03a-dbac3101b26f ] Request (ServersAdminTestJSON:test_inject_network_info): 202 POST http://10.180.1.21/compute/v2.1/servers 0.576s
2025-05-13 12:52:16.687 69690 INFO tempest.lib.common.rest_client [req-37fa248d-87a1-4045-bd2b-103c7fe686b2 req-37fa248d-87a1-4045-bd2b-103c7fe686b2 ] Request (MigrationsAdminTest:test_list_migrations_in_flavor_resize_situation): 200 GET http://10.180.1.21/compute/v2.1/servers/c24189e8-ca4b-448f-954f-e25bcc4db234 0.237s
2025-05-13 12:52:16.767 69676 INFO tempest.lib.common.rest_client [req-3dd7f151-3c79-4992-9e71-d942ca37641c req-3dd7f151-3c79-4992-9e71-d942ca37641c ] Request (ServersAaction247Test:tearDownClass): 200 GET http://10.180.1.21/compute/v2.1/servers/25436752-c4fa-4f90-a057-883501b0eaa6 0.272s
2025-05-13 12:52:16.777 69676 INFO tempest.common.waiters [-] State transition "ACTIVE/deleting" ==> "DELETED/None" after 4 second wait
2025-05-13 12:52:16.805 69646 INFO tempest.lib.common.rest_client [req-b9860f67-46e1-46df-b0fd-916114a7b8c7 req-b9860f67-46e1-46df-b0fd-916114a7b8c7 ] Request (ListServersNegativeTestJSON:setUpClass): 200 GET http://10.180.1.21/compute/v2.1/servers/48776541-d7e5-40e3-97e0-2cd6d2c08c4a 0.377s
2025-05-13 12:52:16.827 69656 INFO tempest.lib.common.rest_client [req-f3051f10-d233-49e4-8a78-b9791ba781f4 req-f3051f10-d233-49e4-8a78-b9791ba781f4 ] Request (ServersTestJSON:setUpClass): 200 GET http://10.180.1.21/compute/v2.1/servers/bee5a8e6-dd33-491a-9a9d-54caceadee34 0.317s
2025-05-13 12:52:16.867 69644 INFO tempest.lib.common.rest_client [req-0113566d-38a6-4550-a775-7a67b8e09ebb req-0113566d-38a6-4550-a775-7a67b8e09ebb ] Request (ServersAdminTestJSON:test_inject_network_info): 200 GET http://10.180.1.21/compute/v2.1/servers/3dd35aa5-4363-4117-8375-3f6f3fa4a85c 0.306s
2025-05-13 12:52:16.869 69652 INFO tempest.lib.common.rest_client [req-860f7cf0-de5d-4daf-851f-78ca41471eda req-860f7cf0-de5d-4daf-851f-78ca41471eda ] Request (ServersTestMultiNic:test_verify_multiple_nics_order): 200 GET http://10.180.1.21/compute/v2.1/servers/2afd2d64-53a2-4300-ba27-b2de4ca269fd 0.307s
2025-05-13 12:52:16.935 69702 INFO tempest.lib.common.rest_client [req-a62f213d-a315-4d62-aba3-fbe0ccb563f5 req-a62f213d-a315-4d62-aba3-fbe0ccb563f5 ] Request (FloatingIPsAssociationTestJSON:test_associate_already_associated_floating_ip): 200 GET http://10.180.1.21/compute/v2.1/servers/338e3dba-8a0f-449f-8390-a4899ae08146 0.324s
2025-05-13 12:52:17.006 69665 INFO tempest.lib.common.rest_client [req-cf34b87c-60ca-47a6-be71-f332ee57202e req-cf34b87c-60ca-47a6-be71-f332ee57202e ] Request (InstanceActionsV221TestJSON:test_get_list_deleted_instance_actions): 200 GET http://10.180.1.21/compute/v2.1/servers/693f4c16-568a-488c-b1ac-d51a6518135b 0.356s
2025-05-13 12:52:17.054 69682 INFO tempest.lib.common.rest_client [req-667364ca-01db-4956-b4c1-2b237bc00951 req-667364ca-01db-4956-b4c1-2b237bc00951 ] Request (ServerDiagnosticsNegativeTest:test_get_server_diagnostics_by_non_admin): 200 GET http://10.180.1.21/compute/v2.1/servers/651708cb-14cc-4b21-a183-0739ec714d11 0.464s
2025-05-13 12:52:17.067 69668 INFO tempest.lib.common.rest_client [req-7c84df01-6b82-40b8-9204-9efdb6662eed req-7c84df01-6b82-40b8-9204-9efdb6662eed ] Request (ListServerFiltersTestJSON:setUpClass): 200 GET http://10.180.1.21/compute/v2.1/servers/8a8a3cd3-e556-440c-839b-2b72ee3b2eb6 0.382s
2025-05-13 12:52:17.110 69696 WARNING tempest.lib.common.ssh [-] Failed to establish authenticated ssh connection to cirros@10.180.180.152 ([Errno None] Unable to connect to port 22 on 10.180.180.152). Number attempts: 6. Retry after 7 seconds.: paramiko.ssh_exception.NoValidConnectionsError: [Errno None] Unable to connect to port 22 on 10.180.180.152
2025-05-13 12:52:17.112 69692 INFO tempest.lib.common.rest_client [req-a76a5b5f-0b0f-4eb1-8e96-decb2c8df7b9 req-a76a5b5f-0b0f-4eb1-8e96-decb2c8df7b9 ] Request (SecurityGroupsTestJSON:test_server_security_groups): 200 GET http://10.180.1.21/compute/v2.1/servers/dcd842a0-6cc7-4918-8aa8-d25182252970 0.407s
2025-05-13 12:52:17.123 69670 INFO tempest.lib.common.rest_client [req-07035439-ad3a-409e-b900-c66b72d18178 req-07035439-ad3a-409e-b900-c66b72d18178 ] Request (ImagesTestJSON:test_create_image_from_stopped_server): 200 GET http://10.180.1.21/compute/v2.1/servers/b5adf32b-f399-4338-8a19-79f9d51e9072 0.371s
2025-05-13 12:52:17.182 69704 INFO tempest.lib.common.rest_client [req-1b6bca67-52d9-47d9-a465-4b30a2dd38e9 req-1b6bca67-52d9-47d9-a465-4b30a2dd38e9 ] Request (ServersTestJSON:_run_cleanups): 200 GET http://10.180.1.21/compute/v2.1/servers/2903c85c-20c2-4747-9522-922f56568546 0.413s
2025-05-13 12:52:17.190 69698 INFO tempest.lib.common.rest_client [req-dca4aeee-9092-42bf-8a40-91ba91c3abe3 req-dca4aeee-9092-42bf-8a40-91ba91c3abe3 ] Request (ServersListShow296Test:test_list_show_update_rebuild_server_296): 200 GET http://10.180.1.21/compute/v2.1/servers/d6a3be63-5ad6-4ca9-855e-01b14065473a 0.369s
2025-05-13 12:52:17.216 69678 INFO tempest.lib.common.rest_client [req-0cf1d232-07ed-45d8-b529-af4a36dc297c req-0cf1d232-07ed-45d8-b529-af4a36dc297c ] Request (ServerPasswordTestJSON:tearDownClass): 204 DELETE http://10.180.1.21:9696/networking/v2.0/routers/fd4cfc6a-57e1-48ae-bb09-75489cfdc305 0.710s
2025-05-13 12:52:17.248 69700 INFO tempest.lib.common.rest_client [req-ff298601-b0d5-49d4-bcac-7ddbb9f4ba72 req-ff298601-b0d5-49d4-bcac-7ddbb9f4ba72 ] Request (ServerActionsTestOtherA:setUpClass): 200 GET http://10.180.1.21/compute/v2.1/servers/4773e448-8574-4687-bee5-1a49548c0d42 0.328s
2025-05-13 12:52:17.253 69658 INFO tempest.lib.common.rest_client [req-71ebc471-2d9e-4b5c-86b5-f89de159ba42 req-71ebc471-2d9e-4b5c-86b5-f89de159ba42 ] Request (DeleteServersTestJSON:test_delete_active_server): 200 GET http://10.180.1.21/compute/v2.1/servers/c73fd2e2-ba3b-4add-94d5-1d86fdafcfaf 0.379s
2025-05-13 12:52:17.305 69674 INFO tempest.lib.common.rest_client [req-cf34786b-105d-4152-9b23-42869e0253f4 req-cf34786b-105d-4152-9b23-42869e0253f4 ] Request (FloatingIPsAssociationNegativeTestJSON:setUpClass): 200 GET http://10.180.1.21/compute/v2.1/servers/9e5a0744-6697-4972-9b86-33c5c7f5d83b 0.312s
2025-05-13 12:52:17.315 69662 INFO tempest.lib.common.rest_client [req-a988f200-da08-4277-a638-86c1d0e09289 req-a988f200-da08-4277-a638-86c1d0e09289 ] Request (ServerGroupTestJSON:_run_cleanups): 200 GET http://10.180.1.21/compute/v2.1/servers/5670b857-d679-4397-b310-94fcbc1a014c 0.321s
2025-05-13 12:52:17.357 69648 INFO tempest.lib.common.rest_client [req-d660a013-3840-4a44-a119-63e504a8d921 req-d660a013-3840-4a44-a119-63e504a8d921 ] Request (ServersAdminNegativeTestJSON:tearDownClass): 200 GET http://10.180.1.21/compute/v2.1/servers/fbd30304-f19d-448d-b917-36322ffe9bc4 0.304s
2025-05-13 12:52:17.369 69678 INFO tempest.lib.common.rest_client [req-c9042673-01f1-4b1d-9bbe-1c08513da70c req-c9042673-01f1-4b1d-9bbe-1c08513da70c ] Request (ServerPasswordTestJSON:tearDownClass): 204 DELETE http://10.180.1.21:9696/networking/v2.0/subnets/c609ab21-5755-40c4-a49c-cf4acab401ed 0.152s
2025-05-13 12:52:17.377 69694 INFO tempest.lib.common.rest_client [req-9c5f2d4d-8bf2-4e6a-9665-a38dfbb7525a req-9c5f2d4d-8bf2-4e6a-9665-a38dfbb7525a ] Request (ServerAddressesNegativeTestJSON:tearDownClass): 200 GET http://10.180.1.21/compute/v2.1/servers/91b8bcff-61b1-4624-91b2-5af3577b6961 0.321s
2025-05-13 12:52:17.404 69706 INFO tempest.lib.common.rest_client [req-17764225-a52f-44e5-9d0e-fe1c5d58bb9f req-17764225-a52f-44e5-9d0e-fe1c5d58bb9f ] Request (ImagesOneServerNegativeTestJSON:_run_cleanups): 200 GET http://10.180.1.21/compute/v2.1/servers/87fa633a-1683-4219-a042-4b9bffe90c2c 0.292s
2025-05-13 12:52:17.435 69666 INFO tempest.lib.common.rest_client [req-96e63dd6-f7b6-411e-99b6-6156b9ec77f8 req-96e63dd6-f7b6-411e-99b6-6156b9ec77f8 ] Request (DeleteServersAdminTestJSON:test_delete_server_while_in_error_state): 200 GET http://10.180.1.21/compute/v2.1/servers/d0089ac6-b35e-4705-8652-1d87d64394f8 0.266s
2025-05-13 12:52:17.456 69650 INFO tempest.lib.common.rest_client [req-ccfa381b-fc2f-4246-b237-eda8eba890ab req-ccfa381b-fc2f-4246-b237-eda8eba890ab ] Request (ServerActionsV293TestJSON:setUpClass): 200 GET http://10.180.1.21/compute/v2.1/servers/ffe27b90-c9e0-4033-baeb-a00e285af4cc 0.223s
2025-05-13 12:52:17.466 69650 INFO tempest.common.waiters [-] State transition "BUILD/scheduling" ==> "BUILD/None" after 33 second wait
2025-05-13 12:52:17.641 69678 INFO tempest.lib.common.rest_client [req-70abf5c1-dfee-403f-a67e-e689ea4025ec req-70abf5c1-dfee-403f-a67e-e689ea4025ec ] Request (ServerPasswordTestJSON:tearDownClass): 204 DELETE http://10.180.1.21:9696/networking/v2.0/networks/82c7c139-6391-4b47-88b4-c797015a1055 0.271s
2025-05-13 12:52:17.719 69678 INFO tempest.lib.common.rest_client [req-38804b5b-bac0-4d72-aee0-7ef711e7616e req-38804b5b-bac0-4d72-aee0-7ef711e7616e ] Request (ServerPasswordTestJSON:tearDownClass): 204 DELETE http://10.180.1.21/identity/v3/users/c2d807d46da6477fb7a720e33dbbdbc6 0.078s
2025-05-13 12:52:17.720 69678 INFO tempest.lib.common.dynamic_creds [-] Deleting project and security group for project: ecf763d9c750498a99a9db433d2c6624
2025-05-13 12:52:17.761 69678 INFO tempest.lib.common.rest_client [req-0e904f94-0489-40ee-bccb-3de3ef8b0e79 req-0e904f94-0489-40ee-bccb-3de3ef8b0e79 ] Request (ServerPasswordTestJSON:tearDownClass): 200 GET http://10.180.1.21:9696/networking/v2.0/security-groups?tenant_id=ecf763d9c750498a99a9db433d2c6624&name=default 0.041s
2025-05-13 12:52:17.809 69690 INFO tempest.lib.common.rest_client [req-2cda217e-3e7e-4640-bc51-e11d4c7272ff req-2cda217e-3e7e-4640-bc51-e11d4c7272ff ] Request (MigrationsAdminTest:test_list_migrations_in_flavor_resize_situation): 200 GET http://10.180.1.21/compute/v2.1/servers/c24189e8-ca4b-448f-954f-e25bcc4db234 0.112s
2025-05-13 12:52:17.862 69676 INFO tempest.lib.common.rest_client [req-9877eec7-154f-40c7-8662-9c23aa47f744 req-9877eec7-154f-40c7-8662-9c23aa47f744 ] Request (ServersAaction247Test:tearDownClass): 200 GET http://10.180.1.21/compute/v2.1/servers/25436752-c4fa-4f90-a057-883501b0eaa6 0.083s
2025-05-13 12:52:17.864 69678 INFO tempest.lib.common.rest_client [req-9ed82ae7-adcf-4372-b588-8a0c8bc82154 req-9ed82ae7-adcf-4372-b588-8a0c8bc82154 ] Request (ServerPasswordTestJSON:tearDownClass): 204 DELETE http://10.180.1.21:9696/networking/v2.0/security-groups/405d7b2d-eba3-4c2d-a416-197935146151 0.102s
2025-05-13 12:52:17.918 69656 INFO tempest.lib.common.rest_client [req-6b8aee4d-833a-499e-865a-b0373ddc20b1 req-6b8aee4d-833a-499e-865a-b0373ddc20b1 ] Request (ServersTestJSON:setUpClass): 200 GET http://10.180.1.21/compute/v2.1/servers/bee5a8e6-dd33-491a-9a9d-54caceadee34 0.079s
2025-05-13 12:52:17.923 69646 INFO tempest.lib.common.rest_client [req-02879347-bcdf-48c7-bc5f-d4277ddfe0de req-02879347-bcdf-48c7-bc5f-d4277ddfe0de ] Request (ListServersNegativeTestJSON:setUpClass): 200 GET http://10.180.1.21/compute/v2.1/servers/48776541-d7e5-40e3-97e0-2cd6d2c08c4a 0.110s
2025-05-13 12:52:17.977 69644 INFO tempest.lib.common.rest_client [req-820a9e82-e913-4eb7-9e58-1c208a2f5bc3 req-820a9e82-e913-4eb7-9e58-1c208a2f5bc3 ] Request (ServersAdminTestJSON:test_inject_network_info): 200 GET http://10.180.1.21/compute/v2.1/servers/3dd35aa5-4363-4117-8375-3f6f3fa4a85c 0.100s
2025-05-13 12:52:17.988 69652 INFO tempest.lib.common.rest_client [req-3a9a5d59-0eb8-485d-94e5-5bbf3b784806 req-3a9a5d59-0eb8-485d-94e5-5bbf3b784806 ] Request (ServersTestMultiNic:test_verify_multiple_nics_order): 200 GET http://10.180.1.21/compute/v2.1/servers/2afd2d64-53a2-4300-ba27-b2de4ca269fd 0.103s
2025-05-13 12:52:18.000 69678 INFO tempest.lib.common.rest_client [req-e5c84f27-536c-428a-8838-2738639f66c5 req-e5c84f27-536c-428a-8838-2738639f66c5 ] Request (ServerPasswordTestJSON:tearDownClass): 204 DELETE http://10.180.1.21/identity/v3/projects/ecf763d9c750498a99a9db433d2c6624 0.135s
2025-05-13 12:52:18.019 69654 WARNING tempest.lib.common.ssh [-] Failed to establish authenticated ssh connection to cirros@10.180.180.163 ([Errno None] Unable to connect to port 22 on 10.180.180.163). Number attempts: 9. Retry after 10 seconds.: paramiko.ssh_exception.NoValidConnectionsError: [Errno None] Unable to connect to port 22 on 10.180.180.163
2025-05-13 12:52:18.035 69702 INFO tempest.lib.common.rest_client [req-0a63628a-6de2-49a5-9ab4-8c38bb485847 req-0a63628a-6de2-49a5-9ab4-8c38bb485847 ] Request (FloatingIPsAssociationTestJSON:test_associate_already_associated_floating_ip): 200 GET http://10.180.1.21/compute/v2.1/servers/338e3dba-8a0f-449f-8390-a4899ae08146 0.087s
2025-05-13 12:52:18.071 69678 INFO tempest.lib.common.rest_client [req-d30454c0-0257-47a9-8b45-e227579d95f4 req-d30454c0-0257-47a9-8b45-e227579d95f4 ] Request (ServersListShow298Test:setUpClass): 201 POST http://10.180.1.21/identity/v3/auth/tokens 0.070s
2025-05-13 12:52:18.074 69665 INFO tempest.lib.common.rest_client [req-3367ad87-ae7a-475a-aab3-f302dfc56bb3 req-3367ad87-ae7a-475a-aab3-f302dfc56bb3 ] Request (InstanceActionsV221TestJSON:test_get_list_deleted_instance_actions): 200 GET http://10.180.1.21/compute/v2.1/servers/693f4c16-568a-488c-b1ac-d51a6518135b 0.051s
2025-05-13 12:52:18.101 69678 INFO tempest.lib.common.rest_client [req-57576364-9d6d-420e-bb68-ec035f69cb99 req-57576364-9d6d-420e-bb68-ec035f69cb99 ] Request (ServersListShow298Test:setUpClass): 201 POST http://10.180.1.21/identity/v3/auth/tokens 0.027s
2025-05-13 12:52:18.125 69678 INFO tempest.lib.common.rest_client [req-caf16a78-96fd-4c45-adf9-bfd7c3bd284a req-caf16a78-96fd-4c45-adf9-bfd7c3bd284a ] Request (ServersListShow298Test:setUpClass): 200 GET http://10.180.1.21/identity/v3/domains?name=Default 0.023s
2025-05-13 12:52:18.126 69668 INFO tempest.lib.common.rest_client [req-3703ed31-6112-4628-a085-680c7b9ca7cd req-3703ed31-6112-4628-a085-680c7b9ca7cd ] Request (ListServerFiltersTestJSON:setUpClass): 200 GET http://10.180.1.21/compute/v2.1/servers/8a8a3cd3-e556-440c-839b-2b72ee3b2eb6 0.049s
2025-05-13 12:52:18.153 69678 INFO tempest.lib.common.rest_client [req-e726f93a-bf26-408c-9226-ff7b2354c0ea req-e726f93a-bf26-408c-9226-ff7b2354c0ea ] Request (ServersListShow298Test:setUpClass): 201 POST http://10.180.1.21/identity/v3/projects 0.027s
2025-05-13 12:52:18.163 69682 INFO tempest.lib.common.rest_client [req-c14584d0-4198-4443-b354-f648a980fcae req-c14584d0-4198-4443-b354-f648a980fcae ] Request (ServerDiagnosticsNegativeTest:test_get_server_diagnostics_by_non_admin): 200 GET http://10.180.1.21/compute/v2.1/servers/651708cb-14cc-4b21-a183-0739ec714d11 0.095s
2025-05-13 12:52:18.170 69682 INFO tempest.common.waiters [-] State transition "BUILD/spawning" ==> "ACTIVE/None" after 61 second wait
2025-05-13 12:52:18.178 69692 INFO tempest.lib.common.rest_client [req-b07507ef-8cbb-4120-a536-e99e8eba8801 req-b07507ef-8cbb-4120-a536-e99e8eba8801 ] Request (SecurityGroupsTestJSON:test_server_security_groups): 200 GET http://10.180.1.21/compute/v2.1/servers/dcd842a0-6cc7-4918-8aa8-d25182252970 0.057s
2025-05-13 12:52:18.202 69682 INFO tempest.lib.common.rest_client [req-af816a7f-e9c4-44d4-9f20-0bf6e8525a2e req-af816a7f-e9c4-44d4-9f20-0bf6e8525a2e ] Request (ServerDiagnosticsNegativeTest:test_get_server_diagnostics_by_non_admin): 403 GET http://10.180.1.21/compute/v2.1/servers/651708cb-14cc-4b21-a183-0739ec714d11/diagnostics 0.031s
2025-05-13 12:52:18.212 69678 INFO tempest.lib.common.rest_client [req-5d2c961f-8165-4b76-9196-599583158b77 req-5d2c961f-8165-4b76-9196-599583158b77 ] Request (ServersListShow298Test:setUpClass): 201 POST http://10.180.1.21/identity/v3/users 0.058s
2025-05-13 12:52:18.217 69670 INFO tempest.lib.common.rest_client [req-33d5acf6-285d-467f-985a-434d158dce4e req-33d5acf6-285d-467f-985a-434d158dce4e ] Request (ImagesTestJSON:test_create_image_from_stopped_server): 200 GET http://10.180.1.21/compute/v2.1/servers/b5adf32b-f399-4338-8a19-79f9d51e9072 0.083s
2025-05-13 12:52:18.231 69678 INFO tempest.lib.common.rest_client [req-656f5a79-f142-487b-b103-c104915e401a req-656f5a79-f142-487b-b103-c104915e401a ] Request (ServersListShow298Test:setUpClass): 200 GET http://10.180.1.21/identity/v3/roles 0.019s
2025-05-13 12:52:18.261 69678 INFO tempest.lib.common.rest_client [req-ab23b27c-f790-4c77-92bf-67b88b961320 req-ab23b27c-f790-4c77-92bf-67b88b961320 ] Request (ServersListShow298Test:setUpClass): 204 PUT http://10.180.1.21/identity/v3/projects/bd5322f5162b496584ad966412684789/users/d239c6960d114ceb858c6370abee4ab5/roles/7fd50f9b29734a31aed8d8338361eb41 0.030s
2025-05-13 12:52:18.263 69704 INFO tempest.lib.common.rest_client [req-51e09605-0214-4f49-9cd0-990214ddaf96 req-51e09605-0214-4f49-9cd0-990214ddaf96 ] Request (ServersTestJSON:_run_cleanups): 200 GET http://10.180.1.21/compute/v2.1/servers/2903c85c-20c2-4747-9522-922f56568546 0.070s
2025-05-13 12:52:18.264 69678 INFO tempest.lib.common.dynamic_creds [-] Dynamic test user d239c6960d114ceb858c6370abee4ab5 is created with scope project and roles: ['member']
2025-05-13 12:52:18.264 69678 INFO tempest.lib.common.dynamic_creds [-] Acquired dynamic creds: credentials: Credentials: {'domain_id': 'default', 'domain_name': 'Default', 'username': 'tempest-ServersListShow298Test-660373492-project-member', 'project_domain_id': 'default', 'project_domain_name': 'Default', 'project_id': 'bd5322f5162b496584ad966412684789', 'project_name': 'tempest-ServersListShow298Test-660373492', 'tenant_id': 'bd5322f5162b496584ad966412684789', 'tenant_name': 'tempest-ServersListShow298Test-660373492', 'user_domain_id': 'default', 'user_domain_name': 'Default', 'user_id': 'd239c6960d114ceb858c6370abee4ab5', 'system': None}, Network: None, Subnet: None, Router: None
2025-05-13 12:52:18.264 69678 INFO tempest.lib.common.dynamic_creds [-] Created isolated network resources for: credentials: Credentials: {'domain_id': 'default', 'domain_name': 'Default', 'username': 'tempest-ServersListShow298Test-660373492-project-member', 'project_domain_id': 'default', 'project_domain_name': 'Default', 'project_id': 'bd5322f5162b496584ad966412684789', 'project_name': 'tempest-ServersListShow298Test-660373492', 'tenant_id': 'bd5322f5162b496584ad966412684789', 'tenant_name': 'tempest-ServersListShow298Test-660373492', 'user_domain_id': 'default', 'user_domain_name': 'Default', 'user_id': 'd239c6960d114ceb858c6370abee4ab5', 'system': None}, Network: None, Subnet: None, Router: None
2025-05-13 12:52:18.287 69682 INFO tempest.lib.common.rest_client [req-13b8acae-8a43-4812-ad00-1f8caed64718 req-13b8acae-8a43-4812-ad00-1f8caed64718 ] Request (ServerDiagnosticsNegativeTest:tearDownClass): 204 DELETE http://10.180.1.21/compute/v2.1/servers/651708cb-14cc-4b21-a183-0739ec714d11 0.084s
2025-05-13 12:52:18.323 69698 INFO tempest.lib.common.rest_client [req-8eb87173-f16f-4ebe-8828-93bcafc27837 req-8eb87173-f16f-4ebe-8828-93bcafc27837 ] Request (ServersListShow296Test:test_list_show_update_rebuild_server_296): 200 GET http://10.180.1.21/compute/v2.1/servers/d6a3be63-5ad6-4ca9-855e-01b14065473a 0.117s
2025-05-13 12:52:18.337 69678 INFO tempest.lib.common.rest_client [req-48d1ae13-dad5-4697-bc2d-fcebecc28e7f req-48d1ae13-dad5-4697-bc2d-fcebecc28e7f ] Request (ServersListShow298Test:setUpClass): 201 POST http://10.180.1.21/identity/v3/auth/tokens 0.069s
2025-05-13 12:52:18.337 69700 INFO tempest.lib.common.rest_client [req-23686266-b843-476e-aeaf-b2a67eb6af7a req-23686266-b843-476e-aeaf-b2a67eb6af7a ] Request (ServerActionsTestOtherA:setUpClass): 200 GET http://10.180.1.21/compute/v2.1/servers/4773e448-8574-4687-bee5-1a49548c0d42 0.081s
2025-05-13 12:52:18.368 69678 INFO tempest.lib.common.rest_client [req-5bd09c8a-7c00-4865-9728-4ac6bf1104c0 req-5bd09c8a-7c00-4865-9728-4ac6bf1104c0 ] Request (ServersListShow298Test:test_list_show_update_rebuild_server_298): 201 POST http://10.180.1.21/identity/v3/auth/tokens 0.026s
2025-05-13 12:52:18.369 69678 INFO tempest.lib.common.fixed_network [-] (ServersListShow298Test:test_list_show_update_rebuild_server_298) Found network None available for tenant
2025-05-13 12:52:18.388 69658 INFO tempest.lib.common.rest_client [req-872c6667-5812-4e2b-a248-55e124a86b29 req-872c6667-5812-4e2b-a248-55e124a86b29 ] Request (DeleteServersTestJSON:test_delete_active_server): 200 GET http://10.180.1.21/compute/v2.1/servers/c73fd2e2-ba3b-4add-94d5-1d86fdafcfaf 0.120s
2025-05-13 12:52:18.424 69682 INFO tempest.lib.common.rest_client [req-7e06ba07-5416-495e-9fbc-d4e768e0c8f6 req-7e06ba07-5416-495e-9fbc-d4e768e0c8f6 ] Request (ServerDiagnosticsNegativeTest:tearDownClass): 200 GET http://10.180.1.21/compute/v2.1/servers/651708cb-14cc-4b21-a183-0739ec714d11 0.136s
2025-05-13 12:52:18.435 69674 INFO tempest.lib.common.rest_client [req-53eaf0e5-311f-4798-a33c-2f714fab8a25 req-53eaf0e5-311f-4798-a33c-2f714fab8a25 ] Request (FloatingIPsAssociationNegativeTestJSON:setUpClass): 200 GET http://10.180.1.21/compute/v2.1/servers/9e5a0744-6697-4972-9b86-33c5c7f5d83b 0.121s
2025-05-13 12:52:18.477 69662 INFO tempest.lib.common.rest_client [req-fd265111-b4b6-4c61-b392-067fcc13ca56 req-fd265111-b4b6-4c61-b392-067fcc13ca56 ] Request (ServerGroupTestJSON:_run_cleanups): 200 GET http://10.180.1.21/compute/v2.1/servers/5670b857-d679-4397-b310-94fcbc1a014c 0.155s
2025-05-13 12:52:18.487 69648 INFO tempest.lib.common.rest_client [req-2bdd3e4d-8ce2-49d2-973b-3c0b78d510e4 req-2bdd3e4d-8ce2-49d2-973b-3c0b78d510e4 ] Request (ServersAdminNegativeTestJSON:tearDownClass): 200 GET http://10.180.1.21/compute/v2.1/servers/fbd30304-f19d-448d-b917-36322ffe9bc4 0.121s
2025-05-13 12:52:18.538 69694 INFO tempest.lib.common.rest_client [req-028f22ac-977c-4a9f-afeb-779f8eaeed97 req-028f22ac-977c-4a9f-afeb-779f8eaeed97 ] Request (ServerAddressesNegativeTestJSON:tearDownClass): 200 GET http://10.180.1.21/compute/v2.1/servers/91b8bcff-61b1-4624-91b2-5af3577b6961 0.154s
2025-05-13 12:52:18.586 69706 INFO tempest.lib.common.rest_client [req-c2da860a-fb66-4374-93b9-463f6f5569cb req-c2da860a-fb66-4374-93b9-463f6f5569cb ] Request (ImagesOneServerNegativeTestJSON:_run_cleanups): 200 GET http://10.180.1.21/compute/v2.1/servers/87fa633a-1683-4219-a042-4b9bffe90c2c 0.168s
2025-05-13 12:52:18.587 69688 WARNING tempest.lib.common.ssh [-] Failed to establish authenticated ssh connection to cirros@10.180.180.193 ([Errno None] Unable to connect to port 22 on 10.180.180.193). Number attempts: 10. Retry after 11 seconds.: paramiko.ssh_exception.NoValidConnectionsError: [Errno None] Unable to connect to port 22 on 10.180.180.193
2025-05-13 12:52:18.650 69666 INFO tempest.lib.common.rest_client [req-8b20b725-4501-4ff6-af44-4cbbdaa01803 req-8b20b725-4501-4ff6-af44-4cbbdaa01803 ] Request (DeleteServersAdminTestJSON:test_delete_server_while_in_error_state): 200 GET http://10.180.1.21/compute/v2.1/servers/d0089ac6-b35e-4705-8652-1d87d64394f8 0.205s
2025-05-13 12:52:18.669 69678 INFO tempest.lib.common.rest_client [req-117bbcda-c199-4dac-95d7-2afc9d68d27a req-117bbcda-c199-4dac-95d7-2afc9d68d27a ] Request (ServersListShow298Test:test_list_show_update_rebuild_server_298): 202 POST http://10.180.1.21/compute/v2.1/servers 0.300s
2025-05-13 12:52:18.715 69650 INFO tempest.lib.common.rest_client [req-9c172b77-4a2a-46b2-9b3d-be70944a87e7 req-9c172b77-4a2a-46b2-9b3d-be70944a87e7 ] Request (ServerActionsV293TestJSON:setUpClass): 200 GET http://10.180.1.21/compute/v2.1/servers/ffe27b90-c9e0-4033-baeb-a00e285af4cc 0.246s
2025-05-13 12:52:18.734 69678 INFO tempest.lib.common.rest_client [req-6349c00e-622a-42b6-b1e5-adaca81f82d4 req-6349c00e-622a-42b6-b1e5-adaca81f82d4 ] Request (ServersListShow298Test:test_list_show_update_rebuild_server_298): 200 GET http://10.180.1.21/compute/v2.1/servers/a64aa237-ac06-4b06-bc6b-9cfd3a2fb167 0.063s
2025-05-13 12:52:18.951 69690 INFO tempest.lib.common.rest_client [req-e1329f72-9e9b-4abc-8736-8034beba5a83 req-e1329f72-9e9b-4abc-8736-8034beba5a83 ] Request (MigrationsAdminTest:test_list_migrations_in_flavor_resize_situation): 200 GET http://10.180.1.21/compute/v2.1/servers/c24189e8-ca4b-448f-954f-e25bcc4db234 0.134s
2025-05-13 12:52:18.953 69676 INFO tempest.lib.common.rest_client [req-c31da3d3-3c6b-49a3-82ff-04d9f7550fd1 req-c31da3d3-3c6b-49a3-82ff-04d9f7550fd1 ] Request (ServersAaction247Test:tearDownClass): 200 GET http://10.180.1.21/compute/v2.1/servers/25436752-c4fa-4f90-a057-883501b0eaa6 0.078s
2025-05-13 12:52:19.008 69656 INFO tempest.lib.common.rest_client [req-08fdda35-088e-4e96-9a84-459e6699d074 req-08fdda35-088e-4e96-9a84-459e6699d074 ] Request (ServersTestJSON:setUpClass): 200 GET http://10.180.1.21/compute/v2.1/servers/bee5a8e6-dd33-491a-9a9d-54caceadee34 0.079s
2025-05-13 12:52:19.058 69646 INFO tempest.lib.common.rest_client [req-66cfe62b-748e-44c5-b3c8-cc88f3d231b1 req-66cfe62b-748e-44c5-b3c8-cc88f3d231b1 ] Request (ListServersNegativeTestJSON:setUpClass): 200 GET http://10.180.1.21/compute/v2.1/servers/48776541-d7e5-40e3-97e0-2cd6d2c08c4a 0.121s
2025-05-13 12:52:19.064 69644 INFO tempest.lib.common.rest_client [req-5a1fa9d2-3f39-4cd2-ab01-3e7625493d9d req-5a1fa9d2-3f39-4cd2-ab01-3e7625493d9d ] Request (ServersAdminTestJSON:test_inject_network_info): 200 GET http://10.180.1.21/compute/v2.1/servers/3dd35aa5-4363-4117-8375-3f6f3fa4a85c 0.077s
2025-05-13 12:52:19.108 69652 INFO tempest.lib.common.rest_client [req-77399533-3a6d-45e4-abec-5d9d0e176729 req-77399533-3a6d-45e4-abec-5d9d0e176729 ] Request (ServersTestMultiNic:test_verify_multiple_nics_order): 200 GET http://10.180.1.21/compute/v2.1/servers/2afd2d64-53a2-4300-ba27-b2de4ca269fd 0.111s
2025-05-13 12:52:19.117 69702 INFO tempest.lib.common.rest_client [req-90892f2c-778d-4f6d-abc3-292135daa916 req-90892f2c-778d-4f6d-abc3-292135daa916 ] Request (FloatingIPsAssociationTestJSON:test_associate_already_associated_floating_ip): 200 GET http://10.180.1.21/compute/v2.1/servers/338e3dba-8a0f-449f-8390-a4899ae08146 0.071s
2025-05-13 12:52:19.165 69665 INFO tempest.lib.common.rest_client [req-5f35a585-d4fd-4251-9adb-9087debaee8b req-5f35a585-d4fd-4251-9adb-9087debaee8b ] Request (InstanceActionsV221TestJSON:test_get_list_deleted_instance_actions): 200 GET http://10.180.1.21/compute/v2.1/servers/693f4c16-568a-488c-b1ac-d51a6518135b 0.082s
2025-05-13 12:52:19.187 69668 INFO tempest.lib.common.rest_client [req-b32d5dee-c65a-4b94-abc2-893a3a29a0eb req-b32d5dee-c65a-4b94-abc2-893a3a29a0eb ] Request (ListServerFiltersTestJSON:setUpClass): 200 GET http://10.180.1.21/compute/v2.1/servers/8a8a3cd3-e556-440c-839b-2b72ee3b2eb6 0.053s
2025-05-13 12:52:19.244 69692 INFO tempest.lib.common.rest_client [req-162c8b5b-be25-4b9a-bdf5-317dac0a398b req-162c8b5b-be25-4b9a-bdf5-317dac0a398b ] Request (SecurityGroupsTestJSON:test_server_security_groups): 200 GET http://10.180.1.21/compute/v2.1/servers/dcd842a0-6cc7-4918-8aa8-d25182252970 0.058s
2025-05-13 12:52:19.299 69670 INFO tempest.lib.common.rest_client [req-bbced7ab-8d3d-4597-88ea-3a720bcbf680 req-bbced7ab-8d3d-4597-88ea-3a720bcbf680 ] Request (ImagesTestJSON:test_create_image_from_stopped_server): 200 GET http://10.180.1.21/compute/v2.1/servers/b5adf32b-f399-4338-8a19-79f9d51e9072 0.073s
2025-05-13 12:52:19.341 69704 INFO tempest.lib.common.rest_client [req-d96472df-aca3-458c-9a24-efb5ab0125be req-d96472df-aca3-458c-9a24-efb5ab0125be ] Request (ServersTestJSON:_run_cleanups): 200 GET http://10.180.1.21/compute/v2.1/servers/2903c85c-20c2-4747-9522-922f56568546 0.069s
2025-05-13 12:52:19.399 69698 INFO tempest.lib.common.rest_client [req-7c30be98-a471-4ac0-9a26-667c09adf21a req-7c30be98-a471-4ac0-9a26-667c09adf21a ] Request (ServersListShow296Test:test_list_show_update_rebuild_server_296): 200 GET http://10.180.1.21/compute/v2.1/servers/d6a3be63-5ad6-4ca9-855e-01b14065473a 0.065s
2025-05-13 12:52:19.402 69700 INFO tempest.lib.common.rest_client [req-3cdaab12-7933-4b68-a19c-6a4829dbf062 req-3cdaab12-7933-4b68-a19c-6a4829dbf062 ] Request (ServerActionsTestOtherA:setUpClass): 200 GET http://10.180.1.21/compute/v2.1/servers/4773e448-8574-4687-bee5-1a49548c0d42 0.054s
2025-05-13 12:52:19.454 69658 INFO tempest.lib.common.rest_client [req-b841159d-1c3e-4282-8050-b5aba8c9990a req-b841159d-1c3e-4282-8050-b5aba8c9990a ] Request (DeleteServersTestJSON:test_delete_active_server): 200 GET http://10.180.1.21/compute/v2.1/servers/c73fd2e2-ba3b-4add-94d5-1d86fdafcfaf 0.055s
2025-05-13 12:52:19.503 69674 INFO tempest.lib.common.rest_client [req-4e6de0e6-d78f-4e71-8d00-b087679ec557 req-4e6de0e6-d78f-4e71-8d00-b087679ec557 ] Request (FloatingIPsAssociationNegativeTestJSON:setUpClass): 200 GET http://10.180.1.21/compute/v2.1/servers/9e5a0744-6697-4972-9b86-33c5c7f5d83b 0.058s
2025-05-13 12:52:19.527 69682 INFO tempest.lib.common.rest_client [req-35ea83c6-6c31-41db-9d99-6607792c93f2 req-35ea83c6-6c31-41db-9d99-6607792c93f2 ] Request (ServerDiagnosticsNegativeTest:tearDownClass): 200 GET http://10.180.1.21/compute/v2.1/servers/651708cb-14cc-4b21-a183-0739ec714d11 0.095s
2025-05-13 12:52:19.560 69662 INFO tempest.lib.common.rest_client [req-2fab1ad3-dd0b-46d2-aae7-3f383b835350 req-2fab1ad3-dd0b-46d2-aae7-3f383b835350 ] Request (ServerGroupTestJSON:_run_cleanups): 200 GET http://10.180.1.21/compute/v2.1/servers/5670b857-d679-4397-b310-94fcbc1a014c 0.076s
2025-05-13 12:52:19.590 69648 INFO tempest.lib.common.rest_client [req-d7f278ca-5d36-4edb-8622-deee58d04400 req-d7f278ca-5d36-4edb-8622-deee58d04400 ] Request (ServersAdminNegativeTestJSON:tearDownClass): 200 GET http://10.180.1.21/compute/v2.1/servers/fbd30304-f19d-448d-b917-36322ffe9bc4 0.095s
2025-05-13 12:52:19.617 69694 INFO tempest.lib.common.rest_client [req-c5291b6d-c0d5-40bc-82a9-b2aa80d9a734 req-c5291b6d-c0d5-40bc-82a9-b2aa80d9a734 ] Request (ServerAddressesNegativeTestJSON:tearDownClass): 200 GET http://10.180.1.21/compute/v2.1/servers/91b8bcff-61b1-4624-91b2-5af3577b6961 0.072s
2025-05-13 12:52:19.654 69706 INFO tempest.lib.common.rest_client [req-64ed02ed-7e7c-4e4d-9778-d88a6d033a2f req-64ed02ed-7e7c-4e4d-9778-d88a6d033a2f ] Request (ImagesOneServerNegativeTestJSON:_run_cleanups): 200 GET http://10.180.1.21/compute/v2.1/servers/87fa633a-1683-4219-a042-4b9bffe90c2c 0.059s
2025-05-13 12:52:19.723 69666 INFO tempest.lib.common.rest_client [req-66cd8df6-6df6-43fe-ba80-0bee1df1eff6 req-66cd8df6-6df6-43fe-ba80-0bee1df1eff6 ] Request (DeleteServersAdminTestJSON:test_delete_server_while_in_error_state): 200 GET http://10.180.1.21/compute/v2.1/servers/d0089ac6-b35e-4705-8652-1d87d64394f8 0.062s
2025-05-13 12:52:19.782 69650 INFO tempest.lib.common.rest_client [req-6c466f89-2fbd-4544-837e-191de1aad804 req-6c466f89-2fbd-4544-837e-191de1aad804 ] Request (ServerActionsV293TestJSON:setUpClass): 200 GET http://10.180.1.21/compute/v2.1/servers/ffe27b90-c9e0-4033-baeb-a00e285af4cc 0.055s
2025-05-13 12:52:19.809 69678 INFO tempest.lib.common.rest_client [req-a0121e35-4f1a-4191-a3f6-479a569262f9 req-a0121e35-4f1a-4191-a3f6-479a569262f9 ] Request (ServersListShow298Test:test_list_show_update_rebuild_server_298): 200 GET http://10.180.1.21/compute/v2.1/servers/a64aa237-ac06-4b06-bc6b-9cfd3a2fb167 0.058s
2025-05-13 12:52:19.984 69686 INFO paramiko.transport [-] Connected (version 2.0, client dropbear_2020.81)
2025-05-13 12:52:20.045 69676 INFO tempest.lib.common.rest_client [req-80f9c3ab-6273-4c48-91e7-24cb71fe27cd req-80f9c3ab-6273-4c48-91e7-24cb71fe27cd ] Request (ServersAaction247Test:tearDownClass): 200 GET http://10.180.1.21/compute/v2.1/servers/25436752-c4fa-4f90-a057-883501b0eaa6 0.077s
2025-05-13 12:52:20.058 69686 INFO paramiko.transport [-] Authentication (publickey) successful!
2025-05-13 12:52:20.059 69686 INFO tempest.lib.common.ssh [-] ssh connection to cirros@10.180.180.229 successfully created
2025-05-13 12:52:20.085 69690 INFO tempest.lib.common.rest_client [req-e5d017af-c96f-48e4-8303-57ae3e540479 req-e5d017af-c96f-48e4-8303-57ae3e540479 ] Request (MigrationsAdminTest:test_list_migrations_in_flavor_resize_situation): 200 GET http://10.180.1.21/compute/v2.1/servers/c24189e8-ca4b-448f-954f-e25bcc4db234 0.126s
2025-05-13 12:52:20.114 69656 INFO tempest.lib.common.rest_client [req-10e043c3-be85-42c7-acc6-fa25bee29cd4 req-10e043c3-be85-42c7-acc6-fa25bee29cd4 ] Request (ServersTestJSON:setUpClass): 200 GET http://10.180.1.21/compute/v2.1/servers/bee5a8e6-dd33-491a-9a9d-54caceadee34 0.095s
2025-05-13 12:52:20.185 69686 INFO tempest.lib.common.rest_client [req-448f912d-c1f6-4449-9df5-463648bce264 req-448f912d-c1f6-4449-9df5-463648bce264 ] Request (AttachInterfacesUnderV243Test:test_add_remove_fixed_ip): 200 GET http://10.180.1.21/compute/v2.1/servers/e7352ab5-48c6-4f5d-849d-54d74afbdc5e/os-interface 0.126s
2025-05-13 12:52:20.216 69646 INFO tempest.lib.common.rest_client [req-19b0b3bb-6d9b-4247-9ea7-df55c41576c1 req-19b0b3bb-6d9b-4247-9ea7-df55c41576c1 ] Request (ListServersNegativeTestJSON:setUpClass): 200 GET http://10.180.1.21/compute/v2.1/servers/48776541-d7e5-40e3-97e0-2cd6d2c08c4a 0.150s
2025-05-13 12:52:20.236 69644 INFO tempest.lib.common.rest_client [req-f3b7dac0-ee8a-4570-b8ab-795d651509b6 req-f3b7dac0-ee8a-4570-b8ab-795d651509b6 ] Request (ServersAdminTestJSON:test_inject_network_info): 200 GET http://10.180.1.21/compute/v2.1/servers/3dd35aa5-4363-4117-8375-3f6f3fa4a85c 0.161s
2025-05-13 12:52:20.267 69652 INFO tempest.lib.common.rest_client [req-f4b0d543-041b-40e9-b7d3-993e096944ac req-f4b0d543-041b-40e9-b7d3-993e096944ac ] Request (ServersTestMultiNic:test_verify_multiple_nics_order): 200 GET http://10.180.1.21/compute/v2.1/servers/2afd2d64-53a2-4300-ba27-b2de4ca269fd 0.145s
2025-05-13 12:52:20.292 69702 INFO tempest.lib.common.rest_client [req-ff88dd7c-e00b-4a62-9603-cb91b2957201 req-ff88dd7c-e00b-4a62-9603-cb91b2957201 ] Request (FloatingIPsAssociationTestJSON:test_associate_already_associated_floating_ip): 200 GET http://10.180.1.21/compute/v2.1/servers/338e3dba-8a0f-449f-8390-a4899ae08146 0.166s
2025-05-13 12:52:20.323 69665 INFO tempest.lib.common.rest_client [req-606c50ee-c3fc-4eac-9b7a-31d702e56b6f req-606c50ee-c3fc-4eac-9b7a-31d702e56b6f ] Request (InstanceActionsV221TestJSON:test_get_list_deleted_instance_actions): 200 GET http://10.180.1.21/compute/v2.1/servers/693f4c16-568a-488c-b1ac-d51a6518135b 0.148s
2025-05-13 12:52:20.354 69686 INFO tempest.lib.common.rest_client [req-1c3b0c8c-e3dc-46ef-a526-fd94cc0efd7e req-1c3b0c8c-e3dc-46ef-a526-fd94cc0efd7e ] Request (AttachInterfacesUnderV243Test:test_add_remove_fixed_ip): 200 GET http://10.180.1.21/compute/v2.1/servers/e7352ab5-48c6-4f5d-849d-54d74afbdc5e/os-interface/bc2f987e-bb88-495e-8087-67b52ff07ef0 0.165s
2025-05-13 12:52:20.371 69668 INFO tempest.lib.common.rest_client [req-4c0efed7-683a-4243-bfab-2b62890343f2 req-4c0efed7-683a-4243-bfab-2b62890343f2 ] Request (ListServerFiltersTestJSON:setUpClass): 200 GET http://10.180.1.21/compute/v2.1/servers/8a8a3cd3-e556-440c-839b-2b72ee3b2eb6 0.176s
2025-05-13 12:52:20.402 69692 INFO tempest.lib.common.rest_client [req-98f8d614-a2d1-46fd-8061-bb59bf3bdfeb req-98f8d614-a2d1-46fd-8061-bb59bf3bdfeb ] Request (SecurityGroupsTestJSON:test_server_security_groups): 200 GET http://10.180.1.21/compute/v2.1/servers/dcd842a0-6cc7-4918-8aa8-d25182252970 0.145s
2025-05-13 12:52:20.409 69692 INFO tempest.common.waiters [-] State transition "BUILD/scheduling" ==> "BUILD/None" after 36 second wait
2025-05-13 12:52:20.427 69670 INFO tempest.lib.common.rest_client [req-ac4f9c95-efce-480a-a225-1ebec08c13d4 req-ac4f9c95-efce-480a-a225-1ebec08c13d4 ] Request (ImagesTestJSON:test_create_image_from_stopped_server): 200 GET http://10.180.1.21/compute/v2.1/servers/b5adf32b-f399-4338-8a19-79f9d51e9072 0.111s
2025-05-13 12:52:20.453 69686 INFO tempest.lib.common.rest_client [req-e0ad3d3f-265b-4fe7-8cb3-668ce9fc3fe4 req-e0ad3d3f-265b-4fe7-8cb3-668ce9fc3fe4 ] Request (AttachInterfacesUnderV243Test:test_add_remove_fixed_ip): 200 GET http://10.180.1.21/compute/v2.1/servers/e7352ab5-48c6-4f5d-849d-54d74afbdc5e/ips 0.097s
2025-05-13 12:52:20.458 69704 INFO tempest.lib.common.rest_client [req-33487989-1e59-4e32-a369-56f24d92e714 req-33487989-1e59-4e32-a369-56f24d92e714 ] Request (ServersTestJSON:_run_cleanups): 200 GET http://10.180.1.21/compute/v2.1/servers/2903c85c-20c2-4747-9522-922f56568546 0.107s
2025-05-13 12:52:20.505 69700 INFO tempest.lib.common.rest_client [req-833e5d10-914b-4140-bb20-3db507e7e8a9 req-833e5d10-914b-4140-bb20-3db507e7e8a9 ] Request (ServerActionsTestOtherA:setUpClass): 200 GET http://10.180.1.21/compute/v2.1/servers/4773e448-8574-4687-bee5-1a49548c0d42 0.093s
2025-05-13 12:52:20.528 69698 INFO tempest.lib.common.rest_client [req-2658d700-7304-456e-a558-60e7526d4222 req-2658d700-7304-456e-a558-60e7526d4222 ] Request (ServersListShow296Test:test_list_show_update_rebuild_server_296): 200 GET http://10.180.1.21/compute/v2.1/servers/d6a3be63-5ad6-4ca9-855e-01b14065473a 0.119s
2025-05-13 12:52:20.534 69686 INFO tempest.lib.common.rest_client [req-82a918ba-1ece-45a6-b6d5-03f23f8ccf96 req-82a918ba-1ece-45a6-b6d5-03f23f8ccf96 ] Request (AttachInterfacesUnderV243Test:test_add_remove_fixed_ip): 202 POST http://10.180.1.21/compute/v2.1/servers/e7352ab5-48c6-4f5d-849d-54d74afbdc5e/action 0.079s
2025-05-13 12:52:20.548 69658 INFO tempest.lib.common.rest_client [req-78f99910-5921-4837-9350-24c1d34a8d05 req-78f99910-5921-4837-9350-24c1d34a8d05 ] Request (DeleteServersTestJSON:test_delete_active_server): 404 GET http://10.180.1.21/compute/v2.1/servers/c73fd2e2-ba3b-4add-94d5-1d86fdafcfaf 0.085s
2025-05-13 12:52:20.576 69686 INFO tempest.lib.common.rest_client [req-6eebe83d-6551-4781-955e-77546a0eefbd req-6eebe83d-6551-4781-955e-77546a0eefbd ] Request (AttachInterfacesUnderV243Test:test_add_remove_fixed_ip): 200 GET http://10.180.1.21/compute/v2.1/servers/e7352ab5-48c6-4f5d-849d-54d74afbdc5e/ips 0.041s
2025-05-13 12:52:20.588 69674 INFO tempest.lib.common.rest_client [req-d9989172-8ab3-4987-892f-7f377ba75bee req-d9989172-8ab3-4987-892f-7f377ba75bee ] Request (FloatingIPsAssociationNegativeTestJSON:setUpClass): 200 GET http://10.180.1.21/compute/v2.1/servers/9e5a0744-6697-4972-9b86-33c5c7f5d83b 0.076s
2025-05-13 12:52:20.635 69658 INFO tempest.lib.common.rest_client [req-ed55afce-eb57-4001-9968-b22ca822c3f8 req-ed55afce-eb57-4001-9968-b22ca822c3f8 ] Request (DeleteServersTestJSON:test_delete_server_while_in_attached_volume): 201 POST http://10.180.1.21/identity/v3/auth/tokens 0.083s
2025-05-13 12:52:20.636 69658 INFO tempest.lib.common.fixed_network [-] (DeleteServersTestJSON:test_delete_server_while_in_attached_volume) Found network {'id': 'ce562fee-84de-4ca8-9230-ac185a109cad', 'name': 'tempest-DeleteServersTestJSON-1622239832-network', 'tenant_id': '4e3a99635cc3439bbd965ce0244b3522', 'admin_state_up': True, 'mtu': 8950, 'status': 'ACTIVE', 'subnets': [], 'shared': False, 'project_id': '4e3a99635cc3439bbd965ce0244b3522', 'port_security_enabled': True, 'router:external': False, 'provider:network_type': 'vlan', 'provider:physical_network': 'default', 'provider:segmentation_id': 860, 'availability_zone_hints': [], 'availability_zones': [], 'ipv4_address_scope': None, 'ipv6_address_scope': None, 'description': '', 'tags': [], 'created_at': '2025-05-13T12:50:51Z', 'updated_at': '2025-05-13T12:50:51Z', 'revision_number': 1} available for tenant
2025-05-13 12:52:20.667 69662 INFO tempest.lib.common.rest_client [req-08f11554-8f97-4f1c-83f5-a2e315c20ce1 req-08f11554-8f97-4f1c-83f5-a2e315c20ce1 ] Request (ServerGroupTestJSON:_run_cleanups): 200 GET http://10.180.1.21/compute/v2.1/servers/5670b857-d679-4397-b310-94fcbc1a014c 0.096s
2025-05-13 12:52:20.725 69648 INFO tempest.lib.common.rest_client [req-b0a6c47e-99d7-44ce-a6be-94bb678b1757 req-b0a6c47e-99d7-44ce-a6be-94bb678b1757 ] Request (ServersAdminNegativeTestJSON:tearDownClass): 200 GET http://10.180.1.21/compute/v2.1/servers/fbd30304-f19d-448d-b917-36322ffe9bc4 0.124s
2025-05-13 12:52:20.742 69682 INFO tempest.lib.common.rest_client [req-8a094865-6a5b-471b-b5fd-94bcd88bd557 req-8a094865-6a5b-471b-b5fd-94bcd88bd557 ] Request (ServerDiagnosticsNegativeTest:tearDownClass): 200 GET http://10.180.1.21/compute/v2.1/servers/651708cb-14cc-4b21-a183-0739ec714d11 0.207s
2025-05-13 12:52:20.781 69694 INFO tempest.lib.common.rest_client [req-dc4d25bf-d848-401a-9aa5-d42c2c1af360 req-dc4d25bf-d848-401a-9aa5-d42c2c1af360 ] Request (ServerAddressesNegativeTestJSON:tearDownClass): 200 GET http://10.180.1.21/compute/v2.1/servers/91b8bcff-61b1-4624-91b2-5af3577b6961 0.155s
2025-05-13 12:52:20.827 69706 INFO tempest.lib.common.rest_client [req-3e7054e3-58a9-4047-91b7-f3fc259fa34a req-3e7054e3-58a9-4047-91b7-f3fc259fa34a ] Request (ImagesOneServerNegativeTestJSON:_run_cleanups): 200 GET http://10.180.1.21/compute/v2.1/servers/87fa633a-1683-4219-a042-4b9bffe90c2c 0.165s
2025-05-13 12:52:20.881 69666 INFO tempest.lib.common.rest_client [req-723123b4-138f-4746-b849-ce303eb60bf0 req-723123b4-138f-4746-b849-ce303eb60bf0 ] Request (DeleteServersAdminTestJSON:test_delete_server_while_in_error_state): 200 GET http://10.180.1.21/compute/v2.1/servers/d0089ac6-b35e-4705-8652-1d87d64394f8 0.150s
2025-05-13 12:52:20.941 69650 INFO tempest.lib.common.rest_client [req-3d4ed30d-2876-4393-8da6-9712d9d95cef req-3d4ed30d-2876-4393-8da6-9712d9d95cef ] Request (ServerActionsV293TestJSON:setUpClass): 200 GET http://10.180.1.21/compute/v2.1/servers/ffe27b90-c9e0-4033-baeb-a00e285af4cc 0.145s
2025-05-13 12:52:21.014 69678 INFO tempest.lib.common.rest_client [req-059a2b38-0d18-4ceb-a0ba-8d6f0f001c43 req-059a2b38-0d18-4ceb-a0ba-8d6f0f001c43 ] Request (ServersListShow298Test:test_list_show_update_rebuild_server_298): 200 GET http://10.180.1.21/compute/v2.1/servers/a64aa237-ac06-4b06-bc6b-9cfd3a2fb167 0.192s
2025-05-13 12:52:21.035 69658 INFO tempest.lib.common.rest_client [req-3022b5cf-41cd-4cc3-ab13-dabd24060cf8 req-3022b5cf-41cd-4cc3-ab13-dabd24060cf8 ] Request (DeleteServersTestJSON:test_delete_server_while_in_attached_volume): 202 POST http://10.180.1.21/compute/v2.1/servers 0.399s
2025-05-13 12:52:21.084 69658 INFO tempest.lib.common.rest_client [req-cdfbafa8-9774-4379-8a57-7f8b9cb7f52e req-cdfbafa8-9774-4379-8a57-7f8b9cb7f52e ] Request (DeleteServersTestJSON:test_delete_server_while_in_attached_volume): 200 GET http://10.180.1.21/compute/v2.1/servers/2efaacc8-578b-442a-a6f7-ac9ed2ae7093 0.047s
2025-05-13 12:52:21.142 69676 INFO tempest.lib.common.rest_client [req-4e4dc713-e62a-484d-81b9-3277fd66758e req-4e4dc713-e62a-484d-81b9-3277fd66758e ] Request (ServersAaction247Test:tearDownClass): 200 GET http://10.180.1.21/compute/v2.1/servers/25436752-c4fa-4f90-a057-883501b0eaa6 0.079s
2025-05-13 12:52:21.195 69656 INFO tempest.lib.common.rest_client [req-8b59f892-ce1a-4894-903f-2b2f0e5c1dc9 req-8b59f892-ce1a-4894-903f-2b2f0e5c1dc9 ] Request (ServersTestJSON:setUpClass): 200 GET http://10.180.1.21/compute/v2.1/servers/bee5a8e6-dd33-491a-9a9d-54caceadee34 0.072s
2025-05-13 12:52:21.232 69690 INFO tempest.lib.common.rest_client [req-530f6ed0-eab8-4b33-9e9d-30aaad5bcbfe req-530f6ed0-eab8-4b33-9e9d-30aaad5bcbfe ] Request (MigrationsAdminTest:test_list_migrations_in_flavor_resize_situation): 200 GET http://10.180.1.21/compute/v2.1/servers/c24189e8-ca4b-448f-954f-e25bcc4db234 0.135s
2025-05-13 12:52:21.309 69644 INFO tempest.lib.common.rest_client [req-a723964e-bbaa-49d0-8e01-258a05181a64 req-a723964e-bbaa-49d0-8e01-258a05181a64 ] Request (ServersAdminTestJSON:test_inject_network_info): 200 GET http://10.180.1.21/compute/v2.1/servers/3dd35aa5-4363-4117-8375-3f6f3fa4a85c 0.063s
2025-05-13 12:52:21.364 69652 INFO tempest.lib.common.rest_client [req-156ca4f7-e9f3-4315-ad95-79d6d3070d87 req-156ca4f7-e9f3-4315-ad95-79d6d3070d87 ] Request (ServersTestMultiNic:test_verify_multiple_nics_order): 200 GET http://10.180.1.21/compute/v2.1/servers/2afd2d64-53a2-4300-ba27-b2de4ca269fd 0.090s
2025-05-13 12:52:21.377 69646 INFO tempest.lib.common.rest_client [req-7629d967-fb12-4abd-9a14-b72c03c9221d req-7629d967-fb12-4abd-9a14-b72c03c9221d ] Request (ListServersNegativeTestJSON:setUpClass): 200 GET http://10.180.1.21/compute/v2.1/servers/48776541-d7e5-40e3-97e0-2cd6d2c08c4a 0.153s
2025-05-13 12:52:21.429 69702 INFO tempest.lib.common.rest_client [req-a1143a34-bab3-45f5-8759-eba4882e3db2 req-a1143a34-bab3-45f5-8759-eba4882e3db2 ] Request (FloatingIPsAssociationTestJSON:test_associate_already_associated_floating_ip): 200 GET http://10.180.1.21/compute/v2.1/servers/338e3dba-8a0f-449f-8390-a4899ae08146 0.126s
2025-05-13 12:52:21.442 69665 INFO tempest.lib.common.rest_client [req-22843e18-f0f2-4f1e-837c-a876533accd4 req-22843e18-f0f2-4f1e-837c-a876533accd4 ] Request (InstanceActionsV221TestJSON:test_get_list_deleted_instance_actions): 200 GET http://10.180.1.21/compute/v2.1/servers/693f4c16-568a-488c-b1ac-d51a6518135b 0.110s
2025-05-13 12:52:21.493 69668 INFO tempest.lib.common.rest_client [req-9029da2f-1f70-4e4e-a118-3079e6d3fc2a req-9029da2f-1f70-4e4e-a118-3079e6d3fc2a ] Request (ListServerFiltersTestJSON:setUpClass): 200 GET http://10.180.1.21/compute/v2.1/servers/8a8a3cd3-e556-440c-839b-2b72ee3b2eb6 0.113s
2025-05-13 12:52:21.504 69692 INFO tempest.lib.common.rest_client [req-235711fc-abba-468e-919d-06cf008ffdaa req-235711fc-abba-468e-919d-06cf008ffdaa ] Request (SecurityGroupsTestJSON:test_server_security_groups): 200 GET http://10.180.1.21/compute/v2.1/servers/dcd842a0-6cc7-4918-8aa8-d25182252970 0.094s
2025-05-13 12:52:21.550 69670 INFO tempest.lib.common.rest_client [req-2917c36d-0b76-40a5-aa99-55ec229bfe10 req-2917c36d-0b76-40a5-aa99-55ec229bfe10 ] Request (ImagesTestJSON:test_create_image_from_stopped_server): 200 GET http://10.180.1.21/compute/v2.1/servers/b5adf32b-f399-4338-8a19-79f9d51e9072 0.111s
2025-05-13 12:52:21.572 69704 INFO tempest.lib.common.rest_client [req-086659ae-20e6-428f-bace-bb4b248b28b3 req-086659ae-20e6-428f-bace-bb4b248b28b3 ] Request (ServersTestJSON:_run_cleanups): 200 GET http://10.180.1.21/compute/v2.1/servers/2903c85c-20c2-4747-9522-922f56568546 0.106s
2025-05-13 12:52:21.618 69700 INFO tempest.lib.common.rest_client [req-8b8db634-8430-45eb-a6a1-da0a3cf17b3c req-8b8db634-8430-45eb-a6a1-da0a3cf17b3c ] Request (ServerActionsTestOtherA:setUpClass): 200 GET http://10.180.1.21/compute/v2.1/servers/4773e448-8574-4687-bee5-1a49548c0d42 0.106s
2025-05-13 12:52:21.643 69686 INFO tempest.lib.common.rest_client [req-63b9ddfe-1b8e-46c4-a07a-25c0ab9d4e13 req-63b9ddfe-1b8e-46c4-a07a-25c0ab9d4e13 ] Request (AttachInterfacesUnderV243Test:test_add_remove_fixed_ip): 200 GET http://10.180.1.21/compute/v2.1/servers/e7352ab5-48c6-4f5d-849d-54d74afbdc5e/ips 0.063s
2025-05-13 12:52:21.644 69698 INFO tempest.lib.common.rest_client [req-5b506baf-ea1a-4d92-b6d1-c823a691a9cc req-5b506baf-ea1a-4d92-b6d1-c823a691a9cc ] Request (ServersListShow296Test:test_list_show_update_rebuild_server_296): 200 GET http://10.180.1.21/compute/v2.1/servers/d6a3be63-5ad6-4ca9-855e-01b14065473a 0.106s
