2025-05-13 12:51:35.901 69648 INFO tempest.lib.common.rest_client [req-5c463eed-ef2c-4ee8-8548-d5d872a1be2b req-5c463eed-ef2c-4ee8-8548-d5d872a1be2b ] Request (ServersAdminNegativeTestJSON:test_migrate_server_invalid_state): 202 POST http://10.180.1.21/compute/v2.1/servers/fbd30304-f19d-448d-b917-36322ffe9bc4/action 0.802s
2025-05-13 12:51:36.013 69692 INFO tempest.lib.common.rest_client [req-498bf144-aff0-4e9f-bedd-f170875d6bca req-498bf144-aff0-4e9f-bedd-f170875d6bca ] Request (SecurityGroupsTestJSON:test_security_group_create_get_delete): 202 DELETE http://10.180.1.21/compute/v2.1/os-security-groups/a957df37-00ac-457a-a375-60e579328dc2 0.692s
2025-05-13 12:51:36.025 69700 INFO tempest.lib.common.rest_client [req-862c6191-831d-4e86-9e76-7831847de3e2 req-862c6191-831d-4e86-9e76-7831847de3e2 ] Request (SecurityGroupRulesTestJSON:tearDownClass): 202 DELETE http://10.180.1.21/compute/v2.1/os-security-groups/63057703-2931-465b-9c11-7812e426438d 0.741s
2025-05-13 12:51:36.080 69678 INFO tempest.lib.common.rest_client [req-c615845e-6308-479c-88e5-8257e0cc4664 req-c615845e-6308-479c-88e5-8257e0cc4664 ] Request (ServerPasswordTestJSON:test_delete_server_password): 204 DELETE http://10.180.1.21/compute/v2.1/servers/d6e164fd-9d10-4a2b-b7dc-cd9c69ea83e1/os-server-password 0.585s
2025-05-13 12:51:36.080 69694 INFO tempest.lib.common.rest_client [req-6638b78b-417c-4b11-9685-6b36014f961a req-6638b78b-417c-4b11-9685-6b36014f961a ] Request (ServerAddressesNegativeTestJSON:setUpClass): 200 GET http://10.180.1.21/compute/v2.1/servers/91b8bcff-61b1-4624-91b2-5af3577b6961 0.621s
2025-05-13 12:51:36.141 69670 INFO tempest.lib.common.rest_client [req-0aa02db6-3fc8-460d-bac6-528cc6c7bb45 req-0aa02db6-3fc8-460d-bac6-528cc6c7bb45 ] Request (ImagesTestJSON:test_create_image_from_stopped_server): 200 GET http://10.180.1.21/compute/v2.1/servers/b5adf32b-f399-4338-8a19-79f9d51e9072 0.585s
2025-05-13 12:51:36.160 69656 INFO tempest.lib.common.rest_client [req-5d3cd309-bf5f-4746-973d-05ed35cde579 req-5d3cd309-bf5f-4746-973d-05ed35cde579 ] Request (ServerExternalEventsTest:tearDownClass): 200 GET http://10.180.1.21/compute/v2.1/servers/9687aeba-3a74-4bf1-9fda-9b76c88c1107 0.608s
2025-05-13 12:51:36.275 69650 INFO tempest.lib.common.rest_client [req-cf41b38f-b02c-4339-93ba-29840b7acd50 req-cf41b38f-b02c-4339-93ba-29840b7acd50 ] Request (ServerActionsV293TestJSON:setUpClass): 200 GET http://10.180.1.21/volume/v3/volumes/a524bcc2-da9f-40c7-a080-cabae8d2bfd5 0.031s
2025-05-13 12:51:36.285 69690 INFO tempest.lib.common.rest_client [req-b45e8515-aaf7-4954-ab49-5599410953a0 req-b45e8515-aaf7-4954-ab49-5599410953a0 ] Request (MigrationsAdminTest:test_list_migrations_in_flavor_resize_situation): 200 GET http://10.180.1.21/compute/v2.1/servers/c24189e8-ca4b-448f-954f-e25bcc4db234 0.496s
2025-05-13 12:51:36.412 69652 INFO tempest.lib.common.rest_client [req-dcba3e8f-49f5-4041-92be-f0abaf01f7c2 req-dcba3e8f-49f5-4041-92be-f0abaf01f7c2 ] Request (ServersTestMultiNic:_run_cleanups): 200 GET http://10.180.1.21/compute/v2.1/servers/bed42166-e13b-4ce8-bd8e-c77571480e4c 0.464s
2025-05-13 12:51:36.419 69688 WARNING tempest.lib.common.ssh [-] Failed to establish authenticated ssh connection to cirros@10.180.180.193 ([Errno None] Unable to connect to port 22 on 10.180.180.193). Number attempts: 6. Retry after 7 seconds.: paramiko.ssh_exception.NoValidConnectionsError: [Errno None] Unable to connect to port 22 on 10.180.180.193
2025-05-13 12:51:36.431 69692 INFO tempest.lib.common.rest_client [req-b39700e7-b001-4212-a093-e3d70d5a28a5 req-b39700e7-b001-4212-a093-e3d70d5a28a5 ] Request (SecurityGroupsTestJSON:test_security_group_create_get_delete): 404 GET http://10.180.1.21/compute/v2.1/os-security-groups/a957df37-00ac-457a-a375-60e579328dc2 0.417s
2025-05-13 12:51:36.445 69648 INFO tempest.lib.common.rest_client [req-aafe12e3-8388-41f5-9ad6-ad66a463c56d req-aafe12e3-8388-41f5-9ad6-ad66a463c56d ] Request (ServersAdminNegativeTestJSON:test_migrate_server_invalid_state): 200 GET http://10.180.1.21/compute/v2.1/servers/fbd30304-f19d-448d-b917-36322ffe9bc4 0.544s
2025-05-13 12:51:36.510 69706 INFO tempest.lib.common.rest_client [req-0779d1a8-c615-4b0a-9dc8-a4cdafb5b206 req-0779d1a8-c615-4b0a-9dc8-a4cdafb5b206 ] Request (ImagesOneServerNegativeTestJSON:_run_cleanups): 200 GET http://10.180.1.21/compute/v2.1/servers/3ac2a03e-f49a-47bb-a28e-1a331ce309f2 0.477s
2025-05-13 12:51:36.537 69678 INFO tempest.lib.common.rest_client [req-d3330915-b945-471b-b08c-7272e3795cac req-d3330915-b945-471b-b08c-7272e3795cac ] Request (ServerPasswordTestJSON:test_get_server_password): 200 GET http://10.180.1.21/compute/v2.1/servers/d6e164fd-9d10-4a2b-b7dc-cd9c69ea83e1/os-server-password 0.454s
2025-05-13 12:51:36.553 69700 INFO tempest.lib.common.rest_client [req-d82b3637-d163-49de-975d-7065cb963f30 req-d82b3637-d163-49de-975d-7065cb963f30 ] Request (SecurityGroupRulesTestJSON:tearDownClass): 202 DELETE http://10.180.1.21/compute/v2.1/os-security-groups/718b8a69-7c81-4978-8a40-41770c8159e5 0.527s
2025-05-13 12:51:36.660 69662 INFO tempest.lib.common.rest_client [req-613765b1-8321-44c4-ac27-a195ec32d380 req-613765b1-8321-44c4-ac27-a195ec32d380 ] Request (ServerGroupTestJSON:test_create_server_with_scheduler_hint_group): 200 GET http://10.180.1.21/compute/v2.1/servers/5670b857-d679-4397-b310-94fcbc1a014c 0.428s
2025-05-13 12:51:36.668 69658 INFO tempest.lib.common.rest_client [req-4bd8a51d-bb0f-49f3-9270-98d2963fb027 req-4bd8a51d-bb0f-49f3-9270-98d2963fb027 ] Request (DeleteServersTestJSON:test_delete_active_server): 200 GET http://10.180.1.21/compute/v2.1/servers/c73fd2e2-ba3b-4add-94d5-1d86fdafcfaf 0.525s
2025-05-13 12:51:36.718 69674 INFO tempest.lib.common.rest_client [req-d8cd744a-1790-4977-9b2e-2bf33befcb87 req-d8cd744a-1790-4977-9b2e-2bf33befcb87 ] Request (FloatingIPsAssociationNegativeTestJSON:setUpClass): 200 GET http://10.180.1.21/compute/v2.1/servers/9e5a0744-6697-4972-9b86-33c5c7f5d83b 0.417s
2025-05-13 12:51:36.726 69666 INFO tempest.lib.common.rest_client [req-99bc0c3c-0a9d-440f-9458-c6184888f98e req-99bc0c3c-0a9d-440f-9458-c6184888f98e ] Request (DeleteServersAdminTestJSON:test_delete_server_while_in_error_state): 200 GET http://10.180.1.21/compute/v2.1/servers/d0089ac6-b35e-4705-8652-1d87d64394f8 0.377s
2025-05-13 12:51:36.775 69646 INFO tempest.lib.common.rest_client [req-237b91ab-697e-4aaa-b904-fa765a20aed3 req-237b91ab-697e-4aaa-b904-fa765a20aed3 ] Request (ListServersNegativeTestJSON:setUpClass): 200 GET http://10.180.1.21/compute/v2.1/servers/48776541-d7e5-40e3-97e0-2cd6d2c08c4a 0.377s
2025-05-13 12:51:36.834 69682 INFO tempest.lib.common.rest_client [req-e1c6fa54-4ef7-4d64-b5cc-7f4a38626a44 req-e1c6fa54-4ef7-4d64-b5cc-7f4a38626a44 ] Request (ServerDiagnosticsNegativeTest:test_get_server_diagnostics_by_non_admin): 200 GET http://10.180.1.21/compute/v2.1/servers/651708cb-14cc-4b21-a183-0739ec714d11 0.384s
2025-05-13 12:51:36.843 69682 INFO tempest.common.waiters [-] State transition "BUILD/scheduling" ==> "BUILD/None" after 19 second wait
2025-05-13 12:51:36.848 69692 INFO tempest.lib.common.rest_client [req-8400395e-032e-49cb-982e-6b7336b759aa req-8400395e-032e-49cb-982e-6b7336b759aa ] Request (SecurityGroupsTestJSON:test_security_groups_create_list_delete): 200 POST http://10.180.1.21/compute/v2.1/os-security-groups 0.415s
2025-05-13 12:51:36.963 69678 INFO tempest.lib.common.rest_client [req-ba8b79f4-f899-4ad7-914a-2d078d5c9132 req-ba8b79f4-f899-4ad7-914a-2d078d5c9132 ] Request (ServerPasswordTestJSON:tearDownClass): 204 DELETE http://10.180.1.21/compute/v2.1/servers/d6e164fd-9d10-4a2b-b7dc-cd9c69ea83e1 0.425s
2025-05-13 12:51:36.986 69700 INFO tempest.lib.common.rest_client [req-294a61c7-157a-4742-84e8-bebb7081f349 req-294a61c7-157a-4742-84e8-bebb7081f349 ] Request (SecurityGroupRulesTestJSON:tearDownClass): 202 DELETE http://10.180.1.21/compute/v2.1/os-security-groups/1afca109-878e-4331-b63a-b09d0697e9b3 0.433s
2025-05-13 12:51:37.057 69668 INFO tempest.lib.common.rest_client [req-ddb5877c-e060-4127-a645-63ee551e1414 req-ddb5877c-e060-4127-a645-63ee551e1414 ] Request (ServersAdmin275Test:tearDownClass): 200 GET http://10.180.1.21/compute/v2.1/servers/5b062b1d-53b0-4c79-a695-a5aaabcf3552 0.502s
2025-05-13 12:51:37.060 69702 INFO tempest.lib.common.rest_client [req-6c884e73-ec23-4d5f-b549-bff1559446e9 req-6c884e73-ec23-4d5f-b549-bff1559446e9 ] Request (FloatingIPsAssociationTestJSON:test_associate_already_associated_floating_ip): 200 GET http://10.180.1.21/compute/v2.1/servers/338e3dba-8a0f-449f-8390-a4899ae08146 0.498s
2025-05-13 12:51:37.136 69665 INFO tempest.lib.common.rest_client [req-3b158648-32d7-4872-ab2b-e82d7d81bf08 req-3b158648-32d7-4872-ab2b-e82d7d81bf08 ] Request (ServerDiagnosticsV248Test:tearDownClass): 200 GET http://10.180.1.21/compute/v2.1/servers/2b88dbef-e3b5-41a7-85dd-b2c007b46680 0.495s
2025-05-13 12:51:37.208 69660 INFO tempest.lib.common.rest_client [req-d3e6f1a8-de32-42da-98d7-24241d346ed2 req-d3e6f1a8-de32-42da-98d7-24241d346ed2 ] Request (ServerRescueTestJSONUnderV235:tearDownClass): 200 GET http://10.180.1.21/compute/v2.1/servers/c8fb439a-a034-4360-a0a5-72f2cd895222 0.494s
2025-05-13 12:51:37.270 69696 INFO tempest.lib.common.rest_client [req-fe0f3d39-e338-4a2e-bdde-1f9351318fe4 req-fe0f3d39-e338-4a2e-bdde-1f9351318fe4 ] Request (ServersTestBootFromVolume:setUpClass): 200 GET http://10.180.1.21/compute/v2.1/servers/32c9153b-c6e6-44a8-8c7a-54fff8444175 0.528s
2025-05-13 12:51:37.279 69696 INFO tempest.common.waiters [-] State transition "BUILD/None" ==> "BUILD/networking" after 33 second wait
2025-05-13 12:51:37.315 69686 INFO tempest.lib.common.rest_client [req-107a10f0-f729-47e9-9095-d01b755afebc req-107a10f0-f729-47e9-9095-d01b755afebc ] Request (AttachInterfacesUnderV243Test:test_add_remove_fixed_ip): 200 GET http://10.180.1.21/compute/v2.1/servers/e7352ab5-48c6-4f5d-849d-54d74afbdc5e 0.634s
2025-05-13 12:51:37.318 69650 INFO tempest.lib.common.rest_client [req-3d533ff7-64d8-4ab3-9597-ccc3f43d84c3 req-3d533ff7-64d8-4ab3-9597-ccc3f43d84c3 ] Request (ServerActionsV293TestJSON:setUpClass): 200 GET http://10.180.1.21/volume/v3/volumes/a524bcc2-da9f-40c7-a080-cabae8d2bfd5 0.035s
2025-05-13 12:51:37.337 69644 INFO tempest.lib.common.rest_client [req-c13ae8e6-846f-49a2-843a-a1631d2abf17 req-c13ae8e6-846f-49a2-843a-a1631d2abf17 ] Request (ServersAdminTestJSON:test_create_server_with_scheduling_hint): 200 GET http://10.180.1.21/compute/v2.1/servers/e5f45a1f-33d1-4633-b03f-307e9ba561af 0.562s
2025-05-13 12:51:37.348 69644 INFO tempest.common.waiters [-] State transition "BUILD/scheduling" ==> "BUILD/None" after 26 second wait
2025-05-13 12:51:37.398 69676 INFO tempest.lib.common.rest_client [req-3ce6cf65-0a1f-446a-9ff9-84c4ae3cb869 req-3ce6cf65-0a1f-446a-9ff9-84c4ae3cb869 ] Request (ServersAaction247Test:test_create_backup): 200 GET http://10.180.1.21/compute/v2.1/servers/25436752-c4fa-4f90-a057-883501b0eaa6 0.550s
2025-05-13 12:51:37.412 69698 INFO tempest.lib.common.rest_client [req-a8fd7844-5e2e-4e13-80b8-68b545aead73 req-a8fd7844-5e2e-4e13-80b8-68b545aead73 ] Request (ServersListShow296Test:test_list_show_update_rebuild_server_296): 200 GET http://10.180.1.21/compute/v2.1/servers/d6a3be63-5ad6-4ca9-855e-01b14065473a 0.593s
2025-05-13 12:51:37.489 69704 INFO tempest.lib.common.rest_client [req-72d00078-132d-4d84-9d56-09520f12a644 req-72d00078-132d-4d84-9d56-09520f12a644 ] Request (ServersTestJSON:test_create_server_with_ipv6_addr_only): 200 GET http://10.180.1.21/compute/v2.1/servers/2903c85c-20c2-4747-9522-922f56568546 0.577s
2025-05-13 12:51:37.703 69678 INFO tempest.lib.common.rest_client [req-2c53d537-721e-4e65-9e7f-5f4f3cec78d9 req-2c53d537-721e-4e65-9e7f-5f4f3cec78d9 ] Request (ServerPasswordTestJSON:tearDownClass): 200 GET http://10.180.1.21/compute/v2.1/servers/d6e164fd-9d10-4a2b-b7dc-cd9c69ea83e1 0.739s
2025-05-13 12:51:37.769 69694 INFO tempest.lib.common.rest_client [req-4538c4c8-b548-4065-9cf4-778f2c286e98 req-4538c4c8-b548-4065-9cf4-778f2c286e98 ] Request (ServerAddressesNegativeTestJSON:setUpClass): 200 GET http://10.180.1.21/compute/v2.1/servers/91b8bcff-61b1-4624-91b2-5af3577b6961 0.677s
2025-05-13 12:51:37.833 69670 INFO tempest.lib.common.rest_client [req-59f47547-1f14-45fa-9c54-565f072a8d4f req-59f47547-1f14-45fa-9c54-565f072a8d4f ] Request (ImagesTestJSON:test_create_image_from_stopped_server): 200 GET http://10.180.1.21/compute/v2.1/servers/b5adf32b-f399-4338-8a19-79f9d51e9072 0.680s
2025-05-13 12:51:37.920 69692 INFO tempest.lib.common.rest_client [req-1feed458-ef97-4980-92e9-ead44c1bc30b req-1feed458-ef97-4980-92e9-ead44c1bc30b ] Request (SecurityGroupsTestJSON:test_security_groups_create_list_delete): 200 POST http://10.180.1.21/compute/v2.1/os-security-groups 1.065s
2025-05-13 12:51:37.927 69656 INFO tempest.lib.common.rest_client [req-405864d5-6f52-4cd0-911c-ed1106546f6a req-405864d5-6f52-4cd0-911c-ed1106546f6a ] Request (ServerExternalEventsTest:tearDownClass): 200 GET http://10.180.1.21/compute/v2.1/servers/9687aeba-3a74-4bf1-9fda-9b76c88c1107 0.759s
2025-05-13 12:51:38.067 69652 INFO tempest.lib.common.rest_client [req-9f62fc2c-ccd2-41a9-b117-74564e667688 req-9f62fc2c-ccd2-41a9-b117-74564e667688 ] Request (ServersTestMultiNic:_run_cleanups): 200 GET http://10.180.1.21/compute/v2.1/servers/bed42166-e13b-4ce8-bd8e-c77571480e4c 0.646s
2025-05-13 12:51:38.109 69690 INFO tempest.lib.common.rest_client [req-ddc75e26-1bc6-4e37-b81a-cb976e9e4fa0 req-ddc75e26-1bc6-4e37-b81a-cb976e9e4fa0 ] Request (MigrationsAdminTest:test_list_migrations_in_flavor_resize_situation): 200 GET http://10.180.1.21/compute/v2.1/servers/c24189e8-ca4b-448f-954f-e25bcc4db234 0.814s
2025-05-13 12:51:38.207 69706 INFO tempest.lib.common.rest_client [req-5ff40cb0-f595-4ca3-a8a2-1ac849de3535 req-5ff40cb0-f595-4ca3-a8a2-1ac849de3535 ] Request (ImagesOneServerNegativeTestJSON:_run_cleanups): 200 GET http://10.180.1.21/compute/v2.1/servers/3ac2a03e-f49a-47bb-a28e-1a331ce309f2 0.687s
2025-05-13 12:51:38.223 69648 INFO tempest.lib.common.rest_client [req-6e37e8e8-a6cc-4122-a062-9725a8be8fe8 req-6e37e8e8-a6cc-4122-a062-9725a8be8fe8 ] Request (ServersAdminNegativeTestJSON:test_migrate_server_invalid_state): 200 GET http://10.180.1.21/compute/v2.1/servers/fbd30304-f19d-448d-b917-36322ffe9bc4 0.769s
2025-05-13 12:51:38.236 69648 INFO tempest.common.waiters [-] State transition "ACTIVE/suspending" ==> "SUSPENDED/None" after 2 second wait
2025-05-13 12:51:38.338 69700 INFO tempest.lib.common.rest_client [req-e0fad506-0451-4a96-bfda-02fbf07be365 req-e0fad506-0451-4a96-bfda-02fbf07be365 ] Request (SecurityGroupRulesTestJSON:tearDownClass): 200 PUT http://10.180.1.21:9696/networking/v2.0/routers/47cb330f-b9fd-4e57-91e4-a8c716e6e0ce/remove_router_interface 1.351s
2025-05-13 12:51:38.351 69658 INFO tempest.lib.common.rest_client [req-24299b5d-4b6b-4ac0-854c-dc4eb105b5b0 req-24299b5d-4b6b-4ac0-854c-dc4eb105b5b0 ] Request (DeleteServersTestJSON:test_delete_active_server): 200 GET http://10.180.1.21/compute/v2.1/servers/c73fd2e2-ba3b-4add-94d5-1d86fdafcfaf 0.675s
2025-05-13 12:51:38.363 69658 INFO tempest.common.waiters [-] State transition "BUILD/spawning" ==> "ACTIVE/None" after 40 second wait
2025-05-13 12:51:38.363 69662 INFO tempest.lib.common.rest_client [req-407c8556-866d-48cf-a810-83a0db9ae876 req-407c8556-866d-48cf-a810-83a0db9ae876 ] Request (ServerGroupTestJSON:test_create_server_with_scheduler_hint_group): 200 GET http://10.180.1.21/compute/v2.1/servers/5670b857-d679-4397-b310-94fcbc1a014c 0.696s
2025-05-13 12:51:38.370 69650 INFO tempest.lib.common.rest_client [req-8943c15f-ed1e-431c-94f2-56d678099659 req-8943c15f-ed1e-431c-94f2-56d678099659 ] Request (ServerActionsV293TestJSON:setUpClass): 200 GET http://10.180.1.21/volume/v3/volumes/a524bcc2-da9f-40c7-a080-cabae8d2bfd5 0.040s
2025-05-13 12:51:38.412 69674 INFO tempest.lib.common.rest_client [req-381fe9dc-bc7a-4c4e-85af-be6a18fe771c req-381fe9dc-bc7a-4c4e-85af-be6a18fe771c ] Request (FloatingIPsAssociationNegativeTestJSON:setUpClass): 200 GET http://10.180.1.21/compute/v2.1/servers/9e5a0744-6697-4972-9b86-33c5c7f5d83b 0.685s
2025-05-13 12:51:38.434 69666 INFO tempest.lib.common.rest_client [req-22fe0cbb-0335-4ea8-8976-842859bccad1 req-22fe0cbb-0335-4ea8-8976-842859bccad1 ] Request (DeleteServersAdminTestJSON:test_delete_server_while_in_error_state): 200 GET http://10.180.1.21/compute/v2.1/servers/d0089ac6-b35e-4705-8652-1d87d64394f8 0.698s
2025-05-13 12:51:38.467 69646 INFO tempest.lib.common.rest_client [req-b6125202-bfde-45aa-bd7f-4e626f4e7970 req-b6125202-bfde-45aa-bd7f-4e626f4e7970 ] Request (ListServersNegativeTestJSON:setUpClass): 200 GET http://10.180.1.21/compute/v2.1/servers/48776541-d7e5-40e3-97e0-2cd6d2c08c4a 0.683s
2025-05-13 12:51:38.509 69682 INFO tempest.lib.common.rest_client [req-f598b955-8583-420a-90d2-44d1ae7dd5ae req-f598b955-8583-420a-90d2-44d1ae7dd5ae ] Request (ServerDiagnosticsNegativeTest:test_get_server_diagnostics_by_non_admin): 200 GET http://10.180.1.21/compute/v2.1/servers/651708cb-14cc-4b21-a183-0739ec714d11 0.665s
2025-05-13 12:51:38.591 69692 INFO tempest.lib.common.rest_client [req-063cf873-a948-4cbc-be8d-c28d92020e31 req-063cf873-a948-4cbc-be8d-c28d92020e31 ] Request (SecurityGroupsTestJSON:test_security_groups_create_list_delete): 200 POST http://10.180.1.21/compute/v2.1/os-security-groups 0.661s
2025-05-13 12:51:38.595 69702 INFO tempest.lib.common.rest_client [req-983d1ce8-aac8-4f34-b2a3-20149fc2b5af req-983d1ce8-aac8-4f34-b2a3-20149fc2b5af ] Request (FloatingIPsAssociationTestJSON:test_associate_already_associated_floating_ip): 200 GET http://10.180.1.21/compute/v2.1/servers/338e3dba-8a0f-449f-8390-a4899ae08146 0.525s
2025-05-13 12:51:38.675 69668 INFO tempest.lib.common.rest_client [req-783b1404-67f9-4038-8183-4b1c8537970b req-783b1404-67f9-4038-8183-4b1c8537970b ] Request (ServersAdmin275Test:tearDownClass): 200 GET http://10.180.1.21/compute/v2.1/servers/5b062b1d-53b0-4c79-a695-a5aaabcf3552 0.601s
2025-05-13 12:51:38.682 69665 INFO tempest.lib.common.rest_client [req-9711e807-8267-4386-8ebd-97cdca2fc919 req-9711e807-8267-4386-8ebd-97cdca2fc919 ] Request (ServerDiagnosticsV248Test:tearDownClass): 200 GET http://10.180.1.21/compute/v2.1/servers/2b88dbef-e3b5-41a7-85dd-b2c007b46680 0.533s
2025-05-13 12:51:38.762 69660 INFO tempest.lib.common.rest_client [req-a06e3f87-9bc5-416a-89c1-144226e69248 req-a06e3f87-9bc5-416a-89c1-144226e69248 ] Request (ServerRescueTestJSONUnderV235:tearDownClass): 200 GET http://10.180.1.21/compute/v2.1/servers/c8fb439a-a034-4360-a0a5-72f2cd895222 0.540s
2025-05-13 12:51:38.766 69648 INFO tempest.lib.common.rest_client [req-c19a1140-88e4-41f2-a2c8-2edb0bc4d185 req-c19a1140-88e4-41f2-a2c8-2edb0bc4d185 ] Request (ServersAdminNegativeTestJSON:test_migrate_server_invalid_state): 409 POST http://10.180.1.21/compute/v2.1/servers/fbd30304-f19d-448d-b917-36322ffe9bc4/action 0.529s
2025-05-13 12:51:38.859 69686 INFO tempest.lib.common.rest_client [req-7e8de52b-e763-480b-b62b-828034a218a5 req-7e8de52b-e763-480b-b62b-828034a218a5 ] Request (AttachInterfacesUnderV243Test:test_add_remove_fixed_ip): 200 GET http://10.180.1.21/compute/v2.1/servers/e7352ab5-48c6-4f5d-849d-54d74afbdc5e 0.534s
2025-05-13 12:51:38.916 69644 INFO tempest.lib.common.rest_client [req-27d62d2c-f41d-4af8-a186-93fec01e36a0 req-27d62d2c-f41d-4af8-a186-93fec01e36a0 ] Request (ServersAdminTestJSON:test_create_server_with_scheduling_hint): 200 GET http://10.180.1.21/compute/v2.1/servers/e5f45a1f-33d1-4633-b03f-307e9ba561af 0.567s
2025-05-13 12:51:38.926 69696 INFO tempest.lib.common.rest_client [req-c5b499ac-a522-4e8f-81b5-f1d8e9e595f3 req-c5b499ac-a522-4e8f-81b5-f1d8e9e595f3 ] Request (ServersTestBootFromVolume:setUpClass): 200 GET http://10.180.1.21/compute/v2.1/servers/32c9153b-c6e6-44a8-8c7a-54fff8444175 0.647s
2025-05-13 12:51:38.934 69696 INFO tempest.common.waiters [-] State transition "BUILD/networking" ==> "BUILD/block_device_mapping" after 34 second wait
2025-05-13 12:51:39.011 69676 INFO tempest.lib.common.rest_client [req-3b47643f-ab1a-4c7b-ae75-5c12f7dc3122 req-3b47643f-ab1a-4c7b-ae75-5c12f7dc3122 ] Request (ServersAaction247Test:test_create_backup): 200 GET http://10.180.1.21/compute/v2.1/servers/25436752-c4fa-4f90-a057-883501b0eaa6 0.596s
2025-05-13 12:51:39.013 69658 INFO tempest.lib.common.rest_client [req-4498aa68-6a72-485d-b12f-527e7e31cc7d req-4498aa68-6a72-485d-b12f-527e7e31cc7d ] Request (DeleteServersTestJSON:test_delete_active_server): 204 DELETE http://10.180.1.21/compute/v2.1/servers/c73fd2e2-ba3b-4add-94d5-1d86fdafcfaf 0.650s
2025-05-13 12:51:39.070 69704 INFO tempest.lib.common.rest_client [req-645c6e8a-5edf-49ea-b056-00b94a870325 req-645c6e8a-5edf-49ea-b056-00b94a870325 ] Request (ServersTestJSON:test_create_server_with_ipv6_addr_only): 200 GET http://10.180.1.21/compute/v2.1/servers/2903c85c-20c2-4747-9522-922f56568546 0.570s
2025-05-13 12:51:39.071 69700 INFO tempest.lib.common.rest_client [req-8ecc4112-1cf0-4879-b38b-89c2ef85a78b req-8ecc4112-1cf0-4879-b38b-89c2ef85a78b ] Request (SecurityGroupRulesTestJSON:tearDownClass): 204 DELETE http://10.180.1.21:9696/networking/v2.0/routers/47cb330f-b9fd-4e57-91e4-a8c716e6e0ce 0.733s
2025-05-13 12:51:39.090 69698 INFO tempest.lib.common.rest_client [req-e7292629-18ae-4f73-9599-2730a3f28096 req-e7292629-18ae-4f73-9599-2730a3f28096 ] Request (ServersListShow296Test:test_list_show_update_rebuild_server_296): 200 GET http://10.180.1.21/compute/v2.1/servers/d6a3be63-5ad6-4ca9-855e-01b14065473a 0.665s
2025-05-13 12:51:39.212 69692 INFO tempest.lib.common.rest_client [req-26f7dabe-c998-4e9f-96ef-e167c1a09e1b req-26f7dabe-c998-4e9f-96ef-e167c1a09e1b ] Request (SecurityGroupsTestJSON:test_security_groups_create_list_delete): 200 GET http://10.180.1.21/compute/v2.1/os-security-groups 0.614s
2025-05-13 12:51:39.221 69648 INFO tempest.lib.common.rest_client [req-ebf5e299-29b1-4fde-be61-e0c2a3809990 req-ebf5e299-29b1-4fde-be61-e0c2a3809990 ] Request (ServersAdminNegativeTestJSON:test_reset_state_server_invalid_state): 400 POST http://10.180.1.21/compute/v2.1/servers/0e82f13a-5834-4629-bf70-6646d1670e8d/action 0.454s
2025-05-13 12:51:39.233 69678 INFO tempest.lib.common.rest_client [req-29ecacb8-429f-4d94-9cbc-c6e074365cef req-29ecacb8-429f-4d94-9cbc-c6e074365cef ] Request (ServerPasswordTestJSON:tearDownClass): 200 GET http://10.180.1.21/compute/v2.1/servers/d6e164fd-9d10-4a2b-b7dc-cd9c69ea83e1 0.521s
2025-05-13 12:51:39.283 69700 INFO tempest.lib.common.rest_client [req-9da73ce6-4c2c-4685-8894-b459b096000f req-9da73ce6-4c2c-4685-8894-b459b096000f ] Request (SecurityGroupRulesTestJSON:tearDownClass): 204 DELETE http://10.180.1.21:9696/networking/v2.0/subnets/188f5b00-de04-4c31-bef4-83b6e41ab341 0.211s
2025-05-13 12:51:39.301 69670 INFO tempest.lib.common.rest_client [req-7f4f0d5e-de83-4a0c-8a5c-35e29a01fa22 req-7f4f0d5e-de83-4a0c-8a5c-35e29a01fa22 ] Request (ImagesTestJSON:test_create_image_from_stopped_server): 200 GET http://10.180.1.21/compute/v2.1/servers/b5adf32b-f399-4338-8a19-79f9d51e9072 0.461s
2025-05-13 12:51:39.303 69694 INFO tempest.lib.common.rest_client [req-3e1fa5e5-4b99-48ea-9487-e9965f86a9a5 req-3e1fa5e5-4b99-48ea-9487-e9965f86a9a5 ] Request (ServerAddressesNegativeTestJSON:setUpClass): 200 GET http://10.180.1.21/compute/v2.1/servers/91b8bcff-61b1-4624-91b2-5af3577b6961 0.523s
2025-05-13 12:51:39.372 69656 INFO tempest.lib.common.rest_client [req-5a39c7cc-ac95-48a4-97de-93876790341c req-5a39c7cc-ac95-48a4-97de-93876790341c ] Request (ServerExternalEventsTest:tearDownClass): 200 GET http://10.180.1.21/compute/v2.1/servers/9687aeba-3a74-4bf1-9fda-9b76c88c1107 0.435s
2025-05-13 12:51:39.416 69650 INFO tempest.lib.common.rest_client [req-5b6ad7db-d527-48fd-8ef4-739e637f05ad req-5b6ad7db-d527-48fd-8ef4-739e637f05ad ] Request (ServerActionsV293TestJSON:setUpClass): 200 GET http://10.180.1.21/volume/v3/volumes/a524bcc2-da9f-40c7-a080-cabae8d2bfd5 0.031s
2025-05-13 12:51:39.448 69652 INFO tempest.lib.common.rest_client [req-62ce934e-b941-495d-91af-516290eeaaca req-62ce934e-b941-495d-91af-516290eeaaca ] Request (ServersTestMultiNic:_run_cleanups): 200 GET http://10.180.1.21/compute/v2.1/servers/bed42166-e13b-4ce8-bd8e-c77571480e4c 0.370s
2025-05-13 12:51:39.450 69658 INFO tempest.lib.common.rest_client [req-65f2e073-ab58-4c5e-b6e6-7971c0a40ca4 req-65f2e073-ab58-4c5e-b6e6-7971c0a40ca4 ] Request (DeleteServersTestJSON:test_delete_active_server): 200 GET http://10.180.1.21/compute/v2.1/servers/c73fd2e2-ba3b-4add-94d5-1d86fdafcfaf 0.436s
2025-05-13 12:51:39.459 69652 INFO tempest.common.waiters [-] State transition "ACTIVE/deleting" ==> "DELETED/None" after 5 second wait
2025-05-13 12:51:39.537 69700 INFO tempest.lib.common.rest_client [req-577fabec-869b-4a7b-83ae-804ae2f5db0a req-577fabec-869b-4a7b-83ae-804ae2f5db0a ] Request (SecurityGroupRulesTestJSON:tearDownClass): 204 DELETE http://10.180.1.21:9696/networking/v2.0/networks/90ac139d-5809-4f56-b5a7-c71ea65720cc 0.253s
2025-05-13 12:51:39.605 69692 INFO tempest.lib.common.rest_client [req-369c0957-568d-49b0-96c8-94e5f793678d req-369c0957-568d-49b0-96c8-94e5f793678d ] Request (SecurityGroupsTestJSON:test_security_groups_create_list_delete): 202 DELETE http://10.180.1.21/compute/v2.1/os-security-groups/a7fb35c7-3e51-424d-b08b-2713d8932784 0.388s
2025-05-13 12:51:39.628 69706 INFO tempest.lib.common.rest_client [req-f1d659b9-574c-4d76-a2da-e653c774cb88 req-f1d659b9-574c-4d76-a2da-e653c774cb88 ] Request (ImagesOneServerNegativeTestJSON:_run_cleanups): 404 GET http://10.180.1.21/compute/v2.1/servers/3ac2a03e-f49a-47bb-a28e-1a331ce309f2 0.405s
2025-05-13 12:51:39.633 69690 INFO tempest.lib.common.rest_client [req-00c5027f-10e6-494d-8b9e-440b61fb8560 req-00c5027f-10e6-494d-8b9e-440b61fb8560 ] Request (MigrationsAdminTest:test_list_migrations_in_flavor_resize_situation): 200 GET http://10.180.1.21/compute/v2.1/servers/c24189e8-ca4b-448f-954f-e25bcc4db234 0.513s
2025-05-13 12:51:39.633 69648 INFO tempest.lib.common.rest_client [req-b8c89e3f-065f-494d-99c6-a87209e370c1 req-b8c89e3f-065f-494d-99c6-a87209e370c1 ] Request (ServersAdminNegativeTestJSON:test_reset_state_server_invalid_type): 400 POST http://10.180.1.21/compute/v2.1/servers/0e82f13a-5834-4629-bf70-6646d1670e8d/action 0.409s
2025-05-13 12:51:39.700 69700 INFO tempest.lib.common.rest_client [req-0a2e7d3c-514c-48d4-b294-1a8790ba1958 req-0a2e7d3c-514c-48d4-b294-1a8790ba1958 ] Request (SecurityGroupRulesTestJSON:tearDownClass): 204 DELETE http://10.180.1.21/identity/v3/users/05adf3c17c084d248d58f2f73566e6d3 0.162s
2025-05-13 12:51:39.700 69674 INFO tempest.lib.common.rest_client [req-02981897-4e93-45fa-a996-324f90d82918 req-02981897-4e93-45fa-a996-324f90d82918 ] Request (FloatingIPsAssociationNegativeTestJSON:setUpClass): 200 GET http://10.180.1.21/compute/v2.1/servers/9e5a0744-6697-4972-9b86-33c5c7f5d83b 0.279s
2025-05-13 12:51:39.700 69700 INFO tempest.lib.common.dynamic_creds [-] Deleting project and security group for project: ae4f9720102341d18e19dd9fbe2a2bec
2025-05-13 12:51:39.735 69700 INFO tempest.lib.common.rest_client [req-11abd5ed-0bf1-4e2b-9887-9970cb8b6c8b req-11abd5ed-0bf1-4e2b-9887-9970cb8b6c8b ] Request (SecurityGroupRulesTestJSON:tearDownClass): 200 GET http://10.180.1.21:9696/networking/v2.0/security-groups?tenant_id=ae4f9720102341d18e19dd9fbe2a2bec&name=default 0.034s
2025-05-13 12:51:39.755 69662 INFO tempest.lib.common.rest_client [req-72109ce0-4c36-44e6-a4da-bede012aff4f req-72109ce0-4c36-44e6-a4da-bede012aff4f ] Request (ServerGroupTestJSON:test_create_server_with_scheduler_hint_group): 200 GET http://10.180.1.21/compute/v2.1/servers/5670b857-d679-4397-b310-94fcbc1a014c 0.377s
2025-05-13 12:51:39.774 69666 INFO tempest.lib.common.rest_client [req-5b8329ce-432c-47af-8005-9a37ab729820 req-5b8329ce-432c-47af-8005-9a37ab729820 ] Request (DeleteServersAdminTestJSON:test_delete_server_while_in_error_state): 200 GET http://10.180.1.21/compute/v2.1/servers/d0089ac6-b35e-4705-8652-1d87d64394f8 0.326s
2025-05-13 12:51:39.818 69646 INFO tempest.lib.common.rest_client [req-1473fe4c-4bc5-46f0-9b30-c1602c05e0a9 req-1473fe4c-4bc5-46f0-9b30-c1602c05e0a9 ] Request (ListServersNegativeTestJSON:setUpClass): 200 GET http://10.180.1.21/compute/v2.1/servers/48776541-d7e5-40e3-97e0-2cd6d2c08c4a 0.344s
2025-05-13 12:51:39.834 69646 INFO tempest.common.waiters [-] State transition "BUILD/scheduling" ==> "BUILD/None" after 15 second wait
2025-05-13 12:51:39.836 69682 INFO tempest.lib.common.rest_client [req-2fb588b3-d81e-431f-b3da-295d3c2db5a5 req-2fb588b3-d81e-431f-b3da-295d3c2db5a5 ] Request (ServerDiagnosticsNegativeTest:test_get_server_diagnostics_by_non_admin): 200 GET http://10.180.1.21/compute/v2.1/servers/651708cb-14cc-4b21-a183-0739ec714d11 0.314s
2025-05-13 12:51:39.862 69700 INFO tempest.lib.common.rest_client [req-83c5010b-1a0e-4008-8a91-662f63f1b9d3 req-83c5010b-1a0e-4008-8a91-662f63f1b9d3 ] Request (SecurityGroupRulesTestJSON:tearDownClass): 204 DELETE http://10.180.1.21:9696/networking/v2.0/security-groups/1f5b9c69-0e8e-4c44-9ace-936be11159f0 0.127s
2025-05-13 12:51:39.863 69692 INFO tempest.lib.common.rest_client [req-4be66c92-40b4-43e3-9baf-1446949b5f06 req-4be66c92-40b4-43e3-9baf-1446949b5f06 ] Request (SecurityGroupsTestJSON:test_security_groups_create_list_delete): 404 GET http://10.180.1.21/compute/v2.1/os-security-groups/a7fb35c7-3e51-424d-b08b-2713d8932784 0.258s
2025-05-13 12:51:39.883 69702 INFO tempest.lib.common.rest_client [req-8a65c60d-5ac7-468c-ab6a-5f2029334aae req-8a65c60d-5ac7-468c-ab6a-5f2029334aae ] Request (FloatingIPsAssociationTestJSON:test_associate_already_associated_floating_ip): 200 GET http://10.180.1.21/compute/v2.1/servers/338e3dba-8a0f-449f-8390-a4899ae08146 0.278s
2025-05-13 12:51:39.891 69648 INFO tempest.lib.common.rest_client [req-0a1da3fc-c3aa-4f95-9752-aa171c1dacb4 req-0a1da3fc-c3aa-4f95-9752-aa171c1dacb4 ] Request (ServersAdminNegativeTestJSON:test_reset_state_server_nonexistent_server): 404 POST http://10.180.1.21/compute/v2.1/servers/999/action 0.256s
2025-05-13 12:51:39.913 69706 INFO tempest.lib.common.rest_client [req-b3ffbe8c-da09-4c75-b2dc-1c4de952c604 req-b3ffbe8c-da09-4c75-b2dc-1c4de952c604 ] Request (ImagesOneServerNegativeTestJSON:_run_cleanups): 200 POST http://10.180.1.21/compute/v2.1/os-keypairs 0.283s
2025-05-13 12:51:39.978 69668 INFO tempest.lib.common.rest_client [req-1e3bf3c8-ebcc-4bac-be57-0b1e6ec87170 req-1e3bf3c8-ebcc-4bac-be57-0b1e6ec87170 ] Request (ServersAdmin275Test:tearDownClass): 200 GET http://10.180.1.21/compute/v2.1/servers/5b062b1d-53b0-4c79-a695-a5aaabcf3552 0.289s
2025-05-13 12:51:39.998 69665 INFO tempest.lib.common.rest_client [req-48e326f7-03f6-4051-9e8b-b616bff41d07 req-48e326f7-03f6-4051-9e8b-b616bff41d07 ] Request (ServerDiagnosticsV248Test:tearDownClass): 200 GET http://10.180.1.21/compute/v2.1/servers/2b88dbef-e3b5-41a7-85dd-b2c007b46680 0.297s
2025-05-13 12:51:40.002 69700 INFO tempest.lib.common.rest_client [req-0d795d56-cdc3-4741-9049-34c2687c5346 req-0d795d56-cdc3-4741-9049-34c2687c5346 ] Request (SecurityGroupRulesTestJSON:tearDownClass): 204 DELETE http://10.180.1.21/identity/v3/projects/ae4f9720102341d18e19dd9fbe2a2bec 0.139s
2025-05-13 12:51:40.071 69660 INFO tempest.lib.common.rest_client [req-50f813de-8cde-46d5-918b-590d703b04fb req-50f813de-8cde-46d5-918b-590d703b04fb ] Request (ServerRescueTestJSONUnderV235:tearDownClass): 200 GET http://10.180.1.21/compute/v2.1/servers/c8fb439a-a034-4360-a0a5-72f2cd895222 0.295s
2025-05-13 12:51:40.118 69706 INFO tempest.lib.common.rest_client [req-206c5cf2-c92a-4404-94e1-d658a4b8448f req-206c5cf2-c92a-4404-94e1-d658a4b8448f ] Request (ImagesOneServerNegativeTestJSON:_run_cleanups): 201 POST http://10.180.1.21:9696/networking/v2.0/security-groups 0.203s
2025-05-13 12:51:40.121 69700 INFO tempest.lib.common.rest_client [req-1c2da537-8069-4911-9f72-37e8daf634e2 req-1c2da537-8069-4911-9f72-37e8daf634e2 ] Request (ServerActionsTestOtherA:setUpClass): 201 POST http://10.180.1.21/identity/v3/auth/tokens 0.117s
2025-05-13 12:51:40.168 69700 INFO tempest.lib.common.rest_client [req-c911ae9f-5e40-49f0-b536-60cec9516749 req-c911ae9f-5e40-49f0-b536-60cec9516749 ] Request (ServerActionsTestOtherA:setUpClass): 201 POST http://10.180.1.21/identity/v3/auth/tokens 0.043s
2025-05-13 12:51:40.211 69700 INFO tempest.lib.common.rest_client [req-1c064750-c8ab-47c0-ab23-3a0402722adb req-1c064750-c8ab-47c0-ab23-3a0402722adb ] Request (ServerActionsTestOtherA:setUpClass): 200 GET http://10.180.1.21/identity/v3/domains?name=Default 0.042s
2025-05-13 12:51:40.233 69692 INFO tempest.lib.common.rest_client [req-418a06ff-8067-43fc-b6d5-4ca9161d7c09 req-418a06ff-8067-43fc-b6d5-4ca9161d7c09 ] Request (SecurityGroupsTestJSON:test_security_groups_create_list_delete): 202 DELETE http://10.180.1.21/compute/v2.1/os-security-groups/9a88a2ae-2ee4-4971-8f66-353853a500ae 0.369s
2025-05-13 12:51:40.237 69686 INFO tempest.lib.common.rest_client [req-3b2ead94-20af-4819-b01d-7e30840c1ab6 req-3b2ead94-20af-4819-b01d-7e30840c1ab6 ] Request (AttachInterfacesUnderV243Test:test_add_remove_fixed_ip): 200 GET http://10.180.1.21/compute/v2.1/servers/e7352ab5-48c6-4f5d-849d-54d74afbdc5e 0.367s
2025-05-13 12:51:40.271 69700 INFO tempest.lib.common.rest_client [req-80803871-4021-4d43-80e3-0bec1912983b req-80803871-4021-4d43-80e3-0bec1912983b ] Request (ServerActionsTestOtherA:setUpClass): 201 POST http://10.180.1.21/identity/v3/projects 0.059s
2025-05-13 12:51:40.333 69706 INFO tempest.lib.common.rest_client [req-c3cfeda6-e8f1-4a2b-8159-93d2cb74697f req-c3cfeda6-e8f1-4a2b-8159-93d2cb74697f ] Request (ImagesOneServerNegativeTestJSON:_run_cleanups): 201 POST http://10.180.1.21:9696/networking/v2.0/security-group-rules 0.214s
2025-05-13 12:51:40.390 69700 INFO tempest.lib.common.rest_client [req-9331ddb1-3087-48e5-810c-031b057d093a req-9331ddb1-3087-48e5-810c-031b057d093a ] Request (ServerActionsTestOtherA:setUpClass): 201 POST http://10.180.1.21/identity/v3/users 0.119s
2025-05-13 12:51:40.408 69648 INFO tempest.lib.common.rest_client [req-42bf20e1-a16f-4613-b690-62bf5078a3fb req-42bf20e1-a16f-4613-b690-62bf5078a3fb ] Request (ServersAdminNegativeTestJSON:test_resize_server_using_overlimit_ram): 200 GET http://10.180.1.21/compute/v2.1/os-quota-sets/04ffec2852174a06ab29d7c5a7dea745 0.514s
2025-05-13 12:51:40.421 69700 INFO tempest.lib.common.rest_client [req-82a32c9f-f643-4d58-8f2a-d663895f383b req-82a32c9f-f643-4d58-8f2a-d663895f383b ] Request (ServerActionsTestOtherA:setUpClass): 200 GET http://10.180.1.21/identity/v3/roles 0.030s
2025-05-13 12:51:40.438 69696 INFO tempest.lib.common.rest_client [req-8bad3106-0653-4c96-b1f8-9300e5e62df1 req-8bad3106-0653-4c96-b1f8-9300e5e62df1 ] Request (ServersTestBootFromVolume:setUpClass): 200 GET http://10.180.1.21/compute/v2.1/servers/32c9153b-c6e6-44a8-8c7a-54fff8444175 0.502s
2025-05-13 12:51:40.445 69696 INFO tempest.common.waiters [-] State transition "BUILD/block_device_mapping" ==> "BUILD/spawning" after 36 second wait
2025-05-13 12:51:40.460 69650 INFO tempest.lib.common.rest_client [req-bde8d2b6-fa1b-493c-9f7b-7d14be2cf323 req-bde8d2b6-fa1b-493c-9f7b-7d14be2cf323 ] Request (ServerActionsV293TestJSON:setUpClass): 200 GET http://10.180.1.21/volume/v3/volumes/a524bcc2-da9f-40c7-a080-cabae8d2bfd5 0.035s
2025-05-13 12:51:40.463 69700 INFO tempest.lib.common.rest_client [req-4b52e1cc-c512-4e2a-9006-7e26f53ad3b5 req-4b52e1cc-c512-4e2a-9006-7e26f53ad3b5 ] Request (ServerActionsTestOtherA:setUpClass): 204 PUT http://10.180.1.21/identity/v3/projects/3edb9458216244df861ee4727a09ba00/users/fbbd1fdf0dbf4092b7c96d8126662dfa/roles/7fd50f9b29734a31aed8d8338361eb41 0.041s
2025-05-13 12:51:40.463 69700 INFO tempest.lib.common.dynamic_creds [-] Dynamic test user fbbd1fdf0dbf4092b7c96d8126662dfa is created with scope project and roles: ['member']
2025-05-13 12:51:40.464 69700 INFO tempest.lib.common.dynamic_creds [-] Acquired dynamic creds: credentials: Credentials: {'domain_id': 'default', 'domain_name': 'Default', 'username': 'tempest-ServerActionsTestOtherA-226443462-project-member', 'project_domain_id': 'default', 'project_domain_name': 'Default', 'project_id': '3edb9458216244df861ee4727a09ba00', 'project_name': 'tempest-ServerActionsTestOtherA-226443462', 'tenant_id': '3edb9458216244df861ee4727a09ba00', 'tenant_name': 'tempest-ServerActionsTestOtherA-226443462', 'user_domain_id': 'default', 'user_domain_name': 'Default', 'user_id': 'fbbd1fdf0dbf4092b7c96d8126662dfa', 'system': None}, Network: None, Subnet: None, Router: None
2025-05-13 12:51:40.475 69644 INFO tempest.lib.common.rest_client [req-a03b16e3-25f2-46de-912d-925ce436db29 req-a03b16e3-25f2-46de-912d-925ce436db29 ] Request (ServersAdminTestJSON:test_create_server_with_scheduling_hint): 200 GET http://10.180.1.21/compute/v2.1/servers/e5f45a1f-33d1-4633-b03f-307e9ba561af 0.539s
2025-05-13 12:51:40.502 69706 INFO tempest.lib.common.rest_client [req-8d591d23-9ca0-4bfc-9d49-a83bd636dd1f req-8d591d23-9ca0-4bfc-9d49-a83bd636dd1f ] Request (ImagesOneServerNegativeTestJSON:_run_cleanups): 201 POST http://10.180.1.21:9696/networking/v2.0/security-group-rules 0.169s
2025-05-13 12:51:40.511 69676 INFO tempest.lib.common.rest_client [req-b19312e0-9efe-4067-b586-12f8e397e648 req-b19312e0-9efe-4067-b586-12f8e397e648 ] Request (ServersAaction247Test:test_create_backup): 200 GET http://10.180.1.21/compute/v2.1/servers/25436752-c4fa-4f90-a057-883501b0eaa6 0.487s
2025-05-13 12:51:40.558 69700 INFO tempest.lib.common.rest_client [req-a25eeb18-1724-47d1-9902-3963fb7dca54 req-a25eeb18-1724-47d1-9902-3963fb7dca54 ] Request (ServerActionsTestOtherA:setUpClass): 201 POST http://10.180.1.21/identity/v3/auth/tokens 0.094s
2025-05-13 12:51:40.565 69704 INFO tempest.lib.common.rest_client [req-c0a4de31-d299-4e54-9aab-46488ead9b76 req-c0a4de31-d299-4e54-9aab-46488ead9b76 ] Request (ServersTestJSON:test_create_server_with_ipv6_addr_only): 200 GET http://10.180.1.21/compute/v2.1/servers/2903c85c-20c2-4747-9522-922f56568546 0.486s
2025-05-13 12:51:40.596 69698 INFO tempest.lib.common.rest_client [req-c73c9f35-3cfb-4549-a613-1f56bae7d025 req-c73c9f35-3cfb-4549-a613-1f56bae7d025 ] Request (ServersListShow296Test:test_list_show_update_rebuild_server_296): 200 GET http://10.180.1.21/compute/v2.1/servers/d6a3be63-5ad6-4ca9-855e-01b14065473a 0.495s
2025-05-13 12:51:40.607 69692 INFO tempest.lib.common.rest_client [req-6509a78e-14a3-4596-a972-7114afb39f40 req-6509a78e-14a3-4596-a972-7114afb39f40 ] Request (SecurityGroupsTestJSON:test_security_groups_create_list_delete): 404 GET http://10.180.1.21/compute/v2.1/os-security-groups/9a88a2ae-2ee4-4971-8f66-353853a500ae 0.374s
2025-05-13 12:51:40.679 69678 INFO tempest.lib.common.rest_client [req-66b17f8c-fc48-4d99-9890-d3ac3797721f req-66b17f8c-fc48-4d99-9890-d3ac3797721f ] Request (ServerPasswordTestJSON:tearDownClass): 200 GET http://10.180.1.21/compute/v2.1/servers/d6e164fd-9d10-4a2b-b7dc-cd9c69ea83e1 0.433s
2025-05-13 12:51:40.686 69678 INFO tempest.common.waiters [-] State transition "ACTIVE/deleting" ==> "DELETED/None" after 3 second wait
2025-05-13 12:51:40.697 69694 INFO tempest.lib.common.rest_client [req-9ac569ba-432a-4d31-8068-c7fafa29f570 req-9ac569ba-432a-4d31-8068-c7fafa29f570 ] Request (ServerAddressesNegativeTestJSON:setUpClass): 200 GET http://10.180.1.21/compute/v2.1/servers/91b8bcff-61b1-4624-91b2-5af3577b6961 0.385s
2025-05-13 12:51:40.746 69670 INFO tempest.lib.common.rest_client [req-23b956fb-3dc6-4ef9-b416-618d7f2e091b req-23b956fb-3dc6-4ef9-b416-618d7f2e091b ] Request (ImagesTestJSON:test_create_image_from_stopped_server): 200 GET http://10.180.1.21/compute/v2.1/servers/b5adf32b-f399-4338-8a19-79f9d51e9072 0.430s
2025-05-13 12:51:40.765 69656 INFO tempest.lib.common.rest_client [req-aee637f7-81d8-42ff-9931-7e3cc3f17ee0 req-aee637f7-81d8-42ff-9931-7e3cc3f17ee0 ] Request (ServerExternalEventsTest:tearDownClass): 200 GET http://10.180.1.21/compute/v2.1/servers/9687aeba-3a74-4bf1-9fda-9b76c88c1107 0.382s
2025-05-13 12:51:40.769 69648 INFO tempest.lib.common.rest_client [req-d8f5e42b-fbb6-4cb8-8116-a7a48dd11237 req-d8f5e42b-fbb6-4cb8-8116-a7a48dd11237 ] Request (ServersAdminNegativeTestJSON:test_resize_server_using_overlimit_ram): 200 POST http://10.180.1.21/compute/v2.1/flavors 0.357s
2025-05-13 12:51:40.832 69652 INFO tempest.lib.common.rest_client [req-5e578f3f-8476-4287-89b0-59b3dfaa5a54 req-5e578f3f-8476-4287-89b0-59b3dfaa5a54 ] Request (ServersTestMultiNic:_run_cleanups): 200 GET http://10.180.1.21/compute/v2.1/servers/bed42166-e13b-4ce8-bd8e-c77571480e4c 0.370s
2025-05-13 12:51:40.947 69658 INFO tempest.lib.common.rest_client [req-b8396d3b-da5d-469c-bd61-97b860bf3ec7 req-b8396d3b-da5d-469c-bd61-97b860bf3ec7 ] Request (DeleteServersTestJSON:test_delete_active_server): 200 GET http://10.180.1.21/compute/v2.1/servers/c73fd2e2-ba3b-4add-94d5-1d86fdafcfaf 0.483s
2025-05-13 12:51:40.960 69692 INFO tempest.lib.common.rest_client [req-5978b905-e600-4379-bd77-a6eae03c563a req-5978b905-e600-4379-bd77-a6eae03c563a ] Request (SecurityGroupsTestJSON:test_security_groups_create_list_delete): 202 DELETE http://10.180.1.21/compute/v2.1/os-security-groups/31f85a8e-6790-45bb-a4d3-750ce38dbf92 0.352s
2025-05-13 12:51:41.026 69674 INFO tempest.lib.common.rest_client [req-55473446-a04f-4295-87ff-06e7690c1202 req-55473446-a04f-4295-87ff-06e7690c1202 ] Request (FloatingIPsAssociationNegativeTestJSON:setUpClass): 200 GET http://10.180.1.21/compute/v2.1/servers/9e5a0744-6697-4972-9b86-33c5c7f5d83b 0.317s
2025-05-13 12:51:41.087 69700 INFO tempest.lib.common.rest_client [req-c68b0ff1-6337-4526-a086-a7df0eed401d req-c68b0ff1-6337-4526-a086-a7df0eed401d ] Request (ServerActionsTestOtherA:setUpClass): 201 POST http://10.180.1.21:9696/networking/v2.0/networks 0.528s
2025-05-13 12:51:41.183 69690 INFO tempest.lib.common.rest_client [req-cebf121d-6054-4157-ab55-b674440dc772 req-cebf121d-6054-4157-ab55-b674440dc772 ] Request (MigrationsAdminTest:test_list_migrations_in_flavor_resize_situation): 200 GET http://10.180.1.21/compute/v2.1/servers/c24189e8-ca4b-448f-954f-e25bcc4db234 0.541s
2025-05-13 12:51:41.261 69662 INFO tempest.lib.common.rest_client [req-b4f3b2b2-e9ec-47f4-888d-a49825746cc6 req-b4f3b2b2-e9ec-47f4-888d-a49825746cc6 ] Request (ServerGroupTestJSON:test_create_server_with_scheduler_hint_group): 200 GET http://10.180.1.21/compute/v2.1/servers/5670b857-d679-4397-b310-94fcbc1a014c 0.490s
2025-05-13 12:51:41.275 69706 INFO tempest.lib.common.rest_client [req-54e7b554-84df-426d-bff9-f9bd536a1740 req-54e7b554-84df-426d-bff9-f9bd536a1740 ] Request (ImagesOneServerNegativeTestJSON:_run_cleanups): 201 POST http://10.180.1.21:9696/networking/v2.0/floatingips 0.772s
2025-05-13 12:51:41.339 69648 INFO tempest.lib.common.rest_client [req-39e696d5-6fc4-468c-a7e3-55a8ff0b986c req-39e696d5-6fc4-468c-a7e3-55a8ff0b986c ] Request (ServersAdminNegativeTestJSON:test_resize_server_using_overlimit_ram): 403 POST http://10.180.1.21/compute/v2.1/servers/0e82f13a-5834-4629-bf70-6646d1670e8d/action 0.564s
2025-05-13 12:51:41.353 69666 INFO tempest.lib.common.rest_client [req-e836da06-81a8-4e30-b0f8-ee800b6721a7 req-e836da06-81a8-4e30-b0f8-ee800b6721a7 ] Request (DeleteServersAdminTestJSON:test_delete_server_while_in_error_state): 200 GET http://10.180.1.21/compute/v2.1/servers/d0089ac6-b35e-4705-8652-1d87d64394f8 0.565s
2025-05-13 12:51:41.367 69706 INFO tempest.lib.common.rest_client [req-4a0af533-08c3-491f-98e3-7db55a7197d3 req-4a0af533-08c3-491f-98e3-7db55a7197d3 ] Request (ImagesOneServerNegativeTestJSON:_run_cleanups): 201 POST http://10.180.1.21/identity/v3/auth/tokens 0.082s
2025-05-13 12:51:41.367 69706 INFO tempest.lib.common.fixed_network [-] (ImagesOneServerNegativeTestJSON:_run_cleanups) Found network {'id': '8b434fd7-2d8d-46f0-a445-150fbf22d3bd', 'name': 'tempest-ImagesOneServerNegativeTestJSON-1927366083-network', 'tenant_id': '98a3582a43564b60a02b6ff4c145faa7', 'admin_state_up': True, 'mtu': 8950, 'status': 'ACTIVE', 'subnets': [], 'shared': False, 'project_id': '98a3582a43564b60a02b6ff4c145faa7', 'port_security_enabled': True, 'router:external': False, 'provider:network_type': 'vlan', 'provider:physical_network': 'default', 'provider:segmentation_id': 252, 'availability_zone_hints': [], 'availability_zones': [], 'ipv4_address_scope': None, 'ipv6_address_scope': None, 'description': '', 'tags': [], 'created_at': '2025-05-13T12:50:01Z', 'updated_at': '2025-05-13T12:50:01Z', 'revision_number': 1} available for tenant
2025-05-13 12:51:41.411 69646 INFO tempest.lib.common.rest_client [req-ccb6abb4-329c-4338-9848-e7df9d2040c8 req-ccb6abb4-329c-4338-9848-e7df9d2040c8 ] Request (ListServersNegativeTestJSON:setUpClass): 200 GET http://10.180.1.21/compute/v2.1/servers/48776541-d7e5-40e3-97e0-2cd6d2c08c4a 0.575s
2025-05-13 12:51:41.435 69682 INFO tempest.lib.common.rest_client [req-96e7eec2-88cc-45eb-83d6-ec6ef07b95ab req-96e7eec2-88cc-45eb-83d6-ec6ef07b95ab ] Request (ServerDiagnosticsNegativeTest:test_get_server_diagnostics_by_non_admin): 200 GET http://10.180.1.21/compute/v2.1/servers/651708cb-14cc-4b21-a183-0739ec714d11 0.591s
2025-05-13 12:51:41.471 69702 INFO tempest.lib.common.rest_client [req-4d7b2f67-0d3b-4c6d-ae71-8e99f4635fab req-4d7b2f67-0d3b-4c6d-ae71-8e99f4635fab ] Request (FloatingIPsAssociationTestJSON:test_associate_already_associated_floating_ip): 200 GET http://10.180.1.21/compute/v2.1/servers/338e3dba-8a0f-449f-8390-a4899ae08146 0.576s
2025-05-13 12:51:41.487 69692 INFO tempest.lib.common.rest_client [req-48e7300a-bbbc-4557-b038-cb22959b6749 req-48e7300a-bbbc-4557-b038-cb22959b6749 ] Request (SecurityGroupsTestJSON:test_security_groups_create_list_delete): 404 GET http://10.180.1.21/compute/v2.1/os-security-groups/31f85a8e-6790-45bb-a4d3-750ce38dbf92 0.526s
2025-05-13 12:51:41.496 69700 INFO tempest.lib.common.rest_client [req-d609728c-e64f-4687-a1e9-a9a866de90e2 req-d609728c-e64f-4687-a1e9-a9a866de90e2 ] Request (ServerActionsTestOtherA:setUpClass): 201 POST http://10.180.1.21:9696/networking/v2.0/subnets 0.409s
2025-05-13 12:51:41.511 69650 INFO tempest.lib.common.rest_client [req-157eff6f-f3e8-4135-a62e-bdebc86fc808 req-157eff6f-f3e8-4135-a62e-bdebc86fc808 ] Request (ServerActionsV293TestJSON:setUpClass): 200 GET http://10.180.1.21/volume/v3/volumes/a524bcc2-da9f-40c7-a080-cabae8d2bfd5 0.039s
2025-05-13 12:51:41.563 69668 INFO tempest.lib.common.rest_client [req-0988d6a6-8ee6-4c01-9c78-df45a1b5ad00 req-0988d6a6-8ee6-4c01-9c78-df45a1b5ad00 ] Request (ServersAdmin275Test:tearDownClass): 200 GET http://10.180.1.21/compute/v2.1/servers/5b062b1d-53b0-4c79-a695-a5aaabcf3552 0.573s
2025-05-13 12:51:41.573 69665 INFO tempest.lib.common.rest_client [req-1545d317-de2c-478b-a6a8-0e847f4f1534 req-1545d317-de2c-478b-a6a8-0e847f4f1534 ] Request (ServerDiagnosticsV248Test:tearDownClass): 200 GET http://10.180.1.21/compute/v2.1/servers/2b88dbef-e3b5-41a7-85dd-b2c007b46680 0.565s
2025-05-13 12:51:41.640 69660 INFO tempest.lib.common.rest_client [req-16801648-60b4-404c-90bb-04f294420232 req-16801648-60b4-404c-90bb-04f294420232 ] Request (ServerRescueTestJSONUnderV235:tearDownClass): 200 GET http://10.180.1.21/compute/v2.1/servers/c8fb439a-a034-4360-a0a5-72f2cd895222 0.554s
2025-05-13 12:51:41.668 69648 INFO tempest.lib.common.rest_client [req-ba0e8b29-38ff-4522-98e7-daba19fbc26c req-ba0e8b29-38ff-4522-98e7-daba19fbc26c ] Request (ServersAdminNegativeTestJSON:_run_cleanups): 202 DELETE http://10.180.1.21/compute/v2.1/flavors/2023208153 0.328s
2025-05-13 12:51:41.740 69686 INFO tempest.lib.common.rest_client [req-66d0a9f5-213c-41a5-9434-7c731ae9ab11 req-66d0a9f5-213c-41a5-9434-7c731ae9ab11 ] Request (AttachInterfacesUnderV243Test:test_add_remove_fixed_ip): 200 GET http://10.180.1.21/compute/v2.1/servers/e7352ab5-48c6-4f5d-849d-54d74afbdc5e 0.486s
2025-05-13 12:51:41.748 69686 INFO tempest.common.waiters [-] State transition "BUILD/spawning" ==> "ACTIVE/None" after 43 second wait
2025-05-13 12:51:41.847 69696 INFO tempest.lib.common.rest_client [req-c24f21de-8bcb-43c0-8fdf-885023e07042 req-c24f21de-8bcb-43c0-8fdf-885023e07042 ] Request (ServersTestBootFromVolume:setUpClass): 200 GET http://10.180.1.21/compute/v2.1/servers/32c9153b-c6e6-44a8-8c7a-54fff8444175 0.401s
2025-05-13 12:51:41.959 69692 INFO tempest.lib.common.rest_client [req-216a0a06-fe6b-405c-8e9f-17717847ba3f req-216a0a06-fe6b-405c-8e9f-17717847ba3f ] Request (SecurityGroupsTestJSON:test_security_groups_create_list_delete): 200 GET http://10.180.1.21/compute/v2.1/os-security-groups 0.471s
2025-05-13 12:51:42.039 69644 INFO tempest.lib.common.rest_client [req-1f2af57b-d42b-4807-925f-751e15a8f202 req-1f2af57b-d42b-4807-925f-751e15a8f202 ] Request (ServersAdminTestJSON:test_create_server_with_scheduling_hint): 200 GET http://10.180.1.21/compute/v2.1/servers/e5f45a1f-33d1-4633-b03f-307e9ba561af 0.547s
2025-05-13 12:51:42.105 69676 INFO tempest.lib.common.rest_client [req-27995335-4dd6-4d5a-b21b-8df413abd4e5 req-27995335-4dd6-4d5a-b21b-8df413abd4e5 ] Request (ServersAaction247Test:test_create_backup): 200 GET http://10.180.1.21/compute/v2.1/servers/25436752-c4fa-4f90-a057-883501b0eaa6 0.581s
2025-05-13 12:51:42.160 69704 INFO tempest.lib.common.rest_client [req-c607fef8-2013-4c39-9e39-cddda7803986 req-c607fef8-2013-4c39-9e39-cddda7803986 ] Request (ServersTestJSON:test_create_server_with_ipv6_addr_only): 200 GET http://10.180.1.21/compute/v2.1/servers/2903c85c-20c2-4747-9522-922f56568546 0.582s
2025-05-13 12:51:42.223 69706 INFO tempest.lib.common.rest_client [req-61d078e2-f785-4875-9b82-03c6275a89b4 req-61d078e2-f785-4875-9b82-03c6275a89b4 ] Request (ImagesOneServerNegativeTestJSON:_run_cleanups): 202 POST http://10.180.1.21/compute/v2.1/servers 0.855s
2025-05-13 12:51:42.229 69698 INFO tempest.lib.common.rest_client [req-256cd2bc-7e8d-46c5-b9c6-64cc3f735d6b req-256cd2bc-7e8d-46c5-b9c6-64cc3f735d6b ] Request (ServersListShow296Test:test_list_show_update_rebuild_server_296): 200 GET http://10.180.1.21/compute/v2.1/servers/d6a3be63-5ad6-4ca9-855e-01b14065473a 0.616s
