2025-05-13 12:50:06.572 69682 INFO tempest.lib.common.rest_client [req-6ecb04eb-6326-4011-8906-250abbd463b5 req-6ecb04eb-6326-4011-8906-250abbd463b5 ] Request (FlavorMetadataValidation:tearDownClass): 200 GET http://10.180.1.21:9696/networking/v2.0/security-groups?tenant_id=cfc93ec4e34b4ed5953b07c2e1f9fc41&name=default 0.374s
2025-05-13 12:50:06.572 69686 INFO tempest.lib.common.rest_client [req-fbcd9a3d-0499-4043-9fc5-5264f1ed5d02 req-fbcd9a3d-0499-4043-9fc5-5264f1ed5d02 ] Request (QuotasSecurityGroupAdminNegativeTest:tearDownClass): 204 DELETE http://10.180.1.21/identity/v3/projects/91a3fed444744b8da78b5090ab36e14d 0.192s
2025-05-13 12:50:06.572 69686 INFO tempest.lib.common.dynamic_creds [-] Deleting project and security group for project: 66258cefd446407d8ec67adf75e72e96
2025-05-13 12:50:06.576 69658 INFO tempest.lib.common.rest_client [req-b23b1d95-b8d5-4a23-910e-eb58295a0ad4 req-b23b1d95-b8d5-4a23-910e-eb58295a0ad4 ] Request (AZAdminNegativeTestJSON:tearDownClass): 204 DELETE http://10.180.1.21/identity/v3/projects/143f42d621034317a853c29a4b65344b 0.199s
2025-05-13 12:50:06.576 69658 INFO tempest.lib.common.dynamic_creds [-] Deleting project and security group for project: 4f1af561e3634d5c9a9c8da1f6c9f240
2025-05-13 12:50:06.586 69654 INFO tempest.lib.common.rest_client [req-379d1521-4496-4be3-bc0d-51f20928a1d7 req-379d1521-4496-4be3-bc0d-51f20928a1d7 ] Request (ServersWithSpecificFlavorTestJSON:setUpClass): 201 POST http://10.180.1.21:9696/networking/v2.0/networks 0.253s
2025-05-13 12:50:06.676 69680 INFO tempest.lib.common.rest_client [req-c7a1bcb9-3d24-4946-84c4-6e75620b5533 req-c7a1bcb9-3d24-4946-84c4-6e75620b5533 ] Request (VolumesAdminNegativeTest:setUpClass): 201 POST http://10.180.1.21:9696/networking/v2.0/networks 0.275s
2025-05-13 12:50:06.748 69658 INFO tempest.lib.common.rest_client [req-54c0c654-7076-4ab7-bb0f-b442a5fd4971 req-54c0c654-7076-4ab7-bb0f-b442a5fd4971 ] Request (AZAdminNegativeTestJSON:tearDownClass): 200 GET http://10.180.1.21:9696/networking/v2.0/security-groups?tenant_id=4f1af561e3634d5c9a9c8da1f6c9f240&name=default 0.172s
2025-05-13 12:50:06.754 69652 INFO tempest.lib.common.rest_client [req-a10eec64-2a3d-49ab-b079-eef54421b195 req-a10eec64-2a3d-49ab-b079-eef54421b195 ] Request (QuotasAdminTestV257:test_get_updated_quotas): 200 GET http://10.180.1.21/compute/v2.1/os-quota-sets/ebf040894c7b44dea8814d5f7959f5a8/detail 2.395s
2025-05-13 12:50:06.779 69652 INFO tempest.lib.common.rest_client [req-423b2fbc-1694-4c5e-b4b0-93b2fa1be20d req-423b2fbc-1694-4c5e-b4b0-93b2fa1be20d ] Request (QuotasAdminTestV257:test_get_updated_quotas): 200 GET http://10.180.1.21/identity/v3/domains?name=Default 0.021s
2025-05-13 12:50:06.808 69682 INFO tempest.lib.common.rest_client [req-abeed03b-19c6-441f-86a7-98644b7b0786 req-abeed03b-19c6-441f-86a7-98644b7b0786 ] Request (FlavorMetadataValidation:tearDownClass): 204 DELETE http://10.180.1.21:9696/networking/v2.0/security-groups/45fe818a-95fb-40e7-a205-22a448b7ec7a 0.236s
2025-05-13 12:50:06.841 69652 INFO tempest.lib.common.rest_client [req-d0df73f7-b775-4d21-b2f3-4ffcf8a0ac69 req-d0df73f7-b775-4d21-b2f3-4ffcf8a0ac69 ] Request (QuotasAdminTestV257:test_get_updated_quotas): 201 POST http://10.180.1.21/identity/v3/users 0.062s
2025-05-13 12:50:06.841 69668 INFO tempest.lib.common.rest_client [req-5c608909-df5d-494e-802a-c09f8aeab339 req-5c608909-df5d-494e-802a-c09f8aeab339 ] Request (InstanceUsageAuditLogTestJSON:test_get_instance_usage_audit_log): 200 GET http://10.180.1.21/compute/v2.1/os-instance_usage_audit_log/2025-05-13%2012%3A50%3A04 2.406s
2025-05-13 12:50:06.869 69658 INFO tempest.lib.common.rest_client [req-523436f0-ea9a-4202-a9f1-82605a69c142 req-523436f0-ea9a-4202-a9f1-82605a69c142 ] Request (AZAdminNegativeTestJSON:tearDownClass): 204 DELETE http://10.180.1.21:9696/networking/v2.0/security-groups/9e08df2f-b77e-4860-90ad-2a4405d3b9c8 0.121s
2025-05-13 12:50:06.882 69682 INFO tempest.lib.common.rest_client [req-995fb655-f20c-4bec-9aab-139c9e8598c6 req-995fb655-f20c-4bec-9aab-139c9e8598c6 ] Request (FlavorMetadataValidation:tearDownClass): 204 DELETE http://10.180.1.21/identity/v3/projects/cfc93ec4e34b4ed5953b07c2e1f9fc41 0.074s
2025-05-13 12:50:06.882 69682 INFO tempest.lib.common.dynamic_creds [-] Deleting project and security group for project: 2c773dd86ef64655a3804490e3863d40
2025-05-13 12:50:06.926 69678 INFO tempest.lib.common.rest_client [req-1bc67bc4-b525-4d1f-84b6-05cea3c7a428 req-1bc67bc4-b525-4d1f-84b6-05cea3c7a428 ] Request (HostsAdminNegativeTestJSON:setUpClass): 200 GET http://10.180.1.21/compute/v2.1/os-hosts 2.423s
2025-05-13 12:50:06.937 69652 INFO tempest.lib.common.rest_client [req-f88ad5c6-ebe8-40a1-b322-23ded0bc7068 req-f88ad5c6-ebe8-40a1-b322-23ded0bc7068 ] Request (QuotasAdminTestV257:test_get_updated_quotas): 200 GET http://10.180.1.21/identity/v3/domains?name=Default 0.095s
2025-05-13 12:50:06.967 69680 INFO tempest.lib.common.rest_client [req-96545ec0-a6cd-4e7c-bbc1-d4c18d5cdfba req-96545ec0-a6cd-4e7c-bbc1-d4c18d5cdfba ] Request (VolumesAdminNegativeTest:setUpClass): 201 POST http://10.180.1.21:9696/networking/v2.0/subnets 0.290s
2025-05-13 12:50:07.012 69658 INFO tempest.lib.common.rest_client [req-66dda3e4-768b-4ed4-a55e-491843f5d0cb req-66dda3e4-768b-4ed4-a55e-491843f5d0cb ] Request (AZAdminNegativeTestJSON:tearDownClass): 204 DELETE http://10.180.1.21/identity/v3/projects/4f1af561e3634d5c9a9c8da1f6c9f240 0.142s
2025-05-13 12:50:07.020 69686 INFO tempest.lib.common.rest_client [req-92c5e58b-53ba-430a-85fd-64c55e2ed738 req-92c5e58b-53ba-430a-85fd-64c55e2ed738 ] Request (QuotasSecurityGroupAdminNegativeTest:tearDownClass): 200 GET http://10.180.1.21:9696/networking/v2.0/security-groups?tenant_id=66258cefd446407d8ec67adf75e72e96&name=default 0.447s
2025-05-13 12:50:07.035 69682 INFO tempest.lib.common.rest_client [req-3b251654-a098-4063-a35c-c3d3f1b4ce3c req-3b251654-a098-4063-a35c-c3d3f1b4ce3c ] Request (FlavorMetadataValidation:tearDownClass): 200 GET http://10.180.1.21:9696/networking/v2.0/security-groups?tenant_id=2c773dd86ef64655a3804490e3863d40&name=default 0.152s
2025-05-13 12:50:07.076 69658 INFO tempest.lib.common.rest_client [req-cb1c6509-c5b7-40a7-87df-28203ddfac7c req-cb1c6509-c5b7-40a7-87df-28203ddfac7c ] Request (FloatingIPDetailsTestJSON:setUpClass): 201 POST http://10.180.1.21/identity/v3/auth/tokens 0.060s
2025-05-13 12:50:07.094 69660 INFO tempest.lib.common.rest_client [req-999ffb57-5529-4337-ac81-2b2da683fd1b req-999ffb57-5529-4337-ac81-2b2da683fd1b ] Request (ListImagesTestJSON:tearDownClass): 200 GET http://10.180.1.21:9696/networking/v2.0/security-groups?tenant_id=7c034cc8a4c4486881c9e050411277a7&name=default 0.708s
2025-05-13 12:50:07.104 69658 INFO tempest.lib.common.rest_client [req-178d79fb-ff06-4bd1-932c-edfa1290114c req-178d79fb-ff06-4bd1-932c-edfa1290114c ] Request (FloatingIPDetailsTestJSON:setUpClass): 201 POST http://10.180.1.21/identity/v3/auth/tokens 0.025s
2025-05-13 12:50:07.117 69698 INFO tempest.lib.common.rest_client [req-f66e7acb-57b6-489f-932f-79662332e13b req-f66e7acb-57b6-489f-932f-79662332e13b ] Request (FlavorsAdminTestJSON:test_create_flavor_using_string_ram): 200 POST http://10.180.1.21/compute/v2.1/flavors 2.574s
2025-05-13 12:50:07.145 69658 INFO tempest.lib.common.rest_client [req-0690a17f-84a4-401f-8d92-aee510e30ee5 req-0690a17f-84a4-401f-8d92-aee510e30ee5 ] Request (FloatingIPDetailsTestJSON:setUpClass): 200 GET http://10.180.1.21/identity/v3/domains?name=Default 0.041s
2025-05-13 12:50:07.166 69646 INFO tempest.lib.common.rest_client [req-d3b3d451-3f84-4740-a7d8-3e65118c4534 req-d3b3d451-3f84-4740-a7d8-3e65118c4534 ] Request (AttachInterfacesV270Test:test_create_get_list_interfaces): 202 POST http://10.180.1.21/compute/v2.1/servers 3.276s
2025-05-13 12:50:07.190 69658 INFO tempest.lib.common.rest_client [req-eb4858e9-46ef-4bbe-8f43-f20ce9d99dd2 req-eb4858e9-46ef-4bbe-8f43-f20ce9d99dd2 ] Request (FloatingIPDetailsTestJSON:setUpClass): 201 POST http://10.180.1.21/identity/v3/projects 0.044s
2025-05-13 12:50:07.214 69682 INFO tempest.lib.common.rest_client [req-d19c1810-3cce-4acb-ae4a-1b7f439c5cb2 req-d19c1810-3cce-4acb-ae4a-1b7f439c5cb2 ] Request (FlavorMetadataValidation:tearDownClass): 204 DELETE http://10.180.1.21:9696/networking/v2.0/security-groups/9dad5658-9611-4804-b571-e04a63e5669d 0.179s
2025-05-13 12:50:07.224 69704 INFO tempest.lib.common.rest_client [req-fc9b97f0-ba0c-4f87-bd4a-1fa7decd6e3b req-fc9b97f0-ba0c-4f87-bd4a-1fa7decd6e3b ] Request (HypervisorAdminNegativeUnderV252Test:test_search_hypervisor_with_non_admin_user): 200 GET http://10.180.1.21/compute/v2.1/os-hypervisors 2.603s
2025-05-13 12:50:07.265 69686 INFO tempest.lib.common.rest_client [req-dff0d06a-2405-4615-981f-e8c09381b36b req-dff0d06a-2405-4615-981f-e8c09381b36b ] Request (QuotasSecurityGroupAdminNegativeTest:tearDownClass): 204 DELETE http://10.180.1.21:9696/networking/v2.0/security-groups/0ce49481-4b8c-40ab-b37c-c1fb6f8c32df 0.244s
2025-05-13 12:50:07.291 69654 INFO tempest.lib.common.rest_client [req-834f810a-ef45-42e1-b933-198a2214f424 req-834f810a-ef45-42e1-b933-198a2214f424 ] Request (ServersWithSpecificFlavorTestJSON:setUpClass): 201 POST http://10.180.1.21:9696/networking/v2.0/subnets 0.705s
2025-05-13 12:50:07.297 69658 INFO tempest.lib.common.rest_client [req-ae3fb929-3b98-443b-b10a-211ac4771f78 req-ae3fb929-3b98-443b-b10a-211ac4771f78 ] Request (FloatingIPDetailsTestJSON:setUpClass): 201 POST http://10.180.1.21/identity/v3/users 0.106s
2025-05-13 12:50:07.308 69660 INFO tempest.lib.common.rest_client [req-92cc6f71-dc23-4da2-89d9-5a0d136d27a6 req-92cc6f71-dc23-4da2-89d9-5a0d136d27a6 ] Request (ListImagesTestJSON:tearDownClass): 204 DELETE http://10.180.1.21:9696/networking/v2.0/security-groups/951a6441-9cb8-40e1-8dbf-52be75a069db 0.213s
2025-05-13 12:50:07.324 69665 INFO tempest.lib.common.rest_client [req-1464d0c7-6ac9-43ba-af8b-08610688da87 req-1464d0c7-6ac9-43ba-af8b-08610688da87 ] Request (HypervisorAdminNegativeTestJSON:test_get_hypervisor_list_details_with_non_admin_user): 403 GET http://10.180.1.21/compute/v2.1/os-hypervisors/detail 2.579s
2025-05-13 12:50:07.382 69682 INFO tempest.lib.common.rest_client [req-ddbcbe29-82cf-4b12-a9be-d1c073b073b3 req-ddbcbe29-82cf-4b12-a9be-d1c073b073b3 ] Request (FlavorMetadataValidation:tearDownClass): 204 DELETE http://10.180.1.21/identity/v3/projects/2c773dd86ef64655a3804490e3863d40 0.167s
2025-05-13 12:50:07.499 69656 INFO tempest.lib.common.rest_client [req-84f2e386-3e0e-46b1-aa6b-3cf93bc77d11 req-84f2e386-3e0e-46b1-aa6b-3cf93bc77d11 ] Request (FlavorsV255TestJSON:test_crud_flavor): 200 GET http://10.180.1.21/compute/v2.1/flavors/1922257116 2.714s
2025-05-13 12:50:07.526 69658 INFO tempest.lib.common.rest_client [req-31d6ed36-1b70-43ae-9f06-c752fdc3ef28 req-31d6ed36-1b70-43ae-9f06-c752fdc3ef28 ] Request (FloatingIPDetailsTestJSON:setUpClass): 200 GET http://10.180.1.21/identity/v3/roles 0.229s
2025-05-13 12:50:07.536 69686 INFO tempest.lib.common.rest_client [req-8b422922-0b04-4582-8a68-cc1bbe871b59 req-8b422922-0b04-4582-8a68-cc1bbe871b59 ] Request (QuotasSecurityGroupAdminNegativeTest:tearDownClass): 204 DELETE http://10.180.1.21/identity/v3/projects/66258cefd446407d8ec67adf75e72e96 0.271s
2025-05-13 12:50:07.635 69660 INFO tempest.lib.common.rest_client [req-24c80408-67ad-41dd-b1a3-cefb9ab4c973 req-24c80408-67ad-41dd-b1a3-cefb9ab4c973 ] Request (ListImagesTestJSON:tearDownClass): 204 DELETE http://10.180.1.21/identity/v3/projects/7c034cc8a4c4486881c9e050411277a7 0.326s
2025-05-13 12:50:07.693 69682 INFO tempest.lib.common.rest_client [req-d77c7de4-d21c-4001-8f81-df43337cdb6c req-d77c7de4-d21c-4001-8f81-df43337cdb6c ] Request (ServerDiagnosticsTest:setUpClass): 201 POST http://10.180.1.21/identity/v3/auth/tokens 0.309s
2025-05-13 12:50:07.720 69694 INFO tempest.lib.common.rest_client [req-b72cb431-c71c-415f-b3a3-eed8722891cc req-b72cb431-c71c-415f-b3a3-eed8722891cc ] Request (InstanceUsageAuditLogNegativeTestJSON:test_get_instance_usage_audit_logs_with_invalid_time): 400 GET http://10.180.1.21/compute/v2.1/os-instance_usage_audit_log/invalid_time 2.912s
2025-05-13 12:50:07.748 69658 INFO tempest.lib.common.rest_client [req-f0081409-bf97-4319-b2a7-db37dcc4defe req-f0081409-bf97-4319-b2a7-db37dcc4defe ] Request (FloatingIPDetailsTestJSON:setUpClass): 204 PUT http://10.180.1.21/identity/v3/projects/dcf0d5f30fdb4053bbe6e0f1a465962a/users/d880406639fe4fd496e842ede0b0c6a7/roles/7fd50f9b29734a31aed8d8338361eb41 0.221s
2025-05-13 12:50:07.748 69658 INFO tempest.lib.common.dynamic_creds [-] Dynamic test user d880406639fe4fd496e842ede0b0c6a7 is created with scope project and roles: ['member']
2025-05-13 12:50:07.748 69658 INFO tempest.lib.common.dynamic_creds [-] Acquired dynamic creds: credentials: Credentials: {'domain_id': 'default', 'domain_name': 'Default', 'username': 'tempest-FloatingIPDetailsTestJSON-1065795024-project-member', 'project_domain_id': 'default', 'project_domain_name': 'Default', 'project_id': 'dcf0d5f30fdb4053bbe6e0f1a465962a', 'project_name': 'tempest-FloatingIPDetailsTestJSON-1065795024', 'tenant_id': 'dcf0d5f30fdb4053bbe6e0f1a465962a', 'tenant_name': 'tempest-FloatingIPDetailsTestJSON-1065795024', 'user_domain_id': 'default', 'user_domain_name': 'Default', 'user_id': 'd880406639fe4fd496e842ede0b0c6a7', 'system': None}, Network: None, Subnet: None, Router: None
2025-05-13 12:50:07.804 69686 INFO tempest.lib.common.rest_client [req-b83d878b-c240-40c6-a8b3-1378d5614e59 req-b83d878b-c240-40c6-a8b3-1378d5614e59 ] Request (FlavorsV2TestJSON:setUpClass): 201 POST http://10.180.1.21/identity/v3/auth/tokens 0.266s
2025-05-13 12:50:07.812 69660 INFO tempest.lib.common.rest_client [req-d72532b9-9988-4a5f-a620-2bfaf5a9a555 req-d72532b9-9988-4a5f-a620-2bfaf5a9a555 ] Request (ServerRescueTestJSONUnderV235:setUpClass): 201 POST http://10.180.1.21/identity/v3/auth/tokens 0.176s
2025-05-13 12:50:07.830 69680 INFO tempest.lib.common.rest_client [req-d6ce5339-7f8e-40cb-bec6-d9bee8598b58 req-d6ce5339-7f8e-40cb-bec6-d9bee8598b58 ] Request (VolumesAdminNegativeTest:setUpClass): 201 POST http://10.180.1.21:9696/networking/v2.0/routers 0.863s
2025-05-13 12:50:07.836 69682 INFO tempest.lib.common.rest_client [req-0f3a2591-1745-4c32-a014-e0038364b95f req-0f3a2591-1745-4c32-a014-e0038364b95f ] Request (ServerDiagnosticsTest:setUpClass): 201 POST http://10.180.1.21/identity/v3/auth/tokens 0.141s
2025-05-13 12:50:07.863 69658 INFO tempest.lib.common.rest_client [req-4ec405d4-b539-433c-83d5-95273acd3bb8 req-4ec405d4-b539-433c-83d5-95273acd3bb8 ] Request (FloatingIPDetailsTestJSON:setUpClass): 201 POST http://10.180.1.21/identity/v3/auth/tokens 0.114s
2025-05-13 12:50:07.891 69686 INFO tempest.lib.common.rest_client [req-911c1619-3d42-4c80-99fa-de8f9c96a440 req-911c1619-3d42-4c80-99fa-de8f9c96a440 ] Request (FlavorsV2TestJSON:setUpClass): 201 POST http://10.180.1.21/identity/v3/auth/tokens 0.085s
2025-05-13 12:50:07.931 69660 INFO tempest.lib.common.rest_client [req-3b1befde-5241-45b1-be3e-39c460f35fe3 req-3b1befde-5241-45b1-be3e-39c460f35fe3 ] Request (ServerRescueTestJSONUnderV235:setUpClass): 201 POST http://10.180.1.21/identity/v3/auth/tokens 0.116s
2025-05-13 12:50:07.950 69682 INFO tempest.lib.common.rest_client [req-d6b23f8b-84f2-4231-a0fb-36ec153d2a71 req-d6b23f8b-84f2-4231-a0fb-36ec153d2a71 ] Request (ServerDiagnosticsTest:setUpClass): 200 GET http://10.180.1.21/identity/v3/domains?name=Default 0.114s
2025-05-13 12:50:08.005 69702 INFO tempest.lib.common.rest_client [req-29164663-8825-4baa-acf0-bb6913af14e2 req-29164663-8825-4baa-acf0-bb6913af14e2 ] Request (QuotasAdminNegativeTest:test_create_server_when_cpu_quota_is_full): 200 GET http://10.180.1.21/compute/v2.1/os-quota-sets/1ea6f74dedd14216948c52c2cc0d59d4 3.170s
2025-05-13 12:50:08.014 69686 INFO tempest.lib.common.rest_client [req-824abdef-481f-43c2-a0d2-a04451d57d41 req-824abdef-481f-43c2-a0d2-a04451d57d41 ] Request (FlavorsV2TestJSON:setUpClass): 200 GET http://10.180.1.21/identity/v3/domains?name=Default 0.122s
2025-05-13 12:50:08.040 69660 INFO tempest.lib.common.rest_client [req-d2bf42ec-da7d-4f03-a7b3-0e7d6e675f9c req-d2bf42ec-da7d-4f03-a7b3-0e7d6e675f9c ] Request (ServerRescueTestJSONUnderV235:setUpClass): 200 GET http://10.180.1.21/identity/v3/domains?name=Default 0.107s
2025-05-13 12:50:08.054 69682 INFO tempest.lib.common.rest_client [req-0242bc49-936f-403e-92ea-b437f0c509ef req-0242bc49-936f-403e-92ea-b437f0c509ef ] Request (ServerDiagnosticsTest:setUpClass): 201 POST http://10.180.1.21/identity/v3/projects 0.103s
2025-05-13 12:50:08.128 69690 INFO tempest.lib.common.rest_client [req-8167a845-2099-4430-ad9e-7e485b701b34 req-8167a845-2099-4430-ad9e-7e485b701b34 ] Request (AZAdminV2TestJSON:test_get_availability_zone_list): 200 GET http://10.180.1.21/compute/v2.1/os-availability-zone 3.160s
2025-05-13 12:50:08.135 69686 INFO tempest.lib.common.rest_client [req-2b7b50b2-5602-4b94-a8b0-8d622bea2947 req-2b7b50b2-5602-4b94-a8b0-8d622bea2947 ] Request (FlavorsV2TestJSON:setUpClass): 201 POST http://10.180.1.21/identity/v3/projects 0.120s
2025-05-13 12:50:08.150 69660 INFO tempest.lib.common.rest_client [req-e08789c2-af5c-47fc-b80d-21190e6ef2da req-e08789c2-af5c-47fc-b80d-21190e6ef2da ] Request (ServerRescueTestJSONUnderV235:setUpClass): 201 POST http://10.180.1.21/identity/v3/projects 0.110s
2025-05-13 12:50:08.245 69682 INFO tempest.lib.common.rest_client [req-2cfc56ad-2769-4b85-a283-413e7538d5fb req-2cfc56ad-2769-4b85-a283-413e7538d5fb ] Request (ServerDiagnosticsTest:setUpClass): 201 POST http://10.180.1.21/identity/v3/users 0.190s
2025-05-13 12:50:08.267 69686 INFO tempest.lib.common.rest_client [req-0df36e07-b5b5-4437-a4c4-8a9f106e4668 req-0df36e07-b5b5-4437-a4c4-8a9f106e4668 ] Request (FlavorsV2TestJSON:setUpClass): 201 POST http://10.180.1.21/identity/v3/users 0.131s
2025-05-13 12:50:08.299 69660 INFO tempest.lib.common.rest_client [req-416e6d11-e70c-425b-a161-17cb0dfd3e5c req-416e6d11-e70c-425b-a161-17cb0dfd3e5c ] Request (ServerRescueTestJSONUnderV235:setUpClass): 201 POST http://10.180.1.21/identity/v3/users 0.148s
2025-05-13 12:50:08.312 69682 INFO tempest.lib.common.rest_client [req-1796261a-f1ea-41e3-a55d-81f3c8e2f183 req-1796261a-f1ea-41e3-a55d-81f3c8e2f183 ] Request (ServerDiagnosticsTest:setUpClass): 200 GET http://10.180.1.21/identity/v3/roles 0.066s
2025-05-13 12:50:08.322 69686 INFO tempest.lib.common.rest_client [req-fcfe8e89-8317-4033-9118-907c4228d734 req-fcfe8e89-8317-4033-9118-907c4228d734 ] Request (FlavorsV2TestJSON:setUpClass): 200 GET http://10.180.1.21/identity/v3/roles 0.053s
2025-05-13 12:50:08.343 69660 INFO tempest.lib.common.rest_client [req-7c6d752c-8d38-4852-91e0-6e7793ea50eb req-7c6d752c-8d38-4852-91e0-6e7793ea50eb ] Request (ServerRescueTestJSONUnderV235:setUpClass): 200 GET http://10.180.1.21/identity/v3/roles 0.044s
2025-05-13 12:50:08.353 69666 INFO tempest.lib.common.rest_client [req-3964271b-fed3-4c56-a1bd-a010330f212a req-3964271b-fed3-4c56-a1bd-a010330f212a ] Request (DeleteServersAdminTestJSON:test_admin_delete_servers_of_others): 202 POST http://10.180.1.21/compute/v2.1/servers 3.389s
2025-05-13 12:50:08.366 69682 INFO tempest.lib.common.rest_client [req-dc16ff0e-36e7-4e3e-9778-7853db3ac63f req-dc16ff0e-36e7-4e3e-9778-7853db3ac63f ] Request (ServerDiagnosticsTest:setUpClass): 204 PUT http://10.180.1.21/identity/v3/projects/727bb6d987054c488d6d1f4e888bc5ca/users/4e92f91cff724645afee9d2cc8fa7619/roles/7fd50f9b29734a31aed8d8338361eb41 0.053s
2025-05-13 12:50:08.366 69682 INFO tempest.lib.common.dynamic_creds [-] Dynamic test user 4e92f91cff724645afee9d2cc8fa7619 is created with scope project and roles: ['member']
2025-05-13 12:50:08.367 69682 INFO tempest.lib.common.dynamic_creds [-] Acquired dynamic creds: credentials: Credentials: {'domain_id': 'default', 'domain_name': 'Default', 'username': 'tempest-ServerDiagnosticsTest-847078225-project-member', 'project_domain_id': 'default', 'project_domain_name': 'Default', 'project_id': '727bb6d987054c488d6d1f4e888bc5ca', 'project_name': 'tempest-ServerDiagnosticsTest-847078225', 'tenant_id': '727bb6d987054c488d6d1f4e888bc5ca', 'tenant_name': 'tempest-ServerDiagnosticsTest-847078225', 'user_domain_id': 'default', 'user_domain_name': 'Default', 'user_id': '4e92f91cff724645afee9d2cc8fa7619', 'system': None}, Network: None, Subnet: None, Router: None
2025-05-13 12:50:08.367 69682 INFO tempest.lib.common.dynamic_creds [-] Created isolated network resources for: credentials: Credentials: {'domain_id': 'default', 'domain_name': 'Default', 'username': 'tempest-ServerDiagnosticsTest-847078225-project-member', 'project_domain_id': 'default', 'project_domain_name': 'Default', 'project_id': '727bb6d987054c488d6d1f4e888bc5ca', 'project_name': 'tempest-ServerDiagnosticsTest-847078225', 'tenant_id': '727bb6d987054c488d6d1f4e888bc5ca', 'tenant_name': 'tempest-ServerDiagnosticsTest-847078225', 'user_domain_id': 'default', 'user_domain_name': 'Default', 'user_id': '4e92f91cff724645afee9d2cc8fa7619', 'system': None}, Network: None, Subnet: None, Router: None
2025-05-13 12:50:08.381 69686 INFO tempest.lib.common.rest_client [req-1b5e1439-b13e-4cad-a86e-201e4f6c0ae6 req-1b5e1439-b13e-4cad-a86e-201e4f6c0ae6 ] Request (FlavorsV2TestJSON:setUpClass): 204 PUT http://10.180.1.21/identity/v3/projects/78a323a6886942818cc823394fc36775/users/ca9b11a292004850b509f0a9e63f41fe/roles/7fd50f9b29734a31aed8d8338361eb41 0.058s
2025-05-13 12:50:08.381 69686 INFO tempest.lib.common.dynamic_creds [-] Dynamic test user ca9b11a292004850b509f0a9e63f41fe is created with scope project and roles: ['member']
2025-05-13 12:50:08.381 69686 INFO tempest.lib.common.dynamic_creds [-] Acquired dynamic creds: credentials: Credentials: {'domain_id': 'default', 'domain_name': 'Default', 'username': 'tempest-FlavorsV2TestJSON-1275303302-project-member', 'project_domain_id': 'default', 'project_domain_name': 'Default', 'project_id': '78a323a6886942818cc823394fc36775', 'project_name': 'tempest-FlavorsV2TestJSON-1275303302', 'tenant_id': '78a323a6886942818cc823394fc36775', 'tenant_name': 'tempest-FlavorsV2TestJSON-1275303302', 'user_domain_id': 'default', 'user_domain_name': 'Default', 'user_id': 'ca9b11a292004850b509f0a9e63f41fe', 'system': None}, Network: None, Subnet: None, Router: None
2025-05-13 12:50:08.381 69686 INFO tempest.lib.common.dynamic_creds [-] Created isolated network resources for: credentials: Credentials: {'domain_id': 'default', 'domain_name': 'Default', 'username': 'tempest-FlavorsV2TestJSON-1275303302-project-member', 'project_domain_id': 'default', 'project_domain_name': 'Default', 'project_id': '78a323a6886942818cc823394fc36775', 'project_name': 'tempest-FlavorsV2TestJSON-1275303302', 'tenant_id': '78a323a6886942818cc823394fc36775', 'tenant_name': 'tempest-FlavorsV2TestJSON-1275303302', 'user_domain_id': 'default', 'user_domain_name': 'Default', 'user_id': 'ca9b11a292004850b509f0a9e63f41fe', 'system': None}, Network: None, Subnet: None, Router: None
2025-05-13 12:50:08.494 69660 INFO tempest.lib.common.rest_client [req-ea420276-f3bb-437d-851a-31bb29e32346 req-ea420276-f3bb-437d-851a-31bb29e32346 ] Request (ServerRescueTestJSONUnderV235:setUpClass): 204 PUT http://10.180.1.21/identity/v3/projects/1a0319d89f6247ceb83e0713566a8e30/users/a9cf18a9784f45ca9674158a957e630c/roles/7fd50f9b29734a31aed8d8338361eb41 0.150s
2025-05-13 12:50:08.495 69660 INFO tempest.lib.common.dynamic_creds [-] Dynamic test user a9cf18a9784f45ca9674158a957e630c is created with scope project and roles: ['member']
2025-05-13 12:50:08.495 69660 INFO tempest.lib.common.dynamic_creds [-] Acquired dynamic creds: credentials: Credentials: {'domain_id': 'default', 'domain_name': 'Default', 'username': 'tempest-ServerRescueTestJSONUnderV235-242246353-project-member', 'project_domain_id': 'default', 'project_domain_name': 'Default', 'project_id': '1a0319d89f6247ceb83e0713566a8e30', 'project_name': 'tempest-ServerRescueTestJSONUnderV235-242246353', 'tenant_id': '1a0319d89f6247ceb83e0713566a8e30', 'tenant_name': 'tempest-ServerRescueTestJSONUnderV235-242246353', 'user_domain_id': 'default', 'user_domain_name': 'Default', 'user_id': 'a9cf18a9784f45ca9674158a957e630c', 'system': None}, Network: None, Subnet: None, Router: None
2025-05-13 12:50:08.595 69682 INFO tempest.lib.common.rest_client [req-6d8aee84-44c6-4810-9db6-0dcd053ecfe6 req-6d8aee84-44c6-4810-9db6-0dcd053ecfe6 ] Request (ServerDiagnosticsTest:setUpClass): 201 POST http://10.180.1.21/identity/v3/auth/tokens 0.223s
2025-05-13 12:50:08.600 69686 INFO tempest.lib.common.rest_client [req-45101784-7221-414f-a294-41dafc397bb0 req-45101784-7221-414f-a294-41dafc397bb0 ] Request (FlavorsV2TestJSON:setUpClass): 201 POST http://10.180.1.21/identity/v3/auth/tokens 0.212s
2025-05-13 12:50:08.682 69682 INFO tempest.lib.common.rest_client [req-c4b7b008-43c0-488c-b025-9e5b6a4787cd req-c4b7b008-43c0-488c-b025-9e5b6a4787cd ] Request (ServerDiagnosticsTest:setUpClass): 201 POST http://10.180.1.21/identity/v3/projects 0.087s
2025-05-13 12:50:08.695 69660 INFO tempest.lib.common.rest_client [req-dd2404bb-7d1e-4942-adca-c034bb8cafc5 req-dd2404bb-7d1e-4942-adca-c034bb8cafc5 ] Request (ServerRescueTestJSONUnderV235:setUpClass): 201 POST http://10.180.1.21/identity/v3/auth/tokens 0.200s
2025-05-13 12:50:08.696 69674 INFO tempest.lib.common.rest_client [req-58f43505-23df-4f6b-a4b3-8c8658066343 req-58f43505-23df-4f6b-a4b3-8c8658066343 ] Request (TenantUsagesTestJSON:setUpClass): 202 POST http://10.180.1.21/compute/v2.1/servers 3.673s
2025-05-13 12:50:08.710 69670 INFO tempest.lib.common.rest_client [req-44b74dd3-9196-4c65-98b3-1b872c55313e req-44b74dd3-9196-4c65-98b3-1b872c55313e ] Request (FlavorsExtraSpecsNegativeTestJSON:test_flavor_non_admin_set_keys): 403 POST http://10.180.1.21/compute/v2.1/flavors/1059957547/os-extra_specs 3.396s
2025-05-13 12:50:08.734 69644 INFO tempest.lib.common.rest_client [req-81aff15a-23e5-4a1d-a416-f74e89a8e572 req-81aff15a-23e5-4a1d-a416-f74e89a8e572 ] Request (HypervisorAdminV253TestBase:test_list_show_detail_hypervisors): 200 GET http://10.180.1.21/compute/v2.1/os-hypervisors/0dafb1a8-7939-469e-97bc-fec8057d9399 3.365s
2025-05-13 12:50:08.734 69658 INFO tempest.lib.common.rest_client [req-7a6c2fb6-7945-4e74-b5cf-4bf03e229a45 req-7a6c2fb6-7945-4e74-b5cf-4bf03e229a45 ] Request (FloatingIPDetailsTestJSON:setUpClass): 201 POST http://10.180.1.21:9696/networking/v2.0/networks 0.868s
2025-05-13 12:50:08.763 69662 INFO tempest.lib.common.rest_client [req-fc468d0f-87b4-4073-9454-bf54c644b74e req-fc468d0f-87b4-4073-9454-bf54c644b74e ] Request (ImagesDeleteNegativeTestJSON:test_delete_image_with_invalid_image_id): 404 DELETE http://10.180.1.21/compute/v2.1/images/tempest-invalid-31079047 3.373s
2025-05-13 12:50:08.798 69682 INFO tempest.lib.common.rest_client [req-5d11062d-fdfc-4241-99ec-1831a268b02a req-5d11062d-fdfc-4241-99ec-1831a268b02a ] Request (ServerDiagnosticsTest:setUpClass): 201 POST http://10.180.1.21/identity/v3/users 0.115s
2025-05-13 12:50:08.858 69682 INFO tempest.lib.common.rest_client [req-36c53042-23a1-4f66-8126-c8f6d1149db2 req-36c53042-23a1-4f66-8126-c8f6d1149db2 ] Request (ServerDiagnosticsTest:setUpClass): 200 GET http://10.180.1.21/identity/v3/roles 0.059s
2025-05-13 12:50:08.894 69644 INFO tempest.lib.common.rest_client [req-85a61565-cf44-4256-b4f9-c0f30eff09a8 req-85a61565-cf44-4256-b4f9-c0f30eff09a8 ] Request (HypervisorAdminV253TestBase:tearDownClass): 204 DELETE http://10.180.1.21/identity/v3/users/d2f6493b58224dea96647d013674418d 0.143s
2025-05-13 12:50:08.946 69650 INFO tempest.lib.common.rest_client [req-43e9495e-520c-45ab-a9e5-724cfb2f2abd req-43e9495e-520c-45ab-a9e5-724cfb2f2abd ] Request (NetworksTest:test_get_network): 200 GET http://10.180.1.21/compute/v2.1/os-networks/d1e8c88e-43d8-489f-ac1d-d395f054bc89 3.491s
2025-05-13 12:50:08.971 69682 INFO tempest.lib.common.rest_client [req-4cb85b10-5373-4ab3-9a74-0ac0cd25a62b req-4cb85b10-5373-4ab3-9a74-0ac0cd25a62b ] Request (ServerDiagnosticsTest:setUpClass): 204 PUT http://10.180.1.21/identity/v3/projects/23813c647bb349df857d783431eb3c9c/users/d83af9e23182492ab5b82aa2195587df/roles/4250613a31654a81985c6cee2ebfd862 0.112s
2025-05-13 12:50:09.107 69688 INFO tempest.lib.common.rest_client [req-f2088482-0a13-4c40-a02b-b199267c68bb req-f2088482-0a13-4c40-a02b-b199267c68bb ] Request (VolumesAssistedSnapshotsTest:setUpClass): 200 PUT http://10.180.1.21:9696/networking/v2.0/routers/bf6a0553-d86b-4b99-90db-205aaf378df6/add_router_interface 2.554s
2025-05-13 12:50:09.107 69688 INFO tempest.lib.common.dynamic_creds [-] Created isolated network resources for: credentials: Credentials: {'domain_id': 'default', 'domain_name': 'Default', 'username': 'tempest-VolumesAssistedSnapshotsTest-130394534-project-admin', 'project_domain_id': 'default', 'project_domain_name': 'Default', 'project_id': '8cd577fe216f497fb061c53aee53e073', 'project_name': 'tempest-VolumesAssistedSnapshotsTest-130394534', 'tenant_id': '8cd577fe216f497fb061c53aee53e073', 'tenant_name': 'tempest-VolumesAssistedSnapshotsTest-130394534', 'user_domain_id': 'default', 'user_domain_name': 'Default', 'user_id': '34b608ba37e44a1eb9a10c0c76e14ae2', 'system': None}, Network: {'id': 'c02892c3-f539-4028-8801-b22d47517912', 'name': 'tempest-VolumesAssistedSnapshotsTest-716065634-network', 'tenant_id': '8cd577fe216f497fb061c53aee53e073', 'admin_state_up': True, 'mtu': 8950, 'status': 'ACTIVE', 'subnets': [], 'shared': False, 'project_id': '8cd577fe216f497fb061c53aee53e073', 'port_security_enabled': True, 'router:external': False, 'provider:network_type': 'vlan', 'provider:physical_network': 'default', 'provider:segmentation_id': 922, 'availability_zone_hints': [], 'availability_zones': [], 'ipv4_address_scope': None, 'ipv6_address_scope': None, 'description': '', 'tags': [], 'created_at': '2025-05-13T12:50:05Z', 'updated_at': '2025-05-13T12:50:05Z', 'revision_number': 1}, Subnet: {'id': 'cdf143bd-c92f-4a18-93b8-227e9f2249b0', 'name': 'tempest-VolumesAssistedSnapshotsTest-716065634-subnet', 'tenant_id': '8cd577fe216f497fb061c53aee53e073', 'network_id': 'c02892c3-f539-4028-8801-b22d47517912', 'ip_version': 4, 'subnetpool_id': None, 'enable_dhcp': True, 'ipv6_ra_mode': None, 'ipv6_address_mode': None, 'gateway_ip': '192.168.128.1', 'cidr': '192.168.128.0/28', 'allocation_pools': [{'start': '192.168.128.2', 'end': '192.168.128.14'}], 'host_routes': [], 'dns_nameservers': [], 'description': '', 'router:external': False, 'service_types': [], 'tags': [], 'created_at': '2025-05-13T12:50:05Z', 'updated_at': '2025-05-13T12:50:05Z', 'revision_number': 0, 'project_id': '8cd577fe216f497fb061c53aee53e073'}, Router: {'id': 'bf6a0553-d86b-4b99-90db-205aaf378df6', 'name': 'tempest-VolumesAssistedSnapshotsTest-716065634-router', 'tenant_id': '8cd577fe216f497fb061c53aee53e073', 'admin_state_up': True, 'status': 'ACTIVE', 'external_gateway_info': {'network_id': 'd1e8c88e-43d8-489f-ac1d-d395f054bc89', 'external_fixed_ips': [{'subnet_id': '23ef1607-c4da-482d-927f-43228987cafb', 'ip_address': '10.180.180.190'}], 'enable_snat': True}, 'description': '', 'availability_zones': [], 'distributed': False, 'ha': False, 'availability_zone_hints': [], 'routes': [], 'flavor_id': None, 'tags': [], 'created_at': '2025-05-13T12:50:05Z', 'updated_at': '2025-05-13T12:50:06Z', 'revision_number': 2, 'project_id': '8cd577fe216f497fb061c53aee53e073'}
2025-05-13 12:50:09.116 69644 INFO tempest.lib.common.rest_client [req-9624746c-72ce-40bf-a5cd-e62d925d400f req-9624746c-72ce-40bf-a5cd-e62d925d400f ] Request (HypervisorAdminV253TestBase:tearDownClass): 204 DELETE http://10.180.1.21/identity/v3/users/c48a6bd449674e94ab1e291956fb86a6 0.221s
2025-05-13 12:50:09.116 69644 INFO tempest.lib.common.dynamic_creds [-] Deleting project and security group for project: 8f898c7a84e249769d836c5d52a4649c
2025-05-13 12:50:09.131 69682 INFO tempest.lib.common.rest_client [req-0ff44d04-9bc2-48c1-9e8e-58ff926b5f13 req-0ff44d04-9bc2-48c1-9e8e-58ff926b5f13 ] Request (ServerDiagnosticsTest:setUpClass): 200 GET http://10.180.1.21/identity/v3/roles 0.159s
2025-05-13 12:50:09.186 69644 INFO tempest.lib.common.rest_client [req-6093f981-9ff3-4eeb-a0b6-a858e0aada3a req-6093f981-9ff3-4eeb-a0b6-a858e0aada3a ] Request (HypervisorAdminV253TestBase:tearDownClass): 201 POST http://10.180.1.21/identity/v3/auth/tokens 0.070s
2025-05-13 12:50:09.193 69688 INFO tempest.lib.common.rest_client [req-9f36a73b-767f-4cb6-955b-739104a565b0 req-9f36a73b-767f-4cb6-955b-739104a565b0 ] Request (VolumesAssistedSnapshotsTest:setUpClass): 201 POST http://10.180.1.21/identity/v3/auth/tokens 0.083s
2025-05-13 12:50:09.202 69654 INFO tempest.lib.common.rest_client [req-0c750255-369c-4467-af05-6b08e4a3e9e3 req-0c750255-369c-4467-af05-6b08e4a3e9e3 ] Request (ServersWithSpecificFlavorTestJSON:setUpClass): 201 POST http://10.180.1.21:9696/networking/v2.0/routers 1.909s
2025-05-13 12:50:09.208 69682 INFO tempest.lib.common.rest_client [req-327ffabe-b9de-4905-ab93-fc72f22f5aa5 req-327ffabe-b9de-4905-ab93-fc72f22f5aa5 ] Request (ServerDiagnosticsTest:setUpClass): 204 PUT http://10.180.1.21/identity/v3/projects/23813c647bb349df857d783431eb3c9c/users/d83af9e23182492ab5b82aa2195587df/roles/4250613a31654a81985c6cee2ebfd862 0.077s
2025-05-13 12:50:09.209 69682 INFO tempest.lib.common.dynamic_creds [-] Dynamic test user d83af9e23182492ab5b82aa2195587df is created with scope project and roles: ['admin']
2025-05-13 12:50:09.209 69682 INFO tempest.lib.common.dynamic_creds [-] Acquired dynamic creds: credentials: Credentials: {'domain_id': 'default', 'domain_name': 'Default', 'username': 'tempest-ServerDiagnosticsTest-360137558-project-admin', 'project_domain_id': 'default', 'project_domain_name': 'Default', 'project_id': '23813c647bb349df857d783431eb3c9c', 'project_name': 'tempest-ServerDiagnosticsTest-360137558', 'tenant_id': '23813c647bb349df857d783431eb3c9c', 'tenant_name': 'tempest-ServerDiagnosticsTest-360137558', 'user_domain_id': 'default', 'user_domain_name': 'Default', 'user_id': 'd83af9e23182492ab5b82aa2195587df', 'system': None}, Network: None, Subnet: None, Router: None
2025-05-13 12:50:09.209 69682 INFO tempest.lib.common.dynamic_creds [-] Created isolated network resources for: credentials: Credentials: {'domain_id': 'default', 'domain_name': 'Default', 'username': 'tempest-ServerDiagnosticsTest-360137558-project-admin', 'project_domain_id': 'default', 'project_domain_name': 'Default', 'project_id': '23813c647bb349df857d783431eb3c9c', 'project_name': 'tempest-ServerDiagnosticsTest-360137558', 'tenant_id': '23813c647bb349df857d783431eb3c9c', 'tenant_name': 'tempest-ServerDiagnosticsTest-360137558', 'user_domain_id': 'default', 'user_domain_name': 'Default', 'user_id': 'd83af9e23182492ab5b82aa2195587df', 'system': None}, Network: None, Subnet: None, Router: None
2025-05-13 12:50:09.259 69688 INFO tempest.lib.common.rest_client [req-850659b0-96b8-45b6-abc4-f19709a75bae req-850659b0-96b8-45b6-abc4-f19709a75bae ] Request (VolumesAssistedSnapshotsTest:setUpClass): 201 POST http://10.180.1.21/identity/v3/projects 0.065s
2025-05-13 12:50:09.323 69682 INFO tempest.lib.common.rest_client [req-36dbb580-2842-467f-8c8f-0d7554e62772 req-36dbb580-2842-467f-8c8f-0d7554e62772 ] Request (ServerDiagnosticsTest:setUpClass): 201 POST http://10.180.1.21/identity/v3/auth/tokens 0.111s
2025-05-13 12:50:09.323 69688 INFO tempest.lib.common.rest_client [req-83769b38-f93f-4b90-8cdd-8b99af021adf req-83769b38-f93f-4b90-8cdd-8b99af021adf ] Request (VolumesAssistedSnapshotsTest:setUpClass): 201 POST http://10.180.1.21/identity/v3/users 0.063s
2025-05-13 12:50:09.349 69688 INFO tempest.lib.common.rest_client [req-9ef5a040-bb0f-4044-93b6-c5d6a508f419 req-9ef5a040-bb0f-4044-93b6-c5d6a508f419 ] Request (VolumesAssistedSnapshotsTest:setUpClass): 200 GET http://10.180.1.21/identity/v3/roles 0.025s
2025-05-13 12:50:09.386 69688 INFO tempest.lib.common.rest_client [req-e94e5257-2108-473d-92fd-865adf11462b req-e94e5257-2108-473d-92fd-865adf11462b ] Request (VolumesAssistedSnapshotsTest:setUpClass): 204 PUT http://10.180.1.21/identity/v3/projects/161cb48ebfc2404f96132f9196d12c70/users/1368959b624140f2b41ffd4ec56e98b4/roles/dff0fcc955e24f7c84ee9e17fe089dcf 0.036s
2025-05-13 12:50:09.394 69658 INFO tempest.lib.common.rest_client [req-d23d7f47-26c4-4ca1-83ae-b8c034f41e4c req-d23d7f47-26c4-4ca1-83ae-b8c034f41e4c ] Request (FloatingIPDetailsTestJSON:setUpClass): 201 POST http://10.180.1.21:9696/networking/v2.0/subnets 0.659s
2025-05-13 12:50:09.403 69682 INFO tempest.lib.common.rest_client [req-fe7996b7-1b7e-4510-89d6-c2474d15f835 req-fe7996b7-1b7e-4510-89d6-c2474d15f835 ] Request (ServerDiagnosticsTest:test_get_server_diagnostics): 201 POST http://10.180.1.21/identity/v3/auth/tokens 0.076s
2025-05-13 12:50:09.404 69682 INFO tempest.lib.common.fixed_network [-] (ServerDiagnosticsTest:test_get_server_diagnostics) Found network None available for tenant
2025-05-13 12:50:09.408 69660 INFO tempest.lib.common.rest_client [req-aca81007-179f-45f4-bbcf-e2e5b30046d5 req-aca81007-179f-45f4-bbcf-e2e5b30046d5 ] Request (ServerRescueTestJSONUnderV235:setUpClass): 201 POST http://10.180.1.21:9696/networking/v2.0/networks 0.713s
2025-05-13 12:50:09.442 69688 INFO tempest.lib.common.rest_client [req-12d23b62-4fe3-4988-8c59-0eb5761e0a79 req-12d23b62-4fe3-4988-8c59-0eb5761e0a79 ] Request (VolumesAssistedSnapshotsTest:setUpClass): 200 GET http://10.180.1.21/identity/v3/roles 0.056s
2025-05-13 12:50:09.467 69688 INFO tempest.lib.common.rest_client [req-c66db42b-d3ab-4d02-99e3-89778a59c74d req-c66db42b-d3ab-4d02-99e3-89778a59c74d ] Request (VolumesAssistedSnapshotsTest:setUpClass): 204 PUT http://10.180.1.21/identity/v3/projects/161cb48ebfc2404f96132f9196d12c70/users/1368959b624140f2b41ffd4ec56e98b4/roles/4250613a31654a81985c6cee2ebfd862 0.024s
2025-05-13 12:50:09.467 69688 INFO tempest.lib.common.dynamic_creds [-] Dynamic test user 1368959b624140f2b41ffd4ec56e98b4 is created with scope project and roles: ['service', 'admin']
2025-05-13 12:50:09.467 69688 INFO tempest.lib.common.dynamic_creds [-] Acquired dynamic creds: credentials: Credentials: {'domain_id': 'default', 'domain_name': 'Default', 'username': 'tempest-VolumesAssistedSnapshotsTest-1128105720-project', 'project_domain_id': 'default', 'project_domain_name': 'Default', 'project_id': '161cb48ebfc2404f96132f9196d12c70', 'project_name': 'tempest-VolumesAssistedSnapshotsTest-1128105720', 'tenant_id': '161cb48ebfc2404f96132f9196d12c70', 'tenant_name': 'tempest-VolumesAssistedSnapshotsTest-1128105720', 'user_domain_id': 'default', 'user_domain_name': 'Default', 'user_id': '1368959b624140f2b41ffd4ec56e98b4', 'system': None}, Network: None, Subnet: None, Router: None
2025-05-13 12:50:09.513 69680 INFO tempest.lib.common.rest_client [req-cd87ee6a-2a93-4354-9442-c95e1c12cd0e req-cd87ee6a-2a93-4354-9442-c95e1c12cd0e ] Request (VolumesAdminNegativeTest:setUpClass): 200 PUT http://10.180.1.21:9696/networking/v2.0/routers/0fa1b7d8-0e53-4678-8d07-4490b585b7b7/add_router_interface 1.682s
2025-05-13 12:50:09.513 69680 INFO tempest.lib.common.dynamic_creds [-] Created isolated network resources for: credentials: Credentials: {'domain_id': 'default', 'domain_name': 'Default', 'username': 'tempest-VolumesAdminNegativeTest-552264311-project-admin', 'project_domain_id': 'default', 'project_domain_name': 'Default', 'project_id': 'ec7823df37a34ef89d623ad000be05cf', 'project_name': 'tempest-VolumesAdminNegativeTest-552264311', 'tenant_id': 'ec7823df37a34ef89d623ad000be05cf', 'tenant_name': 'tempest-VolumesAdminNegativeTest-552264311', 'user_domain_id': 'default', 'user_domain_name': 'Default', 'user_id': '328eb58f34bc40cebf137df0e3a7b463', 'system': None}, Network: {'id': 'e3962739-7f85-4bf0-be57-6b1c786a32b5', 'name': 'tempest-VolumesAdminNegativeTest-1764859722-network', 'tenant_id': 'ec7823df37a34ef89d623ad000be05cf', 'admin_state_up': True, 'mtu': 8950, 'status': 'ACTIVE', 'subnets': [], 'shared': False, 'project_id': 'ec7823df37a34ef89d623ad000be05cf', 'port_security_enabled': True, 'router:external': False, 'provider:network_type': 'vlan', 'provider:physical_network': 'default', 'provider:segmentation_id': 494, 'availability_zone_hints': [], 'availability_zones': [], 'ipv4_address_scope': None, 'ipv6_address_scope': None, 'description': '', 'tags': [], 'created_at': '2025-05-13T12:50:06Z', 'updated_at': '2025-05-13T12:50:06Z', 'revision_number': 1}, Subnet: {'id': '945b76bd-e7d5-4222-a0ce-72db8833b25d', 'name': 'tempest-VolumesAdminNegativeTest-1764859722-subnet', 'tenant_id': 'ec7823df37a34ef89d623ad000be05cf', 'network_id': 'e3962739-7f85-4bf0-be57-6b1c786a32b5', 'ip_version': 4, 'subnetpool_id': None, 'enable_dhcp': True, 'ipv6_ra_mode': None, 'ipv6_address_mode': None, 'gateway_ip': '192.168.128.1', 'cidr': '192.168.128.0/28', 'allocation_pools': [{'start': '192.168.128.2', 'end': '192.168.128.14'}], 'host_routes': [], 'dns_nameservers': [], 'description': '', 'router:external': False, 'service_types': [], 'tags': [], 'created_at': '2025-05-13T12:50:06Z', 'updated_at': '2025-05-13T12:50:06Z', 'revision_number': 0, 'project_id': 'ec7823df37a34ef89d623ad000be05cf'}, Router: {'id': '0fa1b7d8-0e53-4678-8d07-4490b585b7b7', 'name': 'tempest-VolumesAdminNegativeTest-1764859722-router', 'tenant_id': 'ec7823df37a34ef89d623ad000be05cf', 'admin_state_up': True, 'status': 'ACTIVE', 'external_gateway_info': {'network_id': 'd1e8c88e-43d8-489f-ac1d-d395f054bc89', 'external_fixed_ips': [{'subnet_id': '23ef1607-c4da-482d-927f-43228987cafb', 'ip_address': '10.180.180.244'}], 'enable_snat': True}, 'description': '', 'availability_zones': [], 'distributed': False, 'ha': False, 'availability_zone_hints': [], 'routes': [], 'flavor_id': None, 'tags': [], 'created_at': '2025-05-13T12:50:07Z', 'updated_at': '2025-05-13T12:50:07Z', 'revision_number': 2, 'project_id': 'ec7823df37a34ef89d623ad000be05cf'}
2025-05-13 12:50:09.607 69680 INFO tempest.lib.common.rest_client [req-4328a24f-5b81-4ab3-9cb3-db3e7e876a73 req-4328a24f-5b81-4ab3-9cb3-db3e7e876a73 ] Request (VolumesAdminNegativeTest:setUpClass): 201 POST http://10.180.1.21/identity/v3/auth/tokens 0.091s
2025-05-13 12:50:09.657 69644 INFO tempest.lib.common.rest_client [req-f81fa3a4-c8f6-443a-a2ae-ab06ddc249ac req-f81fa3a4-c8f6-443a-a2ae-ab06ddc249ac ] Request (HypervisorAdminV253TestBase:tearDownClass): 200 GET http://10.180.1.21:9696/networking/v2.0/security-groups?tenant_id=8f898c7a84e249769d836c5d52a4649c&name=default 0.470s
2025-05-13 12:50:09.915 69644 INFO tempest.lib.common.rest_client [req-a8305ee7-c01f-45b7-8516-336191c1fe6e req-a8305ee7-c01f-45b7-8516-336191c1fe6e ] Request (HypervisorAdminV253TestBase:tearDownClass): 204 DELETE http://10.180.1.21:9696/networking/v2.0/security-groups/0e353828-c922-46e0-9b67-98f1b51fef2c 0.258s
2025-05-13 12:50:09.979 69706 INFO tempest.lib.common.rest_client [req-ee07100c-d975-4006-ab98-775799ff1036 req-ee07100c-d975-4006-ab98-775799ff1036 ] Request (ImagesOneServerNegativeTestJSON:setUpClass): 202 POST http://10.180.1.21/compute/v2.1/servers 4.517s
2025-05-13 12:50:09.997 69672 INFO tempest.lib.common.rest_client [req-8ae84b0f-6246-493f-b008-e13dc1ad0fe5 req-8ae84b0f-6246-493f-b008-e13dc1ad0fe5 ] Request (FloatingIPsTestJSON:test_allocate_floating_ip): 200 POST http://10.180.1.21/compute/v2.1/os-floating-ips 4.755s
2025-05-13 12:50:10.048 69644 INFO tempest.lib.common.rest_client [req-68013867-ff90-4498-94f6-11b691b1f122 req-68013867-ff90-4498-94f6-11b691b1f122 ] Request (HypervisorAdminV253TestBase:tearDownClass): 204 DELETE http://10.180.1.21/identity/v3/projects/8f898c7a84e249769d836c5d52a4649c 0.132s
2025-05-13 12:50:10.048 69644 INFO tempest.lib.common.dynamic_creds [-] Deleting project and security group for project: b1ad6ad454f9430d95a497b031c50a7a
2025-05-13 12:50:10.054 69692 INFO tempest.lib.common.rest_client [req-04486433-ddbd-41dc-a25c-195c57ef7619 req-04486433-ddbd-41dc-a25c-195c57ef7619 ] Request (HypervisorAdminUnderV252Test:test_get_hypervisor_show_servers): 200 GET http://10.180.1.21/compute/v2.1/os-hypervisors/domain-c8.fc996f14-c53b-4953-92e3-bdfa48f5cc28/servers 4.211s
2025-05-13 12:50:10.144 69700 INFO tempest.lib.common.rest_client [req-735f2d49-b49c-413b-bdac-0ca64a2e6d6a req-735f2d49-b49c-413b-bdac-0ca64a2e6d6a ] Request (FlavorsAccessNegativeTestJSON:test_add_flavor_access_duplicate): 200 POST http://10.180.1.21/compute/v2.1/flavors 4.162s
2025-05-13 12:50:10.147 69660 INFO tempest.lib.common.rest_client [req-819d2743-c8ed-41ed-a53b-ae1b647a45db req-819d2743-c8ed-41ed-a53b-ae1b647a45db ] Request (ServerRescueTestJSONUnderV235:setUpClass): 201 POST http://10.180.1.21:9696/networking/v2.0/subnets 0.739s
2025-05-13 12:50:10.174 69676 INFO tempest.lib.common.rest_client [req-0a04ad8f-304a-4886-98cc-f41e51f4840e req-0a04ad8f-304a-4886-98cc-f41e51f4840e ] Request (FlavorsAccessTestJSON:test_flavor_access_add_remove): 200 POST http://10.180.1.21/compute/v2.1/flavors/1475247795/action 3.827s
2025-05-13 12:50:10.175 69688 INFO tempest.lib.common.rest_client [req-f0e33066-5237-4d42-ab52-ab61fb2946da req-f0e33066-5237-4d42-ab52-ab61fb2946da ] Request (VolumesAssistedSnapshotsTest:setUpClass): 201 POST http://10.180.1.21:9696/networking/v2.0/networks 0.707s
2025-05-13 12:50:10.187 69668 INFO tempest.lib.common.rest_client [req-56ca0665-cd7f-4e1b-87d6-6f270157cbd5 req-56ca0665-cd7f-4e1b-87d6-6f270157cbd5 ] Request (InstanceUsageAuditLogTestJSON:test_list_instance_usage_audit_logs): 200 GET http://10.180.1.21/compute/v2.1/os-instance_usage_audit_log 3.336s
2025-05-13 12:50:10.188 69684 INFO tempest.lib.common.rest_client [req-ad78deef-0cc7-4bd3-a934-0fa28fe94bbb req-ad78deef-0cc7-4bd3-a934-0fa28fe94bbb ] Request (AggregatesAdminNegativeTestJSON:test_aggregate_add_existent_host): 200 POST http://10.180.1.21/compute/v2.1/os-aggregates 3.655s
2025-05-13 12:50:10.248 69678 INFO tempest.lib.common.rest_client [req-57e6fe01-8a94-43e2-9874-fc0b4be994d7 req-57e6fe01-8a94-43e2-9874-fc0b4be994d7 ] Request (HostsAdminNegativeTestJSON:test_list_hosts_with_non_admin_user): 403 GET http://10.180.1.21/compute/v2.1/os-hosts 3.317s
2025-05-13 12:50:10.265 69698 INFO tempest.lib.common.rest_client [req-6bf5b4a2-f43e-4f8b-ad21-b4f87162dc1e req-6bf5b4a2-f43e-4f8b-ad21-b4f87162dc1e ] Request (FlavorsAdminTestJSON:_run_cleanups): 202 DELETE http://10.180.1.21/compute/v2.1/flavors/955731783 3.144s
2025-05-13 12:50:10.300 69644 INFO tempest.lib.common.rest_client [req-a15ad4b6-db27-40e1-b600-d790a85e447d req-a15ad4b6-db27-40e1-b600-d790a85e447d ] Request (HypervisorAdminV253TestBase:tearDownClass): 200 GET http://10.180.1.21:9696/networking/v2.0/security-groups?tenant_id=b1ad6ad454f9430d95a497b031c50a7a&name=default 0.251s
2025-05-13 12:50:10.325 69668 INFO tempest.lib.common.rest_client [req-0c931096-d59d-441f-becf-e683eb06bd89 req-0c931096-d59d-441f-becf-e683eb06bd89 ] Request (InstanceUsageAuditLogTestJSON:tearDownClass): 204 DELETE http://10.180.1.21/identity/v3/users/f9d241e5dc3047229db598d157b4078a 0.132s
2025-05-13 12:50:10.432 69668 INFO tempest.lib.common.rest_client [req-d6cf53ea-e878-4bd8-85cc-ecc2004ffaaf req-d6cf53ea-e878-4bd8-85cc-ecc2004ffaaf ] Request (InstanceUsageAuditLogTestJSON:tearDownClass): 204 DELETE http://10.180.1.21/identity/v3/users/c5c9c578514d4e7f9a00a939170c3788 0.106s
2025-05-13 12:50:10.432 69668 INFO tempest.lib.common.dynamic_creds [-] Deleting project and security group for project: fac4ad3112574c38bdfc4ccc63d7f1e8
2025-05-13 12:50:10.435 69646 INFO tempest.lib.common.rest_client [req-6c6419a4-a6d0-4761-be6b-b2842d6457f4 req-6c6419a4-a6d0-4761-be6b-b2842d6457f4 ] Request (AttachInterfacesV270Test:test_create_get_list_interfaces): 200 GET http://10.180.1.21/compute/v2.1/servers/f5a6c18f-0e1e-4454-85a7-2e871fa1d8e7 3.267s
2025-05-13 12:50:10.440 69652 INFO tempest.lib.common.rest_client [req-a64088ad-6b21-4feb-93f7-0c8c6731f5cc req-a64088ad-6b21-4feb-93f7-0c8c6731f5cc ] Request (QuotasAdminTestV257:test_get_updated_quotas): 200 PUT http://10.180.1.21/compute/v2.1/os-quota-sets/ebf040894c7b44dea8814d5f7959f5a8?user_id=e5598a1b330145f08260788dd57884af 3.502s
2025-05-13 12:50:10.449 69665 INFO tempest.lib.common.rest_client [req-71a8c681-ceed-4570-a998-30732290a4cf req-71a8c681-ceed-4570-a998-30732290a4cf ] Request (HypervisorAdminNegativeTestJSON:test_get_hypervisor_list_with_non_admin_user): 403 GET http://10.180.1.21/compute/v2.1/os-hypervisors 3.116s
2025-05-13 12:50:10.468 69644 INFO tempest.lib.common.rest_client [req-cfeac647-48cf-4508-b5d8-127862402691 req-cfeac647-48cf-4508-b5d8-127862402691 ] Request (HypervisorAdminV253TestBase:tearDownClass): 204 DELETE http://10.180.1.21:9696/networking/v2.0/security-groups/d9ab83e6-db1d-44aa-a928-e7ec08d5778a 0.167s
2025-05-13 12:50:10.480 69656 INFO tempest.lib.common.rest_client [req-29579e6f-87cd-4b2a-8dc3-9a073f812e75 req-29579e6f-87cd-4b2a-8dc3-9a073f812e75 ] Request (FlavorsV255TestJSON:test_crud_flavor): 200 PUT http://10.180.1.21/compute/v2.1/flavors/1922257116 2.977s
2025-05-13 12:50:10.506 69668 INFO tempest.lib.common.rest_client [req-5a40d069-8a7f-41cb-8053-e675186c855d req-5a40d069-8a7f-41cb-8053-e675186c855d ] Request (InstanceUsageAuditLogTestJSON:tearDownClass): 201 POST http://10.180.1.21/identity/v3/auth/tokens 0.073s
2025-05-13 12:50:10.546 69704 INFO tempest.lib.common.rest_client [req-5ef57a8f-cfe7-4791-991d-d9bd24fe6cc8 req-5ef57a8f-cfe7-4791-991d-d9bd24fe6cc8 ] Request (HypervisorAdminNegativeUnderV252Test:test_search_hypervisor_with_non_admin_user): 403 GET http://10.180.1.21/compute/v2.1/os-hypervisors/domain-c8.fc996f14-c53b-4953-92e3-bdfa48f5cc28/search 3.320s
2025-05-13 12:50:10.587 69644 INFO tempest.lib.common.rest_client [req-930e584f-262d-4af8-afa5-422ecdb00974 req-930e584f-262d-4af8-afa5-422ecdb00974 ] Request (HypervisorAdminV253TestBase:tearDownClass): 204 DELETE http://10.180.1.21/identity/v3/projects/b1ad6ad454f9430d95a497b031c50a7a 0.119s
2025-05-13 12:50:10.588 69644 INFO tempest.test [-] raised in LiveMigrationRemoteConsolesV26Test.setUpClass. Invoking tearDownClass.
