2025-05-13 12:50:29.016 69652 INFO tempest.lib.common.rest_client [req-4489f538-0af8-4513-af39-731e1f99b3d6 req-4489f538-0af8-4513-af39-731e1f99b3d6 ] Request (ServersTestMultiNic:setUpClass): 201 POST http://10.180.1.21/identity/v3/auth/tokens 0.057s
2025-05-13 12:50:29.020 69672 INFO tempest.lib.common.rest_client [req-95f42d28-4ba7-4104-b37a-b0a9ff824b60 req-95f42d28-4ba7-4104-b37a-b0a9ff824b60 ] Request (FloatingIPDetailsNegativeTestJSON:setUpClass): 201 POST http://10.180.1.21/identity/v3/auth/tokens 0.031s
2025-05-13 12:50:29.123 69690 INFO tempest.lib.common.rest_client [req-6bddb7fe-722b-4b8a-a928-6aa99c0a6bf4 req-6bddb7fe-722b-4b8a-a928-6aa99c0a6bf4 ] Request (HostsAdminTestJSON:tearDownClass): 204 DELETE http://10.180.1.21/identity/v3/projects/05cf507735634f41914395379e5a2136 0.107s
2025-05-13 12:50:29.123 69690 INFO tempest.lib.common.dynamic_creds [-] Deleting project and security group for project: 2e5f8966435e4d07840db8c04961614f
2025-05-13 12:50:29.184 69652 INFO tempest.lib.common.rest_client [req-ae28838c-0bf5-44ed-a69f-d5d02442f212 req-ae28838c-0bf5-44ed-a69f-d5d02442f212 ] Request (ServersTestMultiNic:setUpClass): 200 GET http://10.180.1.21/identity/v3/domains?name=Default 0.167s
2025-05-13 12:50:29.213 69672 INFO tempest.lib.common.rest_client [req-96e622d7-2ea7-4111-8e9a-631389576ab4 req-96e622d7-2ea7-4111-8e9a-631389576ab4 ] Request (FloatingIPDetailsNegativeTestJSON:setUpClass): 200 GET http://10.180.1.21/identity/v3/domains?name=Default 0.192s
2025-05-13 12:50:29.224 69652 INFO tempest.lib.common.rest_client [req-6522ae59-f710-447c-bf3b-6fc63a9881dd req-6522ae59-f710-447c-bf3b-6fc63a9881dd ] Request (ServersTestMultiNic:setUpClass): 201 POST http://10.180.1.21/identity/v3/projects 0.040s
2025-05-13 12:50:29.250 69672 INFO tempest.lib.common.rest_client [req-86443b72-5d1d-42cd-b3c5-89831cc65fc8 req-86443b72-5d1d-42cd-b3c5-89831cc65fc8 ] Request (FloatingIPDetailsNegativeTestJSON:setUpClass): 201 POST http://10.180.1.21/identity/v3/projects 0.036s
2025-05-13 12:50:29.280 69665 INFO tempest.lib.common.rest_client [req-9143d35d-7fd5-4360-a8c8-23d1c961b994 req-9143d35d-7fd5-4360-a8c8-23d1c961b994 ] Request (ServerDiagnosticsV248Test:test_get_server_diagnostics): 202 POST http://10.180.1.21/compute/v2.1/servers 2.491s
2025-05-13 12:50:29.341 69672 INFO tempest.lib.common.rest_client [req-9220b4f2-8ed4-495e-b93c-f1bd86e49d50 req-9220b4f2-8ed4-495e-b93c-f1bd86e49d50 ] Request (FloatingIPDetailsNegativeTestJSON:setUpClass): 201 POST http://10.180.1.21/identity/v3/users 0.091s
2025-05-13 12:50:29.348 69652 INFO tempest.lib.common.rest_client [req-bb5ab3d2-4096-471d-aaef-d0aefd6734d5 req-bb5ab3d2-4096-471d-aaef-d0aefd6734d5 ] Request (ServersTestMultiNic:setUpClass): 201 POST http://10.180.1.21/identity/v3/users 0.123s
2025-05-13 12:50:29.368 69672 INFO tempest.lib.common.rest_client [req-5d6be64c-f51a-4ecf-9267-a1d7dbfb1666 req-5d6be64c-f51a-4ecf-9267-a1d7dbfb1666 ] Request (FloatingIPDetailsNegativeTestJSON:setUpClass): 200 GET http://10.180.1.21/identity/v3/roles 0.026s
2025-05-13 12:50:29.370 69652 INFO tempest.lib.common.rest_client [req-370349a0-8132-4169-ae7d-28734a3e0c5d req-370349a0-8132-4169-ae7d-28734a3e0c5d ] Request (ServersTestMultiNic:setUpClass): 200 GET http://10.180.1.21/identity/v3/roles 0.021s
2025-05-13 12:50:29.397 69672 INFO tempest.lib.common.rest_client [req-cd553382-c65e-46d2-a2fd-fa88e81edc6a req-cd553382-c65e-46d2-a2fd-fa88e81edc6a ] Request (FloatingIPDetailsNegativeTestJSON:setUpClass): 204 PUT http://10.180.1.21/identity/v3/projects/4b3b534ac29a46178bb55512fde37d0e/users/7ba98feee0d7453b948e370858c35c46/roles/7fd50f9b29734a31aed8d8338361eb41 0.028s
2025-05-13 12:50:29.397 69672 INFO tempest.lib.common.dynamic_creds [-] Dynamic test user 7ba98feee0d7453b948e370858c35c46 is created with scope project and roles: ['member']
2025-05-13 12:50:29.397 69672 INFO tempest.lib.common.dynamic_creds [-] Acquired dynamic creds: credentials: Credentials: {'domain_id': 'default', 'domain_name': 'Default', 'username': 'tempest-FloatingIPDetailsNegativeTestJSON-700453210-project-member', 'project_domain_id': 'default', 'project_domain_name': 'Default', 'project_id': '4b3b534ac29a46178bb55512fde37d0e', 'project_name': 'tempest-FloatingIPDetailsNegativeTestJSON-700453210', 'tenant_id': '4b3b534ac29a46178bb55512fde37d0e', 'tenant_name': 'tempest-FloatingIPDetailsNegativeTestJSON-700453210', 'user_domain_id': 'default', 'user_domain_name': 'Default', 'user_id': '7ba98feee0d7453b948e370858c35c46', 'system': None}, Network: None, Subnet: None, Router: None
2025-05-13 12:50:29.402 69658 INFO tempest.lib.common.rest_client [req-48b12c24-647e-48f1-a397-b015575f5d0f req-48b12c24-647e-48f1-a397-b015575f5d0f ] Request (FloatingIPDetailsTestJSON:test_get_floating_ip_details): 200 GET http://10.180.1.21/compute/v2.1/os-floating-ips/a4707d25-1109-47fd-85c3-406288949e2c 2.565s
2025-05-13 12:50:29.406 69652 INFO tempest.lib.common.rest_client [req-84e6b82d-3511-4dd2-a0b6-38e64389e184 req-84e6b82d-3511-4dd2-a0b6-38e64389e184 ] Request (ServersTestMultiNic:setUpClass): 204 PUT http://10.180.1.21/identity/v3/projects/dd3ab8f44fd544ee9644c74287250082/users/54e3bb2071b6443e86794a2552197491/roles/7fd50f9b29734a31aed8d8338361eb41 0.035s
2025-05-13 12:50:29.407 69652 INFO tempest.lib.common.dynamic_creds [-] Dynamic test user 54e3bb2071b6443e86794a2552197491 is created with scope project and roles: ['member']
2025-05-13 12:50:29.408 69652 INFO tempest.lib.common.dynamic_creds [-] Acquired dynamic creds: credentials: Credentials: {'domain_id': 'default', 'domain_name': 'Default', 'username': 'tempest-ServersTestMultiNic-952053463-project-member', 'project_domain_id': 'default', 'project_domain_name': 'Default', 'project_id': 'dd3ab8f44fd544ee9644c74287250082', 'project_name': 'tempest-ServersTestMultiNic-952053463', 'tenant_id': 'dd3ab8f44fd544ee9644c74287250082', 'tenant_name': 'tempest-ServersTestMultiNic-952053463', 'user_domain_id': 'default', 'user_domain_name': 'Default', 'user_id': '54e3bb2071b6443e86794a2552197491', 'system': None}, Network: None, Subnet: None, Router: None
2025-05-13 12:50:29.421 69662 INFO tempest.lib.common.rest_client [req-b6477133-8f00-480a-9c23-cbcc073e5ed0 req-b6477133-8f00-480a-9c23-cbcc073e5ed0 ] Request (ServerGroup264TestJSON:tearDownClass): 404 DELETE http://10.180.1.21/compute/v2.1/os-server-groups/4fa3997a-1d3a-4097-8874-0d363730d035 2.525s
2025-05-13 12:50:29.442 69656 INFO tempest.lib.common.rest_client [req-39f26acc-46e5-49eb-9621-8634d5d25fb1 req-39f26acc-46e5-49eb-9621-8634d5d25fb1 ] Request (HypervisorAdminTestJSON:test_get_hypervisor_stats): 200 GET http://10.180.1.21/compute/v2.1/os-hypervisors/statistics 2.155s
2025-05-13 12:50:29.458 69696 INFO tempest.lib.common.rest_client [req-f24f2967-3ebd-4241-802a-99404e7edbe5 req-f24f2967-3ebd-4241-802a-99404e7edbe5 ] Request (ServersTestBootFromVolume:setUpClass): 201 POST http://10.180.1.21:9696/networking/v2.0/networks 0.761s
2025-05-13 12:50:29.467 69690 INFO tempest.lib.common.rest_client [req-7593d081-80b5-495a-8278-4be256c1e1c9 req-7593d081-80b5-495a-8278-4be256c1e1c9 ] Request (HostsAdminTestJSON:tearDownClass): 200 GET http://10.180.1.21:9696/networking/v2.0/security-groups?tenant_id=2e5f8966435e4d07840db8c04961614f&name=default 0.344s
2025-05-13 12:50:29.472 69672 INFO tempest.lib.common.rest_client [req-7b66e64c-4c67-4b04-bd74-520495fa2c83 req-7b66e64c-4c67-4b04-bd74-520495fa2c83 ] Request (FloatingIPDetailsNegativeTestJSON:setUpClass): 201 POST http://10.180.1.21/identity/v3/auth/tokens 0.075s
2025-05-13 12:50:29.490 69652 INFO tempest.lib.common.rest_client [req-86f666e9-601f-4412-8f43-29f4e4219796 req-86f666e9-601f-4412-8f43-29f4e4219796 ] Request (ServersTestMultiNic:setUpClass): 201 POST http://10.180.1.21/identity/v3/auth/tokens 0.080s
2025-05-13 12:50:29.509 69644 INFO tempest.lib.common.rest_client [req-590c8d42-463d-48e8-98e5-51fecf5804a6 req-590c8d42-463d-48e8-98e5-51fecf5804a6 ] Request (ServersAdminTestJSON:setUpClass): 202 POST http://10.180.1.21/compute/v2.1/servers 2.732s
2025-05-13 12:50:29.540 69684 INFO tempest.lib.common.rest_client [req-ef5a4872-2778-4732-bd0d-16177e643f86 req-ef5a4872-2778-4732-bd0d-16177e643f86 ] Request (AggregatesAdminNegativeTestJSON:_run_cleanups): 200 DELETE http://10.180.1.21/compute/v2.1/os-aggregates/3 2.220s
2025-05-13 12:50:29.567 69656 INFO tempest.lib.common.rest_client [req-6a53e45e-e39d-4b65-b0d8-66edaae59e75 req-6a53e45e-e39d-4b65-b0d8-66edaae59e75 ] Request (HypervisorAdminTestJSON:tearDownClass): 204 DELETE http://10.180.1.21/identity/v3/users/e6ab46fa9c8647c09342aa28f564db2f 0.121s
2025-05-13 12:50:29.616 69704 INFO tempest.lib.common.rest_client [req-20d77344-2b4c-4083-a1ec-a322468afa7b req-20d77344-2b4c-4083-a1ec-a322468afa7b ] Request (ServersTestJSON:test_create_server_specify_multibyte_character_name): 200 GET http://10.180.1.21/compute/v2.1/servers/20214520-e4ae-4e49-8958-f2196303b998 1.967s
2025-05-13 12:50:29.643 69690 INFO tempest.lib.common.rest_client [req-15ecc190-984f-4611-b23b-7b6c7e187f4e req-15ecc190-984f-4611-b23b-7b6c7e187f4e ] Request (HostsAdminTestJSON:tearDownClass): 204 DELETE http://10.180.1.21:9696/networking/v2.0/security-groups/48186077-d10a-40f9-99c0-51011d17155e 0.175s
2025-05-13 12:50:29.702 69644 INFO tempest.lib.common.rest_client [req-32f70f1b-92a5-4921-bbd2-7e85b7a7e900 req-32f70f1b-92a5-4921-bbd2-7e85b7a7e900 ] Request (ServersAdminTestJSON:setUpClass): 201 POST http://10.180.1.21/identity/v3/auth/tokens 0.188s
2025-05-13 12:50:29.702 69644 INFO tempest.lib.common.fixed_network [-] (ServersAdminTestJSON:setUpClass) Found network {'id': '550225af-204a-4413-8366-22f57c4751d8', 'name': 'tempest-ServersAdminTestJSON-1269507931-network', 'tenant_id': 'ffab9f84e8e6432abff0e173b8ab55e3', 'admin_state_up': True, 'mtu': 8950, 'status': 'ACTIVE', 'subnets': [], 'shared': False, 'project_id': 'ffab9f84e8e6432abff0e173b8ab55e3', 'port_security_enabled': True, 'router:external': False, 'provider:network_type': 'vlan', 'provider:physical_network': 'default', 'provider:segmentation_id': 529, 'availability_zone_hints': [], 'availability_zones': [], 'ipv4_address_scope': None, 'ipv6_address_scope': None, 'description': '', 'tags': [], 'created_at': '2025-05-13T12:50:12Z', 'updated_at': '2025-05-13T12:50:12Z', 'revision_number': 1} available for tenant
2025-05-13 12:50:29.748 69656 INFO tempest.lib.common.rest_client [req-c13ac0b7-d8ab-4a88-9e12-b60b10de3dfd req-c13ac0b7-d8ab-4a88-9e12-b60b10de3dfd ] Request (HypervisorAdminTestJSON:tearDownClass): 204 DELETE http://10.180.1.21/identity/v3/users/b85522aced564b51a7f632d622f842af 0.179s
2025-05-13 12:50:29.748 69656 INFO tempest.lib.common.dynamic_creds [-] Deleting project and security group for project: 12fbbe95e5ba4ac0b7792097a368b2d7
2025-05-13 12:50:29.758 69674 INFO tempest.lib.common.rest_client [req-7f843cc4-d6f1-4515-858f-d5f3947c95a9 req-7f843cc4-d6f1-4515-858f-d5f3947c95a9 ] Request (TenantUsagesTestJSON:setUpClass): 200 GET http://10.180.1.21/compute/v2.1/servers/3ebe98c4-028a-42e6-adef-da43904f73e2 2.447s
2025-05-13 12:50:29.765 69690 INFO tempest.lib.common.rest_client [req-687e1801-aaab-4de8-aa77-2bbb558696d1 req-687e1801-aaab-4de8-aa77-2bbb558696d1 ] Request (HostsAdminTestJSON:tearDownClass): 204 DELETE http://10.180.1.21/identity/v3/projects/2e5f8966435e4d07840db8c04961614f 0.121s
2025-05-13 12:50:29.794 69706 INFO tempest.lib.common.rest_client [req-f2ddc29a-3863-4136-a4f2-2139cf9a0de7 req-f2ddc29a-3863-4136-a4f2-2139cf9a0de7 ] Request (ImagesOneServerNegativeTestJSON:setUpClass): 200 GET http://10.180.1.21/compute/v2.1/servers/3ac2a03e-f49a-47bb-a28e-1a331ce309f2 2.048s
2025-05-13 12:50:29.826 69656 INFO tempest.lib.common.rest_client [req-de5e9c04-1f60-4fcb-8ace-ef94989ed15e req-de5e9c04-1f60-4fcb-8ace-ef94989ed15e ] Request (HypervisorAdminTestJSON:tearDownClass): 201 POST http://10.180.1.21/identity/v3/auth/tokens 0.078s
2025-05-13 12:50:29.849 69690 INFO tempest.lib.common.rest_client [req-5be6ce43-d8e4-4e00-a88c-a0b5daccf3aa req-5be6ce43-d8e4-4e00-a88c-a0b5daccf3aa ] Request (MigrationsAdminTest:setUpClass): 201 POST http://10.180.1.21/identity/v3/auth/tokens 0.082s
2025-05-13 12:50:29.928 69690 INFO tempest.lib.common.rest_client [req-809587b7-cdc3-4bfe-bfa8-78943ee4b4ef req-809587b7-cdc3-4bfe-bfa8-78943ee4b4ef ] Request (MigrationsAdminTest:setUpClass): 201 POST http://10.180.1.21/identity/v3/auth/tokens 0.076s
2025-05-13 12:50:29.942 69652 INFO tempest.lib.common.rest_client [req-9b669f64-48bc-429a-85f6-f0c4af5126cd req-9b669f64-48bc-429a-85f6-f0c4af5126cd ] Request (ServersTestMultiNic:setUpClass): 201 POST http://10.180.1.21:9696/networking/v2.0/networks 0.451s
2025-05-13 12:50:29.953 69676 INFO tempest.lib.common.rest_client [req-4726b8f8-3d63-43e5-bd8a-862e80697f83 req-4726b8f8-3d63-43e5-bd8a-862e80697f83 ] Request (FlavorsV2NegativeTest:test_boot_with_low_ram): 200 GET http://10.180.1.21/compute/v2.1/flavors/42 2.133s
2025-05-13 12:50:29.956 69690 INFO tempest.lib.common.rest_client [req-14c04382-6a4e-4c55-9522-92b5f0efa2e5 req-14c04382-6a4e-4c55-9522-92b5f0efa2e5 ] Request (MigrationsAdminTest:setUpClass): 200 GET http://10.180.1.21/identity/v3/domains?name=Default 0.028s
2025-05-13 12:50:29.975 69692 INFO tempest.lib.common.rest_client [req-25c28bed-2557-4d32-b77c-d8ce4bbdbf84 req-25c28bed-2557-4d32-b77c-d8ce4bbdbf84 ] Request (KeyPairsV210TestJSON:_run_cleanups): 204 DELETE http://10.180.1.21/compute/v2.1/os-keypairs/tempest-keypair-1673820098?user_id=5fc51bff005442938c964b98b1017cd9 2.086s
2025-05-13 12:50:29.979 69678 INFO tempest.lib.common.rest_client [req-5953a5bd-1e32-4a22-8448-869c7c028d73 req-5953a5bd-1e32-4a22-8448-869c7c028d73 ] Request (HostsAdminNegativeTestJSON:test_update_host_with_non_admin_user): 403 PUT http://10.180.1.21/compute/v2.1/os-hosts/devstack 2.081s
2025-05-13 12:50:29.994 69694 INFO tempest.lib.common.rest_client [req-b342e226-4578-4b2f-aeb5-239669a39249 req-b342e226-4578-4b2f-aeb5-239669a39249 ] Request (KeyPairsV22TestJSON:_run_cleanups): 204 DELETE http://10.180.1.21/compute/v2.1/os-keypairs/tempest-keypair-875825821 2.062s
2025-05-13 12:50:30.001 69690 INFO tempest.lib.common.rest_client [req-18e8cf62-503d-4834-aa9c-bc0370cdfee3 req-18e8cf62-503d-4834-aa9c-bc0370cdfee3 ] Request (MigrationsAdminTest:setUpClass): 201 POST http://10.180.1.21/identity/v3/projects 0.044s
2025-05-13 12:50:30.019 69698 INFO tempest.lib.common.rest_client [req-c88c3bf5-056d-4695-8d55-e593386a0f22 req-c88c3bf5-056d-4695-8d55-e593386a0f22 ] Request (FlavorsAdminTestJSON:_run_cleanups): 200 GET http://10.180.1.21/compute/v2.1/flavors/detail 2.056s
2025-05-13 12:50:30.046 69660 INFO tempest.lib.common.rest_client [req-f98be774-bfb1-453f-8438-edba805e1640 req-f98be774-bfb1-453f-8438-edba805e1640 ] Request (ServerRescueTestJSONUnderV235:setUpClass): 200 GET http://10.180.1.21/compute/v2.1/servers/c8fb439a-a034-4360-a0a5-72f2cd895222 2.234s
2025-05-13 12:50:30.060 69660 INFO tempest.common.waiters [-] State transition "BUILD/None" ==> "BUILD/spawning" after 10 second wait
2025-05-13 12:50:30.089 69690 INFO tempest.lib.common.rest_client [req-3416ab19-8026-4adc-b438-c3bdc8b4377e req-3416ab19-8026-4adc-b438-c3bdc8b4377e ] Request (MigrationsAdminTest:setUpClass): 201 POST http://10.180.1.21/identity/v3/users 0.087s
2025-05-13 12:50:30.112 69656 INFO tempest.lib.common.rest_client [req-c072de70-7d87-48a0-98a1-03bed23921be req-c072de70-7d87-48a0-98a1-03bed23921be ] Request (HypervisorAdminTestJSON:tearDownClass): 200 GET http://10.180.1.21:9696/networking/v2.0/security-groups?tenant_id=12fbbe95e5ba4ac0b7792097a368b2d7&name=default 0.286s
2025-05-13 12:50:30.138 69690 INFO tempest.lib.common.rest_client [req-500b19c6-7f58-40b9-bf30-671228a9eaf7 req-500b19c6-7f58-40b9-bf30-671228a9eaf7 ] Request (MigrationsAdminTest:setUpClass): 200 GET http://10.180.1.21/identity/v3/roles 0.048s
2025-05-13 12:50:30.146 69696 INFO tempest.lib.common.rest_client [req-1e5d771d-2689-4670-89af-a3de40d115c6 req-1e5d771d-2689-4670-89af-a3de40d115c6 ] Request (ServersTestBootFromVolume:setUpClass): 201 POST http://10.180.1.21:9696/networking/v2.0/subnets 0.687s
2025-05-13 12:50:30.162 69648 INFO tempest.lib.common.rest_client [req-bffcc75d-4010-4b96-bc2e-ac53530922c4 req-bffcc75d-4010-4b96-bc2e-ac53530922c4 ] Request (ServersAdminNegativeTestJSON:setUpClass): 200 GET http://10.180.1.21/compute/v2.1/servers/0e82f13a-5834-4629-bf70-6646d1670e8d 2.151s
2025-05-13 12:50:30.196 69686 INFO tempest.lib.common.rest_client [req-c818297a-7723-472b-823c-c75aef0a4608 req-c818297a-7723-472b-823c-c75aef0a4608 ] Request (FlavorsV2TestJSON:test_list_flavors_filter_by_min_disk): 200 GET http://10.180.1.21/compute/v2.1/flavors?minDisk=2 2.089s
2025-05-13 12:50:30.204 69700 INFO tempest.lib.common.rest_client [req-0ec15660-6625-41ae-8010-97b2f903eb52 req-0ec15660-6625-41ae-8010-97b2f903eb52 ] Request (FlavorsAccessNegativeTestJSON:test_flavor_non_admin_add): 403 POST http://10.180.1.21/compute/v2.1/flavors/1848707078/action 2.219s
2025-05-13 12:50:30.234 69690 INFO tempest.lib.common.rest_client [req-134b503d-d1b8-44de-8de1-ce84ee98dc15 req-134b503d-d1b8-44de-8de1-ce84ee98dc15 ] Request (MigrationsAdminTest:setUpClass): 204 PUT http://10.180.1.21/identity/v3/projects/9513b89a66384260be696d5d13d62865/users/ac218f2d00ea4cd895aef0a56b893459/roles/7fd50f9b29734a31aed8d8338361eb41 0.094s
2025-05-13 12:50:30.234 69690 INFO tempest.lib.common.dynamic_creds [-] Dynamic test user ac218f2d00ea4cd895aef0a56b893459 is created with scope project and roles: ['member']
2025-05-13 12:50:30.234 69690 INFO tempest.lib.common.dynamic_creds [-] Acquired dynamic creds: credentials: Credentials: {'domain_id': 'default', 'domain_name': 'Default', 'username': 'tempest-MigrationsAdminTest-330713494-project-member', 'project_domain_id': 'default', 'project_domain_name': 'Default', 'project_id': '9513b89a66384260be696d5d13d62865', 'project_name': 'tempest-MigrationsAdminTest-330713494', 'tenant_id': '9513b89a66384260be696d5d13d62865', 'tenant_name': 'tempest-MigrationsAdminTest-330713494', 'user_domain_id': 'default', 'user_domain_name': 'Default', 'user_id': 'ac218f2d00ea4cd895aef0a56b893459', 'system': None}, Network: None, Subnet: None, Router: None
2025-05-13 12:50:30.235 69690 INFO tempest.lib.common.dynamic_creds [-] Created isolated network resources for: credentials: Credentials: {'domain_id': 'default', 'domain_name': 'Default', 'username': 'tempest-MigrationsAdminTest-330713494-project-member', 'project_domain_id': 'default', 'project_domain_name': 'Default', 'project_id': '9513b89a66384260be696d5d13d62865', 'project_name': 'tempest-MigrationsAdminTest-330713494', 'tenant_id': '9513b89a66384260be696d5d13d62865', 'tenant_name': 'tempest-MigrationsAdminTest-330713494', 'user_domain_id': 'default', 'user_domain_name': 'Default', 'user_id': 'ac218f2d00ea4cd895aef0a56b893459', 'system': None}, Network: None, Subnet: None, Router: None
2025-05-13 12:50:30.316 69656 INFO tempest.lib.common.rest_client [req-902fad4d-7115-479a-8fc6-d1ee1015109c req-902fad4d-7115-479a-8fc6-d1ee1015109c ] Request (HypervisorAdminTestJSON:tearDownClass): 204 DELETE http://10.180.1.21:9696/networking/v2.0/security-groups/06762880-ba24-481d-b6f8-89b061e7434a 0.203s
2025-05-13 12:50:30.349 69690 INFO tempest.lib.common.rest_client [req-bed31974-dcda-46ea-b447-cd8649f4ff3f req-bed31974-dcda-46ea-b447-cd8649f4ff3f ] Request (MigrationsAdminTest:setUpClass): 201 POST http://10.180.1.21/identity/v3/auth/tokens 0.108s
2025-05-13 12:50:30.372 69652 INFO tempest.lib.common.rest_client [req-e233dd5a-c2d2-4e49-9600-2963f7ff43a3 req-e233dd5a-c2d2-4e49-9600-2963f7ff43a3 ] Request (ServersTestMultiNic:setUpClass): 201 POST http://10.180.1.21:9696/networking/v2.0/subnets 0.428s
2025-05-13 12:50:30.408 69702 INFO tempest.lib.common.rest_client [req-48c57072-5a6c-44b2-885e-d4a6139f6f54 req-48c57072-5a6c-44b2-885e-d4a6139f6f54 ] Request (QuotasAdminNegativeTest:_run_cleanups): 200 PUT http://10.180.1.21/compute/v2.1/os-quota-sets/1ea6f74dedd14216948c52c2cc0d59d4 1.947s
2025-05-13 12:50:30.441 69690 INFO tempest.lib.common.rest_client [req-a8d889f4-4015-43a0-8212-0a82c4024ff4 req-a8d889f4-4015-43a0-8212-0a82c4024ff4 ] Request (MigrationsAdminTest:setUpClass): 201 POST http://10.180.1.21/identity/v3/projects 0.091s
2025-05-13 12:50:30.462 69656 INFO tempest.lib.common.rest_client [req-87055adc-5f48-40d7-a9f5-276375246d55 req-87055adc-5f48-40d7-a9f5-276375246d55 ] Request (HypervisorAdminTestJSON:tearDownClass): 204 DELETE http://10.180.1.21/identity/v3/projects/12fbbe95e5ba4ac0b7792097a368b2d7 0.145s
2025-05-13 12:50:30.462 69656 INFO tempest.lib.common.dynamic_creds [-] Deleting project and security group for project: c54eabdd7ce64d969ca7e25c65c2f210
2025-05-13 12:50:30.472 69676 INFO tempest.lib.common.rest_client [req-230c646e-1fa0-4f2b-a9fa-702d4678d2b5 req-230c646e-1fa0-4f2b-a9fa-702d4678d2b5 ] Request (FlavorsV2NegativeTest:test_boot_with_low_ram): 201 POST http://10.180.1.21/image/v2/images 0.512s
2025-05-13 12:50:30.483 69672 INFO tempest.lib.common.rest_client [req-0f4c69e3-0d2e-4a11-8f5e-8e3648cb247d req-0f4c69e3-0d2e-4a11-8f5e-8e3648cb247d ] Request (FloatingIPDetailsNegativeTestJSON:setUpClass): 201 POST http://10.180.1.21:9696/networking/v2.0/networks 1.011s
2025-05-13 12:50:30.493 69654 INFO tempest.lib.common.rest_client [req-9c460b46-0df6-4bac-b376-563e9220cb0c req-9c460b46-0df6-4bac-b376-563e9220cb0c ] Request (ServersWithSpecificFlavorTestJSON:test_verify_created_server_ephemeral_disk): 200 GET http://10.180.1.21/compute/v2.1/servers/7475e359-e007-463f-b11b-8d5fc1917ec6 1.861s
2025-05-13 12:50:30.518 69690 INFO tempest.lib.common.rest_client [req-50dbb68b-bd38-4363-89c2-c7d79dfe3373 req-50dbb68b-bd38-4363-89c2-c7d79dfe3373 ] Request (MigrationsAdminTest:setUpClass): 201 POST http://10.180.1.21/identity/v3/users 0.076s
2025-05-13 12:50:30.547 69690 INFO tempest.lib.common.rest_client [req-ca8ba2ca-423b-4e4e-9f65-c94e360db11c req-ca8ba2ca-423b-4e4e-9f65-c94e360db11c ] Request (MigrationsAdminTest:setUpClass): 200 GET http://10.180.1.21/identity/v3/roles 0.028s
2025-05-13 12:50:30.579 69690 INFO tempest.lib.common.rest_client [req-77d6deea-f12d-4582-8e48-85e208e5b15d req-77d6deea-f12d-4582-8e48-85e208e5b15d ] Request (MigrationsAdminTest:setUpClass): 204 PUT http://10.180.1.21/identity/v3/projects/3ef029f5790a4d99bd7e7c53137b51ec/users/87c14dd34b3b4dfa91736569f6947a21/roles/4250613a31654a81985c6cee2ebfd862 0.031s
2025-05-13 12:50:30.638 69690 INFO tempest.lib.common.rest_client [req-9434ef8c-1173-4697-8906-62f9b362b711 req-9434ef8c-1173-4697-8906-62f9b362b711 ] Request (MigrationsAdminTest:setUpClass): 200 GET http://10.180.1.21/identity/v3/roles 0.059s
2025-05-13 12:50:30.660 69690 INFO tempest.lib.common.rest_client [req-250862d8-934f-428d-a983-d9bc2eb7003c req-250862d8-934f-428d-a983-d9bc2eb7003c ] Request (MigrationsAdminTest:setUpClass): 204 PUT http://10.180.1.21/identity/v3/projects/3ef029f5790a4d99bd7e7c53137b51ec/users/87c14dd34b3b4dfa91736569f6947a21/roles/4250613a31654a81985c6cee2ebfd862 0.021s
2025-05-13 12:50:30.660 69690 INFO tempest.lib.common.dynamic_creds [-] Dynamic test user 87c14dd34b3b4dfa91736569f6947a21 is created with scope project and roles: ['admin']
2025-05-13 12:50:30.660 69690 INFO tempest.lib.common.dynamic_creds [-] Acquired dynamic creds: credentials: Credentials: {'domain_id': 'default', 'domain_name': 'Default', 'username': 'tempest-MigrationsAdminTest-1947795827-project-admin', 'project_domain_id': 'default', 'project_domain_name': 'Default', 'project_id': '3ef029f5790a4d99bd7e7c53137b51ec', 'project_name': 'tempest-MigrationsAdminTest-1947795827', 'tenant_id': '3ef029f5790a4d99bd7e7c53137b51ec', 'tenant_name': 'tempest-MigrationsAdminTest-1947795827', 'user_domain_id': 'default', 'user_domain_name': 'Default', 'user_id': '87c14dd34b3b4dfa91736569f6947a21', 'system': None}, Network: None, Subnet: None, Router: None
2025-05-13 12:50:30.661 69690 INFO tempest.lib.common.dynamic_creds [-] Created isolated network resources for: credentials: Credentials: {'domain_id': 'default', 'domain_name': 'Default', 'username': 'tempest-MigrationsAdminTest-1947795827-project-admin', 'project_domain_id': 'default', 'project_domain_name': 'Default', 'project_id': '3ef029f5790a4d99bd7e7c53137b51ec', 'project_name': 'tempest-MigrationsAdminTest-1947795827', 'tenant_id': '3ef029f5790a4d99bd7e7c53137b51ec', 'tenant_name': 'tempest-MigrationsAdminTest-1947795827', 'user_domain_id': 'default', 'user_domain_name': 'Default', 'user_id': '87c14dd34b3b4dfa91736569f6947a21', 'system': None}, Network: None, Subnet: None, Router: None
2025-05-13 12:50:30.719 69680 INFO tempest.lib.common.rest_client [req-d3a533e2-b115-4ac6-a052-942563e8f0b6 req-d3a533e2-b115-4ac6-a052-942563e8f0b6 ] Request (VolumesAdminNegativeTest:test_update_attached_volume_with_nonexistent_volume_in_body): 200 GET http://10.180.1.21/compute/v2.1/servers/53a5c270-6084-4c1e-a63b-7cc7de611e8c 2.466s
2025-05-13 12:50:30.750 69690 INFO tempest.lib.common.rest_client [req-3391cc75-98d9-42dc-9f21-630c1c884db0 req-3391cc75-98d9-42dc-9f21-630c1c884db0 ] Request (MigrationsAdminTest:setUpClass): 201 POST http://10.180.1.21/identity/v3/auth/tokens 0.087s
2025-05-13 12:50:30.823 69688 INFO tempest.lib.common.rest_client [req-82d065ab-b49f-47c7-bd1e-8b236bba7b0e req-82d065ab-b49f-47c7-bd1e-8b236bba7b0e ] Request (VolumesAssistedSnapshotsTest:test_volume_assisted_snapshot_create_delete): 200 GET http://10.180.1.21/compute/v2.1/servers/bcd6aaab-6eb2-4283-97db-b3e67330f4e6 1.982s
2025-05-13 12:50:30.877 69682 INFO tempest.lib.common.rest_client [req-98aa201b-6795-4899-93cc-0d33ccb7eb0b req-98aa201b-6795-4899-93cc-0d33ccb7eb0b ] Request (ServerDiagnosticsTest:test_get_server_diagnostics): 200 GET http://10.180.1.21/compute/v2.1/servers/ed235f06-74da-45fb-abde-eb1806b1a0d1 2.169s
2025-05-13 12:50:30.884 69656 INFO tempest.lib.common.rest_client [req-f2dc7261-0364-4728-b840-38187d6934c9 req-f2dc7261-0364-4728-b840-38187d6934c9 ] Request (HypervisorAdminTestJSON:tearDownClass): 200 GET http://10.180.1.21:9696/networking/v2.0/security-groups?tenant_id=c54eabdd7ce64d969ca7e25c65c2f210&name=default 0.422s
2025-05-13 12:50:31.125 69650 INFO tempest.lib.common.rest_client [req-5a441f6c-84ad-44c8-be59-b2dea37c5746 req-5a441f6c-84ad-44c8-be59-b2dea37c5746 ] Request (QuotasAdminTestJSON:test_delete_quota): 200 PUT http://10.180.1.21/compute/v2.1/os-quota-sets/4e62990997844b90bd5a97cfdab224c0 2.108s
2025-05-13 12:50:31.139 69656 INFO tempest.lib.common.rest_client [req-98a3ca06-d833-4e95-9e2c-e0995f184293 req-98a3ca06-d833-4e95-9e2c-e0995f184293 ] Request (HypervisorAdminTestJSON:tearDownClass): 204 DELETE http://10.180.1.21:9696/networking/v2.0/security-groups/96fd61aa-e405-46b0-9ca4-22fd3b8c9508 0.252s
2025-05-13 12:50:31.191 69672 INFO tempest.lib.common.rest_client [req-64ebea29-9747-4b63-8d4b-b25f414e603d req-64ebea29-9747-4b63-8d4b-b25f414e603d ] Request (FloatingIPDetailsNegativeTestJSON:setUpClass): 201 POST http://10.180.1.21:9696/networking/v2.0/subnets 0.707s
2025-05-13 12:50:31.195 69646 INFO tempest.lib.common.rest_client [req-d6431a3f-9fa8-44a1-9bd9-5a9f4f91a407 req-d6431a3f-9fa8-44a1-9bd9-5a9f4f91a407 ] Request (AttachInterfacesV270Test:test_create_get_list_interfaces): 200 GET http://10.180.1.21/compute/v2.1/servers/f5a6c18f-0e1e-4454-85a7-2e871fa1d8e7 2.306s
2025-05-13 12:50:31.204 69646 INFO tempest.common.waiters [-] State transition "BUILD/spawning" ==> "ACTIVE/None" after 21 second wait
2025-05-13 12:50:31.240 69676 INFO tempest.lib.common.rest_client [req-32f5d659-d957-4a8d-b620-12989b4e88c8 req-32f5d659-d957-4a8d-b620-12989b4e88c8 ] Request (FlavorsV2NegativeTest:test_boot_with_low_ram): 204 PUT http://10.180.1.21/image/v2/images/9489769a-2c19-443c-acc9-812df7363d81/file 0.768s
2025-05-13 12:50:31.282 69668 INFO tempest.lib.common.rest_client [req-caef0085-a34a-4273-b52e-2bb26ed583b2 req-caef0085-a34a-4273-b52e-2bb26ed583b2 ] Request (ServersAdmin275Test:test_rebuild_update_server_275): 200 GET http://10.180.1.21/compute/v2.1/servers/5b062b1d-53b0-4c79-a695-a5aaabcf3552 2.179s
2025-05-13 12:50:31.312 69656 INFO tempest.lib.common.rest_client [req-5a5f4b45-fcf0-48f4-87d3-0df4d70fdc20 req-5a5f4b45-fcf0-48f4-87d3-0df4d70fdc20 ] Request (HypervisorAdminTestJSON:tearDownClass): 204 DELETE http://10.180.1.21/identity/v3/projects/c54eabdd7ce64d969ca7e25c65c2f210 0.172s
2025-05-13 12:50:31.324 69676 INFO tempest.lib.common.rest_client [req-d7099fc2-f827-440c-8d1a-8e0373e48ddb req-d7099fc2-f827-440c-8d1a-8e0373e48ddb ] Request (FlavorsV2NegativeTest:test_boot_with_low_ram): 201 POST http://10.180.1.21/identity/v3/auth/tokens 0.081s
2025-05-13 12:50:31.324 69676 INFO tempest.lib.common.fixed_network [-] (FlavorsV2NegativeTest:test_boot_with_low_ram) Found network None available for tenant
2025-05-13 12:50:31.376 69656 INFO tempest.lib.common.rest_client [req-09421488-d8ba-4fcd-a871-e17f762c1203 req-09421488-d8ba-4fcd-a871-e17f762c1203 ] Request (ServerExternalEventsTest:setUpClass): 201 POST http://10.180.1.21/identity/v3/auth/tokens 0.062s
2025-05-13 12:50:31.400 69665 INFO tempest.lib.common.rest_client [req-0cac5bef-21f8-4682-b1d1-aa76092eedc2 req-0cac5bef-21f8-4682-b1d1-aa76092eedc2 ] Request (ServerDiagnosticsV248Test:test_get_server_diagnostics): 200 GET http://10.180.1.21/compute/v2.1/servers/2b88dbef-e3b5-41a7-85dd-b2c007b46680 2.118s
2025-05-13 12:50:31.410 69656 INFO tempest.lib.common.rest_client [req-51084afb-c4f2-420f-b06c-f5fcbdc9d4d8 req-51084afb-c4f2-420f-b06c-f5fcbdc9d4d8 ] Request (ServerExternalEventsTest:setUpClass): 201 POST http://10.180.1.21/identity/v3/auth/tokens 0.032s
2025-05-13 12:50:31.436 69656 INFO tempest.lib.common.rest_client [req-01b6297f-df7b-4c91-89ee-49a56b102339 req-01b6297f-df7b-4c91-89ee-49a56b102339 ] Request (ServerExternalEventsTest:setUpClass): 200 GET http://10.180.1.21/identity/v3/domains?name=Default 0.025s
2025-05-13 12:50:31.464 69656 INFO tempest.lib.common.rest_client [req-1fd87c22-70d0-401d-870e-fba7aee7967b req-1fd87c22-70d0-401d-870e-fba7aee7967b ] Request (ServerExternalEventsTest:setUpClass): 201 POST http://10.180.1.21/identity/v3/projects 0.027s
2025-05-13 12:50:31.519 69666 INFO tempest.lib.common.rest_client [req-bd8fa9bd-6a86-44bb-8251-f9e76a985b8b req-bd8fa9bd-6a86-44bb-8251-f9e76a985b8b ] Request (DeleteServersAdminTestJSON:test_admin_delete_servers_of_others): 200 GET http://10.180.1.21/compute/v2.1/servers/9c9aab78-56f9-4d83-9139-8e139813cb6d 2.387s
2025-05-13 12:50:31.525 69684 INFO tempest.lib.common.rest_client [req-db4186cc-630b-4665-8622-3380dd4829b8 req-db4186cc-630b-4665-8622-3380dd4829b8 ] Request (AggregatesAdminNegativeTestJSON:test_aggregate_create_aggregate_name_length_exceeds_255): 400 POST http://10.180.1.21/compute/v2.1/os-aggregates 1.981s
2025-05-13 12:50:31.536 69656 INFO tempest.lib.common.rest_client [req-a3f1a5ec-a2d0-482a-9718-efd887b195da req-a3f1a5ec-a2d0-482a-9718-efd887b195da ] Request (ServerExternalEventsTest:setUpClass): 201 POST http://10.180.1.21/identity/v3/users 0.071s
2025-05-13 12:50:31.560 69656 INFO tempest.lib.common.rest_client [req-bb003dc7-d8a7-4539-b51f-39f1d47b4dd3 req-bb003dc7-d8a7-4539-b51f-39f1d47b4dd3 ] Request (ServerExternalEventsTest:setUpClass): 200 GET http://10.180.1.21/identity/v3/roles 0.024s
2025-05-13 12:50:31.593 69656 INFO tempest.lib.common.rest_client [req-5c50565e-c7e8-453b-ab93-ddb7245ef298 req-5c50565e-c7e8-453b-ab93-ddb7245ef298 ] Request (ServerExternalEventsTest:setUpClass): 204 PUT http://10.180.1.21/identity/v3/projects/717a0ffdfdee4697901bbe8949422d91/users/91d87afe79d74b3bb24c591e7fc1efd4/roles/7fd50f9b29734a31aed8d8338361eb41 0.032s
2025-05-13 12:50:31.593 69656 INFO tempest.lib.common.dynamic_creds [-] Dynamic test user 91d87afe79d74b3bb24c591e7fc1efd4 is created with scope project and roles: ['member']
2025-05-13 12:50:31.594 69656 INFO tempest.lib.common.dynamic_creds [-] Acquired dynamic creds: credentials: Credentials: {'domain_id': 'default', 'domain_name': 'Default', 'username': 'tempest-ServerExternalEventsTest-220264373-project-member', 'project_domain_id': 'default', 'project_domain_name': 'Default', 'project_id': '717a0ffdfdee4697901bbe8949422d91', 'project_name': 'tempest-ServerExternalEventsTest-220264373', 'tenant_id': '717a0ffdfdee4697901bbe8949422d91', 'tenant_name': 'tempest-ServerExternalEventsTest-220264373', 'user_domain_id': 'default', 'user_domain_name': 'Default', 'user_id': '91d87afe79d74b3bb24c591e7fc1efd4', 'system': None}, Network: None, Subnet: None, Router: None
2025-05-13 12:50:31.594 69656 INFO tempest.lib.common.dynamic_creds [-] Created isolated network resources for: credentials: Credentials: {'domain_id': 'default', 'domain_name': 'Default', 'username': 'tempest-ServerExternalEventsTest-220264373-project-member', 'project_domain_id': 'default', 'project_domain_name': 'Default', 'project_id': '717a0ffdfdee4697901bbe8949422d91', 'project_name': 'tempest-ServerExternalEventsTest-220264373', 'tenant_id': '717a0ffdfdee4697901bbe8949422d91', 'tenant_name': 'tempest-ServerExternalEventsTest-220264373', 'user_domain_id': 'default', 'user_domain_name': 'Default', 'user_id': '91d87afe79d74b3bb24c591e7fc1efd4', 'system': None}, Network: None, Subnet: None, Router: None
2025-05-13 12:50:31.697 69656 INFO tempest.lib.common.rest_client [req-fecb6475-eb22-42d2-bf04-b47dde05753c req-fecb6475-eb22-42d2-bf04-b47dde05753c ] Request (ServerExternalEventsTest:setUpClass): 201 POST http://10.180.1.21/identity/v3/auth/tokens 0.099s
2025-05-13 12:50:31.785 69662 INFO tempest.lib.common.rest_client [req-f79a872e-d4a1-4a36-9833-00dd8ca9009c req-f79a872e-d4a1-4a36-9833-00dd8ca9009c ] Request (ServerGroup264TestJSON:tearDownClass): 200 PUT http://10.180.1.21:9696/networking/v2.0/routers/b07886b4-363c-4c25-8fcf-b9177f9f2bc8/remove_router_interface 2.363s
2025-05-13 12:50:31.785 69656 INFO tempest.lib.common.rest_client [req-c57da288-d680-4876-a1d8-3adb84ef145f req-c57da288-d680-4876-a1d8-3adb84ef145f ] Request (ServerExternalEventsTest:setUpClass): 201 POST http://10.180.1.21/identity/v3/projects 0.087s
2025-05-13 12:50:31.881 69656 INFO tempest.lib.common.rest_client [req-266f8b60-06b4-4b8f-aedd-38aee808eec1 req-266f8b60-06b4-4b8f-aedd-38aee808eec1 ] Request (ServerExternalEventsTest:setUpClass): 201 POST http://10.180.1.21/identity/v3/users 0.095s
2025-05-13 12:50:31.908 69656 INFO tempest.lib.common.rest_client [req-346828d7-da6e-4369-99cc-3fe7366e3cfd req-346828d7-da6e-4369-99cc-3fe7366e3cfd ] Request (ServerExternalEventsTest:setUpClass): 200 GET http://10.180.1.21/identity/v3/roles 0.026s
2025-05-13 12:50:31.941 69656 INFO tempest.lib.common.rest_client [req-91e92e52-bb26-401b-acb7-58759d06a102 req-91e92e52-bb26-401b-acb7-58759d06a102 ] Request (ServerExternalEventsTest:setUpClass): 204 PUT http://10.180.1.21/identity/v3/projects/35472458c00843078482395f7daf0b2a/users/697ad2b7d4014033bb800e654979a078/roles/4250613a31654a81985c6cee2ebfd862 0.032s
2025-05-13 12:50:32.014 69656 INFO tempest.lib.common.rest_client [req-3765cfcc-a85d-4a08-a039-fbaa5f9f0ee8 req-3765cfcc-a85d-4a08-a039-fbaa5f9f0ee8 ] Request (ServerExternalEventsTest:setUpClass): 200 GET http://10.180.1.21/identity/v3/roles 0.072s
2025-05-13 12:50:32.036 69656 INFO tempest.lib.common.rest_client [req-7b624a6b-5d82-4aef-b96e-6f6a08e62133 req-7b624a6b-5d82-4aef-b96e-6f6a08e62133 ] Request (ServerExternalEventsTest:setUpClass): 204 PUT http://10.180.1.21/identity/v3/projects/35472458c00843078482395f7daf0b2a/users/697ad2b7d4014033bb800e654979a078/roles/4250613a31654a81985c6cee2ebfd862 0.022s
2025-05-13 12:50:32.036 69656 INFO tempest.lib.common.dynamic_creds [-] Dynamic test user 697ad2b7d4014033bb800e654979a078 is created with scope project and roles: ['admin']
2025-05-13 12:50:32.037 69656 INFO tempest.lib.common.dynamic_creds [-] Acquired dynamic creds: credentials: Credentials: {'domain_id': 'default', 'domain_name': 'Default', 'username': 'tempest-ServerExternalEventsTest-680174624-project-admin', 'project_domain_id': 'default', 'project_domain_name': 'Default', 'project_id': '35472458c00843078482395f7daf0b2a', 'project_name': 'tempest-ServerExternalEventsTest-680174624', 'tenant_id': '35472458c00843078482395f7daf0b2a', 'tenant_name': 'tempest-ServerExternalEventsTest-680174624', 'user_domain_id': 'default', 'user_domain_name': 'Default', 'user_id': '697ad2b7d4014033bb800e654979a078', 'system': None}, Network: None, Subnet: None, Router: None
2025-05-13 12:50:32.037 69656 INFO tempest.lib.common.dynamic_creds [-] Created isolated network resources for: credentials: Credentials: {'domain_id': 'default', 'domain_name': 'Default', 'username': 'tempest-ServerExternalEventsTest-680174624-project-admin', 'project_domain_id': 'default', 'project_domain_name': 'Default', 'project_id': '35472458c00843078482395f7daf0b2a', 'project_name': 'tempest-ServerExternalEventsTest-680174624', 'tenant_id': '35472458c00843078482395f7daf0b2a', 'tenant_name': 'tempest-ServerExternalEventsTest-680174624', 'user_domain_id': 'default', 'user_domain_name': 'Default', 'user_id': '697ad2b7d4014033bb800e654979a078', 'system': None}, Network: None, Subnet: None, Router: None
2025-05-13 12:50:32.096 69644 INFO tempest.lib.common.rest_client [req-08db9d8a-05bd-49a1-9f05-2d5a3bd89d17 req-08db9d8a-05bd-49a1-9f05-2d5a3bd89d17 ] Request (ServersAdminTestJSON:setUpClass): 202 POST http://10.180.1.21/compute/v2.1/servers 2.393s
2025-05-13 12:50:32.123 69692 INFO tempest.lib.common.rest_client [req-c568abf8-87ef-4f39-87c6-abbe14a833ff req-c568abf8-87ef-4f39-87c6-abbe14a833ff ] Request (KeyPairsV210TestJSON:_run_cleanups): 204 DELETE http://10.180.1.21/compute/v2.1/os-keypairs/tempest-keypair-87735364?user_id=5fc51bff005442938c964b98b1017cd9 2.147s
2025-05-13 12:50:32.131 69678 INFO tempest.lib.common.rest_client [req-21d5551d-02d5-4312-8d9e-a9ab382934a3 req-21d5551d-02d5-4312-8d9e-a9ab382934a3 ] Request (HostsAdminNegativeTestJSON:test_update_host_without_param): 400 PUT http://10.180.1.21/compute/v2.1/os-hosts/devstack 2.150s
2025-05-13 12:50:32.162 69656 INFO tempest.lib.common.rest_client [req-78fc09c6-2242-4cfa-8d02-609796469a60 req-78fc09c6-2242-4cfa-8d02-609796469a60 ] Request (ServerExternalEventsTest:setUpClass): 201 POST http://10.180.1.21/identity/v3/auth/tokens 0.122s
2025-05-13 12:50:32.177 69694 INFO tempest.lib.common.rest_client [req-2eae2598-6fe3-4b27-8927-38e1530fdeac req-2eae2598-6fe3-4b27-8927-38e1530fdeac ] Request (KeyPairsV22TestJSON:test_keypairs_create_list_delete): 201 POST http://10.180.1.21/compute/v2.1/os-keypairs 2.182s
2025-05-13 12:50:32.206 69698 INFO tempest.lib.common.rest_client [req-20ec2bef-f491-48af-a9e6-319b927ae449 req-20ec2bef-f491-48af-a9e6-319b927ae449 ] Request (FlavorsAdminTestJSON:test_create_flavor_with_uuid_id): 200 POST http://10.180.1.21/compute/v2.1/flavors 2.177s
2025-05-13 12:50:32.230 69686 INFO tempest.lib.common.rest_client [req-abed8ea7-4c08-4064-a30a-e67d587aad84 req-abed8ea7-4c08-4064-a30a-e67d587aad84 ] Request (FlavorsV2TestJSON:test_list_flavors_filter_by_min_ram): 200 GET http://10.180.1.21/compute/v2.1/flavors/42 2.027s
2025-05-13 12:50:32.258 69700 INFO tempest.lib.common.rest_client [req-40865c82-2004-454c-88b5-37e1ec8f84f6 req-40865c82-2004-454c-88b5-37e1ec8f84f6 ] Request (FlavorsAccessNegativeTestJSON:_run_cleanups): 202 DELETE http://10.180.1.21/compute/v2.1/flavors/1848707078 2.053s
2025-05-13 12:50:32.264 69656 INFO tempest.lib.common.rest_client [req-ad2a8db3-b7ec-4d83-b00e-bbc397ed74a1 req-ad2a8db3-b7ec-4d83-b00e-bbc397ed74a1 ] Request (ServerExternalEventsTest:setUpClass): 201 POST http://10.180.1.21/identity/v3/projects 0.101s
2025-05-13 12:50:32.267 69702 INFO tempest.lib.common.rest_client [req-2a603bf4-4097-4832-a891-ca130e341414 req-2a603bf4-4097-4832-a891-ca130e341414 ] Request (QuotasAdminNegativeTest:test_update_quota_normal_user): 403 PUT http://10.180.1.21/compute/v2.1/os-quota-sets/1ea6f74dedd14216948c52c2cc0d59d4 1.856s
2025-05-13 12:50:32.305 69692 INFO tempest.lib.common.rest_client [req-319980d6-16d6-4bc5-a426-67516684f43c req-319980d6-16d6-4bc5-a426-67516684f43c ] Request (KeyPairsV210TestJSON:tearDownClass): 204 DELETE http://10.180.1.21/identity/v3/users/5fc51bff005442938c964b98b1017cd9 0.181s
2025-05-13 12:50:32.309 69662 INFO tempest.lib.common.rest_client [req-89de847c-82f2-4b5d-8bf4-2e2b9c127a1a req-89de847c-82f2-4b5d-8bf4-2e2b9c127a1a ] Request (ServerGroup264TestJSON:tearDownClass): 204 DELETE http://10.180.1.21:9696/networking/v2.0/routers/b07886b4-363c-4c25-8fcf-b9177f9f2bc8 0.523s
2025-05-13 12:50:32.362 69704 INFO tempest.lib.common.rest_client [req-26b5e81f-b794-46d2-8ac9-77e526e964f4 req-26b5e81f-b794-46d2-8ac9-77e526e964f4 ] Request (ServersTestJSON:test_create_server_specify_multibyte_character_name): 200 GET http://10.180.1.21/compute/v2.1/servers/20214520-e4ae-4e49-8958-f2196303b998 1.736s
2025-05-13 12:50:32.374 69704 INFO tempest.common.waiters [-] State transition "BUILD/scheduling" ==> "BUILD/None" after 3 second wait
2025-05-13 12:50:32.398 69656 INFO tempest.lib.common.rest_client [req-ab8a8256-8ebf-4a8d-bf9d-c9458ebb6d5a req-ab8a8256-8ebf-4a8d-bf9d-c9458ebb6d5a ] Request (ServerExternalEventsTest:setUpClass): 201 POST http://10.180.1.21/identity/v3/users 0.133s
2025-05-13 12:50:32.445 69702 INFO tempest.lib.common.rest_client [req-85376e91-efd2-4847-b6e5-8a1d810d20f2 req-85376e91-efd2-4847-b6e5-8a1d810d20f2 ] Request (QuotasAdminNegativeTest:tearDownClass): 204 DELETE http://10.180.1.21/identity/v3/users/204cfec8f8754c27b4ea8c8babc67dc2 0.176s
2025-05-13 12:50:32.448 69662 INFO tempest.lib.common.rest_client [req-60f8b982-6ab0-4638-99c0-c93071d3db4f req-60f8b982-6ab0-4638-99c0-c93071d3db4f ] Request (ServerGroup264TestJSON:tearDownClass): 204 DELETE http://10.180.1.21:9696/networking/v2.0/subnets/bb27b24b-8fb8-4ccc-bf18-c1d98bd88922 0.139s
2025-05-13 12:50:32.472 69692 INFO tempest.lib.common.rest_client [req-82cf7673-596d-47a5-9561-f8d2195ebfdf req-82cf7673-596d-47a5-9561-f8d2195ebfdf ] Request (KeyPairsV210TestJSON:tearDownClass): 204 DELETE http://10.180.1.21/identity/v3/users/ed00c0b007fc4214b3087a778da5057c 0.166s
2025-05-13 12:50:32.472 69692 INFO tempest.lib.common.dynamic_creds [-] Deleting project and security group for project: 9398ac8403ac4b04ae097affa3b3155c
2025-05-13 12:50:32.531 69656 INFO tempest.lib.common.rest_client [req-4370148d-b8c1-4b14-aa75-65832a6c8ae2 req-4370148d-b8c1-4b14-aa75-65832a6c8ae2 ] Request (ServerExternalEventsTest:setUpClass): 200 GET http://10.180.1.21/identity/v3/roles 0.133s
2025-05-13 12:50:32.606 69662 INFO tempest.lib.common.rest_client [req-28eded9f-1ecf-4f7c-84c5-c5d9837060ea req-28eded9f-1ecf-4f7c-84c5-c5d9837060ea ] Request (ServerGroup264TestJSON:tearDownClass): 204 DELETE http://10.180.1.21:9696/networking/v2.0/networks/6dea0327-42f2-40e7-9589-28608562fc0b 0.157s
2025-05-13 12:50:32.614 69702 INFO tempest.lib.common.rest_client [req-65ef7128-cf2c-46bf-ae14-c4ed49c4de1f req-65ef7128-cf2c-46bf-ae14-c4ed49c4de1f ] Request (QuotasAdminNegativeTest:tearDownClass): 204 DELETE http://10.180.1.21/identity/v3/users/fc8a3ce1a8b840f2a8eccdfdb59e1455 0.167s
2025-05-13 12:50:32.614 69702 INFO tempest.lib.common.dynamic_creds [-] Deleting project and security group for project: 96b52f9fc5494bd29abd4018ec392b83
2025-05-13 12:50:32.635 69690 INFO tempest.lib.common.rest_client [req-5360c25c-6417-4172-820f-a977637861c2 req-5360c25c-6417-4172-820f-a977637861c2 ] Request (MigrationsAdminTest:test_list_migrations): 200 GET http://10.180.1.21/compute/v2.1/os-migrations 1.881s
2025-05-13 12:50:32.724 69692 INFO tempest.lib.common.rest_client [req-88156134-7e1c-44d6-8aee-5b361e4c02ff req-88156134-7e1c-44d6-8aee-5b361e4c02ff ] Request (KeyPairsV210TestJSON:tearDownClass): 201 POST http://10.180.1.21/identity/v3/auth/tokens 0.251s
2025-05-13 12:50:32.746 69656 INFO tempest.lib.common.rest_client [req-ec50ace8-6e36-437f-b637-a0b786a44a31 req-ec50ace8-6e36-437f-b637-a0b786a44a31 ] Request (ServerExternalEventsTest:setUpClass): 204 PUT http://10.180.1.21/identity/v3/projects/a736575cbb9441338c63231adc73bb3b/users/a8bf5b2db8454d26be2ff03a2ab40aa2/roles/4250613a31654a81985c6cee2ebfd862 0.214s
2025-05-13 12:50:32.822 69702 INFO tempest.lib.common.rest_client [req-001cbc7e-88af-4779-9962-25af9dfb62ee req-001cbc7e-88af-4779-9962-25af9dfb62ee ] Request (QuotasAdminNegativeTest:tearDownClass): 201 POST http://10.180.1.21/identity/v3/auth/tokens 0.207s
2025-05-13 12:50:32.829 69662 INFO tempest.lib.common.rest_client [req-19e1893c-6336-41a0-b0e5-2441d05ef487 req-19e1893c-6336-41a0-b0e5-2441d05ef487 ] Request (ServerGroup264TestJSON:tearDownClass): 204 DELETE http://10.180.1.21/identity/v3/users/3a90fc68c5a74839820824791826a0a3 0.223s
2025-05-13 12:50:32.830 69662 INFO tempest.lib.common.dynamic_creds [-] Deleting project and security group for project: 534e184d9fe54611a5e0b617d1990c7a
2025-05-13 12:50:32.833 69674 INFO tempest.lib.common.rest_client [req-c4912cfe-944c-41b2-a934-2f9e5d3cbf80 req-c4912cfe-944c-41b2-a934-2f9e5d3cbf80 ] Request (TenantUsagesTestJSON:setUpClass): 200 GET http://10.180.1.21/compute/v2.1/servers/3ebe98c4-028a-42e6-adef-da43904f73e2 2.064s
2025-05-13 12:50:32.842 69674 INFO tempest.common.waiters [-] State transition "BUILD/spawning" ==> "ACTIVE/None" after 21 second wait
2025-05-13 12:50:32.857 69662 INFO tempest.lib.common.rest_client [req-1829d851-cc92-407b-8d43-c91c0281a9af req-1829d851-cc92-407b-8d43-c91c0281a9af ] Request (ServerGroup264TestJSON:tearDownClass): 200 GET http://10.180.1.21:9696/networking/v2.0/security-groups?tenant_id=534e184d9fe54611a5e0b617d1990c7a&name=default 0.027s
2025-05-13 12:50:32.883 69696 INFO tempest.lib.common.rest_client [req-be489f13-3bc2-4801-8222-09aaf0573056 req-be489f13-3bc2-4801-8222-09aaf0573056 ] Request (ServersTestBootFromVolume:setUpClass): 201 POST http://10.180.1.21:9696/networking/v2.0/routers 2.735s
2025-05-13 12:50:32.891 69690 INFO tempest.lib.common.rest_client [req-d8315a48-e038-485e-b79a-8bcae31a9188 req-d8315a48-e038-485e-b79a-8bcae31a9188 ] Request (MigrationsAdminTest:test_list_migrations_in_flavor_resize_situation): 201 POST http://10.180.1.21/identity/v3/auth/tokens 0.238s
2025-05-13 12:50:32.892 69690 INFO tempest.lib.common.fixed_network [-] (MigrationsAdminTest:test_list_migrations_in_flavor_resize_situation) Found network None available for tenant
2025-05-13 12:50:32.911 69658 INFO tempest.lib.common.rest_client [req-b0f9a8e6-80bc-4477-a0a7-3c879d09db85 req-b0f9a8e6-80bc-4477-a0a7-3c879d09db85 ] Request (FloatingIPDetailsTestJSON:_run_cleanups): 202 DELETE http://10.180.1.21/compute/v2.1/os-floating-ips/a4707d25-1109-47fd-85c3-406288949e2c 3.506s
2025-05-13 12:50:32.966 69656 INFO tempest.lib.common.rest_client [req-4f43de36-5ed8-4207-bc15-12c58747e2e7 req-4f43de36-5ed8-4207-bc15-12c58747e2e7 ] Request (ServerExternalEventsTest:setUpClass): 200 GET http://10.180.1.21/identity/v3/roles 0.219s
2025-05-13 12:50:32.985 69656 INFO tempest.lib.common.rest_client [req-2126c4e0-6143-410b-ad7a-f04bc1b8e408 req-2126c4e0-6143-410b-ad7a-f04bc1b8e408 ] Request (ServerExternalEventsTest:setUpClass): 204 PUT http://10.180.1.21/identity/v3/projects/a736575cbb9441338c63231adc73bb3b/users/a8bf5b2db8454d26be2ff03a2ab40aa2/roles/dff0fcc955e24f7c84ee9e17fe089dcf 0.019s
2025-05-13 12:50:32.985 69656 INFO tempest.lib.common.dynamic_creds [-] Dynamic test user a8bf5b2db8454d26be2ff03a2ab40aa2 is created with scope project and roles: ['admin', 'service']
2025-05-13 12:50:32.985 69656 INFO tempest.lib.common.dynamic_creds [-] Acquired dynamic creds: credentials: Credentials: {'domain_id': 'default', 'domain_name': 'Default', 'username': 'tempest-ServerExternalEventsTest-524740669-project', 'project_domain_id': 'default', 'project_domain_name': 'Default', 'project_id': 'a736575cbb9441338c63231adc73bb3b', 'project_name': 'tempest-ServerExternalEventsTest-524740669', 'tenant_id': 'a736575cbb9441338c63231adc73bb3b', 'tenant_name': 'tempest-ServerExternalEventsTest-524740669', 'user_domain_id': 'default', 'user_domain_name': 'Default', 'user_id': 'a8bf5b2db8454d26be2ff03a2ab40aa2', 'system': None}, Network: None, Subnet: None, Router: None
2025-05-13 12:50:32.986 69656 INFO tempest.lib.common.dynamic_creds [-] Created isolated network resources for: credentials: Credentials: {'domain_id': 'default', 'domain_name': 'Default', 'username': 'tempest-ServerExternalEventsTest-524740669-project', 'project_domain_id': 'default', 'project_domain_name': 'Default', 'project_id': 'a736575cbb9441338c63231adc73bb3b', 'project_name': 'tempest-ServerExternalEventsTest-524740669', 'tenant_id': 'a736575cbb9441338c63231adc73bb3b', 'tenant_name': 'tempest-ServerExternalEventsTest-524740669', 'user_domain_id': 'default', 'user_domain_name': 'Default', 'user_id': 'a8bf5b2db8454d26be2ff03a2ab40aa2', 'system': None}, Network: None, Subnet: None, Router: None
2025-05-13 12:50:33.078 69656 INFO tempest.lib.common.rest_client [req-4598c16a-a4cb-4111-ad6c-05fffcdacfbe req-4598c16a-a4cb-4111-ad6c-05fffcdacfbe ] Request (ServerExternalEventsTest:setUpClass): 201 POST http://10.180.1.21/identity/v3/auth/tokens 0.089s
2025-05-13 12:50:33.142 69656 INFO tempest.lib.common.rest_client [req-ab7a3991-8061-42c0-a351-351ef6efa2d7 req-ab7a3991-8061-42c0-a351-351ef6efa2d7 ] Request (ServerExternalEventsTest:test_create_server_external_events): 201 POST http://10.180.1.21/identity/v3/auth/tokens 0.060s
2025-05-13 12:50:33.143 69656 INFO tempest.lib.common.fixed_network [-] (ServerExternalEventsTest:test_create_server_external_events) Found network None available for tenant
2025-05-13 12:50:33.162 69662 INFO tempest.lib.common.rest_client [req-55b37f0d-93f7-4f35-b930-0425761fc284 req-55b37f0d-93f7-4f35-b930-0425761fc284 ] Request (ServerGroup264TestJSON:tearDownClass): 204 DELETE http://10.180.1.21:9696/networking/v2.0/security-groups/522b2296-40fe-4a2a-947d-584854308658 0.304s
