2025-05-13 12:50:55.402 69700 INFO tempest.lib.common.rest_client [req-025a2dd6-860b-4b47-b9db-807abc38453c req-025a2dd6-860b-4b47-b9db-807abc38453c ] Request (FlavorsAccessNegativeTestJSON:tearDownClass): 200 GET http://10.180.1.21:9696/networking/v2.0/security-groups?tenant_id=90b46ffa64a74256818e5b412369c9ca&name=default 0.189s
2025-05-13 12:50:55.406 69684 INFO tempest.lib.common.rest_client [req-b1fb8e75-83d5-4715-8db2-458ad8071322 req-b1fb8e75-83d5-4715-8db2-458ad8071322 ] Request (AggregatesAdminNegativeTestJSON:test_aggregate_get_details_with_invalid_id): 404 GET http://10.180.1.21/compute/v2.1/os-aggregates/-1 1.155s
2025-05-13 12:50:55.429 69698 INFO tempest.lib.common.rest_client [req-9c4a06c4-c45f-4eda-aece-fa8d952255c7 req-9c4a06c4-c45f-4eda-aece-fa8d952255c7 ] Request (FlavorsAdminTestJSON:test_is_public_string_variations): 200 POST http://10.180.1.21/compute/v2.1/flavors 1.155s
2025-05-13 12:50:55.450 69644 INFO tempest.lib.common.rest_client [req-d0999ced-2cbe-4459-b9c6-a240f08ab090 req-d0999ced-2cbe-4459-b9c6-a240f08ab090 ] Request (ServersAdminTestJSON:setUpClass): 200 GET http://10.180.1.21/compute/v2.1/servers/f17cebdf-b876-4778-80c9-f4a50b0bd402 1.461s
2025-05-13 12:50:55.462 69644 INFO tempest.common.waiters [-] State transition "BUILD/None" ==> "BUILD/networking" after 21 second wait
2025-05-13 12:50:55.500 69686 INFO tempest.lib.common.rest_client [req-76e4688d-a0c7-437d-ae0e-48bd784f96f5 req-76e4688d-a0c7-437d-ae0e-48bd784f96f5 ] Request (ValidationResourcesFixture:setUp): 201 POST http://10.180.1.21:9696/networking/v2.0/floatingips 0.779s
2025-05-13 12:50:55.512 69665 INFO tempest.lib.common.rest_client [req-3c9fa88b-48f8-42c0-8c6a-2a259f453576 req-3c9fa88b-48f8-42c0-8c6a-2a259f453576 ] Request (ServerDiagnosticsV248Test:test_get_server_diagnostics): 200 GET http://10.180.1.21/compute/v2.1/servers/2b88dbef-e3b5-41a7-85dd-b2c007b46680 1.049s
2025-05-13 12:50:55.514 69690 INFO tempest.lib.common.rest_client [req-c82fa4ef-4b6b-401c-9f31-9fd8db6f0baa req-c82fa4ef-4b6b-401c-9f31-9fd8db6f0baa ] Request (MigrationsAdminTest:test_list_migrations_in_flavor_resize_situation): 200 GET http://10.180.1.21/compute/v2.1/servers/c24189e8-ca4b-448f-954f-e25bcc4db234 1.043s
2025-05-13 12:50:55.577 69702 INFO tempest.lib.common.rest_client [req-787af3fa-de35-4bf8-bd20-1c2ba9d7d088 req-787af3fa-de35-4bf8-bd20-1c2ba9d7d088 ] Request (FloatingIPsAssociationTestJSON:setUpClass): 200 GET http://10.180.1.21/compute/v2.1/servers/fbc87491-5408-45a5-bf99-824181665f9b 1.058s
2025-05-13 12:50:55.580 69700 INFO tempest.lib.common.rest_client [req-b617ed91-433c-49ea-98c7-fc0f5fe03bfe req-b617ed91-433c-49ea-98c7-fc0f5fe03bfe ] Request (FlavorsAccessNegativeTestJSON:tearDownClass): 204 DELETE http://10.180.1.21:9696/networking/v2.0/security-groups/c6a76ba0-e3c0-4696-ab96-dff956ada368 0.177s
2025-05-13 12:50:55.584 69656 INFO tempest.lib.common.rest_client [req-be480ed0-2059-46f9-be85-1ac7516fde64 req-be480ed0-2059-46f9-be85-1ac7516fde64 ] Request (ServerExternalEventsTest:test_create_server_external_events): 200 GET http://10.180.1.21/compute/v2.1/servers/9687aeba-3a74-4bf1-9fda-9b76c88c1107 1.045s
2025-05-13 12:50:55.592 69686 INFO tempest.lib.common.rest_client [req-b06a1c06-a441-41f7-bfa8-4fda6dd49be0 req-b06a1c06-a441-41f7-bfa8-4fda6dd49be0 ] Request (AttachInterfacesUnderV243Test:test_add_remove_fixed_ip): 201 POST http://10.180.1.21/identity/v3/auth/tokens 0.088s
2025-05-13 12:50:55.593 69686 INFO tempest.lib.common.fixed_network [-] (AttachInterfacesUnderV243Test:test_add_remove_fixed_ip) Found network {'id': '243de325-6123-4dd3-ba2d-1011bdebfeac', 'name': 'tempest-AttachInterfacesUnderV243Test-185007810-network', 'tenant_id': 'f5c5eb6f2725448d8d1f18d7cf3a4d55', 'admin_state_up': True, 'mtu': 8950, 'status': 'ACTIVE', 'subnets': [], 'shared': False, 'project_id': 'f5c5eb6f2725448d8d1f18d7cf3a4d55', 'port_security_enabled': True, 'router:external': False, 'provider:network_type': 'vlan', 'provider:physical_network': 'default', 'provider:segmentation_id': 819, 'availability_zone_hints': [], 'availability_zones': [], 'ipv4_address_scope': None, 'ipv6_address_scope': None, 'description': '', 'tags': [], 'created_at': '2025-05-13T12:50:48Z', 'updated_at': '2025-05-13T12:50:48Z', 'revision_number': 1} available for tenant
2025-05-13 12:50:55.636 69696 INFO tempest.lib.common.rest_client [req-afa873a6-7659-4876-aa10-6dbed9361820 req-afa873a6-7659-4876-aa10-6dbed9361820 ] Request (ServersTestBootFromVolume:setUpClass): 200 GET http://10.180.1.21/volume/v3/volumes/6c03f600-8fda-42d5-be70-824a6c32678e 0.040s
2025-05-13 12:50:55.657 69678 INFO tempest.lib.common.rest_client [req-5af66e6c-ebba-4c95-a3d9-720e63d4a9fc req-5af66e6c-ebba-4c95-a3d9-720e63d4a9fc ] Request (ServerPasswordTestJSON:setUpClass): 200 GET http://10.180.1.21/compute/v2.1/servers/d6e164fd-9d10-4a2b-b7dc-cd9c69ea83e1 1.040s
2025-05-13 12:50:55.674 69666 INFO tempest.lib.common.rest_client [req-fc6b60e2-f22e-4be9-bd67-94900bdc0918 req-fc6b60e2-f22e-4be9-bd67-94900bdc0918 ] Request (DeleteServersAdminTestJSON:test_admin_delete_servers_of_others): 200 GET http://10.180.1.21/compute/v2.1/servers/9c9aab78-56f9-4d83-9139-8e139813cb6d 1.067s
2025-05-13 12:50:55.730 69668 INFO tempest.lib.common.rest_client [req-57361216-8d44-4715-a951-c7df23bbafff req-57361216-8d44-4715-a951-c7df23bbafff ] Request (ServersAdmin275Test:test_rebuild_update_server_275): 200 GET http://10.180.1.21/compute/v2.1/servers/5b062b1d-53b0-4c79-a695-a5aaabcf3552 1.023s
2025-05-13 12:50:55.740 69648 INFO tempest.lib.common.rest_client [req-e4ffb180-8b38-4746-90e9-7a497d83a259 req-e4ffb180-8b38-4746-90e9-7a497d83a259 ] Request (ServersAdminNegativeTestJSON:test_migrate_server_invalid_state): 200 GET http://10.180.1.21/compute/v2.1/servers/fbd30304-f19d-448d-b917-36322ffe9bc4 0.954s
2025-05-13 12:50:55.747 69700 INFO tempest.lib.common.rest_client [req-d4a59349-9782-44f6-8101-f96a96fb35d8 req-d4a59349-9782-44f6-8101-f96a96fb35d8 ] Request (FlavorsAccessNegativeTestJSON:tearDownClass): 204 DELETE http://10.180.1.21/identity/v3/projects/90b46ffa64a74256818e5b412369c9ca 0.167s
2025-05-13 12:50:55.821 69700 INFO tempest.lib.common.rest_client [req-8e7ed108-f6ff-4dcb-aa4d-96197aeea6e4 req-8e7ed108-f6ff-4dcb-aa4d-96197aeea6e4 ] Request (FlavorsV261TestJSON:setUpClass): 201 POST http://10.180.1.21/identity/v3/auth/tokens 0.072s
2025-05-13 12:50:55.825 69688 INFO tempest.lib.common.rest_client [req-46b2ad38-e2d7-42bc-95bf-62f6b8f61f7e req-46b2ad38-e2d7-42bc-95bf-62f6b8f61f7e ] Request (VolumesAssistedSnapshotsTest:test_volume_assisted_snapshot_create_delete): 200 GET http://10.180.1.21/compute/v2.1/servers/bcd6aaab-6eb2-4283-97db-b3e67330f4e6/os-interface 1.014s
2025-05-13 12:50:55.854 69704 INFO tempest.lib.common.rest_client [req-7c8b97ec-3130-4755-b0c5-6009d3af7cc1 req-7c8b97ec-3130-4755-b0c5-6009d3af7cc1 ] Request (ServersTestJSON:test_create_server_specify_multibyte_character_name): 200 GET http://10.180.1.21/compute/v2.1/servers/20214520-e4ae-4e49-8958-f2196303b998 1.027s
2025-05-13 12:50:55.874 69700 INFO tempest.lib.common.rest_client [req-1e0d4ffe-01df-4fdf-93a2-9529fef66b7e req-1e0d4ffe-01df-4fdf-93a2-9529fef66b7e ] Request (FlavorsV261TestJSON:setUpClass): 201 POST http://10.180.1.21/identity/v3/auth/tokens 0.049s
2025-05-13 12:50:55.906 69706 INFO tempest.lib.common.rest_client [req-546069e0-7d39-42dd-b329-61c620895576 req-546069e0-7d39-42dd-b329-61c620895576 ] Request (ImagesOneServerNegativeTestJSON:test_create_second_image_when_first_image_is_being_saved): 409 POST http://10.180.1.21/compute/v2.1/servers/3ac2a03e-f49a-47bb-a28e-1a331ce309f2/action 1.047s
2025-05-13 12:50:55.916 69700 INFO tempest.lib.common.rest_client [req-d3f6bd46-6fe4-4eec-a05c-04e2dc64a032 req-d3f6bd46-6fe4-4eec-a05c-04e2dc64a032 ] Request (FlavorsV261TestJSON:setUpClass): 200 GET http://10.180.1.21/identity/v3/domains?name=Default 0.041s
2025-05-13 12:50:55.924 69694 INFO tempest.lib.common.rest_client [req-6eb673c4-23d5-4693-9be7-b3f4f5bde3d8 req-6eb673c4-23d5-4693-9be7-b3f4f5bde3d8 ] Request (KeyPairsV22TestJSON:test_keypairsv22_create_list_show_with_type): 200 GET http://10.180.1.21/compute/v2.1/os-keypairs 0.914s
2025-05-13 12:50:56.031 69654 INFO tempest.lib.common.rest_client [req-e2452e42-830e-4ad6-9e20-3a2909564bdd req-e2452e42-830e-4ad6-9e20-3a2909564bdd ] Request (ServersWithSpecificFlavorTestJSON:test_verify_created_server_ephemeral_disk): 200 GET http://10.180.1.21/compute/v2.1/servers/7475e359-e007-463f-b11b-8d5fc1917ec6 1.031s
2025-05-13 12:50:56.060 69700 INFO tempest.lib.common.rest_client [req-fe29dee2-b43a-4df0-809a-694843882efc req-fe29dee2-b43a-4df0-809a-694843882efc ] Request (FlavorsV261TestJSON:setUpClass): 201 POST http://10.180.1.21/identity/v3/projects 0.144s
2025-05-13 12:50:56.126 69700 INFO tempest.lib.common.rest_client [req-c81816d8-a355-4a0a-b079-506dd56cab74 req-c81816d8-a355-4a0a-b079-506dd56cab74 ] Request (FlavorsV261TestJSON:setUpClass): 201 POST http://10.180.1.21/identity/v3/users 0.065s
2025-05-13 12:50:56.147 69700 INFO tempest.lib.common.rest_client [req-cf041959-d390-41c8-8f99-08170eee184a req-cf041959-d390-41c8-8f99-08170eee184a ] Request (FlavorsV261TestJSON:setUpClass): 200 GET http://10.180.1.21/identity/v3/roles 0.021s
2025-05-13 12:50:56.177 69700 INFO tempest.lib.common.rest_client [req-38183c5c-8788-42de-804a-9e0a6795185c req-38183c5c-8788-42de-804a-9e0a6795185c ] Request (FlavorsV261TestJSON:setUpClass): 204 PUT http://10.180.1.21/identity/v3/projects/6c711b7437d44265aa36e469e68fa3b5/users/053f83e93169461e812733efefd03614/roles/7fd50f9b29734a31aed8d8338361eb41 0.029s
2025-05-13 12:50:56.178 69700 INFO tempest.lib.common.dynamic_creds [-] Dynamic test user 053f83e93169461e812733efefd03614 is created with scope project and roles: ['member']
2025-05-13 12:50:56.178 69700 INFO tempest.lib.common.dynamic_creds [-] Acquired dynamic creds: credentials: Credentials: {'domain_id': 'default', 'domain_name': 'Default', 'username': 'tempest-FlavorsV261TestJSON-1375323361-project-member', 'project_domain_id': 'default', 'project_domain_name': 'Default', 'project_id': '6c711b7437d44265aa36e469e68fa3b5', 'project_name': 'tempest-FlavorsV261TestJSON-1375323361', 'tenant_id': '6c711b7437d44265aa36e469e68fa3b5', 'tenant_name': 'tempest-FlavorsV261TestJSON-1375323361', 'user_domain_id': 'default', 'user_domain_name': 'Default', 'user_id': '053f83e93169461e812733efefd03614', 'system': None}, Network: None, Subnet: None, Router: None
2025-05-13 12:50:56.178 69700 INFO tempest.lib.common.dynamic_creds [-] Created isolated network resources for: credentials: Credentials: {'domain_id': 'default', 'domain_name': 'Default', 'username': 'tempest-FlavorsV261TestJSON-1375323361-project-member', 'project_domain_id': 'default', 'project_domain_name': 'Default', 'project_id': '6c711b7437d44265aa36e469e68fa3b5', 'project_name': 'tempest-FlavorsV261TestJSON-1375323361', 'tenant_id': '6c711b7437d44265aa36e469e68fa3b5', 'tenant_name': 'tempest-FlavorsV261TestJSON-1375323361', 'user_domain_id': 'default', 'user_domain_name': 'Default', 'user_id': '053f83e93169461e812733efefd03614', 'system': None}, Network: None, Subnet: None, Router: None
2025-05-13 12:50:56.213 69670 INFO tempest.lib.common.rest_client [req-e04b26ce-6ff0-4e95-9848-2588e133cfcb req-e04b26ce-6ff0-4e95-9848-2588e133cfcb ] Request (QuotasAdminTestV236:test_get_updated_quotas): 200 GET http://10.180.1.21/compute/v2.1/os-quota-sets/1781a09ff6494321b7fa629a4173e5fc/detail 1.009s
2025-05-13 12:50:56.266 69700 INFO tempest.lib.common.rest_client [req-9703d8e2-afb4-446a-ad77-efd5ab281f42 req-9703d8e2-afb4-446a-ad77-efd5ab281f42 ] Request (FlavorsV261TestJSON:setUpClass): 201 POST http://10.180.1.21/identity/v3/auth/tokens 0.084s
2025-05-13 12:50:56.280 69660 INFO tempest.lib.common.rest_client [req-266a5052-7a1a-48d8-af32-e2e0f64d9a9e req-266a5052-7a1a-48d8-af32-e2e0f64d9a9e ] Request (ServerRescueTestJSONUnderV235:setUpClass): 200 GET http://10.180.1.21/compute/v2.1/servers/c8fb439a-a034-4360-a0a5-72f2cd895222 1.142s
2025-05-13 12:50:56.286 69670 INFO tempest.lib.common.rest_client [req-5eaf8b80-4b9a-4cd8-bdce-4d5720cf44b7 req-5eaf8b80-4b9a-4cd8-bdce-4d5720cf44b7 ] Request (QuotasAdminTestV236:test_get_updated_quotas): 200 GET http://10.180.1.21/identity/v3/domains?name=Default 0.068s
2025-05-13 12:50:56.297 69660 INFO tempest.common.waiters [-] State transition "ACTIVE/rescuing" ==> "RESCUE/None" after 9 second wait
2025-05-13 12:50:56.299 69646 INFO tempest.lib.common.rest_client [req-35445227-50d1-4ff8-9a63-98bbbea60b14 req-35445227-50d1-4ff8-9a63-98bbbea60b14 ] Request (AttachInterfacesV270Test:tearDownClass): 200 GET http://10.180.1.21/compute/v2.1/servers/f5a6c18f-0e1e-4454-85a7-2e871fa1d8e7 1.059s
2025-05-13 12:50:56.336 69700 INFO tempest.lib.common.rest_client [req-a6e58f38-26b0-4476-a990-0c131bd275cd req-a6e58f38-26b0-4476-a990-0c131bd275cd ] Request (FlavorsV261TestJSON:setUpClass): 201 POST http://10.180.1.21/identity/v3/projects 0.069s
2025-05-13 12:50:56.341 69676 INFO tempest.lib.common.rest_client [req-aa7ae35d-2e6e-438a-a7fc-ff7085e35d1d req-aa7ae35d-2e6e-438a-a7fc-ff7085e35d1d ] Request (ImagesMetadataTestJSON:test_set_image_metadata): 200 GET http://10.180.1.21/compute/v2.1/images/24ad7e1b-8769-4720-b98d-1835caacbb20/metadata 0.988s
2025-05-13 12:50:56.393 69670 INFO tempest.lib.common.rest_client [req-f21f86b3-266c-4e88-9891-8aedf5152b5d req-f21f86b3-266c-4e88-9891-8aedf5152b5d ] Request (QuotasAdminTestV236:test_get_updated_quotas): 201 POST http://10.180.1.21/identity/v3/users 0.106s
2025-05-13 12:50:56.412 69662 INFO tempest.lib.common.rest_client [req-449ee1ab-770e-43b7-a0d0-746694ad7d0a req-449ee1ab-770e-43b7-a0d0-746694ad7d0a ] Request (ServerGroupTestJSON:test_create_delete_server_group_with_anti_affinity_policy): 200 POST http://10.180.1.21/compute/v2.1/os-server-groups 1.039s
2025-05-13 12:50:56.457 69670 INFO tempest.lib.common.rest_client [req-9543ec18-7be7-459b-8538-c5004be48795 req-9543ec18-7be7-459b-8538-c5004be48795 ] Request (QuotasAdminTestV236:test_get_updated_quotas): 200 GET http://10.180.1.21/identity/v3/domains?name=Default 0.063s
2025-05-13 12:50:56.458 69700 INFO tempest.lib.common.rest_client [req-3505027f-45af-42c8-98d5-24a0468fff0e req-3505027f-45af-42c8-98d5-24a0468fff0e ] Request (FlavorsV261TestJSON:setUpClass): 201 POST http://10.180.1.21/identity/v3/users 0.122s
2025-05-13 12:50:56.476 69650 INFO tempest.lib.common.rest_client [req-1d4ffc92-ec56-490a-9ed1-2afaf2a19519 req-1d4ffc92-ec56-490a-9ed1-2afaf2a19519 ] Request (KeyPairsV2TestJSON:test_get_keypair_detail): 200 POST http://10.180.1.21/compute/v2.1/os-keypairs 1.163s
2025-05-13 12:50:56.480 69684 INFO tempest.lib.common.rest_client [req-ce0649a0-f09a-4d78-a382-6e461b09ecb7 req-ce0649a0-f09a-4d78-a382-6e461b09ecb7 ] Request (AggregatesAdminNegativeTestJSON:test_aggregate_list_as_user): 403 GET http://10.180.1.21/compute/v2.1/os-aggregates 1.073s
2025-05-13 12:50:56.485 69700 INFO tempest.lib.common.rest_client [req-0826ca17-ec39-4953-8ce7-3c696963e586 req-0826ca17-ec39-4953-8ce7-3c696963e586 ] Request (FlavorsV261TestJSON:setUpClass): 200 GET http://10.180.1.21/identity/v3/roles 0.026s
2025-05-13 12:50:56.503 69698 INFO tempest.lib.common.rest_client [req-006ee763-d2ff-487d-9ca7-c0e6745777d1 req-006ee763-d2ff-487d-9ca7-c0e6745777d1 ] Request (FlavorsAdminTestJSON:test_is_public_string_variations): 200 GET http://10.180.1.21/compute/v2.1/flavors/detail?is_public=f 1.071s
2025-05-13 12:50:56.517 69700 INFO tempest.lib.common.rest_client [req-1af4f204-8601-4cec-bdbc-6478883b2c2f req-1af4f204-8601-4cec-bdbc-6478883b2c2f ] Request (FlavorsV261TestJSON:setUpClass): 204 PUT http://10.180.1.21/identity/v3/projects/3d16cd34cb204903862a8f5528be0021/users/e9705af5829244399b61aed92e996083/roles/4250613a31654a81985c6cee2ebfd862 0.031s
2025-05-13 12:50:56.594 69700 INFO tempest.lib.common.rest_client [req-9b76aef1-4b6e-4dc8-a2f6-cc803b0a7ed3 req-9b76aef1-4b6e-4dc8-a2f6-cc803b0a7ed3 ] Request (FlavorsV261TestJSON:setUpClass): 200 GET http://10.180.1.21/identity/v3/roles 0.077s
2025-05-13 12:50:56.614 69700 INFO tempest.lib.common.rest_client [req-96fc4717-4317-45e7-b5bf-91191078f39c req-96fc4717-4317-45e7-b5bf-91191078f39c ] Request (FlavorsV261TestJSON:setUpClass): 204 PUT http://10.180.1.21/identity/v3/projects/3d16cd34cb204903862a8f5528be0021/users/e9705af5829244399b61aed92e996083/roles/4250613a31654a81985c6cee2ebfd862 0.019s
2025-05-13 12:50:56.614 69700 INFO tempest.lib.common.dynamic_creds [-] Dynamic test user e9705af5829244399b61aed92e996083 is created with scope project and roles: ['admin']
2025-05-13 12:50:56.614 69700 INFO tempest.lib.common.dynamic_creds [-] Acquired dynamic creds: credentials: Credentials: {'domain_id': 'default', 'domain_name': 'Default', 'username': 'tempest-FlavorsV261TestJSON-1527098773-project-admin', 'project_domain_id': 'default', 'project_domain_name': 'Default', 'project_id': '3d16cd34cb204903862a8f5528be0021', 'project_name': 'tempest-FlavorsV261TestJSON-1527098773', 'tenant_id': '3d16cd34cb204903862a8f5528be0021', 'tenant_name': 'tempest-FlavorsV261TestJSON-1527098773', 'user_domain_id': 'default', 'user_domain_name': 'Default', 'user_id': 'e9705af5829244399b61aed92e996083', 'system': None}, Network: None, Subnet: None, Router: None
2025-05-13 12:50:56.614 69700 INFO tempest.lib.common.dynamic_creds [-] Created isolated network resources for: credentials: Credentials: {'domain_id': 'default', 'domain_name': 'Default', 'username': 'tempest-FlavorsV261TestJSON-1527098773-project-admin', 'project_domain_id': 'default', 'project_domain_name': 'Default', 'project_id': '3d16cd34cb204903862a8f5528be0021', 'project_name': 'tempest-FlavorsV261TestJSON-1527098773', 'tenant_id': '3d16cd34cb204903862a8f5528be0021', 'tenant_name': 'tempest-FlavorsV261TestJSON-1527098773', 'user_domain_id': 'default', 'user_domain_name': 'Default', 'user_id': 'e9705af5829244399b61aed92e996083', 'system': None}, Network: None, Subnet: None, Router: None
2025-05-13 12:50:56.685 69696 INFO tempest.lib.common.rest_client [req-ab2063a6-c3a3-4a7a-80a8-49fb645f2a2f req-ab2063a6-c3a3-4a7a-80a8-49fb645f2a2f ] Request (ServersTestBootFromVolume:setUpClass): 200 GET http://10.180.1.21/volume/v3/volumes/6c03f600-8fda-42d5-be70-824a6c32678e 0.037s
2025-05-13 12:50:56.693 69700 INFO tempest.lib.common.rest_client [req-970d769f-3d7d-43fa-99c5-7c4c8d2cb679 req-970d769f-3d7d-43fa-99c5-7c4c8d2cb679 ] Request (FlavorsV261TestJSON:setUpClass): 201 POST http://10.180.1.21/identity/v3/auth/tokens 0.075s
2025-05-13 12:50:56.874 69658 INFO tempest.lib.common.rest_client [req-a020d59a-d985-419a-adca-b47c9267925f req-a020d59a-d985-419a-adca-b47c9267925f ] Request (DeleteServersTestJSON:test_delete_active_server): 202 POST http://10.180.1.21/compute/v2.1/servers 1.481s
2025-05-13 12:50:56.888 69688 INFO tempest.lib.common.rest_client [req-377799ac-8a6f-478a-8859-35aa92a23b90 req-377799ac-8a6f-478a-8859-35aa92a23b90 ] Request (VolumesAssistedSnapshotsTest:test_volume_assisted_snapshot_create_delete): 200 PUT http://10.180.1.21:9696/networking/v2.0/floatingips/48dfefd1-10e3-45fe-9393-872d5608f570 1.061s
2025-05-13 12:50:56.890 69688 INFO tempest.lib.common.ssh [-] Creating ssh connection to '10.180.180.193:22' as 'cirros' with public key authentication
2025-05-13 12:50:56.961 69652 INFO tempest.lib.common.rest_client [req-5793f1c1-ab45-4d87-9796-1d404a3d29a0 req-5793f1c1-ab45-4d87-9796-1d404a3d29a0 ] Request (ServersTestMultiNic:test_verify_duplicate_network_nics): 200 GET http://10.180.1.21/compute/v2.1/servers/bed42166-e13b-4ce8-bd8e-c77571480e4c 1.055s
2025-05-13 12:50:57.089 69706 INFO tempest.lib.common.rest_client [req-a8fb2eb6-929f-484c-aa42-f4a4fb77e6fb req-a8fb2eb6-929f-484c-aa42-f4a4fb77e6fb ] Request (ImagesOneServerNegativeTestJSON:test_create_second_image_when_first_image_is_being_saved): 204 DELETE http://10.180.1.21/compute/v2.1/images/66583fda-2d8c-4640-848b-02cc85842f47 1.183s
2025-05-13 12:50:57.108 69694 INFO tempest.lib.common.rest_client [req-a74be61f-c57f-4742-b08d-8775de15b6bd req-a74be61f-c57f-4742-b08d-8775de15b6bd ] Request (KeyPairsV22TestJSON:_run_cleanups): 204 DELETE http://10.180.1.21/compute/v2.1/os-keypairs/tempest-keypair-2053655148 1.181s
2025-05-13 12:50:57.175 69686 INFO tempest.lib.common.rest_client [req-838092d7-f25b-4c24-a80a-110a8e664d40 req-838092d7-f25b-4c24-a80a-110a8e664d40 ] Request (AttachInterfacesUnderV243Test:test_add_remove_fixed_ip): 202 POST http://10.180.1.21/compute/v2.1/servers 1.580s
2025-05-13 12:50:57.191 69674 INFO tempest.lib.common.rest_client [req-855eec64-ede4-4478-807d-1149b2102224 req-855eec64-ede4-4478-807d-1149b2102224 ] Request (TenantUsagesTestJSON:tearDownClass): 200 GET http://10.180.1.21/compute/v2.1/servers/3ebe98c4-028a-42e6-adef-da43904f73e2 1.187s
2025-05-13 12:50:57.255 69692 INFO tempest.lib.common.rest_client [req-8719cb51-5188-4f50-a882-8e1a9534120a req-8719cb51-5188-4f50-a882-8e1a9534120a ] Request (SecurityGroupsTestJSON:test_list_security_groups_by_server): 200 GET http://10.180.1.21/compute/v2.1/servers/8dc747d9-fe78-4a01-bf0f-5408ef6d1444 0.966s
2025-05-13 12:50:57.291 69694 INFO tempest.lib.common.rest_client [req-739860c6-f934-407b-afdb-6766da0506d1 req-739860c6-f934-407b-afdb-6766da0506d1 ] Request (KeyPairsV22TestJSON:tearDownClass): 204 DELETE http://10.180.1.21/identity/v3/users/7703d73f16a147c08a3360481b484068 0.181s
2025-05-13 12:50:57.291 69694 INFO tempest.lib.common.dynamic_creds [-] Deleting project and security group for project: 36a4bba18c39403aa028069004379681
2025-05-13 12:50:57.376 69694 INFO tempest.lib.common.rest_client [req-b27f18e2-4b14-4fef-8ded-89a91a45a869 req-b27f18e2-4b14-4fef-8ded-89a91a45a869 ] Request (KeyPairsV22TestJSON:tearDownClass): 201 POST http://10.180.1.21/identity/v3/auth/tokens 0.085s
2025-05-13 12:50:57.405 69660 INFO tempest.lib.common.rest_client [req-453ed3b7-e7d5-4e8c-8233-35823e5ee580 req-453ed3b7-e7d5-4e8c-8233-35823e5ee580 ] Request (ServerRescueTestJSONUnderV235:test_rescued_vm_add_remove_security_group): 200 POST http://10.180.1.21/compute/v2.1/os-security-groups 1.107s
2025-05-13 12:50:57.483 69682 INFO tempest.lib.common.rest_client [req-3fcfa79b-b5eb-47c7-a61a-219fdab2a8e5 req-3fcfa79b-b5eb-47c7-a61a-219fdab2a8e5 ] Request (ServerDiagnosticsTest:tearDownClass): 200 GET http://10.180.1.21/compute/v2.1/servers/ed235f06-74da-45fb-abde-eb1806b1a0d1 1.080s
2025-05-13 12:50:57.524 69662 INFO tempest.lib.common.rest_client [req-723b23f6-c79e-43a4-a1ad-1149d715feb8 req-723b23f6-c79e-43a4-a1ad-1149d715feb8 ] Request (ServerGroupTestJSON:test_create_delete_server_group_with_anti_affinity_policy): 204 DELETE http://10.180.1.21/compute/v2.1/os-server-groups/ed02b13e-17b0-4b13-a3bf-f9beb93ed9b6 1.109s
2025-05-13 12:50:57.568 69676 INFO tempest.lib.common.rest_client [req-856db1a2-1d02-4f31-8d2c-cc8aabdfb16a req-856db1a2-1d02-4f31-8d2c-cc8aabdfb16a ] Request (ImagesMetadataTestJSON:setUp): 200 PUT http://10.180.1.21/compute/v2.1/images/24ad7e1b-8769-4720-b98d-1835caacbb20/metadata 1.224s
2025-05-13 12:50:57.598 69694 INFO tempest.lib.common.rest_client [req-d5e9ac3b-c440-4a0d-ae27-03efcf125ac6 req-d5e9ac3b-c440-4a0d-ae27-03efcf125ac6 ] Request (KeyPairsV22TestJSON:tearDownClass): 200 GET http://10.180.1.21:9696/networking/v2.0/security-groups?tenant_id=36a4bba18c39403aa028069004379681&name=default 0.221s
2025-05-13 12:50:57.714 69644 INFO tempest.lib.common.rest_client [req-bd05d588-c452-45b9-9f68-57b3dac39d95 req-bd05d588-c452-45b9-9f68-57b3dac39d95 ] Request (ServersAdminTestJSON:setUpClass): 200 GET http://10.180.1.21/compute/v2.1/servers/f17cebdf-b876-4778-80c9-f4a50b0bd402 1.251s
2025-05-13 12:50:57.725 69644 INFO tempest.common.waiters [-] State transition "BUILD/networking" ==> "BUILD/spawning" after 23 second wait
2025-05-13 12:50:57.726 69650 INFO tempest.lib.common.rest_client [req-ac45150c-282f-415a-8822-13946800218d req-ac45150c-282f-415a-8822-13946800218d ] Request (KeyPairsV2TestJSON:test_get_keypair_detail): 200 GET http://10.180.1.21/compute/v2.1/os-keypairs/tempest-keypair-2091163168 1.248s
2025-05-13 12:50:57.743 69696 INFO tempest.lib.common.rest_client [req-6a3900a1-b381-4e72-a97e-a148573bb6d7 req-6a3900a1-b381-4e72-a97e-a148573bb6d7 ] Request (ServersTestBootFromVolume:setUpClass): 200 GET http://10.180.1.21/volume/v3/volumes/6c03f600-8fda-42d5-be70-824a6c32678e 0.043s
2025-05-13 12:50:57.741 69670 INFO tempest.lib.common.rest_client [req-8dabd0e7-aa23-4391-b8d2-d2525833d7d3 req-8dabd0e7-aa23-4391-b8d2-d2525833d7d3 ] Request (QuotasAdminTestV236:test_get_updated_quotas): 200 PUT http://10.180.1.21/compute/v2.1/os-quota-sets/1781a09ff6494321b7fa629a4173e5fc?user_id=ff6a3ce9f0854df1a8549b874d1ec46e 1.283s
2025-05-13 12:50:57.760 69694 INFO tempest.lib.common.rest_client [req-9a295743-e08c-4d57-8a98-193262d9d2b2 req-9a295743-e08c-4d57-8a98-193262d9d2b2 ] Request (KeyPairsV22TestJSON:tearDownClass): 204 DELETE http://10.180.1.21:9696/networking/v2.0/security-groups/7c54619b-63f8-4c17-823b-f768e8f7c763 0.161s
2025-05-13 12:50:57.764 69698 INFO tempest.lib.common.rest_client [req-23b66eab-f3a6-48e3-b3b6-8f15a017dcb9 req-23b66eab-f3a6-48e3-b3b6-8f15a017dcb9 ] Request (FlavorsAdminTestJSON:test_is_public_string_variations): 200 GET http://10.180.1.21/compute/v2.1/flavors/detail?is_public=false 1.258s
2025-05-13 12:50:57.765 69684 INFO tempest.lib.common.rest_client [req-ead3a7f3-91d0-4d75-9c09-7487c62c6d52 req-ead3a7f3-91d0-4d75-9c09-7487c62c6d52 ] Request (AggregatesAdminNegativeTestJSON:test_aggregate_remove_host_as_user): 200 POST http://10.180.1.21/compute/v2.1/os-aggregates 1.280s
2025-05-13 12:50:57.832 69690 INFO tempest.lib.common.rest_client [req-bfeec809-ca56-4a0d-b74d-4719b9bd86e6 req-bfeec809-ca56-4a0d-b74d-4719b9bd86e6 ] Request (MigrationsAdminTest:test_list_migrations_in_flavor_resize_situation): 200 GET http://10.180.1.21/compute/v2.1/servers/c24189e8-ca4b-448f-954f-e25bcc4db234 1.308s
2025-05-13 12:50:57.833 69665 INFO tempest.lib.common.rest_client [req-7eff89fe-1e14-48ec-8daf-b51d1bf5d788 req-7eff89fe-1e14-48ec-8daf-b51d1bf5d788 ] Request (ServerDiagnosticsV248Test:test_get_server_diagnostics): 200 GET http://10.180.1.21/compute/v2.1/servers/2b88dbef-e3b5-41a7-85dd-b2c007b46680 1.306s
2025-05-13 12:50:57.846 69665 INFO tempest.common.waiters [-] State transition "BUILD/spawning" ==> "ACTIVE/None" after 26 second wait
2025-05-13 12:50:57.858 69694 INFO tempest.lib.common.rest_client [req-162ee758-da47-4e12-b361-607cf9884689 req-162ee758-da47-4e12-b361-607cf9884689 ] Request (KeyPairsV22TestJSON:tearDownClass): 204 DELETE http://10.180.1.21/identity/v3/projects/36a4bba18c39403aa028069004379681 0.097s
2025-05-13 12:50:57.904 69656 INFO tempest.lib.common.rest_client [req-b71dd9a6-002f-4c42-82d8-025ffbf7771b req-b71dd9a6-002f-4c42-82d8-025ffbf7771b ] Request (ServerExternalEventsTest:test_create_server_external_events): 200 GET http://10.180.1.21/compute/v2.1/servers/9687aeba-3a74-4bf1-9fda-9b76c88c1107 1.306s
2025-05-13 12:50:57.908 69702 INFO tempest.lib.common.rest_client [req-9efae1da-4276-44c5-b58d-f0e3867f99c1 req-9efae1da-4276-44c5-b58d-f0e3867f99c1 ] Request (FloatingIPsAssociationTestJSON:setUpClass): 200 GET http://10.180.1.21/compute/v2.1/servers/fbc87491-5408-45a5-bf99-824181665f9b 1.321s
2025-05-13 12:50:57.960 69694 INFO tempest.lib.common.rest_client [req-cbcbf0dd-78f4-4a43-9e86-3715e65942d3 req-cbcbf0dd-78f4-4a43-9e86-3715e65942d3 ] Request (ServerAddressesNegativeTestJSON:setUpClass): 201 POST http://10.180.1.21/identity/v3/auth/tokens 0.099s
2025-05-13 12:50:57.970 69678 INFO tempest.lib.common.rest_client [req-86e3aa62-4c4e-4c58-a33c-cc96d245027a req-86e3aa62-4c4e-4c58-a33c-cc96d245027a ] Request (ServerPasswordTestJSON:setUpClass): 200 GET http://10.180.1.21/compute/v2.1/servers/d6e164fd-9d10-4a2b-b7dc-cd9c69ea83e1 1.300s
2025-05-13 12:50:57.993 69666 INFO tempest.lib.common.rest_client [req-3f412fb2-2329-4bbc-94fb-8e3a8ca26b59 req-3f412fb2-2329-4bbc-94fb-8e3a8ca26b59 ] Request (DeleteServersAdminTestJSON:test_admin_delete_servers_of_others): 200 GET http://10.180.1.21/compute/v2.1/servers/9c9aab78-56f9-4d83-9139-8e139813cb6d 1.307s
2025-05-13 12:50:58.003 69694 INFO tempest.lib.common.rest_client [req-487eec3a-1519-45be-bccf-55fc54aecc03 req-487eec3a-1519-45be-bccf-55fc54aecc03 ] Request (ServerAddressesNegativeTestJSON:setUpClass): 201 POST http://10.180.1.21/identity/v3/auth/tokens 0.041s
2025-05-13 12:50:58.032 69694 INFO tempest.lib.common.rest_client [req-4ff1163a-3265-4184-9af0-854172f35b9d req-4ff1163a-3265-4184-9af0-854172f35b9d ] Request (ServerAddressesNegativeTestJSON:setUpClass): 200 GET http://10.180.1.21/identity/v3/domains?name=Default 0.028s
2025-05-13 12:50:58.050 69668 INFO tempest.lib.common.rest_client [req-126990b1-c54a-4390-a655-c9670e0e4881 req-126990b1-c54a-4390-a655-c9670e0e4881 ] Request (ServersAdmin275Test:test_rebuild_update_server_275): 200 GET http://10.180.1.21/compute/v2.1/servers/5b062b1d-53b0-4c79-a695-a5aaabcf3552 1.307s
2025-05-13 12:50:58.059 69668 INFO tempest.common.waiters [-] State transition "REBUILD/rebuild_spawning" ==> "ACTIVE/None" after 11 second wait
2025-05-13 12:50:58.067 69694 INFO tempest.lib.common.rest_client [req-93a96aaa-cbfc-4273-b672-370f5a6f225f req-93a96aaa-cbfc-4273-b672-370f5a6f225f ] Request (ServerAddressesNegativeTestJSON:setUpClass): 201 POST http://10.180.1.21/identity/v3/projects 0.035s
2025-05-13 12:50:58.103 69700 INFO tempest.lib.common.rest_client [req-478d55df-bcc8-4654-80fa-cff23a2d4e9e req-478d55df-bcc8-4654-80fa-cff23a2d4e9e ] Request (FlavorsV261TestJSON:test_crud_flavor): 200 POST http://10.180.1.21/compute/v2.1/flavors 1.406s
2025-05-13 12:50:58.110 69648 INFO tempest.lib.common.rest_client [req-a4264095-a1f5-469b-a915-e4d02e3cf088 req-a4264095-a1f5-469b-a915-e4d02e3cf088 ] Request (ServersAdminNegativeTestJSON:test_migrate_server_invalid_state): 200 GET http://10.180.1.21/compute/v2.1/servers/fbd30304-f19d-448d-b917-36322ffe9bc4 1.353s
2025-05-13 12:50:58.139 69694 INFO tempest.lib.common.rest_client [req-5cddedcd-de42-4f19-9a1b-5b35f9ebe70b req-5cddedcd-de42-4f19-9a1b-5b35f9ebe70b ] Request (ServerAddressesNegativeTestJSON:setUpClass): 201 POST http://10.180.1.21/identity/v3/users 0.071s
2025-05-13 12:50:58.162 69694 INFO tempest.lib.common.rest_client [req-ea80da8c-b952-4629-a944-5c9ea28f99d5 req-ea80da8c-b952-4629-a944-5c9ea28f99d5 ] Request (ServerAddressesNegativeTestJSON:setUpClass): 200 GET http://10.180.1.21/identity/v3/roles 0.022s
2025-05-13 12:50:58.168 69658 INFO tempest.lib.common.rest_client [req-a73ac186-bbaa-4e72-b8d7-524d89fe51d9 req-a73ac186-bbaa-4e72-b8d7-524d89fe51d9 ] Request (DeleteServersTestJSON:test_delete_active_server): 200 GET http://10.180.1.21/compute/v2.1/servers/c73fd2e2-ba3b-4add-94d5-1d86fdafcfaf 1.292s
2025-05-13 12:50:58.196 69694 INFO tempest.lib.common.rest_client [req-f57d3b0e-9f78-4d4b-9455-62e7d2555b88 req-f57d3b0e-9f78-4d4b-9455-62e7d2555b88 ] Request (ServerAddressesNegativeTestJSON:setUpClass): 204 PUT http://10.180.1.21/identity/v3/projects/09711fd609fe419abba7a0742b8aff5c/users/2c70779eb4924759809816d78a97c7aa/roles/7fd50f9b29734a31aed8d8338361eb41 0.033s
2025-05-13 12:50:58.196 69694 INFO tempest.lib.common.dynamic_creds [-] Dynamic test user 2c70779eb4924759809816d78a97c7aa is created with scope project and roles: ['member']
2025-05-13 12:50:58.197 69694 INFO tempest.lib.common.dynamic_creds [-] Acquired dynamic creds: credentials: Credentials: {'domain_id': 'default', 'domain_name': 'Default', 'username': 'tempest-ServerAddressesNegativeTestJSON-1799183259-project-member', 'project_domain_id': 'default', 'project_domain_name': 'Default', 'project_id': '09711fd609fe419abba7a0742b8aff5c', 'project_name': 'tempest-ServerAddressesNegativeTestJSON-1799183259', 'tenant_id': '09711fd609fe419abba7a0742b8aff5c', 'tenant_name': 'tempest-ServerAddressesNegativeTestJSON-1799183259', 'user_domain_id': 'default', 'user_domain_name': 'Default', 'user_id': '2c70779eb4924759809816d78a97c7aa', 'system': None}, Network: None, Subnet: None, Router: None
2025-05-13 12:50:58.201 69704 INFO tempest.lib.common.rest_client [req-5d14c15e-3bb7-4317-9911-fe65b472b6f2 req-5d14c15e-3bb7-4317-9911-fe65b472b6f2 ] Request (ServersTestJSON:test_create_server_specify_multibyte_character_name): 200 GET http://10.180.1.21/compute/v2.1/servers/20214520-e4ae-4e49-8958-f2196303b998 1.336s
2025-05-13 12:50:58.208 69704 INFO tempest.common.waiters [-] State transition "BUILD/spawning" ==> "ACTIVE/None" after 29 second wait
2025-05-13 12:50:58.281 69694 INFO tempest.lib.common.rest_client [req-b6135375-3de8-4a95-b21c-d3e8c88ecfce req-b6135375-3de8-4a95-b21c-d3e8c88ecfce ] Request (ServerAddressesNegativeTestJSON:setUpClass): 201 POST http://10.180.1.21/identity/v3/auth/tokens 0.084s
2025-05-13 12:50:58.282 69704 INFO tempest.lib.common.rest_client [req-2f767153-2156-49ab-8574-5f67513003be req-2f767153-2156-49ab-8574-5f67513003be ] Request (ServersTestJSON:test_create_server_with_admin_password): 201 POST http://10.180.1.21/identity/v3/auth/tokens 0.068s
2025-05-13 12:50:58.283 69704 INFO tempest.lib.common.fixed_network [-] (ServersTestJSON:test_create_server_with_admin_password) Found network {'id': 'ab1e1894-b194-4949-82c0-2e2a28018c2c', 'name': 'tempest-ServersTestJSON-1736137170-network', 'tenant_id': 'abd3ed7877f04cebb4dcdbe66adee3fa', 'admin_state_up': True, 'mtu': 8950, 'status': 'ACTIVE', 'subnets': [], 'shared': False, 'project_id': 'abd3ed7877f04cebb4dcdbe66adee3fa', 'port_security_enabled': True, 'router:external': False, 'provider:network_type': 'vlan', 'provider:physical_network': 'default', 'provider:segmentation_id': 396, 'availability_zone_hints': [], 'availability_zones': [], 'ipv4_address_scope': None, 'ipv6_address_scope': None, 'description': '', 'tags': [], 'created_at': '2025-05-13T12:50:20Z', 'updated_at': '2025-05-13T12:50:20Z', 'revision_number': 1} available for tenant
2025-05-13 12:50:58.300 69654 INFO tempest.lib.common.rest_client [req-98a40307-7fc1-4e64-bd59-e54d3b60eaec req-98a40307-7fc1-4e64-bd59-e54d3b60eaec ] Request (ServersWithSpecificFlavorTestJSON:test_verify_created_server_ephemeral_disk): 200 GET http://10.180.1.21/compute/v2.1/servers/7475e359-e007-463f-b11b-8d5fc1917ec6 1.261s
2025-05-13 12:50:58.335 69706 INFO tempest.lib.common.rest_client [req-fbe88be4-d67f-4397-8e2d-12b33e93cc87 req-fbe88be4-d67f-4397-8e2d-12b33e93cc87 ] Request (ImagesOneServerNegativeTestJSON:tearDown): 200 GET http://10.180.1.21/compute/v2.1/servers/3ac2a03e-f49a-47bb-a28e-1a331ce309f2 1.245s
2025-05-13 12:50:58.372 69686 INFO tempest.lib.common.rest_client [req-450c97ff-c07e-4bd4-aa80-1ac8c2e5d0ab req-450c97ff-c07e-4bd4-aa80-1ac8c2e5d0ab ] Request (AttachInterfacesUnderV243Test:test_add_remove_fixed_ip): 200 GET http://10.180.1.21/compute/v2.1/servers/e7352ab5-48c6-4f5d-849d-54d74afbdc5e 1.194s
2025-05-13 12:50:58.414 69646 INFO tempest.lib.common.rest_client [req-e3307db1-c831-4741-bf2c-293d8d456476 req-e3307db1-c831-4741-bf2c-293d8d456476 ] Request (AttachInterfacesV270Test:tearDownClass): 200 GET http://10.180.1.21/compute/v2.1/servers/f5a6c18f-0e1e-4454-85a7-2e871fa1d8e7 1.101s
2025-05-13 12:50:58.427 69662 INFO tempest.lib.common.rest_client [req-b6c0f806-9484-4abf-a460-e72dbb8d8384 req-b6c0f806-9484-4abf-a460-e72dbb8d8384 ] Request (ServerGroupTestJSON:test_create_delete_server_group_with_anti_affinity_policy): 200 GET http://10.180.1.21/compute/v2.1/os-server-groups 0.903s
2025-05-13 12:50:58.513 69662 INFO tempest.lib.common.rest_client [req-20c1e672-05d0-4b60-8f41-a5c8b5d20b5d req-20c1e672-05d0-4b60-8f41-a5c8b5d20b5d ] Request (ServerGroupTestJSON:test_create_server_with_scheduler_hint_group): 201 POST http://10.180.1.21/identity/v3/auth/tokens 0.079s
2025-05-13 12:50:58.514 69662 INFO tempest.lib.common.fixed_network [-] (ServerGroupTestJSON:test_create_server_with_scheduler_hint_group) Found network {'id': '02057c86-259e-4ba7-8be0-132571fca1ab', 'name': 'tempest-ServerGroupTestJSON-707404426-network', 'tenant_id': '3d56233655b9424cb90f0fd620fb352c', 'admin_state_up': True, 'mtu': 8950, 'status': 'ACTIVE', 'subnets': [], 'shared': False, 'project_id': '3d56233655b9424cb90f0fd620fb352c', 'port_security_enabled': True, 'router:external': False, 'provider:network_type': 'vlan', 'provider:physical_network': 'default', 'provider:segmentation_id': 429, 'availability_zone_hints': [], 'availability_zones': [], 'ipv4_address_scope': None, 'ipv6_address_scope': None, 'description': '', 'tags': [], 'created_at': '2025-05-13T12:50:34Z', 'updated_at': '2025-05-13T12:50:34Z', 'revision_number': 1} available for tenant
2025-05-13 12:50:58.698 69676 INFO tempest.lib.common.rest_client [req-a6ee08d0-e5b1-47af-87d1-ef9767326e17 req-a6ee08d0-e5b1-47af-87d1-ef9767326e17 ] Request (ImagesMetadataTestJSON:test_set_image_metadata_item): 200 PUT http://10.180.1.21/compute/v2.1/images/24ad7e1b-8769-4720-b98d-1835caacbb20/metadata/os_version 1.128s
2025-05-13 12:50:58.720 69650 INFO tempest.lib.common.rest_client [req-aae4be03-1a4e-4d71-a062-f7012d3bb4ef req-aae4be03-1a4e-4d71-a062-f7012d3bb4ef ] Request (KeyPairsV2TestJSON:_run_cleanups): 202 DELETE http://10.180.1.21/compute/v2.1/os-keypairs/tempest-keypair-2091163168 0.991s
2025-05-13 12:50:58.780 69694 INFO tempest.lib.common.rest_client [req-a2a08a70-db76-4c1d-b6c1-df240838400e req-a2a08a70-db76-4c1d-b6c1-df240838400e ] Request (ServerAddressesNegativeTestJSON:setUpClass): 201 POST http://10.180.1.21:9696/networking/v2.0/networks 0.498s
2025-05-13 12:50:58.797 69696 INFO tempest.lib.common.rest_client [req-389e106b-fdbd-4766-83da-76db7f82cf27 req-389e106b-fdbd-4766-83da-76db7f82cf27 ] Request (ServersTestBootFromVolume:setUpClass): 200 GET http://10.180.1.21/volume/v3/volumes/6c03f600-8fda-42d5-be70-824a6c32678e 0.041s
2025-05-13 12:50:58.854 69680 WARNING tempest.lib.common.ssh [-] Failed to establish authenticated ssh connection to cirros@10.180.180.227 ([Errno None] Unable to connect to port 22 on 10.180.180.227). Number attempts: 3. Retry after 4 seconds.: paramiko.ssh_exception.NoValidConnectionsError: [Errno None] Unable to connect to port 22 on 10.180.180.227
2025-05-13 12:50:58.880 69670 INFO tempest.lib.common.rest_client [req-c15ed345-f5f0-43d0-972e-45600e7ff262 req-c15ed345-f5f0-43d0-972e-45600e7ff262 ] Request (QuotasAdminTestV236:test_get_updated_quotas): 200 GET http://10.180.1.21/compute/v2.1/os-quota-sets/1781a09ff6494321b7fa629a4173e5fc?user_id=ff6a3ce9f0854df1a8549b874d1ec46e 1.136s
2025-05-13 12:50:59.005 69670 INFO tempest.lib.common.rest_client [req-e9bec45f-5d8d-4b5b-904b-f417d83cfbf7 req-e9bec45f-5d8d-4b5b-904b-f417d83cfbf7 ] Request (QuotasAdminTestV236:_run_cleanups): 204 DELETE http://10.180.1.21/identity/v3/users/ff6a3ce9f0854df1a8549b874d1ec46e 0.122s
2025-05-13 12:50:59.039 69684 INFO tempest.lib.common.rest_client [req-fdfdf077-ae6c-4268-a973-602e54b9863f req-fdfdf077-ae6c-4268-a973-602e54b9863f ] Request (AggregatesAdminNegativeTestJSON:test_aggregate_remove_host_as_user): 200 POST http://10.180.1.21/compute/v2.1/os-aggregates/7/action 1.272s
2025-05-13 12:50:59.058 69698 INFO tempest.lib.common.rest_client [req-8e6d5f3b-b45d-4326-9dc9-959aa35b6d5d req-8e6d5f3b-b45d-4326-9dc9-959aa35b6d5d ] Request (FlavorsAdminTestJSON:test_is_public_string_variations): 200 GET http://10.180.1.21/compute/v2.1/flavors/detail?is_public=no 1.291s
2025-05-13 12:50:59.071 69660 INFO tempest.lib.common.rest_client [req-fe675ada-4f77-474d-bc52-af0191c6e47d req-fe675ada-4f77-474d-bc52-af0191c6e47d ] Request (ServerRescueTestJSONUnderV235:test_rescued_vm_add_remove_security_group): 202 POST http://10.180.1.21/compute/v2.1/servers/c8fb439a-a034-4360-a0a5-72f2cd895222/action 1.660s
2025-05-13 12:50:59.088 69694 INFO tempest.lib.common.rest_client [req-7d5119dd-9ce4-450f-8dd2-4065ba556c4f req-7d5119dd-9ce4-450f-8dd2-4065ba556c4f ] Request (ServerAddressesNegativeTestJSON:setUpClass): 201 POST http://10.180.1.21:9696/networking/v2.0/subnets 0.307s
2025-05-13 12:50:59.127 69670 INFO tempest.lib.common.rest_client [req-a940ab52-5872-490b-b347-e332c5f6081f req-a940ab52-5872-490b-b347-e332c5f6081f ] Request (QuotasAdminTestV236:_run_cleanups): 204 DELETE http://10.180.1.21/identity/v3/projects/1781a09ff6494321b7fa629a4173e5fc 0.120s
2025-05-13 12:50:59.160 69652 INFO tempest.lib.common.rest_client [req-ae152ff5-e80c-40f3-8dcf-446f7a5513f1 req-ae152ff5-e80c-40f3-8dcf-446f7a5513f1 ] Request (ServersTestMultiNic:test_verify_duplicate_network_nics): 200 GET http://10.180.1.21/compute/v2.1/servers/bed42166-e13b-4ce8-bd8e-c77571480e4c 1.189s
2025-05-13 12:50:59.253 69670 INFO tempest.lib.common.rest_client [req-1a21b1b5-708b-4e0c-80b8-3b30435a7e9b req-1a21b1b5-708b-4e0c-80b8-3b30435a7e9b ] Request (QuotasAdminTestV236:tearDownClass): 204 DELETE http://10.180.1.21/identity/v3/users/79946ae9c2034c6aa146a4db03208084 0.125s
2025-05-13 12:50:59.355 69670 INFO tempest.lib.common.rest_client [req-902dbf6d-cbc6-49cf-8e64-b0a6cecc5cbd req-902dbf6d-cbc6-49cf-8e64-b0a6cecc5cbd ] Request (QuotasAdminTestV236:tearDownClass): 204 DELETE http://10.180.1.21/identity/v3/users/7c0059ee183a492e821003588d373724 0.101s
2025-05-13 12:50:59.355 69670 INFO tempest.lib.common.dynamic_creds [-] Deleting project and security group for project: d39c6d93c2a7468582d317d5a03f6f5b
2025-05-13 12:50:59.415 69670 INFO tempest.lib.common.rest_client [req-052d4add-97a1-422d-9c37-38608563cb2a req-052d4add-97a1-422d-9c37-38608563cb2a ] Request (QuotasAdminTestV236:tearDownClass): 201 POST http://10.180.1.21/identity/v3/auth/tokens 0.060s
2025-05-13 12:50:59.614 69670 INFO tempest.lib.common.rest_client [req-ddbf3987-ee06-4727-b37f-93a4cbb6409d req-ddbf3987-ee06-4727-b37f-93a4cbb6409d ] Request (QuotasAdminTestV236:tearDownClass): 200 GET http://10.180.1.21:9696/networking/v2.0/security-groups?tenant_id=d39c6d93c2a7468582d317d5a03f6f5b&name=default 0.197s
2025-05-13 12:50:59.652 69668 INFO tempest.lib.common.rest_client [req-72f5287b-c72f-4680-8a14-e2efe8499c9d req-72f5287b-c72f-4680-8a14-e2efe8499c9d ] Request (ServersAdmin275Test:test_rebuild_update_server_275): 202 POST http://10.180.1.21/compute/v2.1/servers/5b062b1d-53b0-4c79-a695-a5aaabcf3552/action 1.592s
2025-05-13 12:50:59.705 69670 INFO tempest.lib.common.rest_client [req-966d1b77-109f-48bd-967f-b237b4c80b50 req-966d1b77-109f-48bd-967f-b237b4c80b50 ] Request (QuotasAdminTestV236:tearDownClass): 204 DELETE http://10.180.1.21:9696/networking/v2.0/security-groups/70632057-e030-44e5-80d1-14409075da26 0.090s
2025-05-13 12:50:59.787 69670 INFO tempest.lib.common.rest_client [req-21cfd05c-d4de-4497-809e-dc362a76f171 req-21cfd05c-d4de-4497-809e-dc362a76f171 ] Request (QuotasAdminTestV236:tearDownClass): 204 DELETE http://10.180.1.21/identity/v3/projects/d39c6d93c2a7468582d317d5a03f6f5b 0.081s
2025-05-13 12:50:59.787 69670 INFO tempest.lib.common.dynamic_creds [-] Deleting project and security group for project: 72dd5bdb32984b41917470b77eb95835
2025-05-13 12:50:59.792 69700 INFO tempest.lib.common.rest_client [req-a92f55ca-99f8-4352-8e11-643f2762ed35 req-a92f55ca-99f8-4352-8e11-643f2762ed35 ] Request (FlavorsV261TestJSON:test_crud_flavor): 200 GET http://10.180.1.21/compute/v2.1/flavors/317735630 1.685s
2025-05-13 12:50:59.810 69665 INFO tempest.lib.common.rest_client [req-5fb96d34-82ee-4841-bfb5-35d747f2b483 req-5fb96d34-82ee-4841-bfb5-35d747f2b483 ] Request (ServerDiagnosticsV248Test:test_get_server_diagnostics): 200 GET http://10.180.1.21/compute/v2.1/servers/2b88dbef-e3b5-41a7-85dd-b2c007b46680/diagnostics 1.963s
2025-05-13 12:50:59.841 69696 INFO tempest.lib.common.rest_client [req-1d1a3375-717d-4358-9960-a510eaa71d45 req-1d1a3375-717d-4358-9960-a510eaa71d45 ] Request (ServersTestBootFromVolume:setUpClass): 200 GET http://10.180.1.21/volume/v3/volumes/6c03f600-8fda-42d5-be70-824a6c32678e 0.034s
2025-05-13 12:50:59.885 69674 INFO tempest.lib.common.rest_client [req-a7177ed7-925d-43e3-94d1-b73cae8a37e4 req-a7177ed7-925d-43e3-94d1-b73cae8a37e4 ] Request (TenantUsagesTestJSON:tearDownClass): 200 GET http://10.180.1.21/compute/v2.1/servers/3ebe98c4-028a-42e6-adef-da43904f73e2 1.680s
2025-05-13 12:50:59.892 69692 INFO tempest.lib.common.rest_client [req-5794d46c-e87c-4ab2-9177-9b22c650993f req-5794d46c-e87c-4ab2-9177-9b22c650993f ] Request (SecurityGroupsTestJSON:test_list_security_groups_by_server): 200 GET http://10.180.1.21/compute/v2.1/servers/8dc747d9-fe78-4a01-bf0f-5408ef6d1444 1.621s
2025-05-13 12:50:59.960 69670 INFO tempest.lib.common.rest_client [req-22e576fd-571d-4287-895c-750f2447f3b7 req-22e576fd-571d-4287-895c-750f2447f3b7 ] Request (QuotasAdminTestV236:tearDownClass): 200 GET http://10.180.1.21:9696/networking/v2.0/security-groups?tenant_id=72dd5bdb32984b41917470b77eb95835&name=default 0.173s
2025-05-13 12:51:00.026 69682 INFO tempest.lib.common.rest_client [req-1aeb6b9e-e1dc-4594-a1e7-43d1287a9205 req-1aeb6b9e-e1dc-4594-a1e7-43d1287a9205 ] Request (ServerDiagnosticsTest:tearDownClass): 200 GET http://10.180.1.21/compute/v2.1/servers/ed235f06-74da-45fb-abde-eb1806b1a0d1 1.534s
2025-05-13 12:51:00.075 69670 INFO tempest.lib.common.rest_client [req-8a4941fe-acf0-44ed-ac6d-6b507abd3f49 req-8a4941fe-acf0-44ed-ac6d-6b507abd3f49 ] Request (QuotasAdminTestV236:tearDownClass): 204 DELETE http://10.180.1.21:9696/networking/v2.0/security-groups/7833a223-b080-42e3-81eb-80f54e4cc1fa 0.114s
2025-05-13 12:51:00.210 69670 INFO tempest.lib.common.rest_client [req-0bef209b-0308-4758-b280-c59747ef5843 req-0bef209b-0308-4758-b280-c59747ef5843 ] Request (QuotasAdminTestV236:tearDownClass): 204 DELETE http://10.180.1.21/identity/v3/projects/72dd5bdb32984b41917470b77eb95835 0.135s
2025-05-13 12:51:00.279 69670 INFO tempest.lib.common.rest_client [req-2c411eeb-a3ef-42b2-aae3-3406b641ccf1 req-2c411eeb-a3ef-42b2-aae3-3406b641ccf1 ] Request (ServicesAdminNegativeV253TestJSON:setUpClass): 201 POST http://10.180.1.21/identity/v3/auth/tokens 0.067s
2025-05-13 12:51:00.302 69694 INFO tempest.lib.common.rest_client [req-702e3c91-e4bc-40ba-b22f-463116eff4c6 req-702e3c91-e4bc-40ba-b22f-463116eff4c6 ] Request (ServerAddressesNegativeTestJSON:setUpClass): 201 POST http://10.180.1.21:9696/networking/v2.0/routers 1.212s
2025-05-13 12:51:00.314 69670 INFO tempest.lib.common.rest_client [req-8ccceb3c-2fd5-46e1-8608-34ac87d97925 req-8ccceb3c-2fd5-46e1-8608-34ac87d97925 ] Request (ServicesAdminNegativeV253TestJSON:setUpClass): 201 POST http://10.180.1.21/identity/v3/auth/tokens 0.030s
2025-05-13 12:51:00.345 69670 INFO tempest.lib.common.rest_client [req-be2df16e-1b8f-4bc3-95ca-7d0e35ce7b5e req-be2df16e-1b8f-4bc3-95ca-7d0e35ce7b5e ] Request (ServicesAdminNegativeV253TestJSON:setUpClass): 200 GET http://10.180.1.21/identity/v3/domains?name=Default 0.031s
2025-05-13 12:51:00.378 69670 INFO tempest.lib.common.rest_client [req-0c18e858-fa19-4423-8d48-33374d5c800f req-0c18e858-fa19-4423-8d48-33374d5c800f ] Request (ServicesAdminNegativeV253TestJSON:setUpClass): 201 POST http://10.180.1.21/identity/v3/projects 0.031s
2025-05-13 12:51:00.477 69670 INFO tempest.lib.common.rest_client [req-23378f6c-f2c8-4de8-bd8b-af775fe48bd8 req-23378f6c-f2c8-4de8-bd8b-af775fe48bd8 ] Request (ServicesAdminNegativeV253TestJSON:setUpClass): 201 POST http://10.180.1.21/identity/v3/users 0.098s
2025-05-13 12:51:00.524 69670 INFO tempest.lib.common.rest_client [req-198c18d3-8728-40da-bdbf-dee31002e61b req-198c18d3-8728-40da-bdbf-dee31002e61b ] Request (ServicesAdminNegativeV253TestJSON:setUpClass): 200 GET http://10.180.1.21/identity/v3/roles 0.046s
2025-05-13 12:51:00.561 69670 INFO tempest.lib.common.rest_client [req-092e5235-c222-4abd-ab59-59739a55b4e6 req-092e5235-c222-4abd-ab59-59739a55b4e6 ] Request (ServicesAdminNegativeV253TestJSON:setUpClass): 204 PUT http://10.180.1.21/identity/v3/projects/6576bc07661848c8a53392fb8d8b899f/users/2ed4286ed824404b9f9aabdcbeb6c7df/roles/7fd50f9b29734a31aed8d8338361eb41 0.037s
2025-05-13 12:51:00.562 69670 INFO tempest.lib.common.dynamic_creds [-] Dynamic test user 2ed4286ed824404b9f9aabdcbeb6c7df is created with scope project and roles: ['member']
2025-05-13 12:51:00.563 69670 INFO tempest.lib.common.dynamic_creds [-] Acquired dynamic creds: credentials: Credentials: {'domain_id': 'default', 'domain_name': 'Default', 'username': 'tempest-ServicesAdminNegativeV253TestJSON-1338660705-project-member', 'project_domain_id': 'default', 'project_domain_name': 'Default', 'project_id': '6576bc07661848c8a53392fb8d8b899f', 'project_name': 'tempest-ServicesAdminNegativeV253TestJSON-1338660705', 'tenant_id': '6576bc07661848c8a53392fb8d8b899f', 'tenant_name': 'tempest-ServicesAdminNegativeV253TestJSON-1338660705', 'user_domain_id': 'default', 'user_domain_name': 'Default', 'user_id': '2ed4286ed824404b9f9aabdcbeb6c7df', 'system': None}, Network: None, Subnet: None, Router: None
2025-05-13 12:51:00.563 69670 INFO tempest.lib.common.dynamic_creds [-] Created isolated network resources for: credentials: Credentials: {'domain_id': 'default', 'domain_name': 'Default', 'username': 'tempest-ServicesAdminNegativeV253TestJSON-1338660705-project-member', 'project_domain_id': 'default', 'project_domain_name': 'Default', 'project_id': '6576bc07661848c8a53392fb8d8b899f', 'project_name': 'tempest-ServicesAdminNegativeV253TestJSON-1338660705', 'tenant_id': '6576bc07661848c8a53392fb8d8b899f', 'tenant_name': 'tempest-ServicesAdminNegativeV253TestJSON-1338660705', 'user_domain_id': 'default', 'user_domain_name': 'Default', 'user_id': '2ed4286ed824404b9f9aabdcbeb6c7df', 'system': None}, Network: None, Subnet: None, Router: None
2025-05-13 12:51:00.568 69662 INFO tempest.lib.common.rest_client [req-358cbcf0-3c65-4525-aeb0-473de9585058 req-358cbcf0-3c65-4525-aeb0-473de9585058 ] Request (ServerGroupTestJSON:test_create_server_with_scheduler_hint_group): 202 POST http://10.180.1.21/compute/v2.1/servers 2.054s
2025-05-13 12:51:00.620 69676 INFO tempest.lib.common.rest_client [req-3c97ff06-45bd-416b-8458-1ae7d3a5b3a5 req-3c97ff06-45bd-416b-8458-1ae7d3a5b3a5 ] Request (ImagesMetadataTestJSON:test_set_image_metadata_item): 200 GET http://10.180.1.21/compute/v2.1/images/24ad7e1b-8769-4720-b98d-1835caacbb20/metadata 1.922s
