2025-04-03 01:38:17.909 69326 INFO tempest.lib.common.rest_client [req-6225259e-5001-4f3e-8024-eb520ee085bd req-6225259e-5001-4f3e-8024-eb520ee085bd ] Request (InstanceActionsNegativeTestJSON:setUpClass): 200 GET http://10.180.1.21/compute/v2.1/servers/5fc5ba1f-2840-4758-940a-2925ebdee0f9 0.129s
2025-04-03 01:38:17.958 69352 INFO tempest.lib.common.rest_client [req-b1dfb5d0-2521-4e9d-938e-8802ed17402d req-b1dfb5d0-2521-4e9d-938e-8802ed17402d ] Request (ServerDiagnosticsNegativeTest:test_get_server_diagnostics_by_non_admin): 200 GET http://10.180.1.21/compute/v2.1/servers/a7688732-cd59-4734-af2a-24fb16264dce 0.166s
2025-04-03 01:38:18.057 69358 INFO tempest.lib.common.rest_client [req-ba0510c9-3a68-4196-b878-367bb0ac9fde req-ba0510c9-3a68-4196-b878-367bb0ac9fde ] Request (AttachInterfacesV270Test:tearDownClass): 200 GET http://10.180.1.21/compute/v2.1/servers/a9aebc16-675d-4cc5-b444-09a42de7d9d3 0.322s
2025-04-03 01:38:18.107 69363 INFO tempest.lib.common.rest_client [req-f11949f6-44bc-415a-9f24-3d961201b515 req-f11949f6-44bc-415a-9f24-3d961201b515 ] Request (ServerRescueTestJSON:setUpClass): 200 GET http://10.180.1.21/compute/v2.1/servers/eb88e41d-1dc6-4b06-b75b-e759c3e57103 0.277s
2025-04-03 01:38:18.165 69316 INFO tempest.lib.common.rest_client [req-011d7e94-5951-4e21-bf69-3863d9e9e3ae req-011d7e94-5951-4e21-bf69-3863d9e9e3ae ] Request (ListServersNegativeTestJSON:setUpClass): 200 GET http://10.180.1.21/compute/v2.1/servers/e04657e5-106a-42da-bf25-785ae4e5844d 0.315s
2025-04-03 01:38:18.213 69328 INFO tempest.lib.common.rest_client [req-dd1a4206-c777-490a-a3ea-0d51ffde837a req-dd1a4206-c777-490a-a3ea-0d51ffde837a ] Request (DeleteServersAdminTestJSON:test_delete_server_while_in_error_state): 200 GET http://10.180.1.21/compute/v2.1/servers/09e4ff86-b908-44b4-8bdb-40aec1d09aa8 0.335s
2025-04-03 01:38:18.263 69312 INFO tempest.lib.common.rest_client [req-b29abd3a-ad59-43d5-82bf-edd637181fcd req-b29abd3a-ad59-43d5-82bf-edd637181fcd ] Request (ImagesOneServerTestJSON:test_create_delete_image): 200 GET http://10.180.1.21/compute/v2.1/images/4ea8c0cc-9a30-43b8-a2d1-7ae188065ddb 0.367s
2025-04-03 01:38:18.312 69324 INFO tempest.lib.common.rest_client [req-4cd4b0cb-4eff-4f82-99cb-fa57fdbc0db7 req-4cd4b0cb-4eff-4f82-99cb-fa57fdbc0db7 ] Request (ServerTagsTestJSON:setUpClass): 200 GET http://10.180.1.21/compute/v2.1/servers/6fc5de69-28d9-42e9-baff-fb0a243ca4cc 0.382s
2025-04-03 01:38:18.320 69324 INFO tempest.common.waiters [-] State transition "BUILD/None" ==> "BUILD/networking" after 43 second wait
2025-04-03 01:38:18.368 69367 INFO tempest.lib.common.rest_client [req-fa260d44-579c-498f-8ce3-14b5f32469c3 req-fa260d44-579c-498f-8ce3-14b5f32469c3 ] Request (ServerShowV257Test:test_rebuild_server): 200 GET http://10.180.1.21/compute/v2.1/servers/59621297-6d4e-493f-82de-de8d62d45113 0.416s
2025-04-03 01:38:18.419 69332 INFO tempest.lib.common.rest_client [req-8ef4f7c4-dd08-4334-82a5-09876ecd190c req-8ef4f7c4-dd08-4334-82a5-09876ecd190c ] Request (SecurityGroupsTestJSON:test_server_security_groups): 200 GET http://10.180.1.21/compute/v2.1/servers/8c961785-3028-4599-92c0-0227c8970b02 0.433s
2025-04-03 01:38:18.471 69348 INFO tempest.lib.common.rest_client [req-d983951c-876f-4cc7-86b7-d0851ac8f986 req-d983951c-876f-4cc7-86b7-d0851ac8f986 ] Request (DeleteServersTestJSON:test_delete_server_while_in_attached_volume): 200 GET http://10.180.1.21/compute/v2.1/servers/3047cbf6-86aa-42db-9fe8-b450de69bbb1 0.467s
2025-04-03 01:38:18.511 69320 INFO tempest.lib.common.rest_client [req-83848ffb-3207-49ce-90c7-7f657ab29988 req-83848ffb-3207-49ce-90c7-7f657ab29988 ] Request (FloatingIPsAssociationNegativeTestJSON:test_associate_ip_to_server_with_floating_ip): 200 POST http://10.180.1.21/compute/v2.1/os-floating-ips 0.686s
2025-04-03 01:38:18.528 69340 INFO tempest.lib.common.rest_client [req-e8bf7a35-110d-4750-bdcc-a88d716035a7 req-e8bf7a35-110d-4750-bdcc-a88d716035a7 ] Request (FloatingIPsAssociationTestJSON:test_associate_already_associated_floating_ip): 200 GET http://10.180.1.21/compute/v2.1/servers/35e049af-1bb0-49b9-9101-360c517ceac1 0.474s
2025-04-03 01:38:18.561 69314 INFO tempest.lib.common.rest_client [req-4b75b8f9-c325-42ea-b430-aa99c1c4dae0 req-4b75b8f9-c325-42ea-b430-aa99c1c4dae0 ] Request (ImagesOneServerNegativeTestJSON:_run_cleanups): 200 GET http://10.180.1.21/compute/v2.1/servers/3e883ca1-11c3-4ecc-a6ca-2c09bc5d5868 0.500s
2025-04-03 01:38:18.578 69344 INFO tempest.lib.common.rest_client [req-1c787fcd-7def-42cd-b23f-52ada6544bef req-1c787fcd-7def-42cd-b23f-52ada6544bef ] Request (ImagesTestJSON:test_create_image_from_stopped_server): 200 GET http://10.180.1.21/compute/v2.1/servers/821b74fe-85f3-450e-8cec-919bf46c2ba2 0.448s
2025-04-03 01:38:18.608 69318 INFO tempest.lib.common.rest_client [req-f8f8d72a-e40e-41c9-b440-97792740c0cc req-f8f8d72a-e40e-41c9-b440-97792740c0cc ] Request (ServersAdminTestJSON:test_inject_network_info): 200 GET http://10.180.1.21/compute/v2.1/servers/e46336cb-c9f9-4c61-90dd-625e583c5349 0.379s
2025-04-03 01:38:18.629 69334 INFO tempest.lib.common.rest_client [req-f259ed1a-6d59-49f5-a8f0-bcb909c7db37 req-f259ed1a-6d59-49f5-a8f0-bcb909c7db37 ] Request (ServersTestMultiNic:test_verify_duplicate_network_nics): 200 GET http://10.180.1.21/compute/v2.1/servers/de02ff0f-dea0-4679-95cf-c0cf6b78dee7 0.340s
2025-04-03 01:38:18.815 69354 INFO tempest.lib.common.rest_client [req-63096723-64f5-4887-ae0c-3b36868dab81 req-63096723-64f5-4887-ae0c-3b36868dab81 ] Request (AttachVolumeShelveTestJSON:test_attach_volume_shelved_or_offload_server): 200 GET http://10.180.1.21/compute/v2.1/servers/fd667959-7d67-47f7-a401-2b05352bc70a 0.183s
2025-04-03 01:38:19.003 69338 INFO tempest.lib.common.rest_client [req-d3cdb098-5791-4fbb-af89-b56b2d105cb4 req-d3cdb098-5791-4fbb-af89-b56b2d105cb4 ] Request (ServerActionsTestOtherB:setUpClass): 200 GET http://10.180.1.21/compute/v2.1/servers/3d2440ed-660a-45be-b0ed-f3f3831eccdd 0.365s
2025-04-03 01:38:19.100 69342 INFO tempest.lib.common.rest_client [req-8e31fb19-085f-46fd-b260-eb1ab8f975c0 req-8e31fb19-085f-46fd-b260-eb1ab8f975c0 ] Request (ServerDiagnosticsV248Test:test_get_server_diagnostics): 200 GET http://10.180.1.21/compute/v2.1/servers/1a921adf-48ca-4aa6-8dd7-e1e04e8f0197 0.405s
2025-04-03 01:38:19.173 69360 INFO tempest.lib.common.rest_client [req-dedc312d-76ee-44cf-8a55-4f35b2764442 req-dedc312d-76ee-44cf-8a55-4f35b2764442 ] Request (ServersAaction247Test:test_create_backup): 200 GET http://10.180.1.21/compute/v2.1/servers/8eda7618-29ca-4c05-8430-d4b46b578421 0.475s
2025-04-03 01:38:19.222 69346 INFO tempest.lib.common.rest_client [req-844650d8-56df-4c87-a265-3431ead73778 req-844650d8-56df-4c87-a265-3431ead73778 ] Request (ServerAddressesTestJSON:setUpClass): 200 GET http://10.180.1.21/compute/v2.1/servers/6945ad76-5552-485d-95e3-855341d8c2b2 0.486s
2025-04-03 01:38:19.273 69350 INFO tempest.lib.common.rest_client [req-7827048d-7ca0-43cc-908a-7c4bde610a14 req-7827048d-7ca0-43cc-908a-7c4bde610a14 ] Request (ServersTestManualDisk:setUpClass): 200 GET http://10.180.1.21/compute/v2.1/servers/38ee0a83-8a17-4966-9833-d9973e2a4bc0 0.533s
2025-04-03 01:38:19.282 69350 INFO tempest.common.waiters [-] State transition "BUILD/scheduling" ==> "BUILD/None" after 38 second wait
2025-04-03 01:38:19.328 69322 INFO tempest.lib.common.rest_client [req-32d812f4-3bdc-4976-91f1-93a9d865c668 req-32d812f4-3bdc-4976-91f1-93a9d865c668 ] Request (MultipleCreateTestJSON:test_multiple_create): 200 GET http://10.180.1.21/compute/v2.1/servers/128c4398-6c16-4cab-8071-d2403cc0ed7f 0.536s
2025-04-03 01:38:19.376 69304 INFO tempest.lib.common.rest_client [req-0ecc3c57-c065-4ada-a659-251ade7e7d04 req-0ecc3c57-c065-4ada-a659-251ade7e7d04 ] Request (MigrationsAdminTest:test_resize_server_revert_deleted_flavor): 200 GET http://10.180.1.21/compute/v2.1/servers/d8fda21c-b4b7-4a50-96cb-2c7f2838aeab 0.503s
2025-04-03 01:38:19.428 69326 INFO tempest.lib.common.rest_client [req-fcd94d2e-d938-4c15-9708-ed95f62d583a req-fcd94d2e-d938-4c15-9708-ed95f62d583a ] Request (InstanceActionsNegativeTestJSON:setUpClass): 200 GET http://10.180.1.21/compute/v2.1/servers/5fc5ba1f-2840-4758-940a-2925ebdee0f9 0.512s
2025-04-03 01:38:19.474 69352 INFO tempest.lib.common.rest_client [req-64280b5d-99cd-4279-a5ae-4b102522561f req-64280b5d-99cd-4279-a5ae-4b102522561f ] Request (ServerDiagnosticsNegativeTest:test_get_server_diagnostics_by_non_admin): 200 GET http://10.180.1.21/compute/v2.1/servers/a7688732-cd59-4734-af2a-24fb16264dce 0.507s
2025-04-03 01:38:19.555 69358 INFO tempest.lib.common.rest_client [req-ee0ab81c-1cd4-4f80-909a-72e125e792b6 req-ee0ab81c-1cd4-4f80-909a-72e125e792b6 ] Request (AttachInterfacesV270Test:tearDownClass): 200 GET http://10.180.1.21/compute/v2.1/servers/a9aebc16-675d-4cc5-b444-09a42de7d9d3 0.485s
2025-04-03 01:38:19.588 69320 INFO tempest.lib.common.rest_client [req-fbbfbcb2-3b7d-41d4-9845-db9792c342d5 req-fbbfbcb2-3b7d-41d4-9845-db9792c342d5 ] Request (FloatingIPsAssociationNegativeTestJSON:test_associate_ip_to_server_with_floating_ip): 202 POST http://10.180.1.21/compute/v2.1/servers/ac02742b-60e7-49d2-98eb-8c2d8528796c/action 1.074s
2025-04-03 01:38:19.601 69363 INFO tempest.lib.common.rest_client [req-820eac5b-802d-472c-82a2-b990e882de6c req-820eac5b-802d-472c-82a2-b990e882de6c ] Request (ServerRescueTestJSON:setUpClass): 200 GET http://10.180.1.21/compute/v2.1/servers/eb88e41d-1dc6-4b06-b75b-e759c3e57103 0.486s
2025-04-03 01:38:19.650 69316 INFO tempest.lib.common.rest_client [req-fe70faa6-7b88-499d-b79e-4cfa9992dd46 req-fe70faa6-7b88-499d-b79e-4cfa9992dd46 ] Request (ListServersNegativeTestJSON:setUpClass): 200 GET http://10.180.1.21/compute/v2.1/servers/e04657e5-106a-42da-bf25-785ae4e5844d 0.478s
2025-04-03 01:38:19.668 69328 INFO tempest.lib.common.rest_client [req-9595bcb4-afea-4baa-9d9f-5d155335ea2c req-9595bcb4-afea-4baa-9d9f-5d155335ea2c ] Request (DeleteServersAdminTestJSON:test_delete_server_while_in_error_state): 200 GET http://10.180.1.21/compute/v2.1/servers/09e4ff86-b908-44b4-8bdb-40aec1d09aa8 0.447s
2025-04-03 01:38:19.699 69312 INFO tempest.lib.common.rest_client [req-dce9137e-a2e5-4a23-be05-b1ad8c91adf5 req-dce9137e-a2e5-4a23-be05-b1ad8c91adf5 ] Request (ImagesOneServerTestJSON:test_create_delete_image): 200 GET http://10.180.1.21/compute/v2.1/images/4ea8c0cc-9a30-43b8-a2d1-7ae188065ddb 0.432s
2025-04-03 01:38:19.749 69367 INFO tempest.lib.common.rest_client [req-d9948eea-46e5-4e32-8169-7b52cceccbbc req-d9948eea-46e5-4e32-8169-7b52cceccbbc ] Request (ServerShowV257Test:test_rebuild_server): 200 GET http://10.180.1.21/compute/v2.1/servers/59621297-6d4e-493f-82de-de8d62d45113 0.370s
2025-04-03 01:38:19.798 69332 INFO tempest.lib.common.rest_client [req-03c42a91-f4ca-43d0-95d6-91815a39624e req-03c42a91-f4ca-43d0-95d6-91815a39624e ] Request (SecurityGroupsTestJSON:test_server_security_groups): 200 GET http://10.180.1.21/compute/v2.1/servers/8c961785-3028-4599-92c0-0227c8970b02 0.370s
2025-04-03 01:38:19.865 69348 INFO tempest.lib.common.rest_client [req-353ef579-6a9c-4f0d-91a5-75c968a9a277 req-353ef579-6a9c-4f0d-91a5-75c968a9a277 ] Request (DeleteServersTestJSON:test_delete_server_while_in_attached_volume): 200 GET http://10.180.1.21/compute/v2.1/servers/3047cbf6-86aa-42db-9fe8-b450de69bbb1 0.385s
2025-04-03 01:38:19.921 69340 INFO tempest.lib.common.rest_client [req-4a4c2162-6afc-4076-ab31-177c5a9176d8 req-4a4c2162-6afc-4076-ab31-177c5a9176d8 ] Request (FloatingIPsAssociationTestJSON:test_associate_already_associated_floating_ip): 200 GET http://10.180.1.21/compute/v2.1/servers/35e049af-1bb0-49b9-9101-360c517ceac1 0.384s
2025-04-03 01:38:19.987 69314 INFO tempest.lib.common.rest_client [req-327d6fe6-30d4-42ee-a0c8-341a3a5a11f8 req-327d6fe6-30d4-42ee-a0c8-341a3a5a11f8 ] Request (ImagesOneServerNegativeTestJSON:_run_cleanups): 200 GET http://10.180.1.21/compute/v2.1/servers/3e883ca1-11c3-4ecc-a6ca-2c09bc5d5868 0.418s
2025-04-03 01:38:20.005 69330 WARNING tempest.lib.common.ssh [-] Failed to establish authenticated ssh connection to cirros@10.180.180.162 ([Errno None] Unable to connect to port 22 on 10.180.180.162). Number attempts: 7. Retry after 8 seconds.: paramiko.ssh_exception.NoValidConnectionsError: [Errno None] Unable to connect to port 22 on 10.180.180.162
2025-04-03 01:38:20.025 69324 INFO tempest.lib.common.rest_client [req-f0805e7d-7134-4196-b5b2-265a2581ad23 req-f0805e7d-7134-4196-b5b2-265a2581ad23 ] Request (ServerTagsTestJSON:setUpClass): 200 GET http://10.180.1.21/compute/v2.1/servers/6fc5de69-28d9-42e9-baff-fb0a243ca4cc 0.702s
2025-04-03 01:38:20.035 69324 INFO tempest.common.waiters [-] State transition "BUILD/networking" ==> "BUILD/spawning" after 45 second wait
2025-04-03 01:38:20.050 69344 INFO tempest.lib.common.rest_client [req-c5007f82-64b3-4e68-b453-5f293c4a798d req-c5007f82-64b3-4e68-b453-5f293c4a798d ] Request (ImagesTestJSON:test_create_image_from_stopped_server): 200 GET http://10.180.1.21/compute/v2.1/servers/821b74fe-85f3-450e-8cec-919bf46c2ba2 0.463s
2025-04-03 01:38:20.104 69318 INFO tempest.lib.common.rest_client [req-dd1eb5d8-f8c2-4f58-b822-c2479532d6a6 req-dd1eb5d8-f8c2-4f58-b822-c2479532d6a6 ] Request (ServersAdminTestJSON:test_inject_network_info): 200 GET http://10.180.1.21/compute/v2.1/servers/e46336cb-c9f9-4c61-90dd-625e583c5349 0.485s
2025-04-03 01:38:20.163 69334 INFO tempest.lib.common.rest_client [req-9332fc98-3560-42be-90f6-45609d0f5c86 req-9332fc98-3560-42be-90f6-45609d0f5c86 ] Request (ServersTestMultiNic:test_verify_duplicate_network_nics): 200 GET http://10.180.1.21/compute/v2.1/servers/de02ff0f-dea0-4679-95cf-c0cf6b78dee7 0.525s
2025-04-03 01:38:20.307 69354 INFO tempest.lib.common.rest_client [req-e175aab6-7e47-4b35-962b-f1304cde1cf4 req-e175aab6-7e47-4b35-962b-f1304cde1cf4 ] Request (AttachVolumeShelveTestJSON:test_attach_volume_shelved_or_offload_server): 200 GET http://10.180.1.21/compute/v2.1/servers/fd667959-7d67-47f7-a401-2b05352bc70a 0.483s
2025-04-03 01:38:20.315 69354 INFO tempest.common.waiters [-] State transition "BUILD/spawning" ==> "ACTIVE/None" after 52 second wait
2025-04-03 01:38:20.475 69338 INFO tempest.lib.common.rest_client [req-45bf393f-1f6d-4f1e-a739-32608a183dd5 req-45bf393f-1f6d-4f1e-a739-32608a183dd5 ] Request (ServerActionsTestOtherB:setUpClass): 200 GET http://10.180.1.21/compute/v2.1/servers/3d2440ed-660a-45be-b0ed-f3f3831eccdd 0.464s
2025-04-03 01:38:20.533 69342 INFO tempest.lib.common.rest_client [req-6bc587cc-a72c-4feb-9f7a-be86abedd59f req-6bc587cc-a72c-4feb-9f7a-be86abedd59f ] Request (ServerDiagnosticsV248Test:test_get_server_diagnostics): 200 GET http://10.180.1.21/compute/v2.1/servers/1a921adf-48ca-4aa6-8dd7-e1e04e8f0197 0.423s
2025-04-03 01:38:20.587 69360 INFO tempest.lib.common.rest_client [req-6eff6de1-a93b-45cb-8495-d58643240d15 req-6eff6de1-a93b-45cb-8495-d58643240d15 ] Request (ServersAaction247Test:test_create_backup): 200 GET http://10.180.1.21/compute/v2.1/servers/8eda7618-29ca-4c05-8430-d4b46b578421 0.401s
2025-04-03 01:38:20.639 69346 INFO tempest.lib.common.rest_client [req-92a44287-b3e8-47b5-8f6c-e05161f13c76 req-92a44287-b3e8-47b5-8f6c-e05161f13c76 ] Request (ServerAddressesTestJSON:setUpClass): 200 GET http://10.180.1.21/compute/v2.1/servers/6945ad76-5552-485d-95e3-855341d8c2b2 0.408s
2025-04-03 01:38:20.686 69350 INFO tempest.lib.common.rest_client [req-4bf81625-6e53-4326-8e10-58b1bbfccf42 req-4bf81625-6e53-4326-8e10-58b1bbfccf42 ] Request (ServersTestManualDisk:setUpClass): 200 GET http://10.180.1.21/compute/v2.1/servers/38ee0a83-8a17-4966-9833-d9973e2a4bc0 0.403s
2025-04-03 01:38:20.735 69320 INFO tempest.lib.common.rest_client [req-585031e0-19a8-479d-ab3e-0bfeb0e967ad req-585031e0-19a8-479d-ab3e-0bfeb0e967ad ] Request (FloatingIPsAssociationNegativeTestJSON:test_associate_ip_to_server_with_floating_ip): 200 POST http://10.180.1.21/compute/v2.1/os-floating-ips 1.146s
2025-04-03 01:38:20.745 69354 INFO tempest.lib.common.rest_client [req-3fd079e5-10af-485a-b807-6898439d8ccf req-3fd079e5-10af-485a-b807-6898439d8ccf ] Request (AttachVolumeShelveTestJSON:test_attach_volume_shelved_or_offload_server): 200 GET http://10.180.1.21/compute/v2.1/servers/fd667959-7d67-47f7-a401-2b05352bc70a/os-interface 0.429s
2025-04-03 01:38:20.785 69322 INFO tempest.lib.common.rest_client [req-1ae2c710-37f2-4367-b0b8-4940323c4950 req-1ae2c710-37f2-4367-b0b8-4940323c4950 ] Request (MultipleCreateTestJSON:test_multiple_create): 200 GET http://10.180.1.21/compute/v2.1/servers/128c4398-6c16-4cab-8071-d2403cc0ed7f 0.447s
2025-04-03 01:38:20.814 69304 INFO tempest.lib.common.rest_client [req-b2e134d5-48f5-4c2b-90b9-7f18ef4661db req-b2e134d5-48f5-4c2b-90b9-7f18ef4661db ] Request (MigrationsAdminTest:test_resize_server_revert_deleted_flavor): 200 GET http://10.180.1.21/compute/v2.1/servers/d8fda21c-b4b7-4a50-96cb-2c7f2838aeab 0.430s
2025-04-03 01:38:20.843 69326 INFO tempest.lib.common.rest_client [req-0df30eec-f7a4-48ab-8a81-60495d0b0c7e req-0df30eec-f7a4-48ab-8a81-60495d0b0c7e ] Request (InstanceActionsNegativeTestJSON:setUpClass): 200 GET http://10.180.1.21/compute/v2.1/servers/5fc5ba1f-2840-4758-940a-2925ebdee0f9 0.405s
2025-04-03 01:38:20.869 69352 INFO tempest.lib.common.rest_client [req-1da11c51-b2f8-435b-9c1f-81744bbf87c9 req-1da11c51-b2f8-435b-9c1f-81744bbf87c9 ] Request (ServerDiagnosticsNegativeTest:test_get_server_diagnostics_by_non_admin): 200 GET http://10.180.1.21/compute/v2.1/servers/a7688732-cd59-4734-af2a-24fb16264dce 0.386s
2025-04-03 01:38:20.918 69363 INFO tempest.lib.common.rest_client [req-c88679ca-ef45-407f-9d7a-490c176284ef req-c88679ca-ef45-407f-9d7a-490c176284ef ] Request (ServerRescueTestJSON:setUpClass): 200 GET http://10.180.1.21/compute/v2.1/servers/eb88e41d-1dc6-4b06-b75b-e759c3e57103 0.308s
2025-04-03 01:38:20.919 69358 INFO tempest.lib.common.rest_client [req-292f9014-bf30-4467-9997-34dd4796b4c7 req-292f9014-bf30-4467-9997-34dd4796b4c7 ] Request (AttachInterfacesV270Test:tearDownClass): 200 GET http://10.180.1.21/compute/v2.1/servers/a9aebc16-675d-4cc5-b444-09a42de7d9d3 0.351s
2025-04-03 01:38:20.970 69316 INFO tempest.lib.common.rest_client [req-bfc7b3c0-8b9d-46f1-aeda-14fe3c3fe931 req-bfc7b3c0-8b9d-46f1-aeda-14fe3c3fe931 ] Request (ListServersNegativeTestJSON:setUpClass): 200 GET http://10.180.1.21/compute/v2.1/servers/e04657e5-106a-42da-bf25-785ae4e5844d 0.311s
2025-04-03 01:38:20.976 69328 INFO tempest.lib.common.rest_client [req-3f41f850-8a02-4737-9a86-d7121f94fca6 req-3f41f850-8a02-4737-9a86-d7121f94fca6 ] Request (DeleteServersAdminTestJSON:test_delete_server_while_in_error_state): 200 GET http://10.180.1.21/compute/v2.1/servers/09e4ff86-b908-44b4-8bdb-40aec1d09aa8 0.300s
2025-04-03 01:38:21.013 69312 INFO tempest.lib.common.rest_client [req-f07f3567-03fa-4165-942f-54e1f8b967ad req-f07f3567-03fa-4165-942f-54e1f8b967ad ] Request (ImagesOneServerTestJSON:test_create_delete_image): 200 GET http://10.180.1.21/compute/v2.1/images/4ea8c0cc-9a30-43b8-a2d1-7ae188065ddb 0.309s
2025-04-03 01:38:21.072 69367 INFO tempest.lib.common.rest_client [req-4c79b1f9-6877-40b8-b88a-b9230ad1032e req-4c79b1f9-6877-40b8-b88a-b9230ad1032e ] Request (ServerShowV257Test:test_rebuild_server): 200 GET http://10.180.1.21/compute/v2.1/servers/59621297-6d4e-493f-82de-de8d62d45113 0.313s
2025-04-03 01:38:21.148 69332 INFO tempest.lib.common.rest_client [req-ad9714fa-3a24-494f-86a4-e8889dbdc694 req-ad9714fa-3a24-494f-86a4-e8889dbdc694 ] Request (SecurityGroupsTestJSON:test_server_security_groups): 200 GET http://10.180.1.21/compute/v2.1/servers/8c961785-3028-4599-92c0-0227c8970b02 0.341s
2025-04-03 01:38:21.201 69348 INFO tempest.lib.common.rest_client [req-a8a1878e-2949-4322-aed7-d158bf5c352e req-a8a1878e-2949-4322-aed7-d158bf5c352e ] Request (DeleteServersTestJSON:test_delete_server_while_in_attached_volume): 200 GET http://10.180.1.21/compute/v2.1/servers/3047cbf6-86aa-42db-9fe8-b450de69bbb1 0.320s
2025-04-03 01:38:21.497 69340 INFO tempest.lib.common.rest_client [req-e5e7ec75-b18c-44a3-9fe0-7f19b0cd336b req-e5e7ec75-b18c-44a3-9fe0-7f19b0cd336b ] Request (FloatingIPsAssociationTestJSON:test_associate_already_associated_floating_ip): 200 GET http://10.180.1.21/compute/v2.1/servers/35e049af-1bb0-49b9-9101-360c517ceac1 0.565s
2025-04-03 01:38:21.541 69365 WARNING tempest.lib.common.ssh [-] Failed to establish authenticated ssh connection to cirros@10.180.180.216 ([Errno None] Unable to connect to port 22 on 10.180.180.216). Number attempts: 8. Retry after 9 seconds.: paramiko.ssh_exception.NoValidConnectionsError: [Errno None] Unable to connect to port 22 on 10.180.180.216
2025-04-03 01:38:21.589 69314 INFO tempest.lib.common.rest_client [req-58669159-ac23-47c0-821c-b52d3223bb46 req-58669159-ac23-47c0-821c-b52d3223bb46 ] Request (ImagesOneServerNegativeTestJSON:_run_cleanups): 200 GET http://10.180.1.21/compute/v2.1/servers/3e883ca1-11c3-4ecc-a6ca-2c09bc5d5868 0.593s
2025-04-03 01:38:21.626 69320 INFO tempest.lib.common.rest_client [req-f1de1e68-03c0-433f-8b89-4ede8be2b9c3 req-f1de1e68-03c0-433f-8b89-4ede8be2b9c3 ] Request (FloatingIPsAssociationNegativeTestJSON:test_associate_ip_to_server_with_floating_ip): 400 POST http://10.180.1.21/compute/v2.1/servers/ac02742b-60e7-49d2-98eb-8c2d8528796c/action 0.888s
2025-04-03 01:38:21.638 69354 INFO tempest.lib.common.rest_client [req-36ec063b-e193-4eb3-92ea-fd01041f7436 req-36ec063b-e193-4eb3-92ea-fd01041f7436 ] Request (AttachVolumeShelveTestJSON:test_attach_volume_shelved_or_offload_server): 200 PUT http://10.180.1.21:9696/networking/v2.0/floatingips/c0fa7cc1-c09f-46d9-9d0c-7dd0a7d3c7ff 0.891s
2025-04-03 01:38:21.639 69354 INFO tempest.lib.common.ssh [-] Creating ssh connection to '10.180.180.220:22' as 'cirros' with public key authentication
2025-04-03 01:38:21.688 69344 INFO tempest.lib.common.rest_client [req-634a6923-6f6f-43d5-ab00-4b5ef007b732 req-634a6923-6f6f-43d5-ab00-4b5ef007b732 ] Request (ImagesTestJSON:test_create_image_from_stopped_server): 200 GET http://10.180.1.21/compute/v2.1/servers/821b74fe-85f3-450e-8cec-919bf46c2ba2 0.629s
2025-04-03 01:38:21.754 69318 INFO tempest.lib.common.rest_client [req-b08538c9-c473-4566-a54b-1857236715ea req-b08538c9-c473-4566-a54b-1857236715ea ] Request (ServersAdminTestJSON:test_inject_network_info): 200 GET http://10.180.1.21/compute/v2.1/servers/e46336cb-c9f9-4c61-90dd-625e583c5349 0.642s
2025-04-03 01:38:21.764 69318 INFO tempest.common.waiters [-] State transition "BUILD/scheduling" ==> "BUILD/None" after 39 second wait
2025-04-03 01:38:21.779 69324 INFO tempest.lib.common.rest_client [req-7dcdb243-f22d-4797-80fe-dcab5c1232b1 req-7dcdb243-f22d-4797-80fe-dcab5c1232b1 ] Request (ServerTagsTestJSON:setUpClass): 200 GET http://10.180.1.21/compute/v2.1/servers/6fc5de69-28d9-42e9-baff-fb0a243ca4cc 0.740s
2025-04-03 01:38:21.807 69334 INFO tempest.lib.common.rest_client [req-e9d10128-c31e-4de1-9806-6d3e47d75d46 req-e9d10128-c31e-4de1-9806-6d3e47d75d46 ] Request (ServersTestMultiNic:test_verify_duplicate_network_nics): 200 GET http://10.180.1.21/compute/v2.1/servers/de02ff0f-dea0-4679-95cf-c0cf6b78dee7 0.635s
2025-04-03 01:38:21.878 69342 INFO tempest.lib.common.rest_client [req-0c8e9f64-ca50-46d7-80df-f78c9e450b9a req-0c8e9f64-ca50-46d7-80df-f78c9e450b9a ] Request (ServerDiagnosticsV248Test:test_get_server_diagnostics): 200 GET http://10.180.1.21/compute/v2.1/servers/1a921adf-48ca-4aa6-8dd7-e1e04e8f0197 0.331s
2025-04-03 01:38:21.914 69338 INFO tempest.lib.common.rest_client [req-9a55026c-0ebd-409b-8e18-9536e23ea809 req-9a55026c-0ebd-409b-8e18-9536e23ea809 ] Request (ServerActionsTestOtherB:setUpClass): 200 GET http://10.180.1.21/compute/v2.1/servers/3d2440ed-660a-45be-b0ed-f3f3831eccdd 0.428s
2025-04-03 01:38:21.941 69360 INFO tempest.lib.common.rest_client [req-351705ba-0a18-42e2-aadc-189b4dad40bf req-351705ba-0a18-42e2-aadc-189b4dad40bf ] Request (ServersAaction247Test:test_create_backup): 200 GET http://10.180.1.21/compute/v2.1/servers/8eda7618-29ca-4c05-8430-d4b46b578421 0.340s
2025-04-03 01:38:22.011 69346 INFO tempest.lib.common.rest_client [req-de3cf225-185c-45f6-b813-086ca8344bd8 req-de3cf225-185c-45f6-b813-086ca8344bd8 ] Request (ServerAddressesTestJSON:setUpClass): 200 GET http://10.180.1.21/compute/v2.1/servers/6945ad76-5552-485d-95e3-855341d8c2b2 0.364s
2025-04-03 01:38:22.094 69350 INFO tempest.lib.common.rest_client [req-949f08e1-aaf9-4555-843f-df886b3a9d43 req-949f08e1-aaf9-4555-843f-df886b3a9d43 ] Request (ServersTestManualDisk:setUpClass): 200 GET http://10.180.1.21/compute/v2.1/servers/38ee0a83-8a17-4966-9833-d9973e2a4bc0 0.398s
2025-04-03 01:38:22.158 69322 INFO tempest.lib.common.rest_client [req-129fd259-9d55-4735-8945-f39db6ccbc46 req-129fd259-9d55-4735-8945-f39db6ccbc46 ] Request (MultipleCreateTestJSON:test_multiple_create): 200 GET http://10.180.1.21/compute/v2.1/servers/128c4398-6c16-4cab-8071-d2403cc0ed7f 0.364s
2025-04-03 01:38:22.214 69304 INFO tempest.lib.common.rest_client [req-76180d4d-439b-48e1-b419-362df6f80b59 req-76180d4d-439b-48e1-b419-362df6f80b59 ] Request (MigrationsAdminTest:test_resize_server_revert_deleted_flavor): 200 GET http://10.180.1.21/compute/v2.1/servers/d8fda21c-b4b7-4a50-96cb-2c7f2838aeab 0.391s
2025-04-03 01:38:22.263 69326 INFO tempest.lib.common.rest_client [req-abd77275-fac7-478c-b0c6-fb73ff337710 req-abd77275-fac7-478c-b0c6-fb73ff337710 ] Request (InstanceActionsNegativeTestJSON:setUpClass): 200 GET http://10.180.1.21/compute/v2.1/servers/5fc5ba1f-2840-4758-940a-2925ebdee0f9 0.412s
2025-04-03 01:38:22.278 69320 INFO tempest.lib.common.rest_client [req-0b7a1307-3099-42a0-a949-fa952abaf123 req-0b7a1307-3099-42a0-a949-fa952abaf123 ] Request (FloatingIPsAssociationNegativeTestJSON:_run_cleanups): 202 DELETE http://10.180.1.21/compute/v2.1/os-floating-ips/7aab88f8-357a-444d-81cd-460d3500fb38 0.651s
2025-04-03 01:38:22.310 69352 INFO tempest.lib.common.rest_client [req-06c7710e-2c2d-47ca-91b7-842380e76ef9 req-06c7710e-2c2d-47ca-91b7-842380e76ef9 ] Request (ServerDiagnosticsNegativeTest:test_get_server_diagnostics_by_non_admin): 200 GET http://10.180.1.21/compute/v2.1/servers/a7688732-cd59-4734-af2a-24fb16264dce 0.431s
2025-04-03 01:38:22.327 69363 INFO tempest.lib.common.rest_client [req-1a3971e7-042d-4467-9bca-c865af035a15 req-1a3971e7-042d-4467-9bca-c865af035a15 ] Request (ServerRescueTestJSON:setUpClass): 200 GET http://10.180.1.21/compute/v2.1/servers/eb88e41d-1dc6-4b06-b75b-e759c3e57103 0.400s
2025-04-03 01:38:22.379 69316 INFO tempest.lib.common.rest_client [req-80ae0fff-cb9b-4cfd-a6b4-e5b454470858 req-80ae0fff-cb9b-4cfd-a6b4-e5b454470858 ] Request (ListServersNegativeTestJSON:setUpClass): 200 GET http://10.180.1.21/compute/v2.1/servers/e04657e5-106a-42da-bf25-785ae4e5844d 0.401s
2025-04-03 01:38:22.381 69358 INFO tempest.lib.common.rest_client [req-9bf5d2ca-78bb-4c71-bba9-babbd00553a8 req-9bf5d2ca-78bb-4c71-bba9-babbd00553a8 ] Request (AttachInterfacesV270Test:tearDownClass): 200 GET http://10.180.1.21/compute/v2.1/servers/a9aebc16-675d-4cc5-b444-09a42de7d9d3 0.452s
2025-04-03 01:38:22.418 69312 INFO tempest.lib.common.rest_client [req-d35f8752-b3b5-4a60-827f-802c8635d1cc req-d35f8752-b3b5-4a60-827f-802c8635d1cc ] Request (ImagesOneServerTestJSON:test_create_delete_image): 200 GET http://10.180.1.21/compute/v2.1/images/4ea8c0cc-9a30-43b8-a2d1-7ae188065ddb 0.401s
2025-04-03 01:38:22.430 69328 INFO tempest.lib.common.rest_client [req-bc644ecb-b5d0-4e01-8701-f7cab53f77b9 req-bc644ecb-b5d0-4e01-8701-f7cab53f77b9 ] Request (DeleteServersAdminTestJSON:test_delete_server_while_in_error_state): 200 GET http://10.180.1.21/compute/v2.1/servers/09e4ff86-b908-44b4-8bdb-40aec1d09aa8 0.447s
2025-04-03 01:38:22.466 69367 INFO tempest.lib.common.rest_client [req-194a1213-0768-4d86-868f-0a656a7af881 req-194a1213-0768-4d86-868f-0a656a7af881 ] Request (ServerShowV257Test:test_rebuild_server): 200 GET http://10.180.1.21/compute/v2.1/servers/59621297-6d4e-493f-82de-de8d62d45113 0.385s
2025-04-03 01:38:22.476 69332 INFO tempest.lib.common.rest_client [req-02f21003-572b-4a1f-9277-7daabb40d558 req-02f21003-572b-4a1f-9277-7daabb40d558 ] Request (SecurityGroupsTestJSON:test_server_security_groups): 200 GET http://10.180.1.21/compute/v2.1/servers/8c961785-3028-4599-92c0-0227c8970b02 0.317s
2025-04-03 01:38:22.511 69348 INFO tempest.lib.common.rest_client [req-ba3aee55-a15b-41a2-9835-1ef3a83b540c req-ba3aee55-a15b-41a2-9835-1ef3a83b540c ] Request (DeleteServersTestJSON:test_delete_server_while_in_attached_volume): 200 GET http://10.180.1.21/compute/v2.1/servers/3047cbf6-86aa-42db-9fe8-b450de69bbb1 0.298s
2025-04-03 01:38:22.563 69340 INFO tempest.lib.common.rest_client [req-f695ca4c-65c3-4420-913f-89840811015c req-f695ca4c-65c3-4420-913f-89840811015c ] Request (FloatingIPsAssociationTestJSON:test_associate_already_associated_floating_ip): 200 GET http://10.180.1.21/compute/v2.1/servers/35e049af-1bb0-49b9-9101-360c517ceac1 0.047s
2025-04-03 01:38:22.656 69314 INFO tempest.lib.common.rest_client [req-b59da39c-0979-4c25-88a6-869cbe6c7357 req-b59da39c-0979-4c25-88a6-869cbe6c7357 ] Request (ImagesOneServerNegativeTestJSON:_run_cleanups): 200 GET http://10.180.1.21/compute/v2.1/servers/3e883ca1-11c3-4ecc-a6ca-2c09bc5d5868 0.052s
2025-04-03 01:38:22.748 69344 INFO tempest.lib.common.rest_client [req-6cca5444-4926-4493-83bc-447554d64464 req-6cca5444-4926-4493-83bc-447554d64464 ] Request (ImagesTestJSON:test_create_image_from_stopped_server): 200 GET http://10.180.1.21/compute/v2.1/servers/821b74fe-85f3-450e-8cec-919bf46c2ba2 0.049s
2025-04-03 01:38:22.820 69318 INFO tempest.lib.common.rest_client [req-cf566a27-6d72-4a14-bcb2-32927a5052df req-cf566a27-6d72-4a14-bcb2-32927a5052df ] Request (ServersAdminTestJSON:test_inject_network_info): 200 GET http://10.180.1.21/compute/v2.1/servers/e46336cb-c9f9-4c61-90dd-625e583c5349 0.055s
2025-04-03 01:38:22.960 69324 INFO tempest.lib.common.rest_client [req-ea37cd4b-451a-41d1-bcc6-f4124da3bdfa req-ea37cd4b-451a-41d1-bcc6-f4124da3bdfa ] Request (ServerTagsTestJSON:setUpClass): 200 GET http://10.180.1.21/compute/v2.1/servers/6fc5de69-28d9-42e9-baff-fb0a243ca4cc 0.172s
2025-04-03 01:38:23.017 69334 INFO tempest.lib.common.rest_client [req-ab61df43-4244-426d-ab5e-9c4fef60c053 req-ab61df43-4244-426d-ab5e-9c4fef60c053 ] Request (ServersTestMultiNic:test_verify_duplicate_network_nics): 200 GET http://10.180.1.21/compute/v2.1/servers/de02ff0f-dea0-4679-95cf-c0cf6b78dee7 0.198s
2025-04-03 01:38:23.069 69342 INFO tempest.lib.common.rest_client [req-c786ad7b-3aa6-4fa4-a780-382269c8ab37 req-c786ad7b-3aa6-4fa4-a780-382269c8ab37 ] Request (ServerDiagnosticsV248Test:test_get_server_diagnostics): 200 GET http://10.180.1.21/compute/v2.1/servers/1a921adf-48ca-4aa6-8dd7-e1e04e8f0197 0.179s
2025-04-03 01:38:23.171 69338 INFO tempest.lib.common.rest_client [req-fd76d024-1052-4e81-bc53-5275956ecf2c req-fd76d024-1052-4e81-bc53-5275956ecf2c ] Request (ServerActionsTestOtherB:setUpClass): 200 GET http://10.180.1.21/compute/v2.1/servers/3d2440ed-660a-45be-b0ed-f3f3831eccdd 0.245s
2025-04-03 01:38:23.215 69320 INFO tempest.lib.common.rest_client [req-eaf54d2c-4c4a-4fd1-8cd2-6fd505e9a2bb req-eaf54d2c-4c4a-4fd1-8cd2-6fd505e9a2bb ] Request (FloatingIPsAssociationNegativeTestJSON:_run_cleanups): 202 POST http://10.180.1.21/compute/v2.1/servers/ac02742b-60e7-49d2-98eb-8c2d8528796c/action 0.936s
2025-04-03 01:38:23.227 69360 INFO tempest.lib.common.rest_client [req-dfca2de4-d495-4c6e-84fc-6723ffae123a req-dfca2de4-d495-4c6e-84fc-6723ffae123a ] Request (ServersAaction247Test:test_create_backup): 200 GET http://10.180.1.21/compute/v2.1/servers/8eda7618-29ca-4c05-8430-d4b46b578421 0.274s
2025-04-03 01:38:23.288 69350 INFO tempest.lib.common.rest_client [req-43fe95b2-d43e-452c-b302-81e6f69cd48a req-43fe95b2-d43e-452c-b302-81e6f69cd48a ] Request (ServersTestManualDisk:setUpClass): 200 GET http://10.180.1.21/compute/v2.1/servers/38ee0a83-8a17-4966-9833-d9973e2a4bc0 0.185s
2025-04-03 01:38:23.289 69346 INFO tempest.lib.common.rest_client [req-57defa5d-8158-4db0-8851-65ee71eae058 req-57defa5d-8158-4db0-8851-65ee71eae058 ] Request (ServerAddressesTestJSON:setUpClass): 200 GET http://10.180.1.21/compute/v2.1/servers/6945ad76-5552-485d-95e3-855341d8c2b2 0.266s
2025-04-03 01:38:23.339 69322 INFO tempest.lib.common.rest_client [req-3e3233e7-bd4d-46de-833c-0d1f8e865ece req-3e3233e7-bd4d-46de-833c-0d1f8e865ece ] Request (MultipleCreateTestJSON:test_multiple_create): 200 GET http://10.180.1.21/compute/v2.1/servers/128c4398-6c16-4cab-8071-d2403cc0ed7f 0.166s
2025-04-03 01:38:23.406 69304 INFO tempest.lib.common.rest_client [req-d82716e5-69a5-402b-aa98-7e383e0ee920 req-d82716e5-69a5-402b-aa98-7e383e0ee920 ] Request (MigrationsAdminTest:test_resize_server_revert_deleted_flavor): 200 GET http://10.180.1.21/compute/v2.1/servers/d8fda21c-b4b7-4a50-96cb-2c7f2838aeab 0.179s
2025-04-03 01:38:23.454 69326 INFO tempest.lib.common.rest_client [req-e676603f-e2b2-40a8-a6de-bd298dc0cdb0 req-e676603f-e2b2-40a8-a6de-bd298dc0cdb0 ] Request (InstanceActionsNegativeTestJSON:setUpClass): 200 GET http://10.180.1.21/compute/v2.1/servers/5fc5ba1f-2840-4758-940a-2925ebdee0f9 0.184s
2025-04-03 01:38:23.513 69352 INFO tempest.lib.common.rest_client [req-42f22ed1-9a69-4456-aaaa-0ea7866f67e2 req-42f22ed1-9a69-4456-aaaa-0ea7866f67e2 ] Request (ServerDiagnosticsNegativeTest:test_get_server_diagnostics_by_non_admin): 200 GET http://10.180.1.21/compute/v2.1/servers/a7688732-cd59-4734-af2a-24fb16264dce 0.192s
2025-04-03 01:38:23.526 69310 WARNING tempest.lib.common.ssh [-] Failed to establish authenticated ssh connection to cirros@10.180.180.172 ([Errno None] Unable to connect to port 22 on 10.180.180.172). Number attempts: 4. Retry after 5 seconds.: paramiko.ssh_exception.NoValidConnectionsError: [Errno None] Unable to connect to port 22 on 10.180.180.172
2025-04-03 01:38:23.596 69363 INFO tempest.lib.common.rest_client [req-6240af87-12b3-4e2f-af29-caa4e3505196 req-6240af87-12b3-4e2f-af29-caa4e3505196 ] Request (ServerRescueTestJSON:setUpClass): 200 GET http://10.180.1.21/compute/v2.1/servers/eb88e41d-1dc6-4b06-b75b-e759c3e57103 0.262s
2025-04-03 01:38:23.659 69316 INFO tempest.lib.common.rest_client [req-b62fdc04-c926-4bc6-a8b7-7bbaa920cf13 req-b62fdc04-c926-4bc6-a8b7-7bbaa920cf13 ] Request (ListServersNegativeTestJSON:setUpClass): 200 GET http://10.180.1.21/compute/v2.1/servers/e04657e5-106a-42da-bf25-785ae4e5844d 0.272s
2025-04-03 01:38:23.686 69358 INFO tempest.lib.common.rest_client [req-009264e5-ed47-4d29-a4b4-5d222dfb60ba req-009264e5-ed47-4d29-a4b4-5d222dfb60ba ] Request (AttachInterfacesV270Test:tearDownClass): 404 GET http://10.180.1.21/compute/v2.1/servers/a9aebc16-675d-4cc5-b444-09a42de7d9d3 0.295s
2025-04-03 01:38:23.731 69312 INFO tempest.lib.common.rest_client [req-0e7ee1fe-2206-42a4-909e-9de8fe801291 req-0e7ee1fe-2206-42a4-909e-9de8fe801291 ] Request (ImagesOneServerTestJSON:test_create_delete_image): 200 GET http://10.180.1.21/compute/v2.1/images/4ea8c0cc-9a30-43b8-a2d1-7ae188065ddb 0.308s
2025-04-03 01:38:23.761 69320 INFO tempest.lib.common.rest_client [req-4cc085df-3421-41ac-84d6-ad1ab879a82f req-4cc085df-3421-41ac-84d6-ad1ab879a82f ] Request (FloatingIPsAssociationNegativeTestJSON:_run_cleanups): 202 DELETE http://10.180.1.21/compute/v2.1/os-floating-ips/e5ac31db-f333-4c53-9abd-f268dc0dd6f7 0.545s
2025-04-03 01:38:23.812 69328 INFO tempest.lib.common.rest_client [req-b2e25bdc-51f3-4c7e-8f84-c928eeb4413c req-b2e25bdc-51f3-4c7e-8f84-c928eeb4413c ] Request (DeleteServersAdminTestJSON:test_delete_server_while_in_error_state): 200 GET http://10.180.1.21/compute/v2.1/servers/09e4ff86-b908-44b4-8bdb-40aec1d09aa8 0.372s
2025-04-03 01:38:23.824 69367 INFO tempest.lib.common.rest_client [req-41f315e5-419b-4c4e-bf91-478597228ea3 req-41f315e5-419b-4c4e-bf91-478597228ea3 ] Request (ServerShowV257Test:test_rebuild_server): 200 GET http://10.180.1.21/compute/v2.1/servers/59621297-6d4e-493f-82de-de8d62d45113 0.347s
2025-04-03 01:38:23.870 69332 INFO tempest.lib.common.rest_client [req-c2df662a-f31b-423a-8d2c-69fd3ffd3c80 req-c2df662a-f31b-423a-8d2c-69fd3ffd3c80 ] Request (SecurityGroupsTestJSON:test_server_security_groups): 200 GET http://10.180.1.21/compute/v2.1/servers/8c961785-3028-4599-92c0-0227c8970b02 0.387s
2025-04-03 01:38:23.880 69348 INFO tempest.lib.common.rest_client [req-31da16a5-9a9e-463c-8b1b-9b044d0f2985 req-31da16a5-9a9e-463c-8b1b-9b044d0f2985 ] Request (DeleteServersTestJSON:test_delete_server_while_in_attached_volume): 200 GET http://10.180.1.21/compute/v2.1/servers/3047cbf6-86aa-42db-9fe8-b450de69bbb1 0.362s
2025-04-03 01:38:23.930 69340 INFO tempest.lib.common.rest_client [req-f965bd7f-024c-4e20-9dc0-ebf6812d39cd req-f965bd7f-024c-4e20-9dc0-ebf6812d39cd ] Request (FloatingIPsAssociationTestJSON:test_associate_already_associated_floating_ip): 200 GET http://10.180.1.21/compute/v2.1/servers/35e049af-1bb0-49b9-9101-360c517ceac1 0.356s
2025-04-03 01:38:23.946 69314 INFO tempest.lib.common.rest_client [req-70e21028-4c78-4fd8-824b-9e5fa1b72b12 req-70e21028-4c78-4fd8-824b-9e5fa1b72b12 ] Request (ImagesOneServerNegativeTestJSON:_run_cleanups): 200 GET http://10.180.1.21/compute/v2.1/servers/3e883ca1-11c3-4ecc-a6ca-2c09bc5d5868 0.282s
2025-04-03 01:38:23.964 69312 INFO tempest.lib.common.rest_client [req-fa7de155-3014-4dc9-9217-f49fd83bd3dd req-fa7de155-3014-4dc9-9217-f49fd83bd3dd ] Request (ImagesOneServerTestJSON:test_create_delete_image): 200 GET http://10.180.1.21/compute/v2.1/images/4ea8c0cc-9a30-43b8-a2d1-7ae188065ddb 0.228s
2025-04-03 01:38:23.969 69320 INFO tempest.lib.common.rest_client [req-dc6c1d80-afac-43f5-bf02-a53d2e705109 req-dc6c1d80-afac-43f5-bf02-a53d2e705109 ] Request (FloatingIPsAssociationNegativeTestJSON:test_associate_ip_to_server_without_passing_floating_ip): 400 POST http://10.180.1.21/compute/v2.1/servers/ac02742b-60e7-49d2-98eb-8c2d8528796c/action 0.207s
2025-04-03 01:38:23.990 69344 INFO tempest.lib.common.rest_client [req-61b03619-f5b6-43fd-90f2-3c38f81113e6 req-61b03619-f5b6-43fd-90f2-3c38f81113e6 ] Request (ImagesTestJSON:test_create_image_from_stopped_server): 200 GET http://10.180.1.21/compute/v2.1/servers/821b74fe-85f3-450e-8cec-919bf46c2ba2 0.234s
2025-04-03 01:38:24.023 69318 INFO tempest.lib.common.rest_client [req-b8cf2059-140c-41ba-87a7-310094de95ab req-b8cf2059-140c-41ba-87a7-310094de95ab ] Request (ServersAdminTestJSON:test_inject_network_info): 200 GET http://10.180.1.21/compute/v2.1/servers/e46336cb-c9f9-4c61-90dd-625e583c5349 0.194s
2025-04-03 01:38:24.111 69312 INFO tempest.lib.common.rest_client [req-580f99e6-9a15-492f-8b03-11b2877aef10 req-580f99e6-9a15-492f-8b03-11b2877aef10 ] Request (ImagesOneServerTestJSON:test_create_delete_image): 200 GET http://10.180.1.21/compute/v2.1/servers/14e0f224-fd67-4e2a-a98d-6a40f5f25b5e 0.143s
2025-04-03 01:38:24.149 69324 INFO tempest.lib.common.rest_client [req-73f02a6d-146a-4c61-91fd-d87c93febe14 req-73f02a6d-146a-4c61-91fd-d87c93febe14 ] Request (ServerTagsTestJSON:setUpClass): 200 GET http://10.180.1.21/compute/v2.1/servers/6fc5de69-28d9-42e9-baff-fb0a243ca4cc 0.180s
2025-04-03 01:38:24.194 69320 INFO tempest.lib.common.rest_client [req-630281aa-70f7-48a2-bb1a-da235e649283 req-630281aa-70f7-48a2-bb1a-da235e649283 ] Request (FloatingIPsAssociationNegativeTestJSON:test_associate_nonexistent_floating_ip): 404 POST http://10.180.1.21/compute/v2.1/servers/ac02742b-60e7-49d2-98eb-8c2d8528796c/action 0.224s
2025-04-03 01:38:24.214 69334 INFO tempest.lib.common.rest_client [req-22294bd5-f637-4036-a22f-25083fa24d77 req-22294bd5-f637-4036-a22f-25083fa24d77 ] Request (ServersTestMultiNic:test_verify_duplicate_network_nics): 200 GET http://10.180.1.21/compute/v2.1/servers/de02ff0f-dea0-4679-95cf-c0cf6b78dee7 0.187s
2025-04-03 01:38:24.247 69342 INFO tempest.lib.common.rest_client [req-6494ef8b-980e-4484-99fb-e9dc654d2b97 req-6494ef8b-980e-4484-99fb-e9dc654d2b97 ] Request (ServerDiagnosticsV248Test:test_get_server_diagnostics): 200 GET http://10.180.1.21/compute/v2.1/servers/1a921adf-48ca-4aa6-8dd7-e1e04e8f0197 0.166s
2025-04-03 01:38:24.326 69338 INFO tempest.lib.common.rest_client [req-d39e3b6c-5249-42b5-8029-aa685fbf1d0e req-d39e3b6c-5249-42b5-8029-aa685fbf1d0e ] Request (ServerActionsTestOtherB:setUpClass): 200 GET http://10.180.1.21/compute/v2.1/servers/3d2440ed-660a-45be-b0ed-f3f3831eccdd 0.146s
2025-04-03 01:38:24.339 69338 INFO tempest.common.waiters [-] State transition "BUILD/spawning" ==> "ACTIVE/None" after 51 second wait
2025-04-03 01:38:24.384 69360 INFO tempest.lib.common.rest_client [req-df9b8b56-e59c-4b53-95d3-a6fc08a4543c req-df9b8b56-e59c-4b53-95d3-a6fc08a4543c ] Request (ServersAaction247Test:test_create_backup): 200 GET http://10.180.1.21/compute/v2.1/servers/8eda7618-29ca-4c05-8430-d4b46b578421 0.146s
2025-04-03 01:38:24.437 69350 INFO tempest.lib.common.rest_client [req-44cb6960-6538-4422-89af-b40e891d88db req-44cb6960-6538-4422-89af-b40e891d88db ] Request (ServersTestManualDisk:setUpClass): 200 GET http://10.180.1.21/compute/v2.1/servers/38ee0a83-8a17-4966-9833-d9973e2a4bc0 0.140s
2025-04-03 01:38:24.493 69320 INFO tempest.lib.common.rest_client [req-ff1238dd-3119-438b-b9a8-14d5fc5fac2c req-ff1238dd-3119-438b-b9a8-14d5fc5fac2c ] Request (FloatingIPsAssociationNegativeTestJSON:test_dissociate_nonexistent_floating_ip): 404 POST http://10.180.1.21/compute/v2.1/servers/ac02742b-60e7-49d2-98eb-8c2d8528796c/action 0.297s
2025-04-03 01:38:24.501 69346 INFO tempest.lib.common.rest_client [req-6f8f0370-db96-40be-a33b-ead25d91fb86 req-6f8f0370-db96-40be-a33b-ead25d91fb86 ] Request (ServerAddressesTestJSON:setUpClass): 200 GET http://10.180.1.21/compute/v2.1/servers/6945ad76-5552-485d-95e3-855341d8c2b2 0.203s
2025-04-03 01:38:24.514 69358 INFO tempest.lib.common.rest_client [req-ad9b1d71-7d3c-4e6a-b02c-f21597d850c0 req-ad9b1d71-7d3c-4e6a-b02c-f21597d850c0 ] Request (AttachInterfacesV270Test:tearDownClass): 200 PUT http://10.180.1.21:9696/networking/v2.0/routers/091da283-0aca-4ce8-9daf-853ad9f7d4d6/remove_router_interface 0.828s
2025-04-03 01:38:24.555 69322 INFO tempest.lib.common.rest_client [req-706f0dc9-2dce-4244-81e2-bfd793d20f43 req-706f0dc9-2dce-4244-81e2-bfd793d20f43 ] Request (MultipleCreateTestJSON:test_multiple_create): 200 GET http://10.180.1.21/compute/v2.1/servers/128c4398-6c16-4cab-8071-d2403cc0ed7f 0.208s
2025-04-03 01:38:24.607 69304 INFO tempest.lib.common.rest_client [req-1dc1b21a-6877-40f3-9357-faa6e5e804e3 req-1dc1b21a-6877-40f3-9357-faa6e5e804e3 ] Request (MigrationsAdminTest:test_resize_server_revert_deleted_flavor): 200 GET http://10.180.1.21/compute/v2.1/servers/d8fda21c-b4b7-4a50-96cb-2c7f2838aeab 0.192s
2025-04-03 01:38:24.650 69338 INFO tempest.lib.common.rest_client [req-6e7e71d8-2552-449b-b6d9-c5b6dcab8930 req-6e7e71d8-2552-449b-b6d9-c5b6dcab8930 ] Request (ServerActionsTestOtherB:setUpClass): 200 GET http://10.180.1.21/compute/v2.1/servers/3d2440ed-660a-45be-b0ed-f3f3831eccdd/os-interface 0.311s
2025-04-03 01:38:24.661 69326 INFO tempest.lib.common.rest_client [req-5a6190f1-2dec-485d-a2cb-c5c7934257e4 req-5a6190f1-2dec-485d-a2cb-c5c7934257e4 ] Request (InstanceActionsNegativeTestJSON:setUpClass): 200 GET http://10.180.1.21/compute/v2.1/servers/5fc5ba1f-2840-4758-940a-2925ebdee0f9 0.197s
2025-04-03 01:38:24.722 69352 INFO tempest.lib.common.rest_client [req-7d6e6368-f4cd-426e-b283-fe4fce97c9ee req-7d6e6368-f4cd-426e-b283-fe4fce97c9ee ] Request (ServerDiagnosticsNegativeTest:test_get_server_diagnostics_by_non_admin): 200 GET http://10.180.1.21/compute/v2.1/servers/a7688732-cd59-4734-af2a-24fb16264dce 0.199s
2025-04-03 01:38:24.753 69320 INFO tempest.lib.common.rest_client [req-cfa1f8a7-e188-477f-beac-e5c62a1a536e req-cfa1f8a7-e188-477f-beac-e5c62a1a536e ] Request (FloatingIPsAssociationNegativeTestJSON:tearDownClass): 204 DELETE http://10.180.1.21/compute/v2.1/servers/ac02742b-60e7-49d2-98eb-8c2d8528796c 0.259s
2025-04-03 01:38:24.796 69363 INFO tempest.lib.common.rest_client [req-beb4a735-9d22-4bb0-b52c-034838dacc33 req-beb4a735-9d22-4bb0-b52c-034838dacc33 ] Request (ServerRescueTestJSON:setUpClass): 200 GET http://10.180.1.21/compute/v2.1/servers/eb88e41d-1dc6-4b06-b75b-e759c3e57103 0.187s
2025-04-03 01:38:24.856 69316 INFO tempest.lib.common.rest_client [req-ac4fb983-4776-4241-9120-ca154b328bf9 req-ac4fb983-4776-4241-9120-ca154b328bf9 ] Request (ListServersNegativeTestJSON:setUpClass): 200 GET http://10.180.1.21/compute/v2.1/servers/e04657e5-106a-42da-bf25-785ae4e5844d 0.184s
2025-04-03 01:38:24.958 69328 INFO tempest.lib.common.rest_client [req-fd5d7600-5d53-4223-b2ab-e75fb29a9600 req-fd5d7600-5d53-4223-b2ab-e75fb29a9600 ] Request (DeleteServersAdminTestJSON:test_delete_server_while_in_error_state): 200 GET http://10.180.1.21/compute/v2.1/servers/09e4ff86-b908-44b4-8bdb-40aec1d09aa8 0.135s
2025-04-03 01:38:24.959 69320 INFO tempest.lib.common.rest_client [req-1cf4d0c0-b421-4d85-9c5f-6755cb71cdba req-1cf4d0c0-b421-4d85-9c5f-6755cb71cdba ] Request (FloatingIPsAssociationNegativeTestJSON:tearDownClass): 200 GET http://10.180.1.21/compute/v2.1/servers/ac02742b-60e7-49d2-98eb-8c2d8528796c 0.205s
2025-04-03 01:38:25.042 69332 INFO tempest.lib.common.rest_client [req-5b426b3c-097c-45f5-a70c-8ea8da4edf31 req-5b426b3c-097c-45f5-a70c-8ea8da4edf31 ] Request (SecurityGroupsTestJSON:test_server_security_groups): 200 GET http://10.180.1.21/compute/v2.1/servers/8c961785-3028-4599-92c0-0227c8970b02 0.158s
2025-04-03 01:38:25.064 69367 INFO tempest.lib.common.rest_client [req-459a0d64-9f94-4a42-b852-56952c7b1b3f req-459a0d64-9f94-4a42-b852-56952c7b1b3f ] Request (ServerShowV257Test:test_rebuild_server): 200 GET http://10.180.1.21/compute/v2.1/servers/59621297-6d4e-493f-82de-de8d62d45113 0.229s
2025-04-03 01:38:25.102 69348 INFO tempest.lib.common.rest_client [req-cfdc2edb-9271-4ebf-8783-99cd0c8f776e req-cfdc2edb-9271-4ebf-8783-99cd0c8f776e ] Request (DeleteServersTestJSON:test_delete_server_while_in_attached_volume): 200 GET http://10.180.1.21/compute/v2.1/servers/3047cbf6-86aa-42db-9fe8-b450de69bbb1 0.213s
2025-04-03 01:38:25.163 69340 INFO tempest.lib.common.rest_client [req-393e90e8-2765-43c5-8dad-a5cd27e122ef req-393e90e8-2765-43c5-8dad-a5cd27e122ef ] Request (FloatingIPsAssociationTestJSON:test_associate_already_associated_floating_ip): 200 GET http://10.180.1.21/compute/v2.1/servers/35e049af-1bb0-49b9-9101-360c517ceac1 0.222s
2025-04-03 01:38:25.175 69314 INFO tempest.lib.common.rest_client [req-3820fb18-db12-4ed4-a335-290525d98b2c req-3820fb18-db12-4ed4-a335-290525d98b2c ] Request (ImagesOneServerNegativeTestJSON:_run_cleanups): 200 GET http://10.180.1.21/compute/v2.1/servers/3e883ca1-11c3-4ecc-a6ca-2c09bc5d5868 0.213s
2025-04-03 01:38:25.229 69318 INFO tempest.lib.common.rest_client [req-87181cb3-cf27-4a5e-ae95-c983d9904da4 req-87181cb3-cf27-4a5e-ae95-c983d9904da4 ] Request (ServersAdminTestJSON:test_inject_network_info): 200 GET http://10.180.1.21/compute/v2.1/servers/e46336cb-c9f9-4c61-90dd-625e583c5349 0.196s
2025-04-03 01:38:25.249 69344 INFO tempest.lib.common.rest_client [req-c988feca-8b5f-44b0-980e-451832a5d818 req-c988feca-8b5f-44b0-980e-451832a5d818 ] Request (ImagesTestJSON:test_create_image_from_stopped_server): 200 GET http://10.180.1.21/compute/v2.1/servers/821b74fe-85f3-450e-8cec-919bf46c2ba2 0.252s
2025-04-03 01:38:25.369 69312 INFO tempest.lib.common.rest_client [req-b1e22ac8-a733-4401-8573-9e98a5974b73 req-b1e22ac8-a733-4401-8573-9e98a5974b73 ] Request (ImagesOneServerTestJSON:test_create_delete_image): 200 GET http://10.180.1.21/compute/v2.1/servers/14e0f224-fd67-4e2a-a98d-6a40f5f25b5e 0.250s
2025-04-03 01:38:25.421 69334 INFO tempest.lib.common.rest_client [req-44ac9ee7-8de0-4b08-b329-1fd3922331ac req-44ac9ee7-8de0-4b08-b329-1fd3922331ac ] Request (ServersTestMultiNic:test_verify_duplicate_network_nics): 200 GET http://10.180.1.21/compute/v2.1/servers/de02ff0f-dea0-4679-95cf-c0cf6b78dee7 0.197s
2025-04-03 01:38:25.454 69358 INFO tempest.lib.common.rest_client [req-fd3a6ce0-5dc4-4240-9e81-15a51c497bf7 req-fd3a6ce0-5dc4-4240-9e81-15a51c497bf7 ] Request (AttachInterfacesV270Test:tearDownClass): 204 DELETE http://10.180.1.21:9696/networking/v2.0/routers/091da283-0aca-4ce8-9daf-853ad9f7d4d6 0.939s
2025-04-03 01:38:25.481 69342 INFO tempest.lib.common.rest_client [req-5eb619d2-50b0-4068-b1d6-1403a6b2ba80 req-5eb619d2-50b0-4068-b1d6-1403a6b2ba80 ] Request (ServerDiagnosticsV248Test:test_get_server_diagnostics): 200 GET http://10.180.1.21/compute/v2.1/servers/1a921adf-48ca-4aa6-8dd7-e1e04e8f0197 0.223s
2025-04-03 01:38:25.491 69342 INFO tempest.common.waiters [-] State transition "BUILD/scheduling" ==> "BUILD/None" after 36 second wait
2025-04-03 01:38:25.548 69324 INFO tempest.lib.common.rest_client [req-0c20670a-7605-463b-a68f-4680b5817c1f req-0c20670a-7605-463b-a68f-4680b5817c1f ] Request (ServerTagsTestJSON:setUpClass): 200 GET http://10.180.1.21/compute/v2.1/servers/6fc5de69-28d9-42e9-baff-fb0a243ca4cc 0.389s
2025-04-03 01:38:25.555 69360 INFO tempest.lib.common.rest_client [req-4796e3dc-9e78-4950-93f8-fcaa31e6be37 req-4796e3dc-9e78-4950-93f8-fcaa31e6be37 ] Request (ServersAaction247Test:test_create_backup): 200 GET http://10.180.1.21/compute/v2.1/servers/8eda7618-29ca-4c05-8430-d4b46b578421 0.162s
2025-04-03 01:38:25.573 69360 INFO tempest.common.waiters [-] State transition "BUILD/spawning" ==> "ACTIVE/None" after 51 second wait
2025-04-03 01:38:25.623 69346 INFO tempest.lib.common.rest_client [req-a869d086-fb8a-4791-8e78-7c9683db3aad req-a869d086-fb8a-4791-8e78-7c9683db3aad ] Request (ServerAddressesTestJSON:setUpClass): 200 GET http://10.180.1.21/compute/v2.1/servers/6945ad76-5552-485d-95e3-855341d8c2b2 0.113s
2025-04-03 01:38:25.640 69350 INFO tempest.lib.common.rest_client [req-b8d9d215-bfbe-4f77-952b-ea609957638b req-b8d9d215-bfbe-4f77-952b-ea609957638b ] Request (ServersTestManualDisk:setUpClass): 200 GET http://10.180.1.21/compute/v2.1/servers/38ee0a83-8a17-4966-9833-d9973e2a4bc0 0.193s
2025-04-03 01:38:25.684 69322 INFO tempest.lib.common.rest_client [req-44af40da-8a92-464a-bc1a-0c22b01137a1 req-44af40da-8a92-464a-bc1a-0c22b01137a1 ] Request (MultipleCreateTestJSON:test_multiple_create): 200 GET http://10.180.1.21/compute/v2.1/servers/128c4398-6c16-4cab-8071-d2403cc0ed7f 0.119s
