2025-04-03 01:39:10.058 69318 INFO tempest.lib.common.rest_client [req-3f4b5e5a-d9e5-44fd-9991-def17a7dba7f req-3f4b5e5a-d9e5-44fd-9991-def17a7dba7f ] Request (ServersAdminTestJSON:test_rebuild_server_in_error_state): 202 POST http://10.180.1.21/compute/v2.1/servers/cb0f0c6d-e536-4750-81d4-9c534928ef25/action 0.198s
2025-04-03 01:39:10.127 69340 INFO tempest.lib.common.rest_client [req-9693b710-d90e-42c1-91d8-383e62d98aa1 req-9693b710-d90e-42c1-91d8-383e62d98aa1 ] Request (FloatingIPsAssociationTestJSON:test_associate_already_associated_floating_ip): 200 GET http://10.180.1.21/compute/v2.1/servers/35e049af-1bb0-49b9-9101-360c517ceac1 0.256s
2025-04-03 01:39:10.205 69318 INFO tempest.lib.common.rest_client [req-64cac9d4-769f-4f98-854f-d40083419567 req-64cac9d4-769f-4f98-854f-d40083419567 ] Request (ServersAdminTestJSON:test_rebuild_server_in_error_state): 202 POST http://10.180.1.21/compute/v2.1/servers/cb0f0c6d-e536-4750-81d4-9c534928ef25/action 0.147s
2025-04-03 01:39:10.311 69346 INFO tempest.lib.common.rest_client [req-7de73820-0783-4960-9a7f-5193337f28ff req-7de73820-0783-4960-9a7f-5193337f28ff ] Request (ServerAddressesTestJSON:tearDownClass): 200 GET http://10.180.1.21/compute/v2.1/servers/6945ad76-5552-485d-95e3-855341d8c2b2 0.060s
2025-04-03 01:39:10.342 69318 INFO tempest.lib.common.rest_client [req-f0940806-393a-4f6e-943f-bca92c934f53 req-f0940806-393a-4f6e-943f-bca92c934f53 ] Request (ServersAdminTestJSON:test_rebuild_server_in_error_state): 200 GET http://10.180.1.21/compute/v2.1/servers/cb0f0c6d-e536-4750-81d4-9c534928ef25 0.131s
2025-04-03 01:39:10.376 69312 INFO tempest.lib.common.rest_client [req-f011e190-eb19-4571-b1d8-c91dc11d2453 req-f011e190-eb19-4571-b1d8-c91dc11d2453 ] Request (ImagesOneServerTestJSON:tearDownClass): 200 GET http://10.180.1.21/compute/v2.1/servers/14e0f224-fd67-4e2a-a98d-6a40f5f25b5e 0.057s
2025-04-03 01:39:10.421 69344 INFO tempest.lib.common.rest_client [req-3154e678-322d-4b7a-b08c-43bba4e721bf req-3154e678-322d-4b7a-b08c-43bba4e721bf ] Request (ImagesTestJSON:test_create_image_from_suspended_server): 200 GET http://10.180.1.21/compute/v2.1/servers/dae172d1-ca39-455d-8583-0034ac91784b 0.047s
2025-04-03 01:39:10.473 69363 INFO tempest.lib.common.rest_client [req-5f43bb04-a9f9-4a99-935b-d4553f39674d req-5f43bb04-a9f9-4a99-935b-d4553f39674d ] Request (ServerRescueTestJSON:test_rescue_unrescue_instance): 200 GET http://10.180.1.21/compute/v2.1/servers/712c268b-7661-4ac2-b97a-0fb7361395bf 0.050s
2025-04-03 01:39:10.506 69326 INFO tempest.lib.common.rest_client [req-47a35094-90e7-4b94-a731-519a4eaeaf4e req-47a35094-90e7-4b94-a731-519a4eaeaf4e ] Request (InstanceActionsNegativeTestJSON:setUpClass): 200 GET http://10.180.1.21/compute/v2.1/servers/5fc5ba1f-2840-4758-940a-2925ebdee0f9 0.145s
2025-04-03 01:39:10.563 69316 INFO tempest.lib.common.rest_client [req-e0a4240b-cfe7-47a8-94d8-9e2f28adbc83 req-e0a4240b-cfe7-47a8-94d8-9e2f28adbc83 ] Request (ServersListShow2100Test:test_list_show_rebuild_update_server_2100): 200 GET http://10.180.1.21/compute/v2.1/servers/138f09b4-dd48-4522-ad5b-7c3decadcbf7 0.075s
2025-04-03 01:39:10.572 69320 INFO tempest.lib.common.rest_client [req-23a102e5-5224-4a25-b4be-54387b22dc2a req-23a102e5-5224-4a25-b4be-54387b22dc2a ] Request (ServersTestFqdnHostnames:test_create_server_with_fqdn_name): 200 GET http://10.180.1.21/compute/v2.1/servers/367c0699-472c-493b-a624-3194ac3b1806 0.048s
2025-04-03 01:39:10.722 69322 INFO tempest.lib.common.rest_client [req-dc6d1241-f5a1-4267-aafa-86a4cd75fa64 req-dc6d1241-f5a1-4267-aafa-86a4cd75fa64 ] Request (MultipleCreateTestJSON:_run_cleanups): 200 GET http://10.180.1.21/compute/v2.1/servers/12eaf4a8-85ca-4f47-a615-14097d3ba3cc 0.053s
2025-04-03 01:39:10.766 69304 INFO tempest.lib.common.rest_client [req-d7f121e1-9490-40cc-99a1-584aaf493878 req-d7f121e1-9490-40cc-99a1-584aaf493878 ] Request (MigrationsAdminTest:test_resize_server_revert_deleted_flavor): 200 GET http://10.180.1.21/compute/v2.1/servers/d8fda21c-b4b7-4a50-96cb-2c7f2838aeab 0.052s
2025-04-03 01:39:10.828 69328 INFO tempest.lib.common.rest_client [req-0a11b4d1-a425-4439-81b2-1b7aad26e0d4 req-0a11b4d1-a425-4439-81b2-1b7aad26e0d4 ] Request (ServersTestJSON:setUpClass): 200 GET http://10.180.1.21/compute/v2.1/servers/ac1f58f4-2679-41cd-a1e8-6c707dfccea0 0.060s
2025-04-03 01:39:10.875 69332 INFO tempest.lib.common.rest_client [req-c308c186-7951-4fda-b605-b7d9690b76e0 req-c308c186-7951-4fda-b605-b7d9690b76e0 ] Request (SecurityGroupsTestJSON:test_server_security_groups): 200 GET http://10.180.1.21/compute/v2.1/servers/8c961785-3028-4599-92c0-0227c8970b02 0.060s
2025-04-03 01:39:10.891 69334 INFO tempest.lib.common.rest_client [req-c20e9a34-d88d-422c-9f56-a80ad1a41322 req-c20e9a34-d88d-422c-9f56-a80ad1a41322 ] Request (ServersTestMultiNic:test_verify_duplicate_network_nics): 200 GET http://10.180.1.21/compute/v2.1/servers/de02ff0f-dea0-4679-95cf-c0cf6b78dee7 0.110s
2025-04-03 01:39:10.926 69348 INFO tempest.lib.common.rest_client [req-7f6897ee-08e1-4299-b1a6-667b13ec1a4c req-7f6897ee-08e1-4299-b1a6-667b13ec1a4c ] Request (DeleteServersTestJSON:test_delete_server_while_in_attached_volume): 200 GET http://10.180.1.21/compute/v2.1/servers/3047cbf6-86aa-42db-9fe8-b450de69bbb1 0.073s
2025-04-03 01:39:10.995 69367 INFO tempest.lib.common.rest_client [req-42ceb073-164b-4f40-87f5-d78478d4341b req-42ceb073-164b-4f40-87f5-d78478d4341b ] Request (ServerShowV257Test:test_rebuild_server): 200 GET http://10.180.1.21/compute/v2.1/servers/59621297-6d4e-493f-82de-de8d62d45113 0.058s
2025-04-03 01:39:11.035 69314 INFO tempest.lib.common.rest_client [req-a6c39135-de0d-477d-a25f-e070192bc07b req-a6c39135-de0d-477d-a25f-e070192bc07b ] Request (ImagesOneServerNegativeTestJSON:_run_cleanups): 200 GET http://10.180.1.21/compute/v2.1/servers/3e883ca1-11c3-4ecc-a6ca-2c09bc5d5868 0.050s
2025-04-03 01:39:11.098 69352 INFO tempest.lib.common.rest_client [req-1f06ddbf-dc8c-4a34-8e89-f455cf83a208 req-1f06ddbf-dc8c-4a34-8e89-f455cf83a208 ] Request (ServerDiagnosticsNegativeTest:test_get_server_diagnostics_by_non_admin): 200 GET http://10.180.1.21/compute/v2.1/servers/a7688732-cd59-4734-af2a-24fb16264dce 0.096s
2025-04-03 01:39:11.221 69340 INFO tempest.lib.common.rest_client [req-c80cd400-9516-408a-a227-2d72a4123d83 req-c80cd400-9516-408a-a227-2d72a4123d83 ] Request (FloatingIPsAssociationTestJSON:test_associate_already_associated_floating_ip): 200 GET http://10.180.1.21/compute/v2.1/servers/35e049af-1bb0-49b9-9101-360c517ceac1 0.085s
2025-04-03 01:39:11.391 69346 INFO tempest.lib.common.rest_client [req-7e128ea2-1a80-40c8-917e-d4bf2505da25 req-7e128ea2-1a80-40c8-917e-d4bf2505da25 ] Request (ServerAddressesTestJSON:tearDownClass): 200 GET http://10.180.1.21/compute/v2.1/servers/6945ad76-5552-485d-95e3-855341d8c2b2 0.072s
2025-04-03 01:39:11.440 69318 INFO tempest.lib.common.rest_client [req-c9dc3750-56e5-46ee-abc4-3716dc925652 req-c9dc3750-56e5-46ee-abc4-3716dc925652 ] Request (ServersAdminTestJSON:test_rebuild_server_in_error_state): 200 GET http://10.180.1.21/compute/v2.1/servers/cb0f0c6d-e536-4750-81d4-9c534928ef25 0.090s
2025-04-03 01:39:11.458 69312 INFO tempest.lib.common.rest_client [req-d1108bc7-88c2-443e-b955-8f056ac22f35 req-d1108bc7-88c2-443e-b955-8f056ac22f35 ] Request (ImagesOneServerTestJSON:tearDownClass): 200 GET http://10.180.1.21/compute/v2.1/servers/14e0f224-fd67-4e2a-a98d-6a40f5f25b5e 0.073s
2025-04-03 01:39:11.485 69344 INFO tempest.lib.common.rest_client [req-2fb25940-cfd7-4241-a892-35f134d51d2e req-2fb25940-cfd7-4241-a892-35f134d51d2e ] Request (ImagesTestJSON:test_create_image_from_suspended_server): 200 GET http://10.180.1.21/compute/v2.1/servers/dae172d1-ca39-455d-8583-0034ac91784b 0.056s
2025-04-03 01:39:11.536 69363 INFO tempest.lib.common.rest_client [req-490585f2-9f1b-4eaf-a269-d0ab753027c5 req-490585f2-9f1b-4eaf-a269-d0ab753027c5 ] Request (ServerRescueTestJSON:test_rescue_unrescue_instance): 200 GET http://10.180.1.21/compute/v2.1/servers/712c268b-7661-4ac2-b97a-0fb7361395bf 0.053s
2025-04-03 01:39:11.603 69326 INFO tempest.lib.common.rest_client [req-8088aa05-d755-43fa-805f-76aa7d159bc5 req-8088aa05-d755-43fa-805f-76aa7d159bc5 ] Request (InstanceActionsNegativeTestJSON:setUpClass): 200 GET http://10.180.1.21/compute/v2.1/servers/5fc5ba1f-2840-4758-940a-2925ebdee0f9 0.090s
2025-04-03 01:39:11.646 69316 INFO tempest.lib.common.rest_client [req-a76c0c86-de3b-4aef-be04-1a764c50e097 req-a76c0c86-de3b-4aef-be04-1a764c50e097 ] Request (ServersListShow2100Test:test_list_show_rebuild_update_server_2100): 200 GET http://10.180.1.21/compute/v2.1/servers/138f09b4-dd48-4522-ad5b-7c3decadcbf7 0.069s
2025-04-03 01:39:11.654 69320 INFO tempest.lib.common.rest_client [req-8eafaa19-9ed6-4f22-8304-ff56a898058b req-8eafaa19-9ed6-4f22-8304-ff56a898058b ] Request (ServersTestFqdnHostnames:test_create_server_with_fqdn_name): 200 GET http://10.180.1.21/compute/v2.1/servers/367c0699-472c-493b-a624-3194ac3b1806 0.073s
2025-04-03 01:39:11.717 69350 WARNING tempest.lib.common.ssh [-] Failed to establish authenticated ssh connection to cirros@10.180.180.171 ([Errno None] Unable to connect to port 22 on 10.180.180.171). Number attempts: 2. Retry after 3 seconds.: paramiko.ssh_exception.NoValidConnectionsError: [Errno None] Unable to connect to port 22 on 10.180.180.171
2025-04-03 01:39:11.782 69354 WARNING tempest.lib.common.ssh [-] Failed to establish authenticated ssh connection to cirros@10.180.180.220 ([Errno None] Unable to connect to port 22 on 10.180.180.220). Number attempts: 7. Retry after 8 seconds.: paramiko.ssh_exception.NoValidConnectionsError: [Errno None] Unable to connect to port 22 on 10.180.180.220
2025-04-03 01:39:11.783 69322 INFO tempest.lib.common.rest_client [req-b02fb293-864b-4a76-9dc2-8b4e18218902 req-b02fb293-864b-4a76-9dc2-8b4e18218902 ] Request (MultipleCreateTestJSON:_run_cleanups): 200 GET http://10.180.1.21/compute/v2.1/servers/12eaf4a8-85ca-4f47-a615-14097d3ba3cc 0.053s
2025-04-03 01:39:11.820 69304 INFO tempest.lib.common.rest_client [req-78de7709-e3dd-42e8-878d-e023fa418364 req-78de7709-e3dd-42e8-878d-e023fa418364 ] Request (MigrationsAdminTest:test_resize_server_revert_deleted_flavor): 200 GET http://10.180.1.21/compute/v2.1/servers/d8fda21c-b4b7-4a50-96cb-2c7f2838aeab 0.047s
2025-04-03 01:39:11.887 69328 INFO tempest.lib.common.rest_client [req-b05dcc5c-46cf-49e0-9e00-08c2fb8bbe4d req-b05dcc5c-46cf-49e0-9e00-08c2fb8bbe4d ] Request (ServersTestJSON:setUpClass): 200 GET http://10.180.1.21/compute/v2.1/servers/ac1f58f4-2679-41cd-a1e8-6c707dfccea0 0.052s
2025-04-03 01:39:11.937 69332 INFO tempest.lib.common.rest_client [req-5f27b22b-326f-43c6-a9af-14f1fb8bd6d2 req-5f27b22b-326f-43c6-a9af-14f1fb8bd6d2 ] Request (SecurityGroupsTestJSON:test_server_security_groups): 200 GET http://10.180.1.21/compute/v2.1/servers/8c961785-3028-4599-92c0-0227c8970b02 0.053s
2025-04-03 01:39:11.989 69348 INFO tempest.lib.common.rest_client [req-600b683a-f13a-4580-a523-304b3f4edd87 req-600b683a-f13a-4580-a523-304b3f4edd87 ] Request (DeleteServersTestJSON:test_delete_server_while_in_attached_volume): 200 GET http://10.180.1.21/compute/v2.1/servers/3047cbf6-86aa-42db-9fe8-b450de69bbb1 0.056s
2025-04-03 01:39:12.018 69334 INFO tempest.lib.common.rest_client [req-6ac3b857-45aa-4403-be91-189e31f2bd17 req-6ac3b857-45aa-4403-be91-189e31f2bd17 ] Request (ServersTestMultiNic:test_verify_duplicate_network_nics): 200 GET http://10.180.1.21/compute/v2.1/servers/de02ff0f-dea0-4679-95cf-c0cf6b78dee7 0.118s
2025-04-03 01:39:12.060 69367 INFO tempest.lib.common.rest_client [req-095c4331-a816-4b75-bbe2-29943e704a0e req-095c4331-a816-4b75-bbe2-29943e704a0e ] Request (ServerShowV257Test:test_rebuild_server): 200 GET http://10.180.1.21/compute/v2.1/servers/59621297-6d4e-493f-82de-de8d62d45113 0.055s
2025-04-03 01:39:12.099 69314 INFO tempest.lib.common.rest_client [req-1e53aa48-4ef0-4575-a3cb-92de859f2f45 req-1e53aa48-4ef0-4575-a3cb-92de859f2f45 ] Request (ImagesOneServerNegativeTestJSON:_run_cleanups): 200 GET http://10.180.1.21/compute/v2.1/servers/3e883ca1-11c3-4ecc-a6ca-2c09bc5d5868 0.055s
2025-04-03 01:39:12.239 69352 INFO tempest.lib.common.rest_client [req-473cd574-0972-45bb-a749-d8fb38b2f73c req-473cd574-0972-45bb-a749-d8fb38b2f73c ] Request (ServerDiagnosticsNegativeTest:test_get_server_diagnostics_by_non_admin): 200 GET http://10.180.1.21/compute/v2.1/servers/a7688732-cd59-4734-af2a-24fb16264dce 0.133s
2025-04-03 01:39:12.317 69340 INFO tempest.lib.common.rest_client [req-7536bfd4-7c4e-4b28-ab08-6d38ed187713 req-7536bfd4-7c4e-4b28-ab08-6d38ed187713 ] Request (FloatingIPsAssociationTestJSON:test_associate_already_associated_floating_ip): 200 GET http://10.180.1.21/compute/v2.1/servers/35e049af-1bb0-49b9-9101-360c517ceac1 0.088s
2025-04-03 01:39:12.357 69330 WARNING tempest.lib.common.ssh [-] Failed to establish authenticated ssh connection to cirros@10.180.180.162 ([Errno None] Unable to connect to port 22 on 10.180.180.162). Number attempts: 11. Retry after 12 seconds.: paramiko.ssh_exception.NoValidConnectionsError: [Errno None] Unable to connect to port 22 on 10.180.180.162
2025-04-03 01:39:12.465 69346 INFO tempest.lib.common.rest_client [req-23425ac3-1b2e-4165-a9ef-c08d217d6101 req-23425ac3-1b2e-4165-a9ef-c08d217d6101 ] Request (ServerAddressesTestJSON:tearDownClass): 200 GET http://10.180.1.21/compute/v2.1/servers/6945ad76-5552-485d-95e3-855341d8c2b2 0.067s
2025-04-03 01:39:12.551 69312 INFO tempest.lib.common.rest_client [req-006729ef-7aa4-4a00-8eff-44f0e90535e5 req-006729ef-7aa4-4a00-8eff-44f0e90535e5 ] Request (ImagesOneServerTestJSON:tearDownClass): 200 GET http://10.180.1.21/compute/v2.1/servers/14e0f224-fd67-4e2a-a98d-6a40f5f25b5e 0.084s
2025-04-03 01:39:12.602 69344 INFO tempest.lib.common.rest_client [req-0e8d2ec3-e46f-4584-9cb1-64ceeea38a3c req-0e8d2ec3-e46f-4584-9cb1-64ceeea38a3c ] Request (ImagesTestJSON:test_create_image_from_suspended_server): 200 GET http://10.180.1.21/compute/v2.1/servers/dae172d1-ca39-455d-8583-0034ac91784b 0.106s
2025-04-03 01:39:12.654 69363 INFO tempest.lib.common.rest_client [req-c090c381-9f87-4560-b63d-cf256674f4ab req-c090c381-9f87-4560-b63d-cf256674f4ab ] Request (ServerRescueTestJSON:test_rescue_unrescue_instance): 200 GET http://10.180.1.21/compute/v2.1/servers/712c268b-7661-4ac2-b97a-0fb7361395bf 0.111s
2025-04-03 01:39:12.675 69318 INFO tempest.lib.common.rest_client [req-76783cfc-3f01-432b-b2a0-08d543f6f3e1 req-76783cfc-3f01-432b-b2a0-08d543f6f3e1 ] Request (ServersAdminTestJSON:test_rebuild_server_in_error_state): 200 GET http://10.180.1.21/compute/v2.1/servers/cb0f0c6d-e536-4750-81d4-9c534928ef25 0.223s
2025-04-03 01:39:12.741 69316 INFO tempest.lib.common.rest_client [req-6c7d8962-7ab7-4b8e-9181-355b219d0d02 req-6c7d8962-7ab7-4b8e-9181-355b219d0d02 ] Request (ServersListShow2100Test:test_list_show_rebuild_update_server_2100): 200 GET http://10.180.1.21/compute/v2.1/servers/138f09b4-dd48-4522-ad5b-7c3decadcbf7 0.081s
2025-04-03 01:39:12.788 69320 INFO tempest.lib.common.rest_client [req-63dbd17e-b54a-4e17-91c9-1decf036c573 req-63dbd17e-b54a-4e17-91c9-1decf036c573 ] Request (ServersTestFqdnHostnames:test_create_server_with_fqdn_name): 200 GET http://10.180.1.21/compute/v2.1/servers/367c0699-472c-493b-a624-3194ac3b1806 0.126s
2025-04-03 01:39:12.811 69322 INFO tempest.lib.common.rest_client [req-e1e339a2-71ea-4204-9594-d1e5ac0b37e9 req-e1e339a2-71ea-4204-9594-d1e5ac0b37e9 ] Request (MultipleCreateTestJSON:_run_cleanups): 404 GET http://10.180.1.21/compute/v2.1/servers/12eaf4a8-85ca-4f47-a615-14097d3ba3cc 0.020s
2025-04-03 01:39:12.867 69322 INFO tempest.lib.common.rest_client [req-1f8cd3eb-5586-4019-bb9f-c74dd26fedf9 req-1f8cd3eb-5586-4019-bb9f-c74dd26fedf9 ] Request (MultipleCreateTestJSON:_run_cleanups): 200 GET http://10.180.1.21/compute/v2.1/servers/128c4398-6c16-4cab-8071-d2403cc0ed7f 0.056s
2025-04-03 01:39:12.893 69326 INFO tempest.lib.common.rest_client [req-9034bc6e-1341-4ff4-941e-f44031783531 req-9034bc6e-1341-4ff4-941e-f44031783531 ] Request (InstanceActionsNegativeTestJSON:setUpClass): 200 GET http://10.180.1.21/compute/v2.1/servers/5fc5ba1f-2840-4758-940a-2925ebdee0f9 0.281s
2025-04-03 01:39:12.900 69326 INFO tempest.common.waiters [-] State transition "BUILD/spawning" ==> "ACTIVE/None" after 81 second wait
2025-04-03 01:39:12.920 69304 INFO tempest.lib.common.rest_client [req-ef9cbf32-2005-4b0b-acbd-913ce06d55fc req-ef9cbf32-2005-4b0b-acbd-913ce06d55fc ] Request (MigrationsAdminTest:test_resize_server_revert_deleted_flavor): 200 GET http://10.180.1.21/compute/v2.1/servers/d8fda21c-b4b7-4a50-96cb-2c7f2838aeab 0.092s
2025-04-03 01:39:12.950 69326 INFO tempest.lib.common.rest_client [req-6c148bd8-d198-4052-961c-d64f572f814c req-6c148bd8-d198-4052-961c-d64f572f814c ] Request (InstanceActionsNegativeTestJSON:test_get_instance_action_invalid_request): 404 GET http://10.180.1.21/compute/v2.1/servers/5fc5ba1f-2840-4758-940a-2925ebdee0f9/os-instance-actions/999 0.049s
2025-04-03 01:39:12.974 69328 INFO tempest.lib.common.rest_client [req-300dc007-a0d2-4fd3-b06a-a75f18c97aeb req-300dc007-a0d2-4fd3-b06a-a75f18c97aeb ] Request (ServersTestJSON:setUpClass): 200 GET http://10.180.1.21/compute/v2.1/servers/ac1f58f4-2679-41cd-a1e8-6c707dfccea0 0.079s
2025-04-03 01:39:12.994 69326 INFO tempest.lib.common.rest_client [req-956811dd-b91a-48ad-baeb-166c8d50657d req-956811dd-b91a-48ad-baeb-166c8d50657d ] Request (InstanceActionsNegativeTestJSON:test_list_instance_actions_non_existent_server): 404 GET http://10.180.1.21/compute/v2.1/servers/d0ca7253-a89a-4392-bea6-b6e940b44701/os-instance-actions 0.042s
2025-04-03 01:39:13.021 69332 INFO tempest.lib.common.rest_client [req-c7583764-4fed-4973-b7d5-6010974db52a req-c7583764-4fed-4973-b7d5-6010974db52a ] Request (SecurityGroupsTestJSON:test_server_security_groups): 200 GET http://10.180.1.21/compute/v2.1/servers/8c961785-3028-4599-92c0-0227c8970b02 0.074s
2025-04-03 01:39:13.078 69348 INFO tempest.lib.common.rest_client [req-01ffda51-5acd-4b50-be98-17da48022475 req-01ffda51-5acd-4b50-be98-17da48022475 ] Request (DeleteServersTestJSON:test_delete_server_while_in_attached_volume): 200 GET http://10.180.1.21/compute/v2.1/servers/3047cbf6-86aa-42db-9fe8-b450de69bbb1 0.080s
2025-04-03 01:39:13.086 69326 INFO tempest.lib.common.rest_client [req-108667e2-cd07-4c35-bafe-34f014d6b06e req-108667e2-cd07-4c35-bafe-34f014d6b06e ] Request (InstanceActionsNegativeTestJSON:tearDownClass): 204 DELETE http://10.180.1.21/compute/v2.1/servers/5fc5ba1f-2840-4758-940a-2925ebdee0f9 0.091s
2025-04-03 01:39:13.145 69367 INFO tempest.lib.common.rest_client [req-c81ef0b3-e226-44f9-923e-fc635476e56a req-c81ef0b3-e226-44f9-923e-fc635476e56a ] Request (ServerShowV257Test:test_rebuild_server): 200 GET http://10.180.1.21/compute/v2.1/servers/59621297-6d4e-493f-82de-de8d62d45113 0.075s
2025-04-03 01:39:13.223 69334 INFO tempest.lib.common.rest_client [req-95cebe41-c3cd-496a-af73-1432f2d40f69 req-95cebe41-c3cd-496a-af73-1432f2d40f69 ] Request (ServersTestMultiNic:test_verify_duplicate_network_nics): 200 GET http://10.180.1.21/compute/v2.1/servers/de02ff0f-dea0-4679-95cf-c0cf6b78dee7 0.197s
2025-04-03 01:39:13.274 69326 INFO tempest.lib.common.rest_client [req-2d5b7a3f-6f62-4c69-b9b1-7f8b9c7e6f6a req-2d5b7a3f-6f62-4c69-b9b1-7f8b9c7e6f6a ] Request (InstanceActionsNegativeTestJSON:tearDownClass): 200 GET http://10.180.1.21/compute/v2.1/servers/5fc5ba1f-2840-4758-940a-2925ebdee0f9 0.187s
2025-04-03 01:39:13.280 69314 INFO tempest.lib.common.rest_client [req-3bc308e3-284c-4b62-b4e0-cad04a759048 req-3bc308e3-284c-4b62-b4e0-cad04a759048 ] Request (ImagesOneServerNegativeTestJSON:_run_cleanups): 200 GET http://10.180.1.21/compute/v2.1/servers/3e883ca1-11c3-4ecc-a6ca-2c09bc5d5868 0.164s
2025-04-03 01:39:13.389 69352 INFO tempest.lib.common.rest_client [req-72f6658f-1303-4624-bfcc-b91aae1000d1 req-72f6658f-1303-4624-bfcc-b91aae1000d1 ] Request (ServerDiagnosticsNegativeTest:test_get_server_diagnostics_by_non_admin): 200 GET http://10.180.1.21/compute/v2.1/servers/a7688732-cd59-4734-af2a-24fb16264dce 0.142s
2025-04-03 01:39:13.422 69340 INFO tempest.lib.common.rest_client [req-41beb183-ec3c-483b-a47f-bd3f0f3c0893 req-41beb183-ec3c-483b-a47f-bd3f0f3c0893 ] Request (FloatingIPsAssociationTestJSON:test_associate_already_associated_floating_ip): 200 GET http://10.180.1.21/compute/v2.1/servers/35e049af-1bb0-49b9-9101-360c517ceac1 0.098s
2025-04-03 01:39:13.529 69346 INFO tempest.lib.common.rest_client [req-0dc5b3fa-3594-40b1-9cf9-37f4cb477729 req-0dc5b3fa-3594-40b1-9cf9-37f4cb477729 ] Request (ServerAddressesTestJSON:tearDownClass): 200 GET http://10.180.1.21/compute/v2.1/servers/6945ad76-5552-485d-95e3-855341d8c2b2 0.056s
2025-04-03 01:39:13.573 69306 WARNING tempest.lib.common.ssh [-] Failed to establish authenticated ssh connection to cirros@10.180.180.227 ([Errno None] Unable to connect to port 22 on 10.180.180.227). Number attempts: 12. Retry after 13 seconds.: paramiko.ssh_exception.NoValidConnectionsError: [Errno None] Unable to connect to port 22 on 10.180.180.227
2025-04-03 01:39:13.636 69312 INFO tempest.lib.common.rest_client [req-5c50c6ae-a408-498c-92f0-70d15c6f5288 req-5c50c6ae-a408-498c-92f0-70d15c6f5288 ] Request (ImagesOneServerTestJSON:tearDownClass): 200 GET http://10.180.1.21/compute/v2.1/servers/14e0f224-fd67-4e2a-a98d-6a40f5f25b5e 0.075s
2025-04-03 01:39:13.663 69344 INFO tempest.lib.common.rest_client [req-98175a1d-24b4-448e-993f-c9e62754f287 req-98175a1d-24b4-448e-993f-c9e62754f287 ] Request (ImagesTestJSON:test_create_image_from_suspended_server): 200 GET http://10.180.1.21/compute/v2.1/servers/dae172d1-ca39-455d-8583-0034ac91784b 0.054s
2025-04-03 01:39:13.711 69363 INFO tempest.lib.common.rest_client [req-512dd984-e8bc-4a3c-825f-89549f996eab req-512dd984-e8bc-4a3c-825f-89549f996eab ] Request (ServerRescueTestJSON:test_rescue_unrescue_instance): 200 GET http://10.180.1.21/compute/v2.1/servers/712c268b-7661-4ac2-b97a-0fb7361395bf 0.048s
2025-04-03 01:39:13.718 69363 INFO tempest.common.waiters [-] State transition "BUILD/scheduling" ==> "BUILD/None" after 21 second wait
2025-04-03 01:39:13.779 69318 INFO tempest.lib.common.rest_client [req-ffba5ef6-cf2e-45ce-b7ca-ed82044ede92 req-ffba5ef6-cf2e-45ce-b7ca-ed82044ede92 ] Request (ServersAdminTestJSON:test_rebuild_server_in_error_state): 200 GET http://10.180.1.21/compute/v2.1/servers/cb0f0c6d-e536-4750-81d4-9c534928ef25 0.092s
2025-04-03 01:39:13.790 69318 INFO tempest.common.waiters [-] State transition "REBUILD/rebuilding" ==> "REBUILD/rebuild_spawning" after 3 second wait
2025-04-03 01:39:13.814 69316 INFO tempest.lib.common.rest_client [req-e9923b70-431e-4135-9bbc-b6e721f41a9f req-e9923b70-431e-4135-9bbc-b6e721f41a9f ] Request (ServersListShow2100Test:test_list_show_rebuild_update_server_2100): 200 GET http://10.180.1.21/compute/v2.1/servers/138f09b4-dd48-4522-ad5b-7c3decadcbf7 0.059s
2025-04-03 01:39:13.852 69320 INFO tempest.lib.common.rest_client [req-03b3ee53-e8dd-45b3-b80e-69a708b08cbe req-03b3ee53-e8dd-45b3-b80e-69a708b08cbe ] Request (ServersTestFqdnHostnames:test_create_server_with_fqdn_name): 200 GET http://10.180.1.21/compute/v2.1/servers/367c0699-472c-493b-a624-3194ac3b1806 0.055s
2025-04-03 01:39:13.914 69322 INFO tempest.lib.common.rest_client [req-cdbddd12-ebf3-48f0-9b7f-c210c47071e2 req-cdbddd12-ebf3-48f0-9b7f-c210c47071e2 ] Request (MultipleCreateTestJSON:_run_cleanups): 404 GET http://10.180.1.21/compute/v2.1/servers/128c4398-6c16-4cab-8071-d2403cc0ed7f 0.033s
2025-04-03 01:39:13.984 69322 INFO tempest.lib.common.rest_client [req-4871a12d-b65f-4389-a499-2e7970bf9c8f req-4871a12d-b65f-4389-a499-2e7970bf9c8f ] Request (MultipleCreateTestJSON:test_multiple_create_with_reservation_return): 201 POST http://10.180.1.21/identity/v3/auth/tokens 0.066s
2025-04-03 01:39:13.985 69322 INFO tempest.lib.common.fixed_network [-] (MultipleCreateTestJSON:test_multiple_create_with_reservation_return) Found network {'id': '23452d82-58a7-4000-a724-1e414fc2389e', 'name': 'tempest-MultipleCreateTestJSON-1002168806-network', 'tenant_id': 'a4ad03978d0544fe99997746bd5902a9', 'admin_state_up': True, 'mtu': 8950, 'status': 'ACTIVE', 'subnets': [], 'shared': False, 'project_id': 'a4ad03978d0544fe99997746bd5902a9', 'port_security_enabled': True, 'router:external': False, 'provider:network_type': 'vlan', 'provider:physical_network': 'default', 'provider:segmentation_id': 891, 'availability_zone_hints': [], 'availability_zones': [], 'ipv4_address_scope': None, 'ipv6_address_scope': None, 'description': '', 'tags': [], 'created_at': '2025-04-03T01:37:25Z', 'updated_at': '2025-04-03T01:37:25Z', 'revision_number': 1} available for tenant
2025-04-03 01:39:13.985 69304 INFO tempest.lib.common.rest_client [req-d69ca69c-27ab-4ef4-8b8e-d35644ba4ec9 req-d69ca69c-27ab-4ef4-8b8e-d35644ba4ec9 ] Request (MigrationsAdminTest:test_resize_server_revert_deleted_flavor): 200 GET http://10.180.1.21/compute/v2.1/servers/d8fda21c-b4b7-4a50-96cb-2c7f2838aeab 0.057s
2025-04-03 01:39:14.038 69328 INFO tempest.lib.common.rest_client [req-adcd4f46-b92b-4d5c-99ce-7941e763484a req-adcd4f46-b92b-4d5c-99ce-7941e763484a ] Request (ServersTestJSON:setUpClass): 200 GET http://10.180.1.21/compute/v2.1/servers/ac1f58f4-2679-41cd-a1e8-6c707dfccea0 0.053s
2025-04-03 01:39:14.087 69332 INFO tempest.lib.common.rest_client [req-5a07a2be-d104-496f-97fe-4176e48ae824 req-5a07a2be-d104-496f-97fe-4176e48ae824 ] Request (SecurityGroupsTestJSON:test_server_security_groups): 200 GET http://10.180.1.21/compute/v2.1/servers/8c961785-3028-4599-92c0-0227c8970b02 0.059s
2025-04-03 01:39:14.149 69348 INFO tempest.lib.common.rest_client [req-0fbcbeab-bf10-4f7a-a669-6672b41bbc88 req-0fbcbeab-bf10-4f7a-a669-6672b41bbc88 ] Request (DeleteServersTestJSON:test_delete_server_while_in_attached_volume): 200 GET http://10.180.1.21/compute/v2.1/servers/3047cbf6-86aa-42db-9fe8-b450de69bbb1 0.059s
2025-04-03 01:39:14.223 69367 INFO tempest.lib.common.rest_client [req-ed1add57-1973-40ea-a5fa-1935f84f399e req-ed1add57-1973-40ea-a5fa-1935f84f399e ] Request (ServerShowV257Test:test_rebuild_server): 200 GET http://10.180.1.21/compute/v2.1/servers/59621297-6d4e-493f-82de-de8d62d45113 0.065s
2025-04-03 01:39:14.308 69322 INFO tempest.lib.common.rest_client [req-2f4116de-4ecf-4484-ad56-69ae8e80e221 req-2f4116de-4ecf-4484-ad56-69ae8e80e221 ] Request (MultipleCreateTestJSON:test_multiple_create_with_reservation_return): 202 POST http://10.180.1.21/compute/v2.1/servers 0.323s
2025-04-03 01:39:14.340 69334 INFO tempest.lib.common.rest_client [req-bf0ac2fb-6679-4bd1-80f0-4273db2594c8 req-bf0ac2fb-6679-4bd1-80f0-4273db2594c8 ] Request (ServersTestMultiNic:test_verify_duplicate_network_nics): 200 GET http://10.180.1.21/compute/v2.1/servers/de02ff0f-dea0-4679-95cf-c0cf6b78dee7 0.107s
2025-04-03 01:39:14.391 69314 INFO tempest.lib.common.rest_client [req-8d748c77-5cd0-4c9c-8d0d-b374b04cd59e req-8d748c77-5cd0-4c9c-8d0d-b374b04cd59e ] Request (ImagesOneServerNegativeTestJSON:_run_cleanups): 200 GET http://10.180.1.21/compute/v2.1/servers/3e883ca1-11c3-4ecc-a6ca-2c09bc5d5868 0.099s
2025-04-03 01:39:14.400 69326 INFO tempest.lib.common.rest_client [req-ed4fe539-d72c-4642-a534-32964e407c8a req-ed4fe539-d72c-4642-a534-32964e407c8a ] Request (InstanceActionsNegativeTestJSON:tearDownClass): 200 GET http://10.180.1.21/compute/v2.1/servers/5fc5ba1f-2840-4758-940a-2925ebdee0f9 0.118s
2025-04-03 01:39:14.421 69322 INFO tempest.lib.common.rest_client [req-1db324a8-2045-4509-9ff7-f1e4c1eb8ed5 req-1db324a8-2045-4509-9ff7-f1e4c1eb8ed5 ] Request (MultipleCreateTestJSON:test_multiple_create_with_reservation_return): 200 GET http://10.180.1.21/compute/v2.1/servers 0.112s
2025-04-03 01:39:14.463 69322 INFO tempest.lib.common.rest_client [req-a0b82059-0083-437d-b82e-5a3961950b2d req-a0b82059-0083-437d-b82e-5a3961950b2d ] Request (MultipleCreateTestJSON:test_multiple_create_with_reservation_return): 200 GET http://10.180.1.21/compute/v2.1/servers/3780bb8f-ff39-4607-ae82-b0bb7d49c484 0.040s
2025-04-03 01:39:14.499 69352 INFO tempest.lib.common.rest_client [req-af18996d-48f3-4db9-b8f9-389a0051dba4 req-af18996d-48f3-4db9-b8f9-389a0051dba4 ] Request (ServerDiagnosticsNegativeTest:test_get_server_diagnostics_by_non_admin): 200 GET http://10.180.1.21/compute/v2.1/servers/a7688732-cd59-4734-af2a-24fb16264dce 0.103s
2025-04-03 01:39:14.572 69340 INFO tempest.lib.common.rest_client [req-901776ad-9529-4296-b8fc-a5e2ce6b0764 req-901776ad-9529-4296-b8fc-a5e2ce6b0764 ] Request (FloatingIPsAssociationTestJSON:test_associate_already_associated_floating_ip): 200 GET http://10.180.1.21/compute/v2.1/servers/35e049af-1bb0-49b9-9101-360c517ceac1 0.142s
2025-04-03 01:39:14.600 69346 INFO tempest.lib.common.rest_client [req-5bce9e73-b78e-49d1-b351-db3e6e5d88cd req-5bce9e73-b78e-49d1-b351-db3e6e5d88cd ] Request (ServerAddressesTestJSON:tearDownClass): 200 GET http://10.180.1.21/compute/v2.1/servers/6945ad76-5552-485d-95e3-855341d8c2b2 0.063s
2025-04-03 01:39:14.706 69312 INFO tempest.lib.common.rest_client [req-3b07ed34-9e3e-4a71-8d39-7aa96d8004cb req-3b07ed34-9e3e-4a71-8d39-7aa96d8004cb ] Request (ImagesOneServerTestJSON:tearDownClass): 200 GET http://10.180.1.21/compute/v2.1/servers/14e0f224-fd67-4e2a-a98d-6a40f5f25b5e 0.061s
2025-04-03 01:39:14.735 69344 INFO tempest.lib.common.rest_client [req-d6e43470-4218-476d-8c83-07814eb61bf2 req-d6e43470-4218-476d-8c83-07814eb61bf2 ] Request (ImagesTestJSON:test_create_image_from_suspended_server): 200 GET http://10.180.1.21/compute/v2.1/servers/dae172d1-ca39-455d-8583-0034ac91784b 0.064s
2025-04-03 01:39:14.769 69363 INFO tempest.lib.common.rest_client [req-8860bc34-b5b4-438b-8c89-758cea9c912c req-8860bc34-b5b4-438b-8c89-758cea9c912c ] Request (ServerRescueTestJSON:test_rescue_unrescue_instance): 200 GET http://10.180.1.21/compute/v2.1/servers/712c268b-7661-4ac2-b97a-0fb7361395bf 0.050s
2025-04-03 01:39:14.889 69318 INFO tempest.lib.common.rest_client [req-2f511457-5791-48dd-b5fa-31393555fc4f req-2f511457-5791-48dd-b5fa-31393555fc4f ] Request (ServersAdminTestJSON:test_rebuild_server_in_error_state): 200 GET http://10.180.1.21/compute/v2.1/servers/cb0f0c6d-e536-4750-81d4-9c534928ef25 0.097s
2025-04-03 01:39:14.891 69316 INFO tempest.lib.common.rest_client [req-d40e8b00-8c6c-4dd6-b2b6-33379afcc9a3 req-d40e8b00-8c6c-4dd6-b2b6-33379afcc9a3 ] Request (ServersListShow2100Test:test_list_show_rebuild_update_server_2100): 200 GET http://10.180.1.21/compute/v2.1/servers/138f09b4-dd48-4522-ad5b-7c3decadcbf7 0.062s
2025-04-03 01:39:14.945 69320 INFO tempest.lib.common.rest_client [req-51512f7d-b5bc-4e2c-8a77-fbdfb33adc0a req-51512f7d-b5bc-4e2c-8a77-fbdfb33adc0a ] Request (ServersTestFqdnHostnames:test_create_server_with_fqdn_name): 200 GET http://10.180.1.21/compute/v2.1/servers/367c0699-472c-493b-a624-3194ac3b1806 0.083s
2025-04-03 01:39:15.045 69304 INFO tempest.lib.common.rest_client [req-b03e72af-8b74-455d-9d1a-a0f019c6a638 req-b03e72af-8b74-455d-9d1a-a0f019c6a638 ] Request (MigrationsAdminTest:test_resize_server_revert_deleted_flavor): 200 GET http://10.180.1.21/compute/v2.1/servers/d8fda21c-b4b7-4a50-96cb-2c7f2838aeab 0.050s
2025-04-03 01:39:15.095 69328 INFO tempest.lib.common.rest_client [req-8ac8ff45-87b9-48a5-9674-94939a95dc10 req-8ac8ff45-87b9-48a5-9674-94939a95dc10 ] Request (ServersTestJSON:setUpClass): 200 GET http://10.180.1.21/compute/v2.1/servers/ac1f58f4-2679-41cd-a1e8-6c707dfccea0 0.049s
2025-04-03 01:39:15.147 69332 INFO tempest.lib.common.rest_client [req-dfb30b5e-0d03-4ecf-9860-dabe66df12da req-dfb30b5e-0d03-4ecf-9860-dabe66df12da ] Request (SecurityGroupsTestJSON:test_server_security_groups): 200 GET http://10.180.1.21/compute/v2.1/servers/8c961785-3028-4599-92c0-0227c8970b02 0.051s
2025-04-03 01:39:15.210 69348 INFO tempest.lib.common.rest_client [req-38f92b1e-6eb3-4407-bffc-106b3bd07478 req-38f92b1e-6eb3-4407-bffc-106b3bd07478 ] Request (DeleteServersTestJSON:test_delete_server_while_in_attached_volume): 200 GET http://10.180.1.21/compute/v2.1/servers/3047cbf6-86aa-42db-9fe8-b450de69bbb1 0.053s
2025-04-03 01:39:15.294 69367 INFO tempest.lib.common.rest_client [req-6f94a8db-d3fe-41cb-9c08-a8efdba408f7 req-6f94a8db-d3fe-41cb-9c08-a8efdba408f7 ] Request (ServerShowV257Test:test_rebuild_server): 200 GET http://10.180.1.21/compute/v2.1/servers/59621297-6d4e-493f-82de-de8d62d45113 0.060s
2025-04-03 01:39:15.453 69310 WARNING tempest.lib.common.ssh [-] Failed to establish authenticated ssh connection to cirros@10.180.180.172 ([Errno None] Unable to connect to port 22 on 10.180.180.172). Number attempts: 9. Retry after 10 seconds.: paramiko.ssh_exception.NoValidConnectionsError: [Errno None] Unable to connect to port 22 on 10.180.180.172
2025-04-03 01:39:15.470 69314 INFO tempest.lib.common.rest_client [req-9968fe86-cc4d-41d7-8967-3cbd922e842a req-9968fe86-cc4d-41d7-8967-3cbd922e842a ] Request (ImagesOneServerNegativeTestJSON:_run_cleanups): 200 GET http://10.180.1.21/compute/v2.1/servers/3e883ca1-11c3-4ecc-a6ca-2c09bc5d5868 0.071s
2025-04-03 01:39:15.496 69334 INFO tempest.lib.common.rest_client [req-9abe92cb-bcb9-4f30-8d6c-aa83b9f636c8 req-9abe92cb-bcb9-4f30-8d6c-aa83b9f636c8 ] Request (ServersTestMultiNic:test_verify_duplicate_network_nics): 200 GET http://10.180.1.21/compute/v2.1/servers/de02ff0f-dea0-4679-95cf-c0cf6b78dee7 0.148s
2025-04-03 01:39:15.526 69326 INFO tempest.lib.common.rest_client [req-3c3eb8c0-e33c-4e85-8afc-6f1eb3eaebfa req-3c3eb8c0-e33c-4e85-8afc-6f1eb3eaebfa ] Request (InstanceActionsNegativeTestJSON:tearDownClass): 200 GET http://10.180.1.21/compute/v2.1/servers/5fc5ba1f-2840-4758-940a-2925ebdee0f9 0.117s
2025-04-03 01:39:15.549 69322 INFO tempest.lib.common.rest_client [req-63338961-7674-4eb3-9014-30e6e873c489 req-63338961-7674-4eb3-9014-30e6e873c489 ] Request (MultipleCreateTestJSON:test_multiple_create_with_reservation_return): 200 GET http://10.180.1.21/compute/v2.1/servers/3780bb8f-ff39-4607-ae82-b0bb7d49c484 0.078s
2025-04-03 01:39:15.664 69352 INFO tempest.lib.common.rest_client [req-657b332c-a114-4d6b-9313-ff2223ab84e9 req-657b332c-a114-4d6b-9313-ff2223ab84e9 ] Request (ServerDiagnosticsNegativeTest:test_get_server_diagnostics_by_non_admin): 200 GET http://10.180.1.21/compute/v2.1/servers/a7688732-cd59-4734-af2a-24fb16264dce 0.156s
2025-04-03 01:39:15.720 69340 INFO tempest.lib.common.rest_client [req-1f73890b-bfcb-4199-881a-28ea539de947 req-1f73890b-bfcb-4199-881a-28ea539de947 ] Request (FloatingIPsAssociationTestJSON:test_associate_already_associated_floating_ip): 200 GET http://10.180.1.21/compute/v2.1/servers/35e049af-1bb0-49b9-9101-360c517ceac1 0.140s
2025-04-03 01:39:15.726 69346 INFO tempest.lib.common.rest_client [req-91978d1b-1362-4e26-bd6a-a6ca521cadd9 req-91978d1b-1362-4e26-bd6a-a6ca521cadd9 ] Request (ServerAddressesTestJSON:tearDownClass): 200 GET http://10.180.1.21/compute/v2.1/servers/6945ad76-5552-485d-95e3-855341d8c2b2 0.119s
2025-04-03 01:39:15.777 69312 INFO tempest.lib.common.rest_client [req-561390ee-d671-4b70-a1b0-1317eb8d8867 req-561390ee-d671-4b70-a1b0-1317eb8d8867 ] Request (ImagesOneServerTestJSON:tearDownClass): 200 GET http://10.180.1.21/compute/v2.1/servers/14e0f224-fd67-4e2a-a98d-6a40f5f25b5e 0.063s
2025-04-03 01:39:15.798 69344 INFO tempest.lib.common.rest_client [req-4b7f0867-ccd5-4922-bc9e-d497717afea0 req-4b7f0867-ccd5-4922-bc9e-d497717afea0 ] Request (ImagesTestJSON:test_create_image_from_suspended_server): 200 GET http://10.180.1.21/compute/v2.1/servers/dae172d1-ca39-455d-8583-0034ac91784b 0.055s
2025-04-03 01:39:15.826 69363 INFO tempest.lib.common.rest_client [req-3d857c16-6d82-45f7-9dbd-a518127c9bf4 req-3d857c16-6d82-45f7-9dbd-a518127c9bf4 ] Request (ServerRescueTestJSON:test_rescue_unrescue_instance): 200 GET http://10.180.1.21/compute/v2.1/servers/712c268b-7661-4ac2-b97a-0fb7361395bf 0.048s
2025-04-03 01:39:15.941 69338 WARNING tempest.lib.common.ssh [-] Failed to establish authenticated ssh connection to cirros@10.180.180.239 ([Errno None] Unable to connect to port 22 on 10.180.180.239). Number attempts: 7. Retry after 8 seconds.: paramiko.ssh_exception.NoValidConnectionsError: [Errno None] Unable to connect to port 22 on 10.180.180.239
2025-04-03 01:39:16.039 69318 INFO tempest.lib.common.rest_client [req-fd2649f3-f6b3-4ad0-b7c8-53cac8bb7372 req-fd2649f3-f6b3-4ad0-b7c8-53cac8bb7372 ] Request (ServersAdminTestJSON:test_rebuild_server_in_error_state): 200 GET http://10.180.1.21/compute/v2.1/servers/cb0f0c6d-e536-4750-81d4-9c534928ef25 0.141s
2025-04-03 01:39:16.099 69316 INFO tempest.lib.common.rest_client [req-16ed783c-f5f2-4e1e-9748-0fd6f99934aa req-16ed783c-f5f2-4e1e-9748-0fd6f99934aa ] Request (ServersListShow2100Test:test_list_show_rebuild_update_server_2100): 200 GET http://10.180.1.21/compute/v2.1/servers/138f09b4-dd48-4522-ad5b-7c3decadcbf7 0.196s
2025-04-03 01:39:16.142 69320 INFO tempest.lib.common.rest_client [req-d5817bb8-804a-4d00-adeb-dcc980206cc7 req-d5817bb8-804a-4d00-adeb-dcc980206cc7 ] Request (ServersTestFqdnHostnames:test_create_server_with_fqdn_name): 200 GET http://10.180.1.21/compute/v2.1/servers/367c0699-472c-493b-a624-3194ac3b1806 0.189s
2025-04-03 01:39:16.209 69304 INFO tempest.lib.common.rest_client [req-6b767be0-e905-4f4e-9569-414199e8dd02 req-6b767be0-e905-4f4e-9569-414199e8dd02 ] Request (MigrationsAdminTest:test_resize_server_revert_deleted_flavor): 200 GET http://10.180.1.21/compute/v2.1/servers/d8fda21c-b4b7-4a50-96cb-2c7f2838aeab 0.156s
2025-04-03 01:39:16.258 69328 INFO tempest.lib.common.rest_client [req-a24867b7-8e97-4d63-8c38-07aee6ebcebb req-a24867b7-8e97-4d63-8c38-07aee6ebcebb ] Request (ServersTestJSON:setUpClass): 200 GET http://10.180.1.21/compute/v2.1/servers/ac1f58f4-2679-41cd-a1e8-6c707dfccea0 0.155s
2025-04-03 01:39:16.304 69332 INFO tempest.lib.common.rest_client [req-cae7b2c7-07ca-4024-b4c8-4e005956a9c8 req-cae7b2c7-07ca-4024-b4c8-4e005956a9c8 ] Request (SecurityGroupsTestJSON:test_server_security_groups): 200 GET http://10.180.1.21/compute/v2.1/servers/8c961785-3028-4599-92c0-0227c8970b02 0.148s
2025-04-03 01:39:16.347 69342 INFO tempest.lib.common.rest_client [req-0db437c5-85d3-4ec3-a194-267a52489cc8 req-0db437c5-85d3-4ec3-a194-267a52489cc8 ] Request (ServerDiagnosticsV248Test:test_get_server_diagnostics): 200 GET http://10.180.1.21/compute/v2.1/servers/1a921adf-48ca-4aa6-8dd7-e1e04e8f0197/diagnostics 0.530s
2025-04-03 01:39:16.354 69348 INFO tempest.lib.common.rest_client [req-665a2fd0-b586-4906-847f-bf1a967c8971 req-665a2fd0-b586-4906-847f-bf1a967c8971 ] Request (DeleteServersTestJSON:test_delete_server_while_in_attached_volume): 200 GET http://10.180.1.21/compute/v2.1/servers/3047cbf6-86aa-42db-9fe8-b450de69bbb1 0.134s
2025-04-03 01:39:16.406 69367 INFO tempest.lib.common.rest_client [req-13c439fe-fc2a-4be9-9ba9-fc70cd65e94e req-13c439fe-fc2a-4be9-9ba9-fc70cd65e94e ] Request (ServerShowV257Test:test_rebuild_server): 200 GET http://10.180.1.21/compute/v2.1/servers/59621297-6d4e-493f-82de-de8d62d45113 0.102s
2025-04-03 01:39:16.438 69342 INFO tempest.lib.common.rest_client [req-57ba2d61-5e8d-473f-ae9d-8138d862f2e2 req-57ba2d61-5e8d-473f-ae9d-8138d862f2e2 ] Request (ServerDiagnosticsV248Test:tearDownClass): 204 DELETE http://10.180.1.21/compute/v2.1/servers/1a921adf-48ca-4aa6-8dd7-e1e04e8f0197 0.081s
2025-04-03 01:39:16.497 69342 INFO tempest.lib.common.rest_client [req-78391c54-9164-4b77-b301-937c91b13036 req-78391c54-9164-4b77-b301-937c91b13036 ] Request (ServerDiagnosticsV248Test:tearDownClass): 200 GET http://10.180.1.21/compute/v2.1/servers/1a921adf-48ca-4aa6-8dd7-e1e04e8f0197 0.058s
2025-04-03 01:39:16.544 69314 INFO tempest.lib.common.rest_client [req-94242375-9355-49fa-a590-3cf4df9729df req-94242375-9355-49fa-a590-3cf4df9729df ] Request (ImagesOneServerNegativeTestJSON:_run_cleanups): 200 GET http://10.180.1.21/compute/v2.1/servers/3e883ca1-11c3-4ecc-a6ca-2c09bc5d5868 0.060s
2025-04-03 01:39:16.597 69326 INFO tempest.lib.common.rest_client [req-770ea29d-17e6-4cba-9596-cac7dfcd42b8 req-770ea29d-17e6-4cba-9596-cac7dfcd42b8 ] Request (InstanceActionsNegativeTestJSON:tearDownClass): 200 GET http://10.180.1.21/compute/v2.1/servers/5fc5ba1f-2840-4758-940a-2925ebdee0f9 0.063s
2025-04-03 01:39:16.651 69322 INFO tempest.lib.common.rest_client [req-10114576-6cb0-40a2-9c88-cded3232a896 req-10114576-6cb0-40a2-9c88-cded3232a896 ] Request (MultipleCreateTestJSON:test_multiple_create_with_reservation_return): 200 GET http://10.180.1.21/compute/v2.1/servers/3780bb8f-ff39-4607-ae82-b0bb7d49c484 0.092s
2025-04-03 01:39:16.672 69334 INFO tempest.lib.common.rest_client [req-770c2684-637d-49cd-a554-a2969ad13357 req-770c2684-637d-49cd-a554-a2969ad13357 ] Request (ServersTestMultiNic:test_verify_duplicate_network_nics): 200 GET http://10.180.1.21/compute/v2.1/servers/de02ff0f-dea0-4679-95cf-c0cf6b78dee7 0.167s
2025-04-03 01:39:16.774 69352 INFO tempest.lib.common.rest_client [req-1ea64b8c-7d72-44f4-8488-a2b2d7fc6900 req-1ea64b8c-7d72-44f4-8488-a2b2d7fc6900 ] Request (ServerDiagnosticsNegativeTest:test_get_server_diagnostics_by_non_admin): 200 GET http://10.180.1.21/compute/v2.1/servers/a7688732-cd59-4734-af2a-24fb16264dce 0.101s
2025-04-03 01:39:16.837 69346 INFO tempest.lib.common.rest_client [req-119f07b8-3d1b-4f35-b5e8-85d7838ea973 req-119f07b8-3d1b-4f35-b5e8-85d7838ea973 ] Request (ServerAddressesTestJSON:tearDownClass): 200 GET http://10.180.1.21/compute/v2.1/servers/6945ad76-5552-485d-95e3-855341d8c2b2 0.102s
2025-04-03 01:39:16.847 69340 INFO tempest.lib.common.rest_client [req-b898f5a7-ec24-4087-9156-590a53ef1f24 req-b898f5a7-ec24-4087-9156-590a53ef1f24 ] Request (FloatingIPsAssociationTestJSON:test_associate_already_associated_floating_ip): 200 GET http://10.180.1.21/compute/v2.1/servers/35e049af-1bb0-49b9-9101-360c517ceac1 0.119s
2025-04-03 01:39:16.897 69344 INFO tempest.lib.common.rest_client [req-6fbf9b1a-9962-48bb-a6c1-e255cbbfdf94 req-6fbf9b1a-9962-48bb-a6c1-e255cbbfdf94 ] Request (ImagesTestJSON:test_create_image_from_suspended_server): 200 GET http://10.180.1.21/compute/v2.1/servers/dae172d1-ca39-455d-8583-0034ac91784b 0.092s
2025-04-03 01:39:16.897 69312 INFO tempest.lib.common.rest_client [req-24dc65a1-9c76-4a33-b384-63c88201153f req-24dc65a1-9c76-4a33-b384-63c88201153f ] Request (ImagesOneServerTestJSON:tearDownClass): 200 GET http://10.180.1.21/compute/v2.1/servers/14e0f224-fd67-4e2a-a98d-6a40f5f25b5e 0.108s
2025-04-03 01:39:16.945 69363 INFO tempest.lib.common.rest_client [req-1b63c2c9-df26-4b17-92a6-d7e323a26117 req-1b63c2c9-df26-4b17-92a6-d7e323a26117 ] Request (ServerRescueTestJSON:test_rescue_unrescue_instance): 200 GET http://10.180.1.21/compute/v2.1/servers/712c268b-7661-4ac2-b97a-0fb7361395bf 0.110s
2025-04-03 01:39:17.147 69318 INFO tempest.lib.common.rest_client [req-2e241cb6-334c-4d15-a4b8-09a08b4ff349 req-2e241cb6-334c-4d15-a4b8-09a08b4ff349 ] Request (ServersAdminTestJSON:test_rebuild_server_in_error_state): 200 GET http://10.180.1.21/compute/v2.1/servers/cb0f0c6d-e536-4750-81d4-9c534928ef25 0.100s
2025-04-03 01:39:17.186 69316 INFO tempest.lib.common.rest_client [req-3020027e-cb16-4b89-b019-1d5fc464a154 req-3020027e-cb16-4b89-b019-1d5fc464a154 ] Request (ServersListShow2100Test:test_list_show_rebuild_update_server_2100): 200 GET http://10.180.1.21/compute/v2.1/servers/138f09b4-dd48-4522-ad5b-7c3decadcbf7 0.073s
2025-04-03 01:39:17.205 69320 INFO tempest.lib.common.rest_client [req-d0bccfce-7958-481e-afc1-b975ab23a1e7 req-d0bccfce-7958-481e-afc1-b975ab23a1e7 ] Request (ServersTestFqdnHostnames:test_create_server_with_fqdn_name): 200 GET http://10.180.1.21/compute/v2.1/servers/367c0699-472c-493b-a624-3194ac3b1806 0.054s
2025-04-03 01:39:17.272 69304 INFO tempest.lib.common.rest_client [req-a55d3c48-bfb5-4343-8352-23b8be93451b req-a55d3c48-bfb5-4343-8352-23b8be93451b ] Request (MigrationsAdminTest:test_resize_server_revert_deleted_flavor): 200 GET http://10.180.1.21/compute/v2.1/servers/d8fda21c-b4b7-4a50-96cb-2c7f2838aeab 0.055s
2025-04-03 01:39:17.318 69328 INFO tempest.lib.common.rest_client [req-dea39292-5704-48cb-ae83-6e091953b0b9 req-dea39292-5704-48cb-ae83-6e091953b0b9 ] Request (ServersTestJSON:setUpClass): 200 GET http://10.180.1.21/compute/v2.1/servers/ac1f58f4-2679-41cd-a1e8-6c707dfccea0 0.051s
2025-04-03 01:39:17.364 69332 INFO tempest.lib.common.rest_client [req-36f73c95-8b3c-40fa-ae3f-c507e43332ca req-36f73c95-8b3c-40fa-ae3f-c507e43332ca ] Request (SecurityGroupsTestJSON:test_server_security_groups): 200 GET http://10.180.1.21/compute/v2.1/servers/8c961785-3028-4599-92c0-0227c8970b02 0.052s
2025-04-03 01:39:17.415 69348 INFO tempest.lib.common.rest_client [req-4f2d5e49-b3c8-42e9-8c60-913f5e29c229 req-4f2d5e49-b3c8-42e9-8c60-913f5e29c229 ] Request (DeleteServersTestJSON:test_delete_server_while_in_attached_volume): 200 GET http://10.180.1.21/compute/v2.1/servers/3047cbf6-86aa-42db-9fe8-b450de69bbb1 0.051s
2025-04-03 01:39:17.470 69367 INFO tempest.lib.common.rest_client [req-56bbf366-2018-445d-964f-597793b74e77 req-56bbf366-2018-445d-964f-597793b74e77 ] Request (ServerShowV257Test:test_rebuild_server): 200 GET http://10.180.1.21/compute/v2.1/servers/59621297-6d4e-493f-82de-de8d62d45113 0.054s
2025-04-03 01:39:17.478 69367 INFO tempest.common.waiters [-] State transition "BUILD/None" ==> "BUILD/networking" after 83 second wait
2025-04-03 01:39:17.564 69342 INFO tempest.lib.common.rest_client [req-5d50372f-a998-4842-9498-0217a5e90646 req-5d50372f-a998-4842-9498-0217a5e90646 ] Request (ServerDiagnosticsV248Test:tearDownClass): 200 GET http://10.180.1.21/compute/v2.1/servers/1a921adf-48ca-4aa6-8dd7-e1e04e8f0197 0.057s
2025-04-03 01:39:17.601 69314 INFO tempest.lib.common.rest_client [req-04075e54-8da8-4a5c-afbe-e4daf1e0ec03 req-04075e54-8da8-4a5c-afbe-e4daf1e0ec03 ] Request (ImagesOneServerNegativeTestJSON:_run_cleanups): 200 GET http://10.180.1.21/compute/v2.1/servers/3e883ca1-11c3-4ecc-a6ca-2c09bc5d5868 0.050s
2025-04-03 01:39:17.663 69326 INFO tempest.lib.common.rest_client [req-1f71b1c2-2297-42d1-ad7e-6ccbb5c98f10 req-1f71b1c2-2297-42d1-ad7e-6ccbb5c98f10 ] Request (InstanceActionsNegativeTestJSON:tearDownClass): 200 GET http://10.180.1.21/compute/v2.1/servers/5fc5ba1f-2840-4758-940a-2925ebdee0f9 0.057s
2025-04-03 01:39:17.670 69326 INFO tempest.common.waiters [-] State transition "ACTIVE/deleting" ==> "DELETED/None" after 4 second wait
2025-04-03 01:39:17.711 69322 INFO tempest.lib.common.rest_client [req-bdfb0a26-e91c-425c-8245-d5883e3df5a1 req-bdfb0a26-e91c-425c-8245-d5883e3df5a1 ] Request (MultipleCreateTestJSON:test_multiple_create_with_reservation_return): 200 GET http://10.180.1.21/compute/v2.1/servers/3780bb8f-ff39-4607-ae82-b0bb7d49c484 0.052s
2025-04-03 01:39:17.785 69334 INFO tempest.lib.common.rest_client [req-2bca3ec9-2561-4a16-a754-4f57d8c88599 req-2bca3ec9-2561-4a16-a754-4f57d8c88599 ] Request (ServersTestMultiNic:test_verify_duplicate_network_nics): 200 GET http://10.180.1.21/compute/v2.1/servers/de02ff0f-dea0-4679-95cf-c0cf6b78dee7 0.104s
2025-04-03 01:39:17.874 69352 INFO tempest.lib.common.rest_client [req-ce69c192-e6e2-43e0-9c31-a1729835ebb4 req-ce69c192-e6e2-43e0-9c31-a1729835ebb4 ] Request (ServerDiagnosticsNegativeTest:test_get_server_diagnostics_by_non_admin): 200 GET http://10.180.1.21/compute/v2.1/servers/a7688732-cd59-4734-af2a-24fb16264dce 0.091s
2025-04-03 01:39:17.882 69352 INFO tempest.common.waiters [-] State transition "BUILD/spawning" ==> "ACTIVE/None" after 84 second wait
2025-04-03 01:39:17.910 69346 INFO tempest.lib.common.rest_client [req-b994b700-2ea8-40b0-9207-46e4ffc29b51 req-b994b700-2ea8-40b0-9207-46e4ffc29b51 ] Request (ServerAddressesTestJSON:tearDownClass): 200 GET http://10.180.1.21/compute/v2.1/servers/6945ad76-5552-485d-95e3-855341d8c2b2 0.062s
2025-04-03 01:39:17.925 69365 WARNING tempest.lib.common.ssh [-] Failed to establish authenticated ssh connection to cirros@10.180.180.216 ([Errno None] Unable to connect to port 22 on 10.180.180.216). Number attempts: 12. Retry after 13 seconds.: paramiko.ssh_exception.NoValidConnectionsError: [Errno None] Unable to connect to port 22 on 10.180.180.216
2025-04-03 01:39:17.938 69352 INFO tempest.lib.common.rest_client [req-9d5deb46-5294-42f7-aaf1-8503b4db0f74 req-9d5deb46-5294-42f7-aaf1-8503b4db0f74 ] Request (ServerDiagnosticsNegativeTest:test_get_server_diagnostics_by_non_admin): 403 GET http://10.180.1.21/compute/v2.1/servers/a7688732-cd59-4734-af2a-24fb16264dce/diagnostics 0.056s
2025-04-03 01:39:17.974 69340 INFO tempest.lib.common.rest_client [req-8d453e1c-2c54-4fe3-9be4-eb9cb773fbeb req-8d453e1c-2c54-4fe3-9be4-eb9cb773fbeb ] Request (FloatingIPsAssociationTestJSON:test_associate_already_associated_floating_ip): 200 GET http://10.180.1.21/compute/v2.1/servers/35e049af-1bb0-49b9-9101-360c517ceac1 0.117s
2025-04-03 01:39:17.989 69344 INFO tempest.lib.common.rest_client [req-82a19b7a-702e-4fdf-8552-afad025336ab req-82a19b7a-702e-4fdf-8552-afad025336ab ] Request (ImagesTestJSON:test_create_image_from_suspended_server): 200 GET http://10.180.1.21/compute/v2.1/servers/dae172d1-ca39-455d-8583-0034ac91784b 0.084s
2025-04-03 01:39:18.039 69312 INFO tempest.lib.common.rest_client [req-34624b8a-b97a-450f-ad77-88912029059d req-34624b8a-b97a-450f-ad77-88912029059d ] Request (ImagesOneServerTestJSON:tearDownClass): 200 GET http://10.180.1.21/compute/v2.1/servers/14e0f224-fd67-4e2a-a98d-6a40f5f25b5e 0.133s
2025-04-03 01:39:18.062 69352 INFO tempest.lib.common.rest_client [req-6d7c125a-4ea3-47ee-bb96-573c6260496e req-6d7c125a-4ea3-47ee-bb96-573c6260496e ] Request (ServerDiagnosticsNegativeTest:tearDownClass): 204 DELETE http://10.180.1.21/compute/v2.1/servers/a7688732-cd59-4734-af2a-24fb16264dce 0.122s
2025-04-03 01:39:18.085 69363 INFO tempest.lib.common.rest_client [req-fe077d84-1db5-4782-aa0b-e89a0b6ae04e req-fe077d84-1db5-4782-aa0b-e89a0b6ae04e ] Request (ServerRescueTestJSON:test_rescue_unrescue_instance): 200 GET http://10.180.1.21/compute/v2.1/servers/712c268b-7661-4ac2-b97a-0fb7361395bf 0.130s
2025-04-03 01:39:18.181 69352 INFO tempest.lib.common.rest_client [req-375befcf-f58f-48be-a04a-ec95251225fb req-375befcf-f58f-48be-a04a-ec95251225fb ] Request (ServerDiagnosticsNegativeTest:tearDownClass): 200 GET http://10.180.1.21/compute/v2.1/servers/a7688732-cd59-4734-af2a-24fb16264dce 0.119s
