2025-04-03 01:36:25.217 69318 INFO tempest.lib.common.rest_client [req-01d2d37c-a5d7-4938-bdbf-31428ab0717f req-01d2d37c-a5d7-4938-bdbf-31428ab0717f ] Request (ServersAdminTestJSON:setUpClass): 204 PUT http://10.180.1.21/identity/v3/projects/2c4cad50d5d3410cb0c602317a459b0a/users/be007165af8b447f8d819a95a758b547/roles/522ee54b43c44d53a0ed230a5cdc46a5 0.156s
2025-04-03 01:36:25.217 69318 INFO tempest.lib.common.dynamic_creds [-] Dynamic test user be007165af8b447f8d819a95a758b547 is created with scope project and roles: ['member']
2025-04-03 01:36:25.218 69318 INFO tempest.lib.common.dynamic_creds [-] Acquired dynamic creds: credentials: Credentials: {'domain_id': 'default', 'domain_name': 'Default', 'username': 'tempest-ServersAdminTestJSON-624186742-project-member', 'project_domain_id': 'default', 'project_domain_name': 'Default', 'project_id': '2c4cad50d5d3410cb0c602317a459b0a', 'project_name': 'tempest-ServersAdminTestJSON-624186742', 'tenant_id': '2c4cad50d5d3410cb0c602317a459b0a', 'tenant_name': 'tempest-ServersAdminTestJSON-624186742', 'user_domain_id': 'default', 'user_domain_name': 'Default', 'user_id': 'be007165af8b447f8d819a95a758b547', 'system': None}, Network: None, Subnet: None, Router: None
2025-04-03 01:36:25.290 69365 INFO tempest.lib.common.rest_client [req-2aea421a-4c24-456d-95ef-6fccb7cd44d6 req-2aea421a-4c24-456d-95ef-6fccb7cd44d6 ] Request (ServersWithSpecificFlavorTestJSON:setUpClass): 201 POST http://10.180.1.21:9696/networking/v2.0/networks 0.194s
2025-04-03 01:36:25.315 69348 INFO tempest.lib.common.rest_client [req-d7154eab-da11-46b8-8d21-c1504230be1e req-d7154eab-da11-46b8-8d21-c1504230be1e ] Request (InstanceUsageAuditLogNegativeTestJSON:test_get_instance_usage_audit_logs_with_invalid_time): 400 GET http://10.180.1.21/compute/v2.1/os-instance_usage_audit_log/invalid_time 2.756s
2025-04-03 01:36:25.329 69306 INFO tempest.lib.common.rest_client [req-96ea6c15-20ce-424b-80aa-c36b4a3b0d6e req-96ea6c15-20ce-424b-80aa-c36b4a3b0d6e ] Request (VolumesAssistedSnapshotsTest:setUpClass): 201 POST http://10.180.1.21:9696/networking/v2.0/subnets 0.169s
2025-04-03 01:36:25.339 69324 INFO tempest.lib.common.rest_client [req-0eb8e459-2ebb-4f47-9f9f-72587dfd92fb req-0eb8e459-2ebb-4f47-9f9f-72587dfd92fb ] Request (FlavorsAccessTestJSON:test_flavor_access_add_remove): 200 POST http://10.180.1.21/compute/v2.1/flavors 2.676s
2025-04-03 01:36:25.370 69314 INFO tempest.lib.common.rest_client [req-38156e9d-cb4d-4590-b70f-92e821a50c78 req-38156e9d-cb4d-4590-b70f-92e821a50c78 ] Request (ImagesOneServerNegativeTestJSON:setUpClass): 201 POST http://10.180.1.21/identity/v3/auth/tokens 0.217s
2025-04-03 01:36:25.421 69330 INFO tempest.lib.common.rest_client [req-c07d08e9-5100-4ac4-a940-90d101f932f6 req-c07d08e9-5100-4ac4-a940-90d101f932f6 ] Request (QuotasSecurityGroupAdminNegativeTest:tearDownClass): 204 DELETE http://10.180.1.21/identity/v3/projects/910929f1df6544f0b2a6925483668ab9 0.263s
2025-04-03 01:36:25.436 69318 INFO tempest.lib.common.rest_client [req-bf862640-2041-4ef4-9e96-1868cf0237a6 req-bf862640-2041-4ef4-9e96-1868cf0237a6 ] Request (ServersAdminTestJSON:setUpClass): 201 POST http://10.180.1.21/identity/v3/auth/tokens 0.218s
2025-04-03 01:36:25.508 69330 INFO tempest.lib.common.rest_client [req-aba0e965-049a-4097-a7d2-32da7465126b req-aba0e965-049a-4097-a7d2-32da7465126b ] Request (VolumesAdminNegativeTest:setUpClass): 201 POST http://10.180.1.21/identity/v3/auth/tokens 0.085s
2025-04-03 01:36:25.514 69332 INFO tempest.lib.common.rest_client [req-e93d3c6e-139b-4478-8e64-adee06429e9b req-e93d3c6e-139b-4478-8e64-adee06429e9b ] Request (FlavorsV2NegativeTest:test_boot_with_low_ram): 400 POST http://10.180.1.21/compute/v2.1/servers 2.209s
2025-04-03 01:36:25.526 69304 INFO tempest.lib.common.rest_client [req-da951beb-e72b-49cd-913b-3185e4dcaa82 req-da951beb-e72b-49cd-913b-3185e4dcaa82 ] Request (MigrationsAdminTest:test_list_migrations): 200 GET http://10.180.1.21/compute/v2.1/os-migrations 2.687s
2025-04-03 01:36:25.545 69365 INFO tempest.lib.common.rest_client [req-4914c08c-4821-41f1-a652-cf3d755dd18d req-4914c08c-4821-41f1-a652-cf3d755dd18d ] Request (ServersWithSpecificFlavorTestJSON:setUpClass): 201 POST http://10.180.1.21:9696/networking/v2.0/subnets 0.254s
2025-04-03 01:36:25.547 69330 INFO tempest.lib.common.rest_client [req-e7140804-bee2-4279-8c2a-5e37327c4f97 req-e7140804-bee2-4279-8c2a-5e37327c4f97 ] Request (VolumesAdminNegativeTest:setUpClass): 201 POST http://10.180.1.21/identity/v3/auth/tokens 0.036s
2025-04-03 01:36:25.582 69332 INFO tempest.lib.common.rest_client [req-7be7068b-0c11-4d84-84f7-601c932d8e80 req-7be7068b-0c11-4d84-84f7-601c932d8e80 ] Request (FlavorsV2NegativeTest:_run_cleanups): 204 DELETE http://10.180.1.21/image/v2/images/8b4b076a-7ae7-470e-9072-cca53132ed66 0.067s
2025-04-03 01:36:25.603 69360 INFO tempest.lib.common.rest_client [req-b1949839-9bd8-417e-8cbe-37be2c3dc800 req-b1949839-9bd8-417e-8cbe-37be2c3dc800 ] Request (HypervisorAdminTestJSON:test_get_hypervisor_list): 200 GET http://10.180.1.21/compute/v2.1/os-hypervisors 2.246s
2025-04-03 01:36:25.632 69304 INFO tempest.lib.common.rest_client [req-6c8105e7-444a-4cce-acb6-18ba937f7ec7 req-6c8105e7-444a-4cce-acb6-18ba937f7ec7 ] Request (MigrationsAdminTest:test_list_migrations_in_flavor_resize_situation): 201 POST http://10.180.1.21/identity/v3/auth/tokens 0.097s
2025-04-03 01:36:25.632 69304 INFO tempest.lib.common.fixed_network [-] (MigrationsAdminTest:test_list_migrations_in_flavor_resize_situation) Found network None available for tenant
2025-04-03 01:36:25.644 69342 INFO tempest.lib.common.rest_client [req-8827f357-d10c-4376-b8c8-423d83ef9f6c req-8827f357-d10c-4376-b8c8-423d83ef9f6c ] Request (AggregatesAdminNegativeTestJSON:setUpClass): 200 GET http://10.180.1.21/compute/v2.1/os-services?binary=nova-compute 2.232s
2025-04-03 01:36:25.653 69330 INFO tempest.lib.common.rest_client [req-50e96fe9-13c1-47da-8d1c-8105d00e2d7c req-50e96fe9-13c1-47da-8d1c-8105d00e2d7c ] Request (VolumesAdminNegativeTest:setUpClass): 200 GET http://10.180.1.21/identity/v3/domains?name=Default 0.105s
2025-04-03 01:36:25.711 69332 INFO tempest.lib.common.rest_client [req-00069d19-4335-49b5-a18e-9644f2ec494f req-00069d19-4335-49b5-a18e-9644f2ec494f ] Request (FlavorsV2NegativeTest:tearDownClass): 204 DELETE http://10.180.1.21/identity/v3/users/127c0d0bfef547699b6b5c6431f50831 0.123s
2025-04-03 01:36:25.712 69332 INFO tempest.lib.common.dynamic_creds [-] Deleting project and security group for project: f85324832945421ab5f0bc67c4d2d376
2025-04-03 01:36:25.758 69336 INFO tempest.lib.common.rest_client [req-ef62df8a-48db-46ec-8dd7-b078df69e84b req-ef62df8a-48db-46ec-8dd7-b078df69e84b ] Request (HypervisorAdminUnderV252Test:test_get_hypervisor_show_servers): 200 GET http://10.180.1.21/compute/v2.1/os-hypervisors 2.310s
2025-04-03 01:36:25.808 69330 INFO tempest.lib.common.rest_client [req-376afdf8-bb6e-4bb2-bbfb-298b55b03358 req-376afdf8-bb6e-4bb2-bbfb-298b55b03358 ] Request (VolumesAdminNegativeTest:setUpClass): 201 POST http://10.180.1.21/identity/v3/projects 0.155s
2025-04-03 01:36:25.828 69308 INFO tempest.lib.common.rest_client [req-d6c89f99-ef6d-4477-a0bb-82090ae79840 req-d6c89f99-ef6d-4477-a0bb-82090ae79840 ] Request (AZAdminNegativeTestJSON:test_get_availability_zone_list_detail_with_non_admin_user): 403 GET http://10.180.1.21/compute/v2.1/os-availability-zone/detail 2.359s
2025-04-03 01:36:25.866 69332 INFO tempest.lib.common.rest_client [req-1cbf6bdc-2a52-4285-ae54-3c2fa1debf47 req-1cbf6bdc-2a52-4285-ae54-3c2fa1debf47 ] Request (FlavorsV2NegativeTest:tearDownClass): 201 POST http://10.180.1.21/identity/v3/auth/tokens 0.153s
2025-04-03 01:36:25.893 69314 INFO tempest.lib.common.rest_client [req-41c02ad9-5973-4117-b684-dfec8bc0cc88 req-41c02ad9-5973-4117-b684-dfec8bc0cc88 ] Request (ImagesOneServerNegativeTestJSON:setUpClass): 201 POST http://10.180.1.21:9696/networking/v2.0/networks 0.522s
2025-04-03 01:36:25.903 69330 INFO tempest.lib.common.rest_client [req-9e752775-2403-428e-8376-ba548cdce495 req-9e752775-2403-428e-8376-ba548cdce495 ] Request (VolumesAdminNegativeTest:setUpClass): 201 POST http://10.180.1.21/identity/v3/users 0.095s
2025-04-03 01:36:25.948 69318 INFO tempest.lib.common.rest_client [req-98a5f350-e2ff-49df-9e89-d244a9c3731e req-98a5f350-e2ff-49df-9e89-d244a9c3731e ] Request (ServersAdminTestJSON:setUpClass): 201 POST http://10.180.1.21:9696/networking/v2.0/networks 0.511s
2025-04-03 01:36:25.977 69340 INFO tempest.lib.common.rest_client [req-31b210d3-1b77-4f12-832e-0c0846d77d8b req-31b210d3-1b77-4f12-832e-0c0846d77d8b ] Request (HostsAdminTestJSON:test_list_hosts): 200 GET http://10.180.1.21/compute/v2.1/os-hosts 2.408s
2025-04-03 01:36:25.993 69308 INFO tempest.lib.common.rest_client [req-05482940-98e9-48ca-b32e-fe5a8f452677 req-05482940-98e9-48ca-b32e-fe5a8f452677 ] Request (AZAdminNegativeTestJSON:tearDownClass): 204 DELETE http://10.180.1.21/identity/v3/users/58887175b1594365a61416716c92b770 0.153s
2025-04-03 01:36:26.046 69330 INFO tempest.lib.common.rest_client [req-2c92bc33-5ae7-422f-b708-987b6cf9f3cc req-2c92bc33-5ae7-422f-b708-987b6cf9f3cc ] Request (VolumesAdminNegativeTest:setUpClass): 200 GET http://10.180.1.21/identity/v3/roles 0.142s
2025-04-03 01:36:26.104 69308 INFO tempest.lib.common.rest_client [req-82d11675-7047-40cf-b984-3b17a0f2ca45 req-82d11675-7047-40cf-b984-3b17a0f2ca45 ] Request (AZAdminNegativeTestJSON:tearDownClass): 204 DELETE http://10.180.1.21/identity/v3/users/f9a5f8cb23224bb49fb6e3ad88f225ca 0.110s
2025-04-03 01:36:26.104 69308 INFO tempest.lib.common.dynamic_creds [-] Deleting project and security group for project: 515cb49745a643d3883e3386cb9325c4
2025-04-03 01:36:26.146 69354 INFO tempest.lib.common.rest_client [req-2547ae43-32c5-40cc-8e5d-7fa9866e0cb7 req-2547ae43-32c5-40cc-8e5d-7fa9866e0cb7 ] Request (FlavorsV255TestJSON:test_crud_flavor): 200 POST http://10.180.1.21/compute/v2.1/flavors 2.390s
2025-04-03 01:36:26.164 69330 INFO tempest.lib.common.rest_client [req-de082749-3f0a-4891-8ac7-b80d41c992be req-de082749-3f0a-4891-8ac7-b80d41c992be ] Request (VolumesAdminNegativeTest:setUpClass): 204 PUT http://10.180.1.21/identity/v3/projects/1e111ba67b5541a2816ffd3e733fdd94/users/82ae469724db4f8c8a4fb122bbc0af7a/roles/522ee54b43c44d53a0ed230a5cdc46a5 0.117s
2025-04-03 01:36:26.164 69330 INFO tempest.lib.common.dynamic_creds [-] Dynamic test user 82ae469724db4f8c8a4fb122bbc0af7a is created with scope project and roles: ['member']
2025-04-03 01:36:26.165 69330 INFO tempest.lib.common.dynamic_creds [-] Acquired dynamic creds: credentials: Credentials: {'domain_id': 'default', 'domain_name': 'Default', 'username': 'tempest-VolumesAdminNegativeTest-1380677269-project-member', 'project_domain_id': 'default', 'project_domain_name': 'Default', 'project_id': '1e111ba67b5541a2816ffd3e733fdd94', 'project_name': 'tempest-VolumesAdminNegativeTest-1380677269', 'tenant_id': '1e111ba67b5541a2816ffd3e733fdd94', 'tenant_name': 'tempest-VolumesAdminNegativeTest-1380677269', 'user_domain_id': 'default', 'user_domain_name': 'Default', 'user_id': '82ae469724db4f8c8a4fb122bbc0af7a', 'system': None}, Network: None, Subnet: None, Router: None
2025-04-03 01:36:26.183 69346 INFO tempest.lib.common.rest_client [req-e43058a4-9c86-4238-80c5-2b6c40a7f4c7 req-e43058a4-9c86-4238-80c5-2b6c40a7f4c7 ] Request (FlavorMetadataValidation:test_flavor_update_with_custom_namespace): 200 POST http://10.180.1.21/compute/v2.1/flavors 2.426s
2025-04-03 01:36:26.215 69308 INFO tempest.lib.common.rest_client [req-34b04374-1d3a-49ca-b890-734c5cf81c17 req-34b04374-1d3a-49ca-b890-734c5cf81c17 ] Request (AZAdminNegativeTestJSON:tearDownClass): 201 POST http://10.180.1.21/identity/v3/auth/tokens 0.110s
2025-04-03 01:36:26.239 69330 INFO tempest.lib.common.rest_client [req-09f22e01-7feb-4ab8-a7f2-6901d1753a91 req-09f22e01-7feb-4ab8-a7f2-6901d1753a91 ] Request (VolumesAdminNegativeTest:setUpClass): 201 POST http://10.180.1.21/identity/v3/auth/tokens 0.073s
2025-04-03 01:36:26.248 69306 INFO tempest.lib.common.rest_client [req-c59a3b88-a60a-47c3-aa11-237ff6784ca8 req-c59a3b88-a60a-47c3-aa11-237ff6784ca8 ] Request (VolumesAssistedSnapshotsTest:setUpClass): 201 POST http://10.180.1.21:9696/networking/v2.0/routers 0.918s
2025-04-03 01:36:26.287 69332 INFO tempest.lib.common.rest_client [req-f4f0bca9-397f-4879-afb8-254d303f888d req-f4f0bca9-397f-4879-afb8-254d303f888d ] Request (FlavorsV2NegativeTest:tearDownClass): 200 GET http://10.180.1.21:9696/networking/v2.0/security-groups?tenant_id=f85324832945421ab5f0bc67c4d2d376&name=default 0.420s
2025-04-03 01:36:26.297 69356 INFO tempest.lib.common.rest_client [req-425a5323-1439-4151-9b3c-83668a156b5b req-425a5323-1439-4151-9b3c-83668a156b5b ] Request (HypervisorAdminV253TestBase:test_list_show_detail_hypervisors): 200 GET http://10.180.1.21/compute/v2.1/os-hypervisors/detail?with_servers=True 2.479s
2025-04-03 01:36:26.315 69358 INFO tempest.lib.common.rest_client [req-5aaacadc-d868-45f6-93e0-703493555a07 req-5aaacadc-d868-45f6-93e0-703493555a07 ] Request (InstanceUsageAuditLogTestJSON:test_get_instance_usage_audit_log): 200 GET http://10.180.1.21/compute/v2.1/os-instance_usage_audit_log/2025-04-03%2001%3A36%3A23 2.428s
2025-04-03 01:36:26.372 69334 INFO tempest.lib.common.rest_client [req-44f91942-3c1f-4eab-b7fc-a8c041c377bc req-44f91942-3c1f-4eab-b7fc-a8c041c377bc ] Request (FlavorsAdminTestJSON:test_create_flavor_using_string_ram): 200 POST http://10.180.1.21/compute/v2.1/flavors 2.375s
2025-04-03 01:36:26.410 69332 INFO tempest.lib.common.rest_client [req-a664c1e6-0f3c-4f30-a1cc-02a0c571a79c req-a664c1e6-0f3c-4f30-a1cc-02a0c571a79c ] Request (FlavorsV2NegativeTest:tearDownClass): 204 DELETE http://10.180.1.21:9696/networking/v2.0/security-groups/5f63de63-0569-491e-9bff-1ff5c981648e 0.122s
2025-04-03 01:36:26.475 69332 INFO tempest.lib.common.rest_client [req-c4ba572a-6ab3-4ed2-bd0d-25c2043804b6 req-c4ba572a-6ab3-4ed2-bd0d-25c2043804b6 ] Request (FlavorsV2NegativeTest:tearDownClass): 204 DELETE http://10.180.1.21/identity/v3/projects/f85324832945421ab5f0bc67c4d2d376 0.064s
2025-04-03 01:36:26.497 69365 INFO tempest.lib.common.rest_client [req-5688eaad-4d5e-4502-bd81-baad73c6d265 req-5688eaad-4d5e-4502-bd81-baad73c6d265 ] Request (ServersWithSpecificFlavorTestJSON:setUpClass): 201 POST http://10.180.1.21:9696/networking/v2.0/routers 0.951s
2025-04-03 01:36:26.511 69314 INFO tempest.lib.common.rest_client [req-ff3c1788-8563-4212-8fa2-1d006bf232dc req-ff3c1788-8563-4212-8fa2-1d006bf232dc ] Request (ImagesOneServerNegativeTestJSON:setUpClass): 201 POST http://10.180.1.21:9696/networking/v2.0/subnets 0.617s
2025-04-03 01:36:26.534 69332 INFO tempest.lib.common.rest_client [req-1efd89ba-5b48-4dc7-a309-1b52cf5bad5d req-1efd89ba-5b48-4dc7-a309-1b52cf5bad5d ] Request (FloatingIPsTestJSON:setUpClass): 201 POST http://10.180.1.21/identity/v3/auth/tokens 0.056s
2025-04-03 01:36:26.573 69332 INFO tempest.lib.common.rest_client [req-c34ab8d6-4c08-4964-9073-28d9747ad0e8 req-c34ab8d6-4c08-4964-9073-28d9747ad0e8 ] Request (FloatingIPsTestJSON:setUpClass): 201 POST http://10.180.1.21/identity/v3/auth/tokens 0.037s
2025-04-03 01:36:26.598 69332 INFO tempest.lib.common.rest_client [req-7d6529e6-6f4d-4b63-a4b7-60ab8769eb00 req-7d6529e6-6f4d-4b63-a4b7-60ab8769eb00 ] Request (FloatingIPsTestJSON:setUpClass): 200 GET http://10.180.1.21/identity/v3/domains?name=Default 0.024s
2025-04-03 01:36:26.624 69318 INFO tempest.lib.common.rest_client [req-ceac967c-6f29-47bd-9276-780b195aed28 req-ceac967c-6f29-47bd-9276-780b195aed28 ] Request (ServersAdminTestJSON:setUpClass): 201 POST http://10.180.1.21:9696/networking/v2.0/subnets 0.676s
2025-04-03 01:36:26.629 69332 INFO tempest.lib.common.rest_client [req-40902b32-547e-4b23-8934-6a9269d4bc1b req-40902b32-547e-4b23-8934-6a9269d4bc1b ] Request (FloatingIPsTestJSON:setUpClass): 201 POST http://10.180.1.21/identity/v3/projects 0.030s
2025-04-03 01:36:26.692 69332 INFO tempest.lib.common.rest_client [req-abf4ee0b-fd0e-47ff-a899-bcadbc8f4de6 req-abf4ee0b-fd0e-47ff-a899-bcadbc8f4de6 ] Request (FloatingIPsTestJSON:setUpClass): 201 POST http://10.180.1.21/identity/v3/users 0.062s
2025-04-03 01:36:26.722 69344 INFO tempest.lib.common.rest_client [req-0660d8ca-94d1-49b6-b7f3-604b152696b2 req-0660d8ca-94d1-49b6-b7f3-604b152696b2 ] Request (TenantUsagesTestJSON:setUpClass): 202 POST http://10.180.1.21/compute/v2.1/servers 2.678s
2025-04-03 01:36:26.722 69332 INFO tempest.lib.common.rest_client [req-89fa045b-8bc8-4e17-8541-dc3e8a0c5edf req-89fa045b-8bc8-4e17-8541-dc3e8a0c5edf ] Request (FloatingIPsTestJSON:setUpClass): 200 GET http://10.180.1.21/identity/v3/roles 0.030s
2025-04-03 01:36:26.752 69367 INFO tempest.lib.common.rest_client [req-fb1dae35-edc8-43a0-a8da-a21bdca07b50 req-fb1dae35-edc8-43a0-a8da-a21bdca07b50 ] Request (ImagesMetadataNegativeTestJSON:test_get_nonexistent_image_metadata_item): 404 GET http://10.180.1.21/compute/v2.1/images/e5f256e1-4d23-410a-a93a-dc3617fb1876/metadata/os_version 2.383s
2025-04-03 01:36:26.756 69332 INFO tempest.lib.common.rest_client [req-f238458f-48b7-448c-9fc6-a7695c849284 req-f238458f-48b7-448c-9fc6-a7695c849284 ] Request (FloatingIPsTestJSON:setUpClass): 204 PUT http://10.180.1.21/identity/v3/projects/2890a36a9b1a4f279d87bece10c85a59/users/c29d9abea7e146b7a06521adf3b3ee8e/roles/522ee54b43c44d53a0ed230a5cdc46a5 0.033s
2025-04-03 01:36:26.756 69332 INFO tempest.lib.common.dynamic_creds [-] Dynamic test user c29d9abea7e146b7a06521adf3b3ee8e is created with scope project and roles: ['member']
2025-04-03 01:36:26.756 69332 INFO tempest.lib.common.dynamic_creds [-] Acquired dynamic creds: credentials: Credentials: {'domain_id': 'default', 'domain_name': 'Default', 'username': 'tempest-FloatingIPsTestJSON-273304923-project-member', 'project_domain_id': 'default', 'project_domain_name': 'Default', 'project_id': '2890a36a9b1a4f279d87bece10c85a59', 'project_name': 'tempest-FloatingIPsTestJSON-273304923', 'tenant_id': '2890a36a9b1a4f279d87bece10c85a59', 'tenant_name': 'tempest-FloatingIPsTestJSON-273304923', 'user_domain_id': 'default', 'user_domain_name': 'Default', 'user_id': 'c29d9abea7e146b7a06521adf3b3ee8e', 'system': None}, Network: None, Subnet: None, Router: None
2025-04-03 01:36:26.780 69308 INFO tempest.lib.common.rest_client [req-eeff9347-c3ce-459f-b90f-1cacff772148 req-eeff9347-c3ce-459f-b90f-1cacff772148 ] Request (AZAdminNegativeTestJSON:tearDownClass): 200 GET http://10.180.1.21:9696/networking/v2.0/security-groups?tenant_id=515cb49745a643d3883e3386cb9325c4&name=default 0.564s
2025-04-03 01:36:26.857 69332 INFO tempest.lib.common.rest_client [req-af78aec0-90fb-424f-a711-d13587aeda0a req-af78aec0-90fb-424f-a711-d13587aeda0a ] Request (FloatingIPsTestJSON:setUpClass): 201 POST http://10.180.1.21/identity/v3/auth/tokens 0.101s
2025-04-03 01:36:26.938 69322 INFO tempest.lib.common.rest_client [req-71ea5484-b268-4456-aae9-59cf4ecb5405 req-71ea5484-b268-4456-aae9-59cf4ecb5405 ] Request (QuotaClassesAdminTestJSON:test_update_default_quotas): 200 PUT http://10.180.1.21/compute/v2.1/os-quota-class-sets/default 2.335s
2025-04-03 01:36:27.029 69308 INFO tempest.lib.common.rest_client [req-7b27c35e-1d74-41e7-94ce-1ff312e1e7e8 req-7b27c35e-1d74-41e7-94ce-1ff312e1e7e8 ] Request (AZAdminNegativeTestJSON:tearDownClass): 204 DELETE http://10.180.1.21:9696/networking/v2.0/security-groups/1def1b79-a151-4b52-ad9a-6bec6d1a4a83 0.249s
2025-04-03 01:36:27.107 69308 INFO tempest.lib.common.rest_client [req-d99eed17-b41f-4273-9c22-914238b44d8e req-d99eed17-b41f-4273-9c22-914238b44d8e ] Request (AZAdminNegativeTestJSON:tearDownClass): 204 DELETE http://10.180.1.21/identity/v3/projects/515cb49745a643d3883e3386cb9325c4 0.077s
2025-04-03 01:36:27.107 69308 INFO tempest.lib.common.dynamic_creds [-] Deleting project and security group for project: 3455e487273b47d68f275af05c77cb7e
2025-04-03 01:36:27.165 69330 INFO tempest.lib.common.rest_client [req-b1952e31-fa82-4089-844a-87e21543c902 req-b1952e31-fa82-4089-844a-87e21543c902 ] Request (VolumesAdminNegativeTest:setUpClass): 201 POST http://10.180.1.21:9696/networking/v2.0/networks 0.926s
2025-04-03 01:36:27.451 69308 INFO tempest.lib.common.rest_client [req-4934e26b-ceac-4aaa-9aa0-265f804f943d req-4934e26b-ceac-4aaa-9aa0-265f804f943d ] Request (AZAdminNegativeTestJSON:tearDownClass): 200 GET http://10.180.1.21:9696/networking/v2.0/security-groups?tenant_id=3455e487273b47d68f275af05c77cb7e&name=default 0.343s
2025-04-03 01:36:27.468 69332 INFO tempest.lib.common.rest_client [req-b1f9848f-b68e-4fc7-ac4b-4db2f4d819da req-b1f9848f-b68e-4fc7-ac4b-4db2f4d819da ] Request (FloatingIPsTestJSON:setUpClass): 201 POST http://10.180.1.21:9696/networking/v2.0/networks 0.610s
2025-04-03 01:36:27.471 69363 INFO tempest.lib.common.rest_client [req-3dc63cd4-307f-4a11-883a-a0d6a722594a req-3dc63cd4-307f-4a11-883a-a0d6a722594a ] Request (ServerExternalEventsTest:test_create_server_external_events): 202 POST http://10.180.1.21/compute/v2.1/servers 2.770s
2025-04-03 01:36:27.530 69350 INFO tempest.lib.common.rest_client [req-7d7654ff-3716-47bc-a20d-5250f4653998 req-7d7654ff-3716-47bc-a20d-5250f4653998 ] Request (ImagesNegativeTestJSON:test_create_image_from_deleted_server): 202 POST http://10.180.1.21/compute/v2.1/servers 3.426s
2025-04-03 01:36:27.570 69338 INFO tempest.lib.common.rest_client [req-797da470-7d44-41ed-b0e1-b34e2cbfc207 req-797da470-7d44-41ed-b0e1-b34e2cbfc207 ] Request (FlavorsExtraSpecsTestJSON:test_flavor_non_admin_get_all_keys): 200 POST http://10.180.1.21/compute/v2.1/flavors/1264674756/os-extra_specs 2.691s
2025-04-03 01:36:27.628 69328 INFO tempest.lib.common.rest_client [req-463ee42b-5eeb-40b6-9c56-3d8df27594bb req-463ee42b-5eeb-40b6-9c56-3d8df27594bb ] Request (DeleteServersAdminTestJSON:test_admin_delete_servers_of_others): 200 GET http://10.180.1.21/compute/v2.1/servers/b1215d95-3286-4169-b4e5-2947574cfe7e 2.776s
2025-04-03 01:36:27.657 69330 INFO tempest.lib.common.rest_client [req-720f7abb-107c-42fd-8282-052e6c082812 req-720f7abb-107c-42fd-8282-052e6c082812 ] Request (VolumesAdminNegativeTest:setUpClass): 201 POST http://10.180.1.21:9696/networking/v2.0/subnets 0.491s
2025-04-03 01:36:27.745 69310 INFO tempest.lib.common.rest_client [req-72abc480-0787-4bf6-8a0e-04f03559ca86 req-72abc480-0787-4bf6-8a0e-04f03559ca86 ] Request (FlavorsV261TestJSON:test_crud_flavor): 200 GET http://10.180.1.21/compute/v2.1/flavors/2033472265 2.642s
2025-04-03 01:36:27.749 69308 INFO tempest.lib.common.rest_client [req-b2f31069-7f17-461f-bef7-6995b62161fb req-b2f31069-7f17-461f-bef7-6995b62161fb ] Request (AZAdminNegativeTestJSON:tearDownClass): 204 DELETE http://10.180.1.21:9696/networking/v2.0/security-groups/1e6e9820-dae7-41be-9ff3-747281214ca3 0.297s
2025-04-03 01:36:27.791 69316 INFO tempest.lib.common.rest_client [req-5adac23b-58ff-40a0-a685-21a405d83fe4 req-5adac23b-58ff-40a0-a685-21a405d83fe4 ] Request (ImagesMetadataTestJSON:setUpClass): 200 GET http://10.180.1.21/compute/v2.1/images/d58e0cf5-b598-4d6f-bd00-c3ca0fb6bc16 2.600s
2025-04-03 01:36:27.854 69348 INFO tempest.lib.common.rest_client [req-732a0b24-bcb1-4dfd-ba03-bb8d545c6974 req-732a0b24-bcb1-4dfd-ba03-bb8d545c6974 ] Request (InstanceUsageAuditLogNegativeTestJSON:test_instance_usage_audit_logs_with_nonadmin_user): 403 GET http://10.180.1.21/compute/v2.1/os-instance_usage_audit_log 2.532s
2025-04-03 01:36:27.871 69308 INFO tempest.lib.common.rest_client [req-a750001b-942c-4a89-84f4-1227b10493a0 req-a750001b-942c-4a89-84f4-1227b10493a0 ] Request (AZAdminNegativeTestJSON:tearDownClass): 204 DELETE http://10.180.1.21/identity/v3/projects/3455e487273b47d68f275af05c77cb7e 0.120s
2025-04-03 01:36:27.942 69308 INFO tempest.lib.common.rest_client [req-061d3afb-6a97-4b3b-b052-2468931f69a7 req-061d3afb-6a97-4b3b-b052-2468931f69a7 ] Request (ServicesAdminTestJSON:setUpClass): 201 POST http://10.180.1.21/identity/v3/auth/tokens 0.070s
2025-04-03 01:36:27.971 69308 INFO tempest.lib.common.rest_client [req-c3bf62cc-9141-4dbd-8571-ac57e986a17c req-c3bf62cc-9141-4dbd-8571-ac57e986a17c ] Request (ServicesAdminTestJSON:setUpClass): 201 POST http://10.180.1.21/identity/v3/auth/tokens 0.026s
2025-04-03 01:36:27.993 69324 INFO tempest.lib.common.rest_client [req-7b396f52-94bb-4ec5-83e9-64f3f17fb234 req-7b396f52-94bb-4ec5-83e9-64f3f17fb234 ] Request (FlavorsAccessTestJSON:test_flavor_access_add_remove): 200 POST http://10.180.1.21/compute/v2.1/flavors/723807442/action 2.650s
2025-04-03 01:36:28.004 69308 INFO tempest.lib.common.rest_client [req-322e64fd-b989-4543-8cbc-bff5dee31e3c req-322e64fd-b989-4543-8cbc-bff5dee31e3c ] Request (ServicesAdminTestJSON:setUpClass): 200 GET http://10.180.1.21/identity/v3/domains?name=Default 0.032s
2025-04-03 01:36:28.024 69360 INFO tempest.lib.common.rest_client [req-e6b5592d-0ccb-438b-890f-84f8de1f2244 req-e6b5592d-0ccb-438b-890f-84f8de1f2244 ] Request (HypervisorAdminTestJSON:test_get_hypervisor_list_details): 200 GET http://10.180.1.21/compute/v2.1/os-hypervisors/detail 2.414s
2025-04-03 01:36:28.048 69308 INFO tempest.lib.common.rest_client [req-ab9fe538-4082-4463-a8bc-a81b45a6f8c9 req-ab9fe538-4082-4463-a8bc-a81b45a6f8c9 ] Request (ServicesAdminTestJSON:setUpClass): 201 POST http://10.180.1.21/identity/v3/projects 0.044s
2025-04-03 01:36:28.131 69308 INFO tempest.lib.common.rest_client [req-cda25a07-f9da-44b5-a3b8-eeed726ee0e1 req-cda25a07-f9da-44b5-a3b8-eeed726ee0e1 ] Request (ServicesAdminTestJSON:setUpClass): 201 POST http://10.180.1.21/identity/v3/users 0.082s
2025-04-03 01:36:28.157 69308 INFO tempest.lib.common.rest_client [req-60799dae-5be4-45f1-a6cb-b126ecd4f4bc req-60799dae-5be4-45f1-a6cb-b126ecd4f4bc ] Request (ServicesAdminTestJSON:setUpClass): 200 GET http://10.180.1.21/identity/v3/roles 0.026s
2025-04-03 01:36:28.187 69308 INFO tempest.lib.common.rest_client [req-a09abc38-a2ca-457a-ac5e-725a18f8c8f8 req-a09abc38-a2ca-457a-ac5e-725a18f8c8f8 ] Request (ServicesAdminTestJSON:setUpClass): 204 PUT http://10.180.1.21/identity/v3/projects/a724153fd1b248269ad840a2adbfa018/users/cf53a8b00476410d840b9ea76efd7523/roles/522ee54b43c44d53a0ed230a5cdc46a5 0.029s
2025-04-03 01:36:28.187 69308 INFO tempest.lib.common.dynamic_creds [-] Dynamic test user cf53a8b00476410d840b9ea76efd7523 is created with scope project and roles: ['member']
2025-04-03 01:36:28.187 69308 INFO tempest.lib.common.dynamic_creds [-] Acquired dynamic creds: credentials: Credentials: {'domain_id': 'default', 'domain_name': 'Default', 'username': 'tempest-ServicesAdminTestJSON-1993337512-project-member', 'project_domain_id': 'default', 'project_domain_name': 'Default', 'project_id': 'a724153fd1b248269ad840a2adbfa018', 'project_name': 'tempest-ServicesAdminTestJSON-1993337512', 'tenant_id': 'a724153fd1b248269ad840a2adbfa018', 'tenant_name': 'tempest-ServicesAdminTestJSON-1993337512', 'user_domain_id': 'default', 'user_domain_name': 'Default', 'user_id': 'cf53a8b00476410d840b9ea76efd7523', 'system': None}, Network: None, Subnet: None, Router: None
2025-04-03 01:36:28.187 69308 INFO tempest.lib.common.dynamic_creds [-] Created isolated network resources for: credentials: Credentials: {'domain_id': 'default', 'domain_name': 'Default', 'username': 'tempest-ServicesAdminTestJSON-1993337512-project-member', 'project_domain_id': 'default', 'project_domain_name': 'Default', 'project_id': 'a724153fd1b248269ad840a2adbfa018', 'project_name': 'tempest-ServicesAdminTestJSON-1993337512', 'tenant_id': 'a724153fd1b248269ad840a2adbfa018', 'tenant_name': 'tempest-ServicesAdminTestJSON-1993337512', 'user_domain_id': 'default', 'user_domain_name': 'Default', 'user_id': 'cf53a8b00476410d840b9ea76efd7523', 'system': None}, Network: None, Subnet: None, Router: None
2025-04-03 01:36:28.210 69352 INFO tempest.lib.common.rest_client [req-ad15e0d6-b1bc-4e18-892d-5c89eacef367 req-ad15e0d6-b1bc-4e18-892d-5c89eacef367 ] Request (SecurityGroupsTestAdminJSON:test_list_security_groups_list_all_tenants_filter): 200 POST http://10.180.1.21/compute/v2.1/os-security-groups 3.149s
2025-04-03 01:36:28.259 69342 INFO tempest.lib.common.rest_client [req-48e5162f-790c-489e-8962-59e9c7d3642c req-48e5162f-790c-489e-8962-59e9c7d3642c ] Request (AggregatesAdminNegativeTestJSON:test_aggregate_add_existent_host): 200 POST http://10.180.1.21/compute/v2.1/os-aggregates 2.611s
2025-04-03 01:36:28.272 69308 INFO tempest.lib.common.rest_client [req-47ccc48b-4fed-49c6-a91a-1be1b25fd116 req-47ccc48b-4fed-49c6-a91a-1be1b25fd116 ] Request (ServicesAdminTestJSON:setUpClass): 201 POST http://10.180.1.21/identity/v3/auth/tokens 0.081s
2025-04-03 01:36:28.289 69332 INFO tempest.lib.common.rest_client [req-ea8ad5cd-9902-4d36-bba5-e0064fa3a0c8 req-ea8ad5cd-9902-4d36-bba5-e0064fa3a0c8 ] Request (FloatingIPsTestJSON:setUpClass): 201 POST http://10.180.1.21:9696/networking/v2.0/subnets 0.820s
2025-04-03 01:36:28.304 69336 INFO tempest.lib.common.rest_client [req-e0c3771d-d770-46e5-abbf-b19f29d40ea1 req-e0c3771d-d770-46e5-abbf-b19f29d40ea1 ] Request (HypervisorAdminUnderV252Test:test_get_hypervisor_show_servers): 200 GET http://10.180.1.21/compute/v2.1/os-hypervisors/domain-c8.fc996f14-c53b-4953-92e3-bdfa48f5cc28/servers 2.544s
2025-04-03 01:36:28.333 69340 INFO tempest.lib.common.rest_client [req-1fe0170d-7a0c-467c-b0bc-b7eac56d5369 req-1fe0170d-7a0c-467c-b0bc-b7eac56d5369 ] Request (HostsAdminTestJSON:test_list_hosts_with_a_blank_zone): 200 GET http://10.180.1.21/compute/v2.1/os-hosts?zone= 2.349s
2025-04-03 01:36:28.347 69308 INFO tempest.lib.common.rest_client [req-e05be394-58e8-47f2-8dc0-d77654cc4f87 req-e05be394-58e8-47f2-8dc0-d77654cc4f87 ] Request (ServicesAdminTestJSON:setUpClass): 201 POST http://10.180.1.21/identity/v3/projects 0.075s
2025-04-03 01:36:28.392 69314 INFO tempest.lib.common.rest_client [req-b4ef2405-db78-4632-ad49-c13781a3c55d req-b4ef2405-db78-4632-ad49-c13781a3c55d ] Request (ImagesOneServerNegativeTestJSON:setUpClass): 201 POST http://10.180.1.21:9696/networking/v2.0/routers 1.881s
2025-04-03 01:36:28.415 69308 INFO tempest.lib.common.rest_client [req-864e806b-6e02-4319-869e-25e178e97c61 req-864e806b-6e02-4319-869e-25e178e97c61 ] Request (ServicesAdminTestJSON:setUpClass): 201 POST http://10.180.1.21/identity/v3/users 0.067s
2025-04-03 01:36:28.436 69308 INFO tempest.lib.common.rest_client [req-0c52bf1e-bf1b-40ef-9ffe-e94190dc8d6a req-0c52bf1e-bf1b-40ef-9ffe-e94190dc8d6a ] Request (ServicesAdminTestJSON:setUpClass): 200 GET http://10.180.1.21/identity/v3/roles 0.021s
2025-04-03 01:36:28.466 69308 INFO tempest.lib.common.rest_client [req-291fae90-8351-4c44-bd07-857af72a7bc6 req-291fae90-8351-4c44-bd07-857af72a7bc6 ] Request (ServicesAdminTestJSON:setUpClass): 204 PUT http://10.180.1.21/identity/v3/projects/edcd64fec528496a90d8bed7d0304d2a/users/42269f3c14e24b2ab32bb64b2115281a/roles/40cc5756cb9447508acb9f03ff829f3f 0.029s
2025-04-03 01:36:28.489 69354 INFO tempest.lib.common.rest_client [req-69bb5c94-5c54-4bfa-a9ab-e357a32b1f89 req-69bb5c94-5c54-4bfa-a9ab-e357a32b1f89 ] Request (FlavorsV255TestJSON:test_crud_flavor): 200 GET http://10.180.1.21/compute/v2.1/flavors/1057424339 2.338s
2025-04-03 01:36:28.511 69304 INFO tempest.lib.common.rest_client [req-8630724e-7874-4297-9c4d-973902784afd req-8630724e-7874-4297-9c4d-973902784afd ] Request (MigrationsAdminTest:test_list_migrations_in_flavor_resize_situation): 202 POST http://10.180.1.21/compute/v2.1/servers 2.878s
2025-04-03 01:36:28.532 69308 INFO tempest.lib.common.rest_client [req-a81ba739-77a7-4182-bb76-c6f3b3a26d4e req-a81ba739-77a7-4182-bb76-c6f3b3a26d4e ] Request (ServicesAdminTestJSON:setUpClass): 200 GET http://10.180.1.21/identity/v3/roles 0.065s
2025-04-03 01:36:28.555 69308 INFO tempest.lib.common.rest_client [req-508e2c23-1df2-476a-92e1-3eb79babd01a req-508e2c23-1df2-476a-92e1-3eb79babd01a ] Request (ServicesAdminTestJSON:setUpClass): 204 PUT http://10.180.1.21/identity/v3/projects/edcd64fec528496a90d8bed7d0304d2a/users/42269f3c14e24b2ab32bb64b2115281a/roles/40cc5756cb9447508acb9f03ff829f3f 0.022s
2025-04-03 01:36:28.555 69308 INFO tempest.lib.common.dynamic_creds [-] Dynamic test user 42269f3c14e24b2ab32bb64b2115281a is created with scope project and roles: ['admin']
2025-04-03 01:36:28.555 69308 INFO tempest.lib.common.dynamic_creds [-] Acquired dynamic creds: credentials: Credentials: {'domain_id': 'default', 'domain_name': 'Default', 'username': 'tempest-ServicesAdminTestJSON-87828160-project-admin', 'project_domain_id': 'default', 'project_domain_name': 'Default', 'project_id': 'edcd64fec528496a90d8bed7d0304d2a', 'project_name': 'tempest-ServicesAdminTestJSON-87828160', 'tenant_id': 'edcd64fec528496a90d8bed7d0304d2a', 'tenant_name': 'tempest-ServicesAdminTestJSON-87828160', 'user_domain_id': 'default', 'user_domain_name': 'Default', 'user_id': '42269f3c14e24b2ab32bb64b2115281a', 'system': None}, Network: None, Subnet: None, Router: None
2025-04-03 01:36:28.555 69308 INFO tempest.lib.common.dynamic_creds [-] Created isolated network resources for: credentials: Credentials: {'domain_id': 'default', 'domain_name': 'Default', 'username': 'tempest-ServicesAdminTestJSON-87828160-project-admin', 'project_domain_id': 'default', 'project_domain_name': 'Default', 'project_id': 'edcd64fec528496a90d8bed7d0304d2a', 'project_name': 'tempest-ServicesAdminTestJSON-87828160', 'tenant_id': 'edcd64fec528496a90d8bed7d0304d2a', 'tenant_name': 'tempest-ServicesAdminTestJSON-87828160', 'user_domain_id': 'default', 'user_domain_name': 'Default', 'user_id': '42269f3c14e24b2ab32bb64b2115281a', 'system': None}, Network: None, Subnet: None, Router: None
2025-04-03 01:36:28.557 69356 INFO tempest.lib.common.rest_client [req-c5d265ef-e963-46ff-8f37-d4cf58d0af0f req-c5d265ef-e963-46ff-8f37-d4cf58d0af0f ] Request (HypervisorAdminV253TestBase:test_list_show_detail_hypervisors): 200 GET http://10.180.1.21/compute/v2.1/os-hypervisors?with_servers=True 2.254s
2025-04-03 01:36:28.565 69306 INFO tempest.lib.common.rest_client [req-3dbe99b7-ca8b-40d4-b093-d3ff49967fd2 req-3dbe99b7-ca8b-40d4-b093-d3ff49967fd2 ] Request (VolumesAssistedSnapshotsTest:setUpClass): 200 PUT http://10.180.1.21:9696/networking/v2.0/routers/e9eb782d-f009-4c73-9f53-8bec169f2d33/add_router_interface 2.313s
2025-04-03 01:36:28.565 69306 INFO tempest.lib.common.dynamic_creds [-] Created isolated network resources for: credentials: Credentials: {'domain_id': 'default', 'domain_name': 'Default', 'username': 'tempest-VolumesAssistedSnapshotsTest-181650426-project-admin', 'project_domain_id': 'default', 'project_domain_name': 'Default', 'project_id': 'e101d477825d452f9c2cb4b5c25604db', 'project_name': 'tempest-VolumesAssistedSnapshotsTest-181650426', 'tenant_id': 'e101d477825d452f9c2cb4b5c25604db', 'tenant_name': 'tempest-VolumesAssistedSnapshotsTest-181650426', 'user_domain_id': 'default', 'user_domain_name': 'Default', 'user_id': '098b7b2f50654730b89714106845afa3', 'system': None}, Network: {'id': '953bd2d0-94ba-4cac-a629-c53038d24143', 'name': 'tempest-VolumesAssistedSnapshotsTest-1005815184-network', 'tenant_id': 'e101d477825d452f9c2cb4b5c25604db', 'admin_state_up': True, 'mtu': 8950, 'status': 'ACTIVE', 'subnets': [], 'shared': False, 'project_id': 'e101d477825d452f9c2cb4b5c25604db', 'port_security_enabled': True, 'router:external': False, 'provider:network_type': 'vlan', 'provider:physical_network': 'default', 'provider:segmentation_id': 385, 'availability_zone_hints': [], 'availability_zones': [], 'ipv4_address_scope': None, 'ipv6_address_scope': None, 'description': '', 'tags': [], 'created_at': '2025-04-03T01:36:25Z', 'updated_at': '2025-04-03T01:36:25Z', 'revision_number': 1}, Subnet: {'id': '81b97cf7-e53f-4ae5-ab05-de51cdd1878f', 'name': 'tempest-VolumesAssistedSnapshotsTest-1005815184-subnet', 'tenant_id': 'e101d477825d452f9c2cb4b5c25604db', 'network_id': '953bd2d0-94ba-4cac-a629-c53038d24143', 'ip_version': 4, 'subnetpool_id': None, 'enable_dhcp': True, 'ipv6_ra_mode': None, 'ipv6_address_mode': None, 'gateway_ip': '192.168.128.1', 'cidr': '192.168.128.0/28', 'allocation_pools': [{'start': '192.168.128.2', 'end': '192.168.128.14'}], 'host_routes': [], 'dns_nameservers': [], 'description': '', 'router:external': False, 'service_types': [], 'tags': [], 'created_at': '2025-04-03T01:36:25Z', 'updated_at': '2025-04-03T01:36:25Z', 'revision_number': 0, 'project_id': 'e101d477825d452f9c2cb4b5c25604db'}, Router: {'id': 'e9eb782d-f009-4c73-9f53-8bec169f2d33', 'name': 'tempest-VolumesAssistedSnapshotsTest-1005815184-router', 'tenant_id': 'e101d477825d452f9c2cb4b5c25604db', 'admin_state_up': True, 'status': 'ACTIVE', 'external_gateway_info': {'network_id': '0cabdd36-8335-4dc0-8bb7-90518f0dd596', 'external_fixed_ips': [{'subnet_id': '9b64a2c6-a737-4153-a17f-b0c5e2b133be', 'ip_address': '10.180.180.229'}], 'enable_snat': True}, 'description': '', 'availability_zones': [], 'distributed': False, 'ha': False, 'availability_zone_hints': [], 'routes': [], 'flavor_id': None, 'tags': [], 'created_at': '2025-04-03T01:36:25Z', 'updated_at': '2025-04-03T01:36:25Z', 'revision_number': 2, 'project_id': 'e101d477825d452f9c2cb4b5c25604db'}
2025-04-03 01:36:28.577 69358 INFO tempest.lib.common.rest_client [req-fb6dbc86-3ba2-44c5-b752-5cb832e0b39f req-fb6dbc86-3ba2-44c5-b752-5cb832e0b39f ] Request (InstanceUsageAuditLogTestJSON:test_list_instance_usage_audit_logs): 200 GET http://10.180.1.21/compute/v2.1/os-instance_usage_audit_log 2.251s
2025-04-03 01:36:28.590 69346 INFO tempest.lib.common.rest_client [req-82c9c645-1922-47a3-b8f2-ac548d152f4d req-82c9c645-1922-47a3-b8f2-ac548d152f4d ] Request (FlavorMetadataValidation:test_flavor_update_with_custom_namespace): 200 POST http://10.180.1.21/compute/v2.1/flavors/541736042/os-extra_specs 2.403s
2025-04-03 01:36:28.599 69334 INFO tempest.lib.common.rest_client [req-b0b30705-dfcb-4785-b986-c9fd6930c75e req-b0b30705-dfcb-4785-b986-c9fd6930c75e ] Request (FlavorsAdminTestJSON:_run_cleanups): 202 DELETE http://10.180.1.21/compute/v2.1/flavors/208050241 2.224s
2025-04-03 01:36:28.633 69367 INFO tempest.lib.common.rest_client [req-4e72636f-4de3-4071-903d-9da963db3ae6 req-4e72636f-4de3-4071-903d-9da963db3ae6 ] Request (ImagesMetadataNegativeTestJSON:test_list_nonexistent_image_metadata): 404 GET http://10.180.1.21/compute/v2.1/images/2020d24f-5829-4550-8a6e-b50fa201710f/metadata 1.880s
2025-04-03 01:36:28.656 69306 INFO tempest.lib.common.rest_client [req-3576769a-bc8b-47ca-b000-00a4f2df1e2d req-3576769a-bc8b-47ca-b000-00a4f2df1e2d ] Request (VolumesAssistedSnapshotsTest:setUpClass): 201 POST http://10.180.1.21/identity/v3/auth/tokens 0.085s
2025-04-03 01:36:28.662 69322 INFO tempest.lib.common.rest_client [req-06351d2d-45ee-4c6c-af4d-c531d311a120 req-06351d2d-45ee-4c6c-af4d-c531d311a120 ] Request (QuotaClassesAdminTestJSON:test_update_default_quotas): 200 GET http://10.180.1.21/compute/v2.1/os-quota-class-sets/default 1.723s
2025-04-03 01:36:28.685 69308 INFO tempest.lib.common.rest_client [req-5fc348e9-f777-4e97-a1e3-08a003858efa req-5fc348e9-f777-4e97-a1e3-08a003858efa ] Request (ServicesAdminTestJSON:setUpClass): 201 POST http://10.180.1.21/identity/v3/auth/tokens 0.126s
2025-04-03 01:36:28.720 69344 INFO tempest.lib.common.rest_client [req-a7c96bb9-1e02-4eee-8fcf-a567fead4b14 req-a7c96bb9-1e02-4eee-8fcf-a567fead4b14 ] Request (TenantUsagesTestJSON:setUpClass): 200 GET http://10.180.1.21/compute/v2.1/servers/d0a68666-a76a-45b4-9683-5803498046c8 1.996s
2025-04-03 01:36:28.756 69306 INFO tempest.lib.common.rest_client [req-62c0a39b-8285-4a35-ace2-2693a645e4dd req-62c0a39b-8285-4a35-ace2-2693a645e4dd ] Request (VolumesAssistedSnapshotsTest:setUpClass): 201 POST http://10.180.1.21/identity/v3/projects 0.099s
2025-04-03 01:36:28.770 69363 INFO tempest.lib.common.rest_client [req-6ef24e02-cdc6-4342-a5f0-121a323d6628 req-6ef24e02-cdc6-4342-a5f0-121a323d6628 ] Request (ServerExternalEventsTest:test_create_server_external_events): 200 GET http://10.180.1.21/compute/v2.1/servers/47736cad-bc63-41b3-b550-f236c3b19354 1.297s
2025-04-03 01:36:28.787 69350 INFO tempest.lib.common.rest_client [req-a7776100-733c-4933-a3f9-903ec6477fea req-a7776100-733c-4933-a3f9-903ec6477fea ] Request (ImagesNegativeTestJSON:test_create_image_from_deleted_server): 200 GET http://10.180.1.21/compute/v2.1/servers/dee8bb25-f581-48f1-b022-6ef8e93eaf1b 1.255s
2025-04-03 01:36:28.792 69358 INFO tempest.lib.common.rest_client [req-f9b6c8ab-a1ff-46ca-9c5c-5af8a56f20f0 req-f9b6c8ab-a1ff-46ca-9c5c-5af8a56f20f0 ] Request (InstanceUsageAuditLogTestJSON:tearDownClass): 204 DELETE http://10.180.1.21/identity/v3/users/0ff48f2437e04b05a32175ffaac3d86e 0.209s
2025-04-03 01:36:28.831 69310 INFO tempest.lib.common.rest_client [req-d7737165-8b89-4641-9ccf-0dc10d04da9d req-d7737165-8b89-4641-9ccf-0dc10d04da9d ] Request (FlavorsV261TestJSON:test_crud_flavor): 200 PUT http://10.180.1.21/compute/v2.1/flavors/2033472265 1.081s
2025-04-03 01:36:28.843 69318 INFO tempest.lib.common.rest_client [req-92c4bbc6-7d95-472d-9afa-80305bde8bc7 req-92c4bbc6-7d95-472d-9afa-80305bde8bc7 ] Request (ServersAdminTestJSON:setUpClass): 201 POST http://10.180.1.21:9696/networking/v2.0/routers 2.218s
2025-04-03 01:36:28.858 69306 INFO tempest.lib.common.rest_client [req-5e23db00-cf86-4209-92d8-ac141d46a108 req-5e23db00-cf86-4209-92d8-ac141d46a108 ] Request (VolumesAssistedSnapshotsTest:setUpClass): 201 POST http://10.180.1.21/identity/v3/users 0.102s
2025-04-03 01:36:28.931 69338 INFO tempest.lib.common.rest_client [req-49c8868c-9afd-4969-b320-981db1994367 req-49c8868c-9afd-4969-b320-981db1994367 ] Request (FlavorsExtraSpecsTestJSON:test_flavor_non_admin_get_all_keys): 200 GET http://10.180.1.21/compute/v2.1/flavors/1264674756/os-extra_specs 1.359s
2025-04-03 01:36:28.943 69348 INFO tempest.lib.common.rest_client [req-2afe0ef5-a369-454c-a7d7-6e0ff0a7b256 req-2afe0ef5-a369-454c-a7d7-6e0ff0a7b256 ] Request (InstanceUsageAuditLogNegativeTestJSON:test_instance_usage_audit_logs_with_nonadmin_user): 403 GET http://10.180.1.21/compute/v2.1/os-instance_usage_audit_log/2025-04-03%2001%3A36%3A27 1.089s
2025-04-03 01:36:28.949 69358 INFO tempest.lib.common.rest_client [req-1a08d2d0-83b8-41c5-ae96-aae20396ce04 req-1a08d2d0-83b8-41c5-ae96-aae20396ce04 ] Request (InstanceUsageAuditLogTestJSON:tearDownClass): 204 DELETE http://10.180.1.21/identity/v3/users/d3e7b79aa7844495a2440b5c31de779c 0.157s
2025-04-03 01:36:28.950 69358 INFO tempest.lib.common.dynamic_creds [-] Deleting project and security group for project: 55484f3bc8364b30805e11fedb17a48d
2025-04-03 01:36:28.960 69306 INFO tempest.lib.common.rest_client [req-dbfa3871-9973-41f0-9be8-0f855e33504e req-dbfa3871-9973-41f0-9be8-0f855e33504e ] Request (VolumesAssistedSnapshotsTest:setUpClass): 200 GET http://10.180.1.21/identity/v3/roles 0.101s
2025-04-03 01:36:29.053 69348 INFO tempest.lib.common.rest_client [req-3c17351c-825a-409a-9b17-b52469aa9405 req-3c17351c-825a-409a-9b17-b52469aa9405 ] Request (InstanceUsageAuditLogNegativeTestJSON:tearDownClass): 204 DELETE http://10.180.1.21/identity/v3/users/8d57682b12fe4a3ba8b0aa7b90c4765b 0.108s
2025-04-03 01:36:29.094 69324 INFO tempest.lib.common.rest_client [req-01a81f7d-202e-4c5a-8b14-3ba8202ff5c7 req-01a81f7d-202e-4c5a-8b14-3ba8202ff5c7 ] Request (FlavorsAccessTestJSON:test_flavor_access_add_remove): 200 GET http://10.180.1.21/compute/v2.1/flavors/detail 1.099s
2025-04-03 01:36:29.111 69306 INFO tempest.lib.common.rest_client [req-74f17ff4-e73e-443b-9455-bc28368d0ca2 req-74f17ff4-e73e-443b-9455-bc28368d0ca2 ] Request (VolumesAssistedSnapshotsTest:setUpClass): 204 PUT http://10.180.1.21/identity/v3/projects/bb443fe6ae87451b97b2355996f615ac/users/392f51a92eca468b9fff0704ad0f81e7/roles/eb5b5a10aed54954b228a11905f67960 0.150s
2025-04-03 01:36:29.115 69360 INFO tempest.lib.common.rest_client [req-f20efd79-bd9f-496f-88f4-f48b2557e224 req-f20efd79-bd9f-496f-88f4-f48b2557e224 ] Request (HypervisorAdminTestJSON:test_get_hypervisor_show_details): 200 GET http://10.180.1.21/compute/v2.1/os-hypervisors 1.081s
2025-04-03 01:36:29.135 69358 INFO tempest.lib.common.rest_client [req-4df01fb9-bf31-4b93-873c-3bc28206cd85 req-4df01fb9-bf31-4b93-873c-3bc28206cd85 ] Request (InstanceUsageAuditLogTestJSON:tearDownClass): 201 POST http://10.180.1.21/identity/v3/auth/tokens 0.185s
2025-04-03 01:36:29.198 69306 INFO tempest.lib.common.rest_client [req-52a6ce33-7ef5-42df-be89-75d88b45bd39 req-52a6ce33-7ef5-42df-be89-75d88b45bd39 ] Request (VolumesAssistedSnapshotsTest:setUpClass): 200 GET http://10.180.1.21/identity/v3/roles 0.086s
2025-04-03 01:36:29.205 69348 INFO tempest.lib.common.rest_client [req-a6390365-29fd-4e7e-a801-aef806f44b63 req-a6390365-29fd-4e7e-a801-aef806f44b63 ] Request (InstanceUsageAuditLogNegativeTestJSON:tearDownClass): 204 DELETE http://10.180.1.21/identity/v3/users/11024abe7ef54ac5ad94f4c037276cbd 0.152s
2025-04-03 01:36:29.205 69348 INFO tempest.lib.common.dynamic_creds [-] Deleting project and security group for project: 0adf16708c204ea09ae27fddd24fc4c1
2025-04-03 01:36:29.210 69316 INFO tempest.lib.common.rest_client [req-a05c63ca-680f-4b15-8dc5-6c1ddf3cdbe3 req-a05c63ca-680f-4b15-8dc5-6c1ddf3cdbe3 ] Request (ImagesMetadataTestJSON:setUp): 200 PUT http://10.180.1.21/compute/v2.1/images/d58e0cf5-b598-4d6f-bd00-c3ca0fb6bc16/metadata 1.413s
2025-04-03 01:36:29.222 69332 INFO tempest.lib.common.rest_client [req-fc453da8-91b3-468f-9434-ee69001e7e0b req-fc453da8-91b3-468f-9434-ee69001e7e0b ] Request (FloatingIPsTestJSON:setUpClass): 201 POST http://10.180.1.21:9696/networking/v2.0/routers 0.932s
2025-04-03 01:36:29.264 69306 INFO tempest.lib.common.rest_client [req-aaca7c59-cf97-4d9e-a251-8dcea8fa3fb8 req-aaca7c59-cf97-4d9e-a251-8dcea8fa3fb8 ] Request (VolumesAssistedSnapshotsTest:setUpClass): 204 PUT http://10.180.1.21/identity/v3/projects/bb443fe6ae87451b97b2355996f615ac/users/392f51a92eca468b9fff0704ad0f81e7/roles/40cc5756cb9447508acb9f03ff829f3f 0.066s
2025-04-03 01:36:29.265 69306 INFO tempest.lib.common.dynamic_creds [-] Dynamic test user 392f51a92eca468b9fff0704ad0f81e7 is created with scope project and roles: ['service', 'admin']
2025-04-03 01:36:29.265 69306 INFO tempest.lib.common.dynamic_creds [-] Acquired dynamic creds: credentials: Credentials: {'domain_id': 'default', 'domain_name': 'Default', 'username': 'tempest-VolumesAssistedSnapshotsTest-1936570715-project', 'project_domain_id': 'default', 'project_domain_name': 'Default', 'project_id': 'bb443fe6ae87451b97b2355996f615ac', 'project_name': 'tempest-VolumesAssistedSnapshotsTest-1936570715', 'tenant_id': 'bb443fe6ae87451b97b2355996f615ac', 'tenant_name': 'tempest-VolumesAssistedSnapshotsTest-1936570715', 'user_domain_id': 'default', 'user_domain_name': 'Default', 'user_id': '392f51a92eca468b9fff0704ad0f81e7', 'system': None}, Network: None, Subnet: None, Router: None
2025-04-03 01:36:29.322 69348 INFO tempest.lib.common.rest_client [req-f974284e-19d6-4000-985e-287a78567d52 req-f974284e-19d6-4000-985e-287a78567d52 ] Request (InstanceUsageAuditLogNegativeTestJSON:tearDownClass): 201 POST http://10.180.1.21/identity/v3/auth/tokens 0.116s
2025-04-03 01:36:29.406 69365 INFO tempest.lib.common.rest_client [req-135839e0-624f-486a-86cd-e39be7944f4a req-135839e0-624f-486a-86cd-e39be7944f4a ] Request (ServersWithSpecificFlavorTestJSON:setUpClass): 200 PUT http://10.180.1.21:9696/networking/v2.0/routers/1f188f48-869b-423d-9892-e8d5dd82fc21/add_router_interface 2.909s
