2025-04-03 01:37:23.864 69350 INFO tempest.lib.common.rest_client [req-9eb29a18-955f-4320-a477-a493cebc152e req-9eb29a18-955f-4320-a477-a493cebc152e ] Request (ImagesNegativeTestJSON:tearDownClass): 404 DELETE http://10.180.1.21/compute/v2.1/servers/dee8bb25-f581-48f1-b022-6ef8e93eaf1b 1.170s
2025-04-03 01:37:23.889 69334 INFO tempest.lib.common.rest_client [req-94aead31-78b7-41b5-b98c-8d04cfa4ef1f req-94aead31-78b7-41b5-b98c-8d04cfa4ef1f ] Request (FlavorsAdminTestJSON:test_is_public_string_variations): 200 GET http://10.180.1.21/compute/v2.1/flavors/detail?is_public=yes 1.158s
2025-04-03 01:37:23.937 69356 INFO tempest.lib.common.rest_client [req-52e307dc-d1d3-4173-b219-8e7974e8a268 req-52e307dc-d1d3-4173-b219-8e7974e8a268 ] Request (ServerPasswordTestJSON:setUpClass): 200 GET http://10.180.1.21/compute/v2.1/servers/bfbf86b9-287b-42d2-b7a4-2bc718e2d419 1.376s
2025-04-03 01:37:23.943 69365 WARNING tempest.lib.common.ssh [-] Failed to establish authenticated ssh connection to cirros@10.180.180.216 ([Errno None] Unable to connect to port 22 on 10.180.180.216). Number attempts: 1. Retry after 2 seconds.: paramiko.ssh_exception.NoValidConnectionsError: [Errno None] Unable to connect to port 22 on 10.180.180.216
2025-04-03 01:37:23.946 69363 INFO tempest.lib.common.rest_client [req-4d76d40c-3681-4f52-9160-1fc823b5791c req-4d76d40c-3681-4f52-9160-1fc823b5791c ] Request (ServerRescueTestJSON:setUpClass): 201 POST http://10.180.1.21/identity/v3/auth/tokens 0.127s
2025-04-03 01:37:23.966 69322 INFO tempest.lib.common.rest_client [req-d1c1e9c3-9e6a-4ee8-8f44-6adcab4ac7ed req-d1c1e9c3-9e6a-4ee8-8f44-6adcab4ac7ed ] Request (ServicesAdminNegativeV253TestJSON:tearDownClass): 204 DELETE http://10.180.1.21:9696/networking/v2.0/security-groups/6336bd73-400d-4235-8b25-4f5eb595db09 0.215s
2025-04-03 01:37:23.980 69324 INFO tempest.lib.common.rest_client [req-382ec7e1-906a-4518-b7e1-97bda1321920 req-382ec7e1-906a-4518-b7e1-97bda1321920 ] Request (ServerTagsTestJSON:setUpClass): 200 GET http://10.180.1.21/identity/v3/domains?name=Default 0.195s
2025-04-03 01:37:23.981 69363 INFO tempest.lib.common.rest_client [req-4bd86305-693d-4c1b-92a8-46200027e546 req-4bd86305-693d-4c1b-92a8-46200027e546 ] Request (ServerRescueTestJSON:setUpClass): 200 GET http://10.180.1.21/identity/v3/domains?name=Default 0.035s
2025-04-03 01:37:23.996 69320 INFO tempest.lib.common.rest_client [req-ad32ce65-167b-42cd-8002-f7aeca0deb5c req-ad32ce65-167b-42cd-8002-f7aeca0deb5c ] Request (FloatingIPsAssociationNegativeTestJSON:setUpClass): 200 GET http://10.180.1.21/compute/v2.1/servers/ac02742b-60e7-49d2-98eb-8c2d8528796c 1.200s
2025-04-03 01:37:24.027 69324 INFO tempest.lib.common.rest_client [req-ac10e98f-91aa-4932-9f8f-02d5075aefc0 req-ac10e98f-91aa-4932-9f8f-02d5075aefc0 ] Request (ServerTagsTestJSON:setUpClass): 201 POST http://10.180.1.21/identity/v3/projects 0.047s
2025-04-03 01:37:24.043 69340 INFO tempest.lib.common.rest_client [req-19b3a61e-7c36-47ef-9337-ce35f65d65fa req-19b3a61e-7c36-47ef-9337-ce35f65d65fa ] Request (FloatingIPsAssociationTestJSON:setUpClass): 200 GET http://10.180.1.21/compute/v2.1/servers/726ad389-fe57-4903-ae96-b864e81f98ee 1.300s
2025-04-03 01:37:24.053 69322 INFO tempest.lib.common.rest_client [req-31322015-3b06-4bc9-a632-bc58be8917ca req-31322015-3b06-4bc9-a632-bc58be8917ca ] Request (ServicesAdminNegativeV253TestJSON:tearDownClass): 204 DELETE http://10.180.1.21/identity/v3/projects/db924901d1ef42468c5eadbbee2f005c 0.087s
2025-04-03 01:37:24.067 69342 INFO tempest.lib.common.rest_client [req-562101da-3e10-4888-8d2b-c5c248f0d3ce req-562101da-3e10-4888-8d2b-c5c248f0d3ce ] Request (AggregatesAdminNegativeTestJSON:_run_cleanups): 200 DELETE http://10.180.1.21/compute/v2.1/os-aggregates/8 1.045s
2025-04-03 01:37:24.112 69314 INFO tempest.lib.common.rest_client [req-e147334a-bcbb-4036-8a91-db95d817f96b req-e147334a-bcbb-4036-8a91-db95d817f96b ] Request (ImagesOneServerNegativeTestJSON:test_create_second_image_when_first_image_is_being_saved): 409 POST http://10.180.1.21/compute/v2.1/servers/d9dc5466-dbca-4a5e-9206-528bddc6c468/action 0.853s
2025-04-03 01:37:24.117 69324 INFO tempest.lib.common.rest_client [req-852c5af2-a765-4bf0-80e7-4a57c9d5101d req-852c5af2-a765-4bf0-80e7-4a57c9d5101d ] Request (ServerTagsTestJSON:setUpClass): 201 POST http://10.180.1.21/identity/v3/users 0.088s
2025-04-03 01:37:24.147 69322 INFO tempest.lib.common.rest_client [req-d6552aea-0222-4e62-b5ed-e4890242a2b0 req-d6552aea-0222-4e62-b5ed-e4890242a2b0 ] Request (MultipleCreateTestJSON:setUpClass): 201 POST http://10.180.1.21/identity/v3/auth/tokens 0.092s
2025-04-03 01:37:24.221 69342 INFO tempest.lib.common.rest_client [req-1e9acc42-bc81-4d92-bcec-a838ab18454c req-1e9acc42-bc81-4d92-bcec-a838ab18454c ] Request (AggregatesAdminNegativeTestJSON:tearDownClass): 204 DELETE http://10.180.1.21/identity/v3/users/63e6b4448e1141e886f96a79ac1239c3 0.153s
2025-04-03 01:37:24.275 69363 INFO tempest.lib.common.rest_client [req-7952dcba-a2d7-4436-b516-a67aea916a66 req-7952dcba-a2d7-4436-b516-a67aea916a66 ] Request (ServerRescueTestJSON:setUpClass): 201 POST http://10.180.1.21/identity/v3/projects 0.293s
2025-04-03 01:37:24.285 69324 INFO tempest.lib.common.rest_client [req-99af22ec-acbd-4873-ae6b-c6770553a97e req-99af22ec-acbd-4873-ae6b-c6770553a97e ] Request (ServerTagsTestJSON:setUpClass): 200 GET http://10.180.1.21/identity/v3/roles 0.167s
2025-04-03 01:37:24.289 69346 INFO tempest.lib.common.rest_client [req-e43998bc-2d4e-479f-974b-959e75ac9d1d req-e43998bc-2d4e-479f-974b-959e75ac9d1d ] Request (SecurityGroupRulesNegativeTestJSON:tearDownClass): 200 PUT http://10.180.1.21:9696/networking/v2.0/routers/42936c69-698b-4297-9f55-609b16ba6535/remove_router_interface 1.984s
2025-04-03 01:37:24.353 69322 INFO tempest.lib.common.rest_client [req-1fcc603c-da49-414d-8993-7493571d85b9 req-1fcc603c-da49-414d-8993-7493571d85b9 ] Request (MultipleCreateTestJSON:setUpClass): 201 POST http://10.180.1.21/identity/v3/auth/tokens 0.197s
2025-04-03 01:37:24.389 69342 INFO tempest.lib.common.rest_client [req-02408574-6832-4bba-a637-f5dafc557c50 req-02408574-6832-4bba-a637-f5dafc557c50 ] Request (AggregatesAdminNegativeTestJSON:tearDownClass): 204 DELETE http://10.180.1.21/identity/v3/users/3f07362026814d59ae41cf80d06aaba9 0.167s
2025-04-03 01:37:24.390 69344 INFO tempest.lib.common.rest_client [req-e32e5ea5-db86-48b9-9644-1d766fbb8e9c req-e32e5ea5-db86-48b9-9644-1d766fbb8e9c ] Request (TenantUsagesTestJSON:tearDownClass): 200 GET http://10.180.1.21:9696/networking/v2.0/security-groups?tenant_id=9f5555e310bf49ab85cf6a0f9c3a8507&name=default 0.614s
2025-04-03 01:37:24.392 69342 INFO tempest.lib.common.dynamic_creds [-] Deleting project and security group for project: d8f44fbe57e14f20afa4ece743db563d
2025-04-03 01:37:24.423 69363 INFO tempest.lib.common.rest_client [req-f05e41f2-1669-4de8-9a2d-6aa7fe47656f req-f05e41f2-1669-4de8-9a2d-6aa7fe47656f ] Request (ServerRescueTestJSON:setUpClass): 201 POST http://10.180.1.21/identity/v3/users 0.148s
2025-04-03 01:37:24.449 69322 INFO tempest.lib.common.rest_client [req-3b6fad6a-f0b6-44d6-acb1-22a20dce3bcf req-3b6fad6a-f0b6-44d6-acb1-22a20dce3bcf ] Request (MultipleCreateTestJSON:setUpClass): 200 GET http://10.180.1.21/identity/v3/domains?name=Default 0.094s
2025-04-03 01:37:24.454 69324 INFO tempest.lib.common.rest_client [req-839f040a-0ebb-4ed1-8fdd-4d94f16581db req-839f040a-0ebb-4ed1-8fdd-4d94f16581db ] Request (ServerTagsTestJSON:setUpClass): 204 PUT http://10.180.1.21/identity/v3/projects/99ddce27c06142ffbfcd45eaec93cdcb/users/901e09eb67f9487daf44b6397b8a0cc4/roles/522ee54b43c44d53a0ed230a5cdc46a5 0.169s
2025-04-03 01:37:24.454 69324 INFO tempest.lib.common.dynamic_creds [-] Dynamic test user 901e09eb67f9487daf44b6397b8a0cc4 is created with scope project and roles: ['member']
2025-04-03 01:37:24.455 69324 INFO tempest.lib.common.dynamic_creds [-] Acquired dynamic creds: credentials: Credentials: {'domain_id': 'default', 'domain_name': 'Default', 'username': 'tempest-ServerTagsTestJSON-1540633373-project-member', 'project_domain_id': 'default', 'project_domain_name': 'Default', 'project_id': '99ddce27c06142ffbfcd45eaec93cdcb', 'project_name': 'tempest-ServerTagsTestJSON-1540633373', 'tenant_id': '99ddce27c06142ffbfcd45eaec93cdcb', 'tenant_name': 'tempest-ServerTagsTestJSON-1540633373', 'user_domain_id': 'default', 'user_domain_name': 'Default', 'user_id': '901e09eb67f9487daf44b6397b8a0cc4', 'system': None}, Network: None, Subnet: None, Router: None
2025-04-03 01:37:24.485 69354 INFO tempest.lib.common.rest_client [req-844e6546-0462-4e2d-8a39-aa7994000d4a req-844e6546-0462-4e2d-8a39-aa7994000d4a ] Request (ValidationResourcesFixture:setUp): 201 POST http://10.180.1.21:9696/networking/v2.0/floatingips 1.491s
2025-04-03 01:37:24.485 69348 INFO tempest.lib.common.rest_client [req-a9bdc58c-25c8-4af0-acd7-fc619939f5d8 req-a9bdc58c-25c8-4af0-acd7-fc619939f5d8 ] Request (DeleteServersTestJSON:test_delete_active_server): 200 GET http://10.180.1.21/compute/v2.1/servers/4b0b0870-1278-46f6-a1f7-b342a228de6b 1.470s
2025-04-03 01:37:24.494 69348 INFO tempest.common.waiters [-] State transition "BUILD/spawning" ==> "ACTIVE/None" after 28 second wait
2025-04-03 01:37:24.505 69342 INFO tempest.lib.common.rest_client [req-8a6da253-9f06-4971-9277-5cea9e299460 req-8a6da253-9f06-4971-9277-5cea9e299460 ] Request (AggregatesAdminNegativeTestJSON:tearDownClass): 201 POST http://10.180.1.21/identity/v3/auth/tokens 0.112s
2025-04-03 01:37:24.520 69363 INFO tempest.lib.common.rest_client [req-3c6bf8a5-19b6-403d-95d5-e94ada548671 req-3c6bf8a5-19b6-403d-95d5-e94ada548671 ] Request (ServerRescueTestJSON:setUpClass): 200 GET http://10.180.1.21/identity/v3/roles 0.096s
2025-04-03 01:37:24.532 69322 INFO tempest.lib.common.rest_client [req-57cb5d60-a9d1-473d-b1c0-201cd1bada7e req-57cb5d60-a9d1-473d-b1c0-201cd1bada7e ] Request (MultipleCreateTestJSON:setUpClass): 201 POST http://10.180.1.21/identity/v3/projects 0.083s
2025-04-03 01:37:24.556 69338 INFO tempest.lib.common.rest_client [req-71333e0c-0abd-416a-8c0b-a227e0466a66 req-71333e0c-0abd-416a-8c0b-a227e0466a66 ] Request (ServerActionsTestOtherB:setUpClass): 200 PUT http://10.180.1.21:9696/networking/v2.0/routers/0fd25a42-41a0-4bd6-a4cf-6b82d9bcab94/add_router_interface 2.883s
2025-04-03 01:37:24.556 69338 INFO tempest.lib.common.dynamic_creds [-] Created isolated network resources for: credentials: Credentials: {'domain_id': 'default', 'domain_name': 'Default', 'username': 'tempest-ServerActionsTestOtherB-820027567-project-member', 'project_domain_id': 'default', 'project_domain_name': 'Default', 'project_id': '76eb176ab19c4d8bb2fbb931d079a92d', 'project_name': 'tempest-ServerActionsTestOtherB-820027567', 'tenant_id': '76eb176ab19c4d8bb2fbb931d079a92d', 'tenant_name': 'tempest-ServerActionsTestOtherB-820027567', 'user_domain_id': 'default', 'user_domain_name': 'Default', 'user_id': 'aa36c5d8288549acbf81f2f3608d8497', 'system': None}, Network: {'id': '7401a1d9-2b18-4a3e-ac4a-53d6b610740a', 'name': 'tempest-ServerActionsTestOtherB-2117522141-network', 'tenant_id': '76eb176ab19c4d8bb2fbb931d079a92d', 'admin_state_up': True, 'mtu': 8950, 'status': 'ACTIVE', 'subnets': [], 'shared': False, 'project_id': '76eb176ab19c4d8bb2fbb931d079a92d', 'port_security_enabled': True, 'router:external': False, 'provider:network_type': 'vlan', 'provider:physical_network': 'default', 'provider:segmentation_id': 801, 'availability_zone_hints': [], 'availability_zones': [], 'ipv4_address_scope': None, 'ipv6_address_scope': None, 'description': '', 'tags': [], 'created_at': '2025-04-03T01:37:20Z', 'updated_at': '2025-04-03T01:37:20Z', 'revision_number': 1}, Subnet: {'id': 'cfe75bdd-e8a3-447a-b05c-1a28b318a167', 'name': 'tempest-ServerActionsTestOtherB-2117522141-subnet', 'tenant_id': '76eb176ab19c4d8bb2fbb931d079a92d', 'network_id': '7401a1d9-2b18-4a3e-ac4a-53d6b610740a', 'ip_version': 4, 'subnetpool_id': None, 'enable_dhcp': True, 'ipv6_ra_mode': None, 'ipv6_address_mode': None, 'gateway_ip': '192.168.128.1', 'cidr': '192.168.128.0/28', 'allocation_pools': [{'start': '192.168.128.2', 'end': '192.168.128.14'}], 'host_routes': [], 'dns_nameservers': [], 'description': '', 'router:external': False, 'service_types': [], 'tags': [], 'created_at': '2025-04-03T01:37:20Z', 'updated_at': '2025-04-03T01:37:20Z', 'revision_number': 0, 'project_id': '76eb176ab19c4d8bb2fbb931d079a92d'}, Router: {'id': '0fd25a42-41a0-4bd6-a4cf-6b82d9bcab94', 'name': 'tempest-ServerActionsTestOtherB-2117522141-router', 'tenant_id': '76eb176ab19c4d8bb2fbb931d079a92d', 'admin_state_up': True, 'status': 'ACTIVE', 'external_gateway_info': {'network_id': '0cabdd36-8335-4dc0-8bb7-90518f0dd596', 'external_fixed_ips': [{'subnet_id': '9b64a2c6-a737-4153-a17f-b0c5e2b133be', 'ip_address': '10.180.180.160'}], 'enable_snat': True}, 'description': '', 'availability_zones': [], 'distributed': False, 'ha': False, 'availability_zone_hints': [], 'routes': [], 'flavor_id': None, 'tags': [], 'created_at': '2025-04-03T01:37:20Z', 'updated_at': '2025-04-03T01:37:21Z', 'revision_number': 2, 'project_id': '76eb176ab19c4d8bb2fbb931d079a92d'}
2025-04-03 01:37:24.567 69358 INFO tempest.lib.common.rest_client [req-f618bcce-e645-4014-8703-38cb9759822d req-f618bcce-e645-4014-8703-38cb9759822d ] Request (AttachInterfacesV270Test:test_create_get_list_interfaces): 200 GET http://10.180.1.21/compute/v2.1/servers/a9aebc16-675d-4cc5-b444-09a42de7d9d3 1.027s
2025-04-03 01:37:24.588 69354 INFO tempest.lib.common.rest_client [req-f5df3152-6be7-4a1c-abab-fe647d8805f8 req-f5df3152-6be7-4a1c-abab-fe647d8805f8 ] Request (AttachVolumeShelveTestJSON:test_attach_volume_shelved_or_offload_server): 201 POST http://10.180.1.21/identity/v3/auth/tokens 0.098s
2025-04-03 01:37:24.589 69354 INFO tempest.lib.common.fixed_network [-] (AttachVolumeShelveTestJSON:test_attach_volume_shelved_or_offload_server) Found network {'id': '9ca87df8-8e05-4b79-b80e-4cf43ea9924d', 'name': 'tempest-AttachVolumeShelveTestJSON-1105363773-network', 'tenant_id': '2718dfffa9d842e5926d2b51b0ebd585', 'admin_state_up': True, 'mtu': 8950, 'status': 'ACTIVE', 'subnets': [], 'shared': False, 'project_id': '2718dfffa9d842e5926d2b51b0ebd585', 'port_security_enabled': True, 'router:external': False, 'provider:network_type': 'vlan', 'provider:physical_network': 'default', 'provider:segmentation_id': 77, 'availability_zone_hints': [], 'availability_zones': [], 'ipv4_address_scope': None, 'ipv6_address_scope': None, 'description': '', 'tags': [], 'created_at': '2025-04-03T01:37:16Z', 'updated_at': '2025-04-03T01:37:16Z', 'revision_number': 1} available for tenant
2025-04-03 01:37:24.599 69324 INFO tempest.lib.common.rest_client [req-5500a172-5562-4fe9-a050-5702936bbf78 req-5500a172-5562-4fe9-a050-5702936bbf78 ] Request (ServerTagsTestJSON:setUpClass): 201 POST http://10.180.1.21/identity/v3/auth/tokens 0.143s
2025-04-03 01:37:24.621 69363 INFO tempest.lib.common.rest_client [req-ffde798b-3c89-4b13-abe8-07745044d677 req-ffde798b-3c89-4b13-abe8-07745044d677 ] Request (ServerRescueTestJSON:setUpClass): 204 PUT http://10.180.1.21/identity/v3/projects/57b1524513cf4c0194db2e58a63ddd92/users/7d932d1587e34ba6be1e23514512585c/roles/522ee54b43c44d53a0ed230a5cdc46a5 0.101s
2025-04-03 01:37:24.621 69363 INFO tempest.lib.common.dynamic_creds [-] Dynamic test user 7d932d1587e34ba6be1e23514512585c is created with scope project and roles: ['member']
2025-04-03 01:37:24.621 69363 INFO tempest.lib.common.dynamic_creds [-] Acquired dynamic creds: credentials: Credentials: {'domain_id': 'default', 'domain_name': 'Default', 'username': 'tempest-ServerRescueTestJSON-5120650-project-member', 'project_domain_id': 'default', 'project_domain_name': 'Default', 'project_id': '57b1524513cf4c0194db2e58a63ddd92', 'project_name': 'tempest-ServerRescueTestJSON-5120650', 'tenant_id': '57b1524513cf4c0194db2e58a63ddd92', 'tenant_name': 'tempest-ServerRescueTestJSON-5120650', 'user_domain_id': 'default', 'user_domain_name': 'Default', 'user_id': '7d932d1587e34ba6be1e23514512585c', 'system': None}, Network: None, Subnet: None, Router: None
2025-04-03 01:37:24.684 69322 INFO tempest.lib.common.rest_client [req-c71b640f-ad08-4c8f-8113-1798a359ed27 req-c71b640f-ad08-4c8f-8113-1798a359ed27 ] Request (MultipleCreateTestJSON:setUpClass): 201 POST http://10.180.1.21/identity/v3/users 0.151s
2025-04-03 01:37:24.738 69363 INFO tempest.lib.common.rest_client [req-69fa938e-3694-4065-a1a7-3efe62497d22 req-69fa938e-3694-4065-a1a7-3efe62497d22 ] Request (ServerRescueTestJSON:setUpClass): 201 POST http://10.180.1.21/identity/v3/auth/tokens 0.116s
2025-04-03 01:37:24.759 69338 INFO tempest.lib.common.rest_client [req-c0243877-4336-4660-a4cc-3f357d7b3232 req-c0243877-4336-4660-a4cc-3f357d7b3232 ] Request (ServerActionsTestOtherB:setUpClass): 201 POST http://10.180.1.21/identity/v3/auth/tokens 0.199s
2025-04-03 01:37:24.782 69322 INFO tempest.lib.common.rest_client [req-6a8cbf8c-c135-4d23-8251-e1fade40a3ea req-6a8cbf8c-c135-4d23-8251-e1fade40a3ea ] Request (MultipleCreateTestJSON:setUpClass): 200 GET http://10.180.1.21/identity/v3/roles 0.097s
2025-04-03 01:37:24.821 69360 INFO tempest.lib.common.rest_client [req-3858c664-d65a-44ac-b274-c6ff1f9415b5 req-3858c664-d65a-44ac-b274-c6ff1f9415b5 ] Request (KeyPairsV22TestJSON:test_keypairsv22_create_list_show_with_type): 201 POST http://10.180.1.21/compute/v2.1/os-keypairs 1.516s
2025-04-03 01:37:24.829 69322 INFO tempest.lib.common.rest_client [req-cdf78b0b-6e73-45d1-93d4-97d93aeacb3a req-cdf78b0b-6e73-45d1-93d4-97d93aeacb3a ] Request (MultipleCreateTestJSON:setUpClass): 204 PUT http://10.180.1.21/identity/v3/projects/a4ad03978d0544fe99997746bd5902a9/users/520965cd95c649afbd4de5e4164c0848/roles/522ee54b43c44d53a0ed230a5cdc46a5 0.046s
2025-04-03 01:37:24.830 69322 INFO tempest.lib.common.dynamic_creds [-] Dynamic test user 520965cd95c649afbd4de5e4164c0848 is created with scope project and roles: ['member']
2025-04-03 01:37:24.830 69322 INFO tempest.lib.common.dynamic_creds [-] Acquired dynamic creds: credentials: Credentials: {'domain_id': 'default', 'domain_name': 'Default', 'username': 'tempest-MultipleCreateTestJSON-1574280074-project-member', 'project_domain_id': 'default', 'project_domain_name': 'Default', 'project_id': 'a4ad03978d0544fe99997746bd5902a9', 'project_name': 'tempest-MultipleCreateTestJSON-1574280074', 'tenant_id': 'a4ad03978d0544fe99997746bd5902a9', 'tenant_name': 'tempest-MultipleCreateTestJSON-1574280074', 'user_domain_id': 'default', 'user_domain_name': 'Default', 'user_id': '520965cd95c649afbd4de5e4164c0848', 'system': None}, Network: None, Subnet: None, Router: None
2025-04-03 01:37:24.916 69344 INFO tempest.lib.common.rest_client [req-a22f7906-7a19-4926-9a5a-3e949ddd8b7d req-a22f7906-7a19-4926-9a5a-3e949ddd8b7d ] Request (TenantUsagesTestJSON:tearDownClass): 204 DELETE http://10.180.1.21:9696/networking/v2.0/security-groups/07e2090b-1778-493e-92e1-a780e856aee4 0.525s
2025-04-03 01:37:24.925 69304 INFO tempest.lib.common.rest_client [req-258579e7-8d16-4b6d-ac2e-8f78c7303cd1 req-258579e7-8d16-4b6d-ac2e-8f78c7303cd1 ] Request (MigrationsAdminTest:test_list_migrations_in_flavor_resize_situation): 200 GET http://10.180.1.21/compute/v2.1/servers/2da173fe-12dc-4a74-a960-6d9de52f3c34 1.362s
2025-04-03 01:37:24.935 69322 INFO tempest.lib.common.rest_client [req-3f72c322-8870-4b0e-8086-227064c73073 req-3f72c322-8870-4b0e-8086-227064c73073 ] Request (MultipleCreateTestJSON:setUpClass): 201 POST http://10.180.1.21/identity/v3/auth/tokens 0.105s
2025-04-03 01:37:25.017 69330 INFO tempest.lib.common.rest_client [req-79f8f989-f722-480e-9e12-545de1c7085b req-79f8f989-f722-480e-9e12-545de1c7085b ] Request (VolumesAdminNegativeTest:test_update_attached_volume_with_nonexistent_volume_in_body): 200 GET http://10.180.1.21/compute/v2.1/servers/f5411fb2-8f1a-435e-96ef-71dbcc3dcdf2/os-interface 1.397s
2025-04-03 01:37:25.037 69332 INFO tempest.lib.common.rest_client [req-8a454a5a-77b7-41c1-8019-7b54a47503a7 req-8a454a5a-77b7-41c1-8019-7b54a47503a7 ] Request (SecurityGroupsTestJSON:test_list_security_groups_by_server): 200 GET http://10.180.1.21/compute/v2.1/servers/02d045d7-db1a-4213-9041-a65a07bd5341 1.337s
2025-04-03 01:37:25.064 69344 INFO tempest.lib.common.rest_client [req-8cba69ab-42f0-47c3-b967-c359939d4058 req-8cba69ab-42f0-47c3-b967-c359939d4058 ] Request (TenantUsagesTestJSON:tearDownClass): 204 DELETE http://10.180.1.21/identity/v3/projects/9f5555e310bf49ab85cf6a0f9c3a8507 0.148s
2025-04-03 01:37:25.064 69344 INFO tempest.lib.common.dynamic_creds [-] Deleting project and security group for project: 6afce9fe31264149b7b31634b4b1f094
2025-04-03 01:37:25.066 69350 INFO tempest.lib.common.rest_client [req-079d6fe4-4c6f-4c24-9edb-005e02ff4ddf req-079d6fe4-4c6f-4c24-9edb-005e02ff4ddf ] Request (ImagesNegativeTestJSON:tearDownClass): 404 GET http://10.180.1.21/compute/v2.1/servers/dee8bb25-f581-48f1-b022-6ef8e93eaf1b 1.202s
2025-04-03 01:37:25.094 69334 INFO tempest.lib.common.rest_client [req-4444b4a4-a023-417f-b7c1-3797a55b4cec req-4444b4a4-a023-417f-b7c1-3797a55b4cec ] Request (FlavorsAdminTestJSON:test_is_public_string_variations): 200 GET http://10.180.1.21/compute/v2.1/flavors/detail?is_public=1 1.198s
2025-04-03 01:37:25.109 69346 INFO tempest.lib.common.rest_client [req-a3d95d18-0065-44c5-a7df-8f92043bccd3 req-a3d95d18-0065-44c5-a7df-8f92043bccd3 ] Request (SecurityGroupRulesNegativeTestJSON:tearDownClass): 204 DELETE http://10.180.1.21:9696/networking/v2.0/routers/42936c69-698b-4297-9f55-609b16ba6535 0.819s
2025-04-03 01:37:25.156 69342 INFO tempest.lib.common.rest_client [req-39389fd2-31aa-45cb-8e8b-17cd72c3efa8 req-39389fd2-31aa-45cb-8e8b-17cd72c3efa8 ] Request (AggregatesAdminNegativeTestJSON:tearDownClass): 200 GET http://10.180.1.21:9696/networking/v2.0/security-groups?tenant_id=d8f44fbe57e14f20afa4ece743db563d&name=default 0.651s
2025-04-03 01:37:25.188 69352 INFO tempest.lib.common.rest_client [req-f90bc636-0383-4099-8d22-2f759cb9417a req-f90bc636-0383-4099-8d22-2f759cb9417a ] Request (ServerDiagnosticsTest:tearDownClass): 200 GET http://10.180.1.21/compute/v2.1/servers/f2e8b80e-a3dc-4203-8927-1b6837e60cfc 1.186s
2025-04-03 01:37:25.218 69344 INFO tempest.lib.common.rest_client [req-878a3057-2d58-496c-b7d6-892735941d29 req-878a3057-2d58-496c-b7d6-892735941d29 ] Request (TenantUsagesTestJSON:tearDownClass): 200 GET http://10.180.1.21:9696/networking/v2.0/security-groups?tenant_id=6afce9fe31264149b7b31634b4b1f094&name=default 0.153s
2025-04-03 01:37:25.296 69314 INFO tempest.lib.common.rest_client [req-db1a03fe-a6d8-449b-8775-994ad352f6d1 req-db1a03fe-a6d8-449b-8775-994ad352f6d1 ] Request (ImagesOneServerNegativeTestJSON:test_create_second_image_when_first_image_is_being_saved): 204 DELETE http://10.180.1.21/compute/v2.1/images/c4c0a4dd-3a82-4e71-aaf1-d8607e085ca8 1.183s
2025-04-03 01:37:25.407 69367 INFO tempest.lib.common.rest_client [req-97664120-6c58-45ea-afda-e5556807aa0b req-97664120-6c58-45ea-afda-e5556807aa0b ] Request (ServersListShow296Test:tearDownClass): 200 GET http://10.180.1.21/compute/v2.1/servers/529dc504-f32a-40e2-b68a-e0ef8cf9dfe5 1.241s
2025-04-03 01:37:25.482 69328 INFO tempest.lib.common.rest_client [req-325e3119-a537-4237-bbc9-12dae37692b1 req-325e3119-a537-4237-bbc9-12dae37692b1 ] Request (DeleteServersAdminTestJSON:test_delete_server_while_in_error_state): 200 GET http://10.180.1.21/compute/v2.1/servers/09e4ff86-b908-44b4-8bdb-40aec1d09aa8 1.233s
2025-04-03 01:37:25.497 69328 INFO tempest.common.waiters [-] State transition "BUILD/scheduling" ==> "BUILD/None" after 7 second wait
2025-04-03 01:37:25.502 69363 INFO tempest.lib.common.rest_client [req-9d7ad130-b77a-479a-9e48-7dc049e8596b req-9d7ad130-b77a-479a-9e48-7dc049e8596b ] Request (ServerRescueTestJSON:setUpClass): 201 POST http://10.180.1.21:9696/networking/v2.0/networks 0.764s
2025-04-03 01:37:25.512 69324 INFO tempest.lib.common.rest_client [req-8a2fddb3-802e-4a88-b32d-91c1ab7dd00f req-8a2fddb3-802e-4a88-b32d-91c1ab7dd00f ] Request (ServerTagsTestJSON:setUpClass): 201 POST http://10.180.1.21:9696/networking/v2.0/networks 0.913s
2025-04-03 01:37:25.547 69346 INFO tempest.lib.common.rest_client [req-ae78abd0-ddeb-4ea3-808e-49014ed5b5bf req-ae78abd0-ddeb-4ea3-808e-49014ed5b5bf ] Request (SecurityGroupRulesNegativeTestJSON:tearDownClass): 204 DELETE http://10.180.1.21:9696/networking/v2.0/subnets/07692084-d82e-4e2b-8e17-4f1fe98b74fe 0.437s
2025-04-03 01:37:25.550 69344 INFO tempest.lib.common.rest_client [req-cd5435ad-1b30-4f02-ba27-ce083dbaf7a4 req-cd5435ad-1b30-4f02-ba27-ce083dbaf7a4 ] Request (TenantUsagesTestJSON:tearDownClass): 204 DELETE http://10.180.1.21:9696/networking/v2.0/security-groups/2aed366d-2a1c-407f-8cb2-c3efbcfea86e 0.331s
2025-04-03 01:37:25.551 69326 INFO tempest.lib.common.rest_client [req-e4620510-4021-4056-b630-2ca0b6bf99b0 req-e4620510-4021-4056-b630-2ca0b6bf99b0 ] Request (SecurityGroupRulesTestJSON:test_security_group_rules_delete_when_peer_group_deleted): 200 POST http://10.180.1.21/compute/v2.1/os-security-groups 1.827s
2025-04-03 01:37:25.578 69342 INFO tempest.lib.common.rest_client [req-66a5bc74-2e20-4a38-aa2a-a85ea87e32cf req-66a5bc74-2e20-4a38-aa2a-a85ea87e32cf ] Request (AggregatesAdminNegativeTestJSON:tearDownClass): 204 DELETE http://10.180.1.21:9696/networking/v2.0/security-groups/c6123cb6-89b6-4743-be48-f255fe755f33 0.421s
2025-04-03 01:37:25.591 69316 INFO tempest.lib.common.rest_client [req-3a4bf5eb-da05-4207-b1c7-453d951f1594 req-3a4bf5eb-da05-4207-b1c7-453d951f1594 ] Request (ListServersNegativeTestJSON:setUpClass): 200 GET http://10.180.1.21/compute/v2.1/servers/d5367501-1cdd-4d5a-8601-8114e335684a 1.235s
2025-04-03 01:37:25.638 69310 INFO tempest.lib.common.rest_client [req-755b17a8-8026-4f28-ad7b-dcaa5c04cb60 req-755b17a8-8026-4f28-ad7b-dcaa5c04cb60 ] Request (ServersTestBootFromVolume:setUpClass): 200 GET http://10.180.1.21/compute/v2.1/servers/605d203a-812f-4cfd-be70-36299038162c 1.211s
2025-04-03 01:37:25.649 69310 INFO tempest.common.waiters [-] State transition "BUILD/scheduling" ==> "BUILD/None" after 6 second wait
2025-04-03 01:37:25.669 69344 INFO tempest.lib.common.rest_client [req-4109e082-1b4c-4497-925a-a2d56c0cac32 req-4109e082-1b4c-4497-925a-a2d56c0cac32 ] Request (TenantUsagesTestJSON:tearDownClass): 204 DELETE http://10.180.1.21/identity/v3/projects/6afce9fe31264149b7b31634b4b1f094 0.118s
2025-04-03 01:37:25.699 69348 INFO tempest.lib.common.rest_client [req-cfe0468b-8f9e-4c9d-9775-3427508dcdc5 req-cfe0468b-8f9e-4c9d-9775-3427508dcdc5 ] Request (DeleteServersTestJSON:test_delete_active_server): 204 DELETE http://10.180.1.21/compute/v2.1/servers/4b0b0870-1278-46f6-a1f7-b342a228de6b 1.200s
2025-04-03 01:37:25.713 69344 INFO tempest.lib.common.rest_client [req-26af29b8-c507-405f-bd9f-4c9fc5144d6f req-26af29b8-c507-405f-bd9f-4c9fc5144d6f ] Request (ImagesTestJSON:setUpClass): 201 POST http://10.180.1.21/identity/v3/auth/tokens 0.041s
2025-04-03 01:37:25.736 69342 INFO tempest.lib.common.rest_client [req-95b08a65-1deb-4804-85ed-851434fba37e req-95b08a65-1deb-4804-85ed-851434fba37e ] Request (AggregatesAdminNegativeTestJSON:tearDownClass): 204 DELETE http://10.180.1.21/identity/v3/projects/d8f44fbe57e14f20afa4ece743db563d 0.157s
2025-04-03 01:37:25.736 69342 INFO tempest.lib.common.dynamic_creds [-] Deleting project and security group for project: ce373d7a710e469581584804264dfe2c
2025-04-03 01:37:25.783 69312 INFO tempest.lib.common.rest_client [req-4a8bb088-ad61-4d8d-8ce7-0b992da0fafc req-4a8bb088-ad61-4d8d-8ce7-0b992da0fafc ] Request (ImagesOneServerTestJSON:setUpClass): 200 GET http://10.180.1.21/compute/v2.1/servers/14e0f224-fd67-4e2a-a98d-6a40f5f25b5e 1.032s
2025-04-03 01:37:25.784 69344 INFO tempest.lib.common.rest_client [req-4006bce0-50a7-4c70-9a49-a1241af14c39 req-4006bce0-50a7-4c70-9a49-a1241af14c39 ] Request (ImagesTestJSON:setUpClass): 201 POST http://10.180.1.21/identity/v3/auth/tokens 0.067s
2025-04-03 01:37:25.814 69344 INFO tempest.lib.common.rest_client [req-abf23842-679d-4789-b503-5119e42a4299 req-abf23842-679d-4789-b503-5119e42a4299 ] Request (ImagesTestJSON:setUpClass): 200 GET http://10.180.1.21/identity/v3/domains?name=Default 0.030s
2025-04-03 01:37:25.847 69344 INFO tempest.lib.common.rest_client [req-fe3fab1d-c412-4633-be83-e5efcc48bb96 req-fe3fab1d-c412-4633-be83-e5efcc48bb96 ] Request (ImagesTestJSON:setUpClass): 201 POST http://10.180.1.21/identity/v3/projects 0.032s
2025-04-03 01:37:25.915 69344 INFO tempest.lib.common.rest_client [req-e339d391-087e-4a9e-bbe6-8bfcbb97d463 req-e339d391-087e-4a9e-bbe6-8bfcbb97d463 ] Request (ImagesTestJSON:setUpClass): 201 POST http://10.180.1.21/identity/v3/users 0.067s
2025-04-03 01:37:25.941 69344 INFO tempest.lib.common.rest_client [req-d18e3770-aa4a-4932-b5ef-57d9b46769be req-d18e3770-aa4a-4932-b5ef-57d9b46769be ] Request (ImagesTestJSON:setUpClass): 200 GET http://10.180.1.21/identity/v3/roles 0.025s
2025-04-03 01:37:25.943 69338 INFO tempest.lib.common.rest_client [req-89eab020-eea4-45a8-9ac3-167c2bae4eff req-89eab020-eea4-45a8-9ac3-167c2bae4eff ] Request (ServerActionsTestOtherB:setUpClass): 200 POST http://10.180.1.21/compute/v2.1/os-keypairs 1.182s
2025-04-03 01:37:25.953 69360 INFO tempest.lib.common.rest_client [req-4541ee69-0f11-495a-9484-f56819a48bcb req-4541ee69-0f11-495a-9484-f56819a48bcb ] Request (KeyPairsV22TestJSON:test_keypairsv22_create_list_show_with_type): 200 GET http://10.180.1.21/compute/v2.1/os-keypairs/tempest-keypair-628024217 1.131s
2025-04-03 01:37:25.968 69322 INFO tempest.lib.common.rest_client [req-7d174ca6-ebc6-4016-9a4b-fb5faa372030 req-7d174ca6-ebc6-4016-9a4b-fb5faa372030 ] Request (MultipleCreateTestJSON:setUpClass): 201 POST http://10.180.1.21:9696/networking/v2.0/networks 1.032s
2025-04-03 01:37:25.977 69344 INFO tempest.lib.common.rest_client [req-734fd4ac-f7b3-45f1-8510-0f58f6835a2d req-734fd4ac-f7b3-45f1-8510-0f58f6835a2d ] Request (ImagesTestJSON:setUpClass): 204 PUT http://10.180.1.21/identity/v3/projects/22ebf8cb81e442ac84e96976730bad0d/users/63f572956c514976b68266465124d310/roles/522ee54b43c44d53a0ed230a5cdc46a5 0.036s
2025-04-03 01:37:25.977 69344 INFO tempest.lib.common.dynamic_creds [-] Dynamic test user 63f572956c514976b68266465124d310 is created with scope project and roles: ['member']
2025-04-03 01:37:25.977 69344 INFO tempest.lib.common.dynamic_creds [-] Acquired dynamic creds: credentials: Credentials: {'domain_id': 'default', 'domain_name': 'Default', 'username': 'tempest-ImagesTestJSON-75683094-project-member', 'project_domain_id': 'default', 'project_domain_name': 'Default', 'project_id': '22ebf8cb81e442ac84e96976730bad0d', 'project_name': 'tempest-ImagesTestJSON-75683094', 'tenant_id': '22ebf8cb81e442ac84e96976730bad0d', 'tenant_name': 'tempest-ImagesTestJSON-75683094', 'user_domain_id': 'default', 'user_domain_name': 'Default', 'user_id': '63f572956c514976b68266465124d310', 'system': None}, Network: None, Subnet: None, Router: None
2025-04-03 01:37:26.078 69344 INFO tempest.lib.common.rest_client [req-b13e987f-39e1-4ba3-a95c-26ae66217c33 req-b13e987f-39e1-4ba3-a95c-26ae66217c33 ] Request (ImagesTestJSON:setUpClass): 201 POST http://10.180.1.21/identity/v3/auth/tokens 0.100s
2025-04-03 01:37:26.107 69363 INFO tempest.lib.common.rest_client [req-48fc25bd-712f-42fa-80b7-155fe09c782b req-48fc25bd-712f-42fa-80b7-155fe09c782b ] Request (ServerRescueTestJSON:setUpClass): 201 POST http://10.180.1.21:9696/networking/v2.0/subnets 0.604s
2025-04-03 01:37:26.114 69318 INFO tempest.lib.common.rest_client [req-01bbe35b-8470-442f-ae57-28dbad94dea2 req-01bbe35b-8470-442f-ae57-28dbad94dea2 ] Request (ServersAdminTestJSON:test_create_server_with_scheduling_hint): 200 GET http://10.180.1.21/compute/v2.1/servers/143842ce-aa1e-444b-85c2-79fbb7d47a63 1.267s
2025-04-03 01:37:26.125 69318 INFO tempest.common.waiters [-] State transition "BUILD/None" ==> "BUILD/networking" after 15 second wait
2025-04-03 01:37:26.149 69324 INFO tempest.lib.common.rest_client [req-03077ff3-f1ec-489a-a038-4e535005f704 req-03077ff3-f1ec-489a-a038-4e535005f704 ] Request (ServerTagsTestJSON:setUpClass): 201 POST http://10.180.1.21:9696/networking/v2.0/subnets 0.636s
2025-04-03 01:37:26.333 69338 INFO tempest.lib.common.rest_client [req-d4a39c1d-80cb-44e8-bc86-8a055df77ed8 req-d4a39c1d-80cb-44e8-bc86-8a055df77ed8 ] Request (ServerActionsTestOtherB:setUpClass): 201 POST http://10.180.1.21:9696/networking/v2.0/security-groups 0.389s
2025-04-03 01:37:26.339 69342 INFO tempest.lib.common.rest_client [req-f16b02b1-45c3-4354-acb8-ec27466b037b req-f16b02b1-45c3-4354-acb8-ec27466b037b ] Request (AggregatesAdminNegativeTestJSON:tearDownClass): 200 GET http://10.180.1.21:9696/networking/v2.0/security-groups?tenant_id=ce373d7a710e469581584804264dfe2c&name=default 0.602s
2025-04-03 01:37:26.480 69346 INFO tempest.lib.common.rest_client [req-f6b0bb83-10ed-4830-b920-4d9c9deabfe9 req-f6b0bb83-10ed-4830-b920-4d9c9deabfe9 ] Request (SecurityGroupRulesNegativeTestJSON:tearDownClass): 204 DELETE http://10.180.1.21:9696/networking/v2.0/networks/129c1963-18eb-4bc8-b625-dc7246781ccb 0.932s
2025-04-03 01:37:26.520 69356 INFO tempest.lib.common.rest_client [req-fc81252c-091e-4ae0-aca7-1b4f439fd749 req-fc81252c-091e-4ae0-aca7-1b4f439fd749 ] Request (ServerPasswordTestJSON:setUpClass): 200 GET http://10.180.1.21/compute/v2.1/servers/bfbf86b9-287b-42d2-b7a4-2bc718e2d419 1.572s
2025-04-03 01:37:26.531 69356 INFO tempest.common.waiters [-] State transition "BUILD/spawning" ==> "ACTIVE/None" after 28 second wait
2025-04-03 01:37:26.576 69346 INFO tempest.lib.common.rest_client [req-4aa152f7-f70c-461d-ad70-11ed30534f58 req-4aa152f7-f70c-461d-ad70-11ed30534f58 ] Request (SecurityGroupRulesNegativeTestJSON:tearDownClass): 204 DELETE http://10.180.1.21/identity/v3/users/a6297dba5a4840eabde5f05925b34cf3 0.095s
2025-04-03 01:37:26.576 69346 INFO tempest.lib.common.dynamic_creds [-] Deleting project and security group for project: 52fa9ee0ae7d47b1bd24023a92616a6d
2025-04-03 01:37:26.599 69320 INFO tempest.lib.common.rest_client [req-206035ff-c33f-4e66-9e75-181499452819 req-206035ff-c33f-4e66-9e75-181499452819 ] Request (FloatingIPsAssociationNegativeTestJSON:setUpClass): 200 GET http://10.180.1.21/compute/v2.1/servers/ac02742b-60e7-49d2-98eb-8c2d8528796c 1.587s
2025-04-03 01:37:26.658 69342 INFO tempest.lib.common.rest_client [req-d90774b1-06b7-4662-9934-4644d43fb4a7 req-d90774b1-06b7-4662-9934-4644d43fb4a7 ] Request (AggregatesAdminNegativeTestJSON:tearDownClass): 204 DELETE http://10.180.1.21:9696/networking/v2.0/security-groups/aa76f40a-888e-441b-adce-6acb1939f5b8 0.318s
2025-04-03 01:37:26.676 69322 INFO tempest.lib.common.rest_client [req-8804e24a-1e50-4acd-8e46-0c74b3df22ea req-8804e24a-1e50-4acd-8e46-0c74b3df22ea ] Request (MultipleCreateTestJSON:setUpClass): 201 POST http://10.180.1.21:9696/networking/v2.0/subnets 0.706s
2025-04-03 01:37:26.688 69338 INFO tempest.lib.common.rest_client [req-2b33af76-37bf-4048-8436-b9ea668c9dca req-2b33af76-37bf-4048-8436-b9ea668c9dca ] Request (ServerActionsTestOtherB:setUpClass): 201 POST http://10.180.1.21:9696/networking/v2.0/security-group-rules 0.354s
2025-04-03 01:37:26.702 69340 INFO tempest.lib.common.rest_client [req-356c7ca8-9ef2-42e7-a9d7-e7a14186a357 req-356c7ca8-9ef2-42e7-a9d7-e7a14186a357 ] Request (FloatingIPsAssociationTestJSON:setUpClass): 200 GET http://10.180.1.21/compute/v2.1/servers/726ad389-fe57-4903-ae96-b864e81f98ee 1.649s
2025-04-03 01:37:26.716 69346 INFO tempest.lib.common.rest_client [req-65f58d2b-8c09-4a7f-95bd-4e17f6833112 req-65f58d2b-8c09-4a7f-95bd-4e17f6833112 ] Request (SecurityGroupRulesNegativeTestJSON:tearDownClass): 200 GET http://10.180.1.21:9696/networking/v2.0/security-groups?tenant_id=52fa9ee0ae7d47b1bd24023a92616a6d&name=default 0.139s
2025-04-03 01:37:26.721 69334 INFO tempest.lib.common.rest_client [req-b72d62c1-1fe9-4ac3-8b92-9df01dd418b8 req-b72d62c1-1fe9-4ac3-8b92-9df01dd418b8 ] Request (FlavorsAdminTestJSON:_run_cleanups): 202 DELETE http://10.180.1.21/compute/v2.1/flavors/1264865881 1.618s
2025-04-03 01:37:26.789 69342 INFO tempest.lib.common.rest_client [req-133937a0-5aac-473e-accd-7957dd1518c6 req-133937a0-5aac-473e-accd-7957dd1518c6 ] Request (AggregatesAdminNegativeTestJSON:tearDownClass): 204 DELETE http://10.180.1.21/identity/v3/projects/ce373d7a710e469581584804264dfe2c 0.130s
2025-04-03 01:37:26.902 69342 INFO tempest.lib.common.rest_client [req-641810c3-c76a-4754-967f-9cc93ad0eb27 req-641810c3-c76a-4754-967f-9cc93ad0eb27 ] Request (AZAdminV2TestJSON:setUpClass): 201 POST http://10.180.1.21/identity/v3/auth/tokens 0.111s
2025-04-03 01:37:26.914 69354 INFO tempest.lib.common.rest_client [req-9df677db-2783-45f5-8a38-a98a49eaae5b req-9df677db-2783-45f5-8a38-a98a49eaae5b ] Request (AttachVolumeShelveTestJSON:test_attach_volume_shelved_or_offload_server): 202 POST http://10.180.1.21/compute/v2.1/servers 2.323s
2025-04-03 01:37:26.948 69342 INFO tempest.lib.common.rest_client [req-ad7b8239-e7c2-427e-978f-1d8a510faaf2 req-ad7b8239-e7c2-427e-978f-1d8a510faaf2 ] Request (AZAdminV2TestJSON:setUpClass): 201 POST http://10.180.1.21/identity/v3/auth/tokens 0.038s
2025-04-03 01:37:26.978 69342 INFO tempest.lib.common.rest_client [req-619b1ca9-321a-43f1-a16d-2792a398b6d2 req-619b1ca9-321a-43f1-a16d-2792a398b6d2 ] Request (AZAdminV2TestJSON:setUpClass): 200 GET http://10.180.1.21/identity/v3/domains?name=Default 0.029s
2025-04-03 01:37:27.009 69346 INFO tempest.lib.common.rest_client [req-22441e37-0ac8-475f-b291-00eb175fad2c req-22441e37-0ac8-475f-b291-00eb175fad2c ] Request (SecurityGroupRulesNegativeTestJSON:tearDownClass): 204 DELETE http://10.180.1.21:9696/networking/v2.0/security-groups/253dfe27-5d66-4dd4-9b20-a8e16075417f 0.293s
2025-04-03 01:37:27.009 69342 INFO tempest.lib.common.rest_client [req-1fa78e67-dffc-4656-baa0-16600a9ef35f req-1fa78e67-dffc-4656-baa0-16600a9ef35f ] Request (AZAdminV2TestJSON:setUpClass): 201 POST http://10.180.1.21/identity/v3/projects 0.030s
2025-04-03 01:37:27.015 69365 WARNING tempest.lib.common.ssh [-] Failed to establish authenticated ssh connection to cirros@10.180.180.216 ([Errno None] Unable to connect to port 22 on 10.180.180.216). Number attempts: 2. Retry after 3 seconds.: paramiko.ssh_exception.NoValidConnectionsError: [Errno None] Unable to connect to port 22 on 10.180.180.216
2025-04-03 01:37:27.022 69314 INFO tempest.lib.common.rest_client [req-67a36753-cd70-4c70-a5e3-a1397545e0f5 req-67a36753-cd70-4c70-a5e3-a1397545e0f5 ] Request (ImagesOneServerNegativeTestJSON:tearDown): 200 GET http://10.180.1.21/compute/v2.1/servers/d9dc5466-dbca-4a5e-9206-528bddc6c468 1.726s
2025-04-03 01:37:27.090 69342 INFO tempest.lib.common.rest_client [req-b105d358-ca83-4967-9443-0e5c89e75a4f req-b105d358-ca83-4967-9443-0e5c89e75a4f ] Request (AZAdminV2TestJSON:setUpClass): 201 POST http://10.180.1.21/identity/v3/users 0.079s
2025-04-03 01:37:27.102 69358 INFO tempest.lib.common.rest_client [req-23349794-bd69-4fd3-9ded-0dffcf7ccd95 req-23349794-bd69-4fd3-9ded-0dffcf7ccd95 ] Request (AttachInterfacesV270Test:test_create_get_list_interfaces): 200 GET http://10.180.1.21/compute/v2.1/servers/a9aebc16-675d-4cc5-b444-09a42de7d9d3 1.514s
2025-04-03 01:37:27.127 69346 INFO tempest.lib.common.rest_client [req-2014010f-1cfe-493b-9755-d39c61f53124 req-2014010f-1cfe-493b-9755-d39c61f53124 ] Request (SecurityGroupRulesNegativeTestJSON:tearDownClass): 204 DELETE http://10.180.1.21/identity/v3/projects/52fa9ee0ae7d47b1bd24023a92616a6d 0.117s
2025-04-03 01:37:27.150 69342 INFO tempest.lib.common.rest_client [req-12b1bf7f-e07b-412d-b157-3611ba7db6fe req-12b1bf7f-e07b-412d-b157-3611ba7db6fe ] Request (AZAdminV2TestJSON:setUpClass): 200 GET http://10.180.1.21/identity/v3/roles 0.060s
2025-04-03 01:37:27.167 69346 INFO tempest.lib.common.rest_client [req-8db5e000-e43d-4969-a48f-60880bbbb7a0 req-8db5e000-e43d-4969-a48f-60880bbbb7a0 ] Request (ServerAddressesTestJSON:setUpClass): 201 POST http://10.180.1.21/identity/v3/auth/tokens 0.038s
2025-04-03 01:37:27.186 69342 INFO tempest.lib.common.rest_client [req-ed5e0110-54b0-4d99-b30c-eb9a6c2d41eb req-ed5e0110-54b0-4d99-b30c-eb9a6c2d41eb ] Request (AZAdminV2TestJSON:setUpClass): 204 PUT http://10.180.1.21/identity/v3/projects/8dce4fcbe1d640a58afae409a21de10a/users/7045e5d31e5f4969a2434c26f3148824/roles/522ee54b43c44d53a0ed230a5cdc46a5 0.035s
2025-04-03 01:37:27.187 69342 INFO tempest.lib.common.dynamic_creds [-] Dynamic test user 7045e5d31e5f4969a2434c26f3148824 is created with scope project and roles: ['member']
2025-04-03 01:37:27.187 69342 INFO tempest.lib.common.dynamic_creds [-] Acquired dynamic creds: credentials: Credentials: {'domain_id': 'default', 'domain_name': 'Default', 'username': 'tempest-AZAdminV2TestJSON-1441828468-project-member', 'project_domain_id': 'default', 'project_domain_name': 'Default', 'project_id': '8dce4fcbe1d640a58afae409a21de10a', 'project_name': 'tempest-AZAdminV2TestJSON-1441828468', 'tenant_id': '8dce4fcbe1d640a58afae409a21de10a', 'tenant_name': 'tempest-AZAdminV2TestJSON-1441828468', 'user_domain_id': 'default', 'user_domain_name': 'Default', 'user_id': '7045e5d31e5f4969a2434c26f3148824', 'system': None}, Network: None, Subnet: None, Router: None
2025-04-03 01:37:27.187 69342 INFO tempest.lib.common.dynamic_creds [-] Created isolated network resources for: credentials: Credentials: {'domain_id': 'default', 'domain_name': 'Default', 'username': 'tempest-AZAdminV2TestJSON-1441828468-project-member', 'project_domain_id': 'default', 'project_domain_name': 'Default', 'project_id': '8dce4fcbe1d640a58afae409a21de10a', 'project_name': 'tempest-AZAdminV2TestJSON-1441828468', 'tenant_id': '8dce4fcbe1d640a58afae409a21de10a', 'tenant_name': 'tempest-AZAdminV2TestJSON-1441828468', 'user_domain_id': 'default', 'user_domain_name': 'Default', 'user_id': '7045e5d31e5f4969a2434c26f3148824', 'system': None}, Network: None, Subnet: None, Router: None
2025-04-03 01:37:27.249 69346 INFO tempest.lib.common.rest_client [req-5984f247-d7fb-408c-a74c-19ef47c934ef req-5984f247-d7fb-408c-a74c-19ef47c934ef ] Request (ServerAddressesTestJSON:setUpClass): 201 POST http://10.180.1.21/identity/v3/auth/tokens 0.078s
2025-04-03 01:37:27.263 69342 INFO tempest.lib.common.rest_client [req-f5e47f5d-6831-45b7-8389-0ecf4bb574be req-f5e47f5d-6831-45b7-8389-0ecf4bb574be ] Request (AZAdminV2TestJSON:setUpClass): 201 POST http://10.180.1.21/identity/v3/auth/tokens 0.072s
2025-04-03 01:37:27.278 69346 INFO tempest.lib.common.rest_client [req-60855f49-7106-4eb9-a8fd-44aebb69b01f req-60855f49-7106-4eb9-a8fd-44aebb69b01f ] Request (ServerAddressesTestJSON:setUpClass): 200 GET http://10.180.1.21/identity/v3/domains?name=Default 0.028s
2025-04-03 01:37:27.284 69348 INFO tempest.lib.common.rest_client [req-43264ddc-47ac-4b38-8291-9909fa8540bc req-43264ddc-47ac-4b38-8291-9909fa8540bc ] Request (DeleteServersTestJSON:test_delete_active_server): 200 GET http://10.180.1.21/compute/v2.1/servers/4b0b0870-1278-46f6-a1f7-b342a228de6b 1.585s
2025-04-03 01:37:27.310 69342 INFO tempest.lib.common.rest_client [req-0c7a23cf-ac4d-450a-9c39-1febede50ace req-0c7a23cf-ac4d-450a-9c39-1febede50ace ] Request (AZAdminV2TestJSON:setUpClass): 201 POST http://10.180.1.21/identity/v3/projects 0.045s
2025-04-03 01:37:27.325 69346 INFO tempest.lib.common.rest_client [req-5ad86599-706c-4e88-8135-5d3fa141a360 req-5ad86599-706c-4e88-8135-5d3fa141a360 ] Request (ServerAddressesTestJSON:setUpClass): 201 POST http://10.180.1.21/identity/v3/projects 0.047s
2025-04-03 01:37:27.387 69344 INFO tempest.lib.common.rest_client [req-33390790-fb73-4a79-bf3e-ad4d565ae1b5 req-33390790-fb73-4a79-bf3e-ad4d565ae1b5 ] Request (ImagesTestJSON:setUpClass): 201 POST http://10.180.1.21:9696/networking/v2.0/networks 1.309s
2025-04-03 01:37:27.393 69342 INFO tempest.lib.common.rest_client [req-49f69526-7dc5-48ca-afcc-1b9d919bbb9e req-49f69526-7dc5-48ca-afcc-1b9d919bbb9e ] Request (AZAdminV2TestJSON:setUpClass): 201 POST http://10.180.1.21/identity/v3/users 0.083s
2025-04-03 01:37:27.395 69346 INFO tempest.lib.common.rest_client [req-46c5e007-1ab7-4d41-9979-e4a65da93bee req-46c5e007-1ab7-4d41-9979-e4a65da93bee ] Request (ServerAddressesTestJSON:setUpClass): 201 POST http://10.180.1.21/identity/v3/users 0.069s
2025-04-03 01:37:27.413 69330 INFO tempest.lib.common.rest_client [req-a2f1d954-3a7b-457c-ac47-01b2aec60557 req-a2f1d954-3a7b-457c-ac47-01b2aec60557 ] Request (VolumesAdminNegativeTest:test_update_attached_volume_with_nonexistent_volume_in_body): 200 PUT http://10.180.1.21:9696/networking/v2.0/floatingips/3967753d-09a9-4131-a8ec-f1222890d77e 2.393s
2025-04-03 01:37:27.414 69330 INFO tempest.lib.common.ssh [-] Creating ssh connection to '10.180.180.162:22' as 'cirros' with public key authentication
2025-04-03 01:37:27.415 69346 INFO tempest.lib.common.rest_client [req-4e6b8596-9a92-459b-ba98-7f7fca181e2d req-4e6b8596-9a92-459b-ba98-7f7fca181e2d ] Request (ServerAddressesTestJSON:setUpClass): 200 GET http://10.180.1.21/identity/v3/roles 0.020s
2025-04-03 01:37:27.417 69342 INFO tempest.lib.common.rest_client [req-2ad88e0c-5475-4588-bab6-8be61b06faa6 req-2ad88e0c-5475-4588-bab6-8be61b06faa6 ] Request (AZAdminV2TestJSON:setUpClass): 200 GET http://10.180.1.21/identity/v3/roles 0.023s
2025-04-03 01:37:27.450 69342 INFO tempest.lib.common.rest_client [req-972bc8bf-7a7e-48a8-a211-62fdbdf74c1d req-972bc8bf-7a7e-48a8-a211-62fdbdf74c1d ] Request (AZAdminV2TestJSON:setUpClass): 204 PUT http://10.180.1.21/identity/v3/projects/7fb3420960e841dabc68c9f9ca02cfda/users/ff3165ff5e2a46e3b0984947315d1d9b/roles/40cc5756cb9447508acb9f03ff829f3f 0.033s
2025-04-03 01:37:27.451 69346 INFO tempest.lib.common.rest_client [req-17a2233e-817b-4ce6-b660-5a521e740ba7 req-17a2233e-817b-4ce6-b660-5a521e740ba7 ] Request (ServerAddressesTestJSON:setUpClass): 204 PUT http://10.180.1.21/identity/v3/projects/0a2f739e602a48a780ba81d1bf1f826a/users/19f2d10d00a240e98520e1cb4b0323c8/roles/522ee54b43c44d53a0ed230a5cdc46a5 0.035s
2025-04-03 01:37:27.451 69346 INFO tempest.lib.common.dynamic_creds [-] Dynamic test user 19f2d10d00a240e98520e1cb4b0323c8 is created with scope project and roles: ['member']
2025-04-03 01:37:27.451 69346 INFO tempest.lib.common.dynamic_creds [-] Acquired dynamic creds: credentials: Credentials: {'domain_id': 'default', 'domain_name': 'Default', 'username': 'tempest-ServerAddressesTestJSON-7690925-project-member', 'project_domain_id': 'default', 'project_domain_name': 'Default', 'project_id': '0a2f739e602a48a780ba81d1bf1f826a', 'project_name': 'tempest-ServerAddressesTestJSON-7690925', 'tenant_id': '0a2f739e602a48a780ba81d1bf1f826a', 'tenant_name': 'tempest-ServerAddressesTestJSON-7690925', 'user_domain_id': 'default', 'user_domain_name': 'Default', 'user_id': '19f2d10d00a240e98520e1cb4b0323c8', 'system': None}, Network: None, Subnet: None, Router: None
2025-04-03 01:37:27.472 69304 INFO tempest.lib.common.rest_client [req-1b839fff-0666-484b-a683-7aa0dcb1bfe9 req-1b839fff-0666-484b-a683-7aa0dcb1bfe9 ] Request (MigrationsAdminTest:test_list_migrations_in_flavor_resize_situation): 200 GET http://10.180.1.21/compute/v2.1/servers/2da173fe-12dc-4a74-a960-6d9de52f3c34 1.534s
2025-04-03 01:37:27.482 69338 INFO tempest.lib.common.rest_client [req-08455ffb-433a-47dc-bde5-19a0aeea48be req-08455ffb-433a-47dc-bde5-19a0aeea48be ] Request (ServerActionsTestOtherB:setUpClass): 201 POST http://10.180.1.21:9696/networking/v2.0/security-group-rules 0.794s
2025-04-03 01:37:27.483 69360 INFO tempest.lib.common.rest_client [req-ac269e8f-2b0b-4976-85b3-e86799812595 req-ac269e8f-2b0b-4976-85b3-e86799812595 ] Request (KeyPairsV22TestJSON:test_keypairsv22_create_list_show_with_type): 200 GET http://10.180.1.21/compute/v2.1/os-keypairs 1.525s
2025-04-03 01:37:27.516 69346 INFO tempest.lib.common.rest_client [req-a7329bea-86bd-412d-979b-4758110cca91 req-a7329bea-86bd-412d-979b-4758110cca91 ] Request (ServerAddressesTestJSON:setUpClass): 201 POST http://10.180.1.21/identity/v3/auth/tokens 0.065s
2025-04-03 01:37:27.549 69326 INFO tempest.lib.common.rest_client [req-c2c2837a-e808-4d68-a99f-4496cca794b7 req-c2c2837a-e808-4d68-a99f-4496cca794b7 ] Request (SecurityGroupRulesTestJSON:test_security_group_rules_delete_when_peer_group_deleted): 200 POST http://10.180.1.21/compute/v2.1/os-security-groups 1.994s
2025-04-03 01:37:27.553 69342 INFO tempest.lib.common.rest_client [req-d2882996-ad17-4076-993f-246f8bd3c1d1 req-d2882996-ad17-4076-993f-246f8bd3c1d1 ] Request (AZAdminV2TestJSON:setUpClass): 200 GET http://10.180.1.21/identity/v3/roles 0.102s
2025-04-03 01:37:27.572 69332 INFO tempest.lib.common.rest_client [req-ac16c570-a57c-449b-85df-518a98dd9153 req-ac16c570-a57c-449b-85df-518a98dd9153 ] Request (SecurityGroupsTestJSON:test_list_security_groups_by_server): 200 GET http://10.180.1.21/compute/v2.1/servers/02d045d7-db1a-4213-9041-a65a07bd5341 1.526s
2025-04-03 01:37:27.586 69342 INFO tempest.lib.common.rest_client [req-cbf51be0-c81c-453a-b285-2376ebf5da0c req-cbf51be0-c81c-453a-b285-2376ebf5da0c ] Request (AZAdminV2TestJSON:setUpClass): 204 PUT http://10.180.1.21/identity/v3/projects/7fb3420960e841dabc68c9f9ca02cfda/users/ff3165ff5e2a46e3b0984947315d1d9b/roles/40cc5756cb9447508acb9f03ff829f3f 0.031s
2025-04-03 01:37:27.587 69342 INFO tempest.lib.common.dynamic_creds [-] Dynamic test user ff3165ff5e2a46e3b0984947315d1d9b is created with scope project and roles: ['admin']
2025-04-03 01:37:27.587 69342 INFO tempest.lib.common.dynamic_creds [-] Acquired dynamic creds: credentials: Credentials: {'domain_id': 'default', 'domain_name': 'Default', 'username': 'tempest-AZAdminV2TestJSON-777034594-project-admin', 'project_domain_id': 'default', 'project_domain_name': 'Default', 'project_id': '7fb3420960e841dabc68c9f9ca02cfda', 'project_name': 'tempest-AZAdminV2TestJSON-777034594', 'tenant_id': '7fb3420960e841dabc68c9f9ca02cfda', 'tenant_name': 'tempest-AZAdminV2TestJSON-777034594', 'user_domain_id': 'default', 'user_domain_name': 'Default', 'user_id': 'ff3165ff5e2a46e3b0984947315d1d9b', 'system': None}, Network: None, Subnet: None, Router: None
