2025-05-13 11:48:09.073 70102 INFO tempest.lib.common.rest_client [req-c7754f08-ec6b-4b5b-bd1b-a1c34d7edde9 req-c7754f08-ec6b-4b5b-bd1b-a1c34d7edde9 ] Request (ServerRescueNegativeTestJSON:setUpClass): 200 GET http://10.180.1.21/compute/v2.1/servers/b51544bf-55dd-45b8-8ff7-f0bdffbec768 0.210s
2025-05-13 11:48:09.090 70114 INFO tempest.lib.common.rest_client [req-51211ea1-664d-4714-89fe-0bd8743633d8 req-51211ea1-664d-4714-89fe-0bd8743633d8 ] Request (ServerActionsV293TestJSON:setUpClass): 200 PUT http://10.180.1.21:9696/networking/v2.0/routers/1be10502-cbb9-4ae5-a346-6bc694b7ac00/add_router_interface 1.619s
2025-05-13 11:48:09.090 70114 INFO tempest.lib.common.dynamic_creds [-] Created isolated network resources for: credentials: Credentials: {'domain_id': 'default', 'domain_name': 'Default', 'username': 'tempest-ServerActionsV293TestJSON-1898276001-project-member', 'project_domain_id': 'default', 'project_domain_name': 'Default', 'project_id': '2b95ac2424eb44ab8f4f536a15becf0b', 'project_name': 'tempest-ServerActionsV293TestJSON-1898276001', 'tenant_id': '2b95ac2424eb44ab8f4f536a15becf0b', 'tenant_name': 'tempest-ServerActionsV293TestJSON-1898276001', 'user_domain_id': 'default', 'user_domain_name': 'Default', 'user_id': '0aa4692619684381b8d2efc8e4847aa8', 'system': None}, Network: {'id': '1c5ed565-42a4-41c8-81bc-8e63e4df5138', 'name': 'tempest-ServerActionsV293TestJSON-620764653-network', 'tenant_id': '2b95ac2424eb44ab8f4f536a15becf0b', 'admin_state_up': True, 'mtu': 8950, 'status': 'ACTIVE', 'subnets': [], 'shared': False, 'project_id': '2b95ac2424eb44ab8f4f536a15becf0b', 'port_security_enabled': True, 'router:external': False, 'provider:network_type': 'vlan', 'provider:physical_network': 'default', 'provider:segmentation_id': 996, 'availability_zone_hints': [], 'availability_zones': [], 'ipv4_address_scope': None, 'ipv6_address_scope': None, 'description': '', 'tags': [], 'created_at': '2025-05-13T11:48:05Z', 'updated_at': '2025-05-13T11:48:05Z', 'revision_number': 1}, Subnet: {'id': '11ea3082-d6c2-417d-b36f-179384ac23c9', 'name': 'tempest-ServerActionsV293TestJSON-620764653-subnet', 'tenant_id': '2b95ac2424eb44ab8f4f536a15becf0b', 'network_id': '1c5ed565-42a4-41c8-81bc-8e63e4df5138', 'ip_version': 4, 'subnetpool_id': None, 'enable_dhcp': True, 'ipv6_ra_mode': None, 'ipv6_address_mode': None, 'gateway_ip': '192.168.128.1', 'cidr': '192.168.128.0/28', 'allocation_pools': [{'start': '192.168.128.2', 'end': '192.168.128.14'}], 'host_routes': [], 'dns_nameservers': [], 'description': '', 'router:external': False, 'service_types': [], 'tags': [], 'created_at': '2025-05-13T11:48:05Z', 'updated_at': '2025-05-13T11:48:05Z', 'revision_number': 0, 'project_id': '2b95ac2424eb44ab8f4f536a15becf0b'}, Router: {'id': '1be10502-cbb9-4ae5-a346-6bc694b7ac00', 'name': 'tempest-ServerActionsV293TestJSON-620764653-router', 'tenant_id': '2b95ac2424eb44ab8f4f536a15becf0b', 'admin_state_up': True, 'status': 'ACTIVE', 'external_gateway_info': {'network_id': '2b96e27f-48d7-4b19-ba00-341f5a7f9aa2', 'external_fixed_ips': [{'subnet_id': '0e8b8738-7562-4d68-97c5-8a63a7c7d951', 'ip_address': '10.180.180.221'}], 'enable_snat': True}, 'description': '', 'availability_zones': [], 'distributed': False, 'ha': False, 'availability_zone_hints': [], 'routes': [], 'flavor_id': None, 'tags': [], 'created_at': '2025-05-13T11:48:06Z', 'updated_at': '2025-05-13T11:48:07Z', 'revision_number': 2, 'project_id': '2b95ac2424eb44ab8f4f536a15becf0b'}
2025-05-13 11:48:09.131 70120 INFO tempest.lib.common.rest_client [req-69037087-142c-4f47-b87b-d56d54b3518a req-69037087-142c-4f47-b87b-d56d54b3518a ] Request (SecurityGroupsTestJSON:test_server_security_groups): 200 GET http://10.180.1.21/compute/v2.1/servers/87e8e7a1-56fc-4065-861e-1b07b8097db3 0.209s
2025-05-13 11:48:09.156 70062 INFO tempest.lib.common.rest_client [req-89c67139-0a17-4e65-80ec-e5457947de3a req-89c67139-0a17-4e65-80ec-e5457947de3a ] Request (ServerTagsTestJSON:setUpClass): 200 GET http://10.180.1.21/compute/v2.1/servers/b81bde1d-fb4a-4ab2-87e7-9be900c07511 0.173s
2025-05-13 11:48:09.203 70058 INFO tempest.lib.common.rest_client [req-9ec2c1d9-19d7-4d96-ab8f-53389764b5db req-9ec2c1d9-19d7-4d96-ab8f-53389764b5db ] Request (ImagesTestJSON:test_create_image_from_suspended_server): 200 GET http://10.180.1.21/compute/v2.1/images/fb149817-9c10-4791-bbea-713cb1e1f07e 0.141s
2025-05-13 11:48:09.226 70076 INFO tempest.lib.common.rest_client [req-a3a2d6c8-87bb-476f-94ff-d1f428d1e1ab req-a3a2d6c8-87bb-476f-94ff-d1f428d1e1ab ] Request (FloatingIPsAssociationTestJSON:test_associate_already_associated_floating_ip): 200 GET http://10.180.1.21/compute/v2.1/servers/7908b4fb-eb18-493b-b98b-48c23f0926fd 0.215s
2025-05-13 11:48:09.257 70114 INFO tempest.lib.common.rest_client [req-e32f1e2f-a7c0-42c5-afed-b10700ba1bc2 req-e32f1e2f-a7c0-42c5-afed-b10700ba1bc2 ] Request (ServerActionsV293TestJSON:setUpClass): 201 POST http://10.180.1.21/identity/v3/auth/tokens 0.161s
2025-05-13 11:48:09.267 70086 INFO tempest.lib.common.rest_client [req-dee7b3d8-ddf7-46b8-b2eb-9a38d6911021 req-dee7b3d8-ddf7-46b8-b2eb-9a38d6911021 ] Request (VolumesAdminNegativeTest:test_update_attached_volume_with_nonexistent_volume_in_body): 200 PUT http://10.180.1.21:9696/networking/v2.0/floatingips/a1dae8df-2cb8-4d57-aea7-30f0e6696be0 0.909s
2025-05-13 11:48:09.268 70086 INFO tempest.lib.common.ssh [-] Creating ssh connection to '10.180.180.243:22' as 'cirros' with public key authentication
2025-05-13 11:48:09.300 70074 INFO tempest.lib.common.rest_client [req-81497cf1-2f3e-4199-afc0-e9afb673e4d4 req-81497cf1-2f3e-4199-afc0-e9afb673e4d4 ] Request (ServersTestFqdnHostnames:tearDownClass): 200 GET http://10.180.1.21/compute/v2.1/servers/1a7cb6c6-51bd-4403-a43c-8a1a5a1e2c51 0.212s
2025-05-13 11:48:09.307 70106 INFO tempest.lib.common.rest_client [req-48d956e9-18dd-4077-bf22-657337f882da req-48d956e9-18dd-4077-bf22-657337f882da ] Request (ServerShowV254Test:test_rebuild_server): 200 GET http://10.180.1.21/compute/v2.1/servers/6eb890b2-e6d7-49b2-a24a-9f94d574868d 0.141s
2025-05-13 11:48:09.320 70106 INFO tempest.common.waiters [-] State transition "BUILD/block_device_mapping" ==> "BUILD/spawning" after 65 second wait
2025-05-13 11:48:09.384 70100 INFO tempest.lib.common.rest_client [req-ac022297-4770-4ca2-a5d3-0525a9bebf3e req-ac022297-4770-4ca2-a5d3-0525a9bebf3e ] Request (DeleteServersAdminTestJSON:test_delete_server_while_in_error_state): 200 GET http://10.180.1.21/compute/v2.1/servers/540508eb-3326-4f5e-aa1a-a8e3ecc02a1d 0.209s
2025-05-13 11:48:09.394 70084 INFO tempest.lib.common.rest_client [req-985fc98a-411d-4363-a1b7-d38fdec35e65 req-985fc98a-411d-4363-a1b7-d38fdec35e65 ] Request (VolumesAssistedSnapshotsTest:tearDownClass): 200 GET http://10.180.1.21/compute/v2.1/servers/e7db82ae-71dc-43c6-a19f-3b5ddfb7041d 0.154s
2025-05-13 11:48:09.407 70084 INFO tempest.common.waiters [-] State transition "ACTIVE/deleting" ==> "DELETED/None" after 4 second wait
2025-05-13 11:48:09.447 70092 INFO tempest.lib.common.rest_client [req-e8575c5e-940d-4f2a-ae23-f03a75359d1b req-e8575c5e-940d-4f2a-ae23-f03a75359d1b ] Request (ServersWithSpecificFlavorTestJSON:test_verify_created_server_ephemeral_disk): 200 GET http://10.180.1.21/compute/v2.1/servers/ab0b27aa-8b6c-48e9-a254-813c936b7a6a 0.180s
2025-05-13 11:48:09.481 70114 INFO tempest.lib.common.rest_client [req-0de695c4-a663-49ce-811b-72f5c5df0590 req-0de695c4-a663-49ce-811b-72f5c5df0590 ] Request (ServerActionsV293TestJSON:setUpClass): 201 POST http://10.180.1.21/compute/v2.1/os-keypairs 0.222s
2025-05-13 11:48:09.506 70108 INFO tempest.lib.common.rest_client [req-34219b57-9fe2-4083-a588-8232030ad6e2 req-34219b57-9fe2-4083-a588-8232030ad6e2 ] Request (ListImageFiltersTestJSON:setUpClass): 200 GET http://10.180.1.21/compute/v2.1/servers/d9c1139c-c1b1-4ef3-b75f-fe9dfad7a255 0.195s
2025-05-13 11:48:09.560 70096 INFO tempest.lib.common.rest_client [req-3f89e71b-f9c4-43aa-bd62-02f9ec65f2a4 req-3f89e71b-f9c4-43aa-bd62-02f9ec65f2a4 ] Request (ServersAdminTestJSON:test_inject_network_info): 200 GET http://10.180.1.21/compute/v2.1/servers/6ecdec81-31ef-46fc-b920-327d01640f2d 0.105s
2025-05-13 11:48:09.563 70094 INFO tempest.lib.common.rest_client [req-1a25b196-cf46-484d-8a67-ba2761c54e43 req-1a25b196-cf46-484d-8a67-ba2761c54e43 ] Request (ListServersNegativeTestJSON:setUpClass): 200 GET http://10.180.1.21/compute/v2.1/servers/4244948e-6a1e-446b-b02b-18ee384d9553 0.177s
2025-05-13 11:48:09.574 70094 INFO tempest.common.waiters [-] State transition "BUILD/scheduling" ==> "BUILD/None" after 40 second wait
2025-05-13 11:48:09.663 70114 INFO tempest.lib.common.rest_client [req-da169572-2fda-43dc-bc9a-0e221e5f34e6 req-da169572-2fda-43dc-bc9a-0e221e5f34e6 ] Request (ServerActionsV293TestJSON:setUpClass): 201 POST http://10.180.1.21:9696/networking/v2.0/security-groups 0.180s
2025-05-13 11:48:09.689 70088 INFO tempest.lib.common.rest_client [req-632b0629-84dd-492a-9926-54fd1655e3ae req-632b0629-84dd-492a-9926-54fd1655e3ae ] Request (ServerDiagnosticsV248Test:tearDownClass): 200 GET http://10.180.1.21/compute/v2.1/servers/1f43ca30-fd40-4c2c-af1f-9b12651cadb0 0.092s
2025-05-13 11:48:09.810 70078 INFO tempest.lib.common.rest_client [req-5e191ca6-0e41-496d-905c-29586e5efd8b req-5e191ca6-0e41-496d-905c-29586e5efd8b ] Request (ServerMetadataTestJSON:tearDownClass): 200 GET http://10.180.1.21/compute/v2.1/servers/a53aac01-ef1d-4ef0-aac4-326927830321 0.073s
2025-05-13 11:48:09.862 70068 INFO tempest.lib.common.rest_client [req-6d501bf4-7bff-4c35-8e27-e13f7fec7221 req-6d501bf4-7bff-4c35-8e27-e13f7fec7221 ] Request (ServerActionsTestOtherB:test_create_backup): 200 GET http://10.180.1.21/compute/v2.1/servers/e2c166bd-9b6d-4450-bba0-43bb56975555 0.223s
2025-05-13 11:48:09.865 70114 INFO tempest.lib.common.rest_client [req-4a4bad57-966a-48da-ae69-66a7201d0647 req-4a4bad57-966a-48da-ae69-66a7201d0647 ] Request (ServerActionsV293TestJSON:setUpClass): 201 POST http://10.180.1.21:9696/networking/v2.0/security-group-rules 0.201s
2025-05-13 11:48:09.930 70080 INFO tempest.lib.common.rest_client [req-6d9dcd50-1a76-4cac-9a1b-15cf5294d2c4 req-6d9dcd50-1a76-4cac-9a1b-15cf5294d2c4 ] Request (ServersNegativeTestJSON:setUpClass): 200 GET http://10.180.1.21/compute/v2.1/servers/26b87865-1683-4797-ae24-f51084419ce4 0.107s
2025-05-13 11:48:09.994 70112 INFO tempest.lib.common.rest_client [req-c33ea633-370f-438f-9bb4-3d14094e842a req-c33ea633-370f-438f-9bb4-3d14094e842a ] Request (MigrationsAdminTest:test_list_migrations_in_flavor_resize_situation): 200 GET http://10.180.1.21/compute/v2.1/servers/3a962860-7a12-485a-af4e-1e86f7292a8a 0.175s
2025-05-13 11:48:10.006 70114 INFO tempest.lib.common.rest_client [req-be925364-ad70-4793-ba77-8e20ba449d04 req-be925364-ad70-4793-ba77-8e20ba449d04 ] Request (ServerActionsV293TestJSON:setUpClass): 201 POST http://10.180.1.21:9696/networking/v2.0/security-group-rules 0.140s
2025-05-13 11:48:10.012 70064 INFO tempest.lib.common.rest_client [req-90da13dd-f2db-4246-b760-f0fe9fd36836 req-90da13dd-f2db-4246-b760-f0fe9fd36836 ] Request (ListServerFiltersTestJSON:setUpClass): 200 GET http://10.180.1.21/compute/v2.1/servers/5de29246-15dd-470d-b18e-b2453818b760 0.118s
2025-05-13 11:48:10.088 70072 INFO tempest.lib.common.rest_client [req-5ca41881-449c-46d5-854d-ef6cf90072a1 req-5ca41881-449c-46d5-854d-ef6cf90072a1 ] Request (ServersAdminNegativeTestJSON:tearDownClass): 200 GET http://10.180.1.21/compute/v2.1/servers/e9cb699d-b67b-4e4d-b561-83e3def48ac8 0.140s
2025-05-13 11:48:10.100 70072 INFO tempest.common.waiters [-] State transition "ACTIVE/deleting" ==> "DELETED/None" after 5 second wait
2025-05-13 11:48:10.155 70070 INFO tempest.lib.common.rest_client [req-0c49c93f-40d6-4dc4-9728-48d1f229aca4 req-0c49c93f-40d6-4dc4-9728-48d1f229aca4 ] Request (AttachVolumeTestJSON:test_attach_detach_volume): 200 GET http://10.180.1.21/compute/v2.1/servers/780705ab-3fbb-43e0-961a-46f755f5388d 0.158s
2025-05-13 11:48:10.173 70119 INFO tempest.lib.common.rest_client [req-0b266957-601c-4a96-a930-586989456a41 req-0b266957-601c-4a96-a930-586989456a41 ] Request (ImagesNegativeTestJSON:test_create_image_from_deleted_server): 200 GET http://10.180.1.21/compute/v2.1/servers/2af130dc-3603-4a57-b28f-123409202b5a 0.152s
2025-05-13 11:48:10.255 70060 INFO tempest.lib.common.rest_client [req-02185027-55c0-4fe7-8d83-0532743b45ac req-02185027-55c0-4fe7-8d83-0532743b45ac ] Request (ServerDiskConfigTestJSON:test_rebuild_server_with_auto_disk_config): 200 GET http://10.180.1.21/compute/v2.1/servers/cbb08f23-34b1-4486-942f-e0f4781f04fc 0.191s
2025-05-13 11:48:10.258 70102 INFO tempest.lib.common.rest_client [req-85527958-8655-4697-bb28-cea75ff533d8 req-85527958-8655-4697-bb28-cea75ff533d8 ] Request (ServerRescueNegativeTestJSON:setUpClass): 200 GET http://10.180.1.21/compute/v2.1/servers/b51544bf-55dd-45b8-8ff7-f0bdffbec768 0.164s
2025-05-13 11:48:10.319 70120 INFO tempest.lib.common.rest_client [req-932f07d6-5776-488c-b315-9c8ee087818a req-932f07d6-5776-488c-b315-9c8ee087818a ] Request (SecurityGroupsTestJSON:test_server_security_groups): 200 GET http://10.180.1.21/compute/v2.1/servers/87e8e7a1-56fc-4065-861e-1b07b8097db3 0.176s
2025-05-13 11:48:10.329 70062 INFO tempest.lib.common.rest_client [req-fe562372-e984-40bd-a97b-bc5c8b41e8bf req-fe562372-e984-40bd-a97b-bc5c8b41e8bf ] Request (ServerTagsTestJSON:setUpClass): 200 GET http://10.180.1.21/compute/v2.1/servers/b81bde1d-fb4a-4ab2-87e7-9be900c07511 0.157s
2025-05-13 11:48:10.355 70058 INFO tempest.lib.common.rest_client [req-f151a91e-fad1-478b-a810-28c16543ddb4 req-f151a91e-fad1-478b-a810-28c16543ddb4 ] Request (ImagesTestJSON:test_create_image_from_suspended_server): 200 GET http://10.180.1.21/compute/v2.1/images/fb149817-9c10-4791-bbea-713cb1e1f07e 0.148s
2025-05-13 11:48:10.449 70076 INFO tempest.lib.common.rest_client [req-0a2f1f3b-088a-46c9-a0fc-44006b54f249 req-0a2f1f3b-088a-46c9-a0fc-44006b54f249 ] Request (FloatingIPsAssociationTestJSON:test_associate_already_associated_floating_ip): 200 GET http://10.180.1.21/compute/v2.1/servers/7908b4fb-eb18-493b-b98b-48c23f0926fd 0.213s
2025-05-13 11:48:10.466 70074 INFO tempest.lib.common.rest_client [req-eb031d7d-2578-4136-8621-6f5c5be758c4 req-eb031d7d-2578-4136-8621-6f5c5be758c4 ] Request (ServersTestFqdnHostnames:tearDownClass): 200 GET http://10.180.1.21/compute/v2.1/servers/1a7cb6c6-51bd-4403-a43c-8a1a5a1e2c51 0.155s
2025-05-13 11:48:10.524 70100 INFO tempest.lib.common.rest_client [req-e24bc4b8-6c07-49e7-9556-37c809659f11 req-e24bc4b8-6c07-49e7-9556-37c809659f11 ] Request (DeleteServersAdminTestJSON:test_delete_server_while_in_error_state): 200 GET http://10.180.1.21/compute/v2.1/servers/540508eb-3326-4f5e-aa1a-a8e3ecc02a1d 0.125s
2025-05-13 11:48:10.540 70106 INFO tempest.lib.common.rest_client [req-d88149e5-0eee-483e-bf21-33a7c9850397 req-d88149e5-0eee-483e-bf21-33a7c9850397 ] Request (ServerShowV254Test:test_rebuild_server): 200 GET http://10.180.1.21/compute/v2.1/servers/6eb890b2-e6d7-49b2-a24a-9f94d574868d 0.219s
2025-05-13 11:48:10.586 70084 INFO tempest.lib.common.rest_client [req-31dcbc97-4cab-4c63-a4a3-cd1a1d4d15be req-31dcbc97-4cab-4c63-a4a3-cd1a1d4d15be ] Request (VolumesAssistedSnapshotsTest:tearDownClass): 200 GET http://10.180.1.21/compute/v2.1/servers/e7db82ae-71dc-43c6-a19f-3b5ddfb7041d 0.179s
2025-05-13 11:48:10.609 70092 INFO tempest.lib.common.rest_client [req-a4f891ec-f6b2-416a-9057-008736f924ec req-a4f891ec-f6b2-416a-9057-008736f924ec ] Request (ServersWithSpecificFlavorTestJSON:test_verify_created_server_ephemeral_disk): 200 GET http://10.180.1.21/compute/v2.1/servers/ab0b27aa-8b6c-48e9-a254-813c936b7a6a 0.150s
2025-05-13 11:48:10.646 70108 INFO tempest.lib.common.rest_client [req-85a37fe1-6e02-4dc5-96e1-b17ecee2e306 req-85a37fe1-6e02-4dc5-96e1-b17ecee2e306 ] Request (ListImageFiltersTestJSON:setUpClass): 200 GET http://10.180.1.21/compute/v2.1/servers/d9c1139c-c1b1-4ef3-b75f-fe9dfad7a255 0.130s
2025-05-13 11:48:10.675 70096 INFO tempest.lib.common.rest_client [req-5d21a20c-7912-46ac-94eb-4683dae97c35 req-5d21a20c-7912-46ac-94eb-4683dae97c35 ] Request (ServersAdminTestJSON:test_inject_network_info): 200 GET http://10.180.1.21/compute/v2.1/servers/6ecdec81-31ef-46fc-b920-327d01640f2d 0.105s
2025-05-13 11:48:10.702 70094 INFO tempest.lib.common.rest_client [req-7f29cbcf-d5e7-4490-98a2-8afbc3638288 req-7f29cbcf-d5e7-4490-98a2-8afbc3638288 ] Request (ListServersNegativeTestJSON:setUpClass): 200 GET http://10.180.1.21/compute/v2.1/servers/4244948e-6a1e-446b-b02b-18ee384d9553 0.128s
2025-05-13 11:48:10.778 70088 INFO tempest.lib.common.rest_client [req-691bd662-6831-4d32-b443-a5e9d226ddb4 req-691bd662-6831-4d32-b443-a5e9d226ddb4 ] Request (ServerDiagnosticsV248Test:tearDownClass): 200 GET http://10.180.1.21/compute/v2.1/servers/1f43ca30-fd40-4c2c-af1f-9b12651cadb0 0.072s
2025-05-13 11:48:10.813 70114 INFO tempest.lib.common.rest_client [req-35aa6c39-c9a2-4e3f-9425-509f8b5d6dd9 req-35aa6c39-c9a2-4e3f-9425-509f8b5d6dd9 ] Request (ServerActionsV293TestJSON:setUpClass): 201 POST http://10.180.1.21:9696/networking/v2.0/floatingips 0.806s
2025-05-13 11:48:10.848 70114 INFO tempest.lib.common.rest_client [req-450d757a-df9b-404d-a8b5-5b4f20c0cd53 req-450d757a-df9b-404d-a8b5-5b4f20c0cd53 ] Request (ServerActionsV293TestJSON:setUpClass): 201 POST http://10.180.1.21/identity/v3/auth/tokens 0.030s
2025-05-13 11:48:10.848 70114 INFO tempest.lib.common.fixed_network [-] (ServerActionsV293TestJSON:setUpClass) Found network {'id': '1c5ed565-42a4-41c8-81bc-8e63e4df5138', 'name': 'tempest-ServerActionsV293TestJSON-620764653-network', 'tenant_id': '2b95ac2424eb44ab8f4f536a15becf0b', 'admin_state_up': True, 'mtu': 8950, 'status': 'ACTIVE', 'subnets': [], 'shared': False, 'project_id': '2b95ac2424eb44ab8f4f536a15becf0b', 'port_security_enabled': True, 'router:external': False, 'provider:network_type': 'vlan', 'provider:physical_network': 'default', 'provider:segmentation_id': 996, 'availability_zone_hints': [], 'availability_zones': [], 'ipv4_address_scope': None, 'ipv6_address_scope': None, 'description': '', 'tags': [], 'created_at': '2025-05-13T11:48:05Z', 'updated_at': '2025-05-13T11:48:05Z', 'revision_number': 1} available for tenant
2025-05-13 11:48:10.892 70078 INFO tempest.lib.common.rest_client [req-26693646-7089-4c51-b8de-9c89a84bd491 req-26693646-7089-4c51-b8de-9c89a84bd491 ] Request (ServerMetadataTestJSON:tearDownClass): 200 GET http://10.180.1.21/compute/v2.1/servers/a53aac01-ef1d-4ef0-aac4-326927830321 0.068s
2025-05-13 11:48:10.983 70068 INFO tempest.lib.common.rest_client [req-f433051f-4c04-4a86-9aa5-ee5572bed003 req-f433051f-4c04-4a86-9aa5-ee5572bed003 ] Request (ServerActionsTestOtherB:test_create_backup): 200 GET http://10.180.1.21/compute/v2.1/servers/e2c166bd-9b6d-4450-bba0-43bb56975555 0.109s
2025-05-13 11:48:10.992 70068 INFO tempest.common.waiters [-] State transition "ACTIVE/image_uploading" ==> "ACTIVE/None" after 18 second wait
2025-05-13 11:48:11.001 70080 INFO tempest.lib.common.rest_client [req-183057d6-da39-4a73-a132-c4aee5522962 req-183057d6-da39-4a73-a132-c4aee5522962 ] Request (ServersNegativeTestJSON:setUpClass): 200 GET http://10.180.1.21/compute/v2.1/servers/26b87865-1683-4797-ae24-f51084419ce4 0.056s
2025-05-13 11:48:11.001 70068 INFO tempest.lib.common.rest_client [req-1bce2b6b-2600-45fb-8154-7ae0650518df req-1bce2b6b-2600-45fb-8154-7ae0650518df ] Request (ServerActionsTestOtherB:test_create_backup): 404 GET http://10.180.1.21/image/v2/images/fb3fc0a5-3b95-4932-9470-708d0e5ac293 0.009s
2025-05-13 11:48:11.043 70068 INFO tempest.lib.common.rest_client [req-b475a2a6-6392-4eec-bde5-da78b5f50b74 req-b475a2a6-6392-4eec-bde5-da78b5f50b74 ] Request (ServerActionsTestOtherB:test_create_backup): 200 GET http://10.180.1.21/image/v2/images?status=active&sort_key=created_at&sort_dir=asc&image_type=backup&backup_type=daily&instance_uuid=e2c166bd-9b6d-4450-bba0-43bb56975555 0.041s
2025-05-13 11:48:11.080 70064 INFO tempest.lib.common.rest_client [req-2101927e-c86f-494c-86a7-aba344424c27 req-2101927e-c86f-494c-86a7-aba344424c27 ] Request (ListServerFiltersTestJSON:setUpClass): 200 GET http://10.180.1.21/compute/v2.1/servers/5de29246-15dd-470d-b18e-b2453818b760 0.058s
2025-05-13 11:48:11.114 70114 INFO tempest.lib.common.rest_client [req-9252f560-26a5-4b38-9710-8293e8931a70 req-9252f560-26a5-4b38-9710-8293e8931a70 ] Request (ServerActionsV293TestJSON:setUpClass): 202 POST http://10.180.1.21/volume/v3/volumes 0.263s
2025-05-13 11:48:11.153 70114 INFO tempest.lib.common.rest_client [req-f711a980-0318-4d8f-a3ee-e06c71f90364 req-f711a980-0318-4d8f-a3ee-e06c71f90364 ] Request (ServerActionsV293TestJSON:setUpClass): 200 GET http://10.180.1.21/volume/v3/volumes/42a6f5d4-0c36-4379-bf35-cd9d3e938860 0.030s
2025-05-13 11:48:11.158 70112 INFO tempest.lib.common.rest_client [req-626d742f-4f96-42b2-af48-9d3e05acc81b req-626d742f-4f96-42b2-af48-9d3e05acc81b ] Request (MigrationsAdminTest:test_list_migrations_in_flavor_resize_situation): 200 GET http://10.180.1.21/compute/v2.1/servers/3a962860-7a12-485a-af4e-1e86f7292a8a 0.151s
2025-05-13 11:48:11.204 70068 INFO tempest.lib.common.rest_client [req-ddd155ed-4659-43af-a5d6-e3bd89a43142 req-ddd155ed-4659-43af-a5d6-e3bd89a43142 ] Request (ServerActionsTestOtherB:tearDown): 200 GET http://10.180.1.21/compute/v2.1/servers/e2c166bd-9b6d-4450-bba0-43bb56975555 0.160s
2025-05-13 11:48:11.260 70072 INFO tempest.lib.common.rest_client [req-0247e0fe-cebb-403a-acaa-84461446706d req-0247e0fe-cebb-403a-acaa-84461446706d ] Request (ServersAdminNegativeTestJSON:tearDownClass): 200 GET http://10.180.1.21/compute/v2.1/servers/e9cb699d-b67b-4e4d-b561-83e3def48ac8 0.159s
2025-05-13 11:48:11.318 70070 INFO tempest.lib.common.rest_client [req-c18ddab2-35ee-4c72-bf69-259b1d238a00 req-c18ddab2-35ee-4c72-bf69-259b1d238a00 ] Request (AttachVolumeTestJSON:test_attach_detach_volume): 200 GET http://10.180.1.21/compute/v2.1/servers/780705ab-3fbb-43e0-961a-46f755f5388d 0.148s
2025-05-13 11:48:11.332 70068 INFO tempest.lib.common.rest_client [req-525c2190-0e31-4c03-b853-2a377e60bb97 req-525c2190-0e31-4c03-b853-2a377e60bb97 ] Request (ServerActionsTestOtherB:_run_cleanups): 204 DELETE http://10.180.1.21/image/v2/images/c2c559a1-8bdc-4bde-8dd4-2647167877f8 0.117s
2025-05-13 11:48:11.333 70119 INFO tempest.lib.common.rest_client [req-a85ea4a0-acac-4613-aaa6-3cce9b08cb3f req-a85ea4a0-acac-4613-aaa6-3cce9b08cb3f ] Request (ImagesNegativeTestJSON:test_create_image_from_deleted_server): 200 GET http://10.180.1.21/compute/v2.1/servers/2af130dc-3603-4a57-b28f-123409202b5a 0.150s
2025-05-13 11:48:11.383 70060 INFO tempest.lib.common.rest_client [req-7f57f4df-470d-4193-99ca-38e343572550 req-7f57f4df-470d-4193-99ca-38e343572550 ] Request (ServerDiskConfigTestJSON:test_rebuild_server_with_auto_disk_config): 200 GET http://10.180.1.21/compute/v2.1/servers/cbb08f23-34b1-4486-942f-e0f4781f04fc 0.118s
2025-05-13 11:48:11.389 70102 INFO tempest.lib.common.rest_client [req-0d2d0a70-56c7-45e6-b835-836a20a9b839 req-0d2d0a70-56c7-45e6-b835-836a20a9b839 ] Request (ServerRescueNegativeTestJSON:setUpClass): 200 GET http://10.180.1.21/compute/v2.1/servers/b51544bf-55dd-45b8-8ff7-f0bdffbec768 0.118s
2025-05-13 11:48:11.437 70068 INFO tempest.lib.common.rest_client [req-b1fa720d-ae33-47fb-a2fe-a07857ee39eb req-b1fa720d-ae33-47fb-a2fe-a07857ee39eb ] Request (ServerActionsTestOtherB:_run_cleanups): 204 DELETE http://10.180.1.21/image/v2/images/976c5149-7f3c-4aaa-9316-0bcc1baaf3b2 0.104s
2025-05-13 11:48:11.442 70120 INFO tempest.lib.common.rest_client [req-b298377c-7dfa-4b4e-8c0b-ae079fe5afa1 req-b298377c-7dfa-4b4e-8c0b-ae079fe5afa1 ] Request (SecurityGroupsTestJSON:test_server_security_groups): 200 GET http://10.180.1.21/compute/v2.1/servers/87e8e7a1-56fc-4065-861e-1b07b8097db3 0.114s
2025-05-13 11:48:11.446 70062 INFO tempest.lib.common.rest_client [req-594a41c7-664b-4805-b58f-77f526165cbf req-594a41c7-664b-4805-b58f-77f526165cbf ] Request (ServerTagsTestJSON:setUpClass): 200 GET http://10.180.1.21/compute/v2.1/servers/b81bde1d-fb4a-4ab2-87e7-9be900c07511 0.104s
2025-05-13 11:48:11.482 70058 INFO tempest.lib.common.rest_client [req-a5c77a61-e6d9-4d80-ac14-db31bc84ac7b req-a5c77a61-e6d9-4d80-ac14-db31bc84ac7b ] Request (ImagesTestJSON:test_create_image_from_suspended_server): 200 GET http://10.180.1.21/compute/v2.1/images/fb149817-9c10-4791-bbea-713cb1e1f07e 0.123s
2025-05-13 11:48:11.531 70076 INFO tempest.lib.common.rest_client [req-d7866e4e-00df-4aec-874c-a48722043b07 req-d7866e4e-00df-4aec-874c-a48722043b07 ] Request (FloatingIPsAssociationTestJSON:test_associate_already_associated_floating_ip): 200 GET http://10.180.1.21/compute/v2.1/servers/7908b4fb-eb18-493b-b98b-48c23f0926fd 0.073s
2025-05-13 11:48:11.539 70068 INFO tempest.lib.common.rest_client [req-d11ce456-0b7f-421e-b529-217c83b5a8c1 req-d11ce456-0b7f-421e-b529-217c83b5a8c1 ] Request (ServerActionsTestOtherB:setUp): 200 GET http://10.180.1.21/compute/v2.1/servers/e2c166bd-9b6d-4450-bba0-43bb56975555 0.100s
2025-05-13 11:48:11.598 70100 INFO tempest.lib.common.rest_client [req-b5829eff-ed11-4d2a-b209-00b1044edf97 req-b5829eff-ed11-4d2a-b209-00b1044edf97 ] Request (DeleteServersAdminTestJSON:test_delete_server_while_in_error_state): 200 GET http://10.180.1.21/compute/v2.1/servers/540508eb-3326-4f5e-aa1a-a8e3ecc02a1d 0.066s
2025-05-13 11:48:11.599 70074 INFO tempest.lib.common.rest_client [req-8c2db804-cd46-4a30-a762-d692ccbd6563 req-8c2db804-cd46-4a30-a762-d692ccbd6563 ] Request (ServersTestFqdnHostnames:tearDownClass): 200 GET http://10.180.1.21/compute/v2.1/servers/1a7cb6c6-51bd-4403-a43c-8a1a5a1e2c51 0.123s
2025-05-13 11:48:11.651 70106 INFO tempest.lib.common.rest_client [req-97bcb458-9cf3-4bb3-babd-3cde78f1440c req-97bcb458-9cf3-4bb3-babd-3cde78f1440c ] Request (ServerShowV254Test:test_rebuild_server): 200 GET http://10.180.1.21/compute/v2.1/servers/6eb890b2-e6d7-49b2-a24a-9f94d574868d 0.099s
2025-05-13 11:48:11.690 70068 INFO tempest.lib.common.rest_client [req-bf7c1624-906e-4eca-ab8a-9863aaa12256 req-bf7c1624-906e-4eca-ab8a-9863aaa12256 ] Request (ServerActionsTestOtherB:tearDown): 200 GET http://10.180.1.21/compute/v2.1/servers/e2c166bd-9b6d-4450-bba0-43bb56975555 0.143s
2025-05-13 11:48:11.715 70084 INFO tempest.lib.common.rest_client [req-1f7fb229-bc85-4805-bc15-4b36114ce668 req-1f7fb229-bc85-4805-bc15-4b36114ce668 ] Request (VolumesAssistedSnapshotsTest:tearDownClass): 200 GET http://10.180.1.21/compute/v2.1/servers/e7db82ae-71dc-43c6-a19f-3b5ddfb7041d 0.121s
2025-05-13 11:48:11.746 70092 INFO tempest.lib.common.rest_client [req-28e4247c-9a92-4339-87ba-8a27df16b7cc req-28e4247c-9a92-4339-87ba-8a27df16b7cc ] Request (ServersWithSpecificFlavorTestJSON:test_verify_created_server_ephemeral_disk): 200 GET http://10.180.1.21/compute/v2.1/servers/ab0b27aa-8b6c-48e9-a254-813c936b7a6a 0.127s
2025-05-13 11:48:11.769 70108 INFO tempest.lib.common.rest_client [req-532d6797-6d3a-42a3-a07d-dbfb9dd0fd7d req-532d6797-6d3a-42a3-a07d-dbfb9dd0fd7d ] Request (ListImageFiltersTestJSON:setUpClass): 200 GET http://10.180.1.21/compute/v2.1/servers/d9c1139c-c1b1-4ef3-b75f-fe9dfad7a255 0.109s
2025-05-13 11:48:11.803 70096 INFO tempest.lib.common.rest_client [req-f1bdb9bc-c145-4990-8325-d584f99492ec req-f1bdb9bc-c145-4990-8325-d584f99492ec ] Request (ServersAdminTestJSON:test_inject_network_info): 200 GET http://10.180.1.21/compute/v2.1/servers/6ecdec81-31ef-46fc-b920-327d01640f2d 0.118s
2025-05-13 11:48:11.856 70094 INFO tempest.lib.common.rest_client [req-dcaab628-d891-4874-bf46-4edd576a71c5 req-dcaab628-d891-4874-bf46-4edd576a71c5 ] Request (ListServersNegativeTestJSON:setUpClass): 200 GET http://10.180.1.21/compute/v2.1/servers/4244948e-6a1e-446b-b02b-18ee384d9553 0.141s
2025-05-13 11:48:11.868 70068 INFO tempest.lib.common.rest_client [req-7590cc7d-f965-4758-8ee2-b27a020bce40 req-7590cc7d-f965-4758-8ee2-b27a020bce40 ] Request (ServerActionsTestOtherB:setUp): 200 GET http://10.180.1.21/compute/v2.1/servers/e2c166bd-9b6d-4450-bba0-43bb56975555 0.167s
2025-05-13 11:48:11.926 70088 INFO tempest.lib.common.rest_client [req-17529dc5-881b-4333-a61f-2b6de8561a35 req-17529dc5-881b-4333-a61f-2b6de8561a35 ] Request (ServerDiagnosticsV248Test:tearDownClass): 200 GET http://10.180.1.21/compute/v2.1/servers/1f43ca30-fd40-4c2c-af1f-9b12651cadb0 0.138s
2025-05-13 11:48:11.928 70068 INFO tempest.lib.common.rest_client [req-cc4823e0-8906-4b3b-b8ef-f578ca53eb86 req-cc4823e0-8906-4b3b-b8ef-f578ca53eb86 ] Request (ServerActionsTestOtherB:test_resize_server_confirm_from_stopped): 202 POST http://10.180.1.21/compute/v2.1/servers/e2c166bd-9b6d-4450-bba0-43bb56975555/action 0.052s
2025-05-13 11:48:11.994 70078 INFO tempest.lib.common.rest_client [req-d839f8a4-8fa9-43ac-8ad3-82905dc1d34f req-d839f8a4-8fa9-43ac-8ad3-82905dc1d34f ] Request (ServerMetadataTestJSON:tearDownClass): 200 GET http://10.180.1.21/compute/v2.1/servers/a53aac01-ef1d-4ef0-aac4-326927830321 0.093s
2025-05-13 11:48:12.034 70068 INFO tempest.lib.common.rest_client [req-888afc11-edfb-4dba-88c7-c85f9bbec313 req-888afc11-edfb-4dba-88c7-c85f9bbec313 ] Request (ServerActionsTestOtherB:test_resize_server_confirm_from_stopped): 200 GET http://10.180.1.21/compute/v2.1/servers/e2c166bd-9b6d-4450-bba0-43bb56975555 0.106s
2025-05-13 11:48:12.071 70080 INFO tempest.lib.common.rest_client [req-09e89bf5-3efd-4f69-87e2-79bf3d8ec5c8 req-09e89bf5-3efd-4f69-87e2-79bf3d8ec5c8 ] Request (ServersNegativeTestJSON:setUpClass): 200 GET http://10.180.1.21/compute/v2.1/servers/26b87865-1683-4797-ae24-f51084419ce4 0.062s
2025-05-13 11:48:12.152 70064 INFO tempest.lib.common.rest_client [req-ebcc4d87-781e-4c68-aef9-e312eb8d6a84 req-ebcc4d87-781e-4c68-aef9-e312eb8d6a84 ] Request (ListServerFiltersTestJSON:setUpClass): 200 GET http://10.180.1.21/compute/v2.1/servers/5de29246-15dd-470d-b18e-b2453818b760 0.064s
2025-05-13 11:48:12.196 70114 INFO tempest.lib.common.rest_client [req-a3745f3d-1af5-4e42-b532-5c056f17cefb req-a3745f3d-1af5-4e42-b532-5c056f17cefb ] Request (ServerActionsV293TestJSON:setUpClass): 200 GET http://10.180.1.21/volume/v3/volumes/42a6f5d4-0c36-4379-bf35-cd9d3e938860 0.032s
2025-05-13 11:48:12.292 70112 INFO tempest.lib.common.rest_client [req-02bcc152-768e-42e3-a11e-4520004536a0 req-02bcc152-768e-42e3-a11e-4520004536a0 ] Request (MigrationsAdminTest:test_list_migrations_in_flavor_resize_situation): 200 GET http://10.180.1.21/compute/v2.1/servers/3a962860-7a12-485a-af4e-1e86f7292a8a 0.125s
2025-05-13 11:48:12.353 70072 INFO tempest.lib.common.rest_client [req-a84877b2-2c77-4ccc-a911-98fb4f70fd0d req-a84877b2-2c77-4ccc-a911-98fb4f70fd0d ] Request (ServersAdminNegativeTestJSON:tearDownClass): 200 GET http://10.180.1.21/compute/v2.1/servers/e9cb699d-b67b-4e4d-b561-83e3def48ac8 0.084s
2025-05-13 11:48:12.426 70119 INFO tempest.lib.common.rest_client [req-9f8a0296-fb9b-4b32-ab11-06f9e017c6d9 req-9f8a0296-fb9b-4b32-ab11-06f9e017c6d9 ] Request (ImagesNegativeTestJSON:test_create_image_from_deleted_server): 200 GET http://10.180.1.21/compute/v2.1/servers/2af130dc-3603-4a57-b28f-123409202b5a 0.078s
2025-05-13 11:48:12.469 70070 INFO tempest.lib.common.rest_client [req-399a3930-d49b-4a83-b5c8-4663df16eed1 req-399a3930-d49b-4a83-b5c8-4663df16eed1 ] Request (AttachVolumeTestJSON:test_attach_detach_volume): 200 GET http://10.180.1.21/compute/v2.1/servers/780705ab-3fbb-43e0-961a-46f755f5388d 0.139s
2025-05-13 11:48:12.496 70060 INFO tempest.lib.common.rest_client [req-a78abdfb-3f5b-433e-b9e0-8cc258ee955b req-a78abdfb-3f5b-433e-b9e0-8cc258ee955b ] Request (ServerDiskConfigTestJSON:test_rebuild_server_with_auto_disk_config): 200 GET http://10.180.1.21/compute/v2.1/servers/cbb08f23-34b1-4486-942f-e0f4781f04fc 0.106s
2025-05-13 11:48:12.532 70102 INFO tempest.lib.common.rest_client [req-699f590f-9944-462c-8549-cb699710e66d req-699f590f-9944-462c-8549-cb699710e66d ] Request (ServerRescueNegativeTestJSON:setUpClass): 200 GET http://10.180.1.21/compute/v2.1/servers/b51544bf-55dd-45b8-8ff7-f0bdffbec768 0.129s
2025-05-13 11:48:12.554 70120 INFO tempest.lib.common.rest_client [req-c18414f0-cf41-46a3-bb14-2a2e76b8858b req-c18414f0-cf41-46a3-bb14-2a2e76b8858b ] Request (SecurityGroupsTestJSON:test_server_security_groups): 200 GET http://10.180.1.21/compute/v2.1/servers/87e8e7a1-56fc-4065-861e-1b07b8097db3 0.100s
2025-05-13 11:48:12.589 70062 INFO tempest.lib.common.rest_client [req-b74d317d-23dc-40b2-9069-8a8fe15540a8 req-b74d317d-23dc-40b2-9069-8a8fe15540a8 ] Request (ServerTagsTestJSON:setUpClass): 200 GET http://10.180.1.21/compute/v2.1/servers/b81bde1d-fb4a-4ab2-87e7-9be900c07511 0.131s
2025-05-13 11:48:12.589 70058 INFO tempest.lib.common.rest_client [req-2ac6b799-202c-4f9c-aca9-8e067cc1ffd5 req-2ac6b799-202c-4f9c-aca9-8e067cc1ffd5 ] Request (ImagesTestJSON:test_create_image_from_suspended_server): 200 GET http://10.180.1.21/compute/v2.1/images/fb149817-9c10-4791-bbea-713cb1e1f07e 0.103s
2025-05-13 11:48:12.639 70076 INFO tempest.lib.common.rest_client [req-6181c3bb-840b-43cc-a39a-0794d79bd81f req-6181c3bb-840b-43cc-a39a-0794d79bd81f ] Request (FloatingIPsAssociationTestJSON:test_associate_already_associated_floating_ip): 200 GET http://10.180.1.21/compute/v2.1/servers/7908b4fb-eb18-493b-b98b-48c23f0926fd 0.094s
2025-05-13 11:48:12.666 70100 INFO tempest.lib.common.rest_client [req-6d466ff6-b8e4-44b0-a5f1-a1f814d4c8dd req-6d466ff6-b8e4-44b0-a5f1-a1f814d4c8dd ] Request (DeleteServersAdminTestJSON:test_delete_server_while_in_error_state): 200 GET http://10.180.1.21/compute/v2.1/servers/540508eb-3326-4f5e-aa1a-a8e3ecc02a1d 0.060s
2025-05-13 11:48:12.696 70074 INFO tempest.lib.common.rest_client [req-d95552f0-ffa4-40ab-99fe-caf4ab97b15d req-d95552f0-ffa4-40ab-99fe-caf4ab97b15d ] Request (ServersTestFqdnHostnames:tearDownClass): 200 GET http://10.180.1.21/compute/v2.1/servers/1a7cb6c6-51bd-4403-a43c-8a1a5a1e2c51 0.089s
2025-05-13 11:48:12.724 70106 INFO tempest.lib.common.rest_client [req-2356203b-5c7d-4ad9-9c9a-8a41c8b46c2e req-2356203b-5c7d-4ad9-9c9a-8a41c8b46c2e ] Request (ServerShowV254Test:test_rebuild_server): 200 GET http://10.180.1.21/compute/v2.1/servers/6eb890b2-e6d7-49b2-a24a-9f94d574868d 0.062s
2025-05-13 11:48:12.784 70084 INFO tempest.lib.common.rest_client [req-449fbfe1-9c7e-43fb-ba21-870e0314897f req-449fbfe1-9c7e-43fb-ba21-870e0314897f ] Request (VolumesAssistedSnapshotsTest:tearDownClass): 200 GET http://10.180.1.21/compute/v2.1/servers/e7db82ae-71dc-43c6-a19f-3b5ddfb7041d 0.061s
2025-05-13 11:48:12.809 70092 INFO tempest.lib.common.rest_client [req-62dc0014-4eea-44b3-bdfc-8b37f6b01601 req-62dc0014-4eea-44b3-bdfc-8b37f6b01601 ] Request (ServersWithSpecificFlavorTestJSON:test_verify_created_server_ephemeral_disk): 200 GET http://10.180.1.21/compute/v2.1/servers/ab0b27aa-8b6c-48e9-a254-813c936b7a6a 0.053s
2025-05-13 11:48:12.832 70108 INFO tempest.lib.common.rest_client [req-6b2faa57-9962-433d-9223-eb550e134dcf req-6b2faa57-9962-433d-9223-eb550e134dcf ] Request (ListImageFiltersTestJSON:setUpClass): 200 GET http://10.180.1.21/compute/v2.1/servers/d9c1139c-c1b1-4ef3-b75f-fe9dfad7a255 0.055s
2025-05-13 11:48:12.866 70096 INFO tempest.lib.common.rest_client [req-9ff8a49b-b37c-4ac1-8439-fca88b4a6872 req-9ff8a49b-b37c-4ac1-8439-fca88b4a6872 ] Request (ServersAdminTestJSON:test_inject_network_info): 200 GET http://10.180.1.21/compute/v2.1/servers/6ecdec81-31ef-46fc-b920-327d01640f2d 0.056s
2025-05-13 11:48:12.918 70094 INFO tempest.lib.common.rest_client [req-e51c7e59-7f9f-48b6-a177-e40ae4902f31 req-e51c7e59-7f9f-48b6-a177-e40ae4902f31 ] Request (ListServersNegativeTestJSON:setUpClass): 200 GET http://10.180.1.21/compute/v2.1/servers/4244948e-6a1e-446b-b02b-18ee384d9553 0.053s
2025-05-13 11:48:12.996 70088 INFO tempest.lib.common.rest_client [req-1873e01d-043a-4a95-ab98-419078347215 req-1873e01d-043a-4a95-ab98-419078347215 ] Request (ServerDiagnosticsV248Test:tearDownClass): 200 GET http://10.180.1.21/compute/v2.1/servers/1f43ca30-fd40-4c2c-af1f-9b12651cadb0 0.060s
2025-05-13 11:48:13.065 70078 INFO tempest.lib.common.rest_client [req-123fb528-bdbd-48fa-ac0a-6f920622c88c req-123fb528-bdbd-48fa-ac0a-6f920622c88c ] Request (ServerMetadataTestJSON:tearDownClass): 200 GET http://10.180.1.21/compute/v2.1/servers/a53aac01-ef1d-4ef0-aac4-326927830321 0.061s
2025-05-13 11:48:13.133 70080 INFO tempest.lib.common.rest_client [req-086272a1-8413-4064-92b7-a0392aa78e20 req-086272a1-8413-4064-92b7-a0392aa78e20 ] Request (ServersNegativeTestJSON:setUpClass): 200 GET http://10.180.1.21/compute/v2.1/servers/26b87865-1683-4797-ae24-f51084419ce4 0.055s
2025-05-13 11:48:13.139 70068 INFO tempest.lib.common.rest_client [req-85e7ea69-f21e-4878-848c-d3904b3a5f77 req-85e7ea69-f21e-4878-848c-d3904b3a5f77 ] Request (ServerActionsTestOtherB:test_resize_server_confirm_from_stopped): 200 GET http://10.180.1.21/compute/v2.1/servers/e2c166bd-9b6d-4450-bba0-43bb56975555 0.096s
2025-05-13 11:48:13.214 70064 INFO tempest.lib.common.rest_client [req-b10f65cd-79a0-41ef-93fe-3391f4141cc7 req-b10f65cd-79a0-41ef-93fe-3391f4141cc7 ] Request (ListServerFiltersTestJSON:setUpClass): 200 GET http://10.180.1.21/compute/v2.1/servers/5de29246-15dd-470d-b18e-b2453818b760 0.053s
2025-05-13 11:48:13.235 70114 INFO tempest.lib.common.rest_client [req-c1535203-76ac-4c4a-b569-e69bb74a5ace req-c1535203-76ac-4c4a-b569-e69bb74a5ace ] Request (ServerActionsV293TestJSON:setUpClass): 200 GET http://10.180.1.21/volume/v3/volumes/42a6f5d4-0c36-4379-bf35-cd9d3e938860 0.030s
2025-05-13 11:48:13.405 70112 INFO tempest.lib.common.rest_client [req-e200e49a-49b4-4687-9a2d-d5ae3a78c266 req-e200e49a-49b4-4687-9a2d-d5ae3a78c266 ] Request (MigrationsAdminTest:test_list_migrations_in_flavor_resize_situation): 200 GET http://10.180.1.21/compute/v2.1/servers/3a962860-7a12-485a-af4e-1e86f7292a8a 0.104s
2025-05-13 11:48:13.412 70086 WARNING tempest.lib.common.ssh [-] Failed to establish authenticated ssh connection to cirros@10.180.180.243 ([Errno None] Unable to connect to port 22 on 10.180.180.243). Number attempts: 1. Retry after 2 seconds.: paramiko.ssh_exception.NoValidConnectionsError: [Errno None] Unable to connect to port 22 on 10.180.180.243
2025-05-13 11:48:13.429 70072 INFO tempest.lib.common.rest_client [req-5c8f96d4-6980-42e0-9163-7d32fa96b9fa req-5c8f96d4-6980-42e0-9163-7d32fa96b9fa ] Request (ServersAdminNegativeTestJSON:tearDownClass): 200 GET http://10.180.1.21/compute/v2.1/servers/e9cb699d-b67b-4e4d-b561-83e3def48ac8 0.064s
2025-05-13 11:48:13.507 70119 INFO tempest.lib.common.rest_client [req-f5870e6e-b38c-4477-835b-c3973caab4b0 req-f5870e6e-b38c-4477-835b-c3973caab4b0 ] Request (ImagesNegativeTestJSON:test_create_image_from_deleted_server): 200 GET http://10.180.1.21/compute/v2.1/servers/2af130dc-3603-4a57-b28f-123409202b5a 0.070s
2025-05-13 11:48:13.566 70060 INFO tempest.lib.common.rest_client [req-23399eed-09c0-450e-a7db-802ae60c3d8c req-23399eed-09c0-450e-a7db-802ae60c3d8c ] Request (ServerDiskConfigTestJSON:test_rebuild_server_with_auto_disk_config): 200 GET http://10.180.1.21/compute/v2.1/servers/cbb08f23-34b1-4486-942f-e0f4781f04fc 0.057s
2025-05-13 11:48:13.617 70102 INFO tempest.lib.common.rest_client [req-93e2238e-ce4f-4c82-bfe3-e9155aa22bdd req-93e2238e-ce4f-4c82-bfe3-e9155aa22bdd ] Request (ServerRescueNegativeTestJSON:setUpClass): 200 GET http://10.180.1.21/compute/v2.1/servers/b51544bf-55dd-45b8-8ff7-f0bdffbec768 0.076s
2025-05-13 11:48:13.635 70070 INFO tempest.lib.common.rest_client [req-1252f614-8884-439a-9b03-0db5f1f3781a req-1252f614-8884-439a-9b03-0db5f1f3781a ] Request (AttachVolumeTestJSON:test_attach_detach_volume): 200 GET http://10.180.1.21/compute/v2.1/servers/780705ab-3fbb-43e0-961a-46f755f5388d 0.150s
2025-05-13 11:48:13.668 70120 INFO tempest.lib.common.rest_client [req-dde5ece3-bb83-45e3-baec-e8c756d6f7d8 req-dde5ece3-bb83-45e3-baec-e8c756d6f7d8 ] Request (SecurityGroupsTestJSON:test_server_security_groups): 200 GET http://10.180.1.21/compute/v2.1/servers/87e8e7a1-56fc-4065-861e-1b07b8097db3 0.103s
2025-05-13 11:48:13.732 70062 INFO tempest.lib.common.rest_client [req-85724daf-469f-45e9-980d-287841349db3 req-85724daf-469f-45e9-980d-287841349db3 ] Request (ServerTagsTestJSON:setUpClass): 200 GET http://10.180.1.21/compute/v2.1/servers/b81bde1d-fb4a-4ab2-87e7-9be900c07511 0.133s
2025-05-13 11:48:13.764 70058 INFO tempest.lib.common.rest_client [req-4c9d760f-7db7-4f14-954a-95437508db4a req-4c9d760f-7db7-4f14-954a-95437508db4a ] Request (ImagesTestJSON:test_create_image_from_suspended_server): 200 GET http://10.180.1.21/compute/v2.1/images/fb149817-9c10-4791-bbea-713cb1e1f07e 0.170s
2025-05-13 11:48:13.795 70076 INFO tempest.lib.common.rest_client [req-eb7b1f82-c29f-4c09-b1c2-f675106df86b req-eb7b1f82-c29f-4c09-b1c2-f675106df86b ] Request (FloatingIPsAssociationTestJSON:test_associate_already_associated_floating_ip): 200 GET http://10.180.1.21/compute/v2.1/servers/7908b4fb-eb18-493b-b98b-48c23f0926fd 0.148s
2025-05-13 11:48:13.829 70100 INFO tempest.lib.common.rest_client [req-34f074a3-dd67-43b4-9ac0-175e0ee178a6 req-34f074a3-dd67-43b4-9ac0-175e0ee178a6 ] Request (DeleteServersAdminTestJSON:test_delete_server_while_in_error_state): 200 GET http://10.180.1.21/compute/v2.1/servers/540508eb-3326-4f5e-aa1a-a8e3ecc02a1d 0.155s
2025-05-13 11:48:13.860 70074 INFO tempest.lib.common.rest_client [req-04dc7318-3742-4d2e-a79a-9ffd158eb889 req-04dc7318-3742-4d2e-a79a-9ffd158eb889 ] Request (ServersTestFqdnHostnames:tearDownClass): 200 GET http://10.180.1.21/compute/v2.1/servers/1a7cb6c6-51bd-4403-a43c-8a1a5a1e2c51 0.155s
2025-05-13 11:48:13.891 70106 INFO tempest.lib.common.rest_client [req-743d361f-3fd1-4ce6-a89e-a5c34f636a71 req-743d361f-3fd1-4ce6-a89e-a5c34f636a71 ] Request (ServerShowV254Test:test_rebuild_server): 200 GET http://10.180.1.21/compute/v2.1/servers/6eb890b2-e6d7-49b2-a24a-9f94d574868d 0.158s
2025-05-13 11:48:13.924 70084 INFO tempest.lib.common.rest_client [req-a98d74f2-8f2f-4f5c-aeec-8889e45edc85 req-a98d74f2-8f2f-4f5c-aeec-8889e45edc85 ] Request (VolumesAssistedSnapshotsTest:tearDownClass): 200 GET http://10.180.1.21/compute/v2.1/servers/e7db82ae-71dc-43c6-a19f-3b5ddfb7041d 0.132s
2025-05-13 11:48:13.950 70092 INFO tempest.lib.common.rest_client [req-01d534a3-3a07-46a6-baa4-075fc1cf44c5 req-01d534a3-3a07-46a6-baa4-075fc1cf44c5 ] Request (ServersWithSpecificFlavorTestJSON:test_verify_created_server_ephemeral_disk): 200 GET http://10.180.1.21/compute/v2.1/servers/ab0b27aa-8b6c-48e9-a254-813c936b7a6a 0.132s
2025-05-13 11:48:13.983 70108 INFO tempest.lib.common.rest_client [req-645615d8-6362-4cd1-8ebf-f2bd810a66c6 req-645615d8-6362-4cd1-8ebf-f2bd810a66c6 ] Request (ListImageFiltersTestJSON:setUpClass): 200 GET http://10.180.1.21/compute/v2.1/servers/d9c1139c-c1b1-4ef3-b75f-fe9dfad7a255 0.143s
2025-05-13 11:48:14.002 70096 INFO tempest.lib.common.rest_client [req-314fe1ac-6334-4923-ba75-0f2c426cb1ad req-314fe1ac-6334-4923-ba75-0f2c426cb1ad ] Request (ServersAdminTestJSON:test_inject_network_info): 200 GET http://10.180.1.21/compute/v2.1/servers/6ecdec81-31ef-46fc-b920-327d01640f2d 0.127s
2025-05-13 11:48:14.032 70094 INFO tempest.lib.common.rest_client [req-1a219599-3841-4a8d-9e78-c9992b2c3430 req-1a219599-3841-4a8d-9e78-c9992b2c3430 ] Request (ListServersNegativeTestJSON:setUpClass): 200 GET http://10.180.1.21/compute/v2.1/servers/4244948e-6a1e-446b-b02b-18ee384d9553 0.106s
2025-05-13 11:48:14.069 70088 INFO tempest.lib.common.rest_client [req-85538d5a-2cf5-404e-9f4b-dabe7ed06a32 req-85538d5a-2cf5-404e-9f4b-dabe7ed06a32 ] Request (ServerDiagnosticsV248Test:tearDownClass): 200 GET http://10.180.1.21/compute/v2.1/servers/1f43ca30-fd40-4c2c-af1f-9b12651cadb0 0.063s
2025-05-13 11:48:14.152 70078 INFO tempest.lib.common.rest_client [req-f50304c4-0770-4972-ae42-77d5fb2c0160 req-f50304c4-0770-4972-ae42-77d5fb2c0160 ] Request (ServerMetadataTestJSON:tearDownClass): 200 GET http://10.180.1.21/compute/v2.1/servers/a53aac01-ef1d-4ef0-aac4-326927830321 0.079s
2025-05-13 11:48:14.215 70080 INFO tempest.lib.common.rest_client [req-410214a8-b801-40d2-a089-a2e26776c799 req-410214a8-b801-40d2-a089-a2e26776c799 ] Request (ServersNegativeTestJSON:setUpClass): 200 GET http://10.180.1.21/compute/v2.1/servers/26b87865-1683-4797-ae24-f51084419ce4 0.072s
2025-05-13 11:48:14.223 70080 INFO tempest.common.waiters [-] State transition "BUILD/None" ==> "BUILD/networking" after 58 second wait
2025-05-13 11:48:14.275 70114 INFO tempest.lib.common.rest_client [req-a1c8ed3b-3b57-4744-b99b-e905a6bfb976 req-a1c8ed3b-3b57-4744-b99b-e905a6bfb976 ] Request (ServerActionsV293TestJSON:setUpClass): 200 GET http://10.180.1.21/volume/v3/volumes/42a6f5d4-0c36-4379-bf35-cd9d3e938860 0.031s
2025-05-13 11:48:14.290 70068 INFO tempest.lib.common.rest_client [req-a0be12ed-b79c-4640-99d8-50282512bdb7 req-a0be12ed-b79c-4640-99d8-50282512bdb7 ] Request (ServerActionsTestOtherB:test_resize_server_confirm_from_stopped): 200 GET http://10.180.1.21/compute/v2.1/servers/e2c166bd-9b6d-4450-bba0-43bb56975555 0.142s
2025-05-13 11:48:14.297 70064 INFO tempest.lib.common.rest_client [req-d43b2721-9ff9-49b5-be2a-32f860e4ec97 req-d43b2721-9ff9-49b5-be2a-32f860e4ec97 ] Request (ListServerFiltersTestJSON:setUpClass): 200 GET http://10.180.1.21/compute/v2.1/servers/5de29246-15dd-470d-b18e-b2453818b760 0.074s
2025-05-13 11:48:14.299 70068 INFO tempest.common.waiters [-] State transition "ACTIVE/powering-off" ==> "SHUTOFF/None" after 2 second wait
2025-05-13 11:48:14.500 70068 INFO tempest.lib.common.rest_client [req-f0ff9eef-82ac-4709-aa00-213aeb0b3121 req-f0ff9eef-82ac-4709-aa00-213aeb0b3121 ] Request (ServerActionsTestOtherB:test_resize_server_confirm_from_stopped): 202 POST http://10.180.1.21/compute/v2.1/servers/e2c166bd-9b6d-4450-bba0-43bb56975555/action 0.201s
2025-05-13 11:48:14.566 70072 INFO tempest.lib.common.rest_client [req-077565d3-374d-4472-afa8-d810e1ecabc6 req-077565d3-374d-4472-afa8-d810e1ecabc6 ] Request (ServersAdminNegativeTestJSON:tearDownClass): 200 GET http://10.180.1.21/compute/v2.1/servers/e9cb699d-b67b-4e4d-b561-83e3def48ac8 0.126s
2025-05-13 11:48:14.626 70112 INFO tempest.lib.common.rest_client [req-7e8be714-4914-44d7-ad0a-3341ef48bdc5 req-7e8be714-4914-44d7-ad0a-3341ef48bdc5 ] Request (MigrationsAdminTest:test_list_migrations_in_flavor_resize_situation): 200 GET http://10.180.1.21/compute/v2.1/servers/3a962860-7a12-485a-af4e-1e86f7292a8a 0.208s
2025-05-13 11:48:14.633 70112 INFO tempest.common.waiters [-] State transition "RESIZE/resize_prep" ==> "RESIZE/resize_migrating" after 53 second wait
2025-05-13 11:48:14.677 70068 INFO tempest.lib.common.rest_client [req-33461b84-0c72-4109-881b-19c571267d8c req-33461b84-0c72-4109-881b-19c571267d8c ] Request (ServerActionsTestOtherB:test_resize_server_confirm_from_stopped): 200 GET http://10.180.1.21/compute/v2.1/servers/e2c166bd-9b6d-4450-bba0-43bb56975555 0.176s
2025-05-13 11:48:14.705 70119 INFO tempest.lib.common.rest_client [req-bea4642e-5149-46f6-acfa-e81ff9289b01 req-bea4642e-5149-46f6-acfa-e81ff9289b01 ] Request (ImagesNegativeTestJSON:test_create_image_from_deleted_server): 200 GET http://10.180.1.21/compute/v2.1/servers/2af130dc-3603-4a57-b28f-123409202b5a 0.189s
2025-05-13 11:48:14.739 70060 INFO tempest.lib.common.rest_client [req-0f8262f7-aa5d-44c4-bbf8-138f49b78c9d req-0f8262f7-aa5d-44c4-bbf8-138f49b78c9d ] Request (ServerDiskConfigTestJSON:test_rebuild_server_with_auto_disk_config): 200 GET http://10.180.1.21/compute/v2.1/servers/cbb08f23-34b1-4486-942f-e0f4781f04fc 0.164s
2025-05-13 11:48:14.768 70102 INFO tempest.lib.common.rest_client [req-0ccd459f-b4b4-42cf-bbcd-b498fe5a075c req-0ccd459f-b4b4-42cf-bbcd-b498fe5a075c ] Request (ServerRescueNegativeTestJSON:setUpClass): 200 GET http://10.180.1.21/compute/v2.1/servers/b51544bf-55dd-45b8-8ff7-f0bdffbec768 0.142s
2025-05-13 11:48:14.833 70120 INFO tempest.lib.common.rest_client [req-9c8d8cb0-9ac5-4b3c-bfff-2a2524c26099 req-9c8d8cb0-9ac5-4b3c-bfff-2a2524c26099 ] Request (SecurityGroupsTestJSON:test_server_security_groups): 200 GET http://10.180.1.21/compute/v2.1/servers/87e8e7a1-56fc-4065-861e-1b07b8097db3 0.153s
2025-05-13 11:48:14.894 70062 INFO tempest.lib.common.rest_client [req-5aef6479-fae7-49ae-a671-f7026c528b6f req-5aef6479-fae7-49ae-a671-f7026c528b6f ] Request (ServerTagsTestJSON:setUpClass): 200 GET http://10.180.1.21/compute/v2.1/servers/b81bde1d-fb4a-4ab2-87e7-9be900c07511 0.151s
2025-05-13 11:48:14.947 70058 INFO tempest.lib.common.rest_client [req-f5c354c5-363f-4b9d-a724-b65d28f0b3cb req-f5c354c5-363f-4b9d-a724-b65d28f0b3cb ] Request (ImagesTestJSON:test_create_image_from_suspended_server): 200 GET http://10.180.1.21/compute/v2.1/images/fb149817-9c10-4791-bbea-713cb1e1f07e 0.179s
2025-05-13 11:48:15.025 70076 INFO tempest.lib.common.rest_client [req-76ab8995-13c5-45f5-9951-eb6dfc7a10c1 req-76ab8995-13c5-45f5-9951-eb6dfc7a10c1 ] Request (FloatingIPsAssociationTestJSON:test_associate_already_associated_floating_ip): 200 GET http://10.180.1.21/compute/v2.1/servers/7908b4fb-eb18-493b-b98b-48c23f0926fd 0.217s
2025-05-13 11:48:15.151 70070 INFO tempest.lib.common.rest_client [req-b47a4d26-f1b9-405c-a6dc-1e441821e928 req-b47a4d26-f1b9-405c-a6dc-1e441821e928 ] Request (AttachVolumeTestJSON:test_attach_detach_volume): 200 GET http://10.180.1.21/compute/v2.1/servers/780705ab-3fbb-43e0-961a-46f755f5388d 0.505s
2025-05-13 11:48:15.235 70074 INFO tempest.lib.common.rest_client [req-52e2d5b1-4554-4c0e-8427-19157b607789 req-52e2d5b1-4554-4c0e-8427-19157b607789 ] Request (ServersTestFqdnHostnames:tearDownClass): 200 GET http://10.180.1.21/compute/v2.1/servers/1a7cb6c6-51bd-4403-a43c-8a1a5a1e2c51 0.366s
2025-05-13 11:48:15.308 70106 INFO tempest.lib.common.rest_client [req-52f8cc53-876b-4315-847f-c29ad0a5a586 req-52f8cc53-876b-4315-847f-c29ad0a5a586 ] Request (ServerShowV254Test:test_rebuild_server): 200 GET http://10.180.1.21/compute/v2.1/servers/6eb890b2-e6d7-49b2-a24a-9f94d574868d 0.406s
2025-05-13 11:48:15.309 70082 WARNING tempest.lib.common.ssh [-] Failed to establish authenticated ssh connection to cirros@10.180.180.218 ([Errno None] Unable to connect to port 22 on 10.180.180.218). Number attempts: 4. Retry after 5 seconds.: paramiko.ssh_exception.NoValidConnectionsError: [Errno None] Unable to connect to port 22 on 10.180.180.218
