2025-05-13 11:46:51.134 70064 INFO tempest.lib.common.rest_client [req-62d6c477-2d44-4123-aff1-f96612206350 req-62d6c477-2d44-4123-aff1-f96612206350 ] Request (ServerExternalEventsTest:tearDownClass): 200 GET http://10.180.1.21/compute/v2.1/servers/1da4cbfb-3a1a-4dcb-91bf-427bd227935d 1.912s
2025-05-13 11:46:51.188 70092 INFO tempest.lib.common.rest_client [req-25c2d703-821f-44e3-8704-8f4b877f19cc req-25c2d703-821f-44e3-8704-8f4b877f19cc ] Request (AggregatesAdminNegativeTestJSON:test_aggregate_remove_nonexistent_host): 200 POST http://10.180.1.21/compute/v2.1/os-aggregates 1.593s
2025-05-13 11:46:51.194 70078 INFO tempest.lib.common.rest_client [req-a6c525e6-e743-4997-95a3-0c5fd98745de req-a6c525e6-e743-4997-95a3-0c5fd98745de ] Request (ServerMetadataTestJSON:setUpClass): 200 GET http://10.180.1.21/compute/v2.1/servers/a53aac01-ef1d-4ef0-aac4-326927830321 1.834s
2025-05-13 11:46:51.215 70119 INFO tempest.lib.common.rest_client [req-8f0644da-c561-4e2d-8a30-1f164b642491 req-8f0644da-c561-4e2d-8a30-1f164b642491 ] Request (ImagesNegativeTestJSON:setUpClass): 201 POST http://10.180.1.21/identity/v3/auth/tokens 0.104s
2025-05-13 11:46:51.224 70076 INFO tempest.lib.common.rest_client [req-2db43591-f8a8-4999-bd80-b0b4bb651967 req-2db43591-f8a8-4999-bd80-b0b4bb651967 ] Request (FloatingIPsAssociationTestJSON:setUpClass): 201 POST http://10.180.1.21/identity/v3/auth/tokens 0.221s
2025-05-13 11:46:51.225 70076 INFO tempest.lib.common.fixed_network [-] (FloatingIPsAssociationTestJSON:setUpClass) Found network {'id': '3b549f2a-fb2a-4e76-943e-4bfaa49b2ec6', 'name': 'tempest-FloatingIPsAssociationTestJSON-1668477436-network', 'tenant_id': 'a766371d7bf74ace9ef49123f69e3631', 'admin_state_up': True, 'mtu': 8950, 'status': 'ACTIVE', 'subnets': [], 'shared': False, 'project_id': 'a766371d7bf74ace9ef49123f69e3631', 'port_security_enabled': True, 'router:external': False, 'provider:network_type': 'vlan', 'provider:physical_network': 'default', 'provider:segmentation_id': 28, 'availability_zone_hints': [], 'availability_zones': [], 'ipv4_address_scope': None, 'ipv6_address_scope': None, 'description': '', 'tags': [], 'created_at': '2025-05-13T11:46:43Z', 'updated_at': '2025-05-13T11:46:43Z', 'revision_number': 1} available for tenant
2025-05-13 11:46:51.257 70119 INFO tempest.lib.common.rest_client [req-8c140ff9-ebb7-4fcb-8634-f2e8685aabe1 req-8c140ff9-ebb7-4fcb-8634-f2e8685aabe1 ] Request (ImagesNegativeTestJSON:setUpClass): 200 GET http://10.180.1.21/identity/v3/domains?name=Default 0.041s
2025-05-13 11:46:51.283 70074 INFO tempest.lib.common.rest_client [req-e2a223c0-7466-4084-a8e6-df7c19f5f99e req-e2a223c0-7466-4084-a8e6-df7c19f5f99e ] Request (ServersTestFqdnHostnames:test_create_server_with_fqdn_name): 200 GET http://10.180.1.21/compute/v2.1/servers/1a7cb6c6-51bd-4403-a43c-8a1a5a1e2c51 1.333s
2025-05-13 11:46:51.293 70119 INFO tempest.lib.common.rest_client [req-1ef60e23-aa04-47c6-af1f-aa7345b93579 req-1ef60e23-aa04-47c6-af1f-aa7345b93579 ] Request (ImagesNegativeTestJSON:setUpClass): 201 POST http://10.180.1.21/identity/v3/projects 0.036s
2025-05-13 11:46:51.317 70060 INFO tempest.lib.common.rest_client [req-9ad90a9d-593c-40fe-a7dd-86ee0c0d4d58 req-9ad90a9d-593c-40fe-a7dd-86ee0c0d4d58 ] Request (ServersTestManualDisk:test_verify_created_server_vcpus): 200 GET http://10.180.1.21/compute/v2.1/flavors/42 1.113s
2025-05-13 11:46:51.321 70060 INFO tempest.lib.common.ssh [-] Creating ssh connection to '10.180.180.254:22' as 'cirros' with public key authentication
2025-05-13 11:46:51.326 70060 INFO paramiko.transport [-] Connected (version 2.0, client dropbear_2020.81)
2025-05-13 11:46:51.339 70098 INFO tempest.lib.common.rest_client [req-e65b24e7-4bcb-4331-8510-980206c6dca9 req-e65b24e7-4bcb-4331-8510-980206c6dca9 ] Request (FlavorsAdminTestJSON:test_is_public_string_variations): 200 GET http://10.180.1.21/compute/v2.1/flavors/detail?is_public=1 1.114s
2025-05-13 11:46:51.382 70119 INFO tempest.lib.common.rest_client [req-fe08a988-46b6-4d82-951b-d34542bd5932 req-fe08a988-46b6-4d82-951b-d34542bd5932 ] Request (ImagesNegativeTestJSON:setUpClass): 201 POST http://10.180.1.21/identity/v3/users 0.088s
2025-05-13 11:46:51.411 70119 INFO tempest.lib.common.rest_client [req-cf52e4b1-dacc-4f73-88e0-7d1eb48270ef req-cf52e4b1-dacc-4f73-88e0-7d1eb48270ef ] Request (ImagesNegativeTestJSON:setUpClass): 200 GET http://10.180.1.21/identity/v3/roles 0.028s
2025-05-13 11:46:51.429 70060 INFO paramiko.transport [-] Authentication (publickey) successful!
2025-05-13 11:46:51.430 70060 INFO tempest.lib.common.ssh [-] ssh connection to cirros@10.180.180.254 successfully created
2025-05-13 11:46:51.451 70119 INFO tempest.lib.common.rest_client [req-34f6a715-491f-41b4-be82-1fb2c7d37826 req-34f6a715-491f-41b4-be82-1fb2c7d37826 ] Request (ImagesNegativeTestJSON:setUpClass): 204 PUT http://10.180.1.21/identity/v3/projects/eb5313b536c9493eae26767fa286a514/users/5b3c71e353f8475f98e1c2eea9dbc715/roles/a7f491baac3d4801b95fa09914b840c1 0.039s
2025-05-13 11:46:51.451 70119 INFO tempest.lib.common.dynamic_creds [-] Dynamic test user 5b3c71e353f8475f98e1c2eea9dbc715 is created with scope project and roles: ['member']
2025-05-13 11:46:51.451 70119 INFO tempest.lib.common.dynamic_creds [-] Acquired dynamic creds: credentials: Credentials: {'domain_id': 'default', 'domain_name': 'Default', 'username': 'tempest-ImagesNegativeTestJSON-1133011790-project-member', 'project_domain_id': 'default', 'project_domain_name': 'Default', 'project_id': 'eb5313b536c9493eae26767fa286a514', 'project_name': 'tempest-ImagesNegativeTestJSON-1133011790', 'tenant_id': 'eb5313b536c9493eae26767fa286a514', 'tenant_name': 'tempest-ImagesNegativeTestJSON-1133011790', 'user_domain_id': 'default', 'user_domain_name': 'Default', 'user_id': '5b3c71e353f8475f98e1c2eea9dbc715', 'system': None}, Network: None, Subnet: None, Router: None
2025-05-13 11:46:51.479 70096 INFO tempest.lib.common.rest_client [req-b4b1cda5-c1f9-488c-8b2e-c4f24d170e92 req-b4b1cda5-c1f9-488c-8b2e-c4f24d170e92 ] Request (ServersAdminTestJSON:setUpClass): 200 GET http://10.180.1.21/compute/v2.1/servers/ca13258a-42e5-48f5-9264-af5b296c8a6f 1.077s
2025-05-13 11:46:51.490 70096 INFO tempest.common.waiters [-] State transition "BUILD/spawning" ==> "ACTIVE/None" after 20 second wait
2025-05-13 11:46:51.516 70088 INFO tempest.lib.common.rest_client [req-ba786e46-5355-4ce9-bd22-ff59cfa0de77 req-ba786e46-5355-4ce9-bd22-ff59cfa0de77 ] Request (ServerDiagnosticsV248Test:test_get_server_diagnostics): 202 POST http://10.180.1.21/compute/v2.1/servers 1.693s
2025-05-13 11:46:51.521 70102 INFO tempest.lib.common.rest_client [req-6e3bdb42-89dd-40e4-842e-db7eb368055d req-6e3bdb42-89dd-40e4-842e-db7eb368055d ] Request (ServerMetadataNegativeTestJSON:test_set_server_metadata_missing_metadata): 400 PUT http://10.180.1.21/compute/v2.1/servers/152eccac-5038-4ed8-9748-911b53a425c2/metadata 1.017s
2025-05-13 11:46:51.530 70119 INFO tempest.lib.common.rest_client [req-ed57fbaa-fa7e-4b4d-89c3-fdd8606ddee6 req-ed57fbaa-fa7e-4b4d-89c3-fdd8606ddee6 ] Request (ImagesNegativeTestJSON:setUpClass): 201 POST http://10.180.1.21/identity/v3/auth/tokens 0.078s
2025-05-13 11:46:51.539 70086 INFO tempest.lib.common.rest_client [req-d7b95213-56de-41cc-b481-5430e956b383 req-d7b95213-56de-41cc-b481-5430e956b383 ] Request (VolumesAdminNegativeTest:setUpClass): 201 POST http://10.180.1.21:9696/networking/v2.0/subnets 0.727s
2025-05-13 11:46:51.563 70120 INFO tempest.lib.common.rest_client [req-5ac5ef4d-ac1b-4e32-813b-ded3ff3a9b8f req-5ac5ef4d-ac1b-4e32-813b-ded3ff3a9b8f ] Request (SecurityGroupsTestJSON:test_list_security_groups_by_server): 200 GET http://10.180.1.21/compute/v2.1/servers/830a4429-edcd-4955-99d2-72fe88ed9ada 1.075s
2025-05-13 11:46:51.603 70112 INFO tempest.lib.common.rest_client [req-54a55348-479a-48af-a6b3-641570a60dff req-54a55348-479a-48af-a6b3-641570a60dff ] Request (MigrationsAdminTest:test_list_migrations_in_flavor_resize_situation): 200 GET http://10.180.1.21/compute/v2.1/servers/3a962860-7a12-485a-af4e-1e86f7292a8a 1.034s
2025-05-13 11:46:51.657 70108 INFO tempest.lib.common.rest_client [req-2f9f6c46-7fff-4409-8c3e-d1bda1e6bd7d req-2f9f6c46-7fff-4409-8c3e-d1bda1e6bd7d ] Request (TenantUsagesTestJSON:tearDownClass): 200 GET http://10.180.1.21/compute/v2.1/servers/ce9b3f98-be80-454d-a541-291921e3e1f7 0.989s
2025-05-13 11:46:51.725 70100 INFO tempest.lib.common.rest_client [req-4ee5c5bf-19ac-4f5b-9535-f2af4c530cb8 req-4ee5c5bf-19ac-4f5b-9535-f2af4c530cb8 ] Request (DeleteServersAdminTestJSON:test_admin_delete_servers_of_others): 200 GET http://10.180.1.21/compute/v2.1/servers/be92232e-a9cf-4f72-9e06-5283afc5734a 0.896s
2025-05-13 11:46:51.754 70106 INFO tempest.lib.common.rest_client [req-717c9679-5ed5-4bd5-bb6b-a538adb11c9c req-717c9679-5ed5-4bd5-bb6b-a538adb11c9c ] Request (ServerDiagnosticsNegativeTest:tearDownClass): 200 GET http://10.180.1.21/compute/v2.1/servers/d0ff2c42-ec49-4659-8629-47a9fc275841 1.021s
2025-05-13 11:46:51.779 70080 INFO tempest.lib.common.rest_client [req-efa33cfb-046a-4b09-ac34-e577999ce656 req-efa33cfb-046a-4b09-ac34-e577999ce656 ] Request (ImagesMetadataTestJSON:tearDownClass): 200 GET http://10.180.1.21:9696/networking/v2.0/security-groups?tenant_id=a2fee2a37eac4c4284900621292da9f6&name=default 0.901s
2025-05-13 11:46:51.891 70062 INFO tempest.lib.common.rest_client [req-f6afe6ad-e1cb-453f-897c-d785cb030db5 req-f6afe6ad-e1cb-453f-897c-d785cb030db5 ] Request (ServerRescueTestJSONUnderV235:setUpClass): 200 POST http://10.180.1.21/compute/v2.1/servers/eaa67334-28fd-4d0f-ac77-37a80cbfff1f/action 0.817s
2025-05-13 11:46:51.949 70092 INFO tempest.lib.common.rest_client [req-fd75964e-62cd-4006-a341-37dde7c725e8 req-fd75964e-62cd-4006-a341-37dde7c725e8 ] Request (AggregatesAdminNegativeTestJSON:test_aggregate_remove_nonexistent_host): 404 POST http://10.180.1.21/compute/v2.1/os-aggregates/8/action 0.756s
2025-05-13 11:46:52.020 70080 INFO tempest.lib.common.rest_client [req-07066477-7883-41a6-997e-062b0bfc3264 req-07066477-7883-41a6-997e-062b0bfc3264 ] Request (ImagesMetadataTestJSON:tearDownClass): 204 DELETE http://10.180.1.21:9696/networking/v2.0/security-groups/c756d06b-295d-48ef-bee7-826f74689aa5 0.240s
2025-05-13 11:46:52.036 70090 INFO tempest.lib.common.rest_client [req-bbad8f73-fa4b-4f15-8a59-9d9ab6047216 req-bbad8f73-fa4b-4f15-8a59-9d9ab6047216 ] Request (AbsoluteLimitsNegativeTestJSON:test_max_metadata_exceed_limit): 403 POST http://10.180.1.21/compute/v2.1/servers 1.177s
2025-05-13 11:46:52.070 70119 INFO tempest.lib.common.rest_client [req-124d50ab-3cda-40e1-b7b3-95a2da21b213 req-124d50ab-3cda-40e1-b7b3-95a2da21b213 ] Request (ImagesNegativeTestJSON:setUpClass): 201 POST http://10.180.1.21:9696/networking/v2.0/networks 0.540s
2025-05-13 11:46:52.149 70094 INFO tempest.lib.common.rest_client [req-e85470be-0787-4f5c-a7c3-a4c7c8daec8e req-e85470be-0787-4f5c-a7c3-a4c7c8daec8e ] Request (ServersAdmin275Test:tearDownClass): 200 GET http://10.180.1.21/compute/v2.1/servers/eed731ec-573c-4c82-9639-a3a4a9c4a8f9 0.802s
2025-05-13 11:46:52.169 70098 INFO tempest.lib.common.rest_client [req-2fbfebbf-6656-4269-bb63-081e360286f1 req-2fbfebbf-6656-4269-bb63-081e360286f1 ] Request (FlavorsAdminTestJSON:_run_cleanups): 202 DELETE http://10.180.1.21/compute/v2.1/flavors/684693298 0.821s
2025-05-13 11:46:52.170 70080 INFO tempest.lib.common.rest_client [req-48c945a6-26a1-466d-b7b8-df858e308880 req-48c945a6-26a1-466d-b7b8-df858e308880 ] Request (ImagesMetadataTestJSON:tearDownClass): 204 DELETE http://10.180.1.21/identity/v3/projects/a2fee2a37eac4c4284900621292da9f6 0.149s
2025-05-13 11:46:52.183 70082 INFO tempest.lib.common.rest_client [req-c1303840-7544-40b5-99d3-825ddd62bc99 req-c1303840-7544-40b5-99d3-825ddd62bc99 ] Request (ServersTestBootFromVolume:setUpClass): 200 GET http://10.180.1.21/volume/v3/volumes/9720ebff-8909-4a4e-9140-a405b9280cc2 0.058s
2025-05-13 11:46:52.213 70058 INFO tempest.lib.common.rest_client [req-2179a221-6ad0-493c-b9d5-ad6894fea7b5 req-2179a221-6ad0-493c-b9d5-ad6894fea7b5 ] Request (ImagesTestJSON:test_create_image_from_stopped_server): 200 GET http://10.180.1.21/compute/v2.1/images/575d163f-aa0d-414b-a811-95646ad402bc 0.812s
2025-05-13 11:46:52.227 70080 INFO tempest.lib.common.rest_client [req-1b90a775-bb1d-4547-a3b1-696927574748 req-1b90a775-bb1d-4547-a3b1-696927574748 ] Request (KeyPairsV2TestJSON:setUpClass): 201 POST http://10.180.1.21/identity/v3/auth/tokens 0.051s
2025-05-13 11:46:52.299 70090 INFO tempest.lib.common.rest_client [req-41ac4549-51a3-4471-9d76-3a6d69c733ca req-41ac4549-51a3-4471-9d76-3a6d69c733ca ] Request (AbsoluteLimitsNegativeTestJSON:tearDownClass): 204 DELETE http://10.180.1.21/identity/v3/users/78afadbfb3d44231a11373ddb780ae41 0.261s
2025-05-13 11:46:52.300 70090 INFO tempest.lib.common.dynamic_creds [-] Deleting project and security group for project: d7e9570a19a7442fb3cc045c8a4985f8
2025-05-13 11:46:52.331 70080 INFO tempest.lib.common.rest_client [req-bdfb2b0e-8ceb-48d6-9146-75582e4b212f req-bdfb2b0e-8ceb-48d6-9146-75582e4b212f ] Request (KeyPairsV2TestJSON:setUpClass): 201 POST http://10.180.1.21/identity/v3/auth/tokens 0.099s
2025-05-13 11:46:52.343 70060 INFO tempest.lib.common.rest_client [req-f9e9e9b2-7ff3-4919-a59e-5e523f1669d9 req-f9e9e9b2-7ff3-4919-a59e-5e523f1669d9 ] Request (ServersTestManualDisk:tearDownClass): 204 DELETE http://10.180.1.21/compute/v2.1/servers/01f08d9c-f1bf-47a8-84f0-e9852b244e50 0.905s
2025-05-13 11:46:52.352 70119 INFO tempest.lib.common.rest_client [req-45ffcf77-f6cb-4870-a7a2-4e43f7635945 req-45ffcf77-f6cb-4870-a7a2-4e43f7635945 ] Request (ImagesNegativeTestJSON:setUpClass): 201 POST http://10.180.1.21:9696/networking/v2.0/subnets 0.281s
2025-05-13 11:46:52.385 70090 INFO tempest.lib.common.rest_client [req-b2701af0-c347-4756-9169-fa23f1089d6e req-b2701af0-c347-4756-9169-fa23f1089d6e ] Request (AbsoluteLimitsNegativeTestJSON:tearDownClass): 201 POST http://10.180.1.21/identity/v3/auth/tokens 0.085s
2025-05-13 11:46:52.390 70114 INFO tempest.lib.common.rest_client [req-8ae50d3e-9290-411a-b192-63c9b9c32af2 req-8ae50d3e-9290-411a-b192-63c9b9c32af2 ] Request (ImagesOneServerTestJSON:test_create_image_specify_multibyte_character_image_name): 200 GET http://10.180.1.21/compute/v2.1/images/a5905d7d-50be-4ccf-b533-4a3a5026b71f 0.939s
2025-05-13 11:46:52.430 70080 INFO tempest.lib.common.rest_client [req-e150d3cc-c4a9-4435-9e8b-357529e147fa req-e150d3cc-c4a9-4435-9e8b-357529e147fa ] Request (KeyPairsV2TestJSON:setUpClass): 200 GET http://10.180.1.21/identity/v3/domains?name=Default 0.098s
2025-05-13 11:46:52.477 70080 INFO tempest.lib.common.rest_client [req-7c93db8e-7757-4370-bc2a-d8e962fbf140 req-7c93db8e-7757-4370-bc2a-d8e962fbf140 ] Request (KeyPairsV2TestJSON:setUpClass): 201 POST http://10.180.1.21/identity/v3/projects 0.047s
2025-05-13 11:46:52.541 70080 INFO tempest.lib.common.rest_client [req-32a42a05-4792-4e94-afe8-0045ba6d6701 req-32a42a05-4792-4e94-afe8-0045ba6d6701 ] Request (KeyPairsV2TestJSON:setUpClass): 201 POST http://10.180.1.21/identity/v3/users 0.063s
2025-05-13 11:46:52.565 70080 INFO tempest.lib.common.rest_client [req-063002c5-cb09-4a13-a556-a579765bd894 req-063002c5-cb09-4a13-a556-a579765bd894 ] Request (KeyPairsV2TestJSON:setUpClass): 200 GET http://10.180.1.21/identity/v3/roles 0.023s
2025-05-13 11:46:52.599 70080 INFO tempest.lib.common.rest_client [req-2a08fbff-d1ce-44b9-ab6d-0aa9bb5fc166 req-2a08fbff-d1ce-44b9-ab6d-0aa9bb5fc166 ] Request (KeyPairsV2TestJSON:setUpClass): 204 PUT http://10.180.1.21/identity/v3/projects/2042c67511ac475aafa8326381d2c7f2/users/f279b558872346959375612a42333ef8/roles/a7f491baac3d4801b95fa09914b840c1 0.033s
2025-05-13 11:46:52.599 70080 INFO tempest.lib.common.dynamic_creds [-] Dynamic test user f279b558872346959375612a42333ef8 is created with scope project and roles: ['member']
2025-05-13 11:46:52.600 70080 INFO tempest.lib.common.dynamic_creds [-] Acquired dynamic creds: credentials: Credentials: {'domain_id': 'default', 'domain_name': 'Default', 'username': 'tempest-KeyPairsV2TestJSON-186817790-project-member', 'project_domain_id': 'default', 'project_domain_name': 'Default', 'project_id': '2042c67511ac475aafa8326381d2c7f2', 'project_name': 'tempest-KeyPairsV2TestJSON-186817790', 'tenant_id': '2042c67511ac475aafa8326381d2c7f2', 'tenant_name': 'tempest-KeyPairsV2TestJSON-186817790', 'user_domain_id': 'default', 'user_domain_name': 'Default', 'user_id': 'f279b558872346959375612a42333ef8', 'system': None}, Network: None, Subnet: None, Router: None
2025-05-13 11:46:52.600 70080 INFO tempest.lib.common.dynamic_creds [-] Created isolated network resources for: credentials: Credentials: {'domain_id': 'default', 'domain_name': 'Default', 'username': 'tempest-KeyPairsV2TestJSON-186817790-project-member', 'project_domain_id': 'default', 'project_domain_name': 'Default', 'project_id': '2042c67511ac475aafa8326381d2c7f2', 'project_name': 'tempest-KeyPairsV2TestJSON-186817790', 'tenant_id': '2042c67511ac475aafa8326381d2c7f2', 'tenant_name': 'tempest-KeyPairsV2TestJSON-186817790', 'user_domain_id': 'default', 'user_domain_name': 'Default', 'user_id': 'f279b558872346959375612a42333ef8', 'system': None}, Network: None, Subnet: None, Router: None
2025-05-13 11:46:52.607 70066 INFO tempest.lib.common.rest_client [req-969440ca-348c-487c-9fb4-75d41f750f44 req-969440ca-348c-487c-9fb4-75d41f750f44 ] Request (FloatingIPsAssociationNegativeTestJSON:setUpClass): 200 GET http://10.180.1.21/compute/v2.1/servers/6fd3e29b-cca6-4b6f-b772-5477bfdfe4c5 1.148s
2025-05-13 11:46:52.696 70080 INFO tempest.lib.common.rest_client [req-282a4484-95e7-4ef0-bb03-921e62d3c6f1 req-282a4484-95e7-4ef0-bb03-921e62d3c6f1 ] Request (KeyPairsV2TestJSON:setUpClass): 201 POST http://10.180.1.21/identity/v3/auth/tokens 0.092s
2025-05-13 11:46:52.734 70090 INFO tempest.lib.common.rest_client [req-fec67e36-df2b-451c-af0b-c3b163a2b0f2 req-fec67e36-df2b-451c-af0b-c3b163a2b0f2 ] Request (AbsoluteLimitsNegativeTestJSON:tearDownClass): 200 GET http://10.180.1.21:9696/networking/v2.0/security-groups?tenant_id=d7e9570a19a7442fb3cc045c8a4985f8&name=default 0.348s
2025-05-13 11:46:52.753 70076 INFO tempest.lib.common.rest_client [req-5480921a-8adc-42d5-af25-a2721a6ff1f5 req-5480921a-8adc-42d5-af25-a2721a6ff1f5 ] Request (FloatingIPsAssociationTestJSON:setUpClass): 202 POST http://10.180.1.21/compute/v2.1/servers 1.527s
2025-05-13 11:46:52.841 70096 INFO tempest.lib.common.rest_client [req-51bc5cda-1626-4a88-bced-dd47b937c764 req-51bc5cda-1626-4a88-bced-dd47b937c764 ] Request (ServersAdminTestJSON:setUpClass): 200 GET http://10.180.1.21/compute/v2.1/servers/f900a036-6e0f-41f4-a7e1-da08ebcf48d2 1.350s
2025-05-13 11:46:52.852 70102 INFO tempest.lib.common.rest_client [req-38bef6a7-cb68-42a2-a385-1f9898fd2aee req-38bef6a7-cb68-42a2-a385-1f9898fd2aee ] Request (ServerMetadataNegativeTestJSON:test_update_metadata_non_existent_server): 404 POST http://10.180.1.21/compute/v2.1/servers/3f2a6a3c-31f5-48ec-9865-298d8be25d9a/metadata 1.329s
2025-05-13 11:46:52.873 70088 INFO tempest.lib.common.rest_client [req-987197ca-665a-4ac5-942c-116029960189 req-987197ca-665a-4ac5-942c-116029960189 ] Request (ServerDiagnosticsV248Test:test_get_server_diagnostics): 200 GET http://10.180.1.21/compute/v2.1/servers/1f43ca30-fd40-4c2c-af1f-9b12651cadb0 1.356s
2025-05-13 11:46:52.911 70090 INFO tempest.lib.common.rest_client [req-48c8f350-5258-4200-b301-d914c4211c27 req-48c8f350-5258-4200-b301-d914c4211c27 ] Request (AbsoluteLimitsNegativeTestJSON:tearDownClass): 204 DELETE http://10.180.1.21:9696/networking/v2.0/security-groups/7ea6502d-5030-48db-afb4-28f8e0e0ad0c 0.176s
2025-05-13 11:46:52.945 70096 INFO tempest.lib.common.rest_client [req-3b6e5ae9-e53a-4e00-a71f-55a233b5eacc req-3b6e5ae9-e53a-4e00-a71f-55a233b5eacc ] Request (ServersAdminTestJSON:test_create_server_with_scheduling_hint): 201 POST http://10.180.1.21/identity/v3/auth/tokens 0.089s
2025-05-13 11:46:52.945 70096 INFO tempest.lib.common.fixed_network [-] (ServersAdminTestJSON:test_create_server_with_scheduling_hint) Found network {'id': 'b106d9d8-dc34-4f50-b322-d1ed6d20ee3b', 'name': 'tempest-ServersAdminTestJSON-1097604607-network', 'tenant_id': '54095f21acb74b8d861305732d45e952', 'admin_state_up': True, 'mtu': 8950, 'status': 'ACTIVE', 'subnets': [], 'shared': False, 'project_id': '54095f21acb74b8d861305732d45e952', 'port_security_enabled': True, 'router:external': False, 'provider:network_type': 'vlan', 'provider:physical_network': 'default', 'provider:segmentation_id': 243, 'availability_zone_hints': [], 'availability_zones': [], 'ipv4_address_scope': None, 'ipv6_address_scope': None, 'description': '', 'tags': [], 'created_at': '2025-05-13T11:46:03Z', 'updated_at': '2025-05-13T11:46:03Z', 'revision_number': 1} available for tenant
2025-05-13 11:46:53.042 70090 INFO tempest.lib.common.rest_client [req-1cb48c7d-21b0-4a72-a009-88e24dac9f06 req-1cb48c7d-21b0-4a72-a009-88e24dac9f06 ] Request (AbsoluteLimitsNegativeTestJSON:tearDownClass): 204 DELETE http://10.180.1.21/identity/v3/projects/d7e9570a19a7442fb3cc045c8a4985f8 0.131s
2025-05-13 11:46:53.117 70062 INFO tempest.lib.common.rest_client [req-83ce4cb4-0c9e-4ef5-9cb9-c619bb4fbf9a req-83ce4cb4-0c9e-4ef5-9cb9-c619bb4fbf9a ] Request (ServerRescueTestJSONUnderV235:setUpClass): 200 GET http://10.180.1.21/compute/v2.1/servers/eaa67334-28fd-4d0f-ac77-37a80cbfff1f 1.225s
2025-05-13 11:46:53.129 70086 INFO tempest.lib.common.rest_client [req-a2d8484f-bad8-4b30-9da9-67b85aadab1e req-a2d8484f-bad8-4b30-9da9-67b85aadab1e ] Request (VolumesAdminNegativeTest:setUpClass): 201 POST http://10.180.1.21:9696/networking/v2.0/routers 1.589s
2025-05-13 11:46:53.167 70092 INFO tempest.lib.common.rest_client [req-7f8f7374-2323-427c-bce5-2f33b78efac9 req-7f8f7374-2323-427c-bce5-2f33b78efac9 ] Request (AggregatesAdminNegativeTestJSON:_run_cleanups): 200 DELETE http://10.180.1.21/compute/v2.1/os-aggregates/8 1.218s
2025-05-13 11:46:53.180 70072 INFO tempest.lib.common.rest_client [req-378feb3a-ba16-492c-b869-cd8f35022d5d req-378feb3a-ba16-492c-b869-cd8f35022d5d ] Request (ServersAdminNegativeTestJSON:test_migrate_server_invalid_state): 200 GET http://10.180.1.21/compute/v2.1/servers/5888cdd0-2309-4abc-b928-8bcbf164258e 1.469s
2025-05-13 11:46:53.222 70090 INFO tempest.lib.common.rest_client [req-7de48b4a-1123-41b7-b0fb-dfd00d7cc4d3 req-7de48b4a-1123-41b7-b0fb-dfd00d7cc4d3 ] Request (ExtensionsTest:setUpClass): 201 POST http://10.180.1.21/identity/v3/auth/tokens 0.178s
2025-05-13 11:46:53.253 70082 INFO tempest.lib.common.rest_client [req-de6ff75c-97f6-430a-a225-7a2178f371c5 req-de6ff75c-97f6-430a-a225-7a2178f371c5 ] Request (ServersTestBootFromVolume:setUpClass): 200 GET http://10.180.1.21/volume/v3/volumes/9720ebff-8909-4a4e-9140-a405b9280cc2 0.057s
2025-05-13 11:46:53.257 70090 INFO tempest.lib.common.rest_client [req-80d5c5da-039e-4415-94e3-e44d62a43e01 req-80d5c5da-039e-4415-94e3-e44d62a43e01 ] Request (ExtensionsTest:setUpClass): 201 POST http://10.180.1.21/identity/v3/auth/tokens 0.032s
2025-05-13 11:46:53.290 70090 INFO tempest.lib.common.rest_client [req-5b9b918e-00c5-46ed-b1f1-45fd5ea38564 req-5b9b918e-00c5-46ed-b1f1-45fd5ea38564 ] Request (ExtensionsTest:setUpClass): 200 GET http://10.180.1.21/identity/v3/domains?name=Default 0.032s
2025-05-13 11:46:53.307 70064 INFO tempest.lib.common.rest_client [req-3f5bc07f-fcd0-4b21-a00e-7122fd9bd24c req-3f5bc07f-fcd0-4b21-a00e-7122fd9bd24c ] Request (ServerExternalEventsTest:tearDownClass): 200 GET http://10.180.1.21/compute/v2.1/servers/1da4cbfb-3a1a-4dcb-91bf-427bd227935d 1.157s
2025-05-13 11:46:53.327 70090 INFO tempest.lib.common.rest_client [req-55cae692-ee67-4f53-89cc-292404e9e159 req-55cae692-ee67-4f53-89cc-292404e9e159 ] Request (ExtensionsTest:setUpClass): 201 POST http://10.180.1.21/identity/v3/projects 0.037s
2025-05-13 11:46:53.345 70098 INFO tempest.lib.common.rest_client [req-d7721b5c-8802-4f1a-8612-bb29a0169339 req-d7721b5c-8802-4f1a-8612-bb29a0169339 ] Request (FlavorsAdminTestJSON:_run_cleanups): 200 GET http://10.180.1.21/compute/v2.1/flavors/detail 1.176s
2025-05-13 11:46:53.368 70092 INFO tempest.lib.common.rest_client [req-8d7b6d4c-bf2a-4aab-9845-883b2cff1f19 req-8d7b6d4c-bf2a-4aab-9845-883b2cff1f19 ] Request (AggregatesAdminNegativeTestJSON:tearDownClass): 204 DELETE http://10.180.1.21/identity/v3/users/31a64f66854045698b7467e1a41ae695 0.200s
2025-05-13 11:46:53.386 70070 INFO tempest.lib.common.rest_client [req-9e9c1679-57ce-4a18-bd56-4755e69c3727 req-9e9c1679-57ce-4a18-bd56-4755e69c3727 ] Request (AttachVolumeTestJSON:test_attach_detach_volume): 200 GET http://10.180.1.21/compute/v2.1/servers/780705ab-3fbb-43e0-961a-46f755f5388d 1.391s
2025-05-13 11:46:53.445 70058 INFO tempest.lib.common.rest_client [req-bcf437a6-672f-41fd-8c14-00cca07e3e3e req-bcf437a6-672f-41fd-8c14-00cca07e3e3e ] Request (ImagesTestJSON:test_create_image_from_stopped_server): 200 GET http://10.180.1.21/compute/v2.1/images/575d163f-aa0d-414b-a811-95646ad402bc 1.227s
2025-05-13 11:46:53.447 70090 INFO tempest.lib.common.rest_client [req-252ada68-b089-4bd0-a34c-e2316c2c6bcd req-252ada68-b089-4bd0-a34c-e2316c2c6bcd ] Request (ExtensionsTest:setUpClass): 201 POST http://10.180.1.21/identity/v3/users 0.119s
2025-05-13 11:46:53.490 70078 INFO tempest.lib.common.rest_client [req-edce7d96-ee25-4561-9f2a-ab3384175a2e req-edce7d96-ee25-4561-9f2a-ab3384175a2e ] Request (ServerMetadataTestJSON:setUpClass): 200 GET http://10.180.1.21/compute/v2.1/servers/a53aac01-ef1d-4ef0-aac4-326927830321 1.283s
2025-05-13 11:46:53.509 70058 INFO tempest.lib.common.rest_client [req-37ba218f-a0e3-4b9f-b5dd-536771aa3036 req-37ba218f-a0e3-4b9f-b5dd-536771aa3036 ] Request (ImagesTestJSON:test_create_image_from_stopped_server): 200 GET http://10.180.1.21/image/v2/images/575d163f-aa0d-414b-a811-95646ad402bc/tasks 0.057s
2025-05-13 11:46:53.515 70090 INFO tempest.lib.common.rest_client [req-d528a775-f9e9-467a-83b6-5a0534b12582 req-d528a775-f9e9-467a-83b6-5a0534b12582 ] Request (ExtensionsTest:setUpClass): 200 GET http://10.180.1.21/identity/v3/roles 0.067s
2025-05-13 11:46:53.527 70092 INFO tempest.lib.common.rest_client [req-8004d8ef-a39f-4c0e-8e5a-952a7150ca30 req-8004d8ef-a39f-4c0e-8e5a-952a7150ca30 ] Request (AggregatesAdminNegativeTestJSON:tearDownClass): 204 DELETE http://10.180.1.21/identity/v3/users/c0026dfe8ccf453cb6c79cb94f052f1a 0.158s
2025-05-13 11:46:53.527 70092 INFO tempest.lib.common.dynamic_creds [-] Deleting project and security group for project: 60dae8a98c0b46c2b2f9220f26787eff
2025-05-13 11:46:53.537 70074 INFO tempest.lib.common.rest_client [req-8d3d7f35-86df-4be4-8da1-e8cb9e9cf1d7 req-8d3d7f35-86df-4be4-8da1-e8cb9e9cf1d7 ] Request (ServersTestFqdnHostnames:test_create_server_with_fqdn_name): 200 GET http://10.180.1.21/compute/v2.1/servers/1a7cb6c6-51bd-4403-a43c-8a1a5a1e2c51 1.237s
2025-05-13 11:46:53.602 70090 INFO tempest.lib.common.rest_client [req-db941851-7a77-4700-9779-71e121ab0ef9 req-db941851-7a77-4700-9779-71e121ab0ef9 ] Request (ExtensionsTest:setUpClass): 204 PUT http://10.180.1.21/identity/v3/projects/ec1a7be0b34b46cfbd769a667f291ae2/users/4db401852adb45d6bf0e0e2ae6c2a6e7/roles/a7f491baac3d4801b95fa09914b840c1 0.087s
2025-05-13 11:46:53.602 70090 INFO tempest.lib.common.dynamic_creds [-] Dynamic test user 4db401852adb45d6bf0e0e2ae6c2a6e7 is created with scope project and roles: ['member']
2025-05-13 11:46:53.603 70090 INFO tempest.lib.common.dynamic_creds [-] Acquired dynamic creds: credentials: Credentials: {'domain_id': 'default', 'domain_name': 'Default', 'username': 'tempest-ExtensionsTest-122915535-project-member', 'project_domain_id': 'default', 'project_domain_name': 'Default', 'project_id': 'ec1a7be0b34b46cfbd769a667f291ae2', 'project_name': 'tempest-ExtensionsTest-122915535', 'tenant_id': 'ec1a7be0b34b46cfbd769a667f291ae2', 'tenant_name': 'tempest-ExtensionsTest-122915535', 'user_domain_id': 'default', 'user_domain_name': 'Default', 'user_id': '4db401852adb45d6bf0e0e2ae6c2a6e7', 'system': None}, Network: None, Subnet: None, Router: None
2025-05-13 11:46:53.603 70090 INFO tempest.lib.common.dynamic_creds [-] Created isolated network resources for: credentials: Credentials: {'domain_id': 'default', 'domain_name': 'Default', 'username': 'tempest-ExtensionsTest-122915535-project-member', 'project_domain_id': 'default', 'project_domain_name': 'Default', 'project_id': 'ec1a7be0b34b46cfbd769a667f291ae2', 'project_name': 'tempest-ExtensionsTest-122915535', 'tenant_id': 'ec1a7be0b34b46cfbd769a667f291ae2', 'tenant_name': 'tempest-ExtensionsTest-122915535', 'user_domain_id': 'default', 'user_domain_name': 'Default', 'user_id': '4db401852adb45d6bf0e0e2ae6c2a6e7', 'system': None}, Network: None, Subnet: None, Router: None
2025-05-13 11:46:53.605 70092 INFO tempest.lib.common.rest_client [req-84820d1b-f1ef-478d-ae38-47f6d0e1460c req-84820d1b-f1ef-478d-ae38-47f6d0e1460c ] Request (AggregatesAdminNegativeTestJSON:tearDownClass): 201 POST http://10.180.1.21/identity/v3/auth/tokens 0.077s
2025-05-13 11:46:53.607 70120 INFO tempest.lib.common.rest_client [req-24eb550f-5017-4a16-99fc-bcc1a8391871 req-24eb550f-5017-4a16-99fc-bcc1a8391871 ] Request (SecurityGroupsTestJSON:test_list_security_groups_by_server): 200 GET http://10.180.1.21/compute/v2.1/servers/830a4429-edcd-4955-99d2-72fe88ed9ada 1.032s
2025-05-13 11:46:53.689 70112 INFO tempest.lib.common.rest_client [req-031f3bd1-7bd6-4b2c-b348-59e0a5c6fb03 req-031f3bd1-7bd6-4b2c-b348-59e0a5c6fb03 ] Request (MigrationsAdminTest:test_list_migrations_in_flavor_resize_situation): 200 GET http://10.180.1.21/compute/v2.1/servers/3a962860-7a12-485a-af4e-1e86f7292a8a 1.068s
2025-05-13 11:46:53.693 70090 INFO tempest.lib.common.rest_client [req-69068b46-13fa-4b3e-850d-12f036b7e82b req-69068b46-13fa-4b3e-850d-12f036b7e82b ] Request (ExtensionsTest:setUpClass): 201 POST http://10.180.1.21/identity/v3/auth/tokens 0.086s
2025-05-13 11:46:53.715 70060 INFO tempest.lib.common.rest_client [req-d2815b63-14f2-4ede-a384-5ada11845f7a req-d2815b63-14f2-4ede-a384-5ada11845f7a ] Request (ServersTestManualDisk:tearDownClass): 200 GET http://10.180.1.21/compute/v2.1/servers/01f08d9c-f1bf-47a8-84f0-e9852b244e50 1.371s
2025-05-13 11:46:53.785 70108 INFO tempest.lib.common.rest_client [req-7f7e6b18-391a-4a2e-aaa0-5efe87ac61cb req-7f7e6b18-391a-4a2e-aaa0-5efe87ac61cb ] Request (TenantUsagesTestJSON:tearDownClass): 200 GET http://10.180.1.21/compute/v2.1/servers/ce9b3f98-be80-454d-a541-291921e3e1f7 1.117s
2025-05-13 11:46:53.795 70108 INFO tempest.common.waiters [-] State transition "ACTIVE/deleting" ==> "DELETED/None" after 4 second wait
2025-05-13 11:46:53.816 70100 INFO tempest.lib.common.rest_client [req-d4ca74bd-abb2-4bd9-ac3d-6f005b71ddae req-d4ca74bd-abb2-4bd9-ac3d-6f005b71ddae ] Request (DeleteServersAdminTestJSON:test_admin_delete_servers_of_others): 404 GET http://10.180.1.21/compute/v2.1/servers/be92232e-a9cf-4f72-9e06-5283afc5734a 1.080s
2025-05-13 11:46:53.864 70119 INFO tempest.lib.common.rest_client [req-97e243d2-78c2-4bb6-bfdb-4c958c11490c req-97e243d2-78c2-4bb6-bfdb-4c958c11490c ] Request (ImagesNegativeTestJSON:setUpClass): 201 POST http://10.180.1.21:9696/networking/v2.0/routers 1.511s
2025-05-13 11:46:53.924 70076 INFO tempest.lib.common.rest_client [req-43203c5c-4368-41cc-83ac-f741e48a090a req-43203c5c-4368-41cc-83ac-f741e48a090a ] Request (FloatingIPsAssociationTestJSON:setUpClass): 200 GET http://10.180.1.21/compute/v2.1/servers/848cef21-f975-4f2e-ae88-4f05cb97ba5d 1.170s
2025-05-13 11:46:53.950 70100 INFO tempest.lib.common.rest_client [req-62a9b390-1984-4a4c-8dd6-c7068661e426 req-62a9b390-1984-4a4c-8dd6-c7068661e426 ] Request (DeleteServersAdminTestJSON:test_delete_server_while_in_error_state): 201 POST http://10.180.1.21/identity/v3/auth/tokens 0.118s
2025-05-13 11:46:53.951 70100 INFO tempest.lib.common.fixed_network [-] (DeleteServersAdminTestJSON:test_delete_server_while_in_error_state) Found network None available for tenant
2025-05-13 11:46:53.974 70080 INFO tempest.lib.common.rest_client [req-882a112d-41fc-464e-8bc2-21862447d73f req-882a112d-41fc-464e-8bc2-21862447d73f ] Request (KeyPairsV2TestJSON:test_get_keypair_detail): 200 POST http://10.180.1.21/compute/v2.1/os-keypairs 1.275s
2025-05-13 11:46:53.983 70102 INFO tempest.lib.common.rest_client [req-60ebf9e8-7e1c-4162-85fb-587871183d84 req-60ebf9e8-7e1c-4162-85fb-587871183d84 ] Request (ServerMetadataNegativeTestJSON:test_update_metadata_with_blank_key): 400 POST http://10.180.1.21/compute/v2.1/servers/152eccac-5038-4ed8-9748-911b53a425c2/metadata 1.129s
2025-05-13 11:46:54.014 70106 INFO tempest.lib.common.rest_client [req-f0c748e0-821e-45cc-9826-0545912d4002 req-f0c748e0-821e-45cc-9826-0545912d4002 ] Request (ServerDiagnosticsNegativeTest:tearDownClass): 200 GET http://10.180.1.21/compute/v2.1/servers/d0ff2c42-ec49-4659-8629-47a9fc275841 1.250s
2025-05-13 11:46:54.061 70092 INFO tempest.lib.common.rest_client [req-292fb21b-cdcd-4eff-a584-0f8cfa3fc7ed req-292fb21b-cdcd-4eff-a584-0f8cfa3fc7ed ] Request (AggregatesAdminNegativeTestJSON:tearDownClass): 200 GET http://10.180.1.21:9696/networking/v2.0/security-groups?tenant_id=60dae8a98c0b46c2b2f9220f26787eff&name=default 0.456s
2025-05-13 11:46:54.183 70094 INFO tempest.lib.common.rest_client [req-019af9eb-1dcd-449a-b1b2-bc85162cab8d req-019af9eb-1dcd-449a-b1b2-bc85162cab8d ] Request (ServersAdmin275Test:tearDownClass): 200 GET http://10.180.1.21/compute/v2.1/servers/eed731ec-573c-4c82-9639-a3a4a9c4a8f9 1.019s
2025-05-13 11:46:54.204 70098 INFO tempest.lib.common.rest_client [req-3a6e6311-6dd3-455b-8d43-35aa31fd0de9 req-3a6e6311-6dd3-455b-8d43-35aa31fd0de9 ] Request (FlavorsAdminTestJSON:_run_cleanups): 202 DELETE http://10.180.1.21/compute/v2.1/flavors/284201844 0.842s
2025-05-13 11:46:54.252 70114 INFO tempest.lib.common.rest_client [req-ffaa43b7-46ec-451e-8a89-d7d7fe6d3866 req-ffaa43b7-46ec-451e-8a89-d7d7fe6d3866 ] Request (ImagesOneServerTestJSON:test_create_image_specify_multibyte_character_image_name): 200 GET http://10.180.1.21/compute/v2.1/images/a5905d7d-50be-4ccf-b533-4a3a5026b71f 0.850s
2025-05-13 11:46:54.271 70092 INFO tempest.lib.common.rest_client [req-37bc8315-dd7d-45e6-835e-8dc97e489016 req-37bc8315-dd7d-45e6-835e-8dc97e489016 ] Request (AggregatesAdminNegativeTestJSON:tearDownClass): 204 DELETE http://10.180.1.21:9696/networking/v2.0/security-groups/f5b90946-0092-4969-be54-0b1cf4628edd 0.209s
2025-05-13 11:46:54.308 70082 INFO tempest.lib.common.rest_client [req-e1a1a1be-4792-4a97-9983-3424847cff36 req-e1a1a1be-4792-4a97-9983-3424847cff36 ] Request (ServersTestBootFromVolume:setUpClass): 200 GET http://10.180.1.21/volume/v3/volumes/9720ebff-8909-4a4e-9140-a405b9280cc2 0.042s
2025-05-13 11:46:54.317 70082 INFO tempest.common.waiters [-] volume 9720ebff-8909-4a4e-9140-a405b9280cc2 reached available after waiting for 23.317418 seconds
2025-05-13 11:46:54.349 70104 WARNING tempest.lib.common.ssh [-] Failed to establish authenticated ssh connection to cirros@10.180.180.237 ([Errno None] Unable to connect to port 22 on 10.180.180.237). Number attempts: 3. Retry after 4 seconds.: paramiko.ssh_exception.NoValidConnectionsError: [Errno None] Unable to connect to port 22 on 10.180.180.237
2025-05-13 11:46:54.376 70058 INFO tempest.lib.common.rest_client [req-c744a457-e35e-4446-87d3-3afd361b6a79 req-c744a457-e35e-4446-87d3-3afd361b6a79 ] Request (ImagesTestJSON:_run_cleanups): 204 DELETE http://10.180.1.21/compute/v2.1/images/575d163f-aa0d-414b-a811-95646ad402bc 0.866s
2025-05-13 11:46:54.381 70092 INFO tempest.lib.common.rest_client [req-ff9d41ad-2ead-46f7-9307-c800a6fa65ce req-ff9d41ad-2ead-46f7-9307-c800a6fa65ce ] Request (AggregatesAdminNegativeTestJSON:tearDownClass): 204 DELETE http://10.180.1.21/identity/v3/projects/60dae8a98c0b46c2b2f9220f26787eff 0.110s
2025-05-13 11:46:54.381 70092 INFO tempest.lib.common.dynamic_creds [-] Deleting project and security group for project: 9d8adad81c674fb692742d17ae103acc
2025-05-13 11:46:54.496 70096 INFO tempest.lib.common.rest_client [req-6d456fd4-31f8-4fcd-af96-8dad9db62eda req-6d456fd4-31f8-4fcd-af96-8dad9db62eda ] Request (ServersAdminTestJSON:test_create_server_with_scheduling_hint): 202 POST http://10.180.1.21/compute/v2.1/servers 1.549s
2025-05-13 11:46:54.568 70092 INFO tempest.lib.common.rest_client [req-6f6228de-4033-4cbf-90c5-ce8c2ebfab72 req-6f6228de-4033-4cbf-90c5-ce8c2ebfab72 ] Request (AggregatesAdminNegativeTestJSON:tearDownClass): 200 GET http://10.180.1.21:9696/networking/v2.0/security-groups?tenant_id=9d8adad81c674fb692742d17ae103acc&name=default 0.186s
2025-05-13 11:46:54.604 70066 INFO tempest.lib.common.rest_client [req-ed40cc01-78e1-4c8d-8993-fefd0068eaaa req-ed40cc01-78e1-4c8d-8993-fefd0068eaaa ] Request (FloatingIPsAssociationNegativeTestJSON:setUpClass): 200 GET http://10.180.1.21/compute/v2.1/servers/6fd3e29b-cca6-4b6f-b772-5477bfdfe4c5 0.987s
2025-05-13 11:46:54.627 70090 INFO tempest.lib.common.rest_client [req-fe18c905-d41b-4165-bb08-4285d0b31cc2 req-fe18c905-d41b-4165-bb08-4285d0b31cc2 ] Request (ExtensionsTest:test_get_extension): 200 GET http://10.180.1.21/compute/v2.1/extensions/os-consoles 0.933s
2025-05-13 11:46:54.682 70088 INFO tempest.lib.common.rest_client [req-3f176589-f615-4a5a-bc25-778f9c08c92f req-3f176589-f615-4a5a-bc25-778f9c08c92f ] Request (ServerDiagnosticsV248Test:test_get_server_diagnostics): 200 GET http://10.180.1.21/compute/v2.1/servers/1f43ca30-fd40-4c2c-af1f-9b12651cadb0 0.784s
2025-05-13 11:46:54.694 70088 INFO tempest.common.waiters [-] State transition "BUILD/scheduling" ==> "BUILD/None" after 2 second wait
2025-05-13 11:46:54.696 70080 INFO tempest.lib.common.rest_client [req-34bb16bd-3b07-44b0-8384-e6877191ebc7 req-34bb16bd-3b07-44b0-8384-e6877191ebc7 ] Request (KeyPairsV2TestJSON:test_get_keypair_detail): 200 GET http://10.180.1.21/compute/v2.1/os-keypairs/tempest-keypair-1313258847 0.721s
2025-05-13 11:46:54.734 70092 INFO tempest.lib.common.rest_client [req-a574b9dd-96d4-4437-8b30-91dc539246a1 req-a574b9dd-96d4-4437-8b30-91dc539246a1 ] Request (AggregatesAdminNegativeTestJSON:tearDownClass): 204 DELETE http://10.180.1.21:9696/networking/v2.0/security-groups/7b9c070d-a1b6-41d9-ad44-b04efaf03d62 0.166s
2025-05-13 11:46:54.800 70102 INFO tempest.lib.common.rest_client [req-527c9a80-3cd4-4cf0-9a00-6ea31a04fcd6 req-527c9a80-3cd4-4cf0-9a00-6ea31a04fcd6 ] Request (ServerMetadataNegativeTestJSON:tearDownClass): 204 DELETE http://10.180.1.21/compute/v2.1/servers/152eccac-5038-4ed8-9748-911b53a425c2 0.815s
2025-05-13 11:46:54.867 70092 INFO tempest.lib.common.rest_client [req-c457dda6-f47f-4eec-9050-12fecac2f9f6 req-c457dda6-f47f-4eec-9050-12fecac2f9f6 ] Request (AggregatesAdminNegativeTestJSON:tearDownClass): 204 DELETE http://10.180.1.21/identity/v3/projects/9d8adad81c674fb692742d17ae103acc 0.133s
2025-05-13 11:46:54.881 70086 INFO tempest.lib.common.rest_client [req-c00edcb5-24bf-46ef-ba81-5812289e8ffe req-c00edcb5-24bf-46ef-ba81-5812289e8ffe ] Request (VolumesAdminNegativeTest:setUpClass): 200 PUT http://10.180.1.21:9696/networking/v2.0/routers/e9357686-d4cb-4d0d-85e2-416db305bb82/add_router_interface 1.752s
2025-05-13 11:46:54.882 70086 INFO tempest.lib.common.dynamic_creds [-] Created isolated network resources for: credentials: Credentials: {'domain_id': 'default', 'domain_name': 'Default', 'username': 'tempest-VolumesAdminNegativeTest-1651363657-project-admin', 'project_domain_id': 'default', 'project_domain_name': 'Default', 'project_id': 'db7f070c540a45f7939db20fa2ac54d9', 'project_name': 'tempest-VolumesAdminNegativeTest-1651363657', 'tenant_id': 'db7f070c540a45f7939db20fa2ac54d9', 'tenant_name': 'tempest-VolumesAdminNegativeTest-1651363657', 'user_domain_id': 'default', 'user_domain_name': 'Default', 'user_id': 'cd4e1b520f20415c967307b828aa7f1e', 'system': None}, Network: {'id': 'f5a295dd-e0d8-4a67-b445-802a42f46f03', 'name': 'tempest-VolumesAdminNegativeTest-1356995366-network', 'tenant_id': 'db7f070c540a45f7939db20fa2ac54d9', 'admin_state_up': True, 'mtu': 8950, 'status': 'ACTIVE', 'subnets': [], 'shared': False, 'project_id': 'db7f070c540a45f7939db20fa2ac54d9', 'port_security_enabled': True, 'router:external': False, 'provider:network_type': 'vlan', 'provider:physical_network': 'default', 'provider:segmentation_id': 625, 'availability_zone_hints': [], 'availability_zones': [], 'ipv4_address_scope': None, 'ipv6_address_scope': None, 'description': '', 'tags': [], 'created_at': '2025-05-13T11:46:50Z', 'updated_at': '2025-05-13T11:46:50Z', 'revision_number': 1}, Subnet: {'id': 'b35eae40-7f92-4c5e-8389-ace2dd2ba892', 'name': 'tempest-VolumesAdminNegativeTest-1356995366-subnet', 'tenant_id': 'db7f070c540a45f7939db20fa2ac54d9', 'network_id': 'f5a295dd-e0d8-4a67-b445-802a42f46f03', 'ip_version': 4, 'subnetpool_id': None, 'enable_dhcp': True, 'ipv6_ra_mode': None, 'ipv6_address_mode': None, 'gateway_ip': '192.168.128.1', 'cidr': '192.168.128.0/28', 'allocation_pools': [{'start': '192.168.128.2', 'end': '192.168.128.14'}], 'host_routes': [], 'dns_nameservers': [], 'description': '', 'router:external': False, 'service_types': [], 'tags': [], 'created_at': '2025-05-13T11:46:50Z', 'updated_at': '2025-05-13T11:46:50Z', 'revision_number': 0, 'project_id': 'db7f070c540a45f7939db20fa2ac54d9'}, Router: {'id': 'e9357686-d4cb-4d0d-85e2-416db305bb82', 'name': 'tempest-VolumesAdminNegativeTest-1356995366-router', 'tenant_id': 'db7f070c540a45f7939db20fa2ac54d9', 'admin_state_up': True, 'status': 'ACTIVE', 'external_gateway_info': {'network_id': '2b96e27f-48d7-4b19-ba00-341f5a7f9aa2', 'external_fixed_ips': [{'subnet_id': '0e8b8738-7562-4d68-97c5-8a63a7c7d951', 'ip_address': '10.180.180.223'}], 'enable_snat': True}, 'description': '', 'availability_zones': [], 'distributed': False, 'ha': False, 'availability_zone_hints': [], 'routes': [], 'flavor_id': None, 'tags': [], 'created_at': '2025-05-13T11:46:51Z', 'updated_at': '2025-05-13T11:46:52Z', 'revision_number': 2, 'project_id': 'db7f070c540a45f7939db20fa2ac54d9'}
2025-05-13 11:46:54.924 70062 INFO tempest.lib.common.rest_client [req-b68c35fd-d11d-4d04-a42e-8c3732a5057e req-b68c35fd-d11d-4d04-a42e-8c3732a5057e ] Request (ServerRescueTestJSONUnderV235:setUpClass): 200 GET http://10.180.1.21/compute/v2.1/servers/eaa67334-28fd-4d0f-ac77-37a80cbfff1f 0.789s
2025-05-13 11:46:54.963 70086 INFO tempest.lib.common.rest_client [req-1f25bb93-76e3-40a6-8c19-c5e21f198c84 req-1f25bb93-76e3-40a6-8c19-c5e21f198c84 ] Request (VolumesAdminNegativeTest:setUpClass): 201 POST http://10.180.1.21/identity/v3/auth/tokens 0.078s
2025-05-13 11:46:54.972 70092 INFO tempest.lib.common.rest_client [req-50969809-5b0f-42e3-ad7b-24fa3ad70f18 req-50969809-5b0f-42e3-ad7b-24fa3ad70f18 ] Request (ServersWithSpecificFlavorTestJSON:setUpClass): 201 POST http://10.180.1.21/identity/v3/auth/tokens 0.103s
2025-05-13 11:46:55.015 70092 INFO tempest.lib.common.rest_client [req-2616d7b0-28cc-484e-9e0d-551bf570346f req-2616d7b0-28cc-484e-9e0d-551bf570346f ] Request (ServersWithSpecificFlavorTestJSON:setUpClass): 201 POST http://10.180.1.21/identity/v3/auth/tokens 0.039s
2025-05-13 11:46:55.042 70100 INFO tempest.lib.common.rest_client [req-76c75f35-23d3-4a57-9c40-91ebe3931f00 req-76c75f35-23d3-4a57-9c40-91ebe3931f00 ] Request (DeleteServersAdminTestJSON:test_delete_server_while_in_error_state): 202 POST http://10.180.1.21/compute/v2.1/servers 1.091s
2025-05-13 11:46:55.053 70092 INFO tempest.lib.common.rest_client [req-98e5437e-7b1f-498d-ad1c-872322ddbba9 req-98e5437e-7b1f-498d-ad1c-872322ddbba9 ] Request (ServersWithSpecificFlavorTestJSON:setUpClass): 200 GET http://10.180.1.21/identity/v3/domains?name=Default 0.038s
2025-05-13 11:46:55.083 70098 INFO tempest.lib.common.rest_client [req-00500f56-e2b3-4d25-9985-231326d97ccd req-00500f56-e2b3-4d25-9985-231326d97ccd ] Request (FlavorsAdminTestJSON:_run_cleanups): 200 GET http://10.180.1.21/compute/v2.1/flavors/detail 0.878s
2025-05-13 11:46:55.099 70072 INFO tempest.lib.common.rest_client [req-5a934c42-5c37-4694-a86c-d4dddbb57f9f req-5a934c42-5c37-4694-a86c-d4dddbb57f9f ] Request (ServersAdminNegativeTestJSON:test_migrate_server_invalid_state): 200 GET http://10.180.1.21/compute/v2.1/servers/5888cdd0-2309-4abc-b928-8bcbf164258e 0.906s
2025-05-13 11:46:55.118 70092 INFO tempest.lib.common.rest_client [req-44bd57a4-ce57-455c-b912-b5f34ef1289e req-44bd57a4-ce57-455c-b912-b5f34ef1289e ] Request (ServersWithSpecificFlavorTestJSON:setUpClass): 201 POST http://10.180.1.21/identity/v3/projects 0.064s
2025-05-13 11:46:55.228 70092 INFO tempest.lib.common.rest_client [req-753fef1a-3af7-413e-9d03-c226dec0e31a req-753fef1a-3af7-413e-9d03-c226dec0e31a ] Request (ServersWithSpecificFlavorTestJSON:setUpClass): 201 POST http://10.180.1.21/identity/v3/users 0.110s
2025-05-13 11:46:55.229 70064 INFO tempest.lib.common.rest_client [req-5a392e0b-91bd-4bca-b9d5-5616d395d4de req-5a392e0b-91bd-4bca-b9d5-5616d395d4de ] Request (ServerExternalEventsTest:tearDownClass): 200 GET http://10.180.1.21/compute/v2.1/servers/1da4cbfb-3a1a-4dcb-91bf-427bd227935d 0.909s
2025-05-13 11:46:55.253 70092 INFO tempest.lib.common.rest_client [req-20dc7f40-b5de-433a-bb7f-e033c35d3f69 req-20dc7f40-b5de-433a-bb7f-e033c35d3f69 ] Request (ServersWithSpecificFlavorTestJSON:setUpClass): 200 GET http://10.180.1.21/identity/v3/roles 0.024s
2025-05-13 11:46:55.293 70092 INFO tempest.lib.common.rest_client [req-61e5cd99-2e88-4c9f-84a2-a8c8bd75d573 req-61e5cd99-2e88-4c9f-84a2-a8c8bd75d573 ] Request (ServersWithSpecificFlavorTestJSON:setUpClass): 204 PUT http://10.180.1.21/identity/v3/projects/13d460a2ce6f4204b1c667b482eba482/users/d019034617c24422872c00851a198697/roles/a7f491baac3d4801b95fa09914b840c1 0.040s
2025-05-13 11:46:55.293 70092 INFO tempest.lib.common.dynamic_creds [-] Dynamic test user d019034617c24422872c00851a198697 is created with scope project and roles: ['member']
2025-05-13 11:46:55.294 70092 INFO tempest.lib.common.dynamic_creds [-] Acquired dynamic creds: credentials: Credentials: {'domain_id': 'default', 'domain_name': 'Default', 'username': 'tempest-ServersWithSpecificFlavorTestJSON-880979551-project-member', 'project_domain_id': 'default', 'project_domain_name': 'Default', 'project_id': '13d460a2ce6f4204b1c667b482eba482', 'project_name': 'tempest-ServersWithSpecificFlavorTestJSON-880979551', 'tenant_id': '13d460a2ce6f4204b1c667b482eba482', 'tenant_name': 'tempest-ServersWithSpecificFlavorTestJSON-880979551', 'user_domain_id': 'default', 'user_domain_name': 'Default', 'user_id': 'd019034617c24422872c00851a198697', 'system': None}, Network: None, Subnet: None, Router: None
2025-05-13 11:46:55.322 70068 WARNING tempest.lib.common.ssh [-] Failed to establish authenticated ssh connection to cirros@10.180.180.161 ([Errno None] Unable to connect to port 22 on 10.180.180.161). Number attempts: 4. Retry after 5 seconds.: paramiko.ssh_exception.NoValidConnectionsError: [Errno None] Unable to connect to port 22 on 10.180.180.161
2025-05-13 11:46:55.366 70058 INFO tempest.lib.common.rest_client [req-03d7d616-e1b9-4fd8-adb4-d10ba3b9ac36 req-03d7d616-e1b9-4fd8-adb4-d10ba3b9ac36 ] Request (ImagesTestJSON:_run_cleanups): 204 DELETE http://10.180.1.21/compute/v2.1/servers/70882fb7-913e-4c58-86d3-61519cda37c7 0.989s
2025-05-13 11:46:55.379 70092 INFO tempest.lib.common.rest_client [req-d33a833c-50cc-4fcf-854f-7064143f8136 req-d33a833c-50cc-4fcf-854f-7064143f8136 ] Request (ServersWithSpecificFlavorTestJSON:setUpClass): 201 POST http://10.180.1.21/identity/v3/auth/tokens 0.085s
2025-05-13 11:46:55.482 70058 INFO tempest.lib.common.rest_client [req-37558031-0d9e-4ea5-a64d-be11a4b09fb2 req-37558031-0d9e-4ea5-a64d-be11a4b09fb2 ] Request (ImagesTestJSON:test_create_image_from_suspended_server): 201 POST http://10.180.1.21/identity/v3/auth/tokens 0.103s
2025-05-13 11:46:55.482 70058 INFO tempest.lib.common.fixed_network [-] (ImagesTestJSON:test_create_image_from_suspended_server) Found network {'id': '1dfdbf3b-4925-484f-b859-717860382952', 'name': 'tempest-ImagesTestJSON-735885515-network', 'tenant_id': '451a33914c5e419a8df2b44aa3691d0a', 'admin_state_up': True, 'mtu': 8950, 'status': 'ACTIVE', 'subnets': [], 'shared': False, 'project_id': '451a33914c5e419a8df2b44aa3691d0a', 'port_security_enabled': True, 'router:external': False, 'provider:network_type': 'vlan', 'provider:physical_network': 'default', 'provider:segmentation_id': 493, 'availability_zone_hints': [], 'availability_zones': [], 'ipv4_address_scope': None, 'ipv6_address_scope': None, 'description': '', 'tags': [], 'created_at': '2025-05-13T11:45:46Z', 'updated_at': '2025-05-13T11:45:46Z', 'revision_number': 1} available for tenant
2025-05-13 11:46:55.619 70070 INFO tempest.lib.common.rest_client [req-7cd091dc-3008-40d3-b9db-ecf76c5cee2d req-7cd091dc-3008-40d3-b9db-ecf76c5cee2d ] Request (AttachVolumeTestJSON:test_attach_detach_volume): 200 GET http://10.180.1.21/compute/v2.1/servers/780705ab-3fbb-43e0-961a-46f755f5388d 1.214s
2025-05-13 11:46:55.698 70096 INFO tempest.lib.common.rest_client [req-ab9909b4-d894-44be-825f-22191af10639 req-ab9909b4-d894-44be-825f-22191af10639 ] Request (ServersAdminTestJSON:test_create_server_with_scheduling_hint): 200 GET http://10.180.1.21/compute/v2.1/servers/10a3ec96-06f2-4a2f-87f7-a3bb6a9dcc11 1.201s
2025-05-13 11:46:55.769 70078 INFO tempest.lib.common.rest_client [req-fbd33005-0cf0-4f16-9709-c69660a810cb req-fbd33005-0cf0-4f16-9709-c69660a810cb ] Request (ServerMetadataTestJSON:setUpClass): 200 GET http://10.180.1.21/compute/v2.1/servers/a53aac01-ef1d-4ef0-aac4-326927830321 1.261s
2025-05-13 11:46:55.799 70092 INFO tempest.lib.common.rest_client [req-7fcd0deb-51c2-4dec-8b5c-eadbea0d98ed req-7fcd0deb-51c2-4dec-8b5c-eadbea0d98ed ] Request (ServersWithSpecificFlavorTestJSON:setUpClass): 201 POST http://10.180.1.21:9696/networking/v2.0/networks 0.420s
2025-05-13 11:46:55.850 70074 INFO tempest.lib.common.rest_client [req-65f7509a-c93d-48a5-bce5-f7a3a84d60e7 req-65f7509a-c93d-48a5-bce5-f7a3a84d60e7 ] Request (ServersTestFqdnHostnames:test_create_server_with_fqdn_name): 200 GET http://10.180.1.21/compute/v2.1/servers/1a7cb6c6-51bd-4403-a43c-8a1a5a1e2c51 1.300s
