2025-05-13 11:47:20.672 70098 INFO tempest.lib.common.rest_client [req-c6b50186-07ed-49aa-8f5f-a3b2ec7de65a req-c6b50186-07ed-49aa-8f5f-a3b2ec7de65a ] Request (SecurityGroupsNegativeTestJSON:tearDownClass): 200 GET http://10.180.1.21:9696/networking/v2.0/security-groups?tenant_id=a67be81af16b4c79b7945a6b6a5e2949&name=default 0.046s
2025-05-13 11:47:20.688 70080 INFO tempest.lib.common.rest_client [req-a025b0dc-f3c1-4edb-b01f-b435034d1423 req-a025b0dc-f3c1-4edb-b01f-b435034d1423 ] Request (ServersNegativeTestJSON:setUpClass): 200 GET http://10.180.1.21/compute/v2.1/servers/26b87865-1683-4797-ae24-f51084419ce4 0.248s
2025-05-13 11:47:20.708 70064 INFO tempest.lib.common.rest_client [req-61fd5892-018a-4f59-aa63-0752bab990db req-61fd5892-018a-4f59-aa63-0752bab990db ] Request (ListServerFiltersTestJSON:setUpClass): 200 GET http://10.180.1.21/compute/v2.1/servers/5de29246-15dd-470d-b18e-b2453818b760 0.213s
2025-05-13 11:47:20.714 70094 INFO tempest.lib.common.rest_client [req-606b5cdb-d034-4bb4-b9dc-b80fb86e81a8 req-606b5cdb-d034-4bb4-b9dc-b80fb86e81a8 ] Request (KeyPairsV22TestJSON:_run_cleanups): 204 DELETE http://10.180.1.21/compute/v2.1/os-keypairs/tempest-KeyPairsV22TestJSON-keypair-287642072 0.211s
2025-05-13 11:47:20.798 70098 INFO tempest.lib.common.rest_client [req-c788c1fb-a9be-48f8-8428-a9ff9537b43c req-c788c1fb-a9be-48f8-8428-a9ff9537b43c ] Request (SecurityGroupsNegativeTestJSON:tearDownClass): 204 DELETE http://10.180.1.21:9696/networking/v2.0/security-groups/594bc303-7fca-4b3d-9187-4dc4f2c9be2a 0.126s
2025-05-13 11:47:20.811 70078 INFO tempest.lib.common.rest_client [req-042f44a4-9943-4792-a4bb-86a7d8481cc5 req-042f44a4-9943-4792-a4bb-86a7d8481cc5 ] Request (ServerMetadataTestJSON:setUpClass): 200 GET http://10.180.1.21/compute/v2.1/servers/a53aac01-ef1d-4ef0-aac4-326927830321 0.255s
2025-05-13 11:47:20.842 70120 INFO tempest.lib.common.rest_client [req-83fa7ee7-efae-4fee-b1a5-c430d18c75fd req-83fa7ee7-efae-4fee-b1a5-c430d18c75fd ] Request (SecurityGroupsTestJSON:test_security_groups_create_list_delete): 200 POST http://10.180.1.21/compute/v2.1/os-security-groups 0.317s
2025-05-13 11:47:20.898 70098 INFO tempest.lib.common.rest_client [req-b9df31cf-15be-472d-8da9-dc7381df8b88 req-b9df31cf-15be-472d-8da9-dc7381df8b88 ] Request (SecurityGroupsNegativeTestJSON:tearDownClass): 204 DELETE http://10.180.1.21/identity/v3/projects/a67be81af16b4c79b7945a6b6a5e2949 0.100s
2025-05-13 11:47:20.913 70108 INFO tempest.lib.common.rest_client [req-a2c28571-4e8c-4281-8abc-76fc912f4d08 req-a2c28571-4e8c-4281-8abc-76fc912f4d08 ] Request (TenantUsagesTestJSON:tearDownClass): 200 GET http://10.180.1.21/compute/v2.1/servers/ce9b3f98-be80-454d-a541-291921e3e1f7 0.293s
2025-05-13 11:47:20.985 70106 INFO tempest.lib.common.rest_client [req-6674a0cc-1435-433f-a8a8-c89c9f968644 req-6674a0cc-1435-433f-a8a8-c89c9f968644 ] Request (ServerShowV254Test:test_rebuild_server): 200 GET http://10.180.1.21/compute/v2.1/servers/6eb890b2-e6d7-49b2-a24a-9f94d574868d 0.298s
2025-05-13 11:47:20.992 70098 INFO tempest.lib.common.rest_client [req-590b30e9-576a-4da5-a6d4-c4a2c957fe9e req-590b30e9-576a-4da5-a6d4-c4a2c957fe9e ] Request (QuotasTestJSON:setUpClass): 201 POST http://10.180.1.21/identity/v3/auth/tokens 0.090s
2025-05-13 11:47:21.036 70112 INFO tempest.lib.common.rest_client [req-03a65968-27fb-4e01-9323-b038dea918d4 req-03a65968-27fb-4e01-9323-b038dea918d4 ] Request (MigrationsAdminTest:test_list_migrations_in_flavor_resize_situation): 202 POST http://10.180.1.21/compute/v2.1/servers/3a962860-7a12-485a-af4e-1e86f7292a8a/action 0.477s
2025-05-13 11:47:21.051 70098 INFO tempest.lib.common.rest_client [req-70c48495-69a2-4360-b418-270314d4bb26 req-70c48495-69a2-4360-b418-270314d4bb26 ] Request (QuotasTestJSON:setUpClass): 201 POST http://10.180.1.21/identity/v3/auth/tokens 0.055s
2025-05-13 11:47:21.054 70086 INFO tempest.lib.common.rest_client [req-3c047819-cc08-458d-ab9b-75ac1df57104 req-3c047819-cc08-458d-ab9b-75ac1df57104 ] Request (VolumesAdminNegativeTest:test_update_attached_volume_with_nonexistent_volume_in_body): 200 GET http://10.180.1.21/compute/v2.1/servers/d1031693-cd67-4cb7-8bcc-dfcd69d1d72d 0.355s
2025-05-13 11:47:21.086 70094 INFO tempest.lib.common.rest_client [req-d1641e38-8da6-40c3-a479-8f3fa8e455e8 req-d1641e38-8da6-40c3-a479-8f3fa8e455e8 ] Request (KeyPairsV22TestJSON:test_keypairsv22_create_list_show): 201 POST http://10.180.1.21/compute/v2.1/os-keypairs 0.369s
2025-05-13 11:47:21.094 70098 INFO tempest.lib.common.rest_client [req-7106304d-5991-4e05-926e-a3a94de993f7 req-7106304d-5991-4e05-926e-a3a94de993f7 ] Request (QuotasTestJSON:setUpClass): 200 GET http://10.180.1.21/identity/v3/domains?name=Default 0.043s
2025-05-13 11:47:21.148 70098 INFO tempest.lib.common.rest_client [req-65a825e1-2e13-43d3-bf0a-c89d536a7403 req-65a825e1-2e13-43d3-bf0a-c89d536a7403 ] Request (QuotasTestJSON:setUpClass): 201 POST http://10.180.1.21/identity/v3/projects 0.054s
2025-05-13 11:47:21.163 70072 INFO tempest.lib.common.rest_client [req-4f7bdba5-0327-4ed7-993b-88a27630b1ee req-4f7bdba5-0327-4ed7-993b-88a27630b1ee ] Request (ServersAdminNegativeTestJSON:tearDownClass): 200 GET http://10.180.1.21/compute/v2.1/servers/5888cdd0-2309-4abc-b928-8bcbf164258e 0.387s
2025-05-13 11:47:21.169 70060 INFO tempest.lib.common.rest_client [req-2c07cc1a-4a50-4d0f-b0c6-a97438b97d97 req-2c07cc1a-4a50-4d0f-b0c6-a97438b97d97 ] Request (ServersTestManualDisk:tearDownClass): 200 GET http://10.180.1.21/compute/v2.1/servers/01f08d9c-f1bf-47a8-84f0-e9852b244e50 0.372s
2025-05-13 11:47:21.174 70072 INFO tempest.common.waiters [-] State transition "SUSPENDED/deleting" ==> "DELETED/None" after 3 second wait
2025-05-13 11:47:21.231 70098 INFO tempest.lib.common.rest_client [req-851da25f-4aaf-4c11-8733-113ef43ae1ef req-851da25f-4aaf-4c11-8733-113ef43ae1ef ] Request (QuotasTestJSON:setUpClass): 201 POST http://10.180.1.21/identity/v3/users 0.082s
2025-05-13 11:47:21.254 70102 INFO tempest.lib.common.rest_client [req-8317da68-2cd4-4c6d-a584-1aae913aa05e req-8317da68-2cd4-4c6d-a584-1aae913aa05e ] Request (ServerMetadataNegativeTestJSON:tearDownClass): 200 GET http://10.180.1.21/compute/v2.1/servers/152eccac-5038-4ed8-9748-911b53a425c2 0.406s
2025-05-13 11:47:21.258 70098 INFO tempest.lib.common.rest_client [req-151991c2-566f-46c2-8bed-2714ee93c47c req-151991c2-566f-46c2-8bed-2714ee93c47c ] Request (QuotasTestJSON:setUpClass): 200 GET http://10.180.1.21/identity/v3/roles 0.026s
2025-05-13 11:47:21.291 70098 INFO tempest.lib.common.rest_client [req-3531a435-3aef-4ef8-aee5-4a4af6fda06b req-3531a435-3aef-4ef8-aee5-4a4af6fda06b ] Request (QuotasTestJSON:setUpClass): 204 PUT http://10.180.1.21/identity/v3/projects/f329c0f072ae403cab2fb5cdd105b63b/users/7a51f0ad6e62417fbcacc043b6d8bf6c/roles/a7f491baac3d4801b95fa09914b840c1 0.033s
2025-05-13 11:47:21.292 70098 INFO tempest.lib.common.dynamic_creds [-] Dynamic test user 7a51f0ad6e62417fbcacc043b6d8bf6c is created with scope project and roles: ['member']
2025-05-13 11:47:21.292 70098 INFO tempest.lib.common.dynamic_creds [-] Acquired dynamic creds: credentials: Credentials: {'domain_id': 'default', 'domain_name': 'Default', 'username': 'tempest-QuotasTestJSON-261735717-project-member', 'project_domain_id': 'default', 'project_domain_name': 'Default', 'project_id': 'f329c0f072ae403cab2fb5cdd105b63b', 'project_name': 'tempest-QuotasTestJSON-261735717', 'tenant_id': 'f329c0f072ae403cab2fb5cdd105b63b', 'tenant_name': 'tempest-QuotasTestJSON-261735717', 'user_domain_id': 'default', 'user_domain_name': 'Default', 'user_id': '7a51f0ad6e62417fbcacc043b6d8bf6c', 'system': None}, Network: None, Subnet: None, Router: None
2025-05-13 11:47:21.292 70098 INFO tempest.lib.common.dynamic_creds [-] Created isolated network resources for: credentials: Credentials: {'domain_id': 'default', 'domain_name': 'Default', 'username': 'tempest-QuotasTestJSON-261735717-project-member', 'project_domain_id': 'default', 'project_domain_name': 'Default', 'project_id': 'f329c0f072ae403cab2fb5cdd105b63b', 'project_name': 'tempest-QuotasTestJSON-261735717', 'tenant_id': 'f329c0f072ae403cab2fb5cdd105b63b', 'tenant_name': 'tempest-QuotasTestJSON-261735717', 'user_domain_id': 'default', 'user_domain_name': 'Default', 'user_id': '7a51f0ad6e62417fbcacc043b6d8bf6c', 'system': None}, Network: None, Subnet: None, Router: None
2025-05-13 11:47:21.313 70120 INFO tempest.lib.common.rest_client [req-a09d2d33-ff0f-4dc7-9a6e-802ef0c4c430 req-a09d2d33-ff0f-4dc7-9a6e-802ef0c4c430 ] Request (SecurityGroupsTestJSON:test_security_groups_create_list_delete): 200 POST http://10.180.1.21/compute/v2.1/os-security-groups 0.469s
2025-05-13 11:47:21.323 70076 INFO tempest.lib.common.rest_client [req-6813c91a-8371-4984-bd8d-ed7e2edb2ca3 req-6813c91a-8371-4984-bd8d-ed7e2edb2ca3 ] Request (FloatingIPsAssociationTestJSON:setUpClass): 200 GET http://10.180.1.21/compute/v2.1/servers/848cef21-f975-4f2e-ae88-4f05cb97ba5d 0.443s
2025-05-13 11:47:21.375 70058 INFO tempest.lib.common.rest_client [req-c1d36224-0110-4e37-9c0c-951d69854f36 req-c1d36224-0110-4e37-9c0c-951d69854f36 ] Request (ImagesTestJSON:test_create_image_from_suspended_server): 200 GET http://10.180.1.21/compute/v2.1/servers/8afdcf13-3a25-4b51-90a3-8e4f887bd877 0.426s
2025-05-13 11:47:21.376 70098 INFO tempest.lib.common.rest_client [req-b8418cf5-1225-4535-ae77-e26b03681655 req-b8418cf5-1225-4535-ae77-e26b03681655 ] Request (QuotasTestJSON:setUpClass): 201 POST http://10.180.1.21/identity/v3/auth/tokens 0.076s
2025-05-13 11:47:21.377 70098 WARNING tempest.lib.common.rest_client [-] Deprecated: "tenant_id" property is deprecated for removal, use "project_id" instead
2025-05-13 11:47:21.389 70062 INFO tempest.lib.common.rest_client [req-3d70dc13-5b3e-41bf-be43-851df53f3cef req-3d70dc13-5b3e-41bf-be43-851df53f3cef ] Request (ServerRescueTestJSONUnderV235:tearDownClass): 200 GET http://10.180.1.21/compute/v2.1/servers/eaa67334-28fd-4d0f-ac77-37a80cbfff1f 0.463s
2025-05-13 11:47:21.400 70094 INFO tempest.lib.common.rest_client [req-887c52eb-73fd-4292-8c51-0ed7bf0209cf req-887c52eb-73fd-4292-8c51-0ed7bf0209cf ] Request (KeyPairsV22TestJSON:test_keypairsv22_create_list_show): 200 GET http://10.180.1.21/compute/v2.1/os-keypairs/tempest-keypair-1721288956 0.312s
2025-05-13 11:47:21.452 70100 INFO tempest.lib.common.rest_client [req-47970249-949d-4f04-b87d-95bf3b5226b7 req-47970249-949d-4f04-b87d-95bf3b5226b7 ] Request (DeleteServersAdminTestJSON:test_delete_server_while_in_error_state): 200 GET http://10.180.1.21/compute/v2.1/servers/540508eb-3326-4f5e-aa1a-a8e3ecc02a1d 0.284s
2025-05-13 11:47:21.499 70068 INFO tempest.lib.common.rest_client [req-5a95e0ab-ba35-47f7-971d-c5c1c2fa9695 req-5a95e0ab-ba35-47f7-971d-c5c1c2fa9695 ] Request (ServerActionsTestOtherB:test_create_backup): 200 GET http://10.180.1.21/image/v2/images/fb3fc0a5-3b95-4932-9470-708d0e5ac293 0.021s
2025-05-13 11:47:21.503 70092 INFO tempest.lib.common.rest_client [req-a9eaabe5-5b95-4af9-9898-8bba8069ccd5 req-a9eaabe5-5b95-4af9-9898-8bba8069ccd5 ] Request (ServersWithSpecificFlavorTestJSON:test_verify_created_server_ephemeral_disk): 200 GET http://10.180.1.21/compute/v2.1/servers/ab0b27aa-8b6c-48e9-a254-813c936b7a6a 0.283s
2025-05-13 11:47:21.510 70112 INFO tempest.lib.common.rest_client [req-431a60e3-4547-4451-9210-fd8a0144c2ea req-431a60e3-4547-4451-9210-fd8a0144c2ea ] Request (MigrationsAdminTest:test_list_migrations_in_flavor_resize_situation): 200 GET http://10.180.1.21/compute/v2.1/servers/3a962860-7a12-485a-af4e-1e86f7292a8a 0.474s
2025-05-13 11:47:21.559 70114 INFO tempest.lib.common.rest_client [req-4d09fd10-d510-409f-9bc7-d651d4d0bdbe req-4d09fd10-d510-409f-9bc7-d651d4d0bdbe ] Request (ImagesOneServerTestJSON:tearDownClass): 200 GET http://10.180.1.21/compute/v2.1/servers/9c72abfc-a032-4919-83c2-bf94174e2052 0.255s
2025-05-13 11:47:21.623 70120 INFO tempest.lib.common.rest_client [req-c006bbf6-41d9-4597-8b3f-cf36983286cc req-c006bbf6-41d9-4597-8b3f-cf36983286cc ] Request (SecurityGroupsTestJSON:test_security_groups_create_list_delete): 200 POST http://10.180.1.21/compute/v2.1/os-security-groups 0.303s
2025-05-13 11:47:21.629 70098 INFO tempest.lib.common.rest_client [req-8944f5ee-8bbc-412b-9d1d-8a185f9a4339 req-8944f5ee-8bbc-412b-9d1d-8a185f9a4339 ] Request (QuotasTestJSON:test_compare_tenant_quotas_with_default_quotas): 200 GET http://10.180.1.21/compute/v2.1/os-quota-sets/f329c0f072ae403cab2fb5cdd105b63b/defaults 0.251s
2025-05-13 11:47:21.639 70094 INFO tempest.lib.common.rest_client [req-31fee71d-234a-4f74-acfb-4548652bd642 req-31fee71d-234a-4f74-acfb-4548652bd642 ] Request (KeyPairsV22TestJSON:test_keypairsv22_create_list_show): 200 GET http://10.180.1.21/compute/v2.1/os-keypairs 0.237s
2025-05-13 11:47:21.694 70088 INFO tempest.lib.common.rest_client [req-6152b729-be41-4bb5-abe3-1ddcd39ea9e1 req-6152b729-be41-4bb5-abe3-1ddcd39ea9e1 ] Request (ServerDiagnosticsV248Test:test_get_server_diagnostics): 200 GET http://10.180.1.21/compute/v2.1/servers/1f43ca30-fd40-4c2c-af1f-9b12651cadb0 0.273s
2025-05-13 11:47:21.714 70066 INFO tempest.lib.common.rest_client [req-308fb0c8-bff2-4509-b2ef-f8ac915b7474 req-308fb0c8-bff2-4509-b2ef-f8ac915b7474 ] Request (FloatingIPsAssociationNegativeTestJSON:tearDownClass): 200 GET http://10.180.1.21/compute/v2.1/servers/6fd3e29b-cca6-4b6f-b772-5477bfdfe4c5 0.218s
2025-05-13 11:47:21.744 70082 INFO tempest.lib.common.rest_client [req-75cbae76-1424-41d5-8480-57625271b78c req-75cbae76-1424-41d5-8480-57625271b78c ] Request (ServersTestBootFromVolume:setUpClass): 200 GET http://10.180.1.21/compute/v2.1/servers/27a8da5f-1c25-4fed-8455-b843c4a7b804 0.143s
2025-05-13 11:47:21.779 70098 INFO tempest.lib.common.rest_client [req-4514c18e-e2de-4040-bf3d-ccb61f959632 req-4514c18e-e2de-4040-bf3d-ccb61f959632 ] Request (QuotasTestJSON:test_compare_tenant_quotas_with_default_quotas): 200 GET http://10.180.1.21/compute/v2.1/os-quota-sets/f329c0f072ae403cab2fb5cdd105b63b 0.147s
2025-05-13 11:47:21.817 70120 INFO tempest.lib.common.rest_client [req-90d8c509-8638-4802-97ac-268580b3e936 req-90d8c509-8638-4802-97ac-268580b3e936 ] Request (SecurityGroupsTestJSON:test_security_groups_create_list_delete): 200 GET http://10.180.1.21/compute/v2.1/os-security-groups 0.191s
2025-05-13 11:47:21.828 70096 INFO tempest.lib.common.rest_client [req-aea71f71-e8f5-4e85-8309-ef6e7ffbf23f req-aea71f71-e8f5-4e85-8309-ef6e7ffbf23f ] Request (ServersAdminTestJSON:test_create_server_with_scheduling_hint): 200 GET http://10.180.1.21/compute/v2.1/servers/10a3ec96-06f2-4a2f-87f7-a3bb6a9dcc11 0.194s
2025-05-13 11:47:21.833 70094 INFO tempest.lib.common.rest_client [req-c2a6ca3e-b97c-4ed4-85d2-1d8df8aa80c4 req-c2a6ca3e-b97c-4ed4-85d2-1d8df8aa80c4 ] Request (KeyPairsV22TestJSON:_run_cleanups): 204 DELETE http://10.180.1.21/compute/v2.1/os-keypairs/tempest-keypair-1721288956 0.193s
2025-05-13 11:47:21.878 70119 INFO tempest.lib.common.rest_client [req-1bc91a5e-f222-4e52-ae30-ab4913ea9b42 req-1bc91a5e-f222-4e52-ae30-ab4913ea9b42 ] Request (ImagesNegativeTestJSON:test_create_image_from_deleted_server): 200 GET http://10.180.1.21/compute/v2.1/servers/2af130dc-3603-4a57-b28f-123409202b5a 0.221s
2025-05-13 11:47:21.888 70080 INFO tempest.lib.common.rest_client [req-168b1540-6849-40f6-8d69-736427ce101a req-168b1540-6849-40f6-8d69-736427ce101a ] Request (ServersNegativeTestJSON:setUpClass): 200 GET http://10.180.1.21/compute/v2.1/servers/26b87865-1683-4797-ae24-f51084419ce4 0.184s
2025-05-13 11:47:21.933 70098 INFO tempest.lib.common.rest_client [req-94fbd2a2-3ba5-4499-a837-2c70c8ee65d0 req-94fbd2a2-3ba5-4499-a837-2c70c8ee65d0 ] Request (QuotasTestJSON:test_get_default_quotas): 200 GET http://10.180.1.21/compute/v2.1/os-quota-sets/f329c0f072ae403cab2fb5cdd105b63b/defaults 0.150s
2025-05-13 11:47:21.941 70064 INFO tempest.lib.common.rest_client [req-e38b0011-16a5-4845-961d-36a31cb50afe req-e38b0011-16a5-4845-961d-36a31cb50afe ] Request (ListServerFiltersTestJSON:setUpClass): 200 GET http://10.180.1.21/compute/v2.1/servers/5de29246-15dd-470d-b18e-b2453818b760 0.225s
2025-05-13 11:47:22.036 70078 INFO tempest.lib.common.rest_client [req-b9cf2848-8d4e-466d-9d12-4582611692f4 req-b9cf2848-8d4e-466d-9d12-4582611692f4 ] Request (ServerMetadataTestJSON:setUpClass): 200 GET http://10.180.1.21/compute/v2.1/servers/a53aac01-ef1d-4ef0-aac4-326927830321 0.212s
2025-05-13 11:47:22.069 70120 INFO tempest.lib.common.rest_client [req-2ac4df8e-f59a-4a93-b1dc-266f3c4a766f req-2ac4df8e-f59a-4a93-b1dc-266f3c4a766f ] Request (SecurityGroupsTestJSON:test_security_groups_create_list_delete): 202 DELETE http://10.180.1.21/compute/v2.1/os-security-groups/0c37255f-2f0a-4e37-bc64-f049a2eb9f2a 0.249s
2025-05-13 11:47:22.141 70108 INFO tempest.lib.common.rest_client [req-0f77b35d-a98c-4404-a94a-d7a2a9c99f43 req-0f77b35d-a98c-4404-a94a-d7a2a9c99f43 ] Request (TenantUsagesTestJSON:tearDownClass): 200 GET http://10.180.1.21/compute/v2.1/servers/ce9b3f98-be80-454d-a541-291921e3e1f7 0.216s
2025-05-13 11:47:22.187 70098 INFO tempest.lib.common.rest_client [req-ec5775bc-301a-4726-9b7e-6f5f9fe26dd0 req-ec5775bc-301a-4726-9b7e-6f5f9fe26dd0 ] Request (QuotasTestJSON:test_get_quotas): 200 GET http://10.180.1.21/compute/v2.1/os-quota-sets/f329c0f072ae403cab2fb5cdd105b63b 0.251s
2025-05-13 11:47:22.253 70106 INFO tempest.lib.common.rest_client [req-9376f6d9-d758-44ce-b65c-be292ba47b0a req-9376f6d9-d758-44ce-b65c-be292ba47b0a ] Request (ServerShowV254Test:test_rebuild_server): 200 GET http://10.180.1.21/compute/v2.1/servers/6eb890b2-e6d7-49b2-a24a-9f94d574868d 0.249s
2025-05-13 11:47:22.265 70106 INFO tempest.common.waiters [-] State transition "BUILD/scheduling" ==> "BUILD/None" after 18 second wait
2025-05-13 11:47:22.316 70086 INFO tempest.lib.common.rest_client [req-cd2ec2d7-28f8-4fa3-aa0f-ac936a085f1a req-cd2ec2d7-28f8-4fa3-aa0f-ac936a085f1a ] Request (VolumesAdminNegativeTest:test_update_attached_volume_with_nonexistent_volume_in_body): 200 GET http://10.180.1.21/compute/v2.1/servers/d1031693-cd67-4cb7-8bcc-dfcd69d1d72d 0.248s
2025-05-13 11:47:22.345 70094 INFO tempest.lib.common.rest_client [req-d9b90add-06d6-4700-b6ba-62ca75b63944 req-d9b90add-06d6-4700-b6ba-62ca75b63944 ] Request (KeyPairsV22TestJSON:test_keypairsv22_create_list_show_with_type): 201 POST http://10.180.1.21/compute/v2.1/os-keypairs 0.511s
2025-05-13 11:47:22.353 70120 INFO tempest.lib.common.rest_client [req-f19947c4-3899-41e2-b048-97c90793cba8 req-f19947c4-3899-41e2-b048-97c90793cba8 ] Request (SecurityGroupsTestJSON:test_security_groups_create_list_delete): 404 GET http://10.180.1.21/compute/v2.1/os-security-groups/0c37255f-2f0a-4e37-bc64-f049a2eb9f2a 0.284s
2025-05-13 11:47:22.416 70072 INFO tempest.lib.common.rest_client [req-c6f39425-6f56-4967-a577-507614368f39 req-c6f39425-6f56-4967-a577-507614368f39 ] Request (ServersAdminNegativeTestJSON:tearDownClass): 200 GET http://10.180.1.21/compute/v2.1/servers/5888cdd0-2309-4abc-b928-8bcbf164258e 0.241s
2025-05-13 11:47:22.434 70060 INFO tempest.lib.common.rest_client [req-c8b57b0f-b641-4d38-9bb9-ad680a553066 req-c8b57b0f-b641-4d38-9bb9-ad680a553066 ] Request (ServersTestManualDisk:tearDownClass): 200 GET http://10.180.1.21/compute/v2.1/servers/01f08d9c-f1bf-47a8-84f0-e9852b244e50 0.253s
2025-05-13 11:47:22.478 70098 INFO tempest.lib.common.rest_client [req-a2391dcc-a3b1-436d-9441-1cab5a34abd7 req-a2391dcc-a3b1-436d-9441-1cab5a34abd7 ] Request (QuotasTestJSON:test_get_quotas): 200 GET http://10.180.1.21/compute/v2.1/os-quota-sets/f329c0f072ae403cab2fb5cdd105b63b?user_id=7a51f0ad6e62417fbcacc043b6d8bf6c 0.288s
2025-05-13 11:47:22.496 70102 INFO tempest.lib.common.rest_client [req-fa7ba876-d760-484f-bac1-15dca8a9bdce req-fa7ba876-d760-484f-bac1-15dca8a9bdce ] Request (ServerMetadataNegativeTestJSON:tearDownClass): 200 GET http://10.180.1.21/compute/v2.1/servers/152eccac-5038-4ed8-9748-911b53a425c2 0.229s
2025-05-13 11:47:22.509 70094 INFO tempest.lib.common.rest_client [req-6f92dcd3-6cfa-4084-a44e-f255bca637d8 req-6f92dcd3-6cfa-4084-a44e-f255bca637d8 ] Request (KeyPairsV22TestJSON:test_keypairsv22_create_list_show_with_type): 200 GET http://10.180.1.21/compute/v2.1/os-keypairs/tempest-keypair-1013976207 0.162s
2025-05-13 11:47:22.529 70068 INFO tempest.lib.common.rest_client [req-0bcf0f49-74b0-4025-a4ad-71c225f791ad req-0bcf0f49-74b0-4025-a4ad-71c225f791ad ] Request (ServerActionsTestOtherB:test_create_backup): 200 GET http://10.180.1.21/image/v2/images/fb3fc0a5-3b95-4932-9470-708d0e5ac293 0.028s
2025-05-13 11:47:22.543 70076 INFO tempest.lib.common.rest_client [req-d58e015f-8f6c-4a12-a991-9d9528e82418 req-d58e015f-8f6c-4a12-a991-9d9528e82418 ] Request (FloatingIPsAssociationTestJSON:setUpClass): 200 GET http://10.180.1.21/compute/v2.1/servers/848cef21-f975-4f2e-ae88-4f05cb97ba5d 0.208s
2025-05-13 11:47:22.599 70058 INFO tempest.lib.common.rest_client [req-d9a230cf-77f4-436a-8500-02bb7e5762bf req-d9a230cf-77f4-436a-8500-02bb7e5762bf ] Request (ImagesTestJSON:test_create_image_from_suspended_server): 200 GET http://10.180.1.21/compute/v2.1/servers/8afdcf13-3a25-4b51-90a3-8e4f887bd877 0.213s
2025-05-13 11:47:22.621 70120 INFO tempest.lib.common.rest_client [req-0531fcd5-dd7d-4aa7-9191-8d3fbe710525 req-0531fcd5-dd7d-4aa7-9191-8d3fbe710525 ] Request (SecurityGroupsTestJSON:test_security_groups_create_list_delete): 202 DELETE http://10.180.1.21/compute/v2.1/os-security-groups/28f35af4-4339-4263-8597-8365af064fee 0.267s
2025-05-13 11:47:22.643 70098 INFO tempest.lib.common.rest_client [req-b0f54ba0-968a-470f-8ba4-e719329f9ea9 req-b0f54ba0-968a-470f-8ba4-e719329f9ea9 ] Request (QuotasTestJSON:tearDownClass): 204 DELETE http://10.180.1.21/identity/v3/users/7a51f0ad6e62417fbcacc043b6d8bf6c 0.158s
2025-05-13 11:47:22.643 70098 INFO tempest.lib.common.dynamic_creds [-] Deleting project and security group for project: f329c0f072ae403cab2fb5cdd105b63b
2025-05-13 11:47:22.676 70062 INFO tempest.lib.common.rest_client [req-103c29bb-9500-4445-afe0-3cb2353e4750 req-103c29bb-9500-4445-afe0-3cb2353e4750 ] Request (ServerRescueTestJSONUnderV235:tearDownClass): 200 GET http://10.180.1.21/compute/v2.1/servers/eaa67334-28fd-4d0f-ac77-37a80cbfff1f 0.280s
2025-05-13 11:47:22.678 70100 INFO tempest.lib.common.rest_client [req-eeca0740-221c-4353-ae66-d2f1b729203d req-eeca0740-221c-4353-ae66-d2f1b729203d ] Request (DeleteServersAdminTestJSON:test_delete_server_while_in_error_state): 200 GET http://10.180.1.21/compute/v2.1/servers/540508eb-3326-4f5e-aa1a-a8e3ecc02a1d 0.215s
2025-05-13 11:47:22.691 70094 INFO tempest.lib.common.rest_client [req-79a09c53-e490-4d1d-b0a5-b73790cbca3d req-79a09c53-e490-4d1d-b0a5-b73790cbca3d ] Request (KeyPairsV22TestJSON:test_keypairsv22_create_list_show_with_type): 200 GET http://10.180.1.21/compute/v2.1/os-keypairs 0.180s
2025-05-13 11:47:22.719 70098 INFO tempest.lib.common.rest_client [req-dac8e832-6af4-40f1-a6cd-849c4e0ed67d req-dac8e832-6af4-40f1-a6cd-849c4e0ed67d ] Request (QuotasTestJSON:tearDownClass): 201 POST http://10.180.1.21/identity/v3/auth/tokens 0.076s
2025-05-13 11:47:22.735 70092 INFO tempest.lib.common.rest_client [req-56982485-aa81-4d3c-bfee-5ae4af6494ac req-56982485-aa81-4d3c-bfee-5ae4af6494ac ] Request (ServersWithSpecificFlavorTestJSON:test_verify_created_server_ephemeral_disk): 200 GET http://10.180.1.21/compute/v2.1/servers/ab0b27aa-8b6c-48e9-a254-813c936b7a6a 0.218s
2025-05-13 11:47:22.799 70114 INFO tempest.lib.common.rest_client [req-fbf6b822-4d54-42af-b3e7-a37c23a106d8 req-fbf6b822-4d54-42af-b3e7-a37c23a106d8 ] Request (ImagesOneServerTestJSON:tearDownClass): 200 GET http://10.180.1.21/compute/v2.1/servers/9c72abfc-a032-4919-83c2-bf94174e2052 0.230s
2025-05-13 11:47:22.815 70112 INFO tempest.lib.common.rest_client [req-f4ee5d73-ff37-4a1c-92d9-7f50ddc45363 req-f4ee5d73-ff37-4a1c-92d9-7f50ddc45363 ] Request (MigrationsAdminTest:test_list_migrations_in_flavor_resize_situation): 200 GET http://10.180.1.21/compute/v2.1/servers/3a962860-7a12-485a-af4e-1e86f7292a8a 0.296s
2025-05-13 11:47:22.820 70120 INFO tempest.lib.common.rest_client [req-0c9c4889-a595-41c3-bd6c-b3d7b13c3ce8 req-0c9c4889-a595-41c3-bd6c-b3d7b13c3ce8 ] Request (SecurityGroupsTestJSON:test_security_groups_create_list_delete): 404 GET http://10.180.1.21/compute/v2.1/os-security-groups/28f35af4-4339-4263-8597-8365af064fee 0.198s
2025-05-13 11:47:22.829 70074 WARNING tempest.lib.common.ssh [-] Failed to establish authenticated ssh connection to cirros@10.180.180.228 ([Errno None] Unable to connect to port 22 on 10.180.180.228). Number attempts: 2. Retry after 3 seconds.: paramiko.ssh_exception.NoValidConnectionsError: [Errno None] Unable to connect to port 22 on 10.180.180.228
2025-05-13 11:47:22.836 70094 INFO tempest.lib.common.rest_client [req-4611904f-2f71-47ca-98a7-500d5ccf6780 req-4611904f-2f71-47ca-98a7-500d5ccf6780 ] Request (KeyPairsV22TestJSON:_run_cleanups): 204 DELETE http://10.180.1.21/compute/v2.1/os-keypairs/tempest-keypair-1013976207 0.143s
2025-05-13 11:47:22.893 70088 INFO tempest.lib.common.rest_client [req-540c8a33-cc8c-4dfa-8794-054c7a0b81e6 req-540c8a33-cc8c-4dfa-8794-054c7a0b81e6 ] Request (ServerDiagnosticsV248Test:test_get_server_diagnostics): 200 GET http://10.180.1.21/compute/v2.1/servers/1f43ca30-fd40-4c2c-af1f-9b12651cadb0 0.185s
2025-05-13 11:47:22.911 70066 INFO tempest.lib.common.rest_client [req-68c8d701-aab2-4184-9a8b-eff0851a25ef req-68c8d701-aab2-4184-9a8b-eff0851a25ef ] Request (FloatingIPsAssociationNegativeTestJSON:tearDownClass): 200 GET http://10.180.1.21/compute/v2.1/servers/6fd3e29b-cca6-4b6f-b772-5477bfdfe4c5 0.189s
2025-05-13 11:47:22.919 70094 INFO tempest.lib.common.rest_client [req-8c3606c5-c383-4730-8101-7b0319feb81d req-8c3606c5-c383-4730-8101-7b0319feb81d ] Request (KeyPairsV22TestJSON:tearDownClass): 204 DELETE http://10.180.1.21/identity/v3/users/239a0ca155f54984a833ac831e1759fc 0.082s
2025-05-13 11:47:22.920 70094 INFO tempest.lib.common.dynamic_creds [-] Deleting project and security group for project: 1b66f9d79b8643fe8bed11a44eb14db3
2025-05-13 11:47:22.947 70082 INFO tempest.lib.common.rest_client [req-fbf05dd8-caca-4e59-b329-bc7b39d844cf req-fbf05dd8-caca-4e59-b329-bc7b39d844cf ] Request (ServersTestBootFromVolume:setUpClass): 200 GET http://10.180.1.21/compute/v2.1/servers/27a8da5f-1c25-4fed-8455-b843c4a7b804 0.195s
2025-05-13 11:47:22.949 70098 INFO tempest.lib.common.rest_client [req-1adaa75a-bfb1-465c-8038-1eadbc2acd27 req-1adaa75a-bfb1-465c-8038-1eadbc2acd27 ] Request (QuotasTestJSON:tearDownClass): 200 GET http://10.180.1.21:9696/networking/v2.0/security-groups?tenant_id=f329c0f072ae403cab2fb5cdd105b63b&name=default 0.229s
2025-05-13 11:47:22.990 70094 INFO tempest.lib.common.rest_client [req-8d159560-3384-43a2-89cf-3bf87eac7c84 req-8d159560-3384-43a2-89cf-3bf87eac7c84 ] Request (KeyPairsV22TestJSON:tearDownClass): 201 POST http://10.180.1.21/identity/v3/auth/tokens 0.070s
2025-05-13 11:47:23.005 70096 INFO tempest.lib.common.rest_client [req-8f6c0f3d-fb96-4a1c-a8ae-6e81d5e7927f req-8f6c0f3d-fb96-4a1c-a8ae-6e81d5e7927f ] Request (ServersAdminTestJSON:test_create_server_with_scheduling_hint): 200 GET http://10.180.1.21/compute/v2.1/servers/10a3ec96-06f2-4a2f-87f7-a3bb6a9dcc11 0.168s
2025-05-13 11:47:23.022 70120 INFO tempest.lib.common.rest_client [req-2c338dbf-67ed-4f8f-8694-bda22c5a03a7 req-2c338dbf-67ed-4f8f-8694-bda22c5a03a7 ] Request (SecurityGroupsTestJSON:test_security_groups_create_list_delete): 202 DELETE http://10.180.1.21/compute/v2.1/os-security-groups/bc032f2f-59a0-4530-add2-5b759cec33b7 0.201s
2025-05-13 11:47:23.045 70098 INFO tempest.lib.common.rest_client [req-390e4f8d-2da9-4b5e-991c-ca2828767280 req-390e4f8d-2da9-4b5e-991c-ca2828767280 ] Request (QuotasTestJSON:tearDownClass): 204 DELETE http://10.180.1.21:9696/networking/v2.0/security-groups/5322484e-1294-43f7-ab1b-5a4c66098a3c 0.096s
2025-05-13 11:47:23.074 70119 INFO tempest.lib.common.rest_client [req-765abac6-f36e-45a2-ba95-cd349f9db196 req-765abac6-f36e-45a2-ba95-cd349f9db196 ] Request (ImagesNegativeTestJSON:test_create_image_from_deleted_server): 200 GET http://10.180.1.21/compute/v2.1/servers/2af130dc-3603-4a57-b28f-123409202b5a 0.184s
2025-05-13 11:47:23.099 70080 INFO tempest.lib.common.rest_client [req-3bdf24c2-cf9e-493d-be3a-606ef96eca3b req-3bdf24c2-cf9e-493d-be3a-606ef96eca3b ] Request (ServersNegativeTestJSON:setUpClass): 200 GET http://10.180.1.21/compute/v2.1/servers/26b87865-1683-4797-ae24-f51084419ce4 0.203s
2025-05-13 11:47:23.126 70120 INFO tempest.lib.common.rest_client [req-12e5d815-da8f-4bfa-9a5a-f817eba5a3a2 req-12e5d815-da8f-4bfa-9a5a-f817eba5a3a2 ] Request (SecurityGroupsTestJSON:test_security_groups_create_list_delete): 404 GET http://10.180.1.21/compute/v2.1/os-security-groups/bc032f2f-59a0-4530-add2-5b759cec33b7 0.103s
2025-05-13 11:47:23.141 70064 INFO tempest.lib.common.rest_client [req-dfa8dfe3-3fab-45b5-a9a8-63a9aa4cbee7 req-dfa8dfe3-3fab-45b5-a9a8-63a9aa4cbee7 ] Request (ListServerFiltersTestJSON:setUpClass): 200 GET http://10.180.1.21/compute/v2.1/servers/5de29246-15dd-470d-b18e-b2453818b760 0.189s
2025-05-13 11:47:23.150 70098 INFO tempest.lib.common.rest_client [req-bd191d56-bc89-4166-b931-968a2e9be12f req-bd191d56-bc89-4166-b931-968a2e9be12f ] Request (QuotasTestJSON:tearDownClass): 204 DELETE http://10.180.1.21/identity/v3/projects/f329c0f072ae403cab2fb5cdd105b63b 0.104s
2025-05-13 11:47:23.236 70094 INFO tempest.lib.common.rest_client [req-bbba7551-7a11-4289-aee7-470a646fa329 req-bbba7551-7a11-4289-aee7-470a646fa329 ] Request (KeyPairsV22TestJSON:tearDownClass): 200 GET http://10.180.1.21:9696/networking/v2.0/security-groups?tenant_id=1b66f9d79b8643fe8bed11a44eb14db3&name=default 0.245s
2025-05-13 11:47:23.263 70120 INFO tempest.lib.common.rest_client [req-54b2ec60-8ee0-46da-aaed-39e9cc48690a req-54b2ec60-8ee0-46da-aaed-39e9cc48690a ] Request (SecurityGroupsTestJSON:test_security_groups_create_list_delete): 200 GET http://10.180.1.21/compute/v2.1/os-security-groups 0.137s
2025-05-13 11:47:23.299 70108 INFO tempest.lib.common.rest_client [req-1b9ad558-97f2-49f6-8ab0-f3181119da90 req-1b9ad558-97f2-49f6-8ab0-f3181119da90 ] Request (TenantUsagesTestJSON:tearDownClass): 404 GET http://10.180.1.21/compute/v2.1/servers/ce9b3f98-be80-454d-a541-291921e3e1f7 0.146s
2025-05-13 11:47:23.381 70078 INFO tempest.lib.common.rest_client [req-84a2a283-7be0-4921-a5ba-f766fa6d7230 req-84a2a283-7be0-4921-a5ba-f766fa6d7230 ] Request (ServerMetadataTestJSON:setUpClass): 200 GET http://10.180.1.21/compute/v2.1/servers/a53aac01-ef1d-4ef0-aac4-326927830321 0.336s
2025-05-13 11:47:23.411 70094 INFO tempest.lib.common.rest_client [req-7f6b42b6-c892-4154-86f0-e98ac6cb4e16 req-7f6b42b6-c892-4154-86f0-e98ac6cb4e16 ] Request (KeyPairsV22TestJSON:tearDownClass): 204 DELETE http://10.180.1.21:9696/networking/v2.0/security-groups/133c839c-0765-46a5-98d4-06b12abf68f4 0.175s
2025-05-13 11:47:23.433 70120 INFO tempest.lib.common.rest_client [req-f938052f-1734-4824-83c5-e1f5353ed0fc req-f938052f-1734-4824-83c5-e1f5353ed0fc ] Request (SecurityGroupsTestJSON:test_server_security_groups): 200 POST http://10.180.1.21/compute/v2.1/os-security-groups 0.161s
2025-05-13 11:47:23.454 70108 INFO tempest.lib.common.rest_client [req-3d6b82e5-75b9-463b-8a37-4a9cba1defe4 req-3d6b82e5-75b9-463b-8a37-4a9cba1defe4 ] Request (TenantUsagesTestJSON:tearDownClass): 204 DELETE http://10.180.1.21/identity/v3/users/c7975fd87783406689bdbd081d566c3c 0.155s
2025-05-13 11:47:23.457 70106 INFO tempest.lib.common.rest_client [req-10b61bc0-e7ca-4043-97d3-cc1e560151f4 req-10b61bc0-e7ca-4043-97d3-cc1e560151f4 ] Request (ServerShowV254Test:test_rebuild_server): 200 GET http://10.180.1.21/compute/v2.1/servers/6eb890b2-e6d7-49b2-a24a-9f94d574868d 0.185s
2025-05-13 11:47:23.507 70086 INFO tempest.lib.common.rest_client [req-05ea92cb-bb3c-452c-9e43-4c99d82e8346 req-05ea92cb-bb3c-452c-9e43-4c99d82e8346 ] Request (VolumesAdminNegativeTest:test_update_attached_volume_with_nonexistent_volume_in_body): 200 GET http://10.180.1.21/compute/v2.1/servers/d1031693-cd67-4cb7-8bcc-dfcd69d1d72d 0.182s
2025-05-13 11:47:23.538 70072 INFO tempest.lib.common.rest_client [req-162d72bd-2f69-45d5-92be-5a7a7f478292 req-162d72bd-2f69-45d5-92be-5a7a7f478292 ] Request (ServersAdminNegativeTestJSON:tearDownClass): 200 GET http://10.180.1.21/compute/v2.1/servers/5888cdd0-2309-4abc-b928-8bcbf164258e 0.106s
2025-05-13 11:47:23.554 70068 INFO tempest.lib.common.rest_client [req-1952f3cf-7ef3-4b46-81c5-ac83154bf1d6 req-1952f3cf-7ef3-4b46-81c5-ac83154bf1d6 ] Request (ServerActionsTestOtherB:test_create_backup): 200 GET http://10.180.1.21/image/v2/images/fb3fc0a5-3b95-4932-9470-708d0e5ac293 0.023s
2025-05-13 11:47:23.575 70108 INFO tempest.lib.common.rest_client [req-bb12a511-ae5a-4c4e-95c6-927cc38078f2 req-bb12a511-ae5a-4c4e-95c6-927cc38078f2 ] Request (TenantUsagesTestJSON:tearDownClass): 204 DELETE http://10.180.1.21/identity/v3/users/a7a4335c672c4f2691367d738365c4cf 0.121s
2025-05-13 11:47:23.576 70108 INFO tempest.lib.common.dynamic_creds [-] Deleting project and security group for project: aefd220a7d704e1fa54e124bb210a9e1
2025-05-13 11:47:23.576 70094 INFO tempest.lib.common.rest_client [req-08656020-06a0-485c-b483-0852593f8db4 req-08656020-06a0-485c-b483-0852593f8db4 ] Request (KeyPairsV22TestJSON:tearDownClass): 204 DELETE http://10.180.1.21/identity/v3/projects/1b66f9d79b8643fe8bed11a44eb14db3 0.164s
2025-05-13 11:47:23.611 70060 INFO tempest.lib.common.rest_client [req-ac4f085e-2217-4f1a-a975-23ea5a16017a req-ac4f085e-2217-4f1a-a975-23ea5a16017a ] Request (ServersTestManualDisk:tearDownClass): 200 GET http://10.180.1.21/compute/v2.1/servers/01f08d9c-f1bf-47a8-84f0-e9852b244e50 0.169s
2025-05-13 11:47:23.647 70108 INFO tempest.lib.common.rest_client [req-5eeebe97-9ae0-451e-9483-06a5cf791737 req-5eeebe97-9ae0-451e-9483-06a5cf791737 ] Request (TenantUsagesTestJSON:tearDownClass): 201 POST http://10.180.1.21/identity/v3/auth/tokens 0.071s
2025-05-13 11:47:23.660 70094 INFO tempest.lib.common.rest_client [req-0ebefbbe-575c-42b6-b025-e0a6a86964d3 req-0ebefbbe-575c-42b6-b025-e0a6a86964d3 ] Request (AbsoluteLimitsTestJSON:setUpClass): 201 POST http://10.180.1.21/identity/v3/auth/tokens 0.081s
2025-05-13 11:47:23.690 70102 INFO tempest.lib.common.rest_client [req-a1a15389-b3f4-403f-bf1b-35c15ffb7c45 req-a1a15389-b3f4-403f-bf1b-35c15ffb7c45 ] Request (ServerMetadataNegativeTestJSON:tearDownClass): 200 GET http://10.180.1.21/compute/v2.1/servers/152eccac-5038-4ed8-9748-911b53a425c2 0.180s
2025-05-13 11:47:23.739 70120 INFO tempest.lib.common.rest_client [req-e69c1cc5-7736-4874-85c7-7cfc8e49fc20 req-e69c1cc5-7736-4874-85c7-7cfc8e49fc20 ] Request (SecurityGroupsTestJSON:test_server_security_groups): 200 POST http://10.180.1.21/compute/v2.1/os-security-groups 0.302s
2025-05-13 11:47:23.752 70076 INFO tempest.lib.common.rest_client [req-dcf039bd-9f21-4d58-9bf6-eedf4d3a357e req-dcf039bd-9f21-4d58-9bf6-eedf4d3a357e ] Request (FloatingIPsAssociationTestJSON:setUpClass): 200 GET http://10.180.1.21/compute/v2.1/servers/848cef21-f975-4f2e-ae88-4f05cb97ba5d 0.193s
2025-05-13 11:47:23.794 70094 INFO tempest.lib.common.rest_client [req-153b663b-e2f4-4a7b-9a90-a877665c35c7 req-153b663b-e2f4-4a7b-9a90-a877665c35c7 ] Request (AbsoluteLimitsTestJSON:setUpClass): 201 POST http://10.180.1.21/identity/v3/auth/tokens 0.129s
2025-05-13 11:47:23.826 70058 INFO tempest.lib.common.rest_client [req-9c82d2d8-af4b-4652-bcae-df1daf15228f req-9c82d2d8-af4b-4652-bcae-df1daf15228f ] Request (ImagesTestJSON:test_create_image_from_suspended_server): 200 GET http://10.180.1.21/compute/v2.1/servers/8afdcf13-3a25-4b51-90a3-8e4f887bd877 0.218s
2025-05-13 11:47:23.828 70120 INFO tempest.lib.common.rest_client [req-8594860b-8b29-4d19-9192-8c93f821648f req-8594860b-8b29-4d19-9192-8c93f821648f ] Request (SecurityGroupsTestJSON:test_server_security_groups): 201 POST http://10.180.1.21/identity/v3/auth/tokens 0.080s
2025-05-13 11:47:23.829 70120 INFO tempest.lib.common.fixed_network [-] (SecurityGroupsTestJSON:test_server_security_groups) Found network {'id': '11347cb0-3d12-43a9-adb4-1afa7e55a0fd', 'name': 'tempest-SecurityGroupsTestJSON-1601824343-network', 'tenant_id': 'd98a28658a9648cbb146842a40773911', 'admin_state_up': True, 'mtu': 8950, 'status': 'ACTIVE', 'subnets': [], 'shared': False, 'project_id': 'd98a28658a9648cbb146842a40773911', 'port_security_enabled': True, 'router:external': False, 'provider:network_type': 'vlan', 'provider:physical_network': 'default', 'provider:segmentation_id': 574, 'availability_zone_hints': [], 'availability_zones': [], 'ipv4_address_scope': None, 'ipv6_address_scope': None, 'description': '', 'tags': [], 'created_at': '2025-05-13T11:46:20Z', 'updated_at': '2025-05-13T11:46:20Z', 'revision_number': 1} available for tenant
2025-05-13 11:47:23.833 70062 INFO tempest.lib.common.rest_client [req-f18fa568-3b56-4209-997c-ef404e227ae2 req-f18fa568-3b56-4209-997c-ef404e227ae2 ] Request (ServerRescueTestJSONUnderV235:tearDownClass): 200 GET http://10.180.1.21/compute/v2.1/servers/eaa67334-28fd-4d0f-ac77-37a80cbfff1f 0.148s
2025-05-13 11:47:23.856 70094 INFO tempest.lib.common.rest_client [req-2b983670-faf4-453d-9e71-bef47306b9a4 req-2b983670-faf4-453d-9e71-bef47306b9a4 ] Request (AbsoluteLimitsTestJSON:setUpClass): 200 GET http://10.180.1.21/identity/v3/domains?name=Default 0.062s
2025-05-13 11:47:23.890 70094 INFO tempest.lib.common.rest_client [req-008fd51a-f4f1-4c0c-8ae9-058adb06533a req-008fd51a-f4f1-4c0c-8ae9-058adb06533a ] Request (AbsoluteLimitsTestJSON:setUpClass): 201 POST http://10.180.1.21/identity/v3/projects 0.033s
2025-05-13 11:47:23.905 70092 INFO tempest.lib.common.rest_client [req-964b70b7-24c7-424f-a4d7-e135ce2ec233 req-964b70b7-24c7-424f-a4d7-e135ce2ec233 ] Request (ServersWithSpecificFlavorTestJSON:test_verify_created_server_ephemeral_disk): 200 GET http://10.180.1.21/compute/v2.1/servers/ab0b27aa-8b6c-48e9-a254-813c936b7a6a 0.163s
2025-05-13 11:47:23.907 70100 INFO tempest.lib.common.rest_client [req-5a66ebe2-a122-4533-bf13-520458d38d22 req-5a66ebe2-a122-4533-bf13-520458d38d22 ] Request (DeleteServersAdminTestJSON:test_delete_server_while_in_error_state): 200 GET http://10.180.1.21/compute/v2.1/servers/540508eb-3326-4f5e-aa1a-a8e3ecc02a1d 0.214s
2025-05-13 11:47:23.952 70094 INFO tempest.lib.common.rest_client [req-afd339b2-8d85-4cbd-a936-386998e49dde req-afd339b2-8d85-4cbd-a936-386998e49dde ] Request (AbsoluteLimitsTestJSON:setUpClass): 201 POST http://10.180.1.21/identity/v3/users 0.061s
2025-05-13 11:47:23.973 70094 INFO tempest.lib.common.rest_client [req-fabe9d19-bb51-433c-b992-bb122a5eaa12 req-fabe9d19-bb51-433c-b992-bb122a5eaa12 ] Request (AbsoluteLimitsTestJSON:setUpClass): 200 GET http://10.180.1.21/identity/v3/roles 0.021s
2025-05-13 11:47:23.978 70114 INFO tempest.lib.common.rest_client [req-50a47d9a-3c55-476d-b793-ac3aa0d19d25 req-50a47d9a-3c55-476d-b793-ac3aa0d19d25 ] Request (ImagesOneServerTestJSON:tearDownClass): 200 GET http://10.180.1.21/compute/v2.1/servers/9c72abfc-a032-4919-83c2-bf94174e2052 0.170s
2025-05-13 11:47:23.978 70108 INFO tempest.lib.common.rest_client [req-f96fbb37-ddcb-4014-8366-2c9acdfeef94 req-f96fbb37-ddcb-4014-8366-2c9acdfeef94 ] Request (TenantUsagesTestJSON:tearDownClass): 200 GET http://10.180.1.21:9696/networking/v2.0/security-groups?tenant_id=aefd220a7d704e1fa54e124bb210a9e1&name=default 0.331s
2025-05-13 11:47:24.016 70094 INFO tempest.lib.common.rest_client [req-739a24ce-bd51-4752-92b6-8b1413e94a0b req-739a24ce-bd51-4752-92b6-8b1413e94a0b ] Request (AbsoluteLimitsTestJSON:setUpClass): 204 PUT http://10.180.1.21/identity/v3/projects/5e3a01f67ab243c6bbc9c6f8d06768ed/users/46fcb0d173164934a2025ebc95d09da4/roles/a7f491baac3d4801b95fa09914b840c1 0.042s
2025-05-13 11:47:24.016 70094 INFO tempest.lib.common.dynamic_creds [-] Dynamic test user 46fcb0d173164934a2025ebc95d09da4 is created with scope project and roles: ['member']
2025-05-13 11:47:24.017 70094 INFO tempest.lib.common.dynamic_creds [-] Acquired dynamic creds: credentials: Credentials: {'domain_id': 'default', 'domain_name': 'Default', 'username': 'tempest-AbsoluteLimitsTestJSON-1050855673-project-member', 'project_domain_id': 'default', 'project_domain_name': 'Default', 'project_id': '5e3a01f67ab243c6bbc9c6f8d06768ed', 'project_name': 'tempest-AbsoluteLimitsTestJSON-1050855673', 'tenant_id': '5e3a01f67ab243c6bbc9c6f8d06768ed', 'tenant_name': 'tempest-AbsoluteLimitsTestJSON-1050855673', 'user_domain_id': 'default', 'user_domain_name': 'Default', 'user_id': '46fcb0d173164934a2025ebc95d09da4', 'system': None}, Network: None, Subnet: None, Router: None
2025-05-13 11:47:24.018 70094 INFO tempest.lib.common.dynamic_creds [-] Created isolated network resources for: credentials: Credentials: {'domain_id': 'default', 'domain_name': 'Default', 'username': 'tempest-AbsoluteLimitsTestJSON-1050855673-project-member', 'project_domain_id': 'default', 'project_domain_name': 'Default', 'project_id': '5e3a01f67ab243c6bbc9c6f8d06768ed', 'project_name': 'tempest-AbsoluteLimitsTestJSON-1050855673', 'tenant_id': '5e3a01f67ab243c6bbc9c6f8d06768ed', 'tenant_name': 'tempest-AbsoluteLimitsTestJSON-1050855673', 'user_domain_id': 'default', 'user_domain_name': 'Default', 'user_id': '46fcb0d173164934a2025ebc95d09da4', 'system': None}, Network: None, Subnet: None, Router: None
2025-05-13 11:47:24.034 70112 INFO tempest.lib.common.rest_client [req-2c31a66d-df75-41c4-a621-de31cfcc3b83 req-2c31a66d-df75-41c4-a621-de31cfcc3b83 ] Request (MigrationsAdminTest:test_list_migrations_in_flavor_resize_situation): 200 GET http://10.180.1.21/compute/v2.1/servers/3a962860-7a12-485a-af4e-1e86f7292a8a 0.210s
2025-05-13 11:47:24.099 70088 INFO tempest.lib.common.rest_client [req-f62bf227-e2cc-4e01-b4fb-2c02695695d9 req-f62bf227-e2cc-4e01-b4fb-2c02695695d9 ] Request (ServerDiagnosticsV248Test:test_get_server_diagnostics): 200 GET http://10.180.1.21/compute/v2.1/servers/1f43ca30-fd40-4c2c-af1f-9b12651cadb0 0.185s
2025-05-13 11:47:24.100 70108 INFO tempest.lib.common.rest_client [req-c0e69015-58f8-49ac-bb1a-e37ee83baa56 req-c0e69015-58f8-49ac-bb1a-e37ee83baa56 ] Request (TenantUsagesTestJSON:tearDownClass): 204 DELETE http://10.180.1.21:9696/networking/v2.0/security-groups/91fef3eb-76de-4e15-bd0e-4c8723b0313e 0.121s
2025-05-13 11:47:24.135 70094 INFO tempest.lib.common.rest_client [req-a578d692-a3fe-4f6f-99bc-3d2d969af3ce req-a578d692-a3fe-4f6f-99bc-3d2d969af3ce ] Request (AbsoluteLimitsTestJSON:setUpClass): 201 POST http://10.180.1.21/identity/v3/auth/tokens 0.113s
2025-05-13 11:47:24.185 70066 INFO tempest.lib.common.rest_client [req-cc0163ce-5528-4281-ad9a-50f2bb7c7f68 req-cc0163ce-5528-4281-ad9a-50f2bb7c7f68 ] Request (FloatingIPsAssociationNegativeTestJSON:tearDownClass): 200 GET http://10.180.1.21/compute/v2.1/servers/6fd3e29b-cca6-4b6f-b772-5477bfdfe4c5 0.265s
2025-05-13 11:47:24.250 70082 INFO tempest.lib.common.rest_client [req-c7710e1a-8240-473b-b4c7-e8f254d55404 req-c7710e1a-8240-473b-b4c7-e8f254d55404 ] Request (ServersTestBootFromVolume:setUpClass): 200 GET http://10.180.1.21/compute/v2.1/servers/27a8da5f-1c25-4fed-8455-b843c4a7b804 0.293s
2025-05-13 11:47:24.267 70108 INFO tempest.lib.common.rest_client [req-00b71b20-485e-468a-b5d1-bb98b09b8940 req-00b71b20-485e-468a-b5d1-bb98b09b8940 ] Request (TenantUsagesTestJSON:tearDownClass): 204 DELETE http://10.180.1.21/identity/v3/projects/aefd220a7d704e1fa54e124bb210a9e1 0.167s
2025-05-13 11:47:24.267 70108 INFO tempest.lib.common.dynamic_creds [-] Deleting project and security group for project: 0314287f81b24a939cdc0ca101dc6a09
2025-05-13 11:47:24.312 70096 INFO tempest.lib.common.rest_client [req-fdabfad8-aaaf-4684-8058-ea31e86db365 req-fdabfad8-aaaf-4684-8058-ea31e86db365 ] Request (ServersAdminTestJSON:test_create_server_with_scheduling_hint): 200 GET http://10.180.1.21/compute/v2.1/servers/10a3ec96-06f2-4a2f-87f7-a3bb6a9dcc11 0.298s
2025-05-13 11:47:24.312 70108 INFO tempest.lib.common.rest_client [req-9996c702-40a3-4f29-ad24-a0b88e3f3f57 req-9996c702-40a3-4f29-ad24-a0b88e3f3f57 ] Request (TenantUsagesTestJSON:tearDownClass): 200 GET http://10.180.1.21:9696/networking/v2.0/security-groups?tenant_id=0314287f81b24a939cdc0ca101dc6a09&name=default 0.044s
2025-05-13 11:47:24.375 70119 INFO tempest.lib.common.rest_client [req-debd5bb4-4f28-44ff-8c3c-611d72523095 req-debd5bb4-4f28-44ff-8c3c-611d72523095 ] Request (ImagesNegativeTestJSON:test_create_image_from_deleted_server): 200 GET http://10.180.1.21/compute/v2.1/servers/2af130dc-3603-4a57-b28f-123409202b5a 0.292s
2025-05-13 11:47:24.406 70120 INFO tempest.lib.common.rest_client [req-faa7a3ea-58cb-4ad9-9a60-9c776229d79f req-faa7a3ea-58cb-4ad9-9a60-9c776229d79f ] Request (SecurityGroupsTestJSON:test_server_security_groups): 202 POST http://10.180.1.21/compute/v2.1/servers 0.576s
2025-05-13 11:47:24.437 70108 INFO tempest.lib.common.rest_client [req-21d6eebb-88b2-42c6-9f47-897c65f9bf4f req-21d6eebb-88b2-42c6-9f47-897c65f9bf4f ] Request (TenantUsagesTestJSON:tearDownClass): 204 DELETE http://10.180.1.21:9696/networking/v2.0/security-groups/7bdfb6b6-657f-481e-9325-6247cbdd314d 0.125s
2025-05-13 11:47:24.445 70080 INFO tempest.lib.common.rest_client [req-ff41b420-1625-41d6-843c-5c6c24932117 req-ff41b420-1625-41d6-843c-5c6c24932117 ] Request (ServersNegativeTestJSON:setUpClass): 200 GET http://10.180.1.21/compute/v2.1/servers/26b87865-1683-4797-ae24-f51084419ce4 0.331s
2025-05-13 11:47:24.510 70064 INFO tempest.lib.common.rest_client [req-1e9855e0-b1b8-4327-94b4-6de26279b27f req-1e9855e0-b1b8-4327-94b4-6de26279b27f ] Request (ListServerFiltersTestJSON:setUpClass): 200 GET http://10.180.1.21/compute/v2.1/servers/5de29246-15dd-470d-b18e-b2453818b760 0.360s
2025-05-13 11:47:24.570 70094 INFO tempest.lib.common.rest_client [req-20c4aba3-c66c-4b3a-b0d1-db5313842682 req-20c4aba3-c66c-4b3a-b0d1-db5313842682 ] Request (AbsoluteLimitsTestJSON:test_absLimits_get): 200 GET http://10.180.1.21/compute/v2.1/limits 0.434s
2025-05-13 11:47:24.581 70068 INFO tempest.lib.common.rest_client [req-8de78b37-b2ea-4d3c-a137-0be083d11d83 req-8de78b37-b2ea-4d3c-a137-0be083d11d83 ] Request (ServerActionsTestOtherB:test_create_backup): 200 GET http://10.180.1.21/image/v2/images/fb3fc0a5-3b95-4932-9470-708d0e5ac293 0.026s
2025-05-13 11:47:24.583 70108 INFO tempest.lib.common.rest_client [req-229758c4-1a27-44bc-9806-31732b5316e2 req-229758c4-1a27-44bc-9806-31732b5316e2 ] Request (TenantUsagesTestJSON:tearDownClass): 204 DELETE http://10.180.1.21/identity/v3/projects/0314287f81b24a939cdc0ca101dc6a09 0.145s
2025-05-13 11:47:24.624 70120 INFO tempest.lib.common.rest_client [req-3ece962f-ed0c-4c9f-be30-f81783832189 req-3ece962f-ed0c-4c9f-be30-f81783832189 ] Request (SecurityGroupsTestJSON:test_server_security_groups): 200 GET http://10.180.1.21/compute/v2.1/servers/87e8e7a1-56fc-4065-861e-1b07b8097db3 0.216s
2025-05-13 11:47:24.654 70108 INFO tempest.lib.common.rest_client [req-a2bab20a-fe9f-4d71-b2da-5d7d9eb575ea req-a2bab20a-fe9f-4d71-b2da-5d7d9eb575ea ] Request (ListImageFiltersTestJSON:setUpClass): 201 POST http://10.180.1.21/identity/v3/auth/tokens 0.069s
2025-05-13 11:47:24.662 70078 INFO tempest.lib.common.rest_client [req-9ada524c-48d7-4377-bbb4-6cfad052c319 req-9ada524c-48d7-4377-bbb4-6cfad052c319 ] Request (ServerMetadataTestJSON:setUpClass): 200 GET http://10.180.1.21/compute/v2.1/servers/a53aac01-ef1d-4ef0-aac4-326927830321 0.266s
2025-05-13 11:47:24.684 70106 INFO tempest.lib.common.rest_client [req-30b0c202-6c0b-4696-a564-886c513562e2 req-30b0c202-6c0b-4696-a564-886c513562e2 ] Request (ServerShowV254Test:test_rebuild_server): 200 GET http://10.180.1.21/compute/v2.1/servers/6eb890b2-e6d7-49b2-a24a-9f94d574868d 0.215s
2025-05-13 11:47:24.701 70108 INFO tempest.lib.common.rest_client [req-33bc35b8-8131-4f6f-b2cd-2f1709cad044 req-33bc35b8-8131-4f6f-b2cd-2f1709cad044 ] Request (ListImageFiltersTestJSON:setUpClass): 201 POST http://10.180.1.21/identity/v3/auth/tokens 0.044s
2025-05-13 11:47:24.726 70094 INFO tempest.lib.common.rest_client [req-f0b7a610-412d-4fbf-933f-312058925443 req-f0b7a610-412d-4fbf-933f-312058925443 ] Request (AbsoluteLimitsTestJSON:tearDownClass): 204 DELETE http://10.180.1.21/identity/v3/users/46fcb0d173164934a2025ebc95d09da4 0.147s
2025-05-13 11:47:24.727 70094 INFO tempest.lib.common.dynamic_creds [-] Deleting project and security group for project: 5e3a01f67ab243c6bbc9c6f8d06768ed
2025-05-13 11:47:24.727 70086 INFO tempest.lib.common.rest_client [req-042e3eae-9830-4a74-841e-7ec949abe005 req-042e3eae-9830-4a74-841e-7ec949abe005 ] Request (VolumesAdminNegativeTest:test_update_attached_volume_with_nonexistent_volume_in_body): 200 GET http://10.180.1.21/compute/v2.1/servers/d1031693-cd67-4cb7-8bcc-dfcd69d1d72d 0.208s
2025-05-13 11:47:24.748 70072 INFO tempest.lib.common.rest_client [req-658b1479-0239-4d15-86ec-cf50711988ce req-658b1479-0239-4d15-86ec-cf50711988ce ] Request (ServersAdminNegativeTestJSON:tearDownClass): 200 GET http://10.180.1.21/compute/v2.1/servers/5888cdd0-2309-4abc-b928-8bcbf164258e 0.195s
2025-05-13 11:47:24.766 70108 INFO tempest.lib.common.rest_client [req-68cf304d-c6c3-41a9-ac66-f59354d59560 req-68cf304d-c6c3-41a9-ac66-f59354d59560 ] Request (ListImageFiltersTestJSON:setUpClass): 200 GET http://10.180.1.21/identity/v3/domains?name=Default 0.065s
2025-05-13 11:47:24.791 70060 INFO tempest.lib.common.rest_client [req-8a01da87-3aef-49d5-a4db-69a95d89cda4 req-8a01da87-3aef-49d5-a4db-69a95d89cda4 ] Request (ServersTestManualDisk:tearDownClass): 200 GET http://10.180.1.21/compute/v2.1/servers/01f08d9c-f1bf-47a8-84f0-e9852b244e50 0.167s
2025-05-13 11:47:24.803 70094 INFO tempest.lib.common.rest_client [req-7c3e485c-8879-463f-8ff7-96dd382843e5 req-7c3e485c-8879-463f-8ff7-96dd382843e5 ] Request (AbsoluteLimitsTestJSON:tearDownClass): 201 POST http://10.180.1.21/identity/v3/auth/tokens 0.076s
2025-05-13 11:47:24.822 70102 INFO tempest.lib.common.rest_client [req-6a567b75-6d17-4111-867d-2ce6ef6e37c4 req-6a567b75-6d17-4111-867d-2ce6ef6e37c4 ] Request (ServerMetadataNegativeTestJSON:tearDownClass): 200 GET http://10.180.1.21/compute/v2.1/servers/152eccac-5038-4ed8-9748-911b53a425c2 0.119s
