2025-05-13 11:46:41.166 70102 INFO tempest.lib.common.fixed_network [-] (ServerMetadataNegativeTestJSON:test_server_create_metadata_key_too_long) Found network {'id': '8543867c-70cb-446e-8783-34ff7987bf25', 'name': 'tempest-ServerMetadataNegativeTestJSON-1195141927-network', 'tenant_id': 'be46f86bf99b4ab48d80ff4c1626a0dc', 'admin_state_up': True, 'mtu': 8950, 'status': 'ACTIVE', 'subnets': [], 'shared': False, 'project_id': 'be46f86bf99b4ab48d80ff4c1626a0dc', 'port_security_enabled': True, 'router:external': False, 'provider:network_type': 'vlan', 'provider:physical_network': 'default', 'provider:segmentation_id': 380, 'availability_zone_hints': [], 'availability_zones': [], 'ipv4_address_scope': None, 'ipv6_address_scope': None, 'description': '', 'tags': [], 'created_at': '2025-05-13T11:45:47Z', 'updated_at': '2025-05-13T11:45:47Z', 'revision_number': 1} available for tenant
2025-05-13 11:46:41.198 70072 INFO tempest.lib.common.rest_client [req-8439a049-3d6f-4f83-adfb-acba34d74e71 req-8439a049-3d6f-4f83-adfb-acba34d74e71 ] Request (ServersAdminNegativeTestJSON:test_migrate_server_invalid_state): 200 GET http://10.180.1.21/compute/v2.1/servers/5888cdd0-2309-4abc-b928-8bcbf164258e 0.891s
2025-05-13 11:46:41.209 70078 INFO tempest.lib.common.rest_client [req-f9e081cd-90b2-46f0-903a-648bea33fe00 req-f9e081cd-90b2-46f0-903a-648bea33fe00 ] Request (ServerMetadataTestJSON:setUpClass): 201 POST http://10.180.1.21/identity/v3/auth/tokens 0.142s
2025-05-13 11:46:41.305 70086 INFO tempest.lib.common.rest_client [req-615297ef-26c2-4600-8850-56718a8b90e7 req-615297ef-26c2-4600-8850-56718a8b90e7 ] Request (FlavorsAccessNegativeTestJSON:tearDownClass): 204 DELETE http://10.180.1.21/identity/v3/projects/0f1bd9d520c34e0ca43cc7754faf13a2 0.223s
2025-05-13 11:46:41.310 70078 INFO tempest.lib.common.rest_client [req-64dea3e9-d4ae-4d17-8d83-1c53bbe91493 req-64dea3e9-d4ae-4d17-8d83-1c53bbe91493 ] Request (ServerMetadataTestJSON:setUpClass): 201 POST http://10.180.1.21/identity/v3/auth/tokens 0.099s
2025-05-13 11:46:41.337 70078 INFO tempest.lib.common.rest_client [req-52c6f8ae-93ef-41fd-9e42-db59b1e67b7d req-52c6f8ae-93ef-41fd-9e42-db59b1e67b7d ] Request (ServerMetadataTestJSON:setUpClass): 200 GET http://10.180.1.21/identity/v3/domains?name=Default 0.026s
2025-05-13 11:46:41.349 70086 INFO tempest.lib.common.rest_client [req-028241d7-675b-424b-ac60-7127b7b154c4 req-028241d7-675b-424b-ac60-7127b7b154c4 ] Request (VolumesAdminNegativeTest:setUpClass): 201 POST http://10.180.1.21/identity/v3/auth/tokens 0.042s
2025-05-13 11:46:41.370 70078 INFO tempest.lib.common.rest_client [req-eab847ca-2e94-4b0a-8a40-65a6ca99dbb5 req-eab847ca-2e94-4b0a-8a40-65a6ca99dbb5 ] Request (ServerMetadataTestJSON:setUpClass): 201 POST http://10.180.1.21/identity/v3/projects 0.032s
2025-05-13 11:46:41.379 70062 INFO tempest.lib.common.rest_client [req-fe3840a0-7bb2-4664-9c71-31065a752fb5 req-fe3840a0-7bb2-4664-9c71-31065a752fb5 ] Request (ServerRescueTestJSONUnderV235:setUpClass): 200 GET http://10.180.1.21/compute/v2.1/servers/eaa67334-28fd-4d0f-ac77-37a80cbfff1f 0.732s
2025-05-13 11:46:41.403 70080 INFO tempest.lib.common.rest_client [req-49d64c40-65e4-4e30-8874-07e295042033 req-49d64c40-65e4-4e30-8874-07e295042033 ] Request (ImagesMetadataTestJSON:test_set_image_metadata): 200 PUT http://10.180.1.21/compute/v2.1/images/cd1ddd12-8e26-432c-ab97-8623d736a609/metadata 1.218s
2025-05-13 11:46:41.425 70058 INFO tempest.lib.common.rest_client [req-09947bd8-dc29-4d0d-bbf7-03ddc8c6279d req-09947bd8-dc29-4d0d-bbf7-03ddc8c6279d ] Request (ImagesTestJSON:test_create_image_from_stopped_server): 200 GET http://10.180.1.21/compute/v2.1/images/575d163f-aa0d-414b-a811-95646ad402bc 0.722s
2025-05-13 11:46:41.459 70078 INFO tempest.lib.common.rest_client [req-0ca21953-4624-4eed-a454-33f2f739b463 req-0ca21953-4624-4eed-a454-33f2f739b463 ] Request (ServerMetadataTestJSON:setUpClass): 201 POST http://10.180.1.21/identity/v3/users 0.088s
2025-05-13 11:46:41.463 70086 INFO tempest.lib.common.rest_client [req-8bc72668-2940-41ab-b763-ef46760ad44a req-8bc72668-2940-41ab-b763-ef46760ad44a ] Request (VolumesAdminNegativeTest:setUpClass): 201 POST http://10.180.1.21/identity/v3/auth/tokens 0.108s
2025-05-13 11:46:41.477 70114 INFO tempest.lib.common.rest_client [req-860f88c3-8c24-47f7-8fe2-d3540550be89 req-860f88c3-8c24-47f7-8fe2-d3540550be89 ] Request (ImagesOneServerTestJSON:test_create_delete_image): 200 GET http://10.180.1.21/compute/v2.1/images/7e48ad2e-b898-4fe5-a14c-ede19c27ca63 0.654s
2025-05-13 11:46:41.499 70078 INFO tempest.lib.common.rest_client [req-fc850412-0b70-4f57-82d9-d800985ec19c req-fc850412-0b70-4f57-82d9-d800985ec19c ] Request (ServerMetadataTestJSON:setUpClass): 200 GET http://10.180.1.21/identity/v3/roles 0.039s
2025-05-13 11:46:41.501 70086 INFO tempest.lib.common.rest_client [req-986b383f-5346-4887-b725-4183b20fa9a3 req-986b383f-5346-4887-b725-4183b20fa9a3 ] Request (VolumesAdminNegativeTest:setUpClass): 200 GET http://10.180.1.21/identity/v3/domains?name=Default 0.038s
2025-05-13 11:46:41.509 70070 INFO tempest.lib.common.rest_client [req-e322647f-fc5e-48b4-8a36-ce359b682291 req-e322647f-fc5e-48b4-8a36-ce359b682291 ] Request (AttachVolumeTestJSON:test_attach_detach_volume): 200 GET http://10.180.1.21/compute/v2.1/servers/780705ab-3fbb-43e0-961a-46f755f5388d 0.783s
2025-05-13 11:46:41.543 70078 INFO tempest.lib.common.rest_client [req-21c82103-e7dd-4c94-9157-93269e2c35f1 req-21c82103-e7dd-4c94-9157-93269e2c35f1 ] Request (ServerMetadataTestJSON:setUpClass): 204 PUT http://10.180.1.21/identity/v3/projects/9de7e38c9a0e4bff9f93abf1e4701a91/users/fe90e93552d34c2c807d057df5f0669b/roles/a7f491baac3d4801b95fa09914b840c1 0.043s
2025-05-13 11:46:41.543 70078 INFO tempest.lib.common.dynamic_creds [-] Dynamic test user fe90e93552d34c2c807d057df5f0669b is created with scope project and roles: ['member']
2025-05-13 11:46:41.543 70078 INFO tempest.lib.common.dynamic_creds [-] Acquired dynamic creds: credentials: Credentials: {'domain_id': 'default', 'domain_name': 'Default', 'username': 'tempest-ServerMetadataTestJSON-1403312986-project-member', 'project_domain_id': 'default', 'project_domain_name': 'Default', 'project_id': '9de7e38c9a0e4bff9f93abf1e4701a91', 'project_name': 'tempest-ServerMetadataTestJSON-1403312986', 'tenant_id': '9de7e38c9a0e4bff9f93abf1e4701a91', 'tenant_name': 'tempest-ServerMetadataTestJSON-1403312986', 'user_domain_id': 'default', 'user_domain_name': 'Default', 'user_id': 'fe90e93552d34c2c807d057df5f0669b', 'system': None}, Network: None, Subnet: None, Router: None
2025-05-13 11:46:41.555 70086 INFO tempest.lib.common.rest_client [req-c1039007-427b-4e24-b15c-293b82ac6e40 req-c1039007-427b-4e24-b15c-293b82ac6e40 ] Request (VolumesAdminNegativeTest:setUpClass): 201 POST http://10.180.1.21/identity/v3/projects 0.053s
2025-05-13 11:46:41.580 70110 INFO tempest.lib.common.rest_client [req-b6463f18-945c-4545-a057-84fc0c2cb617 req-b6463f18-945c-4545-a057-84fc0c2cb617 ] Request (ListImagesTestJSON:tearDownClass): 200 GET http://10.180.1.21:9696/networking/v2.0/security-groups?tenant_id=92451a36dab04bcf8489f57b89b04c9f&name=default 0.612s
2025-05-13 11:46:41.592 70082 INFO tempest.lib.common.rest_client [req-626817d3-ea43-440d-8e36-98057cc1a37a req-626817d3-ea43-440d-8e36-98057cc1a37a ] Request (ServersTestBootFromVolume:setUpClass): 200 GET http://10.180.1.21/volume/v3/volumes/9720ebff-8909-4a4e-9140-a405b9280cc2 0.038s
2025-05-13 11:46:41.593 70076 INFO tempest.lib.common.rest_client [req-1cef317b-31b5-404c-9476-82c4f3e5a7fc req-1cef317b-31b5-404c-9476-82c4f3e5a7fc ] Request (QuotasAdminTestJSON:tearDownClass): 200 GET http://10.180.1.21:9696/networking/v2.0/security-groups?tenant_id=732d4a02e7074bcd95247cf303e006c5&name=default 0.456s
2025-05-13 11:46:41.599 70064 INFO tempest.lib.common.rest_client [req-48828b88-4705-45f5-8a24-725fe1154601 req-48828b88-4705-45f5-8a24-725fe1154601 ] Request (ServerExternalEventsTest:tearDownClass): 200 GET http://10.180.1.21/compute/v2.1/servers/1da4cbfb-3a1a-4dcb-91bf-427bd227935d 0.724s
2025-05-13 11:46:41.610 70078 INFO tempest.lib.common.rest_client [req-30f2e129-5f1a-4cc9-af25-56190ad6d37f req-30f2e129-5f1a-4cc9-af25-56190ad6d37f ] Request (ServerMetadataTestJSON:setUpClass): 201 POST http://10.180.1.21/identity/v3/auth/tokens 0.066s
2025-05-13 11:46:41.621 70086 INFO tempest.lib.common.rest_client [req-e239c745-1d4a-47b3-96c9-ba36e009e412 req-e239c745-1d4a-47b3-96c9-ba36e009e412 ] Request (VolumesAdminNegativeTest:setUpClass): 201 POST http://10.180.1.21/identity/v3/users 0.065s
2025-05-13 11:46:41.657 70086 INFO tempest.lib.common.rest_client [req-9b1f803b-c57f-4232-953e-e73441bc4eb3 req-9b1f803b-c57f-4232-953e-e73441bc4eb3 ] Request (VolumesAdminNegativeTest:setUpClass): 200 GET http://10.180.1.21/identity/v3/roles 0.035s
2025-05-13 11:46:41.687 70086 INFO tempest.lib.common.rest_client [req-d6ae1b28-4e7f-437e-8796-39caf4688235 req-d6ae1b28-4e7f-437e-8796-39caf4688235 ] Request (VolumesAdminNegativeTest:setUpClass): 204 PUT http://10.180.1.21/identity/v3/projects/15a8990d9b5e4a87afad85bd1a57eb1d/users/bd19732b12ce437a8eb7ce8261df649f/roles/a7f491baac3d4801b95fa09914b840c1 0.030s
2025-05-13 11:46:41.687 70086 INFO tempest.lib.common.dynamic_creds [-] Dynamic test user bd19732b12ce437a8eb7ce8261df649f is created with scope project and roles: ['member']
2025-05-13 11:46:41.688 70086 INFO tempest.lib.common.dynamic_creds [-] Acquired dynamic creds: credentials: Credentials: {'domain_id': 'default', 'domain_name': 'Default', 'username': 'tempest-VolumesAdminNegativeTest-469300580-project-member', 'project_domain_id': 'default', 'project_domain_name': 'Default', 'project_id': '15a8990d9b5e4a87afad85bd1a57eb1d', 'project_name': 'tempest-VolumesAdminNegativeTest-469300580', 'tenant_id': '15a8990d9b5e4a87afad85bd1a57eb1d', 'tenant_name': 'tempest-VolumesAdminNegativeTest-469300580', 'user_domain_id': 'default', 'user_domain_name': 'Default', 'user_id': 'bd19732b12ce437a8eb7ce8261df649f', 'system': None}, Network: None, Subnet: None, Router: None
2025-05-13 11:46:41.752 70086 INFO tempest.lib.common.rest_client [req-eb01797e-3f50-4531-b54c-552305fe264a req-eb01797e-3f50-4531-b54c-552305fe264a ] Request (VolumesAdminNegativeTest:setUpClass): 201 POST http://10.180.1.21/identity/v3/auth/tokens 0.064s
2025-05-13 11:46:41.763 70084 INFO tempest.lib.common.rest_client [req-4540622d-d845-49f1-87b6-070472dc9b4b req-4540622d-d845-49f1-87b6-070472dc9b4b ] Request (VolumesAssistedSnapshotsTest:test_volume_assisted_snapshot_create_delete): 200 GET http://10.180.1.21/compute/v2.1/servers/e7db82ae-71dc-43c6-a19f-3b5ddfb7041d/os-interface 0.890s
2025-05-13 11:46:41.771 70096 INFO tempest.lib.common.rest_client [req-5979ab82-ec75-43d4-a1cd-528d72728bcf req-5979ab82-ec75-43d4-a1cd-528d72728bcf ] Request (ServersAdminTestJSON:setUpClass): 200 GET http://10.180.1.21/compute/v2.1/servers/ca13258a-42e5-48f5-9264-af5b296c8a6f 0.797s
2025-05-13 11:46:41.782 70092 INFO tempest.lib.common.rest_client [req-57c8e013-d975-433a-8c61-6c6f7fc24a59 req-57c8e013-d975-433a-8c61-6c6f7fc24a59 ] Request (AggregatesAdminNegativeTestJSON:test_aggregate_list_as_user): 403 GET http://10.180.1.21/compute/v2.1/os-aggregates 0.782s
2025-05-13 11:46:41.889 70076 INFO tempest.lib.common.rest_client [req-2400bd76-c7a6-4f07-aab0-bee5f9508f3a req-2400bd76-c7a6-4f07-aab0-bee5f9508f3a ] Request (QuotasAdminTestJSON:tearDownClass): 204 DELETE http://10.180.1.21:9696/networking/v2.0/security-groups/b8a01737-dd73-4533-a8e4-7f35a9d9ed1f 0.295s
2025-05-13 11:46:41.903 70074 INFO tempest.lib.common.rest_client [req-cdadb948-7484-42fb-8beb-a2f3fb149e78 req-cdadb948-7484-42fb-8beb-a2f3fb149e78 ] Request (ServersTestFqdnHostnames:test_create_server_with_fqdn_name): 200 GET http://10.180.1.21/compute/v2.1/servers/1a7cb6c6-51bd-4403-a43c-8a1a5a1e2c51 0.898s
2025-05-13 11:46:41.923 70110 INFO tempest.lib.common.rest_client [req-c6c9d6d2-9e2d-45d3-bf16-96318528e634 req-c6c9d6d2-9e2d-45d3-bf16-96318528e634 ] Request (ListImagesTestJSON:tearDownClass): 204 DELETE http://10.180.1.21:9696/networking/v2.0/security-groups/a83c6187-9943-446c-b52c-82508287c65c 0.343s
2025-05-13 11:46:41.935 70098 INFO tempest.lib.common.rest_client [req-70c841f4-19f3-4769-978a-283f489ee037 req-70c841f4-19f3-4769-978a-283f489ee037 ] Request (FlavorsAdminTestJSON:test_is_public_string_variations): 200 POST http://10.180.1.21/compute/v2.1/flavors 0.924s
2025-05-13 11:46:41.963 70090 INFO tempest.lib.common.rest_client [req-b1ca2c1c-6682-49c0-847b-41bc551d0de7 req-b1ca2c1c-6682-49c0-847b-41bc551d0de7 ] Request (HostsAdminTestJSON:test_list_hosts_with_zone): 200 GET http://10.180.1.21/compute/v2.1/os-hosts 0.917s
2025-05-13 11:46:41.995 70076 INFO tempest.lib.common.rest_client [req-908d98b4-3b95-41e2-a79f-49a3f50342b9 req-908d98b4-3b95-41e2-a79f-49a3f50342b9 ] Request (QuotasAdminTestJSON:tearDownClass): 204 DELETE http://10.180.1.21/identity/v3/projects/732d4a02e7074bcd95247cf303e006c5 0.105s
2025-05-13 11:46:41.996 70076 INFO tempest.lib.common.dynamic_creds [-] Deleting project and security group for project: b960d35427f44932b0ec5d7cf2813f6d
2025-05-13 11:46:42.018 70110 INFO tempest.lib.common.rest_client [req-541175d4-5304-4091-9712-3c8e785bebeb req-541175d4-5304-4091-9712-3c8e785bebeb ] Request (ListImagesTestJSON:tearDownClass): 204 DELETE http://10.180.1.21/identity/v3/projects/92451a36dab04bcf8489f57b89b04c9f 0.094s
2025-05-13 11:46:42.279 70088 INFO tempest.lib.common.rest_client [req-4f8f3b8d-6e36-428a-b44d-85bb271c2c6a req-4f8f3b8d-6e36-428a-b44d-85bb271c2c6a ] Request (QuotasAdminTestV257:test_get_updated_quotas): 200 PUT http://10.180.1.21/compute/v2.1/os-quota-sets/9c6b0efe50b8491689c4cd40257314c0 1.194s
2025-05-13 11:46:42.286 70102 INFO tempest.lib.common.rest_client [req-dc3f0674-f340-431b-9d61-e3cf74277785 req-dc3f0674-f340-431b-9d61-e3cf74277785 ] Request (ServerMetadataNegativeTestJSON:test_server_create_metadata_key_too_long): 400 POST http://10.180.1.21/compute/v2.1/servers 1.119s
2025-05-13 11:46:42.412 70102 INFO tempest.lib.common.rest_client [req-2c64fae4-715c-4680-aa79-1dd94ec03a4c req-2c64fae4-715c-4680-aa79-1dd94ec03a4c ] Request (ServerMetadataNegativeTestJSON:test_server_create_metadata_key_too_long): 201 POST http://10.180.1.21/identity/v3/auth/tokens 0.122s
2025-05-13 11:46:42.413 70102 INFO tempest.lib.common.fixed_network [-] (ServerMetadataNegativeTestJSON:test_server_create_metadata_key_too_long) Found network {'id': '8543867c-70cb-446e-8783-34ff7987bf25', 'name': 'tempest-ServerMetadataNegativeTestJSON-1195141927-network', 'tenant_id': 'be46f86bf99b4ab48d80ff4c1626a0dc', 'admin_state_up': True, 'mtu': 8950, 'status': 'ACTIVE', 'subnets': [], 'shared': False, 'project_id': 'be46f86bf99b4ab48d80ff4c1626a0dc', 'port_security_enabled': True, 'router:external': False, 'provider:network_type': 'vlan', 'provider:physical_network': 'default', 'provider:segmentation_id': 380, 'availability_zone_hints': [], 'availability_zones': [], 'ipv4_address_scope': None, 'ipv6_address_scope': None, 'description': '', 'tags': [], 'created_at': '2025-05-13T11:45:47Z', 'updated_at': '2025-05-13T11:45:47Z', 'revision_number': 1} available for tenant
2025-05-13 11:46:42.442 70119 INFO tempest.lib.common.rest_client [req-fe603c64-3bb6-4950-80de-324735454e82 req-fe603c64-3bb6-4950-80de-324735454e82 ] Request (FloatingIPDetailsTestJSON:tearDownClass): 202 DELETE http://10.180.1.21/compute/v2.1/os-floating-ips/3001dd5c-503d-497c-b650-474866488b6d 1.457s
2025-05-13 11:46:42.471 70066 INFO tempest.lib.common.rest_client [req-8d8aeef1-91ff-4a66-8ed3-ee0097ec88a5 req-8d8aeef1-91ff-4a66-8ed3-ee0097ec88a5 ] Request (FloatingIPsAssociationNegativeTestJSON:setUpClass): 200 GET http://10.180.1.21/compute/v2.1/servers/6fd3e29b-cca6-4b6f-b772-5477bfdfe4c5 1.150s
2025-05-13 11:46:42.478 70066 INFO tempest.common.waiters [-] State transition "BUILD/None" ==> "BUILD/networking" after 10 second wait
2025-05-13 11:46:42.487 70080 INFO tempest.lib.common.rest_client [req-9a2b1213-db33-4dc5-a2cd-93e19ad67a1d req-9a2b1213-db33-4dc5-a2cd-93e19ad67a1d ] Request (ImagesMetadataTestJSON:test_set_image_metadata): 200 GET http://10.180.1.21/compute/v2.1/images/cd1ddd12-8e26-432c-ab97-8623d736a609/metadata 1.082s
2025-05-13 11:46:42.507 70078 INFO tempest.lib.common.rest_client [req-350ec16e-e476-4d5e-b6a6-2393577ca639 req-350ec16e-e476-4d5e-b6a6-2393577ca639 ] Request (ServerMetadataTestJSON:setUpClass): 201 POST http://10.180.1.21:9696/networking/v2.0/networks 0.897s
2025-05-13 11:46:42.539 70076 INFO tempest.lib.common.rest_client [req-45b0430b-e5a4-4123-b2a8-72f2d12fa8ab req-45b0430b-e5a4-4123-b2a8-72f2d12fa8ab ] Request (QuotasAdminTestJSON:tearDownClass): 200 GET http://10.180.1.21:9696/networking/v2.0/security-groups?tenant_id=b960d35427f44932b0ec5d7cf2813f6d&name=default 0.543s
2025-05-13 11:46:42.563 70120 INFO tempest.lib.common.rest_client [req-14f2ce7c-f7df-4de5-98af-ab64e46129f5 req-14f2ce7c-f7df-4de5-98af-ab64e46129f5 ] Request (SecurityGroupsTestJSON:test_list_security_groups_by_server): 200 GET http://10.180.1.21/compute/v2.1/servers/830a4429-edcd-4955-99d2-72fe88ed9ada 1.081s
2025-05-13 11:46:42.576 70112 INFO tempest.lib.common.rest_client [req-aeaefabe-003e-4800-a07e-25cac18979ca req-aeaefabe-003e-4800-a07e-25cac18979ca ] Request (MigrationsAdminTest:test_list_migrations_in_flavor_resize_situation): 200 GET http://10.180.1.21/compute/v2.1/servers/3a962860-7a12-485a-af4e-1e86f7292a8a 1.148s
2025-05-13 11:46:42.585 70114 INFO tempest.lib.common.rest_client [req-9e702fe5-fd1f-4169-a96c-e7ca7b071f28 req-9e702fe5-fd1f-4169-a96c-e7ca7b071f28 ] Request (ImagesOneServerTestJSON:test_create_delete_image): 200 GET http://10.180.1.21/compute/v2.1/flavors/42 1.097s
2025-05-13 11:46:42.648 70082 INFO tempest.lib.common.rest_client [req-a51960b6-4b63-49ae-89ec-f910e26e5b06 req-a51960b6-4b63-49ae-89ec-f910e26e5b06 ] Request (ServersTestBootFromVolume:setUpClass): 200 GET http://10.180.1.21/volume/v3/volumes/9720ebff-8909-4a4e-9140-a405b9280cc2 0.039s
2025-05-13 11:46:42.696 70094 INFO tempest.lib.common.rest_client [req-a768ed52-5d26-48e5-85ce-254e1828b0c9 req-a768ed52-5d26-48e5-85ce-254e1828b0c9 ] Request (ServersAdmin275Test:_run_cleanups): 200 GET http://10.180.1.21/compute/v2.1/servers/eed731ec-573c-4c82-9639-a3a4a9c4a8f9 0.803s
2025-05-13 11:46:42.712 70094 INFO tempest.common.waiters [-] State transition "REBUILD/rebuild_spawning" ==> "ACTIVE/None" after 10 second wait
2025-05-13 11:46:42.722 70098 INFO tempest.lib.common.rest_client [req-8f688580-0f78-4069-a145-8e5ab8fc6a7b req-8f688580-0f78-4069-a145-8e5ab8fc6a7b ] Request (FlavorsAdminTestJSON:test_is_public_string_variations): 200 GET http://10.180.1.21/compute/v2.1/flavors/detail?is_public=f 0.785s
2025-05-13 11:46:42.746 70090 INFO tempest.lib.common.rest_client [req-6d5a7335-2f71-4c5c-a55b-b58876e475b7 req-6d5a7335-2f71-4c5c-a55b-b58876e475b7 ] Request (HostsAdminTestJSON:test_list_hosts_with_zone): 200 GET http://10.180.1.21/compute/v2.1/os-hosts?zone=internal 0.782s
2025-05-13 11:46:42.778 70086 INFO tempest.lib.common.rest_client [req-dd5203f3-5e2d-41d3-8bb4-edc845828a01 req-dd5203f3-5e2d-41d3-8bb4-edc845828a01 ] Request (VolumesAdminNegativeTest:setUpClass): 201 POST http://10.180.1.21:9696/networking/v2.0/networks 1.026s
2025-05-13 11:46:42.783 70076 INFO tempest.lib.common.rest_client [req-d407e85a-9615-4125-8ba6-54fb9c5041d4 req-d407e85a-9615-4125-8ba6-54fb9c5041d4 ] Request (QuotasAdminTestJSON:tearDownClass): 204 DELETE http://10.180.1.21:9696/networking/v2.0/security-groups/99006ea3-1ce8-4109-8e0c-528e7a704b0d 0.244s
2025-05-13 11:46:42.849 70106 INFO tempest.lib.common.rest_client [req-6ff9caf8-3321-444a-8d01-009d3d853429 req-6ff9caf8-3321-444a-8d01-009d3d853429 ] Request (ServerDiagnosticsNegativeTest:tearDownClass): 200 GET http://10.180.1.21/compute/v2.1/servers/d0ff2c42-ec49-4659-8629-47a9fc275841 0.731s
2025-05-13 11:46:42.898 70076 INFO tempest.lib.common.rest_client [req-9621a813-b31e-4638-b6c2-6ed738b2eb75 req-9621a813-b31e-4638-b6c2-6ed738b2eb75 ] Request (QuotasAdminTestJSON:tearDownClass): 204 DELETE http://10.180.1.21/identity/v3/projects/b960d35427f44932b0ec5d7cf2813f6d 0.114s
2025-05-13 11:46:42.949 70100 INFO tempest.lib.common.rest_client [req-ca60a084-9ca6-44ba-a584-94a0a773ac69 req-ca60a084-9ca6-44ba-a584-94a0a773ac69 ] Request (DeleteServersAdminTestJSON:test_admin_delete_servers_of_others): 200 GET http://10.180.1.21/compute/v2.1/servers/be92232e-a9cf-4f72-9e06-5283afc5734a 0.805s
2025-05-13 11:46:42.957 70078 INFO tempest.lib.common.rest_client [req-1ebb498b-02d7-44bb-89cd-1e7292d32e54 req-1ebb498b-02d7-44bb-89cd-1e7292d32e54 ] Request (ServerMetadataTestJSON:setUpClass): 201 POST http://10.180.1.21:9696/networking/v2.0/subnets 0.449s
2025-05-13 11:46:43.014 70072 INFO tempest.lib.common.rest_client [req-8b9d926a-63e4-42ce-a39d-b1c040ff2f0d req-8b9d926a-63e4-42ce-a39d-b1c040ff2f0d ] Request (ServersAdminNegativeTestJSON:test_migrate_server_invalid_state): 200 GET http://10.180.1.21/compute/v2.1/servers/5888cdd0-2309-4abc-b928-8bcbf164258e 0.806s
2025-05-13 11:46:43.024 70108 INFO tempest.lib.common.rest_client [req-734ee1f6-a6b8-46ae-bb87-8d7b44281ece req-734ee1f6-a6b8-46ae-bb87-8d7b44281ece ] Request (TenantUsagesTestJSON:setUpClass): 200 GET http://10.180.1.21/compute/v2.1/servers/ce9b3f98-be80-454d-a541-291921e3e1f7 1.384s
2025-05-13 11:46:43.034 70108 INFO tempest.common.waiters [-] State transition "BUILD/spawning" ==> "ACTIVE/None" after 20 second wait
2025-05-13 11:46:43.050 70076 INFO tempest.lib.common.rest_client [req-be81dbb0-7b2c-4e9a-9c1a-799541967cc6 req-be81dbb0-7b2c-4e9a-9c1a-799541967cc6 ] Request (FloatingIPsAssociationTestJSON:setUpClass): 201 POST http://10.180.1.21/identity/v3/auth/tokens 0.150s
2025-05-13 11:46:43.085 70076 INFO tempest.lib.common.rest_client [req-e78ec0ef-4f38-49a6-8ca9-c367e61784d4 req-e78ec0ef-4f38-49a6-8ca9-c367e61784d4 ] Request (FloatingIPsAssociationTestJSON:setUpClass): 201 POST http://10.180.1.21/identity/v3/auth/tokens 0.031s
2025-05-13 11:46:43.191 70076 INFO tempest.lib.common.rest_client [req-0b00a3c2-ee8d-4379-a9fe-287a48bd475d req-0b00a3c2-ee8d-4379-a9fe-287a48bd475d ] Request (FloatingIPsAssociationTestJSON:setUpClass): 200 GET http://10.180.1.21/identity/v3/domains?name=Default 0.104s
2025-05-13 11:46:43.194 70088 INFO tempest.lib.common.rest_client [req-ae5e3779-698e-4b0e-b975-90315ee95d71 req-ae5e3779-698e-4b0e-b975-90315ee95d71 ] Request (QuotasAdminTestV257:test_get_updated_quotas): 200 GET http://10.180.1.21/compute/v2.1/os-quota-sets/9c6b0efe50b8491689c4cd40257314c0/detail 0.912s
2025-05-13 11:46:43.199 70102 INFO tempest.lib.common.rest_client [req-b80155a7-9973-4901-923c-ca26c2606980 req-b80155a7-9973-4901-923c-ca26c2606980 ] Request (ServerMetadataNegativeTestJSON:test_server_create_metadata_key_too_long): 400 POST http://10.180.1.21/compute/v2.1/servers 0.786s
2025-05-13 11:46:43.234 70088 INFO tempest.lib.common.rest_client [req-a0f42d34-2c9b-4725-af9c-b9f1d778532f req-a0f42d34-2c9b-4725-af9c-b9f1d778532f ] Request (QuotasAdminTestV257:test_get_updated_quotas): 200 GET http://10.180.1.21/identity/v3/domains?name=Default 0.032s
2025-05-13 11:46:43.237 70076 INFO tempest.lib.common.rest_client [req-1a29e2ea-5239-4d15-8eeb-2080f7b9cec6 req-1a29e2ea-5239-4d15-8eeb-2080f7b9cec6 ] Request (FloatingIPsAssociationTestJSON:setUpClass): 201 POST http://10.180.1.21/identity/v3/projects 0.046s
2025-05-13 11:46:43.248 70058 INFO tempest.lib.common.rest_client [req-9637a051-9c2a-4ce6-b059-a0af1abab547 req-9637a051-9c2a-4ce6-b059-a0af1abab547 ] Request (ImagesTestJSON:test_create_image_from_stopped_server): 200 GET http://10.180.1.21/compute/v2.1/images/575d163f-aa0d-414b-a811-95646ad402bc 0.817s
2025-05-13 11:46:43.311 70102 INFO tempest.lib.common.rest_client [req-3ce40045-ae54-47dc-90a4-f10f20a5205e req-3ce40045-ae54-47dc-90a4-f10f20a5205e ] Request (ServerMetadataNegativeTestJSON:test_server_create_metadata_key_too_long): 201 POST http://10.180.1.21/identity/v3/auth/tokens 0.104s
2025-05-13 11:46:43.312 70102 INFO tempest.lib.common.fixed_network [-] (ServerMetadataNegativeTestJSON:test_server_create_metadata_key_too_long) Found network {'id': '8543867c-70cb-446e-8783-34ff7987bf25', 'name': 'tempest-ServerMetadataNegativeTestJSON-1195141927-network', 'tenant_id': 'be46f86bf99b4ab48d80ff4c1626a0dc', 'admin_state_up': True, 'mtu': 8950, 'status': 'ACTIVE', 'subnets': [], 'shared': False, 'project_id': 'be46f86bf99b4ab48d80ff4c1626a0dc', 'port_security_enabled': True, 'router:external': False, 'provider:network_type': 'vlan', 'provider:physical_network': 'default', 'provider:segmentation_id': 380, 'availability_zone_hints': [], 'availability_zones': [], 'ipv4_address_scope': None, 'ipv6_address_scope': None, 'description': '', 'tags': [], 'created_at': '2025-05-13T11:45:47Z', 'updated_at': '2025-05-13T11:45:47Z', 'revision_number': 1} available for tenant
2025-05-13 11:46:43.325 70088 INFO tempest.lib.common.rest_client [req-2f887dbb-c159-4557-83aa-dff808a5c189 req-2f887dbb-c159-4557-83aa-dff808a5c189 ] Request (QuotasAdminTestV257:test_get_updated_quotas): 201 POST http://10.180.1.21/identity/v3/users 0.090s
2025-05-13 11:46:43.357 70088 INFO tempest.lib.common.rest_client [req-a5dbbe07-db1d-4423-8662-f699ec5c9991 req-a5dbbe07-db1d-4423-8662-f699ec5c9991 ] Request (QuotasAdminTestV257:test_get_updated_quotas): 200 GET http://10.180.1.21/identity/v3/domains?name=Default 0.031s
2025-05-13 11:46:43.387 70076 INFO tempest.lib.common.rest_client [req-7e0cf0af-9a64-4cff-b33b-748e57c8d325 req-7e0cf0af-9a64-4cff-b33b-748e57c8d325 ] Request (FloatingIPsAssociationTestJSON:setUpClass): 201 POST http://10.180.1.21/identity/v3/users 0.149s
2025-05-13 11:46:43.412 70076 INFO tempest.lib.common.rest_client [req-0fa8f2d7-2804-4a68-b615-c71fc50349c5 req-0fa8f2d7-2804-4a68-b615-c71fc50349c5 ] Request (FloatingIPsAssociationTestJSON:setUpClass): 200 GET http://10.180.1.21/identity/v3/roles 0.025s
2025-05-13 11:46:43.448 70076 INFO tempest.lib.common.rest_client [req-22607ad0-4a54-49d5-a262-120881a443dc req-22607ad0-4a54-49d5-a262-120881a443dc ] Request (FloatingIPsAssociationTestJSON:setUpClass): 204 PUT http://10.180.1.21/identity/v3/projects/a766371d7bf74ace9ef49123f69e3631/users/10a24c476bed46ec87170e210aa013eb/roles/a7f491baac3d4801b95fa09914b840c1 0.035s
2025-05-13 11:46:43.448 70076 INFO tempest.lib.common.dynamic_creds [-] Dynamic test user 10a24c476bed46ec87170e210aa013eb is created with scope project and roles: ['member']
2025-05-13 11:46:43.448 70076 INFO tempest.lib.common.dynamic_creds [-] Acquired dynamic creds: credentials: Credentials: {'domain_id': 'default', 'domain_name': 'Default', 'username': 'tempest-FloatingIPsAssociationTestJSON-770643344-project-member', 'project_domain_id': 'default', 'project_domain_name': 'Default', 'project_id': 'a766371d7bf74ace9ef49123f69e3631', 'project_name': 'tempest-FloatingIPsAssociationTestJSON-770643344', 'tenant_id': 'a766371d7bf74ace9ef49123f69e3631', 'tenant_name': 'tempest-FloatingIPsAssociationTestJSON-770643344', 'user_domain_id': 'default', 'user_domain_name': 'Default', 'user_id': '10a24c476bed46ec87170e210aa013eb', 'system': None}, Network: None, Subnet: None, Router: None
2025-05-13 11:46:43.519 70076 INFO tempest.lib.common.rest_client [req-2961b6c4-949a-4be0-93ea-e9dac5cb8bd0 req-2961b6c4-949a-4be0-93ea-e9dac5cb8bd0 ] Request (FloatingIPsAssociationTestJSON:setUpClass): 201 POST http://10.180.1.21/identity/v3/auth/tokens 0.071s
2025-05-13 11:46:43.546 70062 INFO tempest.lib.common.rest_client [req-ed46738f-53b5-4ff6-a683-86c281894f3a req-ed46738f-53b5-4ff6-a683-86c281894f3a ] Request (ServerRescueTestJSONUnderV235:setUpClass): 200 GET http://10.180.1.21/compute/v2.1/servers/eaa67334-28fd-4d0f-ac77-37a80cbfff1f 1.159s
2025-05-13 11:46:43.711 70119 INFO tempest.lib.common.rest_client [req-ba793191-5f21-41a8-b3cd-9e5fc6f3a161 req-ba793191-5f21-41a8-b3cd-9e5fc6f3a161 ] Request (FloatingIPDetailsTestJSON:tearDownClass): 202 DELETE http://10.180.1.21/compute/v2.1/os-floating-ips/81bbd249-7d5f-493c-a606-74856280a77e 1.269s
2025-05-13 11:46:43.723 70082 INFO tempest.lib.common.rest_client [req-951b8eea-919e-4c6e-b9a6-a8e4158511cd req-951b8eea-919e-4c6e-b9a6-a8e4158511cd ] Request (ServersTestBootFromVolume:setUpClass): 200 GET http://10.180.1.21/volume/v3/volumes/9720ebff-8909-4a4e-9140-a405b9280cc2 0.065s
2025-05-13 11:46:43.790 70070 INFO tempest.lib.common.rest_client [req-5dd6add0-4fb5-4d00-9167-8f9afc8c3c78 req-5dd6add0-4fb5-4d00-9167-8f9afc8c3c78 ] Request (AttachVolumeTestJSON:test_attach_detach_volume): 200 GET http://10.180.1.21/compute/v2.1/servers/780705ab-3fbb-43e0-961a-46f755f5388d 1.264s
2025-05-13 11:46:43.856 70076 INFO tempest.lib.common.rest_client [req-c28d2069-79cc-432d-84d7-9cc4716b2655 req-c28d2069-79cc-432d-84d7-9cc4716b2655 ] Request (FloatingIPsAssociationTestJSON:setUpClass): 201 POST http://10.180.1.21:9696/networking/v2.0/networks 0.336s
2025-05-13 11:46:43.895 70086 INFO tempest.lib.common.rest_client [req-67aed10e-c2eb-473c-8b52-54ef1fe1177e req-67aed10e-c2eb-473c-8b52-54ef1fe1177e ] Request (VolumesAdminNegativeTest:setUpClass): 201 POST http://10.180.1.21:9696/networking/v2.0/subnets 1.116s
2025-05-13 11:46:43.905 70114 INFO tempest.lib.common.rest_client [req-43d4b544-f588-4075-95f3-ba263f6e624e req-43d4b544-f588-4075-95f3-ba263f6e624e ] Request (ImagesOneServerTestJSON:test_create_delete_image): 204 DELETE http://10.180.1.21/compute/v2.1/images/373535fe-d55a-4949-8196-cd46525a9064 1.313s
2025-05-13 11:46:43.909 70084 INFO tempest.lib.common.rest_client [req-673039c2-c58e-44d9-b339-ce7b9c1a3d40 req-673039c2-c58e-44d9-b339-ce7b9c1a3d40 ] Request (VolumesAssistedSnapshotsTest:test_volume_assisted_snapshot_create_delete): 200 PUT http://10.180.1.21:9696/networking/v2.0/floatingips/ca893f87-8f13-4705-bf22-4b30adff062f 2.144s
2025-05-13 11:46:43.911 70084 INFO tempest.lib.common.ssh [-] Creating ssh connection to '10.180.180.210:22' as 'cirros' with public key authentication
2025-05-13 11:46:43.919 70080 INFO tempest.lib.common.rest_client [req-ebf38146-6d3e-443e-a8fd-9cf9072a9ac4 req-ebf38146-6d3e-443e-a8fd-9cf9072a9ac4 ] Request (ImagesMetadataTestJSON:setUp): 200 PUT http://10.180.1.21/compute/v2.1/images/cd1ddd12-8e26-432c-ab97-8623d736a609/metadata 1.430s
2025-05-13 11:46:44.032 70094 INFO tempest.lib.common.rest_client [req-4edfc5c4-0c37-4ad1-9989-80567bbc7fa3 req-4edfc5c4-0c37-4ad1-9989-80567bbc7fa3 ] Request (ServersAdmin275Test:tearDownClass): 204 DELETE http://10.180.1.21/compute/v2.1/servers/eed731ec-573c-4c82-9639-a3a4a9c4a8f9 1.308s
2025-05-13 11:46:44.056 70098 INFO tempest.lib.common.rest_client [req-2cede6f4-0063-4209-8b92-a8017545fa34 req-2cede6f4-0063-4209-8b92-a8017545fa34 ] Request (FlavorsAdminTestJSON:test_is_public_string_variations): 200 GET http://10.180.1.21/compute/v2.1/flavors/detail?is_public=false 1.331s
2025-05-13 11:46:44.082 70090 INFO tempest.lib.common.rest_client [req-0a663854-c592-49b6-b5a2-bd53b4c1b75e req-0a663854-c592-49b6-b5a2-bd53b4c1b75e ] Request (HostsAdminTestJSON:test_show_host_detail): 200 GET http://10.180.1.21/compute/v2.1/os-hosts 1.331s
2025-05-13 11:46:44.239 70068 WARNING tempest.lib.common.ssh [-] Failed to establish authenticated ssh connection to cirros@10.180.180.161 ([Errno None] Unable to connect to port 22 on 10.180.180.161). Number attempts: 1. Retry after 2 seconds.: paramiko.ssh_exception.NoValidConnectionsError: [Errno None] Unable to connect to port 22 on 10.180.180.161
2025-05-13 11:46:44.249 70064 INFO tempest.lib.common.rest_client [req-31dcc56a-9cdf-440b-a423-8b34f17a875a req-31dcc56a-9cdf-440b-a423-8b34f17a875a ] Request (ServerExternalEventsTest:tearDownClass): 200 GET http://10.180.1.21/compute/v2.1/servers/1da4cbfb-3a1a-4dcb-91bf-427bd227935d 1.641s
2025-05-13 11:46:44.259 70064 INFO tempest.common.waiters [-] State transition "ACTIVE/deleting" ==> "DELETED/None" after 5 second wait
2025-05-13 11:46:44.277 70096 INFO tempest.lib.common.rest_client [req-8eb8f2e9-e3ec-4feb-b45b-92268547e899 req-8eb8f2e9-e3ec-4feb-b45b-92268547e899 ] Request (ServersAdminTestJSON:setUpClass): 200 GET http://10.180.1.21/compute/v2.1/servers/ca13258a-42e5-48f5-9264-af5b296c8a6f 1.494s
2025-05-13 11:46:44.278 70092 INFO tempest.lib.common.rest_client [req-2eb3dbd4-5fb1-45bc-be59-5be636b21849 req-2eb3dbd4-5fb1-45bc-be59-5be636b21849 ] Request (AggregatesAdminNegativeTestJSON:test_aggregate_remove_host_as_user): 200 POST http://10.180.1.21/compute/v2.1/os-aggregates 1.434s
2025-05-13 11:46:44.368 70074 INFO tempest.lib.common.rest_client [req-0613ddd3-890d-49f5-b5fc-456457be385e req-0613ddd3-890d-49f5-b5fc-456457be385e ] Request (ServersTestFqdnHostnames:test_create_server_with_fqdn_name): 200 GET http://10.180.1.21/compute/v2.1/servers/1a7cb6c6-51bd-4403-a43c-8a1a5a1e2c51 1.455s
2025-05-13 11:46:44.376 70102 INFO tempest.lib.common.rest_client [req-b1e674d0-8bfd-40ad-88c5-4baa098567e6 req-b1e674d0-8bfd-40ad-88c5-4baa098567e6 ] Request (ServerMetadataNegativeTestJSON:test_server_create_metadata_key_too_long): 400 POST http://10.180.1.21/compute/v2.1/servers 1.063s
2025-05-13 11:46:44.435 70076 INFO tempest.lib.common.rest_client [req-63261c73-553f-4709-bf14-7e5e84b4195b req-63261c73-553f-4709-bf14-7e5e84b4195b ] Request (FloatingIPsAssociationTestJSON:setUpClass): 201 POST http://10.180.1.21:9696/networking/v2.0/subnets 0.578s
2025-05-13 11:46:44.452 70102 INFO tempest.lib.common.rest_client [req-62fead45-b1fc-47ce-9482-8ab8679aa215 req-62fead45-b1fc-47ce-9482-8ab8679aa215 ] Request (ServerMetadataNegativeTestJSON:test_server_create_metadata_key_too_long): 201 POST http://10.180.1.21/identity/v3/auth/tokens 0.073s
2025-05-13 11:46:44.453 70102 INFO tempest.lib.common.fixed_network [-] (ServerMetadataNegativeTestJSON:test_server_create_metadata_key_too_long) Found network {'id': '8543867c-70cb-446e-8783-34ff7987bf25', 'name': 'tempest-ServerMetadataNegativeTestJSON-1195141927-network', 'tenant_id': 'be46f86bf99b4ab48d80ff4c1626a0dc', 'admin_state_up': True, 'mtu': 8950, 'status': 'ACTIVE', 'subnets': [], 'shared': False, 'project_id': 'be46f86bf99b4ab48d80ff4c1626a0dc', 'port_security_enabled': True, 'router:external': False, 'provider:network_type': 'vlan', 'provider:physical_network': 'default', 'provider:segmentation_id': 380, 'availability_zone_hints': [], 'availability_zones': [], 'ipv4_address_scope': None, 'ipv6_address_scope': None, 'description': '', 'tags': [], 'created_at': '2025-05-13T11:45:47Z', 'updated_at': '2025-05-13T11:45:47Z', 'revision_number': 1} available for tenant
2025-05-13 11:46:44.517 70108 INFO tempest.lib.common.rest_client [req-e4ecc4e9-6668-4157-aad1-f4b3474e67b5 req-e4ecc4e9-6668-4157-aad1-f4b3474e67b5 ] Request (TenantUsagesTestJSON:test_get_usage_tenant): 200 GET http://10.180.1.21/compute/v2.1/os-simple-tenant-usage/0314287f81b24a939cdc0ca101dc6a09?start=2025-05-12T11%3A46%3A43.035486&end=2025-05-14T11%3A46%3A43.035486 1.481s
2025-05-13 11:46:44.615 70088 INFO tempest.lib.common.rest_client [req-8fff0ead-7cae-4520-abd5-cf5a548119f8 req-8fff0ead-7cae-4520-abd5-cf5a548119f8 ] Request (QuotasAdminTestV257:test_get_updated_quotas): 200 PUT http://10.180.1.21/compute/v2.1/os-quota-sets/9c6b0efe50b8491689c4cd40257314c0?user_id=e1820244c9074c708d80572960f337c9 1.258s
2025-05-13 11:46:44.688 70104 WARNING tempest.lib.common.ssh [-] Failed to establish authenticated ssh connection to cirros@10.180.180.237 ([Errno None] Unable to connect to port 22 on 10.180.180.237). Number attempts: 1. Retry after 2 seconds.: paramiko.ssh_exception.NoValidConnectionsError: [Errno None] Unable to connect to port 22 on 10.180.180.237
2025-05-13 11:46:44.690 70120 INFO tempest.lib.common.rest_client [req-011a2d9a-f0c1-401b-b21f-e4b3e8708065 req-011a2d9a-f0c1-401b-b21f-e4b3e8708065 ] Request (SecurityGroupsTestJSON:test_list_security_groups_by_server): 200 GET http://10.180.1.21/compute/v2.1/servers/830a4429-edcd-4955-99d2-72fe88ed9ada 1.114s
2025-05-13 11:46:44.750 70112 INFO tempest.lib.common.rest_client [req-0eef80a0-d33d-4236-aff9-ef077cddfce3 req-0eef80a0-d33d-4236-aff9-ef077cddfce3 ] Request (MigrationsAdminTest:test_list_migrations_in_flavor_resize_situation): 200 GET http://10.180.1.21/compute/v2.1/servers/3a962860-7a12-485a-af4e-1e86f7292a8a 1.159s
2025-05-13 11:46:44.750 70078 INFO tempest.lib.common.rest_client [req-331885ff-88cd-477b-9888-1e452b5f9fd1 req-331885ff-88cd-477b-9888-1e452b5f9fd1 ] Request (ServerMetadataTestJSON:setUpClass): 201 POST http://10.180.1.21:9696/networking/v2.0/routers 1.793s
2025-05-13 11:46:44.780 70082 INFO tempest.lib.common.rest_client [req-1e8f1e14-8811-4dbd-ad73-7b6c0b8faab6 req-1e8f1e14-8811-4dbd-ad73-7b6c0b8faab6 ] Request (ServersTestBootFromVolume:setUpClass): 200 GET http://10.180.1.21/volume/v3/volumes/9720ebff-8909-4a4e-9140-a405b9280cc2 0.046s
2025-05-13 11:46:44.903 70066 INFO tempest.lib.common.rest_client [req-868b65e5-090d-493e-aa6b-6427160f21f4 req-868b65e5-090d-493e-aa6b-6427160f21f4 ] Request (FloatingIPsAssociationNegativeTestJSON:setUpClass): 200 GET http://10.180.1.21/compute/v2.1/servers/6fd3e29b-cca6-4b6f-b772-5477bfdfe4c5 1.424s
2025-05-13 11:46:44.913 70066 INFO tempest.common.waiters [-] State transition "BUILD/networking" ==> "BUILD/spawning" after 12 second wait
2025-05-13 11:46:45.040 70106 INFO tempest.lib.common.rest_client [req-8df78430-5d59-4ff0-8e1f-cdf405186e1b req-8df78430-5d59-4ff0-8e1f-cdf405186e1b ] Request (ServerDiagnosticsNegativeTest:tearDownClass): 200 GET http://10.180.1.21/compute/v2.1/servers/d0ff2c42-ec49-4659-8629-47a9fc275841 1.178s
2025-05-13 11:46:45.071 70114 INFO tempest.lib.common.rest_client [req-05769d7a-cf68-48d8-8467-ef9f79dd48ac req-05769d7a-cf68-48d8-8467-ef9f79dd48ac ] Request (ImagesOneServerTestJSON:test_create_delete_image): 404 GET http://10.180.1.21/compute/v2.1/images/373535fe-d55a-4949-8196-cd46525a9064 1.166s
2025-05-13 11:46:45.345 70080 INFO tempest.lib.common.rest_client [req-5a18a781-fbf2-46f5-a0fa-859137667a87 req-5a18a781-fbf2-46f5-a0fa-859137667a87 ] Request (ImagesMetadataTestJSON:test_set_image_metadata_item): 200 PUT http://10.180.1.21/compute/v2.1/images/cd1ddd12-8e26-432c-ab97-8623d736a609/metadata/os_version 1.425s
2025-05-13 11:46:45.364 70119 INFO tempest.lib.common.rest_client [req-ccc03ec6-28d2-4b23-8a36-cc2471d81580 req-ccc03ec6-28d2-4b23-8a36-cc2471d81580 ] Request (FloatingIPDetailsTestJSON:tearDownClass): 202 DELETE http://10.180.1.21/compute/v2.1/os-floating-ips/5ea71a71-a60f-45ab-81ac-c35856aee0a4 1.651s
2025-05-13 11:46:45.456 70072 INFO tempest.lib.common.rest_client [req-522c6322-121a-4cbf-9387-229da3aee024 req-522c6322-121a-4cbf-9387-229da3aee024 ] Request (ServersAdminNegativeTestJSON:test_migrate_server_invalid_state): 200 GET http://10.180.1.21/compute/v2.1/servers/5888cdd0-2309-4abc-b928-8bcbf164258e 1.424s
2025-05-13 11:46:45.471 70072 INFO tempest.common.waiters [-] State transition "BUILD/None" ==> "BUILD/block_device_mapping" after 12 second wait
2025-05-13 11:46:45.504 70100 INFO tempest.lib.common.rest_client [req-39cc3fde-a585-4d97-a690-57d0d7e6c2bc req-39cc3fde-a585-4d97-a690-57d0d7e6c2bc ] Request (DeleteServersAdminTestJSON:test_admin_delete_servers_of_others): 200 GET http://10.180.1.21/compute/v2.1/servers/be92232e-a9cf-4f72-9e06-5283afc5734a 1.543s
2025-05-13 11:46:45.519 70098 INFO tempest.lib.common.rest_client [req-573d08a1-eac1-45f2-b88e-6e6e2c2fcf89 req-573d08a1-eac1-45f2-b88e-6e6e2c2fcf89 ] Request (FlavorsAdminTestJSON:test_is_public_string_variations): 200 GET http://10.180.1.21/compute/v2.1/flavors/detail?is_public=no 1.458s
2025-05-13 11:46:45.561 70094 INFO tempest.lib.common.rest_client [req-9de97690-f004-40be-919b-a104d1d06955 req-9de97690-f004-40be-919b-a104d1d06955 ] Request (ServersAdmin275Test:tearDownClass): 200 GET http://10.180.1.21/compute/v2.1/servers/eed731ec-573c-4c82-9639-a3a4a9c4a8f9 1.527s
2025-05-13 11:46:45.601 70090 INFO tempest.lib.common.rest_client [req-0131f49f-8d13-48f0-8f47-f7ea2f9bc584 req-0131f49f-8d13-48f0-8f47-f7ea2f9bc584 ] Request (HostsAdminTestJSON:test_show_host_detail): 200 GET http://10.180.1.21/compute/v2.1/os-hosts/cpu-1 1.517s
2025-05-13 11:46:45.606 70058 INFO tempest.lib.common.rest_client [req-44538b11-a6f2-4454-85a8-c969bf845370 req-44538b11-a6f2-4454-85a8-c969bf845370 ] Request (ImagesTestJSON:test_create_image_from_stopped_server): 200 GET http://10.180.1.21/compute/v2.1/images/575d163f-aa0d-414b-a811-95646ad402bc 1.351s
2025-05-13 11:46:45.614 70102 INFO tempest.lib.common.rest_client [req-592db686-9ddc-4a28-aa99-0351174ff4b1 req-592db686-9ddc-4a28-aa99-0351174ff4b1 ] Request (ServerMetadataNegativeTestJSON:test_server_create_metadata_key_too_long): 400 POST http://10.180.1.21/compute/v2.1/servers 1.161s
2025-05-13 11:46:45.659 70108 INFO tempest.lib.common.rest_client [req-5741bd7a-154d-4d84-8e05-895511db20a2 req-5741bd7a-154d-4d84-8e05-895511db20a2 ] Request (TenantUsagesTestJSON:test_get_usage_tenant_with_non_admin_user): 200 GET http://10.180.1.21/compute/v2.1/os-simple-tenant-usage/0314287f81b24a939cdc0ca101dc6a09?start=2025-05-12T11%3A46%3A43.035486&end=2025-05-14T11%3A46%3A43.035486 1.137s
2025-05-13 11:46:45.713 70090 INFO tempest.lib.common.rest_client [req-72580afa-1690-43aa-b2c5-12038d3cec93 req-72580afa-1690-43aa-b2c5-12038d3cec93 ] Request (HostsAdminTestJSON:tearDownClass): 204 DELETE http://10.180.1.21/identity/v3/users/ab52ca65254d498c84830b3eb76fb1e0 0.109s
2025-05-13 11:46:45.837 70082 INFO tempest.lib.common.rest_client [req-3f23edb3-bb20-48bb-b176-d007efe71d48 req-3f23edb3-bb20-48bb-b176-d007efe71d48 ] Request (ServersTestBootFromVolume:setUpClass): 200 GET http://10.180.1.21/volume/v3/volumes/9720ebff-8909-4a4e-9140-a405b9280cc2 0.047s
2025-05-13 11:46:45.888 70090 INFO tempest.lib.common.rest_client [req-d5add55d-6110-4c7c-b296-088a06a7b26f req-d5add55d-6110-4c7c-b296-088a06a7b26f ] Request (HostsAdminTestJSON:tearDownClass): 204 DELETE http://10.180.1.21/identity/v3/users/50b4860139154a1aae11e1cc093e680d 0.174s
2025-05-13 11:46:45.888 70090 INFO tempest.lib.common.dynamic_creds [-] Deleting project and security group for project: 806fb1d687dc4b518f940508e6206393
2025-05-13 11:46:45.892 70062 INFO tempest.lib.common.rest_client [req-1c0fc8ce-65cc-47bb-abe9-abf97195d3d6 req-1c0fc8ce-65cc-47bb-abe9-abf97195d3d6 ] Request (ServerRescueTestJSONUnderV235:setUpClass): 200 GET http://10.180.1.21/compute/v2.1/servers/eaa67334-28fd-4d0f-ac77-37a80cbfff1f 1.330s
2025-05-13 11:46:45.967 70090 INFO tempest.lib.common.rest_client [req-77330be8-93c7-4ec2-b478-dcbf3f869198 req-77330be8-93c7-4ec2-b478-dcbf3f869198 ] Request (HostsAdminTestJSON:tearDownClass): 201 POST http://10.180.1.21/identity/v3/auth/tokens 0.079s
2025-05-13 11:46:46.022 70092 INFO tempest.lib.common.rest_client [req-cd765f73-0ab5-45ba-8d69-3a172c5c7413 req-cd765f73-0ab5-45ba-8d69-3a172c5c7413 ] Request (AggregatesAdminNegativeTestJSON:test_aggregate_remove_host_as_user): 200 POST http://10.180.1.21/compute/v2.1/os-aggregates/7/action 1.741s
2025-05-13 11:46:46.125 70088 INFO tempest.lib.common.rest_client [req-a9a03720-53c3-4584-a9c2-72de059eb5dd req-a9a03720-53c3-4584-a9c2-72de059eb5dd ] Request (QuotasAdminTestV257:test_get_updated_quotas): 200 GET http://10.180.1.21/compute/v2.1/os-quota-sets/9c6b0efe50b8491689c4cd40257314c0?user_id=e1820244c9074c708d80572960f337c9 1.509s
2025-05-13 11:46:46.135 70070 INFO tempest.lib.common.rest_client [req-d2b54848-685d-4478-9058-0a9986fd2268 req-d2b54848-685d-4478-9058-0a9986fd2268 ] Request (AttachVolumeTestJSON:test_attach_detach_volume): 200 GET http://10.180.1.21/compute/v2.1/servers/780705ab-3fbb-43e0-961a-46f755f5388d 1.335s
2025-05-13 11:46:46.225 70088 INFO tempest.lib.common.rest_client [req-ca409636-f373-414b-b1ee-bb1bad629908 req-ca409636-f373-414b-b1ee-bb1bad629908 ] Request (QuotasAdminTestV257:_run_cleanups): 204 DELETE http://10.180.1.21/identity/v3/users/e1820244c9074c708d80572960f337c9 0.093s
2025-05-13 11:46:46.247 70064 INFO tempest.lib.common.rest_client [req-a5dca00e-1469-4a81-9b4e-5ccba347b9a8 req-a5dca00e-1469-4a81-9b4e-5ccba347b9a8 ] Request (ServerExternalEventsTest:tearDownClass): 200 GET http://10.180.1.21/compute/v2.1/servers/1da4cbfb-3a1a-4dcb-91bf-427bd227935d 0.987s
2025-05-13 11:46:46.358 70088 INFO tempest.lib.common.rest_client [req-3796b3e0-138c-4dfc-b401-6dff30094a56 req-3796b3e0-138c-4dfc-b401-6dff30094a56 ] Request (QuotasAdminTestV257:_run_cleanups): 204 DELETE http://10.180.1.21/identity/v3/projects/9c6b0efe50b8491689c4cd40257314c0 0.132s
2025-05-13 11:46:46.474 70088 INFO tempest.lib.common.rest_client [req-40c5cadb-51b0-4e8c-b77e-bf983c907b83 req-40c5cadb-51b0-4e8c-b77e-bf983c907b83 ] Request (QuotasAdminTestV257:tearDownClass): 204 DELETE http://10.180.1.21/identity/v3/users/0dda39a859ca4c6c84da6c869b49af5a 0.114s
2025-05-13 11:46:46.601 70088 INFO tempest.lib.common.rest_client [req-364903c3-e476-48c5-ad76-affad0967c3d req-364903c3-e476-48c5-ad76-affad0967c3d ] Request (QuotasAdminTestV257:tearDownClass): 204 DELETE http://10.180.1.21/identity/v3/users/6ac49867c3484baaa668938f44e48c18 0.127s
2025-05-13 11:46:46.601 70088 INFO tempest.lib.common.dynamic_creds [-] Deleting project and security group for project: d5f3f77dbad74959845995e523b0030e
2025-05-13 11:46:46.674 70088 INFO tempest.lib.common.rest_client [req-cfac6bfe-3134-4edc-93f5-19b20da17f9b req-cfac6bfe-3134-4edc-93f5-19b20da17f9b ] Request (QuotasAdminTestV257:tearDownClass): 201 POST http://10.180.1.21/identity/v3/auth/tokens 0.073s
2025-05-13 11:46:46.726 70090 INFO tempest.lib.common.rest_client [req-1fea4023-041e-4694-baac-928846b81d34 req-1fea4023-041e-4694-baac-928846b81d34 ] Request (HostsAdminTestJSON:tearDownClass): 200 GET http://10.180.1.21:9696/networking/v2.0/security-groups?tenant_id=806fb1d687dc4b518f940508e6206393&name=default 0.758s
2025-05-13 11:46:46.728 70114 INFO tempest.lib.common.rest_client [req-6f2c5319-b4c4-477a-8f6a-745b1466bf29 req-6f2c5319-b4c4-477a-8f6a-745b1466bf29 ] Request (ImagesOneServerTestJSON:test_create_image_specify_multibyte_character_image_name): 202 POST http://10.180.1.21/compute/v2.1/servers/9c72abfc-a032-4919-83c2-bf94174e2052/action 1.648s
2025-05-13 11:46:46.764 70080 INFO tempest.lib.common.rest_client [req-c7de501d-29dc-44eb-938b-39fefc733645 req-c7de501d-29dc-44eb-938b-39fefc733645 ] Request (ImagesMetadataTestJSON:test_set_image_metadata_item): 200 GET http://10.180.1.21/compute/v2.1/images/cd1ddd12-8e26-432c-ab97-8623d736a609/metadata 1.418s
2025-05-13 11:46:46.808 70086 INFO tempest.lib.common.rest_client [req-343dbe19-2555-4a6b-b60b-bc97ea7a6de2 req-343dbe19-2555-4a6b-b60b-bc97ea7a6de2 ] Request (VolumesAdminNegativeTest:setUpClass): 201 POST http://10.180.1.21:9696/networking/v2.0/routers 2.912s
2025-05-13 11:46:46.876 70074 INFO tempest.lib.common.rest_client [req-e0445a02-a08c-4c6c-ac82-d3e053bf8844 req-e0445a02-a08c-4c6c-ac82-d3e053bf8844 ] Request (ServersTestFqdnHostnames:test_create_server_with_fqdn_name): 200 GET http://10.180.1.21/compute/v2.1/servers/1a7cb6c6-51bd-4403-a43c-8a1a5a1e2c51 1.496s
2025-05-13 11:46:46.889 70096 INFO tempest.lib.common.rest_client [req-2923a973-8b29-4508-9069-f46f8e924efc req-2923a973-8b29-4508-9069-f46f8e924efc ] Request (ServersAdminTestJSON:setUpClass): 200 GET http://10.180.1.21/compute/v2.1/servers/ca13258a-42e5-48f5-9264-af5b296c8a6f 1.601s
2025-05-13 11:46:46.891 70082 INFO tempest.lib.common.rest_client [req-3a2fe3ca-9d78-4454-89b8-1d1d953b2324 req-3a2fe3ca-9d78-4454-89b8-1d1d953b2324 ] Request (ServersTestBootFromVolume:setUpClass): 200 GET http://10.180.1.21/volume/v3/volumes/9720ebff-8909-4a4e-9140-a405b9280cc2 0.044s
2025-05-13 11:46:46.893 70098 INFO tempest.lib.common.rest_client [req-3ad49aa7-310e-4e26-9fe4-dc413e96d2f6 req-3ad49aa7-310e-4e26-9fe4-dc413e96d2f6 ] Request (FlavorsAdminTestJSON:test_is_public_string_variations): 200 GET http://10.180.1.21/compute/v2.1/flavors/detail?is_public=0 1.372s
2025-05-13 11:46:46.907 70102 INFO tempest.lib.common.rest_client [req-4e43d837-0d73-4ae0-a918-f9274d5002a2 req-4e43d837-0d73-4ae0-a918-f9274d5002a2 ] Request (ServerMetadataNegativeTestJSON:test_server_metadata_non_existent_server): 404 GET http://10.180.1.21/compute/v2.1/servers/e8f0ab43-cba7-45b5-99ce-786ecfa0d7cb/metadata/test2 1.291s
2025-05-13 11:46:46.953 70108 INFO tempest.lib.common.rest_client [req-22e209fe-e854-4aa9-ad2c-8aaf185e9abd req-22e209fe-e854-4aa9-ad2c-8aaf185e9abd ] Request (TenantUsagesTestJSON:test_list_usage_all_tenants): 200 GET http://10.180.1.21/compute/v2.1/os-simple-tenant-usage?start=2025-05-12T11%3A46%3A43.035486&end=2025-05-14T11%3A46%3A43.035486&detailed=1 1.290s
2025-05-13 11:46:47.008 70120 INFO tempest.lib.common.rest_client [req-9ee0e9dc-2e9c-4b4e-85cc-126deb544ce8 req-9ee0e9dc-2e9c-4b4e-85cc-126deb544ce8 ] Request (SecurityGroupsTestJSON:test_list_security_groups_by_server): 200 GET http://10.180.1.21/compute/v2.1/servers/830a4429-edcd-4955-99d2-72fe88ed9ada 1.307s
2025-05-13 11:46:47.037 70112 INFO tempest.lib.common.rest_client [req-98a001ae-4c90-4b06-a617-1396bdddcde8 req-98a001ae-4c90-4b06-a617-1396bdddcde8 ] Request (MigrationsAdminTest:test_list_migrations_in_flavor_resize_situation): 200 GET http://10.180.1.21/compute/v2.1/servers/3a962860-7a12-485a-af4e-1e86f7292a8a 1.277s
2025-05-13 11:46:47.042 70092 INFO tempest.lib.common.rest_client [req-116a6a03-7a97-49a5-8911-c45eefdd8aa4 req-116a6a03-7a97-49a5-8911-c45eefdd8aa4 ] Request (AggregatesAdminNegativeTestJSON:test_aggregate_remove_host_as_user): 403 POST http://10.180.1.21/compute/v2.1/os-aggregates/7/action 1.013s
2025-05-13 11:46:47.054 70078 INFO tempest.lib.common.rest_client [req-2ed4f498-997a-45c2-bb11-e1aad09d645e req-2ed4f498-997a-45c2-bb11-e1aad09d645e ] Request (ServerMetadataTestJSON:setUpClass): 200 PUT http://10.180.1.21:9696/networking/v2.0/routers/c51eda64-9e67-4c47-9a48-ad81546b3b55/add_router_interface 2.303s
