2025-04-03 18:05:09.535 70059 INFO tempest.lib.common.dynamic_creds [-] Created isolated network resources for: credentials: Credentials: {'domain_id': 'default', 'domain_name': 'Default', 'username': 'tempest-ServerDiskConfigTestJSON-443887758-project-member', 'project_domain_id': 'default', 'project_domain_name': 'Default', 'project_id': '743a17aaa1ff4b6fb17a8da720e0ec8c', 'project_name': 'tempest-ServerDiskConfigTestJSON-443887758', 'tenant_id': '743a17aaa1ff4b6fb17a8da720e0ec8c', 'tenant_name': 'tempest-ServerDiskConfigTestJSON-443887758', 'user_domain_id': 'default', 'user_domain_name': 'Default', 'user_id': '67d940c5014a431eade69368606cdd7e', 'system': None}, Network: {'id': '5c88b1e0-f068-4894-916d-9c7687133ce8', 'name': 'tempest-ServerDiskConfigTestJSON-1140710865-network', 'tenant_id': '743a17aaa1ff4b6fb17a8da720e0ec8c', 'admin_state_up': True, 'mtu': 8950, 'status': 'ACTIVE', 'subnets': [], 'shared': False, 'project_id': '743a17aaa1ff4b6fb17a8da720e0ec8c', 'port_security_enabled': True, 'router:external': False, 'provider:network_type': 'vlan', 'provider:physical_network': 'default', 'provider:segmentation_id': 100, 'availability_zone_hints': [], 'availability_zones': [], 'ipv4_address_scope': None, 'ipv6_address_scope': None, 'description': '', 'tags': [], 'created_at': '2025-04-03T18:05:05Z', 'updated_at': '2025-04-03T18:05:05Z', 'revision_number': 1}, Subnet: {'id': '90d539c4-87cd-41bc-9c1f-6f0f9fe225d6', 'name': 'tempest-ServerDiskConfigTestJSON-1140710865-subnet', 'tenant_id': '743a17aaa1ff4b6fb17a8da720e0ec8c', 'network_id': '5c88b1e0-f068-4894-916d-9c7687133ce8', 'ip_version': 4, 'subnetpool_id': None, 'enable_dhcp': True, 'ipv6_ra_mode': None, 'ipv6_address_mode': None, 'gateway_ip': '192.168.128.1', 'cidr': '192.168.128.0/28', 'allocation_pools': [{'start': '192.168.128.2', 'end': '192.168.128.14'}], 'host_routes': [], 'dns_nameservers': [], 'description': '', 'router:external': False, 'service_types': [], 'tags': [], 'created_at': '2025-04-03T18:05:05Z', 'updated_at': '2025-04-03T18:05:05Z', 'revision_number': 0, 'project_id': '743a17aaa1ff4b6fb17a8da720e0ec8c'}, Router: {'id': 'e1309397-2fc8-4410-8d2e-60e73d6c4885', 'name': 'tempest-ServerDiskConfigTestJSON-1140710865-router', 'tenant_id': '743a17aaa1ff4b6fb17a8da720e0ec8c', 'admin_state_up': True, 'status': 'ACTIVE', 'external_gateway_info': {'network_id': '4460c7fb-eb5c-4e7d-bf5d-b84225714124', 'external_fixed_ips': [{'subnet_id': 'dbaef3c7-4bd7-4f56-a3bf-a9ceffcdd5b0', 'ip_address': '10.180.180.199'}], 'enable_snat': True}, 'description': '', 'availability_zones': [], 'distributed': False, 'ha': False, 'availability_zone_hints': [], 'routes': [], 'flavor_id': None, 'tags': [], 'created_at': '2025-04-03T18:05:05Z', 'updated_at': '2025-04-03T18:05:06Z', 'revision_number': 2, 'project_id': '743a17aaa1ff4b6fb17a8da720e0ec8c'}
2025-04-03 18:05:09.556 70062 INFO tempest.lib.common.rest_client [req-669e40f1-60d9-470e-9a07-ed8c7b16fa76 req-669e40f1-60d9-470e-9a07-ed8c7b16fa76 ] Request (ListImageFiltersTestJSON:setUpClass): 200 GET http://10.180.1.21/compute/v2.1/servers/2e425cdf-ea68-4d87-9924-f1a5bf8e1e0e 0.228s
2025-04-03 18:05:09.614 70049 INFO tempest.lib.common.rest_client [req-521974ee-7e44-462d-97df-50de78607791 req-521974ee-7e44-462d-97df-50de78607791 ] Request (TenantUsagesTestJSON:tearDownClass): 200 GET http://10.180.1.21/compute/v2.1/servers/fbf0c31e-6313-4583-9e15-4bd6d80cb20e 0.142s
2025-04-03 18:05:09.626 70059 INFO tempest.lib.common.rest_client [req-6441a37e-6d9d-4e32-967d-b614b8840eb5 req-6441a37e-6d9d-4e32-967d-b614b8840eb5 ] Request (ServerDiskConfigTestJSON:setUpClass): 201 POST http://10.180.1.21/identity/v3/auth/tokens 0.086s
2025-04-03 18:05:09.657 70059 INFO tempest.lib.common.rest_client [req-1a95e3ad-3843-4ded-adcf-b51e05a43a24 req-1a95e3ad-3843-4ded-adcf-b51e05a43a24 ] Request (ServerDiskConfigTestJSON:test_rebuild_server_with_auto_disk_config): 201 POST http://10.180.1.21/identity/v3/auth/tokens 0.027s
2025-04-03 18:05:09.657 70059 INFO tempest.lib.common.fixed_network [-] (ServerDiskConfigTestJSON:test_rebuild_server_with_auto_disk_config) Found network {'id': '5c88b1e0-f068-4894-916d-9c7687133ce8', 'name': 'tempest-ServerDiskConfigTestJSON-1140710865-network', 'tenant_id': '743a17aaa1ff4b6fb17a8da720e0ec8c', 'admin_state_up': True, 'mtu': 8950, 'status': 'ACTIVE', 'subnets': [], 'shared': False, 'project_id': '743a17aaa1ff4b6fb17a8da720e0ec8c', 'port_security_enabled': True, 'router:external': False, 'provider:network_type': 'vlan', 'provider:physical_network': 'default', 'provider:segmentation_id': 100, 'availability_zone_hints': [], 'availability_zones': [], 'ipv4_address_scope': None, 'ipv6_address_scope': None, 'description': '', 'tags': [], 'created_at': '2025-04-03T18:05:05Z', 'updated_at': '2025-04-03T18:05:05Z', 'revision_number': 1} available for tenant
2025-04-03 18:05:09.671 70099 INFO tempest.lib.common.rest_client [req-4f20e77c-bd90-4771-a6a1-fbd2f6d205d0 req-4f20e77c-bd90-4771-a6a1-fbd2f6d205d0 ] Request (ServerDiagnosticsV248Test:tearDownClass): 200 GET http://10.180.1.21/compute/v2.1/servers/14932019-a872-408d-9c83-2a125d37d0e3 0.104s
2025-04-03 18:05:09.672 70071 WARNING tempest.lib.common.ssh [-] Failed to establish authenticated ssh connection to cirros@10.180.180.200 ([Errno None] Unable to connect to port 22 on 10.180.180.200). Number attempts: 3. Retry after 4 seconds.: paramiko.ssh_exception.NoValidConnectionsError: [Errno None] Unable to connect to port 22 on 10.180.180.200
2025-04-03 18:05:09.675 70053 INFO tempest.lib.common.rest_client [req-42f4f4c3-5d01-4f9b-bbe3-52a87657d3ef req-42f4f4c3-5d01-4f9b-bbe3-52a87657d3ef ] Request (QuotasAdminNegativeTest:test_create_server_when_memory_quota_is_full): 403 POST http://10.180.1.21/compute/v2.1/servers 0.236s
2025-04-03 18:05:09.762 70095 INFO tempest.lib.common.rest_client [req-6d5e1d3c-4122-406c-8e1e-949c00bc9d04 req-6d5e1d3c-4122-406c-8e1e-949c00bc9d04 ] Request (MigrationsAdminTest:test_list_migrations_in_flavor_resize_situation): 200 GET http://10.180.1.21/compute/v2.1/servers/0f58f9a2-8d42-44b2-828c-fc96f3615014 0.188s
2025-04-03 18:05:09.829 70053 INFO tempest.lib.common.rest_client [req-6b6f2feb-e201-4314-9bbe-660cc1bcf01d req-6b6f2feb-e201-4314-9bbe-660cc1bcf01d ] Request (QuotasAdminNegativeTest:_run_cleanups): 200 PUT http://10.180.1.21/compute/v2.1/os-quota-sets/79512be0636d46429910b9ee174c9141 0.153s
2025-04-03 18:05:09.884 70085 INFO tempest.lib.common.rest_client [req-76a5ba12-f42e-4ab1-b260-971ca0e34447 req-76a5ba12-f42e-4ab1-b260-971ca0e34447 ] Request (ServerDiagnosticsNegativeTest:test_get_server_diagnostics_by_non_admin): 200 GET http://10.180.1.21/compute/v2.1/servers/77539b7e-1405-444a-96e0-fe2c44b24fec 0.190s
2025-04-03 18:05:09.973 70063 INFO tempest.lib.common.rest_client [req-bc494235-0a21-4e30-80cf-c324ba0de136 req-bc494235-0a21-4e30-80cf-c324ba0de136 ] Request (ServersWithSpecificFlavorTestJSON:test_verify_created_server_ephemeral_disk): 200 GET http://10.180.1.21/compute/v2.1/servers/068620d2-a1a8-49ba-925b-398a72a4e21f 0.267s
2025-04-03 18:05:10.079 70059 INFO tempest.lib.common.rest_client [req-b78e243d-a943-4afa-946b-7b7e7ed06b15 req-b78e243d-a943-4afa-946b-7b7e7ed06b15 ] Request (ServerDiskConfigTestJSON:test_rebuild_server_with_auto_disk_config): 202 POST http://10.180.1.21/compute/v2.1/servers 0.420s
2025-04-03 18:05:10.091 70043 INFO tempest.lib.common.rest_client [req-a97267fc-2c2b-482b-9caf-b50dbadfe4fc req-a97267fc-2c2b-482b-9caf-b50dbadfe4fc ] Request (VolumesAssistedSnapshotsTest:test_volume_assisted_snapshot_create_delete): 200 GET http://10.180.1.21/compute/v2.1/servers/03661849-1d44-451d-9f43-087171ea126b 0.333s
2025-04-03 18:05:10.099 70043 INFO tempest.common.waiters [-] State transition "BUILD/block_device_mapping" ==> "BUILD/spawning" after 46 second wait
2025-04-03 18:05:10.100 70053 INFO tempest.lib.common.rest_client [req-b8bfe78e-40c0-4848-a138-084c885668f0 req-b8bfe78e-40c0-4848-a138-084c885668f0 ] Request (QuotasAdminNegativeTest:test_update_quota_normal_user): 403 PUT http://10.180.1.21/compute/v2.1/os-quota-sets/79512be0636d46429910b9ee174c9141 0.267s
2025-04-03 18:05:10.147 70089 INFO tempest.lib.common.rest_client [req-9cff0d05-5d90-47e1-8ea9-e7625e7d3be8 req-9cff0d05-5d90-47e1-8ea9-e7625e7d3be8 ] Request (ServerPasswordTestJSON:setUpClass): 200 GET http://10.180.1.21/compute/v2.1/servers/41eeaaec-8966-4ffb-bc2e-3267a79f60ee 0.331s
2025-04-03 18:05:10.153 70055 INFO tempest.lib.common.rest_client [req-5c37324a-968d-46c4-969f-652f97a3db90 req-5c37324a-968d-46c4-969f-652f97a3db90 ] Request (MultipleCreateTestJSON:test_multiple_create): 200 GET http://10.180.1.21/compute/v2.1/servers/5ec0880d-fa12-4bd4-b83b-0d94a943831a 0.292s
2025-04-03 18:05:10.210 70091 INFO tempest.lib.common.rest_client [req-4acff9c9-9580-49d2-a6ed-7b74b9bcb36b req-4acff9c9-9580-49d2-a6ed-7b74b9bcb36b ] Request (ServersNegativeTestMultiTenantJSON:setUpClass): 200 GET http://10.180.1.21/compute/v2.1/servers/4d356075-9e91-4b99-b2a3-794bd24f5b14 0.261s
2025-04-03 18:05:10.225 70053 INFO tempest.lib.common.rest_client [req-4e3ba344-24d2-4c3d-adce-1d2939c6a4a9 req-4e3ba344-24d2-4c3d-adce-1d2939c6a4a9 ] Request (QuotasAdminNegativeTest:tearDownClass): 204 DELETE http://10.180.1.21/identity/v3/users/633316b8a56f44079f39f91ca2ec8fac 0.123s
2025-04-03 18:05:10.269 70097 INFO tempest.lib.common.rest_client [req-0e04e250-9060-4cbc-a592-d35d71c8a5b9 req-0e04e250-9060-4cbc-a592-d35d71c8a5b9 ] Request (ListServerFiltersTestJSON:setUpClass): 200 GET http://10.180.1.21/compute/v2.1/servers/a41102d1-6d13-438a-82eb-67b4bb7e6ec9 0.253s
2025-04-03 18:05:10.309 70081 INFO tempest.lib.common.rest_client [req-edb0bf77-4ec5-4e4b-873b-3d15911754e8 req-edb0bf77-4ec5-4e4b-873b-3d15911754e8 ] Request (ImagesOneServerTestJSON:tearDownClass): 200 GET http://10.180.1.21/compute/v2.1/servers/92c756f0-9577-4004-bcdd-d421a4d52b96 0.371s
2025-04-03 18:05:10.337 70075 INFO tempest.lib.common.rest_client [req-c03f74d5-0273-471e-8046-2fa649a54c25 req-c03f74d5-0273-471e-8046-2fa649a54c25 ] Request (ImagesOneServerNegativeTestJSON:_run_cleanups): 200 GET http://10.180.1.21/compute/v2.1/servers/e7d54e30-01f8-44c0-9dcb-8ccb5249d74f 0.317s
2025-04-03 18:05:10.343 70053 INFO tempest.lib.common.rest_client [req-70e77fbc-2289-46de-b3e8-e7ce50db8cf9 req-70e77fbc-2289-46de-b3e8-e7ce50db8cf9 ] Request (QuotasAdminNegativeTest:tearDownClass): 204 DELETE http://10.180.1.21/identity/v3/users/083c260c960d493a9141ee4f24ed0bc9 0.118s
2025-04-03 18:05:10.344 70053 INFO tempest.lib.common.dynamic_creds [-] Deleting project and security group for project: 79512be0636d46429910b9ee174c9141
2025-04-03 18:05:10.367 70047 INFO tempest.lib.common.rest_client [req-ba5870e3-bd43-47bf-add0-1b2c5b3674f1 req-ba5870e3-bd43-47bf-add0-1b2c5b3674f1 ] Request (DeleteServersAdminTestJSON:test_delete_server_while_in_error_state): 200 GET http://10.180.1.21/compute/v2.1/servers/15c0d93d-91e9-49df-b5ae-691abf05cd7d 0.289s
2025-04-03 18:05:10.383 70059 INFO tempest.lib.common.rest_client [req-eed5add6-d7fa-431f-bd18-e3c40451b08c req-eed5add6-d7fa-431f-bd18-e3c40451b08c ] Request (ServerDiskConfigTestJSON:test_rebuild_server_with_auto_disk_config): 200 GET http://10.180.1.21/compute/v2.1/servers/c2719988-7eaa-44cd-bf9b-d2e94aae2878 0.303s
2025-04-03 18:05:10.417 70053 INFO tempest.lib.common.rest_client [req-e6810d48-e6ca-4436-b5a0-0a472b777ec2 req-e6810d48-e6ca-4436-b5a0-0a472b777ec2 ] Request (QuotasAdminNegativeTest:tearDownClass): 201 POST http://10.180.1.21/identity/v3/auth/tokens 0.073s
2025-04-03 18:05:10.419 70093 INFO tempest.lib.common.rest_client [req-83eb14b1-877f-4791-9fb6-9755d7b545b9 req-83eb14b1-877f-4791-9fb6-9755d7b545b9 ] Request (FloatingIPsAssociationTestJSON:test_associate_already_associated_floating_ip): 200 GET http://10.180.1.21/compute/v2.1/servers/7db7bcc5-a83f-4faf-8576-c29cd26117e8 0.330s
2025-04-03 18:05:10.445 70087 INFO tempest.lib.common.rest_client [req-3664b903-edbb-4215-a406-5242b13c8a47 req-3664b903-edbb-4215-a406-5242b13c8a47 ] Request (ImagesNegativeTestJSON:test_create_image_from_deleted_server): 200 GET http://10.180.1.21/compute/v2.1/servers/07df8754-b54e-47da-b43a-aea7486b93f8 0.281s
2025-04-03 18:05:10.470 70101 INFO tempest.lib.common.rest_client [req-8b047eac-11b7-4eaf-bfb3-e1ef2d0b752b req-8b047eac-11b7-4eaf-bfb3-e1ef2d0b752b ] Request (ServersAdminNegativeTestJSON:setUpClass): 200 GET http://10.180.1.21/compute/v2.1/servers/661541b3-dd38-4692-af94-dce06e9cdb7d 0.291s
2025-04-03 18:05:10.493 70045 INFO tempest.lib.common.rest_client [req-41ba37b0-4f54-41dd-b1db-43d1ade67bc2 req-41ba37b0-4f54-41dd-b1db-43d1ade67bc2 ] Request (InstanceActionsV221TestJSON:test_get_list_deleted_instance_actions): 200 GET http://10.180.1.21/compute/v2.1/servers/b1597ec1-1d62-474d-ac9d-5ffb3cb69b7f 0.265s
2025-04-03 18:05:10.517 70083 INFO tempest.lib.common.rest_client [req-a12e72cf-9cf5-46d3-8c5d-5a84555ecd80 req-a12e72cf-9cf5-46d3-8c5d-5a84555ecd80 ] Request (AttachInterfacesV270Test:test_create_get_list_interfaces): 200 GET http://10.180.1.21/compute/v2.1/servers/9c9ac9ff-3f87-49ca-9c94-1e1a635bcd34 0.270s
2025-04-03 18:05:10.550 70067 INFO tempest.lib.common.rest_client [req-7ba1eff3-8b0d-45f3-bb93-e228f3b85373 req-7ba1eff3-8b0d-45f3-bb93-e228f3b85373 ] Request (ServersAdmin275Test:test_rebuild_update_server_275): 200 GET http://10.180.1.21/compute/v2.1/servers/6b40bd9e-5036-4b89-8eb3-dcf4fcbad807 0.240s
2025-04-03 18:05:10.575 70069 INFO tempest.lib.common.rest_client [req-74ccd5f0-4eb0-4d92-b4a0-3d9fc2efe9d6 req-74ccd5f0-4eb0-4d92-b4a0-3d9fc2efe9d6 ] Request (ListServersNegativeTestJSON:setUpClass): 200 GET http://10.180.1.21/compute/v2.1/servers/0168fd78-d6c6-496d-bf90-3fbb76ce44a1 0.263s
2025-04-03 18:05:10.603 70053 INFO tempest.lib.common.rest_client [req-f0f136a9-4778-452c-8be3-661e399dc951 req-f0f136a9-4778-452c-8be3-661e399dc951 ] Request (QuotasAdminNegativeTest:tearDownClass): 200 GET http://10.180.1.21:9696/networking/v2.0/security-groups?tenant_id=79512be0636d46429910b9ee174c9141&name=default 0.185s
2025-04-03 18:05:10.609 70079 INFO tempest.lib.common.rest_client [req-4e53700e-da47-4e88-ba00-bca09d6c4c07 req-4e53700e-da47-4e88-ba00-bca09d6c4c07 ] Request (ServerTagsTestJSON:setUpClass): 200 GET http://10.180.1.21/compute/v2.1/servers/8c5c3c21-9882-4b8b-97c8-ffbff54d6217 0.230s
2025-04-03 18:05:10.625 70057 INFO tempest.lib.common.rest_client [req-dc30b448-ca68-4ec2-8351-9e4b77b7724e req-dc30b448-ca68-4ec2-8351-9e4b77b7724e ] Request (ImagesTestJSON:test_create_image_from_suspended_server): 200 GET http://10.180.1.21/compute/v2.1/servers/2e95354b-0ea0-4736-884c-c6b88333f5cc 0.191s
2025-04-03 18:05:10.675 70073 INFO tempest.lib.common.rest_client [req-5ba2744e-4825-4223-a8ad-0e3d16c3246a req-5ba2744e-4825-4223-a8ad-0e3d16c3246a ] Request (AttachInterfacesUnderV243Test:test_add_remove_fixed_ip): 200 GET http://10.180.1.21/compute/v2.1/servers/f1233fff-fc73-459f-b232-19c5fea2d879 0.200s
2025-04-03 18:05:10.706 70053 INFO tempest.lib.common.rest_client [req-6f9e874c-bf1f-4f04-bd6c-6d94a6bd68ed req-6f9e874c-bf1f-4f04-bd6c-6d94a6bd68ed ] Request (QuotasAdminNegativeTest:tearDownClass): 204 DELETE http://10.180.1.21:9696/networking/v2.0/security-groups/25e4c4cc-084a-48d5-b223-f12444676960 0.102s
2025-04-03 18:05:10.734 70049 INFO tempest.lib.common.rest_client [req-250e478f-9fcd-467d-b5d1-5bfb0678d2fb req-250e478f-9fcd-467d-b5d1-5bfb0678d2fb ] Request (TenantUsagesTestJSON:tearDownClass): 200 GET http://10.180.1.21/compute/v2.1/servers/fbf0c31e-6313-4583-9e15-4bd6d80cb20e 0.111s
2025-04-03 18:05:10.765 70062 INFO tempest.lib.common.rest_client [req-f8b5f0c0-21ab-4410-ba17-3f8e65e591bd req-f8b5f0c0-21ab-4410-ba17-3f8e65e591bd ] Request (ListImageFiltersTestJSON:setUpClass): 200 GET http://10.180.1.21/compute/v2.1/servers/2e425cdf-ea68-4d87-9924-f1a5bf8e1e0e 0.199s
2025-04-03 18:05:10.777 70053 INFO tempest.lib.common.rest_client [req-76432a29-059b-4fc6-8eb9-43855ea29e2d req-76432a29-059b-4fc6-8eb9-43855ea29e2d ] Request (QuotasAdminNegativeTest:tearDownClass): 204 DELETE http://10.180.1.21/identity/v3/projects/79512be0636d46429910b9ee174c9141 0.070s
2025-04-03 18:05:10.777 70053 INFO tempest.lib.common.dynamic_creds [-] Deleting project and security group for project: 9c87ea762d054899b38c8ab8d4cf9dce
2025-04-03 18:05:10.827 70099 INFO tempest.lib.common.rest_client [req-f71824df-69b3-456d-aa59-ed850ee587c2 req-f71824df-69b3-456d-aa59-ed850ee587c2 ] Request (ServerDiagnosticsV248Test:tearDownClass): 200 GET http://10.180.1.21/compute/v2.1/servers/14932019-a872-408d-9c83-2a125d37d0e3 0.139s
2025-04-03 18:05:10.913 70053 INFO tempest.lib.common.rest_client [req-c487f0f7-1369-4747-a35b-ad64a6898f84 req-c487f0f7-1369-4747-a35b-ad64a6898f84 ] Request (QuotasAdminNegativeTest:tearDownClass): 200 GET http://10.180.1.21:9696/networking/v2.0/security-groups?tenant_id=9c87ea762d054899b38c8ab8d4cf9dce&name=default 0.136s
2025-04-03 18:05:10.968 70095 INFO tempest.lib.common.rest_client [req-cce4beb5-00ed-4714-861c-25afc78dcc8c req-cce4beb5-00ed-4714-861c-25afc78dcc8c ] Request (MigrationsAdminTest:test_list_migrations_in_flavor_resize_situation): 200 GET http://10.180.1.21/compute/v2.1/servers/0f58f9a2-8d42-44b2-828c-fc96f3615014 0.192s
2025-04-03 18:05:10.973 70085 INFO tempest.lib.common.rest_client [req-0696a917-4072-48f8-8553-2cfab1a5e52d req-0696a917-4072-48f8-8553-2cfab1a5e52d ] Request (ServerDiagnosticsNegativeTest:test_get_server_diagnostics_by_non_admin): 200 GET http://10.180.1.21/compute/v2.1/servers/77539b7e-1405-444a-96e0-fe2c44b24fec 0.081s
2025-04-03 18:05:10.981 70085 INFO tempest.common.waiters [-] State transition "BUILD/None" ==> "BUILD/networking" after 43 second wait
2025-04-03 18:05:11.016 70053 INFO tempest.lib.common.rest_client [req-273cb310-b6ca-4502-b360-72a8ff6d8f50 req-273cb310-b6ca-4502-b360-72a8ff6d8f50 ] Request (QuotasAdminNegativeTest:tearDownClass): 204 DELETE http://10.180.1.21:9696/networking/v2.0/security-groups/7ca8c6d8-db28-4163-8634-e4ba718666d7 0.102s
2025-04-03 18:05:11.138 70053 INFO tempest.lib.common.rest_client [req-43d164ac-bc51-4c60-98cc-f147efa35a6d req-43d164ac-bc51-4c60-98cc-f147efa35a6d ] Request (QuotasAdminNegativeTest:tearDownClass): 204 DELETE http://10.180.1.21/identity/v3/projects/9c87ea762d054899b38c8ab8d4cf9dce 0.121s
2025-04-03 18:05:11.156 70063 INFO tempest.lib.common.rest_client [req-59697887-c03b-482a-9d14-5cc60a956c84 req-59697887-c03b-482a-9d14-5cc60a956c84 ] Request (ServersWithSpecificFlavorTestJSON:test_verify_created_server_ephemeral_disk): 200 GET http://10.180.1.21/compute/v2.1/servers/068620d2-a1a8-49ba-925b-398a72a4e21f 0.174s
2025-04-03 18:05:11.204 70053 INFO tempest.lib.common.rest_client [req-586f779c-472c-4a95-869b-d0ea23e992bf req-586f779c-472c-4a95-869b-d0ea23e992bf ] Request (ServicesAdminTestJSON:setUpClass): 201 POST http://10.180.1.21/identity/v3/auth/tokens 0.063s
2025-04-03 18:05:11.242 70043 INFO tempest.lib.common.rest_client [req-dc9458a9-40a9-4e71-88df-e9fd78c55147 req-dc9458a9-40a9-4e71-88df-e9fd78c55147 ] Request (VolumesAssistedSnapshotsTest:test_volume_assisted_snapshot_create_delete): 200 GET http://10.180.1.21/compute/v2.1/servers/03661849-1d44-451d-9f43-087171ea126b 0.142s
2025-04-03 18:05:11.251 70089 INFO tempest.lib.common.rest_client [req-d430cdb6-5d29-41f7-8951-ea2911cd6618 req-d430cdb6-5d29-41f7-8951-ea2911cd6618 ] Request (ServerPasswordTestJSON:setUpClass): 200 GET http://10.180.1.21/compute/v2.1/servers/41eeaaec-8966-4ffb-bc2e-3267a79f60ee 0.087s
2025-04-03 18:05:11.260 70053 INFO tempest.lib.common.rest_client [req-dfdfd7bb-fe92-4cf8-9d62-f3c8e453d45d req-dfdfd7bb-fe92-4cf8-9d62-f3c8e453d45d ] Request (ServicesAdminTestJSON:setUpClass): 201 POST http://10.180.1.21/identity/v3/auth/tokens 0.050s
2025-04-03 18:05:11.290 70053 INFO tempest.lib.common.rest_client [req-3dc6e00d-31c1-43ae-8c54-b57aa0def0f1 req-3dc6e00d-31c1-43ae-8c54-b57aa0def0f1 ] Request (ServicesAdminTestJSON:setUpClass): 200 GET http://10.180.1.21/identity/v3/domains?name=Default 0.030s
2025-04-03 18:05:11.324 70055 INFO tempest.lib.common.rest_client [req-e5788fd4-74e6-4235-ab6b-c1a3e0ccff5a req-e5788fd4-74e6-4235-ab6b-c1a3e0ccff5a ] Request (MultipleCreateTestJSON:test_multiple_create): 200 GET http://10.180.1.21/compute/v2.1/servers/5ec0880d-fa12-4bd4-b83b-0d94a943831a 0.157s
2025-04-03 18:05:11.326 70091 INFO tempest.lib.common.rest_client [req-96f47b24-6f9c-4db8-b80c-cb0bf5718b1d req-96f47b24-6f9c-4db8-b80c-cb0bf5718b1d ] Request (ServersNegativeTestMultiTenantJSON:setUpClass): 200 GET http://10.180.1.21/compute/v2.1/servers/4d356075-9e91-4b99-b2a3-794bd24f5b14 0.104s
2025-04-03 18:05:11.335 70053 INFO tempest.lib.common.rest_client [req-4c3955d5-ea4d-4a60-b6d0-70a6e11ffde2 req-4c3955d5-ea4d-4a60-b6d0-70a6e11ffde2 ] Request (ServicesAdminTestJSON:setUpClass): 201 POST http://10.180.1.21/identity/v3/projects 0.044s
2025-04-03 18:05:11.407 70097 INFO tempest.lib.common.rest_client [req-e14f1e6c-c883-4d8c-ac5c-cd038554be56 req-e14f1e6c-c883-4d8c-ac5c-cd038554be56 ] Request (ListServerFiltersTestJSON:setUpClass): 200 GET http://10.180.1.21/compute/v2.1/servers/a41102d1-6d13-438a-82eb-67b4bb7e6ec9 0.127s
2025-04-03 18:05:11.419 70081 INFO tempest.lib.common.rest_client [req-adca8cea-75d2-4513-80b8-ff4d714a72d1 req-adca8cea-75d2-4513-80b8-ff4d714a72d1 ] Request (ImagesOneServerTestJSON:tearDownClass): 200 GET http://10.180.1.21/compute/v2.1/servers/92c756f0-9577-4004-bcdd-d421a4d52b96 0.092s
2025-04-03 18:05:11.437 70081 INFO tempest.common.waiters [-] State transition "ACTIVE/deleting" ==> "DELETED/None" after 4 second wait
2025-04-03 18:05:11.446 70053 INFO tempest.lib.common.rest_client [req-c85d8732-0a64-47bf-8171-71d7759dc309 req-c85d8732-0a64-47bf-8171-71d7759dc309 ] Request (ServicesAdminTestJSON:setUpClass): 201 POST http://10.180.1.21/identity/v3/users 0.110s
2025-04-03 18:05:11.474 70075 INFO tempest.lib.common.rest_client [req-d37e422d-1b77-40b6-8355-ed18cd2c9a7e req-d37e422d-1b77-40b6-8355-ed18cd2c9a7e ] Request (ImagesOneServerNegativeTestJSON:_run_cleanups): 200 GET http://10.180.1.21/compute/v2.1/servers/e7d54e30-01f8-44c0-9dcb-8ccb5249d74f 0.128s
2025-04-03 18:05:11.485 70053 INFO tempest.lib.common.rest_client [req-7d812409-8545-4401-81e0-a08c0278f487 req-7d812409-8545-4401-81e0-a08c0278f487 ] Request (ServicesAdminTestJSON:setUpClass): 200 GET http://10.180.1.21/identity/v3/roles 0.038s
2025-04-03 18:05:11.503 70047 INFO tempest.lib.common.rest_client [req-f2856c87-a3f1-45e5-8265-042610f2b05c req-f2856c87-a3f1-45e5-8265-042610f2b05c ] Request (DeleteServersAdminTestJSON:test_delete_server_while_in_error_state): 200 GET http://10.180.1.21/compute/v2.1/servers/15c0d93d-91e9-49df-b5ae-691abf05cd7d 0.123s
2025-04-03 18:05:11.527 70053 INFO tempest.lib.common.rest_client [req-f7392ef9-de0c-4d18-9039-ff7998dd8475 req-f7392ef9-de0c-4d18-9039-ff7998dd8475 ] Request (ServicesAdminTestJSON:setUpClass): 204 PUT http://10.180.1.21/identity/v3/projects/53015f7794c04f44829d2581ceb9b098/users/a87f74908b5b46a59209380579da1ece/roles/b0101b39134246409558379a788dab26 0.042s
2025-04-03 18:05:11.528 70053 INFO tempest.lib.common.dynamic_creds [-] Dynamic test user a87f74908b5b46a59209380579da1ece is created with scope project and roles: ['member']
2025-04-03 18:05:11.528 70053 INFO tempest.lib.common.dynamic_creds [-] Acquired dynamic creds: credentials: Credentials: {'domain_id': 'default', 'domain_name': 'Default', 'username': 'tempest-ServicesAdminTestJSON-53985680-project-member', 'project_domain_id': 'default', 'project_domain_name': 'Default', 'project_id': '53015f7794c04f44829d2581ceb9b098', 'project_name': 'tempest-ServicesAdminTestJSON-53985680', 'tenant_id': '53015f7794c04f44829d2581ceb9b098', 'tenant_name': 'tempest-ServicesAdminTestJSON-53985680', 'user_domain_id': 'default', 'user_domain_name': 'Default', 'user_id': 'a87f74908b5b46a59209380579da1ece', 'system': None}, Network: None, Subnet: None, Router: None
2025-04-03 18:05:11.528 70053 INFO tempest.lib.common.dynamic_creds [-] Created isolated network resources for: credentials: Credentials: {'domain_id': 'default', 'domain_name': 'Default', 'username': 'tempest-ServicesAdminTestJSON-53985680-project-member', 'project_domain_id': 'default', 'project_domain_name': 'Default', 'project_id': '53015f7794c04f44829d2581ceb9b098', 'project_name': 'tempest-ServicesAdminTestJSON-53985680', 'tenant_id': '53015f7794c04f44829d2581ceb9b098', 'tenant_name': 'tempest-ServicesAdminTestJSON-53985680', 'user_domain_id': 'default', 'user_domain_name': 'Default', 'user_id': 'a87f74908b5b46a59209380579da1ece', 'system': None}, Network: None, Subnet: None, Router: None
2025-04-03 18:05:11.536 70059 INFO tempest.lib.common.rest_client [req-4e90c0b0-4d3c-4f9e-8c9d-4132a41979bd req-4e90c0b0-4d3c-4f9e-8c9d-4132a41979bd ] Request (ServerDiskConfigTestJSON:test_rebuild_server_with_auto_disk_config): 200 GET http://10.180.1.21/compute/v2.1/servers/c2719988-7eaa-44cd-bf9b-d2e94aae2878 0.142s
2025-04-03 18:05:11.570 70093 INFO tempest.lib.common.rest_client [req-b7c3023c-7cab-4953-844d-747085c03227 req-b7c3023c-7cab-4953-844d-747085c03227 ] Request (FloatingIPsAssociationTestJSON:test_associate_already_associated_floating_ip): 200 GET http://10.180.1.21/compute/v2.1/servers/7db7bcc5-a83f-4faf-8576-c29cd26117e8 0.137s
2025-04-03 18:05:11.606 70087 INFO tempest.lib.common.rest_client [req-60d20af4-ab45-440a-bb7c-19c5550ed16a req-60d20af4-ab45-440a-bb7c-19c5550ed16a ] Request (ImagesNegativeTestJSON:test_create_image_from_deleted_server): 200 GET http://10.180.1.21/compute/v2.1/servers/07df8754-b54e-47da-b43a-aea7486b93f8 0.148s
2025-04-03 18:05:11.618 70053 INFO tempest.lib.common.rest_client [req-41dff489-3929-4f14-8275-3370be94b6ac req-41dff489-3929-4f14-8275-3370be94b6ac ] Request (ServicesAdminTestJSON:setUpClass): 201 POST http://10.180.1.21/identity/v3/auth/tokens 0.084s
2025-04-03 18:05:11.641 70101 INFO tempest.lib.common.rest_client [req-3a3eb05a-83cd-42c1-bb05-d6b0971a6134 req-3a3eb05a-83cd-42c1-bb05-d6b0971a6134 ] Request (ServersAdminNegativeTestJSON:setUpClass): 200 GET http://10.180.1.21/compute/v2.1/servers/661541b3-dd38-4692-af94-dce06e9cdb7d 0.162s
2025-04-03 18:05:11.669 70045 INFO tempest.lib.common.rest_client [req-b736d22b-daa4-4208-ad2e-23ca289666cc req-b736d22b-daa4-4208-ad2e-23ca289666cc ] Request (InstanceActionsV221TestJSON:test_get_list_deleted_instance_actions): 200 GET http://10.180.1.21/compute/v2.1/servers/b1597ec1-1d62-474d-ac9d-5ffb3cb69b7f 0.164s
2025-04-03 18:05:11.697 70053 INFO tempest.lib.common.rest_client [req-50a7441c-9b0f-4cae-b5ab-5cc02c5fd630 req-50a7441c-9b0f-4cae-b5ab-5cc02c5fd630 ] Request (ServicesAdminTestJSON:setUpClass): 201 POST http://10.180.1.21/identity/v3/projects 0.078s
2025-04-03 18:05:11.700 70083 INFO tempest.lib.common.rest_client [req-1b8fb148-d2ee-48d4-ab0c-909ea4c9db91 req-1b8fb148-d2ee-48d4-ab0c-909ea4c9db91 ] Request (AttachInterfacesV270Test:test_create_get_list_interfaces): 200 GET http://10.180.1.21/compute/v2.1/servers/9c9ac9ff-3f87-49ca-9c94-1e1a635bcd34 0.171s
2025-04-03 18:05:11.733 70067 INFO tempest.lib.common.rest_client [req-ebc15617-2c1d-465c-bc68-ee01dba4c957 req-ebc15617-2c1d-465c-bc68-ee01dba4c957 ] Request (ServersAdmin275Test:test_rebuild_update_server_275): 200 GET http://10.180.1.21/compute/v2.1/servers/6b40bd9e-5036-4b89-8eb3-dcf4fcbad807 0.173s
2025-04-03 18:05:11.766 70069 INFO tempest.lib.common.rest_client [req-90286ce0-eb99-495d-91a1-4842d65795d7 req-90286ce0-eb99-495d-91a1-4842d65795d7 ] Request (ListServersNegativeTestJSON:setUpClass): 200 GET http://10.180.1.21/compute/v2.1/servers/0168fd78-d6c6-496d-bf90-3fbb76ce44a1 0.179s
2025-04-03 18:05:11.768 70053 INFO tempest.lib.common.rest_client [req-0959efe6-a861-4a66-8e27-49a3517d2d81 req-0959efe6-a861-4a66-8e27-49a3517d2d81 ] Request (ServicesAdminTestJSON:setUpClass): 201 POST http://10.180.1.21/identity/v3/users 0.071s
2025-04-03 18:05:11.782 70079 INFO tempest.lib.common.rest_client [req-ce5ffc66-3318-4ae0-8e8d-29cc8162853b req-ce5ffc66-3318-4ae0-8e8d-29cc8162853b ] Request (ServerTagsTestJSON:setUpClass): 200 GET http://10.180.1.21/compute/v2.1/servers/8c5c3c21-9882-4b8b-97c8-ffbff54d6217 0.159s
2025-04-03 18:05:11.789 70053 INFO tempest.lib.common.rest_client [req-dff7599d-2ece-4ce9-9a24-489258c4f7ae req-dff7599d-2ece-4ce9-9a24-489258c4f7ae ] Request (ServicesAdminTestJSON:setUpClass): 200 GET http://10.180.1.21/identity/v3/roles 0.020s
2025-04-03 18:05:11.823 70057 INFO tempest.lib.common.rest_client [req-18394978-d259-4a18-ac89-353e3a55a85a req-18394978-d259-4a18-ac89-353e3a55a85a ] Request (ImagesTestJSON:test_create_image_from_suspended_server): 200 GET http://10.180.1.21/compute/v2.1/servers/2e95354b-0ea0-4736-884c-c6b88333f5cc 0.188s
2025-04-03 18:05:11.832 70053 INFO tempest.lib.common.rest_client [req-880e2460-29ab-44bd-b745-288d3ac4e48d req-880e2460-29ab-44bd-b745-288d3ac4e48d ] Request (ServicesAdminTestJSON:setUpClass): 204 PUT http://10.180.1.21/identity/v3/projects/873c410c5c35408b8eaa7231f8ad7e98/users/798b9a9a3f9a4021a807a62b234a9f6c/roles/70fdd8fc9535474bba22e881226a288a 0.043s
2025-04-03 18:05:11.853 70073 INFO tempest.lib.common.rest_client [req-d901366f-d24c-4740-93cf-d94c6c4803bd req-d901366f-d24c-4740-93cf-d94c6c4803bd ] Request (AttachInterfacesUnderV243Test:test_add_remove_fixed_ip): 200 GET http://10.180.1.21/compute/v2.1/servers/f1233fff-fc73-459f-b232-19c5fea2d879 0.170s
2025-04-03 18:05:11.895 70049 INFO tempest.lib.common.rest_client [req-bb7216a5-fa85-4e62-a235-c8fcffe201dc req-bb7216a5-fa85-4e62-a235-c8fcffe201dc ] Request (TenantUsagesTestJSON:tearDownClass): 200 GET http://10.180.1.21/compute/v2.1/servers/fbf0c31e-6313-4583-9e15-4bd6d80cb20e 0.152s
2025-04-03 18:05:11.898 70053 INFO tempest.lib.common.rest_client [req-d2230ba1-4281-490c-8aa3-20342847280f req-d2230ba1-4281-490c-8aa3-20342847280f ] Request (ServicesAdminTestJSON:setUpClass): 200 GET http://10.180.1.21/identity/v3/roles 0.065s
2025-04-03 18:05:11.924 70053 INFO tempest.lib.common.rest_client [req-d0b676ca-95ca-4f4b-a8a9-3e95f7046f2d req-d0b676ca-95ca-4f4b-a8a9-3e95f7046f2d ] Request (ServicesAdminTestJSON:setUpClass): 204 PUT http://10.180.1.21/identity/v3/projects/873c410c5c35408b8eaa7231f8ad7e98/users/798b9a9a3f9a4021a807a62b234a9f6c/roles/70fdd8fc9535474bba22e881226a288a 0.026s
2025-04-03 18:05:11.924 70053 INFO tempest.lib.common.dynamic_creds [-] Dynamic test user 798b9a9a3f9a4021a807a62b234a9f6c is created with scope project and roles: ['admin']
2025-04-03 18:05:11.924 70053 INFO tempest.lib.common.dynamic_creds [-] Acquired dynamic creds: credentials: Credentials: {'domain_id': 'default', 'domain_name': 'Default', 'username': 'tempest-ServicesAdminTestJSON-264058465-project-admin', 'project_domain_id': 'default', 'project_domain_name': 'Default', 'project_id': '873c410c5c35408b8eaa7231f8ad7e98', 'project_name': 'tempest-ServicesAdminTestJSON-264058465', 'tenant_id': '873c410c5c35408b8eaa7231f8ad7e98', 'tenant_name': 'tempest-ServicesAdminTestJSON-264058465', 'user_domain_id': 'default', 'user_domain_name': 'Default', 'user_id': '798b9a9a3f9a4021a807a62b234a9f6c', 'system': None}, Network: None, Subnet: None, Router: None
2025-04-03 18:05:11.925 70053 INFO tempest.lib.common.dynamic_creds [-] Created isolated network resources for: credentials: Credentials: {'domain_id': 'default', 'domain_name': 'Default', 'username': 'tempest-ServicesAdminTestJSON-264058465-project-admin', 'project_domain_id': 'default', 'project_domain_name': 'Default', 'project_id': '873c410c5c35408b8eaa7231f8ad7e98', 'project_name': 'tempest-ServicesAdminTestJSON-264058465', 'tenant_id': '873c410c5c35408b8eaa7231f8ad7e98', 'tenant_name': 'tempest-ServicesAdminTestJSON-264058465', 'user_domain_id': 'default', 'user_domain_name': 'Default', 'user_id': '798b9a9a3f9a4021a807a62b234a9f6c', 'system': None}, Network: None, Subnet: None, Router: None
2025-04-03 18:05:11.969 70062 INFO tempest.lib.common.rest_client [req-f564b43b-24ac-4ede-a2a3-302d41dee22e req-f564b43b-24ac-4ede-a2a3-302d41dee22e ] Request (ListImageFiltersTestJSON:setUpClass): 200 GET http://10.180.1.21/compute/v2.1/servers/2e425cdf-ea68-4d87-9924-f1a5bf8e1e0e 0.196s
2025-04-03 18:05:12.001 70053 INFO tempest.lib.common.rest_client [req-9d6c6e7f-1115-4936-a39e-4c6adfb45489 req-9d6c6e7f-1115-4936-a39e-4c6adfb45489 ] Request (ServicesAdminTestJSON:setUpClass): 201 POST http://10.180.1.21/identity/v3/auth/tokens 0.073s
2025-04-03 18:05:12.076 70095 INFO tempest.lib.common.rest_client [req-a3b004cd-cf55-4570-b9fe-8cf0a92cc417 req-a3b004cd-cf55-4570-b9fe-8cf0a92cc417 ] Request (MigrationsAdminTest:test_list_migrations_in_flavor_resize_situation): 200 GET http://10.180.1.21/compute/v2.1/servers/0f58f9a2-8d42-44b2-828c-fc96f3615014 0.099s
2025-04-03 18:05:12.166 70099 INFO tempest.lib.common.rest_client [req-ead84ed4-034f-4872-8339-8cdbbac1a133 req-ead84ed4-034f-4872-8339-8cdbbac1a133 ] Request (ServerDiagnosticsV248Test:tearDownClass): 200 GET http://10.180.1.21/compute/v2.1/servers/14932019-a872-408d-9c83-2a125d37d0e3 0.326s
2025-04-03 18:05:12.177 70085 INFO tempest.lib.common.rest_client [req-8ca74adb-7162-46dd-b7d6-68cc78ced79f req-8ca74adb-7162-46dd-b7d6-68cc78ced79f ] Request (ServerDiagnosticsNegativeTest:test_get_server_diagnostics_by_non_admin): 200 GET http://10.180.1.21/compute/v2.1/servers/77539b7e-1405-444a-96e0-fe2c44b24fec 0.191s
2025-04-03 18:05:12.184 70085 INFO tempest.common.waiters [-] State transition "BUILD/networking" ==> "BUILD/spawning" after 45 second wait
2025-04-03 18:05:12.255 70053 INFO tempest.lib.common.rest_client [req-4a7ed0ac-36bf-4e2c-8039-60454a3f4afc req-4a7ed0ac-36bf-4e2c-8039-60454a3f4afc ] Request (ServicesAdminTestJSON:test_get_service_by_host_name): 200 GET http://10.180.1.21/compute/v2.1/os-services 0.252s
2025-04-03 18:05:12.265 70063 INFO tempest.lib.common.rest_client [req-644304b2-d9bb-48bb-9671-44662486e07f req-644304b2-d9bb-48bb-9671-44662486e07f ] Request (ServersWithSpecificFlavorTestJSON:test_verify_created_server_ephemeral_disk): 200 GET http://10.180.1.21/compute/v2.1/servers/068620d2-a1a8-49ba-925b-398a72a4e21f 0.097s
2025-04-03 18:05:12.272 70063 INFO tempest.common.waiters [-] State transition "BUILD/spawning" ==> "ACTIVE/None" after 49 second wait
2025-04-03 18:05:12.283 70053 INFO tempest.lib.common.rest_client [req-5e5b241d-9004-41a5-85c7-5e36c0c89652 req-5e5b241d-9004-41a5-85c7-5e36c0c89652 ] Request (ServicesAdminTestJSON:test_get_service_by_host_name): 200 GET http://10.180.1.21/compute/v2.1/os-services?host=devstack 0.024s
2025-04-03 18:05:12.332 70089 INFO tempest.lib.common.rest_client [req-beab93a7-dd37-4f91-bca2-535e6f0a65eb req-beab93a7-dd37-4f91-bca2-535e6f0a65eb ] Request (ServerPasswordTestJSON:setUpClass): 200 GET http://10.180.1.21/compute/v2.1/servers/41eeaaec-8966-4ffb-bc2e-3267a79f60ee 0.071s
2025-04-03 18:05:12.370 70043 INFO tempest.lib.common.rest_client [req-ed7b5e6a-b232-47db-a5fc-fe7c5669619f req-ed7b5e6a-b232-47db-a5fc-fe7c5669619f ] Request (VolumesAssistedSnapshotsTest:test_volume_assisted_snapshot_create_delete): 200 GET http://10.180.1.21/compute/v2.1/servers/03661849-1d44-451d-9f43-087171ea126b 0.115s
2025-04-03 18:05:12.388 70053 INFO tempest.lib.common.rest_client [req-142e4dba-f8d3-4e2a-a3f7-b137edd84bed req-142e4dba-f8d3-4e2a-a3f7-b137edd84bed ] Request (ServicesAdminTestJSON:test_get_service_by_service_binary_name): 200 GET http://10.180.1.21/compute/v2.1/os-services?binary=nova-compute 0.100s
2025-04-03 18:05:12.393 70063 INFO tempest.lib.common.rest_client [req-327f2db8-b597-48b6-af4d-21e12bd844ce req-327f2db8-b597-48b6-af4d-21e12bd844ce ] Request (ServersWithSpecificFlavorTestJSON:test_verify_created_server_ephemeral_disk): 200 GET http://10.180.1.21/compute/v2.1/servers/068620d2-a1a8-49ba-925b-398a72a4e21f/os-interface 0.121s
2025-04-03 18:05:12.441 70055 INFO tempest.lib.common.rest_client [req-bd2cac58-512b-461d-a00f-08490c5e9b19 req-bd2cac58-512b-461d-a00f-08490c5e9b19 ] Request (MultipleCreateTestJSON:test_multiple_create): 200 GET http://10.180.1.21/compute/v2.1/servers/5ec0880d-fa12-4bd4-b83b-0d94a943831a 0.109s
2025-04-03 18:05:12.452 70091 INFO tempest.lib.common.rest_client [req-5f78c1c1-dbe1-4b5e-a221-9952ee21f2a7 req-5f78c1c1-dbe1-4b5e-a221-9952ee21f2a7 ] Request (ServersNegativeTestMultiTenantJSON:setUpClass): 200 GET http://10.180.1.21/compute/v2.1/servers/4d356075-9e91-4b99-b2a3-794bd24f5b14 0.114s
2025-04-03 18:05:12.462 70053 INFO tempest.lib.common.rest_client [req-11107d70-629e-4bdf-b025-40d2b18d4a4f req-11107d70-629e-4bdf-b025-40d2b18d4a4f ] Request (ServicesAdminTestJSON:test_list_services): 200 GET http://10.180.1.21/compute/v2.1/os-services 0.069s
2025-04-03 18:05:12.516 70097 INFO tempest.lib.common.rest_client [req-f76d27a5-5546-4d65-951f-b3ac34017827 req-f76d27a5-5546-4d65-951f-b3ac34017827 ] Request (ListServerFiltersTestJSON:setUpClass): 200 GET http://10.180.1.21/compute/v2.1/servers/a41102d1-6d13-438a-82eb-67b4bb7e6ec9 0.094s
2025-04-03 18:05:12.525 70081 INFO tempest.lib.common.rest_client [req-be2eef61-1581-405f-90b4-b1a02992ea64 req-be2eef61-1581-405f-90b4-b1a02992ea64 ] Request (ImagesOneServerTestJSON:tearDownClass): 200 GET http://10.180.1.21/compute/v2.1/servers/92c756f0-9577-4004-bcdd-d421a4d52b96 0.085s
2025-04-03 18:05:12.559 70053 INFO tempest.lib.common.rest_client [req-f0d4aed0-f947-4b58-9f7d-6eb4776e1fd1 req-f0d4aed0-f947-4b58-9f7d-6eb4776e1fd1 ] Request (ServicesAdminTestJSON:tearDownClass): 204 DELETE http://10.180.1.21/identity/v3/users/a87f74908b5b46a59209380579da1ece 0.093s
2025-04-03 18:05:12.573 70047 INFO tempest.lib.common.rest_client [req-63543f1e-4b39-4034-ac9d-06183147a1e0 req-63543f1e-4b39-4034-ac9d-06183147a1e0 ] Request (DeleteServersAdminTestJSON:test_delete_server_while_in_error_state): 200 GET http://10.180.1.21/compute/v2.1/servers/15c0d93d-91e9-49df-b5ae-691abf05cd7d 0.061s
2025-04-03 18:05:12.585 70075 INFO tempest.lib.common.rest_client [req-4eff1eb5-a04b-4d78-b593-7b232b45090a req-4eff1eb5-a04b-4d78-b593-7b232b45090a ] Request (ImagesOneServerNegativeTestJSON:_run_cleanups): 200 GET http://10.180.1.21/compute/v2.1/servers/e7d54e30-01f8-44c0-9dcb-8ccb5249d74f 0.101s
2025-04-03 18:05:12.639 70059 INFO tempest.lib.common.rest_client [req-407b078d-6d61-4c98-af92-2780abe9f6be req-407b078d-6d61-4c98-af92-2780abe9f6be ] Request (ServerDiskConfigTestJSON:test_rebuild_server_with_auto_disk_config): 200 GET http://10.180.1.21/compute/v2.1/servers/c2719988-7eaa-44cd-bf9b-d2e94aae2878 0.093s
2025-04-03 18:05:12.651 70093 INFO tempest.lib.common.rest_client [req-26591566-27a0-42de-90c1-d70834517a30 req-26591566-27a0-42de-90c1-d70834517a30 ] Request (FloatingIPsAssociationTestJSON:test_associate_already_associated_floating_ip): 200 GET http://10.180.1.21/compute/v2.1/servers/7db7bcc5-a83f-4faf-8576-c29cd26117e8 0.069s
2025-04-03 18:05:12.661 70053 INFO tempest.lib.common.rest_client [req-49a99fc1-1a13-4e8d-a2e6-fa73bb8768f8 req-49a99fc1-1a13-4e8d-a2e6-fa73bb8768f8 ] Request (ServicesAdminTestJSON:tearDownClass): 204 DELETE http://10.180.1.21/identity/v3/users/798b9a9a3f9a4021a807a62b234a9f6c 0.102s
2025-04-03 18:05:12.662 70053 INFO tempest.lib.common.dynamic_creds [-] Deleting project and security group for project: 873c410c5c35408b8eaa7231f8ad7e98
2025-04-03 18:05:12.702 70101 INFO tempest.lib.common.rest_client [req-fa52eeb1-a27b-4c2f-889b-4ac7319f959a req-fa52eeb1-a27b-4c2f-889b-4ac7319f959a ] Request (ServersAdminNegativeTestJSON:setUpClass): 200 GET http://10.180.1.21/compute/v2.1/servers/661541b3-dd38-4692-af94-dce06e9cdb7d 0.052s
2025-04-03 18:05:12.704 70087 INFO tempest.lib.common.rest_client [req-c4ffeeaa-6714-48c4-97c2-d4b43b3a1ba9 req-c4ffeeaa-6714-48c4-97c2-d4b43b3a1ba9 ] Request (ImagesNegativeTestJSON:test_create_image_from_deleted_server): 200 GET http://10.180.1.21/compute/v2.1/servers/07df8754-b54e-47da-b43a-aea7486b93f8 0.085s
2025-04-03 18:05:12.731 70053 INFO tempest.lib.common.rest_client [req-d261caa6-d01f-4b76-874d-888527033a95 req-d261caa6-d01f-4b76-874d-888527033a95 ] Request (ServicesAdminTestJSON:tearDownClass): 201 POST http://10.180.1.21/identity/v3/auth/tokens 0.069s
2025-04-03 18:05:12.789 70083 INFO tempest.lib.common.rest_client [req-bf869451-9c32-4dfe-a65f-46df785fe7ed req-bf869451-9c32-4dfe-a65f-46df785fe7ed ] Request (AttachInterfacesV270Test:test_create_get_list_interfaces): 200 GET http://10.180.1.21/compute/v2.1/servers/9c9ac9ff-3f87-49ca-9c94-1e1a635bcd34 0.077s
2025-04-03 18:05:12.877 70067 INFO tempest.lib.common.rest_client [req-9b4d3904-152d-4fae-b341-b829a4e1aa51 req-9b4d3904-152d-4fae-b341-b829a4e1aa51 ] Request (ServersAdmin275Test:test_rebuild_update_server_275): 200 GET http://10.180.1.21/compute/v2.1/servers/6b40bd9e-5036-4b89-8eb3-dcf4fcbad807 0.133s
2025-04-03 18:05:12.917 70063 INFO tempest.lib.common.rest_client [req-7abe2766-f637-4cc6-b69f-85fbf4237df4 req-7abe2766-f637-4cc6-b69f-85fbf4237df4 ] Request (ServersWithSpecificFlavorTestJSON:test_verify_created_server_ephemeral_disk): 200 PUT http://10.180.1.21:9696/networking/v2.0/floatingips/04c9c1a9-efde-4d34-b114-3e7fa5eaeeba 0.521s
2025-04-03 18:05:12.938 70051 WARNING tempest.lib.common.ssh [-] Failed to establish authenticated ssh connection to cirros@10.180.180.181 ([Errno None] Unable to connect to port 22 on 10.180.180.181). Number attempts: 1. Retry after 2 seconds.: paramiko.ssh_exception.NoValidConnectionsError: [Errno None] Unable to connect to port 22 on 10.180.180.181
2025-04-03 18:05:12.961 70069 INFO tempest.lib.common.rest_client [req-dff4157f-5d2f-4b59-9eeb-1a6e48f7d2f2 req-dff4157f-5d2f-4b59-9eeb-1a6e48f7d2f2 ] Request (ListServersNegativeTestJSON:setUpClass): 200 GET http://10.180.1.21/compute/v2.1/servers/0168fd78-d6c6-496d-bf90-3fbb76ce44a1 0.184s
2025-04-03 18:05:12.964 70045 INFO tempest.lib.common.rest_client [req-bb96b15b-afcb-43f6-bd4a-29b499141c09 req-bb96b15b-afcb-43f6-bd4a-29b499141c09 ] Request (InstanceActionsV221TestJSON:test_get_list_deleted_instance_actions): 200 GET http://10.180.1.21/compute/v2.1/servers/b1597ec1-1d62-474d-ac9d-5ffb3cb69b7f 0.284s
2025-04-03 18:05:13.009 70057 INFO tempest.lib.common.rest_client [req-74d10787-78b8-4095-8bd7-d0d5f1ebbfe2 req-74d10787-78b8-4095-8bd7-d0d5f1ebbfe2 ] Request (ImagesTestJSON:test_create_image_from_suspended_server): 200 GET http://10.180.1.21/compute/v2.1/servers/2e95354b-0ea0-4736-884c-c6b88333f5cc 0.171s
2025-04-03 18:05:13.011 70053 INFO tempest.lib.common.rest_client [req-d09ba44c-c0ec-4de1-8fd8-857f58ae1354 req-d09ba44c-c0ec-4de1-8fd8-857f58ae1354 ] Request (ServicesAdminTestJSON:tearDownClass): 200 GET http://10.180.1.21:9696/networking/v2.0/security-groups?tenant_id=873c410c5c35408b8eaa7231f8ad7e98&name=default 0.279s
2025-04-03 18:05:13.024 70079 INFO tempest.lib.common.rest_client [req-e0ea5074-2308-4b53-9c05-1cf08b5e1900 req-e0ea5074-2308-4b53-9c05-1cf08b5e1900 ] Request (ServerTagsTestJSON:setUpClass): 200 GET http://10.180.1.21/compute/v2.1/servers/8c5c3c21-9882-4b8b-97c8-ffbff54d6217 0.231s
2025-04-03 18:05:13.046 70049 INFO tempest.lib.common.rest_client [req-eb470cfe-eda8-4eef-86b4-056b0b67c087 req-eb470cfe-eda8-4eef-86b4-056b0b67c087 ] Request (TenantUsagesTestJSON:tearDownClass): 404 GET http://10.180.1.21/compute/v2.1/servers/fbf0c31e-6313-4583-9e15-4bd6d80cb20e 0.138s
2025-04-03 18:05:13.065 70073 INFO tempest.lib.common.rest_client [req-efd2c8f9-54ec-4f25-9f42-3ca844fbb6cf req-efd2c8f9-54ec-4f25-9f42-3ca844fbb6cf ] Request (AttachInterfacesUnderV243Test:test_add_remove_fixed_ip): 200 GET http://10.180.1.21/compute/v2.1/servers/f1233fff-fc73-459f-b232-19c5fea2d879 0.204s
2025-04-03 18:05:13.147 70049 INFO tempest.lib.common.rest_client [req-5a068873-d27d-487c-9684-deabff5f5e52 req-5a068873-d27d-487c-9684-deabff5f5e52 ] Request (TenantUsagesTestJSON:tearDownClass): 204 DELETE http://10.180.1.21/identity/v3/users/d7b03cac772d43f08548f58ed3c70d98 0.101s
2025-04-03 18:05:13.149 70053 INFO tempest.lib.common.rest_client [req-686fea9c-7ff7-4696-a68c-ef271ae8580b req-686fea9c-7ff7-4696-a68c-ef271ae8580b ] Request (ServicesAdminTestJSON:tearDownClass): 204 DELETE http://10.180.1.21:9696/networking/v2.0/security-groups/0830d048-c117-4838-ad6d-4d7d093f71c1 0.138s
2025-04-03 18:05:13.173 70062 INFO tempest.lib.common.rest_client [req-7ee9ba6b-75f0-4251-ad3a-07195c13a6a5 req-7ee9ba6b-75f0-4251-ad3a-07195c13a6a5 ] Request (ListImageFiltersTestJSON:setUpClass): 200 GET http://10.180.1.21/compute/v2.1/servers/2e425cdf-ea68-4d87-9924-f1a5bf8e1e0e 0.196s
2025-04-03 18:05:13.182 70063 INFO tempest.lib.common.rest_client [req-8d0950f7-2129-4d25-86eb-f877cb2a8080 req-8d0950f7-2129-4d25-86eb-f877cb2a8080 ] Request (ServersWithSpecificFlavorTestJSON:test_verify_created_server_ephemeral_disk): 200 GET http://10.180.1.21/compute/v2.1/servers/068620d2-a1a8-49ba-925b-398a72a4e21f 0.264s
2025-04-03 18:05:13.192 70063 INFO tempest.lib.common.ssh [-] Creating ssh connection to '10.180.180.144:22' as 'cirros' with public key authentication
2025-04-03 18:05:13.242 70099 INFO tempest.lib.common.rest_client [req-e47fe796-66cf-44fc-89cb-355eb55b7c5e req-e47fe796-66cf-44fc-89cb-355eb55b7c5e ] Request (ServerDiagnosticsV248Test:tearDownClass): 200 GET http://10.180.1.21/compute/v2.1/servers/14932019-a872-408d-9c83-2a125d37d0e3 0.064s
2025-04-03 18:05:13.243 70049 INFO tempest.lib.common.rest_client [req-d10443a4-9e13-44f0-8834-adfae82f7755 req-d10443a4-9e13-44f0-8834-adfae82f7755 ] Request (TenantUsagesTestJSON:tearDownClass): 204 DELETE http://10.180.1.21/identity/v3/users/cd4638123aa54c54a2b95fe6f6239c6a 0.095s
2025-04-03 18:05:13.243 70049 INFO tempest.lib.common.dynamic_creds [-] Deleting project and security group for project: df801a2bb5cf47c4a5b933c43ddc2376
2025-04-03 18:05:13.259 70053 INFO tempest.lib.common.rest_client [req-cc4c0b3c-c9f1-4a95-91df-58dc2d5845f7 req-cc4c0b3c-c9f1-4a95-91df-58dc2d5845f7 ] Request (ServicesAdminTestJSON:tearDownClass): 204 DELETE http://10.180.1.21/identity/v3/projects/873c410c5c35408b8eaa7231f8ad7e98 0.109s
2025-04-03 18:05:13.259 70053 INFO tempest.lib.common.dynamic_creds [-] Deleting project and security group for project: 53015f7794c04f44829d2581ceb9b098
2025-04-03 18:05:13.263 70095 INFO tempest.lib.common.rest_client [req-9eebfc85-3557-462c-be05-0058250620e2 req-9eebfc85-3557-462c-be05-0058250620e2 ] Request (MigrationsAdminTest:test_list_migrations_in_flavor_resize_situation): 200 GET http://10.180.1.21/compute/v2.1/servers/0f58f9a2-8d42-44b2-828c-fc96f3615014 0.176s
2025-04-03 18:05:13.295 70049 INFO tempest.lib.common.rest_client [req-2bd49e0d-62ae-431f-871b-7d35ccaa5fd3 req-2bd49e0d-62ae-431f-871b-7d35ccaa5fd3 ] Request (TenantUsagesTestJSON:tearDownClass): 201 POST http://10.180.1.21/identity/v3/auth/tokens 0.051s
2025-04-03 18:05:13.351 70085 INFO tempest.lib.common.rest_client [req-25523816-1aad-440f-bb0d-b7d0edf9ac3c req-25523816-1aad-440f-bb0d-b7d0edf9ac3c ] Request (ServerDiagnosticsNegativeTest:test_get_server_diagnostics_by_non_admin): 200 GET http://10.180.1.21/compute/v2.1/servers/77539b7e-1405-444a-96e0-fe2c44b24fec 0.166s
2025-04-03 18:05:13.356 70053 INFO tempest.lib.common.rest_client [req-7d2fd401-b0c0-46a3-a704-0e9119ddfaaa req-7d2fd401-b0c0-46a3-a704-0e9119ddfaaa ] Request (ServicesAdminTestJSON:tearDownClass): 200 GET http://10.180.1.21:9696/networking/v2.0/security-groups?tenant_id=53015f7794c04f44829d2581ceb9b098&name=default 0.097s
2025-04-03 18:05:13.404 70089 INFO tempest.lib.common.rest_client [req-e4a0030f-800a-4611-8175-91df0ecb7280 req-e4a0030f-800a-4611-8175-91df0ecb7280 ] Request (ServerPasswordTestJSON:setUpClass): 200 GET http://10.180.1.21/compute/v2.1/servers/41eeaaec-8966-4ffb-bc2e-3267a79f60ee 0.061s
2025-04-03 18:05:13.423 70049 INFO tempest.lib.common.rest_client [req-24533aaf-588b-4ba4-a8cd-997e065c871c req-24533aaf-588b-4ba4-a8cd-997e065c871c ] Request (TenantUsagesTestJSON:tearDownClass): 200 GET http://10.180.1.21:9696/networking/v2.0/security-groups?tenant_id=df801a2bb5cf47c4a5b933c43ddc2376&name=default 0.127s
2025-04-03 18:05:13.466 70053 INFO tempest.lib.common.rest_client [req-698417a4-d0ff-417c-a9ae-86645a22f256 req-698417a4-d0ff-417c-a9ae-86645a22f256 ] Request (ServicesAdminTestJSON:tearDownClass): 204 DELETE http://10.180.1.21:9696/networking/v2.0/security-groups/a44c7695-1063-4350-a097-40ceaef10521 0.109s
2025-04-03 18:05:13.511 70055 INFO tempest.lib.common.rest_client [req-01f52513-c868-4be1-a930-47d7b43ce191 req-01f52513-c868-4be1-a930-47d7b43ce191 ] Request (MultipleCreateTestJSON:test_multiple_create): 200 GET http://10.180.1.21/compute/v2.1/servers/5ec0880d-fa12-4bd4-b83b-0d94a943831a 0.061s
2025-04-03 18:05:13.533 70043 INFO tempest.lib.common.rest_client [req-785aaf7c-f673-4f08-8fc1-b69732d0c91c req-785aaf7c-f673-4f08-8fc1-b69732d0c91c ] Request (VolumesAssistedSnapshotsTest:test_volume_assisted_snapshot_create_delete): 200 GET http://10.180.1.21/compute/v2.1/servers/03661849-1d44-451d-9f43-087171ea126b 0.154s
2025-04-03 18:05:13.549 70053 INFO tempest.lib.common.rest_client [req-5348acdf-15e6-4d4a-9363-554b59912355 req-5348acdf-15e6-4d4a-9363-554b59912355 ] Request (ServicesAdminTestJSON:tearDownClass): 204 DELETE http://10.180.1.21/identity/v3/projects/53015f7794c04f44829d2581ceb9b098 0.082s
2025-04-03 18:05:13.582 70091 INFO tempest.lib.common.rest_client [req-1889398c-11f9-4f9a-a93b-d63fd5ebb581 req-1889398c-11f9-4f9a-a93b-d63fd5ebb581 ] Request (ServersNegativeTestMultiTenantJSON:setUpClass): 200 GET http://10.180.1.21/compute/v2.1/servers/4d356075-9e91-4b99-b2a3-794bd24f5b14 0.122s
2025-04-03 18:05:13.611 70097 INFO tempest.lib.common.rest_client [req-d7cd02c9-3971-448c-9985-6384acf1db99 req-d7cd02c9-3971-448c-9985-6384acf1db99 ] Request (ListServerFiltersTestJSON:setUpClass): 200 GET http://10.180.1.21/compute/v2.1/servers/a41102d1-6d13-438a-82eb-67b4bb7e6ec9 0.083s
2025-04-03 18:05:13.618 70053 INFO tempest.lib.common.rest_client [req-5cc41790-388e-41e3-ad36-ee894fba056f req-5cc41790-388e-41e3-ad36-ee894fba056f ] Request (ServicesAdminNegativeTestJSON:setUpClass): 201 POST http://10.180.1.21/identity/v3/auth/tokens 0.067s
