2025-04-03 18:06:29.319 70099 INFO tempest.lib.common.rest_client [req-8365d9a6-0ecb-4646-974a-e5992a6c507d req-8365d9a6-0ecb-4646-974a-e5992a6c507d ] Request (ServersAdminTestJSON:setUpClass): 200 GET http://10.180.1.21/compute/v2.1/servers/5e8ce78c-53ea-44fb-9a08-b33471eb8c32 0.051s
2025-04-03 18:06:29.341 70051 INFO tempest.lib.common.rest_client [req-2e8e9dd9-af15-4631-b1d6-4be31f05637f req-2e8e9dd9-af15-4631-b1d6-4be31f05637f ] Request (ServerActionsTestOtherB:test_create_backup): 200 GET http://10.180.1.21/image/v2/images/ed1a83e2-45fd-4206-a81b-81f1ffc40d54 0.017s
2025-04-03 18:06:29.351 70045 INFO tempest.lib.common.rest_client [req-9706930d-c017-4671-b8c1-27431530f071 req-9706930d-c017-4671-b8c1-27431530f071 ] Request (InstanceActionsV221TestJSON:test_get_list_deleted_instance_actions): 200 GET http://10.180.1.21/compute/v2.1/servers/b1597ec1-1d62-474d-ac9d-5ffb3cb69b7f 0.125s
2025-04-03 18:06:29.358 70073 WARNING tempest.lib.common.ssh [-] Failed to establish authenticated ssh connection to cirros@10.180.180.133 ([Errno None] Unable to connect to port 22 on 10.180.180.133). Number attempts: 5. Retry after 6 seconds.: paramiko.ssh_exception.NoValidConnectionsError: [Errno None] Unable to connect to port 22 on 10.180.180.133
2025-04-03 18:06:29.368 70049 INFO tempest.lib.common.rest_client [req-ae964fd1-9a42-4066-a350-3f56ea23409a req-ae964fd1-9a42-4066-a350-3f56ea23409a ] Request (FloatingIPsAssociationNegativeTestJSON:setUpClass): 200 GET http://10.180.1.21/compute/v2.1/servers/04dcf87e-ecc6-448b-b167-90f89535c268 0.097s
2025-04-03 18:06:29.412 70093 INFO tempest.lib.common.rest_client [req-f3cd5b03-cf44-4158-b6f6-7f06e76167e3 req-f3cd5b03-cf44-4158-b6f6-7f06e76167e3 ] Request (FloatingIPsAssociationTestJSON:tearDownClass): 200 GET http://10.180.1.21/compute/v2.1/servers/7db7bcc5-a83f-4faf-8576-c29cd26117e8 0.093s
2025-04-03 18:06:29.420 70093 INFO tempest.common.waiters [-] State transition "ACTIVE/deleting" ==> "DELETED/None" after 1 second wait
2025-04-03 18:06:29.427 70043 INFO tempest.lib.common.rest_client [req-0f644867-455a-4b13-9f8f-d448a3c22399 req-0f644867-455a-4b13-9f8f-d448a3c22399 ] Request (VolumesAssistedSnapshotsTest:tearDownClass): 200 GET http://10.180.1.21/compute/v2.1/servers/03661849-1d44-451d-9f43-087171ea126b 0.102s
2025-04-03 18:06:29.480 70055 INFO tempest.lib.common.rest_client [req-7008a625-0283-4ce3-807e-e582e8c6b0e8 req-7008a625-0283-4ce3-807e-e582e8c6b0e8 ] Request (MultipleCreateTestJSON:test_multiple_create): 200 GET http://10.180.1.21/compute/v2.1/servers/5ec0880d-fa12-4bd4-b83b-0d94a943831a 0.110s
2025-04-03 18:06:29.497 70079 INFO tempest.lib.common.rest_client [req-61f2d3ac-7ca2-4f55-af41-bd7db88ee1c4 req-61f2d3ac-7ca2-4f55-af41-bd7db88ee1c4 ] Request (ServerTagsTestJSON:tearDownClass): 200 GET http://10.180.1.21/compute/v2.1/servers/8c5c3c21-9882-4b8b-97c8-ffbff54d6217 0.110s
2025-04-03 18:06:29.548 70095 INFO tempest.lib.common.rest_client [req-b0d7f0b9-961a-484f-b0f9-13675f817707 req-b0d7f0b9-961a-484f-b0f9-13675f817707 ] Request (MigrationsAdminTest:test_resize_server_revert_deleted_flavor): 200 GET http://10.180.1.21/compute/v2.1/servers/8425829c-c4ad-40b5-93f5-5cac89c6ae64 0.111s
2025-04-03 18:06:29.557 70081 INFO tempest.lib.common.rest_client [req-85784f9b-f72f-4c6e-a81a-c0fdcf568fa6 req-85784f9b-f72f-4c6e-a81a-c0fdcf568fa6 ] Request (InstanceActionsNegativeTestJSON:setUpClass): 200 GET http://10.180.1.21/compute/v2.1/servers/1be69880-79f7-40cb-bfca-cc37bb54df00 0.080s
2025-04-03 18:06:29.610 70091 INFO tempest.lib.common.rest_client [req-a6261148-4521-45f7-a6ca-f1975ea1a911 req-a6261148-4521-45f7-a6ca-f1975ea1a911 ] Request (ServersNegativeTestMultiTenantJSON:tearDownClass): 200 GET http://10.180.1.21/compute/v2.1/servers/4d356075-9e91-4b99-b2a3-794bd24f5b14 0.113s
2025-04-03 18:06:29.664 70065 INFO tempest.lib.common.rest_client [req-513c6e4d-583c-42e5-9417-a73879a2470e req-513c6e4d-583c-42e5-9417-a73879a2470e ] Request (ServerActionsTestJSON:test_lock_unlock_server): 200 GET http://10.180.1.21/compute/v2.1/servers/47b618d1-5850-4994-843d-7fccb7e8ecde 0.099s
2025-04-03 18:06:29.665 70047 INFO tempest.lib.common.rest_client [req-6fc87cca-b1b4-4d31-be7f-ad2ba3e7c348 req-6fc87cca-b1b4-4d31-be7f-ad2ba3e7c348 ] Request (DeleteServersAdminTestJSON:test_delete_server_while_in_error_state): 200 GET http://10.180.1.21/compute/v2.1/servers/15c0d93d-91e9-49df-b5ae-691abf05cd7d 0.086s
2025-04-03 18:06:29.722 70097 INFO tempest.lib.common.rest_client [req-d78ebc95-e75c-4309-997b-9e2572d8a060 req-d78ebc95-e75c-4309-997b-9e2572d8a060 ] Request (ListServerFiltersTestJSON:tearDownClass): 200 GET http://10.180.1.21/compute/v2.1/servers/a41102d1-6d13-438a-82eb-67b4bb7e6ec9 0.064s
2025-04-03 18:06:29.781 70063 INFO tempest.lib.common.rest_client [req-31e5d45a-a444-432a-bdb8-ae2de0eba8d3 req-31e5d45a-a444-432a-bdb8-ae2de0eba8d3 ] Request (ServersWithSpecificFlavorTestJSON:test_verify_created_server_ephemeral_disk): 200 GET http://10.180.1.21/compute/v2.1/servers/f1574ebf-e7cd-4b42-b6c7-6dcb2489f22d 0.054s
2025-04-03 18:06:29.834 70057 INFO tempest.lib.common.rest_client [req-cb21ceba-06ad-49dc-9565-ff27dcf6dc37 req-cb21ceba-06ad-49dc-9565-ff27dcf6dc37 ] Request (ImagesTestJSON:test_create_server_from_snapshot): 200 GET http://10.180.1.21/compute/v2.1/servers/f52b9ffb-6bbc-4bca-97ba-244c0b237944 0.052s
2025-04-03 18:06:29.953 70083 INFO tempest.lib.common.rest_client [req-6f8ac1f4-ad2a-4bd5-9c57-ce31f5ae2c0d req-6f8ac1f4-ad2a-4bd5-9c57-ce31f5ae2c0d ] Request (AttachInterfacesV270Test:tearDownClass): 200 GET http://10.180.1.21/compute/v2.1/servers/9c9ac9ff-3f87-49ca-9c94-1e1a635bcd34 0.079s
2025-04-03 18:06:29.973 70075 INFO tempest.lib.common.rest_client [req-60003c42-05a9-4afb-b9d3-aeab312029ab req-60003c42-05a9-4afb-b9d3-aeab312029ab ] Request (ImagesOneServerNegativeTestJSON:_run_cleanups): 200 GET http://10.180.1.21/compute/v2.1/servers/9e8182c1-7df2-4b86-b842-bdf1b86bedcf 0.061s
2025-04-03 18:06:30.077 70067 INFO tempest.lib.common.rest_client [req-a7f0e563-d939-4958-93df-0885c915e9af req-a7f0e563-d939-4958-93df-0885c915e9af ] Request (ServersAdmin275Test:test_rebuild_update_server_275): 200 GET http://10.180.1.21/compute/v2.1/servers/6b40bd9e-5036-4b89-8eb3-dcf4fcbad807 0.069s
2025-04-03 18:06:30.133 70059 INFO tempest.lib.common.rest_client [req-03c35b31-a70a-40d7-8b8a-81d9ab98afc2 req-03c35b31-a70a-40d7-8b8a-81d9ab98afc2 ] Request (ServerDiskConfigTestJSON:test_rebuild_server_with_auto_disk_config): 200 GET http://10.180.1.21/compute/v2.1/servers/c2719988-7eaa-44cd-bf9b-d2e94aae2878 0.080s
2025-04-03 18:06:30.149 70101 INFO tempest.lib.common.rest_client [req-1900e434-d339-4edb-8f76-976c1e3138f3 req-1900e434-d339-4edb-8f76-976c1e3138f3 ] Request (ServersAdminNegativeTestJSON:setUpClass): 200 GET http://10.180.1.21/compute/v2.1/servers/661541b3-dd38-4692-af94-dce06e9cdb7d 0.108s
2025-04-03 18:06:30.156 70101 INFO tempest.common.waiters [-] State transition "BUILD/spawning" ==> "ACTIVE/None" after 88 second wait
2025-04-03 18:06:30.190 70069 INFO tempest.lib.common.rest_client [req-4a50d375-1d23-4f71-ae4e-3fb6d6d39764 req-4a50d375-1d23-4f71-ae4e-3fb6d6d39764 ] Request (ServerShowV247Test:test_update_rebuild_list_server): 200 GET http://10.180.1.21/compute/v2.1/servers/1820a34a-f585-47ff-a7dd-586f47feaf38 0.098s
2025-04-03 18:06:30.253 70062 INFO tempest.lib.common.rest_client [req-2f27657e-5eac-45b7-92a7-0df8b66e9ecb req-2f27657e-5eac-45b7-92a7-0df8b66e9ecb ] Request (ListImageFiltersTestJSON:tearDownClass): 200 GET http://10.180.1.21/compute/v2.1/servers/2e425cdf-ea68-4d87-9924-f1a5bf8e1e0e 0.079s
2025-04-03 18:06:30.270 70101 INFO tempest.lib.common.rest_client [req-081d9b55-f30c-4e5e-b5b4-e9efbb8f866c req-081d9b55-f30c-4e5e-b5b4-e9efbb8f866c ] Request (ServersAdminNegativeTestJSON:test_migrate_non_existent_server): 404 POST http://10.180.1.21/compute/v2.1/servers/e827be38-fb1d-4fa4-9895-a8ff0a85f505/action 0.112s
2025-04-03 18:06:30.326 70101 INFO tempest.lib.common.rest_client [req-9a8c43f3-1f3b-4f61-ba6b-b1758265e197 req-9a8c43f3-1f3b-4f61-ba6b-b1758265e197 ] Request (ServersAdminNegativeTestJSON:test_migrate_server_invalid_state): 201 POST http://10.180.1.21/identity/v3/auth/tokens 0.051s
2025-04-03 18:06:30.326 70101 INFO tempest.lib.common.fixed_network [-] (ServersAdminNegativeTestJSON:test_migrate_server_invalid_state) Found network None available for tenant
2025-04-03 18:06:30.359 70051 INFO tempest.lib.common.rest_client [req-e73350da-4896-403f-a028-5470c4b8fc5a req-e73350da-4896-403f-a028-5470c4b8fc5a ] Request (ServerActionsTestOtherB:test_create_backup): 200 GET http://10.180.1.21/image/v2/images/ed1a83e2-45fd-4206-a81b-81f1ffc40d54 0.017s
2025-04-03 18:06:30.376 70099 INFO tempest.lib.common.rest_client [req-9b0f361d-f7d7-4d6e-a7f5-038d018b88ba req-9b0f361d-f7d7-4d6e-a7f5-038d018b88ba ] Request (ServersAdminTestJSON:setUpClass): 200 GET http://10.180.1.21/compute/v2.1/servers/5e8ce78c-53ea-44fb-9a08-b33471eb8c32 0.048s
2025-04-03 18:06:30.469 70045 INFO tempest.lib.common.rest_client [req-99dc3064-317c-476a-9d74-49022b83db35 req-99dc3064-317c-476a-9d74-49022b83db35 ] Request (InstanceActionsV221TestJSON:test_get_list_deleted_instance_actions): 200 GET http://10.180.1.21/compute/v2.1/servers/b1597ec1-1d62-474d-ac9d-5ffb3cb69b7f 0.109s
2025-04-03 18:06:30.521 70049 INFO tempest.lib.common.rest_client [req-ec4bbd6b-ba00-477d-9a9b-f7a811255342 req-ec4bbd6b-ba00-477d-9a9b-f7a811255342 ] Request (FloatingIPsAssociationNegativeTestJSON:setUpClass): 200 GET http://10.180.1.21/compute/v2.1/servers/04dcf87e-ecc6-448b-b167-90f89535c268 0.146s
2025-04-03 18:06:30.582 70093 INFO tempest.lib.common.rest_client [req-05df8030-ba25-4f56-a498-c80359a35fd8 req-05df8030-ba25-4f56-a498-c80359a35fd8 ] Request (FloatingIPsAssociationTestJSON:tearDownClass): 200 GET http://10.180.1.21/compute/v2.1/servers/7db7bcc5-a83f-4faf-8576-c29cd26117e8 0.161s
2025-04-03 18:06:30.631 70101 INFO tempest.lib.common.rest_client [req-c3cafd27-1a87-4290-b0f5-31d2a4277059 req-c3cafd27-1a87-4290-b0f5-31d2a4277059 ] Request (ServersAdminNegativeTestJSON:test_migrate_server_invalid_state): 202 POST http://10.180.1.21/compute/v2.1/servers 0.305s
2025-04-03 18:06:30.646 70043 INFO tempest.lib.common.rest_client [req-2fea5ac9-f12f-49e2-8c94-ccb6a8a4cfc7 req-2fea5ac9-f12f-49e2-8c94-ccb6a8a4cfc7 ] Request (VolumesAssistedSnapshotsTest:tearDownClass): 200 GET http://10.180.1.21/compute/v2.1/servers/03661849-1d44-451d-9f43-087171ea126b 0.209s
2025-04-03 18:06:30.710 70055 INFO tempest.lib.common.rest_client [req-8eb211da-3fe6-4f6c-a0e7-b863d8b11c5c req-8eb211da-3fe6-4f6c-a0e7-b863d8b11c5c ] Request (MultipleCreateTestJSON:test_multiple_create): 200 GET http://10.180.1.21/compute/v2.1/servers/5ec0880d-fa12-4bd4-b83b-0d94a943831a 0.221s
2025-04-03 18:06:30.719 70055 INFO tempest.common.waiters [-] State transition "BUILD/None" ==> "BUILD/networking" after 84 second wait
2025-04-03 18:06:30.738 70079 INFO tempest.lib.common.rest_client [req-fe65208e-e317-4298-bb19-d1934012ea8e req-fe65208e-e317-4298-bb19-d1934012ea8e ] Request (ServerTagsTestJSON:tearDownClass): 200 GET http://10.180.1.21/compute/v2.1/servers/8c5c3c21-9882-4b8b-97c8-ffbff54d6217 0.226s
2025-04-03 18:06:30.783 70095 INFO tempest.lib.common.rest_client [req-14aa3543-3223-4389-b0ea-f589ac2ee944 req-14aa3543-3223-4389-b0ea-f589ac2ee944 ] Request (MigrationsAdminTest:test_resize_server_revert_deleted_flavor): 200 GET http://10.180.1.21/compute/v2.1/servers/8425829c-c4ad-40b5-93f5-5cac89c6ae64 0.225s
2025-04-03 18:06:30.800 70081 INFO tempest.lib.common.rest_client [req-5402b566-4bdf-4d3f-b663-4f6f2aef382b req-5402b566-4bdf-4d3f-b663-4f6f2aef382b ] Request (InstanceActionsNegativeTestJSON:setUpClass): 200 GET http://10.180.1.21/compute/v2.1/servers/1be69880-79f7-40cb-bfca-cc37bb54df00 0.235s
2025-04-03 18:06:30.809 70081 INFO tempest.common.waiters [-] State transition "BUILD/scheduling" ==> "BUILD/None" after 34 second wait
2025-04-03 18:06:30.852 70101 INFO tempest.lib.common.rest_client [req-98c02390-6a5d-42dd-b743-023c4f80d875 req-98c02390-6a5d-42dd-b743-023c4f80d875 ] Request (ServersAdminNegativeTestJSON:test_migrate_server_invalid_state): 200 GET http://10.180.1.21/compute/v2.1/servers/a7134aaf-b676-488f-bc5d-c5d656a5a57c 0.218s
2025-04-03 18:06:30.869 70091 INFO tempest.lib.common.rest_client [req-1b287420-ee89-435e-9812-c65185752856 req-1b287420-ee89-435e-9812-c65185752856 ] Request (ServersNegativeTestMultiTenantJSON:tearDownClass): 200 GET http://10.180.1.21/compute/v2.1/servers/4d356075-9e91-4b99-b2a3-794bd24f5b14 0.251s
2025-04-03 18:06:30.948 70047 INFO tempest.lib.common.rest_client [req-e62b27e5-bf25-4de4-8fc4-033f012b7651 req-e62b27e5-bf25-4de4-8fc4-033f012b7651 ] Request (DeleteServersAdminTestJSON:test_delete_server_while_in_error_state): 200 GET http://10.180.1.21/compute/v2.1/servers/15c0d93d-91e9-49df-b5ae-691abf05cd7d 0.274s
2025-04-03 18:06:30.987 70065 INFO tempest.lib.common.rest_client [req-b0506705-733d-47f8-b2c3-e06272e71bd7 req-b0506705-733d-47f8-b2c3-e06272e71bd7 ] Request (ServerActionsTestJSON:test_lock_unlock_server): 200 GET http://10.180.1.21/compute/v2.1/servers/47b618d1-5850-4994-843d-7fccb7e8ecde 0.315s
2025-04-03 18:06:31.012 70097 INFO tempest.lib.common.rest_client [req-c35dc822-deb7-4c79-bcd0-cde3791cc49c req-c35dc822-deb7-4c79-bcd0-cde3791cc49c ] Request (ListServerFiltersTestJSON:tearDownClass): 200 GET http://10.180.1.21/compute/v2.1/servers/a41102d1-6d13-438a-82eb-67b4bb7e6ec9 0.283s
2025-04-03 18:06:31.045 70063 INFO tempest.lib.common.rest_client [req-a6cb63eb-ce26-4601-87b6-246b18f383b0 req-a6cb63eb-ce26-4601-87b6-246b18f383b0 ] Request (ServersWithSpecificFlavorTestJSON:test_verify_created_server_ephemeral_disk): 200 GET http://10.180.1.21/compute/v2.1/servers/f1574ebf-e7cd-4b42-b6c7-6dcb2489f22d 0.255s
2025-04-03 18:06:31.062 70057 INFO tempest.lib.common.rest_client [req-6c0d9161-19e3-45c0-9d7b-863127be4cb5 req-6c0d9161-19e3-45c0-9d7b-863127be4cb5 ] Request (ImagesTestJSON:test_create_server_from_snapshot): 200 GET http://10.180.1.21/compute/v2.1/servers/f52b9ffb-6bbc-4bca-97ba-244c0b237944 0.217s
2025-04-03 18:06:31.112 70083 INFO tempest.lib.common.rest_client [req-eec123e4-af9b-4cd3-9180-360b394045f1 req-eec123e4-af9b-4cd3-9180-360b394045f1 ] Request (AttachInterfacesV270Test:tearDownClass): 200 GET http://10.180.1.21/compute/v2.1/servers/9c9ac9ff-3f87-49ca-9c94-1e1a635bcd34 0.148s
2025-04-03 18:06:31.116 70075 INFO tempest.lib.common.rest_client [req-b2998430-591d-49b5-ad42-295b227c0241 req-b2998430-591d-49b5-ad42-295b227c0241 ] Request (ImagesOneServerNegativeTestJSON:_run_cleanups): 200 GET http://10.180.1.21/compute/v2.1/servers/9e8182c1-7df2-4b86-b842-bdf1b86bedcf 0.132s
2025-04-03 18:06:31.176 70067 INFO tempest.lib.common.rest_client [req-be7f7c16-8914-439d-adc2-f3267390e122 req-be7f7c16-8914-439d-adc2-f3267390e122 ] Request (ServersAdmin275Test:test_rebuild_update_server_275): 200 GET http://10.180.1.21/compute/v2.1/servers/6b40bd9e-5036-4b89-8eb3-dcf4fcbad807 0.087s
2025-04-03 18:06:31.194 70059 INFO tempest.lib.common.rest_client [req-04e5f502-c9f2-4cd0-bec3-e8377e505bc0 req-04e5f502-c9f2-4cd0-bec3-e8377e505bc0 ] Request (ServerDiskConfigTestJSON:test_rebuild_server_with_auto_disk_config): 200 GET http://10.180.1.21/compute/v2.1/servers/c2719988-7eaa-44cd-bf9b-d2e94aae2878 0.053s
2025-04-03 18:06:31.262 70069 INFO tempest.lib.common.rest_client [req-95dff7ad-ef9f-4f15-9868-1d0e01568a34 req-95dff7ad-ef9f-4f15-9868-1d0e01568a34 ] Request (ServerShowV247Test:test_update_rebuild_list_server): 200 GET http://10.180.1.21/compute/v2.1/servers/1820a34a-f585-47ff-a7dd-586f47feaf38 0.060s
2025-04-03 18:06:31.335 70062 INFO tempest.lib.common.rest_client [req-57042c2e-5e0d-49fa-a628-406f3547d9b1 req-57042c2e-5e0d-49fa-a628-406f3547d9b1 ] Request (ListImageFiltersTestJSON:tearDownClass): 200 GET http://10.180.1.21/compute/v2.1/servers/2e425cdf-ea68-4d87-9924-f1a5bf8e1e0e 0.069s
2025-04-03 18:06:31.374 70051 INFO tempest.lib.common.rest_client [req-a4ea4a11-4cfa-4272-9ad1-c55f00b11fff req-a4ea4a11-4cfa-4272-9ad1-c55f00b11fff ] Request (ServerActionsTestOtherB:test_create_backup): 200 GET http://10.180.1.21/image/v2/images/ed1a83e2-45fd-4206-a81b-81f1ffc40d54 0.014s
2025-04-03 18:06:31.431 70099 INFO tempest.lib.common.rest_client [req-1b3ebe77-45ce-4b5e-af9c-cd3ec9b39178 req-1b3ebe77-45ce-4b5e-af9c-cd3ec9b39178 ] Request (ServersAdminTestJSON:setUpClass): 200 GET http://10.180.1.21/compute/v2.1/servers/5e8ce78c-53ea-44fb-9a08-b33471eb8c32 0.048s
2025-04-03 18:06:31.580 70049 INFO tempest.lib.common.rest_client [req-e7077c3c-70cc-4781-8ab4-b1f3d43025fc req-e7077c3c-70cc-4781-8ab4-b1f3d43025fc ] Request (FloatingIPsAssociationNegativeTestJSON:setUpClass): 200 GET http://10.180.1.21/compute/v2.1/servers/04dcf87e-ecc6-448b-b167-90f89535c268 0.051s
2025-04-03 18:06:31.605 70045 INFO tempest.lib.common.rest_client [req-a50c1e22-f6d7-4e49-9124-3c657343850b req-a50c1e22-f6d7-4e49-9124-3c657343850b ] Request (InstanceActionsV221TestJSON:test_get_list_deleted_instance_actions): 200 GET http://10.180.1.21/compute/v2.1/servers/b1597ec1-1d62-474d-ac9d-5ffb3cb69b7f 0.125s
2025-04-03 18:06:31.651 70093 INFO tempest.lib.common.rest_client [req-d7ce024b-760f-44cf-b6f6-c28fb62799e2 req-d7ce024b-760f-44cf-b6f6-c28fb62799e2 ] Request (FloatingIPsAssociationTestJSON:tearDownClass): 200 GET http://10.180.1.21/compute/v2.1/servers/7db7bcc5-a83f-4faf-8576-c29cd26117e8 0.062s
2025-04-03 18:06:31.714 70043 INFO tempest.lib.common.rest_client [req-831520e7-f990-45ca-90a4-ccfc776324e5 req-831520e7-f990-45ca-90a4-ccfc776324e5 ] Request (VolumesAssistedSnapshotsTest:tearDownClass): 200 GET http://10.180.1.21/compute/v2.1/servers/03661849-1d44-451d-9f43-087171ea126b 0.058s
2025-04-03 18:06:31.810 70055 INFO tempest.lib.common.rest_client [req-69fd22cc-6e0c-493e-af33-b12d52406bd2 req-69fd22cc-6e0c-493e-af33-b12d52406bd2 ] Request (MultipleCreateTestJSON:test_multiple_create): 200 GET http://10.180.1.21/compute/v2.1/servers/5ec0880d-fa12-4bd4-b83b-0d94a943831a 0.089s
2025-04-03 18:06:31.815 70079 INFO tempest.lib.common.rest_client [req-003ba2f1-be77-4507-bf62-72299ff34590 req-003ba2f1-be77-4507-bf62-72299ff34590 ] Request (ServerTagsTestJSON:tearDownClass): 200 GET http://10.180.1.21/compute/v2.1/servers/8c5c3c21-9882-4b8b-97c8-ffbff54d6217 0.059s
2025-04-03 18:06:31.817 70055 INFO tempest.common.waiters [-] State transition "BUILD/networking" ==> "BUILD/spawning" after 85 second wait
2025-04-03 18:06:31.863 70095 INFO tempest.lib.common.rest_client [req-d859ec8e-eaa2-44e8-8ede-688734583471 req-d859ec8e-eaa2-44e8-8ede-688734583471 ] Request (MigrationsAdminTest:test_resize_server_revert_deleted_flavor): 200 GET http://10.180.1.21/compute/v2.1/servers/8425829c-c4ad-40b5-93f5-5cac89c6ae64 0.067s
2025-04-03 18:06:31.868 70081 INFO tempest.lib.common.rest_client [req-9bdebc90-9bb0-459b-9883-19c89655e584 req-9bdebc90-9bb0-459b-9883-19c89655e584 ] Request (InstanceActionsNegativeTestJSON:setUpClass): 200 GET http://10.180.1.21/compute/v2.1/servers/1be69880-79f7-40cb-bfca-cc37bb54df00 0.058s
2025-04-03 18:06:31.932 70101 INFO tempest.lib.common.rest_client [req-277674ab-2668-4599-9f64-29126b178052 req-277674ab-2668-4599-9f64-29126b178052 ] Request (ServersAdminNegativeTestJSON:test_migrate_server_invalid_state): 200 GET http://10.180.1.21/compute/v2.1/servers/a7134aaf-b676-488f-bc5d-c5d656a5a57c 0.069s
2025-04-03 18:06:31.953 70091 INFO tempest.lib.common.rest_client [req-ec548472-0089-47c8-b62a-5983c096052d req-ec548472-0089-47c8-b62a-5983c096052d ] Request (ServersNegativeTestMultiTenantJSON:tearDownClass): 200 GET http://10.180.1.21/compute/v2.1/servers/4d356075-9e91-4b99-b2a3-794bd24f5b14 0.074s
2025-04-03 18:06:32.021 70047 INFO tempest.lib.common.rest_client [req-2ebd16d3-dd45-4a8e-a49d-26608df78622 req-2ebd16d3-dd45-4a8e-a49d-26608df78622 ] Request (DeleteServersAdminTestJSON:test_delete_server_while_in_error_state): 200 GET http://10.180.1.21/compute/v2.1/servers/15c0d93d-91e9-49df-b5ae-691abf05cd7d 0.066s
2025-04-03 18:06:32.083 70097 INFO tempest.lib.common.rest_client [req-682b9e5b-7f0c-41d7-b6ee-a409586a9f14 req-682b9e5b-7f0c-41d7-b6ee-a409586a9f14 ] Request (ListServerFiltersTestJSON:tearDownClass): 200 GET http://10.180.1.21/compute/v2.1/servers/a41102d1-6d13-438a-82eb-67b4bb7e6ec9 0.062s
2025-04-03 18:06:32.136 70063 INFO tempest.lib.common.rest_client [req-162e6296-b63b-4269-b03f-ee434ca7aee2 req-162e6296-b63b-4269-b03f-ee434ca7aee2 ] Request (ServersWithSpecificFlavorTestJSON:test_verify_created_server_ephemeral_disk): 200 GET http://10.180.1.21/compute/v2.1/servers/f1574ebf-e7cd-4b42-b6c7-6dcb2489f22d 0.083s
2025-04-03 18:06:32.138 70065 INFO tempest.lib.common.rest_client [req-e0dc1abd-6a7e-4fb6-9cf4-f73b896e944d req-e0dc1abd-6a7e-4fb6-9cf4-f73b896e944d ] Request (ServerActionsTestJSON:test_lock_unlock_server): 200 GET http://10.180.1.21/compute/v2.1/servers/47b618d1-5850-4994-843d-7fccb7e8ecde 0.143s
2025-04-03 18:06:32.195 70057 INFO tempest.lib.common.rest_client [req-991ba7e4-5271-4692-b2a1-a72c12752536 req-991ba7e4-5271-4692-b2a1-a72c12752536 ] Request (ImagesTestJSON:test_create_server_from_snapshot): 200 GET http://10.180.1.21/compute/v2.1/servers/f52b9ffb-6bbc-4bca-97ba-244c0b237944 0.126s
2025-04-03 18:06:32.205 70083 INFO tempest.lib.common.rest_client [req-15f1bedc-857c-48ad-a6ae-473c1430768e req-15f1bedc-857c-48ad-a6ae-473c1430768e ] Request (AttachInterfacesV270Test:tearDownClass): 200 GET http://10.180.1.21/compute/v2.1/servers/9c9ac9ff-3f87-49ca-9c94-1e1a635bcd34 0.082s
2025-04-03 18:06:32.250 70075 INFO tempest.lib.common.rest_client [req-ad216a3d-0e3c-4840-9a22-a6963e994954 req-ad216a3d-0e3c-4840-9a22-a6963e994954 ] Request (ImagesOneServerNegativeTestJSON:_run_cleanups): 200 GET http://10.180.1.21/compute/v2.1/servers/9e8182c1-7df2-4b86-b842-bdf1b86bedcf 0.125s
2025-04-03 18:06:32.276 70067 INFO tempest.lib.common.rest_client [req-3a39f054-126a-4ba0-bfb8-eacd2e1f8b1d req-3a39f054-126a-4ba0-bfb8-eacd2e1f8b1d ] Request (ServersAdmin275Test:test_rebuild_update_server_275): 200 GET http://10.180.1.21/compute/v2.1/servers/6b40bd9e-5036-4b89-8eb3-dcf4fcbad807 0.089s
2025-04-03 18:06:32.300 70059 INFO tempest.lib.common.rest_client [req-187d34d7-29b1-4515-a359-034988a5c5b5 req-187d34d7-29b1-4515-a359-034988a5c5b5 ] Request (ServerDiskConfigTestJSON:test_rebuild_server_with_auto_disk_config): 200 GET http://10.180.1.21/compute/v2.1/servers/c2719988-7eaa-44cd-bf9b-d2e94aae2878 0.099s
2025-04-03 18:06:32.333 70069 INFO tempest.lib.common.rest_client [req-a7299b6c-4026-4b05-9a4b-3fff11468353 req-a7299b6c-4026-4b05-9a4b-3fff11468353 ] Request (ServerShowV247Test:test_update_rebuild_list_server): 200 GET http://10.180.1.21/compute/v2.1/servers/1820a34a-f585-47ff-a7dd-586f47feaf38 0.059s
2025-04-03 18:06:32.390 70051 INFO tempest.lib.common.rest_client [req-d94e9886-80af-4869-b229-4442c580ef5d req-d94e9886-80af-4869-b229-4442c580ef5d ] Request (ServerActionsTestOtherB:test_create_backup): 200 GET http://10.180.1.21/image/v2/images/ed1a83e2-45fd-4206-a81b-81f1ffc40d54 0.015s
2025-04-03 18:06:32.410 70062 INFO tempest.lib.common.rest_client [req-5ed500f3-bb9e-4e10-b952-34a3fea9856d req-5ed500f3-bb9e-4e10-b952-34a3fea9856d ] Request (ListImageFiltersTestJSON:tearDownClass): 200 GET http://10.180.1.21/compute/v2.1/servers/2e425cdf-ea68-4d87-9924-f1a5bf8e1e0e 0.067s
2025-04-03 18:06:32.411 70051 INFO tempest.lib.common.rest_client [req-d9deadce-26e0-4b16-9894-845e63266f2d req-d9deadce-26e0-4b16-9894-845e63266f2d ] Request (ServerActionsTestOtherB:test_create_backup): 200 GET http://10.180.1.21/image/v2/images/ed1a83e2-45fd-4206-a81b-81f1ffc40d54/tasks 0.020s
2025-04-03 18:06:32.496 70099 INFO tempest.lib.common.rest_client [req-cfcf584e-3d08-4df8-b215-0bb21daa7aa7 req-cfcf584e-3d08-4df8-b215-0bb21daa7aa7 ] Request (ServersAdminTestJSON:setUpClass): 200 GET http://10.180.1.21/compute/v2.1/servers/5e8ce78c-53ea-44fb-9a08-b33471eb8c32 0.056s
2025-04-03 18:06:32.538 70051 INFO tempest.lib.common.rest_client [req-5d6b5a1d-f7f7-49b9-82d9-2721d581b2c6 req-5d6b5a1d-f7f7-49b9-82d9-2721d581b2c6 ] Request (ServerActionsTestOtherB:test_create_backup): 200 GET http://10.180.1.21/compute/v2.1/servers/5b4e59fe-0577-4368-82a2-e51b8d97dd09 0.127s
2025-04-03 18:06:32.637 70049 INFO tempest.lib.common.rest_client [req-53a35995-26a5-4652-a23f-5d525d82bec3 req-53a35995-26a5-4652-a23f-5d525d82bec3 ] Request (FloatingIPsAssociationNegativeTestJSON:setUpClass): 200 GET http://10.180.1.21/compute/v2.1/servers/04dcf87e-ecc6-448b-b167-90f89535c268 0.050s
2025-04-03 18:06:32.701 70045 INFO tempest.lib.common.rest_client [req-577fa6b8-631a-43ff-bdd1-f93357ea33ca req-577fa6b8-631a-43ff-bdd1-f93357ea33ca ] Request (InstanceActionsV221TestJSON:test_get_list_deleted_instance_actions): 200 GET http://10.180.1.21/compute/v2.1/servers/b1597ec1-1d62-474d-ac9d-5ffb3cb69b7f 0.087s
2025-04-03 18:06:32.712 70045 INFO tempest.common.waiters [-] State transition "BUILD/spawning" ==> "ACTIVE/None" after 87 second wait
2025-04-03 18:06:32.712 70093 INFO tempest.lib.common.rest_client [req-1e09405b-4df7-47ba-b840-1581701032e1 req-1e09405b-4df7-47ba-b840-1581701032e1 ] Request (FloatingIPsAssociationTestJSON:tearDownClass): 200 GET http://10.180.1.21/compute/v2.1/servers/7db7bcc5-a83f-4faf-8576-c29cd26117e8 0.053s
2025-04-03 18:06:32.774 70043 INFO tempest.lib.common.rest_client [req-3caf9b51-9b66-4f8e-bb44-4978929f701d req-3caf9b51-9b66-4f8e-bb44-4978929f701d ] Request (VolumesAssistedSnapshotsTest:tearDownClass): 200 GET http://10.180.1.21/compute/v2.1/servers/03661849-1d44-451d-9f43-087171ea126b 0.052s
2025-04-03 18:06:32.775 70045 INFO tempest.lib.common.rest_client [req-aae6aa05-d37a-4f1a-82e2-769d99cf69a5 req-aae6aa05-d37a-4f1a-82e2-769d99cf69a5 ] Request (InstanceActionsV221TestJSON:test_get_list_deleted_instance_actions): 204 DELETE http://10.180.1.21/compute/v2.1/servers/b1597ec1-1d62-474d-ac9d-5ffb3cb69b7f 0.062s
2025-04-03 18:06:32.866 70045 INFO tempest.lib.common.rest_client [req-6a83f9e1-07c7-46e2-b75c-e8c7a1349a02 req-6a83f9e1-07c7-46e2-b75c-e8c7a1349a02 ] Request (InstanceActionsV221TestJSON:test_get_list_deleted_instance_actions): 200 GET http://10.180.1.21/compute/v2.1/servers/b1597ec1-1d62-474d-ac9d-5ffb3cb69b7f 0.090s
2025-04-03 18:06:32.911 70055 INFO tempest.lib.common.rest_client [req-0c7090de-1308-4708-9dd4-9e598ae8b109 req-0c7090de-1308-4708-9dd4-9e598ae8b109 ] Request (MultipleCreateTestJSON:test_multiple_create): 200 GET http://10.180.1.21/compute/v2.1/servers/5ec0880d-fa12-4bd4-b83b-0d94a943831a 0.094s
2025-04-03 18:06:32.934 70079 INFO tempest.lib.common.rest_client [req-07e4ad45-e01a-4c48-8eaa-dd4fe70e3439 req-07e4ad45-e01a-4c48-8eaa-dd4fe70e3439 ] Request (ServerTagsTestJSON:tearDownClass): 200 GET http://10.180.1.21/compute/v2.1/servers/8c5c3c21-9882-4b8b-97c8-ffbff54d6217 0.108s
2025-04-03 18:06:32.957 70095 INFO tempest.lib.common.rest_client [req-547ce3ad-8411-457a-a819-d43b4956dcc4 req-547ce3ad-8411-457a-a819-d43b4956dcc4 ] Request (MigrationsAdminTest:test_resize_server_revert_deleted_flavor): 200 GET http://10.180.1.21/compute/v2.1/servers/8425829c-c4ad-40b5-93f5-5cac89c6ae64 0.086s
2025-04-03 18:06:32.983 70081 INFO tempest.lib.common.rest_client [req-ec2c0cdf-5d2f-4ec0-b22c-572ec5d40e42 req-ec2c0cdf-5d2f-4ec0-b22c-572ec5d40e42 ] Request (InstanceActionsNegativeTestJSON:setUpClass): 200 GET http://10.180.1.21/compute/v2.1/servers/1be69880-79f7-40cb-bfca-cc37bb54df00 0.107s
2025-04-03 18:06:33.002 70101 INFO tempest.lib.common.rest_client [req-e9f2eb26-25da-4659-8024-fb9c3dc44a9e req-e9f2eb26-25da-4659-8024-fb9c3dc44a9e ] Request (ServersAdminNegativeTestJSON:test_migrate_server_invalid_state): 200 GET http://10.180.1.21/compute/v2.1/servers/a7134aaf-b676-488f-bc5d-c5d656a5a57c 0.062s
2025-04-03 18:06:33.040 70091 INFO tempest.lib.common.rest_client [req-389c42f1-44e0-405b-8d8f-c8aa788f7f2e req-389c42f1-44e0-405b-8d8f-c8aa788f7f2e ] Request (ServersNegativeTestMultiTenantJSON:tearDownClass): 200 GET http://10.180.1.21/compute/v2.1/servers/4d356075-9e91-4b99-b2a3-794bd24f5b14 0.078s
2025-04-03 18:06:33.088 70047 INFO tempest.lib.common.rest_client [req-85755a7e-d37a-44c5-b9bd-7d50f1d99624 req-85755a7e-d37a-44c5-b9bd-7d50f1d99624 ] Request (DeleteServersAdminTestJSON:test_delete_server_while_in_error_state): 200 GET http://10.180.1.21/compute/v2.1/servers/15c0d93d-91e9-49df-b5ae-691abf05cd7d 0.058s
2025-04-03 18:06:33.152 70097 INFO tempest.lib.common.rest_client [req-03abfb23-e19e-415e-81ff-8ad64ab15b3d req-03abfb23-e19e-415e-81ff-8ad64ab15b3d ] Request (ListServerFiltersTestJSON:tearDownClass): 200 GET http://10.180.1.21/compute/v2.1/servers/a41102d1-6d13-438a-82eb-67b4bb7e6ec9 0.061s
2025-04-03 18:06:33.201 70063 INFO tempest.lib.common.rest_client [req-6e83d7e8-dbeb-4e50-baa7-7fb6e1d37138 req-6e83d7e8-dbeb-4e50-baa7-7fb6e1d37138 ] Request (ServersWithSpecificFlavorTestJSON:test_verify_created_server_ephemeral_disk): 200 GET http://10.180.1.21/compute/v2.1/servers/f1574ebf-e7cd-4b42-b6c7-6dcb2489f22d 0.056s
2025-04-03 18:06:33.239 70065 INFO tempest.lib.common.rest_client [req-c5e52120-8170-42bc-9c58-586d376170a0 req-c5e52120-8170-42bc-9c58-586d376170a0 ] Request (ServerActionsTestJSON:test_lock_unlock_server): 200 GET http://10.180.1.21/compute/v2.1/servers/47b618d1-5850-4994-843d-7fccb7e8ecde 0.090s
2025-04-03 18:06:33.252 70057 INFO tempest.lib.common.rest_client [req-8545d104-856d-4a57-8164-cf0ec45b17db req-8545d104-856d-4a57-8164-cf0ec45b17db ] Request (ImagesTestJSON:test_create_server_from_snapshot): 200 GET http://10.180.1.21/compute/v2.1/servers/f52b9ffb-6bbc-4bca-97ba-244c0b237944 0.048s
2025-04-03 18:06:33.258 70083 INFO tempest.lib.common.rest_client [req-121489f1-3c6c-458e-ab79-c4dcd79eb2c4 req-121489f1-3c6c-458e-ab79-c4dcd79eb2c4 ] Request (AttachInterfacesV270Test:tearDownClass): 404 GET http://10.180.1.21/compute/v2.1/servers/9c9ac9ff-3f87-49ca-9c94-1e1a635bcd34 0.036s
2025-04-03 18:06:33.304 70075 INFO tempest.lib.common.rest_client [req-0f982f64-bf9f-46b7-8a01-58c725565024 req-0f982f64-bf9f-46b7-8a01-58c725565024 ] Request (ImagesOneServerNegativeTestJSON:_run_cleanups): 200 GET http://10.180.1.21/compute/v2.1/servers/9e8182c1-7df2-4b86-b842-bdf1b86bedcf 0.047s
2025-04-03 18:06:33.362 70067 INFO tempest.lib.common.rest_client [req-746b6f6a-30a5-49fa-b0e1-dcfcda24b146 req-746b6f6a-30a5-49fa-b0e1-dcfcda24b146 ] Request (ServersAdmin275Test:test_rebuild_update_server_275): 200 GET http://10.180.1.21/compute/v2.1/servers/6b40bd9e-5036-4b89-8eb3-dcf4fcbad807 0.075s
2025-04-03 18:06:33.371 70067 INFO tempest.common.waiters [-] State transition "REBUILD/rebuild_spawning" ==> "ACTIVE/None" after 10 second wait
2025-04-03 18:06:33.373 70059 INFO tempest.lib.common.rest_client [req-95c2f6d7-f87e-4876-807a-37ed094162c6 req-95c2f6d7-f87e-4876-807a-37ed094162c6 ] Request (ServerDiskConfigTestJSON:test_rebuild_server_with_auto_disk_config): 200 GET http://10.180.1.21/compute/v2.1/servers/c2719988-7eaa-44cd-bf9b-d2e94aae2878 0.065s
2025-04-03 18:06:33.415 70069 INFO tempest.lib.common.rest_client [req-a2e81aff-ac85-4f2b-802c-7d56225a5a3b req-a2e81aff-ac85-4f2b-802c-7d56225a5a3b ] Request (ServerShowV247Test:test_update_rebuild_list_server): 200 GET http://10.180.1.21/compute/v2.1/servers/1820a34a-f585-47ff-a7dd-586f47feaf38 0.071s
2025-04-03 18:06:33.487 70062 INFO tempest.lib.common.rest_client [req-c3e1b703-9486-48bc-b081-4ed5988b2112 req-c3e1b703-9486-48bc-b081-4ed5988b2112 ] Request (ListImageFiltersTestJSON:tearDownClass): 200 GET http://10.180.1.21/compute/v2.1/servers/2e425cdf-ea68-4d87-9924-f1a5bf8e1e0e 0.068s
2025-04-03 18:06:33.567 70099 INFO tempest.lib.common.rest_client [req-b9864558-ea78-4968-9886-a8f83fd13191 req-b9864558-ea78-4968-9886-a8f83fd13191 ] Request (ServersAdminTestJSON:setUpClass): 200 GET http://10.180.1.21/compute/v2.1/servers/5e8ce78c-53ea-44fb-9a08-b33471eb8c32 0.058s
2025-04-03 18:06:33.659 70067 INFO tempest.lib.common.rest_client [req-ec1d73ba-da73-4287-9747-c8dfc5bd235a req-ec1d73ba-da73-4287-9747-c8dfc5bd235a ] Request (ServersAdmin275Test:test_rebuild_update_server_275): 202 POST http://10.180.1.21/compute/v2.1/servers/6b40bd9e-5036-4b89-8eb3-dcf4fcbad807/action 0.287s
2025-04-03 18:06:33.699 70051 INFO tempest.lib.common.rest_client [req-f92f3a48-620a-4b00-b209-e0a872d88090 req-f92f3a48-620a-4b00-b209-e0a872d88090 ] Request (ServerActionsTestOtherB:test_create_backup): 200 GET http://10.180.1.21/compute/v2.1/servers/5b4e59fe-0577-4368-82a2-e51b8d97dd09 0.151s
2025-04-03 18:06:33.708 70049 INFO tempest.lib.common.rest_client [req-e3503473-97fa-468a-a7d0-ed1cf6d52db3 req-e3503473-97fa-468a-a7d0-ed1cf6d52db3 ] Request (FloatingIPsAssociationNegativeTestJSON:setUpClass): 200 GET http://10.180.1.21/compute/v2.1/servers/04dcf87e-ecc6-448b-b167-90f89535c268 0.063s
2025-04-03 18:06:33.716 70051 INFO tempest.common.waiters [-] State transition "ACTIVE/image_uploading" ==> "ACTIVE/None" after 1 second wait
2025-04-03 18:06:33.780 70067 INFO tempest.lib.common.rest_client [req-cf00f3ef-075e-48f1-8cd8-cfc1b608dbf3 req-cf00f3ef-075e-48f1-8cd8-cfc1b608dbf3 ] Request (ServersAdmin275Test:_run_cleanups): 200 GET http://10.180.1.21/compute/v2.1/servers/6b40bd9e-5036-4b89-8eb3-dcf4fcbad807 0.109s
2025-04-03 18:06:33.859 70093 INFO tempest.lib.common.rest_client [req-cd616702-6833-4596-8d00-2ac839f0173c req-cd616702-6833-4596-8d00-2ac839f0173c ] Request (FloatingIPsAssociationTestJSON:tearDownClass): 200 GET http://10.180.1.21/compute/v2.1/servers/7db7bcc5-a83f-4faf-8576-c29cd26117e8 0.139s
2025-04-03 18:06:33.931 70043 INFO tempest.lib.common.rest_client [req-829f4c86-7113-486b-bdeb-afbba495b897 req-829f4c86-7113-486b-bdeb-afbba495b897 ] Request (VolumesAssistedSnapshotsTest:tearDownClass): 200 GET http://10.180.1.21/compute/v2.1/servers/03661849-1d44-451d-9f43-087171ea126b 0.148s
2025-04-03 18:06:34.059 70045 INFO tempest.lib.common.rest_client [req-bbc4ac62-dbb2-4fe8-8b67-c7ac597d0612 req-bbc4ac62-dbb2-4fe8-8b67-c7ac597d0612 ] Request (InstanceActionsV221TestJSON:test_get_list_deleted_instance_actions): 200 GET http://10.180.1.21/compute/v2.1/servers/b1597ec1-1d62-474d-ac9d-5ffb3cb69b7f 0.184s
2025-04-03 18:06:34.087 70083 INFO tempest.lib.common.rest_client [req-c193a70e-bcb8-404c-aafc-84b7677d132c req-c193a70e-bcb8-404c-aafc-84b7677d132c ] Request (AttachInterfacesV270Test:tearDownClass): 200 PUT http://10.180.1.21:9696/networking/v2.0/routers/ff529c01-17fe-4fb7-92b7-7478fcca823e/remove_router_interface 0.828s
2025-04-03 18:06:34.120 70051 INFO tempest.lib.common.rest_client [req-8d2b1362-bd29-4ad6-8bb2-594206830aeb req-8d2b1362-bd29-4ad6-8bb2-594206830aeb ] Request (ServerActionsTestOtherB:test_create_backup): 202 POST http://10.180.1.21/compute/v2.1/servers/5b4e59fe-0577-4368-82a2-e51b8d97dd09/action 0.404s
2025-04-03 18:06:34.143 70051 INFO tempest.lib.common.rest_client [req-0691dae6-97aa-4de6-853e-f1cb1d5536bd req-0691dae6-97aa-4de6-853e-f1cb1d5536bd ] Request (ServerActionsTestOtherB:test_create_backup): 200 GET http://10.180.1.21/image/v2/images/66e2fb3f-3b61-49a0-91d5-2a4cd84ab2f0 0.023s
2025-04-03 18:06:34.189 70079 INFO tempest.lib.common.rest_client [req-b74e3ee2-59bb-4c9b-9d4c-7c48b87b32eb req-b74e3ee2-59bb-4c9b-9d4c-7c48b87b32eb ] Request (ServerTagsTestJSON:tearDownClass): 200 GET http://10.180.1.21/compute/v2.1/servers/8c5c3c21-9882-4b8b-97c8-ffbff54d6217 0.243s
2025-04-03 18:06:34.247 70095 INFO tempest.lib.common.rest_client [req-2f5f48b3-5b50-433f-bbe9-e5a8e961385f req-2f5f48b3-5b50-433f-bbe9-e5a8e961385f ] Request (MigrationsAdminTest:test_resize_server_revert_deleted_flavor): 200 GET http://10.180.1.21/compute/v2.1/servers/8425829c-c4ad-40b5-93f5-5cac89c6ae64 0.282s
2025-04-03 18:06:34.311 70081 INFO tempest.lib.common.rest_client [req-598e7f03-fe66-485d-833d-e90a2486c1c3 req-598e7f03-fe66-485d-833d-e90a2486c1c3 ] Request (InstanceActionsNegativeTestJSON:setUpClass): 200 GET http://10.180.1.21/compute/v2.1/servers/1be69880-79f7-40cb-bfca-cc37bb54df00 0.321s
2025-04-03 18:06:34.371 70101 INFO tempest.lib.common.rest_client [req-620ef99f-ef95-4b2c-960f-fd039097a5fb req-620ef99f-ef95-4b2c-960f-fd039097a5fb ] Request (ServersAdminNegativeTestJSON:test_migrate_server_invalid_state): 200 GET http://10.180.1.21/compute/v2.1/servers/a7134aaf-b676-488f-bc5d-c5d656a5a57c 0.360s
2025-04-03 18:06:34.430 70091 INFO tempest.lib.common.rest_client [req-b2b83284-ac47-4b02-b258-b041c56e995b req-b2b83284-ac47-4b02-b258-b041c56e995b ] Request (ServersNegativeTestMultiTenantJSON:tearDownClass): 200 GET http://10.180.1.21/compute/v2.1/servers/4d356075-9e91-4b99-b2a3-794bd24f5b14 0.383s
2025-04-03 18:06:34.464 70055 INFO tempest.lib.common.rest_client [req-7454898c-9ba8-407b-939f-e29cb48412aa req-7454898c-9ba8-407b-939f-e29cb48412aa ] Request (MultipleCreateTestJSON:test_multiple_create): 200 GET http://10.180.1.21/compute/v2.1/servers/5ec0880d-fa12-4bd4-b83b-0d94a943831a 0.544s
2025-04-03 18:06:34.489 70047 INFO tempest.lib.common.rest_client [req-637d3334-6d5a-47ac-8b38-cd828a7aa33a req-637d3334-6d5a-47ac-8b38-cd828a7aa33a ] Request (DeleteServersAdminTestJSON:test_delete_server_while_in_error_state): 200 GET http://10.180.1.21/compute/v2.1/servers/15c0d93d-91e9-49df-b5ae-691abf05cd7d 0.393s
2025-04-03 18:06:34.526 70097 INFO tempest.lib.common.rest_client [req-a4a85157-5255-46fb-bb40-38ec45ac28a2 req-a4a85157-5255-46fb-bb40-38ec45ac28a2 ] Request (ListServerFiltersTestJSON:tearDownClass): 200 GET http://10.180.1.21/compute/v2.1/servers/a41102d1-6d13-438a-82eb-67b4bb7e6ec9 0.366s
2025-04-03 18:06:34.546 70063 INFO tempest.lib.common.rest_client [req-02d7b0ce-3ef7-4af0-8e6c-fcb0a1bfd953 req-02d7b0ce-3ef7-4af0-8e6c-fcb0a1bfd953 ] Request (ServersWithSpecificFlavorTestJSON:test_verify_created_server_ephemeral_disk): 200 GET http://10.180.1.21/compute/v2.1/servers/f1574ebf-e7cd-4b42-b6c7-6dcb2489f22d 0.338s
2025-04-03 18:06:34.599 70057 INFO tempest.lib.common.rest_client [req-b22fdfaf-9a14-4856-85c7-d1d9b7bfe29d req-b22fdfaf-9a14-4856-85c7-d1d9b7bfe29d ] Request (ImagesTestJSON:test_create_server_from_snapshot): 200 GET http://10.180.1.21/compute/v2.1/servers/f52b9ffb-6bbc-4bca-97ba-244c0b237944 0.340s
2025-04-03 18:06:34.650 70065 INFO tempest.lib.common.rest_client [req-22f2ab02-fbc9-4a84-9de9-e5531a6167ef req-22f2ab02-fbc9-4a84-9de9-e5531a6167ef ] Request (ServerActionsTestJSON:test_lock_unlock_server): 200 GET http://10.180.1.21/compute/v2.1/servers/47b618d1-5850-4994-843d-7fccb7e8ecde 0.402s
2025-04-03 18:06:34.655 70075 INFO tempest.lib.common.rest_client [req-235a82fd-14c7-4c82-b99d-ccf6de71fce4 req-235a82fd-14c7-4c82-b99d-ccf6de71fce4 ] Request (ImagesOneServerNegativeTestJSON:_run_cleanups): 200 GET http://10.180.1.21/compute/v2.1/servers/9e8182c1-7df2-4b86-b842-bdf1b86bedcf 0.343s
2025-04-03 18:06:34.656 70065 INFO tempest.common.waiters [-] State transition "SHUTOFF/powering-on" ==> "ACTIVE/None" after 6 second wait
2025-04-03 18:06:34.710 70059 INFO tempest.lib.common.rest_client [req-441b9e2b-c7f0-4bca-afd4-d5eb6428be0b req-441b9e2b-c7f0-4bca-afd4-d5eb6428be0b ] Request (ServerDiskConfigTestJSON:test_rebuild_server_with_auto_disk_config): 200 GET http://10.180.1.21/compute/v2.1/servers/c2719988-7eaa-44cd-bf9b-d2e94aae2878 0.329s
2025-04-03 18:06:34.717 70069 INFO tempest.lib.common.rest_client [req-1a35ed42-a6b8-41d7-9c22-04265e2088c4 req-1a35ed42-a6b8-41d7-9c22-04265e2088c4 ] Request (ServerShowV247Test:test_update_rebuild_list_server): 200 GET http://10.180.1.21/compute/v2.1/servers/1820a34a-f585-47ff-a7dd-586f47feaf38 0.292s
2025-04-03 18:06:34.770 70062 INFO tempest.lib.common.rest_client [req-d1a6c26a-f3b3-4670-9a2b-d91a6522d602 req-d1a6c26a-f3b3-4670-9a2b-d91a6522d602 ] Request (ListImageFiltersTestJSON:tearDownClass): 200 GET http://10.180.1.21/compute/v2.1/servers/2e425cdf-ea68-4d87-9924-f1a5bf8e1e0e 0.274s
2025-04-03 18:06:34.787 70083 INFO tempest.lib.common.rest_client [req-7471aefa-b2de-487f-9c30-d086d100b094 req-7471aefa-b2de-487f-9c30-d086d100b094 ] Request (AttachInterfacesV270Test:tearDownClass): 204 DELETE http://10.180.1.21:9696/networking/v2.0/routers/ff529c01-17fe-4fb7-92b7-7478fcca823e 0.700s
2025-04-03 18:06:34.800 70099 INFO tempest.lib.common.rest_client [req-e7a91d7f-b2f0-4635-bb8a-a4775f19bee4 req-e7a91d7f-b2f0-4635-bb8a-a4775f19bee4 ] Request (ServersAdminTestJSON:setUpClass): 200 GET http://10.180.1.21/compute/v2.1/servers/5e8ce78c-53ea-44fb-9a08-b33471eb8c32 0.225s
2025-04-03 18:06:34.855 70049 INFO tempest.lib.common.rest_client [req-24d21135-0f95-445b-8e61-348a35a5260a req-24d21135-0f95-445b-8e61-348a35a5260a ] Request (FloatingIPsAssociationNegativeTestJSON:setUpClass): 200 GET http://10.180.1.21/compute/v2.1/servers/04dcf87e-ecc6-448b-b167-90f89535c268 0.138s
2025-04-03 18:06:34.914 70065 INFO tempest.lib.common.rest_client [req-653e7695-b226-4092-8bb6-6cace12e64b5 req-653e7695-b226-4092-8bb6-6cace12e64b5 ] Request (ServerActionsTestJSON:tearDown): 200 GET http://10.180.1.21/compute/v2.1/servers/47b618d1-5850-4994-843d-7fccb7e8ecde 0.257s
2025-04-03 18:06:34.957 70067 INFO tempest.lib.common.rest_client [req-1020fbca-c4e2-4238-9403-e93d09b97590 req-1020fbca-c4e2-4238-9403-e93d09b97590 ] Request (ServersAdmin275Test:_run_cleanups): 200 GET http://10.180.1.21/compute/v2.1/servers/6b40bd9e-5036-4b89-8eb3-dcf4fcbad807 0.167s
2025-04-03 18:06:34.990 70083 INFO tempest.lib.common.rest_client [req-975a6506-9c5b-45ee-ba79-4c50e79b4868 req-975a6506-9c5b-45ee-ba79-4c50e79b4868 ] Request (AttachInterfacesV270Test:tearDownClass): 204 DELETE http://10.180.1.21:9696/networking/v2.0/subnets/cc7021d3-437b-4376-8b22-435ccf9e338d 0.202s
2025-04-03 18:06:34.993 70093 INFO tempest.lib.common.rest_client [req-35494dbe-00ff-45b1-974c-95ef7e20d2bc req-35494dbe-00ff-45b1-974c-95ef7e20d2bc ] Request (FloatingIPsAssociationTestJSON:tearDownClass): 200 GET http://10.180.1.21/compute/v2.1/servers/7db7bcc5-a83f-4faf-8576-c29cd26117e8 0.123s
2025-04-03 18:06:35.041 70065 INFO tempest.lib.common.rest_client [req-624d52f1-51c6-4437-9055-632980cecb68 req-624d52f1-51c6-4437-9055-632980cecb68 ] Request (ServerActionsTestJSON:_run_cleanups): 202 POST http://10.180.1.21/compute/v2.1/servers/47b618d1-5850-4994-843d-7fccb7e8ecde/action 0.119s
2025-04-03 18:06:35.056 70043 INFO tempest.lib.common.rest_client [req-74b7f7cb-6dd9-42e2-a48c-a11f9be5fdc7 req-74b7f7cb-6dd9-42e2-a48c-a11f9be5fdc7 ] Request (VolumesAssistedSnapshotsTest:tearDownClass): 200 GET http://10.180.1.21/compute/v2.1/servers/03661849-1d44-451d-9f43-087171ea126b 0.117s
2025-04-03 18:06:35.168 70051 INFO tempest.lib.common.rest_client [req-7f3631c8-f46f-44c4-9c6a-8ec90d9565bc req-7f3631c8-f46f-44c4-9c6a-8ec90d9565bc ] Request (ServerActionsTestOtherB:test_create_backup): 200 GET http://10.180.1.21/image/v2/images/66e2fb3f-3b61-49a0-91d5-2a4cd84ab2f0 0.023s
2025-04-03 18:06:35.188 70045 INFO tempest.lib.common.rest_client [req-63ba3e69-5782-4cf2-8e56-b6dfc6c12f94 req-63ba3e69-5782-4cf2-8e56-b6dfc6c12f94 ] Request (InstanceActionsV221TestJSON:test_get_list_deleted_instance_actions): 200 GET http://10.180.1.21/compute/v2.1/servers/b1597ec1-1d62-474d-ac9d-5ffb3cb69b7f 0.117s
2025-04-03 18:06:35.214 70065 INFO tempest.lib.common.rest_client [req-efa98fd9-1ae4-4bc8-a13f-c094d246e2f5 req-efa98fd9-1ae4-4bc8-a13f-c094d246e2f5 ] Request (ServerActionsTestJSON:setUp): 200 GET http://10.180.1.21/compute/v2.1/servers/47b618d1-5850-4994-843d-7fccb7e8ecde 0.171s
2025-04-03 18:06:35.305 70083 INFO tempest.lib.common.rest_client [req-8e5fae52-9589-4b65-b710-d0b66a975263 req-8e5fae52-9589-4b65-b710-d0b66a975263 ] Request (AttachInterfacesV270Test:tearDownClass): 204 DELETE http://10.180.1.21:9696/networking/v2.0/networks/f9bf6917-811a-4f38-9184-393041fba832 0.315s
2025-04-03 18:06:35.310 70079 INFO tempest.lib.common.rest_client [req-a8a72697-bba1-4af8-bb8f-524d70fc5751 req-a8a72697-bba1-4af8-bb8f-524d70fc5751 ] Request (ServerTagsTestJSON:tearDownClass): 200 GET http://10.180.1.21/compute/v2.1/servers/8c5c3c21-9882-4b8b-97c8-ffbff54d6217 0.103s
2025-04-03 18:06:35.338 70065 INFO tempest.lib.common.rest_client [req-0caa3536-3dc9-4a81-b261-11bb05e0cbcf req-0caa3536-3dc9-4a81-b261-11bb05e0cbcf ] Request (ServerActionsTestJSON:test_reboot_server_hard): 200 GET http://10.180.1.21/compute/v2.1/servers/47b618d1-5850-4994-843d-7fccb7e8ecde 0.117s
2025-04-03 18:06:35.348 70065 INFO tempest.lib.common.ssh [-] Creating ssh connection to '10.180.180.253:22' as 'cirros' with public key authentication
2025-04-03 18:06:35.388 70095 INFO tempest.lib.common.rest_client [req-de47de8b-d7c4-4f2f-9e53-d3a6073f767f req-de47de8b-d7c4-4f2f-9e53-d3a6073f767f ] Request (MigrationsAdminTest:test_resize_server_revert_deleted_flavor): 200 GET http://10.180.1.21/compute/v2.1/servers/8425829c-c4ad-40b5-93f5-5cac89c6ae64 0.124s
2025-04-03 18:06:35.397 70081 INFO tempest.lib.common.rest_client [req-243771e7-076c-454f-a5e7-6257c59b2764 req-243771e7-076c-454f-a5e7-6257c59b2764 ] Request (InstanceActionsNegativeTestJSON:setUpClass): 200 GET http://10.180.1.21/compute/v2.1/servers/1be69880-79f7-40cb-bfca-cc37bb54df00 0.073s
2025-04-03 18:06:35.445 70083 INFO tempest.lib.common.rest_client [req-ed072f4a-1d46-4692-aee5-196b2feb59b5 req-ed072f4a-1d46-4692-aee5-196b2feb59b5 ] Request (AttachInterfacesV270Test:tearDownClass): 204 DELETE http://10.180.1.21/identity/v3/users/6f0705c9e8e04f0fb4df9bc754685f9e 0.139s
2025-04-03 18:06:35.445 70083 INFO tempest.lib.common.dynamic_creds [-] Deleting project and security group for project: 4331bb13953849c3acd6cd92cc55e308
2025-04-03 18:06:35.476 70101 INFO tempest.lib.common.rest_client [req-c4f75272-bfb1-4ee3-84ba-252d9dadd32f req-c4f75272-bfb1-4ee3-84ba-252d9dadd32f ] Request (ServersAdminNegativeTestJSON:test_migrate_server_invalid_state): 200 GET http://10.180.1.21/compute/v2.1/servers/a7134aaf-b676-488f-bc5d-c5d656a5a57c 0.094s
2025-04-03 18:06:35.487 70083 INFO tempest.lib.common.rest_client [req-367f69d7-c590-4288-aaaf-7848e49e40a3 req-367f69d7-c590-4288-aaaf-7848e49e40a3 ] Request (AttachInterfacesV270Test:tearDownClass): 200 GET http://10.180.1.21:9696/networking/v2.0/security-groups?tenant_id=4331bb13953849c3acd6cd92cc55e308&name=default 0.041s
2025-04-03 18:06:35.537 70091 INFO tempest.lib.common.rest_client [req-bfb48269-d7df-4eaa-a5a3-301686cb5587 req-bfb48269-d7df-4eaa-a5a3-301686cb5587 ] Request (ServersNegativeTestMultiTenantJSON:tearDownClass): 200 GET http://10.180.1.21/compute/v2.1/servers/4d356075-9e91-4b99-b2a3-794bd24f5b14 0.091s
2025-04-03 18:06:35.599 70083 INFO tempest.lib.common.rest_client [req-61a3d283-3777-4be4-bbd1-9dd6f94690b5 req-61a3d283-3777-4be4-bbd1-9dd6f94690b5 ] Request (AttachInterfacesV270Test:tearDownClass): 204 DELETE http://10.180.1.21:9696/networking/v2.0/security-groups/6db123d6-45f4-4273-9418-9d8530094bf0 0.112s
2025-04-03 18:06:35.605 70047 INFO tempest.lib.common.rest_client [req-d7108510-4f47-4469-8dc7-abc1f512181c req-d7108510-4f47-4469-8dc7-abc1f512181c ] Request (DeleteServersAdminTestJSON:test_delete_server_while_in_error_state): 200 GET http://10.180.1.21/compute/v2.1/servers/15c0d93d-91e9-49df-b5ae-691abf05cd7d 0.106s
2025-04-03 18:06:35.627 70055 INFO tempest.lib.common.rest_client [req-bca8bf3f-0d35-43f0-9089-6610b3f38b22 req-bca8bf3f-0d35-43f0-9089-6610b3f38b22 ] Request (MultipleCreateTestJSON:test_multiple_create): 200 GET http://10.180.1.21/compute/v2.1/servers/5ec0880d-fa12-4bd4-b83b-0d94a943831a 0.156s
2025-04-03 18:06:35.673 70097 INFO tempest.lib.common.rest_client [req-166f3671-d0b0-4c1d-a226-45f985ed280c req-166f3671-d0b0-4c1d-a226-45f985ed280c ] Request (ListServerFiltersTestJSON:tearDownClass): 200 GET http://10.180.1.21/compute/v2.1/servers/a41102d1-6d13-438a-82eb-67b4bb7e6ec9 0.140s
2025-04-03 18:06:35.698 70063 INFO tempest.lib.common.rest_client [req-f253736e-08f7-42ee-9ece-f3c28fda2605 req-f253736e-08f7-42ee-9ece-f3c28fda2605 ] Request (ServersWithSpecificFlavorTestJSON:test_verify_created_server_ephemeral_disk): 200 GET http://10.180.1.21/compute/v2.1/servers/f1574ebf-e7cd-4b42-b6c7-6dcb2489f22d 0.143s
2025-04-03 18:06:35.704 70083 INFO tempest.lib.common.rest_client [req-7be23d56-4cc4-47ad-9c93-b332b2352abb req-7be23d56-4cc4-47ad-9c93-b332b2352abb ] Request (AttachInterfacesV270Test:tearDownClass): 204 DELETE http://10.180.1.21/identity/v3/projects/4331bb13953849c3acd6cd92cc55e308 0.104s
2025-04-03 18:06:35.705 70083 INFO tempest.test [-] raised in ServerBootFromVolumeStableRescueTest.setUpClass. Invoking tearDownClass.
2025-04-03 18:06:35.737 70057 INFO tempest.lib.common.rest_client [req-79cf1e6f-fce5-499e-9cbd-bdcc02484af9 req-79cf1e6f-fce5-499e-9cbd-bdcc02484af9 ] Request (ImagesTestJSON:test_create_server_from_snapshot): 200 GET http://10.180.1.21/compute/v2.1/servers/f52b9ffb-6bbc-4bca-97ba-244c0b237944 0.128s
2025-04-03 18:06:35.761 70075 INFO tempest.lib.common.rest_client [req-98597857-5e28-4dd2-aa94-e36c3ff3b80d req-98597857-5e28-4dd2-aa94-e36c3ff3b80d ] Request (ImagesOneServerNegativeTestJSON:_run_cleanups): 200 GET http://10.180.1.21/compute/v2.1/servers/9e8182c1-7df2-4b86-b842-bdf1b86bedcf 0.098s
2025-04-03 18:06:35.826 70069 INFO tempest.lib.common.rest_client [req-bc845283-38a7-4cae-9cfc-611aaadf3486 req-bc845283-38a7-4cae-9cfc-611aaadf3486 ] Request (ServerShowV247Test:test_update_rebuild_list_server): 200 GET http://10.180.1.21/compute/v2.1/servers/1820a34a-f585-47ff-a7dd-586f47feaf38 0.095s
2025-04-03 18:06:35.866 70073 WARNING tempest.lib.common.ssh [-] Failed to establish authenticated ssh connection to cirros@10.180.180.133 ([Errno None] Unable to connect to port 22 on 10.180.180.133). Number attempts: 6. Retry after 7 seconds.: paramiko.ssh_exception.NoValidConnectionsError: [Errno None] Unable to connect to port 22 on 10.180.180.133
2025-04-03 18:06:35.892 70059 INFO tempest.lib.common.rest_client [req-fa11df27-065f-4995-85f2-875e1c35fc1d req-fa11df27-065f-4995-85f2-875e1c35fc1d ] Request (ServerDiskConfigTestJSON:test_rebuild_server_with_auto_disk_config): 200 GET http://10.180.1.21/compute/v2.1/servers/c2719988-7eaa-44cd-bf9b-d2e94aae2878 0.174s
