2025-04-03 18:04:16.405 70053 INFO tempest.lib.common.rest_client [req-4f26a78e-d47c-4f1f-94b5-92ae61b060d7 req-4f26a78e-d47c-4f1f-94b5-92ae61b060d7 ] Request (FlavorsAdminTestJSON:test_create_flavor_with_none_id): 200 POST http://10.180.1.21/compute/v2.1/flavors 1.729s
2025-04-03 18:04:16.412 70089 INFO tempest.lib.common.rest_client [req-d6280337-2923-4bcd-a6bc-f8cf41a05f8c req-d6280337-2923-4bcd-a6bc-f8cf41a05f8c ] Request (TenantUsagesNegativeTestJSON:tearDownClass): 204 DELETE http://10.180.1.21/identity/v3/projects/8b59f90020bf442bb0555f474b7a04ba 0.126s
2025-04-03 18:04:16.417 70045 INFO tempest.lib.common.rest_client [req-aabb3d98-e560-4f17-83f9-5f86393f2747 req-aabb3d98-e560-4f17-83f9-5f86393f2747 ] Request (ServicesAdminNegativeV253TestJSON:tearDownClass): 204 DELETE http://10.180.1.21/identity/v3/projects/581cf6bce12f40d898db57e8ae9af302 0.092s
2025-04-03 18:04:16.417 70045 INFO tempest.lib.common.dynamic_creds [-] Deleting project and security group for project: 165ef70d0a6b41d88554f19900dd878f
2025-04-03 18:04:16.451 70095 INFO tempest.lib.common.rest_client [req-4b090d4e-f0ae-4d90-8477-86f45542b9c1 req-4b090d4e-f0ae-4d90-8477-86f45542b9c1 ] Request (MigrationsAdminTest:test_list_migrations_in_flavor_resize_situation): 200 GET http://10.180.1.21/compute/v2.1/servers/0f58f9a2-8d42-44b2-828c-fc96f3615014 1.775s
2025-04-03 18:04:16.476 70097 INFO tempest.lib.common.rest_client [req-c2a1dfff-55d3-4514-9d16-fc3045ac5cf7 req-c2a1dfff-55d3-4514-9d16-fc3045ac5cf7 ] Request (FlavorsV261TestJSON:test_crud_flavor): 200 GET http://10.180.1.21/compute/v2.1/flavors 1.758s
2025-04-03 18:04:16.490 70089 INFO tempest.lib.common.rest_client [req-94028f6e-c939-4744-9517-2b2d696266db req-94028f6e-c939-4744-9517-2b2d696266db ] Request (ServerPasswordTestJSON:setUpClass): 201 POST http://10.180.1.21/identity/v3/auth/tokens 0.076s
2025-04-03 18:04:16.517 70063 INFO tempest.lib.common.rest_client [req-0c01bc65-bc8b-47c8-953a-d415538983f9 req-0c01bc65-bc8b-47c8-953a-d415538983f9 ] Request (ValidationResourcesFixture:setUp): 200 POST http://10.180.1.21/compute/v2.1/os-keypairs 1.777s
2025-04-03 18:04:16.530 70083 INFO tempest.lib.common.rest_client [req-36e0b615-fc61-4f9b-a5e3-8cf209191bb8 req-36e0b615-fc61-4f9b-a5e3-8cf209191bb8 ] Request (HostsAdminNegativeTestJSON:test_startup_host_with_non_admin_user): 403 GET http://10.180.1.21/compute/v2.1/os-hosts/devstack/startup 1.778s
2025-04-03 18:04:16.536 70089 INFO tempest.lib.common.rest_client [req-a2f41645-ede3-4a33-bb33-b4937f151e47 req-a2f41645-ede3-4a33-bb33-b4937f151e47 ] Request (ServerPasswordTestJSON:setUpClass): 201 POST http://10.180.1.21/identity/v3/auth/tokens 0.042s
2025-04-03 18:04:16.560 70045 INFO tempest.lib.common.rest_client [req-b0106ac3-d9a2-4397-805c-a19f6b041e57 req-b0106ac3-d9a2-4397-805c-a19f6b041e57 ] Request (ServicesAdminNegativeV253TestJSON:tearDownClass): 200 GET http://10.180.1.21:9696/networking/v2.0/security-groups?tenant_id=165ef70d0a6b41d88554f19900dd878f&name=default 0.142s
2025-04-03 18:04:16.583 70089 INFO tempest.lib.common.rest_client [req-cdc2a7ce-dfe1-4139-98f2-987f90588171 req-cdc2a7ce-dfe1-4139-98f2-987f90588171 ] Request (ServerPasswordTestJSON:setUpClass): 200 GET http://10.180.1.21/identity/v3/domains?name=Default 0.046s
2025-04-03 18:04:16.623 70089 INFO tempest.lib.common.rest_client [req-7b9c3619-fb92-4579-9b72-d0ac7eeea31c req-7b9c3619-fb92-4579-9b72-d0ac7eeea31c ] Request (ServerPasswordTestJSON:setUpClass): 201 POST http://10.180.1.21/identity/v3/projects 0.040s
2025-04-03 18:04:16.639 70051 INFO tempest.lib.common.rest_client [req-3cdcf030-8ad4-41a3-b9c4-b02e3a4162e0 req-3cdcf030-8ad4-41a3-b9c4-b02e3a4162e0 ] Request (ServerActionsTestOtherB:setUpClass): 200 POST http://10.180.1.21/compute/v2.1/os-keypairs 1.956s
2025-04-03 18:04:16.674 70055 INFO tempest.lib.common.rest_client [req-ed0e26a8-993c-4bc1-aeb4-dfa9a6a6c1db req-ed0e26a8-993c-4bc1-aeb4-dfa9a6a6c1db ] Request (FlavorsAccessNegativeTestJSON:test_flavor_non_admin_add): 200 POST http://10.180.1.21/compute/v2.1/flavors 1.836s
2025-04-03 18:04:16.702 70073 INFO tempest.lib.common.rest_client [req-f86d38e6-140d-4df5-a35e-5a3e9aa5b304 req-f86d38e6-140d-4df5-a35e-5a3e9aa5b304 ] Request (FlavorsAccessTestJSON:_run_cleanups): 200 GET http://10.180.1.21/compute/v2.1/flavors/detail 1.853s
2025-04-03 18:04:16.703 70089 INFO tempest.lib.common.rest_client [req-a483b415-d2d5-4709-8090-f997a985ad8a req-a483b415-d2d5-4709-8090-f997a985ad8a ] Request (ServerPasswordTestJSON:setUpClass): 201 POST http://10.180.1.21/identity/v3/users 0.076s
2025-04-03 18:04:16.717 70105 INFO tempest.lib.common.rest_client [req-c89339d5-bbfe-4e51-849b-ca8ac224ccc5 req-c89339d5-bbfe-4e51-849b-ca8ac224ccc5 ] Request (FlavorsV2TestJSON:test_list_flavors_detailed_filter_by_min_ram): 200 GET http://10.180.1.21/compute/v2.1/flavors/42 1.830s
2025-04-03 18:04:16.744 70089 INFO tempest.lib.common.rest_client [req-e28eb328-b53b-48a2-afa9-ee01905fdde8 req-e28eb328-b53b-48a2-afa9-ee01905fdde8 ] Request (ServerPasswordTestJSON:setUpClass): 200 GET http://10.180.1.21/identity/v3/roles 0.040s
2025-04-03 18:04:16.755 70045 INFO tempest.lib.common.rest_client [req-083619ff-1f3f-4a91-8c2c-cedc276cfef5 req-083619ff-1f3f-4a91-8c2c-cedc276cfef5 ] Request (ServicesAdminNegativeV253TestJSON:tearDownClass): 204 DELETE http://10.180.1.21:9696/networking/v2.0/security-groups/d9604bde-34c4-4294-9c8d-389be5646273 0.194s
2025-04-03 18:04:16.760 70063 INFO tempest.lib.common.rest_client [req-78334a9b-9d4e-40db-8964-bf8234998263 req-78334a9b-9d4e-40db-8964-bf8234998263 ] Request (ValidationResourcesFixture:setUp): 201 POST http://10.180.1.21:9696/networking/v2.0/security-groups 0.242s
2025-04-03 18:04:16.786 70079 INFO tempest.lib.common.rest_client [req-78a80d21-96d6-4ac5-aa3f-a1de6ed2add1 req-78a80d21-96d6-4ac5-aa3f-a1de6ed2add1 ] Request (SecurityGroupsTestAdminJSON:_run_cleanups): 202 DELETE http://10.180.1.21/compute/v2.1/os-security-groups/23ab555f-d0ac-4020-8016-34256348a369 2.002s
2025-04-03 18:04:16.801 70051 INFO tempest.lib.common.rest_client [req-79684ce1-f67e-46cb-bdd6-59e824c84c02 req-79684ce1-f67e-46cb-bdd6-59e824c84c02 ] Request (ServerActionsTestOtherB:setUpClass): 201 POST http://10.180.1.21:9696/networking/v2.0/security-groups 0.158s
2025-04-03 18:04:16.802 70089 INFO tempest.lib.common.rest_client [req-d0ad0aba-0f5a-4cfa-9261-9006e27519e0 req-d0ad0aba-0f5a-4cfa-9261-9006e27519e0 ] Request (ServerPasswordTestJSON:setUpClass): 204 PUT http://10.180.1.21/identity/v3/projects/a9679dfa9839440288fdd3a455aab9ef/users/fd20e8cc043b41cd9dd9f19d4dab00e1/roles/b0101b39134246409558379a788dab26 0.057s
2025-04-03 18:04:16.802 70089 INFO tempest.lib.common.dynamic_creds [-] Dynamic test user fd20e8cc043b41cd9dd9f19d4dab00e1 is created with scope project and roles: ['member']
2025-04-03 18:04:16.802 70089 INFO tempest.lib.common.dynamic_creds [-] Acquired dynamic creds: credentials: Credentials: {'domain_id': 'default', 'domain_name': 'Default', 'username': 'tempest-ServerPasswordTestJSON-2106543693-project-member', 'project_domain_id': 'default', 'project_domain_name': 'Default', 'project_id': 'a9679dfa9839440288fdd3a455aab9ef', 'project_name': 'tempest-ServerPasswordTestJSON-2106543693', 'tenant_id': 'a9679dfa9839440288fdd3a455aab9ef', 'tenant_name': 'tempest-ServerPasswordTestJSON-2106543693', 'user_domain_id': 'default', 'user_domain_name': 'Default', 'user_id': 'fd20e8cc043b41cd9dd9f19d4dab00e1', 'system': None}, Network: None, Subnet: None, Router: None
2025-04-03 18:04:16.818 70065 INFO tempest.lib.common.rest_client [req-82ac012e-fca7-411a-8abf-1b17c0f03a01 req-82ac012e-fca7-411a-8abf-1b17c0f03a01 ] Request (ServerActionsTestJSON:setUpClass): 200 GET http://10.180.1.21/compute/v2.1/servers/47b618d1-5850-4994-843d-7fccb7e8ecde 1.817s
2025-04-03 18:04:16.819 70073 INFO tempest.lib.common.rest_client [req-77baa6ad-ef68-4366-85f2-c47a4e267d12 req-77baa6ad-ef68-4366-85f2-c47a4e267d12 ] Request (FlavorsAccessTestJSON:tearDownClass): 204 DELETE http://10.180.1.21/identity/v3/users/3c13a81bf81143faa9846feeddb33f10 0.108s
2025-04-03 18:04:16.860 70062 INFO tempest.lib.common.rest_client [req-cf456f13-d40f-41eb-b8c7-a45861809bbe req-cf456f13-d40f-41eb-b8c7-a45861809bbe ] Request (ListImageFiltersTestJSON:setUpClass): 200 GET http://10.180.1.21/compute/v2.1/images/7192c0e4-5758-4d67-a677-bfc00e2c78cc 1.765s
2025-04-03 18:04:16.883 70089 INFO tempest.lib.common.rest_client [req-19d6e7ce-fa97-44c6-abb9-b791f94ac816 req-19d6e7ce-fa97-44c6-abb9-b791f94ac816 ] Request (ServerPasswordTestJSON:setUpClass): 201 POST http://10.180.1.21/identity/v3/auth/tokens 0.080s
2025-04-03 18:04:16.895 70099 INFO tempest.lib.common.rest_client [req-5640559b-1109-4262-aeeb-94995ec1052f req-5640559b-1109-4262-aeeb-94995ec1052f ] Request (ServerDiagnosticsV248Test:test_get_server_diagnostics): 200 GET http://10.180.1.21/compute/v2.1/servers/14932019-a872-408d-9c83-2a125d37d0e3 1.823s
2025-04-03 18:04:16.947 70045 INFO tempest.lib.common.rest_client [req-024d1a71-388a-4910-a95e-dac9a365e129 req-024d1a71-388a-4910-a95e-dac9a365e129 ] Request (ServicesAdminNegativeV253TestJSON:tearDownClass): 204 DELETE http://10.180.1.21/identity/v3/projects/165ef70d0a6b41d88554f19900dd878f 0.190s
2025-04-03 18:04:16.970 70073 INFO tempest.lib.common.rest_client [req-210042ec-4659-41b0-a7d2-05aca865ef2e req-210042ec-4659-41b0-a7d2-05aca865ef2e ] Request (FlavorsAccessTestJSON:tearDownClass): 204 DELETE http://10.180.1.21/identity/v3/users/622411f2740e46efa33c963a6c987d19 0.151s
2025-04-03 18:04:16.971 70073 INFO tempest.lib.common.dynamic_creds [-] Deleting project and security group for project: 2099f79d133c44b0978a70f16d745ff5
2025-04-03 18:04:17.006 70051 INFO tempest.lib.common.rest_client [req-554712d5-c6f0-43be-b2e6-af6b48349935 req-554712d5-c6f0-43be-b2e6-af6b48349935 ] Request (ServerActionsTestOtherB:setUpClass): 201 POST http://10.180.1.21:9696/networking/v2.0/security-group-rules 0.205s
2025-04-03 18:04:17.011 70063 INFO tempest.lib.common.rest_client [req-6df69d76-6766-4fc8-acea-e80650389fb6 req-6df69d76-6766-4fc8-acea-e80650389fb6 ] Request (ValidationResourcesFixture:setUp): 201 POST http://10.180.1.21:9696/networking/v2.0/security-group-rules 0.250s
2025-04-03 18:04:17.013 70062 INFO tempest.lib.common.rest_client [req-3c55860f-42dc-4275-9cfa-db3189710180 req-3c55860f-42dc-4275-9cfa-db3189710180 ] Request (ListImageFiltersTestJSON:setUpClass): 201 POST http://10.180.1.21/identity/v3/auth/tokens 0.143s
2025-04-03 18:04:17.015 70062 INFO tempest.lib.common.fixed_network [-] (ListImageFiltersTestJSON:setUpClass) Found network None available for tenant
2025-04-03 18:04:17.048 70047 INFO tempest.lib.common.rest_client [req-f5ddc356-43cf-487c-9c36-2635768eedb0 req-f5ddc356-43cf-487c-9c36-2635768eedb0 ] Request (DeleteServersAdminTestJSON:test_admin_delete_servers_of_others): 200 GET http://10.180.1.21/compute/v2.1/servers/d5251a1e-7283-419d-af8e-a91aa9692c70 1.661s
2025-04-03 18:04:17.088 70045 INFO tempest.lib.common.rest_client [req-85be73c2-d68e-4595-8fb0-2e727d28d942 req-85be73c2-d68e-4595-8fb0-2e727d28d942 ] Request (FloatingIPsTestJSON:setUpClass): 201 POST http://10.180.1.21/identity/v3/auth/tokens 0.139s
2025-04-03 18:04:17.115 70051 INFO tempest.lib.common.rest_client [req-36f03d45-923d-4b02-ac56-0a20f6495d66 req-36f03d45-923d-4b02-ac56-0a20f6495d66 ] Request (ServerActionsTestOtherB:setUpClass): 201 POST http://10.180.1.21:9696/networking/v2.0/security-group-rules 0.108s
2025-04-03 18:04:17.119 70073 INFO tempest.lib.common.rest_client [req-9d6025f2-547f-4a6a-82de-bd2a870f0822 req-9d6025f2-547f-4a6a-82de-bd2a870f0822 ] Request (FlavorsAccessTestJSON:tearDownClass): 201 POST http://10.180.1.21/identity/v3/auth/tokens 0.147s
2025-04-03 18:04:17.140 70063 INFO tempest.lib.common.rest_client [req-a4e3ef27-7d31-4403-a79a-8c3008388cbd req-a4e3ef27-7d31-4403-a79a-8c3008388cbd ] Request (ValidationResourcesFixture:setUp): 201 POST http://10.180.1.21:9696/networking/v2.0/security-group-rules 0.128s
2025-04-03 18:04:17.188 70103 INFO tempest.lib.common.rest_client [req-e0bc3d7c-afac-40cf-b729-737638dbaf45 req-e0bc3d7c-afac-40cf-b729-737638dbaf45 ] Request (InstanceUsageAuditLogNegativeTestJSON:test_get_instance_usage_audit_logs_with_invalid_time): 400 GET http://10.180.1.21/compute/v2.1/os-instance_usage_audit_log/invalid_time 1.768s
2025-04-03 18:04:17.208 70045 INFO tempest.lib.common.rest_client [req-8b922dcd-0514-4142-a5e7-b3f3bd396d4a req-8b922dcd-0514-4142-a5e7-b3f3bd396d4a ] Request (FloatingIPsTestJSON:setUpClass): 201 POST http://10.180.1.21/identity/v3/auth/tokens 0.113s
2025-04-03 18:04:17.241 70045 INFO tempest.lib.common.rest_client [req-6703b039-e21e-4ecf-be58-d6b5553b37f1 req-6703b039-e21e-4ecf-be58-d6b5553b37f1 ] Request (FloatingIPsTestJSON:setUpClass): 200 GET http://10.180.1.21/identity/v3/domains?name=Default 0.032s
2025-04-03 18:04:17.261 70085 INFO tempest.lib.common.rest_client [req-5c56d482-25c4-4af5-bd1a-5d0c3d27ccd6 req-5c56d482-25c4-4af5-bd1a-5d0c3d27ccd6 ] Request (QuotasAdminTestV257:test_get_updated_quotas): 200 PUT http://10.180.1.21/compute/v2.1/os-quota-sets/8f3627e60b6444118ae5049488ec1a53?user_id=db7c9718f9a042ab8db948049e21795d 2.139s
2025-04-03 18:04:17.287 70045 INFO tempest.lib.common.rest_client [req-97a8859c-945e-4576-95e2-3571c69325ca req-97a8859c-945e-4576-95e2-3571c69325ca ] Request (FloatingIPsTestJSON:setUpClass): 201 POST http://10.180.1.21/identity/v3/projects 0.046s
2025-04-03 18:04:17.342 70069 INFO tempest.lib.common.rest_client [req-6ee60a94-1e8e-4e40-8f44-8cf45b536403 req-6ee60a94-1e8e-4e40-8f44-8cf45b536403 ] Request (ListServersNegativeTestJSON:setUpClass): 200 GET http://10.180.1.21/compute/v2.1/servers/0168fd78-d6c6-496d-bf90-3fbb76ce44a1 1.850s
2025-04-03 18:04:17.390 70045 INFO tempest.lib.common.rest_client [req-b250f314-01e8-4f26-9881-de91db7ae75d req-b250f314-01e8-4f26-9881-de91db7ae75d ] Request (FloatingIPsTestJSON:setUpClass): 201 POST http://10.180.1.21/identity/v3/users 0.102s
2025-04-03 18:04:17.418 70045 INFO tempest.lib.common.rest_client [req-997971b4-3f2a-4e20-bc91-886ffa516e80 req-997971b4-3f2a-4e20-bc91-886ffa516e80 ] Request (FloatingIPsTestJSON:setUpClass): 200 GET http://10.180.1.21/identity/v3/roles 0.027s
2025-04-03 18:04:17.437 70073 INFO tempest.lib.common.rest_client [req-635ba3d0-0300-441b-8fc2-60ea79677e66 req-635ba3d0-0300-441b-8fc2-60ea79677e66 ] Request (FlavorsAccessTestJSON:tearDownClass): 200 GET http://10.180.1.21:9696/networking/v2.0/security-groups?tenant_id=2099f79d133c44b0978a70f16d745ff5&name=default 0.318s
2025-04-03 18:04:17.459 70045 INFO tempest.lib.common.rest_client [req-4e81e136-2a93-4656-9866-6a6a97a1627e req-4e81e136-2a93-4656-9866-6a6a97a1627e ] Request (FloatingIPsTestJSON:setUpClass): 204 PUT http://10.180.1.21/identity/v3/projects/980eb48ed4184476a6412e78794541f9/users/2d17bf234174424fabeb78b153afb422/roles/b0101b39134246409558379a788dab26 0.041s
2025-04-03 18:04:17.460 70045 INFO tempest.lib.common.dynamic_creds [-] Dynamic test user 2d17bf234174424fabeb78b153afb422 is created with scope project and roles: ['member']
2025-04-03 18:04:17.460 70045 INFO tempest.lib.common.dynamic_creds [-] Acquired dynamic creds: credentials: Credentials: {'domain_id': 'default', 'domain_name': 'Default', 'username': 'tempest-FloatingIPsTestJSON-1588058526-project-member', 'project_domain_id': 'default', 'project_domain_name': 'Default', 'project_id': '980eb48ed4184476a6412e78794541f9', 'project_name': 'tempest-FloatingIPsTestJSON-1588058526', 'tenant_id': '980eb48ed4184476a6412e78794541f9', 'tenant_name': 'tempest-FloatingIPsTestJSON-1588058526', 'user_domain_id': 'default', 'user_domain_name': 'Default', 'user_id': '2d17bf234174424fabeb78b153afb422', 'system': None}, Network: None, Subnet: None, Router: None
2025-04-03 18:04:17.536 70045 INFO tempest.lib.common.rest_client [req-9f918974-892e-4a77-9d08-51e1bcf9f47d req-9f918974-892e-4a77-9d08-51e1bcf9f47d ] Request (FloatingIPsTestJSON:setUpClass): 201 POST http://10.180.1.21/identity/v3/auth/tokens 0.076s
2025-04-03 18:04:17.549 70043 INFO tempest.lib.common.rest_client [req-c19b3382-9339-462d-9234-8ebc8893ef1e req-c19b3382-9339-462d-9234-8ebc8893ef1e ] Request (VolumesAssistedSnapshotsTest:test_volume_assisted_snapshot_create_delete): 200 POST http://10.180.1.21/compute/v2.1/os-keypairs 1.510s
2025-04-03 18:04:17.696 70073 INFO tempest.lib.common.rest_client [req-8cc6347b-3de4-450b-846a-f55240edea60 req-8cc6347b-3de4-450b-846a-f55240edea60 ] Request (FlavorsAccessTestJSON:tearDownClass): 204 DELETE http://10.180.1.21:9696/networking/v2.0/security-groups/ea94ea19-9bbc-4450-aa0b-76f32472e58f 0.258s
2025-04-03 18:04:17.766 70089 INFO tempest.lib.common.rest_client [req-b2adbf1c-8a73-43b4-8039-cc5e78e348bd req-b2adbf1c-8a73-43b4-8039-cc5e78e348bd ] Request (ServerPasswordTestJSON:setUpClass): 201 POST http://10.180.1.21:9696/networking/v2.0/networks 0.882s
2025-04-03 18:04:17.779 70075 INFO tempest.lib.common.rest_client [req-778e4818-80c8-4fa8-af39-6465afd311c7 req-778e4818-80c8-4fa8-af39-6465afd311c7 ] Request (ImagesOneServerNegativeTestJSON:setUpClass): 200 GET http://10.180.1.21/compute/v2.1/servers/e7d54e30-01f8-44c0-9dcb-8ccb5249d74f 1.538s
2025-04-03 18:04:17.795 70073 INFO tempest.lib.common.rest_client [req-baf22d2a-d500-4d1d-9e84-6bccdf329d32 req-baf22d2a-d500-4d1d-9e84-6bccdf329d32 ] Request (FlavorsAccessTestJSON:tearDownClass): 204 DELETE http://10.180.1.21/identity/v3/projects/2099f79d133c44b0978a70f16d745ff5 0.099s
2025-04-03 18:04:17.795 70073 INFO tempest.lib.common.dynamic_creds [-] Deleting project and security group for project: 145b59b1648c471ab509953050f01bc0
2025-04-03 18:04:17.880 70093 INFO tempest.lib.common.rest_client [req-af09f0eb-6a57-455f-9718-35b91aea6048 req-af09f0eb-6a57-455f-9718-35b91aea6048 ] Request (FloatingIPsAssociationTestJSON:setUpClass): 200 GET http://10.180.1.21/compute/v2.1/servers/02af359c-dda8-47f3-b878-99c93dab60ed 1.547s
2025-04-03 18:04:17.886 70077 INFO tempest.lib.common.rest_client [req-9d22cdfd-a903-444e-bb90-1b8970ce19ee req-9d22cdfd-a903-444e-bb90-1b8970ce19ee ] Request (HypervisorAdminNegativeUnderV252Test:test_show_servers_with_non_admin_user): 403 GET http://10.180.1.21/compute/v2.1/os-hypervisors/1/servers 1.530s
2025-04-03 18:04:17.891 70043 INFO tempest.lib.common.rest_client [req-04a8920c-0fed-4ba0-9cfc-b2f93123a12b req-04a8920c-0fed-4ba0-9cfc-b2f93123a12b ] Request (VolumesAssistedSnapshotsTest:test_volume_assisted_snapshot_create_delete): 201 POST http://10.180.1.21:9696/networking/v2.0/security-groups 0.340s
2025-04-03 18:04:17.913 70067 INFO tempest.lib.common.rest_client [req-8afce974-01b7-4f17-bb15-42e059841c5b req-8afce974-01b7-4f17-bb15-42e059841c5b ] Request (AggregatesAdminNegativeTestJSON:_run_cleanups): 200 DELETE http://10.180.1.21/compute/v2.1/os-aggregates/3 1.529s
2025-04-03 18:04:17.932 70053 INFO tempest.lib.common.rest_client [req-00c730ec-f951-4cb1-b87e-0a302345d37b req-00c730ec-f951-4cb1-b87e-0a302345d37b ] Request (FlavorsAdminTestJSON:_run_cleanups): 202 DELETE http://10.180.1.21/compute/v2.1/flavors/e4fc91a6-5bd3-4c87-a700-5790f083997b 1.523s
2025-04-03 18:04:18.100 70073 INFO tempest.lib.common.rest_client [req-5254175b-93b8-49e2-a1e6-4814f66c6cf4 req-5254175b-93b8-49e2-a1e6-4814f66c6cf4 ] Request (FlavorsAccessTestJSON:tearDownClass): 200 GET http://10.180.1.21:9696/networking/v2.0/security-groups?tenant_id=145b59b1648c471ab509953050f01bc0&name=default 0.304s
2025-04-03 18:04:18.174 70087 INFO tempest.lib.common.rest_client [req-38fb4cee-fc80-45dd-a33d-55452019477f req-38fb4cee-fc80-45dd-a33d-55452019477f ] Request (ImagesNegativeTestJSON:test_create_image_from_deleted_server): 202 POST http://10.180.1.21/compute/v2.1/servers 2.708s
2025-04-03 18:04:18.207 70097 INFO tempest.lib.common.rest_client [req-9e131ecd-ebd5-49a6-8a71-9ba7d6a60a89 req-9e131ecd-ebd5-49a6-8a71-9ba7d6a60a89 ] Request (FlavorsV261TestJSON:_run_cleanups): 202 DELETE http://10.180.1.21/compute/v2.1/flavors/955366116 1.727s
2025-04-03 18:04:18.225 70083 INFO tempest.lib.common.rest_client [req-640bf754-5a17-4d64-8935-3b74ee11171d req-640bf754-5a17-4d64-8935-3b74ee11171d ] Request (HostsAdminNegativeTestJSON:test_startup_nonexistent_host): 404 GET http://10.180.1.21/compute/v2.1/os-hosts/nonexistent_hostname/startup 1.693s
2025-04-03 18:04:18.283 70051 INFO tempest.lib.common.rest_client [req-04cc4c48-ac77-4820-a787-a838cff87967 req-04cc4c48-ac77-4820-a787-a838cff87967 ] Request (ServerActionsTestOtherB:setUpClass): 201 POST http://10.180.1.21:9696/networking/v2.0/floatingips 1.167s
2025-04-03 18:04:18.306 70057 INFO tempest.lib.common.rest_client [req-df9d4c6e-bb79-4486-a26b-6b9b83f48413 req-df9d4c6e-bb79-4486-a26b-6b9b83f48413 ] Request (ImagesTestJSON:test_create_image_from_stopped_server): 200 GET http://10.180.1.21/compute/v2.1/servers/268efccf-ff0d-4b65-aaff-7d56844c9fd1 1.839s
2025-04-03 18:04:18.317 70057 INFO tempest.common.waiters [-] State transition "BUILD/spawning" ==> "ACTIVE/None" after 20 second wait
2025-04-03 18:04:18.324 70043 INFO tempest.lib.common.rest_client [req-f37da5f7-bc47-4f18-b970-9f40e8c65b6b req-f37da5f7-bc47-4f18-b970-9f40e8c65b6b ] Request (VolumesAssistedSnapshotsTest:test_volume_assisted_snapshot_create_delete): 201 POST http://10.180.1.21:9696/networking/v2.0/security-group-rules 0.431s
2025-04-03 18:04:18.335 70073 INFO tempest.lib.common.rest_client [req-5b3ce7a7-4016-4e1c-a0f6-169a30e56637 req-5b3ce7a7-4016-4e1c-a0f6-169a30e56637 ] Request (FlavorsAccessTestJSON:tearDownClass): 204 DELETE http://10.180.1.21:9696/networking/v2.0/security-groups/a6c5f3a4-fb58-4c69-bc4c-735bcbadb016 0.235s
2025-04-03 18:04:18.357 70051 INFO tempest.lib.common.rest_client [req-5933d4ab-86ce-48e5-b4cf-bc51aba5c0c0 req-5933d4ab-86ce-48e5-b4cf-bc51aba5c0c0 ] Request (ServerActionsTestOtherB:setUpClass): 201 POST http://10.180.1.21/identity/v3/auth/tokens 0.070s
2025-04-03 18:04:18.357 70051 INFO tempest.lib.common.fixed_network [-] (ServerActionsTestOtherB:setUpClass) Found network {'id': '104ffd41-64c4-4e07-a143-f7a1802f4455', 'name': 'tempest-ServerActionsTestOtherB-312545503-network', 'tenant_id': 'd4b19daba93e49df9c3ad80891a38227', 'admin_state_up': True, 'mtu': 8950, 'status': 'ACTIVE', 'subnets': [], 'shared': False, 'project_id': 'd4b19daba93e49df9c3ad80891a38227', 'port_security_enabled': True, 'router:external': False, 'provider:network_type': 'vlan', 'provider:physical_network': 'default', 'provider:segmentation_id': 921, 'availability_zone_hints': [], 'availability_zones': [], 'ipv4_address_scope': None, 'ipv6_address_scope': None, 'description': '', 'tags': [], 'created_at': '2025-04-03T18:04:09Z', 'updated_at': '2025-04-03T18:04:09Z', 'revision_number': 1} available for tenant
2025-04-03 18:04:18.380 70045 INFO tempest.lib.common.rest_client [req-a6341dc6-2e83-4262-bd6f-05051c554841 req-a6341dc6-2e83-4262-bd6f-05051c554841 ] Request (FloatingIPsTestJSON:setUpClass): 201 POST http://10.180.1.21:9696/networking/v2.0/networks 0.843s
2025-04-03 18:04:18.439 70055 INFO tempest.lib.common.rest_client [req-81b9cf7d-1afc-46df-915d-c2082008ba0d req-81b9cf7d-1afc-46df-915d-c2082008ba0d ] Request (FlavorsAccessNegativeTestJSON:test_flavor_non_admin_add): 403 POST http://10.180.1.21/compute/v2.1/flavors/532090604/action 1.763s
2025-04-03 18:04:18.440 70089 INFO tempest.lib.common.rest_client [req-cb431654-f900-4e08-a829-72aed401cf1c req-cb431654-f900-4e08-a829-72aed401cf1c ] Request (ServerPasswordTestJSON:setUpClass): 201 POST http://10.180.1.21:9696/networking/v2.0/subnets 0.673s
2025-04-03 18:04:18.449 70049 INFO tempest.lib.common.rest_client [req-34e6d6e0-e505-4c62-96b5-8d574f9527a9 req-34e6d6e0-e505-4c62-96b5-8d574f9527a9 ] Request (TenantUsagesTestJSON:setUpClass): 200 GET http://10.180.1.21/compute/v2.1/servers/fbf0c31e-6313-4583-9e15-4bd6d80cb20e 1.797s
2025-04-03 18:04:18.458 70049 INFO tempest.common.waiters [-] State transition "BUILD/networking" ==> "BUILD/spawning" after 14 second wait
2025-04-03 18:04:18.467 70073 INFO tempest.lib.common.rest_client [req-ae444adf-f776-40cd-b62a-3bea792e61b6 req-ae444adf-f776-40cd-b62a-3bea792e61b6 ] Request (FlavorsAccessTestJSON:tearDownClass): 204 DELETE http://10.180.1.21/identity/v3/projects/145b59b1648c471ab509953050f01bc0 0.131s
2025-04-03 18:04:18.470 70105 INFO tempest.lib.common.rest_client [req-d8916239-7d15-4c9c-a1b5-96a3c3776369 req-d8916239-7d15-4c9c-a1b5-96a3c3776369 ] Request (FlavorsV2TestJSON:test_list_flavors_detailed_filter_by_min_ram): 200 GET http://10.180.1.21/compute/v2.1/flavors/detail?minRam=193 1.750s
2025-04-03 18:04:18.503 70043 INFO tempest.lib.common.rest_client [req-768f1287-afc1-4819-91b2-1f943df96db1 req-768f1287-afc1-4819-91b2-1f943df96db1 ] Request (VolumesAssistedSnapshotsTest:test_volume_assisted_snapshot_create_delete): 201 POST http://10.180.1.21:9696/networking/v2.0/security-group-rules 0.179s
2025-04-03 18:04:18.530 70073 INFO tempest.lib.common.rest_client [req-38b84d0c-1264-4622-a625-890dd6fa4c76 req-38b84d0c-1264-4622-a625-890dd6fa4c76 ] Request (AbsoluteLimitsNegativeTestJSON:setUpClass): 201 POST http://10.180.1.21/identity/v3/auth/tokens 0.061s
2025-04-03 18:04:18.542 70071 INFO tempest.lib.common.rest_client [req-a9a248fd-41ad-4720-8c7c-5d92b12eca21 req-a9a248fd-41ad-4720-8c7c-5d92b12eca21 ] Request (ServersV294TestFqdnHostnames:setUpClass): 200 GET http://10.180.1.21/compute/v2.1/servers/31c189a0-9e72-4b16-8638-d7a3385535f8 1.770s
2025-04-03 18:04:18.559 70063 INFO tempest.lib.common.rest_client [req-91d9fa59-87fb-4728-8195-a51463840f32 req-91d9fa59-87fb-4728-8195-a51463840f32 ] Request (ValidationResourcesFixture:setUp): 201 POST http://10.180.1.21:9696/networking/v2.0/floatingips 1.418s
2025-04-03 18:04:18.567 70073 INFO tempest.lib.common.rest_client [req-60ea940a-61de-433b-9ddb-4180af9d8fe9 req-60ea940a-61de-433b-9ddb-4180af9d8fe9 ] Request (AbsoluteLimitsNegativeTestJSON:setUpClass): 201 POST http://10.180.1.21/identity/v3/auth/tokens 0.035s
2025-04-03 18:04:18.595 70073 INFO tempest.lib.common.rest_client [req-1ddc8766-230e-43cf-a213-3b4349b85da2 req-1ddc8766-230e-43cf-a213-3b4349b85da2 ] Request (AbsoluteLimitsNegativeTestJSON:setUpClass): 200 GET http://10.180.1.21/identity/v3/domains?name=Default 0.027s
2025-04-03 18:04:18.626 70063 INFO tempest.lib.common.rest_client [req-5254a569-c1fd-411d-8235-4f679b2bbab1 req-5254a569-c1fd-411d-8235-4f679b2bbab1 ] Request (ServersWithSpecificFlavorTestJSON:test_verify_created_server_ephemeral_disk): 201 POST http://10.180.1.21/identity/v3/auth/tokens 0.065s
2025-04-03 18:04:18.627 70063 INFO tempest.lib.common.fixed_network [-] (ServersWithSpecificFlavorTestJSON:test_verify_created_server_ephemeral_disk) Found network {'id': '5b7f868b-f2c4-43fe-b273-d83dbe8b3b4c', 'name': 'tempest-ServersWithSpecificFlavorTestJSON-1384773970-network', 'tenant_id': '766e549def404d3d82c06cbef8aa8bdb', 'admin_state_up': True, 'mtu': 8950, 'status': 'ACTIVE', 'subnets': [], 'shared': False, 'project_id': '766e549def404d3d82c06cbef8aa8bdb', 'port_security_enabled': True, 'router:external': False, 'provider:network_type': 'vlan', 'provider:physical_network': 'default', 'provider:segmentation_id': 390, 'availability_zone_hints': [], 'availability_zones': [], 'ipv4_address_scope': None, 'ipv6_address_scope': None, 'description': '', 'tags': [], 'created_at': '2025-04-03T18:03:54Z', 'updated_at': '2025-04-03T18:03:54Z', 'revision_number': 1} available for tenant
2025-04-03 18:04:18.631 70073 INFO tempest.lib.common.rest_client [req-305efcb9-6304-40fc-966b-0d66e294d5ad req-305efcb9-6304-40fc-966b-0d66e294d5ad ] Request (AbsoluteLimitsNegativeTestJSON:setUpClass): 201 POST http://10.180.1.21/identity/v3/projects 0.036s
2025-04-03 18:04:18.652 70079 INFO tempest.lib.common.rest_client [req-fde80aa5-0cc9-448a-a92b-4d09270fc75e req-fde80aa5-0cc9-448a-a92b-4d09270fc75e ] Request (SecurityGroupsTestAdminJSON:_run_cleanups): 202 DELETE http://10.180.1.21/compute/v2.1/os-security-groups/40e7a031-9e55-481e-af95-3e02f169b5e0 1.866s
2025-04-03 18:04:18.699 70073 INFO tempest.lib.common.rest_client [req-5505e369-995b-4ba3-974a-4687ae723028 req-5505e369-995b-4ba3-974a-4687ae723028 ] Request (AbsoluteLimitsNegativeTestJSON:setUpClass): 201 POST http://10.180.1.21/identity/v3/users 0.067s
2025-04-03 18:04:18.724 70073 INFO tempest.lib.common.rest_client [req-d48fde6a-11bf-40f9-8fab-7c6899d766e0 req-d48fde6a-11bf-40f9-8fab-7c6899d766e0 ] Request (AbsoluteLimitsNegativeTestJSON:setUpClass): 200 GET http://10.180.1.21/identity/v3/roles 0.024s
2025-04-03 18:04:18.755 70073 INFO tempest.lib.common.rest_client [req-291e14f0-7c2c-441e-a99b-65ba4fd04dec req-291e14f0-7c2c-441e-a99b-65ba4fd04dec ] Request (AbsoluteLimitsNegativeTestJSON:setUpClass): 204 PUT http://10.180.1.21/identity/v3/projects/7aa6c3850a744181aab96618a439582b/users/99ded97a8ebe46d189f706150021e7c0/roles/b0101b39134246409558379a788dab26 0.031s
2025-04-03 18:04:18.756 70073 INFO tempest.lib.common.dynamic_creds [-] Dynamic test user 99ded97a8ebe46d189f706150021e7c0 is created with scope project and roles: ['member']
2025-04-03 18:04:18.756 70073 INFO tempest.lib.common.dynamic_creds [-] Acquired dynamic creds: credentials: Credentials: {'domain_id': 'default', 'domain_name': 'Default', 'username': 'tempest-AbsoluteLimitsNegativeTestJSON-1751575193-project-member', 'project_domain_id': 'default', 'project_domain_name': 'Default', 'project_id': '7aa6c3850a744181aab96618a439582b', 'project_name': 'tempest-AbsoluteLimitsNegativeTestJSON-1751575193', 'tenant_id': '7aa6c3850a744181aab96618a439582b', 'tenant_name': 'tempest-AbsoluteLimitsNegativeTestJSON-1751575193', 'user_domain_id': 'default', 'user_domain_name': 'Default', 'user_id': '99ded97a8ebe46d189f706150021e7c0', 'system': None}, Network: None, Subnet: None, Router: None
2025-04-03 18:04:18.756 70073 INFO tempest.lib.common.dynamic_creds [-] Created isolated network resources for: credentials: Credentials: {'domain_id': 'default', 'domain_name': 'Default', 'username': 'tempest-AbsoluteLimitsNegativeTestJSON-1751575193-project-member', 'project_domain_id': 'default', 'project_domain_name': 'Default', 'project_id': '7aa6c3850a744181aab96618a439582b', 'project_name': 'tempest-AbsoluteLimitsNegativeTestJSON-1751575193', 'tenant_id': '7aa6c3850a744181aab96618a439582b', 'tenant_name': 'tempest-AbsoluteLimitsNegativeTestJSON-1751575193', 'user_domain_id': 'default', 'user_domain_name': 'Default', 'user_id': '99ded97a8ebe46d189f706150021e7c0', 'system': None}, Network: None, Subnet: None, Router: None
2025-04-03 18:04:18.769 70079 INFO tempest.lib.common.rest_client [req-6327fd09-7d6e-471e-bb10-d5f1c4ae0aca req-6327fd09-7d6e-471e-bb10-d5f1c4ae0aca ] Request (SecurityGroupsTestAdminJSON:tearDownClass): 204 DELETE http://10.180.1.21/identity/v3/users/1375d3dfc70245df81c05111c19abb19 0.111s
2025-04-03 18:04:18.899 70073 INFO tempest.lib.common.rest_client [req-f7d5e2ef-284d-4c6a-b981-e39a5c2c240e req-f7d5e2ef-284d-4c6a-b981-e39a5c2c240e ] Request (AbsoluteLimitsNegativeTestJSON:setUpClass): 201 POST http://10.180.1.21/identity/v3/auth/tokens 0.137s
2025-04-03 18:04:18.909 70081 INFO tempest.lib.common.rest_client [req-df6ca839-ff8d-46cf-a9f0-d245ffbeca3f req-df6ca839-ff8d-46cf-a9f0-d245ffbeca3f ] Request (ImagesOneServerTestJSON:setUpClass): 200 GET http://10.180.1.21/compute/v2.1/servers/92c756f0-9577-4004-bcdd-d421a4d52b96 1.819s
2025-04-03 18:04:18.918 70062 INFO tempest.lib.common.rest_client [req-a81a3ebf-e5a8-4fd2-82ae-56c401e263a1 req-a81a3ebf-e5a8-4fd2-82ae-56c401e263a1 ] Request (ListImageFiltersTestJSON:setUpClass): 202 POST http://10.180.1.21/compute/v2.1/servers 1.901s
2025-04-03 18:04:18.929 70045 INFO tempest.lib.common.rest_client [req-4d9d30a4-2210-488d-b519-923af9d24159 req-4d9d30a4-2210-488d-b519-923af9d24159 ] Request (FloatingIPsTestJSON:setUpClass): 201 POST http://10.180.1.21:9696/networking/v2.0/subnets 0.547s
2025-04-03 18:04:18.973 70079 INFO tempest.lib.common.rest_client [req-13618c3d-a64a-4d89-9853-ae1b87d5adac req-13618c3d-a64a-4d89-9853-ae1b87d5adac ] Request (SecurityGroupsTestAdminJSON:tearDownClass): 204 DELETE http://10.180.1.21/identity/v3/users/ed6cfde4e61e41ec92e25b19685e8053 0.204s
2025-04-03 18:04:18.973 70079 INFO tempest.lib.common.dynamic_creds [-] Deleting project and security group for project: 7340f2b5789742c7b1b5356a4cb4786b
2025-04-03 18:04:19.034 70062 INFO tempest.lib.common.rest_client [req-4dcaa27b-cace-43fa-801c-c71ada0315ea req-4dcaa27b-cace-43fa-801c-c71ada0315ea ] Request (ListImageFiltersTestJSON:setUpClass): 201 POST http://10.180.1.21/identity/v3/auth/tokens 0.109s
2025-04-03 18:04:19.034 70062 INFO tempest.lib.common.fixed_network [-] (ListImageFiltersTestJSON:setUpClass) Found network None available for tenant
2025-04-03 18:04:19.092 70079 INFO tempest.lib.common.rest_client [req-28ce0103-8756-402c-993a-d8d66a573c25 req-28ce0103-8756-402c-993a-d8d66a573c25 ] Request (SecurityGroupsTestAdminJSON:tearDownClass): 201 POST http://10.180.1.21/identity/v3/auth/tokens 0.118s
2025-04-03 18:04:19.113 70103 INFO tempest.lib.common.rest_client [req-a2f75438-777b-4f57-b743-a93f966fa415 req-a2f75438-777b-4f57-b743-a93f966fa415 ] Request (InstanceUsageAuditLogNegativeTestJSON:test_instance_usage_audit_logs_with_nonadmin_user): 403 GET http://10.180.1.21/compute/v2.1/os-instance_usage_audit_log 1.924s
2025-04-03 18:04:19.213 70085 INFO tempest.lib.common.rest_client [req-2322e436-0923-4f7a-ae04-ba70c5531343 req-2322e436-0923-4f7a-ae04-ba70c5531343 ] Request (QuotasAdminTestV257:test_get_updated_quotas): 200 GET http://10.180.1.21/compute/v2.1/os-quota-sets/8f3627e60b6444118ae5049488ec1a53?user_id=db7c9718f9a042ab8db948049e21795d 1.951s
2025-04-03 18:04:19.257 70079 INFO tempest.lib.common.rest_client [req-5639b512-2f2c-4be6-a4c7-2ec281c8cfa5 req-5639b512-2f2c-4be6-a4c7-2ec281c8cfa5 ] Request (SecurityGroupsTestAdminJSON:tearDownClass): 200 GET http://10.180.1.21:9696/networking/v2.0/security-groups?tenant_id=7340f2b5789742c7b1b5356a4cb4786b&name=default 0.165s
2025-04-03 18:04:19.265 70059 INFO tempest.lib.common.rest_client [req-304bd70b-d086-46a5-ba93-a17b033eb5b3 req-304bd70b-d086-46a5-ba93-a17b033eb5b3 ] Request (ServerExternalEventsTest:test_create_server_external_events): 200 GET http://10.180.1.21/compute/v2.1/servers/21d471ec-a091-499f-a16c-271c13543502 2.028s
2025-04-03 18:04:19.298 70085 INFO tempest.lib.common.rest_client [req-55ddeaac-045a-4f5e-957b-19eeaab1e4b4 req-55ddeaac-045a-4f5e-957b-19eeaab1e4b4 ] Request (QuotasAdminTestV257:_run_cleanups): 204 DELETE http://10.180.1.21/identity/v3/users/db7c9718f9a042ab8db948049e21795d 0.083s
2025-04-03 18:04:19.368 70095 INFO tempest.lib.common.rest_client [req-99cfc3a1-b7c3-49b0-9dbb-4453eb2cf328 req-99cfc3a1-b7c3-49b0-9dbb-4453eb2cf328 ] Request (MigrationsAdminTest:test_list_migrations_in_flavor_resize_situation): 200 GET http://10.180.1.21/compute/v2.1/servers/0f58f9a2-8d42-44b2-828c-fc96f3615014 1.906s
2025-04-03 18:04:19.406 70085 INFO tempest.lib.common.rest_client [req-5fec9455-3779-46eb-8259-548b4f7a1e8e req-5fec9455-3779-46eb-8259-548b4f7a1e8e ] Request (QuotasAdminTestV257:_run_cleanups): 204 DELETE http://10.180.1.21/identity/v3/projects/8f3627e60b6444118ae5049488ec1a53 0.107s
2025-04-03 18:04:19.467 70101 INFO tempest.lib.common.rest_client [req-58329452-09a6-4122-87d8-b07b4b3f62de req-58329452-09a6-4122-87d8-b07b4b3f62de ] Request (ServerDiagnosticsTest:test_get_server_diagnostics): 200 GET http://10.180.1.21/compute/v2.1/servers/c0109d11-9d58-4c14-bada-e2657998a5be 2.081s
2025-04-03 18:04:19.483 70077 INFO tempest.lib.common.rest_client [req-57d825d8-8147-4587-8145-93c053365e84 req-57d825d8-8147-4587-8145-93c053365e84 ] Request (HypervisorAdminNegativeUnderV252Test:test_show_servers_with_nonexistent_hypervisor): 404 GET http://10.180.1.21/compute/v2.1/os-hypervisors/9e02dc9a-f46c-4afe-9463-be9733c760e7/servers 1.595s
2025-04-03 18:04:19.493 70091 INFO tempest.lib.common.rest_client [req-51dbfc2a-aa5e-4fc8-bf3a-0be5a684b039 req-51dbfc2a-aa5e-4fc8-bf3a-0be5a684b039 ] Request (QuotasAdminTestJSON:test_delete_quota): 200 GET http://10.180.1.21/identity/v3/domains?name=Default 0.066s
2025-04-03 18:04:19.524 70085 INFO tempest.lib.common.rest_client [req-111d2bba-6b92-49e5-aa45-eebb5898b262 req-111d2bba-6b92-49e5-aa45-eebb5898b262 ] Request (QuotasAdminTestV257:tearDownClass): 204 DELETE http://10.180.1.21/identity/v3/users/f75d3cb5d6d64305856e9da8472de0e9 0.116s
2025-04-03 18:04:19.570 70099 INFO tempest.lib.common.rest_client [req-7388290f-1187-4f6b-a529-bbabf4df440f req-7388290f-1187-4f6b-a529-bbabf4df440f ] Request (ServerDiagnosticsV248Test:test_get_server_diagnostics): 200 GET http://10.180.1.21/compute/v2.1/servers/14932019-a872-408d-9c83-2a125d37d0e3 1.662s
2025-04-03 18:04:19.577 70067 INFO tempest.lib.common.rest_client [req-b542e4c2-8ee2-4254-8667-b2dedf34a7c8 req-b542e4c2-8ee2-4254-8667-b2dedf34a7c8 ] Request (AggregatesAdminNegativeTestJSON:test_aggregate_create_aggregate_name_length_exceeds_255): 400 POST http://10.180.1.21/compute/v2.1/os-aggregates 1.662s
2025-04-03 18:04:19.600 70053 INFO tempest.lib.common.rest_client [req-2ac28adb-993e-4bf5-aeb6-58bba9f81d9f req-2ac28adb-993e-4bf5-aeb6-58bba9f81d9f ] Request (FlavorsAdminTestJSON:_run_cleanups): 200 GET http://10.180.1.21/compute/v2.1/flavors/detail 1.667s
2025-04-03 18:04:19.600 70079 INFO tempest.lib.common.rest_client [req-5a7be8b8-8907-4511-9920-7379e27edbca req-5a7be8b8-8907-4511-9920-7379e27edbca ] Request (SecurityGroupsTestAdminJSON:tearDownClass): 204 DELETE http://10.180.1.21:9696/networking/v2.0/security-groups/dde7a1c2-efa3-4993-bbe9-ddbe41e5e180 0.343s
2025-04-03 18:04:19.606 70077 INFO tempest.lib.common.rest_client [req-c1e0d41e-3420-4d6a-ad60-a1b8305417d9 req-c1e0d41e-3420-4d6a-ad60-a1b8305417d9 ] Request (HypervisorAdminNegativeUnderV252Test:tearDownClass): 204 DELETE http://10.180.1.21/identity/v3/users/995417b241da43f398a49c9f93131cec 0.122s
2025-04-03 18:04:19.620 70065 INFO tempest.lib.common.rest_client [req-db3ea067-44b9-4c46-b5cb-403fb1798bf4 req-db3ea067-44b9-4c46-b5cb-403fb1798bf4 ] Request (ServerActionsTestJSON:setUpClass): 200 GET http://10.180.1.21/compute/v2.1/servers/47b618d1-5850-4994-843d-7fccb7e8ecde 1.792s
2025-04-03 18:04:19.629 70091 INFO tempest.lib.common.rest_client [req-07b2bc33-3dae-42e5-8a92-908f7efff2bf req-07b2bc33-3dae-42e5-8a92-908f7efff2bf ] Request (QuotasAdminTestJSON:test_delete_quota): 201 POST http://10.180.1.21/identity/v3/projects 0.136s
2025-04-03 18:04:19.629 70065 INFO tempest.common.waiters [-] State transition "BUILD/None" ==> "BUILD/spawning" after 10 second wait
2025-04-03 18:04:19.711 70079 INFO tempest.lib.common.rest_client [req-bc57301a-1ab7-471f-9b69-4612c93f1ad1 req-bc57301a-1ab7-471f-9b69-4612c93f1ad1 ] Request (SecurityGroupsTestAdminJSON:tearDownClass): 204 DELETE http://10.180.1.21/identity/v3/projects/7340f2b5789742c7b1b5356a4cb4786b 0.110s
2025-04-03 18:04:19.712 70079 INFO tempest.lib.common.dynamic_creds [-] Deleting project and security group for project: c09b8dc3ee624637aea51ad049250232
2025-04-03 18:04:19.733 70047 INFO tempest.lib.common.rest_client [req-ac5dc4c9-11db-4703-9a63-770d00b5183c req-ac5dc4c9-11db-4703-9a63-770d00b5183c ] Request (DeleteServersAdminTestJSON:test_admin_delete_servers_of_others): 200 GET http://10.180.1.21/compute/v2.1/servers/d5251a1e-7283-419d-af8e-a91aa9692c70 1.672s
2025-04-03 18:04:19.747 70085 INFO tempest.lib.common.rest_client [req-739049eb-cc74-4bcc-b5d9-db0dec0758ec req-739049eb-cc74-4bcc-b5d9-db0dec0758ec ] Request (QuotasAdminTestV257:tearDownClass): 204 DELETE http://10.180.1.21/identity/v3/users/1334323985a34374a9a01a9a678d0751 0.222s
2025-04-03 18:04:19.747 70085 INFO tempest.lib.common.dynamic_creds [-] Deleting project and security group for project: d053ed7535d643558fcc75b10838e232
2025-04-03 18:04:19.754 70079 INFO tempest.lib.common.rest_client [req-d635e44e-038c-421f-9c9e-f7a120513e39 req-d635e44e-038c-421f-9c9e-f7a120513e39 ] Request (SecurityGroupsTestAdminJSON:tearDownClass): 200 GET http://10.180.1.21:9696/networking/v2.0/security-groups?tenant_id=c09b8dc3ee624637aea51ad049250232&name=default 0.042s
2025-04-03 18:04:19.755 70097 INFO tempest.lib.common.rest_client [req-7fb87100-76e8-4a20-8a96-79ce28365eb9 req-7fb87100-76e8-4a20-8a96-79ce28365eb9 ] Request (FlavorsV261TestJSON:_run_cleanups): 200 GET http://10.180.1.21/compute/v2.1/flavors/detail 1.548s
2025-04-03 18:04:19.763 70083 INFO tempest.lib.common.rest_client [req-aad7e276-5e0c-4a55-8fee-34f2bdaf8601 req-aad7e276-5e0c-4a55-8fee-34f2bdaf8601 ] Request (HostsAdminNegativeTestJSON:test_update_host_with_invalid_maintenance_mode): 400 PUT http://10.180.1.21/compute/v2.1/os-hosts/devstack 1.537s
2025-04-03 18:04:19.816 70089 INFO tempest.lib.common.rest_client [req-0c6ee13c-be2e-4c31-98ad-64ff872b3107 req-0c6ee13c-be2e-4c31-98ad-64ff872b3107 ] Request (ServerPasswordTestJSON:setUpClass): 201 POST http://10.180.1.21:9696/networking/v2.0/routers 1.376s
2025-04-03 18:04:19.828 70087 INFO tempest.lib.common.rest_client [req-7e57d7d7-6c45-4816-8e7d-c1c4df32aafd req-7e57d7d7-6c45-4816-8e7d-c1c4df32aafd ] Request (ImagesNegativeTestJSON:test_create_image_from_deleted_server): 200 GET http://10.180.1.21/compute/v2.1/servers/07df8754-b54e-47da-b43a-aea7486b93f8 1.649s
2025-04-03 18:04:19.832 70091 INFO tempest.lib.common.rest_client [req-c59747b1-bd61-4d6f-8797-1ec0e31c2fe6 req-c59747b1-bd61-4d6f-8797-1ec0e31c2fe6 ] Request (QuotasAdminTestJSON:test_delete_quota): 200 GET http://10.180.1.21/identity/v3/domains?name=Default 0.201s
2025-04-03 18:04:19.869 70057 INFO tempest.lib.common.rest_client [req-89f4ce07-47a5-47f0-90c1-6957abd1a7c2 req-89f4ce07-47a5-47f0-90c1-6957abd1a7c2 ] Request (ImagesTestJSON:test_create_image_from_stopped_server): 202 POST http://10.180.1.21/compute/v2.1/servers/268efccf-ff0d-4b65-aaff-7d56844c9fd1/action 1.551s
2025-04-03 18:04:19.896 70077 INFO tempest.lib.common.rest_client [req-804ae5af-3f95-458b-a11d-6c3cd1638fc6 req-804ae5af-3f95-458b-a11d-6c3cd1638fc6 ] Request (HypervisorAdminNegativeUnderV252Test:tearDownClass): 204 DELETE http://10.180.1.21/identity/v3/users/6a52072a9f8943a89a59f8fd1a09e697 0.289s
2025-04-03 18:04:19.896 70077 INFO tempest.lib.common.dynamic_creds [-] Deleting project and security group for project: 1416dd6d8b8748a2b90db0341af33cb7
2025-04-03 18:04:19.928 70085 INFO tempest.lib.common.rest_client [req-de6a22f5-f6b9-43db-b802-b217dcef9d15 req-de6a22f5-f6b9-43db-b802-b217dcef9d15 ] Request (QuotasAdminTestV257:tearDownClass): 201 POST http://10.180.1.21/identity/v3/auth/tokens 0.180s
2025-04-03 18:04:19.943 70079 INFO tempest.lib.common.rest_client [req-fe197c83-d2ac-465b-9282-7c060b810afa req-fe197c83-d2ac-465b-9282-7c060b810afa ] Request (SecurityGroupsTestAdminJSON:tearDownClass): 204 DELETE http://10.180.1.21:9696/networking/v2.0/security-groups/5ce6ec44-6ba1-40bd-8c74-cbc9e1bb5bf2 0.189s
2025-04-03 18:04:19.949 70069 INFO tempest.lib.common.rest_client [req-0e074211-9421-4a2c-bf85-92b71f00e209 req-0e074211-9421-4a2c-bf85-92b71f00e209 ] Request (ListServersNegativeTestJSON:setUpClass): 200 GET http://10.180.1.21/compute/v2.1/servers/0168fd78-d6c6-496d-bf90-3fbb76ce44a1 1.597s
2025-04-03 18:04:19.954 70043 INFO tempest.lib.common.rest_client [req-4dd6ca84-8454-4da1-9312-7a11db6839ad req-4dd6ca84-8454-4da1-9312-7a11db6839ad ] Request (VolumesAssistedSnapshotsTest:test_volume_assisted_snapshot_create_delete): 201 POST http://10.180.1.21:9696/networking/v2.0/floatingips 1.450s
2025-04-03 18:04:19.960 70069 INFO tempest.common.waiters [-] State transition "BUILD/None" ==> "BUILD/networking" after 8 second wait
2025-04-03 18:04:19.973 70055 INFO tempest.lib.common.rest_client [req-2d228f61-748f-4f52-8b48-013a65377d71 req-2d228f61-748f-4f52-8b48-013a65377d71 ] Request (FlavorsAccessNegativeTestJSON:_run_cleanups): 202 DELETE http://10.180.1.21/compute/v2.1/flavors/532090604 1.533s
2025-04-03 18:04:19.990 70105 INFO tempest.lib.common.rest_client [req-637e1e3b-16d0-44eb-99cb-288acf478331 req-637e1e3b-16d0-44eb-99cb-288acf478331 ] Request (FlavorsV2TestJSON:test_list_flavors_detailed_limit_results): 200 GET http://10.180.1.21/compute/v2.1/flavors/detail?limit=1 1.513s
2025-04-03 18:04:20.006 70077 INFO tempest.lib.common.rest_client [req-42eb92a2-630a-49c4-bee3-c27b8c80ce33 req-42eb92a2-630a-49c4-bee3-c27b8c80ce33 ] Request (HypervisorAdminNegativeUnderV252Test:tearDownClass): 201 POST http://10.180.1.21/identity/v3/auth/tokens 0.109s
2025-04-03 18:04:20.083 70097 INFO tempest.lib.common.rest_client [req-0e956d78-37a1-4b50-8be4-573c0f75f451 req-0e956d78-37a1-4b50-8be4-573c0f75f451 ] Request (FlavorsV261TestJSON:tearDownClass): 204 DELETE http://10.180.1.21/identity/v3/users/14f26c97888842a3bdd923599f378916 0.315s
2025-04-03 18:04:20.167 70079 INFO tempest.lib.common.rest_client [req-26d3a650-ab2c-498b-959d-96e77905c561 req-26d3a650-ab2c-498b-959d-96e77905c561 ] Request (SecurityGroupsTestAdminJSON:tearDownClass): 204 DELETE http://10.180.1.21/identity/v3/projects/c09b8dc3ee624637aea51ad049250232 0.223s
2025-04-03 18:04:20.168 70079 INFO tempest.test [-] raised in SpiceDirectConsoleTestJSON.setUpClass. Invoking tearDownClass.
2025-04-03 18:04:20.175 70043 INFO tempest.lib.common.rest_client [req-05b9680e-1711-42c6-9564-c0ad98e898a1 req-05b9680e-1711-42c6-9564-c0ad98e898a1 ] Request (VolumesAssistedSnapshotsTest:test_volume_assisted_snapshot_create_delete): 201 POST http://10.180.1.21/identity/v3/auth/tokens 0.211s
2025-04-03 18:04:20.175 70043 INFO tempest.lib.common.fixed_network [-] (VolumesAssistedSnapshotsTest:test_volume_assisted_snapshot_create_delete) Found network {'id': '6a2f955a-2485-440b-996f-2c39b65c8323', 'name': 'tempest-VolumesAssistedSnapshotsTest-927920594-network', 'tenant_id': '670c6bce3a534927919d3508b99193ff', 'admin_state_up': True, 'mtu': 8950, 'status': 'ACTIVE', 'subnets': [], 'shared': False, 'project_id': '670c6bce3a534927919d3508b99193ff', 'port_security_enabled': True, 'router:external': False, 'provider:network_type': 'vlan', 'provider:physical_network': 'default', 'provider:segmentation_id': 734, 'availability_zone_hints': [], 'availability_zones': [], 'ipv4_address_scope': None, 'ipv6_address_scope': None, 'description': '', 'tags': [], 'created_at': '2025-04-03T18:03:53Z', 'updated_at': '2025-04-03T18:03:53Z', 'revision_number': 1} available for tenant
2025-04-03 18:04:20.287 70097 INFO tempest.lib.common.rest_client [req-55fb232e-ea22-4417-9695-92d95a2fcd5e req-55fb232e-ea22-4417-9695-92d95a2fcd5e ] Request (FlavorsV261TestJSON:tearDownClass): 204 DELETE http://10.180.1.21/identity/v3/users/26151ca189a1415eaeedcf438607686b 0.204s
2025-04-03 18:04:20.287 70097 INFO tempest.lib.common.dynamic_creds [-] Deleting project and security group for project: 8436248655d54f4fa2a47084a39f4fb0
2025-04-03 18:04:20.335 70079 INFO tempest.lib.common.rest_client [req-2927826a-a835-40fd-a24f-53f1942517eb req-2927826a-a835-40fd-a24f-53f1942517eb ] Request (ImagesMetadataTestJSON:setUpClass): 201 POST http://10.180.1.21/identity/v3/auth/tokens 0.165s
2025-04-03 18:04:20.372 70085 INFO tempest.lib.common.rest_client [req-a62cce93-fb65-4e48-95c0-8a67f52ef395 req-a62cce93-fb65-4e48-95c0-8a67f52ef395 ] Request (QuotasAdminTestV257:tearDownClass): 200 GET http://10.180.1.21:9696/networking/v2.0/security-groups?tenant_id=d053ed7535d643558fcc75b10838e232&name=default 0.444s
2025-04-03 18:04:20.392 70097 INFO tempest.lib.common.rest_client [req-b3eef86e-09fb-41ed-8b22-d28adecc5af3 req-b3eef86e-09fb-41ed-8b22-d28adecc5af3 ] Request (FlavorsV261TestJSON:tearDownClass): 201 POST http://10.180.1.21/identity/v3/auth/tokens 0.104s
2025-04-03 18:04:20.415 70079 INFO tempest.lib.common.rest_client [req-68fcd777-7a52-452b-9fd5-ac23b37fd396 req-68fcd777-7a52-452b-9fd5-ac23b37fd396 ] Request (ImagesMetadataTestJSON:setUpClass): 201 POST http://10.180.1.21/identity/v3/auth/tokens 0.077s
2025-04-03 18:04:20.452 70079 INFO tempest.lib.common.rest_client [req-39903f39-c80e-40cb-9ee2-7695162f5900 req-39903f39-c80e-40cb-9ee2-7695162f5900 ] Request (ImagesMetadataTestJSON:setUpClass): 200 GET http://10.180.1.21/identity/v3/domains?name=Default 0.036s
2025-04-03 18:04:20.485 70079 INFO tempest.lib.common.rest_client [req-b85160c1-3627-4e63-972b-e6440c21eb0b req-b85160c1-3627-4e63-972b-e6440c21eb0b ] Request (ImagesMetadataTestJSON:setUpClass): 201 POST http://10.180.1.21/identity/v3/projects 0.033s
2025-04-03 18:04:20.543 70051 INFO tempest.lib.common.rest_client [req-31442533-2b29-49ce-971b-421ee6410927 req-31442533-2b29-49ce-971b-421ee6410927 ] Request (ServerActionsTestOtherB:setUpClass): 202 POST http://10.180.1.21/compute/v2.1/servers 2.185s
2025-04-03 18:04:20.559 70085 INFO tempest.lib.common.rest_client [req-7d368f6e-10e0-47f7-9d5d-98ff001ed69f req-7d368f6e-10e0-47f7-9d5d-98ff001ed69f ] Request (QuotasAdminTestV257:tearDownClass): 204 DELETE http://10.180.1.21:9696/networking/v2.0/security-groups/fa368ae0-8683-4f30-bf71-0b1172f19dfe 0.186s
2025-04-03 18:04:20.569 70079 INFO tempest.lib.common.rest_client [req-952ba4bf-7c50-46db-b8f0-215d68a4e93b req-952ba4bf-7c50-46db-b8f0-215d68a4e93b ] Request (ImagesMetadataTestJSON:setUpClass): 201 POST http://10.180.1.21/identity/v3/users 0.083s
2025-04-03 18:04:20.609 70079 INFO tempest.lib.common.rest_client [req-19fdba94-24c0-4c2d-8804-b1deb6643f70 req-19fdba94-24c0-4c2d-8804-b1deb6643f70 ] Request (ImagesMetadataTestJSON:setUpClass): 200 GET http://10.180.1.21/identity/v3/roles 0.039s
2025-04-03 18:04:20.639 70085 INFO tempest.lib.common.rest_client [req-4610c253-cc6f-4f85-96fe-64e7089ed70d req-4610c253-cc6f-4f85-96fe-64e7089ed70d ] Request (QuotasAdminTestV257:tearDownClass): 204 DELETE http://10.180.1.21/identity/v3/projects/d053ed7535d643558fcc75b10838e232 0.079s
2025-04-03 18:04:20.639 70085 INFO tempest.lib.common.dynamic_creds [-] Deleting project and security group for project: ced750c9d3044dfaa2af101e584c6171
