2025-04-03 18:05:23.929 70047 INFO tempest.lib.common.rest_client [req-09648c79-9597-4f72-aae7-34d5dcc37397 req-09648c79-9597-4f72-aae7-34d5dcc37397 ] Request (DeleteServersAdminTestJSON:test_delete_server_while_in_error_state): 200 GET http://10.180.1.21/compute/v2.1/servers/15c0d93d-91e9-49df-b5ae-691abf05cd7d 0.099s
2025-04-03 18:05:23.992 70093 INFO tempest.lib.common.rest_client [req-11ca52f2-b8a5-4f98-a290-37720201f59a req-11ca52f2-b8a5-4f98-a290-37720201f59a ] Request (FloatingIPsAssociationTestJSON:test_associate_already_associated_floating_ip): 200 GET http://10.180.1.21/compute/v2.1/servers/7db7bcc5-a83f-4faf-8576-c29cd26117e8 0.049s
2025-04-03 18:05:24.080 70075 INFO tempest.lib.common.rest_client [req-e4944850-4d9b-48eb-a74b-d39605a8af03 req-e4944850-4d9b-48eb-a74b-d39605a8af03 ] Request (ImagesOneServerNegativeTestJSON:_run_cleanups): 200 GET http://10.180.1.21/compute/v2.1/servers/e7d54e30-01f8-44c0-9dcb-8ccb5249d74f 0.056s
2025-04-03 18:05:24.111 70059 INFO tempest.lib.common.rest_client [req-9d758034-3004-4e7c-acc1-811cabbf2968 req-9d758034-3004-4e7c-acc1-811cabbf2968 ] Request (ServerDiskConfigTestJSON:test_rebuild_server_with_auto_disk_config): 200 GET http://10.180.1.21/compute/v2.1/servers/c2719988-7eaa-44cd-bf9b-d2e94aae2878 0.050s
2025-04-03 18:05:24.129 70101 INFO tempest.lib.common.rest_client [req-3895e782-8361-4851-bce9-e8f84aba1703 req-3895e782-8361-4851-bce9-e8f84aba1703 ] Request (ServersAdminNegativeTestJSON:setUpClass): 200 GET http://10.180.1.21/compute/v2.1/servers/661541b3-dd38-4692-af94-dce06e9cdb7d 0.057s
2025-04-03 18:05:24.195 70087 INFO tempest.lib.common.rest_client [req-9c76706a-052d-4125-b76e-bb5616f80f8b req-9c76706a-052d-4125-b76e-bb5616f80f8b ] Request (ImagesNegativeTestJSON:test_create_image_from_deleted_server): 200 GET http://10.180.1.21/compute/v2.1/servers/07df8754-b54e-47da-b43a-aea7486b93f8 0.055s
2025-04-03 18:05:24.237 70062 INFO tempest.lib.common.rest_client [req-8ae504a3-51ab-4800-bf63-5f4a7840ef91 req-8ae504a3-51ab-4800-bf63-5f4a7840ef91 ] Request (ListImageFiltersTestJSON:setUpClass): 200 GET http://10.180.1.21/compute/v2.1/images/86b358bf-c611-4180-83ea-3bd8c3be1e11 0.035s
2025-04-03 18:05:24.246 70083 INFO tempest.lib.common.rest_client [req-65c49997-f3f1-4884-b339-9afceb5be3d7 req-65c49997-f3f1-4884-b339-9afceb5be3d7 ] Request (AttachInterfacesV270Test:test_create_get_list_interfaces): 200 GET http://10.180.1.21/compute/v2.1/servers/9c9ac9ff-3f87-49ca-9c94-1e1a635bcd34 0.050s
2025-04-03 18:05:24.313 70067 INFO tempest.lib.common.rest_client [req-bdd411a9-adc4-4f38-b1ab-92718fecd16c req-bdd411a9-adc4-4f38-b1ab-92718fecd16c ] Request (ServersAdmin275Test:test_rebuild_update_server_275): 200 GET http://10.180.1.21/compute/v2.1/servers/6b40bd9e-5036-4b89-8eb3-dcf4fcbad807 0.051s
2025-04-03 18:05:24.343 70045 INFO tempest.lib.common.rest_client [req-cd3de771-5f3f-4b9f-a635-1b336007cb7b req-cd3de771-5f3f-4b9f-a635-1b336007cb7b ] Request (InstanceActionsV221TestJSON:test_get_list_deleted_instance_actions): 200 GET http://10.180.1.21/compute/v2.1/servers/b1597ec1-1d62-474d-ac9d-5ffb3cb69b7f 0.049s
2025-04-03 18:05:24.383 70049 INFO tempest.lib.common.rest_client [req-7f0a8302-ecf1-4924-bd20-551bdcb85142 req-7f0a8302-ecf1-4924-bd20-551bdcb85142 ] Request (FloatingIPsAssociationNegativeTestJSON:setUpClass): 200 GET http://10.180.1.21/compute/v2.1/servers/04dcf87e-ecc6-448b-b167-90f89535c268 0.047s
2025-04-03 18:05:24.460 70057 INFO tempest.lib.common.rest_client [req-009735a0-75ec-428f-ada6-f2d2bc6ba54d req-009735a0-75ec-428f-ada6-f2d2bc6ba54d ] Request (ImagesTestJSON:test_create_image_from_suspended_server): 200 GET http://10.180.1.21/compute/v2.1/servers/2e95354b-0ea0-4736-884c-c6b88333f5cc 0.050s
2025-04-03 18:05:24.525 70079 INFO tempest.lib.common.rest_client [req-d345e411-49b0-4718-acb1-867a2ea8e432 req-d345e411-49b0-4718-acb1-867a2ea8e432 ] Request (ServerTagsTestJSON:setUpClass): 200 GET http://10.180.1.21/compute/v2.1/servers/8c5c3c21-9882-4b8b-97c8-ffbff54d6217 0.049s
2025-04-03 18:05:24.550 70085 INFO tempest.lib.common.rest_client [req-2043fc17-5761-4894-806d-c2ede29bbd09 req-2043fc17-5761-4894-806d-c2ede29bbd09 ] Request (ServerDiagnosticsNegativeTest:tearDownClass): 200 GET http://10.180.1.21/compute/v2.1/servers/77539b7e-1405-444a-96e0-fe2c44b24fec 0.093s
2025-04-03 18:05:24.569 70073 INFO tempest.lib.common.rest_client [req-73a963ad-c806-4e5a-9ed4-0a69559955f0 req-73a963ad-c806-4e5a-9ed4-0a69559955f0 ] Request (AttachInterfacesUnderV243Test:test_add_remove_fixed_ip): 200 GET http://10.180.1.21/compute/v2.1/servers/f1233fff-fc73-459f-b232-19c5fea2d879 0.048s
2025-04-03 18:05:24.602 70099 INFO tempest.lib.common.rest_client [req-446325ed-a0ce-4a91-bf20-8115b0f76b52 req-446325ed-a0ce-4a91-bf20-8115b0f76b52 ] Request (ServerDiagnosticsV248Test:tearDownClass): 200 GET http://10.180.1.21/compute/v2.1/servers/14932019-a872-408d-9c83-2a125d37d0e3 0.065s
2025-04-03 18:05:24.624 70055 INFO tempest.lib.common.rest_client [req-e59aadbd-a068-40a5-a6ec-a3009e098eaa req-e59aadbd-a068-40a5-a6ec-a3009e098eaa ] Request (MultipleCreateTestJSON:test_multiple_create): 200 GET http://10.180.1.21/compute/v2.1/servers/5ec0880d-fa12-4bd4-b83b-0d94a943831a 0.046s
2025-04-03 18:05:24.703 70091 INFO tempest.lib.common.rest_client [req-3ff2251d-a9c1-4a58-b604-7d4c24abb874 req-3ff2251d-a9c1-4a58-b604-7d4c24abb874 ] Request (ServersNegativeTestMultiTenantJSON:setUpClass): 200 GET http://10.180.1.21/compute/v2.1/servers/4d356075-9e91-4b99-b2a3-794bd24f5b14 0.052s
2025-04-03 18:05:24.743 70095 INFO tempest.lib.common.rest_client [req-7f849ea4-23cd-46ea-becc-eeb14d6504b0 req-7f849ea4-23cd-46ea-becc-eeb14d6504b0 ] Request (MigrationsAdminTest:test_list_migrations_in_flavor_resize_situation): 200 GET http://10.180.1.21/compute/v2.1/servers/0f58f9a2-8d42-44b2-828c-fc96f3615014 0.087s
2025-04-03 18:05:24.746 70097 INFO tempest.lib.common.rest_client [req-f9a5162a-1963-4a24-9de6-b2c10a60ad23 req-f9a5162a-1963-4a24-9de6-b2c10a60ad23 ] Request (ListServerFiltersTestJSON:setUpClass): 200 GET http://10.180.1.21/compute/v2.1/servers/a41102d1-6d13-438a-82eb-67b4bb7e6ec9 0.044s
2025-04-03 18:05:24.752 70095 INFO tempest.common.waiters [-] State transition "RESIZE/resize_prep" ==> "RESIZE/resize_migrating" after 37 second wait
2025-04-03 18:05:24.796 70069 INFO tempest.lib.common.rest_client [req-a120892b-7dcf-4ac9-928e-0b3fe97057ff req-a120892b-7dcf-4ac9-928e-0b3fe97057ff ] Request (ListServersNegativeTestJSON:tearDownClass): 200 GET http://10.180.1.21/compute/v2.1/servers/da9673e3-cde2-4855-8a17-41fb4346b1e5 0.060s
2025-04-03 18:05:24.803 70069 INFO tempest.common.waiters [-] State transition "ACTIVE/deleting" ==> "DELETED/None" after 4 second wait
2025-04-03 18:05:24.951 70081 INFO tempest.lib.common.rest_client [req-d5291ff6-4d32-44c1-8589-1c6b0c327f07 req-d5291ff6-4d32-44c1-8589-1c6b0c327f07 ] Request (ImagesOneServerTestJSON:tearDownClass): 200 GET http://10.180.1.21/compute/v2.1/servers/92c756f0-9577-4004-bcdd-d421a4d52b96 0.061s
2025-04-03 18:05:24.999 70047 INFO tempest.lib.common.rest_client [req-ca7cb4ba-0c6e-432d-918c-53f39c695302 req-ca7cb4ba-0c6e-432d-918c-53f39c695302 ] Request (DeleteServersAdminTestJSON:test_delete_server_while_in_error_state): 200 GET http://10.180.1.21/compute/v2.1/servers/15c0d93d-91e9-49df-b5ae-691abf05cd7d 0.061s
2025-04-03 18:05:25.032 70089 INFO tempest.lib.common.rest_client [req-62240fc9-9e43-4a24-b547-ea8ad82f1e4b req-62240fc9-9e43-4a24-b547-ea8ad82f1e4b ] Request (ServerPasswordTestJSON:setUpClass): 200 GET http://10.180.1.21/compute/v2.1/servers/41eeaaec-8966-4ffb-bc2e-3267a79f60ee 0.150s
2025-04-03 18:05:25.050 70093 INFO tempest.lib.common.rest_client [req-33720429-c96d-4a57-ae48-0b612445725c req-33720429-c96d-4a57-ae48-0b612445725c ] Request (FloatingIPsAssociationTestJSON:test_associate_already_associated_floating_ip): 200 GET http://10.180.1.21/compute/v2.1/servers/7db7bcc5-a83f-4faf-8576-c29cd26117e8 0.051s
2025-04-03 18:05:25.151 70075 INFO tempest.lib.common.rest_client [req-ddd3ef04-3187-4184-a24f-247a10ed4176 req-ddd3ef04-3187-4184-a24f-247a10ed4176 ] Request (ImagesOneServerNegativeTestJSON:_run_cleanups): 200 GET http://10.180.1.21/compute/v2.1/servers/e7d54e30-01f8-44c0-9dcb-8ccb5249d74f 0.063s
2025-04-03 18:05:25.173 70059 INFO tempest.lib.common.rest_client [req-835fb26d-3d31-4515-a9d2-5cb434985cf2 req-835fb26d-3d31-4515-a9d2-5cb434985cf2 ] Request (ServerDiskConfigTestJSON:test_rebuild_server_with_auto_disk_config): 200 GET http://10.180.1.21/compute/v2.1/servers/c2719988-7eaa-44cd-bf9b-d2e94aae2878 0.054s
2025-04-03 18:05:25.193 70043 WARNING tempest.lib.common.ssh [-] Failed to establish authenticated ssh connection to cirros@10.180.180.191 ([Errno None] Unable to connect to port 22 on 10.180.180.191). Number attempts: 1. Retry after 2 seconds.: paramiko.ssh_exception.NoValidConnectionsError: [Errno None] Unable to connect to port 22 on 10.180.180.191
2025-04-03 18:05:25.228 70101 INFO tempest.lib.common.rest_client [req-542f8ceb-0417-44fa-9783-4f98b7796213 req-542f8ceb-0417-44fa-9783-4f98b7796213 ] Request (ServersAdminNegativeTestJSON:setUpClass): 200 GET http://10.180.1.21/compute/v2.1/servers/661541b3-dd38-4692-af94-dce06e9cdb7d 0.091s
2025-04-03 18:05:25.263 70087 INFO tempest.lib.common.rest_client [req-e1b7e58d-7ab2-4c70-b524-71d8d655e86c req-e1b7e58d-7ab2-4c70-b524-71d8d655e86c ] Request (ImagesNegativeTestJSON:test_create_image_from_deleted_server): 200 GET http://10.180.1.21/compute/v2.1/servers/07df8754-b54e-47da-b43a-aea7486b93f8 0.061s
2025-04-03 18:05:25.296 70062 INFO tempest.lib.common.rest_client [req-dd2b97f7-41b1-4da6-bb19-b747a59bbca3 req-dd2b97f7-41b1-4da6-bb19-b747a59bbca3 ] Request (ListImageFiltersTestJSON:setUpClass): 200 GET http://10.180.1.21/compute/v2.1/images/86b358bf-c611-4180-83ea-3bd8c3be1e11 0.056s
2025-04-03 18:05:25.323 70083 INFO tempest.lib.common.rest_client [req-7db5bb83-f225-4854-abbd-718203b95adb req-7db5bb83-f225-4854-abbd-718203b95adb ] Request (AttachInterfacesV270Test:test_create_get_list_interfaces): 200 GET http://10.180.1.21/compute/v2.1/servers/9c9ac9ff-3f87-49ca-9c94-1e1a635bcd34 0.067s
2025-04-03 18:05:25.382 70067 INFO tempest.lib.common.rest_client [req-c65b506e-dac1-45ce-8251-56205593e494 req-c65b506e-dac1-45ce-8251-56205593e494 ] Request (ServersAdmin275Test:test_rebuild_update_server_275): 200 GET http://10.180.1.21/compute/v2.1/servers/6b40bd9e-5036-4b89-8eb3-dcf4fcbad807 0.059s
2025-04-03 18:05:25.402 70045 INFO tempest.lib.common.rest_client [req-5c35b807-2db6-42eb-8920-0838a93a07d7 req-5c35b807-2db6-42eb-8920-0838a93a07d7 ] Request (InstanceActionsV221TestJSON:test_get_list_deleted_instance_actions): 200 GET http://10.180.1.21/compute/v2.1/servers/b1597ec1-1d62-474d-ac9d-5ffb3cb69b7f 0.051s
2025-04-03 18:05:25.441 70049 INFO tempest.lib.common.rest_client [req-c397f0b9-0aae-4c70-ab28-27eca1f63e93 req-c397f0b9-0aae-4c70-ab28-27eca1f63e93 ] Request (FloatingIPsAssociationNegativeTestJSON:setUpClass): 200 GET http://10.180.1.21/compute/v2.1/servers/04dcf87e-ecc6-448b-b167-90f89535c268 0.050s
2025-04-03 18:05:25.521 70057 INFO tempest.lib.common.rest_client [req-4cdcefc9-ae5e-4a34-b5ef-587080d4562d req-4cdcefc9-ae5e-4a34-b5ef-587080d4562d ] Request (ImagesTestJSON:test_create_image_from_suspended_server): 200 GET http://10.180.1.21/compute/v2.1/servers/2e95354b-0ea0-4736-884c-c6b88333f5cc 0.054s
2025-04-03 18:05:25.592 70079 INFO tempest.lib.common.rest_client [req-2e2ced2a-e1a6-4471-9509-837f385e1ca3 req-2e2ced2a-e1a6-4471-9509-837f385e1ca3 ] Request (ServerTagsTestJSON:setUpClass): 200 GET http://10.180.1.21/compute/v2.1/servers/8c5c3c21-9882-4b8b-97c8-ffbff54d6217 0.057s
2025-04-03 18:05:25.615 70085 INFO tempest.lib.common.rest_client [req-456b1e32-7433-491b-9d06-4eb7295750d9 req-456b1e32-7433-491b-9d06-4eb7295750d9 ] Request (ServerDiagnosticsNegativeTest:tearDownClass): 200 GET http://10.180.1.21/compute/v2.1/servers/77539b7e-1405-444a-96e0-fe2c44b24fec 0.057s
2025-04-03 18:05:25.647 70073 INFO tempest.lib.common.rest_client [req-236ba59c-548e-4e06-9997-63bef222ff64 req-236ba59c-548e-4e06-9997-63bef222ff64 ] Request (AttachInterfacesUnderV243Test:test_add_remove_fixed_ip): 200 GET http://10.180.1.21/compute/v2.1/servers/f1233fff-fc73-459f-b232-19c5fea2d879 0.070s
2025-04-03 18:05:25.679 70099 INFO tempest.lib.common.rest_client [req-2ec9f3d4-df07-4030-aa22-0ebde302afe7 req-2ec9f3d4-df07-4030-aa22-0ebde302afe7 ] Request (ServerDiagnosticsV248Test:tearDownClass): 200 GET http://10.180.1.21/compute/v2.1/servers/14932019-a872-408d-9c83-2a125d37d0e3 0.067s
2025-04-03 18:05:25.697 70055 INFO tempest.lib.common.rest_client [req-40f5c4f9-08e4-447d-af6b-3ff8483aad7c req-40f5c4f9-08e4-447d-af6b-3ff8483aad7c ] Request (MultipleCreateTestJSON:test_multiple_create): 200 GET http://10.180.1.21/compute/v2.1/servers/5ec0880d-fa12-4bd4-b83b-0d94a943831a 0.066s
2025-04-03 18:05:25.767 70091 INFO tempest.lib.common.rest_client [req-6da26d6c-5f9e-4a16-815d-ec061e70bbef req-6da26d6c-5f9e-4a16-815d-ec061e70bbef ] Request (ServersNegativeTestMultiTenantJSON:setUpClass): 200 GET http://10.180.1.21/compute/v2.1/servers/4d356075-9e91-4b99-b2a3-794bd24f5b14 0.056s
2025-04-03 18:05:25.811 70097 INFO tempest.lib.common.rest_client [req-0075d8dd-436a-4cb0-9175-5c8a78533090 req-0075d8dd-436a-4cb0-9175-5c8a78533090 ] Request (ListServerFiltersTestJSON:setUpClass): 200 GET http://10.180.1.21/compute/v2.1/servers/a41102d1-6d13-438a-82eb-67b4bb7e6ec9 0.058s
2025-04-03 18:05:25.864 70071 WARNING tempest.lib.common.ssh [-] Failed to establish authenticated ssh connection to cirros@10.180.180.200 ([Errno None] Unable to connect to port 22 on 10.180.180.200). Number attempts: 5. Retry after 6 seconds.: paramiko.ssh_exception.NoValidConnectionsError: [Errno None] Unable to connect to port 22 on 10.180.180.200
2025-04-03 18:05:25.865 70065 WARNING tempest.lib.common.ssh [-] Failed to establish authenticated ssh connection to cirros@10.180.180.253 ([Errno None] Unable to connect to port 22 on 10.180.180.253). Number attempts: 7. Retry after 8 seconds.: paramiko.ssh_exception.NoValidConnectionsError: [Errno None] Unable to connect to port 22 on 10.180.180.253
2025-04-03 18:05:25.870 70069 INFO tempest.lib.common.rest_client [req-260c80a1-294b-4461-bcbc-e4b7c7d15a79 req-260c80a1-294b-4461-bcbc-e4b7c7d15a79 ] Request (ListServersNegativeTestJSON:tearDownClass): 200 GET http://10.180.1.21/compute/v2.1/servers/da9673e3-cde2-4855-8a17-41fb4346b1e5 0.066s
2025-04-03 18:05:25.900 70095 INFO tempest.lib.common.rest_client [req-8b3c560e-573a-4172-80dc-d81dcaa43ed9 req-8b3c560e-573a-4172-80dc-d81dcaa43ed9 ] Request (MigrationsAdminTest:test_list_migrations_in_flavor_resize_situation): 200 GET http://10.180.1.21/compute/v2.1/servers/0f58f9a2-8d42-44b2-828c-fc96f3615014 0.146s
2025-04-03 18:05:26.035 70081 INFO tempest.lib.common.rest_client [req-496b1894-54b7-4c65-8297-2e8f1fead85c req-496b1894-54b7-4c65-8297-2e8f1fead85c ] Request (ImagesOneServerTestJSON:tearDownClass): 200 GET http://10.180.1.21/compute/v2.1/servers/92c756f0-9577-4004-bcdd-d421a4d52b96 0.076s
2025-04-03 18:05:26.070 70047 INFO tempest.lib.common.rest_client [req-6eb99182-17a3-4b06-844a-ce7c9f90dd97 req-6eb99182-17a3-4b06-844a-ce7c9f90dd97 ] Request (DeleteServersAdminTestJSON:test_delete_server_while_in_error_state): 200 GET http://10.180.1.21/compute/v2.1/servers/15c0d93d-91e9-49df-b5ae-691abf05cd7d 0.062s
2025-04-03 18:05:26.126 70093 INFO tempest.lib.common.rest_client [req-04aeb32f-547f-4b7f-bb7c-eb19e5952cdf req-04aeb32f-547f-4b7f-bb7c-eb19e5952cdf ] Request (FloatingIPsAssociationTestJSON:test_associate_already_associated_floating_ip): 200 GET http://10.180.1.21/compute/v2.1/servers/7db7bcc5-a83f-4faf-8576-c29cd26117e8 0.067s
2025-04-03 18:05:26.156 70089 INFO tempest.lib.common.rest_client [req-deafed66-702e-4128-aad9-3f56556be09d req-deafed66-702e-4128-aad9-3f56556be09d ] Request (ServerPasswordTestJSON:setUpClass): 200 GET http://10.180.1.21/compute/v2.1/servers/41eeaaec-8966-4ffb-bc2e-3267a79f60ee 0.115s
2025-04-03 18:05:26.165 70089 INFO tempest.common.waiters [-] State transition "BUILD/spawning" ==> "ACTIVE/None" after 59 second wait
2025-04-03 18:05:26.223 70075 INFO tempest.lib.common.rest_client [req-8d63da09-e3d2-414a-a091-49e3277a9d7b req-8d63da09-e3d2-414a-a091-49e3277a9d7b ] Request (ImagesOneServerNegativeTestJSON:_run_cleanups): 200 GET http://10.180.1.21/compute/v2.1/servers/e7d54e30-01f8-44c0-9dcb-8ccb5249d74f 0.064s
2025-04-03 18:05:26.238 70089 INFO tempest.lib.common.rest_client [req-6d70e66a-9f30-4f80-a3ad-bdb2f5625143 req-6d70e66a-9f30-4f80-a3ad-bdb2f5625143 ] Request (ServerPasswordTestJSON:test_delete_server_password): 204 DELETE http://10.180.1.21/compute/v2.1/servers/41eeaaec-8966-4ffb-bc2e-3267a79f60ee/os-server-password 0.071s
2025-04-03 18:05:26.282 70059 INFO tempest.lib.common.rest_client [req-29e22a59-6f64-41df-9e88-30033dbf98fc req-29e22a59-6f64-41df-9e88-30033dbf98fc ] Request (ServerDiskConfigTestJSON:test_rebuild_server_with_auto_disk_config): 200 GET http://10.180.1.21/compute/v2.1/servers/c2719988-7eaa-44cd-bf9b-d2e94aae2878 0.099s
2025-04-03 18:05:26.299 70101 INFO tempest.lib.common.rest_client [req-bb54cadf-23e0-4008-bcc1-dc12579876a5 req-bb54cadf-23e0-4008-bcc1-dc12579876a5 ] Request (ServersAdminNegativeTestJSON:setUpClass): 200 GET http://10.180.1.21/compute/v2.1/servers/661541b3-dd38-4692-af94-dce06e9cdb7d 0.063s
2025-04-03 18:05:26.312 70089 INFO tempest.lib.common.rest_client [req-d69ae84d-efa5-446f-a7e3-b83a67189dba req-d69ae84d-efa5-446f-a7e3-b83a67189dba ] Request (ServerPasswordTestJSON:test_get_server_password): 200 GET http://10.180.1.21/compute/v2.1/servers/41eeaaec-8966-4ffb-bc2e-3267a79f60ee/os-server-password 0.067s
2025-04-03 18:05:26.344 70062 INFO tempest.lib.common.rest_client [req-057ebda7-c610-475d-bb0e-7e35fc4b4045 req-057ebda7-c610-475d-bb0e-7e35fc4b4045 ] Request (ListImageFiltersTestJSON:setUpClass): 200 GET http://10.180.1.21/compute/v2.1/images/86b358bf-c611-4180-83ea-3bd8c3be1e11 0.044s
2025-04-03 18:05:26.364 70087 INFO tempest.lib.common.rest_client [req-88bf64ad-3838-4d2f-866f-cd4f26c78f43 req-88bf64ad-3838-4d2f-866f-cd4f26c78f43 ] Request (ImagesNegativeTestJSON:test_create_image_from_deleted_server): 200 GET http://10.180.1.21/compute/v2.1/servers/07df8754-b54e-47da-b43a-aea7486b93f8 0.092s
2025-04-03 18:05:26.416 70089 INFO tempest.lib.common.rest_client [req-8758c2b3-86df-41dc-8311-0183990a2f83 req-8758c2b3-86df-41dc-8311-0183990a2f83 ] Request (ServerPasswordTestJSON:tearDownClass): 204 DELETE http://10.180.1.21/compute/v2.1/servers/41eeaaec-8966-4ffb-bc2e-3267a79f60ee 0.101s
2025-04-03 18:05:26.419 70083 INFO tempest.lib.common.rest_client [req-1a0ec36c-b0a6-49f6-9ebf-f92bdccc36f1 req-1a0ec36c-b0a6-49f6-9ebf-f92bdccc36f1 ] Request (AttachInterfacesV270Test:test_create_get_list_interfaces): 200 GET http://10.180.1.21/compute/v2.1/servers/9c9ac9ff-3f87-49ca-9c94-1e1a635bcd34 0.086s
2025-04-03 18:05:26.471 70045 INFO tempest.lib.common.rest_client [req-eb92d96a-0777-4cdd-921d-6bc5e6d507b0 req-eb92d96a-0777-4cdd-921d-6bc5e6d507b0 ] Request (InstanceActionsV221TestJSON:test_get_list_deleted_instance_actions): 200 GET http://10.180.1.21/compute/v2.1/servers/b1597ec1-1d62-474d-ac9d-5ffb3cb69b7f 0.058s
2025-04-03 18:05:26.474 70067 INFO tempest.lib.common.rest_client [req-7afa5339-5f09-40ff-b4a8-762d15e38d69 req-7afa5339-5f09-40ff-b4a8-762d15e38d69 ] Request (ServersAdmin275Test:test_rebuild_update_server_275): 200 GET http://10.180.1.21/compute/v2.1/servers/6b40bd9e-5036-4b89-8eb3-dcf4fcbad807 0.082s
2025-04-03 18:05:26.525 70049 INFO tempest.lib.common.rest_client [req-de583fd7-51e8-42b4-87af-aabc84904725 req-de583fd7-51e8-42b4-87af-aabc84904725 ] Request (FloatingIPsAssociationNegativeTestJSON:setUpClass): 200 GET http://10.180.1.21/compute/v2.1/servers/04dcf87e-ecc6-448b-b167-90f89535c268 0.076s
2025-04-03 18:05:26.569 70089 INFO tempest.lib.common.rest_client [req-7d7e22c3-bfad-4bab-87d0-f79aec4c2202 req-7d7e22c3-bfad-4bab-87d0-f79aec4c2202 ] Request (ServerPasswordTestJSON:tearDownClass): 200 GET http://10.180.1.21/compute/v2.1/servers/41eeaaec-8966-4ffb-bc2e-3267a79f60ee 0.153s
2025-04-03 18:05:26.582 70057 INFO tempest.lib.common.rest_client [req-c171f3c3-77fb-4bff-83e4-3e4e0179a53c req-c171f3c3-77fb-4bff-83e4-3e4e0179a53c ] Request (ImagesTestJSON:test_create_image_from_suspended_server): 200 GET http://10.180.1.21/compute/v2.1/servers/2e95354b-0ea0-4736-884c-c6b88333f5cc 0.052s
2025-04-03 18:05:26.657 70079 INFO tempest.lib.common.rest_client [req-9bdfbc64-1a2a-441f-8ac1-2099afd9d508 req-9bdfbc64-1a2a-441f-8ac1-2099afd9d508 ] Request (ServerTagsTestJSON:setUpClass): 200 GET http://10.180.1.21/compute/v2.1/servers/8c5c3c21-9882-4b8b-97c8-ffbff54d6217 0.055s
2025-04-03 18:05:26.685 70085 INFO tempest.lib.common.rest_client [req-11107425-1a84-4584-ac3b-ed4b9452f9b7 req-11107425-1a84-4584-ac3b-ed4b9452f9b7 ] Request (ServerDiagnosticsNegativeTest:tearDownClass): 200 GET http://10.180.1.21/compute/v2.1/servers/77539b7e-1405-444a-96e0-fe2c44b24fec 0.061s
2025-04-03 18:05:26.694 70085 INFO tempest.common.waiters [-] State transition "ACTIVE/deleting" ==> "DELETED/None" after 4 second wait
2025-04-03 18:05:26.708 70073 INFO tempest.lib.common.rest_client [req-52fb53c4-c7b1-4b45-8130-dff53c0b509e req-52fb53c4-c7b1-4b45-8130-dff53c0b509e ] Request (AttachInterfacesUnderV243Test:test_add_remove_fixed_ip): 200 GET http://10.180.1.21/compute/v2.1/servers/f1233fff-fc73-459f-b232-19c5fea2d879 0.052s
2025-04-03 18:05:26.757 70099 INFO tempest.lib.common.rest_client [req-78e23d8c-04f1-4637-8eaa-8acba7dd28f6 req-78e23d8c-04f1-4637-8eaa-8acba7dd28f6 ] Request (ServerDiagnosticsV248Test:tearDownClass): 200 GET http://10.180.1.21/compute/v2.1/servers/14932019-a872-408d-9c83-2a125d37d0e3 0.067s
2025-04-03 18:05:26.767 70055 INFO tempest.lib.common.rest_client [req-e74ae479-8186-410b-abcb-c0299b520aa5 req-e74ae479-8186-410b-abcb-c0299b520aa5 ] Request (MultipleCreateTestJSON:test_multiple_create): 200 GET http://10.180.1.21/compute/v2.1/servers/5ec0880d-fa12-4bd4-b83b-0d94a943831a 0.060s
2025-04-03 18:05:26.833 70091 INFO tempest.lib.common.rest_client [req-486fe90f-ba29-46f2-8029-02b5fd9c1ada req-486fe90f-ba29-46f2-8029-02b5fd9c1ada ] Request (ServersNegativeTestMultiTenantJSON:setUpClass): 200 GET http://10.180.1.21/compute/v2.1/servers/4d356075-9e91-4b99-b2a3-794bd24f5b14 0.055s
2025-04-03 18:05:26.882 70097 INFO tempest.lib.common.rest_client [req-a4353dec-e465-46b5-872d-2300d356206c req-a4353dec-e465-46b5-872d-2300d356206c ] Request (ListServerFiltersTestJSON:setUpClass): 200 GET http://10.180.1.21/compute/v2.1/servers/a41102d1-6d13-438a-82eb-67b4bb7e6ec9 0.061s
2025-04-03 18:05:26.940 70069 INFO tempest.lib.common.rest_client [req-6915376b-5d42-48c6-b174-1461eb15a9aa req-6915376b-5d42-48c6-b174-1461eb15a9aa ] Request (ListServersNegativeTestJSON:tearDownClass): 200 GET http://10.180.1.21/compute/v2.1/servers/da9673e3-cde2-4855-8a17-41fb4346b1e5 0.063s
2025-04-03 18:05:26.952 70063 WARNING tempest.lib.common.ssh [-] Failed to establish authenticated ssh connection to cirros@10.180.180.144 ([Errno None] Unable to connect to port 22 on 10.180.180.144). Number attempts: 3. Retry after 4 seconds.: paramiko.ssh_exception.NoValidConnectionsError: [Errno None] Unable to connect to port 22 on 10.180.180.144
2025-04-03 18:05:27.031 70095 INFO tempest.lib.common.rest_client [req-f4d0f642-d744-43a2-a9e7-d73bb4fb1279 req-f4d0f642-d744-43a2-a9e7-d73bb4fb1279 ] Request (MigrationsAdminTest:test_list_migrations_in_flavor_resize_situation): 200 GET http://10.180.1.21/compute/v2.1/servers/0f58f9a2-8d42-44b2-828c-fc96f3615014 0.124s
2025-04-03 18:05:27.105 70081 INFO tempest.lib.common.rest_client [req-cf4d0839-8a7a-4459-b9b2-722948b241f6 req-cf4d0839-8a7a-4459-b9b2-722948b241f6 ] Request (ImagesOneServerTestJSON:tearDownClass): 200 GET http://10.180.1.21/compute/v2.1/servers/92c756f0-9577-4004-bcdd-d421a4d52b96 0.062s
2025-04-03 18:05:27.143 70047 INFO tempest.lib.common.rest_client [req-e7b72992-6703-4c82-ba13-b68babc104bc req-e7b72992-6703-4c82-ba13-b68babc104bc ] Request (DeleteServersAdminTestJSON:test_delete_server_while_in_error_state): 200 GET http://10.180.1.21/compute/v2.1/servers/15c0d93d-91e9-49df-b5ae-691abf05cd7d 0.062s
2025-04-03 18:05:27.214 70093 INFO tempest.lib.common.rest_client [req-5350e8f3-7ec8-43cd-a96b-371233115219 req-5350e8f3-7ec8-43cd-a96b-371233115219 ] Request (FloatingIPsAssociationTestJSON:test_associate_already_associated_floating_ip): 200 GET http://10.180.1.21/compute/v2.1/servers/7db7bcc5-a83f-4faf-8576-c29cd26117e8 0.076s
2025-04-03 18:05:27.313 70075 INFO tempest.lib.common.rest_client [req-56d6fb4a-0d93-4a0c-a7db-062245c9bcd7 req-56d6fb4a-0d93-4a0c-a7db-062245c9bcd7 ] Request (ImagesOneServerNegativeTestJSON:_run_cleanups): 200 GET http://10.180.1.21/compute/v2.1/servers/e7d54e30-01f8-44c0-9dcb-8ccb5249d74f 0.080s
2025-04-03 18:05:27.380 70059 INFO tempest.lib.common.rest_client [req-2d137157-280e-4497-b8ae-447006c074e1 req-2d137157-280e-4497-b8ae-447006c074e1 ] Request (ServerDiskConfigTestJSON:test_rebuild_server_with_auto_disk_config): 200 GET http://10.180.1.21/compute/v2.1/servers/c2719988-7eaa-44cd-bf9b-d2e94aae2878 0.086s
2025-04-03 18:05:27.380 70101 INFO tempest.lib.common.rest_client [req-96789549-9e50-4ddc-92fc-2e34a793dcc4 req-96789549-9e50-4ddc-92fc-2e34a793dcc4 ] Request (ServersAdminNegativeTestJSON:setUpClass): 200 GET http://10.180.1.21/compute/v2.1/servers/661541b3-dd38-4692-af94-dce06e9cdb7d 0.070s
2025-04-03 18:05:27.416 70062 INFO tempest.lib.common.rest_client [req-f0d12fd6-5e18-4967-a5c2-4e54550db102 req-f0d12fd6-5e18-4967-a5c2-4e54550db102 ] Request (ListImageFiltersTestJSON:setUpClass): 200 GET http://10.180.1.21/compute/v2.1/images/86b358bf-c611-4180-83ea-3bd8c3be1e11 0.067s
2025-04-03 18:05:27.445 70087 INFO tempest.lib.common.rest_client [req-b132d8d8-0a66-487f-b900-25b62594e209 req-b132d8d8-0a66-487f-b900-25b62594e209 ] Request (ImagesNegativeTestJSON:test_create_image_from_deleted_server): 200 GET http://10.180.1.21/compute/v2.1/servers/07df8754-b54e-47da-b43a-aea7486b93f8 0.073s
2025-04-03 18:05:27.495 70083 INFO tempest.lib.common.rest_client [req-5c135bb1-f24b-4c97-a70d-921a52c6445b req-5c135bb1-f24b-4c97-a70d-921a52c6445b ] Request (AttachInterfacesV270Test:test_create_get_list_interfaces): 200 GET http://10.180.1.21/compute/v2.1/servers/9c9ac9ff-3f87-49ca-9c94-1e1a635bcd34 0.064s
2025-04-03 18:05:27.537 70045 INFO tempest.lib.common.rest_client [req-2511b704-a12c-473d-80e1-d36f7d345b73 req-2511b704-a12c-473d-80e1-d36f7d345b73 ] Request (InstanceActionsV221TestJSON:test_get_list_deleted_instance_actions): 200 GET http://10.180.1.21/compute/v2.1/servers/b1597ec1-1d62-474d-ac9d-5ffb3cb69b7f 0.057s
2025-04-03 18:05:27.555 70067 INFO tempest.lib.common.rest_client [req-b86a4512-0777-46fc-941e-386e4c5c7f17 req-b86a4512-0777-46fc-941e-386e4c5c7f17 ] Request (ServersAdmin275Test:test_rebuild_update_server_275): 200 GET http://10.180.1.21/compute/v2.1/servers/6b40bd9e-5036-4b89-8eb3-dcf4fcbad807 0.067s
2025-04-03 18:05:27.590 70049 INFO tempest.lib.common.rest_client [req-cdb84d23-0175-43d0-bf8f-3f6b179c65b2 req-cdb84d23-0175-43d0-bf8f-3f6b179c65b2 ] Request (FloatingIPsAssociationNegativeTestJSON:setUpClass): 200 GET http://10.180.1.21/compute/v2.1/servers/04dcf87e-ecc6-448b-b167-90f89535c268 0.054s
2025-04-03 18:05:27.641 70057 INFO tempest.lib.common.rest_client [req-0d17224c-7d4f-4fca-9986-e8b27eff3d3f req-0d17224c-7d4f-4fca-9986-e8b27eff3d3f ] Request (ImagesTestJSON:test_create_image_from_suspended_server): 200 GET http://10.180.1.21/compute/v2.1/servers/2e95354b-0ea0-4736-884c-c6b88333f5cc 0.051s
2025-04-03 18:05:27.677 70089 INFO tempest.lib.common.rest_client [req-8009fffc-b19a-449c-8702-d708184c04c1 req-8009fffc-b19a-449c-8702-d708184c04c1 ] Request (ServerPasswordTestJSON:tearDownClass): 200 GET http://10.180.1.21/compute/v2.1/servers/41eeaaec-8966-4ffb-bc2e-3267a79f60ee 0.100s
2025-04-03 18:05:27.722 70079 INFO tempest.lib.common.rest_client [req-73b4d1cb-5856-4794-8807-a70c3594418c req-73b4d1cb-5856-4794-8807-a70c3594418c ] Request (ServerTagsTestJSON:setUpClass): 200 GET http://10.180.1.21/compute/v2.1/servers/8c5c3c21-9882-4b8b-97c8-ffbff54d6217 0.054s
2025-04-03 18:05:27.768 70073 INFO tempest.lib.common.rest_client [req-ecef92a8-853f-4ba0-9076-40b06e053d0b req-ecef92a8-853f-4ba0-9076-40b06e053d0b ] Request (AttachInterfacesUnderV243Test:test_add_remove_fixed_ip): 200 GET http://10.180.1.21/compute/v2.1/servers/f1233fff-fc73-459f-b232-19c5fea2d879 0.052s
2025-04-03 18:05:27.854 70099 INFO tempest.lib.common.rest_client [req-1c8e24c9-e1c8-4b1c-b405-19ab42922751 req-1c8e24c9-e1c8-4b1c-b405-19ab42922751 ] Request (ServerDiagnosticsV248Test:tearDownClass): 200 GET http://10.180.1.21/compute/v2.1/servers/14932019-a872-408d-9c83-2a125d37d0e3 0.087s
2025-04-03 18:05:27.915 70055 INFO tempest.lib.common.rest_client [req-d0761dce-ac8e-4b70-9500-3de6ba08c0ae req-d0761dce-ac8e-4b70-9500-3de6ba08c0ae ] Request (MultipleCreateTestJSON:test_multiple_create): 200 GET http://10.180.1.21/compute/v2.1/servers/5ec0880d-fa12-4bd4-b83b-0d94a943831a 0.135s
2025-04-03 18:05:27.966 70091 INFO tempest.lib.common.rest_client [req-3b226080-8351-4fdc-ab9f-57e89e7cc5f6 req-3b226080-8351-4fdc-ab9f-57e89e7cc5f6 ] Request (ServersNegativeTestMultiTenantJSON:setUpClass): 200 GET http://10.180.1.21/compute/v2.1/servers/4d356075-9e91-4b99-b2a3-794bd24f5b14 0.122s
2025-04-03 18:05:27.987 70085 INFO tempest.lib.common.rest_client [req-6765246d-5f0e-4c21-83b4-cc40a6554811 req-6765246d-5f0e-4c21-83b4-cc40a6554811 ] Request (ServerDiagnosticsNegativeTest:tearDownClass): 200 GET http://10.180.1.21/compute/v2.1/servers/77539b7e-1405-444a-96e0-fe2c44b24fec 0.292s
2025-04-03 18:05:28.023 70097 INFO tempest.lib.common.rest_client [req-03258d6f-9a97-4bae-bfc3-955afc72b1ab req-03258d6f-9a97-4bae-bfc3-955afc72b1ab ] Request (ListServerFiltersTestJSON:setUpClass): 200 GET http://10.180.1.21/compute/v2.1/servers/a41102d1-6d13-438a-82eb-67b4bb7e6ec9 0.133s
2025-04-03 18:05:28.050 70069 INFO tempest.lib.common.rest_client [req-5027401f-6528-4f06-a7b1-c8753661d4f2 req-5027401f-6528-4f06-a7b1-c8753661d4f2 ] Request (ListServersNegativeTestJSON:tearDownClass): 200 GET http://10.180.1.21/compute/v2.1/servers/da9673e3-cde2-4855-8a17-41fb4346b1e5 0.102s
2025-04-03 18:05:28.139 70095 INFO tempest.lib.common.rest_client [req-901784f0-0ab3-4c82-b056-56aa2f2f8d85 req-901784f0-0ab3-4c82-b056-56aa2f2f8d85 ] Request (MigrationsAdminTest:test_list_migrations_in_flavor_resize_situation): 200 GET http://10.180.1.21/compute/v2.1/servers/0f58f9a2-8d42-44b2-828c-fc96f3615014 0.100s
2025-04-03 18:05:28.184 70081 INFO tempest.lib.common.rest_client [req-6a8f853e-9ab4-4631-83ba-4ead761c5289 req-6a8f853e-9ab4-4631-83ba-4ead761c5289 ] Request (ImagesOneServerTestJSON:tearDownClass): 200 GET http://10.180.1.21/compute/v2.1/servers/92c756f0-9577-4004-bcdd-d421a4d52b96 0.071s
2025-04-03 18:05:28.207 70047 INFO tempest.lib.common.rest_client [req-ff4d8ddb-03a0-437e-ad7b-24972642cf00 req-ff4d8ddb-03a0-437e-ad7b-24972642cf00 ] Request (DeleteServersAdminTestJSON:test_delete_server_while_in_error_state): 200 GET http://10.180.1.21/compute/v2.1/servers/15c0d93d-91e9-49df-b5ae-691abf05cd7d 0.054s
2025-04-03 18:05:28.232 70043 WARNING tempest.lib.common.ssh [-] Failed to establish authenticated ssh connection to cirros@10.180.180.191 ([Errno None] Unable to connect to port 22 on 10.180.180.191). Number attempts: 2. Retry after 3 seconds.: paramiko.ssh_exception.NoValidConnectionsError: [Errno None] Unable to connect to port 22 on 10.180.180.191
2025-04-03 18:05:28.292 70093 INFO tempest.lib.common.rest_client [req-3ef47f2b-23da-49af-98ee-f002051523c7 req-3ef47f2b-23da-49af-98ee-f002051523c7 ] Request (FloatingIPsAssociationTestJSON:test_associate_already_associated_floating_ip): 200 GET http://10.180.1.21/compute/v2.1/servers/7db7bcc5-a83f-4faf-8576-c29cd26117e8 0.058s
2025-04-03 18:05:28.301 70093 INFO tempest.common.waiters [-] State transition "BUILD/scheduling" ==> "BUILD/None" after 28 second wait
2025-04-03 18:05:28.396 70075 INFO tempest.lib.common.rest_client [req-d96b89f1-7da0-4441-85ba-a015cfb6972a req-d96b89f1-7da0-4441-85ba-a015cfb6972a ] Request (ImagesOneServerNegativeTestJSON:_run_cleanups): 200 GET http://10.180.1.21/compute/v2.1/servers/e7d54e30-01f8-44c0-9dcb-8ccb5249d74f 0.071s
2025-04-03 18:05:28.454 70059 INFO tempest.lib.common.rest_client [req-7ac305b4-bf5c-45c2-a95d-c33862fab87c req-7ac305b4-bf5c-45c2-a95d-c33862fab87c ] Request (ServerDiskConfigTestJSON:test_rebuild_server_with_auto_disk_config): 200 GET http://10.180.1.21/compute/v2.1/servers/c2719988-7eaa-44cd-bf9b-d2e94aae2878 0.061s
2025-04-03 18:05:28.455 70101 INFO tempest.lib.common.rest_client [req-6f3a0543-4b93-49f0-adee-e125b8954f24 req-6f3a0543-4b93-49f0-adee-e125b8954f24 ] Request (ServersAdminNegativeTestJSON:setUpClass): 200 GET http://10.180.1.21/compute/v2.1/servers/661541b3-dd38-4692-af94-dce06e9cdb7d 0.066s
2025-04-03 18:05:28.486 70062 INFO tempest.lib.common.rest_client [req-de8a657a-5abf-4646-a3e1-fafd59bb086d req-de8a657a-5abf-4646-a3e1-fafd59bb086d ] Request (ListImageFiltersTestJSON:setUpClass): 200 GET http://10.180.1.21/compute/v2.1/images/86b358bf-c611-4180-83ea-3bd8c3be1e11 0.064s
2025-04-03 18:05:28.532 70087 INFO tempest.lib.common.rest_client [req-efdda841-4068-4ada-8029-de5363b7865c req-efdda841-4068-4ada-8029-de5363b7865c ] Request (ImagesNegativeTestJSON:test_create_image_from_deleted_server): 200 GET http://10.180.1.21/compute/v2.1/servers/07df8754-b54e-47da-b43a-aea7486b93f8 0.076s
2025-04-03 18:05:28.563 70083 INFO tempest.lib.common.rest_client [req-141f217f-7a52-43c8-b261-98238a30e2aa req-141f217f-7a52-43c8-b261-98238a30e2aa ] Request (AttachInterfacesV270Test:test_create_get_list_interfaces): 200 GET http://10.180.1.21/compute/v2.1/servers/9c9ac9ff-3f87-49ca-9c94-1e1a635bcd34 0.057s
2025-04-03 18:05:28.602 70045 INFO tempest.lib.common.rest_client [req-66225cd8-b013-4768-8fca-db4c4159a6de req-66225cd8-b013-4768-8fca-db4c4159a6de ] Request (InstanceActionsV221TestJSON:test_get_list_deleted_instance_actions): 200 GET http://10.180.1.21/compute/v2.1/servers/b1597ec1-1d62-474d-ac9d-5ffb3cb69b7f 0.055s
2025-04-03 18:05:28.620 70067 INFO tempest.lib.common.rest_client [req-f9c732e2-1584-46ee-beba-7cbad1d6b141 req-f9c732e2-1584-46ee-beba-7cbad1d6b141 ] Request (ServersAdmin275Test:test_rebuild_update_server_275): 200 GET http://10.180.1.21/compute/v2.1/servers/6b40bd9e-5036-4b89-8eb3-dcf4fcbad807 0.054s
2025-04-03 18:05:28.650 70049 INFO tempest.lib.common.rest_client [req-85989f02-0750-4f2d-9ad2-edd454aa70e3 req-85989f02-0750-4f2d-9ad2-edd454aa70e3 ] Request (FloatingIPsAssociationNegativeTestJSON:setUpClass): 200 GET http://10.180.1.21/compute/v2.1/servers/04dcf87e-ecc6-448b-b167-90f89535c268 0.050s
2025-04-03 18:05:28.697 70057 INFO tempest.lib.common.rest_client [req-49180089-8597-497e-a869-ad5d32b61de5 req-49180089-8597-497e-a869-ad5d32b61de5 ] Request (ImagesTestJSON:test_create_image_from_suspended_server): 200 GET http://10.180.1.21/compute/v2.1/servers/2e95354b-0ea0-4736-884c-c6b88333f5cc 0.048s
2025-04-03 18:05:28.782 70079 INFO tempest.lib.common.rest_client [req-8a8911e9-949b-4ce8-9dae-25ac73b4490d req-8a8911e9-949b-4ce8-9dae-25ac73b4490d ] Request (ServerTagsTestJSON:setUpClass): 200 GET http://10.180.1.21/compute/v2.1/servers/8c5c3c21-9882-4b8b-97c8-ffbff54d6217 0.048s
2025-04-03 18:05:28.792 70089 INFO tempest.lib.common.rest_client [req-3f790f5e-df3e-41e0-a4db-5a4ccf33a3b0 req-3f790f5e-df3e-41e0-a4db-5a4ccf33a3b0 ] Request (ServerPasswordTestJSON:tearDownClass): 200 GET http://10.180.1.21/compute/v2.1/servers/41eeaaec-8966-4ffb-bc2e-3267a79f60ee 0.107s
2025-04-03 18:05:28.831 70073 INFO tempest.lib.common.rest_client [req-7ff31bc6-d68c-4f12-8b95-5e9bcfc8233b req-7ff31bc6-d68c-4f12-8b95-5e9bcfc8233b ] Request (AttachInterfacesUnderV243Test:test_add_remove_fixed_ip): 200 GET http://10.180.1.21/compute/v2.1/servers/f1233fff-fc73-459f-b232-19c5fea2d879 0.054s
2025-04-03 18:05:28.923 70099 INFO tempest.lib.common.rest_client [req-0c95dee7-36da-4021-9b76-60300971a113 req-0c95dee7-36da-4021-9b76-60300971a113 ] Request (ServerDiagnosticsV248Test:tearDownClass): 200 GET http://10.180.1.21/compute/v2.1/servers/14932019-a872-408d-9c83-2a125d37d0e3 0.059s
2025-04-03 18:05:28.974 70055 INFO tempest.lib.common.rest_client [req-d464ca09-e81c-4a76-a95b-a4b6df9be28f req-d464ca09-e81c-4a76-a95b-a4b6df9be28f ] Request (MultipleCreateTestJSON:test_multiple_create): 200 GET http://10.180.1.21/compute/v2.1/servers/5ec0880d-fa12-4bd4-b83b-0d94a943831a 0.049s
2025-04-03 18:05:29.037 70091 INFO tempest.lib.common.rest_client [req-872401aa-c892-4714-b779-9914f0c5ca22 req-872401aa-c892-4714-b779-9914f0c5ca22 ] Request (ServersNegativeTestMultiTenantJSON:setUpClass): 200 GET http://10.180.1.21/compute/v2.1/servers/4d356075-9e91-4b99-b2a3-794bd24f5b14 0.063s
2025-04-03 18:05:29.059 70085 INFO tempest.lib.common.rest_client [req-d1c95fcc-f60e-496f-91e2-f27d9bbfaf57 req-d1c95fcc-f60e-496f-91e2-f27d9bbfaf57 ] Request (ServerDiagnosticsNegativeTest:tearDownClass): 200 GET http://10.180.1.21/compute/v2.1/servers/77539b7e-1405-444a-96e0-fe2c44b24fec 0.060s
2025-04-03 18:05:29.099 70097 INFO tempest.lib.common.rest_client [req-8fb8de52-dfc9-4509-857f-8b417cdf018f req-8fb8de52-dfc9-4509-857f-8b417cdf018f ] Request (ListServerFiltersTestJSON:setUpClass): 200 GET http://10.180.1.21/compute/v2.1/servers/a41102d1-6d13-438a-82eb-67b4bb7e6ec9 0.067s
2025-04-03 18:05:29.135 70069 INFO tempest.lib.common.rest_client [req-d24c3851-fe18-4036-b935-ef69796188c1 req-d24c3851-fe18-4036-b935-ef69796188c1 ] Request (ListServersNegativeTestJSON:tearDownClass): 200 GET http://10.180.1.21/compute/v2.1/servers/da9673e3-cde2-4855-8a17-41fb4346b1e5 0.075s
2025-04-03 18:05:29.264 70081 INFO tempest.lib.common.rest_client [req-dc0d8735-5d45-4210-a009-1b7def876827 req-dc0d8735-5d45-4210-a009-1b7def876827 ] Request (ImagesOneServerTestJSON:tearDownClass): 200 GET http://10.180.1.21/compute/v2.1/servers/92c756f0-9577-4004-bcdd-d421a4d52b96 0.071s
2025-04-03 18:05:29.308 70095 INFO tempest.lib.common.rest_client [req-dd855204-cf6c-4918-a3e3-79564f34de74 req-dd855204-cf6c-4918-a3e3-79564f34de74 ] Request (MigrationsAdminTest:test_list_migrations_in_flavor_resize_situation): 200 GET http://10.180.1.21/compute/v2.1/servers/0f58f9a2-8d42-44b2-828c-fc96f3615014 0.156s
2025-04-03 18:05:29.311 70047 INFO tempest.lib.common.rest_client [req-34b7bd74-4770-402c-890b-f2e6b6c59598 req-34b7bd74-4770-402c-890b-f2e6b6c59598 ] Request (DeleteServersAdminTestJSON:test_delete_server_while_in_error_state): 200 GET http://10.180.1.21/compute/v2.1/servers/15c0d93d-91e9-49df-b5ae-691abf05cd7d 0.093s
2025-04-03 18:05:29.359 70093 INFO tempest.lib.common.rest_client [req-b32a07a8-7b25-48d8-86ac-e5376b7d3d8b req-b32a07a8-7b25-48d8-86ac-e5376b7d3d8b ] Request (FloatingIPsAssociationTestJSON:test_associate_already_associated_floating_ip): 200 GET http://10.180.1.21/compute/v2.1/servers/7db7bcc5-a83f-4faf-8576-c29cd26117e8 0.057s
2025-04-03 18:05:29.471 70075 INFO tempest.lib.common.rest_client [req-d51b6509-aefd-4394-a8e8-6c77679cb3fe req-d51b6509-aefd-4394-a8e8-6c77679cb3fe ] Request (ImagesOneServerNegativeTestJSON:_run_cleanups): 200 GET http://10.180.1.21/compute/v2.1/servers/e7d54e30-01f8-44c0-9dcb-8ccb5249d74f 0.061s
2025-04-03 18:05:29.515 70059 INFO tempest.lib.common.rest_client [req-49dbdbe7-d21c-4e6c-aad2-a62ee1b893e7 req-49dbdbe7-d21c-4e6c-aad2-a62ee1b893e7 ] Request (ServerDiskConfigTestJSON:test_rebuild_server_with_auto_disk_config): 200 GET http://10.180.1.21/compute/v2.1/servers/c2719988-7eaa-44cd-bf9b-d2e94aae2878 0.051s
2025-04-03 18:05:29.521 70101 INFO tempest.lib.common.rest_client [req-767103ac-1c34-470a-8dde-e76cfedb4dc6 req-767103ac-1c34-470a-8dde-e76cfedb4dc6 ] Request (ServersAdminNegativeTestJSON:setUpClass): 200 GET http://10.180.1.21/compute/v2.1/servers/661541b3-dd38-4692-af94-dce06e9cdb7d 0.054s
2025-04-03 18:05:29.547 70062 INFO tempest.lib.common.rest_client [req-2ffe8b9d-a037-4514-a166-fb6862e21230 req-2ffe8b9d-a037-4514-a166-fb6862e21230 ] Request (ListImageFiltersTestJSON:setUpClass): 200 GET http://10.180.1.21/compute/v2.1/images/86b358bf-c611-4180-83ea-3bd8c3be1e11 0.056s
2025-04-03 18:05:29.609 70087 INFO tempest.lib.common.rest_client [req-af5a1aa7-37a3-421c-94e8-fea45ddda79d req-af5a1aa7-37a3-421c-94e8-fea45ddda79d ] Request (ImagesNegativeTestJSON:test_create_image_from_deleted_server): 200 GET http://10.180.1.21/compute/v2.1/servers/07df8754-b54e-47da-b43a-aea7486b93f8 0.067s
2025-04-03 18:05:29.624 70083 INFO tempest.lib.common.rest_client [req-dd3d99be-b853-4ed1-810f-e0f9ed486d60 req-dd3d99be-b853-4ed1-810f-e0f9ed486d60 ] Request (AttachInterfacesV270Test:test_create_get_list_interfaces): 200 GET http://10.180.1.21/compute/v2.1/servers/9c9ac9ff-3f87-49ca-9c94-1e1a635bcd34 0.050s
2025-04-03 18:05:29.670 70045 INFO tempest.lib.common.rest_client [req-e9fc0d16-1d43-4eee-8f4e-41587b34b00c req-e9fc0d16-1d43-4eee-8f4e-41587b34b00c ] Request (InstanceActionsV221TestJSON:test_get_list_deleted_instance_actions): 200 GET http://10.180.1.21/compute/v2.1/servers/b1597ec1-1d62-474d-ac9d-5ffb3cb69b7f 0.058s
2025-04-03 18:05:29.686 70067 INFO tempest.lib.common.rest_client [req-be4439f7-9402-4998-8324-44909aa17b1f req-be4439f7-9402-4998-8324-44909aa17b1f ] Request (ServersAdmin275Test:test_rebuild_update_server_275): 200 GET http://10.180.1.21/compute/v2.1/servers/6b40bd9e-5036-4b89-8eb3-dcf4fcbad807 0.057s
2025-04-03 18:05:29.724 70049 INFO tempest.lib.common.rest_client [req-e0cf9c16-f587-41eb-9153-bfe5cb4ecbb1 req-e0cf9c16-f587-41eb-9153-bfe5cb4ecbb1 ] Request (FloatingIPsAssociationNegativeTestJSON:setUpClass): 200 GET http://10.180.1.21/compute/v2.1/servers/04dcf87e-ecc6-448b-b167-90f89535c268 0.066s
2025-04-03 18:05:29.764 70057 INFO tempest.lib.common.rest_client [req-64423c53-3c59-453f-963c-7c13b2c7a825 req-64423c53-3c59-453f-963c-7c13b2c7a825 ] Request (ImagesTestJSON:test_create_image_from_suspended_server): 200 GET http://10.180.1.21/compute/v2.1/servers/2e95354b-0ea0-4736-884c-c6b88333f5cc 0.058s
2025-04-03 18:05:29.852 70089 INFO tempest.lib.common.rest_client [req-7790aa5e-1380-4b31-99b3-7dcd847d6d66 req-7790aa5e-1380-4b31-99b3-7dcd847d6d66 ] Request (ServerPasswordTestJSON:tearDownClass): 200 GET http://10.180.1.21/compute/v2.1/servers/41eeaaec-8966-4ffb-bc2e-3267a79f60ee 0.052s
2025-04-03 18:05:29.859 70079 INFO tempest.lib.common.rest_client [req-a22a04db-1c3e-4f48-99c6-e7b0b85a324f req-a22a04db-1c3e-4f48-99c6-e7b0b85a324f ] Request (ServerTagsTestJSON:setUpClass): 200 GET http://10.180.1.21/compute/v2.1/servers/8c5c3c21-9882-4b8b-97c8-ffbff54d6217 0.066s
2025-04-03 18:05:29.912 70073 INFO tempest.lib.common.rest_client [req-1be81f43-228c-4ecf-8ee4-11be0c3d64f4 req-1be81f43-228c-4ecf-8ee4-11be0c3d64f4 ] Request (AttachInterfacesUnderV243Test:test_add_remove_fixed_ip): 200 GET http://10.180.1.21/compute/v2.1/servers/f1233fff-fc73-459f-b232-19c5fea2d879 0.073s
2025-04-03 18:05:29.994 70099 INFO tempest.lib.common.rest_client [req-692e47ca-28e3-485f-a66f-b44fd00f253d req-692e47ca-28e3-485f-a66f-b44fd00f253d ] Request (ServerDiagnosticsV248Test:tearDownClass): 200 GET http://10.180.1.21/compute/v2.1/servers/14932019-a872-408d-9c83-2a125d37d0e3 0.062s
2025-04-03 18:05:30.030 70055 INFO tempest.lib.common.rest_client [req-cca8e7e4-9581-44e3-964b-5317f50c868b req-cca8e7e4-9581-44e3-964b-5317f50c868b ] Request (MultipleCreateTestJSON:test_multiple_create): 200 GET http://10.180.1.21/compute/v2.1/servers/5ec0880d-fa12-4bd4-b83b-0d94a943831a 0.049s
2025-04-03 18:05:30.098 70091 INFO tempest.lib.common.rest_client [req-0c267e5e-a73f-4d5f-9097-20276ea916a9 req-0c267e5e-a73f-4d5f-9097-20276ea916a9 ] Request (ServersNegativeTestMultiTenantJSON:setUpClass): 200 GET http://10.180.1.21/compute/v2.1/servers/4d356075-9e91-4b99-b2a3-794bd24f5b14 0.050s
2025-04-03 18:05:30.123 70085 INFO tempest.lib.common.rest_client [req-e75bb413-706e-4c31-96fa-e06d871cb77c req-e75bb413-706e-4c31-96fa-e06d871cb77c ] Request (ServerDiagnosticsNegativeTest:tearDownClass): 200 GET http://10.180.1.21/compute/v2.1/servers/77539b7e-1405-444a-96e0-fe2c44b24fec 0.056s
2025-04-03 18:05:30.155 70097 INFO tempest.lib.common.rest_client [req-70e6194f-3e47-45be-b31a-1d183ae2dd16 req-70e6194f-3e47-45be-b31a-1d183ae2dd16 ] Request (ListServerFiltersTestJSON:setUpClass): 200 GET http://10.180.1.21/compute/v2.1/servers/a41102d1-6d13-438a-82eb-67b4bb7e6ec9 0.048s
2025-04-03 18:05:30.209 70069 INFO tempest.lib.common.rest_client [req-7ec69e38-67ce-47cd-a403-9d83a6c8e52f req-7ec69e38-67ce-47cd-a403-9d83a6c8e52f ] Request (ListServersNegativeTestJSON:tearDownClass): 200 GET http://10.180.1.21/compute/v2.1/servers/da9673e3-cde2-4855-8a17-41fb4346b1e5 0.064s
2025-04-03 18:05:30.216 70051 WARNING tempest.lib.common.ssh [-] Failed to establish authenticated ssh connection to cirros@10.180.180.181 ([Errno None] Unable to connect to port 22 on 10.180.180.181). Number attempts: 4. Retry after 5 seconds.: paramiko.ssh_exception.NoValidConnectionsError: [Errno None] Unable to connect to port 22 on 10.180.180.181
2025-04-03 18:05:30.330 70081 INFO tempest.lib.common.rest_client [req-d5775bb5-9145-41be-9d47-95c236767c79 req-d5775bb5-9145-41be-9d47-95c236767c79 ] Request (ImagesOneServerTestJSON:tearDownClass): 200 GET http://10.180.1.21/compute/v2.1/servers/92c756f0-9577-4004-bcdd-d421a4d52b96 0.056s
2025-04-03 18:05:30.375 70047 INFO tempest.lib.common.rest_client [req-4ae04c12-776d-4f0d-b725-ee8e2cef7a23 req-4ae04c12-776d-4f0d-b725-ee8e2cef7a23 ] Request (DeleteServersAdminTestJSON:test_delete_server_while_in_error_state): 200 GET http://10.180.1.21/compute/v2.1/servers/15c0d93d-91e9-49df-b5ae-691abf05cd7d 0.056s
2025-04-03 18:05:30.423 70093 INFO tempest.lib.common.rest_client [req-cd13ea56-e3a7-49c9-ab26-c98a28479d0e req-cd13ea56-e3a7-49c9-ab26-c98a28479d0e ] Request (FloatingIPsAssociationTestJSON:test_associate_already_associated_floating_ip): 200 GET http://10.180.1.21/compute/v2.1/servers/7db7bcc5-a83f-4faf-8576-c29cd26117e8 0.057s
2025-04-03 18:05:30.451 70095 INFO tempest.lib.common.rest_client [req-1f7b9c32-79cf-480c-ac32-439b476c20d5 req-1f7b9c32-79cf-480c-ac32-439b476c20d5 ] Request (MigrationsAdminTest:test_list_migrations_in_flavor_resize_situation): 200 GET http://10.180.1.21/compute/v2.1/servers/0f58f9a2-8d42-44b2-828c-fc96f3615014 0.135s
2025-04-03 18:05:30.499 70075 INFO tempest.lib.common.rest_client [req-ec514f24-d561-4797-bec5-088274188fd9 req-ec514f24-d561-4797-bec5-088274188fd9 ] Request (ImagesOneServerNegativeTestJSON:_run_cleanups): 404 GET http://10.180.1.21/compute/v2.1/servers/e7d54e30-01f8-44c0-9dcb-8ccb5249d74f 0.021s
2025-04-03 18:05:30.546 70075 INFO tempest.lib.common.rest_client [req-1d1d7adb-ad07-4560-86d8-3166c4e86f18 req-1d1d7adb-ad07-4560-86d8-3166c4e86f18 ] Request (ImagesOneServerNegativeTestJSON:_run_cleanups): 200 POST http://10.180.1.21/compute/v2.1/os-keypairs 0.045s
2025-04-03 18:05:30.583 70059 INFO tempest.lib.common.rest_client [req-d0850140-0e99-49cc-944f-74414839559c req-d0850140-0e99-49cc-944f-74414839559c ] Request (ServerDiskConfigTestJSON:test_rebuild_server_with_auto_disk_config): 200 GET http://10.180.1.21/compute/v2.1/servers/c2719988-7eaa-44cd-bf9b-d2e94aae2878 0.060s
2025-04-03 18:05:30.597 70101 INFO tempest.lib.common.rest_client [req-0eea397d-7c99-4866-9e02-8258516e7432 req-0eea397d-7c99-4866-9e02-8258516e7432 ] Request (ServersAdminNegativeTestJSON:setUpClass): 200 GET http://10.180.1.21/compute/v2.1/servers/661541b3-dd38-4692-af94-dce06e9cdb7d 0.066s
2025-04-03 18:05:30.625 70062 INFO tempest.lib.common.rest_client [req-18cb533a-d834-4183-8691-2223759ba436 req-18cb533a-d834-4183-8691-2223759ba436 ] Request (ListImageFiltersTestJSON:setUpClass): 200 GET http://10.180.1.21/compute/v2.1/images/86b358bf-c611-4180-83ea-3bd8c3be1e11 0.073s
2025-04-03 18:05:30.656 70075 INFO tempest.lib.common.rest_client [req-2e6fab48-ffbf-40cb-8dce-2200d0f057e5 req-2e6fab48-ffbf-40cb-8dce-2200d0f057e5 ] Request (ImagesOneServerNegativeTestJSON:_run_cleanups): 201 POST http://10.180.1.21:9696/networking/v2.0/security-groups 0.108s
2025-04-03 18:05:30.676 70087 INFO tempest.lib.common.rest_client [req-b58480f6-da9c-4a77-9eb7-44a00c4d525e req-b58480f6-da9c-4a77-9eb7-44a00c4d525e ] Request (ImagesNegativeTestJSON:test_create_image_from_deleted_server): 200 GET http://10.180.1.21/compute/v2.1/servers/07df8754-b54e-47da-b43a-aea7486b93f8 0.058s
2025-04-03 18:05:30.689 70083 INFO tempest.lib.common.rest_client [req-9fbf5fac-692a-4fd8-abb6-4a9ac5ec9c77 req-9fbf5fac-692a-4fd8-abb6-4a9ac5ec9c77 ] Request (AttachInterfacesV270Test:test_create_get_list_interfaces): 200 GET http://10.180.1.21/compute/v2.1/servers/9c9ac9ff-3f87-49ca-9c94-1e1a635bcd34 0.054s
2025-04-03 18:05:30.736 70045 INFO tempest.lib.common.rest_client [req-adba9b39-7c37-46bb-8c9b-ee404391b6b6 req-adba9b39-7c37-46bb-8c9b-ee404391b6b6 ] Request (InstanceActionsV221TestJSON:test_get_list_deleted_instance_actions): 200 GET http://10.180.1.21/compute/v2.1/servers/b1597ec1-1d62-474d-ac9d-5ffb3cb69b7f 0.055s
2025-04-03 18:05:30.765 70075 INFO tempest.lib.common.rest_client [req-19372faa-92f7-435b-bf6e-8f7d3c61e9e4 req-19372faa-92f7-435b-bf6e-8f7d3c61e9e4 ] Request (ImagesOneServerNegativeTestJSON:_run_cleanups): 201 POST http://10.180.1.21:9696/networking/v2.0/security-group-rules 0.109s
2025-04-03 18:05:30.766 70067 INFO tempest.lib.common.rest_client [req-4a1cce71-86ad-40d9-a2e5-09c3547ad8cd req-4a1cce71-86ad-40d9-a2e5-09c3547ad8cd ] Request (ServersAdmin275Test:test_rebuild_update_server_275): 200 GET http://10.180.1.21/compute/v2.1/servers/6b40bd9e-5036-4b89-8eb3-dcf4fcbad807 0.065s
2025-04-03 18:05:30.799 70049 INFO tempest.lib.common.rest_client [req-24d34f03-7789-4cc5-b77c-3df009bf2512 req-24d34f03-7789-4cc5-b77c-3df009bf2512 ] Request (FloatingIPsAssociationNegativeTestJSON:setUpClass): 200 GET http://10.180.1.21/compute/v2.1/servers/04dcf87e-ecc6-448b-b167-90f89535c268 0.065s
