2025-04-03 18:04:08.725 70051 INFO tempest.lib.common.rest_client [req-6857f2a4-5a34-4219-8876-0f7f4eb72060 req-6857f2a4-5a34-4219-8876-0f7f4eb72060 ] Request (ServerActionsTestOtherB:setUpClass): 201 POST http://10.180.1.21/identity/v3/users 0.091s
2025-04-03 18:04:08.731 70085 INFO tempest.lib.common.rest_client [req-dbb05215-7885-4d0e-9b01-234964b41d16 req-dbb05215-7885-4d0e-9b01-234964b41d16 ] Request (QuotasAdminTestV257:setUpClass): 200 GET http://10.180.1.21/identity/v3/roles 0.132s
2025-04-03 18:04:08.732 70101 INFO tempest.lib.common.rest_client [req-c6c15d90-b1db-4229-966a-804120f6159d req-c6c15d90-b1db-4229-966a-804120f6159d ] Request (ServerDiagnosticsTest:test_get_server_diagnostics): 200 GET http://10.180.1.21/compute/v2.1/servers/c0109d11-9d58-4c14-bada-e2657998a5be 1.949s
2025-04-03 18:04:08.759 70051 INFO tempest.lib.common.rest_client [req-3e47417d-079d-48ee-afca-0e8046e65173 req-3e47417d-079d-48ee-afca-0e8046e65173 ] Request (ServerActionsTestOtherB:setUpClass): 200 GET http://10.180.1.21/identity/v3/roles 0.034s
2025-04-03 18:04:08.796 70085 INFO tempest.lib.common.rest_client [req-7824ac63-1ca5-441a-a0b9-e117caa259fc req-7824ac63-1ca5-441a-a0b9-e117caa259fc ] Request (QuotasAdminTestV257:setUpClass): 204 PUT http://10.180.1.21/identity/v3/projects/d053ed7535d643558fcc75b10838e232/users/f75d3cb5d6d64305856e9da8472de0e9/roles/b0101b39134246409558379a788dab26 0.065s
2025-04-03 18:04:08.797 70085 INFO tempest.lib.common.dynamic_creds [-] Dynamic test user f75d3cb5d6d64305856e9da8472de0e9 is created with scope project and roles: ['member']
2025-04-03 18:04:08.797 70085 INFO tempest.lib.common.dynamic_creds [-] Acquired dynamic creds: credentials: Credentials: {'domain_id': 'default', 'domain_name': 'Default', 'username': 'tempest-QuotasAdminTestV257-1727014697-project-member', 'project_domain_id': 'default', 'project_domain_name': 'Default', 'project_id': 'd053ed7535d643558fcc75b10838e232', 'project_name': 'tempest-QuotasAdminTestV257-1727014697', 'tenant_id': 'd053ed7535d643558fcc75b10838e232', 'tenant_name': 'tempest-QuotasAdminTestV257-1727014697', 'user_domain_id': 'default', 'user_domain_name': 'Default', 'user_id': 'f75d3cb5d6d64305856e9da8472de0e9', 'system': None}, Network: None, Subnet: None, Router: None
2025-04-03 18:04:08.797 70085 INFO tempest.lib.common.dynamic_creds [-] Created isolated network resources for: credentials: Credentials: {'domain_id': 'default', 'domain_name': 'Default', 'username': 'tempest-QuotasAdminTestV257-1727014697-project-member', 'project_domain_id': 'default', 'project_domain_name': 'Default', 'project_id': 'd053ed7535d643558fcc75b10838e232', 'project_name': 'tempest-QuotasAdminTestV257-1727014697', 'tenant_id': 'd053ed7535d643558fcc75b10838e232', 'tenant_name': 'tempest-QuotasAdminTestV257-1727014697', 'user_domain_id': 'default', 'user_domain_name': 'Default', 'user_id': 'f75d3cb5d6d64305856e9da8472de0e9', 'system': None}, Network: None, Subnet: None, Router: None
2025-04-03 18:04:08.848 70089 INFO tempest.lib.common.rest_client [req-0fc9453a-91d9-42d2-b635-461de2f183ed req-0fc9453a-91d9-42d2-b635-461de2f183ed ] Request (TenantUsagesNegativeTestJSON:setUpClass): 201 POST http://10.180.1.21/identity/v3/auth/tokens 0.192s
2025-04-03 18:04:08.862 70077 INFO tempest.lib.common.rest_client [req-8f6f1f10-7b07-4521-99c4-57301f53ff1c req-8f6f1f10-7b07-4521-99c4-57301f53ff1c ] Request (HypervisorAdminUnderV252Test:tearDownClass): 200 GET http://10.180.1.21:9696/networking/v2.0/security-groups?tenant_id=8864790d3557493aa540cd8644803097&name=default 0.592s
2025-04-03 18:04:08.886 70051 INFO tempest.lib.common.rest_client [req-e6d72f15-fc9b-4eed-9e8b-bd0679fd58eb req-e6d72f15-fc9b-4eed-9e8b-bd0679fd58eb ] Request (ServerActionsTestOtherB:setUpClass): 204 PUT http://10.180.1.21/identity/v3/projects/d4b19daba93e49df9c3ad80891a38227/users/b5fd7c78d0744871ae74876b829e1821/roles/b0101b39134246409558379a788dab26 0.126s
2025-04-03 18:04:08.887 70051 INFO tempest.lib.common.dynamic_creds [-] Dynamic test user b5fd7c78d0744871ae74876b829e1821 is created with scope project and roles: ['member']
2025-04-03 18:04:08.887 70051 INFO tempest.lib.common.dynamic_creds [-] Acquired dynamic creds: credentials: Credentials: {'domain_id': 'default', 'domain_name': 'Default', 'username': 'tempest-ServerActionsTestOtherB-223049442-project-member', 'project_domain_id': 'default', 'project_domain_name': 'Default', 'project_id': 'd4b19daba93e49df9c3ad80891a38227', 'project_name': 'tempest-ServerActionsTestOtherB-223049442', 'tenant_id': 'd4b19daba93e49df9c3ad80891a38227', 'tenant_name': 'tempest-ServerActionsTestOtherB-223049442', 'user_domain_id': 'default', 'user_domain_name': 'Default', 'user_id': 'b5fd7c78d0744871ae74876b829e1821', 'system': None}, Network: None, Subnet: None, Router: None
2025-04-03 18:04:08.943 70085 INFO tempest.lib.common.rest_client [req-f3b12079-ed60-4e53-8028-a1b864eb3a50 req-f3b12079-ed60-4e53-8028-a1b864eb3a50 ] Request (QuotasAdminTestV257:setUpClass): 201 POST http://10.180.1.21/identity/v3/auth/tokens 0.140s
2025-04-03 18:04:08.955 70089 INFO tempest.lib.common.rest_client [req-e4a1e32d-ca24-4c1f-81b3-e0bc3f79343f req-e4a1e32d-ca24-4c1f-81b3-e0bc3f79343f ] Request (TenantUsagesNegativeTestJSON:setUpClass): 201 POST http://10.180.1.21/identity/v3/projects 0.106s
2025-04-03 18:04:09.003 70051 INFO tempest.lib.common.rest_client [req-d152056f-f65f-474d-95ee-c36df3c00797 req-d152056f-f65f-474d-95ee-c36df3c00797 ] Request (ServerActionsTestOtherB:setUpClass): 201 POST http://10.180.1.21/identity/v3/auth/tokens 0.115s
2025-04-03 18:04:09.011 70085 INFO tempest.lib.common.rest_client [req-3503dddf-1629-44eb-83a4-e5424fcaebf5 req-3503dddf-1629-44eb-83a4-e5424fcaebf5 ] Request (QuotasAdminTestV257:setUpClass): 201 POST http://10.180.1.21/identity/v3/projects 0.067s
2025-04-03 18:04:09.030 70089 INFO tempest.lib.common.rest_client [req-d7e125a0-0d96-476d-bdd2-1753cb904628 req-d7e125a0-0d96-476d-bdd2-1753cb904628 ] Request (TenantUsagesNegativeTestJSON:setUpClass): 201 POST http://10.180.1.21/identity/v3/users 0.074s
2025-04-03 18:04:09.035 70087 INFO tempest.lib.common.rest_client [req-6d41c2f0-c8f6-401f-9907-49628d60187c req-6d41c2f0-c8f6-401f-9907-49628d60187c ] Request (ImagesNegativeTestJSON:setUpClass): 201 POST http://10.180.1.21:9696/networking/v2.0/networks 0.684s
2025-04-03 18:04:09.070 70085 INFO tempest.lib.common.rest_client [req-55ae3cda-df71-46d8-b36f-0ee2ff4c0dc3 req-55ae3cda-df71-46d8-b36f-0ee2ff4c0dc3 ] Request (QuotasAdminTestV257:setUpClass): 201 POST http://10.180.1.21/identity/v3/users 0.059s
2025-04-03 18:04:09.077 70047 INFO tempest.lib.common.rest_client [req-0bbba38e-7efa-4112-87ed-4ce19c59f4f6 req-0bbba38e-7efa-4112-87ed-4ce19c59f4f6 ] Request (DeleteServersAdminTestJSON:test_admin_delete_servers_of_others): 200 GET http://10.180.1.21/compute/v2.1/servers/d5251a1e-7283-419d-af8e-a91aa9692c70 2.230s
2025-04-03 18:04:09.091 70089 INFO tempest.lib.common.rest_client [req-cfadcd8a-5e62-4199-b624-d35c1564ae75 req-cfadcd8a-5e62-4199-b624-d35c1564ae75 ] Request (TenantUsagesNegativeTestJSON:setUpClass): 200 GET http://10.180.1.21/identity/v3/roles 0.061s
2025-04-03 18:04:09.092 70047 INFO tempest.common.waiters [-] State transition "BUILD/networking" ==> "BUILD/spawning" after 9 second wait
2025-04-03 18:04:09.101 70073 INFO tempest.lib.common.rest_client [req-6dcc8658-251f-4658-8aa8-e095f288b993 req-6dcc8658-251f-4658-8aa8-e095f288b993 ] Request (FlavorsAccessTestJSON:_run_cleanups): 202 DELETE http://10.180.1.21/compute/v2.1/flavors/307698927 2.090s
2025-04-03 18:04:09.114 70085 INFO tempest.lib.common.rest_client [req-65fd38b4-76db-47b9-9754-22ab2bd61dcf req-65fd38b4-76db-47b9-9754-22ab2bd61dcf ] Request (QuotasAdminTestV257:setUpClass): 200 GET http://10.180.1.21/identity/v3/roles 0.044s
2025-04-03 18:04:09.139 70089 INFO tempest.lib.common.rest_client [req-e0dcd2df-5230-4980-9f5c-f975dc12bd0a req-e0dcd2df-5230-4980-9f5c-f975dc12bd0a ] Request (TenantUsagesNegativeTestJSON:setUpClass): 204 PUT http://10.180.1.21/identity/v3/projects/5662d443e7684467b70f77b1af0873d8/users/23dd49504f784eba8434b84c36933d14/roles/70fdd8fc9535474bba22e881226a288a 0.047s
2025-04-03 18:04:09.192 70077 INFO tempest.lib.common.rest_client [req-95076515-85b5-4be7-92a8-42f2b1ebae53 req-95076515-85b5-4be7-92a8-42f2b1ebae53 ] Request (HypervisorAdminUnderV252Test:tearDownClass): 204 DELETE http://10.180.1.21:9696/networking/v2.0/security-groups/f4f2ff0c-c14d-4e20-8a65-fe8913bbf455 0.328s
2025-04-03 18:04:09.196 70085 INFO tempest.lib.common.rest_client [req-7827b248-cd70-4f4a-bbea-15e82701fbb3 req-7827b248-cd70-4f4a-bbea-15e82701fbb3 ] Request (QuotasAdminTestV257:setUpClass): 204 PUT http://10.180.1.21/identity/v3/projects/ced750c9d3044dfaa2af101e584c6171/users/1334323985a34374a9a01a9a678d0751/roles/70fdd8fc9535474bba22e881226a288a 0.081s
2025-04-03 18:04:09.199 70065 INFO tempest.lib.common.rest_client [req-744c6aab-0a58-48ff-8045-65f9bd7d08f8 req-744c6aab-0a58-48ff-8045-65f9bd7d08f8 ] Request (ServerActionsTestJSON:setUpClass): 200 GET http://10.180.1.21/compute/v2.1/servers/47b618d1-5850-4994-843d-7fccb7e8ecde 2.098s
2025-04-03 18:04:09.210 70089 INFO tempest.lib.common.rest_client [req-dcea4302-32a3-439f-b9d5-a21a73597bf9 req-dcea4302-32a3-439f-b9d5-a21a73597bf9 ] Request (TenantUsagesNegativeTestJSON:setUpClass): 200 GET http://10.180.1.21/identity/v3/roles 0.070s
2025-04-03 18:04:09.257 70085 INFO tempest.lib.common.rest_client [req-ce6bda28-2095-40ae-a553-4759f4931f3f req-ce6bda28-2095-40ae-a553-4759f4931f3f ] Request (QuotasAdminTestV257:setUpClass): 200 GET http://10.180.1.21/identity/v3/roles 0.060s
2025-04-03 18:04:09.289 70077 INFO tempest.lib.common.rest_client [req-477e99ac-b8c5-4d91-96b0-13a9b4fd72e8 req-477e99ac-b8c5-4d91-96b0-13a9b4fd72e8 ] Request (HypervisorAdminUnderV252Test:tearDownClass): 204 DELETE http://10.180.1.21/identity/v3/projects/8864790d3557493aa540cd8644803097 0.096s
2025-04-03 18:04:09.341 70089 INFO tempest.lib.common.rest_client [req-c614011d-0c92-42a2-96c1-f0e728bb5977 req-c614011d-0c92-42a2-96c1-f0e728bb5977 ] Request (TenantUsagesNegativeTestJSON:setUpClass): 204 PUT http://10.180.1.21/identity/v3/projects/5662d443e7684467b70f77b1af0873d8/users/23dd49504f784eba8434b84c36933d14/roles/70fdd8fc9535474bba22e881226a288a 0.131s
2025-04-03 18:04:09.341 70089 INFO tempest.lib.common.dynamic_creds [-] Dynamic test user 23dd49504f784eba8434b84c36933d14 is created with scope project and roles: ['admin']
2025-04-03 18:04:09.341 70089 INFO tempest.lib.common.dynamic_creds [-] Acquired dynamic creds: credentials: Credentials: {'domain_id': 'default', 'domain_name': 'Default', 'username': 'tempest-TenantUsagesNegativeTestJSON-1648099699-project-admin', 'project_domain_id': 'default', 'project_domain_name': 'Default', 'project_id': '5662d443e7684467b70f77b1af0873d8', 'project_name': 'tempest-TenantUsagesNegativeTestJSON-1648099699', 'tenant_id': '5662d443e7684467b70f77b1af0873d8', 'tenant_name': 'tempest-TenantUsagesNegativeTestJSON-1648099699', 'user_domain_id': 'default', 'user_domain_name': 'Default', 'user_id': '23dd49504f784eba8434b84c36933d14', 'system': None}, Network: None, Subnet: None, Router: None
2025-04-03 18:04:09.342 70089 INFO tempest.lib.common.dynamic_creds [-] Created isolated network resources for: credentials: Credentials: {'domain_id': 'default', 'domain_name': 'Default', 'username': 'tempest-TenantUsagesNegativeTestJSON-1648099699-project-admin', 'project_domain_id': 'default', 'project_domain_name': 'Default', 'project_id': '5662d443e7684467b70f77b1af0873d8', 'project_name': 'tempest-TenantUsagesNegativeTestJSON-1648099699', 'tenant_id': '5662d443e7684467b70f77b1af0873d8', 'tenant_name': 'tempest-TenantUsagesNegativeTestJSON-1648099699', 'user_domain_id': 'default', 'user_domain_name': 'Default', 'user_id': '23dd49504f784eba8434b84c36933d14', 'system': None}, Network: None, Subnet: None, Router: None
2025-04-03 18:04:09.413 70085 INFO tempest.lib.common.rest_client [req-303681e2-1f5d-4b4e-aad5-6383f5cddd2e req-303681e2-1f5d-4b4e-aad5-6383f5cddd2e ] Request (QuotasAdminTestV257:setUpClass): 204 PUT http://10.180.1.21/identity/v3/projects/ced750c9d3044dfaa2af101e584c6171/users/1334323985a34374a9a01a9a678d0751/roles/70fdd8fc9535474bba22e881226a288a 0.155s
2025-04-03 18:04:09.413 70085 INFO tempest.lib.common.dynamic_creds [-] Dynamic test user 1334323985a34374a9a01a9a678d0751 is created with scope project and roles: ['admin']
2025-04-03 18:04:09.413 70085 INFO tempest.lib.common.dynamic_creds [-] Acquired dynamic creds: credentials: Credentials: {'domain_id': 'default', 'domain_name': 'Default', 'username': 'tempest-QuotasAdminTestV257-1223954179-project-admin', 'project_domain_id': 'default', 'project_domain_name': 'Default', 'project_id': 'ced750c9d3044dfaa2af101e584c6171', 'project_name': 'tempest-QuotasAdminTestV257-1223954179', 'tenant_id': 'ced750c9d3044dfaa2af101e584c6171', 'tenant_name': 'tempest-QuotasAdminTestV257-1223954179', 'user_domain_id': 'default', 'user_domain_name': 'Default', 'user_id': '1334323985a34374a9a01a9a678d0751', 'system': None}, Network: None, Subnet: None, Router: None
2025-04-03 18:04:09.413 70085 INFO tempest.lib.common.dynamic_creds [-] Created isolated network resources for: credentials: Credentials: {'domain_id': 'default', 'domain_name': 'Default', 'username': 'tempest-QuotasAdminTestV257-1223954179-project-admin', 'project_domain_id': 'default', 'project_domain_name': 'Default', 'project_id': 'ced750c9d3044dfaa2af101e584c6171', 'project_name': 'tempest-QuotasAdminTestV257-1223954179', 'tenant_id': 'ced750c9d3044dfaa2af101e584c6171', 'tenant_name': 'tempest-QuotasAdminTestV257-1223954179', 'user_domain_id': 'default', 'user_domain_name': 'Default', 'user_id': '1334323985a34374a9a01a9a678d0751', 'system': None}, Network: None, Subnet: None, Router: None
2025-04-03 18:04:09.438 70105 INFO tempest.lib.common.rest_client [req-a6f02a60-e00e-4d27-bf74-6841a7db2a8a req-a6f02a60-e00e-4d27-bf74-6841a7db2a8a ] Request (FlavorsV2TestJSON:test_get_flavor): 200 GET http://10.180.1.21/compute/v2.1/flavors/42 2.305s
2025-04-03 18:04:09.456 70091 INFO tempest.lib.common.rest_client [req-6ee353f2-1d4b-4ee9-9efe-dc1325ea9c51 req-6ee353f2-1d4b-4ee9-9efe-dc1325ea9c51 ] Request (QuotaClassesAdminTestJSON:test_update_default_quotas): 200 GET http://10.180.1.21/compute/v2.1/os-quota-class-sets/default 2.290s
2025-04-03 18:04:09.494 70077 INFO tempest.lib.common.rest_client [req-1f35ac78-a2f5-4cd6-ba07-9152c7c7b0be req-1f35ac78-a2f5-4cd6-ba07-9152c7c7b0be ] Request (HypervisorAdminNegativeUnderV252Test:setUpClass): 201 POST http://10.180.1.21/identity/v3/auth/tokens 0.203s
2025-04-03 18:04:09.529 70089 INFO tempest.lib.common.rest_client [req-9dbbd8b3-ec0d-4051-8dd1-ebcb84b1175a req-9dbbd8b3-ec0d-4051-8dd1-ebcb84b1175a ] Request (TenantUsagesNegativeTestJSON:setUpClass): 201 POST http://10.180.1.21/identity/v3/auth/tokens 0.182s
2025-04-03 18:04:09.544 70093 INFO tempest.lib.common.rest_client [req-58dcdedb-a250-4b24-a81a-dddf03d4f203 req-58dcdedb-a250-4b24-a81a-dddf03d4f203 ] Request (FloatingIPsAssociationTestJSON:setUpClass): 201 POST http://10.180.1.21:9696/networking/v2.0/routers 1.781s
2025-04-03 18:04:09.555 70079 INFO tempest.lib.common.rest_client [req-eb23028f-f893-4eb4-9afa-8ae8f785ae46 req-eb23028f-f893-4eb4-9afa-8ae8f785ae46 ] Request (SecurityGroupsTestAdminJSON:test_list_security_groups_list_all_tenants_filter): 200 GET http://10.180.1.21/compute/v2.1/os-security-groups?all_tenants=true 3.514s
2025-04-03 18:04:09.589 70085 INFO tempest.lib.common.rest_client [req-be0ed74a-161f-4155-b8c2-83e50cea3a5d req-be0ed74a-161f-4155-b8c2-83e50cea3a5d ] Request (QuotasAdminTestV257:setUpClass): 201 POST http://10.180.1.21/identity/v3/auth/tokens 0.174s
2025-04-03 18:04:09.590 70085 WARNING tempest.lib.common.rest_client [-] Deprecated: "tenant_id" property is deprecated for removal, use "project_id" instead
2025-04-03 18:04:09.611 70087 INFO tempest.lib.common.rest_client [req-aadfdadf-b7ad-425d-8f1e-69ccc8ce0781 req-aadfdadf-b7ad-425d-8f1e-69ccc8ce0781 ] Request (ImagesNegativeTestJSON:setUpClass): 201 POST http://10.180.1.21:9696/networking/v2.0/subnets 0.575s
2025-04-03 18:04:09.627 70077 INFO tempest.lib.common.rest_client [req-85978b4a-cfc5-4c3b-9795-c2793060fea3 req-85978b4a-cfc5-4c3b-9795-c2793060fea3 ] Request (HypervisorAdminNegativeUnderV252Test:setUpClass): 201 POST http://10.180.1.21/identity/v3/auth/tokens 0.129s
2025-04-03 18:04:09.636 70051 INFO tempest.lib.common.rest_client [req-29dc871d-938b-4fda-b78c-4f386dca9100 req-29dc871d-938b-4fda-b78c-4f386dca9100 ] Request (ServerActionsTestOtherB:setUpClass): 201 POST http://10.180.1.21:9696/networking/v2.0/networks 0.633s
2025-04-03 18:04:09.668 70077 INFO tempest.lib.common.rest_client [req-57dbc0c0-f8c6-4c9b-b7a1-4f358ae02b4d req-57dbc0c0-f8c6-4c9b-b7a1-4f358ae02b4d ] Request (HypervisorAdminNegativeUnderV252Test:setUpClass): 200 GET http://10.180.1.21/identity/v3/domains?name=Default 0.041s
2025-04-03 18:04:09.692 70071 INFO tempest.lib.common.rest_client [req-e5a5e9df-f94d-4e83-b0b1-1f2497c29fd6 req-e5a5e9df-f94d-4e83-b0b1-1f2497c29fd6 ] Request (ServersV294TestFqdnHostnames:setUpClass): 201 POST http://10.180.1.21/compute/v2.1/os-keypairs 2.350s
2025-04-03 18:04:09.708 70077 INFO tempest.lib.common.rest_client [req-7dbb8a68-3715-4c7a-a772-1c8fefc1175a req-7dbb8a68-3715-4c7a-a772-1c8fefc1175a ] Request (HypervisorAdminNegativeUnderV252Test:setUpClass): 201 POST http://10.180.1.21/identity/v3/projects 0.039s
2025-04-03 18:04:09.799 70077 INFO tempest.lib.common.rest_client [req-56c71fc8-ed5d-43de-862d-6fcc04c9f15f req-56c71fc8-ed5d-43de-862d-6fcc04c9f15f ] Request (HypervisorAdminNegativeUnderV252Test:setUpClass): 201 POST http://10.180.1.21/identity/v3/users 0.090s
2025-04-03 18:04:09.810 70075 INFO tempest.lib.common.rest_client [req-97b3d1a1-7df4-4400-b73d-aa898fa953c3 req-97b3d1a1-7df4-4400-b73d-aa898fa953c3 ] Request (ImagesOneServerNegativeTestJSON:setUpClass): 200 GET http://10.180.1.21/compute/v2.1/servers/e7d54e30-01f8-44c0-9dcb-8ccb5249d74f 2.310s
2025-04-03 18:04:09.847 70077 INFO tempest.lib.common.rest_client [req-ab8f4142-8c7e-48ba-8004-583f93bdf4f4 req-ab8f4142-8c7e-48ba-8004-583f93bdf4f4 ] Request (HypervisorAdminNegativeUnderV252Test:setUpClass): 200 GET http://10.180.1.21/identity/v3/roles 0.048s
2025-04-03 18:04:09.858 70062 INFO tempest.lib.common.rest_client [req-b348d59f-cedf-4b71-a2f7-86d75539e69c req-b348d59f-cedf-4b71-a2f7-86d75539e69c ] Request (ListImageFiltersTestJSON:setUpClass): 200 GET http://10.180.1.21/compute/v2.1/images/9b2eb593-0358-4cb7-82f9-f9fd68764641 2.047s
2025-04-03 18:04:09.914 70077 INFO tempest.lib.common.rest_client [req-5fa498cc-994e-4bc4-94ca-902b2c676d08 req-5fa498cc-994e-4bc4-94ca-902b2c676d08 ] Request (HypervisorAdminNegativeUnderV252Test:setUpClass): 204 PUT http://10.180.1.21/identity/v3/projects/8941f960960446ba9db0657932ac776a/users/995417b241da43f398a49c9f93131cec/roles/b0101b39134246409558379a788dab26 0.067s
2025-04-03 18:04:09.915 70077 INFO tempest.lib.common.dynamic_creds [-] Dynamic test user 995417b241da43f398a49c9f93131cec is created with scope project and roles: ['member']
2025-04-03 18:04:09.915 70077 INFO tempest.lib.common.dynamic_creds [-] Acquired dynamic creds: credentials: Credentials: {'domain_id': 'default', 'domain_name': 'Default', 'username': 'tempest-HypervisorAdminNegativeUnderV252Test-1375554039-project-member', 'project_domain_id': 'default', 'project_domain_name': 'Default', 'project_id': '8941f960960446ba9db0657932ac776a', 'project_name': 'tempest-HypervisorAdminNegativeUnderV252Test-1375554039', 'tenant_id': '8941f960960446ba9db0657932ac776a', 'tenant_name': 'tempest-HypervisorAdminNegativeUnderV252Test-1375554039', 'user_domain_id': 'default', 'user_domain_name': 'Default', 'user_id': '995417b241da43f398a49c9f93131cec', 'system': None}, Network: None, Subnet: None, Router: None
2025-04-03 18:04:09.915 70077 INFO tempest.lib.common.dynamic_creds [-] Created isolated network resources for: credentials: Credentials: {'domain_id': 'default', 'domain_name': 'Default', 'username': 'tempest-HypervisorAdminNegativeUnderV252Test-1375554039-project-member', 'project_domain_id': 'default', 'project_domain_name': 'Default', 'project_id': '8941f960960446ba9db0657932ac776a', 'project_name': 'tempest-HypervisorAdminNegativeUnderV252Test-1375554039', 'tenant_id': '8941f960960446ba9db0657932ac776a', 'tenant_name': 'tempest-HypervisorAdminNegativeUnderV252Test-1375554039', 'user_domain_id': 'default', 'user_domain_name': 'Default', 'user_id': '995417b241da43f398a49c9f93131cec', 'system': None}, Network: None, Subnet: None, Router: None
2025-04-03 18:04:09.926 70071 INFO tempest.lib.common.rest_client [req-c15a574e-8bad-44f5-9aa3-7a777822d780 req-c15a574e-8bad-44f5-9aa3-7a777822d780 ] Request (ServersV294TestFqdnHostnames:setUpClass): 201 POST http://10.180.1.21:9696/networking/v2.0/security-groups 0.229s
2025-04-03 18:04:10.009 70051 INFO tempest.lib.common.rest_client [req-c11a6414-ba28-4ba4-bc2a-d66cd4a56bb7 req-c11a6414-ba28-4ba4-bc2a-d66cd4a56bb7 ] Request (ServerActionsTestOtherB:setUpClass): 201 POST http://10.180.1.21:9696/networking/v2.0/subnets 0.372s
2025-04-03 18:04:10.012 70077 INFO tempest.lib.common.rest_client [req-84d31b03-603f-4ffa-b892-2023dbd57e88 req-84d31b03-603f-4ffa-b892-2023dbd57e88 ] Request (HypervisorAdminNegativeUnderV252Test:setUpClass): 201 POST http://10.180.1.21/identity/v3/auth/tokens 0.091s
2025-04-03 18:04:10.067 70071 INFO tempest.lib.common.rest_client [req-8e633f9f-6717-46dd-b42b-59f0cfb04895 req-8e633f9f-6717-46dd-b42b-59f0cfb04895 ] Request (ServersV294TestFqdnHostnames:setUpClass): 201 POST http://10.180.1.21:9696/networking/v2.0/security-group-rules 0.140s
2025-04-03 18:04:10.082 70077 INFO tempest.lib.common.rest_client [req-1600b340-5a23-4069-8b30-32b371072f91 req-1600b340-5a23-4069-8b30-32b371072f91 ] Request (HypervisorAdminNegativeUnderV252Test:setUpClass): 201 POST http://10.180.1.21/identity/v3/projects 0.070s
2025-04-03 18:04:10.152 70057 INFO tempest.lib.common.rest_client [req-23ae8101-96b6-4359-a68f-b35b61bedfec req-23ae8101-96b6-4359-a68f-b35b61bedfec ] Request (ImagesTestJSON:test_create_image_from_stopped_server): 200 GET http://10.180.1.21/compute/v2.1/servers/268efccf-ff0d-4b65-aaff-7d56844c9fd1 2.357s
2025-04-03 18:04:10.162 70077 INFO tempest.lib.common.rest_client [req-4cfd061d-0d7f-44dd-80c7-4ece17e4f202 req-4cfd061d-0d7f-44dd-80c7-4ece17e4f202 ] Request (HypervisorAdminNegativeUnderV252Test:setUpClass): 201 POST http://10.180.1.21/identity/v3/users 0.078s
2025-04-03 18:04:10.181 70099 INFO tempest.lib.common.rest_client [req-3ec70785-d980-4087-9650-661b49e1c9d8 req-3ec70785-d980-4087-9650-661b49e1c9d8 ] Request (ServerDiagnosticsV248Test:test_get_server_diagnostics): 202 POST http://10.180.1.21/compute/v2.1/servers 2.301s
2025-04-03 18:04:10.194 70077 INFO tempest.lib.common.rest_client [req-8ebe5b51-2f75-45ae-8f0f-668b0628f86b req-8ebe5b51-2f75-45ae-8f0f-668b0628f86b ] Request (HypervisorAdminNegativeUnderV252Test:setUpClass): 200 GET http://10.180.1.21/identity/v3/roles 0.031s
2025-04-03 18:04:10.227 70077 INFO tempest.lib.common.rest_client [req-6c15f72e-bcc3-44ea-8511-2890a1bdec98 req-6c15f72e-bcc3-44ea-8511-2890a1bdec98 ] Request (HypervisorAdminNegativeUnderV252Test:setUpClass): 204 PUT http://10.180.1.21/identity/v3/projects/1416dd6d8b8748a2b90db0341af33cb7/users/6a52072a9f8943a89a59f8fd1a09e697/roles/70fdd8fc9535474bba22e881226a288a 0.033s
2025-04-03 18:04:10.247 70049 INFO tempest.lib.common.rest_client [req-60af3ba2-ef6b-409b-a24a-258cabf7615d req-60af3ba2-ef6b-409b-a24a-258cabf7615d ] Request (TenantUsagesTestJSON:setUpClass): 200 GET http://10.180.1.21/compute/v2.1/servers/fbf0c31e-6313-4583-9e15-4bd6d80cb20e 2.258s
2025-04-03 18:04:10.275 70071 INFO tempest.lib.common.rest_client [req-338bafed-96f5-4eca-b295-205577a17978 req-338bafed-96f5-4eca-b295-205577a17978 ] Request (ServersV294TestFqdnHostnames:setUpClass): 201 POST http://10.180.1.21:9696/networking/v2.0/security-group-rules 0.207s
2025-04-03 18:04:10.297 70077 INFO tempest.lib.common.rest_client [req-3fa30987-1de6-4c06-9258-ddedcb6bdb10 req-3fa30987-1de6-4c06-9258-ddedcb6bdb10 ] Request (HypervisorAdminNegativeUnderV252Test:setUpClass): 200 GET http://10.180.1.21/identity/v3/roles 0.069s
2025-04-03 18:04:10.316 70077 INFO tempest.lib.common.rest_client [req-816fc120-e811-4fa8-9b81-2cabf63b31e8 req-816fc120-e811-4fa8-9b81-2cabf63b31e8 ] Request (HypervisorAdminNegativeUnderV252Test:setUpClass): 204 PUT http://10.180.1.21/identity/v3/projects/1416dd6d8b8748a2b90db0341af33cb7/users/6a52072a9f8943a89a59f8fd1a09e697/roles/70fdd8fc9535474bba22e881226a288a 0.018s
2025-04-03 18:04:10.316 70077 INFO tempest.lib.common.dynamic_creds [-] Dynamic test user 6a52072a9f8943a89a59f8fd1a09e697 is created with scope project and roles: ['admin']
2025-04-03 18:04:10.316 70077 INFO tempest.lib.common.dynamic_creds [-] Acquired dynamic creds: credentials: Credentials: {'domain_id': 'default', 'domain_name': 'Default', 'username': 'tempest-HypervisorAdminNegativeUnderV252Test-389230647-project-admin', 'project_domain_id': 'default', 'project_domain_name': 'Default', 'project_id': '1416dd6d8b8748a2b90db0341af33cb7', 'project_name': 'tempest-HypervisorAdminNegativeUnderV252Test-389230647', 'tenant_id': '1416dd6d8b8748a2b90db0341af33cb7', 'tenant_name': 'tempest-HypervisorAdminNegativeUnderV252Test-389230647', 'user_domain_id': 'default', 'user_domain_name': 'Default', 'user_id': '6a52072a9f8943a89a59f8fd1a09e697', 'system': None}, Network: None, Subnet: None, Router: None
2025-04-03 18:04:10.316 70077 INFO tempest.lib.common.dynamic_creds [-] Created isolated network resources for: credentials: Credentials: {'domain_id': 'default', 'domain_name': 'Default', 'username': 'tempest-HypervisorAdminNegativeUnderV252Test-389230647-project-admin', 'project_domain_id': 'default', 'project_domain_name': 'Default', 'project_id': '1416dd6d8b8748a2b90db0341af33cb7', 'project_name': 'tempest-HypervisorAdminNegativeUnderV252Test-389230647', 'tenant_id': '1416dd6d8b8748a2b90db0341af33cb7', 'tenant_name': 'tempest-HypervisorAdminNegativeUnderV252Test-389230647', 'user_domain_id': 'default', 'user_domain_name': 'Default', 'user_id': '6a52072a9f8943a89a59f8fd1a09e697', 'system': None}, Network: None, Subnet: None, Router: None
2025-04-03 18:04:10.360 70095 INFO tempest.lib.common.rest_client [req-344a9ce3-6a1a-4601-a973-39b7c6f4363f req-344a9ce3-6a1a-4601-a973-39b7c6f4363f ] Request (MigrationsAdminTest:test_list_migrations): 200 GET http://10.180.1.21/compute/v2.1/os-migrations 2.350s
2025-04-03 18:04:10.406 70077 INFO tempest.lib.common.rest_client [req-ebcb16ba-648e-4bb6-ae99-0baee7634da5 req-ebcb16ba-648e-4bb6-ae99-0baee7634da5 ] Request (HypervisorAdminNegativeUnderV252Test:setUpClass): 201 POST http://10.180.1.21/identity/v3/auth/tokens 0.085s
2025-04-03 18:04:10.425 70095 INFO tempest.lib.common.rest_client [req-794fa136-80de-487e-9bb1-5ce4e88be192 req-794fa136-80de-487e-9bb1-5ce4e88be192 ] Request (MigrationsAdminTest:test_list_migrations_in_flavor_resize_situation): 201 POST http://10.180.1.21/identity/v3/auth/tokens 0.056s
2025-04-03 18:04:10.425 70095 INFO tempest.lib.common.fixed_network [-] (MigrationsAdminTest:test_list_migrations_in_flavor_resize_situation) Found network None available for tenant
2025-04-03 18:04:10.471 70069 INFO tempest.lib.common.rest_client [req-883661fc-4609-48e5-8ed4-ed34307526fb req-883661fc-4609-48e5-8ed4-ed34307526fb ] Request (ListServersNegativeTestJSON:setUpClass): 200 GET http://10.180.1.21/compute/v2.1/servers 2.447s
2025-04-03 18:04:10.515 70081 INFO tempest.lib.common.rest_client [req-704f48af-04e6-4fef-a31e-9a4596f6d56e req-704f48af-04e6-4fef-a31e-9a4596f6d56e ] Request (ImagesOneServerTestJSON:setUpClass): 200 GET http://10.180.1.21/compute/v2.1/servers/92c756f0-9577-4004-bcdd-d421a4d52b96 2.600s
2025-04-03 18:04:10.523 70081 INFO tempest.common.waiters [-] State transition "BUILD/None" ==> "BUILD/spawning" after 9 second wait
2025-04-03 18:04:10.545 70067 INFO tempest.lib.common.rest_client [req-5e462150-7330-4f8b-885a-08eb4f41058b req-5e462150-7330-4f8b-885a-08eb4f41058b ] Request (AggregatesAdminNegativeTestJSON:test_aggregate_add_host_as_user): 200 POST http://10.180.1.21/compute/v2.1/os-aggregates 2.199s
2025-04-03 18:04:10.566 70043 INFO tempest.lib.common.rest_client [req-e630bb2a-94a7-4f90-9982-72381af93797 req-e630bb2a-94a7-4f90-9982-72381af93797 ] Request (VolumesAssistedSnapshotsTest:setUpClass): 201 POST http://10.180.1.21:9696/networking/v2.0/routers 2.412s
2025-04-03 18:04:10.571 70053 INFO tempest.lib.common.rest_client [req-ad26639a-ebd7-4fa3-8e29-ead2791ecfdb req-ad26639a-ebd7-4fa3-8e29-ead2791ecfdb ] Request (FlavorsAdminTestJSON:_run_cleanups): 200 GET http://10.180.1.21/compute/v2.1/flavors/detail 2.196s
2025-04-03 18:04:10.582 70097 INFO tempest.lib.common.rest_client [req-15aba2af-94f8-4973-a00b-9d999d9afb2e req-15aba2af-94f8-4973-a00b-9d999d9afb2e ] Request (FlavorsV261TestJSON:test_crud_flavor): 200 POST http://10.180.1.21/compute/v2.1/flavors 2.262s
2025-04-03 18:04:10.595 70103 INFO tempest.lib.common.rest_client [req-0361dce5-daa1-4acc-b56b-f83535bfe68d req-0361dce5-daa1-4acc-b56b-f83535bfe68d ] Request (FlavorsV255TestJSON:_run_cleanups): 200 GET http://10.180.1.21/compute/v2.1/flavors/detail 2.195s
2025-04-03 18:04:10.608 70063 INFO tempest.lib.common.rest_client [req-00111c8d-a445-4386-b0e7-87ade1aaa0b1 req-00111c8d-a445-4386-b0e7-87ade1aaa0b1 ] Request (ServersWithSpecificFlavorTestJSON:test_verify_created_server_ephemeral_disk): 200 POST http://10.180.1.21/compute/v2.1/flavors/1567914253/os-extra_specs 2.190s
2025-04-03 18:04:10.616 70083 INFO tempest.lib.common.rest_client [req-24b91f9e-153b-48b6-823e-62dccf6f728c req-24b91f9e-153b-48b6-823e-62dccf6f728c ] Request (HostsAdminNegativeTestJSON:test_show_host_detail_with_non_admin_user): 403 GET http://10.180.1.21/compute/v2.1/os-hosts/devstack 2.158s
2025-04-03 18:04:10.628 70045 INFO tempest.lib.common.rest_client [req-32848a4f-6fbb-4186-91ec-2ba7c61683a5 req-32848a4f-6fbb-4186-91ec-2ba7c61683a5 ] Request (ServicesAdminNegativeV253TestJSON:test_get_service_by_invalid_service_and_valid_host): 200 GET http://10.180.1.21/compute/v2.1/os-services?host=devstack&binary=xxx 2.186s
2025-04-03 18:04:10.659 70073 INFO tempest.lib.common.rest_client [req-f8c39a91-6e6b-4c7e-a253-7d64b9b805e9 req-f8c39a91-6e6b-4c7e-a253-7d64b9b805e9 ] Request (FlavorsAccessTestJSON:_run_cleanups): 200 GET http://10.180.1.21/compute/v2.1/flavors/detail 1.558s
2025-04-03 18:04:10.667 70055 INFO tempest.lib.common.rest_client [req-2cd6d39c-38c7-4f12-a08e-a405919a93cd req-2cd6d39c-38c7-4f12-a08e-a405919a93cd ] Request (FlavorsAccessNegativeTestJSON:test_flavor_access_list_with_public_flavor): 200 POST http://10.180.1.21/compute/v2.1/flavors 2.168s
2025-04-03 18:04:10.692 70105 INFO tempest.lib.common.rest_client [req-5299a65d-7b02-4ecb-aad8-76d290976dc2 req-5299a65d-7b02-4ecb-aad8-76d290976dc2 ] Request (FlavorsV2TestJSON:test_list_flavors): 200 GET http://10.180.1.21/compute/v2.1/flavors 1.250s
2025-04-03 18:04:10.781 70103 INFO tempest.lib.common.rest_client [req-68e899f3-9059-4328-83b9-83f53a259cd0 req-68e899f3-9059-4328-83b9-83f53a259cd0 ] Request (FlavorsV255TestJSON:tearDownClass): 204 DELETE http://10.180.1.21/identity/v3/users/a63bcc0afdf047d2b18386b07449078b 0.175s
2025-04-03 18:04:10.805 70091 INFO tempest.lib.common.rest_client [req-e2384653-85f4-4cab-b40a-756a45651424 req-e2384653-85f4-4cab-b40a-756a45651424 ] Request (QuotaClassesAdminTestJSON:_run_cleanups): 200 PUT http://10.180.1.21/compute/v2.1/os-quota-class-sets/default 1.347s
2025-04-03 18:04:10.893 70089 INFO tempest.lib.common.rest_client [req-4cb56ad9-1379-445f-b186-eb5ff40067dc req-4cb56ad9-1379-445f-b186-eb5ff40067dc ] Request (TenantUsagesNegativeTestJSON:test_get_usage_tenant_with_empty_tenant_id): 404 GET http://10.180.1.21/compute/v2.1/os-simple-tenant-usage/?start=2025-04-02T18%3A04%3A09.530095&end=2025-04-04T18%3A04%3A09.530095 1.362s
2025-04-03 18:04:10.896 70089 WARNING tempest.lib.common.rest_client [-] Deprecated: "tenant_id" property is deprecated for removal, use "project_id" instead
2025-04-03 18:04:10.974 70103 INFO tempest.lib.common.rest_client [req-352742aa-def3-41d3-ba6f-2eec4a0a7ffb req-352742aa-def3-41d3-ba6f-2eec4a0a7ffb ] Request (FlavorsV255TestJSON:tearDownClass): 204 DELETE http://10.180.1.21/identity/v3/users/6d934a46f407493d913ac8c33a9627e7 0.192s
2025-04-03 18:04:10.974 70103 INFO tempest.lib.common.dynamic_creds [-] Deleting project and security group for project: 28fab1ae350c442fb4fcdbeb168b76d0
2025-04-03 18:04:10.987 70059 INFO tempest.lib.common.rest_client [req-91e869ca-f8a9-498b-a83f-18a4854207be req-91e869ca-f8a9-498b-a83f-18a4854207be ] Request (ServerExternalEventsTest:test_create_server_external_events): 200 GET http://10.180.1.21/compute/v2.1/servers/21d471ec-a091-499f-a16c-271c13543502 1.363s
2025-04-03 18:04:11.049 70091 INFO tempest.lib.common.rest_client [req-7958f472-eab2-4589-8267-d98fbee4982e req-7958f472-eab2-4589-8267-d98fbee4982e ] Request (QuotaClassesAdminTestJSON:tearDownClass): 204 DELETE http://10.180.1.21/identity/v3/users/9a259dff7b8f47c7809778cf74f9d54c 0.237s
2025-04-03 18:04:11.086 70085 INFO tempest.lib.common.rest_client [req-6790ca85-7a2b-4d84-becd-73a12e0feecb req-6790ca85-7a2b-4d84-becd-73a12e0feecb ] Request (QuotasAdminTestV257:test_get_updated_quotas): 200 GET http://10.180.1.21/identity/v3/domains?name=Default 0.239s
2025-04-03 18:04:11.091 70101 INFO tempest.lib.common.rest_client [req-26cedb44-f3fe-4057-9c0c-358a12962e13 req-26cedb44-f3fe-4057-9c0c-358a12962e13 ] Request (ServerDiagnosticsTest:test_get_server_diagnostics): 200 GET http://10.180.1.21/compute/v2.1/servers/c0109d11-9d58-4c14-bada-e2657998a5be 1.348s
2025-04-03 18:04:11.100 70101 INFO tempest.common.waiters [-] State transition "BUILD/None" ==> "BUILD/block_device_mapping" after 9 second wait
2025-04-03 18:04:11.101 70103 INFO tempest.lib.common.rest_client [req-21d97088-48bc-4669-a2a1-6a29ebdbe02b req-21d97088-48bc-4669-a2a1-6a29ebdbe02b ] Request (FlavorsV255TestJSON:tearDownClass): 201 POST http://10.180.1.21/identity/v3/auth/tokens 0.127s
2025-04-03 18:04:11.135 70062 INFO tempest.lib.common.rest_client [req-2399d4cb-2372-4dfb-b2ab-0cad4bda79cf req-2399d4cb-2372-4dfb-b2ab-0cad4bda79cf ] Request (ListImageFiltersTestJSON:setUpClass): 200 GET http://10.180.1.21/compute/v2.1/images/9b2eb593-0358-4cb7-82f9-f9fd68764641 1.272s
2025-04-03 18:04:11.160 70085 INFO tempest.lib.common.rest_client [req-7d9883c3-05a0-4ee3-944d-736ddd53eb5a req-7d9883c3-05a0-4ee3-944d-736ddd53eb5a ] Request (QuotasAdminTestV257:test_get_updated_quotas): 201 POST http://10.180.1.21/identity/v3/projects 0.073s
2025-04-03 18:04:11.183 70091 INFO tempest.lib.common.rest_client [req-c8f7c02e-7489-4afe-a33c-678c1da35e0f req-c8f7c02e-7489-4afe-a33c-678c1da35e0f ] Request (QuotaClassesAdminTestJSON:tearDownClass): 204 DELETE http://10.180.1.21/identity/v3/users/bba01b81f5c940748a511f9d61754d97 0.133s
2025-04-03 18:04:11.183 70091 INFO tempest.lib.common.dynamic_creds [-] Deleting project and security group for project: d6ecaa3dc97644d0882628cb7fe807a2
2025-04-03 18:04:11.241 70085 INFO tempest.lib.common.rest_client [req-ff0f735e-6f1c-4d54-9f02-3ee55a8acbab req-ff0f735e-6f1c-4d54-9f02-3ee55a8acbab ] Request (QuotasAdminTestV257:test_get_updated_quotas): 200 GET http://10.180.1.21/identity/v3/domains?name=Default 0.080s
2025-04-03 18:04:11.250 70079 INFO tempest.lib.common.rest_client [req-c47b6840-64e7-41a5-a380-08f9e7cb432f req-c47b6840-64e7-41a5-a380-08f9e7cb432f ] Request (SecurityGroupsTestAdminJSON:test_list_security_groups_list_all_tenants_filter): 200 GET http://10.180.1.21/compute/v2.1/os-security-groups?all_tenants=true 1.685s
2025-04-03 18:04:11.264 70091 INFO tempest.lib.common.rest_client [req-d9ad0c63-e0b7-44c8-99e0-2f5061780207 req-d9ad0c63-e0b7-44c8-99e0-2f5061780207 ] Request (QuotaClassesAdminTestJSON:tearDownClass): 201 POST http://10.180.1.21/identity/v3/auth/tokens 0.080s
2025-04-03 18:04:11.369 70099 INFO tempest.lib.common.rest_client [req-7edd0009-3521-4c54-94dc-512621642a0b req-7edd0009-3521-4c54-94dc-512621642a0b ] Request (ServerDiagnosticsV248Test:test_get_server_diagnostics): 200 GET http://10.180.1.21/compute/v2.1/servers/14932019-a872-408d-9c83-2a125d37d0e3 1.186s
2025-04-03 18:04:11.445 70065 INFO tempest.lib.common.rest_client [req-f2d47abc-8376-4ba5-8470-65e5f1f0a08b req-f2d47abc-8376-4ba5-8470-65e5f1f0a08b ] Request (ServerActionsTestJSON:setUpClass): 200 GET http://10.180.1.21/compute/v2.1/servers/47b618d1-5850-4994-843d-7fccb7e8ecde 1.237s
2025-04-03 18:04:11.537 70062 INFO tempest.lib.common.rest_client [req-9a730e42-02d1-4363-9312-8d3c9c7bdb1e req-9a730e42-02d1-4363-9312-8d3c9c7bdb1e ] Request (ListImageFiltersTestJSON:setUpClass): 201 POST http://10.180.1.21/image/v2/images 0.396s
2025-04-03 18:04:11.554 70047 INFO tempest.lib.common.rest_client [req-565d89ec-54e7-4db7-916e-1bd25ad98d04 req-565d89ec-54e7-4db7-916e-1bd25ad98d04 ] Request (DeleteServersAdminTestJSON:test_admin_delete_servers_of_others): 200 GET http://10.180.1.21/compute/v2.1/servers/d5251a1e-7283-419d-af8e-a91aa9692c70 1.461s
2025-04-03 18:04:11.621 70103 INFO tempest.lib.common.rest_client [req-95a8f97d-6735-4d62-96ec-c83ba6a5cf67 req-95a8f97d-6735-4d62-96ec-c83ba6a5cf67 ] Request (FlavorsV255TestJSON:tearDownClass): 200 GET http://10.180.1.21:9696/networking/v2.0/security-groups?tenant_id=28fab1ae350c442fb4fcdbeb168b76d0&name=default 0.519s
2025-04-03 18:04:11.645 70071 INFO tempest.lib.common.rest_client [req-35449ef4-5f60-470a-b7ff-426154cbaed7 req-35449ef4-5f60-470a-b7ff-426154cbaed7 ] Request (ServersV294TestFqdnHostnames:setUpClass): 201 POST http://10.180.1.21:9696/networking/v2.0/floatingips 1.369s
2025-04-03 18:04:11.645 70077 INFO tempest.lib.common.rest_client [req-3f7ce3d7-49ab-4743-901a-045f983eff9f req-3f7ce3d7-49ab-4743-901a-045f983eff9f ] Request (HypervisorAdminNegativeUnderV252Test:test_search_hypervisor_with_non_admin_user): 200 GET http://10.180.1.21/compute/v2.1/os-hypervisors 1.238s
2025-04-03 18:04:11.696 70069 INFO tempest.lib.common.rest_client [req-a2dc8c3f-4f8b-421c-813d-233f2716c742 req-a2dc8c3f-4f8b-421c-813d-233f2716c742 ] Request (ListServersNegativeTestJSON:setUpClass): 200 GET http://10.180.1.21/compute/v2.1/servers/0168fd78-d6c6-496d-bf90-3fbb76ce44a1 1.223s
2025-04-03 18:04:11.706 70071 INFO tempest.lib.common.rest_client [req-49532d79-e674-4218-a0a5-dadbcaebc492 req-49532d79-e674-4218-a0a5-dadbcaebc492 ] Request (ServersV294TestFqdnHostnames:setUpClass): 201 POST http://10.180.1.21/identity/v3/auth/tokens 0.056s
2025-04-03 18:04:11.707 70071 INFO tempest.lib.common.fixed_network [-] (ServersV294TestFqdnHostnames:setUpClass) Found network {'id': '4d7423bc-de25-46b7-a743-76ef197b9779', 'name': 'tempest-ServersV294TestFqdnHostnames-1606935132-network', 'tenant_id': 'b13be8c7d7f1402c878f1cebff9255c7', 'admin_state_up': True, 'mtu': 8950, 'status': 'ACTIVE', 'subnets': [], 'shared': False, 'project_id': 'b13be8c7d7f1402c878f1cebff9255c7', 'port_security_enabled': True, 'router:external': False, 'provider:network_type': 'vlan', 'provider:physical_network': 'default', 'provider:segmentation_id': 856, 'availability_zone_hints': [], 'availability_zones': [], 'ipv4_address_scope': None, 'ipv6_address_scope': None, 'description': '', 'tags': [], 'created_at': '2025-04-03T18:04:03Z', 'updated_at': '2025-04-03T18:04:04Z', 'revision_number': 1} available for tenant
2025-04-03 18:04:11.766 70067 INFO tempest.lib.common.rest_client [req-a1cdafa7-d79b-4cac-b7e3-877fcc14ab68 req-a1cdafa7-d79b-4cac-b7e3-877fcc14ab68 ] Request (AggregatesAdminNegativeTestJSON:test_aggregate_add_host_as_user): 403 POST http://10.180.1.21/compute/v2.1/os-aggregates/2/action 1.218s
2025-04-03 18:04:11.788 70053 INFO tempest.lib.common.rest_client [req-dd91b590-675b-47e3-a9b2-457cef49d7e0 req-dd91b590-675b-47e3-a9b2-457cef49d7e0 ] Request (FlavorsAdminTestJSON:test_create_flavor_with_int_id): 200 POST http://10.180.1.21/compute/v2.1/flavors 1.211s
2025-04-03 18:04:11.796 70051 INFO tempest.lib.common.rest_client [req-08e63a00-2148-48c7-8c74-9f9ed0fa8483 req-08e63a00-2148-48c7-8c74-9f9ed0fa8483 ] Request (ServerActionsTestOtherB:setUpClass): 201 POST http://10.180.1.21:9696/networking/v2.0/routers 1.786s
2025-04-03 18:04:11.867 70091 INFO tempest.lib.common.rest_client [req-e1adb5b1-0ec8-4034-8df1-1c7e4e3ac5ca req-e1adb5b1-0ec8-4034-8df1-1c7e4e3ac5ca ] Request (QuotaClassesAdminTestJSON:tearDownClass): 200 GET http://10.180.1.21:9696/networking/v2.0/security-groups?tenant_id=d6ecaa3dc97644d0882628cb7fe807a2&name=default 0.602s
2025-04-03 18:04:11.876 70097 INFO tempest.lib.common.rest_client [req-18db349a-877b-436c-b696-139d54568c8a req-18db349a-877b-436c-b696-139d54568c8a ] Request (FlavorsV261TestJSON:test_crud_flavor): 200 GET http://10.180.1.21/compute/v2.1/flavors/955366116 1.292s
2025-04-03 18:04:11.899 70063 INFO tempest.lib.common.rest_client [req-eb0f4c52-5929-4583-9849-3ade360e5144 req-eb0f4c52-5929-4583-9849-3ade360e5144 ] Request (ServersWithSpecificFlavorTestJSON:test_verify_created_server_ephemeral_disk): 200 POST http://10.180.1.21/compute/v2.1/flavors 1.287s
2025-04-03 18:04:11.914 70083 INFO tempest.lib.common.rest_client [req-197c5cd7-8688-427c-8e70-47f804dc3d79 req-197c5cd7-8688-427c-8e70-47f804dc3d79 ] Request (HostsAdminNegativeTestJSON:test_show_host_detail_with_nonexistent_hostname): 404 GET http://10.180.1.21/compute/v2.1/os-hosts/nonexistent_hostname 1.297s
2025-04-03 18:04:11.937 70045 INFO tempest.lib.common.rest_client [req-78b8560a-92f5-4b91-a1b0-3e095df9593b req-78b8560a-92f5-4b91-a1b0-3e095df9593b ] Request (ServicesAdminNegativeV253TestJSON:test_get_service_with_valid_service_and_invalid_host): 200 GET http://10.180.1.21/compute/v2.1/os-services 1.303s
2025-04-03 18:04:11.950 70055 INFO tempest.lib.common.rest_client [req-86409ae5-861e-47d5-b918-f138ffa6ad40 req-86409ae5-861e-47d5-b918-f138ffa6ad40 ] Request (FlavorsAccessNegativeTestJSON:test_flavor_access_list_with_public_flavor): 404 GET http://10.180.1.21/compute/v2.1/flavors/1698732285/os-flavor-access 1.278s
2025-04-03 18:04:11.972 70073 INFO tempest.lib.common.rest_client [req-26553a7d-655a-42b6-ae12-4e58507e15a1 req-26553a7d-655a-42b6-ae12-4e58507e15a1 ] Request (FlavorsAccessTestJSON:test_flavor_access_list_with_private_flavor): 200 POST http://10.180.1.21/compute/v2.1/flavors 1.297s
2025-04-03 18:04:11.985 70105 INFO tempest.lib.common.rest_client [req-4a208b9a-d12c-4257-a4b8-8f8a535ed3da req-4a208b9a-d12c-4257-a4b8-8f8a535ed3da ] Request (FlavorsV2TestJSON:test_list_flavors): 200 GET http://10.180.1.21/compute/v2.1/flavors/42 1.289s
2025-04-03 18:04:12.001 70091 INFO tempest.lib.common.rest_client [req-7f021acc-e21c-40a6-8c21-b2a428538e4f req-7f021acc-e21c-40a6-8c21-b2a428538e4f ] Request (QuotaClassesAdminTestJSON:tearDownClass): 204 DELETE http://10.180.1.21:9696/networking/v2.0/security-groups/335b171b-debc-4cab-93e2-1f11371a68df 0.133s
2025-04-03 18:04:12.051 70103 INFO tempest.lib.common.rest_client [req-71cf5322-d09d-45ab-861c-a152ac626ca4 req-71cf5322-d09d-45ab-861c-a152ac626ca4 ] Request (FlavorsV255TestJSON:tearDownClass): 204 DELETE http://10.180.1.21:9696/networking/v2.0/security-groups/c473e89c-38b4-496b-8989-528799a5510a 0.430s
2025-04-03 18:04:12.098 70091 INFO tempest.lib.common.rest_client [req-e7d01b9f-b8a7-429e-a693-4df03277375d req-e7d01b9f-b8a7-429e-a693-4df03277375d ] Request (QuotaClassesAdminTestJSON:tearDownClass): 204 DELETE http://10.180.1.21/identity/v3/projects/d6ecaa3dc97644d0882628cb7fe807a2 0.097s
2025-04-03 18:04:12.099 70091 INFO tempest.lib.common.dynamic_creds [-] Deleting project and security group for project: cdf2e86c12174aa0a26a9d8936501a82
2025-04-03 18:04:12.176 70103 INFO tempest.lib.common.rest_client [req-9c05050a-078f-4d94-a839-4e121d9beb1b req-9c05050a-078f-4d94-a839-4e121d9beb1b ] Request (FlavorsV255TestJSON:tearDownClass): 204 DELETE http://10.180.1.21/identity/v3/projects/28fab1ae350c442fb4fcdbeb168b76d0 0.123s
2025-04-03 18:04:12.176 70103 INFO tempest.lib.common.dynamic_creds [-] Deleting project and security group for project: 364c5f191da84501a20b5ae6c82cb243
2025-04-03 18:04:12.177 70095 INFO tempest.lib.common.rest_client [req-6c59d226-a827-4648-b532-6cf33f0b31d8 req-6c59d226-a827-4648-b532-6cf33f0b31d8 ] Request (MigrationsAdminTest:test_list_migrations_in_flavor_resize_situation): 202 POST http://10.180.1.21/compute/v2.1/servers 1.750s
2025-04-03 18:04:12.193 70089 INFO tempest.lib.common.rest_client [req-6bd2881a-f72b-489a-9a73-e09289a1c391 req-6bd2881a-f72b-489a-9a73-e09289a1c391 ] Request (TenantUsagesNegativeTestJSON:test_get_usage_tenant_with_invalid_date): 400 GET http://10.180.1.21/compute/v2.1/os-simple-tenant-usage/8b59f90020bf442bb0555f474b7a04ba?start=2025-04-04T18%3A04%3A09.530095&end=2025-04-02T18%3A04%3A09.530095 1.295s
2025-04-03 18:04:12.208 70075 INFO tempest.lib.common.rest_client [req-bb0818fe-e555-403b-9ffb-3d8dcf931db0 req-bb0818fe-e555-403b-9ffb-3d8dcf931db0 ] Request (ImagesOneServerNegativeTestJSON:setUpClass): 200 GET http://10.180.1.21/compute/v2.1/servers/e7d54e30-01f8-44c0-9dcb-8ccb5249d74f 1.386s
2025-04-03 18:04:12.426 70057 INFO tempest.lib.common.rest_client [req-e98acce5-9da4-49a8-a248-8e30d3ae9dd4 req-e98acce5-9da4-49a8-a248-8e30d3ae9dd4 ] Request (ImagesTestJSON:test_create_image_from_stopped_server): 200 GET http://10.180.1.21/compute/v2.1/servers/268efccf-ff0d-4b65-aaff-7d56844c9fd1 1.260s
2025-04-03 18:04:12.467 70085 INFO tempest.lib.common.rest_client [req-5077027e-f595-4a51-b2ac-3b865ea5f075 req-5077027e-f595-4a51-b2ac-3b865ea5f075 ] Request (QuotasAdminTestV257:test_get_updated_quotas): 200 PUT http://10.180.1.21/compute/v2.1/os-quota-sets/8f3627e60b6444118ae5049488ec1a53 1.225s
2025-04-03 18:04:12.477 70087 INFO tempest.lib.common.rest_client [req-f0268573-536f-4d2b-93c9-2a6b477956c4 req-f0268573-536f-4d2b-93c9-2a6b477956c4 ] Request (ImagesNegativeTestJSON:setUpClass): 201 POST http://10.180.1.21:9696/networking/v2.0/routers 2.865s
2025-04-03 18:04:12.642 70049 INFO tempest.lib.common.rest_client [req-b3e88e77-2373-4c2a-a1bb-df8c091292ad req-b3e88e77-2373-4c2a-a1bb-df8c091292ad ] Request (TenantUsagesTestJSON:setUpClass): 200 GET http://10.180.1.21/compute/v2.1/servers/fbf0c31e-6313-4583-9e15-4bd6d80cb20e 1.382s
2025-04-03 18:04:12.700 70091 INFO tempest.lib.common.rest_client [req-13d5761d-d326-446e-8419-95da882a827c req-13d5761d-d326-446e-8419-95da882a827c ] Request (QuotaClassesAdminTestJSON:tearDownClass): 200 GET http://10.180.1.21:9696/networking/v2.0/security-groups?tenant_id=cdf2e86c12174aa0a26a9d8936501a82&name=default 0.601s
2025-04-03 18:04:12.746 70103 INFO tempest.lib.common.rest_client [req-a36d423d-1270-43e1-ab6b-b34556cca1fc req-a36d423d-1270-43e1-ab6b-b34556cca1fc ] Request (FlavorsV255TestJSON:tearDownClass): 200 GET http://10.180.1.21:9696/networking/v2.0/security-groups?tenant_id=364c5f191da84501a20b5ae6c82cb243&name=default 0.570s
2025-04-03 18:04:12.779 70079 INFO tempest.lib.common.rest_client [req-3e6ccc1f-3693-45ca-800e-622db74df489 req-3e6ccc1f-3693-45ca-800e-622db74df489 ] Request (SecurityGroupsTestAdminJSON:_run_cleanups): 202 DELETE http://10.180.1.21/compute/v2.1/os-security-groups/7f77a658-26c6-42ea-8a69-e28eddf75c04 1.524s
2025-04-03 18:04:12.881 70077 INFO tempest.lib.common.rest_client [req-03802a28-6156-4b2c-a3a9-e31129b0c76b req-03802a28-6156-4b2c-a3a9-e31129b0c76b ] Request (HypervisorAdminNegativeUnderV252Test:test_search_hypervisor_with_non_admin_user): 403 GET http://10.180.1.21/compute/v2.1/os-hypervisors/domain-c8.fc996f14-c53b-4953-92e3-bdfa48f5cc28/search 1.234s
2025-04-03 18:04:12.928 70081 INFO tempest.lib.common.rest_client [req-2ac99e50-8ccc-4704-8a79-f1a85bd33c19 req-2ac99e50-8ccc-4704-8a79-f1a85bd33c19 ] Request (ImagesOneServerTestJSON:setUpClass): 200 GET http://10.180.1.21/compute/v2.1/servers/92c756f0-9577-4004-bcdd-d421a4d52b96 1.404s
2025-04-03 18:04:12.965 70067 INFO tempest.lib.common.rest_client [req-1abb96cf-87ce-4773-af75-c7d18ccc2434 req-1abb96cf-87ce-4773-af75-c7d18ccc2434 ] Request (AggregatesAdminNegativeTestJSON:_run_cleanups): 200 DELETE http://10.180.1.21/compute/v2.1/os-aggregates/2 1.198s
2025-04-03 18:04:12.981 70053 INFO tempest.lib.common.rest_client [req-e817ce30-efd7-4df0-a68b-7a7aa27af66f req-e817ce30-efd7-4df0-a68b-7a7aa27af66f ] Request (FlavorsAdminTestJSON:_run_cleanups): 202 DELETE http://10.180.1.21/compute/v2.1/flavors/209160090 1.190s
2025-04-03 18:04:13.003 70097 INFO tempest.lib.common.rest_client [req-bb75eb01-3fc5-47b4-8c02-ff445846d53b req-bb75eb01-3fc5-47b4-8c02-ff445846d53b ] Request (FlavorsV261TestJSON:test_crud_flavor): 200 PUT http://10.180.1.21/compute/v2.1/flavors/955366116 1.123s
2025-04-03 18:04:13.014 70063 INFO tempest.lib.common.rest_client [req-bb81f035-4508-44aa-a569-2771889807a3 req-bb81f035-4508-44aa-a569-2771889807a3 ] Request (ServersWithSpecificFlavorTestJSON:test_verify_created_server_ephemeral_disk): 200 GET http://10.180.1.21/compute/v2.1/flavors/42/os-extra_specs 1.112s
2025-04-03 18:04:13.024 70083 INFO tempest.lib.common.rest_client [req-2dfbde59-3c6e-4f6e-b35e-6c770ae1fa04 req-2dfbde59-3c6e-4f6e-b35e-6c770ae1fa04 ] Request (HostsAdminNegativeTestJSON:test_shutdown_host_with_non_admin_user): 403 GET http://10.180.1.21/compute/v2.1/os-hosts/devstack/shutdown 1.108s
2025-04-03 18:04:13.042 70045 INFO tempest.lib.common.rest_client [req-47be0c82-cf75-430f-92f5-257120ec14ce req-47be0c82-cf75-430f-92f5-257120ec14ce ] Request (ServicesAdminNegativeV253TestJSON:test_get_service_with_valid_service_and_invalid_host): 200 GET http://10.180.1.21/compute/v2.1/os-services?host=xxx&binary=nova-scheduler 1.102s
