2025-04-03 18:06:15.131 70099 INFO tempest.lib.common.rest_client [req-d7176d71-88f8-456b-a944-77f5897c1672 req-d7176d71-88f8-456b-a944-77f5897c1672 ] Request (ServersAdminTestJSON:setUpClass): 200 GET http://10.180.1.21/compute/v2.1/servers/5e8ce78c-53ea-44fb-9a08-b33471eb8c32 0.187s
2025-04-03 18:06:15.155 70043 INFO tempest.lib.common.rest_client [req-3ac47cb4-1cca-44cf-8054-c54ddcbe6567 req-3ac47cb4-1cca-44cf-8054-c54ddcbe6567 ] Request (VolumesAssistedSnapshotsTest:_run_cleanups): 200 GET http://10.180.1.21/compute/v2.1/servers/03661849-1d44-451d-9f43-087171ea126b/os-volume_attachments 0.201s
2025-04-03 18:06:15.200 70067 INFO tempest.lib.common.rest_client [req-5eb8a8e9-8ea5-4ab0-bac4-e7bda2334384 req-5eb8a8e9-8ea5-4ab0-bac4-e7bda2334384 ] Request (ServersAdmin275Test:test_rebuild_update_server_275): 200 GET http://10.180.1.21/compute/v2.1/servers/6b40bd9e-5036-4b89-8eb3-dcf4fcbad807 0.164s
2025-04-03 18:06:15.212 70067 INFO tempest.common.waiters [-] State transition "BUILD/networking" ==> "BUILD/spawning" after 73 second wait
2025-04-03 18:06:15.213 70055 INFO tempest.lib.common.rest_client [req-b86d7d8c-30d1-45b3-878b-5da60fabf304 req-b86d7d8c-30d1-45b3-878b-5da60fabf304 ] Request (MultipleCreateTestJSON:test_multiple_create): 200 GET http://10.180.1.21/compute/v2.1/servers/5ec0880d-fa12-4bd4-b83b-0d94a943831a 0.156s
2025-04-03 18:06:15.265 70079 INFO tempest.lib.common.rest_client [req-1513ce54-97b4-4801-a723-53f82121923c req-1513ce54-97b4-4801-a723-53f82121923c ] Request (ServerTagsTestJSON:_run_cleanups): 204 DELETE http://10.180.1.21/compute/v2.1/servers/8c5c3c21-9882-4b8b-97c8-ffbff54d6217/tags 0.204s
2025-04-03 18:06:15.294 70062 INFO tempest.lib.common.rest_client [req-b9d5e88c-5a7b-4d69-be0f-e2c77eb31d62 req-b9d5e88c-5a7b-4d69-be0f-e2c77eb31d62 ] Request (ListImageFiltersTestJSON:test_list_images_filter_by_changes_since): 200 GET http://10.180.1.21/compute/v2.1/images?changes-since=2025-04-03T18%3A04%3A11Z 0.205s
2025-04-03 18:06:15.340 70049 INFO tempest.lib.common.rest_client [req-c1df7757-82f4-4699-8050-cccfe96ccfd5 req-c1df7757-82f4-4699-8050-cccfe96ccfd5 ] Request (FloatingIPsAssociationNegativeTestJSON:setUpClass): 200 GET http://10.180.1.21/compute/v2.1/servers/04dcf87e-ecc6-448b-b167-90f89535c268 0.242s
2025-04-03 18:06:15.406 70079 INFO tempest.lib.common.rest_client [req-fa86ab17-f1da-4c6e-8193-425e4bdf21d1 req-fa86ab17-f1da-4c6e-8193-425e4bdf21d1 ] Request (ServerTagsTestJSON:test_delete_all_tags): 201 PUT http://10.180.1.21/compute/v2.1/servers/8c5c3c21-9882-4b8b-97c8-ffbff54d6217/tags/tempest-tag-1276162175 0.140s
2025-04-03 18:06:15.430 70091 INFO tempest.lib.common.rest_client [req-b9025e6a-851d-4be6-86bc-8ea89abf9f6b req-b9025e6a-851d-4be6-86bc-8ea89abf9f6b ] Request (ServersNegativeTestMultiTenantJSON:tearDownClass): 200 GET http://10.180.1.21/compute/v2.1/servers/4d356075-9e91-4b99-b2a3-794bd24f5b14 0.245s
2025-04-03 18:06:15.489 70062 INFO tempest.lib.common.rest_client [req-c8f9b8f7-a2f9-4c6a-ac02-0faa45eab426 req-c8f9b8f7-a2f9-4c6a-ac02-0faa45eab426 ] Request (ListImageFiltersTestJSON:test_list_images_filter_by_name): 200 GET http://10.180.1.21/compute/v2.1/images?name=tempest-ListImageFiltersTestJSON-image-474726966 0.186s
2025-04-03 18:06:15.498 70095 INFO tempest.lib.common.rest_client [req-6c6ca7bc-5faf-4247-b46c-9d5eb2a4afef req-6c6ca7bc-5faf-4247-b46c-9d5eb2a4afef ] Request (MigrationsAdminTest:test_list_migrations_in_flavor_resize_situation): 200 GET http://10.180.1.21/compute/v2.1/servers/0f58f9a2-8d42-44b2-828c-fc96f3615014 0.198s
2025-04-03 18:06:15.523 70057 INFO tempest.lib.common.rest_client [req-62ab4214-6526-4f2c-a74a-df46daa3818b req-62ab4214-6526-4f2c-a74a-df46daa3818b ] Request (ImagesTestJSON:test_create_image_from_suspended_server): 200 GET http://10.180.1.21/compute/v2.1/images/2c1e9962-71c0-4822-8f2b-0a84cbdcbd1c 0.195s
2025-04-03 18:06:15.554 70047 INFO tempest.lib.common.rest_client [req-a41d1fe7-bd5d-4495-86fe-cdc15e628abe req-a41d1fe7-bd5d-4495-86fe-cdc15e628abe ] Request (DeleteServersAdminTestJSON:test_delete_server_while_in_error_state): 200 GET http://10.180.1.21/compute/v2.1/servers/15c0d93d-91e9-49df-b5ae-691abf05cd7d 0.148s
2025-04-03 18:06:15.581 70079 INFO tempest.lib.common.rest_client [req-4c4a793a-222b-4597-b98a-473669042948 req-4c4a793a-222b-4597-b98a-473669042948 ] Request (ServerTagsTestJSON:test_delete_all_tags): 201 PUT http://10.180.1.21/compute/v2.1/servers/8c5c3c21-9882-4b8b-97c8-ffbff54d6217/tags/tempest-tag-462595868 0.174s
2025-04-03 18:06:15.602 70081 INFO tempest.lib.common.rest_client [req-671c19de-05a6-41ac-a92a-78dae8d37dbb req-671c19de-05a6-41ac-a92a-78dae8d37dbb ] Request (InstanceActionsNegativeTestJSON:setUpClass): 200 GET http://10.180.1.21/compute/v2.1/servers/1be69880-79f7-40cb-bfca-cc37bb54df00 0.195s
2025-04-03 18:06:15.660 70097 INFO tempest.lib.common.rest_client [req-79469b17-f8b1-4d61-9e61-62f1be47a5ad req-79469b17-f8b1-4d61-9e61-62f1be47a5ad ] Request (ListServerFiltersTestJSON:tearDownClass): 200 GET http://10.180.1.21/compute/v2.1/servers/a41102d1-6d13-438a-82eb-67b4bb7e6ec9 0.191s
2025-04-03 18:06:15.661 70063 INFO tempest.lib.common.rest_client [req-cf235263-5f9e-40fd-a8a3-afb150c24841 req-cf235263-5f9e-40fd-a8a3-afb150c24841 ] Request (ServersWithSpecificFlavorTestJSON:test_verify_created_server_ephemeral_disk): 200 GET http://10.180.1.21/compute/v2.1/servers/f1574ebf-e7cd-4b42-b6c7-6dcb2489f22d 0.182s
2025-04-03 18:06:15.716 70062 INFO tempest.lib.common.rest_client [req-f3f29dc7-7f0c-402e-a825-db6daf507875 req-f3f29dc7-7f0c-402e-a825-db6daf507875 ] Request (ListImageFiltersTestJSON:test_list_images_filter_by_server_id): 200 GET http://10.180.1.21/compute/v2.1/images?server=ca6706ed-0e25-44e6-8007-105b049e332b 0.224s
2025-04-03 18:06:15.718 70101 INFO tempest.lib.common.rest_client [req-c2d5af13-0a30-4192-a641-3ac5d1ec9989 req-c2d5af13-0a30-4192-a641-3ac5d1ec9989 ] Request (ServersAdminNegativeTestJSON:setUpClass): 200 GET http://10.180.1.21/compute/v2.1/servers/661541b3-dd38-4692-af94-dce06e9cdb7d 0.166s
2025-04-03 18:06:15.754 70079 INFO tempest.lib.common.rest_client [req-58a3c387-94f6-4cf7-9f1f-4948c9ac9553 req-58a3c387-94f6-4cf7-9f1f-4948c9ac9553 ] Request (ServerTagsTestJSON:test_delete_all_tags): 204 DELETE http://10.180.1.21/compute/v2.1/servers/8c5c3c21-9882-4b8b-97c8-ffbff54d6217/tags 0.172s
2025-04-03 18:06:15.811 70083 INFO tempest.lib.common.rest_client [req-38dc0c72-f891-497b-8fea-da47f45752db req-38dc0c72-f891-497b-8fea-da47f45752db ] Request (AttachInterfacesV270Test:tearDownClass): 200 GET http://10.180.1.21/compute/v2.1/servers/9c9ac9ff-3f87-49ca-9c94-1e1a635bcd34 0.132s
2025-04-03 18:06:15.830 70093 INFO tempest.lib.common.rest_client [req-5ebe9b57-431c-4b34-b570-dee9d03c03ea req-5ebe9b57-431c-4b34-b570-dee9d03c03ea ] Request (FloatingIPsAssociationTestJSON:test_associate_already_associated_floating_ip): 200 GET http://10.180.1.21/compute/v2.1/servers/7db7bcc5-a83f-4faf-8576-c29cd26117e8 0.224s
2025-04-03 18:06:15.844 70062 INFO tempest.lib.common.rest_client [req-d09525d5-854c-4950-8f6d-c3fe2f4619dd req-d09525d5-854c-4950-8f6d-c3fe2f4619dd ] Request (ListImageFiltersTestJSON:test_list_images_filter_by_server_ref): 200 GET http://10.180.1.21/compute/v2.1/images?server=http%3A%2F%2F10.180.1.21%2Fcompute%2Fv2.1%2Fservers%2F2e425cdf-ea68-4d87-9924-f1a5bf8e1e0e 0.125s
2025-04-03 18:06:15.860 70079 INFO tempest.lib.common.rest_client [req-fb402a12-3cb6-4368-83e0-f8544608e8f9 req-fb402a12-3cb6-4368-83e0-f8544608e8f9 ] Request (ServerTagsTestJSON:test_delete_all_tags): 200 GET http://10.180.1.21/compute/v2.1/servers/8c5c3c21-9882-4b8b-97c8-ffbff54d6217/tags 0.105s
2025-04-03 18:06:15.882 70069 INFO tempest.lib.common.rest_client [req-77ed530e-dc3d-4d25-bcae-88708ab99a9f req-77ed530e-dc3d-4d25-bcae-88708ab99a9f ] Request (ServerShowV247Test:test_update_rebuild_list_server): 200 GET http://10.180.1.21/compute/v2.1/servers/1820a34a-f585-47ff-a7dd-586f47feaf38 0.143s
2025-04-03 18:06:15.901 70062 INFO tempest.lib.common.rest_client [req-a3b9ea56-9a1b-4b3d-ae78-6cc85a9e3dc5 req-a3b9ea56-9a1b-4b3d-ae78-6cc85a9e3dc5 ] Request (ListImageFiltersTestJSON:test_list_images_filter_by_server_ref): 200 GET http://10.180.1.21/compute/v2.1/images?server=http%3A%2F%2F10.180.1.21%2Fcompute%2Fservers%2F2e425cdf-ea68-4d87-9924-f1a5bf8e1e0e 0.054s
2025-04-03 18:06:15.924 70079 INFO tempest.lib.common.rest_client [req-39d05300-0f20-4ccb-91fa-aa68c7416e33 req-39d05300-0f20-4ccb-91fa-aa68c7416e33 ] Request (ServerTagsTestJSON:_run_cleanups): 204 DELETE http://10.180.1.21/compute/v2.1/servers/8c5c3c21-9882-4b8b-97c8-ffbff54d6217/tags 0.063s
2025-04-03 18:06:15.954 70075 INFO tempest.lib.common.rest_client [req-2300c233-01bd-4df6-b3da-ca271650820d req-2300c233-01bd-4df6-b3da-ca271650820d ] Request (ImagesOneServerNegativeTestJSON:_run_cleanups): 200 GET http://10.180.1.21/compute/v2.1/servers/9e8182c1-7df2-4b86-b842-bdf1b86bedcf 0.091s
2025-04-03 18:06:15.986 70062 INFO tempest.lib.common.rest_client [req-b78a0107-fa1e-4680-a00c-5ad8ca8e79e1 req-b78a0107-fa1e-4680-a00c-5ad8ca8e79e1 ] Request (ListImageFiltersTestJSON:test_list_images_filter_by_status): 200 GET http://10.180.1.21/compute/v2.1/images?status=ACTIVE 0.083s
2025-04-03 18:06:16.007 70079 INFO tempest.lib.common.rest_client [req-29a8ceb5-4f74-438f-bd33-7a176bee6d81 req-29a8ceb5-4f74-438f-bd33-7a176bee6d81 ] Request (ServerTagsTestJSON:test_update_all_tags): 201 PUT http://10.180.1.21/compute/v2.1/servers/8c5c3c21-9882-4b8b-97c8-ffbff54d6217/tags/tempest-tag-1398199231 0.082s
2025-04-03 18:06:16.035 70059 INFO tempest.lib.common.rest_client [req-552d0c52-a665-43d3-88e0-931a19f0ac80 req-552d0c52-a665-43d3-88e0-931a19f0ac80 ] Request (ServerDiskConfigTestJSON:test_rebuild_server_with_auto_disk_config): 200 GET http://10.180.1.21/compute/v2.1/servers/c2719988-7eaa-44cd-bf9b-d2e94aae2878 0.109s
2025-04-03 18:06:16.048 70062 INFO tempest.lib.common.rest_client [req-c38f0fd3-af49-492e-ad6c-6ce2e25a7379 req-c38f0fd3-af49-492e-ad6c-6ce2e25a7379 ] Request (ListImageFiltersTestJSON:test_list_images_filter_by_type): 200 GET http://10.180.1.21/compute/v2.1/images?type=snapshot 0.058s
2025-04-03 18:06:16.069 70051 INFO tempest.lib.common.rest_client [req-3f2fa92f-42b1-489e-9d2e-65318f61ec84 req-3f2fa92f-42b1-489e-9d2e-65318f61ec84 ] Request (ServerActionsTestOtherB:test_create_backup): 200 GET http://10.180.1.21/image/v2/images/ed1a83e2-45fd-4206-a81b-81f1ffc40d54 0.015s
2025-04-03 18:06:16.086 70079 INFO tempest.lib.common.rest_client [req-bba85ade-3210-4a06-ab4b-20d547a8bbdd req-bba85ade-3210-4a06-ab4b-20d547a8bbdd ] Request (ServerTagsTestJSON:test_update_all_tags): 201 PUT http://10.180.1.21/compute/v2.1/servers/8c5c3c21-9882-4b8b-97c8-ffbff54d6217/tags/tempest-tag-1469778027 0.078s
2025-04-03 18:06:16.096 70062 INFO tempest.lib.common.rest_client [req-dabb8e4c-3bd9-4f1c-b966-6cd70f53d256 req-dabb8e4c-3bd9-4f1c-b966-6cd70f53d256 ] Request (ListImageFiltersTestJSON:test_list_images_limit_results): 200 GET http://10.180.1.21/compute/v2.1/images?limit=1 0.044s
2025-04-03 18:06:16.146 70079 INFO tempest.lib.common.rest_client [req-ac2bfc58-af52-4f97-97c8-3847ebdc26a3 req-ac2bfc58-af52-4f97-97c8-3847ebdc26a3 ] Request (ServerTagsTestJSON:test_update_all_tags): 200 PUT http://10.180.1.21/compute/v2.1/servers/8c5c3c21-9882-4b8b-97c8-ffbff54d6217/tags 0.058s
2025-04-03 18:06:16.161 70062 INFO tempest.lib.common.rest_client [req-e0f46fce-c105-4621-a367-cf0a501f542c req-e0f46fce-c105-4621-a367-cf0a501f542c ] Request (ListImageFiltersTestJSON:test_list_images_with_detail_filter_by_changes_since): 200 GET http://10.180.1.21/compute/v2.1/images/detail?changes-since=2025-04-03T18%3A03%3A57Z 0.061s
2025-04-03 18:06:16.212 70045 INFO tempest.lib.common.rest_client [req-8e52781e-efa1-4a8e-af21-f3bcb67e26f5 req-8e52781e-efa1-4a8e-af21-f3bcb67e26f5 ] Request (InstanceActionsV221TestJSON:test_get_list_deleted_instance_actions): 200 GET http://10.180.1.21/compute/v2.1/servers/b1597ec1-1d62-474d-ac9d-5ffb3cb69b7f 0.078s
2025-04-03 18:06:16.230 70079 INFO tempest.lib.common.rest_client [req-d2b30900-db41-48ee-b2ed-11ce9d4c2e8e req-d2b30900-db41-48ee-b2ed-11ce9d4c2e8e ] Request (ServerTagsTestJSON:test_update_all_tags): 200 GET http://10.180.1.21/compute/v2.1/servers/8c5c3c21-9882-4b8b-97c8-ffbff54d6217/tags 0.083s
2025-04-03 18:06:16.235 70099 INFO tempest.lib.common.rest_client [req-4b9351c1-edcc-4277-a4e9-06cb70227e22 req-4b9351c1-edcc-4277-a4e9-06cb70227e22 ] Request (ServersAdminTestJSON:setUpClass): 200 GET http://10.180.1.21/compute/v2.1/servers/5e8ce78c-53ea-44fb-9a08-b33471eb8c32 0.096s
2025-04-03 18:06:16.262 70043 INFO tempest.lib.common.rest_client [req-0d7ee497-4694-45d2-89cb-5ef11fe7d6cb req-0d7ee497-4694-45d2-89cb-5ef11fe7d6cb ] Request (VolumesAssistedSnapshotsTest:_run_cleanups): 200 GET http://10.180.1.21/compute/v2.1/servers/03661849-1d44-451d-9f43-087171ea126b/os-volume_attachments 0.102s
2025-04-03 18:06:16.279 70062 INFO tempest.lib.common.rest_client [req-435586a9-05c5-489a-b709-29e482bd2133 req-435586a9-05c5-489a-b709-29e482bd2133 ] Request (ListImageFiltersTestJSON:test_list_images_with_detail_filter_by_name): 200 GET http://10.180.1.21/compute/v2.1/images/detail?name=tempest-ListImageFiltersTestJSON-image-474726966 0.110s
2025-04-03 18:06:16.325 70079 INFO tempest.lib.common.rest_client [req-a9432ec3-b707-4147-b40d-22bddfcf9dde req-a9432ec3-b707-4147-b40d-22bddfcf9dde ] Request (ServerTagsTestJSON:_run_cleanups): 204 DELETE http://10.180.1.21/compute/v2.1/servers/8c5c3c21-9882-4b8b-97c8-ffbff54d6217/tags 0.093s
2025-04-03 18:06:16.331 70067 INFO tempest.lib.common.rest_client [req-b7e711e3-7a09-4cbf-b76a-518e6aa5123b req-b7e711e3-7a09-4cbf-b76a-518e6aa5123b ] Request (ServersAdmin275Test:test_rebuild_update_server_275): 200 GET http://10.180.1.21/compute/v2.1/servers/6b40bd9e-5036-4b89-8eb3-dcf4fcbad807 0.117s
2025-04-03 18:06:16.374 70062 INFO tempest.lib.common.rest_client [req-59b6a4b8-bc0e-44eb-91bd-1b1cef085f5e req-59b6a4b8-bc0e-44eb-91bd-1b1cef085f5e ] Request (ListImageFiltersTestJSON:test_list_images_with_detail_filter_by_server_ref): 200 GET http://10.180.1.21/compute/v2.1/images/detail?server=http%3A%2F%2F10.180.1.21%2Fcompute%2Fv2.1%2Fservers%2F2e425cdf-ea68-4d87-9924-f1a5bf8e1e0e 0.090s
2025-04-03 18:06:16.383 70055 INFO tempest.lib.common.rest_client [req-124ad053-49e8-4cd5-a040-06863f982efd req-124ad053-49e8-4cd5-a040-06863f982efd ] Request (MultipleCreateTestJSON:test_multiple_create): 200 GET http://10.180.1.21/compute/v2.1/servers/5ec0880d-fa12-4bd4-b83b-0d94a943831a 0.146s
2025-04-03 18:06:16.430 70049 INFO tempest.lib.common.rest_client [req-dfe14c6b-0dfe-4de8-a7e5-4e05a3cbfbca req-dfe14c6b-0dfe-4de8-a7e5-4e05a3cbfbca ] Request (FloatingIPsAssociationNegativeTestJSON:setUpClass): 200 GET http://10.180.1.21/compute/v2.1/servers/04dcf87e-ecc6-448b-b167-90f89535c268 0.081s
2025-04-03 18:06:16.450 70079 INFO tempest.lib.common.rest_client [req-134f0101-41ae-42d7-b468-3ba48e093638 req-134f0101-41ae-42d7-b468-3ba48e093638 ] Request (ServerTagsTestJSON:tearDownClass): 204 DELETE http://10.180.1.21/compute/v2.1/servers/8c5c3c21-9882-4b8b-97c8-ffbff54d6217 0.122s
2025-04-03 18:06:16.480 70062 INFO tempest.lib.common.rest_client [req-0d0365d4-e5fd-47fb-a19e-9cf0a0241bab req-0d0365d4-e5fd-47fb-a19e-9cf0a0241bab ] Request (ListImageFiltersTestJSON:test_list_images_with_detail_filter_by_server_ref): 200 GET http://10.180.1.21/compute/v2.1/images/detail?server=http%3A%2F%2F10.180.1.21%2Fcompute%2Fservers%2F2e425cdf-ea68-4d87-9924-f1a5bf8e1e0e 0.102s
2025-04-03 18:06:16.581 70079 INFO tempest.lib.common.rest_client [req-fcf360c5-f92f-41cb-a8ff-9df5070cce79 req-fcf360c5-f92f-41cb-a8ff-9df5070cce79 ] Request (ServerTagsTestJSON:tearDownClass): 200 GET http://10.180.1.21/compute/v2.1/servers/8c5c3c21-9882-4b8b-97c8-ffbff54d6217 0.131s
2025-04-03 18:06:16.650 70062 INFO tempest.lib.common.rest_client [req-fa4c1eea-3d17-4340-be21-e937f835b097 req-fa4c1eea-3d17-4340-be21-e937f835b097 ] Request (ListImageFiltersTestJSON:test_list_images_with_detail_filter_by_status): 200 GET http://10.180.1.21/compute/v2.1/images/detail?status=ACTIVE 0.164s
2025-04-03 18:06:16.735 70091 INFO tempest.lib.common.rest_client [req-ece8f81d-11bf-497a-9b2c-be2bf26916d2 req-ece8f81d-11bf-497a-9b2c-be2bf26916d2 ] Request (ServersNegativeTestMultiTenantJSON:tearDownClass): 200 GET http://10.180.1.21/compute/v2.1/servers/4d356075-9e91-4b99-b2a3-794bd24f5b14 0.297s
2025-04-03 18:06:16.742 70095 INFO tempest.lib.common.rest_client [req-ede07a78-0c78-4ef9-ab8a-84521e55297b req-ede07a78-0c78-4ef9-ab8a-84521e55297b ] Request (MigrationsAdminTest:test_list_migrations_in_flavor_resize_situation): 200 GET http://10.180.1.21/compute/v2.1/servers/0f58f9a2-8d42-44b2-828c-fc96f3615014 0.235s
2025-04-03 18:06:16.749 70095 INFO tempest.common.waiters [-] State transition "VERIFY_RESIZE/None" ==> "ACTIVE/None" after 39 second wait
2025-04-03 18:06:16.772 70057 INFO tempest.lib.common.rest_client [req-e1da9042-8776-49c1-a6ca-223a702e437f req-e1da9042-8776-49c1-a6ca-223a702e437f ] Request (ImagesTestJSON:test_create_image_from_suspended_server): 200 GET http://10.180.1.21/compute/v2.1/images/2c1e9962-71c0-4822-8f2b-0a84cbdcbd1c 0.244s
2025-04-03 18:06:16.806 70047 INFO tempest.lib.common.rest_client [req-09286a23-3c07-425f-8c27-e8cbcf585ae7 req-09286a23-3c07-425f-8c27-e8cbcf585ae7 ] Request (DeleteServersAdminTestJSON:test_delete_server_while_in_error_state): 200 GET http://10.180.1.21/compute/v2.1/servers/15c0d93d-91e9-49df-b5ae-691abf05cd7d 0.244s
2025-04-03 18:06:16.820 70081 INFO tempest.lib.common.rest_client [req-14929496-08b3-4e84-ace2-c6199e90cd4a req-14929496-08b3-4e84-ace2-c6199e90cd4a ] Request (InstanceActionsNegativeTestJSON:setUpClass): 200 GET http://10.180.1.21/compute/v2.1/servers/1be69880-79f7-40cb-bfca-cc37bb54df00 0.210s
2025-04-03 18:06:16.852 70062 INFO tempest.lib.common.rest_client [req-3da37d04-5ee8-42a6-8550-ec5fbd86c163 req-3da37d04-5ee8-42a6-8550-ec5fbd86c163 ] Request (ListImageFiltersTestJSON:test_list_images_with_detail_filter_by_type): 200 GET http://10.180.1.21/compute/v2.1/images/detail?type=snapshot 0.195s
2025-04-03 18:06:16.883 70097 INFO tempest.lib.common.rest_client [req-d3ddaa75-8f0c-49bb-a0f1-3c675d99c6f4 req-d3ddaa75-8f0c-49bb-a0f1-3c675d99c6f4 ] Request (ListServerFiltersTestJSON:tearDownClass): 200 GET http://10.180.1.21/compute/v2.1/servers/a41102d1-6d13-438a-82eb-67b4bb7e6ec9 0.214s
2025-04-03 18:06:16.898 70063 INFO tempest.lib.common.rest_client [req-e7d2dd8d-27d5-4b67-9c59-c999e2bdbdfd req-e7d2dd8d-27d5-4b67-9c59-c999e2bdbdfd ] Request (ServersWithSpecificFlavorTestJSON:test_verify_created_server_ephemeral_disk): 200 GET http://10.180.1.21/compute/v2.1/servers/f1574ebf-e7cd-4b42-b6c7-6dcb2489f22d 0.229s
2025-04-03 18:06:16.937 70101 INFO tempest.lib.common.rest_client [req-5f7cac4d-46cd-41e2-8973-6530a19c3895 req-5f7cac4d-46cd-41e2-8973-6530a19c3895 ] Request (ServersAdminNegativeTestJSON:setUpClass): 200 GET http://10.180.1.21/compute/v2.1/servers/661541b3-dd38-4692-af94-dce06e9cdb7d 0.209s
2025-04-03 18:06:16.979 70057 INFO tempest.lib.common.rest_client [req-730be06d-85dd-4edb-9568-641849835f83 req-730be06d-85dd-4edb-9568-641849835f83 ] Request (ImagesTestJSON:test_create_image_from_suspended_server): 200 GET http://10.180.1.21/compute/v2.1/images/2c1e9962-71c0-4822-8f2b-0a84cbdcbd1c 0.204s
2025-04-03 18:06:17.011 70057 INFO tempest.lib.common.rest_client [req-75ca7bba-5010-46ac-ada7-91124b4b4fdc req-75ca7bba-5010-46ac-ada7-91124b4b4fdc ] Request (ImagesTestJSON:test_create_image_from_suspended_server): 200 GET http://10.180.1.21/image/v2/images/2c1e9962-71c0-4822-8f2b-0a84cbdcbd1c/tasks 0.027s
2025-04-03 18:06:17.016 70095 INFO tempest.lib.common.rest_client [req-609f0150-197c-4ad1-b7fb-ea8f11e8151e req-609f0150-197c-4ad1-b7fb-ea8f11e8151e ] Request (MigrationsAdminTest:test_list_migrations_in_flavor_resize_situation): 200 GET http://10.180.1.21/compute/v2.1/servers/0f58f9a2-8d42-44b2-828c-fc96f3615014 0.267s
2025-04-03 18:06:17.041 70083 INFO tempest.lib.common.rest_client [req-cdc9db09-818d-4b6e-9dbc-f5d5cce8417e req-cdc9db09-818d-4b6e-9dbc-f5d5cce8417e ] Request (AttachInterfacesV270Test:tearDownClass): 200 GET http://10.180.1.21/compute/v2.1/servers/9c9ac9ff-3f87-49ca-9c94-1e1a635bcd34 0.219s
2025-04-03 18:06:17.073 70062 INFO tempest.lib.common.rest_client [req-fa1e24f3-9777-4c79-9ea3-f9617ce40786 req-fa1e24f3-9777-4c79-9ea3-f9617ce40786 ] Request (ListImageFiltersTestJSON:test_list_images_with_detail_filter_by_type): 200 GET http://10.180.1.21/compute/v2.1/images/ed409e28-9fe4-4715-b5e5-02cca3395c21 0.216s
2025-04-03 18:06:17.091 70051 INFO tempest.lib.common.rest_client [req-b2f064d4-82b5-42a1-86aa-6fa1e9ed8f2b req-b2f064d4-82b5-42a1-86aa-6fa1e9ed8f2b ] Request (ServerActionsTestOtherB:test_create_backup): 200 GET http://10.180.1.21/image/v2/images/ed1a83e2-45fd-4206-a81b-81f1ffc40d54 0.020s
2025-04-03 18:06:17.111 70093 INFO tempest.lib.common.rest_client [req-65765555-54a9-4941-8193-535ecffc0bd6 req-65765555-54a9-4941-8193-535ecffc0bd6 ] Request (FloatingIPsAssociationTestJSON:test_associate_already_associated_floating_ip): 200 GET http://10.180.1.21/compute/v2.1/servers/7db7bcc5-a83f-4faf-8576-c29cd26117e8 0.271s
2025-04-03 18:06:17.128 70069 INFO tempest.lib.common.rest_client [req-25a42964-94b4-4db1-996e-ae96e75aa170 req-25a42964-94b4-4db1-996e-ae96e75aa170 ] Request (ServerShowV247Test:test_update_rebuild_list_server): 200 GET http://10.180.1.21/compute/v2.1/servers/1820a34a-f585-47ff-a7dd-586f47feaf38 0.232s
2025-04-03 18:06:17.161 70075 INFO tempest.lib.common.rest_client [req-720df4bf-2185-446a-a090-e417d05c788a req-720df4bf-2185-446a-a090-e417d05c788a ] Request (ImagesOneServerNegativeTestJSON:_run_cleanups): 200 GET http://10.180.1.21/compute/v2.1/servers/9e8182c1-7df2-4b86-b842-bdf1b86bedcf 0.199s
2025-04-03 18:06:17.194 70095 INFO tempest.lib.common.rest_client [req-a9615ea4-91e3-4b40-9c34-956a7f4296af req-a9615ea4-91e3-4b40-9c34-956a7f4296af ] Request (MigrationsAdminTest:test_list_migrations_in_flavor_resize_situation): 200 POST http://10.180.1.21/compute/v2.1/os-keypairs 0.169s
2025-04-03 18:06:17.244 70059 INFO tempest.lib.common.rest_client [req-d0266154-352e-4882-9921-c0851a72de1e req-d0266154-352e-4882-9921-c0851a72de1e ] Request (ServerDiskConfigTestJSON:test_rebuild_server_with_auto_disk_config): 200 GET http://10.180.1.21/compute/v2.1/servers/c2719988-7eaa-44cd-bf9b-d2e94aae2878 0.200s
2025-04-03 18:06:17.250 70057 INFO tempest.lib.common.rest_client [req-b4cae93f-65f0-4077-976e-c082040d3c46 req-b4cae93f-65f0-4077-976e-c082040d3c46 ] Request (ImagesTestJSON:_run_cleanups): 204 DELETE http://10.180.1.21/compute/v2.1/images/2c1e9962-71c0-4822-8f2b-0a84cbdcbd1c 0.238s
2025-04-03 18:06:17.281 70062 INFO tempest.lib.common.rest_client [req-31173fb1-00f3-46eb-8aa0-8ac993a7dfd8 req-31173fb1-00f3-46eb-8aa0-8ac993a7dfd8 ] Request (ListImageFiltersTestJSON:test_list_images_with_detail_limit_results): 200 GET http://10.180.1.21/compute/v2.1/images/detail?limit=1 0.203s
2025-04-03 18:06:17.309 70095 INFO tempest.lib.common.rest_client [req-6ba0a808-3ecb-475a-af4e-ca527b246088 req-6ba0a808-3ecb-475a-af4e-ca527b246088 ] Request (MigrationsAdminTest:test_list_migrations_in_flavor_resize_situation): 201 POST http://10.180.1.21:9696/networking/v2.0/security-groups 0.113s
2025-04-03 18:06:17.309 70045 INFO tempest.lib.common.rest_client [req-b50a13b7-21a2-4839-a9a8-b2f35946f898 req-b50a13b7-21a2-4839-a9a8-b2f35946f898 ] Request (InstanceActionsV221TestJSON:test_get_list_deleted_instance_actions): 200 GET http://10.180.1.21/compute/v2.1/servers/b1597ec1-1d62-474d-ac9d-5ffb3cb69b7f 0.087s
2025-04-03 18:06:17.338 70099 INFO tempest.lib.common.rest_client [req-b1034f43-c995-483c-b706-25096fefd674 req-b1034f43-c995-483c-b706-25096fefd674 ] Request (ServersAdminTestJSON:setUpClass): 200 GET http://10.180.1.21/compute/v2.1/servers/5e8ce78c-53ea-44fb-9a08-b33471eb8c32 0.090s
2025-04-03 18:06:17.372 70043 INFO tempest.lib.common.rest_client [req-3d8f43be-b093-4655-88fe-67ca054ece8b req-3d8f43be-b093-4655-88fe-67ca054ece8b ] Request (VolumesAssistedSnapshotsTest:_run_cleanups): 200 GET http://10.180.1.21/compute/v2.1/servers/03661849-1d44-451d-9f43-087171ea126b/os-volume_attachments 0.105s
2025-04-03 18:06:17.393 70057 INFO tempest.lib.common.rest_client [req-2a646b3b-eb87-4456-8b47-1120d824cbc2 req-2a646b3b-eb87-4456-8b47-1120d824cbc2 ] Request (ImagesTestJSON:_run_cleanups): 204 DELETE http://10.180.1.21/compute/v2.1/servers/2e95354b-0ea0-4736-884c-c6b88333f5cc 0.142s
2025-04-03 18:06:17.399 70095 INFO tempest.lib.common.rest_client [req-cd5b0246-07ce-41c3-8d38-b7aa16c30757 req-cd5b0246-07ce-41c3-8d38-b7aa16c30757 ] Request (MigrationsAdminTest:test_list_migrations_in_flavor_resize_situation): 201 POST http://10.180.1.21:9696/networking/v2.0/security-group-rules 0.090s
2025-04-03 18:06:17.407 70043 INFO tempest.lib.common.rest_client [req-fb9ce773-6b68-4539-a43b-a48d0543a928 req-fb9ce773-6b68-4539-a43b-a48d0543a928 ] Request (VolumesAssistedSnapshotsTest:_run_cleanups): 200 GET http://10.180.1.21/volume/v3/volumes/34e4a76c-bc4d-4e6a-94a3-c4603e5dba2c 0.034s
2025-04-03 18:06:17.413 70043 INFO tempest.common.waiters [-] volume 34e4a76c-bc4d-4e6a-94a3-c4603e5dba2c reached available after waiting for 0.413742 seconds
2025-04-03 18:06:17.470 70043 INFO tempest.lib.common.rest_client [req-0a0e28a0-db27-4ccc-b262-b834fecbc3f8 req-0a0e28a0-db27-4ccc-b262-b834fecbc3f8 ] Request (VolumesAssistedSnapshotsTest:_run_cleanups): 202 DELETE http://10.180.1.21/volume/v3/volumes/34e4a76c-bc4d-4e6a-94a3-c4603e5dba2c 0.056s
2025-04-03 18:06:17.477 70067 INFO tempest.lib.common.rest_client [req-96d3a224-052d-4a18-8f32-95820ccae469 req-96d3a224-052d-4a18-8f32-95820ccae469 ] Request (ServersAdmin275Test:test_rebuild_update_server_275): 200 GET http://10.180.1.21/compute/v2.1/servers/6b40bd9e-5036-4b89-8eb3-dcf4fcbad807 0.133s
2025-04-03 18:06:17.499 70062 INFO tempest.lib.common.rest_client [req-935ba4e3-5a7d-46a2-b5e6-20ee4723f0a7 req-935ba4e3-5a7d-46a2-b5e6-20ee4723f0a7 ] Request (ListImageFiltersTestJSON:tearDownClass): 204 DELETE http://10.180.1.21/compute/v2.1/images/f3f49859-d7bf-4b37-a729-93e322e78f4d 0.211s
2025-04-03 18:06:17.501 70043 INFO tempest.lib.common.rest_client [req-dfc80597-fe65-4111-9aa9-4b2f2becf7c4 req-dfc80597-fe65-4111-9aa9-4b2f2becf7c4 ] Request (VolumesAssistedSnapshotsTest:_run_cleanups): 200 GET http://10.180.1.21/volume/v3/volumes/34e4a76c-bc4d-4e6a-94a3-c4603e5dba2c 0.030s
2025-04-03 18:06:17.504 70057 INFO tempest.lib.common.rest_client [req-31e31a5c-2636-4e78-b0dc-e9c31ce95af8 req-31e31a5c-2636-4e78-b0dc-e9c31ce95af8 ] Request (ImagesTestJSON:test_create_server_from_snapshot): 201 POST http://10.180.1.21/identity/v3/auth/tokens 0.105s
2025-04-03 18:06:17.504 70057 INFO tempest.lib.common.fixed_network [-] (ImagesTestJSON:test_create_server_from_snapshot) Found network {'id': '9fc3ca8c-7a73-4e87-bb8d-0da02807e7c3', 'name': 'tempest-ImagesTestJSON-850324979-network', 'tenant_id': '537ddd554dc447a488ea4c4670b16a5d', 'admin_state_up': True, 'mtu': 8950, 'status': 'ACTIVE', 'subnets': [], 'shared': False, 'project_id': '537ddd554dc447a488ea4c4670b16a5d', 'port_security_enabled': True, 'router:external': False, 'provider:network_type': 'vlan', 'provider:physical_network': 'default', 'provider:segmentation_id': 735, 'availability_zone_hints': [], 'availability_zones': [], 'ipv4_address_scope': None, 'ipv6_address_scope': None, 'description': '', 'tags': [], 'created_at': '2025-04-03T18:03:48Z', 'updated_at': '2025-04-03T18:03:48Z', 'revision_number': 1} available for tenant
2025-04-03 18:06:17.540 70055 INFO tempest.lib.common.rest_client [req-7df97680-d155-4d5f-a4b7-79ca82f611dc req-7df97680-d155-4d5f-a4b7-79ca82f611dc ] Request (MultipleCreateTestJSON:test_multiple_create): 200 GET http://10.180.1.21/compute/v2.1/servers/5ec0880d-fa12-4bd4-b83b-0d94a943831a 0.146s
2025-04-03 18:06:17.544 70095 INFO tempest.lib.common.rest_client [req-21063d2c-8ca4-4e77-beb2-527b807d63ca req-21063d2c-8ca4-4e77-beb2-527b807d63ca ] Request (MigrationsAdminTest:test_list_migrations_in_flavor_resize_situation): 201 POST http://10.180.1.21:9696/networking/v2.0/security-group-rules 0.144s
2025-04-03 18:06:17.557 70049 INFO tempest.lib.common.rest_client [req-bb8e405e-a037-4aaf-b863-3233fa986ed5 req-bb8e405e-a037-4aaf-b863-3233fa986ed5 ] Request (FloatingIPsAssociationNegativeTestJSON:setUpClass): 200 GET http://10.180.1.21/compute/v2.1/servers/04dcf87e-ecc6-448b-b167-90f89535c268 0.119s
2025-04-03 18:06:17.659 70062 INFO tempest.lib.common.rest_client [req-436dd469-701a-4912-928d-aa0d1fa9b974 req-436dd469-701a-4912-928d-aa0d1fa9b974 ] Request (ListImageFiltersTestJSON:tearDownClass): 204 DELETE http://10.180.1.21/compute/v2.1/images/42cbae70-83a6-4eea-949a-cc3dc340b24d 0.159s
2025-04-03 18:06:17.706 70071 WARNING tempest.lib.common.ssh [-] Failed to establish authenticated ssh connection to cirros@10.180.180.200 ([Errno None] Unable to connect to port 22 on 10.180.180.200). Number attempts: 10. Retry after 11 seconds.: paramiko.ssh_exception.NoValidConnectionsError: [Errno None] Unable to connect to port 22 on 10.180.180.200
2025-04-03 18:06:17.789 70079 INFO tempest.lib.common.rest_client [req-1f5b5c22-aa24-4807-b467-2d7bb82c4843 req-1f5b5c22-aa24-4807-b467-2d7bb82c4843 ] Request (ServerTagsTestJSON:tearDownClass): 200 GET http://10.180.1.21/compute/v2.1/servers/8c5c3c21-9882-4b8b-97c8-ffbff54d6217 0.194s
2025-04-03 18:06:17.921 70062 INFO tempest.lib.common.rest_client [req-a46208dc-0835-4dea-a58f-598cb2d273b1 req-a46208dc-0835-4dea-a58f-598cb2d273b1 ] Request (ListImageFiltersTestJSON:tearDownClass): 204 DELETE http://10.180.1.21/compute/v2.1/images/86b358bf-c611-4180-83ea-3bd8c3be1e11 0.261s
2025-04-03 18:06:17.991 70057 INFO tempest.lib.common.rest_client [req-0810c1fb-906b-4abb-9b85-15d197b175bb req-0810c1fb-906b-4abb-9b85-15d197b175bb ] Request (ImagesTestJSON:test_create_server_from_snapshot): 202 POST http://10.180.1.21/compute/v2.1/servers 0.486s
2025-04-03 18:06:17.995 70091 INFO tempest.lib.common.rest_client [req-9e65c785-cce5-4189-a653-98313f502b44 req-9e65c785-cce5-4189-a653-98313f502b44 ] Request (ServersNegativeTestMultiTenantJSON:tearDownClass): 200 GET http://10.180.1.21/compute/v2.1/servers/4d356075-9e91-4b99-b2a3-794bd24f5b14 0.248s
2025-04-03 18:06:18.003 70091 INFO tempest.common.waiters [-] State transition "ACTIVE/deleting" ==> "DELETED/None" after 4 second wait
2025-04-03 18:06:18.046 70081 INFO tempest.lib.common.rest_client [req-e07102d1-e311-4fe6-b877-6ff90090db25 req-e07102d1-e311-4fe6-b877-6ff90090db25 ] Request (InstanceActionsNegativeTestJSON:setUpClass): 200 GET http://10.180.1.21/compute/v2.1/servers/1be69880-79f7-40cb-bfca-cc37bb54df00 0.217s
2025-04-03 18:06:18.053 70047 INFO tempest.lib.common.rest_client [req-f218cb96-7066-4eb6-8887-e4fc1fac4c47 req-f218cb96-7066-4eb6-8887-e4fc1fac4c47 ] Request (DeleteServersAdminTestJSON:test_delete_server_while_in_error_state): 200 GET http://10.180.1.21/compute/v2.1/servers/15c0d93d-91e9-49df-b5ae-691abf05cd7d 0.237s
2025-04-03 18:06:18.106 70097 INFO tempest.lib.common.rest_client [req-d736a7ca-d4a7-4f06-a12d-9c914c6b569d req-d736a7ca-d4a7-4f06-a12d-9c914c6b569d ] Request (ListServerFiltersTestJSON:tearDownClass): 200 GET http://10.180.1.21/compute/v2.1/servers/a41102d1-6d13-438a-82eb-67b4bb7e6ec9 0.215s
2025-04-03 18:06:18.112 70051 INFO tempest.lib.common.rest_client [req-460a8c1e-a53c-4484-86bb-a0648681bd9e req-460a8c1e-a53c-4484-86bb-a0648681bd9e ] Request (ServerActionsTestOtherB:test_create_backup): 200 GET http://10.180.1.21/image/v2/images/ed1a83e2-45fd-4206-a81b-81f1ffc40d54 0.019s
2025-04-03 18:06:18.115 70063 INFO tempest.lib.common.rest_client [req-1441eec9-7838-4a5b-8336-de2033623ce9 req-1441eec9-7838-4a5b-8336-de2033623ce9 ] Request (ServersWithSpecificFlavorTestJSON:test_verify_created_server_ephemeral_disk): 200 GET http://10.180.1.21/compute/v2.1/servers/f1574ebf-e7cd-4b42-b6c7-6dcb2489f22d 0.209s
2025-04-03 18:06:18.141 70095 INFO tempest.lib.common.rest_client [req-25f6ab35-fa7c-4a5c-878c-39807d1a1948 req-25f6ab35-fa7c-4a5c-878c-39807d1a1948 ] Request (MigrationsAdminTest:test_list_migrations_in_flavor_resize_situation): 201 POST http://10.180.1.21:9696/networking/v2.0/floatingips 0.596s
2025-04-03 18:06:18.165 70101 INFO tempest.lib.common.rest_client [req-c3989089-b4d1-469c-9cc0-dbb9bcba54c3 req-c3989089-b4d1-469c-9cc0-dbb9bcba54c3 ] Request (ServersAdminNegativeTestJSON:setUpClass): 200 GET http://10.180.1.21/compute/v2.1/servers/661541b3-dd38-4692-af94-dce06e9cdb7d 0.218s
2025-04-03 18:06:18.189 70062 INFO tempest.lib.common.rest_client [req-6d17730e-63d6-48a2-87f6-c3b9cf230928 req-6d17730e-63d6-48a2-87f6-c3b9cf230928 ] Request (ListImageFiltersTestJSON:tearDownClass): 204 DELETE http://10.180.1.21/compute/v2.1/servers/2e425cdf-ea68-4d87-9924-f1a5bf8e1e0e 0.268s
2025-04-03 18:06:18.210 70057 INFO tempest.lib.common.rest_client [req-46148d82-aa8b-4983-bfd9-f6da9dbe19b0 req-46148d82-aa8b-4983-bfd9-f6da9dbe19b0 ] Request (ImagesTestJSON:test_create_server_from_snapshot): 200 GET http://10.180.1.21/compute/v2.1/servers/f52b9ffb-6bbc-4bca-97ba-244c0b237944 0.217s
2025-04-03 18:06:18.248 70083 INFO tempest.lib.common.rest_client [req-6f5c04c5-09df-4222-b1ef-15454d039de0 req-6f5c04c5-09df-4222-b1ef-15454d039de0 ] Request (AttachInterfacesV270Test:tearDownClass): 200 GET http://10.180.1.21/compute/v2.1/servers/9c9ac9ff-3f87-49ca-9c94-1e1a635bcd34 0.196s
2025-04-03 18:06:18.297 70069 INFO tempest.lib.common.rest_client [req-54a49b9a-de40-44f5-b1da-2c3fc3d80054 req-54a49b9a-de40-44f5-b1da-2c3fc3d80054 ] Request (ServerShowV247Test:test_update_rebuild_list_server): 200 GET http://10.180.1.21/compute/v2.1/servers/1820a34a-f585-47ff-a7dd-586f47feaf38 0.160s
2025-04-03 18:06:18.297 70093 INFO tempest.lib.common.rest_client [req-1ed7a1ad-f441-4fc2-afa4-c77e3b1b4213 req-1ed7a1ad-f441-4fc2-afa4-c77e3b1b4213 ] Request (FloatingIPsAssociationTestJSON:test_associate_already_associated_floating_ip): 200 GET http://10.180.1.21/compute/v2.1/servers/7db7bcc5-a83f-4faf-8576-c29cd26117e8 0.179s
2025-04-03 18:06:18.308 70095 INFO tempest.lib.common.rest_client [req-ace3f6ce-78e9-4bc5-abf2-cb659c7565bf req-ace3f6ce-78e9-4bc5-abf2-cb659c7565bf ] Request (MigrationsAdminTest:test_list_migrations_in_flavor_resize_situation): 200 GET http://10.180.1.21/compute/v2.1/os-migrations 0.166s
2025-04-03 18:06:18.348 70075 INFO tempest.lib.common.rest_client [req-ca4e7c5e-669c-4ead-8b01-e21081829dbc req-ca4e7c5e-669c-4ead-8b01-e21081829dbc ] Request (ImagesOneServerNegativeTestJSON:_run_cleanups): 200 GET http://10.180.1.21/compute/v2.1/servers/9e8182c1-7df2-4b86-b842-bdf1b86bedcf 0.178s
2025-04-03 18:06:18.397 70059 INFO tempest.lib.common.rest_client [req-194faa91-8f8f-4875-b4fe-cb2460eedc98 req-194faa91-8f8f-4875-b4fe-cb2460eedc98 ] Request (ServerDiskConfigTestJSON:test_rebuild_server_with_auto_disk_config): 200 GET http://10.180.1.21/compute/v2.1/servers/c2719988-7eaa-44cd-bf9b-d2e94aae2878 0.144s
2025-04-03 18:06:18.410 70095 INFO tempest.lib.common.rest_client [req-d7808fd1-f602-4d14-82a6-9a0831337bc5 req-d7808fd1-f602-4d14-82a6-9a0831337bc5 ] Request (MigrationsAdminTest:test_resize_server_revert_deleted_flavor): 200 GET http://10.180.1.21/compute/v2.1/flavors/42 0.096s
2025-04-03 18:06:18.416 70062 INFO tempest.lib.common.rest_client [req-6d8c9fc9-5ce8-4a8f-961a-77cc9a68295c req-6d8c9fc9-5ce8-4a8f-961a-77cc9a68295c ] Request (ListImageFiltersTestJSON:tearDownClass): 200 GET http://10.180.1.21/compute/v2.1/servers/2e425cdf-ea68-4d87-9924-f1a5bf8e1e0e 0.226s
2025-04-03 18:06:18.459 70045 INFO tempest.lib.common.rest_client [req-c37278f0-e8cb-4356-93f8-f3823cf90144 req-c37278f0-e8cb-4356-93f8-f3823cf90144 ] Request (InstanceActionsV221TestJSON:test_get_list_deleted_instance_actions): 200 GET http://10.180.1.21/compute/v2.1/servers/b1597ec1-1d62-474d-ac9d-5ffb3cb69b7f 0.140s
2025-04-03 18:06:18.476 70095 INFO tempest.lib.common.rest_client [req-8cced354-def3-4d3f-a271-38b9ee7af603 req-8cced354-def3-4d3f-a271-38b9ee7af603 ] Request (MigrationsAdminTest:test_resize_server_revert_deleted_flavor): 200 POST http://10.180.1.21/compute/v2.1/flavors 0.064s
2025-04-03 18:06:18.478 70099 INFO tempest.lib.common.rest_client [req-78ad472e-c09e-4570-9483-852fff372325 req-78ad472e-c09e-4570-9483-852fff372325 ] Request (ServersAdminTestJSON:setUpClass): 200 GET http://10.180.1.21/compute/v2.1/servers/5e8ce78c-53ea-44fb-9a08-b33471eb8c32 0.132s
2025-04-03 18:06:18.491 70095 INFO tempest.lib.common.rest_client [req-fa2a5579-b62b-4f40-ae07-1cfc72a87b48 req-fa2a5579-b62b-4f40-ae07-1cfc72a87b48 ] Request (MigrationsAdminTest:test_resize_server_revert_deleted_flavor): 200 GET http://10.180.1.21/compute/v2.1/flavors/42/os-extra_specs 0.013s
2025-04-03 18:06:18.523 70095 INFO tempest.lib.common.rest_client [req-b3a4bac1-058d-4e3f-8427-e8f9fe881ac2 req-b3a4bac1-058d-4e3f-8427-e8f9fe881ac2 ] Request (MigrationsAdminTest:test_resize_server_revert_deleted_flavor): 200 POST http://10.180.1.21/compute/v2.1/flavors/917126a2-3bda-46d8-afec-22543381a298/os-extra_specs 0.031s
2025-04-03 18:06:18.537 70043 INFO tempest.lib.common.rest_client [req-35efa934-0acb-4a4b-b76f-5bde1201c24e req-35efa934-0acb-4a4b-b76f-5bde1201c24e ] Request (VolumesAssistedSnapshotsTest:_run_cleanups): 200 GET http://10.180.1.21/volume/v3/volumes/34e4a76c-bc4d-4e6a-94a3-c4603e5dba2c 0.029s
2025-04-03 18:06:18.550 70067 INFO tempest.lib.common.rest_client [req-33f2ac7c-f39c-44d9-ae5a-9e83c0af5bde req-33f2ac7c-f39c-44d9-ae5a-9e83c0af5bde ] Request (ServersAdmin275Test:test_rebuild_update_server_275): 200 GET http://10.180.1.21/compute/v2.1/servers/6b40bd9e-5036-4b89-8eb3-dcf4fcbad807 0.058s
2025-04-03 18:06:18.591 70095 INFO tempest.lib.common.rest_client [req-5b2a0d2c-7e2b-4887-863d-14f04658768e req-5b2a0d2c-7e2b-4887-863d-14f04658768e ] Request (MigrationsAdminTest:test_resize_server_revert_deleted_flavor): 201 POST http://10.180.1.21/identity/v3/auth/tokens 0.063s
2025-04-03 18:06:18.592 70095 INFO tempest.lib.common.fixed_network [-] (MigrationsAdminTest:test_resize_server_revert_deleted_flavor) Found network None available for tenant
2025-04-03 18:06:18.616 70049 INFO tempest.lib.common.rest_client [req-4df7ee21-0131-4551-bd6c-badff69d7c95 req-4df7ee21-0131-4551-bd6c-badff69d7c95 ] Request (FloatingIPsAssociationNegativeTestJSON:setUpClass): 200 GET http://10.180.1.21/compute/v2.1/servers/04dcf87e-ecc6-448b-b167-90f89535c268 0.052s
2025-04-03 18:06:18.627 70055 INFO tempest.lib.common.rest_client [req-a5947d71-e4e6-4d63-b62d-e62776009884 req-a5947d71-e4e6-4d63-b62d-e62776009884 ] Request (MultipleCreateTestJSON:test_multiple_create): 200 GET http://10.180.1.21/compute/v2.1/servers/5ec0880d-fa12-4bd4-b83b-0d94a943831a 0.078s
2025-04-03 18:06:18.810 70095 INFO tempest.lib.common.rest_client [req-5962992d-19fd-4467-9c0d-652a2728774d req-5962992d-19fd-4467-9c0d-652a2728774d ] Request (MigrationsAdminTest:test_resize_server_revert_deleted_flavor): 202 POST http://10.180.1.21/compute/v2.1/servers 0.217s
2025-04-03 18:06:18.870 70079 INFO tempest.lib.common.rest_client [req-60723e68-0aa1-4f58-a727-633b40239934 req-60723e68-0aa1-4f58-a727-633b40239934 ] Request (ServerTagsTestJSON:tearDownClass): 200 GET http://10.180.1.21/compute/v2.1/servers/8c5c3c21-9882-4b8b-97c8-ffbff54d6217 0.072s
2025-04-03 18:06:19.027 70095 INFO tempest.lib.common.rest_client [req-1dc049ef-3fa0-449b-b1c8-1277931b8d09 req-1dc049ef-3fa0-449b-b1c8-1277931b8d09 ] Request (MigrationsAdminTest:test_resize_server_revert_deleted_flavor): 200 GET http://10.180.1.21/compute/v2.1/servers/8425829c-c4ad-40b5-93f5-5cac89c6ae64 0.215s
2025-04-03 18:06:19.084 70091 INFO tempest.lib.common.rest_client [req-040ba70a-0b52-43a8-b540-8f876f50c74d req-040ba70a-0b52-43a8-b540-8f876f50c74d ] Request (ServersNegativeTestMultiTenantJSON:tearDownClass): 200 GET http://10.180.1.21/compute/v2.1/servers/4d356075-9e91-4b99-b2a3-794bd24f5b14 0.080s
2025-04-03 18:06:19.119 70081 INFO tempest.lib.common.rest_client [req-7d550781-9795-489a-87d1-8a7ec86d3c5f req-7d550781-9795-489a-87d1-8a7ec86d3c5f ] Request (InstanceActionsNegativeTestJSON:setUpClass): 200 GET http://10.180.1.21/compute/v2.1/servers/1be69880-79f7-40cb-bfca-cc37bb54df00 0.061s
2025-04-03 18:06:19.133 70051 INFO tempest.lib.common.rest_client [req-d54f5c0c-2d38-4da9-b68e-580cb7089373 req-d54f5c0c-2d38-4da9-b68e-580cb7089373 ] Request (ServerActionsTestOtherB:test_create_backup): 200 GET http://10.180.1.21/image/v2/images/ed1a83e2-45fd-4206-a81b-81f1ffc40d54 0.018s
2025-04-03 18:06:19.149 70047 INFO tempest.lib.common.rest_client [req-37dc78b5-9aec-4534-b5eb-80779676c1fe req-37dc78b5-9aec-4534-b5eb-80779676c1fe ] Request (DeleteServersAdminTestJSON:test_delete_server_while_in_error_state): 200 GET http://10.180.1.21/compute/v2.1/servers/15c0d93d-91e9-49df-b5ae-691abf05cd7d 0.087s
2025-04-03 18:06:19.180 70097 INFO tempest.lib.common.rest_client [req-6aec9829-fa09-46a8-bbb6-c1006fe3ae2b req-6aec9829-fa09-46a8-bbb6-c1006fe3ae2b ] Request (ListServerFiltersTestJSON:tearDownClass): 200 GET http://10.180.1.21/compute/v2.1/servers/a41102d1-6d13-438a-82eb-67b4bb7e6ec9 0.064s
2025-04-03 18:06:19.209 70063 INFO tempest.lib.common.rest_client [req-c9613885-dff1-44e2-a9ba-5066b294344d req-c9613885-dff1-44e2-a9ba-5066b294344d ] Request (ServersWithSpecificFlavorTestJSON:test_verify_created_server_ephemeral_disk): 200 GET http://10.180.1.21/compute/v2.1/servers/f1574ebf-e7cd-4b42-b6c7-6dcb2489f22d 0.086s
2025-04-03 18:06:19.246 70101 INFO tempest.lib.common.rest_client [req-88c53ab0-a20e-406c-956e-c65fa5d79f50 req-88c53ab0-a20e-406c-956e-c65fa5d79f50 ] Request (ServersAdminNegativeTestJSON:setUpClass): 200 GET http://10.180.1.21/compute/v2.1/servers/661541b3-dd38-4692-af94-dce06e9cdb7d 0.073s
2025-04-03 18:06:19.254 70101 INFO tempest.common.waiters [-] State transition "BUILD/None" ==> "BUILD/networking" after 77 second wait
2025-04-03 18:06:19.271 70057 INFO tempest.lib.common.rest_client [req-0fcfcd2a-652e-484e-b3be-0cc0c811c2c4 req-0fcfcd2a-652e-484e-b3be-0cc0c811c2c4 ] Request (ImagesTestJSON:test_create_server_from_snapshot): 200 GET http://10.180.1.21/compute/v2.1/servers/f52b9ffb-6bbc-4bca-97ba-244c0b237944 0.054s
2025-04-03 18:06:19.339 70083 INFO tempest.lib.common.rest_client [req-89b33779-e3ff-4dbe-8a86-417179083c55 req-89b33779-e3ff-4dbe-8a86-417179083c55 ] Request (AttachInterfacesV270Test:tearDownClass): 200 GET http://10.180.1.21/compute/v2.1/servers/9c9ac9ff-3f87-49ca-9c94-1e1a635bcd34 0.080s
2025-04-03 18:06:19.342 70073 WARNING tempest.lib.common.ssh [-] Failed to establish authenticated ssh connection to cirros@10.180.180.133 ([Errno None] Unable to connect to port 22 on 10.180.180.133). Number attempts: 3. Retry after 4 seconds.: paramiko.ssh_exception.NoValidConnectionsError: [Errno None] Unable to connect to port 22 on 10.180.180.133
2025-04-03 18:06:19.400 70069 INFO tempest.lib.common.rest_client [req-fa9cd341-7d0c-42c0-93ed-596e33520cf8 req-fa9cd341-7d0c-42c0-93ed-596e33520cf8 ] Request (ServerShowV247Test:test_update_rebuild_list_server): 200 GET http://10.180.1.21/compute/v2.1/servers/1820a34a-f585-47ff-a7dd-586f47feaf38 0.089s
2025-04-03 18:06:19.417 70093 INFO tempest.lib.common.rest_client [req-544dbf9b-5035-4ab9-a368-a374d0dec8d6 req-544dbf9b-5035-4ab9-a368-a374d0dec8d6 ] Request (FloatingIPsAssociationTestJSON:test_associate_already_associated_floating_ip): 200 GET http://10.180.1.21/compute/v2.1/servers/7db7bcc5-a83f-4faf-8576-c29cd26117e8 0.109s
2025-04-03 18:06:19.424 70093 INFO tempest.common.waiters [-] State transition "BUILD/spawning" ==> "ACTIVE/None" after 79 second wait
2025-04-03 18:06:19.471 70075 INFO tempest.lib.common.rest_client [req-3cab7866-1e87-44f1-b812-20df1e6b81fa req-3cab7866-1e87-44f1-b812-20df1e6b81fa ] Request (ImagesOneServerNegativeTestJSON:_run_cleanups): 200 GET http://10.180.1.21/compute/v2.1/servers/9e8182c1-7df2-4b86-b842-bdf1b86bedcf 0.116s
2025-04-03 18:06:19.476 70059 INFO tempest.lib.common.rest_client [req-c324664f-ff20-4143-a924-48348b2382a4 req-c324664f-ff20-4143-a924-48348b2382a4 ] Request (ServerDiskConfigTestJSON:test_rebuild_server_with_auto_disk_config): 200 GET http://10.180.1.21/compute/v2.1/servers/c2719988-7eaa-44cd-bf9b-d2e94aae2878 0.072s
2025-04-03 18:06:19.567 70062 INFO tempest.lib.common.rest_client [req-3d814b7c-ac5c-4265-8fd3-97dae1a6b97e req-3d814b7c-ac5c-4265-8fd3-97dae1a6b97e ] Request (ListImageFiltersTestJSON:tearDownClass): 200 GET http://10.180.1.21/compute/v2.1/servers/2e425cdf-ea68-4d87-9924-f1a5bf8e1e0e 0.142s
2025-04-03 18:06:19.586 70043 INFO tempest.lib.common.rest_client [req-e1e6c1de-71da-4970-b9bb-c8edd4638434 req-e1e6c1de-71da-4970-b9bb-c8edd4638434 ] Request (VolumesAssistedSnapshotsTest:_run_cleanups): 200 GET http://10.180.1.21/volume/v3/volumes/34e4a76c-bc4d-4e6a-94a3-c4603e5dba2c 0.037s
2025-04-03 18:06:19.619 70045 INFO tempest.lib.common.rest_client [req-da795514-dd2d-4d1d-8c9f-e54a2ada5379 req-da795514-dd2d-4d1d-8c9f-e54a2ada5379 ] Request (InstanceActionsV221TestJSON:test_get_list_deleted_instance_actions): 200 GET http://10.180.1.21/compute/v2.1/servers/b1597ec1-1d62-474d-ac9d-5ffb3cb69b7f 0.151s
2025-04-03 18:06:19.673 70099 INFO tempest.lib.common.rest_client [req-0755d367-af59-4d43-8162-619e545a7df4 req-0755d367-af59-4d43-8162-619e545a7df4 ] Request (ServersAdminTestJSON:setUpClass): 200 GET http://10.180.1.21/compute/v2.1/servers/5e8ce78c-53ea-44fb-9a08-b33471eb8c32 0.184s
2025-04-03 18:06:19.731 70067 INFO tempest.lib.common.rest_client [req-aec780b5-a3c3-48c4-a7ef-e55eae7f7968 req-aec780b5-a3c3-48c4-a7ef-e55eae7f7968 ] Request (ServersAdmin275Test:test_rebuild_update_server_275): 200 GET http://10.180.1.21/compute/v2.1/servers/6b40bd9e-5036-4b89-8eb3-dcf4fcbad807 0.169s
2025-04-03 18:06:19.786 70049 INFO tempest.lib.common.rest_client [req-ca335ce3-98ec-48f7-8326-0809d9ca37d5 req-ca335ce3-98ec-48f7-8326-0809d9ca37d5 ] Request (FloatingIPsAssociationNegativeTestJSON:setUpClass): 200 GET http://10.180.1.21/compute/v2.1/servers/04dcf87e-ecc6-448b-b167-90f89535c268 0.161s
2025-04-03 18:06:19.849 70055 INFO tempest.lib.common.rest_client [req-3a12d722-5d11-4e17-a5e5-a4df8116b255 req-3a12d722-5d11-4e17-a5e5-a4df8116b255 ] Request (MultipleCreateTestJSON:test_multiple_create): 200 GET http://10.180.1.21/compute/v2.1/servers/5ec0880d-fa12-4bd4-b83b-0d94a943831a 0.210s
2025-04-03 18:06:19.963 70079 INFO tempest.lib.common.rest_client [req-a1d319aa-2e51-47a9-ac26-66de8f3a5acf req-a1d319aa-2e51-47a9-ac26-66de8f3a5acf ] Request (ServerTagsTestJSON:tearDownClass): 200 GET http://10.180.1.21/compute/v2.1/servers/8c5c3c21-9882-4b8b-97c8-ffbff54d6217 0.082s
2025-04-03 18:06:19.975 70079 INFO tempest.common.waiters [-] State transition "ACTIVE/deleting" ==> "DELETED/None" after 3 second wait
2025-04-03 18:06:20.086 70095 INFO tempest.lib.common.rest_client [req-5a5d9bd3-c9a8-4f52-95d1-9d411d832cff req-5a5d9bd3-c9a8-4f52-95d1-9d411d832cff ] Request (MigrationsAdminTest:test_resize_server_revert_deleted_flavor): 200 GET http://10.180.1.21/compute/v2.1/servers/8425829c-c4ad-40b5-93f5-5cac89c6ae64 0.051s
2025-04-03 18:06:20.151 70091 INFO tempest.lib.common.rest_client [req-d2bb1f8e-7993-4dba-83b9-124512a66e17 req-d2bb1f8e-7993-4dba-83b9-124512a66e17 ] Request (ServersNegativeTestMultiTenantJSON:tearDownClass): 200 GET http://10.180.1.21/compute/v2.1/servers/4d356075-9e91-4b99-b2a3-794bd24f5b14 0.058s
2025-04-03 18:06:20.156 70051 INFO tempest.lib.common.rest_client [req-7a0ba717-a79f-4f80-be3b-5cb788a05bc5 req-7a0ba717-a79f-4f80-be3b-5cb788a05bc5 ] Request (ServerActionsTestOtherB:test_create_backup): 200 GET http://10.180.1.21/image/v2/images/ed1a83e2-45fd-4206-a81b-81f1ffc40d54 0.022s
2025-04-03 18:06:20.202 70081 INFO tempest.lib.common.rest_client [req-a9b69d2a-e21c-4a3e-8691-76bbcddf9d71 req-a9b69d2a-e21c-4a3e-8691-76bbcddf9d71 ] Request (InstanceActionsNegativeTestJSON:setUpClass): 200 GET http://10.180.1.21/compute/v2.1/servers/1be69880-79f7-40cb-bfca-cc37bb54df00 0.074s
2025-04-03 18:06:20.260 70047 INFO tempest.lib.common.rest_client [req-6a0f3280-365b-44e8-b80b-cbf81d4a89a6 req-6a0f3280-365b-44e8-b80b-cbf81d4a89a6 ] Request (DeleteServersAdminTestJSON:test_delete_server_while_in_error_state): 200 GET http://10.180.1.21/compute/v2.1/servers/15c0d93d-91e9-49df-b5ae-691abf05cd7d 0.103s
2025-04-03 18:06:20.317 70097 INFO tempest.lib.common.rest_client [req-6b9dcfe6-33aa-40d3-9ac6-b526b4e219da req-6b9dcfe6-33aa-40d3-9ac6-b526b4e219da ] Request (ListServerFiltersTestJSON:tearDownClass): 200 GET http://10.180.1.21/compute/v2.1/servers/a41102d1-6d13-438a-82eb-67b4bb7e6ec9 0.123s
2025-04-03 18:06:20.396 70063 INFO tempest.lib.common.rest_client [req-961d274e-ba7b-4d8d-a786-aa7319747631 req-961d274e-ba7b-4d8d-a786-aa7319747631 ] Request (ServersWithSpecificFlavorTestJSON:test_verify_created_server_ephemeral_disk): 200 GET http://10.180.1.21/compute/v2.1/servers/f1574ebf-e7cd-4b42-b6c7-6dcb2489f22d 0.174s
2025-04-03 18:06:20.496 70093 INFO tempest.lib.common.rest_client [req-3295d9c9-2374-4b06-8c05-5cfcb32ea6f6 req-3295d9c9-2374-4b06-8c05-5cfcb32ea6f6 ] Request (FloatingIPsAssociationTestJSON:test_associate_already_associated_floating_ip): 202 POST http://10.180.1.21/compute/v2.1/servers/02af359c-dda8-47f3-b878-99c93dab60ed/action 1.072s
2025-04-03 18:06:20.524 70101 INFO tempest.lib.common.rest_client [req-30a1fad6-3c40-4f93-aa26-b89f5ccb9fa8 req-30a1fad6-3c40-4f93-aa26-b89f5ccb9fa8 ] Request (ServersAdminNegativeTestJSON:setUpClass): 200 GET http://10.180.1.21/compute/v2.1/servers/661541b3-dd38-4692-af94-dce06e9cdb7d 0.269s
2025-04-03 18:06:20.531 70101 INFO tempest.common.waiters [-] State transition "BUILD/networking" ==> "BUILD/spawning" after 78 second wait
2025-04-03 18:06:20.543 70057 INFO tempest.lib.common.rest_client [req-787dc244-8c92-4ca5-b3ee-1a9a23705284 req-787dc244-8c92-4ca5-b3ee-1a9a23705284 ] Request (ImagesTestJSON:test_create_server_from_snapshot): 200 GET http://10.180.1.21/compute/v2.1/servers/f52b9ffb-6bbc-4bca-97ba-244c0b237944 0.258s
