2025-04-03 18:05:36.965 70063 WARNING tempest.lib.common.ssh [-] Failed to establish authenticated ssh connection to cirros@10.180.180.144 ([Errno None] Unable to connect to port 22 on 10.180.180.144). Number attempts: 5. Retry after 6 seconds.: paramiko.ssh_exception.NoValidConnectionsError: [Errno None] Unable to connect to port 22 on 10.180.180.144
2025-04-03 18:05:37.083 70059 INFO tempest.lib.common.rest_client [req-a5a4db89-62a5-47d6-a41e-e9e59dcd745d req-a5a4db89-62a5-47d6-a41e-e9e59dcd745d ] Request (ServerDiskConfigTestJSON:test_rebuild_server_with_auto_disk_config): 200 GET http://10.180.1.21/compute/v2.1/servers/c2719988-7eaa-44cd-bf9b-d2e94aae2878 0.048s
2025-04-03 18:05:37.092 70101 INFO tempest.lib.common.rest_client [req-ad910855-0d35-4022-8181-3c1e55a81dfe req-ad910855-0d35-4022-8181-3c1e55a81dfe ] Request (ServersAdminNegativeTestJSON:setUpClass): 200 GET http://10.180.1.21/compute/v2.1/servers/661541b3-dd38-4692-af94-dce06e9cdb7d 0.050s
2025-04-03 18:05:37.142 70075 INFO tempest.lib.common.rest_client [req-a742f240-5eb9-46b3-a9b1-5ab7d3be3789 req-a742f240-5eb9-46b3-a9b1-5ab7d3be3789 ] Request (ImagesOneServerNegativeTestJSON:_run_cleanups): 200 GET http://10.180.1.21/compute/v2.1/servers/9e8182c1-7df2-4b86-b842-bdf1b86bedcf 0.052s
2025-04-03 18:05:37.207 70083 INFO tempest.lib.common.rest_client [req-b05b6653-5dc6-4fa4-9a84-d1e27341cd76 req-b05b6653-5dc6-4fa4-9a84-d1e27341cd76 ] Request (AttachInterfacesV270Test:test_create_get_list_interfaces): 200 GET http://10.180.1.21/compute/v2.1/servers/9c9ac9ff-3f87-49ca-9c94-1e1a635bcd34 0.056s
2025-04-03 18:05:37.298 70087 INFO tempest.lib.common.rest_client [req-f2f2b2c4-5a14-4986-884c-078073b76dc3 req-f2f2b2c4-5a14-4986-884c-078073b76dc3 ] Request (ImagesNegativeTestJSON:test_create_image_from_deleted_server): 200 GET http://10.180.1.21/compute/v2.1/servers/07df8754-b54e-47da-b43a-aea7486b93f8 0.082s
2025-04-03 18:05:37.363 70045 INFO tempest.lib.common.rest_client [req-2de962eb-9496-4afc-b7c7-aa4b368c18b7 req-2de962eb-9496-4afc-b7c7-aa4b368c18b7 ] Request (InstanceActionsV221TestJSON:test_get_list_deleted_instance_actions): 200 GET http://10.180.1.21/compute/v2.1/servers/b1597ec1-1d62-474d-ac9d-5ffb3cb69b7f 0.085s
2025-04-03 18:05:37.393 70095 INFO tempest.lib.common.rest_client [req-966dfdaa-7e25-40ed-8b5a-7180cf3a4d7d req-966dfdaa-7e25-40ed-8b5a-7180cf3a4d7d ] Request (MigrationsAdminTest:test_list_migrations_in_flavor_resize_situation): 200 GET http://10.180.1.21/compute/v2.1/servers/0f58f9a2-8d42-44b2-828c-fc96f3615014 0.169s
2025-04-03 18:05:37.400 70095 INFO tempest.common.waiters [-] State transition "RESIZE/resize_finish" ==> "VERIFY_RESIZE/None" after 50 second wait
2025-04-03 18:05:37.422 70049 INFO tempest.lib.common.rest_client [req-35413dd5-f5c1-4b70-8de6-569285b1c043 req-35413dd5-f5c1-4b70-8de6-569285b1c043 ] Request (FloatingIPsAssociationNegativeTestJSON:setUpClass): 200 GET http://10.180.1.21/compute/v2.1/servers/04dcf87e-ecc6-448b-b167-90f89535c268 0.096s
2025-04-03 18:05:37.448 70065 WARNING tempest.lib.common.ssh [-] Failed to establish authenticated ssh connection to cirros@10.180.180.253 ([Errno None] Unable to connect to port 22 on 10.180.180.253). Number attempts: 8. Retry after 9 seconds.: paramiko.ssh_exception.NoValidConnectionsError: [Errno None] Unable to connect to port 22 on 10.180.180.253
2025-04-03 18:05:37.455 70057 INFO tempest.lib.common.rest_client [req-1c61e887-ae47-47c2-9711-d95ed5025770 req-1c61e887-ae47-47c2-9711-d95ed5025770 ] Request (ImagesTestJSON:test_create_image_from_suspended_server): 200 GET http://10.180.1.21/compute/v2.1/servers/2e95354b-0ea0-4736-884c-c6b88333f5cc 0.108s
2025-04-03 18:05:37.497 70067 INFO tempest.lib.common.rest_client [req-0de2b035-196e-40f7-b8e4-017b5295d891 req-0de2b035-196e-40f7-b8e4-017b5295d891 ] Request (ServersAdmin275Test:test_rebuild_update_server_275): 200 GET http://10.180.1.21/compute/v2.1/servers/6b40bd9e-5036-4b89-8eb3-dcf4fcbad807 0.114s
2025-04-03 18:05:37.527 70095 INFO tempest.lib.common.rest_client [req-ac3841b8-ad80-4501-8137-12b74732ba71 req-ac3841b8-ad80-4501-8137-12b74732ba71 ] Request (MigrationsAdminTest:test_list_migrations_in_flavor_resize_situation): 204 POST http://10.180.1.21/compute/v2.1/servers/0f58f9a2-8d42-44b2-828c-fc96f3615014/action 0.125s
2025-04-03 18:05:37.554 70073 INFO tempest.lib.common.rest_client [req-027e9681-fb3d-4a65-ae4e-43d6ac083391 req-027e9681-fb3d-4a65-ae4e-43d6ac083391 ] Request (AttachInterfacesUnderV243Test:test_add_remove_fixed_ip): 200 GET http://10.180.1.21/compute/v2.1/servers/f1233fff-fc73-459f-b232-19c5fea2d879 0.124s
2025-04-03 18:05:37.589 70079 INFO tempest.lib.common.rest_client [req-896d5009-3d36-487a-9f4f-b3de6d3ccdea req-896d5009-3d36-487a-9f4f-b3de6d3ccdea ] Request (ServerTagsTestJSON:setUpClass): 200 GET http://10.180.1.21/compute/v2.1/servers/8c5c3c21-9882-4b8b-97c8-ffbff54d6217 0.104s
2025-04-03 18:05:37.640 70055 INFO tempest.lib.common.rest_client [req-26742642-6bce-45f4-a5f2-d4664f868c92 req-26742642-6bce-45f4-a5f2-d4664f868c92 ] Request (MultipleCreateTestJSON:test_multiple_create): 200 GET http://10.180.1.21/compute/v2.1/servers/5ec0880d-fa12-4bd4-b83b-0d94a943831a 0.109s
2025-04-03 18:05:37.685 70095 INFO tempest.lib.common.rest_client [req-2b8194d4-dfa0-44fb-8d6a-8f621ad30b2e req-2b8194d4-dfa0-44fb-8d6a-8f621ad30b2e ] Request (MigrationsAdminTest:test_list_migrations_in_flavor_resize_situation): 200 GET http://10.180.1.21/compute/v2.1/servers/0f58f9a2-8d42-44b2-828c-fc96f3615014 0.158s
2025-04-03 18:05:37.710 70089 INFO tempest.lib.common.rest_client [req-f66bdc8b-e432-4dcf-a0f7-fec34e5786da req-f66bdc8b-e432-4dcf-a0f7-fec34e5786da ] Request (ServerPasswordTestJSON:tearDownClass): 200 GET http://10.180.1.21/compute/v2.1/servers/41eeaaec-8966-4ffb-bc2e-3267a79f60ee 0.118s
2025-04-03 18:05:37.746 70091 INFO tempest.lib.common.rest_client [req-827c81bb-6535-40ad-90bc-e35474118dad req-827c81bb-6535-40ad-90bc-e35474118dad ] Request (ServersNegativeTestMultiTenantJSON:setUpClass): 200 GET http://10.180.1.21/compute/v2.1/servers/4d356075-9e91-4b99-b2a3-794bd24f5b14 0.064s
2025-04-03 18:05:37.878 70085 INFO tempest.lib.common.rest_client [req-566abe20-b13d-4d83-8f00-32b374dee7b8 req-566abe20-b13d-4d83-8f00-32b374dee7b8 ] Request (ServerDiagnosticsNegativeTest:tearDownClass): 200 GET http://10.180.1.21/compute/v2.1/servers/77539b7e-1405-444a-96e0-fe2c44b24fec 0.068s
2025-04-03 18:05:37.893 70099 INFO tempest.lib.common.rest_client [req-3aedf95a-a11a-473f-941a-2f25af1ec544 req-3aedf95a-a11a-473f-941a-2f25af1ec544 ] Request (ServersAdminTestJSON:setUpClass): 200 PUT http://10.180.1.21:9696/networking/v2.0/routers/7168cf5c-0fac-4ef7-9d13-dbb64efdcbe3/add_router_interface 0.934s
2025-04-03 18:05:37.894 70099 INFO tempest.lib.common.dynamic_creds [-] Created isolated network resources for: credentials: Credentials: {'domain_id': 'default', 'domain_name': 'Default', 'username': 'tempest-ServersAdminTestJSON-1896839563-project-member', 'project_domain_id': 'default', 'project_domain_name': 'Default', 'project_id': '466e43cafa684015890bc19aa062f548', 'project_name': 'tempest-ServersAdminTestJSON-1896839563', 'tenant_id': '466e43cafa684015890bc19aa062f548', 'tenant_name': 'tempest-ServersAdminTestJSON-1896839563', 'user_domain_id': 'default', 'user_domain_name': 'Default', 'user_id': '3d89bd2fe01a4befa0d75ed0dd9b2d5a', 'system': None}, Network: {'id': '07f9d9c5-56fb-459f-b814-304031280966', 'name': 'tempest-ServersAdminTestJSON-1315754112-network', 'tenant_id': '466e43cafa684015890bc19aa062f548', 'admin_state_up': True, 'mtu': 8950, 'status': 'ACTIVE', 'subnets': [], 'shared': False, 'project_id': '466e43cafa684015890bc19aa062f548', 'port_security_enabled': True, 'router:external': False, 'provider:network_type': 'vlan', 'provider:physical_network': 'default', 'provider:segmentation_id': 797, 'availability_zone_hints': [], 'availability_zones': [], 'ipv4_address_scope': None, 'ipv6_address_scope': None, 'description': '', 'tags': [], 'created_at': '2025-04-03T18:05:35Z', 'updated_at': '2025-04-03T18:05:35Z', 'revision_number': 1}, Subnet: {'id': '30284786-3f35-4b75-9f2c-d59c8506c64d', 'name': 'tempest-ServersAdminTestJSON-1315754112-subnet', 'tenant_id': '466e43cafa684015890bc19aa062f548', 'network_id': '07f9d9c5-56fb-459f-b814-304031280966', 'ip_version': 4, 'subnetpool_id': None, 'enable_dhcp': True, 'ipv6_ra_mode': None, 'ipv6_address_mode': None, 'gateway_ip': '192.168.128.1', 'cidr': '192.168.128.0/28', 'allocation_pools': [{'start': '192.168.128.2', 'end': '192.168.128.14'}], 'host_routes': [], 'dns_nameservers': [], 'description': '', 'router:external': False, 'service_types': [], 'tags': [], 'created_at': '2025-04-03T18:05:35Z', 'updated_at': '2025-04-03T18:05:35Z', 'revision_number': 0, 'project_id': '466e43cafa684015890bc19aa062f548'}, Router: {'id': '7168cf5c-0fac-4ef7-9d13-dbb64efdcbe3', 'name': 'tempest-ServersAdminTestJSON-1315754112-router', 'tenant_id': '466e43cafa684015890bc19aa062f548', 'admin_state_up': True, 'status': 'ACTIVE', 'external_gateway_info': {'network_id': '4460c7fb-eb5c-4e7d-bf5d-b84225714124', 'external_fixed_ips': [{'subnet_id': 'dbaef3c7-4bd7-4f56-a3bf-a9ceffcdd5b0', 'ip_address': '10.180.180.175'}], 'enable_snat': True}, 'description': '', 'availability_zones': [], 'distributed': False, 'ha': False, 'availability_zone_hints': [], 'routes': [], 'flavor_id': None, 'tags': [], 'created_at': '2025-04-03T18:05:36Z', 'updated_at': '2025-04-03T18:05:36Z', 'revision_number': 2, 'project_id': '466e43cafa684015890bc19aa062f548'}
2025-04-03 18:05:37.915 70097 INFO tempest.lib.common.rest_client [req-102ad9df-00e4-4078-b0a7-3faf15633aea req-102ad9df-00e4-4078-b0a7-3faf15633aea ] Request (ListServerFiltersTestJSON:setUpClass): 200 GET http://10.180.1.21/compute/v2.1/servers/a41102d1-6d13-438a-82eb-67b4bb7e6ec9 0.175s
2025-04-03 18:05:37.925 70097 INFO tempest.common.waiters [-] State transition "BUILD/None" ==> "BUILD/networking" after 66 second wait
2025-04-03 18:05:37.945 70069 INFO tempest.lib.common.rest_client [req-aa5e6d07-3bb3-4bae-a922-f91573ffbce3 req-aa5e6d07-3bb3-4bae-a922-f91573ffbce3 ] Request (ListServersNegativeTestJSON:tearDownClass): 200 GET http://10.180.1.21/compute/v2.1/servers/da9673e3-cde2-4855-8a17-41fb4346b1e5 0.131s
2025-04-03 18:05:37.966 70047 INFO tempest.lib.common.rest_client [req-92eb558b-4a77-479d-ae80-17bdc62420e8 req-92eb558b-4a77-479d-ae80-17bdc62420e8 ] Request (DeleteServersAdminTestJSON:test_delete_server_while_in_error_state): 200 GET http://10.180.1.21/compute/v2.1/servers/15c0d93d-91e9-49df-b5ae-691abf05cd7d 0.091s
2025-04-03 18:05:37.977 70099 INFO tempest.lib.common.rest_client [req-f5f6e54f-62e2-4031-8287-c901eb348f21 req-f5f6e54f-62e2-4031-8287-c901eb348f21 ] Request (ServersAdminTestJSON:setUpClass): 201 POST http://10.180.1.21/identity/v3/auth/tokens 0.080s
2025-04-03 18:05:38.010 70062 INFO tempest.lib.common.rest_client [req-5a2bdd0c-e6eb-4460-bb4c-05192f042d4b req-5a2bdd0c-e6eb-4460-bb4c-05192f042d4b ] Request (ListImageFiltersTestJSON:setUpClass): 200 GET http://10.180.1.21/compute/v2.1/images/42cbae70-83a6-4eea-949a-cc3dc340b24d 0.108s
2025-04-03 18:05:38.012 70081 INFO tempest.lib.common.rest_client [req-8d2ac867-34db-4bd6-bdad-dfaea436d409 req-8d2ac867-34db-4bd6-bdad-dfaea436d409 ] Request (ImagesOneServerTestJSON:tearDownClass): 200 GET http://10.180.1.21/compute/v2.1/servers/92c756f0-9577-4004-bcdd-d421a4d52b96 0.135s
2025-04-03 18:05:38.014 70099 INFO tempest.lib.common.rest_client [req-0ed59fef-5bab-448c-846a-a71d2f831588 req-0ed59fef-5bab-448c-846a-a71d2f831588 ] Request (ServersAdminTestJSON:setUpClass): 201 POST http://10.180.1.21/identity/v3/projects 0.037s
2025-04-03 18:05:38.061 70093 INFO tempest.lib.common.rest_client [req-485f0e25-885d-4dbc-824b-f706f703f078 req-485f0e25-885d-4dbc-824b-f706f703f078 ] Request (FloatingIPsAssociationTestJSON:test_associate_already_associated_floating_ip): 200 GET http://10.180.1.21/compute/v2.1/servers/7db7bcc5-a83f-4faf-8576-c29cd26117e8 0.141s
2025-04-03 18:05:38.087 70099 INFO tempest.lib.common.rest_client [req-8525f6cd-0b45-431e-bbb7-addc29e84077 req-8525f6cd-0b45-431e-bbb7-addc29e84077 ] Request (ServersAdminTestJSON:setUpClass): 201 POST http://10.180.1.21/identity/v3/users 0.072s
2025-04-03 18:05:38.112 70099 INFO tempest.lib.common.rest_client [req-f092f383-c524-406e-a416-32ae6edb02d5 req-f092f383-c524-406e-a416-32ae6edb02d5 ] Request (ServersAdminTestJSON:setUpClass): 200 GET http://10.180.1.21/identity/v3/roles 0.024s
2025-04-03 18:05:38.145 70099 INFO tempest.lib.common.rest_client [req-6996af8c-3e7f-4bea-9eb6-b265eaad68a9 req-6996af8c-3e7f-4bea-9eb6-b265eaad68a9 ] Request (ServersAdminTestJSON:setUpClass): 204 PUT http://10.180.1.21/identity/v3/projects/db833787308b48d48bfd1736a5618b60/users/adc1df29c1ac4eb9964351136ec77214/roles/70fdd8fc9535474bba22e881226a288a 0.032s
2025-04-03 18:05:38.153 70059 INFO tempest.lib.common.rest_client [req-ae1c2400-ccf9-4655-8512-5dc3a52aad41 req-ae1c2400-ccf9-4655-8512-5dc3a52aad41 ] Request (ServerDiskConfigTestJSON:test_rebuild_server_with_auto_disk_config): 200 GET http://10.180.1.21/compute/v2.1/servers/c2719988-7eaa-44cd-bf9b-d2e94aae2878 0.060s
2025-04-03 18:05:38.155 70101 INFO tempest.lib.common.rest_client [req-8ac4b2b1-7b3a-4bd5-909c-d1be08f4ee96 req-8ac4b2b1-7b3a-4bd5-909c-d1be08f4ee96 ] Request (ServersAdminNegativeTestJSON:setUpClass): 200 GET http://10.180.1.21/compute/v2.1/servers/661541b3-dd38-4692-af94-dce06e9cdb7d 0.055s
2025-04-03 18:05:38.194 70099 INFO tempest.lib.common.rest_client [req-0fb5e056-a98b-49f2-95b7-3c414c55962e req-0fb5e056-a98b-49f2-95b7-3c414c55962e ] Request (ServersAdminTestJSON:setUpClass): 200 GET http://10.180.1.21/identity/v3/roles 0.049s
2025-04-03 18:05:38.197 70075 INFO tempest.lib.common.rest_client [req-87bdc32b-dd44-4f64-8ed9-b33604caf54c req-87bdc32b-dd44-4f64-8ed9-b33604caf54c ] Request (ImagesOneServerNegativeTestJSON:_run_cleanups): 200 GET http://10.180.1.21/compute/v2.1/servers/9e8182c1-7df2-4b86-b842-bdf1b86bedcf 0.048s
2025-04-03 18:05:38.214 70099 INFO tempest.lib.common.rest_client [req-bea0fdc9-ce1c-4ae0-a5ff-d5465d7f59d6 req-bea0fdc9-ce1c-4ae0-a5ff-d5465d7f59d6 ] Request (ServersAdminTestJSON:setUpClass): 204 PUT http://10.180.1.21/identity/v3/projects/db833787308b48d48bfd1736a5618b60/users/adc1df29c1ac4eb9964351136ec77214/roles/70fdd8fc9535474bba22e881226a288a 0.019s
2025-04-03 18:05:38.214 70099 INFO tempest.lib.common.dynamic_creds [-] Dynamic test user adc1df29c1ac4eb9964351136ec77214 is created with scope project and roles: ['admin']
2025-04-03 18:05:38.214 70099 INFO tempest.lib.common.dynamic_creds [-] Acquired dynamic creds: credentials: Credentials: {'domain_id': 'default', 'domain_name': 'Default', 'username': 'tempest-ServersAdminTestJSON-2100491879-project-admin', 'project_domain_id': 'default', 'project_domain_name': 'Default', 'project_id': 'db833787308b48d48bfd1736a5618b60', 'project_name': 'tempest-ServersAdminTestJSON-2100491879', 'tenant_id': 'db833787308b48d48bfd1736a5618b60', 'tenant_name': 'tempest-ServersAdminTestJSON-2100491879', 'user_domain_id': 'default', 'user_domain_name': 'Default', 'user_id': 'adc1df29c1ac4eb9964351136ec77214', 'system': None}, Network: None, Subnet: None, Router: None
2025-04-03 18:05:38.276 70083 INFO tempest.lib.common.rest_client [req-599f52a9-9c04-4227-bc7f-791e074f04ff req-599f52a9-9c04-4227-bc7f-791e074f04ff ] Request (AttachInterfacesV270Test:test_create_get_list_interfaces): 200 GET http://10.180.1.21/compute/v2.1/servers/9c9ac9ff-3f87-49ca-9c94-1e1a635bcd34 0.057s
2025-04-03 18:05:38.377 70087 INFO tempest.lib.common.rest_client [req-f300b7cf-270f-4eaa-80ad-50261e3be877 req-f300b7cf-270f-4eaa-80ad-50261e3be877 ] Request (ImagesNegativeTestJSON:test_create_image_from_deleted_server): 200 GET http://10.180.1.21/compute/v2.1/servers/07df8754-b54e-47da-b43a-aea7486b93f8 0.069s
2025-04-03 18:05:38.406 70099 INFO tempest.lib.common.rest_client [req-e5b0ca2e-4a02-4f00-8a86-cbdf1dbd4e53 req-e5b0ca2e-4a02-4f00-8a86-cbdf1dbd4e53 ] Request (ServersAdminTestJSON:setUpClass): 201 POST http://10.180.1.21:9696/networking/v2.0/networks 0.192s
2025-04-03 18:05:38.440 70045 INFO tempest.lib.common.rest_client [req-6c555173-4536-4aa6-bfd3-cfaee3bec638 req-6c555173-4536-4aa6-bfd3-cfaee3bec638 ] Request (InstanceActionsV221TestJSON:test_get_list_deleted_instance_actions): 200 GET http://10.180.1.21/compute/v2.1/servers/b1597ec1-1d62-474d-ac9d-5ffb3cb69b7f 0.061s
2025-04-03 18:05:38.496 70049 INFO tempest.lib.common.rest_client [req-959bc7e4-cd4d-4e67-aa19-77d84419f530 req-959bc7e4-cd4d-4e67-aa19-77d84419f530 ] Request (FloatingIPsAssociationNegativeTestJSON:setUpClass): 200 GET http://10.180.1.21/compute/v2.1/servers/04dcf87e-ecc6-448b-b167-90f89535c268 0.060s
2025-04-03 18:05:38.515 70057 INFO tempest.lib.common.rest_client [req-706f4878-b795-4bb7-b69a-644949913303 req-706f4878-b795-4bb7-b69a-644949913303 ] Request (ImagesTestJSON:test_create_image_from_suspended_server): 200 GET http://10.180.1.21/compute/v2.1/servers/2e95354b-0ea0-4736-884c-c6b88333f5cc 0.049s
2025-04-03 18:05:38.562 70067 INFO tempest.lib.common.rest_client [req-225d74d5-9d1a-4877-ab93-0298340f1132 req-225d74d5-9d1a-4877-ab93-0298340f1132 ] Request (ServersAdmin275Test:test_rebuild_update_server_275): 200 GET http://10.180.1.21/compute/v2.1/servers/6b40bd9e-5036-4b89-8eb3-dcf4fcbad807 0.054s
2025-04-03 18:05:38.584 70099 INFO tempest.lib.common.rest_client [req-961b047d-f116-4c5b-9689-0bfeb08fc0b9 req-961b047d-f116-4c5b-9689-0bfeb08fc0b9 ] Request (ServersAdminTestJSON:setUpClass): 201 POST http://10.180.1.21:9696/networking/v2.0/subnets 0.177s
2025-04-03 18:05:38.657 70079 INFO tempest.lib.common.rest_client [req-baed8005-884c-42e5-8325-0d2cf7738db3 req-baed8005-884c-42e5-8325-0d2cf7738db3 ] Request (ServerTagsTestJSON:setUpClass): 200 GET http://10.180.1.21/compute/v2.1/servers/8c5c3c21-9882-4b8b-97c8-ffbff54d6217 0.058s
2025-04-03 18:05:38.718 70055 INFO tempest.lib.common.rest_client [req-b53630da-213d-4305-ab1f-b68941b9ec18 req-b53630da-213d-4305-ab1f-b68941b9ec18 ] Request (MultipleCreateTestJSON:test_multiple_create): 200 GET http://10.180.1.21/compute/v2.1/servers/5ec0880d-fa12-4bd4-b83b-0d94a943831a 0.066s
2025-04-03 18:05:38.792 70051 WARNING tempest.lib.common.ssh [-] Failed to establish authenticated ssh connection to cirros@10.180.180.181 ([Errno None] Unable to connect to port 22 on 10.180.180.181). Number attempts: 5. Retry after 6 seconds.: paramiko.ssh_exception.NoValidConnectionsError: [Errno None] Unable to connect to port 22 on 10.180.180.181
2025-04-03 18:05:38.825 70073 INFO tempest.lib.common.rest_client [req-c186990e-09d9-4026-8d61-fec081afe4a0 req-c186990e-09d9-4026-8d61-fec081afe4a0 ] Request (AttachInterfacesUnderV243Test:test_add_remove_fixed_ip): 200 GET http://10.180.1.21/compute/v2.1/servers/f1233fff-fc73-459f-b232-19c5fea2d879 0.262s
2025-04-03 18:05:38.857 70095 INFO tempest.lib.common.rest_client [req-b0f5aabb-fedf-4363-b28b-839202053257 req-b0f5aabb-fedf-4363-b28b-839202053257 ] Request (MigrationsAdminTest:test_list_migrations_in_flavor_resize_situation): 200 GET http://10.180.1.21/compute/v2.1/servers/0f58f9a2-8d42-44b2-828c-fc96f3615014 0.161s
2025-04-03 18:05:38.905 70089 INFO tempest.lib.common.rest_client [req-4e26f031-77f2-4737-be5e-23fdef962977 req-4e26f031-77f2-4737-be5e-23fdef962977 ] Request (ServerPasswordTestJSON:tearDownClass): 200 GET http://10.180.1.21/compute/v2.1/servers/41eeaaec-8966-4ffb-bc2e-3267a79f60ee 0.185s
2025-04-03 18:05:38.919 70091 INFO tempest.lib.common.rest_client [req-b8424a70-8b4c-4eab-9474-fe2eb68d0318 req-b8424a70-8b4c-4eab-9474-fe2eb68d0318 ] Request (ServersNegativeTestMultiTenantJSON:setUpClass): 200 GET http://10.180.1.21/compute/v2.1/servers/4d356075-9e91-4b99-b2a3-794bd24f5b14 0.160s
2025-04-03 18:05:38.976 70085 INFO tempest.lib.common.rest_client [req-952d6439-77ae-4cd2-9370-352bdd46add9 req-952d6439-77ae-4cd2-9370-352bdd46add9 ] Request (ServerDiagnosticsNegativeTest:tearDownClass): 200 GET http://10.180.1.21/compute/v2.1/servers/77539b7e-1405-444a-96e0-fe2c44b24fec 0.087s
2025-04-03 18:05:39.050 70069 INFO tempest.lib.common.rest_client [req-7b1cbfd0-bbaf-43da-ae67-8fe8eb702aa8 req-7b1cbfd0-bbaf-43da-ae67-8fe8eb702aa8 ] Request (ListServersNegativeTestJSON:tearDownClass): 200 GET http://10.180.1.21/compute/v2.1/servers/da9673e3-cde2-4855-8a17-41fb4346b1e5 0.094s
2025-04-03 18:05:39.057 70097 INFO tempest.lib.common.rest_client [req-3e249033-8214-402d-bf38-170ca1cabc98 req-3e249033-8214-402d-bf38-170ca1cabc98 ] Request (ListServerFiltersTestJSON:setUpClass): 200 GET http://10.180.1.21/compute/v2.1/servers/a41102d1-6d13-438a-82eb-67b4bb7e6ec9 0.130s
2025-04-03 18:05:39.066 70097 INFO tempest.common.waiters [-] State transition "BUILD/networking" ==> "BUILD/spawning" after 68 second wait
2025-04-03 18:05:39.088 70062 INFO tempest.lib.common.rest_client [req-9b8ea188-9d22-49d8-8dd5-3f2e9e7a5491 req-9b8ea188-9d22-49d8-8dd5-3f2e9e7a5491 ] Request (ListImageFiltersTestJSON:setUpClass): 200 GET http://10.180.1.21/compute/v2.1/images/42cbae70-83a6-4eea-949a-cc3dc340b24d 0.073s
2025-04-03 18:05:39.100 70047 INFO tempest.lib.common.rest_client [req-16d7c722-286f-48a4-8046-d992566af589 req-16d7c722-286f-48a4-8046-d992566af589 ] Request (DeleteServersAdminTestJSON:test_delete_server_while_in_error_state): 200 GET http://10.180.1.21/compute/v2.1/servers/15c0d93d-91e9-49df-b5ae-691abf05cd7d 0.127s
2025-04-03 18:05:39.141 70043 WARNING tempest.lib.common.ssh [-] Failed to establish authenticated ssh connection to cirros@10.180.180.191 ([Errno None] Unable to connect to port 22 on 10.180.180.191). Number attempts: 4. Retry after 5 seconds.: paramiko.ssh_exception.NoValidConnectionsError: [Errno None] Unable to connect to port 22 on 10.180.180.191
2025-04-03 18:05:39.146 70093 INFO tempest.lib.common.rest_client [req-77567e16-f62e-48de-8f6e-c7a096c66bac req-77567e16-f62e-48de-8f6e-c7a096c66bac ] Request (FloatingIPsAssociationTestJSON:test_associate_already_associated_floating_ip): 200 GET http://10.180.1.21/compute/v2.1/servers/7db7bcc5-a83f-4faf-8576-c29cd26117e8 0.074s
2025-04-03 18:05:39.158 70081 INFO tempest.lib.common.rest_client [req-ef564a5c-2032-466d-bc8d-fe85c0319661 req-ef564a5c-2032-466d-bc8d-fe85c0319661 ] Request (ImagesOneServerTestJSON:tearDownClass): 200 GET http://10.180.1.21/compute/v2.1/servers/92c756f0-9577-4004-bcdd-d421a4d52b96 0.136s
2025-04-03 18:05:39.224 70101 INFO tempest.lib.common.rest_client [req-5f92dda5-41ad-4eca-98d9-a376ae68ea30 req-5f92dda5-41ad-4eca-98d9-a376ae68ea30 ] Request (ServersAdminNegativeTestJSON:setUpClass): 200 GET http://10.180.1.21/compute/v2.1/servers/661541b3-dd38-4692-af94-dce06e9cdb7d 0.059s
2025-04-03 18:05:39.224 70059 INFO tempest.lib.common.rest_client [req-4cb294ab-fb01-4a09-9106-4568ddfed451 req-4cb294ab-fb01-4a09-9106-4568ddfed451 ] Request (ServerDiskConfigTestJSON:test_rebuild_server_with_auto_disk_config): 200 GET http://10.180.1.21/compute/v2.1/servers/c2719988-7eaa-44cd-bf9b-d2e94aae2878 0.060s
2025-04-03 18:05:39.282 70075 INFO tempest.lib.common.rest_client [req-bf561f7b-4371-468f-bf7e-b7a430f34740 req-bf561f7b-4371-468f-bf7e-b7a430f34740 ] Request (ImagesOneServerNegativeTestJSON:_run_cleanups): 200 GET http://10.180.1.21/compute/v2.1/servers/9e8182c1-7df2-4b86-b842-bdf1b86bedcf 0.076s
2025-04-03 18:05:39.357 70083 INFO tempest.lib.common.rest_client [req-c876a882-9502-4f12-9dc1-8ca4f0f89751 req-c876a882-9502-4f12-9dc1-8ca4f0f89751 ] Request (AttachInterfacesV270Test:test_create_get_list_interfaces): 200 GET http://10.180.1.21/compute/v2.1/servers/9c9ac9ff-3f87-49ca-9c94-1e1a635bcd34 0.071s
2025-04-03 18:05:39.411 70099 INFO tempest.lib.common.rest_client [req-04a00ea6-0514-4c62-8eb6-be0aced6a56c req-04a00ea6-0514-4c62-8eb6-be0aced6a56c ] Request (ServersAdminTestJSON:setUpClass): 201 POST http://10.180.1.21:9696/networking/v2.0/routers 0.826s
2025-04-03 18:05:39.414 70087 INFO tempest.lib.common.rest_client [req-61ca77a4-d826-4d5e-8c8f-35367bd9e8b1 req-61ca77a4-d826-4d5e-8c8f-35367bd9e8b1 ] Request (ImagesNegativeTestJSON:test_create_image_from_deleted_server): 404 GET http://10.180.1.21/compute/v2.1/servers/07df8754-b54e-47da-b43a-aea7486b93f8 0.029s
2025-04-03 18:05:39.453 70087 INFO tempest.lib.common.rest_client [req-dcd35797-4188-4eef-88e5-004afee545e4 req-dcd35797-4188-4eef-88e5-004afee545e4 ] Request (ImagesNegativeTestJSON:test_create_image_from_deleted_server): 404 POST http://10.180.1.21/compute/v2.1/servers/07df8754-b54e-47da-b43a-aea7486b93f8/action 0.038s
2025-04-03 18:05:39.491 70087 INFO tempest.lib.common.rest_client [req-01387f59-6e26-400b-87d5-9e78c6f92b21 req-01387f59-6e26-400b-87d5-9e78c6f92b21 ] Request (ImagesNegativeTestJSON:test_create_image_from_invalid_server): 404 POST http://10.180.1.21/compute/v2.1/servers/tempest-invalid-1182277903/action 0.036s
2025-04-03 18:05:39.500 70087 INFO tempest.lib.common.rest_client [req-04587a73-960c-4d4b-bc2f-17a963ad70b5 req-04587a73-960c-4d4b-bc2f-17a963ad70b5 ] Request (ImagesNegativeTestJSON:test_create_image_specify_uuid_35_characters_or_less): 404 POST http://10.180.1.21/compute/v2.1/servers/aaaaaaaaaaaaaaaaaaaaaaaaaaaaaaaaaaa/action 0.008s
2025-04-03 18:05:39.511 70087 INFO tempest.lib.common.rest_client [req-81bb0728-163c-4f72-b97f-b8d6605ad624 req-81bb0728-163c-4f72-b97f-b8d6605ad624 ] Request (ImagesNegativeTestJSON:test_create_image_specify_uuid_37_characters_or_more): 404 POST http://10.180.1.21/compute/v2.1/servers/aaaaaaaaaaaaaaaaaaaaaaaaaaaaaaaaaaaaa/action 0.009s
2025-04-03 18:05:39.517 70045 INFO tempest.lib.common.rest_client [req-0fa01ae4-6473-45b2-b222-5ee6b5eacae8 req-0fa01ae4-6473-45b2-b222-5ee6b5eacae8 ] Request (InstanceActionsV221TestJSON:test_get_list_deleted_instance_actions): 200 GET http://10.180.1.21/compute/v2.1/servers/b1597ec1-1d62-474d-ac9d-5ffb3cb69b7f 0.065s
2025-04-03 18:05:39.543 70087 INFO tempest.lib.common.rest_client [req-14f7b79a-cd2e-4a88-8d1e-04e7c6f9cb10 req-14f7b79a-cd2e-4a88-8d1e-04e7c6f9cb10 ] Request (ImagesNegativeTestJSON:tearDownClass): 404 DELETE http://10.180.1.21/compute/v2.1/servers/07df8754-b54e-47da-b43a-aea7486b93f8 0.029s
2025-04-03 18:05:39.569 70049 INFO tempest.lib.common.rest_client [req-615ee70b-f2ac-409a-a1f6-2fe16b99a3ab req-615ee70b-f2ac-409a-a1f6-2fe16b99a3ab ] Request (FloatingIPsAssociationNegativeTestJSON:setUpClass): 200 GET http://10.180.1.21/compute/v2.1/servers/04dcf87e-ecc6-448b-b167-90f89535c268 0.063s
2025-04-03 18:05:39.595 70087 INFO tempest.lib.common.rest_client [req-cf7d45cd-d974-4fb1-bfe1-e4602ad87e0f req-cf7d45cd-d974-4fb1-bfe1-e4602ad87e0f ] Request (ImagesNegativeTestJSON:tearDownClass): 404 GET http://10.180.1.21/compute/v2.1/servers/07df8754-b54e-47da-b43a-aea7486b93f8 0.052s
2025-04-03 18:05:39.602 70057 INFO tempest.lib.common.rest_client [req-3233d24b-0897-4355-b682-fef1d20db1ba req-3233d24b-0897-4355-b682-fef1d20db1ba ] Request (ImagesTestJSON:test_create_image_from_suspended_server): 200 GET http://10.180.1.21/compute/v2.1/servers/2e95354b-0ea0-4736-884c-c6b88333f5cc 0.077s
2025-04-03 18:05:39.653 70067 INFO tempest.lib.common.rest_client [req-6dc08149-cdb9-455c-a159-53da61011680 req-6dc08149-cdb9-455c-a159-53da61011680 ] Request (ServersAdmin275Test:test_rebuild_update_server_275): 200 GET http://10.180.1.21/compute/v2.1/servers/6b40bd9e-5036-4b89-8eb3-dcf4fcbad807 0.081s
2025-04-03 18:05:39.662 70067 INFO tempest.common.waiters [-] State transition "BUILD/scheduling" ==> "BUILD/None" after 37 second wait
2025-04-03 18:05:39.734 70079 INFO tempest.lib.common.rest_client [req-44d032a2-1c52-4dbd-af78-c8bd95729b1b req-44d032a2-1c52-4dbd-af78-c8bd95729b1b ] Request (ServerTagsTestJSON:setUpClass): 200 GET http://10.180.1.21/compute/v2.1/servers/8c5c3c21-9882-4b8b-97c8-ffbff54d6217 0.064s
2025-04-03 18:05:39.798 70055 INFO tempest.lib.common.rest_client [req-fbb3ede6-485c-4f26-bb48-e890ba0f00d8 req-fbb3ede6-485c-4f26-bb48-e890ba0f00d8 ] Request (MultipleCreateTestJSON:test_multiple_create): 200 GET http://10.180.1.21/compute/v2.1/servers/5ec0880d-fa12-4bd4-b83b-0d94a943831a 0.068s
2025-04-03 18:05:39.945 70073 INFO tempest.lib.common.rest_client [req-c26db465-c618-436b-9a4e-64ee13175380 req-c26db465-c618-436b-9a4e-64ee13175380 ] Request (AttachInterfacesUnderV243Test:test_add_remove_fixed_ip): 200 GET http://10.180.1.21/compute/v2.1/servers/f1233fff-fc73-459f-b232-19c5fea2d879 0.105s
2025-04-03 18:05:40.031 70089 INFO tempest.lib.common.rest_client [req-c7317899-8725-433c-9ff6-97749e1cdb1e req-c7317899-8725-433c-9ff6-97749e1cdb1e ] Request (ServerPasswordTestJSON:tearDownClass): 200 GET http://10.180.1.21/compute/v2.1/servers/41eeaaec-8966-4ffb-bc2e-3267a79f60ee 0.117s
2025-04-03 18:05:40.035 70095 INFO tempest.lib.common.rest_client [req-40b62546-b329-4ea5-98bf-694006207faf req-40b62546-b329-4ea5-98bf-694006207faf ] Request (MigrationsAdminTest:test_list_migrations_in_flavor_resize_situation): 200 GET http://10.180.1.21/compute/v2.1/servers/0f58f9a2-8d42-44b2-828c-fc96f3615014 0.166s
2025-04-03 18:05:40.085 70091 INFO tempest.lib.common.rest_client [req-30aaab2f-ab98-4dee-b098-c4d02098610c req-30aaab2f-ab98-4dee-b098-c4d02098610c ] Request (ServersNegativeTestMultiTenantJSON:setUpClass): 200 GET http://10.180.1.21/compute/v2.1/servers/4d356075-9e91-4b99-b2a3-794bd24f5b14 0.156s
2025-04-03 18:05:40.112 70085 INFO tempest.lib.common.rest_client [req-067ac19e-d188-4d48-b7f1-0218087fee1c req-067ac19e-d188-4d48-b7f1-0218087fee1c ] Request (ServerDiagnosticsNegativeTest:tearDownClass): 200 GET http://10.180.1.21/compute/v2.1/servers/77539b7e-1405-444a-96e0-fe2c44b24fec 0.122s
2025-04-03 18:05:40.174 70069 INFO tempest.lib.common.rest_client [req-6dc79e68-2c6e-4f2d-87d5-bc0f7a85b3bd req-6dc79e68-2c6e-4f2d-87d5-bc0f7a85b3bd ] Request (ListServersNegativeTestJSON:tearDownClass): 200 GET http://10.180.1.21/compute/v2.1/servers/da9673e3-cde2-4855-8a17-41fb4346b1e5 0.110s
2025-04-03 18:05:40.215 70062 INFO tempest.lib.common.rest_client [req-0212bf92-01e8-4888-811a-9a7bb02d5b4b req-0212bf92-01e8-4888-811a-9a7bb02d5b4b ] Request (ListImageFiltersTestJSON:setUpClass): 200 GET http://10.180.1.21/compute/v2.1/images/42cbae70-83a6-4eea-949a-cc3dc340b24d 0.122s
2025-04-03 18:05:40.271 70097 INFO tempest.lib.common.rest_client [req-dc7d772c-6915-4c37-9b4e-1e902462312d req-dc7d772c-6915-4c37-9b4e-1e902462312d ] Request (ListServerFiltersTestJSON:setUpClass): 200 GET http://10.180.1.21/compute/v2.1/servers/a41102d1-6d13-438a-82eb-67b4bb7e6ec9 0.202s
2025-04-03 18:05:40.284 70047 INFO tempest.lib.common.rest_client [req-a682f198-88ba-4047-9d04-596e653c3251 req-a682f198-88ba-4047-9d04-596e653c3251 ] Request (DeleteServersAdminTestJSON:test_delete_server_while_in_error_state): 200 GET http://10.180.1.21/compute/v2.1/servers/15c0d93d-91e9-49df-b5ae-691abf05cd7d 0.170s
2025-04-03 18:05:40.338 70093 INFO tempest.lib.common.rest_client [req-10636eec-bbae-420b-a9fa-19235ae4f282 req-10636eec-bbae-420b-a9fa-19235ae4f282 ] Request (FloatingIPsAssociationTestJSON:test_associate_already_associated_floating_ip): 200 GET http://10.180.1.21/compute/v2.1/servers/7db7bcc5-a83f-4faf-8576-c29cd26117e8 0.185s
2025-04-03 18:05:40.399 70101 INFO tempest.lib.common.rest_client [req-430998bd-d993-4555-9976-b197f7036472 req-430998bd-d993-4555-9976-b197f7036472 ] Request (ServersAdminNegativeTestJSON:setUpClass): 200 GET http://10.180.1.21/compute/v2.1/servers/661541b3-dd38-4692-af94-dce06e9cdb7d 0.168s
2025-04-03 18:05:40.457 70059 INFO tempest.lib.common.rest_client [req-381b3dbe-5f83-42e5-9296-8e5c4702c06f req-381b3dbe-5f83-42e5-9296-8e5c4702c06f ] Request (ServerDiskConfigTestJSON:test_rebuild_server_with_auto_disk_config): 200 GET http://10.180.1.21/compute/v2.1/servers/c2719988-7eaa-44cd-bf9b-d2e94aae2878 0.224s
2025-04-03 18:05:40.533 70075 INFO tempest.lib.common.rest_client [req-6778096a-b2b0-4b56-af9b-23b33ff79099 req-6778096a-b2b0-4b56-af9b-23b33ff79099 ] Request (ImagesOneServerNegativeTestJSON:_run_cleanups): 200 GET http://10.180.1.21/compute/v2.1/servers/9e8182c1-7df2-4b86-b842-bdf1b86bedcf 0.241s
2025-04-03 18:05:40.561 70087 INFO tempest.lib.common.rest_client [req-a4e69d95-ea1c-4b0f-ad5e-a58210d1c98b req-a4e69d95-ea1c-4b0f-ad5e-a58210d1c98b ] Request (ImagesNegativeTestJSON:tearDownClass): 200 PUT http://10.180.1.21:9696/networking/v2.0/routers/5d8339de-7bcf-4eb8-8c32-3eba6e1e5b0f/remove_router_interface 0.965s
2025-04-03 18:05:40.565 70081 INFO tempest.lib.common.rest_client [req-f2a13a56-a703-48fc-93ae-b0830715332a req-f2a13a56-a703-48fc-93ae-b0830715332a ] Request (ImagesOneServerTestJSON:tearDownClass): 200 GET http://10.180.1.21/compute/v2.1/servers/92c756f0-9577-4004-bcdd-d421a4d52b96 0.398s
2025-04-03 18:05:40.596 70099 INFO tempest.lib.common.rest_client [req-9345fdd5-4ff5-40b5-935a-85bc21b68be4 req-9345fdd5-4ff5-40b5-935a-85bc21b68be4 ] Request (ServersAdminTestJSON:setUpClass): 200 PUT http://10.180.1.21:9696/networking/v2.0/routers/433e2b07-6f3f-45ad-83cd-fd7ac584004c/add_router_interface 1.184s
2025-04-03 18:05:40.596 70099 INFO tempest.lib.common.dynamic_creds [-] Created isolated network resources for: credentials: Credentials: {'domain_id': 'default', 'domain_name': 'Default', 'username': 'tempest-ServersAdminTestJSON-2100491879-project-admin', 'project_domain_id': 'default', 'project_domain_name': 'Default', 'project_id': 'db833787308b48d48bfd1736a5618b60', 'project_name': 'tempest-ServersAdminTestJSON-2100491879', 'tenant_id': 'db833787308b48d48bfd1736a5618b60', 'tenant_name': 'tempest-ServersAdminTestJSON-2100491879', 'user_domain_id': 'default', 'user_domain_name': 'Default', 'user_id': 'adc1df29c1ac4eb9964351136ec77214', 'system': None}, Network: {'id': '9aee3027-a126-4749-a26a-5a7523640e62', 'name': 'tempest-ServersAdminTestJSON-212751465-network', 'tenant_id': 'db833787308b48d48bfd1736a5618b60', 'admin_state_up': True, 'mtu': 8950, 'status': 'ACTIVE', 'subnets': [], 'shared': False, 'project_id': 'db833787308b48d48bfd1736a5618b60', 'port_security_enabled': True, 'router:external': False, 'provider:network_type': 'vlan', 'provider:physical_network': 'default', 'provider:segmentation_id': 459, 'availability_zone_hints': [], 'availability_zones': [], 'ipv4_address_scope': None, 'ipv6_address_scope': None, 'description': '', 'tags': [], 'created_at': '2025-04-03T18:05:38Z', 'updated_at': '2025-04-03T18:05:38Z', 'revision_number': 1}, Subnet: {'id': 'c1461c04-cd40-490b-8c7e-1d3f88dbafe6', 'name': 'tempest-ServersAdminTestJSON-212751465-subnet', 'tenant_id': 'db833787308b48d48bfd1736a5618b60', 'network_id': '9aee3027-a126-4749-a26a-5a7523640e62', 'ip_version': 4, 'subnetpool_id': None, 'enable_dhcp': True, 'ipv6_ra_mode': None, 'ipv6_address_mode': None, 'gateway_ip': '192.168.128.1', 'cidr': '192.168.128.0/28', 'allocation_pools': [{'start': '192.168.128.2', 'end': '192.168.128.14'}], 'host_routes': [], 'dns_nameservers': [], 'description': '', 'router:external': False, 'service_types': [], 'tags': [], 'created_at': '2025-04-03T18:05:38Z', 'updated_at': '2025-04-03T18:05:38Z', 'revision_number': 0, 'project_id': 'db833787308b48d48bfd1736a5618b60'}, Router: {'id': '433e2b07-6f3f-45ad-83cd-fd7ac584004c', 'name': 'tempest-ServersAdminTestJSON-212751465-router', 'tenant_id': 'db833787308b48d48bfd1736a5618b60', 'admin_state_up': True, 'status': 'ACTIVE', 'external_gateway_info': {'network_id': '4460c7fb-eb5c-4e7d-bf5d-b84225714124', 'external_fixed_ips': [{'subnet_id': 'dbaef3c7-4bd7-4f56-a3bf-a9ceffcdd5b0', 'ip_address': '10.180.180.229'}], 'enable_snat': True}, 'description': '', 'availability_zones': [], 'distributed': False, 'ha': False, 'availability_zone_hints': [], 'routes': [], 'flavor_id': None, 'tags': [], 'created_at': '2025-04-03T18:05:38Z', 'updated_at': '2025-04-03T18:05:39Z', 'revision_number': 2, 'project_id': 'db833787308b48d48bfd1736a5618b60'}
2025-04-03 18:05:40.617 70083 INFO tempest.lib.common.rest_client [req-dc50e07d-9a96-4399-bd03-43a391a58525 req-dc50e07d-9a96-4399-bd03-43a391a58525 ] Request (AttachInterfacesV270Test:test_create_get_list_interfaces): 200 GET http://10.180.1.21/compute/v2.1/servers/9c9ac9ff-3f87-49ca-9c94-1e1a635bcd34 0.247s
2025-04-03 18:05:40.628 70045 INFO tempest.lib.common.rest_client [req-197439fa-7691-4969-ac2f-31aaf7265c6e req-197439fa-7691-4969-ac2f-31aaf7265c6e ] Request (InstanceActionsV221TestJSON:test_get_list_deleted_instance_actions): 200 GET http://10.180.1.21/compute/v2.1/servers/b1597ec1-1d62-474d-ac9d-5ffb3cb69b7f 0.096s
2025-04-03 18:05:40.699 70057 INFO tempest.lib.common.rest_client [req-77ccd953-ad12-4dd5-a0f3-89bc3e7c7ee2 req-77ccd953-ad12-4dd5-a0f3-89bc3e7c7ee2 ] Request (ImagesTestJSON:test_create_image_from_suspended_server): 200 GET http://10.180.1.21/compute/v2.1/servers/2e95354b-0ea0-4736-884c-c6b88333f5cc 0.085s
2025-04-03 18:05:40.711 70099 INFO tempest.lib.common.rest_client [req-5482d531-815e-43a5-abb2-aa27388f9318 req-5482d531-815e-43a5-abb2-aa27388f9318 ] Request (ServersAdminTestJSON:setUpClass): 201 POST http://10.180.1.21/identity/v3/auth/tokens 0.111s
2025-04-03 18:05:40.716 70049 INFO tempest.lib.common.rest_client [req-d6b419a7-363e-4d37-975b-c8d52d24bca6 req-d6b419a7-363e-4d37-975b-c8d52d24bca6 ] Request (FloatingIPsAssociationNegativeTestJSON:setUpClass): 200 GET http://10.180.1.21/compute/v2.1/servers/04dcf87e-ecc6-448b-b167-90f89535c268 0.135s
2025-04-03 18:05:40.775 70067 INFO tempest.lib.common.rest_client [req-ea61dd5a-be37-4b69-bf42-2037e297b033 req-ea61dd5a-be37-4b69-bf42-2037e297b033 ] Request (ServersAdmin275Test:test_rebuild_update_server_275): 200 GET http://10.180.1.21/compute/v2.1/servers/6b40bd9e-5036-4b89-8eb3-dcf4fcbad807 0.112s
2025-04-03 18:05:40.785 70099 INFO tempest.lib.common.rest_client [req-b8b671de-22fc-4265-9950-5cad3f1b5392 req-b8b671de-22fc-4265-9950-5cad3f1b5392 ] Request (ServersAdminTestJSON:setUpClass): 201 POST http://10.180.1.21/identity/v3/auth/tokens 0.070s
2025-04-03 18:05:40.785 70099 INFO tempest.lib.common.fixed_network [-] (ServersAdminTestJSON:setUpClass) Found network {'id': '07f9d9c5-56fb-459f-b814-304031280966', 'name': 'tempest-ServersAdminTestJSON-1315754112-network', 'tenant_id': '466e43cafa684015890bc19aa062f548', 'admin_state_up': True, 'mtu': 8950, 'status': 'ACTIVE', 'subnets': [], 'shared': False, 'project_id': '466e43cafa684015890bc19aa062f548', 'port_security_enabled': True, 'router:external': False, 'provider:network_type': 'vlan', 'provider:physical_network': 'default', 'provider:segmentation_id': 797, 'availability_zone_hints': [], 'availability_zones': [], 'ipv4_address_scope': None, 'ipv6_address_scope': None, 'description': '', 'tags': [], 'created_at': '2025-04-03T18:05:35Z', 'updated_at': '2025-04-03T18:05:35Z', 'revision_number': 1} available for tenant
2025-04-03 18:05:40.822 70079 INFO tempest.lib.common.rest_client [req-e888b112-13c4-4774-87e5-372b719e523b req-e888b112-13c4-4774-87e5-372b719e523b ] Request (ServerTagsTestJSON:setUpClass): 200 GET http://10.180.1.21/compute/v2.1/servers/8c5c3c21-9882-4b8b-97c8-ffbff54d6217 0.078s
2025-04-03 18:05:40.892 70055 INFO tempest.lib.common.rest_client [req-9964e74d-f590-4d37-9978-18e003455879 req-9964e74d-f590-4d37-9978-18e003455879 ] Request (MultipleCreateTestJSON:test_multiple_create): 200 GET http://10.180.1.21/compute/v2.1/servers/5ec0880d-fa12-4bd4-b83b-0d94a943831a 0.083s
2025-04-03 18:05:41.022 70073 INFO tempest.lib.common.rest_client [req-222cd530-aa09-436e-8351-1fd6fe8f70a6 req-222cd530-aa09-436e-8351-1fd6fe8f70a6 ] Request (AttachInterfacesUnderV243Test:test_add_remove_fixed_ip): 200 GET http://10.180.1.21/compute/v2.1/servers/f1233fff-fc73-459f-b232-19c5fea2d879 0.065s
2025-04-03 18:05:41.128 70089 INFO tempest.lib.common.rest_client [req-852150ba-eda9-438e-91a2-fd576665323e req-852150ba-eda9-438e-91a2-fd576665323e ] Request (ServerPasswordTestJSON:tearDownClass): 200 GET http://10.180.1.21/compute/v2.1/servers/41eeaaec-8966-4ffb-bc2e-3267a79f60ee 0.088s
2025-04-03 18:05:41.182 70087 INFO tempest.lib.common.rest_client [req-929a91d0-a0ab-4f4f-8444-5d1bc95a7898 req-929a91d0-a0ab-4f4f-8444-5d1bc95a7898 ] Request (ImagesNegativeTestJSON:tearDownClass): 204 DELETE http://10.180.1.21:9696/networking/v2.0/routers/5d8339de-7bcf-4eb8-8c32-3eba6e1e5b0f 0.621s
2025-04-03 18:05:41.218 70099 INFO tempest.lib.common.rest_client [req-0b6c75e8-6682-4be2-82ab-4a2fd617394c req-0b6c75e8-6682-4be2-82ab-4a2fd617394c ] Request (ServersAdminTestJSON:setUpClass): 202 POST http://10.180.1.21/compute/v2.1/servers 0.432s
2025-04-03 18:05:41.271 70095 INFO tempest.lib.common.rest_client [req-0e41cc37-a94b-4f31-83e2-25c3bf2b76cb req-0e41cc37-a94b-4f31-83e2-25c3bf2b76cb ] Request (MigrationsAdminTest:test_list_migrations_in_flavor_resize_situation): 200 GET http://10.180.1.21/compute/v2.1/servers/0f58f9a2-8d42-44b2-828c-fc96f3615014 0.227s
2025-04-03 18:05:41.274 70099 INFO tempest.lib.common.rest_client [req-64848073-650e-48ad-88f4-670957367591 req-64848073-650e-48ad-88f4-670957367591 ] Request (ServersAdminTestJSON:setUpClass): 201 POST http://10.180.1.21/identity/v3/auth/tokens 0.049s
2025-04-03 18:05:41.274 70099 INFO tempest.lib.common.fixed_network [-] (ServersAdminTestJSON:setUpClass) Found network {'id': '07f9d9c5-56fb-459f-b814-304031280966', 'name': 'tempest-ServersAdminTestJSON-1315754112-network', 'tenant_id': '466e43cafa684015890bc19aa062f548', 'admin_state_up': True, 'mtu': 8950, 'status': 'ACTIVE', 'subnets': [], 'shared': False, 'project_id': '466e43cafa684015890bc19aa062f548', 'port_security_enabled': True, 'router:external': False, 'provider:network_type': 'vlan', 'provider:physical_network': 'default', 'provider:segmentation_id': 797, 'availability_zone_hints': [], 'availability_zones': [], 'ipv4_address_scope': None, 'ipv6_address_scope': None, 'description': '', 'tags': [], 'created_at': '2025-04-03T18:05:35Z', 'updated_at': '2025-04-03T18:05:35Z', 'revision_number': 1} available for tenant
2025-04-03 18:05:41.289 70091 INFO tempest.lib.common.rest_client [req-d9a0aa5b-273c-49b0-baf9-1f2aeda1f842 req-d9a0aa5b-273c-49b0-baf9-1f2aeda1f842 ] Request (ServersNegativeTestMultiTenantJSON:setUpClass): 200 GET http://10.180.1.21/compute/v2.1/servers/4d356075-9e91-4b99-b2a3-794bd24f5b14 0.189s
2025-04-03 18:05:41.336 70087 INFO tempest.lib.common.rest_client [req-16a8a66a-c386-485c-aaf5-235f88bf461b req-16a8a66a-c386-485c-aaf5-235f88bf461b ] Request (ImagesNegativeTestJSON:tearDownClass): 204 DELETE http://10.180.1.21:9696/networking/v2.0/subnets/ba18e391-e6f1-4da9-9605-040a0286bd78 0.153s
2025-04-03 18:05:41.345 70085 INFO tempest.lib.common.rest_client [req-37985af7-f689-49ee-82c1-5e479bfdae52 req-37985af7-f689-49ee-82c1-5e479bfdae52 ] Request (ServerDiagnosticsNegativeTest:tearDownClass): 200 GET http://10.180.1.21/compute/v2.1/servers/77539b7e-1405-444a-96e0-fe2c44b24fec 0.225s
2025-04-03 18:05:41.387 70062 INFO tempest.lib.common.rest_client [req-f9965aa2-efce-407e-b258-ece6beeea0a2 req-f9965aa2-efce-407e-b258-ece6beeea0a2 ] Request (ListImageFiltersTestJSON:setUpClass): 200 GET http://10.180.1.21/compute/v2.1/images/42cbae70-83a6-4eea-949a-cc3dc340b24d 0.165s
2025-04-03 18:05:41.396 70069 INFO tempest.lib.common.rest_client [req-6b9d62f7-f485-48a9-8864-22ca6d69edc6 req-6b9d62f7-f485-48a9-8864-22ca6d69edc6 ] Request (ListServersNegativeTestJSON:tearDownClass): 200 GET http://10.180.1.21/compute/v2.1/servers/da9673e3-cde2-4855-8a17-41fb4346b1e5 0.209s
2025-04-03 18:05:41.533 70097 INFO tempest.lib.common.rest_client [req-26820728-1926-4394-9201-510411905c08 req-26820728-1926-4394-9201-510411905c08 ] Request (ListServerFiltersTestJSON:setUpClass): 200 GET http://10.180.1.21/compute/v2.1/servers/a41102d1-6d13-438a-82eb-67b4bb7e6ec9 0.251s
2025-04-03 18:05:41.586 70047 INFO tempest.lib.common.rest_client [req-8443097a-d4a8-4bf5-8252-df5220bd3470 req-8443097a-d4a8-4bf5-8252-df5220bd3470 ] Request (DeleteServersAdminTestJSON:test_delete_server_while_in_error_state): 200 GET http://10.180.1.21/compute/v2.1/servers/15c0d93d-91e9-49df-b5ae-691abf05cd7d 0.287s
2025-04-03 18:05:41.640 70093 INFO tempest.lib.common.rest_client [req-02b953b8-f22e-4799-b9e8-69811245ceee req-02b953b8-f22e-4799-b9e8-69811245ceee ] Request (FloatingIPsAssociationTestJSON:test_associate_already_associated_floating_ip): 200 GET http://10.180.1.21/compute/v2.1/servers/7db7bcc5-a83f-4faf-8576-c29cd26117e8 0.291s
2025-04-03 18:05:41.650 70087 INFO tempest.lib.common.rest_client [req-2d7cf0fa-0f68-4c89-acb8-ae93fc78525e req-2d7cf0fa-0f68-4c89-acb8-ae93fc78525e ] Request (ImagesNegativeTestJSON:tearDownClass): 204 DELETE http://10.180.1.21:9696/networking/v2.0/networks/225c6004-0fd3-4214-8cab-75f39ee63698 0.313s
2025-04-03 18:05:41.698 70101 INFO tempest.lib.common.rest_client [req-94afd95d-465c-467d-8c28-1256a1bc1753 req-94afd95d-465c-467d-8c28-1256a1bc1753 ] Request (ServersAdminNegativeTestJSON:setUpClass): 200 GET http://10.180.1.21/compute/v2.1/servers/661541b3-dd38-4692-af94-dce06e9cdb7d 0.285s
2025-04-03 18:05:41.740 70099 INFO tempest.lib.common.rest_client [req-56443a0d-30bf-435a-adde-51f2c2011c76 req-56443a0d-30bf-435a-adde-51f2c2011c76 ] Request (ServersAdminTestJSON:setUpClass): 202 POST http://10.180.1.21/compute/v2.1/servers 0.464s
2025-04-03 18:05:41.765 70059 INFO tempest.lib.common.rest_client [req-211d87ce-b645-4ca5-b5ae-dc3f1a4a9e56 req-211d87ce-b645-4ca5-b5ae-dc3f1a4a9e56 ] Request (ServerDiskConfigTestJSON:test_rebuild_server_with_auto_disk_config): 200 GET http://10.180.1.21/compute/v2.1/servers/c2719988-7eaa-44cd-bf9b-d2e94aae2878 0.294s
2025-04-03 18:05:41.814 70087 INFO tempest.lib.common.rest_client [req-3309138a-1cdc-49ba-8d0d-e438600a7214 req-3309138a-1cdc-49ba-8d0d-e438600a7214 ] Request (ImagesNegativeTestJSON:tearDownClass): 204 DELETE http://10.180.1.21/identity/v3/users/8e9aa2b7c2ae47fa8ebda5d710b49aa5 0.164s
2025-04-03 18:05:41.814 70087 INFO tempest.lib.common.dynamic_creds [-] Deleting project and security group for project: 7c32a287a0a840b5a416ca0d3641df7e
2025-04-03 18:05:41.827 70075 INFO tempest.lib.common.rest_client [req-e3c30166-6cfa-4685-a23e-8af8ea22e437 req-e3c30166-6cfa-4685-a23e-8af8ea22e437 ] Request (ImagesOneServerNegativeTestJSON:_run_cleanups): 200 GET http://10.180.1.21/compute/v2.1/servers/9e8182c1-7df2-4b86-b842-bdf1b86bedcf 0.283s
2025-04-03 18:05:41.862 70081 INFO tempest.lib.common.rest_client [req-4694800c-d0f2-41d1-ac08-09f55a3daf4c req-4694800c-d0f2-41d1-ac08-09f55a3daf4c ] Request (ImagesOneServerTestJSON:tearDownClass): 200 GET http://10.180.1.21/compute/v2.1/servers/92c756f0-9577-4004-bcdd-d421a4d52b96 0.283s
2025-04-03 18:05:41.867 70087 INFO tempest.lib.common.rest_client [req-db0606b6-49e6-4dca-adef-1392fb544aa8 req-db0606b6-49e6-4dca-adef-1392fb544aa8 ] Request (ImagesNegativeTestJSON:tearDownClass): 200 GET http://10.180.1.21:9696/networking/v2.0/security-groups?tenant_id=7c32a287a0a840b5a416ca0d3641df7e&name=default 0.052s
2025-04-03 18:05:41.909 70083 INFO tempest.lib.common.rest_client [req-ea832968-f9ec-4c4d-ac03-1b4ee71248bf req-ea832968-f9ec-4c4d-ac03-1b4ee71248bf ] Request (AttachInterfacesV270Test:test_create_get_list_interfaces): 200 GET http://10.180.1.21/compute/v2.1/servers/9c9ac9ff-3f87-49ca-9c94-1e1a635bcd34 0.275s
2025-04-03 18:05:41.920 70083 INFO tempest.common.waiters [-] State transition "BUILD/None" ==> "BUILD/networking" after 60 second wait
2025-04-03 18:05:41.936 70045 INFO tempest.lib.common.rest_client [req-952e81f2-530d-4907-a913-c7cda0b26f70 req-952e81f2-530d-4907-a913-c7cda0b26f70 ] Request (InstanceActionsV221TestJSON:test_get_list_deleted_instance_actions): 200 GET http://10.180.1.21/compute/v2.1/servers/b1597ec1-1d62-474d-ac9d-5ffb3cb69b7f 0.289s
2025-04-03 18:05:41.981 70087 INFO tempest.lib.common.rest_client [req-ae56e2d7-d464-4ce2-ad76-30a8acc7353a req-ae56e2d7-d464-4ce2-ad76-30a8acc7353a ] Request (ImagesNegativeTestJSON:tearDownClass): 204 DELETE http://10.180.1.21:9696/networking/v2.0/security-groups/95a4122f-46cd-4ac5-a245-db61b5f4bdf0 0.113s
2025-04-03 18:05:41.982 70057 INFO tempest.lib.common.rest_client [req-c4fcb922-638f-47e0-9247-96a3a8bb59f3 req-c4fcb922-638f-47e0-9247-96a3a8bb59f3 ] Request (ImagesTestJSON:test_create_image_from_suspended_server): 200 GET http://10.180.1.21/compute/v2.1/servers/2e95354b-0ea0-4736-884c-c6b88333f5cc 0.269s
2025-04-03 18:05:42.012 70049 INFO tempest.lib.common.rest_client [req-95378277-480e-4067-b873-a6b6a32c2027 req-95378277-480e-4067-b873-a6b6a32c2027 ] Request (FloatingIPsAssociationNegativeTestJSON:setUpClass): 200 GET http://10.180.1.21/compute/v2.1/servers/04dcf87e-ecc6-448b-b167-90f89535c268 0.287s
2025-04-03 18:05:42.024 70099 INFO tempest.lib.common.rest_client [req-141c63e0-c5eb-4b2f-9da7-ed3c1d96cbd5 req-141c63e0-c5eb-4b2f-9da7-ed3c1d96cbd5 ] Request (ServersAdminTestJSON:setUpClass): 200 GET http://10.180.1.21/compute/v2.1/servers/5e8ce78c-53ea-44fb-9a08-b33471eb8c32 0.282s
2025-04-03 18:05:42.075 70067 INFO tempest.lib.common.rest_client [req-8290153e-126e-483c-8ef1-f31b535b8b18 req-8290153e-126e-483c-8ef1-f31b535b8b18 ] Request (ServersAdmin275Test:test_rebuild_update_server_275): 200 GET http://10.180.1.21/compute/v2.1/servers/6b40bd9e-5036-4b89-8eb3-dcf4fcbad807 0.287s
2025-04-03 18:05:42.077 70079 INFO tempest.lib.common.rest_client [req-a05ffb55-2919-4020-8fc9-c9ab4bb64305 req-a05ffb55-2919-4020-8fc9-c9ab4bb64305 ] Request (ServerTagsTestJSON:setUpClass): 200 GET http://10.180.1.21/compute/v2.1/servers/8c5c3c21-9882-4b8b-97c8-ffbff54d6217 0.240s
2025-04-03 18:05:42.113 70087 INFO tempest.lib.common.rest_client [req-c296dcec-3097-4166-9b6d-ebf0ef6a35bf req-c296dcec-3097-4166-9b6d-ebf0ef6a35bf ] Request (ImagesNegativeTestJSON:tearDownClass): 204 DELETE http://10.180.1.21/identity/v3/projects/7c32a287a0a840b5a416ca0d3641df7e 0.131s
2025-04-03 18:05:42.129 70073 INFO tempest.lib.common.rest_client [req-d0ca2e06-e238-4638-8be7-e9241a748157 req-d0ca2e06-e238-4638-8be7-e9241a748157 ] Request (AttachInterfacesUnderV243Test:test_add_remove_fixed_ip): 200 GET http://10.180.1.21/compute/v2.1/servers/f1233fff-fc73-459f-b232-19c5fea2d879 0.096s
