2025-04-03 02:08:10.947 69335 INFO tempest.lib.common.rest_client [req-5dbe5119-bdc7-4c1a-8bfd-90967bcaccc7 req-5dbe5119-bdc7-4c1a-8bfd-90967bcaccc7 ] Request (FloatingIPsAssociationTestJSON:tearDownClass): 200 GET http://10.180.1.21/compute/v2.1/servers/5e566369-7f7f-4996-a001-a624344f0aeb 0.336s
2025-04-03 02:08:10.949 69331 INFO tempest.lib.common.rest_client [req-71dae9c7-76ba-48fd-b797-64f4823524b5 req-71dae9c7-76ba-48fd-b797-64f4823524b5 ] Request (ServerActionsTestOtherB:setUpClass): 200 GET http://10.180.1.21/compute/v2.1/servers/50f4c6c7-b396-4190-90e9-736a7d9a73cf 0.322s
2025-04-03 02:08:10.967 69333 INFO tempest.lib.common.rest_client [req-e0357aea-dfc4-455a-a04d-fb21908a8632 req-e0357aea-dfc4-455a-a04d-fb21908a8632 ] Request (SecurityGroupsTestJSON:test_security_group_create_get_delete): 404 GET http://10.180.1.21/compute/v2.1/os-security-groups/dde75e98-ba31-4f08-8c0e-e6c0b75483d9 0.300s
2025-04-03 02:08:10.987 69321 INFO tempest.lib.common.rest_client [req-f3acc496-15a0-41f9-b791-9a8997cb11b4 req-f3acc496-15a0-41f9-b791-9a8997cb11b4 ] Request (ServersAdminNegativeTestJSON:tearDownClass): 404 GET http://10.180.1.21/compute/v2.1/servers/cae92c82-6fa0-485e-a58b-6eba91567a78 0.252s
2025-04-03 02:08:11.002 69315 INFO tempest.lib.common.rest_client [req-a6ca82c5-d884-4173-9d8e-1adbec405ba4 req-a6ca82c5-d884-4173-9d8e-1adbec405ba4 ] Request (ImagesTestJSON:test_create_image_from_stopped_server): 200 GET http://10.180.1.21/compute/v2.1/servers/da7f2d7c-c7d4-41ce-b9f9-69f6159a6b15 0.338s
2025-04-03 02:08:11.043 69317 INFO tempest.lib.common.rest_client [req-ce7e3db8-77f5-47f6-969f-2b6c0b8e6683 req-ce7e3db8-77f5-47f6-969f-2b6c0b8e6683 ] Request (ListImageFiltersTestJSON:setUpClass): 200 GET http://10.180.1.21/compute/v2.1/images/cd77f3de-b49a-4908-bdcc-8f91ea973a37 0.153s
2025-04-03 02:08:11.111 69321 INFO tempest.lib.common.rest_client [req-5218c273-a44d-4d1b-9d51-3cc83563226d req-5218c273-a44d-4d1b-9d51-3cc83563226d ] Request (ServersAdminNegativeTestJSON:tearDownClass): 204 DELETE http://10.180.1.21/identity/v3/users/84156bdc02b9437195f2bee20b34a44e 0.123s
2025-04-03 02:08:11.145 69339 INFO tempest.lib.common.rest_client [req-2663cc6e-0de9-4799-961e-d6f7921ea492 req-2663cc6e-0de9-4799-961e-d6f7921ea492 ] Request (VolumesAdminNegativeTest:test_update_attached_volume_with_nonexistent_volume_in_body): 200 GET http://10.180.1.21/compute/v2.1/servers/462c1bd7-8c6a-45f4-a711-7c66d4457532 0.310s
2025-04-03 02:08:11.149 69359 INFO tempest.lib.common.rest_client [req-793c4dce-4494-4119-b528-15205d44a046 req-793c4dce-4494-4119-b528-15205d44a046 ] Request (ListServerFiltersTestJSON:test_list_servers_filtered_by_ip_regex): 200 GET http://10.180.1.21/compute/v2.1/servers/7853e14e-a176-4efe-8d57-cf5301f7cfc5 0.248s
2025-04-03 02:08:11.217 69321 INFO tempest.lib.common.rest_client [req-b14274f7-08f2-4350-b612-b9cc9a75870e req-b14274f7-08f2-4350-b612-b9cc9a75870e ] Request (ServersAdminNegativeTestJSON:tearDownClass): 204 DELETE http://10.180.1.21/identity/v3/users/5d08721cd10f4d9991db4ca6f59afd4d 0.105s
2025-04-03 02:08:11.217 69321 INFO tempest.lib.common.dynamic_creds [-] Deleting project and security group for project: 2d30d50bf167469abcb1b59726a3f21b
2025-04-03 02:08:11.255 69333 INFO tempest.lib.common.rest_client [req-201396bc-4b70-4f62-ad8e-eacb692ca1f2 req-201396bc-4b70-4f62-ad8e-eacb692ca1f2 ] Request (SecurityGroupsTestJSON:test_security_groups_create_list_delete): 200 POST http://10.180.1.21/compute/v2.1/os-security-groups 0.286s
2025-04-03 02:08:11.265 69311 INFO tempest.lib.common.rest_client [req-75e248ae-fc50-432e-9e53-e0454bba049f req-75e248ae-fc50-432e-9e53-e0454bba049f ] Request (MigrationsAdminTest:test_list_migrations_in_flavor_resize_situation): 200 GET http://10.180.1.21/compute/v2.1/servers/22dc8f1f-38c6-4323-bbc6-242c547c2483 0.322s
2025-04-03 02:08:11.274 69321 INFO tempest.lib.common.rest_client [req-4275e63b-2a02-44d1-a4ac-e0ad3ebd9dc8 req-4275e63b-2a02-44d1-a4ac-e0ad3ebd9dc8 ] Request (ServersAdminNegativeTestJSON:tearDownClass): 201 POST http://10.180.1.21/identity/v3/auth/tokens 0.056s
2025-04-03 02:08:11.282 69317 INFO tempest.lib.common.rest_client [req-f9d3987c-9f17-47cd-82e3-856921898756 req-f9d3987c-9f17-47cd-82e3-856921898756 ] Request (ListImageFiltersTestJSON:setUpClass): 200 GET http://10.180.1.21/compute/v2.1/images/cd77f3de-b49a-4908-bdcc-8f91ea973a37 0.235s
2025-04-03 02:08:11.367 69321 INFO tempest.lib.common.rest_client [req-ce9dcf4c-786a-49af-85a6-0d4a45c160f6 req-ce9dcf4c-786a-49af-85a6-0d4a45c160f6 ] Request (ServersAdminNegativeTestJSON:tearDownClass): 200 GET http://10.180.1.21:9696/networking/v2.0/security-groups?tenant_id=2d30d50bf167469abcb1b59726a3f21b&name=default 0.092s
2025-04-03 02:08:11.371 69351 INFO tempest.lib.common.rest_client [req-ecd72e83-942b-42c7-8b65-4a12fa78dcb6 req-ecd72e83-942b-42c7-8b65-4a12fa78dcb6 ] Request (ServersTestJSON:test_create_server_specify_multibyte_character_name): 200 GET http://10.180.1.21/compute/v2.1/servers/48bf3385-cbd6-4d6d-9fb0-e939c79b512c 0.264s
2025-04-03 02:08:11.400 69359 INFO tempest.lib.common.rest_client [req-1b425dfe-61c9-4177-b53b-115e033ebe6d req-1b425dfe-61c9-4177-b53b-115e033ebe6d ] Request (ListServerFiltersTestJSON:test_list_servers_filtered_by_ip_regex): 200 GET http://10.180.1.21/compute/v2.1/servers/c1365559-8256-49d5-93c0-14cda0baa0f7 0.242s
2025-04-03 02:08:11.450 69343 INFO tempest.lib.common.rest_client [req-87106c3c-792b-44ff-9b7f-2e4e96705e81 req-87106c3c-792b-44ff-9b7f-2e4e96705e81 ] Request (ListServersNegativeTestJSON:tearDownClass): 200 GET http://10.180.1.21/compute/v2.1/servers/fabce3d0-a8db-4532-83c3-c982aec14981 0.224s
2025-04-03 02:08:11.500 69321 INFO tempest.lib.common.rest_client [req-5f47f086-d6ae-4d54-8261-c8990a2de073 req-5f47f086-d6ae-4d54-8261-c8990a2de073 ] Request (ServersAdminNegativeTestJSON:tearDownClass): 204 DELETE http://10.180.1.21:9696/networking/v2.0/security-groups/57959165-ea0e-42a2-8e92-855c79b57c69 0.133s
2025-04-03 02:08:11.510 69309 INFO tempest.lib.common.rest_client [req-fa094719-89dc-44e5-bdf4-1916644c21c0 req-fa094719-89dc-44e5-bdf4-1916644c21c0 ] Request (DeleteServersTestJSON:test_delete_server_while_in_attached_volume): 200 GET http://10.180.1.21/compute/v2.1/servers/843e0a0e-f80d-4923-a134-b74f697676bd 0.234s
2025-04-03 02:08:11.543 69333 INFO tempest.lib.common.rest_client [req-a2c47f5a-e78b-4988-927c-d3ed75c6740d req-a2c47f5a-e78b-4988-927c-d3ed75c6740d ] Request (SecurityGroupsTestJSON:test_security_groups_create_list_delete): 200 POST http://10.180.1.21/compute/v2.1/os-security-groups 0.285s
2025-04-03 02:08:11.577 69367 INFO tempest.lib.common.rest_client [req-b95f4573-920c-4e3d-a702-0dbfa430cab2 req-b95f4573-920c-4e3d-a702-0dbfa430cab2 ] Request (AttachInterfacesUnderV243Test:test_add_remove_fixed_ip): 200 GET http://10.180.1.21/compute/v2.1/servers/9c287ac3-25c6-48bc-adf0-c1002eab1595 0.248s
2025-04-03 02:08:11.580 69321 INFO tempest.lib.common.rest_client [req-c0543e4a-f400-4e58-9c96-8ef5cefcb9ba req-c0543e4a-f400-4e58-9c96-8ef5cefcb9ba ] Request (ServersAdminNegativeTestJSON:tearDownClass): 204 DELETE http://10.180.1.21/identity/v3/projects/2d30d50bf167469abcb1b59726a3f21b 0.079s
2025-04-03 02:08:11.580 69321 INFO tempest.lib.common.dynamic_creds [-] Deleting project and security group for project: 108b68f3e86f428cbabeb826cde5bf03
2025-04-03 02:08:11.601 69365 INFO tempest.lib.common.rest_client [req-9779c52c-2097-45a5-9c06-9f4891ac0c06 req-9779c52c-2097-45a5-9c06-9f4891ac0c06 ] Request (ServerDiskConfigTestJSON:test_resize_server_from_auto_to_manual): 200 GET http://10.180.1.21/compute/v2.1/servers/4e5c6360-bedf-41fb-99c6-24a25a0fb480 0.215s
2025-04-03 02:08:11.631 69321 INFO tempest.lib.common.rest_client [req-5eaa9527-84b2-4870-bc43-be80aad0acca req-5eaa9527-84b2-4870-bc43-be80aad0acca ] Request (ServersAdminNegativeTestJSON:tearDownClass): 200 GET http://10.180.1.21:9696/networking/v2.0/security-groups?tenant_id=108b68f3e86f428cbabeb826cde5bf03&name=default 0.050s
2025-04-03 02:08:11.645 69317 INFO tempest.lib.common.rest_client [req-3e47b221-cdb2-41b8-848c-07cde4abf116 req-3e47b221-cdb2-41b8-848c-07cde4abf116 ] Request (ListImageFiltersTestJSON:setUpClass): 201 POST http://10.180.1.21/image/v2/images 0.359s
2025-04-03 02:08:11.658 69323 INFO tempest.lib.common.rest_client [req-6f6f1fd6-1272-4ed7-8eda-a99795b312ec req-6f6f1fd6-1272-4ed7-8eda-a99795b312ec ] Request (ServerGroupTestJSON:test_create_server_with_scheduler_hint_group): 200 GET http://10.180.1.21/compute/v2.1/servers/b7563cb3-9bec-4c56-ac6a-99a7e69060ec 0.199s
2025-04-03 02:08:11.773 69313 WARNING tempest.lib.common.ssh [-] Failed to establish authenticated ssh connection to cirros@10.180.180.193 ([Errno None] Unable to connect to port 22 on 10.180.180.193). Number attempts: 11. Retry after 12 seconds.: paramiko.ssh_exception.NoValidConnectionsError: [Errno None] Unable to connect to port 22 on 10.180.180.193
2025-04-03 02:08:11.779 69333 INFO tempest.lib.common.rest_client [req-f451f463-44d6-4665-baef-9853bcdd6a82 req-f451f463-44d6-4665-baef-9853bcdd6a82 ] Request (SecurityGroupsTestJSON:test_security_groups_create_list_delete): 200 POST http://10.180.1.21/compute/v2.1/os-security-groups 0.233s
2025-04-03 02:08:11.818 69321 INFO tempest.lib.common.rest_client [req-e7d1d10c-ce84-49dc-a02e-8ae89a26af89 req-e7d1d10c-ce84-49dc-a02e-8ae89a26af89 ] Request (ServersAdminNegativeTestJSON:tearDownClass): 204 DELETE http://10.180.1.21:9696/networking/v2.0/security-groups/271ec977-d57e-49bb-9c54-1ac78ecfd24e 0.187s
2025-04-03 02:08:11.841 69359 INFO tempest.lib.common.rest_client [req-ed0e1e41-5e35-4711-ae51-f828a0c03aa8 req-ed0e1e41-5e35-4711-ae51-f828a0c03aa8 ] Request (ListServerFiltersTestJSON:test_list_servers_filtered_by_ip_regex): 200 GET http://10.180.1.21/compute/v2.1/servers/71983be4-aa86-4eaa-8221-9f97a385a68f 0.434s
2025-04-03 02:08:11.860 69361 INFO tempest.lib.common.rest_client [req-8419f586-15e6-4240-b403-ea1f3ffcdc31 req-8419f586-15e6-4240-b403-ea1f3ffcdc31 ] Request (ServersListShow2100Test:tearDownClass): 200 GET http://10.180.1.21/compute/v2.1/servers/5f49c4d1-eb3a-4ae2-9618-75939aba359c 0.222s
2025-04-03 02:08:11.898 69345 INFO tempest.lib.common.rest_client [req-dfcd98e2-7569-430a-8cd3-2382979a6861 req-dfcd98e2-7569-430a-8cd3-2382979a6861 ] Request (ServerMetadataTestJSON:setUpClass): 200 GET http://10.180.1.21/compute/v2.1/servers/8048abd6-1f93-45c0-8ab0-299d67e3f5d0 0.207s
2025-04-03 02:08:11.902 69327 WARNING tempest.lib.common.ssh [-] Failed to establish authenticated ssh connection to cirros@10.180.180.166 ([Errno None] Unable to connect to port 22 on 10.180.180.166). Number attempts: 2. Retry after 3 seconds.: paramiko.ssh_exception.NoValidConnectionsError: [Errno None] Unable to connect to port 22 on 10.180.180.166
2025-04-03 02:08:11.920 69355 INFO tempest.lib.common.rest_client [req-291c484b-114b-4f6b-be2b-d35f0edfae82 req-291c484b-114b-4f6b-be2b-d35f0edfae82 ] Request (ServersAdminTestJSON:test_create_server_with_scheduling_hint): 200 GET http://10.180.1.21/compute/v2.1/servers/6d98b0bd-5c38-48db-8e34-6461537e6fcb 0.187s
2025-04-03 02:08:11.946 69369 INFO tempest.lib.common.rest_client [req-5489bc14-6cc5-44ce-bd8c-174c1d75c4cc req-5489bc14-6cc5-44ce-bd8c-174c1d75c4cc ] Request (ServersNegativeTestMultiTenantJSON:setUpClass): 200 GET http://10.180.1.21/compute/v2.1/servers/ff75765d-ebf0-4bbe-82d0-c302d46ba3a1 0.204s
2025-04-03 02:08:11.953 69321 INFO tempest.lib.common.rest_client [req-c85804ef-0f9f-4841-b737-9fa1f36aaca9 req-c85804ef-0f9f-4841-b737-9fa1f36aaca9 ] Request (ServersAdminNegativeTestJSON:tearDownClass): 204 DELETE http://10.180.1.21/identity/v3/projects/108b68f3e86f428cbabeb826cde5bf03 0.135s
2025-04-03 02:08:12.007 69319 INFO tempest.lib.common.rest_client [req-aa0bc052-78ff-4312-884e-891f4ed952a1 req-aa0bc052-78ff-4312-884e-891f4ed952a1 ] Request (InstanceActionsNegativeTestJSON:tearDownClass): 200 GET http://10.180.1.21/compute/v2.1/servers/53c10b9e-713a-4341-ae1a-d37f0ae84ec1 0.169s
2025-04-03 02:08:12.015 69321 INFO tempest.lib.common.rest_client [req-f382188b-5151-455a-b172-144bbbacf22c req-f382188b-5151-455a-b172-144bbbacf22c ] Request (SecurityGroupsNegativeTestJSON:setUpClass): 201 POST http://10.180.1.21/identity/v3/auth/tokens 0.060s
2025-04-03 02:08:12.024 69333 INFO tempest.lib.common.rest_client [req-46b91605-a617-478b-aae1-fd241954acf7 req-46b91605-a617-478b-aae1-fd241954acf7 ] Request (SecurityGroupsTestJSON:test_security_groups_create_list_delete): 200 GET http://10.180.1.21/compute/v2.1/os-security-groups 0.242s
2025-04-03 02:08:12.044 69321 INFO tempest.lib.common.rest_client [req-041ec95e-91b1-4b15-8d53-f828b040bffa req-041ec95e-91b1-4b15-8d53-f828b040bffa ] Request (SecurityGroupsNegativeTestJSON:setUpClass): 201 POST http://10.180.1.21/identity/v3/auth/tokens 0.026s
2025-04-03 02:08:12.067 69321 INFO tempest.lib.common.rest_client [req-a9249283-1518-4d65-8ab1-96855359c47e req-a9249283-1518-4d65-8ab1-96855359c47e ] Request (SecurityGroupsNegativeTestJSON:setUpClass): 200 GET http://10.180.1.21/identity/v3/domains?name=Default 0.022s
2025-04-03 02:08:12.070 69307 INFO tempest.lib.common.rest_client [req-1039c4e3-a780-4501-acbf-277460455e91 req-1039c4e3-a780-4501-acbf-277460455e91 ] Request (ImagesNegativeTestJSON:test_create_image_from_deleted_server): 200 GET http://10.180.1.21/compute/v2.1/servers/1a74ae05-6c24-4d12-b773-e404059d53de 0.186s
2025-04-03 02:08:12.093 69321 INFO tempest.lib.common.rest_client [req-1b1a7d2f-8aca-459f-8d3a-61a97a910abc req-1b1a7d2f-8aca-459f-8d3a-61a97a910abc ] Request (SecurityGroupsNegativeTestJSON:setUpClass): 201 POST http://10.180.1.21/identity/v3/projects 0.026s
2025-04-03 02:08:12.122 69335 INFO tempest.lib.common.rest_client [req-13310db6-4804-4da4-9e4b-281a9b852665 req-13310db6-4804-4da4-9e4b-281a9b852665 ] Request (FloatingIPsAssociationTestJSON:tearDownClass): 200 GET http://10.180.1.21/compute/v2.1/servers/5e566369-7f7f-4996-a001-a624344f0aeb 0.167s
2025-04-03 02:08:12.144 69321 INFO tempest.lib.common.rest_client [req-87e75c26-e6cb-42f5-b6f6-380e3c178c1f req-87e75c26-e6cb-42f5-b6f6-380e3c178c1f ] Request (SecurityGroupsNegativeTestJSON:setUpClass): 201 POST http://10.180.1.21/identity/v3/users 0.050s
2025-04-03 02:08:12.147 69359 INFO tempest.lib.common.rest_client [req-a00c9fde-a28a-445a-92d0-5303a6ca3f9e req-a00c9fde-a28a-445a-92d0-5303a6ca3f9e ] Request (ListServerFiltersTestJSON:test_list_servers_filtered_by_ip_regex): 200 GET http://10.180.1.21/compute/v2.1/servers/detail 0.297s
2025-04-03 02:08:12.165 69321 INFO tempest.lib.common.rest_client [req-287d4a7c-636b-48fd-ae08-483edddb3cbf req-287d4a7c-636b-48fd-ae08-483edddb3cbf ] Request (SecurityGroupsNegativeTestJSON:setUpClass): 200 GET http://10.180.1.21/identity/v3/roles 0.020s
2025-04-03 02:08:12.166 69331 INFO tempest.lib.common.rest_client [req-179bbb76-498a-45b9-a3ad-2a0b19d36185 req-179bbb76-498a-45b9-a3ad-2a0b19d36185 ] Request (ServerActionsTestOtherB:setUpClass): 200 GET http://10.180.1.21/compute/v2.1/servers/50f4c6c7-b396-4190-90e9-736a7d9a73cf 0.210s
2025-04-03 02:08:12.193 69321 INFO tempest.lib.common.rest_client [req-14598f60-2ca3-43b9-8ded-dd0f934bb41b req-14598f60-2ca3-43b9-8ded-dd0f934bb41b ] Request (SecurityGroupsNegativeTestJSON:setUpClass): 204 PUT http://10.180.1.21/identity/v3/projects/3f3b1dd0d8ba4ef6a70521df59c9a45d/users/9a1d0aef72004ff99f108d710517872a/roles/97f778e32c014aff9c0194ab782da9a2 0.027s
2025-04-03 02:08:12.193 69321 INFO tempest.lib.common.dynamic_creds [-] Dynamic test user 9a1d0aef72004ff99f108d710517872a is created with scope project and roles: ['member']
2025-04-03 02:08:12.193 69321 INFO tempest.lib.common.dynamic_creds [-] Acquired dynamic creds: credentials: Credentials: {'domain_id': 'default', 'domain_name': 'Default', 'username': 'tempest-SecurityGroupsNegativeTestJSON-126994974-project-member', 'project_domain_id': 'default', 'project_domain_name': 'Default', 'project_id': '3f3b1dd0d8ba4ef6a70521df59c9a45d', 'project_name': 'tempest-SecurityGroupsNegativeTestJSON-126994974', 'tenant_id': '3f3b1dd0d8ba4ef6a70521df59c9a45d', 'tenant_name': 'tempest-SecurityGroupsNegativeTestJSON-126994974', 'user_domain_id': 'default', 'user_domain_name': 'Default', 'user_id': '9a1d0aef72004ff99f108d710517872a', 'system': None}, Network: None, Subnet: None, Router: None
2025-04-03 02:08:12.195 69315 INFO tempest.lib.common.rest_client [req-49ac3a13-1953-48ff-b74a-742dffc6737c req-49ac3a13-1953-48ff-b74a-742dffc6737c ] Request (ImagesTestJSON:test_create_image_from_stopped_server): 200 GET http://10.180.1.21/compute/v2.1/servers/da7f2d7c-c7d4-41ce-b9f9-69f6159a6b15 0.185s
2025-04-03 02:08:12.247 69321 INFO tempest.lib.common.rest_client [req-74919c0c-5f45-4adf-a1ff-b61893eb1311 req-74919c0c-5f45-4adf-a1ff-b61893eb1311 ] Request (SecurityGroupsNegativeTestJSON:setUpClass): 201 POST http://10.180.1.21/identity/v3/auth/tokens 0.053s
2025-04-03 02:08:12.248 69333 INFO tempest.lib.common.rest_client [req-7db40c3a-5739-4e2c-8956-b701358c013f req-7db40c3a-5739-4e2c-8956-b701358c013f ] Request (SecurityGroupsTestJSON:test_security_groups_create_list_delete): 202 DELETE http://10.180.1.21/compute/v2.1/os-security-groups/381a0b8f-b074-4560-9e35-8c465ea11ad9 0.222s
2025-04-03 02:08:12.280 69339 INFO tempest.lib.common.rest_client [req-1d01464d-bf34-49da-bce7-851d84055589 req-1d01464d-bf34-49da-bce7-851d84055589 ] Request (VolumesAdminNegativeTest:test_update_attached_volume_with_nonexistent_volume_in_body): 200 GET http://10.180.1.21/compute/v2.1/servers/462c1bd7-8c6a-45f4-a711-7c66d4457532 0.126s
2025-04-03 02:08:12.287 69339 INFO tempest.common.waiters [-] State transition "BUILD/spawning" ==> "ACTIVE/None" after 78 second wait
2025-04-03 02:08:12.296 69333 INFO tempest.lib.common.rest_client [req-7e4a9b27-283c-434e-ab0a-8135e279812e req-7e4a9b27-283c-434e-ab0a-8135e279812e ] Request (SecurityGroupsTestJSON:test_security_groups_create_list_delete): 404 GET http://10.180.1.21/compute/v2.1/os-security-groups/381a0b8f-b074-4560-9e35-8c465ea11ad9 0.047s
2025-04-03 02:08:12.326 69359 INFO tempest.lib.common.rest_client [req-693d2964-55dd-4d93-9bb0-8c7ab1cf9a48 req-693d2964-55dd-4d93-9bb0-8c7ab1cf9a48 ] Request (ListServerFiltersTestJSON:test_list_servers_filtered_by_ip_regex): 200 GET http://10.180.1.21/compute/v2.1/servers?ip=192.168.128. 0.169s
2025-04-03 02:08:12.377 69339 INFO tempest.lib.common.rest_client [req-dd29947e-d2f4-40d6-b01f-0d5784be1963 req-dd29947e-d2f4-40d6-b01f-0d5784be1963 ] Request (VolumesAdminNegativeTest:test_update_attached_volume_with_nonexistent_volume_in_body): 200 GET http://10.180.1.21/compute/v2.1/servers/462c1bd7-8c6a-45f4-a711-7c66d4457532/os-interface 0.090s
2025-04-03 02:08:12.409 69311 INFO tempest.lib.common.rest_client [req-7a207d0c-ad20-4159-add8-ce97cbb543bd req-7a207d0c-ad20-4159-add8-ce97cbb543bd ] Request (MigrationsAdminTest:test_list_migrations_in_flavor_resize_situation): 200 GET http://10.180.1.21/compute/v2.1/servers/22dc8f1f-38c6-4323-bbc6-242c547c2483 0.135s
2025-04-03 02:08:12.488 69359 INFO tempest.lib.common.rest_client [req-cd212349-0147-4abd-9443-0031a6bba388 req-cd212349-0147-4abd-9443-0031a6bba388 ] Request (ListServerFiltersTestJSON:test_list_servers_filtered_by_name_regex): 200 GET http://10.180.1.21/compute/v2.1/servers?name=%5E.%2A%5C-instance%5C-%5B0-9%5D%2B%24 0.158s
2025-04-03 02:08:12.501 69321 INFO tempest.lib.common.rest_client [req-1cb5f15d-f09e-4e8c-b463-dafdf3398bdb req-1cb5f15d-f09e-4e8c-b463-dafdf3398bdb ] Request (SecurityGroupsNegativeTestJSON:setUpClass): 201 POST http://10.180.1.21:9696/networking/v2.0/networks 0.253s
2025-04-03 02:08:12.551 69333 INFO tempest.lib.common.rest_client [req-7ed17253-c462-4595-a2c4-56ae5c24d135 req-7ed17253-c462-4595-a2c4-56ae5c24d135 ] Request (SecurityGroupsTestJSON:test_security_groups_create_list_delete): 202 DELETE http://10.180.1.21/compute/v2.1/os-security-groups/b6afd87a-a000-4eda-9ec8-9a15f86760ea 0.255s
2025-04-03 02:08:12.629 69343 INFO tempest.lib.common.rest_client [req-51a8566c-5048-4305-9635-e2df0ac27f64 req-51a8566c-5048-4305-9635-e2df0ac27f64 ] Request (ListServersNegativeTestJSON:tearDownClass): 200 GET http://10.180.1.21/compute/v2.1/servers/fabce3d0-a8db-4532-83c3-c982aec14981 0.164s
2025-04-03 02:08:12.630 69351 INFO tempest.lib.common.rest_client [req-6b46e568-945f-48d9-a39e-d4bd8791a0ec req-6b46e568-945f-48d9-a39e-d4bd8791a0ec ] Request (ServersTestJSON:test_create_server_specify_multibyte_character_name): 200 GET http://10.180.1.21/compute/v2.1/servers/48bf3385-cbd6-4d6d-9fb0-e939c79b512c 0.252s
2025-04-03 02:08:12.691 69309 INFO tempest.lib.common.rest_client [req-26bb30ab-897b-46a5-b156-3d9ce156fc8c req-26bb30ab-897b-46a5-b156-3d9ce156fc8c ] Request (DeleteServersTestJSON:test_delete_server_while_in_attached_volume): 200 GET http://10.180.1.21/compute/v2.1/servers/843e0a0e-f80d-4923-a134-b74f697676bd 0.173s
2025-04-03 02:08:12.691 69359 INFO tempest.lib.common.rest_client [req-128391b6-1586-4490-8417-1e5c9eb808fc req-128391b6-1586-4490-8417-1e5c9eb808fc ] Request (ListServerFiltersTestJSON:test_list_servers_filtered_by_name_regex): 200 GET http://10.180.1.21/compute/v2.1/servers?name=%5E.%2A%5C-instance%5C-.%2A%24 0.201s
2025-04-03 02:08:12.716 69333 INFO tempest.lib.common.rest_client [req-b9f01287-5068-411d-a76c-78d5d0bd6fca req-b9f01287-5068-411d-a76c-78d5d0bd6fca ] Request (SecurityGroupsTestJSON:test_security_groups_create_list_delete): 404 GET http://10.180.1.21/compute/v2.1/os-security-groups/b6afd87a-a000-4eda-9ec8-9a15f86760ea 0.164s
2025-04-03 02:08:12.744 69367 INFO tempest.lib.common.rest_client [req-01a9c91e-deb0-475c-aecf-9cbed5ca5bd5 req-01a9c91e-deb0-475c-aecf-9cbed5ca5bd5 ] Request (AttachInterfacesUnderV243Test:test_add_remove_fixed_ip): 200 GET http://10.180.1.21/compute/v2.1/servers/9c287ac3-25c6-48bc-adf0-c1002eab1595 0.154s
2025-04-03 02:08:12.754 69321 INFO tempest.lib.common.rest_client [req-2b267a20-1cca-4c1f-998f-7b55146840f9 req-2b267a20-1cca-4c1f-998f-7b55146840f9 ] Request (SecurityGroupsNegativeTestJSON:setUpClass): 201 POST http://10.180.1.21:9696/networking/v2.0/subnets 0.253s
2025-04-03 02:08:12.772 69365 INFO tempest.lib.common.rest_client [req-1b15b463-e066-4101-a10f-348dc4a14527 req-1b15b463-e066-4101-a10f-348dc4a14527 ] Request (ServerDiskConfigTestJSON:test_resize_server_from_auto_to_manual): 200 GET http://10.180.1.21/compute/v2.1/servers/4e5c6360-bedf-41fb-99c6-24a25a0fb480 0.158s
2025-04-03 02:08:12.781 69365 INFO tempest.common.waiters [-] State transition "BUILD/scheduling" ==> "BUILD/None" after 21 second wait
2025-04-03 02:08:12.797 69323 INFO tempest.lib.common.rest_client [req-8237edbc-78c1-488d-9736-0752057b6f18 req-8237edbc-78c1-488d-9736-0752057b6f18 ] Request (ServerGroupTestJSON:test_create_server_with_scheduler_hint_group): 200 GET http://10.180.1.21/compute/v2.1/servers/b7563cb3-9bec-4c56-ac6a-99a7e69060ec 0.130s
2025-04-03 02:08:12.817 69359 INFO tempest.lib.common.rest_client [req-df29b26c-d7ea-425a-ae81-64622a3f7eb0 req-df29b26c-d7ea-425a-ae81-64622a3f7eb0 ] Request (ListServerFiltersTestJSON:test_list_servers_filtered_by_name_regex): 200 GET http://10.180.1.21/compute/v2.1/servers?name=-296196412 0.123s
2025-04-03 02:08:12.867 69359 INFO tempest.lib.common.rest_client [req-69bf6c4d-287b-40e2-9269-72d60e5443d7 req-69bf6c4d-287b-40e2-9269-72d60e5443d7 ] Request (ListServerFiltersTestJSON:test_list_servers_filtered_by_name_wildcard): 200 GET http://10.180.1.21/compute/v2.1/servers?name=-instance 0.047s
2025-04-03 02:08:12.918 69359 INFO tempest.lib.common.rest_client [req-154fb775-cefb-411b-af7b-720728b34bad req-154fb775-cefb-411b-af7b-720728b34bad ] Request (ListServerFiltersTestJSON:test_list_servers_filtered_by_name_wildcard): 200 GET http://10.180.1.21/compute/v2.1/servers?name=t-ListServerFiltersTestJSON-instance-29619641 0.049s
2025-04-03 02:08:12.955 69333 INFO tempest.lib.common.rest_client [req-a47697ad-db8c-4416-adb0-53ba0c368479 req-a47697ad-db8c-4416-adb0-53ba0c368479 ] Request (SecurityGroupsTestJSON:test_security_groups_create_list_delete): 202 DELETE http://10.180.1.21/compute/v2.1/os-security-groups/4de32a39-bf53-40f2-84d9-38a230548d98 0.238s
2025-04-03 02:08:13.005 69339 INFO tempest.lib.common.rest_client [req-b7ac8fe6-fbda-4a6d-8416-9ebece7a641e req-b7ac8fe6-fbda-4a6d-8416-9ebece7a641e ] Request (VolumesAdminNegativeTest:test_update_attached_volume_with_nonexistent_volume_in_body): 200 PUT http://10.180.1.21:9696/networking/v2.0/floatingips/b590885e-10fa-4d26-ba15-38cd42b7b386 0.626s
2025-04-03 02:08:13.007 69339 INFO tempest.lib.common.ssh [-] Creating ssh connection to '10.180.180.184:22' as 'cirros' with public key authentication
2025-04-03 02:08:13.009 69361 INFO tempest.lib.common.rest_client [req-4e6009d9-16dc-4023-b0cb-5aa876318800 req-4e6009d9-16dc-4023-b0cb-5aa876318800 ] Request (ServersListShow2100Test:tearDownClass): 200 GET http://10.180.1.21/compute/v2.1/servers/5f49c4d1-eb3a-4ae2-9618-75939aba359c 0.132s
2025-04-03 02:08:13.033 69345 INFO tempest.lib.common.rest_client [req-d5e6bb18-86e4-4fd8-860e-45ee2d31ba8d req-d5e6bb18-86e4-4fd8-860e-45ee2d31ba8d ] Request (ServerMetadataTestJSON:setUpClass): 200 GET http://10.180.1.21/compute/v2.1/servers/8048abd6-1f93-45c0-8ab0-299d67e3f5d0 0.127s
2025-04-03 02:08:13.090 69355 INFO tempest.lib.common.rest_client [req-0fd82924-8a9e-4852-988d-cfa6cd697f3f req-0fd82924-8a9e-4852-988d-cfa6cd697f3f ] Request (ServersAdminTestJSON:test_create_server_with_scheduling_hint): 200 GET http://10.180.1.21/compute/v2.1/servers/6d98b0bd-5c38-48db-8e34-6461537e6fcb 0.152s
2025-04-03 02:08:13.090 69359 INFO tempest.lib.common.rest_client [req-414ec719-5ca7-4f2c-abc3-c2de9ab88ba1 req-414ec719-5ca7-4f2c-abc3-c2de9ab88ba1 ] Request (ListServerFiltersTestJSON:tearDownClass): 204 DELETE http://10.180.1.21/compute/v2.1/servers/71983be4-aa86-4eaa-8221-9f97a385a68f 0.166s
2025-04-03 02:08:13.120 69333 INFO tempest.lib.common.rest_client [req-b058b2aa-a59d-4281-b927-2bffc4053f9a req-b058b2aa-a59d-4281-b927-2bffc4053f9a ] Request (SecurityGroupsTestJSON:test_security_groups_create_list_delete): 404 GET http://10.180.1.21/compute/v2.1/os-security-groups/4de32a39-bf53-40f2-84d9-38a230548d98 0.165s
2025-04-03 02:08:13.171 69369 INFO tempest.lib.common.rest_client [req-6953b255-f5ae-4f1b-b728-0767c9c652d3 req-6953b255-f5ae-4f1b-b728-0767c9c652d3 ] Request (ServersNegativeTestMultiTenantJSON:setUpClass): 200 GET http://10.180.1.21/compute/v2.1/servers/ff75765d-ebf0-4bbe-82d0-c302d46ba3a1 0.216s
2025-04-03 02:08:13.214 69319 INFO tempest.lib.common.rest_client [req-d14875fe-85e1-4d53-8f35-e0cfe1a0b5db req-d14875fe-85e1-4d53-8f35-e0cfe1a0b5db ] Request (InstanceActionsNegativeTestJSON:tearDownClass): 200 GET http://10.180.1.21/compute/v2.1/servers/53c10b9e-713a-4341-ae1a-d37f0ae84ec1 0.199s
2025-04-03 02:08:13.240 69307 INFO tempest.lib.common.rest_client [req-62ff3637-4635-485c-a929-92b60acb394d req-62ff3637-4635-485c-a929-92b60acb394d ] Request (ImagesNegativeTestJSON:test_create_image_from_deleted_server): 200 GET http://10.180.1.21/compute/v2.1/servers/1a74ae05-6c24-4d12-b773-e404059d53de 0.161s
2025-04-03 02:08:13.341 69359 INFO tempest.lib.common.rest_client [req-80a6994b-ad16-4881-a921-404963c5d88c req-80a6994b-ad16-4881-a921-404963c5d88c ] Request (ListServerFiltersTestJSON:tearDownClass): 200 GET http://10.180.1.21/compute/v2.1/servers/71983be4-aa86-4eaa-8221-9f97a385a68f 0.251s
2025-04-03 02:08:13.359 69317 INFO tempest.lib.common.rest_client [req-18db24e9-e483-48aa-8f59-d69d6a5e9b13 req-18db24e9-e483-48aa-8f59-d69d6a5e9b13 ] Request (ListImageFiltersTestJSON:setUpClass): 204 PUT http://10.180.1.21/image/v2/images/80f4a74d-a0e2-4143-a247-06dac28bdbc3/file 0.713s
2025-04-03 02:08:13.399 69335 INFO tempest.lib.common.rest_client [req-acadb86d-7d91-4730-b50f-1f0884c0c9ca req-acadb86d-7d91-4730-b50f-1f0884c0c9ca ] Request (FloatingIPsAssociationTestJSON:tearDownClass): 200 GET http://10.180.1.21/compute/v2.1/servers/5e566369-7f7f-4996-a001-a624344f0aeb 0.270s
2025-04-03 02:08:13.456 69331 INFO tempest.lib.common.rest_client [req-e291766d-29e0-427a-9ff5-165396a3c408 req-e291766d-29e0-427a-9ff5-165396a3c408 ] Request (ServerActionsTestOtherB:setUpClass): 200 GET http://10.180.1.21/compute/v2.1/servers/50f4c6c7-b396-4190-90e9-736a7d9a73cf 0.282s
2025-04-03 02:08:13.469 69331 INFO tempest.common.waiters [-] State transition "BUILD/None" ==> "BUILD/networking" after 74 second wait
2025-04-03 02:08:13.498 69333 INFO tempest.lib.common.rest_client [req-60bf4966-7736-4b65-9bbf-3b8aa98aa0d9 req-60bf4966-7736-4b65-9bbf-3b8aa98aa0d9 ] Request (SecurityGroupsTestJSON:test_security_groups_create_list_delete): 200 GET http://10.180.1.21/compute/v2.1/os-security-groups 0.377s
2025-04-03 02:08:13.510 69315 INFO tempest.lib.common.rest_client [req-3724c2fa-5b59-4b5f-893d-aaff215c9cee req-3724c2fa-5b59-4b5f-893d-aaff215c9cee ] Request (ImagesTestJSON:test_create_image_from_stopped_server): 200 GET http://10.180.1.21/compute/v2.1/servers/da7f2d7c-c7d4-41ce-b9f9-69f6159a6b15 0.306s
2025-04-03 02:08:13.552 69317 INFO tempest.lib.common.rest_client [req-39ac28d4-cab4-45e5-a8aa-e53f3114c2fc req-39ac28d4-cab4-45e5-a8aa-e53f3114c2fc ] Request (ListImageFiltersTestJSON:setUpClass): 200 GET http://10.180.1.21/compute/v2.1/images/80f4a74d-a0e2-4143-a247-06dac28bdbc3 0.192s
2025-04-03 02:08:13.624 69311 INFO tempest.lib.common.rest_client [req-ad412d49-2cb6-4120-8985-36e5c477b8c7 req-ad412d49-2cb6-4120-8985-36e5c477b8c7 ] Request (MigrationsAdminTest:test_list_migrations_in_flavor_resize_situation): 200 GET http://10.180.1.21/compute/v2.1/servers/22dc8f1f-38c6-4323-bbc6-242c547c2483 0.206s
2025-04-03 02:08:13.671 69317 INFO tempest.lib.common.rest_client [req-e67b42ee-c25a-4fa7-8ee2-8d4f3512044d req-e67b42ee-c25a-4fa7-8ee2-8d4f3512044d ] Request (ListImageFiltersTestJSON:setUpClass): 200 GET http://10.180.1.21/compute/v2.1/images/80f4a74d-a0e2-4143-a247-06dac28bdbc3 0.113s
2025-04-03 02:08:13.785 69351 INFO tempest.lib.common.rest_client [req-f5ecb342-73be-4091-bbc3-d73de2c745bc req-f5ecb342-73be-4091-bbc3-d73de2c745bc ] Request (ServersTestJSON:test_create_server_specify_multibyte_character_name): 200 GET http://10.180.1.21/compute/v2.1/servers/48bf3385-cbd6-4d6d-9fb0-e939c79b512c 0.140s
2025-04-03 02:08:13.850 69343 INFO tempest.lib.common.rest_client [req-a8f599e2-4824-4bd1-9f0e-7ca17ec90d3d req-a8f599e2-4824-4bd1-9f0e-7ca17ec90d3d ] Request (ListServersNegativeTestJSON:tearDownClass): 200 GET http://10.180.1.21/compute/v2.1/servers/fabce3d0-a8db-4532-83c3-c982aec14981 0.205s
2025-04-03 02:08:13.864 69333 INFO tempest.lib.common.rest_client [req-d6aa7dcf-ad61-4a37-91a2-951d50ebb170 req-d6aa7dcf-ad61-4a37-91a2-951d50ebb170 ] Request (SecurityGroupsTestJSON:test_server_security_groups): 200 POST http://10.180.1.21/compute/v2.1/os-security-groups 0.357s
2025-04-03 02:08:13.911 69309 INFO tempest.lib.common.rest_client [req-0e2ae5ce-68a4-46b1-9989-15dc6a11c1bb req-0e2ae5ce-68a4-46b1-9989-15dc6a11c1bb ] Request (DeleteServersTestJSON:test_delete_server_while_in_attached_volume): 200 GET http://10.180.1.21/compute/v2.1/servers/843e0a0e-f80d-4923-a134-b74f697676bd 0.207s
2025-04-03 02:08:13.944 69367 INFO tempest.lib.common.rest_client [req-5504fbd4-ce09-4bdc-ab06-361c877aed17 req-5504fbd4-ce09-4bdc-ab06-361c877aed17 ] Request (AttachInterfacesUnderV243Test:test_add_remove_fixed_ip): 200 GET http://10.180.1.21/compute/v2.1/servers/9c287ac3-25c6-48bc-adf0-c1002eab1595 0.188s
2025-04-03 02:08:13.969 69365 INFO tempest.lib.common.rest_client [req-6614548c-4e7e-49fa-90ab-3d3ed2d2259e req-6614548c-4e7e-49fa-90ab-3d3ed2d2259e ] Request (ServerDiskConfigTestJSON:test_resize_server_from_auto_to_manual): 200 GET http://10.180.1.21/compute/v2.1/servers/4e5c6360-bedf-41fb-99c6-24a25a0fb480 0.187s
2025-04-03 02:08:14.026 69323 INFO tempest.lib.common.rest_client [req-80f8537a-5b10-4f73-8ee0-8dcdc0886c68 req-80f8537a-5b10-4f73-8ee0-8dcdc0886c68 ] Request (ServerGroupTestJSON:test_create_server_with_scheduler_hint_group): 200 GET http://10.180.1.21/compute/v2.1/servers/b7563cb3-9bec-4c56-ac6a-99a7e69060ec 0.220s
2025-04-03 02:08:14.039 69317 INFO tempest.lib.common.rest_client [req-ae0338a7-009b-4ad7-959f-8ab1f4f78771 req-ae0338a7-009b-4ad7-959f-8ab1f4f78771 ] Request (ListImageFiltersTestJSON:setUpClass): 201 POST http://10.180.1.21/image/v2/images 0.363s
2025-04-03 02:08:14.077 69333 INFO tempest.lib.common.rest_client [req-f7e36181-8f35-4753-82d1-c7a6fab15dae req-f7e36181-8f35-4753-82d1-c7a6fab15dae ] Request (SecurityGroupsTestJSON:test_server_security_groups): 200 POST http://10.180.1.21/compute/v2.1/os-security-groups 0.209s
2025-04-03 02:08:14.123 69361 INFO tempest.lib.common.rest_client [req-da4c3b16-5173-4717-b14f-f9153476f8ab req-da4c3b16-5173-4717-b14f-f9153476f8ab ] Request (ServersListShow2100Test:tearDownClass): 200 GET http://10.180.1.21/compute/v2.1/servers/5f49c4d1-eb3a-4ae2-9618-75939aba359c 0.094s
2025-04-03 02:08:14.125 69345 INFO tempest.lib.common.rest_client [req-25387e99-8dd4-43f7-8559-2201d5a78f7d req-25387e99-8dd4-43f7-8559-2201d5a78f7d ] Request (ServerMetadataTestJSON:setUpClass): 200 GET http://10.180.1.21/compute/v2.1/servers/8048abd6-1f93-45c0-8ab0-299d67e3f5d0 0.075s
2025-04-03 02:08:14.137 69333 INFO tempest.lib.common.rest_client [req-e2687935-47e6-473f-8e26-2aca200658e6 req-e2687935-47e6-473f-8e26-2aca200658e6 ] Request (SecurityGroupsTestJSON:test_server_security_groups): 201 POST http://10.180.1.21/identity/v3/auth/tokens 0.055s
2025-04-03 02:08:14.138 69333 INFO tempest.lib.common.fixed_network [-] (SecurityGroupsTestJSON:test_server_security_groups) Found network {'id': '09874eef-0fa5-4f75-8f9b-8a245196f457', 'name': 'tempest-SecurityGroupsTestJSON-1266334822-network', 'tenant_id': '2049a5085472472bae67bc7c3e491c40', 'admin_state_up': True, 'mtu': 8950, 'status': 'ACTIVE', 'subnets': [], 'shared': False, 'project_id': '2049a5085472472bae67bc7c3e491c40', 'port_security_enabled': True, 'router:external': False, 'provider:network_type': 'vlan', 'provider:physical_network': 'default', 'provider:segmentation_id': 403, 'availability_zone_hints': [], 'availability_zones': [], 'ipv4_address_scope': None, 'ipv6_address_scope': None, 'description': '', 'tags': [], 'created_at': '2025-04-03T02:06:40Z', 'updated_at': '2025-04-03T02:06:40Z', 'revision_number': 1} available for tenant
2025-04-03 02:08:14.200 69355 INFO tempest.lib.common.rest_client [req-198baac7-6b88-424b-a019-2dd35deda9b4 req-198baac7-6b88-424b-a019-2dd35deda9b4 ] Request (ServersAdminTestJSON:test_create_server_with_scheduling_hint): 200 GET http://10.180.1.21/compute/v2.1/servers/6d98b0bd-5c38-48db-8e34-6461537e6fcb 0.096s
2025-04-03 02:08:14.280 69369 INFO tempest.lib.common.rest_client [req-0116430f-2cb5-4607-912c-39a401b85a53 req-0116430f-2cb5-4607-912c-39a401b85a53 ] Request (ServersNegativeTestMultiTenantJSON:setUpClass): 200 GET http://10.180.1.21/compute/v2.1/servers/ff75765d-ebf0-4bbe-82d0-c302d46ba3a1 0.099s
2025-04-03 02:08:14.371 69319 INFO tempest.lib.common.rest_client [req-ac2a7579-ea0f-4045-a60a-bdb737af1ab8 req-ac2a7579-ea0f-4045-a60a-bdb737af1ab8 ] Request (InstanceActionsNegativeTestJSON:tearDownClass): 200 GET http://10.180.1.21/compute/v2.1/servers/53c10b9e-713a-4341-ae1a-d37f0ae84ec1 0.147s
2025-04-03 02:08:14.378 69321 INFO tempest.lib.common.rest_client [req-e2c5a889-3b8c-4a68-8116-b07c06b2f882 req-e2c5a889-3b8c-4a68-8116-b07c06b2f882 ] Request (SecurityGroupsNegativeTestJSON:setUpClass): 201 POST http://10.180.1.21:9696/networking/v2.0/routers 1.624s
2025-04-03 02:08:14.447 69307 INFO tempest.lib.common.rest_client [req-d83c1861-4c74-409e-8ae3-7cc2a47a108e req-d83c1861-4c74-409e-8ae3-7cc2a47a108e ] Request (ImagesNegativeTestJSON:test_create_image_from_deleted_server): 200 GET http://10.180.1.21/compute/v2.1/servers/1a74ae05-6c24-4d12-b773-e404059d53de 0.198s
2025-04-03 02:08:14.557 69333 INFO tempest.lib.common.rest_client [req-20b9f518-08c6-4786-9ae4-23c9eddbaedf req-20b9f518-08c6-4786-9ae4-23c9eddbaedf ] Request (SecurityGroupsTestJSON:test_server_security_groups): 202 POST http://10.180.1.21/compute/v2.1/servers 0.419s
2025-04-03 02:08:14.603 69359 INFO tempest.lib.common.rest_client [req-811968b5-2473-4809-960a-efa17e0d117c req-811968b5-2473-4809-960a-efa17e0d117c ] Request (ListServerFiltersTestJSON:tearDownClass): 200 GET http://10.180.1.21/compute/v2.1/servers/71983be4-aa86-4eaa-8221-9f97a385a68f 0.250s
2025-04-03 02:08:14.642 69335 INFO tempest.lib.common.rest_client [req-25c86046-ca02-4e27-92c7-5ed914df21cb req-25c86046-ca02-4e27-92c7-5ed914df21cb ] Request (FloatingIPsAssociationTestJSON:tearDownClass): 200 GET http://10.180.1.21/compute/v2.1/servers/5e566369-7f7f-4996-a001-a624344f0aeb 0.227s
2025-04-03 02:08:14.716 69315 INFO tempest.lib.common.rest_client [req-3e0b629b-7d51-49d8-825c-7210fcc332ae req-3e0b629b-7d51-49d8-825c-7210fcc332ae ] Request (ImagesTestJSON:test_create_image_from_stopped_server): 200 GET http://10.180.1.21/compute/v2.1/servers/da7f2d7c-c7d4-41ce-b9f9-69f6159a6b15 0.195s
2025-04-03 02:08:14.717 69347 WARNING tempest.lib.common.ssh [-] Failed to establish authenticated ssh connection to cirros@10.180.180.158 ([Errno None] Unable to connect to port 22 on 10.180.180.158). Number attempts: 4. Retry after 5 seconds.: paramiko.ssh_exception.NoValidConnectionsError: [Errno None] Unable to connect to port 22 on 10.180.180.158
2025-04-03 02:08:14.756 69333 INFO tempest.lib.common.rest_client [req-d0501563-a28a-4b96-9a3b-6ddf62325e98 req-d0501563-a28a-4b96-9a3b-6ddf62325e98 ] Request (SecurityGroupsTestJSON:test_server_security_groups): 200 GET http://10.180.1.21/compute/v2.1/servers/ce3bde52-b2c9-4ac4-8c84-4b9e0f01fc4c 0.197s
2025-04-03 02:08:14.767 69331 INFO tempest.lib.common.rest_client [req-e16b193e-a07d-4393-a4e7-beaf0d9addd9 req-e16b193e-a07d-4393-a4e7-beaf0d9addd9 ] Request (ServerActionsTestOtherB:setUpClass): 200 GET http://10.180.1.21/compute/v2.1/servers/50f4c6c7-b396-4190-90e9-736a7d9a73cf 0.296s
2025-04-03 02:08:14.775 69331 INFO tempest.common.waiters [-] State transition "BUILD/networking" ==> "BUILD/spawning" after 75 second wait
2025-04-03 02:08:14.874 69311 INFO tempest.lib.common.rest_client [req-bb6b2253-2ec5-4e80-887f-cee8f76744ab req-bb6b2253-2ec5-4e80-887f-cee8f76744ab ] Request (MigrationsAdminTest:test_list_migrations_in_flavor_resize_situation): 200 GET http://10.180.1.21/compute/v2.1/servers/22dc8f1f-38c6-4323-bbc6-242c547c2483 0.239s
2025-04-03 02:08:14.943 69343 INFO tempest.lib.common.rest_client [req-92d12aad-7ece-4f27-8804-00a305ac8d43 req-92d12aad-7ece-4f27-8804-00a305ac8d43 ] Request (ListServersNegativeTestJSON:tearDownClass): 200 GET http://10.180.1.21/compute/v2.1/servers/fabce3d0-a8db-4532-83c3-c982aec14981 0.085s
2025-04-03 02:08:14.948 69351 INFO tempest.lib.common.rest_client [req-eb2c8f34-1947-46fc-9ab3-70766420091d req-eb2c8f34-1947-46fc-9ab3-70766420091d ] Request (ServersTestJSON:test_create_server_specify_multibyte_character_name): 200 GET http://10.180.1.21/compute/v2.1/servers/48bf3385-cbd6-4d6d-9fb0-e939c79b512c 0.155s
2025-04-03 02:08:14.994 69309 INFO tempest.lib.common.rest_client [req-dfe8c259-b7fc-4674-a031-1345a2b73ece req-dfe8c259-b7fc-4674-a031-1345a2b73ece ] Request (DeleteServersTestJSON:test_delete_server_while_in_attached_volume): 200 GET http://10.180.1.21/compute/v2.1/servers/843e0a0e-f80d-4923-a134-b74f697676bd 0.075s
2025-04-03 02:08:15.013 69367 INFO tempest.lib.common.rest_client [req-5d9f7231-46ad-431d-8f99-bd2d844518a6 req-5d9f7231-46ad-431d-8f99-bd2d844518a6 ] Request (AttachInterfacesUnderV243Test:test_add_remove_fixed_ip): 200 GET http://10.180.1.21/compute/v2.1/servers/9c287ac3-25c6-48bc-adf0-c1002eab1595 0.052s
2025-04-03 02:08:15.050 69365 INFO tempest.lib.common.rest_client [req-44b5d31b-a140-4802-acc5-ba5f193243f8 req-44b5d31b-a140-4802-acc5-ba5f193243f8 ] Request (ServerDiskConfigTestJSON:test_resize_server_from_auto_to_manual): 200 GET http://10.180.1.21/compute/v2.1/servers/4e5c6360-bedf-41fb-99c6-24a25a0fb480 0.072s
2025-04-03 02:08:15.104 69323 INFO tempest.lib.common.rest_client [req-61226c5a-8699-40d7-87ad-b31e270b2e3b req-61226c5a-8699-40d7-87ad-b31e270b2e3b ] Request (ServerGroupTestJSON:test_create_server_with_scheduler_hint_group): 200 GET http://10.180.1.21/compute/v2.1/servers/b7563cb3-9bec-4c56-ac6a-99a7e69060ec 0.063s
2025-04-03 02:08:15.189 69345 INFO tempest.lib.common.rest_client [req-66595a24-5b52-4e1c-bf89-ee81eee5ca29 req-66595a24-5b52-4e1c-bf89-ee81eee5ca29 ] Request (ServerMetadataTestJSON:setUpClass): 200 GET http://10.180.1.21/compute/v2.1/servers/8048abd6-1f93-45c0-8ab0-299d67e3f5d0 0.054s
2025-04-03 02:08:15.232 69361 INFO tempest.lib.common.rest_client [req-756dce8e-779c-4459-93e6-6e09ae9e4f17 req-756dce8e-779c-4459-93e6-6e09ae9e4f17 ] Request (ServersListShow2100Test:tearDownClass): 200 GET http://10.180.1.21/compute/v2.1/servers/5f49c4d1-eb3a-4ae2-9618-75939aba359c 0.091s
2025-04-03 02:08:15.268 69355 INFO tempest.lib.common.rest_client [req-58c4af0d-6309-449d-99f2-bfbba9192bcb req-58c4af0d-6309-449d-99f2-bfbba9192bcb ] Request (ServersAdminTestJSON:test_create_server_with_scheduling_hint): 200 GET http://10.180.1.21/compute/v2.1/servers/6d98b0bd-5c38-48db-8e34-6461537e6fcb 0.059s
2025-04-03 02:08:15.337 69321 INFO tempest.lib.common.rest_client [req-5cfeea58-0507-439b-b64a-346251eaea29 req-5cfeea58-0507-439b-b64a-346251eaea29 ] Request (SecurityGroupsNegativeTestJSON:setUpClass): 200 PUT http://10.180.1.21:9696/networking/v2.0/routers/b8c849e4-fad6-4443-b1b1-20fdcd5d83a9/add_router_interface 0.958s
2025-04-03 02:08:15.337 69321 INFO tempest.lib.common.dynamic_creds [-] Created isolated network resources for: credentials: Credentials: {'domain_id': 'default', 'domain_name': 'Default', 'username': 'tempest-SecurityGroupsNegativeTestJSON-126994974-project-member', 'project_domain_id': 'default', 'project_domain_name': 'Default', 'project_id': '3f3b1dd0d8ba4ef6a70521df59c9a45d', 'project_name': 'tempest-SecurityGroupsNegativeTestJSON-126994974', 'tenant_id': '3f3b1dd0d8ba4ef6a70521df59c9a45d', 'tenant_name': 'tempest-SecurityGroupsNegativeTestJSON-126994974', 'user_domain_id': 'default', 'user_domain_name': 'Default', 'user_id': '9a1d0aef72004ff99f108d710517872a', 'system': None}, Network: {'id': 'ed0729d2-8cd6-4f22-a6cb-0429fee31746', 'name': 'tempest-SecurityGroupsNegativeTestJSON-832461061-network', 'tenant_id': '3f3b1dd0d8ba4ef6a70521df59c9a45d', 'admin_state_up': True, 'mtu': 8950, 'status': 'ACTIVE', 'subnets': [], 'shared': False, 'project_id': '3f3b1dd0d8ba4ef6a70521df59c9a45d', 'port_security_enabled': True, 'router:external': False, 'provider:network_type': 'vlan', 'provider:physical_network': 'default', 'provider:segmentation_id': 257, 'availability_zone_hints': [], 'availability_zones': [], 'ipv4_address_scope': None, 'ipv6_address_scope': None, 'description': '', 'tags': [], 'created_at': '2025-04-03T02:08:12Z', 'updated_at': '2025-04-03T02:08:12Z', 'revision_number': 1}, Subnet: {'id': 'ca8830e3-30d3-41d7-9e88-064670ee0709', 'name': 'tempest-SecurityGroupsNegativeTestJSON-832461061-subnet', 'tenant_id': '3f3b1dd0d8ba4ef6a70521df59c9a45d', 'network_id': 'ed0729d2-8cd6-4f22-a6cb-0429fee31746', 'ip_version': 4, 'subnetpool_id': None, 'enable_dhcp': True, 'ipv6_ra_mode': None, 'ipv6_address_mode': None, 'gateway_ip': '192.168.128.1', 'cidr': '192.168.128.0/28', 'allocation_pools': [{'start': '192.168.128.2', 'end': '192.168.128.14'}], 'host_routes': [], 'dns_nameservers': [], 'description': '', 'router:external': False, 'service_types': [], 'tags': [], 'created_at': '2025-04-03T02:08:12Z', 'updated_at': '2025-04-03T02:08:12Z', 'revision_number': 0, 'project_id': '3f3b1dd0d8ba4ef6a70521df59c9a45d'}, Router: {'id': 'b8c849e4-fad6-4443-b1b1-20fdcd5d83a9', 'name': 'tempest-SecurityGroupsNegativeTestJSON-832461061-router', 'tenant_id': '3f3b1dd0d8ba4ef6a70521df59c9a45d', 'admin_state_up': True, 'status': 'ACTIVE', 'external_gateway_info': {'network_id': '8f614d42-d3a4-45b1-bb78-c801fc43f93e', 'external_fixed_ips': [{'subnet_id': '8db0b1d0-1f84-4853-b6ec-ac76fae81dd9', 'ip_address': '10.180.180.176'}], 'enable_snat': True}, 'description': '', 'availability_zones': [], 'distributed': False, 'ha': False, 'availability_zone_hints': [], 'routes': [], 'flavor_id': None, 'tags': [], 'created_at': '2025-04-03T02:08:12Z', 'updated_at': '2025-04-03T02:08:13Z', 'revision_number': 2, 'project_id': '3f3b1dd0d8ba4ef6a70521df59c9a45d'}
2025-04-03 02:08:15.341 69369 INFO tempest.lib.common.rest_client [req-6b302aeb-298e-4cee-9e82-762a35c27cf0 req-6b302aeb-298e-4cee-9e82-762a35c27cf0 ] Request (ServersNegativeTestMultiTenantJSON:setUpClass): 200 GET http://10.180.1.21/compute/v2.1/servers/ff75765d-ebf0-4bbe-82d0-c302d46ba3a1 0.052s
2025-04-03 02:08:15.417 69319 INFO tempest.lib.common.rest_client [req-bf4223d1-5de4-4b03-9f91-88aaec3d3608 req-bf4223d1-5de4-4b03-9f91-88aaec3d3608 ] Request (InstanceActionsNegativeTestJSON:tearDownClass): 404 GET http://10.180.1.21/compute/v2.1/servers/53c10b9e-713a-4341-ae1a-d37f0ae84ec1 0.033s
2025-04-03 02:08:15.436 69321 INFO tempest.lib.common.rest_client [req-cf71ad3a-1a7b-4499-9648-91350ce691b3 req-cf71ad3a-1a7b-4499-9648-91350ce691b3 ] Request (SecurityGroupsNegativeTestJSON:setUpClass): 201 POST http://10.180.1.21/identity/v3/auth/tokens 0.094s
2025-04-03 02:08:15.528 69307 INFO tempest.lib.common.rest_client [req-60679f41-915a-45c0-9147-e4748f882339 req-60679f41-915a-45c0-9147-e4748f882339 ] Request (ImagesNegativeTestJSON:test_create_image_from_deleted_server): 200 GET http://10.180.1.21/compute/v2.1/servers/1a74ae05-6c24-4d12-b773-e404059d53de 0.068s
2025-04-03 02:08:15.548 69321 INFO tempest.lib.common.rest_client [req-a0891066-676b-4ecf-94d4-f03f7790e8b2 req-a0891066-676b-4ecf-94d4-f03f7790e8b2 ] Request (SecurityGroupsNegativeTestJSON:test_delete_nonexistent_security_group): 404 DELETE http://10.180.1.21/compute/v2.1/os-security-groups/b72e885f-73fe-465c-9452-2e0380275fb5 0.111s
2025-04-03 02:08:15.555 69321 INFO tempest.lib.common.rest_client [req-39cacd1f-e118-4b32-9832-f8f42aef6965 req-39cacd1f-e118-4b32-9832-f8f42aef6965 ] Request (SecurityGroupsNegativeTestJSON:test_delete_security_group_without_passing_id): 404 DELETE http://10.180.1.21/compute/v2.1/os-security-groups/ 0.006s
2025-04-03 02:08:15.679 69317 INFO tempest.lib.common.rest_client [req-ff6adfe9-5051-42f2-8217-c3a31691977d req-ff6adfe9-5051-42f2-8217-c3a31691977d ] Request (ListImageFiltersTestJSON:setUpClass): 204 PUT http://10.180.1.21/image/v2/images/60a341b7-5cf6-4ba7-a5e9-5859367d5670/file 0.638s
2025-04-03 02:08:15.695 69321 INFO tempest.lib.common.rest_client [req-2c6ea37b-afaf-452a-8b89-93248ebb7cc9 req-2c6ea37b-afaf-452a-8b89-93248ebb7cc9 ] Request (SecurityGroupsNegativeTestJSON:test_delete_the_default_security_group): 200 GET http://10.180.1.21/compute/v2.1/os-security-groups 0.137s
2025-04-03 02:08:15.770 69335 INFO tempest.lib.common.rest_client [req-d97a5bc6-4389-4ced-8edc-5758656cc4fe req-d97a5bc6-4389-4ced-8edc-5758656cc4fe ] Request (FloatingIPsAssociationTestJSON:tearDownClass): 200 GET http://10.180.1.21/compute/v2.1/servers/5e566369-7f7f-4996-a001-a624344f0aeb 0.112s
2025-04-03 02:08:15.789 69359 INFO tempest.lib.common.rest_client [req-6ae156e7-f7d5-4bff-82f3-3d1d8d82f467 req-6ae156e7-f7d5-4bff-82f3-3d1d8d82f467 ] Request (ListServerFiltersTestJSON:tearDownClass): 200 GET http://10.180.1.21/compute/v2.1/servers/71983be4-aa86-4eaa-8221-9f97a385a68f 0.177s
2025-04-03 02:08:15.808 69317 INFO tempest.lib.common.rest_client [req-ccbe2d36-7cbb-4869-93b0-a1b63d524d5a req-ccbe2d36-7cbb-4869-93b0-a1b63d524d5a ] Request (ListImageFiltersTestJSON:setUpClass): 200 GET http://10.180.1.21/compute/v2.1/images/60a341b7-5cf6-4ba7-a5e9-5859367d5670 0.129s
2025-04-03 02:08:15.868 69315 INFO tempest.lib.common.rest_client [req-6134c12a-df51-47a7-8f45-dddc1a5e2b4f req-6134c12a-df51-47a7-8f45-dddc1a5e2b4f ] Request (ImagesTestJSON:test_create_image_from_stopped_server): 200 GET http://10.180.1.21/compute/v2.1/servers/da7f2d7c-c7d4-41ce-b9f9-69f6159a6b15 0.141s
2025-04-03 02:08:15.906 69321 INFO tempest.lib.common.rest_client [req-baba94df-be05-45d3-a111-d54f449248eb req-baba94df-be05-45d3-a111-d54f449248eb ] Request (SecurityGroupsNegativeTestJSON:test_delete_the_default_security_group): 400 DELETE http://10.180.1.21/compute/v2.1/os-security-groups/ee4c6f8c-8492-474e-b905-cf3c722d1ed3 0.207s
2025-04-03 02:08:15.952 69333 INFO tempest.lib.common.rest_client [req-b324d048-df98-4ba2-9ff1-f7e782563717 req-b324d048-df98-4ba2-9ff1-f7e782563717 ] Request (SecurityGroupsTestJSON:test_server_security_groups): 200 GET http://10.180.1.21/compute/v2.1/servers/ce3bde52-b2c9-4ac4-8c84-4b9e0f01fc4c 0.187s
2025-04-03 02:08:15.987 69317 INFO tempest.lib.common.rest_client [req-1ddf6a28-2fc0-4b22-87ea-cd66d456b16a req-1ddf6a28-2fc0-4b22-87ea-cd66d456b16a ] Request (ListImageFiltersTestJSON:setUpClass): 200 GET http://10.180.1.21/compute/v2.1/images/60a341b7-5cf6-4ba7-a5e9-5859367d5670 0.175s
2025-04-03 02:08:16.057 69331 INFO tempest.lib.common.rest_client [req-096de29f-57c9-4c09-a524-f95a0795f4e0 req-096de29f-57c9-4c09-a524-f95a0795f4e0 ] Request (ServerActionsTestOtherB:setUpClass): 200 GET http://10.180.1.21/compute/v2.1/servers/50f4c6c7-b396-4190-90e9-736a7d9a73cf 0.280s
2025-04-03 02:08:16.075 69317 INFO tempest.lib.common.rest_client [req-c12be3be-dd44-4857-99b0-63bf0d117c56 req-c12be3be-dd44-4857-99b0-63bf0d117c56 ] Request (ListImageFiltersTestJSON:setUpClass): 201 POST http://10.180.1.21/identity/v3/auth/tokens 0.075s
2025-04-03 02:08:16.076 69317 INFO tempest.lib.common.fixed_network [-] (ListImageFiltersTestJSON:setUpClass) Found network None available for tenant
2025-04-03 02:08:16.081 69321 INFO tempest.lib.common.rest_client [req-f1ccb6bc-f8e7-4cc7-9eba-d4a5d8676ee3 req-f1ccb6bc-f8e7-4cc7-9eba-d4a5d8676ee3 ] Request (SecurityGroupsNegativeTestJSON:test_security_group_get_nonexistent_group): 404 GET http://10.180.1.21/compute/v2.1/os-security-groups/0a0470fa-b200-4e54-9577-131408c59a39 0.170s
