2025-04-03 02:05:33.077 69347 INFO tempest.lib.common.dynamic_creds [-] Acquired dynamic creds: credentials: Credentials: {'domain_id': 'default', 'domain_name': 'Default', 'username': 'tempest-FlavorsAccessNegativeTestJSON-1887219468-project-member', 'project_domain_id': 'default', 'project_domain_name': 'Default', 'project_id': '20678f6831334885aa3bf59cd59b46aa', 'project_name': 'tempest-FlavorsAccessNegativeTestJSON-1887219468', 'tenant_id': '20678f6831334885aa3bf59cd59b46aa', 'tenant_name': 'tempest-FlavorsAccessNegativeTestJSON-1887219468', 'user_domain_id': 'default', 'user_domain_name': 'Default', 'user_id': 'b2ae354dd37947cd8c0c972d6f9f1fa2', 'system': None}, Network: None, Subnet: None, Router: None
2025-04-03 02:05:33.077 69347 INFO tempest.lib.common.dynamic_creds [-] Created isolated network resources for: credentials: Credentials: {'domain_id': 'default', 'domain_name': 'Default', 'username': 'tempest-FlavorsAccessNegativeTestJSON-1887219468-project-member', 'project_domain_id': 'default', 'project_domain_name': 'Default', 'project_id': '20678f6831334885aa3bf59cd59b46aa', 'project_name': 'tempest-FlavorsAccessNegativeTestJSON-1887219468', 'tenant_id': '20678f6831334885aa3bf59cd59b46aa', 'tenant_name': 'tempest-FlavorsAccessNegativeTestJSON-1887219468', 'user_domain_id': 'default', 'user_domain_name': 'Default', 'user_id': 'b2ae354dd37947cd8c0c972d6f9f1fa2', 'system': None}, Network: None, Subnet: None, Router: None
2025-04-03 02:05:33.086 69343 INFO tempest.lib.common.rest_client [req-92137f9d-c369-49a1-913c-07ba6a35441b req-92137f9d-c369-49a1-913c-07ba6a35441b ] Request (ServicesAdminNegativeV253TestJSON:setUpClass): 204 PUT http://10.180.1.21/identity/v3/projects/9c2977a11e6143159bb9f297fe118c04/users/ea81fbdf8d664aea92cd3094205dd6a5/roles/97f778e32c014aff9c0194ab782da9a2 0.552s
2025-04-03 02:05:33.086 69343 INFO tempest.lib.common.dynamic_creds [-] Dynamic test user ea81fbdf8d664aea92cd3094205dd6a5 is created with scope project and roles: ['member']
2025-04-03 02:05:33.087 69343 INFO tempest.lib.common.dynamic_creds [-] Acquired dynamic creds: credentials: Credentials: {'domain_id': 'default', 'domain_name': 'Default', 'username': 'tempest-ServicesAdminNegativeV253TestJSON-502303560-project-member', 'project_domain_id': 'default', 'project_domain_name': 'Default', 'project_id': '9c2977a11e6143159bb9f297fe118c04', 'project_name': 'tempest-ServicesAdminNegativeV253TestJSON-502303560', 'tenant_id': '9c2977a11e6143159bb9f297fe118c04', 'tenant_name': 'tempest-ServicesAdminNegativeV253TestJSON-502303560', 'user_domain_id': 'default', 'user_domain_name': 'Default', 'user_id': 'ea81fbdf8d664aea92cd3094205dd6a5', 'system': None}, Network: None, Subnet: None, Router: None
2025-04-03 02:05:33.087 69343 INFO tempest.lib.common.dynamic_creds [-] Created isolated network resources for: credentials: Credentials: {'domain_id': 'default', 'domain_name': 'Default', 'username': 'tempest-ServicesAdminNegativeV253TestJSON-502303560-project-member', 'project_domain_id': 'default', 'project_domain_name': 'Default', 'project_id': '9c2977a11e6143159bb9f297fe118c04', 'project_name': 'tempest-ServicesAdminNegativeV253TestJSON-502303560', 'tenant_id': '9c2977a11e6143159bb9f297fe118c04', 'tenant_name': 'tempest-ServicesAdminNegativeV253TestJSON-502303560', 'user_domain_id': 'default', 'user_domain_name': 'Default', 'user_id': 'ea81fbdf8d664aea92cd3094205dd6a5', 'system': None}, Network: None, Subnet: None, Router: None
2025-04-03 02:05:33.136 69331 INFO tempest.lib.common.rest_client [req-6d07458b-ea85-4ce7-a693-b36d1fe8bb33 req-6d07458b-ea85-4ce7-a693-b36d1fe8bb33 ] Request (AggregatesAdminNegativeTestJSON:setUpClass): 204 PUT http://10.180.1.21/identity/v3/projects/1acd389087ff43179da5fcaf7adf9d25/users/b13edd7a7ae34f6683abdf3c0354c017/roles/97f778e32c014aff9c0194ab782da9a2 0.586s
2025-04-03 02:05:33.136 69331 INFO tempest.lib.common.dynamic_creds [-] Dynamic test user b13edd7a7ae34f6683abdf3c0354c017 is created with scope project and roles: ['member']
2025-04-03 02:05:33.136 69331 INFO tempest.lib.common.dynamic_creds [-] Acquired dynamic creds: credentials: Credentials: {'domain_id': 'default', 'domain_name': 'Default', 'username': 'tempest-AggregatesAdminNegativeTestJSON-1800445732-project-member', 'project_domain_id': 'default', 'project_domain_name': 'Default', 'project_id': '1acd389087ff43179da5fcaf7adf9d25', 'project_name': 'tempest-AggregatesAdminNegativeTestJSON-1800445732', 'tenant_id': '1acd389087ff43179da5fcaf7adf9d25', 'tenant_name': 'tempest-AggregatesAdminNegativeTestJSON-1800445732', 'user_domain_id': 'default', 'user_domain_name': 'Default', 'user_id': 'b13edd7a7ae34f6683abdf3c0354c017', 'system': None}, Network: None, Subnet: None, Router: None
2025-04-03 02:05:33.136 69331 INFO tempest.lib.common.dynamic_creds [-] Created isolated network resources for: credentials: Credentials: {'domain_id': 'default', 'domain_name': 'Default', 'username': 'tempest-AggregatesAdminNegativeTestJSON-1800445732-project-member', 'project_domain_id': 'default', 'project_domain_name': 'Default', 'project_id': '1acd389087ff43179da5fcaf7adf9d25', 'project_name': 'tempest-AggregatesAdminNegativeTestJSON-1800445732', 'tenant_id': '1acd389087ff43179da5fcaf7adf9d25', 'tenant_name': 'tempest-AggregatesAdminNegativeTestJSON-1800445732', 'user_domain_id': 'default', 'user_domain_name': 'Default', 'user_id': 'b13edd7a7ae34f6683abdf3c0354c017', 'system': None}, Network: None, Subnet: None, Router: None
2025-04-03 02:05:33.178 69361 INFO tempest.lib.common.rest_client [req-8f4550d9-892f-48d5-ba3c-7881b20b6b45 req-8f4550d9-892f-48d5-ba3c-7881b20b6b45 ] Request (HypervisorAdminNegativeTestJSON:setUpClass): 200 GET http://10.180.1.21/identity/v3/roles 0.626s
2025-04-03 02:05:33.189 69335 INFO tempest.lib.common.rest_client [req-11afe08f-2997-412e-91b8-6cac46e2304f req-11afe08f-2997-412e-91b8-6cac46e2304f ] Request (QuotaClassesAdminTestJSON:test_update_default_quotas): 200 GET http://10.180.1.21/compute/v2.1/os-quota-class-sets/default 0.653s
2025-04-03 02:05:33.193 69325 INFO tempest.lib.common.rest_client [req-66500cab-be8d-44c5-91f4-930da083c585 req-66500cab-be8d-44c5-91f4-930da083c585 ] Request (ServersWithSpecificFlavorTestJSON:setUpClass): 204 PUT http://10.180.1.21/identity/v3/projects/c25e6b6c4c6e42f8bbf7003330e543c6/users/2c9ac11e2ca9455d80bf8e9fe287a4f7/roles/97f778e32c014aff9c0194ab782da9a2 0.625s
2025-04-03 02:05:33.193 69325 INFO tempest.lib.common.dynamic_creds [-] Dynamic test user 2c9ac11e2ca9455d80bf8e9fe287a4f7 is created with scope project and roles: ['member']
2025-04-03 02:05:33.193 69325 INFO tempest.lib.common.dynamic_creds [-] Acquired dynamic creds: credentials: Credentials: {'domain_id': 'default', 'domain_name': 'Default', 'username': 'tempest-ServersWithSpecificFlavorTestJSON-1960047021-project-member', 'project_domain_id': 'default', 'project_domain_name': 'Default', 'project_id': 'c25e6b6c4c6e42f8bbf7003330e543c6', 'project_name': 'tempest-ServersWithSpecificFlavorTestJSON-1960047021', 'tenant_id': 'c25e6b6c4c6e42f8bbf7003330e543c6', 'tenant_name': 'tempest-ServersWithSpecificFlavorTestJSON-1960047021', 'user_domain_id': 'default', 'user_domain_name': 'Default', 'user_id': '2c9ac11e2ca9455d80bf8e9fe287a4f7', 'system': None}, Network: None, Subnet: None, Router: None
2025-04-03 02:05:33.235 69315 INFO tempest.lib.common.rest_client [req-457a5950-6cb1-45e2-aa10-8bd4872cb3a9 req-457a5950-6cb1-45e2-aa10-8bd4872cb3a9 ] Request (HypervisorAdminNegativeUnderV252Test:setUpClass): 201 POST http://10.180.1.21/identity/v3/auth/tokens 0.628s
2025-04-03 02:05:33.246 69353 INFO tempest.lib.common.rest_client [req-59bb9ce9-5a24-44be-9fc0-629d7ae0db8e req-59bb9ce9-5a24-44be-9fc0-629d7ae0db8e ] Request (ServersTestJSON:setUpClass): 204 PUT http://10.180.1.21/identity/v3/projects/22485b837392454497bd922997c2e9bd/users/a6f46e798f6648fe9d4a283db4533c9c/roles/97f778e32c014aff9c0194ab782da9a2 0.637s
2025-04-03 02:05:33.247 69353 INFO tempest.lib.common.dynamic_creds [-] Dynamic test user a6f46e798f6648fe9d4a283db4533c9c is created with scope project and roles: ['member']
2025-04-03 02:05:33.247 69353 INFO tempest.lib.common.dynamic_creds [-] Acquired dynamic creds: credentials: Credentials: {'domain_id': 'default', 'domain_name': 'Default', 'username': 'tempest-ServersTestJSON-907158770-project-member', 'project_domain_id': 'default', 'project_domain_name': 'Default', 'project_id': '22485b837392454497bd922997c2e9bd', 'project_name': 'tempest-ServersTestJSON-907158770', 'tenant_id': '22485b837392454497bd922997c2e9bd', 'tenant_name': 'tempest-ServersTestJSON-907158770', 'user_domain_id': 'default', 'user_domain_name': 'Default', 'user_id': 'a6f46e798f6648fe9d4a283db4533c9c', 'system': None}, Network: None, Subnet: None, Router: None
2025-04-03 02:05:33.261 69367 INFO tempest.lib.common.rest_client [req-77807c15-de70-4025-8035-37cdbfa30935 req-77807c15-de70-4025-8035-37cdbfa30935 ] Request (ServerDiagnosticsV248Test:setUpClass): 204 PUT http://10.180.1.21/identity/v3/projects/e6ff1f927e3d41db9451a2b3ec04ee83/users/4cb4b01495024582a6ae8e4519ed4bc8/roles/97f778e32c014aff9c0194ab782da9a2 0.651s
2025-04-03 02:05:33.261 69367 INFO tempest.lib.common.dynamic_creds [-] Dynamic test user 4cb4b01495024582a6ae8e4519ed4bc8 is created with scope project and roles: ['member']
2025-04-03 02:05:33.262 69367 INFO tempest.lib.common.dynamic_creds [-] Acquired dynamic creds: credentials: Credentials: {'domain_id': 'default', 'domain_name': 'Default', 'username': 'tempest-ServerDiagnosticsV248Test-83297483-project-member', 'project_domain_id': 'default', 'project_domain_name': 'Default', 'project_id': 'e6ff1f927e3d41db9451a2b3ec04ee83', 'project_name': 'tempest-ServerDiagnosticsV248Test-83297483', 'tenant_id': 'e6ff1f927e3d41db9451a2b3ec04ee83', 'tenant_name': 'tempest-ServerDiagnosticsV248Test-83297483', 'user_domain_id': 'default', 'user_domain_name': 'Default', 'user_id': '4cb4b01495024582a6ae8e4519ed4bc8', 'system': None}, Network: None, Subnet: None, Router: None
2025-04-03 02:05:33.262 69367 INFO tempest.lib.common.dynamic_creds [-] Created isolated network resources for: credentials: Credentials: {'domain_id': 'default', 'domain_name': 'Default', 'username': 'tempest-ServerDiagnosticsV248Test-83297483-project-member', 'project_domain_id': 'default', 'project_domain_name': 'Default', 'project_id': 'e6ff1f927e3d41db9451a2b3ec04ee83', 'project_name': 'tempest-ServerDiagnosticsV248Test-83297483', 'tenant_id': 'e6ff1f927e3d41db9451a2b3ec04ee83', 'tenant_name': 'tempest-ServerDiagnosticsV248Test-83297483', 'user_domain_id': 'default', 'user_domain_name': 'Default', 'user_id': '4cb4b01495024582a6ae8e4519ed4bc8', 'system': None}, Network: None, Subnet: None, Router: None
2025-04-03 02:05:33.320 69327 INFO tempest.lib.common.rest_client [req-a839363a-690c-4528-9836-d3c2d829119b req-a839363a-690c-4528-9836-d3c2d829119b ] Request (FlavorsExtraSpecsNegativeTestJSON:setUpClass): 201 POST http://10.180.1.21/identity/v3/auth/tokens 0.653s
2025-04-03 02:05:33.321 69323 INFO tempest.lib.common.rest_client [req-712b37d1-56eb-4475-b06e-0222f3c88640 req-712b37d1-56eb-4475-b06e-0222f3c88640 ] Request (ServersAdmin275Test:setUpClass): 204 PUT http://10.180.1.21/identity/v3/projects/8826721a651a40bfaaef1ec19a9abbbe/users/1e4ada3983714a68b2eea5ad3289cfce/roles/97f778e32c014aff9c0194ab782da9a2 0.696s
2025-04-03 02:05:33.322 69323 INFO tempest.lib.common.dynamic_creds [-] Dynamic test user 1e4ada3983714a68b2eea5ad3289cfce is created with scope project and roles: ['member']
2025-04-03 02:05:33.322 69323 INFO tempest.lib.common.dynamic_creds [-] Acquired dynamic creds: credentials: Credentials: {'domain_id': 'default', 'domain_name': 'Default', 'username': 'tempest-ServersAdmin275Test-2012292912-project-member', 'project_domain_id': 'default', 'project_domain_name': 'Default', 'project_id': '8826721a651a40bfaaef1ec19a9abbbe', 'project_name': 'tempest-ServersAdmin275Test-2012292912', 'tenant_id': '8826721a651a40bfaaef1ec19a9abbbe', 'tenant_name': 'tempest-ServersAdmin275Test-2012292912', 'user_domain_id': 'default', 'user_domain_name': 'Default', 'user_id': '1e4ada3983714a68b2eea5ad3289cfce', 'system': None}, Network: None, Subnet: None, Router: None
2025-04-03 02:05:33.322 69323 INFO tempest.lib.common.dynamic_creds [-] Created isolated network resources for: credentials: Credentials: {'domain_id': 'default', 'domain_name': 'Default', 'username': 'tempest-ServersAdmin275Test-2012292912-project-member', 'project_domain_id': 'default', 'project_domain_name': 'Default', 'project_id': '8826721a651a40bfaaef1ec19a9abbbe', 'project_name': 'tempest-ServersAdmin275Test-2012292912', 'tenant_id': '8826721a651a40bfaaef1ec19a9abbbe', 'tenant_name': 'tempest-ServersAdmin275Test-2012292912', 'user_domain_id': 'default', 'user_domain_name': 'Default', 'user_id': '1e4ada3983714a68b2eea5ad3289cfce', 'system': None}, Network: None, Subnet: None, Router: None
2025-04-03 02:05:33.355 69335 INFO tempest.lib.common.rest_client [req-a4c61910-e58a-4647-bb8b-8eec74cbf758 req-a4c61910-e58a-4647-bb8b-8eec74cbf758 ] Request (QuotaClassesAdminTestJSON:test_update_default_quotas): 200 PUT http://10.180.1.21/compute/v2.1/os-quota-class-sets/default 0.163s
2025-04-03 02:05:33.368 69333 INFO tempest.lib.common.rest_client [req-536ef826-21c3-4da0-b869-10f63b8f1dd1 req-536ef826-21c3-4da0-b869-10f63b8f1dd1 ] Request (FloatingIPsTestJSON:setUpClass): 201 POST http://10.180.1.21/identity/v3/auth/tokens 0.692s
2025-04-03 02:05:33.369 69335 INFO tempest.lib.common.rest_client [req-6b9d4073-23d8-4ede-8eed-aaa01f202c56 req-6b9d4073-23d8-4ede-8eed-aaa01f202c56 ] Request (QuotaClassesAdminTestJSON:test_update_default_quotas): 200 GET http://10.180.1.21/compute/v2.1/os-quota-class-sets/default 0.012s
2025-04-03 02:05:33.372 69351 INFO tempest.lib.common.rest_client [req-951a2ffd-372d-4355-95ca-42cb864ce2ac req-951a2ffd-372d-4355-95ca-42cb864ce2ac ] Request (QuotasAdminNegativeTest:setUpClass): 201 POST http://10.180.1.21/identity/v3/projects 0.655s
2025-04-03 02:05:33.417 69365 INFO tempest.lib.common.rest_client [req-9d233f37-ce74-43e1-9e85-9217bfbcb49b req-9d233f37-ce74-43e1-9e85-9217bfbcb49b ] Request (FlavorMetadataValidation:setUpClass): 204 PUT http://10.180.1.21/identity/v3/projects/d66722008ecd46b78a6c8a4d3752b2e7/users/f6038ca22e464798a6e42984c2611848/roles/97f778e32c014aff9c0194ab782da9a2 0.699s
2025-04-03 02:05:33.417 69365 INFO tempest.lib.common.dynamic_creds [-] Dynamic test user f6038ca22e464798a6e42984c2611848 is created with scope project and roles: ['member']
2025-04-03 02:05:33.418 69365 INFO tempest.lib.common.dynamic_creds [-] Acquired dynamic creds: credentials: Credentials: {'domain_id': 'default', 'domain_name': 'Default', 'username': 'tempest-FlavorMetadataValidation-1653443390-project-member', 'project_domain_id': 'default', 'project_domain_name': 'Default', 'project_id': 'd66722008ecd46b78a6c8a4d3752b2e7', 'project_name': 'tempest-FlavorMetadataValidation-1653443390', 'tenant_id': 'd66722008ecd46b78a6c8a4d3752b2e7', 'tenant_name': 'tempest-FlavorMetadataValidation-1653443390', 'user_domain_id': 'default', 'user_domain_name': 'Default', 'user_id': 'f6038ca22e464798a6e42984c2611848', 'system': None}, Network: None, Subnet: None, Router: None
2025-04-03 02:05:33.418 69335 INFO tempest.lib.common.rest_client [req-66f6d247-405c-4a48-ab72-5c5f32caffe4 req-66f6d247-405c-4a48-ab72-5c5f32caffe4 ] Request (QuotaClassesAdminTestJSON:_run_cleanups): 200 PUT http://10.180.1.21/compute/v2.1/os-quota-class-sets/default 0.047s
2025-04-03 02:05:33.418 69365 INFO tempest.lib.common.dynamic_creds [-] Created isolated network resources for: credentials: Credentials: {'domain_id': 'default', 'domain_name': 'Default', 'username': 'tempest-FlavorMetadataValidation-1653443390-project-member', 'project_domain_id': 'default', 'project_domain_name': 'Default', 'project_id': 'd66722008ecd46b78a6c8a4d3752b2e7', 'project_name': 'tempest-FlavorMetadataValidation-1653443390', 'tenant_id': 'd66722008ecd46b78a6c8a4d3752b2e7', 'tenant_name': 'tempest-FlavorMetadataValidation-1653443390', 'user_domain_id': 'default', 'user_domain_name': 'Default', 'user_id': 'f6038ca22e464798a6e42984c2611848', 'system': None}, Network: None, Subnet: None, Router: None
2025-04-03 02:05:33.418 69359 INFO tempest.lib.common.rest_client [req-4714ad17-8552-4f56-b148-82e75750d3a6 req-4714ad17-8552-4f56-b148-82e75750d3a6 ] Request (SecurityGroupRulesTestJSON:setUpClass): 204 PUT http://10.180.1.21/identity/v3/projects/5c0da1b38fa94c8a92faeee8bbd95fa4/users/270611142b2f4555992ae544280bcad0/roles/97f778e32c014aff9c0194ab782da9a2 0.687s
2025-04-03 02:05:33.419 69359 INFO tempest.lib.common.dynamic_creds [-] Dynamic test user 270611142b2f4555992ae544280bcad0 is created with scope project and roles: ['member']
2025-04-03 02:05:33.419 69359 INFO tempest.lib.common.dynamic_creds [-] Acquired dynamic creds: credentials: Credentials: {'domain_id': 'default', 'domain_name': 'Default', 'username': 'tempest-SecurityGroupRulesTestJSON-815523127-project-member', 'project_domain_id': 'default', 'project_domain_name': 'Default', 'project_id': '5c0da1b38fa94c8a92faeee8bbd95fa4', 'project_name': 'tempest-SecurityGroupRulesTestJSON-815523127', 'tenant_id': '5c0da1b38fa94c8a92faeee8bbd95fa4', 'tenant_name': 'tempest-SecurityGroupRulesTestJSON-815523127', 'user_domain_id': 'default', 'user_domain_name': 'Default', 'user_id': '270611142b2f4555992ae544280bcad0', 'system': None}, Network: None, Subnet: None, Router: None
2025-04-03 02:05:33.481 69339 INFO tempest.lib.common.rest_client [req-5ae6ebf0-0d22-40ff-8f43-27ba9e61de02 req-5ae6ebf0-0d22-40ff-8f43-27ba9e61de02 ] Request (FlavorsV255TestJSON:setUpClass): 204 PUT http://10.180.1.21/identity/v3/projects/9efc475352b84423a5d4142a0a599310/users/4c2073b10371460f86429470a8091c26/roles/97f778e32c014aff9c0194ab782da9a2 0.733s
2025-04-03 02:05:33.481 69339 INFO tempest.lib.common.dynamic_creds [-] Dynamic test user 4c2073b10371460f86429470a8091c26 is created with scope project and roles: ['member']
2025-04-03 02:05:33.482 69339 INFO tempest.lib.common.dynamic_creds [-] Acquired dynamic creds: credentials: Credentials: {'domain_id': 'default', 'domain_name': 'Default', 'username': 'tempest-FlavorsV255TestJSON-1468417842-project-member', 'project_domain_id': 'default', 'project_domain_name': 'Default', 'project_id': '9efc475352b84423a5d4142a0a599310', 'project_name': 'tempest-FlavorsV255TestJSON-1468417842', 'tenant_id': '9efc475352b84423a5d4142a0a599310', 'tenant_name': 'tempest-FlavorsV255TestJSON-1468417842', 'user_domain_id': 'default', 'user_domain_name': 'Default', 'user_id': '4c2073b10371460f86429470a8091c26', 'system': None}, Network: None, Subnet: None, Router: None
2025-04-03 02:05:33.482 69339 INFO tempest.lib.common.dynamic_creds [-] Created isolated network resources for: credentials: Credentials: {'domain_id': 'default', 'domain_name': 'Default', 'username': 'tempest-FlavorsV255TestJSON-1468417842-project-member', 'project_domain_id': 'default', 'project_domain_name': 'Default', 'project_id': '9efc475352b84423a5d4142a0a599310', 'project_name': 'tempest-FlavorsV255TestJSON-1468417842', 'tenant_id': '9efc475352b84423a5d4142a0a599310', 'tenant_name': 'tempest-FlavorsV255TestJSON-1468417842', 'user_domain_id': 'default', 'user_domain_name': 'Default', 'user_id': '4c2073b10371460f86429470a8091c26', 'system': None}, Network: None, Subnet: None, Router: None
2025-04-03 02:05:33.491 69357 INFO tempest.lib.common.rest_client [req-15d3109a-ecfc-4754-a3f0-31fea3fb1dcf req-15d3109a-ecfc-4754-a3f0-31fea3fb1dcf ] Request (HypervisorAdminTestJSON:setUpClass): 204 PUT http://10.180.1.21/identity/v3/projects/9fef339d65a54e778a57971b288a158b/users/e23ac97e3a784d1db844e57bf5086bed/roles/eb22f5765b1b4473b611035f1c063005 0.757s
2025-04-03 02:05:33.491 69357 INFO tempest.lib.common.dynamic_creds [-] Dynamic test user e23ac97e3a784d1db844e57bf5086bed is created with scope project and roles: ['admin']
2025-04-03 02:05:33.491 69357 INFO tempest.lib.common.dynamic_creds [-] Acquired dynamic creds: credentials: Credentials: {'domain_id': 'default', 'domain_name': 'Default', 'username': 'tempest-HypervisorAdminTestJSON-130615959-project-admin', 'project_domain_id': 'default', 'project_domain_name': 'Default', 'project_id': '9fef339d65a54e778a57971b288a158b', 'project_name': 'tempest-HypervisorAdminTestJSON-130615959', 'tenant_id': '9fef339d65a54e778a57971b288a158b', 'tenant_name': 'tempest-HypervisorAdminTestJSON-130615959', 'user_domain_id': 'default', 'user_domain_name': 'Default', 'user_id': 'e23ac97e3a784d1db844e57bf5086bed', 'system': None}, Network: None, Subnet: None, Router: None
2025-04-03 02:05:33.492 69357 INFO tempest.lib.common.dynamic_creds [-] Created isolated network resources for: credentials: Credentials: {'domain_id': 'default', 'domain_name': 'Default', 'username': 'tempest-HypervisorAdminTestJSON-130615959-project-admin', 'project_domain_id': 'default', 'project_domain_name': 'Default', 'project_id': '9fef339d65a54e778a57971b288a158b', 'project_name': 'tempest-HypervisorAdminTestJSON-130615959', 'tenant_id': '9fef339d65a54e778a57971b288a158b', 'tenant_name': 'tempest-HypervisorAdminTestJSON-130615959', 'user_domain_id': 'default', 'user_domain_name': 'Default', 'user_id': 'e23ac97e3a784d1db844e57bf5086bed', 'system': None}, Network: None, Subnet: None, Router: None
2025-04-03 02:05:33.543 69345 INFO tempest.lib.common.rest_client [req-469a17f7-96c7-4662-a1a1-d5d2ed89d717 req-469a17f7-96c7-4662-a1a1-d5d2ed89d717 ] Request (AZAdminNegativeTestJSON:setUpClass): 204 PUT http://10.180.1.21/identity/v3/projects/9ad4cbf4ba4046f1a2027d4092f341b8/users/0bd504e16ea043bf8e3daa7f202fd2c3/roles/eb22f5765b1b4473b611035f1c063005 0.777s
2025-04-03 02:05:33.556 69329 INFO tempest.lib.common.rest_client [req-3155bbba-86d7-449f-8984-bc3b31495732 req-3155bbba-86d7-449f-8984-bc3b31495732 ] Request (FlavorsV261TestJSON:setUpClass): 200 GET http://10.180.1.21/identity/v3/roles 0.805s
2025-04-03 02:05:33.586 69311 INFO tempest.lib.common.rest_client [req-28900c49-5670-4111-a143-4ea1e4b7df28 req-28900c49-5670-4111-a143-4ea1e4b7df28 ] Request (AZAdminV2TestJSON:setUpClass): 204 PUT http://10.180.1.21/identity/v3/projects/2ed26519aacd453fbfe52baefec99480/users/6d7f40267c10484a8cc07aef4195a057/roles/eb22f5765b1b4473b611035f1c063005 0.773s
2025-04-03 02:05:33.586 69311 INFO tempest.lib.common.dynamic_creds [-] Dynamic test user 6d7f40267c10484a8cc07aef4195a057 is created with scope project and roles: ['admin']
2025-04-03 02:05:33.586 69311 INFO tempest.lib.common.dynamic_creds [-] Acquired dynamic creds: credentials: Credentials: {'domain_id': 'default', 'domain_name': 'Default', 'username': 'tempest-AZAdminV2TestJSON-298359583-project-admin', 'project_domain_id': 'default', 'project_domain_name': 'Default', 'project_id': '2ed26519aacd453fbfe52baefec99480', 'project_name': 'tempest-AZAdminV2TestJSON-298359583', 'tenant_id': '2ed26519aacd453fbfe52baefec99480', 'tenant_name': 'tempest-AZAdminV2TestJSON-298359583', 'user_domain_id': 'default', 'user_domain_name': 'Default', 'user_id': '6d7f40267c10484a8cc07aef4195a057', 'system': None}, Network: None, Subnet: None, Router: None
2025-04-03 02:05:33.587 69311 INFO tempest.lib.common.dynamic_creds [-] Created isolated network resources for: credentials: Credentials: {'domain_id': 'default', 'domain_name': 'Default', 'username': 'tempest-AZAdminV2TestJSON-298359583-project-admin', 'project_domain_id': 'default', 'project_domain_name': 'Default', 'project_id': '2ed26519aacd453fbfe52baefec99480', 'project_name': 'tempest-AZAdminV2TestJSON-298359583', 'tenant_id': '2ed26519aacd453fbfe52baefec99480', 'tenant_name': 'tempest-AZAdminV2TestJSON-298359583', 'user_domain_id': 'default', 'user_domain_name': 'Default', 'user_id': '6d7f40267c10484a8cc07aef4195a057', 'system': None}, Network: None, Subnet: None, Router: None
2025-04-03 02:05:33.616 69313 INFO tempest.lib.common.rest_client [req-2319d137-d535-4c6f-b303-32fea5ef776f req-2319d137-d535-4c6f-b303-32fea5ef776f ] Request (HypervisorAdminUnderV252Test:setUpClass): 201 POST http://10.180.1.21/identity/v3/auth/tokens 0.800s
2025-04-03 02:05:33.631 69363 INFO tempest.lib.common.rest_client [req-f6339ba9-7bb7-4b52-ba04-4689c07e328b req-f6339ba9-7bb7-4b52-ba04-4689c07e328b ] Request (AttachInterfacesV270Test:setUpClass): 201 POST http://10.180.1.21:9696/networking/v2.0/routers 0.637s
2025-04-03 02:05:33.636 69319 INFO tempest.lib.common.rest_client [req-8cd455eb-4b05-4848-b006-cb21d7b721c1 req-8cd455eb-4b05-4848-b006-cb21d7b721c1 ] Request (InstanceUsageAuditLogNegativeTestJSON:setUpClass): 201 POST http://10.180.1.21/identity/v3/users 0.816s
2025-04-03 02:05:33.638 69338 INFO tempest.lib.common.rest_client [req-8b47a4b9-3fc4-4149-8338-f7d2824f467d req-8b47a4b9-3fc4-4149-8338-f7d2824f467d ] Request (VolumesAssistedSnapshotsTest:setUpClass): 201 POST http://10.180.1.21/identity/v3/auth/tokens 0.771s
2025-04-03 02:05:33.664 69341 INFO tempest.lib.common.rest_client [req-cf0da747-bff2-4395-b13f-840042a6076c req-cf0da747-bff2-4395-b13f-840042a6076c ] Request (KeyPairsV210TestJSON:setUpClass): 201 POST http://10.180.1.21/identity/v3/projects 0.796s
2025-04-03 02:05:33.722 69349 INFO tempest.lib.common.rest_client [req-9290b041-c881-421f-acc7-78743504ef0e req-9290b041-c881-421f-acc7-78743504ef0e ] Request (NetworksTest:setUpClass): 201 POST http://10.180.1.21/identity/v3/auth/tokens 0.768s
2025-04-03 02:05:33.785 69309 INFO tempest.lib.common.rest_client [req-99c1ef64-c246-4564-8626-b6020be06912 req-99c1ef64-c246-4564-8626-b6020be06912 ] Request (QuotasSecurityGroupAdminNegativeTest:setUpClass): 201 POST http://10.180.1.21/identity/v3/projects 0.817s
2025-04-03 02:05:33.800 69355 INFO tempest.lib.common.rest_client [req-4c30da05-6920-4ba3-8e67-184d3b2fe2aa req-4c30da05-6920-4ba3-8e67-184d3b2fe2aa ] Request (FlavorsAccessTestJSON:setUpClass): 201 POST http://10.180.1.21/identity/v3/auth/tokens 0.801s
2025-04-03 02:05:33.842 69307 INFO tempest.lib.common.rest_client [req-831c767b-6129-453a-84ee-3d5b3215d12b req-831c767b-6129-453a-84ee-3d5b3215d12b ] Request (FlavorsAdminTestJSON:setUpClass): 201 POST http://10.180.1.21/identity/v3/auth/tokens 0.793s
2025-04-03 02:05:33.851 69317 INFO tempest.lib.common.rest_client [req-792c028d-c720-40c2-ac75-d3dac23b2b32 req-792c028d-c720-40c2-ac75-d3dac23b2b32 ] Request (ServicesAdminTestJSON:setUpClass): 201 POST http://10.180.1.21/identity/v3/projects 0.789s
2025-04-03 02:05:33.899 69369 INFO tempest.lib.common.rest_client [req-99ada2a7-486c-43ca-898e-fbab743004b2 req-99ada2a7-486c-43ca-898e-fbab743004b2 ] Request (DeleteServersAdminTestJSON:setUpClass): 201 POST http://10.180.1.21/identity/v3/auth/tokens 0.829s
2025-04-03 02:05:33.906 69347 INFO tempest.lib.common.rest_client [req-c7fe0d0e-e735-4e20-8a03-956601a7de49 req-c7fe0d0e-e735-4e20-8a03-956601a7de49 ] Request (FlavorsAccessNegativeTestJSON:setUpClass): 201 POST http://10.180.1.21/identity/v3/auth/tokens 0.780s
2025-04-03 02:05:33.954 69343 INFO tempest.lib.common.rest_client [req-edca8b47-1f25-4a3e-9784-63a558423550 req-edca8b47-1f25-4a3e-9784-63a558423550 ] Request (ServicesAdminNegativeV253TestJSON:setUpClass): 201 POST http://10.180.1.21/identity/v3/auth/tokens 0.826s
2025-04-03 02:05:33.965 69331 INFO tempest.lib.common.rest_client [req-f884adca-25ab-4a78-afed-a070166c2029 req-f884adca-25ab-4a78-afed-a070166c2029 ] Request (AggregatesAdminNegativeTestJSON:setUpClass): 201 POST http://10.180.1.21/identity/v3/auth/tokens 0.792s
2025-04-03 02:05:33.991 69325 INFO tempest.lib.common.rest_client [req-43f6e58c-9934-4c76-8d02-77395a9ea8e3 req-43f6e58c-9934-4c76-8d02-77395a9ea8e3 ] Request (ServersWithSpecificFlavorTestJSON:setUpClass): 201 POST http://10.180.1.21/identity/v3/auth/tokens 0.798s
2025-04-03 02:05:34.007 69361 INFO tempest.lib.common.rest_client [req-4327577e-0433-4522-83de-e0a674277fb3 req-4327577e-0433-4522-83de-e0a674277fb3 ] Request (HypervisorAdminNegativeTestJSON:setUpClass): 204 PUT http://10.180.1.21/identity/v3/projects/cff400e686dc4382a5f631f072f3e02c/users/5e09366baa854ae3862aba4878340abe/roles/eb22f5765b1b4473b611035f1c063005 0.828s
2025-04-03 02:05:34.021 69315 INFO tempest.lib.common.rest_client [req-5ba56674-958c-436d-9535-d087c496f313 req-5ba56674-958c-436d-9535-d087c496f313 ] Request (HypervisorAdminNegativeUnderV252Test:setUpClass): 201 POST http://10.180.1.21/identity/v3/projects 0.785s
2025-04-03 02:05:34.069 69353 INFO tempest.lib.common.rest_client [req-23fba669-6623-4377-9b89-f0e825c022c0 req-23fba669-6623-4377-9b89-f0e825c022c0 ] Request (ServersTestJSON:setUpClass): 201 POST http://10.180.1.21/identity/v3/auth/tokens 0.821s
2025-04-03 02:05:34.088 69367 INFO tempest.lib.common.rest_client [req-383156bf-39fc-4eee-89ab-7efc63fceb85 req-383156bf-39fc-4eee-89ab-7efc63fceb85 ] Request (ServerDiagnosticsV248Test:setUpClass): 201 POST http://10.180.1.21/identity/v3/auth/tokens 0.776s
2025-04-03 02:05:34.097 69327 INFO tempest.lib.common.rest_client [req-3f7a2edd-9e7b-4f4a-b776-463117833be2 req-3f7a2edd-9e7b-4f4a-b776-463117833be2 ] Request (FlavorsExtraSpecsNegativeTestJSON:setUpClass): 201 POST http://10.180.1.21/identity/v3/projects 0.776s
2025-04-03 02:05:34.146 69323 INFO tempest.lib.common.rest_client [req-0ca1b446-fb5c-4668-8380-aae0d3825a40 req-0ca1b446-fb5c-4668-8380-aae0d3825a40 ] Request (ServersAdmin275Test:setUpClass): 201 POST http://10.180.1.21/identity/v3/auth/tokens 0.781s
2025-04-03 02:05:34.149 69351 INFO tempest.lib.common.rest_client [req-07ed0ca5-ff0c-4b28-bade-16e6b3af4586 req-07ed0ca5-ff0c-4b28-bade-16e6b3af4586 ] Request (QuotasAdminNegativeTest:setUpClass): 201 POST http://10.180.1.21/identity/v3/users 0.776s
2025-04-03 02:05:34.171 69359 INFO tempest.lib.common.rest_client [req-70776f71-4266-46ae-b296-c95d8bc888fb req-70776f71-4266-46ae-b296-c95d8bc888fb ] Request (SecurityGroupRulesTestJSON:setUpClass): 201 POST http://10.180.1.21/identity/v3/auth/tokens 0.751s
2025-04-03 02:05:34.225 69335 INFO tempest.lib.common.rest_client [req-204221fe-0068-4fef-92bb-ae476eb65642 req-204221fe-0068-4fef-92bb-ae476eb65642 ] Request (QuotaClassesAdminTestJSON:tearDownClass): 204 DELETE http://10.180.1.21/identity/v3/users/28f40dee482349f1a8a42f53bd3dce24 0.799s
2025-04-03 02:05:34.261 69365 INFO tempest.lib.common.rest_client [req-6e873f69-3b9a-4667-9ef8-bdd87e49a538 req-6e873f69-3b9a-4667-9ef8-bdd87e49a538 ] Request (FlavorMetadataValidation:setUpClass): 201 POST http://10.180.1.21/identity/v3/auth/tokens 0.798s
2025-04-03 02:05:34.297 69357 INFO tempest.lib.common.rest_client [req-c965e283-7b1d-443f-9f89-5d3ddfe51908 req-c965e283-7b1d-443f-9f89-5d3ddfe51908 ] Request (HypervisorAdminTestJSON:setUpClass): 201 POST http://10.180.1.21/identity/v3/auth/tokens 0.802s
2025-04-03 02:05:34.323 69339 INFO tempest.lib.common.rest_client [req-012375d8-16ca-43da-a78b-a65e6b792f86 req-012375d8-16ca-43da-a78b-a65e6b792f86 ] Request (FlavorsV255TestJSON:setUpClass): 201 POST http://10.180.1.21/identity/v3/auth/tokens 0.797s
2025-04-03 02:05:34.359 69345 INFO tempest.lib.common.rest_client [req-515ebb53-cd37-4713-96b8-9b1697a234e0 req-515ebb53-cd37-4713-96b8-9b1697a234e0 ] Request (AZAdminNegativeTestJSON:setUpClass): 200 GET http://10.180.1.21/identity/v3/roles 0.815s
2025-04-03 02:05:34.387 69329 INFO tempest.lib.common.rest_client [req-816ae9ed-2bed-4d80-bd43-aaebbadfaccb req-816ae9ed-2bed-4d80-bd43-aaebbadfaccb ] Request (FlavorsV261TestJSON:setUpClass): 204 PUT http://10.180.1.21/identity/v3/projects/679477c6ac044a8cb511f11ec049ce53/users/348fd47599f945b190106fc721c5f649/roles/eb22f5765b1b4473b611035f1c063005 0.831s
2025-04-03 02:05:34.394 69333 INFO tempest.lib.common.rest_client [req-17f7e784-7a7f-409b-b4fd-3d1125d6709c req-17f7e784-7a7f-409b-b4fd-3d1125d6709c ] Request (FloatingIPsTestJSON:setUpClass): 201 POST http://10.180.1.21:9696/networking/v2.0/networks 1.025s
2025-04-03 02:05:34.410 69363 INFO tempest.lib.common.rest_client [req-4eb75fa9-514d-43eb-987a-6adb16319970 req-4eb75fa9-514d-43eb-987a-6adb16319970 ] Request (AttachInterfacesV270Test:setUpClass): 200 PUT http://10.180.1.21:9696/networking/v2.0/routers/5eaef5fe-014c-46a2-a155-32e7ec608630/add_router_interface 0.778s
2025-04-03 02:05:34.410 69363 INFO tempest.lib.common.dynamic_creds [-] Created isolated network resources for: credentials: Credentials: {'domain_id': 'default', 'domain_name': 'Default', 'username': 'tempest-AttachInterfacesV270Test-1875082788-project-member', 'project_domain_id': 'default', 'project_domain_name': 'Default', 'project_id': '00b7abe1e1a74e4c9cbaad2973814687', 'project_name': 'tempest-AttachInterfacesV270Test-1875082788', 'tenant_id': '00b7abe1e1a74e4c9cbaad2973814687', 'tenant_name': 'tempest-AttachInterfacesV270Test-1875082788', 'user_domain_id': 'default', 'user_domain_name': 'Default', 'user_id': '400b47f2376d4ca2835e428c7fe8fb83', 'system': None}, Network: {'id': '83cc12bc-9cbd-43af-b526-7f05b544459a', 'name': 'tempest-AttachInterfacesV270Test-690709009-network', 'tenant_id': '00b7abe1e1a74e4c9cbaad2973814687', 'admin_state_up': True, 'mtu': 8950, 'status': 'ACTIVE', 'subnets': [], 'shared': False, 'project_id': '00b7abe1e1a74e4c9cbaad2973814687', 'port_security_enabled': True, 'router:external': False, 'provider:network_type': 'vlan', 'provider:physical_network': 'default', 'provider:segmentation_id': 895, 'availability_zone_hints': [], 'availability_zones': [], 'ipv4_address_scope': None, 'ipv6_address_scope': None, 'description': '', 'tags': [], 'created_at': '2025-04-03T02:05:32Z', 'updated_at': '2025-04-03T02:05:32Z', 'revision_number': 1}, Subnet: {'id': '5c0ef875-d7af-4f0d-8666-eedd6019f3e9', 'name': 'tempest-AttachInterfacesV270Test-690709009-subnet', 'tenant_id': '00b7abe1e1a74e4c9cbaad2973814687', 'network_id': '83cc12bc-9cbd-43af-b526-7f05b544459a', 'ip_version': 4, 'subnetpool_id': None, 'enable_dhcp': True, 'ipv6_ra_mode': None, 'ipv6_address_mode': None, 'gateway_ip': '192.168.128.1', 'cidr': '192.168.128.0/28', 'allocation_pools': [{'start': '192.168.128.2', 'end': '192.168.128.14'}], 'host_routes': [], 'dns_nameservers': [], 'description': '', 'router:external': False, 'service_types': [], 'tags': [], 'created_at': '2025-04-03T02:05:32Z', 'updated_at': '2025-04-03T02:05:32Z', 'revision_number': 0, 'project_id': '00b7abe1e1a74e4c9cbaad2973814687'}, Router: {'id': '5eaef5fe-014c-46a2-a155-32e7ec608630', 'name': 'tempest-AttachInterfacesV270Test-690709009-router', 'tenant_id': '00b7abe1e1a74e4c9cbaad2973814687', 'admin_state_up': True, 'status': 'ACTIVE', 'external_gateway_info': {'network_id': '8f614d42-d3a4-45b1-bb78-c801fc43f93e', 'external_fixed_ips': [{'subnet_id': '8db0b1d0-1f84-4853-b6ec-ac76fae81dd9', 'ip_address': '10.180.180.170'}], 'enable_snat': True}, 'description': '', 'availability_zones': [], 'distributed': False, 'ha': False, 'availability_zone_hints': [], 'routes': [], 'flavor_id': None, 'tags': [], 'created_at': '2025-04-03T02:05:33Z', 'updated_at': '2025-04-03T02:05:33Z', 'revision_number': 2, 'project_id': '00b7abe1e1a74e4c9cbaad2973814687'}
2025-04-03 02:05:34.439 69311 INFO tempest.lib.common.rest_client [req-85a17b14-21de-4adf-9b46-98e43edbda1b req-85a17b14-21de-4adf-9b46-98e43edbda1b ] Request (AZAdminV2TestJSON:setUpClass): 201 POST http://10.180.1.21/identity/v3/auth/tokens 0.850s
2025-04-03 02:05:34.458 69313 INFO tempest.lib.common.rest_client [req-f9a9f629-f66f-4257-bd18-8513a1e4148b req-f9a9f629-f66f-4257-bd18-8513a1e4148b ] Request (HypervisorAdminUnderV252Test:setUpClass): 201 POST http://10.180.1.21/identity/v3/projects 0.841s
2025-04-03 02:05:34.465 69319 INFO tempest.lib.common.rest_client [req-f3a2cb25-b8a5-4e61-906f-bfb6a827dc26 req-f3a2cb25-b8a5-4e61-906f-bfb6a827dc26 ] Request (InstanceUsageAuditLogNegativeTestJSON:setUpClass): 200 GET http://10.180.1.21/identity/v3/roles 0.828s
2025-04-03 02:05:34.521 69341 INFO tempest.lib.common.rest_client [req-5717f7e2-e6db-4724-93a7-d425960954d3 req-5717f7e2-e6db-4724-93a7-d425960954d3 ] Request (KeyPairsV210TestJSON:setUpClass): 201 POST http://10.180.1.21/identity/v3/users 0.856s
2025-04-03 02:05:34.544 69333 INFO tempest.lib.common.rest_client [req-c21257f6-1bbf-4f01-9a03-67ad3cfa097e req-c21257f6-1bbf-4f01-9a03-67ad3cfa097e ] Request (FloatingIPsTestJSON:setUpClass): 201 POST http://10.180.1.21:9696/networking/v2.0/subnets 0.150s
2025-04-03 02:05:34.548 69349 INFO tempest.lib.common.rest_client [req-6a4d2fcf-b710-48b3-9e54-c93035282c10 req-6a4d2fcf-b710-48b3-9e54-c93035282c10 ] Request (NetworksTest:setUpClass): 201 POST http://10.180.1.21/identity/v3/projects 0.824s
2025-04-03 02:05:34.556 69309 INFO tempest.lib.common.rest_client [req-9ad053c5-9048-4afc-8210-9a0706ef9d89 req-9ad053c5-9048-4afc-8210-9a0706ef9d89 ] Request (QuotasSecurityGroupAdminNegativeTest:setUpClass): 201 POST http://10.180.1.21/identity/v3/users 0.771s
2025-04-03 02:05:34.600 69355 INFO tempest.lib.common.rest_client [req-09ee9fd3-a5d5-4e7e-9815-e39861cfa846 req-09ee9fd3-a5d5-4e7e-9815-e39861cfa846 ] Request (FlavorsAccessTestJSON:setUpClass): 201 POST http://10.180.1.21/identity/v3/projects 0.799s
2025-04-03 02:05:34.608 69307 INFO tempest.lib.common.rest_client [req-e887512c-f6ab-42b6-b879-e44863fb10d1 req-e887512c-f6ab-42b6-b879-e44863fb10d1 ] Request (FlavorsAdminTestJSON:setUpClass): 201 POST http://10.180.1.21/identity/v3/projects 0.766s
2025-04-03 02:05:34.667 69369 INFO tempest.lib.common.rest_client [req-c729949b-9e27-4d8d-9520-a5560dc5df74 req-c729949b-9e27-4d8d-9520-a5560dc5df74 ] Request (DeleteServersAdminTestJSON:setUpClass): 201 POST http://10.180.1.21/identity/v3/projects 0.767s
2025-04-03 02:05:34.685 69317 INFO tempest.lib.common.rest_client [req-ae2c4ce8-2b76-4c60-bab0-4bd888398711 req-ae2c4ce8-2b76-4c60-bab0-4bd888398711 ] Request (ServicesAdminTestJSON:setUpClass): 201 POST http://10.180.1.21/identity/v3/users 0.833s
2025-04-03 02:05:34.695 69338 INFO tempest.lib.common.rest_client [req-2b45b153-7e81-4dc7-9546-22b95b2568e1 req-2b45b153-7e81-4dc7-9546-22b95b2568e1 ] Request (VolumesAssistedSnapshotsTest:setUpClass): 201 POST http://10.180.1.21:9696/networking/v2.0/networks 1.056s
2025-04-03 02:05:34.733 69347 INFO tempest.lib.common.rest_client [req-a005dc65-cae8-444d-b94c-2b243cb89685 req-a005dc65-cae8-444d-b94c-2b243cb89685 ] Request (FlavorsAccessNegativeTestJSON:setUpClass): 201 POST http://10.180.1.21/identity/v3/projects 0.825s
2025-04-03 02:05:34.758 69343 INFO tempest.lib.common.rest_client [req-b7f9bb69-94b4-4700-ae3a-998429ab591b req-b7f9bb69-94b4-4700-ae3a-998429ab591b ] Request (ServicesAdminNegativeV253TestJSON:setUpClass): 201 POST http://10.180.1.21/identity/v3/projects 0.803s
2025-04-03 02:05:34.822 69331 INFO tempest.lib.common.rest_client [req-f391892d-a5e6-4932-86cd-eba208620a5a req-f391892d-a5e6-4932-86cd-eba208620a5a ] Request (AggregatesAdminNegativeTestJSON:setUpClass): 201 POST http://10.180.1.21/identity/v3/projects 0.856s
2025-04-03 02:05:34.852 69338 INFO tempest.lib.common.rest_client [req-683f41f7-65ef-4d1c-939f-5a0877c47886 req-683f41f7-65ef-4d1c-939f-5a0877c47886 ] Request (VolumesAssistedSnapshotsTest:setUpClass): 201 POST http://10.180.1.21:9696/networking/v2.0/subnets 0.157s
2025-04-03 02:05:34.878 69361 INFO tempest.lib.common.rest_client [req-b6d236a2-22c5-4660-805b-aa354e0405c7 req-b6d236a2-22c5-4660-805b-aa354e0405c7 ] Request (HypervisorAdminNegativeTestJSON:setUpClass): 200 GET http://10.180.1.21/identity/v3/roles 0.870s
2025-04-03 02:05:34.908 69315 INFO tempest.lib.common.rest_client [req-ef30c3a6-d23d-4130-88f5-81f8ad03a5c0 req-ef30c3a6-d23d-4130-88f5-81f8ad03a5c0 ] Request (HypervisorAdminNegativeUnderV252Test:setUpClass): 201 POST http://10.180.1.21/identity/v3/users 0.886s
2025-04-03 02:05:34.939 69367 INFO tempest.lib.common.rest_client [req-03585974-5ded-4212-acfb-437ae482c4ed req-03585974-5ded-4212-acfb-437ae482c4ed ] Request (ServerDiagnosticsV248Test:setUpClass): 201 POST http://10.180.1.21/identity/v3/projects 0.850s
2025-04-03 02:05:34.946 69327 INFO tempest.lib.common.rest_client [req-c0624cce-d969-4c00-9094-b30e3f8b8e2c req-c0624cce-d969-4c00-9094-b30e3f8b8e2c ] Request (FlavorsExtraSpecsNegativeTestJSON:setUpClass): 201 POST http://10.180.1.21/identity/v3/users 0.848s
2025-04-03 02:05:35.010 69351 INFO tempest.lib.common.rest_client [req-4cffb746-fc15-4349-a03f-7470097af426 req-4cffb746-fc15-4349-a03f-7470097af426 ] Request (QuotasAdminNegativeTest:setUpClass): 200 GET http://10.180.1.21/identity/v3/roles 0.860s
2025-04-03 02:05:35.012 69323 INFO tempest.lib.common.rest_client [req-e4360e3b-5d58-4e9d-b479-30f80fff8f2d req-e4360e3b-5d58-4e9d-b479-30f80fff8f2d ] Request (ServersAdmin275Test:setUpClass): 201 POST http://10.180.1.21/identity/v3/projects 0.865s
2025-04-03 02:05:35.114 69365 INFO tempest.lib.common.rest_client [req-bc21567e-2683-42e0-9e4d-5879a27ea76a req-bc21567e-2683-42e0-9e4d-5879a27ea76a ] Request (FlavorMetadataValidation:setUpClass): 201 POST http://10.180.1.21/identity/v3/projects 0.852s
2025-04-03 02:05:35.127 69335 INFO tempest.lib.common.rest_client [req-914a2edb-c111-4e79-a971-3bbe881ba61b req-914a2edb-c111-4e79-a971-3bbe881ba61b ] Request (QuotaClassesAdminTestJSON:tearDownClass): 204 DELETE http://10.180.1.21/identity/v3/users/66ac399f7abe477ca9512c834d457374 0.902s
2025-04-03 02:05:35.128 69335 INFO tempest.lib.common.dynamic_creds [-] Deleting project and security group for project: d7b6aeadba2649419b89ff068491b1ec
2025-04-03 02:05:35.185 69339 INFO tempest.lib.common.rest_client [req-d046f36e-87d6-4d72-bcd3-1c3b89a624b3 req-d046f36e-87d6-4d72-bcd3-1c3b89a624b3 ] Request (FlavorsV255TestJSON:setUpClass): 201 POST http://10.180.1.21/identity/v3/projects 0.861s
2025-04-03 02:05:35.233 69345 INFO tempest.lib.common.rest_client [req-9625b7a7-e0dc-44d0-9d6c-cbaaab632752 req-9625b7a7-e0dc-44d0-9d6c-cbaaab632752 ] Request (AZAdminNegativeTestJSON:setUpClass): 204 PUT http://10.180.1.21/identity/v3/projects/9ad4cbf4ba4046f1a2027d4092f341b8/users/0bd504e16ea043bf8e3daa7f202fd2c3/roles/eb22f5765b1b4473b611035f1c063005 0.874s
2025-04-03 02:05:35.233 69345 INFO tempest.lib.common.dynamic_creds [-] Dynamic test user 0bd504e16ea043bf8e3daa7f202fd2c3 is created with scope project and roles: ['admin']
2025-04-03 02:05:35.233 69345 INFO tempest.lib.common.dynamic_creds [-] Acquired dynamic creds: credentials: Credentials: {'domain_id': 'default', 'domain_name': 'Default', 'username': 'tempest-AZAdminNegativeTestJSON-146231332-project-admin', 'project_domain_id': 'default', 'project_domain_name': 'Default', 'project_id': '9ad4cbf4ba4046f1a2027d4092f341b8', 'project_name': 'tempest-AZAdminNegativeTestJSON-146231332', 'tenant_id': '9ad4cbf4ba4046f1a2027d4092f341b8', 'tenant_name': 'tempest-AZAdminNegativeTestJSON-146231332', 'user_domain_id': 'default', 'user_domain_name': 'Default', 'user_id': '0bd504e16ea043bf8e3daa7f202fd2c3', 'system': None}, Network: None, Subnet: None, Router: None
2025-04-03 02:05:35.233 69345 INFO tempest.lib.common.dynamic_creds [-] Created isolated network resources for: credentials: Credentials: {'domain_id': 'default', 'domain_name': 'Default', 'username': 'tempest-AZAdminNegativeTestJSON-146231332-project-admin', 'project_domain_id': 'default', 'project_domain_name': 'Default', 'project_id': '9ad4cbf4ba4046f1a2027d4092f341b8', 'project_name': 'tempest-AZAdminNegativeTestJSON-146231332', 'tenant_id': '9ad4cbf4ba4046f1a2027d4092f341b8', 'tenant_name': 'tempest-AZAdminNegativeTestJSON-146231332', 'user_domain_id': 'default', 'user_domain_name': 'Default', 'user_id': '0bd504e16ea043bf8e3daa7f202fd2c3', 'system': None}, Network: None, Subnet: None, Router: None
2025-04-03 02:05:35.263 69325 INFO tempest.lib.common.rest_client [req-a811a203-7113-412f-bbe3-2ed1a568c30f req-a811a203-7113-412f-bbe3-2ed1a568c30f ] Request (ServersWithSpecificFlavorTestJSON:setUpClass): 201 POST http://10.180.1.21:9696/networking/v2.0/networks 1.271s
2025-04-03 02:05:35.266 69357 INFO tempest.lib.common.rest_client [req-c5d361e3-ac9a-45e3-80bc-6dc363b28c7a req-c5d361e3-ac9a-45e3-80bc-6dc363b28c7a ] Request (HypervisorAdminTestJSON:test_get_hypervisor_list): 200 GET http://10.180.1.21/compute/v2.1/os-hypervisors 0.967s
2025-04-03 02:05:35.280 69329 INFO tempest.lib.common.rest_client [req-64ebaacb-7774-480e-9c9b-c08405153c1d req-64ebaacb-7774-480e-9c9b-c08405153c1d ] Request (FlavorsV261TestJSON:setUpClass): 200 GET http://10.180.1.21/identity/v3/roles 0.892s
2025-04-03 02:05:35.287 69313 INFO tempest.lib.common.rest_client [req-7015ad99-eef1-41fa-9c2d-7c922890a911 req-7015ad99-eef1-41fa-9c2d-7c922890a911 ] Request (HypervisorAdminUnderV252Test:setUpClass): 201 POST http://10.180.1.21/identity/v3/users 0.828s
2025-04-03 02:05:35.312 69319 INFO tempest.lib.common.rest_client [req-b30e0485-8a49-45be-a972-bf27efe0180e req-b30e0485-8a49-45be-a972-bf27efe0180e ] Request (InstanceUsageAuditLogNegativeTestJSON:setUpClass): 204 PUT http://10.180.1.21/identity/v3/projects/d1b5608c21404dccbe9861177866d7e7/users/70b16daa72124eaea65059687667890c/roles/eb22f5765b1b4473b611035f1c063005 0.847s
2025-04-03 02:05:35.350 69363 INFO tempest.lib.common.rest_client [req-e9cfc104-adc5-465b-9101-1f1436c7f240 req-e9cfc104-adc5-465b-9101-1f1436c7f240 ] Request (AttachInterfacesV270Test:setUpClass): 201 POST http://10.180.1.21/identity/v3/auth/tokens 0.890s
2025-04-03 02:05:35.363 69341 INFO tempest.lib.common.rest_client [req-6cb937ca-5e63-4126-ae20-2e749cd43da3 req-6cb937ca-5e63-4126-ae20-2e749cd43da3 ] Request (KeyPairsV210TestJSON:setUpClass): 200 GET http://10.180.1.21/identity/v3/roles 0.841s
2025-04-03 02:05:35.390 69349 INFO tempest.lib.common.rest_client [req-51614f8f-0bee-4c80-b8b9-59d8039f3191 req-51614f8f-0bee-4c80-b8b9-59d8039f3191 ] Request (NetworksTest:setUpClass): 201 POST http://10.180.1.21/identity/v3/users 0.842s
2025-04-03 02:05:35.410 69309 INFO tempest.lib.common.rest_client [req-4fdac7ea-d676-452f-a29b-190de4cd3cdb req-4fdac7ea-d676-452f-a29b-190de4cd3cdb ] Request (QuotasSecurityGroupAdminNegativeTest:setUpClass): 200 GET http://10.180.1.21/identity/v3/roles 0.853s
2025-04-03 02:05:35.429 69355 INFO tempest.lib.common.rest_client [req-7f97b416-52f3-4ceb-a6dd-b6eb277d37d5 req-7f97b416-52f3-4ceb-a6dd-b6eb277d37d5 ] Request (FlavorsAccessTestJSON:setUpClass): 201 POST http://10.180.1.21/identity/v3/users 0.828s
2025-04-03 02:05:35.437 69307 INFO tempest.lib.common.rest_client [req-4a7c7ba0-c281-426a-8bc5-cc23151e8980 req-4a7c7ba0-c281-426a-8bc5-cc23151e8980 ] Request (FlavorsAdminTestJSON:setUpClass): 201 POST http://10.180.1.21/identity/v3/users 0.828s
2025-04-03 02:05:35.454 69369 INFO tempest.lib.common.rest_client [req-01de5ab4-eeb0-4f0f-bc46-ebc08923cbe7 req-01de5ab4-eeb0-4f0f-bc46-ebc08923cbe7 ] Request (DeleteServersAdminTestJSON:setUpClass): 201 POST http://10.180.1.21/identity/v3/users 0.787s
2025-04-03 02:05:35.459 69317 INFO tempest.lib.common.rest_client [req-5d73f336-731c-483e-b0a1-e1792f032f47 req-5d73f336-731c-483e-b0a1-e1792f032f47 ] Request (ServicesAdminTestJSON:setUpClass): 200 GET http://10.180.1.21/identity/v3/roles 0.774s
2025-04-03 02:05:35.480 69347 INFO tempest.lib.common.rest_client [req-956b7390-d11d-4e57-9d9b-758b1349f3e8 req-956b7390-d11d-4e57-9d9b-758b1349f3e8 ] Request (FlavorsAccessNegativeTestJSON:setUpClass): 201 POST http://10.180.1.21/identity/v3/users 0.747s
2025-04-03 02:05:35.490 69343 INFO tempest.lib.common.rest_client [req-5393fa3d-c1d2-46ff-93d5-7012f80dcf47 req-5393fa3d-c1d2-46ff-93d5-7012f80dcf47 ] Request (ServicesAdminNegativeV253TestJSON:setUpClass): 201 POST http://10.180.1.21/identity/v3/users 0.731s
2025-04-03 02:05:35.492 69353 INFO tempest.lib.common.rest_client [req-1338e2fa-5751-41ca-8ec4-1f297c5ce566 req-1338e2fa-5751-41ca-8ec4-1f297c5ce566 ] Request (ServersTestJSON:setUpClass): 201 POST http://10.180.1.21:9696/networking/v2.0/networks 1.423s
2025-04-03 02:05:35.508 69361 INFO tempest.lib.common.rest_client [req-c54274a9-3870-4d1e-8f82-b0dabcac2f70 req-c54274a9-3870-4d1e-8f82-b0dabcac2f70 ] Request (HypervisorAdminNegativeTestJSON:setUpClass): 204 PUT http://10.180.1.21/identity/v3/projects/cff400e686dc4382a5f631f072f3e02c/users/5e09366baa854ae3862aba4878340abe/roles/eb22f5765b1b4473b611035f1c063005 0.630s
2025-04-03 02:05:35.509 69361 INFO tempest.lib.common.dynamic_creds [-] Dynamic test user 5e09366baa854ae3862aba4878340abe is created with scope project and roles: ['admin']
2025-04-03 02:05:35.509 69361 INFO tempest.lib.common.dynamic_creds [-] Acquired dynamic creds: credentials: Credentials: {'domain_id': 'default', 'domain_name': 'Default', 'username': 'tempest-HypervisorAdminNegativeTestJSON-1276284043-project-admin', 'project_domain_id': 'default', 'project_domain_name': 'Default', 'project_id': 'cff400e686dc4382a5f631f072f3e02c', 'project_name': 'tempest-HypervisorAdminNegativeTestJSON-1276284043', 'tenant_id': 'cff400e686dc4382a5f631f072f3e02c', 'tenant_name': 'tempest-HypervisorAdminNegativeTestJSON-1276284043', 'user_domain_id': 'default', 'user_domain_name': 'Default', 'user_id': '5e09366baa854ae3862aba4878340abe', 'system': None}, Network: None, Subnet: None, Router: None
2025-04-03 02:05:35.509 69361 INFO tempest.lib.common.dynamic_creds [-] Created isolated network resources for: credentials: Credentials: {'domain_id': 'default', 'domain_name': 'Default', 'username': 'tempest-HypervisorAdminNegativeTestJSON-1276284043-project-admin', 'project_domain_id': 'default', 'project_domain_name': 'Default', 'project_id': 'cff400e686dc4382a5f631f072f3e02c', 'project_name': 'tempest-HypervisorAdminNegativeTestJSON-1276284043', 'tenant_id': 'cff400e686dc4382a5f631f072f3e02c', 'tenant_name': 'tempest-HypervisorAdminNegativeTestJSON-1276284043', 'user_domain_id': 'default', 'user_domain_name': 'Default', 'user_id': '5e09366baa854ae3862aba4878340abe', 'system': None}, Network: None, Subnet: None, Router: None
2025-04-03 02:05:35.509 69331 INFO tempest.lib.common.rest_client [req-071f7122-c4eb-48e6-ad20-105e78221e4a req-071f7122-c4eb-48e6-ad20-105e78221e4a ] Request (AggregatesAdminNegativeTestJSON:setUpClass): 201 POST http://10.180.1.21/identity/v3/users 0.686s
