2025-04-03 02:07:57.481 69327 INFO tempest.common.waiters [-] State transition "BUILD/block_device_mapping" ==> "BUILD/spawning" after 67 second wait
2025-04-03 02:07:57.485 69361 INFO tempest.lib.common.rest_client [req-968dc279-45b7-4218-bea3-ed32ade7ab22 req-968dc279-45b7-4218-bea3-ed32ade7ab22 ] Request (ServersListShow2100Test:tearDownClass): 200 GET http://10.180.1.21/compute/v2.1/servers/5f49c4d1-eb3a-4ae2-9618-75939aba359c 0.068s
2025-04-03 02:07:57.517 69309 INFO tempest.lib.common.rest_client [req-9bd4cd95-40b7-467f-a959-1f91966c90fe req-9bd4cd95-40b7-467f-a959-1f91966c90fe ] Request (DeleteServersTestJSON:test_delete_server_while_in_attached_volume): 200 GET http://10.180.1.21/compute/v2.1/servers/843e0a0e-f80d-4923-a134-b74f697676bd 0.094s
2025-04-03 02:07:57.528 69365 INFO tempest.lib.common.rest_client [req-788cf568-f132-4d2b-86d8-76fbe166e52f req-788cf568-f132-4d2b-86d8-76fbe166e52f ] Request (ServerDiskConfigTestJSON:test_resize_server_from_auto_to_manual): 200 GET http://10.180.1.21/compute/v2.1/servers/4e5c6360-bedf-41fb-99c6-24a25a0fb480 0.071s
2025-04-03 02:07:57.564 69367 INFO tempest.lib.common.rest_client [req-9ce7ad3b-1094-4be2-88de-6a01f4de8b30 req-9ce7ad3b-1094-4be2-88de-6a01f4de8b30 ] Request (AttachInterfacesUnderV243Test:test_add_remove_fixed_ip): 200 GET http://10.180.1.21/compute/v2.1/servers/9c287ac3-25c6-48bc-adf0-c1002eab1595 0.094s
2025-04-03 02:07:57.573 69323 INFO tempest.lib.common.rest_client [req-20e3786c-9779-4efd-9903-9ea94d65a5d5 req-20e3786c-9779-4efd-9903-9ea94d65a5d5 ] Request (ServerGroupTestJSON:test_create_server_with_scheduler_hint_group): 200 GET http://10.180.1.21/compute/v2.1/servers/b7563cb3-9bec-4c56-ac6a-99a7e69060ec 0.069s
2025-04-03 02:07:57.633 69319 INFO tempest.lib.common.rest_client [req-21e4ee9c-661b-4ba8-88af-5d04d1ec52a1 req-21e4ee9c-661b-4ba8-88af-5d04d1ec52a1 ] Request (InstanceActionsNegativeTestJSON:tearDownClass): 200 GET http://10.180.1.21/compute/v2.1/servers/53c10b9e-713a-4341-ae1a-d37f0ae84ec1 0.083s
2025-04-03 02:07:57.634 69345 INFO tempest.lib.common.rest_client [req-155166ba-7e5d-4500-96e7-7b08c2d2c383 req-155166ba-7e5d-4500-96e7-7b08c2d2c383 ] Request (ServerMetadataTestJSON:setUpClass): 200 GET http://10.180.1.21/compute/v2.1/servers/8048abd6-1f93-45c0-8ab0-299d67e3f5d0 0.054s
2025-04-03 02:07:57.686 69355 INFO tempest.lib.common.rest_client [req-2b6f6437-eac2-4c87-8745-a93fe593f90c req-2b6f6437-eac2-4c87-8745-a93fe593f90c ] Request (ServersAdminTestJSON:test_create_server_with_scheduling_hint): 200 GET http://10.180.1.21/compute/v2.1/servers/6d98b0bd-5c38-48db-8e34-6461537e6fcb 0.045s
2025-04-03 02:07:57.702 69335 INFO tempest.lib.common.rest_client [req-c0988c52-4894-4484-990a-e9675c61ce55 req-c0988c52-4894-4484-990a-e9675c61ce55 ] Request (FloatingIPsAssociationTestJSON:tearDownClass): 200 GET http://10.180.1.21/compute/v2.1/servers/5e566369-7f7f-4996-a001-a624344f0aeb 0.053s
2025-04-03 02:07:57.742 69307 INFO tempest.lib.common.rest_client [req-859c0bc2-7c5d-4867-a4bd-46b99b55482b req-859c0bc2-7c5d-4867-a4bd-46b99b55482b ] Request (ImagesNegativeTestJSON:test_create_image_from_deleted_server): 200 GET http://10.180.1.21/compute/v2.1/servers/1a74ae05-6c24-4d12-b773-e404059d53de 0.047s
2025-04-03 02:07:57.767 69369 INFO tempest.lib.common.rest_client [req-908aa6ae-165d-4be1-a2ee-7eaf34ee66fe req-908aa6ae-165d-4be1-a2ee-7eaf34ee66fe ] Request (ServersNegativeTestMultiTenantJSON:setUpClass): 200 GET http://10.180.1.21/compute/v2.1/servers/ff75765d-ebf0-4bbe-82d0-c302d46ba3a1 0.051s
2025-04-03 02:07:57.811 69339 INFO tempest.lib.common.rest_client [req-3570216f-7062-47e6-9b8c-95174085f81d req-3570216f-7062-47e6-9b8c-95174085f81d ] Request (VolumesAdminNegativeTest:test_update_attached_volume_with_nonexistent_volume_in_body): 200 GET http://10.180.1.21/compute/v2.1/servers/462c1bd7-8c6a-45f4-a711-7c66d4457532 0.050s
2025-04-03 02:07:57.836 69343 INFO tempest.lib.common.rest_client [req-fe5a0295-5496-42ed-8c59-25f9971779bb req-fe5a0295-5496-42ed-8c59-25f9971779bb ] Request (ListServersNegativeTestJSON:setUpClass): 200 GET http://10.180.1.21/compute/v2.1/servers/700d2210-01db-494b-85db-3cc04128c30f 0.057s
2025-04-03 02:07:57.864 69331 INFO tempest.lib.common.rest_client [req-1dd72535-c09d-4581-ac83-d05cdd0eccdb req-1dd72535-c09d-4581-ac83-d05cdd0eccdb ] Request (ServerActionsTestOtherB:setUpClass): 200 GET http://10.180.1.21/compute/v2.1/servers/50f4c6c7-b396-4190-90e9-736a7d9a73cf 0.047s
2025-04-03 02:07:57.904 69315 INFO tempest.lib.common.rest_client [req-776a3f53-4c11-46c3-9859-d2e4b198d472 req-776a3f53-4c11-46c3-9859-d2e4b198d472 ] Request (ImagesTestJSON:test_create_image_from_stopped_server): 200 GET http://10.180.1.21/compute/v2.1/servers/da7f2d7c-c7d4-41ce-b9f9-69f6159a6b15 0.050s
2025-04-03 02:07:58.329 69333 INFO tempest.lib.common.rest_client [req-11ce477d-b79b-43c5-af10-2bb0ca7aedc1 req-11ce477d-b79b-43c5-af10-2bb0ca7aedc1 ] Request (SecurityGroupsTestJSON:test_list_security_groups_by_server): 200 GET http://10.180.1.21/compute/v2.1/servers/cf922d35-a893-47fb-9a06-b2bcdc7aecbc 0.112s
2025-04-03 02:07:58.336 69333 INFO tempest.common.waiters [-] State transition "BUILD/networking" ==> "BUILD/spawning" after 68 second wait
2025-04-03 02:07:58.357 69311 INFO tempest.lib.common.rest_client [req-f501d384-cec7-4ad6-b581-3cee47ba639f req-f501d384-cec7-4ad6-b581-3cee47ba639f ] Request (MigrationsAdminTest:test_list_migrations_in_flavor_resize_situation): 200 GET http://10.180.1.21/compute/v2.1/servers/22dc8f1f-38c6-4323-bbc6-242c547c2483 0.156s
2025-04-03 02:07:58.389 69317 INFO tempest.lib.common.rest_client [req-680f29be-55ff-4b41-ae54-42f83eaa58ca req-680f29be-55ff-4b41-ae54-42f83eaa58ca ] Request (ImagesOneServerTestJSON:tearDownClass): 200 GET http://10.180.1.21/compute/v2.1/servers/945e45cd-0fdb-4b30-bdd0-eecd9f3456f1 0.107s
2025-04-03 02:07:58.452 69321 INFO tempest.lib.common.rest_client [req-500845a5-295a-4a22-848c-8dc9029105cf req-500845a5-295a-4a22-848c-8dc9029105cf ] Request (ServersAdminNegativeTestJSON:tearDownClass): 200 GET http://10.180.1.21/compute/v2.1/servers/cae92c82-6fa0-485e-a58b-6eba91567a78 0.119s
2025-04-03 02:07:58.473 69359 INFO tempest.lib.common.rest_client [req-fcadc943-3769-4e45-bf99-43dbc454a771 req-fcadc943-3769-4e45-bf99-43dbc454a771 ] Request (ListServerFiltersTestJSON:setUpClass): 200 GET http://10.180.1.21/compute/v2.1/servers/71983be4-aa86-4eaa-8221-9f97a385a68f 0.179s
2025-04-03 02:07:58.514 69351 INFO tempest.lib.common.rest_client [req-dd412a88-8271-447e-bb50-934c89d074a7 req-dd412a88-8271-447e-bb50-934c89d074a7 ] Request (ServersTestJSON:test_create_server_specify_multibyte_character_name): 200 GET http://10.180.1.21/compute/v2.1/servers/48bf3385-cbd6-4d6d-9fb0-e939c79b512c 0.172s
2025-04-03 02:07:58.593 69361 INFO tempest.lib.common.rest_client [req-c5f25d26-19d2-4b75-9cfc-2b34add59883 req-c5f25d26-19d2-4b75-9cfc-2b34add59883 ] Request (ServersListShow2100Test:tearDownClass): 200 GET http://10.180.1.21/compute/v2.1/servers/5f49c4d1-eb3a-4ae2-9618-75939aba359c 0.092s
2025-04-03 02:07:58.614 69327 INFO tempest.lib.common.rest_client [req-09db4662-8216-4704-9266-7cbc6ede9234 req-09db4662-8216-4704-9266-7cbc6ede9234 ] Request (ServerActionsV293TestJSON:setUpClass): 200 GET http://10.180.1.21/compute/v2.1/servers/06330785-2b9c-4968-8093-a2b3b9f12b09 0.131s
2025-04-03 02:07:58.657 69309 INFO tempest.lib.common.rest_client [req-a387f68b-8e1f-40f0-ad7e-8f668c37dc94 req-a387f68b-8e1f-40f0-ad7e-8f668c37dc94 ] Request (DeleteServersTestJSON:test_delete_server_while_in_attached_volume): 200 GET http://10.180.1.21/compute/v2.1/servers/843e0a0e-f80d-4923-a134-b74f697676bd 0.130s
2025-04-03 02:07:58.676 69365 INFO tempest.lib.common.rest_client [req-a69c9385-387f-4fc8-a5b1-360c27740466 req-a69c9385-387f-4fc8-a5b1-360c27740466 ] Request (ServerDiskConfigTestJSON:test_resize_server_from_auto_to_manual): 200 GET http://10.180.1.21/compute/v2.1/servers/4e5c6360-bedf-41fb-99c6-24a25a0fb480 0.140s
2025-04-03 02:07:58.708 69367 INFO tempest.lib.common.rest_client [req-008d579b-16f7-4a61-ae75-caa938a84055 req-008d579b-16f7-4a61-ae75-caa938a84055 ] Request (AttachInterfacesUnderV243Test:test_add_remove_fixed_ip): 200 GET http://10.180.1.21/compute/v2.1/servers/9c287ac3-25c6-48bc-adf0-c1002eab1595 0.132s
2025-04-03 02:07:58.729 69323 INFO tempest.lib.common.rest_client [req-5dc5abb9-ac9b-4a0d-bd57-f3db2c58201b req-5dc5abb9-ac9b-4a0d-bd57-f3db2c58201b ] Request (ServerGroupTestJSON:test_create_server_with_scheduler_hint_group): 200 GET http://10.180.1.21/compute/v2.1/servers/b7563cb3-9bec-4c56-ac6a-99a7e69060ec 0.148s
2025-04-03 02:07:58.755 69345 INFO tempest.lib.common.rest_client [req-9840a86f-e409-4c3b-895d-084fa98307a2 req-9840a86f-e409-4c3b-895d-084fa98307a2 ] Request (ServerMetadataTestJSON:setUpClass): 200 GET http://10.180.1.21/compute/v2.1/servers/8048abd6-1f93-45c0-8ab0-299d67e3f5d0 0.112s
2025-04-03 02:07:58.788 69319 INFO tempest.lib.common.rest_client [req-689e6513-0ec6-45fc-98a0-ca527bd486d8 req-689e6513-0ec6-45fc-98a0-ca527bd486d8 ] Request (InstanceActionsNegativeTestJSON:tearDownClass): 200 GET http://10.180.1.21/compute/v2.1/servers/53c10b9e-713a-4341-ae1a-d37f0ae84ec1 0.145s
2025-04-03 02:07:58.804 69355 INFO tempest.lib.common.rest_client [req-84e8d38d-5254-4245-b208-e65dade9d632 req-84e8d38d-5254-4245-b208-e65dade9d632 ] Request (ServersAdminTestJSON:test_create_server_with_scheduling_hint): 200 GET http://10.180.1.21/compute/v2.1/servers/6d98b0bd-5c38-48db-8e34-6461537e6fcb 0.110s
2025-04-03 02:07:58.840 69335 INFO tempest.lib.common.rest_client [req-84ef23af-e5da-4c79-b331-357cf6d22899 req-84ef23af-e5da-4c79-b331-357cf6d22899 ] Request (FloatingIPsAssociationTestJSON:tearDownClass): 200 GET http://10.180.1.21/compute/v2.1/servers/5e566369-7f7f-4996-a001-a624344f0aeb 0.129s
2025-04-03 02:07:58.857 69307 INFO tempest.lib.common.rest_client [req-0912197d-f511-4afc-8eb6-6cc2478ae65f req-0912197d-f511-4afc-8eb6-6cc2478ae65f ] Request (ImagesNegativeTestJSON:test_create_image_from_deleted_server): 200 GET http://10.180.1.21/compute/v2.1/servers/1a74ae05-6c24-4d12-b773-e404059d53de 0.106s
2025-04-03 02:07:58.885 69369 INFO tempest.lib.common.rest_client [req-068ae7d4-178a-406e-9aca-25301505bd15 req-068ae7d4-178a-406e-9aca-25301505bd15 ] Request (ServersNegativeTestMultiTenantJSON:setUpClass): 200 GET http://10.180.1.21/compute/v2.1/servers/ff75765d-ebf0-4bbe-82d0-c302d46ba3a1 0.111s
2025-04-03 02:07:58.903 69339 INFO tempest.lib.common.rest_client [req-bb6da5d3-6718-4e15-a9f0-f26d7d33ad0c req-bb6da5d3-6718-4e15-a9f0-f26d7d33ad0c ] Request (VolumesAdminNegativeTest:test_update_attached_volume_with_nonexistent_volume_in_body): 200 GET http://10.180.1.21/compute/v2.1/servers/462c1bd7-8c6a-45f4-a711-7c66d4457532 0.084s
2025-04-03 02:07:58.939 69343 INFO tempest.lib.common.rest_client [req-a4c98de0-f33d-42a3-af65-494b9a0dd55c req-a4c98de0-f33d-42a3-af65-494b9a0dd55c ] Request (ListServersNegativeTestJSON:setUpClass): 200 GET http://10.180.1.21/compute/v2.1/servers/700d2210-01db-494b-85db-3cc04128c30f 0.096s
2025-04-03 02:07:58.958 69331 INFO tempest.lib.common.rest_client [req-e407974c-8520-4d92-8ddc-1f31ce5bf1c3 req-e407974c-8520-4d92-8ddc-1f31ce5bf1c3 ] Request (ServerActionsTestOtherB:setUpClass): 200 GET http://10.180.1.21/compute/v2.1/servers/50f4c6c7-b396-4190-90e9-736a7d9a73cf 0.087s
2025-04-03 02:07:58.985 69315 INFO tempest.lib.common.rest_client [req-08867f99-49ce-4d64-bae2-3a9db064f87a req-08867f99-49ce-4d64-bae2-3a9db064f87a ] Request (ImagesTestJSON:test_create_image_from_stopped_server): 200 GET http://10.180.1.21/compute/v2.1/servers/da7f2d7c-c7d4-41ce-b9f9-69f6159a6b15 0.074s
2025-04-03 02:07:59.427 69333 INFO tempest.lib.common.rest_client [req-f2e73bf6-9eaf-4d5f-8a3e-1f1c8ad9965d req-f2e73bf6-9eaf-4d5f-8a3e-1f1c8ad9965d ] Request (SecurityGroupsTestJSON:test_list_security_groups_by_server): 200 GET http://10.180.1.21/compute/v2.1/servers/cf922d35-a893-47fb-9a06-b2bcdc7aecbc 0.090s
2025-04-03 02:07:59.462 69311 INFO tempest.lib.common.rest_client [req-81f40114-fc03-4059-abef-73ae244c1ac6 req-81f40114-fc03-4059-abef-73ae244c1ac6 ] Request (MigrationsAdminTest:test_list_migrations_in_flavor_resize_situation): 200 GET http://10.180.1.21/compute/v2.1/servers/22dc8f1f-38c6-4323-bbc6-242c547c2483 0.093s
2025-04-03 02:07:59.485 69317 INFO tempest.lib.common.rest_client [req-9c05aeb5-1c7e-44f2-a2f8-6a1387f4d46a req-9c05aeb5-1c7e-44f2-a2f8-6a1387f4d46a ] Request (ImagesOneServerTestJSON:tearDownClass): 200 GET http://10.180.1.21/compute/v2.1/servers/945e45cd-0fdb-4b30-bdd0-eecd9f3456f1 0.082s
2025-04-03 02:07:59.520 69321 INFO tempest.lib.common.rest_client [req-340437a2-6d63-4618-896f-ea4002957500 req-340437a2-6d63-4618-896f-ea4002957500 ] Request (ServersAdminNegativeTestJSON:tearDownClass): 200 GET http://10.180.1.21/compute/v2.1/servers/cae92c82-6fa0-485e-a58b-6eba91567a78 0.057s
2025-04-03 02:07:59.573 69359 INFO tempest.lib.common.rest_client [req-e7c11374-af1e-4d33-903e-500a1053b4e1 req-e7c11374-af1e-4d33-903e-500a1053b4e1 ] Request (ListServerFiltersTestJSON:setUpClass): 200 GET http://10.180.1.21/compute/v2.1/servers/71983be4-aa86-4eaa-8221-9f97a385a68f 0.092s
2025-04-03 02:07:59.580 69351 INFO tempest.lib.common.rest_client [req-ce39e76e-4de6-4939-a35b-8dd16dffedc1 req-ce39e76e-4de6-4939-a35b-8dd16dffedc1 ] Request (ServersTestJSON:test_create_server_specify_multibyte_character_name): 200 GET http://10.180.1.21/compute/v2.1/servers/48bf3385-cbd6-4d6d-9fb0-e939c79b512c 0.053s
2025-04-03 02:07:59.581 69359 INFO tempest.common.waiters [-] State transition "BUILD/spawning" ==> "ACTIVE/None" after 72 second wait
2025-04-03 02:07:59.678 69359 INFO tempest.lib.common.rest_client [req-a829018e-6e35-40a8-ae86-f5cbbcd3e428 req-a829018e-6e35-40a8-ae86-f5cbbcd3e428 ] Request (ListServerFiltersTestJSON:setUpClass): 200 GET http://10.180.1.21/compute/v2.1/servers/7853e14e-a176-4efe-8d57-cf5301f7cfc5 0.096s
2025-04-03 02:07:59.681 69361 INFO tempest.lib.common.rest_client [req-ece3d42d-c110-4bc2-a76b-64791a5845c5 req-ece3d42d-c110-4bc2-a76b-64791a5845c5 ] Request (ServersListShow2100Test:tearDownClass): 200 GET http://10.180.1.21/compute/v2.1/servers/5f49c4d1-eb3a-4ae2-9618-75939aba359c 0.074s
2025-04-03 02:07:59.730 69309 INFO tempest.lib.common.rest_client [req-777b3419-1b59-474b-9175-336b26d91c26 req-777b3419-1b59-474b-9175-336b26d91c26 ] Request (DeleteServersTestJSON:test_delete_server_while_in_attached_volume): 200 GET http://10.180.1.21/compute/v2.1/servers/843e0a0e-f80d-4923-a134-b74f697676bd 0.062s
2025-04-03 02:07:59.778 69365 INFO tempest.lib.common.rest_client [req-48426307-0894-4c95-94e3-8aa4b6c65ef1 req-48426307-0894-4c95-94e3-8aa4b6c65ef1 ] Request (ServerDiskConfigTestJSON:test_resize_server_from_auto_to_manual): 200 GET http://10.180.1.21/compute/v2.1/servers/4e5c6360-bedf-41fb-99c6-24a25a0fb480 0.093s
2025-04-03 02:07:59.851 69327 INFO tempest.lib.common.rest_client [req-5b561796-ea0c-4e68-b931-630077500339 req-5b561796-ea0c-4e68-b931-630077500339 ] Request (ServerActionsV293TestJSON:setUpClass): 200 GET http://10.180.1.21/compute/v2.1/servers/06330785-2b9c-4968-8093-a2b3b9f12b09 0.221s
2025-04-03 02:07:59.865 69359 INFO tempest.lib.common.rest_client [req-c47fbb58-a7b4-4c49-94ba-40207da80431 req-c47fbb58-a7b4-4c49-94ba-40207da80431 ] Request (ListServerFiltersTestJSON:setUpClass): 200 GET http://10.180.1.21/compute/v2.1/servers/c1365559-8256-49d5-93c0-14cda0baa0f7 0.178s
2025-04-03 02:07:59.895 69367 INFO tempest.lib.common.rest_client [req-14af7268-5d0e-4fe6-b23f-b7fee2a15611 req-14af7268-5d0e-4fe6-b23f-b7fee2a15611 ] Request (AttachInterfacesUnderV243Test:test_add_remove_fixed_ip): 200 GET http://10.180.1.21/compute/v2.1/servers/9c287ac3-25c6-48bc-adf0-c1002eab1595 0.171s
2025-04-03 02:07:59.913 69323 INFO tempest.lib.common.rest_client [req-0471aebc-e40e-4d49-8e0c-86d942018988 req-0471aebc-e40e-4d49-8e0c-86d942018988 ] Request (ServerGroupTestJSON:test_create_server_with_scheduler_hint_group): 200 GET http://10.180.1.21/compute/v2.1/servers/b7563cb3-9bec-4c56-ac6a-99a7e69060ec 0.176s
2025-04-03 02:07:59.937 69345 INFO tempest.lib.common.rest_client [req-c522bc36-1341-43c0-9ef7-7397867de949 req-c522bc36-1341-43c0-9ef7-7397867de949 ] Request (ServerMetadataTestJSON:setUpClass): 200 GET http://10.180.1.21/compute/v2.1/servers/8048abd6-1f93-45c0-8ab0-299d67e3f5d0 0.175s
2025-04-03 02:07:59.965 69319 INFO tempest.lib.common.rest_client [req-9fecccbd-838c-4bbe-8d36-e51f1bf9e826 req-9fecccbd-838c-4bbe-8d36-e51f1bf9e826 ] Request (InstanceActionsNegativeTestJSON:tearDownClass): 200 GET http://10.180.1.21/compute/v2.1/servers/53c10b9e-713a-4341-ae1a-d37f0ae84ec1 0.169s
2025-04-03 02:07:59.983 69355 INFO tempest.lib.common.rest_client [req-13d131e1-f9da-4196-a998-45a6ff5fccff req-13d131e1-f9da-4196-a998-45a6ff5fccff ] Request (ServersAdminTestJSON:test_create_server_with_scheduling_hint): 200 GET http://10.180.1.21/compute/v2.1/servers/6d98b0bd-5c38-48db-8e34-6461537e6fcb 0.171s
2025-04-03 02:08:00.022 69335 INFO tempest.lib.common.rest_client [req-f54e88a5-e56b-46a1-9e13-16bbb38d967a req-f54e88a5-e56b-46a1-9e13-16bbb38d967a ] Request (FloatingIPsAssociationTestJSON:tearDownClass): 200 GET http://10.180.1.21/compute/v2.1/servers/5e566369-7f7f-4996-a001-a624344f0aeb 0.172s
2025-04-03 02:08:00.028 69307 INFO tempest.lib.common.rest_client [req-202b6cb4-83fd-450a-998f-b7375c8176f2 req-202b6cb4-83fd-450a-998f-b7375c8176f2 ] Request (ImagesNegativeTestJSON:test_create_image_from_deleted_server): 200 GET http://10.180.1.21/compute/v2.1/servers/1a74ae05-6c24-4d12-b773-e404059d53de 0.163s
2025-04-03 02:08:00.073 69369 INFO tempest.lib.common.rest_client [req-7155ebde-e343-4a36-b8fe-9467755ad2ba req-7155ebde-e343-4a36-b8fe-9467755ad2ba ] Request (ServersNegativeTestMultiTenantJSON:setUpClass): 200 GET http://10.180.1.21/compute/v2.1/servers/ff75765d-ebf0-4bbe-82d0-c302d46ba3a1 0.180s
2025-04-03 02:08:00.144 69339 INFO tempest.lib.common.rest_client [req-68992e3b-b825-4476-a7f9-19c719b174d5 req-68992e3b-b825-4476-a7f9-19c719b174d5 ] Request (VolumesAdminNegativeTest:test_update_attached_volume_with_nonexistent_volume_in_body): 200 GET http://10.180.1.21/compute/v2.1/servers/462c1bd7-8c6a-45f4-a711-7c66d4457532 0.233s
2025-04-03 02:08:00.151 69339 INFO tempest.common.waiters [-] State transition "BUILD/None" ==> "BUILD/networking" after 66 second wait
2025-04-03 02:08:00.195 69343 INFO tempest.lib.common.rest_client [req-7b92071f-c1ce-41f3-8c5e-8d8de4adbb8e req-7b92071f-c1ce-41f3-8c5e-8d8de4adbb8e ] Request (ListServersNegativeTestJSON:setUpClass): 200 GET http://10.180.1.21/compute/v2.1/servers/700d2210-01db-494b-85db-3cc04128c30f 0.249s
2025-04-03 02:08:00.208 69359 INFO tempest.lib.common.rest_client [req-2157e008-4658-4443-a8d0-fc731a84b8e8 req-2157e008-4658-4443-a8d0-fc731a84b8e8 ] Request (ListServerFiltersTestJSON:test_list_servers_detailed_filter_by_flavor): 200 GET http://10.180.1.21/compute/v2.1/servers/detail?flavor=84 0.335s
2025-04-03 02:08:00.241 69331 INFO tempest.lib.common.rest_client [req-f69e1f9c-a457-4bb4-af29-9d1eff841891 req-f69e1f9c-a457-4bb4-af29-9d1eff841891 ] Request (ServerActionsTestOtherB:setUpClass): 200 GET http://10.180.1.21/compute/v2.1/servers/50f4c6c7-b396-4190-90e9-736a7d9a73cf 0.275s
2025-04-03 02:08:00.253 69315 INFO tempest.lib.common.rest_client [req-dcca0ae0-ae32-4ee8-ae00-1d398933b31b req-dcca0ae0-ae32-4ee8-ae00-1d398933b31b ] Request (ImagesTestJSON:test_create_image_from_stopped_server): 200 GET http://10.180.1.21/compute/v2.1/servers/da7f2d7c-c7d4-41ce-b9f9-69f6159a6b15 0.261s
2025-04-03 02:08:00.405 69359 INFO tempest.lib.common.rest_client [req-f9d8a7d4-e210-4e75-a423-553f5ea3a4e6 req-f9d8a7d4-e210-4e75-a423-553f5ea3a4e6 ] Request (ListServerFiltersTestJSON:test_list_servers_detailed_filter_by_server_name): 200 GET http://10.180.1.21/compute/v2.1/servers/detail?name=tempest-ListServerFiltersTestJSON-instance-296196412 0.189s
2025-04-03 02:08:00.508 69347 WARNING tempest.lib.common.ssh [-] Failed to establish authenticated ssh connection to cirros@10.180.180.158 ([Errno None] Unable to connect to port 22 on 10.180.180.158). Number attempts: 2. Retry after 3 seconds.: paramiko.ssh_exception.NoValidConnectionsError: [Errno None] Unable to connect to port 22 on 10.180.180.158
2025-04-03 02:08:00.558 69333 INFO tempest.lib.common.rest_client [req-17637545-08cc-4fcf-ac95-d860ed7f8312 req-17637545-08cc-4fcf-ac95-d860ed7f8312 ] Request (SecurityGroupsTestJSON:test_list_security_groups_by_server): 200 GET http://10.180.1.21/compute/v2.1/servers/cf922d35-a893-47fb-9a06-b2bcdc7aecbc 0.121s
2025-04-03 02:08:00.595 69359 INFO tempest.lib.common.rest_client [req-f36f82b5-213e-46da-8dc0-7a95b240e676 req-f36f82b5-213e-46da-8dc0-7a95b240e676 ] Request (ListServerFiltersTestJSON:test_list_servers_detailed_filter_by_server_status): 200 GET http://10.180.1.21/compute/v2.1/servers/detail?status=active 0.179s
2025-04-03 02:08:00.664 69317 INFO tempest.lib.common.rest_client [req-251b7ab5-56d2-4790-a5ea-802d9ecf3dc4 req-251b7ab5-56d2-4790-a5ea-802d9ecf3dc4 ] Request (ImagesOneServerTestJSON:tearDownClass): 200 GET http://10.180.1.21/compute/v2.1/servers/945e45cd-0fdb-4b30-bdd0-eecd9f3456f1 0.170s
2025-04-03 02:08:00.688 69311 INFO tempest.lib.common.rest_client [req-2b0144cf-16ca-4a5e-99e1-12901c2f068b req-2b0144cf-16ca-4a5e-99e1-12901c2f068b ] Request (MigrationsAdminTest:test_list_migrations_in_flavor_resize_situation): 200 GET http://10.180.1.21/compute/v2.1/servers/22dc8f1f-38c6-4323-bbc6-242c547c2483 0.218s
2025-04-03 02:08:00.722 69321 INFO tempest.lib.common.rest_client [req-559bffc6-3c12-41db-a23a-f7b6698bd3ab req-559bffc6-3c12-41db-a23a-f7b6698bd3ab ] Request (ServersAdminNegativeTestJSON:tearDownClass): 200 GET http://10.180.1.21/compute/v2.1/servers/cae92c82-6fa0-485e-a58b-6eba91567a78 0.195s
2025-04-03 02:08:00.752 69351 INFO tempest.lib.common.rest_client [req-3fa8aaab-38b9-47d9-ade9-23686c35e1c7 req-3fa8aaab-38b9-47d9-ade9-23686c35e1c7 ] Request (ServersTestJSON:test_create_server_specify_multibyte_character_name): 200 GET http://10.180.1.21/compute/v2.1/servers/48bf3385-cbd6-4d6d-9fb0-e939c79b512c 0.164s
2025-04-03 02:08:00.826 69361 INFO tempest.lib.common.rest_client [req-c1efeaaa-bc83-48d2-b73a-766aa12395b8 req-c1efeaaa-bc83-48d2-b73a-766aa12395b8 ] Request (ServersListShow2100Test:tearDownClass): 200 GET http://10.180.1.21/compute/v2.1/servers/5f49c4d1-eb3a-4ae2-9618-75939aba359c 0.130s
2025-04-03 02:08:00.853 69359 INFO tempest.lib.common.rest_client [req-63029dc0-75e6-4741-a5e9-f7c66a5446c7 req-63029dc0-75e6-4741-a5e9-f7c66a5446c7 ] Request (ListServerFiltersTestJSON:test_list_servers_detailed_limit_results): 200 GET http://10.180.1.21/compute/v2.1/servers/detail?limit=1 0.239s
2025-04-03 02:08:00.886 69309 INFO tempest.lib.common.rest_client [req-2c5f2732-88ff-4134-b537-2ef2a5b12324 req-2c5f2732-88ff-4134-b537-2ef2a5b12324 ] Request (DeleteServersTestJSON:test_delete_server_while_in_attached_volume): 200 GET http://10.180.1.21/compute/v2.1/servers/843e0a0e-f80d-4923-a134-b74f697676bd 0.139s
2025-04-03 02:08:00.926 69365 INFO tempest.lib.common.rest_client [req-892a40e4-c8b9-4847-9f9d-0a73ea04e051 req-892a40e4-c8b9-4847-9f9d-0a73ea04e051 ] Request (ServerDiskConfigTestJSON:test_resize_server_from_auto_to_manual): 200 GET http://10.180.1.21/compute/v2.1/servers/4e5c6360-bedf-41fb-99c6-24a25a0fb480 0.139s
2025-04-03 02:08:01.010 69327 INFO tempest.lib.common.rest_client [req-09a64012-ac7a-49ae-89eb-a05dd8de2f77 req-09a64012-ac7a-49ae-89eb-a05dd8de2f77 ] Request (ServerActionsV293TestJSON:setUpClass): 200 GET http://10.180.1.21/compute/v2.1/servers/06330785-2b9c-4968-8093-a2b3b9f12b09 0.148s
2025-04-03 02:08:01.068 69367 INFO tempest.lib.common.rest_client [req-c5ccf98f-0475-4f71-b681-18dc5cb898af req-c5ccf98f-0475-4f71-b681-18dc5cb898af ] Request (AttachInterfacesUnderV243Test:test_add_remove_fixed_ip): 200 GET http://10.180.1.21/compute/v2.1/servers/9c287ac3-25c6-48bc-adf0-c1002eab1595 0.164s
2025-04-03 02:08:01.147 69323 INFO tempest.lib.common.rest_client [req-d8597f4f-b65f-4550-8643-79046ffe98f4 req-d8597f4f-b65f-4550-8643-79046ffe98f4 ] Request (ServerGroupTestJSON:test_create_server_with_scheduler_hint_group): 200 GET http://10.180.1.21/compute/v2.1/servers/b7563cb3-9bec-4c56-ac6a-99a7e69060ec 0.226s
2025-04-03 02:08:01.205 69345 INFO tempest.lib.common.rest_client [req-5fd57fcd-5ac5-4d12-ab75-4acfc38835fb req-5fd57fcd-5ac5-4d12-ab75-4acfc38835fb ] Request (ServerMetadataTestJSON:setUpClass): 200 GET http://10.180.1.21/compute/v2.1/servers/8048abd6-1f93-45c0-8ab0-299d67e3f5d0 0.259s
2025-04-03 02:08:01.266 69319 INFO tempest.lib.common.rest_client [req-0b6fd4ee-313a-4120-9379-9027bfbec256 req-0b6fd4ee-313a-4120-9379-9027bfbec256 ] Request (InstanceActionsNegativeTestJSON:tearDownClass): 200 GET http://10.180.1.21/compute/v2.1/servers/53c10b9e-713a-4341-ae1a-d37f0ae84ec1 0.287s
2025-04-03 02:08:01.273 69359 INFO tempest.lib.common.rest_client [req-efab1768-84e5-4c71-a537-683fb6bfe76e req-efab1768-84e5-4c71-a537-683fb6bfe76e ] Request (ListServerFiltersTestJSON:test_list_servers_filter_by_active_status): 200 GET http://10.180.1.21/compute/v2.1/servers?status=active 0.403s
2025-04-03 02:08:01.316 69355 INFO tempest.lib.common.rest_client [req-992d3511-f385-4742-aeac-612148133ab7 req-992d3511-f385-4742-aeac-612148133ab7 ] Request (ServersAdminTestJSON:test_create_server_with_scheduling_hint): 200 GET http://10.180.1.21/compute/v2.1/servers/6d98b0bd-5c38-48db-8e34-6461537e6fcb 0.325s
2025-04-03 02:08:01.324 69355 INFO tempest.common.waiters [-] State transition "BUILD/scheduling" ==> "BUILD/None" after 40 second wait
2025-04-03 02:08:01.327 69335 INFO tempest.lib.common.rest_client [req-6b91eb06-1a9e-4a0e-8949-2e172f8dbbc0 req-6b91eb06-1a9e-4a0e-8949-2e172f8dbbc0 ] Request (FloatingIPsAssociationTestJSON:tearDownClass): 200 GET http://10.180.1.21/compute/v2.1/servers/5e566369-7f7f-4996-a001-a624344f0aeb 0.297s
2025-04-03 02:08:01.374 69369 INFO tempest.lib.common.rest_client [req-6274f902-0816-4a37-a64d-2b2926851708 req-6274f902-0816-4a37-a64d-2b2926851708 ] Request (ServersNegativeTestMultiTenantJSON:setUpClass): 200 GET http://10.180.1.21/compute/v2.1/servers/ff75765d-ebf0-4bbe-82d0-c302d46ba3a1 0.289s
2025-04-03 02:08:01.377 69307 INFO tempest.lib.common.rest_client [req-648689a8-7d82-4e44-ab05-f8f93a351396 req-648689a8-7d82-4e44-ab05-f8f93a351396 ] Request (ImagesNegativeTestJSON:test_create_image_from_deleted_server): 200 GET http://10.180.1.21/compute/v2.1/servers/1a74ae05-6c24-4d12-b773-e404059d53de 0.334s
2025-04-03 02:08:01.430 69343 INFO tempest.lib.common.rest_client [req-47eba5b9-40e8-4e43-80f5-b3fb1ec8730e req-47eba5b9-40e8-4e43-80f5-b3fb1ec8730e ] Request (ListServersNegativeTestJSON:setUpClass): 200 GET http://10.180.1.21/compute/v2.1/servers/700d2210-01db-494b-85db-3cc04128c30f 0.227s
2025-04-03 02:08:01.480 69331 INFO tempest.lib.common.rest_client [req-b8df7da3-485d-432b-9552-5609178cf6f6 req-b8df7da3-485d-432b-9552-5609178cf6f6 ] Request (ServerActionsTestOtherB:setUpClass): 200 GET http://10.180.1.21/compute/v2.1/servers/50f4c6c7-b396-4190-90e9-736a7d9a73cf 0.231s
2025-04-03 02:08:01.481 69339 INFO tempest.lib.common.rest_client [req-479f65f4-f790-4522-b059-ed499179973a req-479f65f4-f790-4522-b059-ed499179973a ] Request (VolumesAdminNegativeTest:test_update_attached_volume_with_nonexistent_volume_in_body): 200 GET http://10.180.1.21/compute/v2.1/servers/462c1bd7-8c6a-45f4-a711-7c66d4457532 0.329s
2025-04-03 02:08:01.491 69339 INFO tempest.common.waiters [-] State transition "BUILD/networking" ==> "BUILD/block_device_mapping" after 67 second wait
2025-04-03 02:08:01.527 69315 INFO tempest.lib.common.rest_client [req-8e39844f-1ec5-4a1c-a8a0-25757702ba33 req-8e39844f-1ec5-4a1c-a8a0-25757702ba33 ] Request (ImagesTestJSON:test_create_image_from_stopped_server): 200 GET http://10.180.1.21/compute/v2.1/servers/da7f2d7c-c7d4-41ce-b9f9-69f6159a6b15 0.267s
2025-04-03 02:08:01.560 69359 INFO tempest.lib.common.rest_client [req-56088e0e-94c5-4963-8cf9-e73ea2b21807 req-56088e0e-94c5-4963-8cf9-e73ea2b21807 ] Request (ListServerFiltersTestJSON:test_list_servers_filter_by_exceed_limit): 200 GET http://10.180.1.21/compute/v2.1/servers?limit=100000 0.283s
2025-04-03 02:08:01.612 69359 INFO tempest.lib.common.rest_client [req-e02f77ef-ab1d-4160-b1e2-0dd86fc47702 req-e02f77ef-ab1d-4160-b1e2-0dd86fc47702 ] Request (ListServerFiltersTestJSON:test_list_servers_filter_by_exceed_limit): 200 GET http://10.180.1.21/compute/v2.1/servers 0.048s
2025-04-03 02:08:01.680 69333 INFO tempest.lib.common.rest_client [req-aa012ddf-098d-4ae1-ad1a-4bbdd3d118d4 req-aa012ddf-098d-4ae1-ad1a-4bbdd3d118d4 ] Request (SecurityGroupsTestJSON:test_list_security_groups_by_server): 200 GET http://10.180.1.21/compute/v2.1/servers/cf922d35-a893-47fb-9a06-b2bcdc7aecbc 0.113s
2025-04-03 02:08:01.697 69359 INFO tempest.lib.common.rest_client [req-8161e8ae-fbbc-4c2a-9b10-673451cb6a7b req-8161e8ae-fbbc-4c2a-9b10-673451cb6a7b ] Request (ListServerFiltersTestJSON:test_list_servers_filter_by_flavor): 200 GET http://10.180.1.21/compute/v2.1/servers?flavor=84 0.083s
2025-04-03 02:08:01.736 69317 INFO tempest.lib.common.rest_client [req-5d34efb2-c372-4725-940d-be7c099fbe25 req-5d34efb2-c372-4725-940d-be7c099fbe25 ] Request (ImagesOneServerTestJSON:tearDownClass): 200 GET http://10.180.1.21/compute/v2.1/servers/945e45cd-0fdb-4b30-bdd0-eecd9f3456f1 0.061s
2025-04-03 02:08:01.762 69359 INFO tempest.lib.common.rest_client [req-ce870582-f7b6-4898-b8a2-f66a8eccb83b req-ce870582-f7b6-4898-b8a2-f66a8eccb83b ] Request (ListServerFiltersTestJSON:test_list_servers_filter_by_limit): 200 GET http://10.180.1.21/compute/v2.1/servers?limit=1 0.061s
2025-04-03 02:08:01.787 69311 INFO tempest.lib.common.rest_client [req-cccd6253-5fb9-4501-bad9-5a0a6e8cc5ad req-cccd6253-5fb9-4501-bad9-5a0a6e8cc5ad ] Request (MigrationsAdminTest:test_list_migrations_in_flavor_resize_situation): 200 GET http://10.180.1.21/compute/v2.1/servers/22dc8f1f-38c6-4323-bbc6-242c547c2483 0.090s
2025-04-03 02:08:01.816 69321 INFO tempest.lib.common.rest_client [req-0aafdd82-29d4-4501-883d-a677e97f1c14 req-0aafdd82-29d4-4501-883d-a677e97f1c14 ] Request (ServersAdminNegativeTestJSON:tearDownClass): 200 GET http://10.180.1.21/compute/v2.1/servers/cae92c82-6fa0-485e-a58b-6eba91567a78 0.085s
2025-04-03 02:08:01.836 69351 INFO tempest.lib.common.rest_client [req-7dd69407-9151-499f-aee7-fb1ed74fe0b5 req-7dd69407-9151-499f-aee7-fb1ed74fe0b5 ] Request (ServersTestJSON:test_create_server_specify_multibyte_character_name): 200 GET http://10.180.1.21/compute/v2.1/servers/48bf3385-cbd6-4d6d-9fb0-e939c79b512c 0.072s
2025-04-03 02:08:01.891 69359 INFO tempest.lib.common.rest_client [req-58ef5def-63ad-4bc6-9a28-5669f0edcd3d req-58ef5def-63ad-4bc6-9a28-5669f0edcd3d ] Request (ListServerFiltersTestJSON:test_list_servers_filter_by_server_name): 200 GET http://10.180.1.21/compute/v2.1/servers?name=tempest-ListServerFiltersTestJSON-instance-296196412 0.126s
2025-04-03 02:08:01.907 69361 INFO tempest.lib.common.rest_client [req-3556a2ae-4dbf-4ee1-9f56-3c94403ea8f3 req-3556a2ae-4dbf-4ee1-9f56-3c94403ea8f3 ] Request (ServersListShow2100Test:tearDownClass): 200 GET http://10.180.1.21/compute/v2.1/servers/5f49c4d1-eb3a-4ae2-9618-75939aba359c 0.066s
2025-04-03 02:08:01.949 69309 INFO tempest.lib.common.rest_client [req-fd59adb9-c5ee-40e3-b748-688dd1e672bf req-fd59adb9-c5ee-40e3-b748-688dd1e672bf ] Request (DeleteServersTestJSON:test_delete_server_while_in_attached_volume): 200 GET http://10.180.1.21/compute/v2.1/servers/843e0a0e-f80d-4923-a134-b74f697676bd 0.047s
2025-04-03 02:08:01.954 69359 INFO tempest.lib.common.rest_client [req-48bca9ae-b653-47bf-9009-e8c2b128d18a req-48bca9ae-b653-47bf-9009-e8c2b128d18a ] Request (ListServerFiltersTestJSON:test_list_servers_filter_by_shutoff_status): 202 POST http://10.180.1.21/compute/v2.1/servers/7853e14e-a176-4efe-8d57-cf5301f7cfc5/action 0.060s
2025-04-03 02:08:01.997 69365 INFO tempest.lib.common.rest_client [req-5f631b75-de75-4f50-8787-fdd82be76d57 req-5f631b75-de75-4f50-8787-fdd82be76d57 ] Request (ServerDiskConfigTestJSON:test_resize_server_from_auto_to_manual): 200 GET http://10.180.1.21/compute/v2.1/servers/4e5c6360-bedf-41fb-99c6-24a25a0fb480 0.059s
2025-04-03 02:08:02.072 69359 INFO tempest.lib.common.rest_client [req-a4c9356d-cdd7-4990-8848-b6e196bd269a req-a4c9356d-cdd7-4990-8848-b6e196bd269a ] Request (ListServerFiltersTestJSON:test_list_servers_filter_by_shutoff_status): 200 GET http://10.180.1.21/compute/v2.1/servers/7853e14e-a176-4efe-8d57-cf5301f7cfc5 0.118s
2025-04-03 02:08:02.119 69327 INFO tempest.lib.common.rest_client [req-5e652b6d-ea84-4e8d-8e26-61dbc818e841 req-5e652b6d-ea84-4e8d-8e26-61dbc818e841 ] Request (ServerActionsV293TestJSON:setUpClass): 200 GET http://10.180.1.21/compute/v2.1/servers/06330785-2b9c-4968-8093-a2b3b9f12b09 0.096s
2025-04-03 02:08:02.130 69367 INFO tempest.lib.common.rest_client [req-59892f52-4711-4f95-a781-dca2a8683751 req-59892f52-4711-4f95-a781-dca2a8683751 ] Request (AttachInterfacesUnderV243Test:test_add_remove_fixed_ip): 200 GET http://10.180.1.21/compute/v2.1/servers/9c287ac3-25c6-48bc-adf0-c1002eab1595 0.049s
2025-04-03 02:08:02.201 69323 INFO tempest.lib.common.rest_client [req-36317e0a-45a7-49b9-81ca-6ba6fa35fa2f req-36317e0a-45a7-49b9-81ca-6ba6fa35fa2f ] Request (ServerGroupTestJSON:test_create_server_with_scheduler_hint_group): 200 GET http://10.180.1.21/compute/v2.1/servers/b7563cb3-9bec-4c56-ac6a-99a7e69060ec 0.046s
2025-04-03 02:08:02.259 69345 INFO tempest.lib.common.rest_client [req-792a4e2b-c0b1-469d-ada9-6c9c4b80011f req-792a4e2b-c0b1-469d-ada9-6c9c4b80011f ] Request (ServerMetadataTestJSON:setUpClass): 200 GET http://10.180.1.21/compute/v2.1/servers/8048abd6-1f93-45c0-8ab0-299d67e3f5d0 0.046s
2025-04-03 02:08:02.336 69319 INFO tempest.lib.common.rest_client [req-a7da9a5a-4f39-419d-9ed7-a09b986dc69b req-a7da9a5a-4f39-419d-9ed7-a09b986dc69b ] Request (InstanceActionsNegativeTestJSON:tearDownClass): 200 GET http://10.180.1.21/compute/v2.1/servers/53c10b9e-713a-4341-ae1a-d37f0ae84ec1 0.060s
2025-04-03 02:08:02.373 69355 INFO tempest.lib.common.rest_client [req-978ea9a1-9cfa-4e91-8785-adc5dfc692f0 req-978ea9a1-9cfa-4e91-8785-adc5dfc692f0 ] Request (ServersAdminTestJSON:test_create_server_with_scheduling_hint): 200 GET http://10.180.1.21/compute/v2.1/servers/6d98b0bd-5c38-48db-8e34-6461537e6fcb 0.049s
2025-04-03 02:08:02.399 69335 INFO tempest.lib.common.rest_client [req-4f4c7a75-3895-44a2-a3a4-53d101732411 req-4f4c7a75-3895-44a2-a3a4-53d101732411 ] Request (FloatingIPsAssociationTestJSON:tearDownClass): 200 GET http://10.180.1.21/compute/v2.1/servers/5e566369-7f7f-4996-a001-a624344f0aeb 0.064s
2025-04-03 02:08:02.430 69369 INFO tempest.lib.common.rest_client [req-e7bb5847-7ae2-49b4-9ba7-868179225887 req-e7bb5847-7ae2-49b4-9ba7-868179225887 ] Request (ServersNegativeTestMultiTenantJSON:setUpClass): 200 GET http://10.180.1.21/compute/v2.1/servers/ff75765d-ebf0-4bbe-82d0-c302d46ba3a1 0.048s
2025-04-03 02:08:02.449 69307 INFO tempest.lib.common.rest_client [req-37ee8abb-f092-4aa2-a9d4-212a005fe494 req-37ee8abb-f092-4aa2-a9d4-212a005fe494 ] Request (ImagesNegativeTestJSON:test_create_image_from_deleted_server): 200 GET http://10.180.1.21/compute/v2.1/servers/1a74ae05-6c24-4d12-b773-e404059d53de 0.064s
2025-04-03 02:08:02.460 69343 INFO tempest.lib.common.rest_client [req-d91a4825-fb45-4571-a8b6-957d184fcbf1 req-d91a4825-fb45-4571-a8b6-957d184fcbf1 ] Request (ListServersNegativeTestJSON:setUpClass): 404 GET http://10.180.1.21/compute/v2.1/servers/700d2210-01db-494b-85db-3cc04128c30f 0.022s
2025-04-03 02:08:02.518 69343 INFO tempest.lib.common.rest_client [req-c7d2088b-719b-41b9-8f5d-398c483eab61 req-c7d2088b-719b-41b9-8f5d-398c483eab61 ] Request (ListServersNegativeTestJSON:test_list_servers_by_changes_since_future_date): 200 GET http://10.180.1.21/compute/v2.1/servers?changes-since=2051-01-01T12%3A34%3A00Z&status=ACTIVE 0.057s
2025-04-03 02:08:02.541 69331 INFO tempest.lib.common.rest_client [req-376ee1af-0235-4a79-b5d4-3e3264b63c17 req-376ee1af-0235-4a79-b5d4-3e3264b63c17 ] Request (ServerActionsTestOtherB:setUpClass): 200 GET http://10.180.1.21/compute/v2.1/servers/50f4c6c7-b396-4190-90e9-736a7d9a73cf 0.053s
2025-04-03 02:08:02.548 69343 INFO tempest.lib.common.rest_client [req-4526ccec-984c-48c7-b892-ce784782e0d0 req-4526ccec-984c-48c7-b892-ce784782e0d0 ] Request (ListServersNegativeTestJSON:test_list_servers_by_changes_since_invalid_date): 400 GET http://10.180.1.21/compute/v2.1/servers?changes-since=2011%2F01%2F01 0.026s
2025-04-03 02:08:02.604 69339 INFO tempest.lib.common.rest_client [req-918dc3e5-7b6c-4160-aece-20db967a65bf req-918dc3e5-7b6c-4160-aece-20db967a65bf ] Request (VolumesAdminNegativeTest:test_update_attached_volume_with_nonexistent_volume_in_body): 200 GET http://10.180.1.21/compute/v2.1/servers/462c1bd7-8c6a-45f4-a711-7c66d4457532 0.113s
2025-04-03 02:08:02.604 69315 INFO tempest.lib.common.rest_client [req-2ee52ef6-0c45-49f8-976b-c7dcd1b89cf0 req-2ee52ef6-0c45-49f8-976b-c7dcd1b89cf0 ] Request (ImagesTestJSON:test_create_image_from_stopped_server): 200 GET http://10.180.1.21/compute/v2.1/servers/da7f2d7c-c7d4-41ce-b9f9-69f6159a6b15 0.069s
2025-04-03 02:08:02.611 69339 INFO tempest.common.waiters [-] State transition "BUILD/block_device_mapping" ==> "BUILD/spawning" after 68 second wait
2025-04-03 02:08:02.659 69343 INFO tempest.lib.common.rest_client [req-008959ce-792a-443b-8f01-aa5a17aea7f6 req-008959ce-792a-443b-8f01-aa5a17aea7f6 ] Request (ListServersNegativeTestJSON:test_list_servers_by_limits_greater_than_actual_count): 200 GET http://10.180.1.21/compute/v2.1/servers 0.109s
2025-04-03 02:08:02.708 69343 INFO tempest.lib.common.rest_client [req-edd61fdf-7e73-4fec-956c-3ad2baa7d988 req-edd61fdf-7e73-4fec-956c-3ad2baa7d988 ] Request (ListServersNegativeTestJSON:test_list_servers_by_limits_greater_than_actual_count): 200 GET http://10.180.1.21/compute/v2.1/servers?limit=102 0.045s
2025-04-03 02:08:02.717 69343 INFO tempest.lib.common.rest_client [req-1e6d2752-4a80-4b9e-bdc7-d2190b9a5f84 req-1e6d2752-4a80-4b9e-bdc7-d2190b9a5f84 ] Request (ListServersNegativeTestJSON:test_list_servers_by_limits_pass_negative_value): 400 GET http://10.180.1.21/compute/v2.1/servers?limit=-1 0.007s
2025-04-03 02:08:02.726 69343 INFO tempest.lib.common.rest_client [req-0637fe2e-ac82-4d7e-91d6-6d79e05505df req-0637fe2e-ac82-4d7e-91d6-6d79e05505df ] Request (ListServersNegativeTestJSON:test_list_servers_by_limits_pass_string): 400 GET http://10.180.1.21/compute/v2.1/servers?limit=testing 0.007s
2025-04-03 02:08:02.740 69343 INFO tempest.lib.common.rest_client [req-35268ab6-3af7-43a0-834c-3bfbc9a4b0aa req-35268ab6-3af7-43a0-834c-3bfbc9a4b0aa ] Request (ListServersNegativeTestJSON:test_list_servers_by_non_existing_flavor): 200 GET http://10.180.1.21/compute/v2.1/servers?flavor=non_existing_flavor 0.013s
2025-04-03 02:08:02.801 69317 INFO tempest.lib.common.rest_client [req-cc9d2e2c-9922-4e27-b6bf-6631a72e8ca0 req-cc9d2e2c-9922-4e27-b6bf-6631a72e8ca0 ] Request (ImagesOneServerTestJSON:tearDownClass): 200 GET http://10.180.1.21/compute/v2.1/servers/945e45cd-0fdb-4b30-bdd0-eecd9f3456f1 0.057s
2025-04-03 02:08:02.820 69333 INFO tempest.lib.common.rest_client [req-75ec4b13-c62c-4206-87dc-5ebaf3b983e0 req-75ec4b13-c62c-4206-87dc-5ebaf3b983e0 ] Request (SecurityGroupsTestJSON:test_list_security_groups_by_server): 200 GET http://10.180.1.21/compute/v2.1/servers/cf922d35-a893-47fb-9a06-b2bcdc7aecbc 0.132s
2025-04-03 02:08:02.920 69311 INFO tempest.lib.common.rest_client [req-fb6eee49-13d9-4c84-98ea-23ffd165fa6f req-fb6eee49-13d9-4c84-98ea-23ffd165fa6f ] Request (MigrationsAdminTest:test_list_migrations_in_flavor_resize_situation): 200 GET http://10.180.1.21/compute/v2.1/servers/22dc8f1f-38c6-4323-bbc6-242c547c2483 0.124s
2025-04-03 02:08:02.982 69321 INFO tempest.lib.common.rest_client [req-72fe55e1-1dd2-4a20-9a04-5d4595dbb838 req-72fe55e1-1dd2-4a20-9a04-5d4595dbb838 ] Request (ServersAdminNegativeTestJSON:tearDownClass): 200 GET http://10.180.1.21/compute/v2.1/servers/cae92c82-6fa0-485e-a58b-6eba91567a78 0.158s
2025-04-03 02:08:03.042 69351 INFO tempest.lib.common.rest_client [req-34b59d3e-8bb0-4319-8cd8-ed7cb2d7992c req-34b59d3e-8bb0-4319-8cd8-ed7cb2d7992c ] Request (ServersTestJSON:test_create_server_specify_multibyte_character_name): 200 GET http://10.180.1.21/compute/v2.1/servers/48bf3385-cbd6-4d6d-9fb0-e939c79b512c 0.198s
2025-04-03 02:08:03.091 69343 INFO tempest.lib.common.rest_client [req-a4f2b70e-aaa5-44b2-8060-6e9582a731e8 req-a4f2b70e-aaa5-44b2-8060-6e9582a731e8 ] Request (ListServersNegativeTestJSON:test_list_servers_by_non_existing_image): 200 GET http://10.180.1.21/compute/v2.1/servers?image=non_existing_image 0.348s
2025-04-03 02:08:03.109 69361 INFO tempest.lib.common.rest_client [req-5d6f1d54-eb9b-492d-a5bc-1d8eaa10a608 req-5d6f1d54-eb9b-492d-a5bc-1d8eaa10a608 ] Request (ServersListShow2100Test:tearDownClass): 200 GET http://10.180.1.21/compute/v2.1/servers/5f49c4d1-eb3a-4ae2-9618-75939aba359c 0.188s
2025-04-03 02:08:03.133 69353 WARNING tempest.lib.common.ssh [-] Failed to establish authenticated ssh connection to cirros@10.180.180.177 ([Errno None] Unable to connect to port 22 on 10.180.180.177). Number attempts: 11. Retry after 12 seconds.: paramiko.ssh_exception.NoValidConnectionsError: [Errno None] Unable to connect to port 22 on 10.180.180.177
2025-04-03 02:08:03.142 69309 INFO tempest.lib.common.rest_client [req-4ac1032d-1515-473e-b5b7-17619ee40c41 req-4ac1032d-1515-473e-b5b7-17619ee40c41 ] Request (DeleteServersTestJSON:test_delete_server_while_in_attached_volume): 200 GET http://10.180.1.21/compute/v2.1/servers/843e0a0e-f80d-4923-a134-b74f697676bd 0.180s
2025-04-03 02:08:03.160 69365 INFO tempest.lib.common.rest_client [req-8061b264-6057-4160-9150-c8773a2c6b9d req-8061b264-6057-4160-9150-c8773a2c6b9d ] Request (ServerDiskConfigTestJSON:test_resize_server_from_auto_to_manual): 200 GET http://10.180.1.21/compute/v2.1/servers/4e5c6360-bedf-41fb-99c6-24a25a0fb480 0.155s
2025-04-03 02:08:03.181 69343 INFO tempest.lib.common.rest_client [req-b9c66cc4-1af3-4d26-b664-790975214d77 req-b9c66cc4-1af3-4d26-b664-790975214d77 ] Request (ListServersNegativeTestJSON:test_list_servers_by_non_existing_server_name): 200 GET http://10.180.1.21/compute/v2.1/servers?name=non_existing_server_name 0.087s
2025-04-03 02:08:03.226 69359 INFO tempest.lib.common.rest_client [req-d02c88af-46d7-4b10-815a-2ebdcc50060c req-d02c88af-46d7-4b10-815a-2ebdcc50060c ] Request (ListServerFiltersTestJSON:test_list_servers_filter_by_shutoff_status): 200 GET http://10.180.1.21/compute/v2.1/servers/7853e14e-a176-4efe-8d57-cf5301f7cfc5 0.145s
2025-04-03 02:08:03.276 69367 INFO tempest.lib.common.rest_client [req-ce50b029-d07f-4a00-b3fe-afb025ea8ed4 req-ce50b029-d07f-4a00-b3fe-afb025ea8ed4 ] Request (AttachInterfacesUnderV243Test:test_add_remove_fixed_ip): 200 GET http://10.180.1.21/compute/v2.1/servers/9c287ac3-25c6-48bc-adf0-c1002eab1595 0.138s
2025-04-03 02:08:03.297 69327 INFO tempest.lib.common.rest_client [req-b6607e70-3caa-4465-aedb-017e19683dd7 req-b6607e70-3caa-4465-aedb-017e19683dd7 ] Request (ServerActionsV293TestJSON:setUpClass): 200 GET http://10.180.1.21/compute/v2.1/servers/06330785-2b9c-4968-8093-a2b3b9f12b09 0.167s
2025-04-03 02:08:03.308 69327 INFO tempest.common.waiters [-] State transition "BUILD/spawning" ==> "ACTIVE/None" after 73 second wait
2025-04-03 02:08:03.346 69323 INFO tempest.lib.common.rest_client [req-12ff1131-fc0c-4238-b59a-60938c503471 req-12ff1131-fc0c-4238-b59a-60938c503471 ] Request (ServerGroupTestJSON:test_create_server_with_scheduler_hint_group): 200 GET http://10.180.1.21/compute/v2.1/servers/b7563cb3-9bec-4c56-ac6a-99a7e69060ec 0.137s
2025-04-03 02:08:03.393 69345 INFO tempest.lib.common.rest_client [req-d09db23d-0f4e-470c-bc66-073854538c65 req-d09db23d-0f4e-470c-bc66-073854538c65 ] Request (ServerMetadataTestJSON:setUpClass): 200 GET http://10.180.1.21/compute/v2.1/servers/8048abd6-1f93-45c0-8ab0-299d67e3f5d0 0.126s
2025-04-03 02:08:03.459 69327 INFO tempest.lib.common.rest_client [req-37098332-d145-4028-a30f-d159d63ba495 req-37098332-d145-4028-a30f-d159d63ba495 ] Request (ServerActionsV293TestJSON:setUpClass): 200 GET http://10.180.1.21/compute/v2.1/servers/06330785-2b9c-4968-8093-a2b3b9f12b09/os-interface 0.151s
2025-04-03 02:08:03.481 69343 INFO tempest.lib.common.rest_client [req-362bb78f-3e8c-4b48-a80d-eb2cc0c13c12 req-362bb78f-3e8c-4b48-a80d-eb2cc0c13c12 ] Request (ListServersNegativeTestJSON:test_list_servers_detail_server_is_deleted): 200 GET http://10.180.1.21/compute/v2.1/servers/detail 0.296s
2025-04-03 02:08:03.518 69319 INFO tempest.lib.common.rest_client [req-de9ec95e-80bb-4ddf-97bb-e955705334a4 req-de9ec95e-80bb-4ddf-97bb-e955705334a4 ] Request (InstanceActionsNegativeTestJSON:tearDownClass): 200 GET http://10.180.1.21/compute/v2.1/servers/53c10b9e-713a-4341-ae1a-d37f0ae84ec1 0.174s
2025-04-03 02:08:03.544 69355 INFO tempest.lib.common.rest_client [req-0dbe5dd3-3086-4175-9f3e-d7d56edeb580 req-0dbe5dd3-3086-4175-9f3e-d7d56edeb580 ] Request (ServersAdminTestJSON:test_create_server_with_scheduling_hint): 200 GET http://10.180.1.21/compute/v2.1/servers/6d98b0bd-5c38-48db-8e34-6461537e6fcb 0.159s
2025-04-03 02:08:03.589 69335 INFO tempest.lib.common.rest_client [req-db7c7cae-86b3-4413-b47a-11482046697c req-db7c7cae-86b3-4413-b47a-11482046697c ] Request (FloatingIPsAssociationTestJSON:tearDownClass): 200 GET http://10.180.1.21/compute/v2.1/servers/5e566369-7f7f-4996-a001-a624344f0aeb 0.180s
2025-04-03 02:08:03.605 69369 INFO tempest.lib.common.rest_client [req-f9b93f06-18d4-428e-8db5-58bee7157ca5 req-f9b93f06-18d4-428e-8db5-58bee7157ca5 ] Request (ServersNegativeTestMultiTenantJSON:setUpClass): 200 GET http://10.180.1.21/compute/v2.1/servers/ff75765d-ebf0-4bbe-82d0-c302d46ba3a1 0.167s
2025-04-03 02:08:03.611 69343 INFO tempest.lib.common.rest_client [req-ed0ad3df-8dc8-46b5-9668-1ab93957398b req-ed0ad3df-8dc8-46b5-9668-1ab93957398b ] Request (ListServersNegativeTestJSON:test_list_servers_status_non_existing): 200 GET http://10.180.1.21/compute/v2.1/servers?status=non_existing_status 0.120s
2025-04-03 02:08:03.634 69307 INFO tempest.lib.common.rest_client [req-977c272b-c871-4550-bc7a-6ca0aedf3d72 req-977c272b-c871-4550-bc7a-6ca0aedf3d72 ] Request (ImagesNegativeTestJSON:test_create_image_from_deleted_server): 200 GET http://10.180.1.21/compute/v2.1/servers/1a74ae05-6c24-4d12-b773-e404059d53de 0.177s
2025-04-03 02:08:03.670 69331 INFO tempest.lib.common.rest_client [req-4ec4ec87-bff1-4f7e-81ac-d4235e5efbbc req-4ec4ec87-bff1-4f7e-81ac-d4235e5efbbc ] Request (ServerActionsTestOtherB:setUpClass): 200 GET http://10.180.1.21/compute/v2.1/servers/50f4c6c7-b396-4190-90e9-736a7d9a73cf 0.117s
2025-04-03 02:08:03.728 69339 INFO tempest.lib.common.rest_client [req-c20912fd-a1cf-48f0-bedf-892a50a5f4ed req-c20912fd-a1cf-48f0-bedf-892a50a5f4ed ] Request (VolumesAdminNegativeTest:test_update_attached_volume_with_nonexistent_volume_in_body): 200 GET http://10.180.1.21/compute/v2.1/servers/462c1bd7-8c6a-45f4-a711-7c66d4457532 0.115s
2025-04-03 02:08:03.736 69343 INFO tempest.lib.common.rest_client [req-ed5c5919-91b4-4eaa-ae81-8ee9f05f6464 req-ed5c5919-91b4-4eaa-ae81-8ee9f05f6464 ] Request (ListServersNegativeTestJSON:test_list_servers_with_a_deleted_server): 200 GET http://10.180.1.21/compute/v2.1/servers 0.122s
2025-04-03 02:08:03.796 69315 INFO tempest.lib.common.rest_client [req-314e1cd8-e5d1-4a4d-8fb6-9ea332c61b81 req-314e1cd8-e5d1-4a4d-8fb6-9ea332c61b81 ] Request (ImagesTestJSON:test_create_image_from_stopped_server): 200 GET http://10.180.1.21/compute/v2.1/servers/da7f2d7c-c7d4-41ce-b9f9-69f6159a6b15 0.181s
2025-04-03 02:08:03.863 69343 INFO tempest.lib.common.rest_client [req-99c9b207-f2b9-4aaa-95dc-3e07cdfe4c93 req-99c9b207-f2b9-4aaa-95dc-3e07cdfe4c93 ] Request (ListServersNegativeTestJSON:tearDownClass): 204 DELETE http://10.180.1.21/compute/v2.1/servers/fabce3d0-a8db-4532-83c3-c982aec14981 0.124s
2025-04-03 02:08:03.891 69317 INFO tempest.lib.common.rest_client [req-4e862fd0-f88f-4179-93f0-f50a2a665bfc req-4e862fd0-f88f-4179-93f0-f50a2a665bfc ] Request (ImagesOneServerTestJSON:tearDownClass): 200 GET http://10.180.1.21/compute/v2.1/servers/945e45cd-0fdb-4b30-bdd0-eecd9f3456f1 0.083s
2025-04-03 02:08:03.909 69343 INFO tempest.lib.common.rest_client [req-ed552c71-2a44-43b7-b6e4-dbfba137e28f req-ed552c71-2a44-43b7-b6e4-dbfba137e28f ] Request (ListServersNegativeTestJSON:tearDownClass): 404 DELETE http://10.180.1.21/compute/v2.1/servers/700d2210-01db-494b-85db-3cc04128c30f 0.045s
2025-04-03 02:08:03.995 69343 INFO tempest.lib.common.rest_client [req-b4d62915-395c-4e4a-a3b2-04d6d0e1cff7 req-b4d62915-395c-4e4a-a3b2-04d6d0e1cff7 ] Request (ListServersNegativeTestJSON:tearDownClass): 204 DELETE http://10.180.1.21/compute/v2.1/servers/38ec8e2f-6f48-471f-853e-5863d7b471a7 0.086s
2025-04-03 02:08:04.153 69311 INFO tempest.lib.common.rest_client [req-9ca7da70-402a-47fc-b829-2d55118ad266 req-9ca7da70-402a-47fc-b829-2d55118ad266 ] Request (MigrationsAdminTest:test_list_migrations_in_flavor_resize_situation): 200 GET http://10.180.1.21/compute/v2.1/servers/22dc8f1f-38c6-4323-bbc6-242c547c2483 0.224s
2025-04-03 02:08:04.221 69321 INFO tempest.lib.common.rest_client [req-69062d7f-5c28-4717-87fd-5df4681ce121 req-69062d7f-5c28-4717-87fd-5df4681ce121 ] Request (ServersAdminNegativeTestJSON:tearDownClass): 200 GET http://10.180.1.21/compute/v2.1/servers/cae92c82-6fa0-485e-a58b-6eba91567a78 0.226s
2025-04-03 02:08:04.255 69333 INFO tempest.lib.common.rest_client [req-8cfeb572-a4de-448e-9b79-bf548ab42c2e req-8cfeb572-a4de-448e-9b79-bf548ab42c2e ] Request (SecurityGroupsTestJSON:test_list_security_groups_by_server): 200 GET http://10.180.1.21/compute/v2.1/servers/cf922d35-a893-47fb-9a06-b2bcdc7aecbc 0.427s
