2025-04-03 02:06:34.817 69351 INFO tempest.lib.common.rest_client [req-219f08cf-c033-4a81-a07d-adcfe0a2779a req-219f08cf-c033-4a81-a07d-adcfe0a2779a ] Request (SecurityGroupsTestAdminJSON:tearDownClass): 200 GET http://10.180.1.21:9696/networking/v2.0/security-groups?tenant_id=84cdeb425a7e4ab995bab498a3b115e2&name=default 0.062s
2025-04-03 02:06:34.873 69321 INFO tempest.lib.common.rest_client [req-6f831efb-ec6e-46e1-8489-c1a51c155552 req-6f831efb-ec6e-46e1-8489-c1a51c155552 ] Request (ServersAdminNegativeTestJSON:test_migrate_server_invalid_state): 200 GET http://10.180.1.21/compute/v2.1/servers/60b58bcc-68e2-4955-a121-5b41cc58946d 1.387s
2025-04-03 02:06:34.952 69347 INFO tempest.lib.common.rest_client [req-32f26e40-3715-4857-aba3-63b23fd8896b req-32f26e40-3715-4857-aba3-63b23fd8896b ] Request (ServersV294TestFqdnHostnames:setUpClass): 201 POST http://10.180.1.21:9696/networking/v2.0/subnets 0.339s
2025-04-03 02:06:34.970 69351 INFO tempest.lib.common.rest_client [req-9b424337-0294-4cfd-90de-7185747df128 req-9b424337-0294-4cfd-90de-7185747df128 ] Request (SecurityGroupsTestAdminJSON:tearDownClass): 204 DELETE http://10.180.1.21:9696/networking/v2.0/security-groups/cc060dc2-7316-4736-95f7-408bafb57357 0.148s
2025-04-03 02:06:35.059 69323 INFO tempest.lib.common.rest_client [req-0851ed17-e055-490a-94e7-69db4cfe1e5e req-0851ed17-e055-490a-94e7-69db4cfe1e5e ] Request (ServersAdmin275Test:tearDownClass): 200 GET http://10.180.1.21/compute/v2.1/servers/925a407f-db5a-4296-94e1-8108d6884fc7 1.136s
2025-04-03 02:06:35.091 69341 INFO tempest.lib.common.rest_client [req-0633e5b3-376d-468a-b339-d4b7ec6d1bd4 req-0633e5b3-376d-468a-b339-d4b7ec6d1bd4 ] Request (ServersTestManualDisk:setUpClass): 200 GET http://10.180.1.21/compute/v2.1/servers/5ce767c8-a1d8-47a1-895d-694a9a6ae283 1.084s
2025-04-03 02:06:35.135 69351 INFO tempest.lib.common.rest_client [req-b7c1b268-a7d8-4244-ae16-7e6c3e33e73d req-b7c1b268-a7d8-4244-ae16-7e6c3e33e73d ] Request (SecurityGroupsTestAdminJSON:tearDownClass): 204 DELETE http://10.180.1.21/identity/v3/projects/84cdeb425a7e4ab995bab498a3b115e2 0.164s
2025-04-03 02:06:35.175 69315 INFO tempest.lib.common.rest_client [req-4b0cb4b6-0577-4d2c-b31b-568081616343 req-4b0cb4b6-0577-4d2c-b31b-568081616343 ] Request (ServerDiagnosticsNegativeTest:tearDownClass): 200 GET http://10.180.1.21/compute/v2.1/servers/774d5963-ca7a-4aae-b8e1-ceed95b15682 1.063s
2025-04-03 02:06:35.188 69307 INFO tempest.lib.common.rest_client [req-d5b13de7-57ee-4021-aae4-59ad0c7e2a9c req-d5b13de7-57ee-4021-aae4-59ad0c7e2a9c ] Request (FlavorsAdminTestJSON:test_is_public_string_variations): 200 GET http://10.180.1.21/compute/v2.1/flavors/detail?is_public=false 1.001s
2025-04-03 02:06:35.216 69351 INFO tempest.lib.common.rest_client [req-fd717415-ae94-4ac8-84f3-651c93efdfc4 req-fd717415-ae94-4ac8-84f3-651c93efdfc4 ] Request (FlavorsV2TestJSON:setUpClass): 201 POST http://10.180.1.21/identity/v3/auth/tokens 0.079s
2025-04-03 02:06:35.233 69327 INFO tempest.lib.common.rest_client [req-9cab0451-b005-48aa-9efd-4419d4328138 req-9cab0451-b005-48aa-9efd-4419d4328138 ] Request (ServerActionsV293TestJSON:setUpClass): 200 GET http://10.180.1.21/volume/v3/volumes/52d0850e-1494-4d51-9cfa-4969ffa8a6c9 0.042s
2025-04-03 02:06:35.265 69343 INFO tempest.lib.common.rest_client [req-c4e445c5-1e64-4051-b581-425c5cf8c9b5 req-c4e445c5-1e64-4051-b581-425c5cf8c9b5 ] Request (ListServersNegativeTestJSON:setUpClass): 200 GET http://10.180.1.21/compute/v2.1/servers/38ec8e2f-6f48-471f-853e-5863d7b471a7 1.048s
2025-04-03 02:06:35.266 69351 INFO tempest.lib.common.rest_client [req-970cd636-cacb-4dfc-b732-487f7e88a70c req-970cd636-cacb-4dfc-b732-487f7e88a70c ] Request (FlavorsV2TestJSON:setUpClass): 201 POST http://10.180.1.21/identity/v3/auth/tokens 0.045s
2025-04-03 02:06:35.296 69351 INFO tempest.lib.common.rest_client [req-8c8b6a26-4cd8-44df-ac41-44fe2e376cfe req-8c8b6a26-4cd8-44df-ac41-44fe2e376cfe ] Request (FlavorsV2TestJSON:setUpClass): 200 GET http://10.180.1.21/identity/v3/domains?name=Default 0.029s
2025-04-03 02:06:35.300 69333 INFO tempest.lib.common.rest_client [req-92ae9d3d-7fba-4dc6-87c5-fa119e2b4056 req-92ae9d3d-7fba-4dc6-87c5-fa119e2b4056 ] Request (FloatingIPDetailsTestJSON:tearDownClass): 200 PUT http://10.180.1.21:9696/networking/v2.0/routers/c7167674-5276-4188-9d96-3ad1a153afbf/remove_router_interface 3.386s
2025-04-03 02:06:35.329 69329 INFO tempest.lib.common.rest_client [req-09d0d4ff-d5da-4145-91fe-13b1e9d304bd req-09d0d4ff-d5da-4145-91fe-13b1e9d304bd ] Request (TenantUsagesTestJSON:setUpClass): 200 GET http://10.180.1.21/compute/v2.1/servers/83f07743-c06e-4284-b68d-56240917ee00 1.008s
2025-04-03 02:06:35.337 69351 INFO tempest.lib.common.rest_client [req-8831c70d-42cd-47e1-8970-1c0e84565b91 req-8831c70d-42cd-47e1-8970-1c0e84565b91 ] Request (FlavorsV2TestJSON:setUpClass): 201 POST http://10.180.1.21/identity/v3/projects 0.040s
2025-04-03 02:06:35.402 69319 INFO tempest.lib.common.rest_client [req-08fc5887-fee9-4208-b856-a536c92b2b1a req-08fc5887-fee9-4208-b856-a536c92b2b1a ] Request (InstanceActionsNegativeTestJSON:setUpClass): 201 POST http://10.180.1.21:9696/networking/v2.0/networks 1.422s
2025-04-03 02:06:35.416 69351 INFO tempest.lib.common.rest_client [req-b648c1be-d5b5-498f-a53c-77f494b26a78 req-b648c1be-d5b5-498f-a53c-77f494b26a78 ] Request (FlavorsV2TestJSON:setUpClass): 201 POST http://10.180.1.21/identity/v3/users 0.078s
2025-04-03 02:06:35.443 69351 INFO tempest.lib.common.rest_client [req-770df6f1-d94a-4e9b-b2cc-c3ea30bd11de req-770df6f1-d94a-4e9b-b2cc-c3ea30bd11de ] Request (FlavorsV2TestJSON:setUpClass): 200 GET http://10.180.1.21/identity/v3/roles 0.026s
2025-04-03 02:06:35.472 69351 INFO tempest.lib.common.rest_client [req-e3e88ec7-b64f-46c8-8d04-070a0e5d04da req-e3e88ec7-b64f-46c8-8d04-070a0e5d04da ] Request (FlavorsV2TestJSON:setUpClass): 204 PUT http://10.180.1.21/identity/v3/projects/6a0a6db6f2bb48f9b0aa040e1e0f5530/users/5784af91a1e64342b8a58d8bed29aca4/roles/97f778e32c014aff9c0194ab782da9a2 0.028s
2025-04-03 02:06:35.473 69351 INFO tempest.lib.common.dynamic_creds [-] Dynamic test user 5784af91a1e64342b8a58d8bed29aca4 is created with scope project and roles: ['member']
2025-04-03 02:06:35.473 69351 INFO tempest.lib.common.dynamic_creds [-] Acquired dynamic creds: credentials: Credentials: {'domain_id': 'default', 'domain_name': 'Default', 'username': 'tempest-FlavorsV2TestJSON-1225731791-project-member', 'project_domain_id': 'default', 'project_domain_name': 'Default', 'project_id': '6a0a6db6f2bb48f9b0aa040e1e0f5530', 'project_name': 'tempest-FlavorsV2TestJSON-1225731791', 'tenant_id': '6a0a6db6f2bb48f9b0aa040e1e0f5530', 'tenant_name': 'tempest-FlavorsV2TestJSON-1225731791', 'user_domain_id': 'default', 'user_domain_name': 'Default', 'user_id': '5784af91a1e64342b8a58d8bed29aca4', 'system': None}, Network: None, Subnet: None, Router: None
2025-04-03 02:06:35.473 69351 INFO tempest.lib.common.dynamic_creds [-] Created isolated network resources for: credentials: Credentials: {'domain_id': 'default', 'domain_name': 'Default', 'username': 'tempest-FlavorsV2TestJSON-1225731791-project-member', 'project_domain_id': 'default', 'project_domain_name': 'Default', 'project_id': '6a0a6db6f2bb48f9b0aa040e1e0f5530', 'project_name': 'tempest-FlavorsV2TestJSON-1225731791', 'tenant_id': '6a0a6db6f2bb48f9b0aa040e1e0f5530', 'tenant_name': 'tempest-FlavorsV2TestJSON-1225731791', 'user_domain_id': 'default', 'user_domain_name': 'Default', 'user_id': '5784af91a1e64342b8a58d8bed29aca4', 'system': None}, Network: None, Subnet: None, Router: None
2025-04-03 02:06:35.487 69339 INFO tempest.lib.common.rest_client [req-aeb2c879-9ff2-413b-9ac7-1520f9f0a006 req-aeb2c879-9ff2-413b-9ac7-1520f9f0a006 ] Request (QuotasAdminTestV257:test_get_updated_quotas): 200 GET http://10.180.1.21/compute/v2.1/os-quota-sets/4ab6108865f040ec8ec31e4d06b24f92?user_id=ee503d34c2d845b2a78b33c525ec81ac 1.120s
2025-04-03 02:06:35.519 69338 WARNING tempest.lib.common.ssh [-] Failed to establish authenticated ssh connection to cirros@10.180.180.175 ([Errno None] Unable to connect to port 22 on 10.180.180.175). Number attempts: 2. Retry after 3 seconds.: paramiko.ssh_exception.NoValidConnectionsError: [Errno None] Unable to connect to port 22 on 10.180.180.175
2025-04-03 02:06:35.561 69325 INFO tempest.lib.common.rest_client [req-4dc73ab0-33a2-4c7c-8030-f5e4e6638876 req-4dc73ab0-33a2-4c7c-8030-f5e4e6638876 ] Request (ServersWithSpecificFlavorTestJSON:test_verify_created_server_ephemeral_disk): 200 GET http://10.180.1.21/compute/v2.1/servers/c55e04e0-6053-415f-892e-881b66cbfa98 1.504s
2025-04-03 02:06:35.573 69325 INFO tempest.lib.common.ssh [-] Creating ssh connection to '10.180.180.151:22' as 'cirros' with public key authentication
2025-04-03 02:06:35.581 69351 INFO tempest.lib.common.rest_client [req-11ef491d-8016-4e04-b936-75c7065ad668 req-11ef491d-8016-4e04-b936-75c7065ad668 ] Request (FlavorsV2TestJSON:setUpClass): 201 POST http://10.180.1.21/identity/v3/auth/tokens 0.102s
2025-04-03 02:06:35.606 69339 INFO tempest.lib.common.rest_client [req-224ee747-070d-48f6-8a3c-a3279f0f692e req-224ee747-070d-48f6-8a3c-a3279f0f692e ] Request (QuotasAdminTestV257:_run_cleanups): 204 DELETE http://10.180.1.21/identity/v3/users/ee503d34c2d845b2a78b33c525ec81ac 0.117s
2025-04-03 02:06:35.617 69361 INFO tempest.lib.common.rest_client [req-fa50a56b-617e-420d-9600-c1a6e2ad3de8 req-fa50a56b-617e-420d-9600-c1a6e2ad3de8 ] Request (ServersListShow2100Test:test_list_show_rebuild_update_server_2100): 200 GET http://10.180.1.21/compute/v2.1/servers/5f49c4d1-eb3a-4ae2-9618-75939aba359c 1.241s
2025-04-03 02:06:35.629 69357 INFO tempest.lib.common.rest_client [req-282b97b5-23eb-41de-9a99-a896d89a3802 req-282b97b5-23eb-41de-9a99-a896d89a3802 ] Request (InstanceActionsV221TestJSON:test_get_list_deleted_instance_actions): 200 GET http://10.180.1.21/compute/v2.1/servers/07eb86d6-904b-4003-a210-41bbe5b36401/os-instance-actions 1.074s
2025-04-03 02:06:35.719 69309 INFO tempest.lib.common.rest_client [req-dc2c1c0f-711c-43de-a85c-5efdcbcaf21b req-dc2c1c0f-711c-43de-a85c-5efdcbcaf21b ] Request (DeleteServersTestJSON:test_delete_active_server): 200 GET http://10.180.1.21/compute/v2.1/servers/04d0af1c-6998-4ce0-84d6-b7ee7d1cad8e 1.125s
2025-04-03 02:06:35.767 69339 INFO tempest.lib.common.rest_client [req-0f1f93c4-22a6-4391-8a03-2f61cdfce8ae req-0f1f93c4-22a6-4391-8a03-2f61cdfce8ae ] Request (QuotasAdminTestV257:_run_cleanups): 204 DELETE http://10.180.1.21/identity/v3/projects/4ab6108865f040ec8ec31e4d06b24f92 0.161s
2025-04-03 02:06:35.802 69335 INFO tempest.lib.common.rest_client [req-e0177495-eb1e-4b7f-8a86-af61516140a9 req-e0177495-eb1e-4b7f-8a86-af61516140a9 ] Request (FloatingIPsAssociationTestJSON:test_associate_already_associated_floating_ip): 200 GET http://10.180.1.21/compute/v2.1/servers/fbaa5e25-fd78-499b-b07a-961fae3af69f 1.083s
2025-04-03 02:06:35.881 69359 INFO tempest.lib.common.rest_client [req-a52a6e43-0f5a-495a-baea-19016199bef3 req-a52a6e43-0f5a-495a-baea-19016199bef3 ] Request (SecurityGroupRulesTestJSON:tearDownClass): 200 PUT http://10.180.1.21:9696/networking/v2.0/routers/c94220d3-14f5-412f-b0ba-5d4529b1a4d3/remove_router_interface 3.411s
2025-04-03 02:06:35.961 69331 INFO tempest.lib.common.rest_client [req-2029f7a3-a700-4d5f-b62e-943ddc0f8bda req-2029f7a3-a700-4d5f-b62e-943ddc0f8bda ] Request (AggregatesAdminNegativeTestJSON:test_aggregate_remove_host_as_user): 200 POST http://10.180.1.21/compute/v2.1/os-aggregates/7/action 1.188s
2025-04-03 02:06:35.966 69339 INFO tempest.lib.common.rest_client [req-89893502-5730-4bc9-a116-f540ae626176 req-89893502-5730-4bc9-a116-f540ae626176 ] Request (QuotasAdminTestV257:tearDownClass): 204 DELETE http://10.180.1.21/identity/v3/users/00c9ea6c4809465dbf6ea795139cc4e6 0.197s
2025-04-03 02:06:35.967 69363 INFO tempest.lib.common.rest_client [-] Request (TestVersions:test_list_api_versions): 200 GET http://10.180.1.21/compute/ 1.187s
2025-04-03 02:06:35.985 69349 INFO tempest.lib.common.rest_client [req-a87d8b12-693d-4bcf-bd07-cd0a9207e1aa req-a87d8b12-693d-4bcf-bd07-cd0a9207e1aa ] Request (ServerGroup264TestJSON:tearDownClass): 204 DELETE http://10.180.1.21:9696/networking/v2.0/routers/4f89e918-1625-4549-806d-1408ec2050b7 1.708s
2025-04-03 02:06:36.043 69365 INFO tempest.lib.common.rest_client [req-d8a062b6-5ce2-46f7-88ca-a0dbe4144410 req-d8a062b6-5ce2-46f7-88ca-a0dbe4144410 ] Request (ServerDiskConfigTestJSON:test_rebuild_server_with_auto_disk_config): 200 GET http://10.180.1.21/compute/v2.1/servers/f9ec2f94-c5d2-42fb-99e4-7996fba6c7c9 1.450s
2025-04-03 02:06:36.070 69369 INFO tempest.lib.common.rest_client [req-acfab3d5-7566-4877-89c4-d9581e305562 req-acfab3d5-7566-4877-89c4-d9581e305562 ] Request (DeleteServersAdminTestJSON:test_delete_server_while_in_error_state): 200 GET http://10.180.1.21/compute/v2.1/servers/98dbb319-8881-44b0-9faa-4e825f1a622b 1.248s
2025-04-03 02:06:36.092 69307 INFO tempest.lib.common.rest_client [req-28fda578-efb3-46c5-80fd-281178305601 req-28fda578-efb3-46c5-80fd-281178305601 ] Request (FlavorsAdminTestJSON:test_is_public_string_variations): 200 GET http://10.180.1.21/compute/v2.1/flavors/detail?is_public=no 0.900s
2025-04-03 02:06:36.140 69363 INFO tempest.lib.common.rest_client [req-21fd6cf6-e961-41fb-bbf2-d51d6aad8877 req-21fd6cf6-e961-41fb-bbf2-d51d6aad8877 ] Request (TestVersions:tearDownClass): 204 DELETE http://10.180.1.21/identity/v3/users/39c6b51f144840c495417241d1374d08 0.167s
2025-04-03 02:06:36.140 69363 INFO tempest.lib.common.dynamic_creds [-] Deleting project and security group for project: a35d1108baf84744b7624de3a71d422a
2025-04-03 02:06:36.141 69339 INFO tempest.lib.common.rest_client [req-8e0f244c-25c9-45f7-97ce-2bfd7dc87511 req-8e0f244c-25c9-45f7-97ce-2bfd7dc87511 ] Request (QuotasAdminTestV257:tearDownClass): 204 DELETE http://10.180.1.21/identity/v3/users/5827072295d4499b9b4ea5eb4567ad2a 0.175s
2025-04-03 02:06:36.141 69339 INFO tempest.lib.common.dynamic_creds [-] Deleting project and security group for project: d50e8fd2e5d94da99151f3ab8ac6c8a8
2025-04-03 02:06:36.192 69349 INFO tempest.lib.common.rest_client [req-db4d30a6-3f3d-4ff4-8d68-066d6e683e30 req-db4d30a6-3f3d-4ff4-8d68-066d6e683e30 ] Request (ServerGroup264TestJSON:tearDownClass): 204 DELETE http://10.180.1.21:9696/networking/v2.0/subnets/b2dd18c8-bdd2-46ac-a5d4-5457c938716c 0.207s
2025-04-03 02:06:36.230 69363 INFO tempest.lib.common.rest_client [req-75ff0f17-5b39-4444-ab8b-3fcb7bc5b935 req-75ff0f17-5b39-4444-ab8b-3fcb7bc5b935 ] Request (TestVersions:tearDownClass): 201 POST http://10.180.1.21/identity/v3/auth/tokens 0.089s
2025-04-03 02:06:36.255 69345 INFO tempest.lib.common.rest_client [req-905ec8e5-c348-4fea-818d-7482c8820d39 req-905ec8e5-c348-4fea-818d-7482c8820d39 ] Request (ServerExternalEventsTest:test_create_server_external_events): 200 GET http://10.180.1.21/compute/v2.1/servers/2c2e1a88-b9fa-4b98-9097-1ec0eac33b64 0.860s
2025-04-03 02:06:36.288 69327 INFO tempest.lib.common.rest_client [req-c25d9915-2c2d-483a-bfeb-e6d39cdfba47 req-c25d9915-2c2d-483a-bfeb-e6d39cdfba47 ] Request (ServerActionsV293TestJSON:setUpClass): 200 GET http://10.180.1.21/volume/v3/volumes/52d0850e-1494-4d51-9cfa-4969ffa8a6c9 0.043s
2025-04-03 02:06:36.342 69319 INFO tempest.lib.common.rest_client [req-0dc7d4f2-5a34-433b-ab11-c48695af1c63 req-0dc7d4f2-5a34-433b-ab11-c48695af1c63 ] Request (InstanceActionsNegativeTestJSON:setUpClass): 201 POST http://10.180.1.21:9696/networking/v2.0/subnets 0.937s
2025-04-03 02:06:36.350 69367 INFO tempest.lib.common.rest_client [req-7bbdd561-cf5b-437f-ad1d-e81b3675bacd req-7bbdd561-cf5b-437f-ad1d-e81b3675bacd ] Request (ServerDiagnosticsV248Test:tearDownClass): 200 GET http://10.180.1.21/compute/v2.1/servers/c852f0ff-1907-44d1-a4e0-6f2dd3528324 0.879s
2025-04-03 02:06:36.355 69339 INFO tempest.lib.common.rest_client [req-39cb3b5a-3ac3-4556-b5b1-8318ed67a773 req-39cb3b5a-3ac3-4556-b5b1-8318ed67a773 ] Request (QuotasAdminTestV257:tearDownClass): 201 POST http://10.180.1.21/identity/v3/auth/tokens 0.214s
2025-04-03 02:06:36.377 69317 INFO tempest.lib.common.rest_client [req-090bea2d-ac2e-4bdd-bf99-5b43d1d6c2b8 req-090bea2d-ac2e-4bdd-bf99-5b43d1d6c2b8 ] Request (ImagesOneServerTestJSON:setUpClass): 200 GET http://10.180.1.21/compute/v2.1/servers/945e45cd-0fdb-4b30-bdd0-eecd9f3456f1 1.214s
2025-04-03 02:06:36.440 69355 INFO tempest.lib.common.rest_client [req-ac16593f-998a-4cce-90d8-408adc0b57d0 req-ac16593f-998a-4cce-90d8-408adc0b57d0 ] Request (ServersAdminTestJSON:setUpClass): 200 GET http://10.180.1.21/compute/v2.1/servers/49ec9dce-c963-4126-8fe6-f7e247e54072 0.901s
2025-04-03 02:06:36.452 69349 INFO tempest.lib.common.rest_client [req-6bb6c378-3b49-4ce9-aace-6e1d57008010 req-6bb6c378-3b49-4ce9-aace-6e1d57008010 ] Request (ServerGroup264TestJSON:tearDownClass): 204 DELETE http://10.180.1.21:9696/networking/v2.0/networks/7d977f49-fafd-404c-9e12-274ac0aad4db 0.259s
2025-04-03 02:06:36.477 69313 WARNING tempest.lib.common.ssh [-] Failed to establish authenticated ssh connection to cirros@10.180.180.193 ([Errno None] Unable to connect to port 22 on 10.180.180.193). Number attempts: 2. Retry after 3 seconds.: paramiko.ssh_exception.NoValidConnectionsError: [Errno None] Unable to connect to port 22 on 10.180.180.193
2025-04-03 02:06:36.491 69357 INFO tempest.lib.common.rest_client [req-367877d5-1282-45ec-975f-a8dbd319edb1 req-367877d5-1282-45ec-975f-a8dbd319edb1 ] Request (InstanceActionsV221TestJSON:tearDownClass): 404 DELETE http://10.180.1.21/compute/v2.1/servers/07eb86d6-904b-4003-a210-41bbe5b36401 0.857s
2025-04-03 02:06:36.555 69351 INFO tempest.lib.common.rest_client [req-1d0a71ca-4b32-4c32-9c05-5378736fb1d1 req-1d0a71ca-4b32-4c32-9c05-5378736fb1d1 ] Request (FlavorsV2TestJSON:test_get_flavor): 200 GET http://10.180.1.21/compute/v2.1/flavors/42 0.972s
2025-04-03 02:06:36.581 69349 INFO tempest.lib.common.rest_client [req-42a567a9-8259-4b09-800c-230211e997e2 req-42a567a9-8259-4b09-800c-230211e997e2 ] Request (ServerGroup264TestJSON:tearDownClass): 204 DELETE http://10.180.1.21/identity/v3/users/222900e50e1e416b8ec462e43516fd67 0.129s
2025-04-03 02:06:36.582 69349 INFO tempest.lib.common.dynamic_creds [-] Deleting project and security group for project: 54464cd719f348e095e1c33ead39a3fa
2025-04-03 02:06:36.604 69333 INFO tempest.lib.common.rest_client [req-d2eb343b-13bc-4b6b-8eec-2a039ab93758 req-d2eb343b-13bc-4b6b-8eec-2a039ab93758 ] Request (FloatingIPDetailsTestJSON:tearDownClass): 204 DELETE http://10.180.1.21:9696/networking/v2.0/routers/c7167674-5276-4188-9d96-3ad1a153afbf 1.303s
2025-04-03 02:06:36.673 69363 INFO tempest.lib.common.rest_client [req-bce9328a-ecc6-4247-8d1b-fcf96a748cca req-bce9328a-ecc6-4247-8d1b-fcf96a748cca ] Request (TestVersions:tearDownClass): 200 GET http://10.180.1.21:9696/networking/v2.0/security-groups?tenant_id=a35d1108baf84744b7624de3a71d422a&name=default 0.443s
2025-04-03 02:06:36.721 69349 INFO tempest.lib.common.rest_client [req-09e7b55a-2ebd-412d-b69f-626f3f9ab370 req-09e7b55a-2ebd-412d-b69f-626f3f9ab370 ] Request (ServerGroup264TestJSON:tearDownClass): 200 GET http://10.180.1.21:9696/networking/v2.0/security-groups?tenant_id=54464cd719f348e095e1c33ead39a3fa&name=default 0.139s
2025-04-03 02:06:36.727 69311 INFO tempest.lib.common.rest_client [req-126af6c8-6b1d-4221-b37e-8af308c4bac5 req-126af6c8-6b1d-4221-b37e-8af308c4bac5 ] Request (MigrationsAdminTest:test_list_migrations_in_flavor_resize_situation): 200 GET http://10.180.1.21/compute/v2.1/servers/22dc8f1f-38c6-4323-bbc6-242c547c2483 0.970s
2025-04-03 02:06:36.735 69331 INFO tempest.lib.common.rest_client [req-eb506d81-e33d-449c-9306-dd3a1e624a3e req-eb506d81-e33d-449c-9306-dd3a1e624a3e ] Request (AggregatesAdminNegativeTestJSON:test_aggregate_remove_host_as_user): 403 POST http://10.180.1.21/compute/v2.1/os-aggregates/7/action 0.770s
2025-04-03 02:06:36.761 69339 INFO tempest.lib.common.rest_client [req-01c4952a-0d63-4c83-b2ce-9e80dc9d07bc req-01c4952a-0d63-4c83-b2ce-9e80dc9d07bc ] Request (QuotasAdminTestV257:tearDownClass): 200 GET http://10.180.1.21:9696/networking/v2.0/security-groups?tenant_id=d50e8fd2e5d94da99151f3ab8ac6c8a8&name=default 0.406s
2025-04-03 02:06:36.819 69321 INFO tempest.lib.common.rest_client [req-521af9c9-be61-44d0-b106-9891bfd22d3b req-521af9c9-be61-44d0-b106-9891bfd22d3b ] Request (ServersAdminNegativeTestJSON:test_migrate_server_invalid_state): 200 GET http://10.180.1.21/compute/v2.1/servers/60b58bcc-68e2-4955-a121-5b41cc58946d 0.935s
2025-04-03 02:06:36.832 69307 INFO tempest.lib.common.rest_client [req-aa2285b2-d040-4f54-b043-8414b4556e69 req-aa2285b2-d040-4f54-b043-8414b4556e69 ] Request (FlavorsAdminTestJSON:test_is_public_string_variations): 200 GET http://10.180.1.21/compute/v2.1/flavors/detail?is_public=0 0.735s
2025-04-03 02:06:36.834 69321 INFO tempest.common.waiters [-] State transition "ACTIVE/suspending" ==> "SUSPENDED/None" after 2 second wait
2025-04-03 02:06:36.854 69323 INFO tempest.lib.common.rest_client [req-40a5ab27-2c57-4d21-9f32-c8bc3992f86f req-40a5ab27-2c57-4d21-9f32-c8bc3992f86f ] Request (ServersAdmin275Test:tearDownClass): 200 GET http://10.180.1.21/compute/v2.1/servers/925a407f-db5a-4296-94e1-8108d6884fc7 0.781s
2025-04-03 02:06:36.930 69315 INFO tempest.lib.common.rest_client [req-5cf04213-aadb-4c8d-88f1-26caa81a17b1 req-5cf04213-aadb-4c8d-88f1-26caa81a17b1 ] Request (ServerDiagnosticsNegativeTest:tearDownClass): 200 GET http://10.180.1.21/compute/v2.1/servers/774d5963-ca7a-4aae-b8e1-ceed95b15682 0.742s
2025-04-03 02:06:36.939 69363 INFO tempest.lib.common.rest_client [req-ed6ad0b3-9df0-42e5-8c19-1996e148ed81 req-ed6ad0b3-9df0-42e5-8c19-1996e148ed81 ] Request (TestVersions:tearDownClass): 204 DELETE http://10.180.1.21:9696/networking/v2.0/security-groups/f57610c9-0edd-4470-a0e9-02a098f900ab 0.265s
2025-04-03 02:06:36.979 69349 INFO tempest.lib.common.rest_client [req-53a9f47c-1ba7-4c28-b645-e19a66f51b6d req-53a9f47c-1ba7-4c28-b645-e19a66f51b6d ] Request (ServerGroup264TestJSON:tearDownClass): 204 DELETE http://10.180.1.21:9696/networking/v2.0/security-groups/8dcb02db-d510-4d54-b6f1-237fd46a06a4 0.258s
2025-04-03 02:06:37.007 69343 INFO tempest.lib.common.rest_client [req-d45f2ce2-2ddf-43a5-88cd-07d379813d43 req-d45f2ce2-2ddf-43a5-88cd-07d379813d43 ] Request (ListServersNegativeTestJSON:setUpClass): 200 GET http://10.180.1.21/compute/v2.1/servers/38ec8e2f-6f48-471f-853e-5863d7b471a7 0.732s
2025-04-03 02:06:37.012 69333 INFO tempest.lib.common.rest_client [req-3f618462-d299-4ed0-80e7-1eacf7f2c8a0 req-3f618462-d299-4ed0-80e7-1eacf7f2c8a0 ] Request (FloatingIPDetailsTestJSON:tearDownClass): 204 DELETE http://10.180.1.21:9696/networking/v2.0/subnets/6dea015c-f8c7-4b6e-a65c-34982bc0e8e5 0.408s
2025-04-03 02:06:37.047 69363 INFO tempest.lib.common.rest_client [req-8792fb54-5d6d-49b0-bf36-4a2ab6a67a32 req-8792fb54-5d6d-49b0-bf36-4a2ab6a67a32 ] Request (TestVersions:tearDownClass): 204 DELETE http://10.180.1.21/identity/v3/projects/a35d1108baf84744b7624de3a71d422a 0.108s
2025-04-03 02:06:37.078 69329 INFO tempest.lib.common.rest_client [req-ebfb6b15-c552-4a72-995e-3d59e7b62f2d req-ebfb6b15-c552-4a72-995e-3d59e7b62f2d ] Request (TenantUsagesTestJSON:setUpClass): 200 GET http://10.180.1.21/compute/v2.1/servers/83f07743-c06e-4284-b68d-56240917ee00 0.736s
2025-04-03 02:06:37.107 69357 INFO tempest.lib.common.rest_client [req-354c760e-bb9c-4326-ad42-5696ec5891bd req-354c760e-bb9c-4326-ad42-5696ec5891bd ] Request (InstanceActionsV221TestJSON:tearDownClass): 404 GET http://10.180.1.21/compute/v2.1/servers/07eb86d6-904b-4003-a210-41bbe5b36401 0.614s
2025-04-03 02:06:37.117 69349 INFO tempest.lib.common.rest_client [req-1320e42a-9c55-40f5-9ea5-d54fd86dc64e req-1320e42a-9c55-40f5-9ea5-d54fd86dc64e ] Request (ServerGroup264TestJSON:tearDownClass): 204 DELETE http://10.180.1.21/identity/v3/projects/54464cd719f348e095e1c33ead39a3fa 0.137s
2025-04-03 02:06:37.135 69351 INFO tempest.lib.common.rest_client [req-f2072811-4869-4012-b2f1-c50052170fdb req-f2072811-4869-4012-b2f1-c50052170fdb ] Request (FlavorsV2TestJSON:test_list_flavors): 200 GET http://10.180.1.21/compute/v2.1/flavors 0.573s
2025-04-03 02:06:37.234 69361 INFO tempest.lib.common.rest_client [req-b8d9f3de-1411-4555-b4ed-0ac7a0378b0f req-b8d9f3de-1411-4555-b4ed-0ac7a0378b0f ] Request (ServersListShow2100Test:test_list_show_rebuild_update_server_2100): 200 GET http://10.180.1.21/compute/v2.1/servers/5f49c4d1-eb3a-4ae2-9618-75939aba359c 0.596s
2025-04-03 02:06:37.288 69347 INFO tempest.lib.common.rest_client [req-dacb2c8d-5ee7-4c7f-9fcf-2527079cb46c req-dacb2c8d-5ee7-4c7f-9fcf-2527079cb46c ] Request (ServersV294TestFqdnHostnames:setUpClass): 201 POST http://10.180.1.21:9696/networking/v2.0/routers 2.335s
2025-04-03 02:06:37.301 69341 INFO tempest.lib.common.rest_client [req-495bd987-b4b1-493c-abae-52681fd4521e req-495bd987-b4b1-493c-abae-52681fd4521e ] Request (ServersTestManualDisk:setUpClass): 200 GET http://10.180.1.21/compute/v2.1/servers/5ce767c8-a1d8-47a1-895d-694a9a6ae283 1.198s
2025-04-03 02:06:37.310 69341 INFO tempest.common.waiters [-] State transition "BUILD/spawning" ==> "ACTIVE/None" after 24 second wait
2025-04-03 02:06:37.317 69339 INFO tempest.lib.common.rest_client [req-c24185cc-79a4-45e7-8323-4823cae7479b req-c24185cc-79a4-45e7-8323-4823cae7479b ] Request (QuotasAdminTestV257:tearDownClass): 204 DELETE http://10.180.1.21:9696/networking/v2.0/security-groups/444f5144-303e-4267-9659-cd09669a2ed0 0.555s
2025-04-03 02:06:37.333 69327 INFO tempest.lib.common.rest_client [req-61b9832f-f503-4157-9268-bbe80ab1b86f req-61b9832f-f503-4157-9268-bbe80ab1b86f ] Request (ServerActionsV293TestJSON:setUpClass): 200 GET http://10.180.1.21/volume/v3/volumes/52d0850e-1494-4d51-9cfa-4969ffa8a6c9 0.036s
2025-04-03 02:06:37.348 69309 INFO tempest.lib.common.rest_client [req-6ae25ff2-03ff-41d0-940b-69b8e1ad9c08 req-6ae25ff2-03ff-41d0-940b-69b8e1ad9c08 ] Request (DeleteServersTestJSON:test_delete_active_server): 200 GET http://10.180.1.21/compute/v2.1/servers/04d0af1c-6998-4ce0-84d6-b7ee7d1cad8e 0.614s
2025-04-03 02:06:37.434 69339 INFO tempest.lib.common.rest_client [req-5768f402-6894-46ab-b114-35ec575382d2 req-5768f402-6894-46ab-b114-35ec575382d2 ] Request (QuotasAdminTestV257:tearDownClass): 204 DELETE http://10.180.1.21/identity/v3/projects/d50e8fd2e5d94da99151f3ab8ac6c8a8 0.117s
2025-04-03 02:06:37.434 69339 INFO tempest.lib.common.dynamic_creds [-] Deleting project and security group for project: e927e113395a4310b3be9bd1632d41a8
2025-04-03 02:06:37.449 69331 INFO tempest.lib.common.rest_client [req-22474321-6be9-42fc-bee2-191e46510bc3 req-22474321-6be9-42fc-bee2-191e46510bc3 ] Request (AggregatesAdminNegativeTestJSON:_run_cleanups): 200 POST http://10.180.1.21/compute/v2.1/os-aggregates/7/action 0.712s
2025-04-03 02:06:37.541 69321 INFO tempest.lib.common.rest_client [req-d6418bb6-bdd8-416e-a97b-d2d54f38d5e0 req-d6418bb6-bdd8-416e-a97b-d2d54f38d5e0 ] Request (ServersAdminNegativeTestJSON:test_migrate_server_invalid_state): 409 POST http://10.180.1.21/compute/v2.1/servers/60b58bcc-68e2-4955-a121-5b41cc58946d/action 0.706s
2025-04-03 02:06:37.571 69307 INFO tempest.lib.common.rest_client [req-f998d610-e11c-41c3-ac8c-5dbc142d7a8e req-f998d610-e11c-41c3-ac8c-5dbc142d7a8e ] Request (FlavorsAdminTestJSON:test_is_public_string_variations): 200 GET http://10.180.1.21/compute/v2.1/flavors/detail?is_public=t 0.735s
2025-04-03 02:06:37.710 69335 INFO tempest.lib.common.rest_client [req-203eb4d7-1b5b-4d76-85c2-c9cdd5ad9eaf req-203eb4d7-1b5b-4d76-85c2-c9cdd5ad9eaf ] Request (FloatingIPsAssociationTestJSON:test_associate_already_associated_floating_ip): 200 GET http://10.180.1.21/compute/v2.1/servers/fbaa5e25-fd78-499b-b07a-961fae3af69f 0.896s
2025-04-03 02:06:37.724 69359 INFO tempest.lib.common.rest_client [req-455db84d-8c14-40c6-8bc3-a98e737f338e req-455db84d-8c14-40c6-8bc3-a98e737f338e ] Request (SecurityGroupRulesTestJSON:tearDownClass): 204 DELETE http://10.180.1.21:9696/networking/v2.0/routers/c94220d3-14f5-412f-b0ba-5d4529b1a4d3 1.842s
2025-04-03 02:06:37.814 69369 INFO tempest.lib.common.rest_client [req-bb032998-c730-4937-be25-e2cc64cb4198 req-bb032998-c730-4937-be25-e2cc64cb4198 ] Request (DeleteServersAdminTestJSON:test_delete_server_while_in_error_state): 200 GET http://10.180.1.21/compute/v2.1/servers/98dbb319-8881-44b0-9faa-4e825f1a622b 0.731s
2025-04-03 02:06:37.835 69351 INFO tempest.lib.common.rest_client [req-28421ee7-4962-4a15-b898-752c46cac8ee req-28421ee7-4962-4a15-b898-752c46cac8ee ] Request (FlavorsV2TestJSON:test_list_flavors): 200 GET http://10.180.1.21/compute/v2.1/flavors/42 0.695s
2025-04-03 02:06:37.893 69365 INFO tempest.lib.common.rest_client [req-16ccdd34-aec2-49b4-ae68-eda7505df8a6 req-16ccdd34-aec2-49b4-ae68-eda7505df8a6 ] Request (ServerDiskConfigTestJSON:test_rebuild_server_with_auto_disk_config): 200 GET http://10.180.1.21/compute/v2.1/servers/f9ec2f94-c5d2-42fb-99e4-7996fba6c7c9 0.833s
2025-04-03 02:06:37.929 69339 INFO tempest.lib.common.rest_client [req-fe08ba05-0f79-4f36-8b1d-727ef4d4e755 req-fe08ba05-0f79-4f36-8b1d-727ef4d4e755 ] Request (QuotasAdminTestV257:tearDownClass): 200 GET http://10.180.1.21:9696/networking/v2.0/security-groups?tenant_id=e927e113395a4310b3be9bd1632d41a8&name=default 0.495s
2025-04-03 02:06:38.031 69341 INFO tempest.lib.common.rest_client [req-eb9bb6e6-4044-4400-884e-b50fd499af37 req-eb9bb6e6-4044-4400-884e-b50fd499af37 ] Request (ServersTestManualDisk:setUpClass): 200 GET http://10.180.1.21/compute/v2.1/servers/5ce767c8-a1d8-47a1-895d-694a9a6ae283/os-interface 0.719s
2025-04-03 02:06:38.113 69345 INFO tempest.lib.common.rest_client [req-b2ed1b82-870b-409e-b866-dcf1e7af3c46 req-b2ed1b82-870b-409e-b866-dcf1e7af3c46 ] Request (ServerExternalEventsTest:test_create_server_external_events): 200 GET http://10.180.1.21/compute/v2.1/servers/2c2e1a88-b9fa-4b98-9097-1ec0eac33b64 0.842s
2025-04-03 02:06:38.131 69367 INFO tempest.lib.common.rest_client [req-26e3765b-9cc8-4520-84d9-64a4dd245a61 req-26e3765b-9cc8-4520-84d9-64a4dd245a61 ] Request (ServerDiagnosticsV248Test:tearDownClass): 200 GET http://10.180.1.21/compute/v2.1/servers/c852f0ff-1907-44d1-a4e0-6f2dd3528324 0.766s
2025-04-03 02:06:38.209 69339 INFO tempest.lib.common.rest_client [req-dcfbd575-b175-489f-a7ed-b4157a23480e req-dcfbd575-b175-489f-a7ed-b4157a23480e ] Request (QuotasAdminTestV257:tearDownClass): 204 DELETE http://10.180.1.21:9696/networking/v2.0/security-groups/a60579dd-f208-4055-a53d-0c9b6efb6f9b 0.279s
2025-04-03 02:06:38.229 69333 INFO tempest.lib.common.rest_client [req-bdb4fdc4-4fcb-42e5-aef1-c5e7d68a0442 req-bdb4fdc4-4fcb-42e5-aef1-c5e7d68a0442 ] Request (FloatingIPDetailsTestJSON:tearDownClass): 204 DELETE http://10.180.1.21:9696/networking/v2.0/networks/a27a22d9-1124-46f2-b24e-5b1a31ad3c8d 1.217s
2025-04-03 02:06:38.229 69355 INFO tempest.lib.common.rest_client [req-0e9710a8-b4f6-4db8-8f83-5edb099ca4ce req-0e9710a8-b4f6-4db8-8f83-5edb099ca4ce ] Request (ServersAdminTestJSON:setUpClass): 200 GET http://10.180.1.21/compute/v2.1/servers/49ec9dce-c963-4126-8fe6-f7e247e54072 0.775s
2025-04-03 02:06:38.250 69359 INFO tempest.lib.common.rest_client [req-ed34fd39-4482-4694-81c4-bdd5b111ac55 req-ed34fd39-4482-4694-81c4-bdd5b111ac55 ] Request (SecurityGroupRulesTestJSON:tearDownClass): 204 DELETE http://10.180.1.21:9696/networking/v2.0/subnets/e4d8096e-7456-493f-9da2-a89de1a4f13c 0.525s
2025-04-03 02:06:38.257 69331 INFO tempest.lib.common.rest_client [req-f35254a1-47e6-4f65-bf6a-9ea9a6ae0b5f req-f35254a1-47e6-4f65-bf6a-9ea9a6ae0b5f ] Request (AggregatesAdminNegativeTestJSON:_run_cleanups): 200 DELETE http://10.180.1.21/compute/v2.1/os-aggregates/7 0.806s
2025-04-03 02:06:38.264 69321 INFO tempest.lib.common.rest_client [req-b79d4a70-acb7-4bfa-b392-1528279173f0 req-b79d4a70-acb7-4bfa-b392-1528279173f0 ] Request (ServersAdminNegativeTestJSON:test_reset_state_server_invalid_state): 400 POST http://10.180.1.21/compute/v2.1/servers/cae92c82-6fa0-485e-a58b-6eba91567a78/action 0.722s
2025-04-03 02:06:38.302 69307 INFO tempest.lib.common.rest_client [req-320eda03-60ad-489d-81f1-dcd8875cf165 req-320eda03-60ad-489d-81f1-dcd8875cf165 ] Request (FlavorsAdminTestJSON:test_is_public_string_variations): 200 GET http://10.180.1.21/compute/v2.1/flavors/detail?is_public=true 0.721s
2025-04-03 02:06:38.344 69339 INFO tempest.lib.common.rest_client [req-cae3f9b4-4b8a-4f27-803c-1eb7867eaa40 req-cae3f9b4-4b8a-4f27-803c-1eb7867eaa40 ] Request (QuotasAdminTestV257:tearDownClass): 204 DELETE http://10.180.1.21/identity/v3/projects/e927e113395a4310b3be9bd1632d41a8 0.134s
2025-04-03 02:06:38.353 69333 INFO tempest.lib.common.rest_client [req-6fa8c9f9-6d0f-42f0-9e5d-3a185c0ab11c req-6fa8c9f9-6d0f-42f0-9e5d-3a185c0ab11c ] Request (FloatingIPDetailsTestJSON:tearDownClass): 204 DELETE http://10.180.1.21/identity/v3/users/9009fbe7c0474b0f9451bb28d87ee2e4 0.123s
2025-04-03 02:06:38.353 69333 INFO tempest.lib.common.dynamic_creds [-] Deleting project and security group for project: 5986e51c6c4e48fbbd7f5dfd47a56a4b
2025-04-03 02:06:38.382 69327 INFO tempest.lib.common.rest_client [req-4fbfe716-d074-48f2-96eb-4351429e2fbd req-4fbfe716-d074-48f2-96eb-4351429e2fbd ] Request (ServerActionsV293TestJSON:setUpClass): 200 GET http://10.180.1.21/volume/v3/volumes/52d0850e-1494-4d51-9cfa-4969ffa8a6c9 0.030s
2025-04-03 02:06:38.415 69339 INFO tempest.lib.common.rest_client [req-3d026bbc-1051-4549-b5d4-9952a53d341b req-3d026bbc-1051-4549-b5d4-9952a53d341b ] Request (VolumesAdminNegativeTest:setUpClass): 201 POST http://10.180.1.21/identity/v3/auth/tokens 0.066s
2025-04-03 02:06:38.449 69339 INFO tempest.lib.common.rest_client [req-e54f368f-1eb5-4d9a-8d46-ec6052b21db3 req-e54f368f-1eb5-4d9a-8d46-ec6052b21db3 ] Request (VolumesAdminNegativeTest:setUpClass): 201 POST http://10.180.1.21/identity/v3/auth/tokens 0.030s
2025-04-03 02:06:38.450 69333 INFO tempest.lib.common.rest_client [req-dc74de5a-108f-478e-8e4d-99a28e4b8c30 req-dc74de5a-108f-478e-8e4d-99a28e4b8c30 ] Request (FloatingIPDetailsTestJSON:tearDownClass): 200 GET http://10.180.1.21:9696/networking/v2.0/security-groups?tenant_id=5986e51c6c4e48fbbd7f5dfd47a56a4b&name=default 0.096s
2025-04-03 02:06:38.470 69317 INFO tempest.lib.common.rest_client [req-ba34389f-ad40-4247-9445-60f1ddf4332e req-ba34389f-ad40-4247-9445-60f1ddf4332e ] Request (ImagesOneServerTestJSON:setUpClass): 200 GET http://10.180.1.21/compute/v2.1/servers/945e45cd-0fdb-4b30-bdd0-eecd9f3456f1 1.075s
2025-04-03 02:06:38.483 69339 INFO tempest.lib.common.rest_client [req-5cefc509-8ccf-4a63-ace6-41744c2cd69a req-5cefc509-8ccf-4a63-ace6-41744c2cd69a ] Request (VolumesAdminNegativeTest:setUpClass): 200 GET http://10.180.1.21/identity/v3/domains?name=Default 0.033s
2025-04-03 02:06:38.485 69317 INFO tempest.common.waiters [-] State transition "BUILD/spawning" ==> "ACTIVE/None" after 24 second wait
2025-04-03 02:06:38.495 69351 INFO tempest.lib.common.rest_client [req-97fab8fe-b827-4ca9-83c1-bcaec26352ee req-97fab8fe-b827-4ca9-83c1-bcaec26352ee ] Request (FlavorsV2TestJSON:test_list_flavors_detailed_filter_by_min_disk): 200 GET http://10.180.1.21/compute/v2.1/flavors/42 0.654s
2025-04-03 02:06:38.518 69339 INFO tempest.lib.common.rest_client [req-3a8ba00b-aa95-48c0-ba44-6b3c131a55a7 req-3a8ba00b-aa95-48c0-ba44-6b3c131a55a7 ] Request (VolumesAdminNegativeTest:setUpClass): 201 POST http://10.180.1.21/identity/v3/projects 0.035s
2025-04-03 02:06:38.595 69339 INFO tempest.lib.common.rest_client [req-29808e4a-20de-4fc5-a099-0726960a2e78 req-29808e4a-20de-4fc5-a099-0726960a2e78 ] Request (VolumesAdminNegativeTest:setUpClass): 201 POST http://10.180.1.21/identity/v3/users 0.076s
2025-04-03 02:06:38.601 69323 INFO tempest.lib.common.rest_client [req-dac2eb48-2230-4340-8509-d5dba97449ba req-dac2eb48-2230-4340-8509-d5dba97449ba ] Request (ServersAdmin275Test:tearDownClass): 200 GET http://10.180.1.21/compute/v2.1/servers/925a407f-db5a-4296-94e1-8108d6884fc7 0.732s
2025-04-03 02:06:38.624 69339 INFO tempest.lib.common.rest_client [req-59b5fe86-4334-44ae-ba6d-ed76ce4d9e28 req-59b5fe86-4334-44ae-ba6d-ed76ce4d9e28 ] Request (VolumesAdminNegativeTest:setUpClass): 200 GET http://10.180.1.21/identity/v3/roles 0.027s
2025-04-03 02:06:38.642 69333 INFO tempest.lib.common.rest_client [req-1e7d80d8-aef2-4d49-9bd0-ee0ff0fca8f7 req-1e7d80d8-aef2-4d49-9bd0-ee0ff0fca8f7 ] Request (FloatingIPDetailsTestJSON:tearDownClass): 204 DELETE http://10.180.1.21:9696/networking/v2.0/security-groups/fde7d291-1d24-4cb9-9bed-0641e5b24c17 0.192s
2025-04-03 02:06:38.655 69325 WARNING tempest.lib.common.ssh [-] Failed to establish authenticated ssh connection to cirros@10.180.180.151 ([Errno None] Unable to connect to port 22 on 10.180.180.151). Number attempts: 1. Retry after 2 seconds.: paramiko.ssh_exception.NoValidConnectionsError: [Errno None] Unable to connect to port 22 on 10.180.180.151
2025-04-03 02:06:38.660 69339 INFO tempest.lib.common.rest_client [req-100af459-40fa-45a4-8b61-7f33d1026f53 req-100af459-40fa-45a4-8b61-7f33d1026f53 ] Request (VolumesAdminNegativeTest:setUpClass): 204 PUT http://10.180.1.21/identity/v3/projects/c9ce7dd7f1eb4e9db793fe11edf58f59/users/a681725e2a3f4e448216c49d672f79cf/roles/97f778e32c014aff9c0194ab782da9a2 0.036s
2025-04-03 02:06:38.660 69339 INFO tempest.lib.common.dynamic_creds [-] Dynamic test user a681725e2a3f4e448216c49d672f79cf is created with scope project and roles: ['member']
2025-04-03 02:06:38.660 69339 INFO tempest.lib.common.dynamic_creds [-] Acquired dynamic creds: credentials: Credentials: {'domain_id': 'default', 'domain_name': 'Default', 'username': 'tempest-VolumesAdminNegativeTest-1031199917-project-member', 'project_domain_id': 'default', 'project_domain_name': 'Default', 'project_id': 'c9ce7dd7f1eb4e9db793fe11edf58f59', 'project_name': 'tempest-VolumesAdminNegativeTest-1031199917', 'tenant_id': 'c9ce7dd7f1eb4e9db793fe11edf58f59', 'tenant_name': 'tempest-VolumesAdminNegativeTest-1031199917', 'user_domain_id': 'default', 'user_domain_name': 'Default', 'user_id': 'a681725e2a3f4e448216c49d672f79cf', 'system': None}, Network: None, Subnet: None, Router: None
2025-04-03 02:06:38.703 69315 INFO tempest.lib.common.rest_client [req-9ac604cd-d0c6-4cd0-9388-f0c4afc622f4 req-9ac604cd-d0c6-4cd0-9388-f0c4afc622f4 ] Request (ServerDiagnosticsNegativeTest:tearDownClass): 200 GET http://10.180.1.21/compute/v2.1/servers/774d5963-ca7a-4aae-b8e1-ceed95b15682 0.756s
2025-04-03 02:06:38.715 69311 INFO tempest.lib.common.rest_client [req-32a05731-d103-493b-8f97-375655c55aca req-32a05731-d103-493b-8f97-375655c55aca ] Request (MigrationsAdminTest:test_list_migrations_in_flavor_resize_situation): 200 GET http://10.180.1.21/compute/v2.1/servers/22dc8f1f-38c6-4323-bbc6-242c547c2483 0.974s
2025-04-03 02:06:38.742 69339 INFO tempest.lib.common.rest_client [req-25d0a7ad-dc32-4a2f-9e3c-547d534cc0d8 req-25d0a7ad-dc32-4a2f-9e3c-547d534cc0d8 ] Request (VolumesAdminNegativeTest:setUpClass): 201 POST http://10.180.1.21/identity/v3/auth/tokens 0.081s
2025-04-03 02:06:38.789 69343 INFO tempest.lib.common.rest_client [req-b4a39428-5e12-42cd-a22b-6be72b1bdb1f req-b4a39428-5e12-42cd-a22b-6be72b1bdb1f ] Request (ListServersNegativeTestJSON:setUpClass): 200 GET http://10.180.1.21/compute/v2.1/servers/38ec8e2f-6f48-471f-853e-5863d7b471a7 0.765s
2025-04-03 02:06:38.796 69333 INFO tempest.lib.common.rest_client [req-995b97e8-b3c9-478f-a42e-cf450b1ccede req-995b97e8-b3c9-478f-a42e-cf450b1ccede ] Request (FloatingIPDetailsTestJSON:tearDownClass): 204 DELETE http://10.180.1.21/identity/v3/projects/5986e51c6c4e48fbbd7f5dfd47a56a4b 0.153s
2025-04-03 02:06:38.799 69343 INFO tempest.common.waiters [-] State transition "BUILD/scheduling" ==> "BUILD/None" after 9 second wait
2025-04-03 02:06:38.832 69329 INFO tempest.lib.common.rest_client [req-bfb53234-5f25-499e-a08c-b7a7a3504999 req-bfb53234-5f25-499e-a08c-b7a7a3504999 ] Request (TenantUsagesTestJSON:setUpClass): 200 GET http://10.180.1.21/compute/v2.1/servers/83f07743-c06e-4284-b68d-56240917ee00 0.747s
2025-04-03 02:06:38.870 69333 INFO tempest.lib.common.rest_client [req-8a29a6a4-da97-45ac-9233-e145bad9b504 req-8a29a6a4-da97-45ac-9233-e145bad9b504 ] Request (SecurityGroupsTestJSON:setUpClass): 201 POST http://10.180.1.21/identity/v3/auth/tokens 0.072s
2025-04-03 02:06:38.873 69331 INFO tempest.lib.common.rest_client [req-2cef61cc-cb10-4f4e-bf9b-658a488d59df req-2cef61cc-cb10-4f4e-bf9b-658a488d59df ] Request (AggregatesAdminNegativeTestJSON:test_aggregate_remove_nonexistent_host): 200 POST http://10.180.1.21/compute/v2.1/os-aggregates 0.615s
2025-04-03 02:06:38.887 69321 INFO tempest.lib.common.rest_client [req-8020cf83-62ab-4089-bbc5-0937e3c87856 req-8020cf83-62ab-4089-bbc5-0937e3c87856 ] Request (ServersAdminNegativeTestJSON:test_reset_state_server_invalid_type): 400 POST http://10.180.1.21/compute/v2.1/servers/cae92c82-6fa0-485e-a58b-6eba91567a78/action 0.621s
2025-04-03 02:06:38.916 69361 INFO tempest.lib.common.rest_client [req-0a173928-cc41-4055-9e16-9df288c9d365 req-0a173928-cc41-4055-9e16-9df288c9d365 ] Request (ServersListShow2100Test:test_list_show_rebuild_update_server_2100): 200 GET http://10.180.1.21/compute/v2.1/servers/5f49c4d1-eb3a-4ae2-9618-75939aba359c 0.669s
2025-04-03 02:06:38.924 69333 INFO tempest.lib.common.rest_client [req-dd0242f8-566c-4888-95d5-dcae563d015b req-dd0242f8-566c-4888-95d5-dcae563d015b ] Request (SecurityGroupsTestJSON:setUpClass): 201 POST http://10.180.1.21/identity/v3/auth/tokens 0.051s
2025-04-03 02:06:38.934 69307 INFO tempest.lib.common.rest_client [req-4895242c-bb10-483f-8187-0759f9e88998 req-4895242c-bb10-483f-8187-0759f9e88998 ] Request (FlavorsAdminTestJSON:test_is_public_string_variations): 200 GET http://10.180.1.21/compute/v2.1/flavors/detail?is_public=yes 0.623s
2025-04-03 02:06:38.964 69333 INFO tempest.lib.common.rest_client [req-1c6022f7-f55b-4072-bac2-ddb3a521b9c2 req-1c6022f7-f55b-4072-bac2-ddb3a521b9c2 ] Request (SecurityGroupsTestJSON:setUpClass): 200 GET http://10.180.1.21/identity/v3/domains?name=Default 0.040s
2025-04-03 02:06:39.008 69333 INFO tempest.lib.common.rest_client [req-7c49c27a-ba51-41a6-af50-f84d2ac8bd02 req-7c49c27a-ba51-41a6-af50-f84d2ac8bd02 ] Request (SecurityGroupsTestJSON:setUpClass): 201 POST http://10.180.1.21/identity/v3/projects 0.043s
2025-04-03 02:06:39.058 69309 INFO tempest.lib.common.rest_client [req-7654b165-b68e-4df5-aec3-0a5fb8fdbca5 req-7654b165-b68e-4df5-aec3-0a5fb8fdbca5 ] Request (DeleteServersTestJSON:test_delete_active_server): 200 GET http://10.180.1.21/compute/v2.1/servers/04d0af1c-6998-4ce0-84d6-b7ee7d1cad8e 0.703s
2025-04-03 02:06:39.087 69333 INFO tempest.lib.common.rest_client [req-f6ed862d-8b68-42c6-854a-f40cc167cbed req-f6ed862d-8b68-42c6-854a-f40cc167cbed ] Request (SecurityGroupsTestJSON:setUpClass): 201 POST http://10.180.1.21/identity/v3/users 0.078s
2025-04-03 02:06:39.098 69351 INFO tempest.lib.common.rest_client [req-1c0fbe51-aa1c-4ca0-b4f9-4c50b6e29382 req-1c0fbe51-aa1c-4ca0-b4f9-4c50b6e29382 ] Request (FlavorsV2TestJSON:test_list_flavors_detailed_filter_by_min_disk): 200 GET http://10.180.1.21/compute/v2.1/flavors/detail?minDisk=2 0.600s
2025-04-03 02:06:39.124 69333 INFO tempest.lib.common.rest_client [req-2a41138b-05a4-4524-b23f-287591030436 req-2a41138b-05a4-4524-b23f-287591030436 ] Request (SecurityGroupsTestJSON:setUpClass): 200 GET http://10.180.1.21/identity/v3/roles 0.037s
2025-04-03 02:06:39.187 69333 INFO tempest.lib.common.rest_client [req-425ef91b-7ec2-46c2-abf3-54bf9f7c2b2f req-425ef91b-7ec2-46c2-abf3-54bf9f7c2b2f ] Request (SecurityGroupsTestJSON:setUpClass): 204 PUT http://10.180.1.21/identity/v3/projects/2049a5085472472bae67bc7c3e491c40/users/282a22ec880e4a2f8f63266a33e22cb4/roles/97f778e32c014aff9c0194ab782da9a2 0.063s
2025-04-03 02:06:39.188 69333 INFO tempest.lib.common.dynamic_creds [-] Dynamic test user 282a22ec880e4a2f8f63266a33e22cb4 is created with scope project and roles: ['member']
2025-04-03 02:06:39.188 69333 INFO tempest.lib.common.dynamic_creds [-] Acquired dynamic creds: credentials: Credentials: {'domain_id': 'default', 'domain_name': 'Default', 'username': 'tempest-SecurityGroupsTestJSON-567669399-project-member', 'project_domain_id': 'default', 'project_domain_name': 'Default', 'project_id': '2049a5085472472bae67bc7c3e491c40', 'project_name': 'tempest-SecurityGroupsTestJSON-567669399', 'tenant_id': '2049a5085472472bae67bc7c3e491c40', 'tenant_name': 'tempest-SecurityGroupsTestJSON-567669399', 'user_domain_id': 'default', 'user_domain_name': 'Default', 'user_id': '282a22ec880e4a2f8f63266a33e22cb4', 'system': None}, Network: None, Subnet: None, Router: None
2025-04-03 02:06:39.221 69335 INFO tempest.lib.common.rest_client [req-a27423ba-8356-4257-b47c-2f85d3142b32 req-a27423ba-8356-4257-b47c-2f85d3142b32 ] Request (FloatingIPsAssociationTestJSON:test_associate_already_associated_floating_ip): 200 GET http://10.180.1.21/compute/v2.1/servers/fbaa5e25-fd78-499b-b07a-961fae3af69f 0.500s
2025-04-03 02:06:39.247 69359 INFO tempest.lib.common.rest_client [req-558177c7-86fb-4479-950f-6f7a650f3d97 req-558177c7-86fb-4479-950f-6f7a650f3d97 ] Request (SecurityGroupRulesTestJSON:tearDownClass): 204 DELETE http://10.180.1.21:9696/networking/v2.0/networks/3a81cf0a-c174-4b94-8f03-a718bbf5229a 0.996s
2025-04-03 02:06:39.268 69333 INFO tempest.lib.common.rest_client [req-60055500-6e2e-4b9f-bfc4-ffbb8e98add5 req-60055500-6e2e-4b9f-bfc4-ffbb8e98add5 ] Request (SecurityGroupsTestJSON:setUpClass): 201 POST http://10.180.1.21/identity/v3/auth/tokens 0.079s
2025-04-03 02:06:39.279 69319 INFO tempest.lib.common.rest_client [req-69b026e5-216b-4ae3-b646-54df0ab032fa req-69b026e5-216b-4ae3-b646-54df0ab032fa ] Request (InstanceActionsNegativeTestJSON:setUpClass): 201 POST http://10.180.1.21:9696/networking/v2.0/routers 2.936s
2025-04-03 02:06:39.321 69369 INFO tempest.lib.common.rest_client [req-1b2f3bd7-9235-4cfd-b047-6215f9eb36a6 req-1b2f3bd7-9235-4cfd-b047-6215f9eb36a6 ] Request (DeleteServersAdminTestJSON:test_delete_server_while_in_error_state): 200 GET http://10.180.1.21/compute/v2.1/servers/98dbb319-8881-44b0-9faa-4e825f1a622b 0.495s
2025-04-03 02:06:39.369 69321 INFO tempest.lib.common.rest_client [req-2cb4656c-43f0-4ad9-9bfd-354124e12ba6 req-2cb4656c-43f0-4ad9-9bfd-354124e12ba6 ] Request (ServersAdminNegativeTestJSON:test_reset_state_server_nonexistent_server): 404 POST http://10.180.1.21/compute/v2.1/servers/999/action 0.481s
2025-04-03 02:06:39.373 69331 INFO tempest.lib.common.rest_client [req-daab5061-96a3-4780-8b5d-b06630a8f953 req-daab5061-96a3-4780-8b5d-b06630a8f953 ] Request (AggregatesAdminNegativeTestJSON:test_aggregate_remove_nonexistent_host): 404 POST http://10.180.1.21/compute/v2.1/os-aggregates/8/action 0.497s
2025-04-03 02:06:39.379 69359 INFO tempest.lib.common.rest_client [req-44401019-0e2d-45e7-8e51-713baa6b0c7d req-44401019-0e2d-45e7-8e51-713baa6b0c7d ] Request (SecurityGroupRulesTestJSON:tearDownClass): 204 DELETE http://10.180.1.21/identity/v3/users/270611142b2f4555992ae544280bcad0 0.132s
2025-04-03 02:06:39.379 69359 INFO tempest.lib.common.dynamic_creds [-] Deleting project and security group for project: 5c0da1b38fa94c8a92faeee8bbd95fa4
2025-04-03 02:06:39.434 69327 INFO tempest.lib.common.rest_client [req-c91eb0f4-4ef6-44c2-9460-fc8fb3795156 req-c91eb0f4-4ef6-44c2-9460-fc8fb3795156 ] Request (ServerActionsV293TestJSON:setUpClass): 200 GET http://10.180.1.21/volume/v3/volumes/52d0850e-1494-4d51-9cfa-4969ffa8a6c9 0.042s
2025-04-03 02:06:39.546 69341 INFO tempest.lib.common.rest_client [req-c63b1656-24d1-44eb-9a36-3b11fadaad23 req-c63b1656-24d1-44eb-9a36-3b11fadaad23 ] Request (ServersTestManualDisk:setUpClass): 200 PUT http://10.180.1.21:9696/networking/v2.0/floatingips/0f1d656d-3a09-4554-847a-a64e73e50702 1.513s
2025-04-03 02:06:39.567 69359 INFO tempest.lib.common.rest_client [req-bc78ea5b-82a3-4a09-9601-480b14a7d192 req-bc78ea5b-82a3-4a09-9601-480b14a7d192 ] Request (SecurityGroupRulesTestJSON:tearDownClass): 200 GET http://10.180.1.21:9696/networking/v2.0/security-groups?tenant_id=5c0da1b38fa94c8a92faeee8bbd95fa4&name=default 0.187s
2025-04-03 02:06:39.645 69317 INFO tempest.lib.common.rest_client [req-ba6c921c-bf20-47b9-ac34-11a67bd424ba req-ba6c921c-bf20-47b9-ac34-11a67bd424ba ] Request (ImagesOneServerTestJSON:test_create_delete_image): 202 POST http://10.180.1.21/compute/v2.1/servers/945e45cd-0fdb-4b30-bdd0-eecd9f3456f1/action 1.159s
2025-04-03 02:06:39.677 69307 INFO tempest.lib.common.rest_client [req-8ce96d1c-3818-4ac4-ac39-63642f3b686d req-8ce96d1c-3818-4ac4-ac39-63642f3b686d ] Request (FlavorsAdminTestJSON:test_is_public_string_variations): 200 GET http://10.180.1.21/compute/v2.1/flavors/detail?is_public=1 0.738s
2025-04-03 02:06:39.697 69351 INFO tempest.lib.common.rest_client [req-55522843-e573-4f5e-a763-347830968bb2 req-55522843-e573-4f5e-a763-347830968bb2 ] Request (FlavorsV2TestJSON:test_list_flavors_detailed_filter_by_min_ram): 200 GET http://10.180.1.21/compute/v2.1/flavors/42 0.592s
2025-04-03 02:06:39.913 69345 INFO tempest.lib.common.rest_client [req-20fd09f8-359b-48e8-b26b-43393614534d req-20fd09f8-359b-48e8-b26b-43393614534d ] Request (ServerExternalEventsTest:test_create_server_external_events): 200 GET http://10.180.1.21/compute/v2.1/servers/2c2e1a88-b9fa-4b98-9097-1ec0eac33b64 0.787s
2025-04-03 02:06:39.921 69345 INFO tempest.common.waiters [-] State transition "BUILD/spawning" ==> "ACTIVE/None" after 24 second wait
2025-04-03 02:06:40.000 69367 INFO tempest.lib.common.rest_client [req-10abf5b1-5a6f-4e32-ba11-0bde4de87594 req-10abf5b1-5a6f-4e32-ba11-0bde4de87594 ] Request (ServerDiagnosticsV248Test:tearDownClass): 200 GET http://10.180.1.21/compute/v2.1/servers/c852f0ff-1907-44d1-a4e0-6f2dd3528324 0.855s
2025-04-03 02:06:40.076 69355 INFO tempest.lib.common.rest_client [req-6c18c67f-897a-45b9-ba6e-dec005e0a583 req-6c18c67f-897a-45b9-ba6e-dec005e0a583 ] Request (ServersAdminTestJSON:setUpClass): 200 GET http://10.180.1.21/compute/v2.1/servers/49ec9dce-c963-4126-8fe6-f7e247e54072 0.835s
2025-04-03 02:06:40.086 69355 INFO tempest.common.waiters [-] State transition "BUILD/scheduling" ==> "BUILD/None" after 13 second wait
