2025-05-13 14:27:41.484 70574 INFO tempest.lib.common.rest_client [req-50579c50-1fa4-4e49-af5b-d350fb420440 req-50579c50-1fa4-4e49-af5b-d350fb420440 ] Request (SecurityGroupsTestJSON:test_list_security_groups_by_server): 200 GET http://10.180.1.21/compute/v2.1/servers/c4299beb-fd13-47db-9ad2-eaedefdaf7e9 1.611s
2025-05-13 14:27:41.492 70574 INFO tempest.common.waiters [-] State transition "BUILD/None" ==> "BUILD/spawning" after 38 second wait
2025-05-13 14:27:41.514 70553 INFO tempest.lib.common.rest_client [req-158c95c9-13cf-4e70-b0b3-dbe1a03e2eb8 req-158c95c9-13cf-4e70-b0b3-dbe1a03e2eb8 ] Request (ServersTestMultiNic:test_verify_multiple_nics_order): 200 GET http://10.180.1.21/compute/v2.1/servers/fcc33919-98ac-42bc-8c76-a65e1189865a 1.535s
2025-05-13 14:27:41.519 70513 INFO tempest.lib.common.rest_client [req-01da1a53-444f-4460-ba49-865d8d4cbcef req-01da1a53-444f-4460-ba49-865d8d4cbcef ] Request (TestVersions:setUpClass): 204 PUT http://10.180.1.21/identity/v3/projects/f880d891bdf7413c91719b7272983ac1/users/c59b20d88a0d483e9d6defb6d4313011/roles/d15340df8b5d4d59b632964c0e8cf997 0.044s
2025-05-13 14:27:41.519 70513 INFO tempest.lib.common.dynamic_creds [-] Dynamic test user c59b20d88a0d483e9d6defb6d4313011 is created with scope project and roles: ['member']
2025-05-13 14:27:41.520 70513 INFO tempest.lib.common.dynamic_creds [-] Acquired dynamic creds: credentials: Credentials: {'domain_id': 'default', 'domain_name': 'Default', 'username': 'tempest-TestVersions-459146268-project-member', 'project_domain_id': 'default', 'project_domain_name': 'Default', 'project_id': 'f880d891bdf7413c91719b7272983ac1', 'project_name': 'tempest-TestVersions-459146268', 'tenant_id': 'f880d891bdf7413c91719b7272983ac1', 'tenant_name': 'tempest-TestVersions-459146268', 'user_domain_id': 'default', 'user_domain_name': 'Default', 'user_id': 'c59b20d88a0d483e9d6defb6d4313011', 'system': None}, Network: None, Subnet: None, Router: None
2025-05-13 14:27:41.520 70513 INFO tempest.lib.common.dynamic_creds [-] Created isolated network resources for: credentials: Credentials: {'domain_id': 'default', 'domain_name': 'Default', 'username': 'tempest-TestVersions-459146268-project-member', 'project_domain_id': 'default', 'project_domain_name': 'Default', 'project_id': 'f880d891bdf7413c91719b7272983ac1', 'project_name': 'tempest-TestVersions-459146268', 'tenant_id': 'f880d891bdf7413c91719b7272983ac1', 'tenant_name': 'tempest-TestVersions-459146268', 'user_domain_id': 'default', 'user_domain_name': 'Default', 'user_id': 'c59b20d88a0d483e9d6defb6d4313011', 'system': None}, Network: None, Subnet: None, Router: None
2025-05-13 14:27:41.564 70535 INFO tempest.lib.common.rest_client [req-132b9f03-2dc1-4df2-85c4-d8de37e051f4 req-132b9f03-2dc1-4df2-85c4-d8de37e051f4 ] Request (AttachInterfacesTestJSON:_run_cleanups): 200 GET http://10.180.1.21/compute/v2.1/servers/49ce5d94-ce4e-457b-a34c-54bd5dfcc242 1.473s
2025-05-13 14:27:41.586 70525 INFO tempest.lib.common.rest_client [req-c066bb42-e539-468f-89b8-b55313edbdee req-c066bb42-e539-468f-89b8-b55313edbdee ] Request (ServersV294TestFqdnHostnames:setUpClass): 200 GET http://10.180.1.21/compute/v2.1/servers/4cdcfc6f-7d4f-4b81-b0a1-425c842fe20b 1.371s
2025-05-13 14:27:41.598 70513 INFO tempest.lib.common.rest_client [req-e145fff0-dc10-4fdd-995b-9ba63f16aae2 req-e145fff0-dc10-4fdd-995b-9ba63f16aae2 ] Request (TestVersions:setUpClass): 201 POST http://10.180.1.21/identity/v3/auth/tokens 0.070s
2025-05-13 14:27:41.626 70557 INFO tempest.lib.common.rest_client [req-62569f92-634e-4236-8b5e-10e356133458 req-62569f92-634e-4236-8b5e-10e356133458 ] Request (InstanceActionsTestJSON:setUpClass): 201 POST http://10.180.1.21:9696/networking/v2.0/routers 0.846s
2025-05-13 14:27:41.641 70537 INFO tempest.lib.common.rest_client [req-357d358f-5f13-4d69-a63b-04672c1ac9b6 req-357d358f-5f13-4d69-a63b-04672c1ac9b6 ] Request (ServerDiagnosticsTest:tearDownClass): 200 GET http://10.180.1.21/compute/v2.1/servers/30d28d6c-5e7a-4e70-9415-b88ec3230f71 1.341s
2025-05-13 14:27:41.716 70540 INFO tempest.lib.common.rest_client [req-98ce4cf2-50f0-4068-a91b-5e3ffbadfb44 req-98ce4cf2-50f0-4068-a91b-5e3ffbadfb44 ] Request (ServersAdminNegativeTestJSON:tearDownClass): 200 GET http://10.180.1.21/compute/v2.1/servers/d52805a2-50d7-49b9-b1bb-9fddc19df7a2 1.313s
2025-05-13 14:27:41.753 70543 INFO tempest.lib.common.rest_client [req-59ad05f1-4598-4d53-ba3e-5217cd327742 req-59ad05f1-4598-4d53-ba3e-5217cd327742 ] Request (MigrationsAdminTest:test_list_migrations_in_flavor_resize_situation): 200 GET http://10.180.1.21/compute/v2.1/servers/da1de6c7-ec10-47d2-a8a9-8572cd4162f5 1.440s
2025-05-13 14:27:41.830 70511 INFO tempest.lib.common.rest_client [req-20da7668-2259-4cc7-9775-d586a098ed67 req-20da7668-2259-4cc7-9775-d586a098ed67 ] Request (DeleteServersTestJSON:test_delete_active_server): 200 GET http://10.180.1.21/compute/v2.1/servers/16a112a1-636c-440d-adfb-8881578f51b0 1.313s
2025-05-13 14:27:41.833 70523 INFO tempest.lib.common.rest_client [req-bbd3a996-d8e5-46c6-9ecb-d29246a47388 req-bbd3a996-d8e5-46c6-9ecb-d29246a47388 ] Request (ServersListShow2100Test:tearDownClass): 200 GET http://10.180.1.21/compute/v2.1/servers/96c84f6a-1e51-41fa-b5cd-4dc572d96410 1.400s
2025-05-13 14:27:41.841 70511 INFO tempest.common.waiters [-] State transition "ACTIVE/deleting" ==> "DELETED/None" after 4 second wait
2025-05-13 14:27:41.903 70521 INFO tempest.lib.common.rest_client [req-a83d0f7a-4d79-4b8b-bc65-40f9265f7e6b req-a83d0f7a-4d79-4b8b-bc65-40f9265f7e6b ] Request (DeleteServersAdminTestJSON:test_delete_server_while_in_error_state): 200 GET http://10.180.1.21/compute/v2.1/servers/a6f14a7e-6957-41e2-8455-0ca463f97479 1.308s
2025-05-13 14:27:41.906 70527 INFO tempest.lib.common.rest_client [req-e119819b-654d-48e0-bc7a-8dbcb347ff8a req-e119819b-654d-48e0-bc7a-8dbcb347ff8a ] Request (ServerExternalEventsTest:tearDownClass): 200 GET http://10.180.1.21/compute/v2.1/servers/898487e1-e766-417f-be3f-99f6ebd7f853 1.387s
2025-05-13 14:27:41.975 70555 INFO tempest.lib.common.rest_client [req-f2f3ecbb-1e86-435f-b438-5c5abf6b6463 req-f2f3ecbb-1e86-435f-b438-5c5abf6b6463 ] Request (ImagesOneServerNegativeTestJSON:setUpClass): 200 GET http://10.180.1.21/compute/v2.1/servers/c94d00aa-7337-4037-9d27-25bad025e569 1.309s
2025-05-13 14:27:41.986 70519 INFO tempest.lib.common.rest_client [req-3f5f70a4-4782-4138-90ba-8c9d04d7a565 req-3f5f70a4-4782-4138-90ba-8c9d04d7a565 ] Request (ServersTestManualDisk:setUpClass): 200 GET http://10.180.1.21/compute/v2.1/servers/4ac0defd-d9ca-4e93-836c-a5cc81529eba 1.389s
2025-05-13 14:27:42.039 70569 INFO tempest.lib.common.rest_client [req-14df75b4-d675-4f11-83d1-6ba2f1445e3d req-14df75b4-d675-4f11-83d1-6ba2f1445e3d ] Request (ServersAdminTestJSON:test_create_server_with_scheduling_hint): 200 GET http://10.180.1.21/compute/v2.1/servers/0de8146b-f51a-4bcd-b4ef-d68e55d3d621 1.359s
2025-05-13 14:27:42.047 70515 INFO tempest.lib.common.rest_client [req-b4a344f9-6b80-40a0-a2c8-0eea4a36ca1e req-b4a344f9-6b80-40a0-a2c8-0eea4a36ca1e ] Request (FloatingIPsAssociationNegativeTestJSON:test_associate_ip_to_server_without_passing_floating_ip): 400 POST http://10.180.1.21/compute/v2.1/servers/7af1243e-53e5-4edc-b665-562067ca3c71/action 1.303s
2025-05-13 14:27:42.050 70549 INFO tempest.lib.common.rest_client [req-d556d120-b84b-42ac-a97c-531371fd9916 req-d556d120-b84b-42ac-a97c-531371fd9916 ] Request (MultipleCreateTestJSON:test_multiple_create): 200 GET http://10.180.1.21/compute/v2.1/servers/ef03e9af-5995-42ac-829e-dcf1f0fccf01 1.312s
2025-05-13 14:27:42.099 70559 INFO tempest.lib.common.rest_client [req-89809fb3-589f-44e0-87de-27ffd0c78657 req-89809fb3-589f-44e0-87de-27ffd0c78657 ] Request (ListServerFiltersTestJSON:setUpClass): 200 GET http://10.180.1.21/compute/v2.1/servers/4925d307-f4c8-4847-8ee1-937e196e6c69 1.326s
2025-05-13 14:27:42.130 70531 INFO tempest.lib.common.rest_client [req-b2b43db3-4010-44dc-8d8a-6904ffe85f98 req-b2b43db3-4010-44dc-8d8a-6904ffe85f98 ] Request (ServersTestFqdnHostnames:test_create_server_with_fqdn_name): 200 GET http://10.180.1.21/compute/v2.1/servers/33ddb54a-10b8-463d-bfcf-4e0e8baea80d/os-interface 1.054s
2025-05-13 14:27:42.155 70565 INFO tempest.lib.common.rest_client [req-abd8174f-5a8d-49ab-9630-6224e994d310 req-abd8174f-5a8d-49ab-9630-6224e994d310 ] Request (ServerActionsTestJSON:setUpClass): 200 GET http://10.180.1.21/compute/v2.1/servers/5cc197e5-d5b0-48e5-a1cb-de7aed3d05f4 1.071s
2025-05-13 14:27:42.336 70533 INFO tempest.lib.common.rest_client [req-9dc0f59c-613d-48fc-95f5-8d01892790b8 req-9dc0f59c-613d-48fc-95f5-8d01892790b8 ] Request (ImagesNegativeTestJSON:test_create_image_from_deleted_server): 200 GET http://10.180.1.21/compute/v2.1/servers/2a1576fd-1e00-4803-ba65-cf3f35434ca6 1.184s
2025-05-13 14:27:42.340 70513 INFO tempest.lib.common.rest_client [-] Request (TestVersions:test_get_version_details): 200 GET http://10.180.1.21/compute/ 0.740s
2025-05-13 14:27:42.350 70551 INFO tempest.lib.common.rest_client [req-ceee485a-3ab3-4879-a9d4-480ddba98b11 req-ceee485a-3ab3-4879-a9d4-480ddba98b11 ] Request (ServerRescueTestJSON:setUpClass): 200 GET http://10.180.1.21/compute/v2.1/servers/ad899de6-c2d4-4cbe-a91c-1cd76f650ae4 0.941s
2025-05-13 14:27:42.431 70529 INFO tempest.lib.common.rest_client [req-223e837c-bbe9-48d3-921f-af352ccb83ca req-223e837c-bbe9-48d3-921f-af352ccb83ca ] Request (ServersNegativeTestMultiTenantJSON:tearDownClass): 200 GET http://10.180.1.21/compute/v2.1/servers/fd67edc7-3014-4eab-b142-5bff2253204f 0.571s
2025-05-13 14:27:42.439 70513 INFO tempest.lib.common.rest_client [req-171ee40d-1e8d-4c45-8976-a70b7c31ca62 req-171ee40d-1e8d-4c45-8976-a70b7c31ca62 ] Request (TestVersions:test_get_version_details): 200 GET http://10.180.1.21/compute/v2/ 0.096s
2025-05-13 14:27:42.478 70557 INFO tempest.lib.common.rest_client [req-c78624a2-2470-42d6-b8fe-b2fa35314577 req-c78624a2-2470-42d6-b8fe-b2fa35314577 ] Request (InstanceActionsTestJSON:setUpClass): 200 PUT http://10.180.1.21:9696/networking/v2.0/routers/4b7f9e21-f64b-408c-8645-d07d20ce6f8e/add_router_interface 0.851s
2025-05-13 14:27:42.479 70557 INFO tempest.lib.common.dynamic_creds [-] Created isolated network resources for: credentials: Credentials: {'domain_id': 'default', 'domain_name': 'Default', 'username': 'tempest-InstanceActionsTestJSON-2071181575-project-member', 'project_domain_id': 'default', 'project_domain_name': 'Default', 'project_id': '2ff54d7e35774610a1f5c4195efc91be', 'project_name': 'tempest-InstanceActionsTestJSON-2071181575', 'tenant_id': '2ff54d7e35774610a1f5c4195efc91be', 'tenant_name': 'tempest-InstanceActionsTestJSON-2071181575', 'user_domain_id': 'default', 'user_domain_name': 'Default', 'user_id': '80ffd121f33b4b8190074132ec22c5d9', 'system': None}, Network: {'id': '18af87c1-a46a-478d-aeea-1e8436d3ca9a', 'name': 'tempest-InstanceActionsTestJSON-1715066027-network', 'tenant_id': '2ff54d7e35774610a1f5c4195efc91be', 'admin_state_up': True, 'mtu': 8950, 'status': 'ACTIVE', 'subnets': [], 'shared': False, 'project_id': '2ff54d7e35774610a1f5c4195efc91be', 'port_security_enabled': True, 'router:external': False, 'provider:network_type': 'vlan', 'provider:physical_network': 'default', 'provider:segmentation_id': 737, 'availability_zone_hints': [], 'availability_zones': [], 'ipv4_address_scope': None, 'ipv6_address_scope': None, 'description': '', 'tags': [], 'created_at': '2025-05-13T14:27:40Z', 'updated_at': '2025-05-13T14:27:40Z', 'revision_number': 1}, Subnet: {'id': 'd95429d0-582d-400a-9dfd-2cdecc94e2f6', 'name': 'tempest-InstanceActionsTestJSON-1715066027-subnet', 'tenant_id': '2ff54d7e35774610a1f5c4195efc91be', 'network_id': '18af87c1-a46a-478d-aeea-1e8436d3ca9a', 'ip_version': 4, 'subnetpool_id': None, 'enable_dhcp': True, 'ipv6_ra_mode': None, 'ipv6_address_mode': None, 'gateway_ip': '192.168.128.1', 'cidr': '192.168.128.0/28', 'allocation_pools': [{'start': '192.168.128.2', 'end': '192.168.128.14'}], 'host_routes': [], 'dns_nameservers': [], 'description': '', 'router:external': False, 'service_types': [], 'tags': [], 'created_at': '2025-05-13T14:27:40Z', 'updated_at': '2025-05-13T14:27:40Z', 'revision_number': 0, 'project_id': '2ff54d7e35774610a1f5c4195efc91be'}, Router: {'id': '4b7f9e21-f64b-408c-8645-d07d20ce6f8e', 'name': 'tempest-InstanceActionsTestJSON-1715066027-router', 'tenant_id': '2ff54d7e35774610a1f5c4195efc91be', 'admin_state_up': True, 'status': 'ACTIVE', 'external_gateway_info': {'network_id': '883aeaf5-15fa-44f5-a9f4-877a6f251fff', 'external_fixed_ips': [{'subnet_id': '6284358a-c0db-4027-ba0b-8a6bee251c26', 'ip_address': '10.180.180.173'}], 'enable_snat': True}, 'description': '', 'availability_zones': [], 'distributed': False, 'ha': False, 'availability_zone_hints': [], 'routes': [], 'flavor_id': None, 'tags': [], 'created_at': '2025-05-13T14:27:40Z', 'updated_at': '2025-05-13T14:27:41Z', 'revision_number': 2, 'project_id': '2ff54d7e35774610a1f5c4195efc91be'}
2025-05-13 14:27:42.503 70547 INFO tempest.lib.common.rest_client [req-2f33a10b-d158-4e69-8bde-1e6b295226ec req-2f33a10b-d158-4e69-8bde-1e6b295226ec ] Request (ServerShowV257Test:test_rebuild_server): 200 GET http://10.180.1.21/compute/v2.1/servers/2ed7de86-7eb4-4e49-8d78-171d09addeb1 0.069s
2025-05-13 14:27:42.507 70513 INFO tempest.lib.common.rest_client [req-0424bc5d-c678-4e08-af1f-415410527e75 req-0424bc5d-c678-4e08-af1f-415410527e75 ] Request (TestVersions:test_get_version_details): 200 GET http://10.180.1.21/compute/v2.1/ 0.065s
2025-05-13 14:27:42.513 70547 INFO tempest.common.waiters [-] State transition "BUILD/None" ==> "BUILD/networking" after 37 second wait
2025-05-13 14:27:42.551 70515 INFO tempest.lib.common.rest_client [req-20c56a16-3f08-4f34-bf4b-289978ea29fa req-20c56a16-3f08-4f34-bf4b-289978ea29fa ] Request (FloatingIPsAssociationNegativeTestJSON:test_associate_nonexistent_floating_ip): 404 POST http://10.180.1.21/compute/v2.1/servers/7af1243e-53e5-4edc-b665-562067ca3c71/action 0.502s
2025-05-13 14:27:42.557 70513 INFO tempest.lib.common.rest_client [-] Request (TestVersions:test_list_api_versions): 200 GET http://10.180.1.21/compute/ 0.047s
2025-05-13 14:27:42.575 70557 INFO tempest.lib.common.rest_client [req-29bf3dcc-bbdb-4e8e-be64-1f05f92d58f1 req-29bf3dcc-bbdb-4e8e-be64-1f05f92d58f1 ] Request (InstanceActionsTestJSON:setUpClass): 201 POST http://10.180.1.21/identity/v3/auth/tokens 0.091s
2025-05-13 14:27:42.604 70557 INFO tempest.lib.common.rest_client [req-f2aa54cc-c805-47ae-a249-c7f4663e9942 req-f2aa54cc-c805-47ae-a249-c7f4663e9942 ] Request (InstanceActionsTestJSON:setUpClass): 201 POST http://10.180.1.21/identity/v3/auth/tokens 0.026s
2025-05-13 14:27:42.605 70557 INFO tempest.lib.common.fixed_network [-] (InstanceActionsTestJSON:setUpClass) Found network {'id': '18af87c1-a46a-478d-aeea-1e8436d3ca9a', 'name': 'tempest-InstanceActionsTestJSON-1715066027-network', 'tenant_id': '2ff54d7e35774610a1f5c4195efc91be', 'admin_state_up': True, 'mtu': 8950, 'status': 'ACTIVE', 'subnets': [], 'shared': False, 'project_id': '2ff54d7e35774610a1f5c4195efc91be', 'port_security_enabled': True, 'router:external': False, 'provider:network_type': 'vlan', 'provider:physical_network': 'default', 'provider:segmentation_id': 737, 'availability_zone_hints': [], 'availability_zones': [], 'ipv4_address_scope': None, 'ipv6_address_scope': None, 'description': '', 'tags': [], 'created_at': '2025-05-13T14:27:40Z', 'updated_at': '2025-05-13T14:27:40Z', 'revision_number': 1} available for tenant
2025-05-13 14:27:42.636 70553 INFO tempest.lib.common.rest_client [req-bcd32e47-f104-448a-b867-2189131892c4 req-bcd32e47-f104-448a-b867-2189131892c4 ] Request (ServersTestMultiNic:test_verify_multiple_nics_order): 200 GET http://10.180.1.21/compute/v2.1/servers/fcc33919-98ac-42bc-8c76-a65e1189865a 0.108s
2025-05-13 14:27:42.677 70513 INFO tempest.lib.common.rest_client [req-c80fd0b9-3f04-4c02-98c1-560f69440058 req-c80fd0b9-3f04-4c02-98c1-560f69440058 ] Request (TestVersions:tearDownClass): 204 DELETE http://10.180.1.21/identity/v3/users/c59b20d88a0d483e9d6defb6d4313011 0.116s
2025-05-13 14:27:42.677 70513 INFO tempest.lib.common.dynamic_creds [-] Deleting project and security group for project: f880d891bdf7413c91719b7272983ac1
2025-05-13 14:27:42.688 70515 INFO tempest.lib.common.rest_client [req-51ac0f3b-56cf-4f41-8a8c-158274c309b3 req-51ac0f3b-56cf-4f41-8a8c-158274c309b3 ] Request (FloatingIPsAssociationNegativeTestJSON:test_dissociate_nonexistent_floating_ip): 404 POST http://10.180.1.21/compute/v2.1/servers/7af1243e-53e5-4edc-b665-562067ca3c71/action 0.134s
2025-05-13 14:27:42.703 70574 INFO tempest.lib.common.rest_client [req-d66115ee-b050-481a-8bca-ab02417a8933 req-d66115ee-b050-481a-8bca-ab02417a8933 ] Request (SecurityGroupsTestJSON:test_list_security_groups_by_server): 200 GET http://10.180.1.21/compute/v2.1/servers/c4299beb-fd13-47db-9ad2-eaedefdaf7e9 0.210s
2025-05-13 14:27:42.781 70513 INFO tempest.lib.common.rest_client [req-86b2aeca-9a63-4e08-a571-f2bcf9a10c4f req-86b2aeca-9a63-4e08-a571-f2bcf9a10c4f ] Request (TestVersions:tearDownClass): 201 POST http://10.180.1.21/identity/v3/auth/tokens 0.104s
2025-05-13 14:27:42.811 70535 INFO tempest.lib.common.rest_client [req-b93b7a2f-b0f3-48f6-80a2-8033d1c0eca0 req-b93b7a2f-b0f3-48f6-80a2-8033d1c0eca0 ] Request (AttachInterfacesTestJSON:_run_cleanups): 200 GET http://10.180.1.21/compute/v2.1/servers/49ce5d94-ce4e-457b-a34c-54bd5dfcc242 0.237s
2025-05-13 14:27:42.817 70525 INFO tempest.lib.common.rest_client [req-242b0189-aa55-4e5b-8a01-dbff7061f09f req-242b0189-aa55-4e5b-8a01-dbff7061f09f ] Request (ServersV294TestFqdnHostnames:setUpClass): 200 GET http://10.180.1.21/compute/v2.1/servers/4cdcfc6f-7d4f-4b81-b0a1-425c842fe20b 0.220s
2025-05-13 14:27:42.902 70537 INFO tempest.lib.common.rest_client [req-4a42f439-938a-4000-bd33-6e9bccaee9d0 req-4a42f439-938a-4000-bd33-6e9bccaee9d0 ] Request (ServerDiagnosticsTest:tearDownClass): 200 GET http://10.180.1.21/compute/v2.1/servers/30d28d6c-5e7a-4e70-9415-b88ec3230f71 0.248s
2025-05-13 14:27:43.002 70513 INFO tempest.lib.common.rest_client [req-4aa1f095-a3e5-48a7-8bcf-16a7a1bc0eab req-4aa1f095-a3e5-48a7-8bcf-16a7a1bc0eab ] Request (TestVersions:tearDownClass): 200 GET http://10.180.1.21:9696/networking/v2.0/security-groups?tenant_id=f880d891bdf7413c91719b7272983ac1&name=default 0.220s
2025-05-13 14:27:43.018 70515 INFO tempest.lib.common.rest_client [req-dd145472-cb4c-4d0e-9de3-eb5b31c6c229 req-dd145472-cb4c-4d0e-9de3-eb5b31c6c229 ] Request (FloatingIPsAssociationNegativeTestJSON:tearDownClass): 204 DELETE http://10.180.1.21/compute/v2.1/servers/7af1243e-53e5-4edc-b665-562067ca3c71 0.326s
2025-05-13 14:27:43.138 70540 INFO tempest.lib.common.rest_client [req-9b3d891b-c1e8-41bc-8eac-2278f178765a req-9b3d891b-c1e8-41bc-8eac-2278f178765a ] Request (ServersAdminNegativeTestJSON:tearDownClass): 200 GET http://10.180.1.21/compute/v2.1/servers/d52805a2-50d7-49b9-b1bb-9fddc19df7a2 0.412s
2025-05-13 14:27:43.149 70531 INFO tempest.lib.common.rest_client [req-52736ca1-12cc-41a7-b7bd-73c1d493f80f req-52736ca1-12cc-41a7-b7bd-73c1d493f80f ] Request (ServersTestFqdnHostnames:test_create_server_with_fqdn_name): 200 PUT http://10.180.1.21:9696/networking/v2.0/floatingips/fb00cb07-b23b-4a01-a0d8-78a254366488 1.015s
2025-05-13 14:27:43.151 70531 INFO tempest.lib.common.ssh [-] Creating ssh connection to '10.180.180.252:22' as 'cirros' with public key authentication
2025-05-13 14:27:43.338 70543 INFO tempest.lib.common.rest_client [req-d8b21fd4-e043-41d7-b74e-52035eaacca8 req-d8b21fd4-e043-41d7-b74e-52035eaacca8 ] Request (MigrationsAdminTest:test_list_migrations_in_flavor_resize_situation): 200 GET http://10.180.1.21/compute/v2.1/servers/da1de6c7-ec10-47d2-a8a9-8572cd4162f5 0.577s
2025-05-13 14:27:43.345 70513 INFO tempest.lib.common.rest_client [req-acf48e33-3737-46c1-aab8-109db0e5b180 req-acf48e33-3737-46c1-aab8-109db0e5b180 ] Request (TestVersions:tearDownClass): 204 DELETE http://10.180.1.21:9696/networking/v2.0/security-groups/ec72eabb-3bbe-4474-a199-997af2c65dd0 0.339s
2025-05-13 14:27:43.414 70511 INFO tempest.lib.common.rest_client [req-4c7b5c48-95cd-4606-9d19-5ed66bb717ae req-4c7b5c48-95cd-4606-9d19-5ed66bb717ae ] Request (DeleteServersTestJSON:test_delete_active_server): 200 GET http://10.180.1.21/compute/v2.1/servers/16a112a1-636c-440d-adfb-8881578f51b0 0.571s
2025-05-13 14:27:43.445 70513 INFO tempest.lib.common.rest_client [req-69fbcadd-eab7-4cc3-a8b3-e2e2b7e0e370 req-69fbcadd-eab7-4cc3-a8b3-e2e2b7e0e370 ] Request (TestVersions:tearDownClass): 204 DELETE http://10.180.1.21/identity/v3/projects/f880d891bdf7413c91719b7272983ac1 0.099s
2025-05-13 14:27:43.494 70523 INFO tempest.lib.common.rest_client [req-23d15b8a-56e5-4482-8917-598eab6168c9 req-23d15b8a-56e5-4482-8917-598eab6168c9 ] Request (ServersListShow2100Test:tearDownClass): 200 GET http://10.180.1.21/compute/v2.1/servers/96c84f6a-1e51-41fa-b5cd-4dc572d96410 0.648s
2025-05-13 14:27:43.527 70513 INFO tempest.lib.common.rest_client [req-71836142-0c46-4d61-8cc2-22223e698803 req-71836142-0c46-4d61-8cc2-22223e698803 ] Request (AttachVolumeNegativeTest:setUpClass): 201 POST http://10.180.1.21/identity/v3/auth/tokens 0.081s
2025-05-13 14:27:43.537 70557 INFO tempest.lib.common.rest_client [req-324ad4ba-2324-46dc-9e76-c41144e9bd18 req-324ad4ba-2324-46dc-9e76-c41144e9bd18 ] Request (InstanceActionsTestJSON:setUpClass): 202 POST http://10.180.1.21/compute/v2.1/servers 0.932s
2025-05-13 14:27:43.556 70521 INFO tempest.lib.common.rest_client [req-3727330b-7fd8-475c-a380-84209b28a00c req-3727330b-7fd8-475c-a380-84209b28a00c ] Request (DeleteServersAdminTestJSON:test_delete_server_while_in_error_state): 200 GET http://10.180.1.21/compute/v2.1/servers/a6f14a7e-6957-41e2-8455-0ca463f97479 0.643s
2025-05-13 14:27:43.565 70513 INFO tempest.lib.common.rest_client [req-61e19eae-df99-4f22-9229-8368df2a669a req-61e19eae-df99-4f22-9229-8368df2a669a ] Request (AttachVolumeNegativeTest:setUpClass): 201 POST http://10.180.1.21/identity/v3/auth/tokens 0.036s
2025-05-13 14:27:43.601 70513 INFO tempest.lib.common.rest_client [req-d042ffef-9549-49de-8950-d191f91cb9db req-d042ffef-9549-49de-8950-d191f91cb9db ] Request (AttachVolumeNegativeTest:setUpClass): 200 GET http://10.180.1.21/identity/v3/domains?name=Default 0.035s
2025-05-13 14:27:43.609 70527 INFO tempest.lib.common.rest_client [req-87a4a79f-91c1-4c9d-9381-6de22146eba5 req-87a4a79f-91c1-4c9d-9381-6de22146eba5 ] Request (ServerExternalEventsTest:tearDownClass): 200 GET http://10.180.1.21/compute/v2.1/servers/898487e1-e766-417f-be3f-99f6ebd7f853 0.693s
2025-05-13 14:27:43.617 70555 INFO tempest.lib.common.rest_client [req-9ffc9de5-38b2-4a90-9992-849725f81a4a req-9ffc9de5-38b2-4a90-9992-849725f81a4a ] Request (ImagesOneServerNegativeTestJSON:setUpClass): 200 GET http://10.180.1.21/compute/v2.1/servers/c94d00aa-7337-4037-9d27-25bad025e569 0.632s
2025-05-13 14:27:43.643 70513 INFO tempest.lib.common.rest_client [req-15f8d3b6-2236-4a2e-bbb2-4f8fd77b2cf5 req-15f8d3b6-2236-4a2e-bbb2-4f8fd77b2cf5 ] Request (AttachVolumeNegativeTest:setUpClass): 201 POST http://10.180.1.21/identity/v3/projects 0.041s
2025-05-13 14:27:43.667 70519 INFO tempest.lib.common.rest_client [req-7169426d-b345-4aaa-926c-128ab64a7cf5 req-7169426d-b345-4aaa-926c-128ab64a7cf5 ] Request (ServersTestManualDisk:setUpClass): 200 GET http://10.180.1.21/compute/v2.1/servers/4ac0defd-d9ca-4e93-836c-a5cc81529eba 0.669s
2025-05-13 14:27:43.734 70513 INFO tempest.lib.common.rest_client [req-f68fe228-2cc8-4db0-b20c-7d91dcfaac86 req-f68fe228-2cc8-4db0-b20c-7d91dcfaac86 ] Request (AttachVolumeNegativeTest:setUpClass): 201 POST http://10.180.1.21/identity/v3/users 0.088s
2025-05-13 14:27:43.748 70569 INFO tempest.lib.common.rest_client [req-57e06b21-3839-4dce-9486-1fe90287e304 req-57e06b21-3839-4dce-9486-1fe90287e304 ] Request (ServersAdminTestJSON:test_create_server_with_scheduling_hint): 200 GET http://10.180.1.21/compute/v2.1/servers/0de8146b-f51a-4bcd-b4ef-d68e55d3d621 0.698s
2025-05-13 14:27:43.764 70515 INFO tempest.lib.common.rest_client [req-58cd4c50-2de3-456f-b026-5f268c4e0f4a req-58cd4c50-2de3-456f-b026-5f268c4e0f4a ] Request (FloatingIPsAssociationNegativeTestJSON:tearDownClass): 200 GET http://10.180.1.21/compute/v2.1/servers/7af1243e-53e5-4edc-b665-562067ca3c71 0.745s
2025-05-13 14:27:43.766 70513 INFO tempest.lib.common.rest_client [req-08230ac4-4766-4bb9-b688-a7b453af87b9 req-08230ac4-4766-4bb9-b688-a7b453af87b9 ] Request (AttachVolumeNegativeTest:setUpClass): 200 GET http://10.180.1.21/identity/v3/roles 0.031s
2025-05-13 14:27:43.820 70549 INFO tempest.lib.common.rest_client [req-e8648ce6-1f75-4258-8445-0c2b36484714 req-e8648ce6-1f75-4258-8445-0c2b36484714 ] Request (MultipleCreateTestJSON:test_multiple_create): 200 GET http://10.180.1.21/compute/v2.1/servers/ef03e9af-5995-42ac-829e-dcf1f0fccf01 0.761s
2025-05-13 14:27:43.825 70559 INFO tempest.lib.common.rest_client [req-ba3d9c1d-e44f-4f7e-b971-cf3d4cadfc48 req-ba3d9c1d-e44f-4f7e-b971-cf3d4cadfc48 ] Request (ListServerFiltersTestJSON:setUpClass): 200 GET http://10.180.1.21/compute/v2.1/servers/4925d307-f4c8-4847-8ee1-937e196e6c69 0.717s
2025-05-13 14:27:43.827 70513 INFO tempest.lib.common.rest_client [req-fb84d463-f154-43a8-91bc-64b625e4dc47 req-fb84d463-f154-43a8-91bc-64b625e4dc47 ] Request (AttachVolumeNegativeTest:setUpClass): 204 PUT http://10.180.1.21/identity/v3/projects/41dfb848b52e4aceaab49a46abf8310c/users/0f9f6e20f7464b8fbaf88cbf665bde76/roles/d15340df8b5d4d59b632964c0e8cf997 0.060s
2025-05-13 14:27:43.827 70513 INFO tempest.lib.common.dynamic_creds [-] Dynamic test user 0f9f6e20f7464b8fbaf88cbf665bde76 is created with scope project and roles: ['member']
2025-05-13 14:27:43.827 70513 INFO tempest.lib.common.dynamic_creds [-] Acquired dynamic creds: credentials: Credentials: {'domain_id': 'default', 'domain_name': 'Default', 'username': 'tempest-AttachVolumeNegativeTest-1487964098-project-member', 'project_domain_id': 'default', 'project_domain_name': 'Default', 'project_id': '41dfb848b52e4aceaab49a46abf8310c', 'project_name': 'tempest-AttachVolumeNegativeTest-1487964098', 'tenant_id': '41dfb848b52e4aceaab49a46abf8310c', 'tenant_name': 'tempest-AttachVolumeNegativeTest-1487964098', 'user_domain_id': 'default', 'user_domain_name': 'Default', 'user_id': '0f9f6e20f7464b8fbaf88cbf665bde76', 'system': None}, Network: None, Subnet: None, Router: None
2025-05-13 14:27:43.886 70565 INFO tempest.lib.common.rest_client [req-811b88ad-530b-4231-84bf-cfa2d0c45219 req-811b88ad-530b-4231-84bf-cfa2d0c45219 ] Request (ServerActionsTestJSON:setUpClass): 200 GET http://10.180.1.21/compute/v2.1/servers/5cc197e5-d5b0-48e5-a1cb-de7aed3d05f4 0.721s
2025-05-13 14:27:43.898 70513 INFO tempest.lib.common.rest_client [req-806680d8-9dab-44de-8120-d3dfd945395c req-806680d8-9dab-44de-8120-d3dfd945395c ] Request (AttachVolumeNegativeTest:setUpClass): 201 POST http://10.180.1.21/identity/v3/auth/tokens 0.071s
2025-05-13 14:27:43.947 70533 INFO tempest.lib.common.rest_client [req-2f68d936-0d50-49cf-9d56-36cc75354c75 req-2f68d936-0d50-49cf-9d56-36cc75354c75 ] Request (ImagesNegativeTestJSON:test_create_image_from_deleted_server): 200 GET http://10.180.1.21/compute/v2.1/servers/2a1576fd-1e00-4803-ba65-cf3f35434ca6 0.600s
2025-05-13 14:27:43.955 70533 INFO tempest.common.waiters [-] State transition "BUILD/spawning" ==> "ACTIVE/None" after 43 second wait
2025-05-13 14:27:44.015 70529 INFO tempest.lib.common.rest_client [req-182736c4-d9ca-4ee2-a69b-8b72ad1d239c req-182736c4-d9ca-4ee2-a69b-8b72ad1d239c ] Request (ServersNegativeTestMultiTenantJSON:tearDownClass): 200 GET http://10.180.1.21/compute/v2.1/servers/fd67edc7-3014-4eab-b142-5bff2253204f 0.569s
2025-05-13 14:27:44.074 70551 INFO tempest.lib.common.rest_client [req-f56da8a8-6f4b-4d8a-be9a-fa1bb7d0bf53 req-f56da8a8-6f4b-4d8a-be9a-fa1bb7d0bf53 ] Request (ServerRescueTestJSON:setUpClass): 200 GET http://10.180.1.21/compute/v2.1/servers/ad899de6-c2d4-4cbe-a91c-1cd76f650ae4 0.707s
2025-05-13 14:27:44.083 70551 INFO tempest.common.waiters [-] State transition "ACTIVE/rescuing" ==> "RESCUE/None" after 10 second wait
2025-05-13 14:27:44.093 70547 INFO tempest.lib.common.rest_client [req-f1b39667-51eb-4fd2-9616-c278d8a51b19 req-f1b39667-51eb-4fd2-9616-c278d8a51b19 ] Request (ServerShowV257Test:test_rebuild_server): 200 GET http://10.180.1.21/compute/v2.1/servers/2ed7de86-7eb4-4e49-8d78-171d09addeb1 0.577s
2025-05-13 14:27:44.107 70547 INFO tempest.common.waiters [-] State transition "BUILD/networking" ==> "BUILD/spawning" after 39 second wait
2025-05-13 14:27:44.133 70557 INFO tempest.lib.common.rest_client [req-d50bd07d-0808-4638-abf8-fbf43c199ee8 req-d50bd07d-0808-4638-abf8-fbf43c199ee8 ] Request (InstanceActionsTestJSON:setUpClass): 200 GET http://10.180.1.21/compute/v2.1/servers/2df2001e-95cc-4421-a98d-c8212c184cff 0.594s
2025-05-13 14:27:44.154 70553 INFO tempest.lib.common.rest_client [req-8e3ba18c-7891-4349-8e4f-c506045faaa1 req-8e3ba18c-7891-4349-8e4f-c506045faaa1 ] Request (ServersTestMultiNic:test_verify_multiple_nics_order): 200 GET http://10.180.1.21/compute/v2.1/servers/fcc33919-98ac-42bc-8c76-a65e1189865a 0.508s
2025-05-13 14:27:44.166 70551 INFO tempest.lib.common.rest_client [req-a8ffb6b0-b0b2-4532-96d9-07a43e98d6e7 req-a8ffb6b0-b0b2-4532-96d9-07a43e98d6e7 ] Request (ServerRescueTestJSON:test_rescue_unrescue_instance): 201 POST http://10.180.1.21/identity/v3/auth/tokens 0.078s
2025-05-13 14:27:44.167 70551 INFO tempest.lib.common.fixed_network [-] (ServerRescueTestJSON:test_rescue_unrescue_instance) Found network {'id': 'd4a6c056-5884-4581-a999-4fbc997a4971', 'name': 'tempest-ServerRescueTestJSON-1513553050-network', 'tenant_id': '227076818b714fbe98f6cf32f0758f31', 'admin_state_up': True, 'mtu': 8950, 'status': 'ACTIVE', 'subnets': [], 'shared': False, 'project_id': '227076818b714fbe98f6cf32f0758f31', 'port_security_enabled': True, 'router:external': False, 'provider:network_type': 'vlan', 'provider:physical_network': 'default', 'provider:segmentation_id': 709, 'availability_zone_hints': [], 'availability_zones': [], 'ipv4_address_scope': None, 'ipv6_address_scope': None, 'description': '', 'tags': [], 'created_at': '2025-05-13T14:26:44Z', 'updated_at': '2025-05-13T14:26:44Z', 'revision_number': 1} available for tenant
2025-05-13 14:27:44.167 70513 INFO tempest.lib.common.rest_client [req-478cdb59-0585-48b5-9f78-c2bc14b65bb1 req-478cdb59-0585-48b5-9f78-c2bc14b65bb1 ] Request (AttachVolumeNegativeTest:setUpClass): 201 POST http://10.180.1.21:9696/networking/v2.0/networks 0.268s
2025-05-13 14:27:44.226 70535 INFO tempest.lib.common.rest_client [req-2cc83c06-1899-45a8-9da2-34e489952b1c req-2cc83c06-1899-45a8-9da2-34e489952b1c ] Request (AttachInterfacesTestJSON:_run_cleanups): 200 GET http://10.180.1.21/compute/v2.1/servers/49ce5d94-ce4e-457b-a34c-54bd5dfcc242 0.401s
2025-05-13 14:27:44.242 70574 INFO tempest.lib.common.rest_client [req-5548dd4e-a6ed-4693-b45e-fcae1c2fd643 req-5548dd4e-a6ed-4693-b45e-fcae1c2fd643 ] Request (SecurityGroupsTestJSON:test_list_security_groups_by_server): 200 GET http://10.180.1.21/compute/v2.1/servers/c4299beb-fd13-47db-9ad2-eaedefdaf7e9 0.531s
2025-05-13 14:27:44.289 70525 INFO tempest.lib.common.rest_client [req-08fb15f1-9b9d-4f5d-aa9d-b29e895fa232 req-08fb15f1-9b9d-4f5d-aa9d-b29e895fa232 ] Request (ServersV294TestFqdnHostnames:setUpClass): 200 GET http://10.180.1.21/compute/v2.1/servers/4cdcfc6f-7d4f-4b81-b0a1-425c842fe20b 0.456s
2025-05-13 14:27:44.307 70537 INFO tempest.lib.common.rest_client [req-68c3f415-def1-4555-af55-ecca6319dc7e req-68c3f415-def1-4555-af55-ecca6319dc7e ] Request (ServerDiagnosticsTest:tearDownClass): 200 GET http://10.180.1.21/compute/v2.1/servers/30d28d6c-5e7a-4e70-9415-b88ec3230f71 0.392s
2025-05-13 14:27:44.351 70513 INFO tempest.lib.common.rest_client [req-c7122767-16c2-4ae7-bad1-ffec534114ea req-c7122767-16c2-4ae7-bad1-ffec534114ea ] Request (AttachVolumeNegativeTest:setUpClass): 201 POST http://10.180.1.21:9696/networking/v2.0/subnets 0.182s
2025-05-13 14:27:44.369 70533 INFO tempest.lib.common.rest_client [req-f74f920f-0b9b-44c6-9d8d-17be9507d64c req-f74f920f-0b9b-44c6-9d8d-17be9507d64c ] Request (ImagesNegativeTestJSON:test_create_image_from_deleted_server): 204 DELETE http://10.180.1.21/compute/v2.1/servers/2a1576fd-1e00-4803-ba65-cf3f35434ca6 0.414s
2025-05-13 14:27:44.373 70540 INFO tempest.lib.common.rest_client [req-daf582b8-53c1-4eca-9bf8-d4c70615232a req-daf582b8-53c1-4eca-9bf8-d4c70615232a ] Request (ServersAdminNegativeTestJSON:tearDownClass): 200 GET http://10.180.1.21/compute/v2.1/servers/d52805a2-50d7-49b9-b1bb-9fddc19df7a2 0.221s
2025-05-13 14:27:44.541 70543 INFO tempest.lib.common.rest_client [req-bde4a696-5fe5-4a52-8cc4-01996eb5be47 req-bde4a696-5fe5-4a52-8cc4-01996eb5be47 ] Request (MigrationsAdminTest:test_list_migrations_in_flavor_resize_situation): 200 GET http://10.180.1.21/compute/v2.1/servers/da1de6c7-ec10-47d2-a8a9-8572cd4162f5 0.181s
2025-05-13 14:27:44.672 70517 WARNING tempest.lib.common.ssh [-] Failed to establish authenticated ssh connection to cirros@10.180.180.157 ([Errno None] Unable to connect to port 22 on 10.180.180.157). Number attempts: 7. Retry after 8 seconds.: paramiko.ssh_exception.NoValidConnectionsError: [Errno None] Unable to connect to port 22 on 10.180.180.157
2025-05-13 14:27:44.757 70533 INFO tempest.lib.common.rest_client [req-ee91ab6d-8d2e-44a0-8c1c-fc01221f2931 req-ee91ab6d-8d2e-44a0-8c1c-fc01221f2931 ] Request (ImagesNegativeTestJSON:test_create_image_from_deleted_server): 200 GET http://10.180.1.21/compute/v2.1/servers/2a1576fd-1e00-4803-ba65-cf3f35434ca6 0.387s
2025-05-13 14:27:44.875 70511 INFO tempest.lib.common.rest_client [req-65b522c3-9c4a-484c-80b1-2cb6988bb5b4 req-65b522c3-9c4a-484c-80b1-2cb6988bb5b4 ] Request (DeleteServersTestJSON:test_delete_active_server): 200 GET http://10.180.1.21/compute/v2.1/servers/16a112a1-636c-440d-adfb-8881578f51b0 0.453s
2025-05-13 14:27:44.887 70551 INFO tempest.lib.common.rest_client [req-5f8e9174-3a78-4d64-a76f-121099ff94cf req-5f8e9174-3a78-4d64-a76f-121099ff94cf ] Request (ServerRescueTestJSON:test_rescue_unrescue_instance): 202 POST http://10.180.1.21/compute/v2.1/servers 0.718s
2025-05-13 14:27:44.968 70521 INFO tempest.lib.common.rest_client [req-7117d509-3a86-40eb-9e60-4b6afc9c86ef req-7117d509-3a86-40eb-9e60-4b6afc9c86ef ] Request (DeleteServersAdminTestJSON:test_delete_server_while_in_error_state): 200 GET http://10.180.1.21/compute/v2.1/servers/a6f14a7e-6957-41e2-8455-0ca463f97479 0.404s
2025-05-13 14:27:44.995 70523 INFO tempest.lib.common.rest_client [req-11b86cb5-34db-4898-ab13-46c3f6e9f6ae req-11b86cb5-34db-4898-ab13-46c3f6e9f6ae ] Request (ServersListShow2100Test:tearDownClass): 200 GET http://10.180.1.21/compute/v2.1/servers/96c84f6a-1e51-41fa-b5cd-4dc572d96410 0.488s
2025-05-13 14:27:45.035 70527 INFO tempest.lib.common.rest_client [req-671b94a9-9013-4a0c-bd60-94250b9e12fc req-671b94a9-9013-4a0c-bd60-94250b9e12fc ] Request (ServerExternalEventsTest:tearDownClass): 200 GET http://10.180.1.21/compute/v2.1/servers/898487e1-e766-417f-be3f-99f6ebd7f853 0.418s
2025-05-13 14:27:45.059 70555 INFO tempest.lib.common.rest_client [req-2049c2fa-6fa8-4d81-a928-17cf51bbbf6d req-2049c2fa-6fa8-4d81-a928-17cf51bbbf6d ] Request (ImagesOneServerNegativeTestJSON:setUpClass): 200 GET http://10.180.1.21/compute/v2.1/servers/c94d00aa-7337-4037-9d27-25bad025e569 0.432s
2025-05-13 14:27:45.124 70519 INFO tempest.lib.common.rest_client [req-0bd88021-8a9a-44be-a80d-9fadf3d07063 req-0bd88021-8a9a-44be-a80d-9fadf3d07063 ] Request (ServersTestManualDisk:setUpClass): 200 GET http://10.180.1.21/compute/v2.1/servers/4ac0defd-d9ca-4e93-836c-a5cc81529eba 0.447s
2025-05-13 14:27:45.133 70569 INFO tempest.lib.common.rest_client [req-7afe191c-92d6-4489-b2f2-bd205909c999 req-7afe191c-92d6-4489-b2f2-bd205909c999 ] Request (ServersAdminTestJSON:test_create_server_with_scheduling_hint): 200 GET http://10.180.1.21/compute/v2.1/servers/0de8146b-f51a-4bcd-b4ef-d68e55d3d621 0.374s
2025-05-13 14:27:45.141 70513 INFO tempest.lib.common.rest_client [req-cf036a61-28a8-4a1b-8017-5da5944c4be0 req-cf036a61-28a8-4a1b-8017-5da5944c4be0 ] Request (AttachVolumeNegativeTest:setUpClass): 201 POST http://10.180.1.21:9696/networking/v2.0/routers 0.789s
2025-05-13 14:27:45.212 70549 INFO tempest.lib.common.rest_client [req-f7f22753-f7cf-4f5c-9f58-f6e3efca2c33 req-f7f22753-f7cf-4f5c-9f58-f6e3efca2c33 ] Request (MultipleCreateTestJSON:test_multiple_create): 200 GET http://10.180.1.21/compute/v2.1/servers/ef03e9af-5995-42ac-829e-dcf1f0fccf01 0.380s
2025-05-13 14:27:45.282 70559 INFO tempest.lib.common.rest_client [req-7945e7ab-9f05-438b-8907-6e6d733acae2 req-7945e7ab-9f05-438b-8907-6e6d733acae2 ] Request (ListServerFiltersTestJSON:setUpClass): 200 GET http://10.180.1.21/compute/v2.1/servers/4925d307-f4c8-4847-8ee1-937e196e6c69 0.449s
2025-05-13 14:27:45.293 70559 INFO tempest.common.waiters [-] State transition "BUILD/scheduling" ==> "BUILD/None" after 17 second wait
2025-05-13 14:27:45.330 70515 INFO tempest.lib.common.rest_client [req-4cb38906-7e67-41d3-85b0-42dbf88f1501 req-4cb38906-7e67-41d3-85b0-42dbf88f1501 ] Request (FloatingIPsAssociationNegativeTestJSON:tearDownClass): 200 GET http://10.180.1.21/compute/v2.1/servers/7af1243e-53e5-4edc-b665-562067ca3c71 0.558s
2025-05-13 14:27:45.345 70551 INFO tempest.lib.common.rest_client [req-ac93b832-2e4b-41e2-b568-a89f033dcfb1 req-ac93b832-2e4b-41e2-b568-a89f033dcfb1 ] Request (ServerRescueTestJSON:test_rescue_unrescue_instance): 200 GET http://10.180.1.21/compute/v2.1/servers/fb83ecfb-e4bc-4420-b9db-e13a462db3c4 0.455s
2025-05-13 14:27:45.404 70565 INFO tempest.lib.common.rest_client [req-af10d06b-df82-4085-897f-103a085357ff req-af10d06b-df82-4085-897f-103a085357ff ] Request (ServerActionsTestJSON:setUpClass): 200 GET http://10.180.1.21/compute/v2.1/servers/5cc197e5-d5b0-48e5-a1cb-de7aed3d05f4 0.507s
2025-05-13 14:27:45.420 70529 INFO tempest.lib.common.rest_client [req-2c421ecb-bba4-450c-9730-275273801cae req-2c421ecb-bba4-450c-9730-275273801cae ] Request (ServersNegativeTestMultiTenantJSON:tearDownClass): 200 GET http://10.180.1.21/compute/v2.1/servers/fd67edc7-3014-4eab-b142-5bff2253204f 0.389s
2025-05-13 14:27:45.485 70547 INFO tempest.lib.common.rest_client [req-149807ef-1f3a-4128-9eb5-f2cc8b2e6341 req-149807ef-1f3a-4128-9eb5-f2cc8b2e6341 ] Request (ServerShowV257Test:test_rebuild_server): 200 GET http://10.180.1.21/compute/v2.1/servers/2ed7de86-7eb4-4e49-8d78-171d09addeb1 0.377s
2025-05-13 14:27:45.511 70557 INFO tempest.lib.common.rest_client [req-1f5edb5f-8eb6-4cd4-8930-a4eb3f73ca5c req-1f5edb5f-8eb6-4cd4-8930-a4eb3f73ca5c ] Request (InstanceActionsTestJSON:setUpClass): 200 GET http://10.180.1.21/compute/v2.1/servers/2df2001e-95cc-4421-a98d-c8212c184cff 0.366s
2025-05-13 14:27:45.560 70553 INFO tempest.lib.common.rest_client [req-130c97db-7222-4234-91f5-a4bef43a8ed3 req-130c97db-7222-4234-91f5-a4bef43a8ed3 ] Request (ServersTestMultiNic:test_verify_multiple_nics_order): 200 GET http://10.180.1.21/compute/v2.1/servers/fcc33919-98ac-42bc-8c76-a65e1189865a 0.392s
2025-05-13 14:27:45.627 70535 INFO tempest.lib.common.rest_client [req-abc0e87c-5b8b-478f-8021-544f3bea4747 req-abc0e87c-5b8b-478f-8021-544f3bea4747 ] Request (AttachInterfacesTestJSON:_run_cleanups): 200 GET http://10.180.1.21/compute/v2.1/servers/49ce5d94-ce4e-457b-a34c-54bd5dfcc242 0.390s
2025-05-13 14:27:45.701 70525 INFO tempest.lib.common.rest_client [req-80023e0f-dec8-4274-82b3-2491ec76faef req-80023e0f-dec8-4274-82b3-2491ec76faef ] Request (ServersV294TestFqdnHostnames:setUpClass): 200 GET http://10.180.1.21/compute/v2.1/servers/4cdcfc6f-7d4f-4b81-b0a1-425c842fe20b 0.402s
2025-05-13 14:27:45.723 70574 INFO tempest.lib.common.rest_client [req-b4644355-4c06-497f-87f2-7ca2902afa07 req-b4644355-4c06-497f-87f2-7ca2902afa07 ] Request (SecurityGroupsTestJSON:test_list_security_groups_by_server): 200 GET http://10.180.1.21/compute/v2.1/servers/c4299beb-fd13-47db-9ad2-eaedefdaf7e9 0.473s
2025-05-13 14:27:45.778 70537 INFO tempest.lib.common.rest_client [req-c1dca7c0-0404-4c1c-b74c-73d3b7d88ac0 req-c1dca7c0-0404-4c1c-b74c-73d3b7d88ac0 ] Request (ServerDiagnosticsTest:tearDownClass): 200 GET http://10.180.1.21/compute/v2.1/servers/30d28d6c-5e7a-4e70-9415-b88ec3230f71 0.459s
2025-05-13 14:27:45.787 70540 INFO tempest.lib.common.rest_client [req-b76ce8f4-f231-4795-a9ca-734fc0fe489b req-b76ce8f4-f231-4795-a9ca-734fc0fe489b ] Request (ServersAdminNegativeTestJSON:tearDownClass): 200 GET http://10.180.1.21/compute/v2.1/servers/d52805a2-50d7-49b9-b1bb-9fddc19df7a2 0.407s
2025-05-13 14:27:45.934 70543 INFO tempest.lib.common.rest_client [req-d9be6225-9afe-4809-9c5f-b1d01c24514a req-d9be6225-9afe-4809-9c5f-b1d01c24514a ] Request (MigrationsAdminTest:test_list_migrations_in_flavor_resize_situation): 200 GET http://10.180.1.21/compute/v2.1/servers/da1de6c7-ec10-47d2-a8a9-8572cd4162f5 0.381s
2025-05-13 14:27:45.951 70543 INFO tempest.common.waiters [-] State transition "VERIFY_RESIZE/None" ==> "ACTIVE/None" after 28 second wait
2025-05-13 14:27:46.005 70511 INFO tempest.lib.common.rest_client [req-bc4ce871-adc6-41e7-bb76-cd30cb5b4b29 req-bc4ce871-adc6-41e7-bb76-cd30cb5b4b29 ] Request (DeleteServersTestJSON:test_delete_active_server): 200 GET http://10.180.1.21/compute/v2.1/servers/16a112a1-636c-440d-adfb-8881578f51b0 0.121s
2025-05-13 14:27:46.010 70533 INFO tempest.lib.common.rest_client [req-7d5d2903-13c4-4d26-a824-7ed8d607a397 req-7d5d2903-13c4-4d26-a824-7ed8d607a397 ] Request (ImagesNegativeTestJSON:test_create_image_from_deleted_server): 200 GET http://10.180.1.21/compute/v2.1/servers/2a1576fd-1e00-4803-ba65-cf3f35434ca6 0.241s
2025-05-13 14:27:46.134 70521 INFO tempest.lib.common.rest_client [req-f221d1f3-3d91-4059-8e11-e8b7904ddbd0 req-f221d1f3-3d91-4059-8e11-e8b7904ddbd0 ] Request (DeleteServersAdminTestJSON:test_delete_server_while_in_error_state): 200 GET http://10.180.1.21/compute/v2.1/servers/a6f14a7e-6957-41e2-8455-0ca463f97479 0.154s
2025-05-13 14:27:46.200 70543 INFO tempest.lib.common.rest_client [req-b39e041a-7311-4005-b918-53a1d88a1f96 req-b39e041a-7311-4005-b918-53a1d88a1f96 ] Request (MigrationsAdminTest:test_list_migrations_in_flavor_resize_situation): 200 GET http://10.180.1.21/compute/v2.1/servers/da1de6c7-ec10-47d2-a8a9-8572cd4162f5 0.249s
2025-05-13 14:27:46.485 70523 INFO tempest.lib.common.rest_client [req-f9d4eb05-e6a7-4d1f-87fe-7cd9f0fe3754 req-f9d4eb05-e6a7-4d1f-87fe-7cd9f0fe3754 ] Request (ServersListShow2100Test:tearDownClass): 200 GET http://10.180.1.21/compute/v2.1/servers/96c84f6a-1e51-41fa-b5cd-4dc572d96410 0.472s
2025-05-13 14:27:46.500 70527 INFO tempest.lib.common.rest_client [req-83fd9c76-6734-46e2-a245-bce4916de360 req-83fd9c76-6734-46e2-a245-bce4916de360 ] Request (ServerExternalEventsTest:tearDownClass): 200 GET http://10.180.1.21/compute/v2.1/servers/898487e1-e766-417f-be3f-99f6ebd7f853 0.449s
2025-05-13 14:27:46.562 70555 INFO tempest.lib.common.rest_client [req-33dca5b8-b227-47c9-a060-f8623ae4172f req-33dca5b8-b227-47c9-a060-f8623ae4172f ] Request (ImagesOneServerNegativeTestJSON:setUpClass): 200 GET http://10.180.1.21/compute/v2.1/servers/c94d00aa-7337-4037-9d27-25bad025e569 0.490s
2025-05-13 14:27:46.598 70519 INFO tempest.lib.common.rest_client [req-fe8bcbff-9291-4e4e-b42c-9fee85accd03 req-fe8bcbff-9291-4e4e-b42c-9fee85accd03 ] Request (ServersTestManualDisk:setUpClass): 200 GET http://10.180.1.21/compute/v2.1/servers/4ac0defd-d9ca-4e93-836c-a5cc81529eba 0.462s
2025-05-13 14:27:46.649 70543 INFO tempest.lib.common.rest_client [req-b1eb3495-90b1-4e99-ad8f-0f83fda05915 req-b1eb3495-90b1-4e99-ad8f-0f83fda05915 ] Request (MigrationsAdminTest:test_list_migrations_in_flavor_resize_situation): 200 POST http://10.180.1.21/compute/v2.1/os-keypairs 0.438s
2025-05-13 14:27:46.651 70569 INFO tempest.lib.common.rest_client [req-a48e1d6a-7ade-44aa-a7e5-c3549931ded6 req-a48e1d6a-7ade-44aa-a7e5-c3549931ded6 ] Request (ServersAdminTestJSON:test_create_server_with_scheduling_hint): 200 GET http://10.180.1.21/compute/v2.1/servers/0de8146b-f51a-4bcd-b4ef-d68e55d3d621 0.504s
2025-05-13 14:27:46.727 70559 INFO tempest.lib.common.rest_client [req-f0156ea5-fe00-445d-a27d-7885204e4b1c req-f0156ea5-fe00-445d-a27d-7885204e4b1c ] Request (ListServerFiltersTestJSON:setUpClass): 200 GET http://10.180.1.21/compute/v2.1/servers/4925d307-f4c8-4847-8ee1-937e196e6c69 0.433s
2025-05-13 14:27:46.735 70549 INFO tempest.lib.common.rest_client [req-00b591c7-2573-40b5-9542-cd67d89a4610 req-00b591c7-2573-40b5-9542-cd67d89a4610 ] Request (MultipleCreateTestJSON:test_multiple_create): 200 GET http://10.180.1.21/compute/v2.1/servers/ef03e9af-5995-42ac-829e-dcf1f0fccf01 0.513s
2025-05-13 14:27:46.821 70551 INFO tempest.lib.common.rest_client [req-2a73c5da-180a-4347-8685-c4255e0a3f33 req-2a73c5da-180a-4347-8685-c4255e0a3f33 ] Request (ServerRescueTestJSON:test_rescue_unrescue_instance): 200 GET http://10.180.1.21/compute/v2.1/servers/fb83ecfb-e4bc-4420-b9db-e13a462db3c4 0.465s
2025-05-13 14:27:46.827 70515 INFO tempest.lib.common.rest_client [req-65369d90-01d6-4391-a39b-ad604288c858 req-65369d90-01d6-4391-a39b-ad604288c858 ] Request (FloatingIPsAssociationNegativeTestJSON:tearDownClass): 200 GET http://10.180.1.21/compute/v2.1/servers/7af1243e-53e5-4edc-b665-562067ca3c71 0.485s
2025-05-13 14:27:46.841 70515 INFO tempest.common.waiters [-] State transition "ACTIVE/deleting" ==> "DELETED/None" after 3 second wait
2025-05-13 14:27:46.851 70543 INFO tempest.lib.common.rest_client [req-0dd4798c-58ee-47d4-8447-58eb081558b2 req-0dd4798c-58ee-47d4-8447-58eb081558b2 ] Request (MigrationsAdminTest:test_list_migrations_in_flavor_resize_situation): 201 POST http://10.180.1.21:9696/networking/v2.0/security-groups 0.199s
2025-05-13 14:27:46.898 70565 INFO tempest.lib.common.rest_client [req-1b50810a-bc57-4932-b860-3b0d9a836f50 req-1b50810a-bc57-4932-b860-3b0d9a836f50 ] Request (ServerActionsTestJSON:setUpClass): 200 GET http://10.180.1.21/compute/v2.1/servers/5cc197e5-d5b0-48e5-a1cb-de7aed3d05f4 0.472s
2025-05-13 14:27:46.915 70529 INFO tempest.lib.common.rest_client [req-f1a9deb5-39a2-446d-bf77-22b46e295d3d req-f1a9deb5-39a2-446d-bf77-22b46e295d3d ] Request (ServersNegativeTestMultiTenantJSON:tearDownClass): 200 GET http://10.180.1.21/compute/v2.1/servers/fd67edc7-3014-4eab-b142-5bff2253204f 0.482s
2025-05-13 14:27:46.978 70547 INFO tempest.lib.common.rest_client [req-d1716bca-37bb-4af0-9423-241f43d45550 req-d1716bca-37bb-4af0-9423-241f43d45550 ] Request (ServerShowV257Test:test_rebuild_server): 200 GET http://10.180.1.21/compute/v2.1/servers/2ed7de86-7eb4-4e49-8d78-171d09addeb1 0.482s
2025-05-13 14:27:46.990 70557 INFO tempest.lib.common.rest_client [req-0d89355e-0eb4-4cbb-ab21-9cbf9cc32f52 req-0d89355e-0eb4-4cbb-ab21-9cbf9cc32f52 ] Request (InstanceActionsTestJSON:setUpClass): 200 GET http://10.180.1.21/compute/v2.1/servers/2df2001e-95cc-4421-a98d-c8212c184cff 0.468s
2025-05-13 14:27:47.057 70553 INFO tempest.lib.common.rest_client [req-e13a345a-2f02-4c14-8868-b152f004e9e7 req-e13a345a-2f02-4c14-8868-b152f004e9e7 ] Request (ServersTestMultiNic:test_verify_multiple_nics_order): 200 GET http://10.180.1.21/compute/v2.1/servers/fcc33919-98ac-42bc-8c76-a65e1189865a 0.486s
2025-05-13 14:27:47.079 70535 INFO tempest.lib.common.rest_client [req-a43f4c33-0247-4392-80fc-24d008afe856 req-a43f4c33-0247-4392-80fc-24d008afe856 ] Request (AttachInterfacesTestJSON:_run_cleanups): 200 GET http://10.180.1.21/compute/v2.1/servers/49ce5d94-ce4e-457b-a34c-54bd5dfcc242 0.441s
2025-05-13 14:27:47.120 70543 INFO tempest.lib.common.rest_client [req-39fde366-16c0-4be2-a9d9-0aa8c74c47b0 req-39fde366-16c0-4be2-a9d9-0aa8c74c47b0 ] Request (MigrationsAdminTest:test_list_migrations_in_flavor_resize_situation): 201 POST http://10.180.1.21:9696/networking/v2.0/security-group-rules 0.268s
2025-05-13 14:27:47.130 70525 INFO tempest.lib.common.rest_client [req-ff8cb2ee-6162-432e-b72c-33cc0809413a req-ff8cb2ee-6162-432e-b72c-33cc0809413a ] Request (ServersV294TestFqdnHostnames:setUpClass): 200 GET http://10.180.1.21/compute/v2.1/servers/4cdcfc6f-7d4f-4b81-b0a1-425c842fe20b 0.413s
2025-05-13 14:27:47.213 70537 INFO tempest.lib.common.rest_client [req-3f732405-d8d3-4d0d-8326-d57f15f61a27 req-3f732405-d8d3-4d0d-8326-d57f15f61a27 ] Request (ServerDiagnosticsTest:tearDownClass): 200 GET http://10.180.1.21/compute/v2.1/servers/30d28d6c-5e7a-4e70-9415-b88ec3230f71 0.422s
2025-05-13 14:27:47.220 70543 INFO tempest.lib.common.rest_client [req-f748200d-18fc-4e6f-bd0a-c571e040885e req-f748200d-18fc-4e6f-bd0a-c571e040885e ] Request (MigrationsAdminTest:test_list_migrations_in_flavor_resize_situation): 201 POST http://10.180.1.21:9696/networking/v2.0/security-group-rules 0.100s
2025-05-13 14:27:47.234 70531 WARNING tempest.lib.common.ssh [-] Failed to establish authenticated ssh connection to cirros@10.180.180.252 ([Errno None] Unable to connect to port 22 on 10.180.180.252). Number attempts: 1. Retry after 2 seconds.: paramiko.ssh_exception.NoValidConnectionsError: [Errno None] Unable to connect to port 22 on 10.180.180.252
2025-05-13 14:27:47.286 70540 INFO tempest.lib.common.rest_client [req-adb95a62-b5af-4ba5-8aa0-e0db30693de8 req-adb95a62-b5af-4ba5-8aa0-e0db30693de8 ] Request (ServersAdminNegativeTestJSON:tearDownClass): 200 GET http://10.180.1.21/compute/v2.1/servers/d52805a2-50d7-49b9-b1bb-9fddc19df7a2 0.488s
2025-05-13 14:27:47.299 70574 INFO tempest.lib.common.rest_client [req-223163f3-9dcf-41aa-9fda-77f257faab13 req-223163f3-9dcf-41aa-9fda-77f257faab13 ] Request (SecurityGroupsTestJSON:test_list_security_groups_by_server): 200 GET http://10.180.1.21/compute/v2.1/servers/c4299beb-fd13-47db-9ad2-eaedefdaf7e9 0.567s
2025-05-13 14:27:47.312 70513 INFO tempest.lib.common.rest_client [req-9be4e399-6db5-4115-bacd-c5ba7daf9ae6 req-9be4e399-6db5-4115-bacd-c5ba7daf9ae6 ] Request (AttachVolumeNegativeTest:setUpClass): 200 PUT http://10.180.1.21:9696/networking/v2.0/routers/1aa4e60f-9966-4b38-9b38-89efb8408a66/add_router_interface 2.171s
