2025-05-13 14:27:33.540 70565 INFO tempest.lib.common.rest_client [req-d587667e-12ce-4ef4-b388-3dda87e6f25a req-d587667e-12ce-4ef4-b388-3dda87e6f25a ] Request (ServerActionsTestJSON:setUpClass): 201 POST http://10.180.1.21/identity/v3/auth/tokens 0.042s
2025-05-13 14:27:33.572 70565 INFO tempest.lib.common.rest_client [req-50f26bb7-e1c8-43a6-90ab-d51adbe11061 req-50f26bb7-e1c8-43a6-90ab-d51adbe11061 ] Request (ServerActionsTestJSON:setUpClass): 200 GET http://10.180.1.21/identity/v3/domains?name=Default 0.030s
2025-05-13 14:27:33.579 70540 INFO tempest.lib.common.rest_client [req-1c3e19b3-b2f1-4533-8d54-fbe5efe12af2 req-1c3e19b3-b2f1-4533-8d54-fbe5efe12af2 ] Request (ServersAdminNegativeTestJSON:tearDownClass): 200 GET http://10.180.1.21/compute/v2.1/servers/d52805a2-50d7-49b9-b1bb-9fddc19df7a2 1.308s
2025-05-13 14:27:33.602 70527 INFO tempest.lib.common.rest_client [req-4300ed6f-7d84-4d04-a3f6-3eae3195b796 req-4300ed6f-7d84-4d04-a3f6-3eae3195b796 ] Request (ServerExternalEventsTest:tearDownClass): 200 GET http://10.180.1.21/compute/v2.1/servers/898487e1-e766-417f-be3f-99f6ebd7f853 1.283s
2025-05-13 14:27:33.611 70565 INFO tempest.lib.common.rest_client [req-3b8a80e1-161d-4bf9-9fed-d14d74a00c31 req-3b8a80e1-161d-4bf9-9fed-d14d74a00c31 ] Request (ServerActionsTestJSON:setUpClass): 201 POST http://10.180.1.21/identity/v3/projects 0.038s
2025-05-13 14:27:33.676 70513 INFO tempest.lib.common.rest_client [req-d0dd3fc5-a022-4f0b-9bea-6f0931719e7b req-d0dd3fc5-a022-4f0b-9bea-6f0931719e7b ] Request (ServerTagsTestJSON:tearDownClass): 200 GET http://10.180.1.21/compute/v2.1/servers/6440cc57-4bc9-4c89-941e-f16b6bf04dc3 1.281s
2025-05-13 14:27:33.683 70565 INFO tempest.lib.common.rest_client [req-ecd2ffee-f8ee-4ab3-94b4-3048437c5a1a req-ecd2ffee-f8ee-4ab3-94b4-3048437c5a1a ] Request (ServerActionsTestJSON:setUpClass): 201 POST http://10.180.1.21/identity/v3/users 0.071s
2025-05-13 14:27:33.717 70565 INFO tempest.lib.common.rest_client [req-f4847d60-4e24-4c3f-a6ee-6b9a72fe69bf req-f4847d60-4e24-4c3f-a6ee-6b9a72fe69bf ] Request (ServerActionsTestJSON:setUpClass): 200 GET http://10.180.1.21/identity/v3/roles 0.033s
2025-05-13 14:27:33.754 70521 INFO tempest.lib.common.rest_client [req-5b18cc2b-eeca-47c3-bbf4-f6a44ce3eede req-5b18cc2b-eeca-47c3-bbf4-f6a44ce3eede ] Request (DeleteServersAdminTestJSON:test_delete_server_while_in_error_state): 200 GET http://10.180.1.21/compute/v2.1/servers/a6f14a7e-6957-41e2-8455-0ca463f97479 1.267s
2025-05-13 14:27:33.770 70565 INFO tempest.lib.common.rest_client [req-95f25c42-e172-4b44-98c9-1f4a264ccc4e req-95f25c42-e172-4b44-98c9-1f4a264ccc4e ] Request (ServerActionsTestJSON:setUpClass): 204 PUT http://10.180.1.21/identity/v3/projects/8917847ce0c4465198a89a1c5551fb59/users/06b16d4eba14469eac358aaed7c3ac59/roles/d15340df8b5d4d59b632964c0e8cf997 0.053s
2025-05-13 14:27:33.770 70565 INFO tempest.lib.common.dynamic_creds [-] Dynamic test user 06b16d4eba14469eac358aaed7c3ac59 is created with scope project and roles: ['member']
2025-05-13 14:27:33.770 70565 INFO tempest.lib.common.dynamic_creds [-] Acquired dynamic creds: credentials: Credentials: {'domain_id': 'default', 'domain_name': 'Default', 'username': 'tempest-ServerActionsTestJSON-1647971860-project-member', 'project_domain_id': 'default', 'project_domain_name': 'Default', 'project_id': '8917847ce0c4465198a89a1c5551fb59', 'project_name': 'tempest-ServerActionsTestJSON-1647971860', 'tenant_id': '8917847ce0c4465198a89a1c5551fb59', 'tenant_name': 'tempest-ServerActionsTestJSON-1647971860', 'user_domain_id': 'default', 'user_domain_name': 'Default', 'user_id': '06b16d4eba14469eac358aaed7c3ac59', 'system': None}, Network: None, Subnet: None, Router: None
2025-05-13 14:27:33.792 70563 WARNING tempest.lib.common.ssh [-] Failed to establish authenticated ssh connection to cirros@10.180.180.206 ([Errno None] Unable to connect to port 22 on 10.180.180.206). Number attempts: 3. Retry after 4 seconds.: paramiko.ssh_exception.NoValidConnectionsError: [Errno None] Unable to connect to port 22 on 10.180.180.206
2025-05-13 14:27:33.819 70519 INFO tempest.lib.common.rest_client [req-7db8d7cb-3f29-42ca-a206-1be2fb0183f9 req-7db8d7cb-3f29-42ca-a206-1be2fb0183f9 ] Request (ServersTestManualDisk:setUpClass): 200 GET http://10.180.1.21/compute/v2.1/servers/4ac0defd-d9ca-4e93-836c-a5cc81529eba 1.268s
2025-05-13 14:27:33.856 70565 INFO tempest.lib.common.rest_client [req-002aec45-7fad-4693-a8a9-6612cb227fbd req-002aec45-7fad-4693-a8a9-6612cb227fbd ] Request (ServerActionsTestJSON:setUpClass): 201 POST http://10.180.1.21/identity/v3/auth/tokens 0.086s
2025-05-13 14:27:33.889 70569 INFO tempest.lib.common.rest_client [req-2427c53e-9b96-4b31-b6fe-8119a999c06b req-2427c53e-9b96-4b31-b6fe-8119a999c06b ] Request (ServersAdminTestJSON:test_create_server_with_scheduling_hint): 200 GET http://10.180.1.21/compute/v2.1/servers/0de8146b-f51a-4bcd-b4ef-d68e55d3d621 0.968s
2025-05-13 14:27:33.958 70555 INFO tempest.lib.common.rest_client [req-0989e31e-acfb-4a53-a0f4-64d106bc62f5 req-0989e31e-acfb-4a53-a0f4-64d106bc62f5 ] Request (ImagesOneServerNegativeTestJSON:setUpClass): 200 GET http://10.180.1.21/compute/v2.1/servers/c94d00aa-7337-4037-9d27-25bad025e569 0.966s
2025-05-13 14:27:34.113 70517 WARNING tempest.lib.common.ssh [-] Failed to establish authenticated ssh connection to cirros@10.180.180.157 ([Errno None] Unable to connect to port 22 on 10.180.180.157). Number attempts: 6. Retry after 7 seconds.: paramiko.ssh_exception.NoValidConnectionsError: [Errno None] Unable to connect to port 22 on 10.180.180.157
2025-05-13 14:27:34.174 70533 INFO tempest.lib.common.rest_client [req-2cad95d1-2f96-4f98-a1e5-298915787851 req-2cad95d1-2f96-4f98-a1e5-298915787851 ] Request (ImagesNegativeTestJSON:test_create_image_from_deleted_server): 200 GET http://10.180.1.21/compute/v2.1/servers/2a1576fd-1e00-4803-ba65-cf3f35434ca6 1.100s
2025-05-13 14:27:34.181 70533 INFO tempest.common.waiters [-] State transition "BUILD/None" ==> "BUILD/spawning" after 34 second wait
2025-05-13 14:27:34.193 70553 INFO tempest.lib.common.rest_client [req-47253305-4a97-4cec-80c7-27d19d6eac1f req-47253305-4a97-4cec-80c7-27d19d6eac1f ] Request (ServersTestMultiNic:test_verify_multiple_nics_order): 202 POST http://10.180.1.21/compute/v2.1/servers 1.722s
2025-05-13 14:27:34.250 70549 INFO tempest.lib.common.rest_client [req-fb05d6f8-7f00-4183-ae9c-c7ffc5b40caa req-fb05d6f8-7f00-4183-ae9c-c7ffc5b40caa ] Request (MultipleCreateTestJSON:test_multiple_create): 200 GET http://10.180.1.21/compute/v2.1/servers/ef03e9af-5995-42ac-829e-dcf1f0fccf01 1.100s
2025-05-13 14:27:34.351 70565 INFO tempest.lib.common.rest_client [req-282a1f80-e28a-4093-b979-5806cc75cdce req-282a1f80-e28a-4093-b979-5806cc75cdce ] Request (ServerActionsTestJSON:setUpClass): 201 POST http://10.180.1.21:9696/networking/v2.0/networks 0.494s
2025-05-13 14:27:34.355 70559 INFO tempest.lib.common.rest_client [req-1bc70819-2d51-4f73-ba8f-32922e19c3cf req-1bc70819-2d51-4f73-ba8f-32922e19c3cf ] Request (ListServerFiltersTestJSON:setUpClass): 200 GET http://10.180.1.21/compute/v2.1/servers/4925d307-f4c8-4847-8ee1-937e196e6c69 1.126s
2025-05-13 14:27:34.387 70551 INFO tempest.lib.common.rest_client [req-cebf5174-2f64-4292-93aa-6c53226fc8e9 req-cebf5174-2f64-4292-93aa-6c53226fc8e9 ] Request (ServerRescueTestJSON:setUpClass): 200 GET http://10.180.1.21/compute/v2.1/servers/ad899de6-c2d4-4cbe-a91c-1cd76f650ae4 1.214s
2025-05-13 14:27:34.445 70529 INFO tempest.lib.common.rest_client [req-88d4d90b-0133-45c8-abe1-7d3cd3916232 req-88d4d90b-0133-45c8-abe1-7d3cd3916232 ] Request (ServersNegativeTestMultiTenantJSON:tearDownClass): 200 GET http://10.180.1.21/compute/v2.1/servers/fd67edc7-3014-4eab-b142-5bff2253204f 1.145s
2025-05-13 14:27:34.533 70565 INFO tempest.lib.common.rest_client [req-8c09a5b4-ac1d-44c6-875b-8278dd9c4c9f req-8c09a5b4-ac1d-44c6-875b-8278dd9c4c9f ] Request (ServerActionsTestJSON:setUpClass): 201 POST http://10.180.1.21:9696/networking/v2.0/subnets 0.181s
2025-05-13 14:27:34.695 70531 INFO tempest.lib.common.rest_client [req-acb4946a-f5cf-46c6-904f-717e4a638668 req-acb4946a-f5cf-46c6-904f-717e4a638668 ] Request (ServersTestFqdnHostnames:test_create_server_with_fqdn_name): 200 GET http://10.180.1.21/compute/v2.1/servers/33ddb54a-10b8-463d-bfcf-4e0e8baea80d 1.251s
2025-05-13 14:27:34.887 70511 INFO tempest.lib.common.rest_client [req-cc01359a-6b33-42a7-9454-b0f909104916 req-cc01359a-6b33-42a7-9454-b0f909104916 ] Request (DeleteServersTestJSON:test_delete_active_server): 200 GET http://10.180.1.21/compute/v2.1/servers/16a112a1-636c-440d-adfb-8881578f51b0 0.972s
2025-05-13 14:27:34.975 70547 INFO tempest.lib.common.rest_client [req-71910385-e0e6-4b73-a066-152848d73dbf req-71910385-e0e6-4b73-a066-152848d73dbf ] Request (ServerShowV257Test:test_rebuild_server): 200 GET http://10.180.1.21/compute/v2.1/servers/2ed7de86-7eb4-4e49-8d78-171d09addeb1 0.965s
2025-05-13 14:27:35.042 70574 INFO tempest.lib.common.rest_client [req-35eb06c3-88ba-45a4-94b3-e35911761312 req-35eb06c3-88ba-45a4-94b3-e35911761312 ] Request (SecurityGroupsTestJSON:test_list_security_groups_by_server): 200 GET http://10.180.1.21/compute/v2.1/servers/c4299beb-fd13-47db-9ad2-eaedefdaf7e9 0.953s
2025-05-13 14:27:35.138 70553 INFO tempest.lib.common.rest_client [req-18259ddc-19f6-4a45-bc72-e038b6bd9024 req-18259ddc-19f6-4a45-bc72-e038b6bd9024 ] Request (ServersTestMultiNic:test_verify_multiple_nics_order): 200 GET http://10.180.1.21/compute/v2.1/servers/fcc33919-98ac-42bc-8c76-a65e1189865a 0.944s
2025-05-13 14:27:35.163 70557 INFO tempest.lib.common.rest_client [req-17e21874-c712-4884-85b7-2276e985cc2d req-17e21874-c712-4884-85b7-2276e985cc2d ] Request (ServersTestJSON:tearDownClass): 404 GET http://10.180.1.21/compute/v2.1/servers/41c9a79a-e246-4818-8339-fbaaa9fea305 0.888s
2025-05-13 14:27:35.243 70535 INFO tempest.lib.common.rest_client [req-a3499ac9-fda7-406f-9d1c-160ff362d1d4 req-a3499ac9-fda7-406f-9d1c-160ff362d1d4 ] Request (AttachInterfacesTestJSON:_run_cleanups): 200 GET http://10.180.1.21/compute/v2.1/servers/49ce5d94-ce4e-457b-a34c-54bd5dfcc242 0.861s
2025-05-13 14:27:35.254 70535 INFO tempest.common.waiters [-] State transition "ACTIVE/deleting" ==> "DELETED/None" after 4 second wait
2025-05-13 14:27:35.392 70515 INFO tempest.lib.common.rest_client [req-ab9f7142-a40f-46a6-af91-e8f4194527b8 req-ab9f7142-a40f-46a6-af91-e8f4194527b8 ] Request (FloatingIPsAssociationNegativeTestJSON:test_associate_ip_to_server_with_floating_ip): 200 POST http://10.180.1.21/compute/v2.1/os-floating-ips 2.085s
2025-05-13 14:27:35.423 70543 INFO tempest.lib.common.rest_client [req-e820f9c0-963f-409f-8983-44454c7e597d req-e820f9c0-963f-409f-8983-44454c7e597d ] Request (MigrationsAdminTest:test_list_migrations_in_flavor_resize_situation): 200 GET http://10.180.1.21/compute/v2.1/servers/da1de6c7-ec10-47d2-a8a9-8572cd4162f5 1.005s
2025-05-13 14:27:35.454 70565 INFO tempest.lib.common.rest_client [req-61c3d185-d62f-4a8e-b615-edb76a113c29 req-61c3d185-d62f-4a8e-b615-edb76a113c29 ] Request (ServerActionsTestJSON:setUpClass): 201 POST http://10.180.1.21:9696/networking/v2.0/routers 0.920s
2025-05-13 14:27:35.470 70525 INFO tempest.lib.common.rest_client [req-11b64ed3-6ec3-49d6-8b7f-a1ef5c1cc8f1 req-11b64ed3-6ec3-49d6-8b7f-a1ef5c1cc8f1 ] Request (ServersV294TestFqdnHostnames:setUpClass): 200 GET http://10.180.1.21/compute/v2.1/servers/4cdcfc6f-7d4f-4b81-b0a1-425c842fe20b 1.000s
2025-05-13 14:27:35.503 70537 INFO tempest.lib.common.rest_client [req-4fced75c-d1b0-4eb9-8959-93d776ee13e2 req-4fced75c-d1b0-4eb9-8959-93d776ee13e2 ] Request (ServerDiagnosticsTest:tearDownClass): 200 GET http://10.180.1.21/compute/v2.1/servers/30d28d6c-5e7a-4e70-9415-b88ec3230f71 0.997s
2025-05-13 14:27:35.571 70523 INFO tempest.lib.common.rest_client [req-6bde1d85-3b77-49b7-b4e2-aa93bad3b2df req-6bde1d85-3b77-49b7-b4e2-aa93bad3b2df ] Request (ServersListShow2100Test:tearDownClass): 200 GET http://10.180.1.21/compute/v2.1/servers/96c84f6a-1e51-41fa-b5cd-4dc572d96410 1.016s
2025-05-13 14:27:35.574 70540 INFO tempest.lib.common.rest_client [req-315f466b-17c9-4bb6-908f-f0461152b46e req-315f466b-17c9-4bb6-908f-f0461152b46e ] Request (ServersAdminNegativeTestJSON:tearDownClass): 200 GET http://10.180.1.21/compute/v2.1/servers/d52805a2-50d7-49b9-b1bb-9fddc19df7a2 0.985s
2025-05-13 14:27:35.637 70513 INFO tempest.lib.common.rest_client [req-7518556b-5f2e-49e0-bccd-85130cdfbfce req-7518556b-5f2e-49e0-bccd-85130cdfbfce ] Request (ServerTagsTestJSON:tearDownClass): 200 GET http://10.180.1.21/compute/v2.1/servers/6440cc57-4bc9-4c89-941e-f16b6bf04dc3 0.947s
2025-05-13 14:27:35.645 70527 INFO tempest.lib.common.rest_client [req-ee6964fe-027e-4372-9dbc-101ec7a93d33 req-ee6964fe-027e-4372-9dbc-101ec7a93d33 ] Request (ServerExternalEventsTest:tearDownClass): 200 GET http://10.180.1.21/compute/v2.1/servers/898487e1-e766-417f-be3f-99f6ebd7f853 1.032s
2025-05-13 14:27:35.652 70527 INFO tempest.common.waiters [-] State transition "ACTIVE/deleting" ==> "DELETED/None" after 4 second wait
2025-05-13 14:27:35.711 70519 INFO tempest.lib.common.rest_client [req-476bdef0-85a7-4b02-b12a-89fdde733335 req-476bdef0-85a7-4b02-b12a-89fdde733335 ] Request (ServersTestManualDisk:setUpClass): 200 GET http://10.180.1.21/compute/v2.1/servers/4ac0defd-d9ca-4e93-836c-a5cc81529eba 0.881s
2025-05-13 14:27:35.715 70521 INFO tempest.lib.common.rest_client [req-5f6d3f62-9816-4ac2-a64a-091646c22011 req-5f6d3f62-9816-4ac2-a64a-091646c22011 ] Request (DeleteServersAdminTestJSON:test_delete_server_while_in_error_state): 200 GET http://10.180.1.21/compute/v2.1/servers/a6f14a7e-6957-41e2-8455-0ca463f97479 0.952s
2025-05-13 14:27:35.767 70569 INFO tempest.lib.common.rest_client [req-04a6c777-b1bb-4ed5-a205-1d4c8f16c7a4 req-04a6c777-b1bb-4ed5-a205-1d4c8f16c7a4 ] Request (ServersAdminTestJSON:test_create_server_with_scheduling_hint): 200 GET http://10.180.1.21/compute/v2.1/servers/0de8146b-f51a-4bcd-b4ef-d68e55d3d621 0.867s
2025-05-13 14:27:35.776 70555 INFO tempest.lib.common.rest_client [req-e580f9be-f984-473b-ae72-55be013efdfa req-e580f9be-f984-473b-ae72-55be013efdfa ] Request (ImagesOneServerNegativeTestJSON:setUpClass): 200 GET http://10.180.1.21/compute/v2.1/servers/c94d00aa-7337-4037-9d27-25bad025e569 0.807s
2025-05-13 14:27:35.787 70557 INFO tempest.lib.common.rest_client [req-6c320b65-0019-43f2-bc43-97d726b420b2 req-6c320b65-0019-43f2-bc43-97d726b420b2 ] Request (ServersTestJSON:tearDownClass): 202 DELETE http://10.180.1.21/compute/v2.1/os-keypairs/tempest-keypair-1430706968 0.624s
2025-05-13 14:27:35.844 70549 INFO tempest.lib.common.rest_client [req-5b57f0fa-54a2-4649-9af4-9950d9db266a req-5b57f0fa-54a2-4649-9af4-9950d9db266a ] Request (MultipleCreateTestJSON:test_multiple_create): 200 GET http://10.180.1.21/compute/v2.1/servers/ef03e9af-5995-42ac-829e-dcf1f0fccf01 0.583s
2025-05-13 14:27:35.895 70533 INFO tempest.lib.common.rest_client [req-81bfcea5-19f8-4658-b818-a6da65ea58c8 req-81bfcea5-19f8-4658-b818-a6da65ea58c8 ] Request (ImagesNegativeTestJSON:test_create_image_from_deleted_server): 200 GET http://10.180.1.21/compute/v2.1/servers/2a1576fd-1e00-4803-ba65-cf3f35434ca6 0.712s
2025-05-13 14:27:35.901 70559 INFO tempest.lib.common.rest_client [req-67ef0266-2861-4bdd-a989-9e0c7bf032a5 req-67ef0266-2861-4bdd-a989-9e0c7bf032a5 ] Request (ListServerFiltersTestJSON:setUpClass): 200 GET http://10.180.1.21/compute/v2.1/servers/4925d307-f4c8-4847-8ee1-937e196e6c69 0.536s
2025-05-13 14:27:35.940 70557 INFO tempest.lib.common.rest_client [req-89e7d869-958d-4cc4-a079-07360bee1276 req-89e7d869-958d-4cc4-a079-07360bee1276 ] Request (ServersTestJSON:tearDownClass): 204 DELETE http://10.180.1.21:9696/networking/v2.0/security-groups/88bc81f1-c7d8-417c-b21f-c4248c63d277 0.152s
2025-05-13 14:27:35.961 70557 INFO tempest.lib.common.rest_client [req-8d0161ca-5365-4afe-beae-94398f678fa5 req-8d0161ca-5365-4afe-beae-94398f678fa5 ] Request (ServersTestJSON:tearDownClass): 404 GET http://10.180.1.21:9696/networking/v2.0/security-groups/88bc81f1-c7d8-417c-b21f-c4248c63d277 0.020s
2025-05-13 14:27:36.076 70551 INFO tempest.lib.common.rest_client [req-78797b1c-ab20-4426-b9d8-8387f743df4d req-78797b1c-ab20-4426-b9d8-8387f743df4d ] Request (ServerRescueTestJSON:setUpClass): 200 GET http://10.180.1.21/compute/v2.1/servers/ad899de6-c2d4-4cbe-a91c-1cd76f650ae4 0.678s
2025-05-13 14:27:36.136 70529 INFO tempest.lib.common.rest_client [req-6f09fd17-fc92-4146-ae21-7975d9a6c1f6 req-6f09fd17-fc92-4146-ae21-7975d9a6c1f6 ] Request (ServersNegativeTestMultiTenantJSON:tearDownClass): 200 GET http://10.180.1.21/compute/v2.1/servers/fd67edc7-3014-4eab-b142-5bff2253204f 0.680s
2025-05-13 14:27:36.241 70515 INFO tempest.lib.common.rest_client [req-b37445d4-cbf3-4835-b74d-d070e32dcf85 req-b37445d4-cbf3-4835-b74d-d070e32dcf85 ] Request (FloatingIPsAssociationNegativeTestJSON:test_associate_ip_to_server_with_floating_ip): 400 POST http://10.180.1.21/compute/v2.1/servers/7af1243e-53e5-4edc-b665-562067ca3c71/action 0.845s
2025-05-13 14:27:36.254 70531 INFO tempest.lib.common.rest_client [req-7f057e3b-0b08-4058-9805-614fa7884dcd req-7f057e3b-0b08-4058-9805-614fa7884dcd ] Request (ServersTestFqdnHostnames:test_create_server_with_fqdn_name): 200 GET http://10.180.1.21/compute/v2.1/servers/33ddb54a-10b8-463d-bfcf-4e0e8baea80d 0.537s
2025-05-13 14:27:36.289 70557 INFO tempest.lib.common.rest_client [req-8e4e288a-f70d-41d5-907b-0558a4ab8f48 req-8e4e288a-f70d-41d5-907b-0558a4ab8f48 ] Request (ServersTestJSON:tearDownClass): 204 DELETE http://10.180.1.21:9696/networking/v2.0/floatingips/2c4cedc4-6a4e-427f-9154-ef59868f5c99 0.328s
2025-05-13 14:27:36.315 70547 INFO tempest.lib.common.rest_client [req-69caf171-541d-4a05-9c80-cf72bd106f8e req-69caf171-541d-4a05-9c80-cf72bd106f8e ] Request (ServerShowV257Test:test_rebuild_server): 200 GET http://10.180.1.21/compute/v2.1/servers/2ed7de86-7eb4-4e49-8d78-171d09addeb1 0.328s
2025-05-13 14:27:36.367 70574 INFO tempest.lib.common.rest_client [req-fda95da8-6599-49f9-b739-77585ad3d4a2 req-fda95da8-6599-49f9-b739-77585ad3d4a2 ] Request (SecurityGroupsTestJSON:test_list_security_groups_by_server): 200 GET http://10.180.1.21/compute/v2.1/servers/c4299beb-fd13-47db-9ad2-eaedefdaf7e9 0.311s
2025-05-13 14:27:36.383 70511 INFO tempest.lib.common.rest_client [req-3b6b7397-5031-4a9c-8543-0203b051b832 req-3b6b7397-5031-4a9c-8543-0203b051b832 ] Request (DeleteServersTestJSON:test_delete_active_server): 200 GET http://10.180.1.21/compute/v2.1/servers/16a112a1-636c-440d-adfb-8881578f51b0 0.484s
2025-05-13 14:27:36.393 70511 INFO tempest.common.waiters [-] State transition "BUILD/spawning" ==> "ACTIVE/None" after 40 second wait
2025-05-13 14:27:36.428 70553 INFO tempest.lib.common.rest_client [req-e81968bd-dfcb-4168-aff9-077149d8e260 req-e81968bd-dfcb-4168-aff9-077149d8e260 ] Request (ServersTestMultiNic:test_verify_multiple_nics_order): 200 GET http://10.180.1.21/compute/v2.1/servers/fcc33919-98ac-42bc-8c76-a65e1189865a 0.281s
2025-05-13 14:27:36.515 70535 INFO tempest.lib.common.rest_client [req-c2f655ae-bcbf-40b0-b128-ad7854f061ad req-c2f655ae-bcbf-40b0-b128-ad7854f061ad ] Request (AttachInterfacesTestJSON:_run_cleanups): 200 GET http://10.180.1.21/compute/v2.1/servers/49ce5d94-ce4e-457b-a34c-54bd5dfcc242 0.259s
2025-05-13 14:27:36.640 70511 INFO tempest.lib.common.rest_client [req-9e18c536-1f42-4471-bda7-f3b8651801d6 req-9e18c536-1f42-4471-bda7-f3b8651801d6 ] Request (DeleteServersTestJSON:test_delete_active_server): 204 DELETE http://10.180.1.21/compute/v2.1/servers/16a112a1-636c-440d-adfb-8881578f51b0 0.246s
2025-05-13 14:27:36.756 70543 INFO tempest.lib.common.rest_client [req-9fb222fa-6e9d-499e-a6e8-d2a243f0ef34 req-9fb222fa-6e9d-499e-a6e8-d2a243f0ef34 ] Request (MigrationsAdminTest:test_list_migrations_in_flavor_resize_situation): 200 GET http://10.180.1.21/compute/v2.1/servers/da1de6c7-ec10-47d2-a8a9-8572cd4162f5 0.322s
2025-05-13 14:27:36.796 70515 INFO tempest.lib.common.rest_client [req-9a06af6b-5e42-4c00-b7b4-57f0eb4ad1a4 req-9a06af6b-5e42-4c00-b7b4-57f0eb4ad1a4 ] Request (FloatingIPsAssociationNegativeTestJSON:_run_cleanups): 202 DELETE http://10.180.1.21/compute/v2.1/os-floating-ips/3c4e9cb1-e302-4fb2-a734-e5a7753cbcfe 0.555s
2025-05-13 14:27:36.822 70565 INFO tempest.lib.common.rest_client [req-5a95ea12-04cb-4aa1-a156-777e11e18a6b req-5a95ea12-04cb-4aa1-a156-777e11e18a6b ] Request (ServerActionsTestJSON:setUpClass): 200 PUT http://10.180.1.21:9696/networking/v2.0/routers/fd83db1b-921c-4f24-a04c-43672f2d2bf3/add_router_interface 1.367s
2025-05-13 14:27:36.822 70565 INFO tempest.lib.common.dynamic_creds [-] Created isolated network resources for: credentials: Credentials: {'domain_id': 'default', 'domain_name': 'Default', 'username': 'tempest-ServerActionsTestJSON-1647971860-project-member', 'project_domain_id': 'default', 'project_domain_name': 'Default', 'project_id': '8917847ce0c4465198a89a1c5551fb59', 'project_name': 'tempest-ServerActionsTestJSON-1647971860', 'tenant_id': '8917847ce0c4465198a89a1c5551fb59', 'tenant_name': 'tempest-ServerActionsTestJSON-1647971860', 'user_domain_id': 'default', 'user_domain_name': 'Default', 'user_id': '06b16d4eba14469eac358aaed7c3ac59', 'system': None}, Network: {'id': 'c607a821-3d63-41af-abaf-0611e2141a9c', 'name': 'tempest-ServerActionsTestJSON-453181546-network', 'tenant_id': '8917847ce0c4465198a89a1c5551fb59', 'admin_state_up': True, 'mtu': 8950, 'status': 'ACTIVE', 'subnets': [], 'shared': False, 'project_id': '8917847ce0c4465198a89a1c5551fb59', 'port_security_enabled': True, 'router:external': False, 'provider:network_type': 'vlan', 'provider:physical_network': 'default', 'provider:segmentation_id': 974, 'availability_zone_hints': [], 'availability_zones': [], 'ipv4_address_scope': None, 'ipv6_address_scope': None, 'description': '', 'tags': [], 'created_at': '2025-05-13T14:27:34Z', 'updated_at': '2025-05-13T14:27:34Z', 'revision_number': 1}, Subnet: {'id': 'e17b5122-438c-41ae-81b4-0eadb581a378', 'name': 'tempest-ServerActionsTestJSON-453181546-subnet', 'tenant_id': '8917847ce0c4465198a89a1c5551fb59', 'network_id': 'c607a821-3d63-41af-abaf-0611e2141a9c', 'ip_version': 4, 'subnetpool_id': None, 'enable_dhcp': True, 'ipv6_ra_mode': None, 'ipv6_address_mode': None, 'gateway_ip': '192.168.128.1', 'cidr': '192.168.128.0/28', 'allocation_pools': [{'start': '192.168.128.2', 'end': '192.168.128.14'}], 'host_routes': [], 'dns_nameservers': [], 'description': '', 'router:external': False, 'service_types': [], 'tags': [], 'created_at': '2025-05-13T14:27:34Z', 'updated_at': '2025-05-13T14:27:34Z', 'revision_number': 0, 'project_id': '8917847ce0c4465198a89a1c5551fb59'}, Router: {'id': 'fd83db1b-921c-4f24-a04c-43672f2d2bf3', 'name': 'tempest-ServerActionsTestJSON-453181546-router', 'tenant_id': '8917847ce0c4465198a89a1c5551fb59', 'admin_state_up': True, 'status': 'ACTIVE', 'external_gateway_info': {'network_id': '883aeaf5-15fa-44f5-a9f4-877a6f251fff', 'external_fixed_ips': [{'subnet_id': '6284358a-c0db-4027-ba0b-8a6bee251c26', 'ip_address': '10.180.180.144'}], 'enable_snat': True}, 'description': '', 'availability_zones': [], 'distributed': False, 'ha': False, 'availability_zone_hints': [], 'routes': [], 'flavor_id': None, 'tags': [], 'created_at': '2025-05-13T14:27:34Z', 'updated_at': '2025-05-13T14:27:34Z', 'revision_number': 2, 'project_id': '8917847ce0c4465198a89a1c5551fb59'}
2025-05-13 14:27:36.840 70525 INFO tempest.lib.common.rest_client [req-6f08d50a-a108-45b8-b9c8-9b67c002ec38 req-6f08d50a-a108-45b8-b9c8-9b67c002ec38 ] Request (ServersV294TestFqdnHostnames:setUpClass): 200 GET http://10.180.1.21/compute/v2.1/servers/4cdcfc6f-7d4f-4b81-b0a1-425c842fe20b 0.358s
2025-05-13 14:27:36.867 70537 INFO tempest.lib.common.rest_client [req-7285003e-8ecc-48d7-93bb-eb0909dc3f1a req-7285003e-8ecc-48d7-93bb-eb0909dc3f1a ] Request (ServerDiagnosticsTest:tearDownClass): 200 GET http://10.180.1.21/compute/v2.1/servers/30d28d6c-5e7a-4e70-9415-b88ec3230f71 0.356s
2025-05-13 14:27:36.923 70565 INFO tempest.lib.common.rest_client [req-4d9603cc-74b8-41b1-90e9-abe50b43be24 req-4d9603cc-74b8-41b1-90e9-abe50b43be24 ] Request (ServerActionsTestJSON:setUpClass): 201 POST http://10.180.1.21/identity/v3/auth/tokens 0.098s
2025-05-13 14:27:36.925 70523 INFO tempest.lib.common.rest_client [req-594c342f-24bf-4e13-8771-2b1fd6732b90 req-594c342f-24bf-4e13-8771-2b1fd6732b90 ] Request (ServersListShow2100Test:tearDownClass): 200 GET http://10.180.1.21/compute/v2.1/servers/96c84f6a-1e51-41fa-b5cd-4dc572d96410 0.331s
2025-05-13 14:27:36.936 70540 INFO tempest.lib.common.rest_client [req-c7768551-5773-4589-9fc4-e44aad4f7ff1 req-c7768551-5773-4589-9fc4-e44aad4f7ff1 ] Request (ServersAdminNegativeTestJSON:tearDownClass): 200 GET http://10.180.1.21/compute/v2.1/servers/d52805a2-50d7-49b9-b1bb-9fddc19df7a2 0.342s
2025-05-13 14:27:36.957 70513 INFO tempest.lib.common.rest_client [req-d224845a-98e3-4572-83a8-55bd61780662 req-d224845a-98e3-4572-83a8-55bd61780662 ] Request (ServerTagsTestJSON:tearDownClass): 404 GET http://10.180.1.21/compute/v2.1/servers/6440cc57-4bc9-4c89-941e-f16b6bf04dc3 0.304s
2025-05-13 14:27:37.053 70527 INFO tempest.lib.common.rest_client [req-ead6248f-e2a2-4c3a-9a17-6963fed13d71 req-ead6248f-e2a2-4c3a-9a17-6963fed13d71 ] Request (ServerExternalEventsTest:tearDownClass): 200 GET http://10.180.1.21/compute/v2.1/servers/898487e1-e766-417f-be3f-99f6ebd7f853 0.399s
2025-05-13 14:27:37.103 70511 INFO tempest.lib.common.rest_client [req-b2613fe2-4cf6-4494-ad31-a8f32ceca50a req-b2613fe2-4cf6-4494-ad31-a8f32ceca50a ] Request (DeleteServersTestJSON:test_delete_active_server): 200 GET http://10.180.1.21/compute/v2.1/servers/16a112a1-636c-440d-adfb-8881578f51b0 0.463s
2025-05-13 14:27:37.144 70519 INFO tempest.lib.common.rest_client [req-aa33f3d0-cd5d-4080-ab39-9118a5ac925e req-aa33f3d0-cd5d-4080-ab39-9118a5ac925e ] Request (ServersTestManualDisk:setUpClass): 200 GET http://10.180.1.21/compute/v2.1/servers/4ac0defd-d9ca-4e93-836c-a5cc81529eba 0.425s
2025-05-13 14:27:37.183 70521 INFO tempest.lib.common.rest_client [req-86f8d544-af55-45f1-914d-1d41c0c52a5d req-86f8d544-af55-45f1-914d-1d41c0c52a5d ] Request (DeleteServersAdminTestJSON:test_delete_server_while_in_error_state): 200 GET http://10.180.1.21/compute/v2.1/servers/a6f14a7e-6957-41e2-8455-0ca463f97479 0.457s
2025-05-13 14:27:37.195 70569 INFO tempest.lib.common.rest_client [req-f612acfd-ff2e-4e29-937a-4483feb27cab req-f612acfd-ff2e-4e29-937a-4483feb27cab ] Request (ServersAdminTestJSON:test_create_server_with_scheduling_hint): 200 GET http://10.180.1.21/compute/v2.1/servers/0de8146b-f51a-4bcd-b4ef-d68e55d3d621 0.421s
2025-05-13 14:27:37.261 70555 INFO tempest.lib.common.rest_client [req-fbe8c8f7-f008-4d8c-8c9e-481b9703d90e req-fbe8c8f7-f008-4d8c-8c9e-481b9703d90e ] Request (ImagesOneServerNegativeTestJSON:setUpClass): 200 GET http://10.180.1.21/compute/v2.1/servers/c94d00aa-7337-4037-9d27-25bad025e569 0.473s
2025-05-13 14:27:37.329 70549 INFO tempest.lib.common.rest_client [req-46980260-f92e-42f3-acc9-f3700f3ef4d6 req-46980260-f92e-42f3-acc9-f3700f3ef4d6 ] Request (MultipleCreateTestJSON:test_multiple_create): 200 GET http://10.180.1.21/compute/v2.1/servers/ef03e9af-5995-42ac-829e-dcf1f0fccf01 0.475s
2025-05-13 14:27:37.567 70557 INFO tempest.lib.common.rest_client [req-f588c512-46e5-452d-b189-afcd50937c95 req-f588c512-46e5-452d-b189-afcd50937c95 ] Request (ServersTestJSON:tearDownClass): 200 PUT http://10.180.1.21:9696/networking/v2.0/routers/e769d76e-2c3f-4864-8418-2ec7e9b77d03/remove_router_interface 1.277s
2025-05-13 14:27:37.662 70559 INFO tempest.lib.common.rest_client [req-2f5fb715-3db6-4b10-aa99-b34db6bdfab4 req-2f5fb715-3db6-4b10-aa99-b34db6bdfab4 ] Request (ListServerFiltersTestJSON:setUpClass): 200 GET http://10.180.1.21/compute/v2.1/servers/4925d307-f4c8-4847-8ee1-937e196e6c69 0.749s
2025-05-13 14:27:37.910 70533 INFO tempest.lib.common.rest_client [req-d5e8a8e8-2e92-4343-abb2-757a4f4dce10 req-d5e8a8e8-2e92-4343-abb2-757a4f4dce10 ] Request (ImagesNegativeTestJSON:test_create_image_from_deleted_server): 200 GET http://10.180.1.21/compute/v2.1/servers/2a1576fd-1e00-4803-ba65-cf3f35434ca6 0.996s
2025-05-13 14:27:38.041 70557 INFO tempest.lib.common.rest_client [req-f31d5826-6b43-4453-b5be-a57665a50b1f req-f31d5826-6b43-4453-b5be-a57665a50b1f ] Request (ServersTestJSON:tearDownClass): 204 DELETE http://10.180.1.21:9696/networking/v2.0/routers/e769d76e-2c3f-4864-8418-2ec7e9b77d03 0.473s
2025-05-13 14:27:38.057 70565 INFO tempest.lib.common.rest_client [req-e339bd80-1d3b-4c4b-ab02-c65f33dad731 req-e339bd80-1d3b-4c4b-ab02-c65f33dad731 ] Request (ServerActionsTestJSON:setUpClass): 200 POST http://10.180.1.21/compute/v2.1/os-keypairs 1.132s
2025-05-13 14:27:38.230 70557 INFO tempest.lib.common.rest_client [req-1bf66bc0-efb7-4de6-96b1-4bf9fbcb9b7c req-1bf66bc0-efb7-4de6-96b1-4bf9fbcb9b7c ] Request (ServersTestJSON:tearDownClass): 204 DELETE http://10.180.1.21:9696/networking/v2.0/subnets/ca9d61b6-4c43-4ac9-8dd3-be25be06009d 0.189s
2025-05-13 14:27:38.244 70565 INFO tempest.lib.common.rest_client [req-0fbe55a6-629b-4be8-ad9f-73682350903b req-0fbe55a6-629b-4be8-ad9f-73682350903b ] Request (ServerActionsTestJSON:setUpClass): 201 POST http://10.180.1.21:9696/networking/v2.0/security-groups 0.185s
2025-05-13 14:27:38.333 70551 INFO tempest.lib.common.rest_client [req-e57e5768-ddf5-46be-b1bf-c889e8b4392a req-e57e5768-ddf5-46be-b1bf-c889e8b4392a ] Request (ServerRescueTestJSON:setUpClass): 200 GET http://10.180.1.21/compute/v2.1/servers/ad899de6-c2d4-4cbe-a91c-1cd76f650ae4 1.246s
2025-05-13 14:27:38.412 70565 INFO tempest.lib.common.rest_client [req-0532e083-4e08-48a9-94bd-c5603d223360 req-0532e083-4e08-48a9-94bd-c5603d223360 ] Request (ServerActionsTestJSON:setUpClass): 201 POST http://10.180.1.21:9696/networking/v2.0/security-group-rules 0.168s
2025-05-13 14:27:38.434 70529 INFO tempest.lib.common.rest_client [req-b6746be1-0079-4076-87ad-74ef3b48cd43 req-b6746be1-0079-4076-87ad-74ef3b48cd43 ] Request (ServersNegativeTestMultiTenantJSON:tearDownClass): 200 GET http://10.180.1.21/compute/v2.1/servers/fd67edc7-3014-4eab-b142-5bff2253204f 1.290s
2025-05-13 14:27:38.560 70565 INFO tempest.lib.common.rest_client [req-b307f968-0b13-4660-a6f2-5464de4f732f req-b307f968-0b13-4660-a6f2-5464de4f732f ] Request (ServerActionsTestJSON:setUpClass): 201 POST http://10.180.1.21:9696/networking/v2.0/security-group-rules 0.147s
2025-05-13 14:27:38.619 70531 INFO tempest.lib.common.rest_client [req-3115c584-aeb3-4e2d-8de7-552593637fa1 req-3115c584-aeb3-4e2d-8de7-552593637fa1 ] Request (ServersTestFqdnHostnames:test_create_server_with_fqdn_name): 200 GET http://10.180.1.21/compute/v2.1/servers/33ddb54a-10b8-463d-bfcf-4e0e8baea80d 1.356s
2025-05-13 14:27:38.657 70545 WARNING tempest.lib.common.ssh [-] Failed to establish authenticated ssh connection to cirros@10.180.180.148 ([Errno None] Unable to connect to port 22 on 10.180.180.148). Number attempts: 7. Retry after 8 seconds.: paramiko.ssh_exception.NoValidConnectionsError: [Errno None] Unable to connect to port 22 on 10.180.180.148
2025-05-13 14:27:38.675 70557 INFO tempest.lib.common.rest_client [req-5fa00c67-6365-44cd-9f5d-006b6732646b req-5fa00c67-6365-44cd-9f5d-006b6732646b ] Request (ServersTestJSON:tearDownClass): 204 DELETE http://10.180.1.21:9696/networking/v2.0/networks/c3bb2e6b-95b7-48ce-8cfb-a50bc038bc10 0.444s
2025-05-13 14:27:38.728 70547 INFO tempest.lib.common.rest_client [req-034b347a-46bc-4da1-817f-6140901392dd req-034b347a-46bc-4da1-817f-6140901392dd ] Request (ServerShowV257Test:test_rebuild_server): 200 GET http://10.180.1.21/compute/v2.1/servers/2ed7de86-7eb4-4e49-8d78-171d09addeb1 1.401s
2025-05-13 14:27:38.817 70557 INFO tempest.lib.common.rest_client [req-128f5a98-af16-45e3-bd66-2004e42b2a66 req-128f5a98-af16-45e3-bd66-2004e42b2a66 ] Request (ServersTestJSON:tearDownClass): 204 DELETE http://10.180.1.21/identity/v3/users/7ff913b6812f4581958244d994cd20c6 0.141s
2025-05-13 14:27:38.817 70557 INFO tempest.lib.common.dynamic_creds [-] Deleting project and security group for project: f1f3f632517b44d493319fbb69031204
2025-05-13 14:27:38.857 70574 INFO tempest.lib.common.rest_client [req-3e966e0f-445f-458e-aba2-f9cb44d2e90f req-3e966e0f-445f-458e-aba2-f9cb44d2e90f ] Request (SecurityGroupsTestJSON:test_list_security_groups_by_server): 200 GET http://10.180.1.21/compute/v2.1/servers/c4299beb-fd13-47db-9ad2-eaedefdaf7e9 1.481s
2025-05-13 14:27:38.882 70513 INFO tempest.lib.common.rest_client [req-b55747bd-79ba-431d-bb5a-8eefad9199cc req-b55747bd-79ba-431d-bb5a-8eefad9199cc ] Request (ServerTagsTestJSON:tearDownClass): 200 PUT http://10.180.1.21:9696/networking/v2.0/routers/c5e4690c-ba1c-4e5f-85f6-4ec610da9e5d/remove_router_interface 1.925s
2025-05-13 14:27:38.898 70557 INFO tempest.lib.common.rest_client [req-883cede0-3741-4a89-9c66-29bdafe3e4d2 req-883cede0-3741-4a89-9c66-29bdafe3e4d2 ] Request (ServersTestJSON:tearDownClass): 200 GET http://10.180.1.21:9696/networking/v2.0/security-groups?tenant_id=f1f3f632517b44d493319fbb69031204&name=default 0.080s
2025-05-13 14:27:38.970 70553 INFO tempest.lib.common.rest_client [req-82d08861-8c3e-4d3e-8e41-378291630932 req-82d08861-8c3e-4d3e-8e41-378291630932 ] Request (ServersTestMultiNic:test_verify_multiple_nics_order): 200 GET http://10.180.1.21/compute/v2.1/servers/fcc33919-98ac-42bc-8c76-a65e1189865a 1.532s
2025-05-13 14:27:39.079 70535 INFO tempest.lib.common.rest_client [req-e2b023c6-5bfa-4f00-9c8e-bfa80d6ae270 req-e2b023c6-5bfa-4f00-9c8e-bfa80d6ae270 ] Request (AttachInterfacesTestJSON:_run_cleanups): 200 GET http://10.180.1.21/compute/v2.1/servers/49ce5d94-ce4e-457b-a34c-54bd5dfcc242 1.555s
2025-05-13 14:27:39.106 70515 INFO tempest.lib.common.rest_client [req-8f60cbba-7614-4b47-8045-d322ba75051b req-8f60cbba-7614-4b47-8045-d322ba75051b ] Request (FloatingIPsAssociationNegativeTestJSON:_run_cleanups): 202 POST http://10.180.1.21/compute/v2.1/servers/7af1243e-53e5-4edc-b665-562067ca3c71/action 2.309s
2025-05-13 14:27:39.161 70557 INFO tempest.lib.common.rest_client [req-6bd4060a-841e-4523-beb4-18179c79de73 req-6bd4060a-841e-4523-beb4-18179c79de73 ] Request (ServersTestJSON:tearDownClass): 204 DELETE http://10.180.1.21:9696/networking/v2.0/security-groups/963f01d6-2fd1-48aa-86e9-f11f773c15c7 0.263s
2025-05-13 14:27:39.201 70525 INFO tempest.lib.common.rest_client [req-b83681c0-2319-47d2-9c95-6d79bf5c76bf req-b83681c0-2319-47d2-9c95-6d79bf5c76bf ] Request (ServersV294TestFqdnHostnames:setUpClass): 200 GET http://10.180.1.21/compute/v2.1/servers/4cdcfc6f-7d4f-4b81-b0a1-425c842fe20b 1.349s
2025-05-13 14:27:39.269 70557 INFO tempest.lib.common.rest_client [req-cec1025a-012f-4fbc-bf1a-59235db78938 req-cec1025a-012f-4fbc-bf1a-59235db78938 ] Request (ServersTestJSON:tearDownClass): 204 DELETE http://10.180.1.21/identity/v3/projects/f1f3f632517b44d493319fbb69031204 0.107s
2025-05-13 14:27:39.291 70537 INFO tempest.lib.common.rest_client [req-10bb3ca9-f939-41e9-be29-4b91c30b5c77 req-10bb3ca9-f939-41e9-be29-4b91c30b5c77 ] Request (ServerDiagnosticsTest:tearDownClass): 200 GET http://10.180.1.21/compute/v2.1/servers/30d28d6c-5e7a-4e70-9415-b88ec3230f71 1.412s
2025-05-13 14:27:39.300 70543 INFO tempest.lib.common.rest_client [req-05d4a816-0d73-40fb-8eaa-8bac1b1bddfa req-05d4a816-0d73-40fb-8eaa-8bac1b1bddfa ] Request (MigrationsAdminTest:test_list_migrations_in_flavor_resize_situation): 200 GET http://10.180.1.21/compute/v2.1/servers/da1de6c7-ec10-47d2-a8a9-8572cd4162f5 1.535s
2025-05-13 14:27:39.343 70557 INFO tempest.lib.common.rest_client [req-6839ecc3-6b96-4cec-9deb-f12f40e35888 req-6839ecc3-6b96-4cec-9deb-f12f40e35888 ] Request (InstanceActionsTestJSON:setUpClass): 201 POST http://10.180.1.21/identity/v3/auth/tokens 0.072s
2025-05-13 14:27:39.349 70565 INFO tempest.lib.common.rest_client [req-8bc20629-18a2-40d3-82b4-bd376b4a76a0 req-8bc20629-18a2-40d3-82b4-bd376b4a76a0 ] Request (ServerActionsTestJSON:setUpClass): 201 POST http://10.180.1.21:9696/networking/v2.0/floatingips 0.788s
2025-05-13 14:27:39.386 70557 INFO tempest.lib.common.rest_client [req-4589b525-a146-490b-a1a8-c5078d0e45be req-4589b525-a146-490b-a1a8-c5078d0e45be ] Request (InstanceActionsTestJSON:setUpClass): 201 POST http://10.180.1.21/identity/v3/auth/tokens 0.040s
2025-05-13 14:27:39.393 70540 INFO tempest.lib.common.rest_client [req-3f0721ab-17a8-430e-8e34-6d5d7cce29c5 req-3f0721ab-17a8-430e-8e34-6d5d7cce29c5 ] Request (ServersAdminNegativeTestJSON:tearDownClass): 200 GET http://10.180.1.21/compute/v2.1/servers/d52805a2-50d7-49b9-b1bb-9fddc19df7a2 1.447s
2025-05-13 14:27:39.408 70523 INFO tempest.lib.common.rest_client [req-c63632e4-2c6a-469b-8a25-57c361d98d71 req-c63632e4-2c6a-469b-8a25-57c361d98d71 ] Request (ServersListShow2100Test:tearDownClass): 200 GET http://10.180.1.21/compute/v2.1/servers/96c84f6a-1e51-41fa-b5cd-4dc572d96410 1.467s
2025-05-13 14:27:39.417 70557 INFO tempest.lib.common.rest_client [req-05569092-3b2f-4899-ac93-f2c7ea2d6c69 req-05569092-3b2f-4899-ac93-f2c7ea2d6c69 ] Request (InstanceActionsTestJSON:setUpClass): 200 GET http://10.180.1.21/identity/v3/domains?name=Default 0.029s
2025-05-13 14:27:39.426 70565 INFO tempest.lib.common.rest_client [req-053e5b5b-f69d-48b6-aeee-91d061c53688 req-053e5b5b-f69d-48b6-aeee-91d061c53688 ] Request (ServerActionsTestJSON:setUpClass): 201 POST http://10.180.1.21/identity/v3/auth/tokens 0.074s
2025-05-13 14:27:39.427 70565 INFO tempest.lib.common.fixed_network [-] (ServerActionsTestJSON:setUpClass) Found network {'id': 'c607a821-3d63-41af-abaf-0611e2141a9c', 'name': 'tempest-ServerActionsTestJSON-453181546-network', 'tenant_id': '8917847ce0c4465198a89a1c5551fb59', 'admin_state_up': True, 'mtu': 8950, 'status': 'ACTIVE', 'subnets': [], 'shared': False, 'project_id': '8917847ce0c4465198a89a1c5551fb59', 'port_security_enabled': True, 'router:external': False, 'provider:network_type': 'vlan', 'provider:physical_network': 'default', 'provider:segmentation_id': 974, 'availability_zone_hints': [], 'availability_zones': [], 'ipv4_address_scope': None, 'ipv6_address_scope': None, 'description': '', 'tags': [], 'created_at': '2025-05-13T14:27:34Z', 'updated_at': '2025-05-13T14:27:34Z', 'revision_number': 1} available for tenant
2025-05-13 14:27:39.451 70557 INFO tempest.lib.common.rest_client [req-01520c94-6e3c-4922-910f-e0636d17b4be req-01520c94-6e3c-4922-910f-e0636d17b4be ] Request (InstanceActionsTestJSON:setUpClass): 201 POST http://10.180.1.21/identity/v3/projects 0.034s
2025-05-13 14:27:39.506 70527 INFO tempest.lib.common.rest_client [req-4273e30b-e824-4e60-88f0-c8c5514acd9d req-4273e30b-e824-4e60-88f0-c8c5514acd9d ] Request (ServerExternalEventsTest:tearDownClass): 200 GET http://10.180.1.21/compute/v2.1/servers/898487e1-e766-417f-be3f-99f6ebd7f853 1.445s
2025-05-13 14:27:39.507 70511 INFO tempest.lib.common.rest_client [req-02d69244-f45e-476e-8cee-4a106ca7cb3f req-02d69244-f45e-476e-8cee-4a106ca7cb3f ] Request (DeleteServersTestJSON:test_delete_active_server): 200 GET http://10.180.1.21/compute/v2.1/servers/16a112a1-636c-440d-adfb-8881578f51b0 1.390s
2025-05-13 14:27:39.526 70557 INFO tempest.lib.common.rest_client [req-a2b8d4a6-3ffe-44f0-8fd5-76fc0d23257e req-a2b8d4a6-3ffe-44f0-8fd5-76fc0d23257e ] Request (InstanceActionsTestJSON:setUpClass): 201 POST http://10.180.1.21/identity/v3/users 0.075s
2025-05-13 14:27:39.563 70557 INFO tempest.lib.common.rest_client [req-386ca3f0-aca6-4fb7-9102-933b18aa4f3f req-386ca3f0-aca6-4fb7-9102-933b18aa4f3f ] Request (InstanceActionsTestJSON:setUpClass): 200 GET http://10.180.1.21/identity/v3/roles 0.036s
2025-05-13 14:27:39.582 70519 INFO tempest.lib.common.rest_client [req-b44d3212-0fa8-485c-8e42-e8cf124d03b2 req-b44d3212-0fa8-485c-8e42-e8cf124d03b2 ] Request (ServersTestManualDisk:setUpClass): 200 GET http://10.180.1.21/compute/v2.1/servers/4ac0defd-d9ca-4e93-836c-a5cc81529eba 1.427s
2025-05-13 14:27:39.584 70521 INFO tempest.lib.common.rest_client [req-91e01635-2622-4bcb-8b0b-d28e8df5123a req-91e01635-2622-4bcb-8b0b-d28e8df5123a ] Request (DeleteServersAdminTestJSON:test_delete_server_while_in_error_state): 200 GET http://10.180.1.21/compute/v2.1/servers/a6f14a7e-6957-41e2-8455-0ca463f97479 1.388s
2025-05-13 14:27:39.598 70557 INFO tempest.lib.common.rest_client [req-d2b3331f-ca95-4262-a5fb-e91a4a14ead5 req-d2b3331f-ca95-4262-a5fb-e91a4a14ead5 ] Request (InstanceActionsTestJSON:setUpClass): 204 PUT http://10.180.1.21/identity/v3/projects/2ff54d7e35774610a1f5c4195efc91be/users/80ffd121f33b4b8190074132ec22c5d9/roles/d15340df8b5d4d59b632964c0e8cf997 0.034s
2025-05-13 14:27:39.598 70557 INFO tempest.lib.common.dynamic_creds [-] Dynamic test user 80ffd121f33b4b8190074132ec22c5d9 is created with scope project and roles: ['member']
2025-05-13 14:27:39.599 70557 INFO tempest.lib.common.dynamic_creds [-] Acquired dynamic creds: credentials: Credentials: {'domain_id': 'default', 'domain_name': 'Default', 'username': 'tempest-InstanceActionsTestJSON-2071181575-project-member', 'project_domain_id': 'default', 'project_domain_name': 'Default', 'project_id': '2ff54d7e35774610a1f5c4195efc91be', 'project_name': 'tempest-InstanceActionsTestJSON-2071181575', 'tenant_id': '2ff54d7e35774610a1f5c4195efc91be', 'tenant_name': 'tempest-InstanceActionsTestJSON-2071181575', 'user_domain_id': 'default', 'user_domain_name': 'Default', 'user_id': '80ffd121f33b4b8190074132ec22c5d9', 'system': None}, Network: None, Subnet: None, Router: None
2025-05-13 14:27:39.656 70555 INFO tempest.lib.common.rest_client [req-0f9bebfc-2266-4f0d-8ca3-5607f978a294 req-0f9bebfc-2266-4f0d-8ca3-5607f978a294 ] Request (ImagesOneServerNegativeTestJSON:setUpClass): 200 GET http://10.180.1.21/compute/v2.1/servers/c94d00aa-7337-4037-9d27-25bad025e569 1.387s
2025-05-13 14:27:39.660 70557 INFO tempest.lib.common.rest_client [req-795d17a7-6a66-4f02-8e4d-95cbde741d02 req-795d17a7-6a66-4f02-8e4d-95cbde741d02 ] Request (InstanceActionsTestJSON:setUpClass): 201 POST http://10.180.1.21/identity/v3/auth/tokens 0.061s
2025-05-13 14:27:39.670 70569 INFO tempest.lib.common.rest_client [req-f63bac20-079d-4bf1-ace9-6db8c17d7606 req-f63bac20-079d-4bf1-ace9-6db8c17d7606 ] Request (ServersAdminTestJSON:test_create_server_with_scheduling_hint): 200 GET http://10.180.1.21/compute/v2.1/servers/0de8146b-f51a-4bcd-b4ef-d68e55d3d621 1.458s
2025-05-13 14:27:39.719 70513 INFO tempest.lib.common.rest_client [req-fcda9502-7fa8-4885-bf67-a83b304e3dfd req-fcda9502-7fa8-4885-bf67-a83b304e3dfd ] Request (ServerTagsTestJSON:tearDownClass): 204 DELETE http://10.180.1.21:9696/networking/v2.0/routers/c5e4690c-ba1c-4e5f-85f6-4ec610da9e5d 0.836s
2025-05-13 14:27:39.724 70549 INFO tempest.lib.common.rest_client [req-081aa4d9-7579-4832-a186-5df24f61be89 req-081aa4d9-7579-4832-a186-5df24f61be89 ] Request (MultipleCreateTestJSON:test_multiple_create): 200 GET http://10.180.1.21/compute/v2.1/servers/ef03e9af-5995-42ac-829e-dcf1f0fccf01 1.387s
2025-05-13 14:27:39.763 70559 INFO tempest.lib.common.rest_client [req-eccde9d1-7bec-4d3a-a6f5-8260902f06be req-eccde9d1-7bec-4d3a-a6f5-8260902f06be ] Request (ListServerFiltersTestJSON:setUpClass): 200 GET http://10.180.1.21/compute/v2.1/servers/4925d307-f4c8-4847-8ee1-937e196e6c69 1.086s
2025-05-13 14:27:39.873 70561 WARNING tempest.lib.common.ssh [-] Failed to establish authenticated ssh connection to cirros@10.180.180.244 ([Errno None] Unable to connect to port 22 on 10.180.180.244). Number attempts: 8. Retry after 9 seconds.: paramiko.ssh_exception.NoValidConnectionsError: [Errno None] Unable to connect to port 22 on 10.180.180.244
2025-05-13 14:27:40.142 70533 INFO tempest.lib.common.rest_client [req-809fc6bd-3ad8-41c1-bf24-0d5f86d40a0b req-809fc6bd-3ad8-41c1-bf24-0d5f86d40a0b ] Request (ImagesNegativeTestJSON:test_create_image_from_deleted_server): 200 GET http://10.180.1.21/compute/v2.1/servers/2a1576fd-1e00-4803-ba65-cf3f35434ca6 1.220s
2025-05-13 14:27:40.176 70513 INFO tempest.lib.common.rest_client [req-abc3b781-569d-4d9d-b0cf-014312e57aaf req-abc3b781-569d-4d9d-b0cf-014312e57aaf ] Request (ServerTagsTestJSON:tearDownClass): 204 DELETE http://10.180.1.21:9696/networking/v2.0/subnets/0d83efe2-3944-4ff7-a3d3-2e4b6cc3a36b 0.456s
2025-05-13 14:27:40.391 70551 INFO tempest.lib.common.rest_client [req-98cf2468-8774-4703-ad1e-cfe63b4bc499 req-98cf2468-8774-4703-ad1e-cfe63b4bc499 ] Request (ServerRescueTestJSON:setUpClass): 200 GET http://10.180.1.21/compute/v2.1/servers/ad899de6-c2d4-4cbe-a91c-1cd76f650ae4 1.044s
2025-05-13 14:27:40.437 70557 INFO tempest.lib.common.rest_client [req-98e5892d-bee6-48b3-a53f-690a1dda9981 req-98e5892d-bee6-48b3-a53f-690a1dda9981 ] Request (InstanceActionsTestJSON:setUpClass): 201 POST http://10.180.1.21:9696/networking/v2.0/networks 0.776s
2025-05-13 14:27:40.668 70513 INFO tempest.lib.common.rest_client [req-b1e56bfe-f566-4b6e-b051-61c63c613d71 req-b1e56bfe-f566-4b6e-b051-61c63c613d71 ] Request (ServerTagsTestJSON:tearDownClass): 204 DELETE http://10.180.1.21:9696/networking/v2.0/networks/1e8cd812-03da-4a5e-b1d2-c07d97efa581 0.491s
2025-05-13 14:27:40.743 70515 INFO tempest.lib.common.rest_client [req-c9c4782f-7214-4463-888d-89c441959d93 req-c9c4782f-7214-4463-888d-89c441959d93 ] Request (FloatingIPsAssociationNegativeTestJSON:_run_cleanups): 202 DELETE http://10.180.1.21/compute/v2.1/os-floating-ips/6126f0b4-02c3-4638-8bdb-44e2eadf292c 1.636s
2025-05-13 14:27:40.779 70557 INFO tempest.lib.common.rest_client [req-9cfb6a8d-fffe-4659-b498-4dd58fa21aaa req-9cfb6a8d-fffe-4659-b498-4dd58fa21aaa ] Request (InstanceActionsTestJSON:setUpClass): 201 POST http://10.180.1.21:9696/networking/v2.0/subnets 0.341s
2025-05-13 14:27:40.808 70513 INFO tempest.lib.common.rest_client [req-14e6433c-5c8e-43b2-b0c9-cc822d0cbbcd req-14e6433c-5c8e-43b2-b0c9-cc822d0cbbcd ] Request (ServerTagsTestJSON:tearDownClass): 204 DELETE http://10.180.1.21/identity/v3/users/3a0960628cad4d0c9b2fb407ccbbfd28 0.139s
2025-05-13 14:27:40.808 70513 INFO tempest.lib.common.dynamic_creds [-] Deleting project and security group for project: c664ef32021f4f6a8ce0e34ca088c2cf
2025-05-13 14:27:40.849 70529 INFO tempest.lib.common.rest_client [req-8c26e2be-8e44-4e62-9e30-07a2375cda4d req-8c26e2be-8e44-4e62-9e30-07a2375cda4d ] Request (ServersNegativeTestMultiTenantJSON:tearDownClass): 200 GET http://10.180.1.21/compute/v2.1/servers/fd67edc7-3014-4eab-b142-5bff2253204f 1.401s
2025-05-13 14:27:40.885 70513 INFO tempest.lib.common.rest_client [req-5adc18d1-e044-4242-8606-ad4ac103f257 req-5adc18d1-e044-4242-8606-ad4ac103f257 ] Request (ServerTagsTestJSON:tearDownClass): 200 GET http://10.180.1.21:9696/networking/v2.0/security-groups?tenant_id=c664ef32021f4f6a8ce0e34ca088c2cf&name=default 0.077s
2025-05-13 14:27:41.068 70531 INFO tempest.lib.common.rest_client [req-6f2dc5d6-e23e-4af3-87cb-e62d11ebc8d4 req-6f2dc5d6-e23e-4af3-87cb-e62d11ebc8d4 ] Request (ServersTestFqdnHostnames:test_create_server_with_fqdn_name): 200 GET http://10.180.1.21/compute/v2.1/servers/33ddb54a-10b8-463d-bfcf-4e0e8baea80d 1.439s
2025-05-13 14:27:41.076 70531 INFO tempest.common.waiters [-] State transition "BUILD/spawning" ==> "ACTIVE/None" after 42 second wait
2025-05-13 14:27:41.076 70565 INFO tempest.lib.common.rest_client [req-79e4ee89-45d5-4322-a2cc-3676e3f9fa00 req-79e4ee89-45d5-4322-a2cc-3676e3f9fa00 ] Request (ServerActionsTestJSON:setUpClass): 202 POST http://10.180.1.21/compute/v2.1/servers 1.649s
2025-05-13 14:27:41.079 70513 INFO tempest.lib.common.rest_client [req-5ffd943d-8f03-451d-b783-c3eacfc1d736 req-5ffd943d-8f03-451d-b783-c3eacfc1d736 ] Request (ServerTagsTestJSON:tearDownClass): 204 DELETE http://10.180.1.21:9696/networking/v2.0/security-groups/7a438d2c-ebfa-4cab-a4e3-08ecb52efacd 0.193s
2025-05-13 14:27:41.218 70513 INFO tempest.lib.common.rest_client [req-590bf334-125f-4b99-b4b1-aa1597da22f9 req-590bf334-125f-4b99-b4b1-aa1597da22f9 ] Request (ServerTagsTestJSON:tearDownClass): 204 DELETE http://10.180.1.21/identity/v3/projects/c664ef32021f4f6a8ce0e34ca088c2cf 0.138s
2025-05-13 14:27:41.286 70513 INFO tempest.lib.common.rest_client [req-73269516-a286-42d3-b591-b812fbad3db5 req-73269516-a286-42d3-b591-b812fbad3db5 ] Request (TestVersions:setUpClass): 201 POST http://10.180.1.21/identity/v3/auth/tokens 0.066s
2025-05-13 14:27:41.321 70513 INFO tempest.lib.common.rest_client [req-8298a0ee-24a9-4cbe-a9f5-f6fb794e36c0 req-8298a0ee-24a9-4cbe-a9f5-f6fb794e36c0 ] Request (TestVersions:setUpClass): 201 POST http://10.180.1.21/identity/v3/auth/tokens 0.032s
2025-05-13 14:27:41.349 70513 INFO tempest.lib.common.rest_client [req-22e2f71c-4b93-44fc-9070-a2fdc4152197 req-22e2f71c-4b93-44fc-9070-a2fdc4152197 ] Request (TestVersions:setUpClass): 200 GET http://10.180.1.21/identity/v3/domains?name=Default 0.027s
2025-05-13 14:27:41.378 70513 INFO tempest.lib.common.rest_client [req-c92b364c-4899-4a7d-bad7-78ae0a600c5e req-c92b364c-4899-4a7d-bad7-78ae0a600c5e ] Request (TestVersions:setUpClass): 201 POST http://10.180.1.21/identity/v3/projects 0.028s
2025-05-13 14:27:41.409 70563 WARNING tempest.lib.common.ssh [-] Failed to establish authenticated ssh connection to cirros@10.180.180.206 ([Errno None] Unable to connect to port 22 on 10.180.180.206). Number attempts: 4. Retry after 5 seconds.: paramiko.ssh_exception.NoValidConnectionsError: [Errno None] Unable to connect to port 22 on 10.180.180.206
2025-05-13 14:27:41.424 70547 INFO tempest.lib.common.rest_client [req-972bad0c-6522-4afb-89b5-e0811d717fd2 req-972bad0c-6522-4afb-89b5-e0811d717fd2 ] Request (ServerShowV257Test:test_rebuild_server): 200 GET http://10.180.1.21/compute/v2.1/servers/2ed7de86-7eb4-4e49-8d78-171d09addeb1 1.673s
2025-05-13 14:27:41.449 70513 INFO tempest.lib.common.rest_client [req-e02b1cdd-e2f9-4f4e-abaf-c4c2d15ed6af req-e02b1cdd-e2f9-4f4e-abaf-c4c2d15ed6af ] Request (TestVersions:setUpClass): 201 POST http://10.180.1.21/identity/v3/users 0.070s
2025-05-13 14:27:41.474 70513 INFO tempest.lib.common.rest_client [req-eee1009a-7c61-45c6-8eb9-2f3b42201a22 req-eee1009a-7c61-45c6-8eb9-2f3b42201a22 ] Request (TestVersions:setUpClass): 200 GET http://10.180.1.21/identity/v3/roles 0.025s
