2025-05-13 14:28:20.138 70569 INFO tempest.lib.common.fixed_network [-] (ServersAdminTestJSON:test_inject_network_info) Found network {'id': '50ea9016-d269-45df-b7c1-4e83533c6d0e', 'name': 'tempest-ServersAdminTestJSON-430026636-network', 'tenant_id': '5468c1b0ae3e473cb6a330efa6052f2e', 'admin_state_up': True, 'mtu': 8950, 'status': 'ACTIVE', 'subnets': [], 'shared': False, 'project_id': '5468c1b0ae3e473cb6a330efa6052f2e', 'port_security_enabled': True, 'router:external': False, 'provider:network_type': 'vlan', 'provider:physical_network': 'default', 'provider:segmentation_id': 26, 'availability_zone_hints': [], 'availability_zones': [], 'ipv4_address_scope': None, 'ipv6_address_scope': None, 'description': '', 'tags': [], 'created_at': '2025-05-13T14:26:18Z', 'updated_at': '2025-05-13T14:26:18Z', 'revision_number': 1} available for tenant
2025-05-13 14:28:20.156 70547 INFO tempest.lib.common.rest_client [req-8bb8fd1f-736d-471f-9149-ea4906e98b05 req-8bb8fd1f-736d-471f-9149-ea4906e98b05 ] Request (ServerShowV257Test:tearDownClass): 200 GET http://10.180.1.21/compute/v2.1/servers/2ed7de86-7eb4-4e49-8d78-171d09addeb1 0.074s
2025-05-13 14:28:20.168 70531 INFO tempest.lib.common.rest_client [req-6019147c-5cdd-47f1-ba74-235a1c1e257d req-6019147c-5cdd-47f1-ba74-235a1c1e257d ] Request (ServersTestFqdnHostnames:tearDownClass): 200 GET http://10.180.1.21/compute/v2.1/servers/33ddb54a-10b8-463d-bfcf-4e0e8baea80d 0.174s
2025-05-13 14:28:20.264 70555 INFO tempest.lib.common.rest_client [req-8d272d28-71bb-45c7-91c8-edc3fa9ef455 req-8d272d28-71bb-45c7-91c8-edc3fa9ef455 ] Request (ImagesOneServerNegativeTestJSON:setUp): 200 GET http://10.180.1.21/compute/v2.1/servers/c94d00aa-7337-4037-9d27-25bad025e569 0.172s
2025-05-13 14:28:20.333 70515 INFO tempest.lib.common.rest_client [req-a46cd65b-4708-4f42-a441-8782af817b05 req-a46cd65b-4708-4f42-a441-8782af817b05 ] Request (FloatingIPsAssociationNegativeTestJSON:tearDownClass): 200 GET http://10.180.1.21/compute/v2.1/servers/7af1243e-53e5-4edc-b665-562067ca3c71 0.155s
2025-05-13 14:28:20.382 70543 INFO tempest.lib.common.rest_client [req-ba6e060b-ae1e-405d-989d-f1a630fcca16 req-ba6e060b-ae1e-405d-989d-f1a630fcca16 ] Request (MigrationsAdminTest:test_resize_server_revert_deleted_flavor): 200 GET http://10.180.1.21/compute/v2.1/servers/9103303b-fb64-4728-892d-285dba75ac18 0.146s
2025-05-13 14:28:20.387 70555 INFO tempest.lib.common.rest_client [req-09055fc9-ec04-400e-ae92-cc359e5141cb req-09055fc9-ec04-400e-ae92-cc359e5141cb ] Request (ImagesOneServerNegativeTestJSON:test_create_image_specify_metadata_over_limits): 400 POST http://10.180.1.21/compute/v2.1/servers/c94d00aa-7337-4037-9d27-25bad025e569/action 0.112s
2025-05-13 14:28:20.449 70537 INFO tempest.lib.common.rest_client [req-2bdafe8a-8cd4-4811-a31a-9803f4c7c77b req-2bdafe8a-8cd4-4811-a31a-9803f4c7c77b ] Request (ServersListShow298Test:test_list_show_update_rebuild_server_298): 200 GET http://10.180.1.21/compute/v2.1/servers/b4d9b431-14b5-46c9-9691-f5bfc012d8ca 0.133s
2025-05-13 14:28:20.489 70569 INFO tempest.lib.common.rest_client [req-4d85b54e-5d11-4906-bafe-d431fc189c9b req-4d85b54e-5d11-4906-bafe-d431fc189c9b ] Request (ServersAdminTestJSON:test_inject_network_info): 202 POST http://10.180.1.21/compute/v2.1/servers 0.350s
2025-05-13 14:28:20.523 70525 INFO tempest.lib.common.rest_client [req-db0dd74e-c8c8-407c-9a53-0fd49a5bac24 req-db0dd74e-c8c8-407c-9a53-0fd49a5bac24 ] Request (ServersV294TestFqdnHostnames:setUpClass): 200 GET http://10.180.1.21/compute/v2.1/servers/4cdcfc6f-7d4f-4b81-b0a1-425c842fe20b 0.184s
2025-05-13 14:28:20.561 70527 INFO tempest.lib.common.rest_client [req-176aa87b-9dec-46d3-88e2-6d09f90f0a83 req-176aa87b-9dec-46d3-88e2-6d09f90f0a83 ] Request (ServerPasswordTestJSON:setUpClass): 200 GET http://10.180.1.21/compute/v2.1/servers/a7c1b811-fede-428b-b4f9-a4df09e7968d 0.192s
2025-05-13 14:28:20.645 70561 WARNING tempest.lib.common.ssh [-] Failed to establish authenticated ssh connection to cirros@10.180.180.244 ([Errno None] Unable to connect to port 22 on 10.180.180.244). Number attempts: 11. Retry after 12 seconds.: paramiko.ssh_exception.NoValidConnectionsError: [Errno None] Unable to connect to port 22 on 10.180.180.244
2025-05-13 14:28:20.646 70511 INFO tempest.lib.common.rest_client [req-a92a07a0-de08-4e13-9bd9-f995035dfc1c req-a92a07a0-de08-4e13-9bd9-f995035dfc1c ] Request (DeleteServersTestJSON:test_delete_active_server): 200 GET http://10.180.1.21/compute/v2.1/servers/16a112a1-636c-440d-adfb-8881578f51b0 0.220s
2025-05-13 14:28:20.664 70555 INFO tempest.lib.common.rest_client [req-b7a2a98d-745a-45fd-92a7-7f67d4637b16 req-b7a2a98d-745a-45fd-92a7-7f67d4637b16 ] Request (ImagesOneServerNegativeTestJSON:tearDown): 200 GET http://10.180.1.21/compute/v2.1/servers/c94d00aa-7337-4037-9d27-25bad025e569 0.276s
2025-05-13 14:28:20.718 70533 INFO tempest.lib.common.rest_client [req-f55f1c69-8701-44df-922f-2a3922cc8dea req-f55f1c69-8701-44df-922f-2a3922cc8dea ] Request (ImagesNegativeTestJSON:test_create_image_from_deleted_server): 200 GET http://10.180.1.21/compute/v2.1/servers/2a1576fd-1e00-4803-ba65-cf3f35434ca6 0.270s
2025-05-13 14:28:20.730 70559 INFO tempest.lib.common.rest_client [req-150c977c-b0cc-4fdb-8df4-f59cedd62195 req-150c977c-b0cc-4fdb-8df4-f59cedd62195 ] Request (ListServerFiltersTestJSON:setUpClass): 200 GET http://10.180.1.21/compute/v2.1/servers/4925d307-f4c8-4847-8ee1-937e196e6c69 0.246s
2025-05-13 14:28:20.768 70569 INFO tempest.lib.common.rest_client [req-103ca456-f4a5-4afb-8bb7-d999c5eb872a req-103ca456-f4a5-4afb-8bb7-d999c5eb872a ] Request (ServersAdminTestJSON:test_inject_network_info): 200 GET http://10.180.1.21/compute/v2.1/servers/72912814-7e55-405f-a878-7102dcdfc7d1 0.277s
2025-05-13 14:28:20.796 70540 INFO tempest.lib.common.rest_client [req-2834c55c-0ad2-4ad2-a468-ce6e2a714d20 req-2834c55c-0ad2-4ad2-a468-ce6e2a714d20 ] Request (ServersAdminNegativeTestJSON:tearDownClass): 200 GET http://10.180.1.21/compute/v2.1/servers/63d61011-bbbe-4645-b993-9a9c8e8ca075 0.265s
2025-05-13 14:28:20.827 70574 INFO tempest.lib.common.rest_client [req-cf410829-74a7-4121-953a-acfd41266d4f req-cf410829-74a7-4121-953a-acfd41266d4f ] Request (SecurityGroupsTestJSON:test_server_security_groups): 200 GET http://10.180.1.21/compute/v2.1/servers/035a867b-5707-43b4-b743-3e32775063ea 0.282s
2025-05-13 14:28:20.844 70551 INFO tempest.lib.common.rest_client [req-52b3566d-eac4-4be3-ab92-97f6864300d8 req-52b3566d-eac4-4be3-ab92-97f6864300d8 ] Request (ServerRescueTestJSON:test_rescue_unrescue_instance): 200 GET http://10.180.1.21/compute/v2.1/servers/fb83ecfb-e4bc-4420-b9db-e13a462db3c4 0.257s
2025-05-13 14:28:20.882 70521 INFO tempest.lib.common.rest_client [req-773a1560-1581-41d3-8d10-657b5b1e32c7 req-773a1560-1581-41d3-8d10-657b5b1e32c7 ] Request (ServerMetadataTestJSON:setUpClass): 200 GET http://10.180.1.21/compute/v2.1/servers/37c0c047-a9c0-4e1e-8794-9ad3b6efc875 0.236s
2025-05-13 14:28:20.940 70535 INFO tempest.lib.common.rest_client [req-9e4f935e-a9ac-4fa3-bdb3-fe1f63c96e65 req-9e4f935e-a9ac-4fa3-bdb3-fe1f63c96e65 ] Request (AttachInterfacesTestJSON:test_create_list_show_delete_interfaces_by_network_port): 200 GET http://10.180.1.21/compute/v2.1/servers/bbf9db25-688f-4729-9c55-0e1e1196c2f6 0.240s
2025-05-13 14:28:20.974 70555 INFO tempest.lib.common.rest_client [req-ecca154e-f356-4d07-bd8d-ae920266c89f req-ecca154e-f356-4d07-bd8d-ae920266c89f ] Request (ImagesOneServerNegativeTestJSON:setUp): 200 GET http://10.180.1.21/compute/v2.1/servers/c94d00aa-7337-4037-9d27-25bad025e569 0.302s
2025-05-13 14:28:20.991 70565 INFO tempest.lib.common.rest_client [req-7512eabb-e8e8-48dc-a260-6bb406c695bd req-7512eabb-e8e8-48dc-a260-6bb406c695bd ] Request (ServerActionsTestJSON:setUpClass): 200 GET http://10.180.1.21/compute/v2.1/servers/5cc197e5-d5b0-48e5-a1cb-de7aed3d05f4 0.254s
2025-05-13 14:28:21.028 70549 INFO tempest.lib.common.rest_client [req-733adfbf-07f6-4906-9587-ae0d8ab568be req-733adfbf-07f6-4906-9587-ae0d8ab568be ] Request (MultipleCreateTestJSON:_run_cleanups): 200 GET http://10.180.1.21/compute/v2.1/servers/f042fe0d-3d51-41f7-b983-8254e996697e 0.241s
2025-05-13 14:28:21.036 70549 INFO tempest.common.waiters [-] State transition "ACTIVE/deleting" ==> "DELETED/None" after 4 second wait
2025-05-13 14:28:21.043 70513 INFO tempest.lib.common.rest_client [req-b8c14795-20ea-4f24-8f16-1e8061a50a86 req-b8c14795-20ea-4f24-8f16-1e8061a50a86 ] Request (AttachVolumeNegativeTest:test_attach_attached_volume_to_different_server): 200 GET http://10.180.1.21/compute/v2.1/servers/1b8036ed-2b5c-457d-9ef5-50d9ec77f656 0.226s
2025-05-13 14:28:21.083 70557 INFO tempest.lib.common.rest_client [req-82af78a1-445f-4b89-a0de-e1bbca2c96e1 req-82af78a1-445f-4b89-a0de-e1bbca2c96e1 ] Request (InstanceActionsTestJSON:setUpClass): 200 GET http://10.180.1.21/compute/v2.1/servers/2df2001e-95cc-4421-a98d-c8212c184cff 0.233s
2025-05-13 14:28:21.089 70555 INFO tempest.lib.common.rest_client [req-4de4621e-bb7f-42d6-888b-1f2bf6ff4479 req-4de4621e-bb7f-42d6-888b-1f2bf6ff4479 ] Request (ImagesOneServerNegativeTestJSON:test_create_image_specify_name_over_character_limit): 400 POST http://10.180.1.21/compute/v2.1/servers/c94d00aa-7337-4037-9d27-25bad025e569/action 0.108s
2025-05-13 14:28:21.102 70553 INFO tempest.lib.common.rest_client [req-3a3bae61-7e46-4c37-b064-95fe2a049085 req-3a3bae61-7e46-4c37-b064-95fe2a049085 ] Request (ServersTestMultiNic:test_verify_multiple_nics_order): 200 GET http://10.180.1.21/compute/v2.1/servers/fcc33919-98ac-42bc-8c76-a65e1189865a 0.193s
2025-05-13 14:28:21.208 70555 INFO tempest.lib.common.rest_client [req-d25ccebc-4d72-4bb2-a26d-b7a883142448 req-d25ccebc-4d72-4bb2-a26d-b7a883142448 ] Request (ImagesOneServerNegativeTestJSON:tearDown): 200 GET http://10.180.1.21/compute/v2.1/servers/c94d00aa-7337-4037-9d27-25bad025e569 0.118s
2025-05-13 14:28:21.256 70547 INFO tempest.lib.common.rest_client [req-caa7935e-eb81-4746-8afc-108f996450a8 req-caa7935e-eb81-4746-8afc-108f996450a8 ] Request (ServerShowV257Test:tearDownClass): 200 GET http://10.180.1.21/compute/v2.1/servers/2ed7de86-7eb4-4e49-8d78-171d09addeb1 0.089s
2025-05-13 14:28:21.365 70531 INFO tempest.lib.common.rest_client [req-fc2e9a54-3aa3-417d-9570-f63387cc665d req-fc2e9a54-3aa3-417d-9570-f63387cc665d ] Request (ServersTestFqdnHostnames:tearDownClass): 200 GET http://10.180.1.21/compute/v2.1/servers/33ddb54a-10b8-463d-bfcf-4e0e8baea80d 0.189s
2025-05-13 14:28:21.397 70555 INFO tempest.lib.common.rest_client [req-66ea4a4d-1c02-44b1-849c-ee4b93ebad93 req-66ea4a4d-1c02-44b1-849c-ee4b93ebad93 ] Request (ImagesOneServerNegativeTestJSON:setUp): 200 GET http://10.180.1.21/compute/v2.1/servers/c94d00aa-7337-4037-9d27-25bad025e569 0.179s
2025-05-13 14:28:21.438 70515 INFO tempest.lib.common.rest_client [req-17404b38-0db4-4a33-acda-97c936310186 req-17404b38-0db4-4a33-acda-97c936310186 ] Request (FloatingIPsAssociationNegativeTestJSON:tearDownClass): 200 GET http://10.180.1.21/compute/v2.1/servers/7af1243e-53e5-4edc-b665-562067ca3c71 0.093s
2025-05-13 14:28:21.453 70543 INFO tempest.lib.common.rest_client [req-04a1584a-ed93-4d96-82bf-2fd9b36f6507 req-04a1584a-ed93-4d96-82bf-2fd9b36f6507 ] Request (MigrationsAdminTest:test_resize_server_revert_deleted_flavor): 200 GET http://10.180.1.21/compute/v2.1/servers/9103303b-fb64-4728-892d-285dba75ac18 0.057s
2025-05-13 14:28:21.461 70543 INFO tempest.common.waiters [-] State transition "BUILD/scheduling" ==> "BUILD/None" after 33 second wait
2025-05-13 14:28:21.540 70537 INFO tempest.lib.common.rest_client [req-368de5f5-0998-4838-a557-c4daa3da8fce req-368de5f5-0998-4838-a557-c4daa3da8fce ] Request (ServersListShow298Test:test_list_show_update_rebuild_server_298): 200 GET http://10.180.1.21/compute/v2.1/servers/b4d9b431-14b5-46c9-9691-f5bfc012d8ca 0.078s
2025-05-13 14:28:21.609 70525 INFO tempest.lib.common.rest_client [req-16cfdc86-e310-4d99-83dc-7dda85b8d524 req-16cfdc86-e310-4d99-83dc-7dda85b8d524 ] Request (ServersV294TestFqdnHostnames:setUpClass): 200 GET http://10.180.1.21/compute/v2.1/servers/4cdcfc6f-7d4f-4b81-b0a1-425c842fe20b 0.074s
2025-05-13 14:28:21.665 70527 INFO tempest.lib.common.rest_client [req-ec92299d-7e2e-4f0c-ad51-b7ab520ccdc2 req-ec92299d-7e2e-4f0c-ad51-b7ab520ccdc2 ] Request (ServerPasswordTestJSON:setUpClass): 200 GET http://10.180.1.21/compute/v2.1/servers/a7c1b811-fede-428b-b4f9-a4df09e7968d 0.092s
2025-05-13 14:28:21.666 70519 WARNING tempest.lib.common.ssh [-] Failed to establish authenticated ssh connection to cirros@10.180.180.230 ([Errno None] Unable to connect to port 22 on 10.180.180.230). Number attempts: 5. Retry after 6 seconds.: paramiko.ssh_exception.NoValidConnectionsError: [Errno None] Unable to connect to port 22 on 10.180.180.230
2025-05-13 14:28:21.739 70511 INFO tempest.lib.common.rest_client [req-a96c96ab-8f96-4995-9f50-11d2687a3840 req-a96c96ab-8f96-4995-9f50-11d2687a3840 ] Request (DeleteServersTestJSON:test_delete_active_server): 200 GET http://10.180.1.21/compute/v2.1/servers/16a112a1-636c-440d-adfb-8881578f51b0 0.084s
2025-05-13 14:28:21.788 70545 INFO paramiko.transport [-] Connected (version 2.0, client dropbear_2020.81)
2025-05-13 14:28:21.804 70533 INFO tempest.lib.common.rest_client [req-76cdefe9-6321-4b78-9ec6-ed7772ad214e req-76cdefe9-6321-4b78-9ec6-ed7772ad214e ] Request (ImagesNegativeTestJSON:test_create_image_from_deleted_server): 200 GET http://10.180.1.21/compute/v2.1/servers/2a1576fd-1e00-4803-ba65-cf3f35434ca6 0.076s
2025-05-13 14:28:21.859 70559 INFO tempest.lib.common.rest_client [req-711ab887-85c1-4002-925c-648db0951c8d req-711ab887-85c1-4002-925c-648db0951c8d ] Request (ListServerFiltersTestJSON:setUpClass): 200 GET http://10.180.1.21/compute/v2.1/servers/4925d307-f4c8-4847-8ee1-937e196e6c69 0.121s
2025-05-13 14:28:21.892 70555 INFO tempest.lib.common.rest_client [req-7fd69b81-4e5d-4ae1-9344-76a15bdd1b0c req-7fd69b81-4e5d-4ae1-9344-76a15bdd1b0c ] Request (ImagesOneServerNegativeTestJSON:test_create_second_image_when_first_image_is_being_saved): 202 POST http://10.180.1.21/compute/v2.1/servers/c94d00aa-7337-4037-9d27-25bad025e569/action 0.487s
2025-05-13 14:28:21.894 70545 INFO paramiko.transport [-] Authentication (publickey) successful!
2025-05-13 14:28:21.895 70545 INFO tempest.lib.common.ssh [-] ssh connection to cirros@10.180.180.148 successfully created
2025-05-13 14:28:21.940 70569 INFO tempest.lib.common.rest_client [req-89a80284-07ba-488e-a505-ab85686df241 req-89a80284-07ba-488e-a505-ab85686df241 ] Request (ServersAdminTestJSON:test_inject_network_info): 200 GET http://10.180.1.21/compute/v2.1/servers/72912814-7e55-405f-a878-7102dcdfc7d1 0.164s
2025-05-13 14:28:22.223 70540 INFO tempest.lib.common.rest_client [req-65e5398e-404f-4ccd-b875-b3c9ac390a63 req-65e5398e-404f-4ccd-b875-b3c9ac390a63 ] Request (ServersAdminNegativeTestJSON:tearDownClass): 200 GET http://10.180.1.21/compute/v2.1/servers/63d61011-bbbe-4645-b993-9a9c8e8ca075 0.418s
2025-05-13 14:28:22.237 70574 INFO tempest.lib.common.rest_client [req-751249a5-43e7-4a49-be17-092fc3105c68 req-751249a5-43e7-4a49-be17-092fc3105c68 ] Request (SecurityGroupsTestJSON:test_server_security_groups): 200 GET http://10.180.1.21/compute/v2.1/servers/035a867b-5707-43b4-b743-3e32775063ea 0.402s
2025-05-13 14:28:22.282 70551 INFO tempest.lib.common.rest_client [req-ecd0a34a-ba7c-45c1-9e4f-6f8ee9025e3d req-ecd0a34a-ba7c-45c1-9e4f-6f8ee9025e3d ] Request (ServerRescueTestJSON:test_rescue_unrescue_instance): 200 GET http://10.180.1.21/compute/v2.1/servers/fb83ecfb-e4bc-4420-b9db-e13a462db3c4 0.429s
2025-05-13 14:28:22.299 70521 INFO tempest.lib.common.rest_client [req-9b37e0b6-c189-4804-a606-5bbf58e6ffbb req-9b37e0b6-c189-4804-a606-5bbf58e6ffbb ] Request (ServerMetadataTestJSON:setUpClass): 200 GET http://10.180.1.21/compute/v2.1/servers/37c0c047-a9c0-4e1e-8794-9ad3b6efc875 0.406s
2025-05-13 14:28:22.311 70555 INFO tempest.lib.common.rest_client [req-ad57db16-5422-4028-b6f0-f67384d41b0d req-ad57db16-5422-4028-b6f0-f67384d41b0d ] Request (ImagesOneServerNegativeTestJSON:test_create_second_image_when_first_image_is_being_saved): 409 POST http://10.180.1.21/compute/v2.1/servers/c94d00aa-7337-4037-9d27-25bad025e569/action 0.417s
2025-05-13 14:28:22.377 70545 INFO tempest.lib.common.rest_client [req-4493794e-0032-440c-bfd1-9edc19c7152c req-4493794e-0032-440c-bfd1-9edc19c7152c ] Request (ServersWithSpecificFlavorTestJSON:test_verify_created_server_ephemeral_disk): 204 DELETE http://10.180.1.21/compute/v2.1/servers/2cb12a8d-74ee-4fe0-92fd-8c2adbc3becc 0.470s
2025-05-13 14:28:22.382 70535 INFO tempest.lib.common.rest_client [req-8fa5a361-fd97-41a7-ba21-b2dcd0ccfaba req-8fa5a361-fd97-41a7-ba21-b2dcd0ccfaba ] Request (AttachInterfacesTestJSON:test_create_list_show_delete_interfaces_by_network_port): 200 GET http://10.180.1.21/compute/v2.1/servers/bbf9db25-688f-4729-9c55-0e1e1196c2f6 0.432s
2025-05-13 14:28:22.432 70517 WARNING tempest.lib.common.ssh [-] Failed to establish authenticated ssh connection to cirros@10.180.180.157 ([Errno None] Unable to connect to port 22 on 10.180.180.157). Number attempts: 10. Retry after 11 seconds.: paramiko.ssh_exception.NoValidConnectionsError: [Errno None] Unable to connect to port 22 on 10.180.180.157
2025-05-13 14:28:22.442 70565 INFO tempest.lib.common.rest_client [req-6fdabd3d-47fd-4c6c-a8e2-6619c6d47981 req-6fdabd3d-47fd-4c6c-a8e2-6619c6d47981 ] Request (ServerActionsTestJSON:setUpClass): 200 GET http://10.180.1.21/compute/v2.1/servers/5cc197e5-d5b0-48e5-a1cb-de7aed3d05f4 0.444s
2025-05-13 14:28:22.453 70549 INFO tempest.lib.common.rest_client [req-02dd5048-67f7-4752-a7c2-baed43549de7 req-02dd5048-67f7-4752-a7c2-baed43549de7 ] Request (MultipleCreateTestJSON:_run_cleanups): 200 GET http://10.180.1.21/compute/v2.1/servers/f042fe0d-3d51-41f7-b983-8254e996697e 0.414s
2025-05-13 14:28:22.461 70545 INFO tempest.lib.common.rest_client [req-84698715-23cc-4d9b-8183-80ab552fbbce req-84698715-23cc-4d9b-8183-80ab552fbbce ] Request (ServersWithSpecificFlavorTestJSON:test_verify_created_server_ephemeral_disk): 201 POST http://10.180.1.21/identity/v3/auth/tokens 0.079s
2025-05-13 14:28:22.461 70545 INFO tempest.lib.common.fixed_network [-] (ServersWithSpecificFlavorTestJSON:test_verify_created_server_ephemeral_disk) Found network {'id': 'a0d23e8a-3eea-41c9-8153-91c7e65c8d84', 'name': 'tempest-ServersWithSpecificFlavorTestJSON-1742377280-network', 'tenant_id': 'dbeed8ed18604939b71a7a686896ff14', 'admin_state_up': True, 'mtu': 8950, 'status': 'ACTIVE', 'subnets': [], 'shared': False, 'project_id': 'dbeed8ed18604939b71a7a686896ff14', 'port_security_enabled': True, 'router:external': False, 'provider:network_type': 'vlan', 'provider:physical_network': 'default', 'provider:segmentation_id': 940, 'availability_zone_hints': [], 'availability_zones': [], 'ipv4_address_scope': None, 'ipv6_address_scope': None, 'description': '', 'tags': [], 'created_at': '2025-05-13T14:25:45Z', 'updated_at': '2025-05-13T14:25:45Z', 'revision_number': 1} available for tenant
2025-05-13 14:28:22.500 70513 INFO tempest.lib.common.rest_client [req-254d5f65-0aca-4d99-830a-ce924789db7e req-254d5f65-0aca-4d99-830a-ce924789db7e ] Request (AttachVolumeNegativeTest:test_attach_attached_volume_to_different_server): 200 GET http://10.180.1.21/compute/v2.1/servers/1b8036ed-2b5c-457d-9ef5-50d9ec77f656 0.449s
2025-05-13 14:28:22.505 70557 INFO tempest.lib.common.rest_client [req-89afbd99-2484-40c5-a8a1-bf96b0f8f410 req-89afbd99-2484-40c5-a8a1-bf96b0f8f410 ] Request (InstanceActionsTestJSON:setUpClass): 200 GET http://10.180.1.21/compute/v2.1/servers/2df2001e-95cc-4421-a98d-c8212c184cff 0.412s
2025-05-13 14:28:22.507 70513 INFO tempest.common.waiters [-] State transition "BUILD/scheduling" ==> "BUILD/None" after 33 second wait
2025-05-13 14:28:22.547 70553 INFO tempest.lib.common.rest_client [req-3680d7f9-1127-400c-ae9f-f70e6a9f3750 req-3680d7f9-1127-400c-ae9f-f70e6a9f3750 ] Request (ServersTestMultiNic:test_verify_multiple_nics_order): 200 GET http://10.180.1.21/compute/v2.1/servers/fcc33919-98ac-42bc-8c76-a65e1189865a 0.436s
2025-05-13 14:28:22.561 70547 INFO tempest.lib.common.rest_client [req-31d5427d-c643-4d36-90fd-cbe4fb214fc8 req-31d5427d-c643-4d36-90fd-cbe4fb214fc8 ] Request (ServerShowV257Test:tearDownClass): 200 GET http://10.180.1.21/compute/v2.1/servers/2ed7de86-7eb4-4e49-8d78-171d09addeb1 0.288s
2025-05-13 14:28:22.607 70531 INFO tempest.lib.common.rest_client [req-b6580867-2f3e-470f-ac06-19a438af51ab req-b6580867-2f3e-470f-ac06-19a438af51ab ] Request (ServersTestFqdnHostnames:tearDownClass): 200 GET http://10.180.1.21/compute/v2.1/servers/33ddb54a-10b8-463d-bfcf-4e0e8baea80d 0.232s
2025-05-13 14:28:22.628 70555 INFO tempest.lib.common.rest_client [req-57a3f03b-adfb-4ed1-8bad-9a7c7ab9167c req-57a3f03b-adfb-4ed1-8bad-9a7c7ab9167c ] Request (ImagesOneServerNegativeTestJSON:test_create_second_image_when_first_image_is_being_saved): 204 DELETE http://10.180.1.21/compute/v2.1/images/e5c65169-2097-4a05-b889-41f949181d8f 0.316s
2025-05-13 14:28:22.664 70515 INFO tempest.lib.common.rest_client [req-b06ade3e-1d8c-4ed6-a1ee-cb4f500efac1 req-b06ade3e-1d8c-4ed6-a1ee-cb4f500efac1 ] Request (FloatingIPsAssociationNegativeTestJSON:tearDownClass): 200 GET http://10.180.1.21/compute/v2.1/servers/7af1243e-53e5-4edc-b665-562067ca3c71 0.213s
2025-05-13 14:28:22.737 70543 INFO tempest.lib.common.rest_client [req-f2bd2d98-d3e1-43a9-a1bf-6cceb012b33a req-f2bd2d98-d3e1-43a9-a1bf-6cceb012b33a ] Request (MigrationsAdminTest:test_resize_server_revert_deleted_flavor): 200 GET http://10.180.1.21/compute/v2.1/servers/9103303b-fb64-4728-892d-285dba75ac18 0.275s
2025-05-13 14:28:22.818 70537 INFO tempest.lib.common.rest_client [req-dba818f6-7605-4865-a4ac-742f2a5b32d3 req-dba818f6-7605-4865-a4ac-742f2a5b32d3 ] Request (ServersListShow298Test:test_list_show_update_rebuild_server_298): 200 GET http://10.180.1.21/compute/v2.1/servers/b4d9b431-14b5-46c9-9691-f5bfc012d8ca 0.267s
2025-05-13 14:28:22.872 70525 INFO tempest.lib.common.rest_client [req-575eead6-b501-4bb9-9372-2ded621e0510 req-575eead6-b501-4bb9-9372-2ded621e0510 ] Request (ServersV294TestFqdnHostnames:setUpClass): 200 GET http://10.180.1.21/compute/v2.1/servers/4cdcfc6f-7d4f-4b81-b0a1-425c842fe20b 0.252s
2025-05-13 14:28:23.012 70555 INFO tempest.lib.common.rest_client [req-e8baea98-1a43-4908-93b7-968389e015c4 req-e8baea98-1a43-4908-93b7-968389e015c4 ] Request (ImagesOneServerNegativeTestJSON:tearDown): 200 GET http://10.180.1.21/compute/v2.1/servers/c94d00aa-7337-4037-9d27-25bad025e569 0.383s
2025-05-13 14:28:23.031 70545 INFO tempest.lib.common.rest_client [req-a2b748de-fee9-4042-a4b3-06dbc6486931 req-a2b748de-fee9-4042-a4b3-06dbc6486931 ] Request (ServersWithSpecificFlavorTestJSON:test_verify_created_server_ephemeral_disk): 202 POST http://10.180.1.21/compute/v2.1/servers 0.569s
2025-05-13 14:28:23.075 70527 INFO tempest.lib.common.rest_client [req-cdf3d094-5792-46a0-bde3-3f0499f8193e req-cdf3d094-5792-46a0-bde3-3f0499f8193e ] Request (ServerPasswordTestJSON:setUpClass): 200 GET http://10.180.1.21/compute/v2.1/servers/a7c1b811-fede-428b-b4f9-a4df09e7968d 0.399s
2025-05-13 14:28:23.107 70511 INFO tempest.lib.common.rest_client [req-a1736374-b3ea-406e-9fc7-cd10283838c3 req-a1736374-b3ea-406e-9fc7-cd10283838c3 ] Request (DeleteServersTestJSON:test_delete_active_server): 200 GET http://10.180.1.21/compute/v2.1/servers/16a112a1-636c-440d-adfb-8881578f51b0 0.360s
2025-05-13 14:28:23.145 70533 INFO tempest.lib.common.rest_client [req-2d809d32-279d-42ce-b2de-452fa06814b5 req-2d809d32-279d-42ce-b2de-452fa06814b5 ] Request (ImagesNegativeTestJSON:test_create_image_from_deleted_server): 200 GET http://10.180.1.21/compute/v2.1/servers/2a1576fd-1e00-4803-ba65-cf3f35434ca6 0.332s
2025-05-13 14:28:23.164 70559 INFO tempest.lib.common.rest_client [req-cb939d4e-3b96-4b48-8abc-40f9071a15b9 req-cb939d4e-3b96-4b48-8abc-40f9071a15b9 ] Request (ListServerFiltersTestJSON:setUpClass): 200 GET http://10.180.1.21/compute/v2.1/servers/4925d307-f4c8-4847-8ee1-937e196e6c69 0.297s
2025-05-13 14:28:23.218 70545 INFO tempest.lib.common.rest_client [req-7d54902a-3392-44f2-99fe-465daa21bc58 req-7d54902a-3392-44f2-99fe-465daa21bc58 ] Request (ServersWithSpecificFlavorTestJSON:test_verify_created_server_ephemeral_disk): 200 GET http://10.180.1.21/compute/v2.1/servers/233f5e8b-de2a-4e68-b8ca-2a548f32617f 0.185s
2025-05-13 14:28:23.218 70569 INFO tempest.lib.common.rest_client [req-e046e06c-10b3-44ad-8bf9-dcac3296a405 req-e046e06c-10b3-44ad-8bf9-dcac3296a405 ] Request (ServersAdminTestJSON:test_inject_network_info): 200 GET http://10.180.1.21/compute/v2.1/servers/72912814-7e55-405f-a878-7102dcdfc7d1 0.265s
2025-05-13 14:28:23.306 70574 INFO tempest.lib.common.rest_client [req-5333da46-25d0-47c5-b9eb-01534c77e8d5 req-5333da46-25d0-47c5-b9eb-01534c77e8d5 ] Request (SecurityGroupsTestJSON:test_server_security_groups): 200 GET http://10.180.1.21/compute/v2.1/servers/035a867b-5707-43b4-b743-3e32775063ea 0.061s
2025-05-13 14:28:23.308 70540 INFO tempest.lib.common.rest_client [req-8f615ba7-7bcd-4207-a08a-2257db0affa5 req-8f615ba7-7bcd-4207-a08a-2257db0affa5 ] Request (ServersAdminNegativeTestJSON:tearDownClass): 200 GET http://10.180.1.21/compute/v2.1/servers/63d61011-bbbe-4645-b993-9a9c8e8ca075 0.074s
2025-05-13 14:28:23.359 70551 INFO tempest.lib.common.rest_client [req-81106e24-37f8-4cb8-a643-f1c1fd03a63c req-81106e24-37f8-4cb8-a643-f1c1fd03a63c ] Request (ServerRescueTestJSON:test_rescue_unrescue_instance): 200 GET http://10.180.1.21/compute/v2.1/servers/fb83ecfb-e4bc-4420-b9db-e13a462db3c4 0.069s
2025-05-13 14:28:23.366 70521 INFO tempest.lib.common.rest_client [req-ad71d21a-5083-43c7-a788-00cea03edc5b req-ad71d21a-5083-43c7-a788-00cea03edc5b ] Request (ServerMetadataTestJSON:setUpClass): 200 GET http://10.180.1.21/compute/v2.1/servers/37c0c047-a9c0-4e1e-8794-9ad3b6efc875 0.059s
2025-05-13 14:28:23.449 70535 INFO tempest.lib.common.rest_client [req-8c8461e3-c20c-4d37-ada8-c30a3d028273 req-8c8461e3-c20c-4d37-ada8-c30a3d028273 ] Request (AttachInterfacesTestJSON:test_create_list_show_delete_interfaces_by_network_port): 200 GET http://10.180.1.21/compute/v2.1/servers/bbf9db25-688f-4729-9c55-0e1e1196c2f6 0.058s
2025-05-13 14:28:23.514 70565 INFO tempest.lib.common.rest_client [req-bcd4c69f-38c1-4f7b-a738-a08c51b3cdeb req-bcd4c69f-38c1-4f7b-a738-a08c51b3cdeb ] Request (ServerActionsTestJSON:setUpClass): 200 GET http://10.180.1.21/compute/v2.1/servers/5cc197e5-d5b0-48e5-a1cb-de7aed3d05f4 0.060s
2025-05-13 14:28:23.528 70549 INFO tempest.lib.common.rest_client [req-813fd5e5-46d7-47f2-92d4-00c997fc50ef req-813fd5e5-46d7-47f2-92d4-00c997fc50ef ] Request (MultipleCreateTestJSON:_run_cleanups): 200 GET http://10.180.1.21/compute/v2.1/servers/f042fe0d-3d51-41f7-b983-8254e996697e 0.064s
2025-05-13 14:28:23.574 70513 INFO tempest.lib.common.rest_client [req-bcb5eed0-df39-4df1-a7c7-0634f9440e35 req-bcb5eed0-df39-4df1-a7c7-0634f9440e35 ] Request (AttachVolumeNegativeTest:test_attach_attached_volume_to_different_server): 200 GET http://10.180.1.21/compute/v2.1/servers/1b8036ed-2b5c-457d-9ef5-50d9ec77f656 0.066s
2025-05-13 14:28:23.580 70557 INFO tempest.lib.common.rest_client [req-959e751a-f24a-43dd-a1c3-eabe2d201c7c req-959e751a-f24a-43dd-a1c3-eabe2d201c7c ] Request (InstanceActionsTestJSON:setUpClass): 200 GET http://10.180.1.21/compute/v2.1/servers/2df2001e-95cc-4421-a98d-c8212c184cff 0.066s
2025-05-13 14:28:23.625 70553 INFO tempest.lib.common.rest_client [req-33ba3da1-8a9a-4f88-b524-355345ac6b06 req-33ba3da1-8a9a-4f88-b524-355345ac6b06 ] Request (ServersTestMultiNic:test_verify_multiple_nics_order): 200 GET http://10.180.1.21/compute/v2.1/servers/fcc33919-98ac-42bc-8c76-a65e1189865a 0.066s
2025-05-13 14:28:23.636 70547 INFO tempest.lib.common.rest_client [req-ef3c8fff-f558-441b-8d94-69481eed4f95 req-ef3c8fff-f558-441b-8d94-69481eed4f95 ] Request (ServerShowV257Test:tearDownClass): 200 GET http://10.180.1.21/compute/v2.1/servers/2ed7de86-7eb4-4e49-8d78-171d09addeb1 0.064s
2025-05-13 14:28:23.675 70531 INFO tempest.lib.common.rest_client [req-71ad3524-80c8-47b5-a067-0835f1fec65b req-71ad3524-80c8-47b5-a067-0835f1fec65b ] Request (ServersTestFqdnHostnames:tearDownClass): 200 GET http://10.180.1.21/compute/v2.1/servers/33ddb54a-10b8-463d-bfcf-4e0e8baea80d 0.059s
2025-05-13 14:28:23.681 70531 INFO tempest.common.waiters [-] State transition "ACTIVE/deleting" ==> "DELETED/None" after 5 second wait
2025-05-13 14:28:23.740 70515 INFO tempest.lib.common.rest_client [req-dd2b3b55-77f3-430d-b2dc-5f6865a900f3 req-dd2b3b55-77f3-430d-b2dc-5f6865a900f3 ] Request (FloatingIPsAssociationNegativeTestJSON:tearDownClass): 200 GET http://10.180.1.21/compute/v2.1/servers/7af1243e-53e5-4edc-b665-562067ca3c71 0.068s
2025-05-13 14:28:23.808 70543 INFO tempest.lib.common.rest_client [req-1808e959-41d5-4300-b0b2-7f477f75fdf6 req-1808e959-41d5-4300-b0b2-7f477f75fdf6 ] Request (MigrationsAdminTest:test_resize_server_revert_deleted_flavor): 200 GET http://10.180.1.21/compute/v2.1/servers/9103303b-fb64-4728-892d-285dba75ac18 0.061s
2025-05-13 14:28:23.902 70537 INFO tempest.lib.common.rest_client [req-d91318fc-dc25-4659-999a-bf2496071b5a req-d91318fc-dc25-4659-999a-bf2496071b5a ] Request (ServersListShow298Test:test_list_show_update_rebuild_server_298): 200 GET http://10.180.1.21/compute/v2.1/servers/b4d9b431-14b5-46c9-9691-f5bfc012d8ca 0.072s
2025-05-13 14:28:23.938 70525 INFO tempest.lib.common.rest_client [req-6733b87c-fac0-43a4-9940-1e98b864776a req-6733b87c-fac0-43a4-9940-1e98b864776a ] Request (ServersV294TestFqdnHostnames:setUpClass): 200 GET http://10.180.1.21/compute/v2.1/servers/4cdcfc6f-7d4f-4b81-b0a1-425c842fe20b 0.055s
2025-05-13 14:28:24.112 70563 INFO paramiko.transport [-] Connected (version 2.0, client dropbear_2020.81)
2025-05-13 14:28:24.136 70555 INFO tempest.lib.common.rest_client [req-15044ddd-596f-4f3e-872c-c06e644be3a0 req-15044ddd-596f-4f3e-872c-c06e644be3a0 ] Request (ImagesOneServerNegativeTestJSON:tearDown): 200 GET http://10.180.1.21/compute/v2.1/servers/c94d00aa-7337-4037-9d27-25bad025e569 0.116s
2025-05-13 14:28:24.141 70527 INFO tempest.lib.common.rest_client [req-832b6845-c101-4e9a-8e87-c73fd59b18de req-832b6845-c101-4e9a-8e87-c73fd59b18de ] Request (ServerPasswordTestJSON:setUpClass): 200 GET http://10.180.1.21/compute/v2.1/servers/a7c1b811-fede-428b-b4f9-a4df09e7968d 0.056s
2025-05-13 14:28:24.143 70555 INFO tempest.common.waiters [-] State transition "ACTIVE/image_snapshot" ==> "ACTIVE/image_pending_upload" after 1 second wait
2025-05-13 14:28:24.196 70511 INFO tempest.lib.common.rest_client [req-1bf92f8c-fddd-4812-a51e-5426c7d0e23e req-1bf92f8c-fddd-4812-a51e-5426c7d0e23e ] Request (DeleteServersTestJSON:test_delete_active_server): 200 GET http://10.180.1.21/compute/v2.1/servers/16a112a1-636c-440d-adfb-8881578f51b0 0.080s
2025-05-13 14:28:24.207 70533 INFO tempest.lib.common.rest_client [req-31c06d7a-0be5-451b-b44b-e4d06739fca0 req-31c06d7a-0be5-451b-b44b-e4d06739fca0 ] Request (ImagesNegativeTestJSON:test_create_image_from_deleted_server): 200 GET http://10.180.1.21/compute/v2.1/servers/2a1576fd-1e00-4803-ba65-cf3f35434ca6 0.054s
2025-05-13 14:28:24.219 70563 INFO paramiko.transport [-] Authentication (publickey) successful!
2025-05-13 14:28:24.220 70563 INFO tempest.lib.common.ssh [-] ssh connection to cirros@10.180.180.206 successfully created
2025-05-13 14:28:24.242 70559 INFO tempest.lib.common.rest_client [req-ea5c9ea3-0a63-4e8b-9a09-6a5085c26bf6 req-ea5c9ea3-0a63-4e8b-9a09-6a5085c26bf6 ] Request (ListServerFiltersTestJSON:setUpClass): 200 GET http://10.180.1.21/compute/v2.1/servers/4925d307-f4c8-4847-8ee1-937e196e6c69 0.066s
2025-05-13 14:28:24.291 70545 INFO tempest.lib.common.rest_client [req-e3f39089-f87a-49ab-8101-39b9da7d75f6 req-e3f39089-f87a-49ab-8101-39b9da7d75f6 ] Request (ServersWithSpecificFlavorTestJSON:test_verify_created_server_ephemeral_disk): 200 GET http://10.180.1.21/compute/v2.1/servers/233f5e8b-de2a-4e68-b8ca-2a548f32617f 0.065s
2025-05-13 14:28:24.341 70569 INFO tempest.lib.common.rest_client [req-7dba83df-81d8-4d11-af0d-52c326255a56 req-7dba83df-81d8-4d11-af0d-52c326255a56 ] Request (ServersAdminTestJSON:test_inject_network_info): 200 GET http://10.180.1.21/compute/v2.1/servers/72912814-7e55-405f-a878-7102dcdfc7d1 0.114s
2025-05-13 14:28:24.357 70563 INFO tempest.lib.common.rest_client [req-69a23038-bdcf-4077-aa84-a430dd1b96e3 req-69a23038-bdcf-4077-aa84-a430dd1b96e3 ] Request (ServerActionsTestOtherB:setUp): 200 GET http://10.180.1.21/compute/v2.1/servers/0c73213b-c2e1-42cb-a8f4-e3109adfd354 0.136s
2025-05-13 14:28:24.387 70574 INFO tempest.lib.common.rest_client [req-7092f424-bc23-4020-9466-153710cfd5cc req-7092f424-bc23-4020-9466-153710cfd5cc ] Request (SecurityGroupsTestJSON:test_server_security_groups): 200 GET http://10.180.1.21/compute/v2.1/servers/035a867b-5707-43b4-b743-3e32775063ea 0.073s
2025-05-13 14:28:24.415 70540 INFO tempest.lib.common.rest_client [req-8fff9a2b-6828-44cd-a1bd-d0e4f548ba91 req-8fff9a2b-6828-44cd-a1bd-d0e4f548ba91 ] Request (ServersAdminNegativeTestJSON:tearDownClass): 200 GET http://10.180.1.21/compute/v2.1/servers/63d61011-bbbe-4645-b993-9a9c8e8ca075 0.099s
2025-05-13 14:28:24.463 70551 INFO tempest.lib.common.rest_client [req-e4bf9671-bf02-4b72-be54-b57b6f243984 req-e4bf9671-bf02-4b72-be54-b57b6f243984 ] Request (ServerRescueTestJSON:test_rescue_unrescue_instance): 200 GET http://10.180.1.21/compute/v2.1/servers/fb83ecfb-e4bc-4420-b9db-e13a462db3c4 0.096s
2025-05-13 14:28:24.518 70521 INFO tempest.lib.common.rest_client [req-442f2dea-d561-4a99-8879-395c2696a07b req-442f2dea-d561-4a99-8879-395c2696a07b ] Request (ServerMetadataTestJSON:setUpClass): 200 GET http://10.180.1.21/compute/v2.1/servers/37c0c047-a9c0-4e1e-8794-9ad3b6efc875 0.144s
2025-05-13 14:28:24.571 70535 INFO tempest.lib.common.rest_client [req-50b5e88f-c3e6-4c97-abd7-0a4353ca1bf8 req-50b5e88f-c3e6-4c97-abd7-0a4353ca1bf8 ] Request (AttachInterfacesTestJSON:test_create_list_show_delete_interfaces_by_network_port): 200 GET http://10.180.1.21/compute/v2.1/servers/bbf9db25-688f-4729-9c55-0e1e1196c2f6 0.114s
2025-05-13 14:28:24.627 70565 INFO tempest.lib.common.rest_client [req-f24bfd5a-967d-45db-9869-56daa1a9f4da req-f24bfd5a-967d-45db-9869-56daa1a9f4da ] Request (ServerActionsTestJSON:setUpClass): 200 GET http://10.180.1.21/compute/v2.1/servers/5cc197e5-d5b0-48e5-a1cb-de7aed3d05f4 0.104s
2025-05-13 14:28:24.696 70549 INFO tempest.lib.common.rest_client [req-427cdc16-7ca4-4933-872b-7a88f79d72fd req-427cdc16-7ca4-4933-872b-7a88f79d72fd ] Request (MultipleCreateTestJSON:_run_cleanups): 200 GET http://10.180.1.21/compute/v2.1/servers/f042fe0d-3d51-41f7-b983-8254e996697e 0.160s
2025-05-13 14:28:24.749 70513 INFO tempest.lib.common.rest_client [req-925b7cf8-3cef-4db7-831d-813cd09e4256 req-925b7cf8-3cef-4db7-831d-813cd09e4256 ] Request (AttachVolumeNegativeTest:test_attach_attached_volume_to_different_server): 200 GET http://10.180.1.21/compute/v2.1/servers/1b8036ed-2b5c-457d-9ef5-50d9ec77f656 0.167s
2025-05-13 14:28:24.801 70557 INFO tempest.lib.common.rest_client [req-3cb2be4e-0f31-4605-b33a-a46f4ff1821b req-3cb2be4e-0f31-4605-b33a-a46f4ff1821b ] Request (InstanceActionsTestJSON:setUpClass): 200 GET http://10.180.1.21/compute/v2.1/servers/2df2001e-95cc-4421-a98d-c8212c184cff 0.211s
2025-05-13 14:28:24.812 70563 INFO tempest.lib.common.rest_client [req-14010358-0765-4dda-8b25-cae4a8769604 req-14010358-0765-4dda-8b25-cae4a8769604 ] Request (ServerActionsTestOtherB:test_create_backup): 202 POST http://10.180.1.21/compute/v2.1/servers/0c73213b-c2e1-42cb-a8f4-e3109adfd354/action 0.447s
2025-05-13 14:28:24.826 70563 INFO tempest.lib.common.rest_client [req-a3d990c2-53c3-4b78-ac68-031ae5b39d41 req-a3d990c2-53c3-4b78-ac68-031ae5b39d41 ] Request (ServerActionsTestOtherB:test_create_backup): 200 GET http://10.180.1.21/image/v2/images/31d9ac25-2f07-4fcc-ac41-f3871b7b8532 0.014s
2025-05-13 14:28:24.858 70553 INFO tempest.lib.common.rest_client [req-f767bfdd-0097-4f4f-bdd3-c9b88abc7a71 req-f767bfdd-0097-4f4f-bdd3-c9b88abc7a71 ] Request (ServersTestMultiNic:test_verify_multiple_nics_order): 200 GET http://10.180.1.21/compute/v2.1/servers/fcc33919-98ac-42bc-8c76-a65e1189865a 0.225s
2025-05-13 14:28:24.879 70547 INFO tempest.lib.common.rest_client [req-73e53995-2b8f-46d6-8af9-c681b692e029 req-73e53995-2b8f-46d6-8af9-c681b692e029 ] Request (ServerShowV257Test:tearDownClass): 200 GET http://10.180.1.21/compute/v2.1/servers/2ed7de86-7eb4-4e49-8d78-171d09addeb1 0.232s
2025-05-13 14:28:24.955 70531 INFO tempest.lib.common.rest_client [req-c55a78d2-02a6-4242-a443-d0e875ead3c5 req-c55a78d2-02a6-4242-a443-d0e875ead3c5 ] Request (ServersTestFqdnHostnames:tearDownClass): 200 GET http://10.180.1.21/compute/v2.1/servers/33ddb54a-10b8-463d-bfcf-4e0e8baea80d 0.272s
2025-05-13 14:28:24.967 70515 INFO tempest.lib.common.rest_client [req-0ef6264b-8a6b-453e-a194-0bfbeeb515e9 req-0ef6264b-8a6b-453e-a194-0bfbeeb515e9 ] Request (FloatingIPsAssociationNegativeTestJSON:tearDownClass): 200 GET http://10.180.1.21/compute/v2.1/servers/7af1243e-53e5-4edc-b665-562067ca3c71 0.219s
2025-05-13 14:28:25.024 70543 INFO tempest.lib.common.rest_client [req-c3eb7948-b850-4a8f-84ea-a7fd0c3095d8 req-c3eb7948-b850-4a8f-84ea-a7fd0c3095d8 ] Request (MigrationsAdminTest:test_resize_server_revert_deleted_flavor): 200 GET http://10.180.1.21/compute/v2.1/servers/9103303b-fb64-4728-892d-285dba75ac18 0.208s
2025-05-13 14:28:25.042 70537 INFO tempest.lib.common.rest_client [req-802a89b2-087b-4a06-9763-8a8224cd069c req-802a89b2-087b-4a06-9763-8a8224cd069c ] Request (ServersListShow298Test:test_list_show_update_rebuild_server_298): 200 GET http://10.180.1.21/compute/v2.1/servers/b4d9b431-14b5-46c9-9691-f5bfc012d8ca 0.128s
2025-05-13 14:28:25.088 70525 INFO tempest.lib.common.rest_client [req-db89286b-e7d3-46d2-b7eb-a8dc9fb1a89f req-db89286b-e7d3-46d2-b7eb-a8dc9fb1a89f ] Request (ServersV294TestFqdnHostnames:setUpClass): 200 GET http://10.180.1.21/compute/v2.1/servers/4cdcfc6f-7d4f-4b81-b0a1-425c842fe20b 0.140s
2025-05-13 14:28:25.212 70527 INFO tempest.lib.common.rest_client [req-15942a40-9adc-4da8-a448-01a0afe5573e req-15942a40-9adc-4da8-a448-01a0afe5573e ] Request (ServerPasswordTestJSON:setUpClass): 200 GET http://10.180.1.21/compute/v2.1/servers/a7c1b811-fede-428b-b4f9-a4df09e7968d 0.063s
2025-05-13 14:28:25.256 70555 INFO tempest.lib.common.rest_client [req-1c855fca-36b7-4e25-88d8-dcb1783f08c0 req-1c855fca-36b7-4e25-88d8-dcb1783f08c0 ] Request (ImagesOneServerNegativeTestJSON:tearDown): 200 GET http://10.180.1.21/compute/v2.1/servers/c94d00aa-7337-4037-9d27-25bad025e569 0.112s
2025-05-13 14:28:25.265 70555 INFO tempest.common.waiters [-] State transition "ACTIVE/image_pending_upload" ==> "ACTIVE/image_uploading" after 2 second wait
2025-05-13 14:28:25.302 70511 INFO tempest.lib.common.rest_client [req-3ff52034-8d75-4832-9ee4-aa93cc50937e req-3ff52034-8d75-4832-9ee4-aa93cc50937e ] Request (DeleteServersTestJSON:test_delete_active_server): 200 GET http://10.180.1.21/compute/v2.1/servers/16a112a1-636c-440d-adfb-8881578f51b0 0.098s
2025-05-13 14:28:25.319 70533 INFO tempest.lib.common.rest_client [req-5a71ad0a-68fb-438c-99b3-d86dc7ee5792 req-5a71ad0a-68fb-438c-99b3-d86dc7ee5792 ] Request (ImagesNegativeTestJSON:test_create_image_from_deleted_server): 200 GET http://10.180.1.21/compute/v2.1/servers/2a1576fd-1e00-4803-ba65-cf3f35434ca6 0.102s
2025-05-13 14:28:25.362 70559 INFO tempest.lib.common.rest_client [req-d3273c19-9986-496a-8a7c-36a9471df7e7 req-d3273c19-9986-496a-8a7c-36a9471df7e7 ] Request (ListServerFiltersTestJSON:setUpClass): 200 GET http://10.180.1.21/compute/v2.1/servers/4925d307-f4c8-4847-8ee1-937e196e6c69 0.113s
2025-05-13 14:28:25.387 70545 INFO tempest.lib.common.rest_client [req-ed74b591-22f0-41f7-bdfd-a67a737b9014 req-ed74b591-22f0-41f7-bdfd-a67a737b9014 ] Request (ServersWithSpecificFlavorTestJSON:test_verify_created_server_ephemeral_disk): 200 GET http://10.180.1.21/compute/v2.1/servers/233f5e8b-de2a-4e68-b8ca-2a548f32617f 0.088s
2025-05-13 14:28:25.425 70569 INFO tempest.lib.common.rest_client [req-cc53821d-2676-4532-9eef-167820c7b323 req-cc53821d-2676-4532-9eef-167820c7b323 ] Request (ServersAdminTestJSON:test_inject_network_info): 200 GET http://10.180.1.21/compute/v2.1/servers/72912814-7e55-405f-a878-7102dcdfc7d1 0.075s
2025-05-13 14:28:25.455 70574 INFO tempest.lib.common.rest_client [req-26d6c2a4-aea5-4ca2-b687-d8158ae5d1b2 req-26d6c2a4-aea5-4ca2-b687-d8158ae5d1b2 ] Request (SecurityGroupsTestJSON:test_server_security_groups): 200 GET http://10.180.1.21/compute/v2.1/servers/035a867b-5707-43b4-b743-3e32775063ea 0.059s
2025-05-13 14:28:25.489 70540 INFO tempest.lib.common.rest_client [req-3ca303b1-8aec-4a26-9fc9-80a7a1706bdd req-3ca303b1-8aec-4a26-9fc9-80a7a1706bdd ] Request (ServersAdminNegativeTestJSON:tearDownClass): 200 GET http://10.180.1.21/compute/v2.1/servers/63d61011-bbbe-4645-b993-9a9c8e8ca075 0.066s
2025-05-13 14:28:25.528 70551 INFO tempest.lib.common.rest_client [req-d86c825b-7dd1-4f91-bc4a-b69dad6ecb68 req-d86c825b-7dd1-4f91-bc4a-b69dad6ecb68 ] Request (ServerRescueTestJSON:test_rescue_unrescue_instance): 200 GET http://10.180.1.21/compute/v2.1/servers/fb83ecfb-e4bc-4420-b9db-e13a462db3c4 0.057s
2025-05-13 14:28:25.581 70521 INFO tempest.lib.common.rest_client [req-3c7a974a-a7eb-4869-8d78-4855cbb1c481 req-3c7a974a-a7eb-4869-8d78-4855cbb1c481 ] Request (ServerMetadataTestJSON:setUpClass): 200 GET http://10.180.1.21/compute/v2.1/servers/37c0c047-a9c0-4e1e-8794-9ad3b6efc875 0.054s
2025-05-13 14:28:25.634 70535 INFO tempest.lib.common.rest_client [req-17e8142a-8835-4e5f-806f-770266402961 req-17e8142a-8835-4e5f-806f-770266402961 ] Request (AttachInterfacesTestJSON:test_create_list_show_delete_interfaces_by_network_port): 200 GET http://10.180.1.21/compute/v2.1/servers/bbf9db25-688f-4729-9c55-0e1e1196c2f6 0.055s
2025-05-13 14:28:25.696 70565 INFO tempest.lib.common.rest_client [req-5cc16a98-e835-45a9-8ccb-37d5e2882e14 req-5cc16a98-e835-45a9-8ccb-37d5e2882e14 ] Request (ServerActionsTestJSON:setUpClass): 200 GET http://10.180.1.21/compute/v2.1/servers/5cc197e5-d5b0-48e5-a1cb-de7aed3d05f4 0.056s
2025-05-13 14:28:25.771 70549 INFO tempest.lib.common.rest_client [req-947bc79d-6100-48b9-bd6b-072c322a4742 req-947bc79d-6100-48b9-bd6b-072c322a4742 ] Request (MultipleCreateTestJSON:_run_cleanups): 200 GET http://10.180.1.21/compute/v2.1/servers/f042fe0d-3d51-41f7-b983-8254e996697e 0.066s
2025-05-13 14:28:25.814 70513 INFO tempest.lib.common.rest_client [req-f9148f9b-298e-46f8-a654-51cf461f9c8b req-f9148f9b-298e-46f8-a654-51cf461f9c8b ] Request (AttachVolumeNegativeTest:test_attach_attached_volume_to_different_server): 200 GET http://10.180.1.21/compute/v2.1/servers/1b8036ed-2b5c-457d-9ef5-50d9ec77f656 0.056s
2025-05-13 14:28:25.842 70563 INFO tempest.lib.common.rest_client [req-bf96655a-53d5-4a97-b82b-a24fdbd66d2e req-bf96655a-53d5-4a97-b82b-a24fdbd66d2e ] Request (ServerActionsTestOtherB:test_create_backup): 200 GET http://10.180.1.21/image/v2/images/31d9ac25-2f07-4fcc-ac41-f3871b7b8532 0.014s
2025-05-13 14:28:25.860 70557 INFO tempest.lib.common.rest_client [req-42c873e3-bf30-42d5-ab9b-2d756dfb83d5 req-42c873e3-bf30-42d5-ab9b-2d756dfb83d5 ] Request (InstanceActionsTestJSON:setUpClass): 200 GET http://10.180.1.21/compute/v2.1/servers/2df2001e-95cc-4421-a98d-c8212c184cff 0.051s
2025-05-13 14:28:25.918 70553 INFO tempest.lib.common.rest_client [req-09d24cf8-7306-4412-8b6e-6bddb3e33c4b req-09d24cf8-7306-4412-8b6e-6bddb3e33c4b ] Request (ServersTestMultiNic:test_verify_multiple_nics_order): 200 GET http://10.180.1.21/compute/v2.1/servers/fcc33919-98ac-42bc-8c76-a65e1189865a 0.048s
2025-05-13 14:28:25.946 70547 INFO tempest.lib.common.rest_client [req-871493aa-42a4-4e53-8f0b-df67066ec491 req-871493aa-42a4-4e53-8f0b-df67066ec491 ] Request (ServerShowV257Test:tearDownClass): 200 GET http://10.180.1.21/compute/v2.1/servers/2ed7de86-7eb4-4e49-8d78-171d09addeb1 0.058s
2025-05-13 14:28:26.024 70531 INFO tempest.lib.common.rest_client [req-89d14118-fc27-4150-9bab-f101afbcff7c req-89d14118-fc27-4150-9bab-f101afbcff7c ] Request (ServersTestFqdnHostnames:tearDownClass): 200 GET http://10.180.1.21/compute/v2.1/servers/33ddb54a-10b8-463d-bfcf-4e0e8baea80d 0.060s
2025-05-13 14:28:26.042 70515 INFO tempest.lib.common.rest_client [req-b7d56b61-572f-4f6c-a4f0-4814ec82f163 req-b7d56b61-572f-4f6c-a4f0-4814ec82f163 ] Request (FloatingIPsAssociationNegativeTestJSON:tearDownClass): 200 GET http://10.180.1.21/compute/v2.1/servers/7af1243e-53e5-4edc-b665-562067ca3c71 0.060s
2025-05-13 14:28:26.089 70543 INFO tempest.lib.common.rest_client [req-f77aa399-5d33-4b69-850d-8b66c4bab49d req-f77aa399-5d33-4b69-850d-8b66c4bab49d ] Request (MigrationsAdminTest:test_resize_server_revert_deleted_flavor): 200 GET http://10.180.1.21/compute/v2.1/servers/9103303b-fb64-4728-892d-285dba75ac18 0.058s
2025-05-13 14:28:26.129 70537 INFO tempest.lib.common.rest_client [req-e7ad52f4-377e-4d05-a9e3-2cd6ad1a8bf4 req-e7ad52f4-377e-4d05-a9e3-2cd6ad1a8bf4 ] Request (ServersListShow298Test:test_list_show_update_rebuild_server_298): 200 GET http://10.180.1.21/compute/v2.1/servers/b4d9b431-14b5-46c9-9691-f5bfc012d8ca 0.076s
2025-05-13 14:28:26.168 70525 INFO tempest.lib.common.rest_client [req-609ede82-c345-4fa1-86a0-95224efea530 req-609ede82-c345-4fa1-86a0-95224efea530 ] Request (ServersV294TestFqdnHostnames:setUpClass): 200 GET http://10.180.1.21/compute/v2.1/servers/4cdcfc6f-7d4f-4b81-b0a1-425c842fe20b 0.069s
2025-05-13 14:28:26.278 70527 INFO tempest.lib.common.rest_client [req-0dee3cb3-1c99-4193-bb31-a7703e704b5c req-0dee3cb3-1c99-4193-bb31-a7703e704b5c ] Request (ServerPasswordTestJSON:setUpClass): 200 GET http://10.180.1.21/compute/v2.1/servers/a7c1b811-fede-428b-b4f9-a4df09e7968d 0.051s
2025-05-13 14:28:26.381 70555 INFO tempest.lib.common.rest_client [req-a122633a-6119-45c1-9c41-e5f677964291 req-a122633a-6119-45c1-9c41-e5f677964291 ] Request (ImagesOneServerNegativeTestJSON:tearDown): 200 GET http://10.180.1.21/compute/v2.1/servers/c94d00aa-7337-4037-9d27-25bad025e569 0.114s
2025-05-13 14:28:26.383 70511 INFO tempest.lib.common.rest_client [req-b600d4cb-b679-46bd-8d26-3fabc0605cc5 req-b600d4cb-b679-46bd-8d26-3fabc0605cc5 ] Request (DeleteServersTestJSON:test_delete_active_server): 200 GET http://10.180.1.21/compute/v2.1/servers/16a112a1-636c-440d-adfb-8881578f51b0 0.073s
2025-05-13 14:28:26.434 70559 INFO tempest.lib.common.rest_client [req-4aa544a2-0d5e-4749-9f4c-4b8796e83e7c req-4aa544a2-0d5e-4749-9f4c-4b8796e83e7c ] Request (ListServerFiltersTestJSON:setUpClass): 200 GET http://10.180.1.21/compute/v2.1/servers/4925d307-f4c8-4847-8ee1-937e196e6c69 0.060s
2025-05-13 14:28:26.446 70533 INFO tempest.lib.common.rest_client [req-0cfa9b86-1033-4388-bce1-93ac3f0cd02f req-0cfa9b86-1033-4388-bce1-93ac3f0cd02f ] Request (ImagesNegativeTestJSON:test_create_image_from_deleted_server): 200 GET http://10.180.1.21/compute/v2.1/servers/2a1576fd-1e00-4803-ba65-cf3f35434ca6 0.114s
2025-05-13 14:28:26.486 70545 INFO tempest.lib.common.rest_client [req-0a7c15b5-9daa-41be-b01b-f0c4c24c53a1 req-0a7c15b5-9daa-41be-b01b-f0c4c24c53a1 ] Request (ServersWithSpecificFlavorTestJSON:test_verify_created_server_ephemeral_disk): 200 GET http://10.180.1.21/compute/v2.1/servers/233f5e8b-de2a-4e68-b8ca-2a548f32617f 0.091s
2025-05-13 14:28:26.503 70569 INFO tempest.lib.common.rest_client [req-ad4c2de8-a211-4eac-bc74-ca2530b4e547 req-ad4c2de8-a211-4eac-bc74-ca2530b4e547 ] Request (ServersAdminTestJSON:test_inject_network_info): 200 GET http://10.180.1.21/compute/v2.1/servers/72912814-7e55-405f-a878-7102dcdfc7d1 0.066s
2025-05-13 14:28:26.536 70574 INFO tempest.lib.common.rest_client [req-22b89af1-b263-4ca9-bc90-48e42f4ee2b5 req-22b89af1-b263-4ca9-bc90-48e42f4ee2b5 ] Request (SecurityGroupsTestJSON:test_server_security_groups): 200 GET http://10.180.1.21/compute/v2.1/servers/035a867b-5707-43b4-b743-3e32775063ea 0.073s
2025-05-13 14:28:26.557 70540 INFO tempest.lib.common.rest_client [req-26c12e0b-6282-4a7d-8db3-90ce8230968f req-26c12e0b-6282-4a7d-8db3-90ce8230968f ] Request (ServersAdminNegativeTestJSON:tearDownClass): 200 GET http://10.180.1.21/compute/v2.1/servers/63d61011-bbbe-4645-b993-9a9c8e8ca075 0.060s
2025-05-13 14:28:26.588 70551 INFO tempest.lib.common.rest_client [req-5bbfb9b0-7c8e-431a-8859-0f10c26de81b req-5bbfb9b0-7c8e-431a-8859-0f10c26de81b ] Request (ServerRescueTestJSON:test_rescue_unrescue_instance): 200 GET http://10.180.1.21/compute/v2.1/servers/fb83ecfb-e4bc-4420-b9db-e13a462db3c4 0.049s
2025-05-13 14:28:26.642 70521 INFO tempest.lib.common.rest_client [req-0861440e-a208-485a-8529-5b5d68794cdd req-0861440e-a208-485a-8529-5b5d68794cdd ] Request (ServerMetadataTestJSON:setUpClass): 200 GET http://10.180.1.21/compute/v2.1/servers/37c0c047-a9c0-4e1e-8794-9ad3b6efc875 0.053s
2025-05-13 14:28:26.698 70535 INFO tempest.lib.common.rest_client [req-6fd7d9bf-f356-4ea2-a830-6b99cfd79ab1 req-6fd7d9bf-f356-4ea2-a830-6b99cfd79ab1 ] Request (AttachInterfacesTestJSON:test_create_list_show_delete_interfaces_by_network_port): 200 GET http://10.180.1.21/compute/v2.1/servers/bbf9db25-688f-4729-9c55-0e1e1196c2f6 0.055s
2025-05-13 14:28:26.756 70565 INFO tempest.lib.common.rest_client [req-80aa7aaf-0850-48d3-a577-ce13ab26584f req-80aa7aaf-0850-48d3-a577-ce13ab26584f ] Request (ServerActionsTestJSON:setUpClass): 200 GET http://10.180.1.21/compute/v2.1/servers/5cc197e5-d5b0-48e5-a1cb-de7aed3d05f4 0.051s
2025-05-13 14:28:26.841 70549 INFO tempest.lib.common.rest_client [req-a622ec7e-87f9-48f9-8389-86774422c4c3 req-a622ec7e-87f9-48f9-8389-86774422c4c3 ] Request (MultipleCreateTestJSON:_run_cleanups): 200 GET http://10.180.1.21/compute/v2.1/servers/f042fe0d-3d51-41f7-b983-8254e996697e 0.061s
2025-05-13 14:28:26.857 70563 INFO tempest.lib.common.rest_client [req-f4cf54b5-6e59-4469-80dc-85f4f558fd28 req-f4cf54b5-6e59-4469-80dc-85f4f558fd28 ] Request (ServerActionsTestOtherB:test_create_backup): 200 GET http://10.180.1.21/image/v2/images/31d9ac25-2f07-4fcc-ac41-f3871b7b8532 0.014s
