2025-05-13 14:28:33.876 70537 INFO tempest.lib.common.rest_client [req-cc336b2b-ac4a-4b43-8a25-470b21cd7507 req-cc336b2b-ac4a-4b43-8a25-470b21cd7507 ] Request (ServersListShow298Test:test_list_show_update_rebuild_server_298): 200 GET http://10.180.1.21/compute/v2.1/servers/b4d9b431-14b5-46c9-9691-f5bfc012d8ca 0.075s
2025-05-13 14:28:33.912 70531 INFO tempest.lib.common.rest_client [req-a8e9f9ba-c258-4913-a732-e671cfb58a72 req-a8e9f9ba-c258-4913-a732-e671cfb58a72 ] Request (ServersTestFqdnHostnames:tearDownClass): 200 GET http://10.180.1.21/compute/v2.1/servers/33ddb54a-10b8-463d-bfcf-4e0e8baea80d 0.075s
2025-05-13 14:28:33.969 70525 INFO tempest.lib.common.rest_client [req-07722b3a-828b-4d66-9a0c-86f8be9c9784 req-07722b3a-828b-4d66-9a0c-86f8be9c9784 ] Request (ServersV294TestFqdnHostnames:setUpClass): 200 GET http://10.180.1.21/compute/v2.1/servers/4cdcfc6f-7d4f-4b81-b0a1-425c842fe20b 0.090s
2025-05-13 14:28:33.983 70533 INFO tempest.lib.common.rest_client [req-3cdffab4-e93b-4913-b037-4848109b2d1f req-3cdffab4-e93b-4913-b037-4848109b2d1f ] Request (ImagesNegativeTestJSON:tearDownClass): 204 DELETE http://10.180.1.21:9696/networking/v2.0/routers/482c3b8e-2e9c-4094-a760-619d5b1a482d 0.906s
2025-05-13 14:28:34.011 70563 INFO tempest.lib.common.rest_client [req-d179c749-f1f9-4872-8b24-3dfa120809a7 req-d179c749-f1f9-4872-8b24-3dfa120809a7 ] Request (ServerActionsTestOtherB:test_create_backup): 200 GET http://10.180.1.21/image/v2/images/31d9ac25-2f07-4fcc-ac41-f3871b7b8532 0.018s
2025-05-13 14:28:34.234 70533 INFO tempest.lib.common.rest_client [req-0d928394-ea74-4199-80de-bd455bb30a24 req-0d928394-ea74-4199-80de-bd455bb30a24 ] Request (ImagesNegativeTestJSON:tearDownClass): 204 DELETE http://10.180.1.21:9696/networking/v2.0/subnets/0ed782f8-c764-4631-ace3-2896126ee648 0.250s
2025-05-13 14:28:34.259 70527 INFO tempest.lib.common.rest_client [req-9e9c0359-1934-488a-8981-d4ef671511ac req-9e9c0359-1934-488a-8981-d4ef671511ac ] Request (ServerPasswordTestJSON:setUpClass): 200 GET http://10.180.1.21/compute/v2.1/servers/a7c1b811-fede-428b-b4f9-a4df09e7968d 0.087s
2025-05-13 14:28:34.263 70543 INFO tempest.lib.common.rest_client [req-7c983dba-1013-4583-b22f-51415d22886b req-7c983dba-1013-4583-b22f-51415d22886b ] Request (MigrationsAdminTest:test_resize_server_revert_deleted_flavor): 200 GET http://10.180.1.21/compute/v2.1/servers/9103303b-fb64-4728-892d-285dba75ac18 0.098s
2025-05-13 14:28:34.274 70515 INFO tempest.lib.common.rest_client [req-a2bdeca6-eade-4c91-88f9-46acab3406d4 req-a2bdeca6-eade-4c91-88f9-46acab3406d4 ] Request (FloatingIPsAssociationNegativeTestJSON:tearDownClass): 200 PUT http://10.180.1.21:9696/networking/v2.0/routers/163033f6-1bff-4278-b15e-e2e7e871a1bc/remove_router_interface 1.582s
2025-05-13 14:28:34.398 70545 INFO tempest.lib.common.rest_client [req-88ee33ca-8202-466e-8594-22b8da8166df req-88ee33ca-8202-466e-8594-22b8da8166df ] Request (ServersWithSpecificFlavorTestJSON:test_verify_created_server_ephemeral_disk): 200 GET http://10.180.1.21/compute/v2.1/servers/233f5e8b-de2a-4e68-b8ca-2a548f32617f 0.156s
2025-05-13 14:28:34.413 70569 INFO tempest.lib.common.rest_client [req-8e73e8aa-6822-465d-8dde-3c82d66e49be req-8e73e8aa-6822-465d-8dde-3c82d66e49be ] Request (ServersAdminTestJSON:test_inject_network_info): 200 GET http://10.180.1.21/compute/v2.1/servers/72912814-7e55-405f-a878-7102dcdfc7d1 0.108s
2025-05-13 14:28:34.490 70574 INFO tempest.lib.common.rest_client [req-a67e9937-2a26-4b82-bcd1-0478b5b42f54 req-a67e9937-2a26-4b82-bcd1-0478b5b42f54 ] Request (SecurityGroupsTestJSON:test_server_security_groups): 200 GET http://10.180.1.21/compute/v2.1/servers/035a867b-5707-43b4-b743-3e32775063ea 0.101s
2025-05-13 14:28:34.526 70533 INFO tempest.lib.common.rest_client [req-e32020b8-21e1-48f3-bb93-5eb2a778d53f req-e32020b8-21e1-48f3-bb93-5eb2a778d53f ] Request (ImagesNegativeTestJSON:tearDownClass): 204 DELETE http://10.180.1.21:9696/networking/v2.0/networks/e969b4e6-484c-4e62-bafc-23321b73c3a6 0.291s
2025-05-13 14:28:34.562 70551 INFO tempest.lib.common.rest_client [req-b15e9d41-45d8-45a3-b5c5-5b85f4f64268 req-b15e9d41-45d8-45a3-b5c5-5b85f4f64268 ] Request (ServerRescueTestJSON:test_rescue_unrescue_instance): 200 GET http://10.180.1.21/compute/v2.1/servers/fb83ecfb-e4bc-4420-b9db-e13a462db3c4 0.083s
2025-05-13 14:28:34.590 70559 INFO tempest.lib.common.rest_client [req-a8b119b1-2a02-4f85-a6cf-28be62d6f5ad req-a8b119b1-2a02-4f85-a6cf-28be62d6f5ad ] Request (ListServerFiltersTestJSON:setUpClass): 200 GET http://10.180.1.21/compute/v2.1/servers/4925d307-f4c8-4847-8ee1-937e196e6c69 0.262s
2025-05-13 14:28:34.600 70559 INFO tempest.common.waiters [-] State transition "BUILD/block_device_mapping" ==> "BUILD/spawning" after 66 second wait
2025-05-13 14:28:34.628 70533 INFO tempest.lib.common.rest_client [req-9eed02dd-c62d-4b3a-8608-2b890e8c1296 req-9eed02dd-c62d-4b3a-8608-2b890e8c1296 ] Request (ImagesNegativeTestJSON:tearDownClass): 204 DELETE http://10.180.1.21/identity/v3/users/f11625561480476d92527eff24de7ba3 0.101s
2025-05-13 14:28:34.628 70533 INFO tempest.lib.common.dynamic_creds [-] Deleting project and security group for project: ca97844f58c34c058cdb39da7575504c
2025-05-13 14:28:34.637 70555 INFO tempest.lib.common.rest_client [req-731405c0-618d-44f4-af63-624d2c5a0178 req-731405c0-618d-44f4-af63-624d2c5a0178 ] Request (ImagesOneServerNegativeTestJSON:_run_cleanups): 200 GET http://10.180.1.21/compute/v2.1/servers/c94d00aa-7337-4037-9d27-25bad025e569 0.135s
2025-05-13 14:28:34.671 70540 INFO tempest.lib.common.rest_client [req-5d928179-1d58-41a3-a519-f9cb6bc3c0b2 req-5d928179-1d58-41a3-a519-f9cb6bc3c0b2 ] Request (ServersAdminNegativeTestJSON:tearDownClass): 200 GET http://10.180.1.21/compute/v2.1/servers/63d61011-bbbe-4645-b993-9a9c8e8ca075 0.117s
2025-05-13 14:28:34.711 70565 INFO tempest.lib.common.rest_client [req-7bded39a-7c4c-4666-8ec3-7491dbd5b700 req-7bded39a-7c4c-4666-8ec3-7491dbd5b700 ] Request (ServerActionsTestJSON:setUpClass): 200 GET http://10.180.1.21/compute/v2.1/servers/5cc197e5-d5b0-48e5-a1cb-de7aed3d05f4 0.146s
2025-05-13 14:28:34.737 70521 INFO tempest.lib.common.rest_client [req-92ec8451-9307-4bbb-9472-47a53d76ac28 req-92ec8451-9307-4bbb-9472-47a53d76ac28 ] Request (ServerMetadataTestJSON:setUpClass): 200 GET http://10.180.1.21/compute/v2.1/servers/37c0c047-a9c0-4e1e-8794-9ad3b6efc875 0.121s
2025-05-13 14:28:34.770 70535 INFO tempest.lib.common.rest_client [req-8f44a9f7-8795-473b-8799-6c141f16fd32 req-8f44a9f7-8795-473b-8799-6c141f16fd32 ] Request (AttachInterfacesTestJSON:test_create_list_show_delete_interfaces_by_network_port): 200 GET http://10.180.1.21/compute/v2.1/servers/bbf9db25-688f-4729-9c55-0e1e1196c2f6 0.143s
2025-05-13 14:28:34.818 70553 INFO tempest.lib.common.rest_client [req-8e36b75f-53ba-4b37-b0e8-5f2a9a123e2f req-8e36b75f-53ba-4b37-b0e8-5f2a9a123e2f ] Request (ServersTestMultiNic:test_verify_multiple_nics_order): 200 GET http://10.180.1.21/compute/v2.1/servers/fcc33919-98ac-42bc-8c76-a65e1189865a 0.133s
2025-05-13 14:28:34.838 70513 INFO tempest.lib.common.rest_client [req-af4db8a2-73a6-4f8a-bb29-e9b8fd7ba330 req-af4db8a2-73a6-4f8a-bb29-e9b8fd7ba330 ] Request (AttachVolumeNegativeTest:test_attach_attached_volume_to_different_server): 200 GET http://10.180.1.21/compute/v2.1/servers/1b8036ed-2b5c-457d-9ef5-50d9ec77f656 0.146s
2025-05-13 14:28:34.894 70533 INFO tempest.lib.common.rest_client [req-da788008-1241-4839-9369-5b91c6bc1f0e req-da788008-1241-4839-9369-5b91c6bc1f0e ] Request (ImagesNegativeTestJSON:tearDownClass): 200 GET http://10.180.1.21:9696/networking/v2.0/security-groups?tenant_id=ca97844f58c34c058cdb39da7575504c&name=default 0.265s
2025-05-13 14:28:34.896 70511 INFO tempest.lib.common.rest_client [req-5b1edf16-153f-4110-a8e5-0717edfd8fa0 req-5b1edf16-153f-4110-a8e5-0717edfd8fa0 ] Request (DeleteServersTestJSON:test_delete_server_while_in_attached_volume): 200 GET http://10.180.1.21/compute/v2.1/servers/f5e9c9c1-3038-4530-9694-0e51131cdf87 0.155s
2025-05-13 14:28:34.928 70549 INFO tempest.lib.common.rest_client [req-2faf2b98-16b4-41b4-8d29-e2f66256d432 req-2faf2b98-16b4-41b4-8d29-e2f66256d432 ] Request (MultipleCreateTestJSON:_run_cleanups): 200 GET http://10.180.1.21/compute/v2.1/servers/f042fe0d-3d51-41f7-b983-8254e996697e 0.163s
2025-05-13 14:28:34.963 70557 INFO tempest.lib.common.rest_client [req-70f1d1a5-a297-493b-b77b-14ff920ae00c req-70f1d1a5-a297-493b-b77b-14ff920ae00c ] Request (InstanceActionsTestJSON:setUpClass): 200 GET http://10.180.1.21/compute/v2.1/servers/2df2001e-95cc-4421-a98d-c8212c184cff 0.149s
2025-05-13 14:28:35.015 70547 INFO tempest.lib.common.rest_client [req-4d05ea86-b279-4ff6-8466-e84ddfcaf294 req-4d05ea86-b279-4ff6-8466-e84ddfcaf294 ] Request (ServerShowV257Test:tearDownClass): 200 GET http://10.180.1.21/compute/v2.1/servers/2ed7de86-7eb4-4e49-8d78-171d09addeb1 0.159s
2025-05-13 14:28:35.044 70563 INFO tempest.lib.common.rest_client [req-f07390d5-2d4c-4b6c-b0d5-3f35bdb0b50f req-f07390d5-2d4c-4b6c-b0d5-3f35bdb0b50f ] Request (ServerActionsTestOtherB:test_create_backup): 200 GET http://10.180.1.21/image/v2/images/31d9ac25-2f07-4fcc-ac41-f3871b7b8532 0.031s
2025-05-13 14:28:35.076 70537 INFO tempest.lib.common.rest_client [req-e9788364-a53d-4b8a-86d7-a9a2f9109943 req-e9788364-a53d-4b8a-86d7-a9a2f9109943 ] Request (ServersListShow298Test:test_list_show_update_rebuild_server_298): 200 GET http://10.180.1.21/compute/v2.1/servers/b4d9b431-14b5-46c9-9691-f5bfc012d8ca 0.187s
2025-05-13 14:28:35.086 70533 INFO tempest.lib.common.rest_client [req-9825eef1-1739-42b3-94d4-46be3d4838d0 req-9825eef1-1739-42b3-94d4-46be3d4838d0 ] Request (ImagesNegativeTestJSON:tearDownClass): 204 DELETE http://10.180.1.21:9696/networking/v2.0/security-groups/6ea2ccf5-da74-47aa-883a-5b727943b531 0.192s
2025-05-13 14:28:35.087 70515 INFO tempest.lib.common.rest_client [req-7fd11f4c-b08e-4653-967f-9e2d2ebb1199 req-7fd11f4c-b08e-4653-967f-9e2d2ebb1199 ] Request (FloatingIPsAssociationNegativeTestJSON:tearDownClass): 204 DELETE http://10.180.1.21:9696/networking/v2.0/routers/163033f6-1bff-4278-b15e-e2e7e871a1bc 0.813s
2025-05-13 14:28:35.087 70531 INFO tempest.lib.common.rest_client [req-3ef48ae7-b1be-4fae-b305-d91f6bfabd10 req-3ef48ae7-b1be-4fae-b305-d91f6bfabd10 ] Request (ServersTestFqdnHostnames:tearDownClass): 200 GET http://10.180.1.21/compute/v2.1/servers/33ddb54a-10b8-463d-bfcf-4e0e8baea80d 0.167s
2025-05-13 14:28:35.153 70525 INFO tempest.lib.common.rest_client [req-b238ed97-5e22-43a8-a0e2-aa3b703ffbbf req-b238ed97-5e22-43a8-a0e2-aa3b703ffbbf ] Request (ServersV294TestFqdnHostnames:setUpClass): 200 GET http://10.180.1.21/compute/v2.1/servers/4cdcfc6f-7d4f-4b81-b0a1-425c842fe20b 0.170s
2025-05-13 14:28:35.165 70525 INFO tempest.common.waiters [-] State transition "BUILD/None" ==> "BUILD/networking" after 66 second wait
2025-05-13 14:28:35.233 70533 INFO tempest.lib.common.rest_client [req-4c5a3802-b63d-4292-a401-d3c3d38befa5 req-4c5a3802-b63d-4292-a401-d3c3d38befa5 ] Request (ImagesNegativeTestJSON:tearDownClass): 204 DELETE http://10.180.1.21/identity/v3/projects/ca97844f58c34c058cdb39da7575504c 0.147s
2025-05-13 14:28:35.297 70515 INFO tempest.lib.common.rest_client [req-b9a47f88-33c2-4261-8ce4-a6615d92855b req-b9a47f88-33c2-4261-8ce4-a6615d92855b ] Request (FloatingIPsAssociationNegativeTestJSON:tearDownClass): 204 DELETE http://10.180.1.21:9696/networking/v2.0/subnets/718a55bf-1af0-4ee8-981c-c19a3feccb2e 0.210s
2025-05-13 14:28:35.307 70533 INFO tempest.lib.common.rest_client [req-28bb539e-0263-46eb-9049-1c701703274e req-28bb539e-0263-46eb-9049-1c701703274e ] Request (InstanceActionsNegativeTestJSON:setUpClass): 201 POST http://10.180.1.21/identity/v3/auth/tokens 0.070s
2025-05-13 14:28:35.343 70533 INFO tempest.lib.common.rest_client [req-cdf11510-1f98-44f3-a14b-7d701046bcec req-cdf11510-1f98-44f3-a14b-7d701046bcec ] Request (InstanceActionsNegativeTestJSON:setUpClass): 201 POST http://10.180.1.21/identity/v3/auth/tokens 0.032s
2025-05-13 14:28:35.360 70543 INFO tempest.lib.common.rest_client [req-05a62bb9-7a37-40db-8f87-787ae2e627ef req-05a62bb9-7a37-40db-8f87-787ae2e627ef ] Request (MigrationsAdminTest:test_resize_server_revert_deleted_flavor): 200 GET http://10.180.1.21/compute/v2.1/servers/9103303b-fb64-4728-892d-285dba75ac18 0.087s
2025-05-13 14:28:35.362 70527 INFO tempest.lib.common.rest_client [req-7d11118b-3be2-47be-817f-53fffc75782e req-7d11118b-3be2-47be-817f-53fffc75782e ] Request (ServerPasswordTestJSON:setUpClass): 200 GET http://10.180.1.21/compute/v2.1/servers/a7c1b811-fede-428b-b4f9-a4df09e7968d 0.094s
2025-05-13 14:28:35.370 70533 INFO tempest.lib.common.rest_client [req-a82da0bb-08a4-4d6a-8146-f7428f9c664a req-a82da0bb-08a4-4d6a-8146-f7428f9c664a ] Request (InstanceActionsNegativeTestJSON:setUpClass): 200 GET http://10.180.1.21/identity/v3/domains?name=Default 0.027s
2025-05-13 14:28:35.407 70533 INFO tempest.lib.common.rest_client [req-8f64015f-715c-46f4-ba16-e37ae1260e2c req-8f64015f-715c-46f4-ba16-e37ae1260e2c ] Request (InstanceActionsNegativeTestJSON:setUpClass): 201 POST http://10.180.1.21/identity/v3/projects 0.035s
2025-05-13 14:28:35.480 70533 INFO tempest.lib.common.rest_client [req-fa5796f5-c682-4f46-992a-a92c7d6c10b0 req-fa5796f5-c682-4f46-992a-a92c7d6c10b0 ] Request (InstanceActionsNegativeTestJSON:setUpClass): 201 POST http://10.180.1.21/identity/v3/users 0.071s
2025-05-13 14:28:35.489 70545 INFO tempest.lib.common.rest_client [req-e4fe2883-90cd-4a02-b6eb-3d1642d3e77e req-e4fe2883-90cd-4a02-b6eb-3d1642d3e77e ] Request (ServersWithSpecificFlavorTestJSON:test_verify_created_server_ephemeral_disk): 200 GET http://10.180.1.21/compute/v2.1/servers/233f5e8b-de2a-4e68-b8ca-2a548f32617f 0.078s
2025-05-13 14:28:35.498 70569 INFO tempest.lib.common.rest_client [req-9f634dc7-f699-4bd9-b8be-972fb3d72d15 req-9f634dc7-f699-4bd9-b8be-972fb3d72d15 ] Request (ServersAdminTestJSON:test_inject_network_info): 200 GET http://10.180.1.21/compute/v2.1/servers/72912814-7e55-405f-a878-7102dcdfc7d1 0.073s
2025-05-13 14:28:35.514 70533 INFO tempest.lib.common.rest_client [req-01f07a74-5cbf-44eb-a3f8-7a0b7a367f41 req-01f07a74-5cbf-44eb-a3f8-7a0b7a367f41 ] Request (InstanceActionsNegativeTestJSON:setUpClass): 200 GET http://10.180.1.21/identity/v3/roles 0.033s
2025-05-13 14:28:35.552 70533 INFO tempest.lib.common.rest_client [req-d61828a4-94ae-4fd8-b6bf-726ca5c8a815 req-d61828a4-94ae-4fd8-b6bf-726ca5c8a815 ] Request (InstanceActionsNegativeTestJSON:setUpClass): 204 PUT http://10.180.1.21/identity/v3/projects/bc8dc68ae2b24c12a7203ed471bea3ce/users/df0f787201e94eb0aff2ead891ccda81/roles/d15340df8b5d4d59b632964c0e8cf997 0.036s
2025-05-13 14:28:35.552 70533 INFO tempest.lib.common.dynamic_creds [-] Dynamic test user df0f787201e94eb0aff2ead891ccda81 is created with scope project and roles: ['member']
2025-05-13 14:28:35.552 70533 INFO tempest.lib.common.dynamic_creds [-] Acquired dynamic creds: credentials: Credentials: {'domain_id': 'default', 'domain_name': 'Default', 'username': 'tempest-InstanceActionsNegativeTestJSON-1165517597-project-member', 'project_domain_id': 'default', 'project_domain_name': 'Default', 'project_id': 'bc8dc68ae2b24c12a7203ed471bea3ce', 'project_name': 'tempest-InstanceActionsNegativeTestJSON-1165517597', 'tenant_id': 'bc8dc68ae2b24c12a7203ed471bea3ce', 'tenant_name': 'tempest-InstanceActionsNegativeTestJSON-1165517597', 'user_domain_id': 'default', 'user_domain_name': 'Default', 'user_id': 'df0f787201e94eb0aff2ead891ccda81', 'system': None}, Network: None, Subnet: None, Router: None
2025-05-13 14:28:35.577 70574 INFO tempest.lib.common.rest_client [req-71fd1856-9881-4495-9c7f-5850a54b6e9a req-71fd1856-9881-4495-9c7f-5850a54b6e9a ] Request (SecurityGroupsTestJSON:test_server_security_groups): 200 GET http://10.180.1.21/compute/v2.1/servers/035a867b-5707-43b4-b743-3e32775063ea 0.075s
2025-05-13 14:28:35.633 70533 INFO tempest.lib.common.rest_client [req-f9c63c3d-deaf-4177-9c14-5240a440f096 req-f9c63c3d-deaf-4177-9c14-5240a440f096 ] Request (InstanceActionsNegativeTestJSON:setUpClass): 201 POST http://10.180.1.21/identity/v3/auth/tokens 0.080s
2025-05-13 14:28:35.636 70551 INFO tempest.lib.common.rest_client [req-644bdb7b-54d2-4053-bbc4-a5b52e9553aa req-644bdb7b-54d2-4053-bbc4-a5b52e9553aa ] Request (ServerRescueTestJSON:test_rescue_unrescue_instance): 200 GET http://10.180.1.21/compute/v2.1/servers/fb83ecfb-e4bc-4420-b9db-e13a462db3c4 0.065s
2025-05-13 14:28:35.683 70519 INFO paramiko.transport [-] Connected (version 2.0, client dropbear_2020.81)
2025-05-13 14:28:35.739 70515 INFO tempest.lib.common.rest_client [req-46ed56f3-93de-48fc-8f5e-64e665201788 req-46ed56f3-93de-48fc-8f5e-64e665201788 ] Request (FloatingIPsAssociationNegativeTestJSON:tearDownClass): 204 DELETE http://10.180.1.21:9696/networking/v2.0/networks/7663326c-b2d7-4106-ab49-7e5122a3d2a9 0.441s
2025-05-13 14:28:35.738 70555 INFO tempest.lib.common.rest_client [req-f5dbd111-38e8-4ef5-9115-a5b213919e6d req-f5dbd111-38e8-4ef5-9115-a5b213919e6d ] Request (ImagesOneServerNegativeTestJSON:_run_cleanups): 200 GET http://10.180.1.21/compute/v2.1/servers/c94d00aa-7337-4037-9d27-25bad025e569 0.091s
2025-05-13 14:28:35.749 70555 INFO tempest.common.waiters [-] State transition "ACTIVE/deleting" ==> "DELETED/None" after 4 second wait
2025-05-13 14:28:35.790 70519 INFO paramiko.transport [-] Authentication (publickey) successful!
2025-05-13 14:28:35.791 70519 INFO tempest.lib.common.ssh [-] ssh connection to cirros@10.180.180.230 successfully created
2025-05-13 14:28:35.854 70540 INFO tempest.lib.common.rest_client [req-f3ab8944-c38c-4ad9-82c6-d44aa5b994f3 req-f3ab8944-c38c-4ad9-82c6-d44aa5b994f3 ] Request (ServersAdminNegativeTestJSON:tearDownClass): 200 GET http://10.180.1.21/compute/v2.1/servers/63d61011-bbbe-4645-b993-9a9c8e8ca075 0.171s
2025-05-13 14:28:35.864 70515 INFO tempest.lib.common.rest_client [req-1bd08e59-da68-4423-9b71-800696463b3d req-1bd08e59-da68-4423-9b71-800696463b3d ] Request (FloatingIPsAssociationNegativeTestJSON:tearDownClass): 204 DELETE http://10.180.1.21/identity/v3/users/271cafeb2c13401680d380a05ab4bbaf 0.125s
2025-05-13 14:28:35.864 70515 INFO tempest.lib.common.dynamic_creds [-] Deleting project and security group for project: a5f8a0ba15664f67bd46b61e47026061
2025-05-13 14:28:35.871 70559 INFO tempest.lib.common.rest_client [req-0f1df102-cacd-47bf-bee5-403e0bf5f236 req-0f1df102-cacd-47bf-bee5-403e0bf5f236 ] Request (ListServerFiltersTestJSON:setUpClass): 200 GET http://10.180.1.21/compute/v2.1/servers/4925d307-f4c8-4847-8ee1-937e196e6c69 0.265s
2025-05-13 14:28:35.901 70515 INFO tempest.lib.common.rest_client [req-2b940a9f-47ff-4099-b020-a456ac7b2b85 req-2b940a9f-47ff-4099-b020-a456ac7b2b85 ] Request (FloatingIPsAssociationNegativeTestJSON:tearDownClass): 200 GET http://10.180.1.21:9696/networking/v2.0/security-groups?tenant_id=a5f8a0ba15664f67bd46b61e47026061&name=default 0.036s
2025-05-13 14:28:35.945 70521 INFO tempest.lib.common.rest_client [req-320282d8-f061-43c0-8adc-d6fb64a2ad1e req-320282d8-f061-43c0-8adc-d6fb64a2ad1e ] Request (ServerMetadataTestJSON:setUpClass): 200 GET http://10.180.1.21/compute/v2.1/servers/37c0c047-a9c0-4e1e-8794-9ad3b6efc875 0.196s
2025-05-13 14:28:35.950 70565 INFO tempest.lib.common.rest_client [req-8cb70b98-7853-4145-b89a-2518f27dff80 req-8cb70b98-7853-4145-b89a-2518f27dff80 ] Request (ServerActionsTestJSON:setUpClass): 200 GET http://10.180.1.21/compute/v2.1/servers/5cc197e5-d5b0-48e5-a1cb-de7aed3d05f4 0.230s
2025-05-13 14:28:35.999 70515 INFO tempest.lib.common.rest_client [req-4601e9af-9b01-4924-8bc1-15b0f1a60ba6 req-4601e9af-9b01-4924-8bc1-15b0f1a60ba6 ] Request (FloatingIPsAssociationNegativeTestJSON:tearDownClass): 204 DELETE http://10.180.1.21:9696/networking/v2.0/security-groups/9c678da5-5ac5-4a40-8712-f0bf21816c54 0.098s
2025-05-13 14:28:36.007 70535 INFO tempest.lib.common.rest_client [req-b55dc8a3-b486-414a-9bd3-1c7f7ac3cc4c req-b55dc8a3-b486-414a-9bd3-1c7f7ac3cc4c ] Request (AttachInterfacesTestJSON:test_create_list_show_delete_interfaces_by_network_port): 200 GET http://10.180.1.21/compute/v2.1/servers/bbf9db25-688f-4729-9c55-0e1e1196c2f6 0.226s
2025-05-13 14:28:36.016 70519 INFO tempest.lib.common.rest_client [req-5e12d65f-13f1-49f9-904d-05439560f2cc req-5e12d65f-13f1-49f9-904d-05439560f2cc ] Request (ServersTestManualDisk:test_list_servers): 200 GET http://10.180.1.21/compute/v2.1/servers 0.217s
2025-05-13 14:28:36.067 70563 INFO tempest.lib.common.rest_client [req-8fbc74a0-dc05-4564-9790-e18db3128857 req-8fbc74a0-dc05-4564-9790-e18db3128857 ] Request (ServerActionsTestOtherB:test_create_backup): 200 GET http://10.180.1.21/image/v2/images/31d9ac25-2f07-4fcc-ac41-f3871b7b8532 0.021s
2025-05-13 14:28:36.086 70513 INFO tempest.lib.common.rest_client [req-cb069905-1460-43a6-a88e-64014bf814ab req-cb069905-1460-43a6-a88e-64014bf814ab ] Request (AttachVolumeNegativeTest:test_attach_attached_volume_to_different_server): 200 GET http://10.180.1.21/compute/v2.1/servers/1b8036ed-2b5c-457d-9ef5-50d9ec77f656 0.237s
2025-05-13 14:28:36.098 70553 INFO tempest.lib.common.rest_client [req-b47a114d-c09b-4dfd-9cb8-855b7248a112 req-b47a114d-c09b-4dfd-9cb8-855b7248a112 ] Request (ServersTestMultiNic:test_verify_multiple_nics_order): 200 GET http://10.180.1.21/compute/v2.1/servers/fcc33919-98ac-42bc-8c76-a65e1189865a 0.271s
2025-05-13 14:28:36.123 70533 INFO tempest.lib.common.rest_client [req-27e7aa77-f848-494e-8898-1a2d018ce345 req-27e7aa77-f848-494e-8898-1a2d018ce345 ] Request (InstanceActionsNegativeTestJSON:setUpClass): 201 POST http://10.180.1.21:9696/networking/v2.0/networks 0.490s
2025-05-13 14:28:36.131 70515 INFO tempest.lib.common.rest_client [req-73f5d74a-e2a8-4e00-b245-98523d57ca64 req-73f5d74a-e2a8-4e00-b245-98523d57ca64 ] Request (FloatingIPsAssociationNegativeTestJSON:tearDownClass): 204 DELETE http://10.180.1.21/identity/v3/projects/a5f8a0ba15664f67bd46b61e47026061 0.131s
2025-05-13 14:28:36.148 70511 INFO tempest.lib.common.rest_client [req-574d7514-5a79-47d6-bea9-eea03d86ebfd req-574d7514-5a79-47d6-bea9-eea03d86ebfd ] Request (DeleteServersTestJSON:test_delete_server_while_in_attached_volume): 200 GET http://10.180.1.21/compute/v2.1/servers/f5e9c9c1-3038-4530-9694-0e51131cdf87 0.236s
2025-05-13 14:28:36.196 70549 INFO tempest.lib.common.rest_client [req-82dbd18f-ce5c-42a1-8d2b-e5e4430c31cc req-82dbd18f-ce5c-42a1-8d2b-e5e4430c31cc ] Request (MultipleCreateTestJSON:_run_cleanups): 200 GET http://10.180.1.21/compute/v2.1/servers/f042fe0d-3d51-41f7-b983-8254e996697e 0.255s
2025-05-13 14:28:36.206 70515 INFO tempest.lib.common.rest_client [req-be861a4f-507e-4a65-ada1-9d0c0ec976dd req-be861a4f-507e-4a65-ada1-9d0c0ec976dd ] Request (ListImageFiltersTestJSON:setUpClass): 201 POST http://10.180.1.21/identity/v3/auth/tokens 0.070s
2025-05-13 14:28:36.209 70557 INFO tempest.lib.common.rest_client [req-8a6571b4-5c3b-49c9-8d17-16f967908810 req-8a6571b4-5c3b-49c9-8d17-16f967908810 ] Request (InstanceActionsTestJSON:setUpClass): 200 GET http://10.180.1.21/compute/v2.1/servers/2df2001e-95cc-4421-a98d-c8212c184cff 0.235s
2025-05-13 14:28:36.242 70515 INFO tempest.lib.common.rest_client [req-e7234169-afc6-4fd1-a665-937b1eefbcec req-e7234169-afc6-4fd1-a665-937b1eefbcec ] Request (ListImageFiltersTestJSON:setUpClass): 201 POST http://10.180.1.21/identity/v3/auth/tokens 0.033s
2025-05-13 14:28:36.257 70561 WARNING tempest.lib.common.ssh [-] Failed to establish authenticated ssh connection to cirros@10.180.180.244 ([Errno None] Unable to connect to port 22 on 10.180.180.244). Number attempts: 12. Retry after 13 seconds.: paramiko.ssh_exception.NoValidConnectionsError: [Errno None] Unable to connect to port 22 on 10.180.180.244
2025-05-13 14:28:36.271 70515 INFO tempest.lib.common.rest_client [req-f3eb520e-6cfd-44bc-ae8a-44bbac358391 req-f3eb520e-6cfd-44bc-ae8a-44bbac358391 ] Request (ListImageFiltersTestJSON:setUpClass): 200 GET http://10.180.1.21/identity/v3/domains?name=Default 0.028s
2025-05-13 14:28:36.292 70547 INFO tempest.lib.common.rest_client [req-6d3fd209-8700-4b7b-b201-e337aab157b8 req-6d3fd209-8700-4b7b-b201-e337aab157b8 ] Request (ServerShowV257Test:tearDownClass): 200 GET http://10.180.1.21/compute/v2.1/servers/2ed7de86-7eb4-4e49-8d78-171d09addeb1 0.262s
2025-05-13 14:28:36.303 70515 INFO tempest.lib.common.rest_client [req-f39f1555-9eda-4934-b008-b85f566cbe5e req-f39f1555-9eda-4934-b008-b85f566cbe5e ] Request (ListImageFiltersTestJSON:setUpClass): 201 POST http://10.180.1.21/identity/v3/projects 0.031s
2025-05-13 14:28:36.323 70533 INFO tempest.lib.common.rest_client [req-f198f8be-06d6-4d94-9ea5-4739c2989901 req-f198f8be-06d6-4d94-9ea5-4739c2989901 ] Request (InstanceActionsNegativeTestJSON:setUpClass): 201 POST http://10.180.1.21:9696/networking/v2.0/subnets 0.196s
2025-05-13 14:28:36.369 70515 INFO tempest.lib.common.rest_client [req-c8f95c8a-125c-402d-996a-1ff389d68c1d req-c8f95c8a-125c-402d-996a-1ff389d68c1d ] Request (ListImageFiltersTestJSON:setUpClass): 201 POST http://10.180.1.21/identity/v3/users 0.066s
2025-05-13 14:28:36.380 70537 INFO tempest.lib.common.rest_client [req-bacea2f6-62a1-4df8-a243-1cbe245459fd req-bacea2f6-62a1-4df8-a243-1cbe245459fd ] Request (ServersListShow298Test:test_list_show_update_rebuild_server_298): 200 GET http://10.180.1.21/compute/v2.1/servers/b4d9b431-14b5-46c9-9691-f5bfc012d8ca 0.288s
2025-05-13 14:28:36.408 70515 INFO tempest.lib.common.rest_client [req-60046e4d-37f5-488c-939f-b12c8cab43f6 req-60046e4d-37f5-488c-939f-b12c8cab43f6 ] Request (ListImageFiltersTestJSON:setUpClass): 200 GET http://10.180.1.21/identity/v3/roles 0.039s
2025-05-13 14:28:36.438 70515 INFO tempest.lib.common.rest_client [req-e2773ba4-5dcb-4bb1-8baf-9e919bf7ef89 req-e2773ba4-5dcb-4bb1-8baf-9e919bf7ef89 ] Request (ListImageFiltersTestJSON:setUpClass): 204 PUT http://10.180.1.21/identity/v3/projects/4beb61d797ae4515bc0973f12b515054/users/1d26b93c96644c2aaa1c9c7186a5a462/roles/d15340df8b5d4d59b632964c0e8cf997 0.029s
2025-05-13 14:28:36.438 70515 INFO tempest.lib.common.dynamic_creds [-] Dynamic test user 1d26b93c96644c2aaa1c9c7186a5a462 is created with scope project and roles: ['member']
2025-05-13 14:28:36.438 70515 INFO tempest.lib.common.dynamic_creds [-] Acquired dynamic creds: credentials: Credentials: {'domain_id': 'default', 'domain_name': 'Default', 'username': 'tempest-ListImageFiltersTestJSON-1578932108-project-member', 'project_domain_id': 'default', 'project_domain_name': 'Default', 'project_id': '4beb61d797ae4515bc0973f12b515054', 'project_name': 'tempest-ListImageFiltersTestJSON-1578932108', 'tenant_id': '4beb61d797ae4515bc0973f12b515054', 'tenant_name': 'tempest-ListImageFiltersTestJSON-1578932108', 'user_domain_id': 'default', 'user_domain_name': 'Default', 'user_id': '1d26b93c96644c2aaa1c9c7186a5a462', 'system': None}, Network: None, Subnet: None, Router: None
2025-05-13 14:28:36.438 70515 INFO tempest.lib.common.dynamic_creds [-] Created isolated network resources for: credentials: Credentials: {'domain_id': 'default', 'domain_name': 'Default', 'username': 'tempest-ListImageFiltersTestJSON-1578932108-project-member', 'project_domain_id': 'default', 'project_domain_name': 'Default', 'project_id': '4beb61d797ae4515bc0973f12b515054', 'project_name': 'tempest-ListImageFiltersTestJSON-1578932108', 'tenant_id': '4beb61d797ae4515bc0973f12b515054', 'tenant_name': 'tempest-ListImageFiltersTestJSON-1578932108', 'user_domain_id': 'default', 'user_domain_name': 'Default', 'user_id': '1d26b93c96644c2aaa1c9c7186a5a462', 'system': None}, Network: None, Subnet: None, Router: None
2025-05-13 14:28:36.455 70531 INFO tempest.lib.common.rest_client [req-7e15a046-38ac-49f4-b4bb-ccc56f0e36cf req-7e15a046-38ac-49f4-b4bb-ccc56f0e36cf ] Request (ServersTestFqdnHostnames:tearDownClass): 200 GET http://10.180.1.21/compute/v2.1/servers/33ddb54a-10b8-463d-bfcf-4e0e8baea80d 0.355s
2025-05-13 14:28:36.485 70519 INFO tempest.lib.common.rest_client [req-bc37c999-43a5-4136-8e6c-8fdf1b924ecb req-bc37c999-43a5-4136-8e6c-8fdf1b924ecb ] Request (ServersTestManualDisk:test_list_servers_with_detail): 200 GET http://10.180.1.21/compute/v2.1/servers/detail 0.464s
2025-05-13 14:28:36.565 70515 INFO tempest.lib.common.rest_client [req-d0a5e86c-a820-4565-8afa-cce340fc8714 req-d0a5e86c-a820-4565-8afa-cce340fc8714 ] Request (ListImageFiltersTestJSON:setUpClass): 201 POST http://10.180.1.21/identity/v3/auth/tokens 0.121s
2025-05-13 14:28:36.587 70543 INFO tempest.lib.common.rest_client [req-61a9e374-783d-4810-91b4-b6b4e9d2c173 req-61a9e374-783d-4810-91b4-b6b4e9d2c173 ] Request (MigrationsAdminTest:test_resize_server_revert_deleted_flavor): 200 GET http://10.180.1.21/compute/v2.1/servers/9103303b-fb64-4728-892d-285dba75ac18 0.214s
2025-05-13 14:28:36.665 70527 INFO tempest.lib.common.rest_client [req-beb5d71f-fc78-4a8e-be79-a052bd60ac5f req-beb5d71f-fc78-4a8e-be79-a052bd60ac5f ] Request (ServerPasswordTestJSON:setUpClass): 200 GET http://10.180.1.21/compute/v2.1/servers/a7c1b811-fede-428b-b4f9-a4df09e7968d 0.291s
2025-05-13 14:28:36.677 70525 INFO tempest.lib.common.rest_client [req-fbc1230c-f197-48f4-8f8a-62ba9ec7dde1 req-fbc1230c-f197-48f4-8f8a-62ba9ec7dde1 ] Request (ServersV294TestFqdnHostnames:setUpClass): 200 GET http://10.180.1.21/compute/v2.1/servers/4cdcfc6f-7d4f-4b81-b0a1-425c842fe20b 0.510s
2025-05-13 14:28:36.687 70525 INFO tempest.common.waiters [-] State transition "BUILD/networking" ==> "BUILD/spawning" after 67 second wait
2025-05-13 14:28:36.696 70519 INFO tempest.lib.common.rest_client [req-24a8c876-5291-4e5b-8785-3d34898ff318 req-24a8c876-5291-4e5b-8785-3d34898ff318 ] Request (ServersTestManualDisk:test_verify_created_server_vcpus): 200 GET http://10.180.1.21/compute/v2.1/flavors/42 0.200s
2025-05-13 14:28:36.702 70519 INFO tempest.lib.common.ssh [-] Creating ssh connection to '10.180.180.230:22' as 'cirros' with public key authentication
2025-05-13 14:28:36.706 70519 INFO paramiko.transport [-] Connected (version 2.0, client dropbear_2020.81)
2025-05-13 14:28:36.737 70545 INFO tempest.lib.common.rest_client [req-4596d299-e4b1-4477-88f6-32627ad4ed24 req-4596d299-e4b1-4477-88f6-32627ad4ed24 ] Request (ServersWithSpecificFlavorTestJSON:test_verify_created_server_ephemeral_disk): 200 GET http://10.180.1.21/compute/v2.1/servers/233f5e8b-de2a-4e68-b8ca-2a548f32617f 0.240s
2025-05-13 14:28:36.765 70569 INFO tempest.lib.common.rest_client [req-2aec94af-3206-4def-8546-d2403c609acd req-2aec94af-3206-4def-8546-d2403c609acd ] Request (ServersAdminTestJSON:test_inject_network_info): 200 GET http://10.180.1.21/compute/v2.1/servers/72912814-7e55-405f-a878-7102dcdfc7d1 0.259s
2025-05-13 14:28:36.814 70519 INFO paramiko.transport [-] Authentication (publickey) successful!
2025-05-13 14:28:36.816 70574 INFO tempest.lib.common.rest_client [req-dd02dec9-28a4-41f3-a9c1-b281889389a1 req-dd02dec9-28a4-41f3-a9c1-b281889389a1 ] Request (SecurityGroupsTestJSON:test_server_security_groups): 200 GET http://10.180.1.21/compute/v2.1/servers/035a867b-5707-43b4-b743-3e32775063ea 0.224s
2025-05-13 14:28:36.817 70519 INFO tempest.lib.common.ssh [-] ssh connection to cirros@10.180.180.230 successfully created
2025-05-13 14:28:36.851 70551 INFO tempest.lib.common.rest_client [req-8afe2115-1d43-4c79-8dac-d3331372502a req-8afe2115-1d43-4c79-8dac-d3331372502a ] Request (ServerRescueTestJSON:test_rescue_unrescue_instance): 200 GET http://10.180.1.21/compute/v2.1/servers/fb83ecfb-e4bc-4420-b9db-e13a462db3c4 0.205s
2025-05-13 14:28:36.910 70555 INFO tempest.lib.common.rest_client [req-7a314fbd-9eaa-4bbc-8e22-11770cad3ecd req-7a314fbd-9eaa-4bbc-8e22-11770cad3ecd ] Request (ImagesOneServerNegativeTestJSON:_run_cleanups): 200 GET http://10.180.1.21/compute/v2.1/servers/c94d00aa-7337-4037-9d27-25bad025e569 0.159s
2025-05-13 14:28:36.951 70519 INFO tempest.lib.common.rest_client [req-20b451bc-7577-4598-8096-ecc4ac8ec2f3 req-20b451bc-7577-4598-8096-ecc4ac8ec2f3 ] Request (ServersTestManualDisk:tearDownClass): 204 DELETE http://10.180.1.21/compute/v2.1/servers/4ac0defd-d9ca-4e93-836c-a5cc81529eba 0.119s
2025-05-13 14:28:36.990 70540 INFO tempest.lib.common.rest_client [req-64cb216c-196d-468c-9848-aa7e3273c01a req-64cb216c-196d-468c-9848-aa7e3273c01a ] Request (ServersAdminNegativeTestJSON:tearDownClass): 200 GET http://10.180.1.21/compute/v2.1/servers/63d61011-bbbe-4645-b993-9a9c8e8ca075 0.125s
2025-05-13 14:28:37.025 70517 WARNING tempest.lib.common.ssh [-] Failed to establish authenticated ssh connection to cirros@10.180.180.157 ([Errno None] Unable to connect to port 22 on 10.180.180.157). Number attempts: 11. Retry after 12 seconds.: paramiko.ssh_exception.NoValidConnectionsError: [Errno None] Unable to connect to port 22 on 10.180.180.157
2025-05-13 14:28:37.071 70559 INFO tempest.lib.common.rest_client [req-95ae2d60-5359-4a9e-a7f3-d8f0ce5c5c85 req-95ae2d60-5359-4a9e-a7f3-d8f0ce5c5c85 ] Request (ListServerFiltersTestJSON:setUpClass): 200 GET http://10.180.1.21/compute/v2.1/servers/4925d307-f4c8-4847-8ee1-937e196e6c69 0.188s
2025-05-13 14:28:37.104 70515 INFO tempest.lib.common.rest_client [req-a2d4fd1c-c6f9-44a1-861e-a18e0cd376d6 req-a2d4fd1c-c6f9-44a1-861e-a18e0cd376d6 ] Request (ListImageFiltersTestJSON:setUpClass): 201 POST http://10.180.1.21/image/v2/images 0.538s
2025-05-13 14:28:37.120 70563 INFO tempest.lib.common.rest_client [req-6c610a28-bee8-4bfe-955e-dd5a95349715 req-6c610a28-bee8-4bfe-955e-dd5a95349715 ] Request (ServerActionsTestOtherB:test_create_backup): 200 GET http://10.180.1.21/image/v2/images/31d9ac25-2f07-4fcc-ac41-f3871b7b8532 0.051s
2025-05-13 14:28:37.130 70521 INFO tempest.lib.common.rest_client [req-4f0a4660-3a1d-4ffc-9ff7-dcbe4807ac19 req-4f0a4660-3a1d-4ffc-9ff7-dcbe4807ac19 ] Request (ServerMetadataTestJSON:setUpClass): 200 GET http://10.180.1.21/compute/v2.1/servers/37c0c047-a9c0-4e1e-8794-9ad3b6efc875 0.174s
2025-05-13 14:28:37.132 70519 INFO tempest.lib.common.rest_client [req-0a46e7e7-04a2-43be-8872-6d48dc6d7d6f req-0a46e7e7-04a2-43be-8872-6d48dc6d7d6f ] Request (ServersTestManualDisk:tearDownClass): 200 GET http://10.180.1.21/compute/v2.1/servers/4ac0defd-d9ca-4e93-836c-a5cc81529eba 0.181s
2025-05-13 14:28:37.190 70565 INFO tempest.lib.common.rest_client [req-77abdd60-1be0-4be4-adf4-7e3f84def1fb req-77abdd60-1be0-4be4-adf4-7e3f84def1fb ] Request (ServerActionsTestJSON:setUpClass): 200 GET http://10.180.1.21/compute/v2.1/servers/5cc197e5-d5b0-48e5-a1cb-de7aed3d05f4 0.225s
2025-05-13 14:28:37.201 70535 INFO tempest.lib.common.rest_client [req-b081dac5-17af-4e4f-9d26-359a821566c3 req-b081dac5-17af-4e4f-9d26-359a821566c3 ] Request (AttachInterfacesTestJSON:test_create_list_show_delete_interfaces_by_network_port): 200 GET http://10.180.1.21/compute/v2.1/servers/bbf9db25-688f-4729-9c55-0e1e1196c2f6 0.183s
2025-05-13 14:28:37.249 70513 INFO tempest.lib.common.rest_client [req-59b341a5-08a1-4653-bd70-971cf64eef42 req-59b341a5-08a1-4653-bd70-971cf64eef42 ] Request (AttachVolumeNegativeTest:test_attach_attached_volume_to_different_server): 200 GET http://10.180.1.21/compute/v2.1/servers/1b8036ed-2b5c-457d-9ef5-50d9ec77f656 0.154s
2025-05-13 14:28:37.298 70553 INFO tempest.lib.common.rest_client [req-7112f65c-cab5-485a-8dae-e813e482b86f req-7112f65c-cab5-485a-8dae-e813e482b86f ] Request (ServersTestMultiNic:test_verify_multiple_nics_order): 200 GET http://10.180.1.21/compute/v2.1/servers/fcc33919-98ac-42bc-8c76-a65e1189865a 0.191s
2025-05-13 14:28:37.362 70511 INFO tempest.lib.common.rest_client [req-22ecfcd0-6f4f-488f-a45a-8e27c75bdb94 req-22ecfcd0-6f4f-488f-a45a-8e27c75bdb94 ] Request (DeleteServersTestJSON:test_delete_server_while_in_attached_volume): 200 GET http://10.180.1.21/compute/v2.1/servers/f5e9c9c1-3038-4530-9694-0e51131cdf87 0.198s
2025-05-13 14:28:37.377 70533 INFO tempest.lib.common.rest_client [req-f1664f7d-3048-4428-b5e3-34f543b231dd req-f1664f7d-3048-4428-b5e3-34f543b231dd ] Request (InstanceActionsNegativeTestJSON:setUpClass): 201 POST http://10.180.1.21:9696/networking/v2.0/routers 1.053s
2025-05-13 14:28:37.378 70549 INFO tempest.lib.common.rest_client [req-25c09be5-4d91-4b8c-baad-c87d5b679168 req-25c09be5-4d91-4b8c-baad-c87d5b679168 ] Request (MultipleCreateTestJSON:_run_cleanups): 200 GET http://10.180.1.21/compute/v2.1/servers/f042fe0d-3d51-41f7-b983-8254e996697e 0.173s
2025-05-13 14:28:37.423 70557 INFO tempest.lib.common.rest_client [req-14c57273-1c3e-415a-b6d0-4fb97149bc41 req-14c57273-1c3e-415a-b6d0-4fb97149bc41 ] Request (InstanceActionsTestJSON:setUpClass): 200 GET http://10.180.1.21/compute/v2.1/servers/2df2001e-95cc-4421-a98d-c8212c184cff 0.206s
2025-05-13 14:28:37.443 70547 INFO tempest.lib.common.rest_client [req-eacb348c-7583-4130-b089-226e15d64956 req-eacb348c-7583-4130-b089-226e15d64956 ] Request (ServerShowV257Test:tearDownClass): 200 GET http://10.180.1.21/compute/v2.1/servers/2ed7de86-7eb4-4e49-8d78-171d09addeb1 0.137s
2025-05-13 14:28:37.503 70537 INFO tempest.lib.common.rest_client [req-b4d48fda-d36a-409a-aa7b-b7d5a386c7d2 req-b4d48fda-d36a-409a-aa7b-b7d5a386c7d2 ] Request (ServersListShow298Test:test_list_show_update_rebuild_server_298): 200 GET http://10.180.1.21/compute/v2.1/servers/b4d9b431-14b5-46c9-9691-f5bfc012d8ca 0.110s
2025-05-13 14:28:37.532 70531 INFO tempest.lib.common.rest_client [req-cfc52a64-a221-4de4-95ad-425bb90761ac req-cfc52a64-a221-4de4-95ad-425bb90761ac ] Request (ServersTestFqdnHostnames:tearDownClass): 200 GET http://10.180.1.21/compute/v2.1/servers/33ddb54a-10b8-463d-bfcf-4e0e8baea80d 0.066s
2025-05-13 14:28:37.664 70543 INFO tempest.lib.common.rest_client [req-08250aba-2711-4636-828b-313aac0a5dc3 req-08250aba-2711-4636-828b-313aac0a5dc3 ] Request (MigrationsAdminTest:test_resize_server_revert_deleted_flavor): 200 GET http://10.180.1.21/compute/v2.1/servers/9103303b-fb64-4728-892d-285dba75ac18 0.062s
2025-05-13 14:28:37.758 70527 INFO tempest.lib.common.rest_client [req-c574b8b0-2d71-4872-8c37-533db21ecf35 req-c574b8b0-2d71-4872-8c37-533db21ecf35 ] Request (ServerPasswordTestJSON:setUpClass): 200 GET http://10.180.1.21/compute/v2.1/servers/a7c1b811-fede-428b-b4f9-a4df09e7968d 0.085s
2025-05-13 14:28:37.860 70545 INFO tempest.lib.common.rest_client [req-e9bd0c40-a24a-4ca2-b1ae-26a78271cb9c req-e9bd0c40-a24a-4ca2-b1ae-26a78271cb9c ] Request (ServersWithSpecificFlavorTestJSON:test_verify_created_server_ephemeral_disk): 200 GET http://10.180.1.21/compute/v2.1/servers/233f5e8b-de2a-4e68-b8ca-2a548f32617f 0.112s
2025-05-13 14:28:37.902 70525 INFO tempest.lib.common.rest_client [req-1d0bf032-641c-452c-a758-6d2d95e11595 req-1d0bf032-641c-452c-a758-6d2d95e11595 ] Request (ServersV294TestFqdnHostnames:setUpClass): 200 GET http://10.180.1.21/compute/v2.1/servers/4cdcfc6f-7d4f-4b81-b0a1-425c842fe20b 0.213s
2025-05-13 14:28:37.949 70569 INFO tempest.lib.common.rest_client [req-aba9a9db-8a77-43bb-bc3d-38eb58fcabc6 req-aba9a9db-8a77-43bb-bc3d-38eb58fcabc6 ] Request (ServersAdminTestJSON:test_inject_network_info): 200 GET http://10.180.1.21/compute/v2.1/servers/72912814-7e55-405f-a878-7102dcdfc7d1 0.168s
2025-05-13 14:28:37.973 70574 INFO tempest.lib.common.rest_client [req-c31b609d-f963-47cd-af07-c1956745782e req-c31b609d-f963-47cd-af07-c1956745782e ] Request (SecurityGroupsTestJSON:test_server_security_groups): 200 GET http://10.180.1.21/compute/v2.1/servers/035a867b-5707-43b4-b743-3e32775063ea 0.142s
2025-05-13 14:28:38.029 70551 INFO tempest.lib.common.rest_client [req-97ce58e1-760f-4829-baa4-6d77384205a4 req-97ce58e1-760f-4829-baa4-6d77384205a4 ] Request (ServerRescueTestJSON:test_rescue_unrescue_instance): 200 GET http://10.180.1.21/compute/v2.1/servers/fb83ecfb-e4bc-4420-b9db-e13a462db3c4 0.162s
2025-05-13 14:28:38.053 70540 INFO tempest.lib.common.rest_client [req-6a5ef2d2-e28d-407a-a3a4-dbe952d50b47 req-6a5ef2d2-e28d-407a-a3a4-dbe952d50b47 ] Request (ServersAdminNegativeTestJSON:tearDownClass): 404 GET http://10.180.1.21/compute/v2.1/servers/63d61011-bbbe-4645-b993-9a9c8e8ca075 0.054s
2025-05-13 14:28:38.072 70555 INFO tempest.lib.common.rest_client [req-25cf32e9-2df7-4a93-a9bf-54905432b8f4 req-25cf32e9-2df7-4a93-a9bf-54905432b8f4 ] Request (ImagesOneServerNegativeTestJSON:_run_cleanups): 200 GET http://10.180.1.21/compute/v2.1/servers/c94d00aa-7337-4037-9d27-25bad025e569 0.152s
2025-05-13 14:28:38.224 70540 INFO tempest.lib.common.rest_client [req-5ac5f213-73df-4048-9b18-e12ab82a5e57 req-5ac5f213-73df-4048-9b18-e12ab82a5e57 ] Request (ServersAdminNegativeTestJSON:tearDownClass): 204 DELETE http://10.180.1.21/identity/v3/users/6cd00f9b7c29405c8884dc09f9a9e604 0.170s
2025-05-13 14:28:38.230 70521 INFO tempest.lib.common.rest_client [req-c0a4b153-31f0-4cdc-bd09-b1bb9ee4503c req-c0a4b153-31f0-4cdc-bd09-b1bb9ee4503c ] Request (ServerMetadataTestJSON:setUpClass): 200 GET http://10.180.1.21/compute/v2.1/servers/37c0c047-a9c0-4e1e-8794-9ad3b6efc875 0.091s
2025-05-13 14:28:38.329 70559 INFO tempest.lib.common.rest_client [req-e5cfef7f-88c7-4586-8cbf-368fff788e95 req-e5cfef7f-88c7-4586-8cbf-368fff788e95 ] Request (ListServerFiltersTestJSON:setUpClass): 200 GET http://10.180.1.21/compute/v2.1/servers/4925d307-f4c8-4847-8ee1-937e196e6c69 0.249s
2025-05-13 14:28:38.360 70540 INFO tempest.lib.common.rest_client [req-a5a53216-3052-48e1-83fa-d461f7a5d657 req-a5a53216-3052-48e1-83fa-d461f7a5d657 ] Request (ServersAdminNegativeTestJSON:tearDownClass): 204 DELETE http://10.180.1.21/identity/v3/users/fdf960c809f841c8ba2ae35056f28edd 0.136s
2025-05-13 14:28:38.360 70540 INFO tempest.lib.common.dynamic_creds [-] Deleting project and security group for project: 07b858cc91954befa81746abead371d1
2025-05-13 14:28:38.421 70565 INFO tempest.lib.common.rest_client [req-4cc81e9a-762d-4214-859a-1beaafa3a8ce req-4cc81e9a-762d-4214-859a-1beaafa3a8ce ] Request (ServerActionsTestJSON:setUpClass): 200 GET http://10.180.1.21/compute/v2.1/servers/5cc197e5-d5b0-48e5-a1cb-de7aed3d05f4 0.220s
2025-05-13 14:28:38.443 70540 INFO tempest.lib.common.rest_client [req-629e3779-9f86-4979-9ac5-d42842c080d5 req-629e3779-9f86-4979-9ac5-d42842c080d5 ] Request (ServersAdminNegativeTestJSON:tearDownClass): 201 POST http://10.180.1.21/identity/v3/auth/tokens 0.082s
2025-05-13 14:28:38.459 70519 INFO tempest.lib.common.rest_client [req-7ce20090-d4ba-49bf-a8ba-9e7089867dd8 req-7ce20090-d4ba-49bf-a8ba-9e7089867dd8 ] Request (ServersTestManualDisk:tearDownClass): 200 GET http://10.180.1.21/compute/v2.1/servers/4ac0defd-d9ca-4e93-836c-a5cc81529eba 0.317s
2025-05-13 14:28:38.505 70535 INFO tempest.lib.common.rest_client [req-a22cee63-b77d-4296-9ef5-0ea14ce480d0 req-a22cee63-b77d-4296-9ef5-0ea14ce480d0 ] Request (AttachInterfacesTestJSON:test_create_list_show_delete_interfaces_by_network_port): 200 GET http://10.180.1.21/compute/v2.1/servers/bbf9db25-688f-4729-9c55-0e1e1196c2f6 0.295s
2025-05-13 14:28:38.588 70513 INFO tempest.lib.common.rest_client [req-609d2410-95f7-4360-a27a-b7d8b71c87b8 req-609d2410-95f7-4360-a27a-b7d8b71c87b8 ] Request (AttachVolumeNegativeTest:test_attach_attached_volume_to_different_server): 200 GET http://10.180.1.21/compute/v2.1/servers/1b8036ed-2b5c-457d-9ef5-50d9ec77f656 0.325s
2025-05-13 14:28:38.600 70540 INFO tempest.lib.common.rest_client [req-21110301-8b2a-477c-98b9-18936184fccb req-21110301-8b2a-477c-98b9-18936184fccb ] Request (ServersAdminNegativeTestJSON:tearDownClass): 200 GET http://10.180.1.21:9696/networking/v2.0/security-groups?tenant_id=07b858cc91954befa81746abead371d1&name=default 0.157s
2025-05-13 14:28:38.678 70511 INFO tempest.lib.common.rest_client [req-594a84a6-e693-43c3-b794-50fdeddfa8d0 req-594a84a6-e693-43c3-b794-50fdeddfa8d0 ] Request (DeleteServersTestJSON:test_delete_server_while_in_attached_volume): 200 GET http://10.180.1.21/compute/v2.1/servers/f5e9c9c1-3038-4530-9694-0e51131cdf87 0.305s
2025-05-13 14:28:38.775 70540 INFO tempest.lib.common.rest_client [req-a9f332c3-c8a5-48f1-8d64-976452fb77a5 req-a9f332c3-c8a5-48f1-8d64-976452fb77a5 ] Request (ServersAdminNegativeTestJSON:tearDownClass): 204 DELETE http://10.180.1.21:9696/networking/v2.0/security-groups/cfbef575-d0e3-4597-b2ab-2945761a881f 0.173s
2025-05-13 14:28:38.790 70549 INFO tempest.lib.common.rest_client [req-9b8920aa-9f75-4ea2-b367-8fc5207a2a76 req-9b8920aa-9f75-4ea2-b367-8fc5207a2a76 ] Request (MultipleCreateTestJSON:_run_cleanups): 200 GET http://10.180.1.21/compute/v2.1/servers/f042fe0d-3d51-41f7-b983-8254e996697e 0.403s
2025-05-13 14:28:38.824 70553 INFO tempest.lib.common.rest_client [req-e23efa36-f11e-4fd0-87e1-c906b7fd1e21 req-e23efa36-f11e-4fd0-87e1-c906b7fd1e21 ] Request (ServersTestMultiNic:test_verify_multiple_nics_order): 200 GET http://10.180.1.21/compute/v2.1/servers/fcc33919-98ac-42bc-8c76-a65e1189865a 0.515s
2025-05-13 14:28:38.835 70553 INFO tempest.common.waiters [-] State transition "BUILD/None" ==> "BUILD/block_device_mapping" after 63 second wait
2025-05-13 14:28:38.904 70515 INFO tempest.lib.common.rest_client [req-6ddf07c9-99ac-414c-99cf-7c1f316fb89c req-6ddf07c9-99ac-414c-99cf-7c1f316fb89c ] Request (ListImageFiltersTestJSON:setUpClass): 204 PUT http://10.180.1.21/image/v2/images/4d293b34-358a-4770-a4e5-370ef794e880/file 0.799s
2025-05-13 14:28:38.911 70540 INFO tempest.lib.common.rest_client [req-558d1982-af5a-4842-9be8-ad74b4996dab req-558d1982-af5a-4842-9be8-ad74b4996dab ] Request (ServersAdminNegativeTestJSON:tearDownClass): 204 DELETE http://10.180.1.21/identity/v3/projects/07b858cc91954befa81746abead371d1 0.135s
2025-05-13 14:28:38.911 70540 INFO tempest.lib.common.dynamic_creds [-] Deleting project and security group for project: c7c9cf90cb2945548401a3bee092e955
2025-05-13 14:28:38.918 70563 INFO tempest.lib.common.rest_client [req-c1479c6c-cee9-44d0-a507-150c7ab0d0fb req-c1479c6c-cee9-44d0-a507-150c7ab0d0fb ] Request (ServerActionsTestOtherB:test_create_backup): 200 GET http://10.180.1.21/image/v2/images/31d9ac25-2f07-4fcc-ac41-f3871b7b8532 0.797s
2025-05-13 14:28:38.922 70557 INFO tempest.lib.common.rest_client [req-fc2793cd-d717-4ea2-b019-befa4a9267d6 req-fc2793cd-d717-4ea2-b019-befa4a9267d6 ] Request (InstanceActionsTestJSON:setUpClass): 200 GET http://10.180.1.21/compute/v2.1/servers/2df2001e-95cc-4421-a98d-c8212c184cff 0.489s
2025-05-13 14:28:38.949 70540 INFO tempest.lib.common.rest_client [req-b942ced3-4efc-48fe-8481-37c0cfe4bb5e req-b942ced3-4efc-48fe-8481-37c0cfe4bb5e ] Request (ServersAdminNegativeTestJSON:tearDownClass): 200 GET http://10.180.1.21:9696/networking/v2.0/security-groups?tenant_id=c7c9cf90cb2945548401a3bee092e955&name=default 0.038s
2025-05-13 14:28:38.950 70547 INFO tempest.lib.common.rest_client [req-ca74ce5c-39db-47c7-ba65-1730db52fb12 req-ca74ce5c-39db-47c7-ba65-1730db52fb12 ] Request (ServerShowV257Test:tearDownClass): 200 GET http://10.180.1.21/compute/v2.1/servers/2ed7de86-7eb4-4e49-8d78-171d09addeb1 0.493s
2025-05-13 14:28:39.043 70537 INFO tempest.lib.common.rest_client [req-04f2f616-5ece-42f2-8776-90cdf19e818a req-04f2f616-5ece-42f2-8776-90cdf19e818a ] Request (ServersListShow298Test:test_list_show_update_rebuild_server_298): 200 GET http://10.180.1.21/compute/v2.1/servers/b4d9b431-14b5-46c9-9691-f5bfc012d8ca 0.527s
2025-05-13 14:28:39.066 70531 INFO tempest.lib.common.rest_client [req-f32a02fe-479d-43f4-8ac6-c03151286d4a req-f32a02fe-479d-43f4-8ac6-c03151286d4a ] Request (ServersTestFqdnHostnames:tearDownClass): 200 GET http://10.180.1.21/compute/v2.1/servers/33ddb54a-10b8-463d-bfcf-4e0e8baea80d 0.525s
2025-05-13 14:28:39.154 70543 INFO tempest.lib.common.rest_client [req-0da6ba93-4fd1-4a50-9796-9e8fdf9bc7d4 req-0da6ba93-4fd1-4a50-9796-9e8fdf9bc7d4 ] Request (MigrationsAdminTest:test_resize_server_revert_deleted_flavor): 200 GET http://10.180.1.21/compute/v2.1/servers/9103303b-fb64-4728-892d-285dba75ac18 0.481s
2025-05-13 14:28:39.168 70527 INFO tempest.lib.common.rest_client [req-eae75bbd-9129-49c9-98ca-2295803cf5f6 req-eae75bbd-9129-49c9-98ca-2295803cf5f6 ] Request (ServerPasswordTestJSON:setUpClass): 200 GET http://10.180.1.21/compute/v2.1/servers/a7c1b811-fede-428b-b4f9-a4df09e7968d 0.399s
2025-05-13 14:28:39.214 70515 INFO tempest.lib.common.rest_client [req-156ebfd6-c9bf-4f00-ab2f-cbdfc6880b5d req-156ebfd6-c9bf-4f00-ab2f-cbdfc6880b5d ] Request (ListImageFiltersTestJSON:setUpClass): 200 GET http://10.180.1.21/compute/v2.1/images/4d293b34-358a-4770-a4e5-370ef794e880 0.309s
2025-05-13 14:28:39.552 70545 INFO tempest.lib.common.rest_client [req-040f89d5-42bd-4b26-941e-bb6a953b23d1 req-040f89d5-42bd-4b26-941e-bb6a953b23d1 ] Request (ServersWithSpecificFlavorTestJSON:test_verify_created_server_ephemeral_disk): 200 GET http://10.180.1.21/compute/v2.1/servers/233f5e8b-de2a-4e68-b8ca-2a548f32617f 0.677s
2025-05-13 14:28:39.599 70540 INFO tempest.lib.common.rest_client [req-b3720908-815e-48a3-8c39-640ef37208b7 req-b3720908-815e-48a3-8c39-640ef37208b7 ] Request (ServersAdminNegativeTestJSON:tearDownClass): 204 DELETE http://10.180.1.21:9696/networking/v2.0/security-groups/37f8b4ff-726b-4312-b572-c8e94d90f9da 0.649s
2025-05-13 14:28:39.651 70569 INFO tempest.lib.common.rest_client [req-a9c06a75-0d21-4d8f-a5e3-32b361f5abe1 req-a9c06a75-0d21-4d8f-a5e3-32b361f5abe1 ] Request (ServersAdminTestJSON:test_inject_network_info): 200 GET http://10.180.1.21/compute/v2.1/servers/72912814-7e55-405f-a878-7102dcdfc7d1 0.692s
2025-05-13 14:28:39.756 70540 INFO tempest.lib.common.rest_client [req-2956dbff-74cf-413e-a22a-d51d3ccb181e req-2956dbff-74cf-413e-a22a-d51d3ccb181e ] Request (ServersAdminNegativeTestJSON:tearDownClass): 204 DELETE http://10.180.1.21/identity/v3/projects/c7c9cf90cb2945548401a3bee092e955 0.156s
2025-05-13 14:28:39.760 70574 INFO tempest.lib.common.rest_client [req-a0e74a40-18de-40c3-af1f-a472a01fe1c9 req-a0e74a40-18de-40c3-af1f-a472a01fe1c9 ] Request (SecurityGroupsTestJSON:test_server_security_groups): 200 GET http://10.180.1.21/compute/v2.1/servers/035a867b-5707-43b4-b743-3e32775063ea 0.778s
2025-05-13 14:28:39.763 70525 INFO tempest.lib.common.rest_client [req-3e99aa7e-117f-4917-8d6b-866604338c88 req-3e99aa7e-117f-4917-8d6b-866604338c88 ] Request (ServersV294TestFqdnHostnames:setUpClass): 200 GET http://10.180.1.21/compute/v2.1/servers/4cdcfc6f-7d4f-4b81-b0a1-425c842fe20b 0.849s
