2025-05-13 14:26:15.607 70511 INFO tempest.lib.common.rest_client [req-bb08c5ed-3c6b-4a79-bd49-a12313e2a1d6 req-bb08c5ed-3c6b-4a79-bd49-a12313e2a1d6 ] Request (FloatingIPDetailsTestJSON:tearDownClass): 204 DELETE http://10.180.1.21:9696/networking/v2.0/subnets/4a3fb10f-fe73-4273-b385-162b89e87f57 0.164s
2025-05-13 14:26:15.608 70559 INFO tempest.lib.common.rest_client [req-9debf2bc-ba0c-47da-9dec-ba4a5847496f req-9debf2bc-ba0c-47da-9dec-ba4a5847496f ] Request (ServerDiagnosticsNegativeTest:setUpClass): 200 GET http://10.180.1.21/identity/v3/roles 0.072s
2025-05-13 14:26:15.633 70559 INFO tempest.lib.common.rest_client [req-8bc9c3ad-d21e-4cbd-bf0e-d2494d7771ee req-8bc9c3ad-d21e-4cbd-bf0e-d2494d7771ee ] Request (ServerDiagnosticsNegativeTest:setUpClass): 204 PUT http://10.180.1.21/identity/v3/projects/5f9657f4d3304bf9bba08811688e548d/users/f40a9bafd3724123a9c7d05bebb9c656/roles/1df7be2fa07b41ef9e339efc248ecc66 0.025s
2025-05-13 14:26:15.633 70559 INFO tempest.lib.common.dynamic_creds [-] Dynamic test user f40a9bafd3724123a9c7d05bebb9c656 is created with scope project and roles: ['admin']
2025-05-13 14:26:15.634 70559 INFO tempest.lib.common.dynamic_creds [-] Acquired dynamic creds: credentials: Credentials: {'domain_id': 'default', 'domain_name': 'Default', 'username': 'tempest-ServerDiagnosticsNegativeTest-257376700-project-admin', 'project_domain_id': 'default', 'project_domain_name': 'Default', 'project_id': '5f9657f4d3304bf9bba08811688e548d', 'project_name': 'tempest-ServerDiagnosticsNegativeTest-257376700', 'tenant_id': '5f9657f4d3304bf9bba08811688e548d', 'tenant_name': 'tempest-ServerDiagnosticsNegativeTest-257376700', 'user_domain_id': 'default', 'user_domain_name': 'Default', 'user_id': 'f40a9bafd3724123a9c7d05bebb9c656', 'system': None}, Network: None, Subnet: None, Router: None
2025-05-13 14:26:15.634 70559 INFO tempest.lib.common.dynamic_creds [-] Created isolated network resources for: credentials: Credentials: {'domain_id': 'default', 'domain_name': 'Default', 'username': 'tempest-ServerDiagnosticsNegativeTest-257376700-project-admin', 'project_domain_id': 'default', 'project_domain_name': 'Default', 'project_id': '5f9657f4d3304bf9bba08811688e548d', 'project_name': 'tempest-ServerDiagnosticsNegativeTest-257376700', 'tenant_id': '5f9657f4d3304bf9bba08811688e548d', 'tenant_name': 'tempest-ServerDiagnosticsNegativeTest-257376700', 'user_domain_id': 'default', 'user_domain_name': 'Default', 'user_id': 'f40a9bafd3724123a9c7d05bebb9c656', 'system': None}, Network: None, Subnet: None, Router: None
2025-05-13 14:26:15.692 70513 INFO tempest.lib.common.rest_client [req-5976ba3c-c761-4014-a36d-719c7d5f8030 req-5976ba3c-c761-4014-a36d-719c7d5f8030 ] Request (ServerTagsTestJSON:setUpClass): 202 POST http://10.180.1.21/compute/v2.1/servers 3.237s
2025-05-13 14:26:15.758 70559 INFO tempest.lib.common.rest_client [req-6c81c732-0706-497e-8fe3-bdfb3f9382f4 req-6c81c732-0706-497e-8fe3-bdfb3f9382f4 ] Request (ServerDiagnosticsNegativeTest:setUpClass): 201 POST http://10.180.1.21/identity/v3/auth/tokens 0.120s
2025-05-13 14:26:15.851 70559 INFO tempest.lib.common.rest_client [req-2d41c312-290a-4bc0-970c-3ec4a840932e req-2d41c312-290a-4bc0-970c-3ec4a840932e ] Request (ServerDiagnosticsNegativeTest:test_get_server_diagnostics_by_non_admin): 201 POST http://10.180.1.21/identity/v3/auth/tokens 0.086s
2025-05-13 14:26:15.851 70559 INFO tempest.lib.common.fixed_network [-] (ServerDiagnosticsNegativeTest:test_get_server_diagnostics_by_non_admin) Found network None available for tenant
2025-05-13 14:26:15.883 70563 INFO tempest.lib.common.rest_client [req-d18e1b8e-f7fc-4911-8d06-49bad7370174 req-d18e1b8e-f7fc-4911-8d06-49bad7370174 ] Request (FloatingIPsNegativeTestJSON:setUpClass): 200 GET http://10.180.1.21/compute/v2.1/os-floating-ips 3.113s
2025-05-13 14:26:15.981 70551 INFO tempest.lib.common.rest_client [req-33b06714-c8d5-4d11-aea1-29d0d993c664 req-33b06714-c8d5-4d11-aea1-29d0d993c664 ] Request (HostsAdminNegativeTestJSON:setUpClass): 200 GET http://10.180.1.21/compute/v2.1/os-hosts 3.054s
2025-05-13 14:26:15.990 70529 INFO tempest.lib.common.rest_client [req-ff653c8f-c69d-4925-9e50-1175718e35ec req-ff653c8f-c69d-4925-9e50-1175718e35ec ] Request (MultipleCreateNegativeTestJSON:test_max_count_less_than_one): 400 POST http://10.180.1.21/compute/v2.1/servers 3.029s
2025-05-13 14:26:16.058 70529 INFO tempest.lib.common.rest_client [req-2da142db-8dae-4ae3-9216-06a82731172e req-2da142db-8dae-4ae3-9216-06a82731172e ] Request (MultipleCreateNegativeTestJSON:test_max_count_non_integer): 201 POST http://10.180.1.21/identity/v3/auth/tokens 0.057s
2025-05-13 14:26:16.058 70529 INFO tempest.lib.common.fixed_network [-] (MultipleCreateNegativeTestJSON:test_max_count_non_integer) Found network None available for tenant
2025-05-13 14:26:16.069 70545 INFO tempest.lib.common.rest_client [req-b89ca2d7-4e90-4d50-8e26-9e588ce91f99 req-b89ca2d7-4e90-4d50-8e26-9e588ce91f99 ] Request (ServersWithSpecificFlavorTestJSON:test_verify_created_server_ephemeral_disk): 202 POST http://10.180.1.21/compute/v2.1/servers 3.451s
2025-05-13 14:26:16.138 70541 INFO tempest.lib.common.rest_client [req-091be7dd-d4a2-4236-8863-96c6d376cb7b req-091be7dd-d4a2-4236-8863-96c6d376cb7b ] Request (HypervisorAdminNegativeUnderV252Test:test_search_hypervisor_with_non_admin_user): 403 GET http://10.180.1.21/compute/v2.1/os-hypervisors/domain-c8.fc996f14-c53b-4953-92e3-bdfa48f5cc28/search 2.525s
2025-05-13 14:26:16.322 70511 INFO tempest.lib.common.rest_client [req-5bd7a1ac-a35a-451c-824d-28601480bbd4 req-5bd7a1ac-a35a-451c-824d-28601480bbd4 ] Request (FloatingIPDetailsTestJSON:tearDownClass): 204 DELETE http://10.180.1.21:9696/networking/v2.0/networks/6d7ead19-e4a1-45c4-b6fc-4381f11baf62 0.715s
2025-05-13 14:26:16.403 70523 INFO tempest.lib.common.rest_client [req-23e39493-8edc-4cac-bb13-74526b7139d2 req-23e39493-8edc-4cac-bb13-74526b7139d2 ] Request (SecurityGroupsNegativeTestJSON:setUpClass): 201 POST http://10.180.1.21:9696/networking/v2.0/routers 2.430s
2025-05-13 14:26:16.446 70519 INFO tempest.lib.common.rest_client [req-0f710a51-87bb-42fa-bb11-51c95cd5519a req-0f710a51-87bb-42fa-bb11-51c95cd5519a ] Request (TenantUsagesTestJSON:setUpClass): 200 GET http://10.180.1.21/compute/v2.1/servers/bfb7906e-20b8-4878-9777-c5fd3ff65c22 2.828s
2025-05-13 14:26:16.448 70511 INFO tempest.lib.common.rest_client [req-3464b6e4-a3e9-4e3c-a756-8a7b77900a15 req-3464b6e4-a3e9-4e3c-a756-8a7b77900a15 ] Request (FloatingIPDetailsTestJSON:tearDownClass): 204 DELETE http://10.180.1.21/identity/v3/users/d145ab7a88a9441b8a469ca0d73ac247 0.126s
2025-05-13 14:26:16.449 70511 INFO tempest.lib.common.dynamic_creds [-] Deleting project and security group for project: fe9ba3e85eb840fd9f6a4da3f4f290ff
2025-05-13 14:26:16.470 70567 INFO tempest.lib.common.rest_client [req-9d545b7f-eeea-4c30-bbd6-c0844c2f6276 req-9d545b7f-eeea-4c30-bbd6-c0844c2f6276 ] Request (AggregatesAdminNegativeTestJSON:test_aggregate_add_non_exist_host): 200 POST http://10.180.1.21/compute/v2.1/os-aggregates 2.835s
2025-05-13 14:26:16.483 70511 INFO tempest.lib.common.rest_client [req-5dfebdb5-1d6e-4e05-913f-de816802286d req-5dfebdb5-1d6e-4e05-913f-de816802286d ] Request (FloatingIPDetailsTestJSON:tearDownClass): 200 GET http://10.180.1.21:9696/networking/v2.0/security-groups?tenant_id=fe9ba3e85eb840fd9f6a4da3f4f290ff&name=default 0.034s
2025-05-13 14:26:16.618 70547 INFO tempest.lib.common.rest_client [req-6b5d868d-baf5-4802-8917-a5c2259244f6 req-6b5d868d-baf5-4802-8917-a5c2259244f6 ] Request (ListImagesTestJSON:test_get_image): 200 GET http://10.180.1.21/compute/v2.1/images/fdedeb32-acda-4585-a195-4af2c3a4f070 2.951s
2025-05-13 14:26:16.633 70537 INFO tempest.lib.common.rest_client [req-038e2dec-816d-46e3-ae85-15cb11eb8d46 req-038e2dec-816d-46e3-ae85-15cb11eb8d46 ] Request (FlavorsExtraSpecsTestJSON:test_flavor_set_get_update_show_unset_keys): 200 GET http://10.180.1.21/compute/v2.1/flavors/1090221595/os-extra_specs 2.918s
2025-05-13 14:26:16.633 70511 INFO tempest.lib.common.rest_client [req-b1922f45-92d1-4532-9957-b196c0e993e6 req-b1922f45-92d1-4532-9957-b196c0e993e6 ] Request (FloatingIPDetailsTestJSON:tearDownClass): 204 DELETE http://10.180.1.21:9696/networking/v2.0/security-groups/17e84aab-0c75-48c2-8686-ae7dfe3d767a 0.149s
2025-05-13 14:26:16.664 70527 INFO tempest.lib.common.rest_client [req-34996b55-2fb5-4b89-a329-3f653eb4d7d3 req-34996b55-2fb5-4b89-a329-3f653eb4d7d3 ] Request (ServerDiagnosticsV248Test:test_get_server_diagnostics): 200 GET http://10.180.1.21/compute/v2.1/servers/2174fe4e-a8f9-4833-b2ab-e0c2ae3b0099/diagnostics 3.108s
2025-05-13 14:26:16.666 70569 INFO tempest.lib.common.rest_client [req-31bd9c64-c89b-4a3f-b395-5fd045c210f5 req-31bd9c64-c89b-4a3f-b395-5fd045c210f5 ] Request (FlavorsAccessTestJSON:_run_cleanups): 200 GET http://10.180.1.21/compute/v2.1/flavors/detail 2.932s
2025-05-13 14:26:16.705 70525 INFO tempest.lib.common.rest_client [req-7a78f41d-794b-437c-a54f-762fc224c213 req-7a78f41d-794b-437c-a54f-762fc224c213 ] Request (FlavorsAdminTestJSON:test_is_public_string_variations): 200 POST http://10.180.1.21/compute/v2.1/flavors 2.853s
2025-05-13 14:26:16.723 70515 INFO tempest.lib.common.rest_client [req-eb2a55f2-eae1-403e-a9f2-13cdc1818a86 req-eb2a55f2-eae1-403e-a9f2-13cdc1818a86 ] Request (FlavorsV2TestJSON:test_list_flavors_detailed_limit_results): 200 GET http://10.180.1.21/compute/v2.1/flavors/detail?limit=1 2.836s
2025-05-13 14:26:16.772 70511 INFO tempest.lib.common.rest_client [req-8b222cbf-bf03-4ac2-9846-e3fed38821b2 req-8b222cbf-bf03-4ac2-9846-e3fed38821b2 ] Request (FloatingIPDetailsTestJSON:tearDownClass): 204 DELETE http://10.180.1.21/identity/v3/projects/fe9ba3e85eb840fd9f6a4da3f4f290ff 0.138s
2025-05-13 14:26:16.817 70511 INFO tempest.lib.common.rest_client [req-1262fbe2-788b-437b-b54a-6521243abfeb req-1262fbe2-788b-437b-b54a-6521243abfeb ] Request (KeyPairsV2TestJSON:setUpClass): 201 POST http://10.180.1.21/identity/v3/auth/tokens 0.043s
2025-05-13 14:26:16.856 70569 INFO tempest.lib.common.rest_client [req-478e25f1-bcb7-4463-a12c-4fe5df757a12 req-478e25f1-bcb7-4463-a12c-4fe5df757a12 ] Request (FlavorsAccessTestJSON:tearDownClass): 204 DELETE http://10.180.1.21/identity/v3/users/6206d5c56cbb4e6bba8c383022c4cf4c 0.180s
2025-05-13 14:26:16.931 70511 INFO tempest.lib.common.rest_client [req-d83908ea-bc37-45a8-9bbc-6862777b10a3 req-d83908ea-bc37-45a8-9bbc-6862777b10a3 ] Request (KeyPairsV2TestJSON:setUpClass): 201 POST http://10.180.1.21/identity/v3/auth/tokens 0.110s
2025-05-13 14:26:16.943 70540 INFO tempest.lib.common.rest_client [req-f7b103ba-5ca7-4eaf-bcf8-758e772a0e2e req-f7b103ba-5ca7-4eaf-bcf8-758e772a0e2e ] Request (ServersAdminNegativeTestJSON:setUpClass): 200 GET http://10.180.1.21/compute/v2.1/servers/63d61011-bbbe-4645-b993-9a9c8e8ca075 3.075s
2025-05-13 14:26:16.973 70533 INFO tempest.lib.common.rest_client [req-0c455e40-aa84-4abf-b62e-d87a908e399c req-0c455e40-aa84-4abf-b62e-d87a908e399c ] Request (QuotasAdminTestJSON:test_get_default_quotas): 200 GET http://10.180.1.21/compute/v2.1/os-quota-sets/cc2d8f864efb4ee2bd385deb8e8d2298/defaults 2.977s
2025-05-13 14:26:16.988 70511 INFO tempest.lib.common.rest_client [req-164c1e56-e159-4b55-9e47-6d1667d9736f req-164c1e56-e159-4b55-9e47-6d1667d9736f ] Request (KeyPairsV2TestJSON:setUpClass): 200 GET http://10.180.1.21/identity/v3/domains?name=Default 0.057s
2025-05-13 14:26:17.008 70569 INFO tempest.lib.common.rest_client [req-788a14e8-2b92-4aae-90d8-a5a394c3e687 req-788a14e8-2b92-4aae-90d8-a5a394c3e687 ] Request (FlavorsAccessTestJSON:tearDownClass): 204 DELETE http://10.180.1.21/identity/v3/users/c04ffe3a789744e4a9a8beb11907e724 0.151s
2025-05-13 14:26:17.008 70569 INFO tempest.lib.common.dynamic_creds [-] Deleting project and security group for project: 00840e8ec939457baec58280fedaba9c
2025-05-13 14:26:17.095 70533 INFO tempest.lib.common.rest_client [req-86464a22-3719-493d-96e6-e1ae48aa6f1d req-86464a22-3719-493d-96e6-e1ae48aa6f1d ] Request (QuotasAdminTestJSON:test_get_updated_quotas): 200 GET http://10.180.1.21/identity/v3/domains?name=Default 0.117s
2025-05-13 14:26:17.098 70565 INFO tempest.lib.common.rest_client [req-5b94a786-14d9-42c7-91d4-2e4deec6c3b9 req-5b94a786-14d9-42c7-91d4-2e4deec6c3b9 ] Request (ServersAdmin275Test:test_rebuild_update_server_275): 200 GET http://10.180.1.21/compute/v2.1/servers/d23cb796-1de4-4706-8d28-a50c7da8f5e0 2.911s
2025-05-13 14:26:17.171 70569 INFO tempest.lib.common.rest_client [req-ff916fd0-1b5a-49aa-8462-7dbeda20b1f6 req-ff916fd0-1b5a-49aa-8462-7dbeda20b1f6 ] Request (FlavorsAccessTestJSON:tearDownClass): 201 POST http://10.180.1.21/identity/v3/auth/tokens 0.163s
2025-05-13 14:26:17.207 70511 INFO tempest.lib.common.rest_client [req-d0fc67ec-85c4-4be5-8588-dfb0c2e627bd req-d0fc67ec-85c4-4be5-8588-dfb0c2e627bd ] Request (KeyPairsV2TestJSON:setUpClass): 201 POST http://10.180.1.21/identity/v3/projects 0.218s
2025-05-13 14:26:17.207 70533 INFO tempest.lib.common.rest_client [req-cd54b2c7-3951-4ef5-9f5c-f1a7da7f5d84 req-cd54b2c7-3951-4ef5-9f5c-f1a7da7f5d84 ] Request (QuotasAdminTestJSON:test_get_updated_quotas): 201 POST http://10.180.1.21/identity/v3/projects 0.112s
2025-05-13 14:26:17.264 70511 INFO tempest.lib.common.rest_client [req-91026a41-b0f8-4a6f-806f-235d1b63e849 req-91026a41-b0f8-4a6f-806f-235d1b63e849 ] Request (KeyPairsV2TestJSON:setUpClass): 201 POST http://10.180.1.21/identity/v3/users 0.056s
2025-05-13 14:26:17.320 70533 INFO tempest.lib.common.rest_client [req-4d0e71e5-1c4c-4c4f-8520-e6dd2d566bd8 req-4d0e71e5-1c4c-4c4f-8520-e6dd2d566bd8 ] Request (QuotasAdminTestJSON:test_get_updated_quotas): 200 GET http://10.180.1.21/identity/v3/domains?name=Default 0.112s
2025-05-13 14:26:17.329 70511 INFO tempest.lib.common.rest_client [req-44dad70d-d366-462f-a2f8-23acf64b92d3 req-44dad70d-d366-462f-a2f8-23acf64b92d3 ] Request (KeyPairsV2TestJSON:setUpClass): 200 GET http://10.180.1.21/identity/v3/roles 0.064s
2025-05-13 14:26:17.369 70511 INFO tempest.lib.common.rest_client [req-6080977c-c7a8-4087-8dba-b9aa105dacae req-6080977c-c7a8-4087-8dba-b9aa105dacae ] Request (KeyPairsV2TestJSON:setUpClass): 204 PUT http://10.180.1.21/identity/v3/projects/d0fd4884582d439c995405d3483d38ad/users/0be3f16090ec4186924c2528ebd68edb/roles/d15340df8b5d4d59b632964c0e8cf997 0.040s
2025-05-13 14:26:17.369 70511 INFO tempest.lib.common.dynamic_creds [-] Dynamic test user 0be3f16090ec4186924c2528ebd68edb is created with scope project and roles: ['member']
2025-05-13 14:26:17.369 70511 INFO tempest.lib.common.dynamic_creds [-] Acquired dynamic creds: credentials: Credentials: {'domain_id': 'default', 'domain_name': 'Default', 'username': 'tempest-KeyPairsV2TestJSON-667897233-project-member', 'project_domain_id': 'default', 'project_domain_name': 'Default', 'project_id': 'd0fd4884582d439c995405d3483d38ad', 'project_name': 'tempest-KeyPairsV2TestJSON-667897233', 'tenant_id': 'd0fd4884582d439c995405d3483d38ad', 'tenant_name': 'tempest-KeyPairsV2TestJSON-667897233', 'user_domain_id': 'default', 'user_domain_name': 'Default', 'user_id': '0be3f16090ec4186924c2528ebd68edb', 'system': None}, Network: None, Subnet: None, Router: None
2025-05-13 14:26:17.370 70511 INFO tempest.lib.common.dynamic_creds [-] Created isolated network resources for: credentials: Credentials: {'domain_id': 'default', 'domain_name': 'Default', 'username': 'tempest-KeyPairsV2TestJSON-667897233-project-member', 'project_domain_id': 'default', 'project_domain_name': 'Default', 'project_id': 'd0fd4884582d439c995405d3483d38ad', 'project_name': 'tempest-KeyPairsV2TestJSON-667897233', 'tenant_id': 'd0fd4884582d439c995405d3483d38ad', 'tenant_name': 'tempest-KeyPairsV2TestJSON-667897233', 'user_domain_id': 'default', 'user_domain_name': 'Default', 'user_id': '0be3f16090ec4186924c2528ebd68edb', 'system': None}, Network: None, Subnet: None, Router: None
2025-05-13 14:26:17.382 70521 INFO tempest.lib.common.rest_client [req-36196d67-20a9-4ac0-87f7-ccf547a41c3e req-36196d67-20a9-4ac0-87f7-ccf547a41c3e ] Request (DeleteServersAdminTestJSON:test_admin_delete_servers_of_others): 200 GET http://10.180.1.21/compute/v2.1/servers/7c36cb21-afb4-4ee6-8d04-56e383e01860 3.080s
2025-05-13 14:26:17.420 70571 INFO tempest.lib.common.rest_client [req-3d02f9eb-1fc4-416a-a868-ac0123adba93 req-3d02f9eb-1fc4-416a-a868-ac0123adba93 ] Request (ImagesMetadataTestJSON:test_delete_image_metadata_item): 200 GET http://10.180.1.21/compute/v2.1/images/f3a0d514-43f3-4a0b-ae08-01cf08b18f38/metadata 3.067s
2025-05-13 14:26:17.451 70511 INFO tempest.lib.common.rest_client [req-bdfaa2a7-0e30-4ccf-9aa3-7efad72b27c4 req-bdfaa2a7-0e30-4ccf-9aa3-7efad72b27c4 ] Request (KeyPairsV2TestJSON:setUpClass): 201 POST http://10.180.1.21/identity/v3/auth/tokens 0.078s
2025-05-13 14:26:17.454 70523 INFO tempest.lib.common.rest_client [req-d3f47ae5-d242-44c8-85ef-e0d456c70d62 req-d3f47ae5-d242-44c8-85ef-e0d456c70d62 ] Request (SecurityGroupsNegativeTestJSON:setUpClass): 200 PUT http://10.180.1.21:9696/networking/v2.0/routers/93a6ee2a-ba35-4216-bbdd-5b528a169dc9/add_router_interface 1.051s
2025-05-13 14:26:17.455 70523 INFO tempest.lib.common.dynamic_creds [-] Created isolated network resources for: credentials: Credentials: {'domain_id': 'default', 'domain_name': 'Default', 'username': 'tempest-SecurityGroupsNegativeTestJSON-239780482-project-member', 'project_domain_id': 'default', 'project_domain_name': 'Default', 'project_id': '42d7fb39402c41a4acc8a437f54f225d', 'project_name': 'tempest-SecurityGroupsNegativeTestJSON-239780482', 'tenant_id': '42d7fb39402c41a4acc8a437f54f225d', 'tenant_name': 'tempest-SecurityGroupsNegativeTestJSON-239780482', 'user_domain_id': 'default', 'user_domain_name': 'Default', 'user_id': '83b0a8961c4f4d818b6f97ccdbcff1ac', 'system': None}, Network: {'id': '7ae8ad58-bcaf-48db-907d-679bb7138338', 'name': 'tempest-SecurityGroupsNegativeTestJSON-1030041293-network', 'tenant_id': '42d7fb39402c41a4acc8a437f54f225d', 'admin_state_up': True, 'mtu': 8950, 'status': 'ACTIVE', 'subnets': [], 'shared': False, 'project_id': '42d7fb39402c41a4acc8a437f54f225d', 'port_security_enabled': True, 'router:external': False, 'provider:network_type': 'vlan', 'provider:physical_network': 'default', 'provider:segmentation_id': 923, 'availability_zone_hints': [], 'availability_zones': [], 'ipv4_address_scope': None, 'ipv6_address_scope': None, 'description': '', 'tags': [], 'created_at': '2025-05-13T14:26:12Z', 'updated_at': '2025-05-13T14:26:12Z', 'revision_number': 1}, Subnet: {'id': 'add8aec6-8854-4c8a-a8fb-ce12f088e42d', 'name': 'tempest-SecurityGroupsNegativeTestJSON-1030041293-subnet', 'tenant_id': '42d7fb39402c41a4acc8a437f54f225d', 'network_id': '7ae8ad58-bcaf-48db-907d-679bb7138338', 'ip_version': 4, 'subnetpool_id': None, 'enable_dhcp': True, 'ipv6_ra_mode': None, 'ipv6_address_mode': None, 'gateway_ip': '192.168.128.1', 'cidr': '192.168.128.0/28', 'allocation_pools': [{'start': '192.168.128.2', 'end': '192.168.128.14'}], 'host_routes': [], 'dns_nameservers': [], 'description': '', 'router:external': False, 'service_types': [], 'tags': [], 'created_at': '2025-05-13T14:26:13Z', 'updated_at': '2025-05-13T14:26:13Z', 'revision_number': 0, 'project_id': '42d7fb39402c41a4acc8a437f54f225d'}, Router: {'id': '93a6ee2a-ba35-4216-bbdd-5b528a169dc9', 'name': 'tempest-SecurityGroupsNegativeTestJSON-1030041293-router', 'tenant_id': '42d7fb39402c41a4acc8a437f54f225d', 'admin_state_up': True, 'status': 'ACTIVE', 'external_gateway_info': {'network_id': '883aeaf5-15fa-44f5-a9f4-877a6f251fff', 'external_fixed_ips': [{'subnet_id': '6284358a-c0db-4027-ba0b-8a6bee251c26', 'ip_address': '10.180.180.196'}], 'enable_snat': True}, 'description': '', 'availability_zones': [], 'distributed': False, 'ha': False, 'availability_zone_hints': [], 'routes': [], 'flavor_id': None, 'tags': [], 'created_at': '2025-05-13T14:26:14Z', 'updated_at': '2025-05-13T14:26:15Z', 'revision_number': 2, 'project_id': '42d7fb39402c41a4acc8a437f54f225d'}
2025-05-13 14:26:17.536 70523 INFO tempest.lib.common.rest_client [req-e95c3fb2-c875-4482-aed4-30560c324bfe req-e95c3fb2-c875-4482-aed4-30560c324bfe ] Request (SecurityGroupsNegativeTestJSON:setUpClass): 201 POST http://10.180.1.21/identity/v3/auth/tokens 0.078s
2025-05-13 14:26:17.675 70569 INFO tempest.lib.common.rest_client [req-2ed36b7d-1d23-4c79-afb6-730e9fc05045 req-2ed36b7d-1d23-4c79-afb6-730e9fc05045 ] Request (FlavorsAccessTestJSON:tearDownClass): 200 GET http://10.180.1.21:9696/networking/v2.0/security-groups?tenant_id=00840e8ec939457baec58280fedaba9c&name=default 0.503s
2025-05-13 14:26:17.715 70561 INFO tempest.lib.common.rest_client [req-8b125580-69ad-468d-b8dc-246e7ec3f811 req-8b125580-69ad-468d-b8dc-246e7ec3f811 ] Request (VolumesAdminNegativeTest:test_update_attached_volume_with_nonexistent_volume_in_body): 200 GET http://10.180.1.21/compute/v2.1/servers/aad29946-4f6b-4a9b-83f0-6177bcc62dfa 3.275s
2025-05-13 14:26:17.723 70561 INFO tempest.common.waiters [-] State transition "BUILD/networking" ==> "BUILD/spawning" after 8 second wait
2025-05-13 14:26:17.760 70569 INFO tempest.lib.common.rest_client [req-e95dfea6-de88-4b4f-a6bc-3d88fc0bc00c req-e95dfea6-de88-4b4f-a6bc-3d88fc0bc00c ] Request (FlavorsAccessTestJSON:tearDownClass): 204 DELETE http://10.180.1.21:9696/networking/v2.0/security-groups/ac962a18-2f1f-47ca-92e9-7ebd611ccede 0.085s
2025-05-13 14:26:17.850 70557 INFO tempest.lib.common.rest_client [req-e6a6d8a2-d924-4bbe-b128-764942635796 req-e6a6d8a2-d924-4bbe-b128-764942635796 ] Request (ServersTestJSON:setUpClass): 200 GET http://10.180.1.21/compute/v2.1/servers/41c9a79a-e246-4818-8339-fbaaa9fea305 3.402s
2025-05-13 14:26:17.868 70569 INFO tempest.lib.common.rest_client [req-d8ed9615-46b2-45d4-bd58-9c3eee5b788b req-d8ed9615-46b2-45d4-bd58-9c3eee5b788b ] Request (FlavorsAccessTestJSON:tearDownClass): 204 DELETE http://10.180.1.21/identity/v3/projects/00840e8ec939457baec58280fedaba9c 0.107s
2025-05-13 14:26:17.868 70569 INFO tempest.lib.common.dynamic_creds [-] Deleting project and security group for project: 1c5d20c62bc14f9199b07bd3a44ffd19
2025-05-13 14:26:17.976 70549 INFO tempest.lib.common.rest_client [req-a49437a1-cd0d-4359-96b9-c13bf3b9651d req-a49437a1-cd0d-4359-96b9-c13bf3b9651d ] Request (SecurityGroupRulesTestJSON:test_security_group_rules_create_with_optional_group_id): 200 POST http://10.180.1.21/compute/v2.1/os-security-groups 3.470s
2025-05-13 14:26:17.979 70569 INFO tempest.lib.common.rest_client [req-e24d4a20-db96-43f6-9532-d275f86c4392 req-e24d4a20-db96-43f6-9532-d275f86c4392 ] Request (FlavorsAccessTestJSON:tearDownClass): 200 GET http://10.180.1.21:9696/networking/v2.0/security-groups?tenant_id=1c5d20c62bc14f9199b07bd3a44ffd19&name=default 0.111s
2025-05-13 14:26:17.982 70553 INFO tempest.lib.common.rest_client [req-dfed64f1-74ea-4c6b-9cee-02648aff0983 req-dfed64f1-74ea-4c6b-9cee-02648aff0983 ] Request (ServersTestMultiNic:test_verify_duplicate_network_nics): 202 POST http://10.180.1.21/compute/v2.1/servers 3.714s
2025-05-13 14:26:18.001 70574 INFO tempest.lib.common.rest_client [req-cf18e37f-fdc6-4963-89eb-b415a4c37959 req-cf18e37f-fdc6-4963-89eb-b415a4c37959 ] Request (FlavorsExtraSpecsNegativeTestJSON:tearDownClass): 202 DELETE http://10.180.1.21/compute/v2.1/flavors/1492668359 3.491s
2025-05-13 14:26:18.033 70535 INFO tempest.lib.common.rest_client [req-d889c5d7-3000-45da-ace1-8f9dc12f54ca req-d889c5d7-3000-45da-ace1-8f9dc12f54ca ] Request (AttachInterfacesTestJSON:test_create_list_show_delete_interfaces_by_fixed_ip): 200 GET http://10.180.1.21/compute/v2.1/servers/49ce5d94-ce4e-457b-a34c-54bd5dfcc242 3.335s
2025-05-13 14:26:18.064 70569 INFO tempest.lib.common.rest_client [req-a355bdaf-62cc-4c21-92b2-4f3341bc067c req-a355bdaf-62cc-4c21-92b2-4f3341bc067c ] Request (FlavorsAccessTestJSON:tearDownClass): 204 DELETE http://10.180.1.21:9696/networking/v2.0/security-groups/be8163c5-b263-4df2-9420-431080c9cbce 0.084s
2025-05-13 14:26:18.150 70531 INFO tempest.lib.common.rest_client [req-fecf4b37-2b7d-4820-bbc7-fb5cad3cc3ff req-fecf4b37-2b7d-4820-bbc7-fb5cad3cc3ff ] Request (QuotasAdminNegativeTest:test_create_server_when_memory_quota_is_full): 200 GET http://10.180.1.21/compute/v2.1/os-quota-sets/8e252ed91dd54d259d66c5c8943eec00 3.436s
2025-05-13 14:26:18.182 70569 INFO tempest.lib.common.rest_client [req-57eb5f59-235f-433d-b283-d04876ea6f64 req-57eb5f59-235f-433d-b283-d04876ea6f64 ] Request (FlavorsAccessTestJSON:tearDownClass): 204 DELETE http://10.180.1.21/identity/v3/projects/1c5d20c62bc14f9199b07bd3a44ffd19 0.117s
2025-05-13 14:26:18.226 70543 INFO tempest.lib.common.rest_client [req-f5b7b788-33c7-47d8-8aa3-2d48b761ad11 req-f5b7b788-33c7-47d8-8aa3-2d48b761ad11 ] Request (MigrationsAdminTest:test_list_migrations_in_flavor_resize_situation): 200 GET http://10.180.1.21/compute/v2.1/servers/da1de6c7-ec10-47d2-a8a9-8572cd4162f5 2.760s
2025-05-13 14:26:18.274 70569 INFO tempest.lib.common.rest_client [req-964ee315-2541-4040-981a-ae646255bad2 req-964ee315-2541-4040-981a-ae646255bad2 ] Request (ServersAdminTestJSON:setUpClass): 201 POST http://10.180.1.21/identity/v3/auth/tokens 0.086s
2025-05-13 14:26:18.282 70513 INFO tempest.lib.common.rest_client [req-d4129316-38a9-434b-aa68-7965c6cc18f3 req-d4129316-38a9-434b-aa68-7965c6cc18f3 ] Request (ServerTagsTestJSON:setUpClass): 200 GET http://10.180.1.21/compute/v2.1/servers/6440cc57-4bc9-4c89-941e-f16b6bf04dc3 2.586s
2025-05-13 14:26:18.309 70569 INFO tempest.lib.common.rest_client [req-29d16826-9ac2-47fb-a7f7-d07462ecb2df req-29d16826-9ac2-47fb-a7f7-d07462ecb2df ] Request (ServersAdminTestJSON:setUpClass): 201 POST http://10.180.1.21/identity/v3/auth/tokens 0.032s
2025-05-13 14:26:18.330 70569 INFO tempest.lib.common.rest_client [req-e6106e08-6c77-4875-bd79-f2463e88cde0 req-e6106e08-6c77-4875-bd79-f2463e88cde0 ] Request (ServersAdminTestJSON:setUpClass): 200 GET http://10.180.1.21/identity/v3/domains?name=Default 0.021s
2025-05-13 14:26:18.368 70569 INFO tempest.lib.common.rest_client [req-d4ae75d3-62d6-4b62-9d27-4dad1bc399a3 req-d4ae75d3-62d6-4b62-9d27-4dad1bc399a3 ] Request (ServersAdminTestJSON:setUpClass): 201 POST http://10.180.1.21/identity/v3/projects 0.037s
2025-05-13 14:26:18.431 70569 INFO tempest.lib.common.rest_client [req-a3cd29dd-7bed-4c30-851a-a4a3c9104077 req-a3cd29dd-7bed-4c30-851a-a4a3c9104077 ] Request (ServersAdminTestJSON:setUpClass): 201 POST http://10.180.1.21/identity/v3/users 0.062s
2025-05-13 14:26:18.461 70569 INFO tempest.lib.common.rest_client [req-f3dbbced-b37f-411c-a16f-d32b0c228838 req-f3dbbced-b37f-411c-a16f-d32b0c228838 ] Request (ServersAdminTestJSON:setUpClass): 200 GET http://10.180.1.21/identity/v3/roles 0.030s
2025-05-13 14:26:18.491 70569 INFO tempest.lib.common.rest_client [req-d829a480-94fc-4a4a-a7b0-daa87ca95fa9 req-d829a480-94fc-4a4a-a7b0-daa87ca95fa9 ] Request (ServersAdminTestJSON:setUpClass): 204 PUT http://10.180.1.21/identity/v3/projects/5468c1b0ae3e473cb6a330efa6052f2e/users/3a1ce60964794ffc95534347e3c0792d/roles/d15340df8b5d4d59b632964c0e8cf997 0.029s
2025-05-13 14:26:18.491 70569 INFO tempest.lib.common.dynamic_creds [-] Dynamic test user 3a1ce60964794ffc95534347e3c0792d is created with scope project and roles: ['member']
2025-05-13 14:26:18.491 70569 INFO tempest.lib.common.dynamic_creds [-] Acquired dynamic creds: credentials: Credentials: {'domain_id': 'default', 'domain_name': 'Default', 'username': 'tempest-ServersAdminTestJSON-956914121-project-member', 'project_domain_id': 'default', 'project_domain_name': 'Default', 'project_id': '5468c1b0ae3e473cb6a330efa6052f2e', 'project_name': 'tempest-ServersAdminTestJSON-956914121', 'tenant_id': '5468c1b0ae3e473cb6a330efa6052f2e', 'tenant_name': 'tempest-ServersAdminTestJSON-956914121', 'user_domain_id': 'default', 'user_domain_name': 'Default', 'user_id': '3a1ce60964794ffc95534347e3c0792d', 'system': None}, Network: None, Subnet: None, Router: None
2025-05-13 14:26:18.536 70517 INFO tempest.lib.common.rest_client [req-5504c2d2-a973-45ce-8dca-24f8d6aa46f6 req-5504c2d2-a973-45ce-8dca-24f8d6aa46f6 ] Request (VolumesAssistedSnapshotsTest:test_volume_assisted_snapshot_create_delete): 202 POST http://10.180.1.21/compute/v2.1/servers 3.666s
2025-05-13 14:26:18.562 70569 INFO tempest.lib.common.rest_client [req-225cb45c-d8f8-4270-8b07-f86ba3e98184 req-225cb45c-d8f8-4270-8b07-f86ba3e98184 ] Request (ServersAdminTestJSON:setUpClass): 201 POST http://10.180.1.21/identity/v3/auth/tokens 0.070s
2025-05-13 14:26:18.576 70563 INFO tempest.lib.common.rest_client [req-c14e5817-42ae-4371-8710-80d1038fd592 req-c14e5817-42ae-4371-8710-80d1038fd592 ] Request (FloatingIPsNegativeTestJSON:test_allocate_floating_ip_from_nonexistent_pool): 404 POST http://10.180.1.21/compute/v2.1/os-floating-ips 2.688s
2025-05-13 14:26:18.669 70559 INFO tempest.lib.common.rest_client [req-2429396d-7cad-4627-a0c3-5b900da88e15 req-2429396d-7cad-4627-a0c3-5b900da88e15 ] Request (ServerDiagnosticsNegativeTest:test_get_server_diagnostics_by_non_admin): 202 POST http://10.180.1.21/compute/v2.1/servers 2.815s
2025-05-13 14:26:18.675 70529 INFO tempest.lib.common.rest_client [req-c1072bb0-e9e3-4f04-bba6-1e7d8087fc08 req-c1072bb0-e9e3-4f04-bba6-1e7d8087fc08 ] Request (MultipleCreateNegativeTestJSON:test_max_count_non_integer): 400 POST http://10.180.1.21/compute/v2.1/servers 2.616s
2025-05-13 14:26:18.743 70551 INFO tempest.lib.common.rest_client [req-9ec3a3a7-43d8-4f79-a235-a1c8ce04d865 req-9ec3a3a7-43d8-4f79-a235-a1c8ce04d865 ] Request (HostsAdminNegativeTestJSON:test_list_hosts_with_non_admin_user): 403 GET http://10.180.1.21/compute/v2.1/os-hosts 2.759s
2025-05-13 14:26:18.757 70541 INFO tempest.lib.common.rest_client [req-4eef20ac-dfa7-425a-968b-022931c924bf req-4eef20ac-dfa7-425a-968b-022931c924bf ] Request (HypervisorAdminNegativeUnderV252Test:test_search_nonexistent_hypervisor): 404 GET http://10.180.1.21/compute/v2.1/os-hypervisors/nonexistent_hypervisor_name/search 2.618s
2025-05-13 14:26:18.772 70529 INFO tempest.lib.common.rest_client [req-e4b6f9f8-3dfd-4bad-aa16-99bef7421ef3 req-e4b6f9f8-3dfd-4bad-aa16-99bef7421ef3 ] Request (MultipleCreateNegativeTestJSON:test_min_count_less_than_one): 201 POST http://10.180.1.21/identity/v3/auth/tokens 0.091s
2025-05-13 14:26:18.772 70529 INFO tempest.lib.common.fixed_network [-] (MultipleCreateNegativeTestJSON:test_min_count_less_than_one) Found network None available for tenant
2025-05-13 14:26:18.775 70545 INFO tempest.lib.common.rest_client [req-71d22859-836b-4840-ad80-cf6d2d48ce16 req-71d22859-836b-4840-ad80-cf6d2d48ce16 ] Request (ServersWithSpecificFlavorTestJSON:test_verify_created_server_ephemeral_disk): 200 GET http://10.180.1.21/compute/v2.1/servers/2cb12a8d-74ee-4fe0-92fd-8c2adbc3becc 2.704s
2025-05-13 14:26:18.798 70567 INFO tempest.lib.common.rest_client [req-e3e72e9e-4bf9-4707-aa7f-270c54928229 req-e3e72e9e-4bf9-4707-aa7f-270c54928229 ] Request (AggregatesAdminNegativeTestJSON:test_aggregate_add_non_exist_host): 404 POST http://10.180.1.21/compute/v2.1/os-aggregates/3/action 2.326s
2025-05-13 14:26:18.826 70537 INFO tempest.lib.common.rest_client [req-ed88bb51-f6b6-4f26-b8e8-6e074510286e req-ed88bb51-f6b6-4f26-b8e8-6e074510286e ] Request (FlavorsExtraSpecsTestJSON:tearDownClass): 202 DELETE http://10.180.1.21/compute/v2.1/flavors/1090221595 2.191s
2025-05-13 14:26:18.845 70525 INFO tempest.lib.common.rest_client [req-3db03355-a920-4c87-8bcc-398cf6ad307b req-3db03355-a920-4c87-8bcc-398cf6ad307b ] Request (FlavorsAdminTestJSON:test_is_public_string_variations): 200 POST http://10.180.1.21/compute/v2.1/flavors 2.138s
2025-05-13 14:26:18.852 70547 INFO tempest.lib.common.rest_client [req-3ef6502a-2eb9-4a10-bfe5-c69248bfe91d req-3ef6502a-2eb9-4a10-bfe5-c69248bfe91d ] Request (ListImagesTestJSON:test_list_images): 200 GET http://10.180.1.21/compute/v2.1/images 2.229s
2025-05-13 14:26:18.861 70515 INFO tempest.lib.common.rest_client [req-ded006e9-c082-4fc5-9e14-d2eaded4df37 req-ded006e9-c082-4fc5-9e14-d2eaded4df37 ] Request (FlavorsV2TestJSON:test_list_flavors_detailed_using_marker): 200 GET http://10.180.1.21/compute/v2.1/flavors/42 2.129s
2025-05-13 14:26:18.908 70569 INFO tempest.lib.common.rest_client [req-311ae27d-d721-4540-a8a7-614b7aac0a89 req-311ae27d-d721-4540-a8a7-614b7aac0a89 ] Request (ServersAdminTestJSON:setUpClass): 201 POST http://10.180.1.21:9696/networking/v2.0/networks 0.346s
2025-05-13 14:26:18.996 70533 INFO tempest.lib.common.rest_client [req-f09bf8cd-7a0d-4c62-9915-0b23dcf7bef3 req-f09bf8cd-7a0d-4c62-9915-0b23dcf7bef3 ] Request (QuotasAdminTestJSON:test_get_updated_quotas): 200 PUT http://10.180.1.21/compute/v2.1/os-quota-sets/7cc2bb807d4649599851717e5d968067 1.675s
2025-05-13 14:26:19.081 70569 INFO tempest.lib.common.rest_client [req-8abadaaf-c396-418d-ae02-cbb5b138b363 req-8abadaaf-c396-418d-ae02-cbb5b138b363 ] Request (ServersAdminTestJSON:setUpClass): 201 POST http://10.180.1.21:9696/networking/v2.0/subnets 0.172s
2025-05-13 14:26:19.086 70571 INFO tempest.lib.common.rest_client [req-99a6c9f9-dd64-4263-9b14-f1fafadfce23 req-99a6c9f9-dd64-4263-9b14-f1fafadfce23 ] Request (ImagesMetadataTestJSON:setUp): 200 PUT http://10.180.1.21/compute/v2.1/images/f3a0d514-43f3-4a0b-ae08-01cf08b18f38/metadata 1.662s
2025-05-13 14:26:19.142 70519 INFO tempest.lib.common.rest_client [req-05be1f8d-e2ea-430b-88c2-1931832a6c8f req-05be1f8d-e2ea-430b-88c2-1931832a6c8f ] Request (TenantUsagesTestJSON:setUpClass): 200 GET http://10.180.1.21/compute/v2.1/servers/bfb7906e-20b8-4878-9777-c5fd3ff65c22 1.687s
2025-05-13 14:26:19.211 70511 INFO tempest.lib.common.rest_client [req-f13cb1f3-fc6b-4f3d-9b7b-435113185907 req-f13cb1f3-fc6b-4f3d-9b7b-435113185907 ] Request (KeyPairsV2TestJSON:test_get_keypair_detail): 200 POST http://10.180.1.21/compute/v2.1/os-keypairs 1.753s
2025-05-13 14:26:19.272 70523 INFO tempest.lib.common.rest_client [req-11371e0f-7544-44c9-b049-e5b1f56037f8 req-11371e0f-7544-44c9-b049-e5b1f56037f8 ] Request (SecurityGroupsNegativeTestJSON:test_delete_nonexistent_security_group): 404 DELETE http://10.180.1.21/compute/v2.1/os-security-groups/a99ee304-ee88-49bc-a10a-0c1434c4e0a8 1.735s
2025-05-13 14:26:19.463 70540 INFO tempest.lib.common.rest_client [req-2052f08a-c4c2-47ce-8413-0ea8bdacc0f2 req-2052f08a-c4c2-47ce-8413-0ea8bdacc0f2 ] Request (ServersAdminNegativeTestJSON:setUpClass): 200 GET http://10.180.1.21/compute/v2.1/servers/63d61011-bbbe-4645-b993-9a9c8e8ca075 1.503s
2025-05-13 14:26:19.542 70553 INFO tempest.lib.common.rest_client [req-a7d2186b-456f-44b6-ace4-8fc77ff85d9c req-a7d2186b-456f-44b6-ace4-8fc77ff85d9c ] Request (ServersTestMultiNic:test_verify_duplicate_network_nics): 200 GET http://10.180.1.21/compute/v2.1/servers/89d1a6bb-1542-46d9-832f-d0ac2867492f 1.558s
2025-05-13 14:26:19.573 70574 INFO tempest.lib.common.rest_client [req-43837f45-5a73-4419-abab-d3f91f599da6 req-43837f45-5a73-4419-abab-d3f91f599da6 ] Request (FlavorsExtraSpecsNegativeTestJSON:tearDownClass): 200 GET http://10.180.1.21/compute/v2.1/flavors/detail 1.572s
2025-05-13 14:26:19.689 70549 INFO tempest.lib.common.rest_client [req-3ac85a0e-0fd1-4c09-a944-09187cf1c1df req-3ac85a0e-0fd1-4c09-a944-09187cf1c1df ] Request (SecurityGroupRulesTestJSON:test_security_group_rules_create_with_optional_group_id): 200 POST http://10.180.1.21/compute/v2.1/os-security-group-rules 1.711s
2025-05-13 14:26:19.692 70549 WARNING tempest.lib.common.rest_client [-] Deprecated: "tenant_id" property is deprecated for removal, use "project_id" instead
2025-05-13 14:26:19.742 70574 INFO tempest.lib.common.rest_client [req-6b5dc840-6313-478b-b19b-518facd689a2 req-6b5dc840-6313-478b-b19b-518facd689a2 ] Request (FlavorsExtraSpecsNegativeTestJSON:tearDownClass): 204 DELETE http://10.180.1.21/identity/v3/users/a1ae839ce50c49f29ee7f13424309320 0.162s
2025-05-13 14:26:19.746 70565 INFO tempest.lib.common.rest_client [req-7e595abf-0a96-4501-835c-c5d1b7c64b0d req-7e595abf-0a96-4501-835c-c5d1b7c64b0d ] Request (ServersAdmin275Test:test_rebuild_update_server_275): 200 GET http://10.180.1.21/compute/v2.1/servers/d23cb796-1de4-4706-8d28-a50c7da8f5e0 1.635s
2025-05-13 14:26:19.757 70565 INFO tempest.common.waiters [-] State transition "REBUILD/rebuild_block_device_mapping" ==> "REBUILD/rebuild_spawning" after 2 second wait
2025-05-13 14:26:19.881 70574 INFO tempest.lib.common.rest_client [req-d87f45da-0ac4-414a-a8a4-46014a24e838 req-d87f45da-0ac4-414a-a8a4-46014a24e838 ] Request (FlavorsExtraSpecsNegativeTestJSON:tearDownClass): 204 DELETE http://10.180.1.21/identity/v3/users/f45fb527915c45ee8d44dbec57e18343 0.139s
2025-05-13 14:26:19.882 70574 INFO tempest.lib.common.dynamic_creds [-] Deleting project and security group for project: 7de14bb16c6e49b192f8c7419ed84fc6
2025-05-13 14:26:19.926 70521 INFO tempest.lib.common.rest_client [req-24a72a01-3aa0-4366-a81c-1c015a836f2c req-24a72a01-3aa0-4366-a81c-1c015a836f2c ] Request (DeleteServersAdminTestJSON:test_admin_delete_servers_of_others): 200 GET http://10.180.1.21/compute/v2.1/servers/7c36cb21-afb4-4ee6-8d04-56e383e01860 1.535s
2025-05-13 14:26:19.949 70574 INFO tempest.lib.common.rest_client [req-c3eb6a63-a765-4416-acf7-effe750b2314 req-c3eb6a63-a765-4416-acf7-effe750b2314 ] Request (FlavorsExtraSpecsNegativeTestJSON:tearDownClass): 201 POST http://10.180.1.21/identity/v3/auth/tokens 0.067s
2025-05-13 14:26:19.981 70531 INFO tempest.lib.common.rest_client [req-a84e406b-150a-44e6-bb0f-6e5c047fe6e1 req-a84e406b-150a-44e6-bb0f-6e5c047fe6e1 ] Request (QuotasAdminNegativeTest:test_create_server_when_memory_quota_is_full): 200 PUT http://10.180.1.21/compute/v2.1/os-quota-sets/8e252ed91dd54d259d66c5c8943eec00 1.829s
2025-05-13 14:26:20.026 70563 INFO tempest.lib.common.rest_client [req-f7fd9fe5-873f-44ab-801b-6c7c46f5b811 req-f7fd9fe5-873f-44ab-801b-6c7c46f5b811 ] Request (FloatingIPsNegativeTestJSON:test_delete_nonexistent_floating_ip): 404 DELETE http://10.180.1.21/compute/v2.1/os-floating-ips/b994a430-b978-4568-bc92-48655941d513 1.446s
2025-05-13 14:26:20.037 70517 INFO tempest.lib.common.rest_client [req-ed899de5-7ea5-425a-9c1c-22951c372a3b req-ed899de5-7ea5-425a-9c1c-22951c372a3b ] Request (VolumesAssistedSnapshotsTest:test_volume_assisted_snapshot_create_delete): 200 GET http://10.180.1.21/compute/v2.1/servers/7f014d2a-1340-4715-8ab0-42df2c7d9f36 1.499s
2025-05-13 14:26:20.067 70569 INFO tempest.lib.common.rest_client [req-3daf59e9-138e-46e6-a4fc-5af6cb6a3d5c req-3daf59e9-138e-46e6-a4fc-5af6cb6a3d5c ] Request (ServersAdminTestJSON:setUpClass): 201 POST http://10.180.1.21:9696/networking/v2.0/routers 0.986s
2025-05-13 14:26:20.069 70531 INFO tempest.lib.common.rest_client [req-4316a809-3397-4e34-876b-41d21182dfdf req-4316a809-3397-4e34-876b-41d21182dfdf ] Request (QuotasAdminNegativeTest:test_create_server_when_memory_quota_is_full): 201 POST http://10.180.1.21/identity/v3/auth/tokens 0.079s
2025-05-13 14:26:20.070 70531 INFO tempest.lib.common.fixed_network [-] (QuotasAdminNegativeTest:test_create_server_when_memory_quota_is_full) Found network None available for tenant
2025-05-13 14:26:20.166 70559 INFO tempest.lib.common.rest_client [req-b9e3ba59-b6e7-4361-a8d5-cc27fc31f1f4 req-b9e3ba59-b6e7-4361-a8d5-cc27fc31f1f4 ] Request (ServerDiagnosticsNegativeTest:test_get_server_diagnostics_by_non_admin): 200 GET http://10.180.1.21/compute/v2.1/servers/ff21eb77-97b5-450a-baff-063059c2efe1 1.495s
2025-05-13 14:26:20.172 70551 INFO tempest.lib.common.rest_client [req-8bb63a77-f177-4131-a502-accaa12f751f req-8bb63a77-f177-4131-a502-accaa12f751f ] Request (HostsAdminNegativeTestJSON:test_reboot_host_with_non_admin_user): 403 GET http://10.180.1.21/compute/v2.1/os-hosts/devstack/reboot 1.425s
2025-05-13 14:26:20.199 70541 INFO tempest.lib.common.rest_client [req-cf55ef55-58c8-49ee-9714-0f49635e6435 req-cf55ef55-58c8-49ee-9714-0f49635e6435 ] Request (HypervisorAdminNegativeUnderV252Test:test_show_servers_with_non_admin_user): 200 GET http://10.180.1.21/compute/v2.1/os-hypervisors 1.440s
2025-05-13 14:26:20.205 70529 INFO tempest.lib.common.rest_client [req-04bf8e08-5d6c-4ee0-b438-64f8475723b8 req-04bf8e08-5d6c-4ee0-b438-64f8475723b8 ] Request (MultipleCreateNegativeTestJSON:test_min_count_less_than_one): 400 POST http://10.180.1.21/compute/v2.1/servers 1.432s
2025-05-13 14:26:20.235 70567 INFO tempest.lib.common.rest_client [req-74663dac-0c85-4f34-a487-b835ba0b6d24 req-74663dac-0c85-4f34-a487-b835ba0b6d24 ] Request (AggregatesAdminNegativeTestJSON:_run_cleanups): 200 DELETE http://10.180.1.21/compute/v2.1/os-aggregates/3 1.436s
2025-05-13 14:26:20.260 70537 INFO tempest.lib.common.rest_client [req-4a9b7a35-e76c-4033-a3d9-967d4f7e0309 req-4a9b7a35-e76c-4033-a3d9-967d4f7e0309 ] Request (FlavorsExtraSpecsTestJSON:tearDownClass): 200 GET http://10.180.1.21/compute/v2.1/flavors/detail 1.434s
2025-05-13 14:26:20.278 70525 INFO tempest.lib.common.rest_client [req-b05b77b7-5b76-4749-9ead-061540b70a81 req-b05b77b7-5b76-4749-9ead-061540b70a81 ] Request (FlavorsAdminTestJSON:test_is_public_string_variations): 200 GET http://10.180.1.21/compute/v2.1/flavors/detail?is_public=f 1.429s
2025-05-13 14:26:20.302 70561 INFO tempest.lib.common.rest_client [req-4ae97510-2dd7-460b-b702-d911f1be8afe req-4ae97510-2dd7-460b-b702-d911f1be8afe ] Request (VolumesAdminNegativeTest:test_update_attached_volume_with_nonexistent_volume_in_body): 200 GET http://10.180.1.21/compute/v2.1/servers/aad29946-4f6b-4a9b-83f0-6177bcc62dfa 1.578s
2025-05-13 14:26:20.321 70529 INFO tempest.lib.common.rest_client [req-53ea6c0c-111f-4af9-a6b0-e4bf5e321465 req-53ea6c0c-111f-4af9-a6b0-e4bf5e321465 ] Request (MultipleCreateNegativeTestJSON:test_min_count_non_integer): 201 POST http://10.180.1.21/identity/v3/auth/tokens 0.108s
2025-05-13 14:26:20.322 70529 INFO tempest.lib.common.fixed_network [-] (MultipleCreateNegativeTestJSON:test_min_count_non_integer) Found network None available for tenant
2025-05-13 14:26:20.351 70547 INFO tempest.lib.common.rest_client [req-52501b51-4586-4742-a4a8-db86a7d41f31 req-52501b51-4586-4742-a4a8-db86a7d41f31 ] Request (ListImagesTestJSON:test_list_images_with_detail): 200 GET http://10.180.1.21/compute/v2.1/images/detail 1.494s
2025-05-13 14:26:20.389 70537 INFO tempest.lib.common.rest_client [req-dd782f5e-2a26-409c-8321-8e3f19a1760b req-dd782f5e-2a26-409c-8321-8e3f19a1760b ] Request (FlavorsExtraSpecsTestJSON:tearDownClass): 204 DELETE http://10.180.1.21/identity/v3/users/2928dc5caea74c33b9696dedaf5389cb 0.120s
2025-05-13 14:26:20.390 70515 INFO tempest.lib.common.rest_client [req-f9ed3f94-f518-4156-8d98-42e09f6b092f req-f9ed3f94-f518-4156-8d98-42e09f6b092f ] Request (FlavorsV2TestJSON:test_list_flavors_detailed_using_marker): 200 GET http://10.180.1.21/compute/v2.1/flavors/detail?marker=42 1.527s
2025-05-13 14:26:20.462 70547 INFO tempest.lib.common.rest_client [req-b2259bb9-06ef-4719-9436-fa2b5b68c4b4 req-b2259bb9-06ef-4719-9436-fa2b5b68c4b4 ] Request (ListImagesTestJSON:tearDownClass): 204 DELETE http://10.180.1.21/identity/v3/users/68219463dc53460295766608ee108837 0.105s
2025-05-13 14:26:20.462 70547 INFO tempest.lib.common.dynamic_creds [-] Deleting project and security group for project: 9c876bed17f44e96acaf49c677474bf1
2025-05-13 14:26:20.488 70537 INFO tempest.lib.common.rest_client [req-0f312789-abf1-4606-a73f-98396fc573b6 req-0f312789-abf1-4606-a73f-98396fc573b6 ] Request (FlavorsExtraSpecsTestJSON:tearDownClass): 204 DELETE http://10.180.1.21/identity/v3/users/11f77237895a48ce8fe6ce62d62eccf5 0.099s
2025-05-13 14:26:20.488 70537 INFO tempest.lib.common.dynamic_creds [-] Deleting project and security group for project: 17c9157565544f5eb58f4c95f7489c24
2025-05-13 14:26:20.489 70574 INFO tempest.lib.common.rest_client [req-b95a6697-ce1b-48e9-abe1-d3072f75c0e8 req-b95a6697-ce1b-48e9-abe1-d3072f75c0e8 ] Request (FlavorsExtraSpecsNegativeTestJSON:tearDownClass): 200 GET http://10.180.1.21:9696/networking/v2.0/security-groups?tenant_id=7de14bb16c6e49b192f8c7419ed84fc6&name=default 0.540s
2025-05-13 14:26:20.529 70547 INFO tempest.lib.common.rest_client [req-aab3cd4c-f0bc-42d9-bde3-c10b0b7cf9c0 req-aab3cd4c-f0bc-42d9-bde3-c10b0b7cf9c0 ] Request (ListImagesTestJSON:tearDownClass): 201 POST http://10.180.1.21/identity/v3/auth/tokens 0.067s
2025-05-13 14:26:20.553 70557 INFO tempest.lib.common.rest_client [req-e1466614-754c-4480-bc01-f138ade2b633 req-e1466614-754c-4480-bc01-f138ade2b633 ] Request (ServersTestJSON:setUpClass): 200 GET http://10.180.1.21/compute/v2.1/servers/41c9a79a-e246-4818-8339-fbaaa9fea305 1.695s
2025-05-13 14:26:20.558 70537 INFO tempest.lib.common.rest_client [req-f142be21-1526-47b2-b0f3-4aa34f294efa req-f142be21-1526-47b2-b0f3-4aa34f294efa ] Request (FlavorsExtraSpecsTestJSON:tearDownClass): 201 POST http://10.180.1.21/identity/v3/auth/tokens 0.070s
2025-05-13 14:26:20.640 70533 INFO tempest.lib.common.rest_client [req-6ba07e49-b17c-43b4-8887-b487be3137d8 req-6ba07e49-b17c-43b4-8887-b487be3137d8 ] Request (QuotasAdminTestJSON:test_get_updated_quotas): 200 GET http://10.180.1.21/compute/v2.1/os-quota-sets/7cc2bb807d4649599851717e5d968067/detail 1.641s
2025-05-13 14:26:20.675 70533 INFO tempest.lib.common.rest_client [req-ff4ea616-62c4-4a75-9849-a1566bcf2a25 req-ff4ea616-62c4-4a75-9849-a1566bcf2a25 ] Request (QuotasAdminTestJSON:test_get_updated_quotas): 200 GET http://10.180.1.21/identity/v3/domains?name=Default 0.027s
2025-05-13 14:26:20.687 70571 INFO tempest.lib.common.rest_client [req-aed58680-7159-4046-a0eb-e4e6b1c7fb02 req-aed58680-7159-4046-a0eb-e4e6b1c7fb02 ] Request (ImagesMetadataTestJSON:test_get_image_metadata_item): 200 GET http://10.180.1.21/compute/v2.1/images/f3a0d514-43f3-4a0b-ae08-01cf08b18f38/metadata/os_distro 1.600s
2025-05-13 14:26:20.713 70574 INFO tempest.lib.common.rest_client [req-9c169a5a-6931-4c87-acb6-4b880d96bd9f req-9c169a5a-6931-4c87-acb6-4b880d96bd9f ] Request (FlavorsExtraSpecsNegativeTestJSON:tearDownClass): 204 DELETE http://10.180.1.21:9696/networking/v2.0/security-groups/3af294eb-45d7-4abb-bf3c-fc1549e161ad 0.223s
2025-05-13 14:26:20.735 70533 INFO tempest.lib.common.rest_client [req-ef8b798a-9c91-4f95-806e-41f91613226a req-ef8b798a-9c91-4f95-806e-41f91613226a ] Request (QuotasAdminTestJSON:test_get_updated_quotas): 201 POST http://10.180.1.21/identity/v3/users 0.059s
2025-05-13 14:26:20.754 70511 INFO tempest.lib.common.rest_client [req-628796ce-baa0-4f10-96c4-0b5a9d7bf9ad req-628796ce-baa0-4f10-96c4-0b5a9d7bf9ad ] Request (KeyPairsV2TestJSON:test_get_keypair_detail): 200 GET http://10.180.1.21/compute/v2.1/os-keypairs/tempest-keypair-828475706 1.539s
2025-05-13 14:26:20.773 70535 INFO tempest.lib.common.rest_client [req-5023dd71-e017-46a7-acff-4919fad15392 req-5023dd71-e017-46a7-acff-4919fad15392 ] Request (AttachInterfacesTestJSON:test_create_list_show_delete_interfaces_by_fixed_ip): 200 GET http://10.180.1.21/compute/v2.1/servers/49ce5d94-ce4e-457b-a34c-54bd5dfcc242 1.730s
2025-05-13 14:26:20.778 70523 INFO tempest.lib.common.rest_client [req-d9e8e3f6-5c0b-46ca-9fa3-4858e38f606e req-d9e8e3f6-5c0b-46ca-9fa3-4858e38f606e ] Request (SecurityGroupsNegativeTestJSON:test_delete_security_group_without_passing_id): 404 DELETE http://10.180.1.21/compute/v2.1/os-security-groups/ 1.504s
2025-05-13 14:26:20.786 70533 INFO tempest.lib.common.rest_client [req-66635fe4-bc0b-4758-afcf-b4c916eed2da req-66635fe4-bc0b-4758-afcf-b4c916eed2da ] Request (QuotasAdminTestJSON:test_get_updated_quotas): 200 GET http://10.180.1.21/identity/v3/domains?name=Default 0.050s
2025-05-13 14:26:20.792 70535 INFO tempest.common.waiters [-] State transition "BUILD/None" ==> "BUILD/spawning" after 7 second wait
2025-05-13 14:26:20.839 70574 INFO tempest.lib.common.rest_client [req-a0889cc4-b9e5-4dc7-9dc4-dd64cda65a83 req-a0889cc4-b9e5-4dc7-9dc4-dd64cda65a83 ] Request (FlavorsExtraSpecsNegativeTestJSON:tearDownClass): 204 DELETE http://10.180.1.21/identity/v3/projects/7de14bb16c6e49b192f8c7419ed84fc6 0.125s
2025-05-13 14:26:20.839 70574 INFO tempest.lib.common.dynamic_creds [-] Deleting project and security group for project: 3812a65c635a444caa63e9f335d05012
2025-05-13 14:26:20.876 70543 INFO tempest.lib.common.rest_client [req-23917f1a-a18e-4547-95a6-c038b3bf57f2 req-23917f1a-a18e-4547-95a6-c038b3bf57f2 ] Request (MigrationsAdminTest:test_list_migrations_in_flavor_resize_situation): 200 GET http://10.180.1.21/compute/v2.1/servers/da1de6c7-ec10-47d2-a8a9-8572cd4162f5 1.639s
2025-05-13 14:26:20.879 70513 INFO tempest.lib.common.rest_client [req-6356f45c-be4e-4ec5-ad6c-8a9c40c709a1 req-6356f45c-be4e-4ec5-ad6c-8a9c40c709a1 ] Request (ServerTagsTestJSON:setUpClass): 200 GET http://10.180.1.21/compute/v2.1/servers/6440cc57-4bc9-4c89-941e-f16b6bf04dc3 1.586s
2025-05-13 14:26:20.884 70543 INFO tempest.common.waiters [-] State transition "BUILD/None" ==> "BUILD/networking" after 6 second wait
2025-05-13 14:26:20.887 70547 INFO tempest.lib.common.rest_client [req-46570780-9c79-470d-9daf-23923c7598d4 req-46570780-9c79-470d-9daf-23923c7598d4 ] Request (ListImagesTestJSON:tearDownClass): 200 GET http://10.180.1.21:9696/networking/v2.0/security-groups?tenant_id=9c876bed17f44e96acaf49c677474bf1&name=default 0.357s
2025-05-13 14:26:20.962 70545 INFO tempest.lib.common.rest_client [req-7bbe39e7-e96f-4237-bf88-a94a562b8d86 req-7bbe39e7-e96f-4237-bf88-a94a562b8d86 ] Request (ServersWithSpecificFlavorTestJSON:test_verify_created_server_ephemeral_disk): 200 GET http://10.180.1.21/compute/v2.1/servers/2cb12a8d-74ee-4fe0-92fd-8c2adbc3becc 1.176s
2025-05-13 14:26:20.980 70537 INFO tempest.lib.common.rest_client [req-95d5dd98-b8b2-4601-8b44-40cf2601c895 req-95d5dd98-b8b2-4601-8b44-40cf2601c895 ] Request (FlavorsExtraSpecsTestJSON:tearDownClass): 200 GET http://10.180.1.21:9696/networking/v2.0/security-groups?tenant_id=17c9157565544f5eb58f4c95f7489c24&name=default 0.421s
2025-05-13 14:26:21.087 70574 INFO tempest.lib.common.rest_client [req-c97b3f98-dc6c-4617-850c-1329626345d6 req-c97b3f98-dc6c-4617-850c-1329626345d6 ] Request (FlavorsExtraSpecsNegativeTestJSON:tearDownClass): 200 GET http://10.180.1.21:9696/networking/v2.0/security-groups?tenant_id=3812a65c635a444caa63e9f335d05012&name=default 0.247s
