2025-04-03 19:36:15.933 71043 INFO tempest.lib.common.rest_client [req-9b41a2a6-9c99-4273-b54d-488a0d60b1e5 req-9b41a2a6-9c99-4273-b54d-488a0d60b1e5 ] Request (ServerMetadataNegativeTestJSON:tearDownClass): 200 GET http://10.180.1.21/compute/v2.1/servers/6bfbfb8c-0944-41e5-9d2b-6edd03cedcf5 0.267s
2025-04-03 19:36:15.977 71007 INFO tempest.lib.common.rest_client [req-388e2db4-9884-49e7-852a-d4d94505c71c req-388e2db4-9884-49e7-852a-d4d94505c71c ] Request (ServerShowV247Test:test_update_rebuild_list_server): 200 GET http://10.180.1.21/compute/v2.1/servers/84f522d4-ee16-4b48-88a4-c45d75932a4a 0.252s
2025-04-03 19:36:15.990 71045 INFO tempest.lib.common.rest_client [req-600e064a-04e8-4153-8d06-a771971e9378 req-600e064a-04e8-4153-8d06-a771971e9378 ] Request (ImagesTestJSON:test_create_image_from_suspended_server): 200 GET http://10.180.1.21/compute/v2.1/servers/11c8e46a-fa8c-4081-b323-a21d6869c91e 0.231s
2025-04-03 19:36:16.028 71025 INFO tempest.lib.common.rest_client [req-a251f80c-81cf-4707-ba54-b6d5935ca539 req-a251f80c-81cf-4707-ba54-b6d5935ca539 ] Request (MigrationsAdminTest:test_resize_server_revert_deleted_flavor): 200 GET http://10.180.1.21/compute/v2.1/servers/efe01f7a-daad-4592-8e37-25c3ee91c54e 0.259s
2025-04-03 19:36:16.077 71055 INFO tempest.lib.common.rest_client [req-5bca4cc9-b199-4b14-9041-ae17f0f13ee3 req-5bca4cc9-b199-4b14-9041-ae17f0f13ee3 ] Request (ServersAdminTestJSON:test_inject_network_info): 200 GET http://10.180.1.21/compute/v2.1/servers/6896b86f-def0-43dd-b574-09837f1d1216 0.258s
2025-04-03 19:36:16.125 71057 INFO tempest.lib.common.rest_client [req-00a5c447-87fb-414a-b3f0-ebf0f85a76f1 req-00a5c447-87fb-414a-b3f0-ebf0f85a76f1 ] Request (ImagesOneServerTestJSON:setUpClass): 200 GET http://10.180.1.21/compute/v2.1/servers/f0f2b816-cd6d-4c0f-8615-73f1ca7bc00a 0.282s
2025-04-03 19:36:16.185 71003 INFO tempest.lib.common.rest_client [req-2556247d-d7b1-4dbc-8c82-0de545fb551e req-2556247d-d7b1-4dbc-8c82-0de545fb551e ] Request (ServerRescueTestJSONUnderV235:setUpClass): 200 GET http://10.180.1.21/compute/v2.1/servers/d7f3e5ef-b15a-431b-bafc-c97138988bb6 0.295s
2025-04-03 19:36:16.186 71031 WARNING tempest.lib.common.ssh [-] Failed to establish authenticated ssh connection to cirros@10.180.180.135 ([Errno None] Unable to connect to port 22 on 10.180.180.135). Number attempts: 6. Retry after 7 seconds.: paramiko.ssh_exception.NoValidConnectionsError: [Errno None] Unable to connect to port 22 on 10.180.180.135
2025-04-03 19:36:16.198 71023 INFO tempest.lib.common.rest_client [req-5ce4bfba-799d-458e-b1ce-76b43a823fd6 req-5ce4bfba-799d-458e-b1ce-76b43a823fd6 ] Request (ServersAdmin275Test:test_rebuild_update_server_275): 202 POST http://10.180.1.21/compute/v2.1/servers/9231fe98-18d7-43fd-975b-872c393bc825/action 0.406s
2025-04-03 19:36:16.220 71001 INFO tempest.lib.common.rest_client [req-3cb1a74d-f1cc-438d-8098-e076ad1821fd req-3cb1a74d-f1cc-438d-8098-e076ad1821fd ] Request (MultipleCreateTestJSON:test_multiple_create_with_reservation_return): 200 GET http://10.180.1.21/compute/v2.1/servers/a5ff0511-88a3-42f3-909b-4383bd8f80d9 0.291s
2025-04-03 19:36:16.246 71027 INFO tempest.lib.common.rest_client [req-0052ebf4-43f5-4f84-8e98-64d565f4be93 req-0052ebf4-43f5-4f84-8e98-64d565f4be93 ] Request (ServersAdminNegativeTestJSON:test_migrate_server_invalid_state): 200 GET http://10.180.1.21/compute/v2.1/servers/a100311d-31cd-4940-9e04-1572afdd5a42 0.290s
2025-04-03 19:36:16.270 71029 INFO tempest.lib.common.rest_client [req-be1378d2-0e72-4a6c-bb1e-56401729ebbd req-be1378d2-0e72-4a6c-bb1e-56401729ebbd ] Request (VolumesAssistedSnapshotsTest:test_volume_assisted_snapshot_create_delete): 200 GET http://10.180.1.21/compute/v2.1/servers/a02eecf2-3d70-4e2d-8201-bc46f0e6f86d 0.283s
2025-04-03 19:36:16.276 71005 INFO tempest.lib.common.rest_client [req-b3b5496e-4651-477a-a5f2-ad948a333731 req-b3b5496e-4651-477a-a5f2-ad948a333731 ] Request (ListImageFiltersTestJSON:setUpClass): 200 GET http://10.180.1.21/compute/v2.1/images/004fe5fe-f965-4344-92dd-25ef4f9f7817 0.289s
2025-04-03 19:36:16.318 71053 INFO tempest.lib.common.rest_client [req-b4531583-becc-405c-b16c-4e3acf9b7937 req-b4531583-becc-405c-b16c-4e3acf9b7937 ] Request (VolumesAdminNegativeTest:test_update_attached_volume_with_nonexistent_volume_in_body): 200 GET http://10.180.1.21/compute/v2.1/servers/c73bc43a-7ff8-4f69-90a7-841bfe5c7e05 0.265s
2025-04-03 19:36:16.332 71011 INFO tempest.lib.common.rest_client [req-4e5cd0e6-bb58-4fa7-a96f-7edfd6b08ca3 req-4e5cd0e6-bb58-4fa7-a96f-7edfd6b08ca3 ] Request (ServerAddressesTestJSON:tearDownClass): 200 GET http://10.180.1.21/compute/v2.1/servers/c90cd3a8-ff60-4efe-bb79-bbb450d7326d 0.262s
2025-04-03 19:36:16.377 71035 INFO tempest.lib.common.rest_client [req-ab02a504-6a87-473a-b96e-8b1b0ce8bdc0 req-ab02a504-6a87-473a-b96e-8b1b0ce8bdc0 ] Request (ImagesNegativeTestJSON:test_create_image_from_deleted_server): 200 GET http://10.180.1.21/compute/v2.1/servers/a2e2e92b-90ee-4242-a4e6-0deaa0593a91 0.250s
2025-04-03 19:36:16.392 71013 INFO tempest.lib.common.rest_client [req-657db11f-eca7-4865-bb88-9845425bf28c req-657db11f-eca7-4865-bb88-9845425bf28c ] Request (ServersV294TestFqdnHostnames:setUpClass): 200 GET http://10.180.1.21/compute/v2.1/servers/2c36922b-ddcf-4e9f-bf35-f5aaf7400329 0.246s
2025-04-03 19:36:16.428 71023 INFO tempest.lib.common.rest_client [req-dd88dc23-4707-4cca-88cb-b293de497fec req-dd88dc23-4707-4cca-88cb-b293de497fec ] Request (ServersAdmin275Test:test_rebuild_update_server_275): 200 GET http://10.180.1.21/compute/v2.1/servers/9231fe98-18d7-43fd-975b-872c393bc825 0.220s
2025-04-03 19:36:16.438 71021 INFO tempest.lib.common.rest_client [req-0fcdef05-b1a2-4008-894d-972e41cc6eae req-0fcdef05-b1a2-4008-894d-972e41cc6eae ] Request (ServersTestMultiNic:test_verify_multiple_nics_order): 200 GET http://10.180.1.21/compute/v2.1/servers/e1ccd6a9-267a-4e45-bf12-c63524c43b78 0.205s
2025-04-03 19:36:16.480 71009 INFO tempest.lib.common.rest_client [req-d1427906-4d0d-4cb1-bafd-43c8ed42079b req-d1427906-4d0d-4cb1-bafd-43c8ed42079b ] Request (ServerActionsTestJSON:setUpClass): 200 GET http://10.180.1.21/compute/v2.1/servers/d71fcc6b-60e4-4a93-8333-f116106ec82b 0.154s
2025-04-03 19:36:16.486 71049 INFO tempest.lib.common.rest_client [req-42c85a09-ea9e-47dd-9ae5-86cdbe0a3d39 req-42c85a09-ea9e-47dd-9ae5-86cdbe0a3d39 ] Request (ServerMetadataTestJSON:setUpClass): 200 GET http://10.180.1.21/compute/v2.1/servers/635ba1b8-57b8-4f9e-8665-58fb8953d176 0.091s
2025-04-03 19:36:16.524 71015 INFO tempest.lib.common.rest_client [req-47eb4252-3c5c-41cc-90ba-38e872fdd7be req-47eb4252-3c5c-41cc-90ba-38e872fdd7be ] Request (ListServerFiltersTestJSON:setUpClass): 200 GET http://10.180.1.21/compute/v2.1/servers/fb7a867e-cd53-47de-81b8-ecca62a9c82c 0.068s
2025-04-03 19:36:16.569 71051 INFO tempest.lib.common.rest_client [req-0347911c-2a5b-4be1-bec1-258e377aa472 req-0347911c-2a5b-4be1-bec1-258e377aa472 ] Request (ServersTestBootFromVolume:setUpClass): 200 GET http://10.180.1.21/compute/v2.1/servers/10dc4b43-f716-4a8f-8ba7-fbb32db1aa13 0.048s
2025-04-03 19:36:16.633 71061 INFO tempest.lib.common.rest_client [req-db75ccd1-256f-460c-9fa1-2c9d284c66f3 req-db75ccd1-256f-460c-9fa1-2c9d284c66f3 ] Request (InstanceActionsNegativeTestJSON:setUpClass): 200 GET http://10.180.1.21/compute/v2.1/servers/c0e52901-6ed2-4dbc-9d5b-9da47ebc06f1 0.046s
2025-04-03 19:36:16.703 71019 INFO tempest.lib.common.rest_client [req-42f78aa7-f334-435a-94c3-62c46f348933 req-42f78aa7-f334-435a-94c3-62c46f348933 ] Request (FloatingIPsAssociationTestJSON:tearDownClass): 200 GET http://10.180.1.21/compute/v2.1/servers/5568be61-b000-400f-b695-beb26c1d52c7 0.057s
2025-04-03 19:36:16.764 71041 INFO tempest.lib.common.rest_client [req-acdbe983-6d7c-42b1-b65c-cd0154625595 req-acdbe983-6d7c-42b1-b65c-cd0154625595 ] Request (SecurityGroupsTestJSON:test_server_security_groups): 200 GET http://10.180.1.21/compute/v2.1/servers/e4957660-16be-4dc4-b691-bc6bab8cb1e4 0.054s
2025-04-03 19:36:16.826 71037 WARNING tempest.lib.common.ssh [-] Failed to establish authenticated ssh connection to cirros@10.180.180.130 ([Errno None] Unable to connect to port 22 on 10.180.180.130). Number attempts: 3. Retry after 4 seconds.: paramiko.ssh_exception.NoValidConnectionsError: [Errno None] Unable to connect to port 22 on 10.180.180.130
2025-04-03 19:36:16.832 71047 INFO tempest.lib.common.rest_client [req-b9c9ea5d-9a16-4614-88f6-a916e1adf353 req-b9c9ea5d-9a16-4614-88f6-a916e1adf353 ] Request (ServerAddressesNegativeTestJSON:setUpClass): 200 GET http://10.180.1.21/compute/v2.1/servers/d4f03fe1-b12a-44c6-93a7-33ae77d4537d 0.047s
2025-04-03 19:36:16.988 70999 INFO tempest.lib.common.rest_client [req-a073dc3b-c11d-45ab-81bb-1b13e605312f req-a073dc3b-c11d-45ab-81bb-1b13e605312f ] Request (DeleteServersAdminTestJSON:test_delete_server_while_in_error_state): 200 GET http://10.180.1.21/compute/v2.1/servers/644b6351-0c3e-4af4-83f2-8f19d3be4041 0.107s
2025-04-03 19:36:17.054 71007 INFO tempest.lib.common.rest_client [req-389ace92-53df-4ade-b7da-370b484e37cc req-389ace92-53df-4ade-b7da-370b484e37cc ] Request (ServerShowV247Test:test_update_rebuild_list_server): 200 GET http://10.180.1.21/compute/v2.1/servers/84f522d4-ee16-4b48-88a4-c45d75932a4a 0.067s
2025-04-03 19:36:17.107 71043 INFO tempest.lib.common.rest_client [req-2e5fb5de-3e94-4bf3-bae1-3468c63fbdb0 req-2e5fb5de-3e94-4bf3-bae1-3468c63fbdb0 ] Request (ServerMetadataNegativeTestJSON:tearDownClass): 200 GET http://10.180.1.21/compute/v2.1/servers/6bfbfb8c-0944-41e5-9d2b-6edd03cedcf5 0.166s
2025-04-03 19:36:17.110 71045 INFO tempest.lib.common.rest_client [req-2cd1d3eb-6f86-4a33-ac4f-2a0348e23e8a req-2cd1d3eb-6f86-4a33-ac4f-2a0348e23e8a ] Request (ImagesTestJSON:test_create_image_from_suspended_server): 200 GET http://10.180.1.21/compute/v2.1/servers/11c8e46a-fa8c-4081-b323-a21d6869c91e 0.111s
2025-04-03 19:36:17.176 71025 INFO tempest.lib.common.rest_client [req-9d3f6fed-c8e9-4517-ab8a-cb4bcb1540bf req-9d3f6fed-c8e9-4517-ab8a-cb4bcb1540bf ] Request (MigrationsAdminTest:test_resize_server_revert_deleted_flavor): 200 GET http://10.180.1.21/compute/v2.1/servers/efe01f7a-daad-4592-8e37-25c3ee91c54e 0.140s
2025-04-03 19:36:17.180 71055 INFO tempest.lib.common.rest_client [req-f9625aac-844c-4b73-8a3a-9193a9725521 req-f9625aac-844c-4b73-8a3a-9193a9725521 ] Request (ServersAdminTestJSON:test_inject_network_info): 200 GET http://10.180.1.21/compute/v2.1/servers/6896b86f-def0-43dd-b574-09837f1d1216 0.091s
2025-04-03 19:36:17.236 71057 INFO tempest.lib.common.rest_client [req-74eb82c6-d173-480f-aca2-64171961d247 req-74eb82c6-d173-480f-aca2-64171961d247 ] Request (ImagesOneServerTestJSON:setUpClass): 200 GET http://10.180.1.21/compute/v2.1/servers/f0f2b816-cd6d-4c0f-8615-73f1ca7bc00a 0.103s
2025-04-03 19:36:17.261 71003 INFO tempest.lib.common.rest_client [req-567652a5-78bb-490b-8326-65403e39fa43 req-567652a5-78bb-490b-8326-65403e39fa43 ] Request (ServerRescueTestJSONUnderV235:setUpClass): 200 GET http://10.180.1.21/compute/v2.1/servers/d7f3e5ef-b15a-431b-bafc-c97138988bb6 0.069s
2025-04-03 19:36:17.300 71001 INFO tempest.lib.common.rest_client [req-a31fc8a4-ac8a-419d-af14-ee2a59ec2e55 req-a31fc8a4-ac8a-419d-af14-ee2a59ec2e55 ] Request (MultipleCreateTestJSON:test_multiple_create_with_reservation_return): 200 GET http://10.180.1.21/compute/v2.1/servers/a5ff0511-88a3-42f3-909b-4383bd8f80d9 0.073s
2025-04-03 19:36:17.322 71027 INFO tempest.lib.common.rest_client [req-15eb296c-fe4a-4a84-a1c2-f6d8d44cee39 req-15eb296c-fe4a-4a84-a1c2-f6d8d44cee39 ] Request (ServersAdminNegativeTestJSON:test_migrate_server_invalid_state): 200 GET http://10.180.1.21/compute/v2.1/servers/a100311d-31cd-4940-9e04-1572afdd5a42 0.063s
2025-04-03 19:36:17.353 71029 INFO tempest.lib.common.rest_client [req-837bdcb2-95a6-407b-8b46-71cbf2a7b422 req-837bdcb2-95a6-407b-8b46-71cbf2a7b422 ] Request (VolumesAssistedSnapshotsTest:test_volume_assisted_snapshot_create_delete): 200 GET http://10.180.1.21/compute/v2.1/servers/a02eecf2-3d70-4e2d-8201-bc46f0e6f86d 0.074s
2025-04-03 19:36:17.358 71005 INFO tempest.lib.common.rest_client [req-a4d5237c-8f61-4073-bbab-3bd8379b1993 req-a4d5237c-8f61-4073-bbab-3bd8379b1993 ] Request (ListImageFiltersTestJSON:setUpClass): 200 GET http://10.180.1.21/compute/v2.1/images/004fe5fe-f965-4344-92dd-25ef4f9f7817 0.078s
2025-04-03 19:36:17.399 71053 INFO tempest.lib.common.rest_client [req-d910ab5f-e138-4133-baaf-33d54e100a41 req-d910ab5f-e138-4133-baaf-33d54e100a41 ] Request (VolumesAdminNegativeTest:test_update_attached_volume_with_nonexistent_volume_in_body): 200 GET http://10.180.1.21/compute/v2.1/servers/c73bc43a-7ff8-4f69-90a7-841bfe5c7e05 0.073s
2025-04-03 19:36:17.406 71053 INFO tempest.common.waiters [-] State transition "BUILD/scheduling" ==> "BUILD/None" after 32 second wait
2025-04-03 19:36:17.415 71011 INFO tempest.lib.common.rest_client [req-1ab59aee-c4d8-4315-8bee-2a0f7c674162 req-1ab59aee-c4d8-4315-8bee-2a0f7c674162 ] Request (ServerAddressesTestJSON:tearDownClass): 200 GET http://10.180.1.21/compute/v2.1/servers/c90cd3a8-ff60-4efe-bb79-bbb450d7326d 0.073s
2025-04-03 19:36:17.446 71035 INFO tempest.lib.common.rest_client [req-0d8a6a59-35a7-488f-93f5-7ea817c120a3 req-0d8a6a59-35a7-488f-93f5-7ea817c120a3 ] Request (ImagesNegativeTestJSON:test_create_image_from_deleted_server): 200 GET http://10.180.1.21/compute/v2.1/servers/a2e2e92b-90ee-4242-a4e6-0deaa0593a91 0.058s
2025-04-03 19:36:17.473 71013 INFO tempest.lib.common.rest_client [req-08f1d523-b5eb-4080-ba45-e412faaefc3f req-08f1d523-b5eb-4080-ba45-e412faaefc3f ] Request (ServersV294TestFqdnHostnames:setUpClass): 200 GET http://10.180.1.21/compute/v2.1/servers/2c36922b-ddcf-4e9f-bf35-f5aaf7400329 0.067s
2025-04-03 19:36:17.518 71023 INFO tempest.lib.common.rest_client [req-5eb42dea-79ef-4418-9b02-57be23a22156 req-5eb42dea-79ef-4418-9b02-57be23a22156 ] Request (ServersAdmin275Test:test_rebuild_update_server_275): 200 GET http://10.180.1.21/compute/v2.1/servers/9231fe98-18d7-43fd-975b-872c393bc825 0.079s
2025-04-03 19:36:17.521 71021 INFO tempest.lib.common.rest_client [req-f6f2cd60-5e2b-4243-a6a2-b51547bbab67 req-f6f2cd60-5e2b-4243-a6a2-b51547bbab67 ] Request (ServersTestMultiNic:test_verify_multiple_nics_order): 200 GET http://10.180.1.21/compute/v2.1/servers/e1ccd6a9-267a-4e45-bf12-c63524c43b78 0.074s
2025-04-03 19:36:17.569 71009 INFO tempest.lib.common.rest_client [req-ce61dc95-992c-4f05-872f-c2cbb9cb8368 req-ce61dc95-992c-4f05-872f-c2cbb9cb8368 ] Request (ServerActionsTestJSON:setUpClass): 200 GET http://10.180.1.21/compute/v2.1/servers/d71fcc6b-60e4-4a93-8333-f116106ec82b 0.081s
2025-04-03 19:36:17.581 71049 INFO tempest.lib.common.rest_client [req-c0169e32-2a49-4110-b7cf-dee8c40fe701 req-c0169e32-2a49-4110-b7cf-dee8c40fe701 ] Request (ServerMetadataTestJSON:setUpClass): 200 GET http://10.180.1.21/compute/v2.1/servers/635ba1b8-57b8-4f9e-8665-58fb8953d176 0.087s
2025-04-03 19:36:17.623 71015 INFO tempest.lib.common.rest_client [req-e0bdb0a9-1d6c-4e72-805c-247fe0a8bf8a req-e0bdb0a9-1d6c-4e72-805c-247fe0a8bf8a ] Request (ListServerFiltersTestJSON:setUpClass): 200 GET http://10.180.1.21/compute/v2.1/servers/fb7a867e-cd53-47de-81b8-ecca62a9c82c 0.092s
2025-04-03 19:36:17.629 71051 INFO tempest.lib.common.rest_client [req-d19189a2-5c72-408d-8cc3-f12b46d89f7c req-d19189a2-5c72-408d-8cc3-f12b46d89f7c ] Request (ServersTestBootFromVolume:setUpClass): 200 GET http://10.180.1.21/compute/v2.1/servers/10dc4b43-f716-4a8f-8ba7-fbb32db1aa13 0.052s
2025-04-03 19:36:17.695 71061 INFO tempest.lib.common.rest_client [req-9e7bbd12-aeee-4836-ba37-c1e6b44f5230 req-9e7bbd12-aeee-4836-ba37-c1e6b44f5230 ] Request (InstanceActionsNegativeTestJSON:setUpClass): 200 GET http://10.180.1.21/compute/v2.1/servers/c0e52901-6ed2-4dbc-9d5b-9da47ebc06f1 0.055s
2025-04-03 19:36:17.777 71019 INFO tempest.lib.common.rest_client [req-61a7effd-17af-4a38-8da2-9e5843dd5f2f req-61a7effd-17af-4a38-8da2-9e5843dd5f2f ] Request (FloatingIPsAssociationTestJSON:tearDownClass): 200 GET http://10.180.1.21/compute/v2.1/servers/5568be61-b000-400f-b695-beb26c1d52c7 0.066s
2025-04-03 19:36:17.836 71041 INFO tempest.lib.common.rest_client [req-b0cad747-b51d-472e-91ab-2fdbee539ded req-b0cad747-b51d-472e-91ab-2fdbee539ded ] Request (SecurityGroupsTestJSON:test_server_security_groups): 200 GET http://10.180.1.21/compute/v2.1/servers/e4957660-16be-4dc4-b691-bc6bab8cb1e4 0.063s
2025-04-03 19:36:17.893 71047 INFO tempest.lib.common.rest_client [req-83758bb3-0071-4335-8e1f-df23525e816a req-83758bb3-0071-4335-8e1f-df23525e816a ] Request (ServerAddressesNegativeTestJSON:setUpClass): 200 GET http://10.180.1.21/compute/v2.1/servers/d4f03fe1-b12a-44c6-93a7-33ae77d4537d 0.054s
2025-04-03 19:36:18.064 70999 INFO tempest.lib.common.rest_client [req-9fea3f78-e8c8-49b8-acb0-6d608540d56d req-9fea3f78-e8c8-49b8-acb0-6d608540d56d ] Request (DeleteServersAdminTestJSON:test_delete_server_while_in_error_state): 200 GET http://10.180.1.21/compute/v2.1/servers/644b6351-0c3e-4af4-83f2-8f19d3be4041 0.068s
2025-04-03 19:36:18.119 71007 INFO tempest.lib.common.rest_client [req-0f3a2f31-e787-4de4-b68d-545c8c867dc6 req-0f3a2f31-e787-4de4-b68d-545c8c867dc6 ] Request (ServerShowV247Test:test_update_rebuild_list_server): 200 GET http://10.180.1.21/compute/v2.1/servers/84f522d4-ee16-4b48-88a4-c45d75932a4a 0.054s
2025-04-03 19:36:18.177 71043 INFO tempest.lib.common.rest_client [req-69aeda92-0995-4c96-ade8-6ffd073afff9 req-69aeda92-0995-4c96-ade8-6ffd073afff9 ] Request (ServerMetadataNegativeTestJSON:tearDownClass): 200 GET http://10.180.1.21/compute/v2.1/servers/6bfbfb8c-0944-41e5-9d2b-6edd03cedcf5 0.059s
2025-04-03 19:36:18.178 71045 INFO tempest.lib.common.rest_client [req-446d23f9-5215-457e-a47e-f43b48fb0cfd req-446d23f9-5215-457e-a47e-f43b48fb0cfd ] Request (ImagesTestJSON:test_create_image_from_suspended_server): 200 GET http://10.180.1.21/compute/v2.1/servers/11c8e46a-fa8c-4081-b323-a21d6869c91e 0.060s
2025-04-03 19:36:18.245 71055 INFO tempest.lib.common.rest_client [req-54376183-b7b4-4288-8e6b-b96e100c440b req-54376183-b7b4-4288-8e6b-b96e100c440b ] Request (ServersAdminTestJSON:test_inject_network_info): 200 GET http://10.180.1.21/compute/v2.1/servers/6896b86f-def0-43dd-b574-09837f1d1216 0.057s
2025-04-03 19:36:18.245 71025 INFO tempest.lib.common.rest_client [req-928453fb-fcb5-43f5-9d93-005834524072 req-928453fb-fcb5-43f5-9d93-005834524072 ] Request (MigrationsAdminTest:test_resize_server_revert_deleted_flavor): 200 GET http://10.180.1.21/compute/v2.1/servers/efe01f7a-daad-4592-8e37-25c3ee91c54e 0.062s
2025-04-03 19:36:18.316 71057 INFO tempest.lib.common.rest_client [req-dd214de1-e61c-4c7e-b81e-668857445afa req-dd214de1-e61c-4c7e-b81e-668857445afa ] Request (ImagesOneServerTestJSON:setUpClass): 200 GET http://10.180.1.21/compute/v2.1/servers/f0f2b816-cd6d-4c0f-8615-73f1ca7bc00a 0.064s
2025-04-03 19:36:18.321 71003 INFO tempest.lib.common.rest_client [req-2735cf0d-09c7-42fe-b87a-ba8b6134f8d9 req-2735cf0d-09c7-42fe-b87a-ba8b6134f8d9 ] Request (ServerRescueTestJSONUnderV235:setUpClass): 200 GET http://10.180.1.21/compute/v2.1/servers/d7f3e5ef-b15a-431b-bafc-c97138988bb6 0.052s
2025-04-03 19:36:18.373 71001 INFO tempest.lib.common.rest_client [req-c25fd070-af0e-4fdb-8aae-62a59181e72a req-c25fd070-af0e-4fdb-8aae-62a59181e72a ] Request (MultipleCreateTestJSON:test_multiple_create_with_reservation_return): 200 GET http://10.180.1.21/compute/v2.1/servers/a5ff0511-88a3-42f3-909b-4383bd8f80d9 0.064s
2025-04-03 19:36:18.398 71027 INFO tempest.lib.common.rest_client [req-63e2bb82-f1bc-46e1-933f-2e5cc916127a req-63e2bb82-f1bc-46e1-933f-2e5cc916127a ] Request (ServersAdminNegativeTestJSON:test_migrate_server_invalid_state): 200 GET http://10.180.1.21/compute/v2.1/servers/a100311d-31cd-4940-9e04-1572afdd5a42 0.068s
2025-04-03 19:36:18.436 71005 INFO tempest.lib.common.rest_client [req-a40c932d-96ec-4a20-a973-0fcfbe8d87c6 req-a40c932d-96ec-4a20-a973-0fcfbe8d87c6 ] Request (ListImageFiltersTestJSON:setUpClass): 200 GET http://10.180.1.21/compute/v2.1/images/004fe5fe-f965-4344-92dd-25ef4f9f7817 0.074s
2025-04-03 19:36:18.443 71029 INFO tempest.lib.common.rest_client [req-9c5a4ea1-a902-443c-aa94-2aed3c46102a req-9c5a4ea1-a902-443c-aa94-2aed3c46102a ] Request (VolumesAssistedSnapshotsTest:test_volume_assisted_snapshot_create_delete): 200 GET http://10.180.1.21/compute/v2.1/servers/a02eecf2-3d70-4e2d-8201-bc46f0e6f86d 0.082s
2025-04-03 19:36:18.499 71053 INFO tempest.lib.common.rest_client [req-0d63b03f-268d-4748-987b-901b0c40a650 req-0d63b03f-268d-4748-987b-901b0c40a650 ] Request (VolumesAdminNegativeTest:test_update_attached_volume_with_nonexistent_volume_in_body): 200 GET http://10.180.1.21/compute/v2.1/servers/c73bc43a-7ff8-4f69-90a7-841bfe5c7e05 0.092s
2025-04-03 19:36:18.518 71011 INFO tempest.lib.common.rest_client [req-8e1fe6d9-ac7e-4a04-b86d-7946f9f3c823 req-8e1fe6d9-ac7e-4a04-b86d-7946f9f3c823 ] Request (ServerAddressesTestJSON:tearDownClass): 200 GET http://10.180.1.21/compute/v2.1/servers/c90cd3a8-ff60-4efe-bb79-bbb450d7326d 0.094s
2025-04-03 19:36:18.552 71035 INFO tempest.lib.common.rest_client [req-fe0f88ca-91e8-4c2b-a3e8-88560f18a2fb req-fe0f88ca-91e8-4c2b-a3e8-88560f18a2fb ] Request (ImagesNegativeTestJSON:test_create_image_from_deleted_server): 200 GET http://10.180.1.21/compute/v2.1/servers/a2e2e92b-90ee-4242-a4e6-0deaa0593a91 0.086s
2025-04-03 19:36:18.580 71013 INFO tempest.lib.common.rest_client [req-8c5cfb23-2868-4040-a085-b39531be9126 req-8c5cfb23-2868-4040-a085-b39531be9126 ] Request (ServersV294TestFqdnHostnames:setUpClass): 200 GET http://10.180.1.21/compute/v2.1/servers/2c36922b-ddcf-4e9f-bf35-f5aaf7400329 0.092s
2025-04-03 19:36:18.621 71023 INFO tempest.lib.common.rest_client [req-f5e5228f-f6bb-4dc2-8280-92703c1cc678 req-f5e5228f-f6bb-4dc2-8280-92703c1cc678 ] Request (ServersAdmin275Test:test_rebuild_update_server_275): 200 GET http://10.180.1.21/compute/v2.1/servers/9231fe98-18d7-43fd-975b-872c393bc825 0.092s
2025-04-03 19:36:18.638 71021 INFO tempest.lib.common.rest_client [req-846593d8-0636-4d71-ab68-8a37811d2aa2 req-846593d8-0636-4d71-ab68-8a37811d2aa2 ] Request (ServersTestMultiNic:test_verify_multiple_nics_order): 200 GET http://10.180.1.21/compute/v2.1/servers/e1ccd6a9-267a-4e45-bf12-c63524c43b78 0.109s
2025-04-03 19:36:18.691 71009 INFO tempest.lib.common.rest_client [req-4a189493-7459-40aa-8a11-fabe2e05c45e req-4a189493-7459-40aa-8a11-fabe2e05c45e ] Request (ServerActionsTestJSON:setUpClass): 200 GET http://10.180.1.21/compute/v2.1/servers/d71fcc6b-60e4-4a93-8333-f116106ec82b 0.114s
2025-04-03 19:36:18.703 71049 INFO tempest.lib.common.rest_client [req-c0603add-1691-4e34-a11d-d7271d0dfe91 req-c0603add-1691-4e34-a11d-d7271d0dfe91 ] Request (ServerMetadataTestJSON:setUpClass): 200 GET http://10.180.1.21/compute/v2.1/servers/635ba1b8-57b8-4f9e-8665-58fb8953d176 0.114s
2025-04-03 19:36:18.757 71015 INFO tempest.lib.common.rest_client [req-3b1addc8-3850-4039-94df-f3ea27254a28 req-3b1addc8-3850-4039-94df-f3ea27254a28 ] Request (ListServerFiltersTestJSON:setUpClass): 200 GET http://10.180.1.21/compute/v2.1/servers/fb7a867e-cd53-47de-81b8-ecca62a9c82c 0.125s
2025-04-03 19:36:18.761 71051 INFO tempest.lib.common.rest_client [req-3cae2067-5c83-4e40-8ac8-f63e1773ccbd req-3cae2067-5c83-4e40-8ac8-f63e1773ccbd ] Request (ServersTestBootFromVolume:setUpClass): 200 GET http://10.180.1.21/compute/v2.1/servers/10dc4b43-f716-4a8f-8ba7-fbb32db1aa13 0.124s
2025-04-03 19:36:18.815 71061 INFO tempest.lib.common.rest_client [req-afa1e944-66f0-4c20-8614-5f009c31a75c req-afa1e944-66f0-4c20-8614-5f009c31a75c ] Request (InstanceActionsNegativeTestJSON:setUpClass): 200 GET http://10.180.1.21/compute/v2.1/servers/c0e52901-6ed2-4dbc-9d5b-9da47ebc06f1 0.110s
2025-04-03 19:36:18.855 71019 INFO tempest.lib.common.rest_client [req-707f16c3-6478-48e1-b062-2c390fd7bbec req-707f16c3-6478-48e1-b062-2c390fd7bbec ] Request (FloatingIPsAssociationTestJSON:tearDownClass): 200 GET http://10.180.1.21/compute/v2.1/servers/5568be61-b000-400f-b695-beb26c1d52c7 0.068s
2025-04-03 19:36:18.895 71041 INFO tempest.lib.common.rest_client [req-f63212df-b37a-40f1-a473-7b36b73912cf req-f63212df-b37a-40f1-a473-7b36b73912cf ] Request (SecurityGroupsTestJSON:test_server_security_groups): 200 GET http://10.180.1.21/compute/v2.1/servers/e4957660-16be-4dc4-b691-bc6bab8cb1e4 0.049s
2025-04-03 19:36:18.954 71047 INFO tempest.lib.common.rest_client [req-83224a64-c41a-4f51-9b9a-dd0fbcbb3ad6 req-83224a64-c41a-4f51-9b9a-dd0fbcbb3ad6 ] Request (ServerAddressesNegativeTestJSON:setUpClass): 200 GET http://10.180.1.21/compute/v2.1/servers/d4f03fe1-b12a-44c6-93a7-33ae77d4537d 0.052s
2025-04-03 19:36:19.134 70999 INFO tempest.lib.common.rest_client [req-f040a578-999a-4211-a702-0f7a0dd466cf req-f040a578-999a-4211-a702-0f7a0dd466cf ] Request (DeleteServersAdminTestJSON:test_delete_server_while_in_error_state): 200 GET http://10.180.1.21/compute/v2.1/servers/644b6351-0c3e-4af4-83f2-8f19d3be4041 0.059s
2025-04-03 19:36:19.180 71007 INFO tempest.lib.common.rest_client [req-3bd5ba65-e727-4c00-a041-11b765104377 req-3bd5ba65-e727-4c00-a041-11b765104377 ] Request (ServerShowV247Test:test_update_rebuild_list_server): 200 GET http://10.180.1.21/compute/v2.1/servers/84f522d4-ee16-4b48-88a4-c45d75932a4a 0.050s
2025-04-03 19:36:19.242 71045 INFO tempest.lib.common.rest_client [req-5e0b0bce-91e2-46ec-b4d7-564bd4c4c129 req-5e0b0bce-91e2-46ec-b4d7-564bd4c4c129 ] Request (ImagesTestJSON:test_create_image_from_suspended_server): 200 GET http://10.180.1.21/compute/v2.1/servers/11c8e46a-fa8c-4081-b323-a21d6869c91e 0.056s
2025-04-03 19:36:19.248 71043 INFO tempest.lib.common.rest_client [req-0590789c-12d3-4a0b-a21e-8fd600073774 req-0590789c-12d3-4a0b-a21e-8fd600073774 ] Request (ServerMetadataNegativeTestJSON:tearDownClass): 200 GET http://10.180.1.21/compute/v2.1/servers/6bfbfb8c-0944-41e5-9d2b-6edd03cedcf5 0.063s
2025-04-03 19:36:19.255 71043 INFO tempest.common.waiters [-] State transition "ACTIVE/deleting" ==> "DELETED/None" after 5 second wait
2025-04-03 19:36:19.310 71025 INFO tempest.lib.common.rest_client [req-0cd93949-d4f8-4fa5-915c-f2b5eb1e50ca req-0cd93949-d4f8-4fa5-915c-f2b5eb1e50ca ] Request (MigrationsAdminTest:test_resize_server_revert_deleted_flavor): 200 GET http://10.180.1.21/compute/v2.1/servers/efe01f7a-daad-4592-8e37-25c3ee91c54e 0.054s
2025-04-03 19:36:19.318 71055 INFO tempest.lib.common.rest_client [req-b4659086-780f-4374-9f9b-33009dba4b2f req-b4659086-780f-4374-9f9b-33009dba4b2f ] Request (ServersAdminTestJSON:test_inject_network_info): 200 GET http://10.180.1.21/compute/v2.1/servers/6896b86f-def0-43dd-b574-09837f1d1216 0.062s
2025-04-03 19:36:19.379 71057 INFO tempest.lib.common.rest_client [req-c26a8f51-ed54-4781-97f5-ef67895ab095 req-c26a8f51-ed54-4781-97f5-ef67895ab095 ] Request (ImagesOneServerTestJSON:setUpClass): 200 GET http://10.180.1.21/compute/v2.1/servers/f0f2b816-cd6d-4c0f-8615-73f1ca7bc00a 0.054s
2025-04-03 19:36:19.385 71003 INFO tempest.lib.common.rest_client [req-5227ce4f-63cc-4477-93ff-664f1fc88603 req-5227ce4f-63cc-4477-93ff-664f1fc88603 ] Request (ServerRescueTestJSONUnderV235:setUpClass): 200 GET http://10.180.1.21/compute/v2.1/servers/d7f3e5ef-b15a-431b-bafc-c97138988bb6 0.055s
2025-04-03 19:36:19.429 71001 INFO tempest.lib.common.rest_client [req-f48143c6-2276-453d-8f3e-18cb12be60da req-f48143c6-2276-453d-8f3e-18cb12be60da ] Request (MultipleCreateTestJSON:test_multiple_create_with_reservation_return): 200 GET http://10.180.1.21/compute/v2.1/servers/a5ff0511-88a3-42f3-909b-4383bd8f80d9 0.047s
2025-04-03 19:36:19.456 71027 INFO tempest.lib.common.rest_client [req-46173ca6-cf60-43ee-9165-dd6d171a560e req-46173ca6-cf60-43ee-9165-dd6d171a560e ] Request (ServersAdminNegativeTestJSON:test_migrate_server_invalid_state): 200 GET http://10.180.1.21/compute/v2.1/servers/a100311d-31cd-4940-9e04-1572afdd5a42 0.050s
2025-04-03 19:36:19.475 71005 INFO tempest.lib.common.rest_client [req-3e63fe9d-7cc6-4943-9185-b2cd1e030fb4 req-3e63fe9d-7cc6-4943-9185-b2cd1e030fb4 ] Request (ListImageFiltersTestJSON:setUpClass): 200 GET http://10.180.1.21/compute/v2.1/images/004fe5fe-f965-4344-92dd-25ef4f9f7817 0.035s
2025-04-03 19:36:19.504 71029 INFO tempest.lib.common.rest_client [req-682f41dd-b9a8-41e8-834c-db4394656344 req-682f41dd-b9a8-41e8-834c-db4394656344 ] Request (VolumesAssistedSnapshotsTest:test_volume_assisted_snapshot_create_delete): 200 GET http://10.180.1.21/compute/v2.1/servers/a02eecf2-3d70-4e2d-8201-bc46f0e6f86d 0.050s
2025-04-03 19:36:19.559 71053 INFO tempest.lib.common.rest_client [req-e2236535-80f8-439f-94b9-0ae902e1c635 req-e2236535-80f8-439f-94b9-0ae902e1c635 ] Request (VolumesAdminNegativeTest:test_update_attached_volume_with_nonexistent_volume_in_body): 200 GET http://10.180.1.21/compute/v2.1/servers/c73bc43a-7ff8-4f69-90a7-841bfe5c7e05 0.050s
2025-04-03 19:36:19.583 71011 INFO tempest.lib.common.rest_client [req-25cb1569-bad6-49b4-8b46-cb8f838f1766 req-25cb1569-bad6-49b4-8b46-cb8f838f1766 ] Request (ServerAddressesTestJSON:tearDownClass): 200 GET http://10.180.1.21/compute/v2.1/servers/c90cd3a8-ff60-4efe-bb79-bbb450d7326d 0.055s
2025-04-03 19:36:19.619 71035 INFO tempest.lib.common.rest_client [req-db9fa2c9-18d1-43fd-ae4e-51df65cdc534 req-db9fa2c9-18d1-43fd-ae4e-51df65cdc534 ] Request (ImagesNegativeTestJSON:test_create_image_from_deleted_server): 200 GET http://10.180.1.21/compute/v2.1/servers/a2e2e92b-90ee-4242-a4e6-0deaa0593a91 0.054s
2025-04-03 19:36:19.652 71013 INFO tempest.lib.common.rest_client [req-3244b264-c07f-4d96-a547-cc6df1910cd6 req-3244b264-c07f-4d96-a547-cc6df1910cd6 ] Request (ServersV294TestFqdnHostnames:setUpClass): 200 GET http://10.180.1.21/compute/v2.1/servers/2c36922b-ddcf-4e9f-bf35-f5aaf7400329 0.058s
2025-04-03 19:36:19.699 71023 INFO tempest.lib.common.rest_client [req-4917e65b-ee68-45d3-89f5-624b4f44a429 req-4917e65b-ee68-45d3-89f5-624b4f44a429 ] Request (ServersAdmin275Test:test_rebuild_update_server_275): 200 GET http://10.180.1.21/compute/v2.1/servers/9231fe98-18d7-43fd-975b-872c393bc825 0.065s
2025-04-03 19:36:19.709 71021 INFO tempest.lib.common.rest_client [req-e16c059d-9f0a-425d-a98a-5928cd538585 req-e16c059d-9f0a-425d-a98a-5928cd538585 ] Request (ServersTestMultiNic:test_verify_multiple_nics_order): 200 GET http://10.180.1.21/compute/v2.1/servers/e1ccd6a9-267a-4e45-bf12-c63524c43b78 0.060s
2025-04-03 19:36:19.709 71023 INFO tempest.common.waiters [-] State transition "REBUILD/rebuilding" ==> "REBUILD/rebuild_spawning" after 3 second wait
2025-04-03 19:36:19.752 71009 INFO tempest.lib.common.rest_client [req-e847dc92-300d-4efe-8280-94d41e172a29 req-e847dc92-300d-4efe-8280-94d41e172a29 ] Request (ServerActionsTestJSON:setUpClass): 200 GET http://10.180.1.21/compute/v2.1/servers/d71fcc6b-60e4-4a93-8333-f116106ec82b 0.052s
2025-04-03 19:36:19.766 71049 INFO tempest.lib.common.rest_client [req-78f440c8-e3fb-4193-98b4-e6a7a33b7b74 req-78f440c8-e3fb-4193-98b4-e6a7a33b7b74 ] Request (ServerMetadataTestJSON:setUpClass): 200 GET http://10.180.1.21/compute/v2.1/servers/635ba1b8-57b8-4f9e-8665-58fb8953d176 0.054s
2025-04-03 19:36:19.829 71015 INFO tempest.lib.common.rest_client [req-ae8ad086-fdea-426a-bd4c-9320663318ec req-ae8ad086-fdea-426a-bd4c-9320663318ec ] Request (ListServerFiltersTestJSON:setUpClass): 200 GET http://10.180.1.21/compute/v2.1/servers/fb7a867e-cd53-47de-81b8-ecca62a9c82c 0.063s
2025-04-03 19:36:19.833 71051 INFO tempest.lib.common.rest_client [req-f84a0ce6-8bfe-4752-a4b1-641bd17c4f52 req-f84a0ce6-8bfe-4752-a4b1-641bd17c4f52 ] Request (ServersTestBootFromVolume:setUpClass): 200 GET http://10.180.1.21/compute/v2.1/servers/10dc4b43-f716-4a8f-8ba7-fbb32db1aa13 0.064s
2025-04-03 19:36:19.890 71061 INFO tempest.lib.common.rest_client [req-8a3b1354-87ce-4036-a3de-07530ea67ecb req-8a3b1354-87ce-4036-a3de-07530ea67ecb ] Request (InstanceActionsNegativeTestJSON:setUpClass): 200 GET http://10.180.1.21/compute/v2.1/servers/c0e52901-6ed2-4dbc-9d5b-9da47ebc06f1 0.067s
2025-04-03 19:36:19.936 71019 INFO tempest.lib.common.rest_client [req-7f035b42-4768-438b-aaa3-7392a6812b75 req-7f035b42-4768-438b-aaa3-7392a6812b75 ] Request (FloatingIPsAssociationTestJSON:tearDownClass): 200 GET http://10.180.1.21/compute/v2.1/servers/5568be61-b000-400f-b695-beb26c1d52c7 0.072s
2025-04-03 19:36:19.965 71041 INFO tempest.lib.common.rest_client [req-5798ced5-de47-4135-9a53-91cb23ae4511 req-5798ced5-de47-4135-9a53-91cb23ae4511 ] Request (SecurityGroupsTestJSON:test_server_security_groups): 200 GET http://10.180.1.21/compute/v2.1/servers/e4957660-16be-4dc4-b691-bc6bab8cb1e4 0.062s
2025-04-03 19:36:20.023 71047 INFO tempest.lib.common.rest_client [req-a0221d44-9a95-44de-a22d-5ec2ae9b87b2 req-a0221d44-9a95-44de-a22d-5ec2ae9b87b2 ] Request (ServerAddressesNegativeTestJSON:setUpClass): 200 GET http://10.180.1.21/compute/v2.1/servers/d4f03fe1-b12a-44c6-93a7-33ae77d4537d 0.060s
2025-04-03 19:36:20.200 70999 INFO tempest.lib.common.rest_client [req-f465fc4d-2f8d-447f-8cfd-2dcbc7af9abc req-f465fc4d-2f8d-447f-8cfd-2dcbc7af9abc ] Request (DeleteServersAdminTestJSON:test_delete_server_while_in_error_state): 200 GET http://10.180.1.21/compute/v2.1/servers/644b6351-0c3e-4af4-83f2-8f19d3be4041 0.057s
2025-04-03 19:36:20.247 71007 INFO tempest.lib.common.rest_client [req-0318e54c-d413-4744-ada5-79a3407675a3 req-0318e54c-d413-4744-ada5-79a3407675a3 ] Request (ServerShowV247Test:test_update_rebuild_list_server): 200 GET http://10.180.1.21/compute/v2.1/servers/84f522d4-ee16-4b48-88a4-c45d75932a4a 0.055s
2025-04-03 19:36:20.300 71045 INFO tempest.lib.common.rest_client [req-415c8cb6-ebe9-461f-b2cb-c1dbcff17b7e req-415c8cb6-ebe9-461f-b2cb-c1dbcff17b7e ] Request (ImagesTestJSON:test_create_image_from_suspended_server): 200 GET http://10.180.1.21/compute/v2.1/servers/11c8e46a-fa8c-4081-b323-a21d6869c91e 0.050s
2025-04-03 19:36:20.311 71043 INFO tempest.lib.common.rest_client [req-aa89a2c0-49b6-4429-a65a-57cec19b2565 req-aa89a2c0-49b6-4429-a65a-57cec19b2565 ] Request (ServerMetadataNegativeTestJSON:tearDownClass): 200 GET http://10.180.1.21/compute/v2.1/servers/6bfbfb8c-0944-41e5-9d2b-6edd03cedcf5 0.054s
2025-04-03 19:36:20.373 71025 INFO tempest.lib.common.rest_client [req-81e1c386-4df3-4ddf-9099-813b47dad42b req-81e1c386-4df3-4ddf-9099-813b47dad42b ] Request (MigrationsAdminTest:test_resize_server_revert_deleted_flavor): 200 GET http://10.180.1.21/compute/v2.1/servers/efe01f7a-daad-4592-8e37-25c3ee91c54e 0.054s
2025-04-03 19:36:20.377 71055 INFO tempest.lib.common.rest_client [req-2c7856d1-e196-4b8f-a61b-ea78de01fea2 req-2c7856d1-e196-4b8f-a61b-ea78de01fea2 ] Request (ServersAdminTestJSON:test_inject_network_info): 200 GET http://10.180.1.21/compute/v2.1/servers/6896b86f-def0-43dd-b574-09837f1d1216 0.051s
2025-04-03 19:36:20.445 71003 INFO tempest.lib.common.rest_client [req-d5903831-3814-4c69-87b0-5879577b431c req-d5903831-3814-4c69-87b0-5879577b431c ] Request (ServerRescueTestJSONUnderV235:setUpClass): 200 GET http://10.180.1.21/compute/v2.1/servers/d7f3e5ef-b15a-431b-bafc-c97138988bb6 0.052s
2025-04-03 19:36:20.445 71057 INFO tempest.lib.common.rest_client [req-4bf66219-7de1-4329-a5b3-3d77ac0514db req-4bf66219-7de1-4329-a5b3-3d77ac0514db ] Request (ImagesOneServerTestJSON:setUpClass): 200 GET http://10.180.1.21/compute/v2.1/servers/f0f2b816-cd6d-4c0f-8615-73f1ca7bc00a 0.058s
2025-04-03 19:36:20.494 71001 INFO tempest.lib.common.rest_client [req-49b3e42e-aa23-4e05-8cb6-2f5db3402c7d req-49b3e42e-aa23-4e05-8cb6-2f5db3402c7d ] Request (MultipleCreateTestJSON:test_multiple_create_with_reservation_return): 200 GET http://10.180.1.21/compute/v2.1/servers/a5ff0511-88a3-42f3-909b-4383bd8f80d9 0.057s
2025-04-03 19:36:20.521 71027 INFO tempest.lib.common.rest_client [req-ef6b13e9-80e8-4ee7-84eb-81291260d26a req-ef6b13e9-80e8-4ee7-84eb-81291260d26a ] Request (ServersAdminNegativeTestJSON:test_migrate_server_invalid_state): 200 GET http://10.180.1.21/compute/v2.1/servers/a100311d-31cd-4940-9e04-1572afdd5a42 0.055s
2025-04-03 19:36:20.525 71005 INFO tempest.lib.common.rest_client [req-9b128140-a441-422e-a25d-81ef88162966 req-9b128140-a441-422e-a25d-81ef88162966 ] Request (ListImageFiltersTestJSON:setUpClass): 200 GET http://10.180.1.21/compute/v2.1/images/004fe5fe-f965-4344-92dd-25ef4f9f7817 0.046s
2025-04-03 19:36:20.538 71017 WARNING tempest.lib.common.ssh [-] Failed to establish authenticated ssh connection to cirros@10.180.180.146 ([Errno None] Unable to connect to port 22 on 10.180.180.146). Number attempts: 6. Retry after 7 seconds.: paramiko.ssh_exception.NoValidConnectionsError: [Errno None] Unable to connect to port 22 on 10.180.180.146
2025-04-03 19:36:20.568 71029 INFO tempest.lib.common.rest_client [req-e6af2094-1d4d-4b57-9c5e-368f8fc04237 req-e6af2094-1d4d-4b57-9c5e-368f8fc04237 ] Request (VolumesAssistedSnapshotsTest:test_volume_assisted_snapshot_create_delete): 200 GET http://10.180.1.21/compute/v2.1/servers/a02eecf2-3d70-4e2d-8201-bc46f0e6f86d 0.055s
2025-04-03 19:36:20.619 71053 INFO tempest.lib.common.rest_client [req-01c2831d-f136-47bb-9858-a482bb7a5062 req-01c2831d-f136-47bb-9858-a482bb7a5062 ] Request (VolumesAdminNegativeTest:test_update_attached_volume_with_nonexistent_volume_in_body): 200 GET http://10.180.1.21/compute/v2.1/servers/c73bc43a-7ff8-4f69-90a7-841bfe5c7e05 0.052s
2025-04-03 19:36:20.647 71011 INFO tempest.lib.common.rest_client [req-efec0c6e-dab6-4946-a39b-d02499277e19 req-efec0c6e-dab6-4946-a39b-d02499277e19 ] Request (ServerAddressesTestJSON:tearDownClass): 200 GET http://10.180.1.21/compute/v2.1/servers/c90cd3a8-ff60-4efe-bb79-bbb450d7326d 0.058s
2025-04-03 19:36:20.675 71035 INFO tempest.lib.common.rest_client [req-9a0a70aa-b9e2-4f16-8f95-3dd9e63e3cda req-9a0a70aa-b9e2-4f16-8f95-3dd9e63e3cda ] Request (ImagesNegativeTestJSON:test_create_image_from_deleted_server): 200 GET http://10.180.1.21/compute/v2.1/servers/a2e2e92b-90ee-4242-a4e6-0deaa0593a91 0.048s
2025-04-03 19:36:20.721 71013 INFO tempest.lib.common.rest_client [req-ebae0455-1b44-41be-b06a-e7ceafb8c398 req-ebae0455-1b44-41be-b06a-e7ceafb8c398 ] Request (ServersV294TestFqdnHostnames:setUpClass): 200 GET http://10.180.1.21/compute/v2.1/servers/2c36922b-ddcf-4e9f-bf35-f5aaf7400329 0.058s
2025-04-03 19:36:20.772 71021 INFO tempest.lib.common.rest_client [req-d0761ba0-544e-48fe-9566-6d8ac2513007 req-d0761ba0-544e-48fe-9566-6d8ac2513007 ] Request (ServersTestMultiNic:test_verify_multiple_nics_order): 200 GET http://10.180.1.21/compute/v2.1/servers/e1ccd6a9-267a-4e45-bf12-c63524c43b78 0.055s
2025-04-03 19:36:20.782 71023 INFO tempest.lib.common.rest_client [req-e272df5e-9d47-4bc3-b1c4-c153c0529fb3 req-e272df5e-9d47-4bc3-b1c4-c153c0529fb3 ] Request (ServersAdmin275Test:test_rebuild_update_server_275): 200 GET http://10.180.1.21/compute/v2.1/servers/9231fe98-18d7-43fd-975b-872c393bc825 0.072s
2025-04-03 19:36:20.819 71009 INFO tempest.lib.common.rest_client [req-a755edc0-0461-4822-a825-f6ce738e4fd3 req-a755edc0-0461-4822-a825-f6ce738e4fd3 ] Request (ServerActionsTestJSON:setUpClass): 200 GET http://10.180.1.21/compute/v2.1/servers/d71fcc6b-60e4-4a93-8333-f116106ec82b 0.058s
2025-04-03 19:36:20.833 71049 INFO tempest.lib.common.rest_client [req-559e19e2-a11f-46b5-bf9f-b1bfe25c0c5b req-559e19e2-a11f-46b5-bf9f-b1bfe25c0c5b ] Request (ServerMetadataTestJSON:setUpClass): 200 GET http://10.180.1.21/compute/v2.1/servers/635ba1b8-57b8-4f9e-8665-58fb8953d176 0.059s
2025-04-03 19:36:20.896 71051 INFO tempest.lib.common.rest_client [req-840fa8ca-0fe3-4012-84bf-7541137cd20e req-840fa8ca-0fe3-4012-84bf-7541137cd20e ] Request (ServersTestBootFromVolume:setUpClass): 200 GET http://10.180.1.21/compute/v2.1/servers/10dc4b43-f716-4a8f-8ba7-fbb32db1aa13 0.054s
2025-04-03 19:36:20.963 71061 INFO tempest.lib.common.rest_client [req-86f51bae-9691-4df3-a5ad-80b45c0afbe3 req-86f51bae-9691-4df3-a5ad-80b45c0afbe3 ] Request (InstanceActionsNegativeTestJSON:setUpClass): 200 GET http://10.180.1.21/compute/v2.1/servers/c0e52901-6ed2-4dbc-9d5b-9da47ebc06f1 0.059s
2025-04-03 19:36:20.979 71015 INFO tempest.lib.common.rest_client [req-e208d3be-c790-4d8a-8432-e6229e258ad6 req-e208d3be-c790-4d8a-8432-e6229e258ad6 ] Request (ListServerFiltersTestJSON:setUpClass): 200 GET http://10.180.1.21/compute/v2.1/servers/fb7a867e-cd53-47de-81b8-ecca62a9c82c 0.142s
2025-04-03 19:36:20.986 71015 INFO tempest.common.waiters [-] State transition "BUILD/None" ==> "BUILD/networking" after 59 second wait
2025-04-03 19:36:21.023 71019 INFO tempest.lib.common.rest_client [req-fc98f6a9-324f-4102-9915-5254f4b21212 req-fc98f6a9-324f-4102-9915-5254f4b21212 ] Request (FloatingIPsAssociationTestJSON:tearDownClass): 200 GET http://10.180.1.21/compute/v2.1/servers/5568be61-b000-400f-b695-beb26c1d52c7 0.080s
2025-04-03 19:36:21.050 71041 INFO tempest.lib.common.rest_client [req-ba668b46-5360-42f8-b483-8a4a36e924f1 req-ba668b46-5360-42f8-b483-8a4a36e924f1 ] Request (SecurityGroupsTestJSON:test_server_security_groups): 200 GET http://10.180.1.21/compute/v2.1/servers/e4957660-16be-4dc4-b691-bc6bab8cb1e4 0.077s
2025-04-03 19:36:21.086 71047 INFO tempest.lib.common.rest_client [req-0d228b7a-8ad0-4aff-a9d9-86c66c6c054c req-0d228b7a-8ad0-4aff-a9d9-86c66c6c054c ] Request (ServerAddressesNegativeTestJSON:setUpClass): 200 GET http://10.180.1.21/compute/v2.1/servers/d4f03fe1-b12a-44c6-93a7-33ae77d4537d 0.056s
2025-04-03 19:36:21.265 70999 INFO tempest.lib.common.rest_client [req-b488314f-80d8-4c18-807a-8aca3cd19030 req-b488314f-80d8-4c18-807a-8aca3cd19030 ] Request (DeleteServersAdminTestJSON:test_delete_server_while_in_error_state): 200 GET http://10.180.1.21/compute/v2.1/servers/644b6351-0c3e-4af4-83f2-8f19d3be4041 0.057s
2025-04-03 19:36:21.311 71007 INFO tempest.lib.common.rest_client [req-7f7c63fa-fd8a-4bf9-abd9-d80756834ef4 req-7f7c63fa-fd8a-4bf9-abd9-d80756834ef4 ] Request (ServerShowV247Test:test_update_rebuild_list_server): 200 GET http://10.180.1.21/compute/v2.1/servers/84f522d4-ee16-4b48-88a4-c45d75932a4a 0.054s
2025-04-03 19:36:21.362 71045 INFO tempest.lib.common.rest_client [req-2041e20b-7d23-4d3b-a74b-a36e58e116d3 req-2041e20b-7d23-4d3b-a74b-a36e58e116d3 ] Request (ImagesTestJSON:test_create_image_from_suspended_server): 200 GET http://10.180.1.21/compute/v2.1/servers/11c8e46a-fa8c-4081-b323-a21d6869c91e 0.055s
2025-04-03 19:36:21.376 71043 INFO tempest.lib.common.rest_client [req-dfec22e4-febe-4445-8516-b7aa96f68bbf req-dfec22e4-febe-4445-8516-b7aa96f68bbf ] Request (ServerMetadataNegativeTestJSON:tearDownClass): 200 GET http://10.180.1.21/compute/v2.1/servers/6bfbfb8c-0944-41e5-9d2b-6edd03cedcf5 0.057s
2025-04-03 19:36:21.443 71025 INFO tempest.lib.common.rest_client [req-a2e2d72f-4e26-44e9-9160-a745ad0ad47f req-a2e2d72f-4e26-44e9-9160-a745ad0ad47f ] Request (MigrationsAdminTest:test_resize_server_revert_deleted_flavor): 200 GET http://10.180.1.21/compute/v2.1/servers/efe01f7a-daad-4592-8e37-25c3ee91c54e 0.062s
2025-04-03 19:36:21.448 71055 INFO tempest.lib.common.rest_client [req-ed81c306-3253-4b1f-aef6-2a0b625c0134 req-ed81c306-3253-4b1f-aef6-2a0b625c0134 ] Request (ServersAdminTestJSON:test_inject_network_info): 200 GET http://10.180.1.21/compute/v2.1/servers/6896b86f-def0-43dd-b574-09837f1d1216 0.063s
2025-04-03 19:36:21.515 71057 INFO tempest.lib.common.rest_client [req-21601279-caea-4c42-9e4e-891b2cb40aa5 req-21601279-caea-4c42-9e4e-891b2cb40aa5 ] Request (ImagesOneServerTestJSON:setUpClass): 200 GET http://10.180.1.21/compute/v2.1/servers/f0f2b816-cd6d-4c0f-8615-73f1ca7bc00a 0.063s
2025-04-03 19:36:21.516 71003 INFO tempest.lib.common.rest_client [req-b6d366fc-bd00-44f1-b19c-bac862b46efb req-b6d366fc-bd00-44f1-b19c-bac862b46efb ] Request (ServerRescueTestJSONUnderV235:setUpClass): 200 GET http://10.180.1.21/compute/v2.1/servers/d7f3e5ef-b15a-431b-bafc-c97138988bb6 0.063s
2025-04-03 19:36:21.572 71001 INFO tempest.lib.common.rest_client [req-f5b2b03b-2f7b-49be-893b-727d2200114a req-f5b2b03b-2f7b-49be-893b-727d2200114a ] Request (MultipleCreateTestJSON:test_multiple_create_with_reservation_return): 200 GET http://10.180.1.21/compute/v2.1/servers/a5ff0511-88a3-42f3-909b-4383bd8f80d9 0.069s
2025-04-03 19:36:21.589 71027 INFO tempest.lib.common.rest_client [req-5ebb1bb8-c9ff-4923-bb59-7c710759d4b4 req-5ebb1bb8-c9ff-4923-bb59-7c710759d4b4 ] Request (ServersAdminNegativeTestJSON:test_migrate_server_invalid_state): 200 GET http://10.180.1.21/compute/v2.1/servers/a100311d-31cd-4940-9e04-1572afdd5a42 0.059s
2025-04-03 19:36:21.607 71005 INFO tempest.lib.common.rest_client [req-44b6eecc-8fae-4632-a57a-64deec03f2f9 req-44b6eecc-8fae-4632-a57a-64deec03f2f9 ] Request (ListImageFiltersTestJSON:setUpClass): 200 GET http://10.180.1.21/compute/v2.1/images/004fe5fe-f965-4344-92dd-25ef4f9f7817 0.077s
2025-04-03 19:36:21.645 71029 INFO tempest.lib.common.rest_client [req-77a4cb01-464d-4234-bbf8-78fb189686a5 req-77a4cb01-464d-4234-bbf8-78fb189686a5 ] Request (VolumesAssistedSnapshotsTest:test_volume_assisted_snapshot_create_delete): 200 GET http://10.180.1.21/compute/v2.1/servers/a02eecf2-3d70-4e2d-8201-bc46f0e6f86d 0.069s
2025-04-03 19:36:21.679 71053 INFO tempest.lib.common.rest_client [req-312f2bfd-a31f-43c8-875b-8ed911f88a3b req-312f2bfd-a31f-43c8-875b-8ed911f88a3b ] Request (VolumesAdminNegativeTest:test_update_attached_volume_with_nonexistent_volume_in_body): 200 GET http://10.180.1.21/compute/v2.1/servers/c73bc43a-7ff8-4f69-90a7-841bfe5c7e05 0.052s
2025-04-03 19:36:21.720 71011 INFO tempest.lib.common.rest_client [req-8d0c16f1-d885-4075-889b-93ce513d4d63 req-8d0c16f1-d885-4075-889b-93ce513d4d63 ] Request (ServerAddressesTestJSON:tearDownClass): 200 GET http://10.180.1.21/compute/v2.1/servers/c90cd3a8-ff60-4efe-bb79-bbb450d7326d 0.065s
2025-04-03 19:36:21.732 71035 INFO tempest.lib.common.rest_client [req-7bae7faf-2c7c-4e58-9b2d-7daf2c98c053 req-7bae7faf-2c7c-4e58-9b2d-7daf2c98c053 ] Request (ImagesNegativeTestJSON:test_create_image_from_deleted_server): 200 GET http://10.180.1.21/compute/v2.1/servers/a2e2e92b-90ee-4242-a4e6-0deaa0593a91 0.050s
2025-04-03 19:36:21.788 71013 INFO tempest.lib.common.rest_client [req-29829792-9f72-43d8-8183-d817214d6144 req-29829792-9f72-43d8-8183-d817214d6144 ] Request (ServersV294TestFqdnHostnames:setUpClass): 200 GET http://10.180.1.21/compute/v2.1/servers/2c36922b-ddcf-4e9f-bf35-f5aaf7400329 0.058s
2025-04-03 19:36:21.840 71021 INFO tempest.lib.common.rest_client [req-0a2353ca-a270-43f7-8bec-31008476cd60 req-0a2353ca-a270-43f7-8bec-31008476cd60 ] Request (ServersTestMultiNic:test_verify_multiple_nics_order): 200 GET http://10.180.1.21/compute/v2.1/servers/e1ccd6a9-267a-4e45-bf12-c63524c43b78 0.059s
2025-04-03 19:36:21.856 71023 INFO tempest.lib.common.rest_client [req-5154b10f-d037-4972-aea1-540f57423408 req-5154b10f-d037-4972-aea1-540f57423408 ] Request (ServersAdmin275Test:test_rebuild_update_server_275): 200 GET http://10.180.1.21/compute/v2.1/servers/9231fe98-18d7-43fd-975b-872c393bc825 0.064s
2025-04-03 19:36:21.885 71009 INFO tempest.lib.common.rest_client [req-5740cb55-142c-4f1a-b902-8d88c2403510 req-5740cb55-142c-4f1a-b902-8d88c2403510 ] Request (ServerActionsTestJSON:setUpClass): 200 GET http://10.180.1.21/compute/v2.1/servers/d71fcc6b-60e4-4a93-8333-f116106ec82b 0.058s
2025-04-03 19:36:21.897 71049 INFO tempest.lib.common.rest_client [req-ccceaddc-ea2b-484c-aede-a61e7565ed22 req-ccceaddc-ea2b-484c-aede-a61e7565ed22 ] Request (ServerMetadataTestJSON:setUpClass): 200 GET http://10.180.1.21/compute/v2.1/servers/635ba1b8-57b8-4f9e-8665-58fb8953d176 0.056s
2025-04-03 19:36:21.952 71051 INFO tempest.lib.common.rest_client [req-8e6404bc-62a6-4c90-a9dc-a5dd483bd276 req-8e6404bc-62a6-4c90-a9dc-a5dd483bd276 ] Request (ServersTestBootFromVolume:setUpClass): 200 GET http://10.180.1.21/compute/v2.1/servers/10dc4b43-f716-4a8f-8ba7-fbb32db1aa13 0.048s
2025-04-03 19:36:22.023 71061 INFO tempest.lib.common.rest_client [req-26ce7cbc-4209-40fe-97eb-dcb8740fc590 req-26ce7cbc-4209-40fe-97eb-dcb8740fc590 ] Request (InstanceActionsNegativeTestJSON:setUpClass): 200 GET http://10.180.1.21/compute/v2.1/servers/c0e52901-6ed2-4dbc-9d5b-9da47ebc06f1 0.052s
2025-04-03 19:36:22.101 71019 INFO tempest.lib.common.rest_client [req-b7f1c6e3-dfe7-4977-a0ed-fdf48b34bebe req-b7f1c6e3-dfe7-4977-a0ed-fdf48b34bebe ] Request (FloatingIPsAssociationTestJSON:tearDownClass): 200 GET http://10.180.1.21/compute/v2.1/servers/5568be61-b000-400f-b695-beb26c1d52c7 0.070s
2025-04-03 19:36:22.114 71015 INFO tempest.lib.common.rest_client [req-de2f7f31-03f7-44cf-a41b-e56dcd82bff2 req-de2f7f31-03f7-44cf-a41b-e56dcd82bff2 ] Request (ListServerFiltersTestJSON:setUpClass): 200 GET http://10.180.1.21/compute/v2.1/servers/fb7a867e-cd53-47de-81b8-ecca62a9c82c 0.127s
2025-04-03 19:36:22.123 71015 INFO tempest.common.waiters [-] State transition "BUILD/networking" ==> "BUILD/spawning" after 61 second wait
2025-04-03 19:36:22.150 71041 INFO tempest.lib.common.rest_client [req-cc98433c-45ef-4130-a9c5-42f9bbcd0572 req-cc98433c-45ef-4130-a9c5-42f9bbcd0572 ] Request (SecurityGroupsTestJSON:test_server_security_groups): 200 GET http://10.180.1.21/compute/v2.1/servers/e4957660-16be-4dc4-b691-bc6bab8cb1e4 0.092s
2025-04-03 19:36:22.165 71047 INFO tempest.lib.common.rest_client [req-f05badc3-ad3b-4584-b4b9-10b84613b203 req-f05badc3-ad3b-4584-b4b9-10b84613b203 ] Request (ServerAddressesNegativeTestJSON:setUpClass): 200 GET http://10.180.1.21/compute/v2.1/servers/d4f03fe1-b12a-44c6-93a7-33ae77d4537d 0.071s
2025-04-03 19:36:22.331 70999 INFO tempest.lib.common.rest_client [req-ca4e4fca-9f55-477d-8211-fa723138960f req-ca4e4fca-9f55-477d-8211-fa723138960f ] Request (DeleteServersAdminTestJSON:test_delete_server_while_in_error_state): 200 GET http://10.180.1.21/compute/v2.1/servers/644b6351-0c3e-4af4-83f2-8f19d3be4041 0.057s
2025-04-03 19:36:22.377 71007 INFO tempest.lib.common.rest_client [req-884a1c61-01c8-41f8-8163-fe531b3febd8 req-884a1c61-01c8-41f8-8163-fe531b3febd8 ] Request (ServerShowV247Test:test_update_rebuild_list_server): 200 GET http://10.180.1.21/compute/v2.1/servers/84f522d4-ee16-4b48-88a4-c45d75932a4a 0.056s
