2025-04-03 19:37:26.887 71009 INFO tempest.lib.common.rest_client [req-c8bdc2de-3c0c-4b25-ac65-d63d2e8bbd46 req-c8bdc2de-3c0c-4b25-ac65-d63d2e8bbd46 ] Request (ServerActionsTestJSON:setUpClass): 200 GET http://10.180.1.21/compute/v2.1/servers/d71fcc6b-60e4-4a93-8333-f116106ec82b 0.450s
2025-04-03 19:37:26.903 71061 INFO tempest.lib.common.rest_client [req-a9c1a826-7155-4b9b-bd5b-6e68cfaf77cf req-a9c1a826-7155-4b9b-bd5b-6e68cfaf77cf ] Request (InstanceActionsNegativeTestJSON:setUpClass): 200 GET http://10.180.1.21/compute/v2.1/servers/c0e52901-6ed2-4dbc-9d5b-9da47ebc06f1 0.388s
2025-04-03 19:37:26.996 71027 INFO tempest.lib.common.rest_client [req-016a7bcc-6ddd-42bc-8a2c-634113f305c9 req-016a7bcc-6ddd-42bc-8a2c-634113f305c9 ] Request (ServersAdminNegativeTestJSON:tearDownClass): 200 GET http://10.180.1.21/compute/v2.1/servers/a100311d-31cd-4940-9e04-1572afdd5a42 0.481s
2025-04-03 19:37:26.998 71031 INFO tempest.lib.common.rest_client [req-b69e3abe-5085-4a82-9780-2ccc599bdb32 req-b69e3abe-5085-4a82-9780-2ccc599bdb32 ] Request (ServersTestJSON:tearDownClass): 200 GET http://10.180.1.21/compute/v2.1/servers/ecf7e324-2b6c-43dd-b257-854a912604b1 0.403s
2025-04-03 19:37:27.099 71013 INFO tempest.lib.common.rest_client [req-e0d460aa-6118-4d36-9685-226489e567a2 req-e0d460aa-6118-4d36-9685-226489e567a2 ] Request (ServersV294TestFqdnHostnames:tearDownClass): 204 DELETE http://10.180.1.21/compute/v2.1/servers/2c36922b-ddcf-4e9f-bf35-f5aaf7400329 0.500s
2025-04-03 19:37:27.365 71047 INFO tempest.lib.common.rest_client [req-208392e7-8753-4da1-91a4-5d24272e1ea5 req-208392e7-8753-4da1-91a4-5d24272e1ea5 ] Request (ServerAddressesNegativeTestJSON:tearDownClass): 200 GET http://10.180.1.21/compute/v2.1/servers/d4f03fe1-b12a-44c6-93a7-33ae77d4537d 0.708s
2025-04-03 19:37:27.483 70999 INFO tempest.lib.common.rest_client [req-9afed206-23bd-4dc3-bca8-8c285c62ec53 req-9afed206-23bd-4dc3-bca8-8c285c62ec53 ] Request (FloatingIPsAssociationNegativeTestJSON:setUpClass): 200 GET http://10.180.1.21/compute/v2.1/servers/e85c185c-9e92-4539-a3f4-105c29b1a018 0.794s
2025-04-03 19:37:27.486 71007 INFO tempest.lib.common.rest_client [req-12486414-b240-44a1-8c32-f8d5ffdf4f32 req-12486414-b240-44a1-8c32-f8d5ffdf4f32 ] Request (ServerShowV247Test:test_update_rebuild_list_server): 200 GET http://10.180.1.21/compute/v2.1/servers/84f522d4-ee16-4b48-88a4-c45d75932a4a 0.772s
2025-04-03 19:37:27.585 71025 INFO tempest.lib.common.rest_client [req-df9d73c4-97ff-43b3-89f5-46d8db9be19c req-df9d73c4-97ff-43b3-89f5-46d8db9be19c ] Request (MigrationsAdminTest:test_resize_server_revert_deleted_flavor): 200 GET http://10.180.1.21/compute/v2.1/servers/efe01f7a-daad-4592-8e37-25c3ee91c54e 0.758s
2025-04-03 19:37:27.590 71041 INFO tempest.lib.common.rest_client [req-347b2200-93ef-4d78-ac4f-7f21ce5d4ba0 req-347b2200-93ef-4d78-ac4f-7f21ce5d4ba0 ] Request (SecurityGroupsTestJSON:test_server_security_groups): 200 GET http://10.180.1.21/compute/v2.1/servers/e4957660-16be-4dc4-b691-bc6bab8cb1e4 0.846s
2025-04-03 19:37:27.690 71003 INFO tempest.lib.common.rest_client [req-3ca2c8bb-6a1c-488f-a32a-1db55ac69799 req-3ca2c8bb-6a1c-488f-a32a-1db55ac69799 ] Request (ServerRescueTestJSONUnderV235:tearDownClass): 200 GET http://10.180.1.21/compute/v2.1/servers/d7f3e5ef-b15a-431b-bafc-c97138988bb6 0.801s
2025-04-03 19:37:27.795 71005 INFO tempest.lib.common.rest_client [req-f0c4ef4b-713c-49a1-a4b8-838dff153b28 req-f0c4ef4b-713c-49a1-a4b8-838dff153b28 ] Request (ListImageFiltersTestJSON:tearDownClass): 200 GET http://10.180.1.21/compute/v2.1/servers/f309e06b-e607-4c2f-9743-8cba2f49ae08 0.818s
2025-04-03 19:37:27.795 71055 INFO tempest.lib.common.rest_client [req-e1bfe0ab-7572-443f-9a8e-a6210fb7c624 req-e1bfe0ab-7572-443f-9a8e-a6210fb7c624 ] Request (ServersAdminTestJSON:test_inject_network_info): 200 GET http://10.180.1.21/compute/v2.1/servers/6896b86f-def0-43dd-b574-09837f1d1216 0.893s
2025-04-03 19:37:27.865 71001 INFO tempest.lib.common.rest_client [req-d07fd613-c996-4d14-87ee-c060b17befd3 req-d07fd613-c996-4d14-87ee-c060b17befd3 ] Request (MultipleCreateTestJSON:test_multiple_create_with_reservation_return): 200 GET http://10.180.1.21/compute/v2.1/servers/a5ff0511-88a3-42f3-909b-4383bd8f80d9 0.824s
2025-04-03 19:37:27.873 71001 INFO tempest.common.waiters [-] State transition "BUILD/scheduling" ==> "BUILD/None" after 71 second wait
2025-04-03 19:37:27.954 71045 INFO tempest.lib.common.rest_client [req-298538aa-c618-4f14-b42c-d6695ebbe1c2 req-298538aa-c618-4f14-b42c-d6695ebbe1c2 ] Request (ImagesTestJSON:test_create_server_from_snapshot): 200 GET http://10.180.1.21/compute/v2.1/servers/47cb1c3e-225c-4b79-8c16-0c2961e7f4eb 0.843s
2025-04-03 19:37:28.009 71057 INFO tempest.lib.common.rest_client [req-f5349a11-fcc4-4a51-822b-2b5f7707de47 req-f5349a11-fcc4-4a51-822b-2b5f7707de47 ] Request (ImagesOneServerTestJSON:test_create_image_specify_multibyte_character_image_name): 200 GET http://10.180.1.21/compute/v2.1/images/251726f0-b7d1-4117-8da8-ec219fb65a15 0.862s
2025-04-03 19:37:28.071 71019 INFO tempest.lib.common.rest_client [req-8341ea28-3009-48a2-834b-a60bf07b5cb5 req-8341ea28-3009-48a2-834b-a60bf07b5cb5 ] Request (InstanceActionsV221TestJSON:test_get_list_deleted_instance_actions): 200 GET http://10.180.1.21/compute/v2.1/servers/77a643e9-ec9f-4be2-90fc-2e31f3fb780c 0.828s
2025-04-03 19:37:28.092 71013 INFO tempest.lib.common.rest_client [req-ec242383-a44c-4e55-b937-9bd2d5f74e4f req-ec242383-a44c-4e55-b937-9bd2d5f74e4f ] Request (ServersV294TestFqdnHostnames:tearDownClass): 200 GET http://10.180.1.21/compute/v2.1/servers/2c36922b-ddcf-4e9f-bf35-f5aaf7400329 0.993s
2025-04-03 19:37:28.129 71015 INFO tempest.lib.common.rest_client [req-2e0cf695-3c42-43df-bebe-96fec9be695f req-2e0cf695-3c42-43df-bebe-96fec9be695f ] Request (ListServerFiltersTestJSON:tearDownClass): 200 GET http://10.180.1.21/compute/v2.1/servers/323dd4ff-8238-4ad3-b33c-589985456071 0.772s
2025-04-03 19:37:28.148 71035 INFO tempest.lib.common.rest_client [req-1a54593a-4ee9-43b5-86e6-bef39db68ba2 req-1a54593a-4ee9-43b5-86e6-bef39db68ba2 ] Request (ImagesNegativeTestJSON:test_create_image_from_deleted_server): 200 GET http://10.180.1.21/compute/v2.1/servers/a2e2e92b-90ee-4242-a4e6-0deaa0593a91 0.712s
2025-04-03 19:37:28.205 71011 INFO tempest.lib.common.rest_client [req-051b0e2f-984f-48d6-8dc7-7f59e23898ef req-051b0e2f-984f-48d6-8dc7-7f59e23898ef ] Request (ServersListShow298Test:test_list_show_update_rebuild_server_298): 200 GET http://10.180.1.21/compute/v2.1/servers/79e26b03-2c71-4204-8e9e-218a1cef1022 0.728s
2025-04-03 19:37:28.215 71017 INFO tempest.lib.common.rest_client [req-bcca4415-2b2e-4cf9-af20-ed3e48975dc5 req-bcca4415-2b2e-4cf9-af20-ed3e48975dc5 ] Request (AttachVolumeNegativeTest:test_attach_attached_volume_to_different_server): 200 GET http://10.180.1.21/compute/v2.1/servers/202f5758-4b86-4768-9bb3-1fab0e90e8c2 0.631s
2025-04-03 19:37:28.261 71023 INFO tempest.lib.common.rest_client [req-1bfed56e-423e-4ff1-91b0-5dfa1c448413 req-1bfed56e-423e-4ff1-91b0-5dfa1c448413 ] Request (AttachInterfacesTestJSON:test_create_list_show_delete_interfaces_by_fixed_ip): 200 GET http://10.180.1.21/compute/v2.1/servers/bc655189-5874-4019-bf25-cb2ce45ed2ed 0.569s
2025-04-03 19:37:28.284 71051 INFO tempest.lib.common.rest_client [req-cf1fe44e-6bc3-49a5-b335-09fae204c464 req-cf1fe44e-6bc3-49a5-b335-09fae204c464 ] Request (ServersTestBootFromVolume:tearDownClass): 200 GET http://10.180.1.21/compute/v2.1/servers/10dc4b43-f716-4a8f-8ba7-fbb32db1aa13 0.553s
2025-04-03 19:37:28.341 71021 INFO tempest.lib.common.rest_client [req-4ce145a3-1e99-43f7-ac5e-02c5924ec06a req-4ce145a3-1e99-43f7-ac5e-02c5924ec06a ] Request (ServersTestMultiNic:_run_cleanups): 200 GET http://10.180.1.21/compute/v2.1/servers/e1ccd6a9-267a-4e45-bf12-c63524c43b78 0.553s
2025-04-03 19:37:28.342 71049 INFO tempest.lib.common.rest_client [req-e8403ab5-8f67-44af-babe-c108a0641b11 req-e8403ab5-8f67-44af-babe-c108a0641b11 ] Request (ServerMetadataTestJSON:setUpClass): 200 GET http://10.180.1.21/compute/v2.1/servers/635ba1b8-57b8-4f9e-8665-58fb8953d176 0.533s
2025-04-03 19:37:28.392 71009 INFO tempest.lib.common.rest_client [req-b5a89364-c8dc-4262-84df-594341b7e341 req-b5a89364-c8dc-4262-84df-594341b7e341 ] Request (ServerActionsTestJSON:setUpClass): 200 GET http://10.180.1.21/compute/v2.1/servers/d71fcc6b-60e4-4a93-8333-f116106ec82b 0.495s
2025-04-03 19:37:28.399 71061 INFO tempest.lib.common.rest_client [req-7a6897a7-6594-4bb6-9221-2a2ea141ff79 req-7a6897a7-6594-4bb6-9221-2a2ea141ff79 ] Request (InstanceActionsNegativeTestJSON:setUpClass): 200 GET http://10.180.1.21/compute/v2.1/servers/c0e52901-6ed2-4dbc-9d5b-9da47ebc06f1 0.484s
2025-04-03 19:37:28.410 71061 INFO tempest.common.waiters [-] State transition "BUILD/None" ==> "BUILD/networking" after 91 second wait
2025-04-03 19:37:28.461 71031 INFO tempest.lib.common.rest_client [req-d3a243a0-9f03-4928-a6db-e528421982cb req-d3a243a0-9f03-4928-a6db-e528421982cb ] Request (ServersTestJSON:tearDownClass): 200 GET http://10.180.1.21/compute/v2.1/servers/ecf7e324-2b6c-43dd-b257-854a912604b1 0.448s
2025-04-03 19:37:28.463 71027 INFO tempest.lib.common.rest_client [req-a3f55ef3-f076-4999-b83a-348517f8c823 req-a3f55ef3-f076-4999-b83a-348517f8c823 ] Request (ServersAdminNegativeTestJSON:tearDownClass): 200 GET http://10.180.1.21/compute/v2.1/servers/a100311d-31cd-4940-9e04-1572afdd5a42 0.457s
2025-04-03 19:37:28.492 71057 INFO tempest.lib.common.rest_client [req-b5ef49cd-9657-4b55-afec-0d739ddbfbd6 req-b5ef49cd-9657-4b55-afec-0d739ddbfbd6 ] Request (ImagesOneServerTestJSON:test_create_image_specify_multibyte_character_image_name): 200 GET http://10.180.1.21/compute/v2.1/images/251726f0-b7d1-4117-8da8-ec219fb65a15 0.478s
2025-04-03 19:37:28.524 71047 INFO tempest.lib.common.rest_client [req-ee9d8630-e84c-4d93-8bb8-9fd5e5efcbd9 req-ee9d8630-e84c-4d93-8bb8-9fd5e5efcbd9 ] Request (ServerAddressesNegativeTestJSON:tearDownClass): 200 GET http://10.180.1.21/compute/v2.1/servers/d4f03fe1-b12a-44c6-93a7-33ae77d4537d 0.151s
2025-04-03 19:37:28.546 70999 INFO tempest.lib.common.rest_client [req-e4d5e1d0-082c-4513-afd9-f45dfa078fe3 req-e4d5e1d0-082c-4513-afd9-f45dfa078fe3 ] Request (FloatingIPsAssociationNegativeTestJSON:setUpClass): 200 GET http://10.180.1.21/compute/v2.1/servers/e85c185c-9e92-4539-a3f4-105c29b1a018 0.050s
2025-04-03 19:37:28.614 71007 INFO tempest.lib.common.rest_client [req-97c1a73c-6331-454c-a6be-e9d3d9aadc5d req-97c1a73c-6331-454c-a6be-e9d3d9aadc5d ] Request (ServerShowV247Test:test_update_rebuild_list_server): 200 GET http://10.180.1.21/compute/v2.1/servers/84f522d4-ee16-4b48-88a4-c45d75932a4a 0.112s
2025-04-03 19:37:28.682 71041 INFO tempest.lib.common.rest_client [req-d0270800-f0cf-4c89-aa40-a9be175f723a req-d0270800-f0cf-4c89-aa40-a9be175f723a ] Request (SecurityGroupsTestJSON:test_server_security_groups): 200 GET http://10.180.1.21/compute/v2.1/servers/e4957660-16be-4dc4-b691-bc6bab8cb1e4 0.083s
2025-04-03 19:37:28.721 71057 INFO tempest.lib.common.rest_client [req-37777adf-e908-4003-a265-858e32664d4b req-37777adf-e908-4003-a265-858e32664d4b ] Request (ImagesOneServerTestJSON:test_create_image_specify_multibyte_character_image_name): 200 GET http://10.180.1.21/compute/v2.1/servers/f0f2b816-cd6d-4c0f-8615-73f1ca7bc00a 0.225s
2025-04-03 19:37:28.760 71025 INFO tempest.lib.common.rest_client [req-05839bfd-2238-478e-8b67-e87552aeaf98 req-05839bfd-2238-478e-8b67-e87552aeaf98 ] Request (MigrationsAdminTest:test_resize_server_revert_deleted_flavor): 200 GET http://10.180.1.21/compute/v2.1/servers/efe01f7a-daad-4592-8e37-25c3ee91c54e 0.156s
2025-04-03 19:37:28.816 71003 INFO tempest.lib.common.rest_client [req-998e5c21-5878-4e62-93b1-b3097f254532 req-998e5c21-5878-4e62-93b1-b3097f254532 ] Request (ServerRescueTestJSONUnderV235:tearDownClass): 200 GET http://10.180.1.21/compute/v2.1/servers/d7f3e5ef-b15a-431b-bafc-c97138988bb6 0.117s
2025-04-03 19:37:28.901 71005 INFO tempest.lib.common.rest_client [req-49383a9e-2645-46c7-ad28-f845308c6802 req-49383a9e-2645-46c7-ad28-f845308c6802 ] Request (ListImageFiltersTestJSON:tearDownClass): 200 GET http://10.180.1.21/compute/v2.1/servers/f309e06b-e607-4c2f-9743-8cba2f49ae08 0.094s
2025-04-03 19:37:28.970 71001 INFO tempest.lib.common.rest_client [req-afdf538b-4a1b-4133-88c9-4180f2a69dc2 req-afdf538b-4a1b-4133-88c9-4180f2a69dc2 ] Request (MultipleCreateTestJSON:test_multiple_create_with_reservation_return): 200 GET http://10.180.1.21/compute/v2.1/servers/a5ff0511-88a3-42f3-909b-4383bd8f80d9 0.095s
2025-04-03 19:37:28.996 71055 INFO tempest.lib.common.rest_client [req-397917cb-8ea3-4779-871d-33112100787b req-397917cb-8ea3-4779-871d-33112100787b ] Request (ServersAdminTestJSON:test_inject_network_info): 200 GET http://10.180.1.21/compute/v2.1/servers/6896b86f-def0-43dd-b574-09837f1d1216 0.189s
2025-04-03 19:37:29.039 71045 INFO tempest.lib.common.rest_client [req-8e545ff0-f7cc-4a26-825e-c81a4e577057 req-8e545ff0-f7cc-4a26-825e-c81a4e577057 ] Request (ImagesTestJSON:test_create_server_from_snapshot): 200 GET http://10.180.1.21/compute/v2.1/servers/47cb1c3e-225c-4b79-8c16-0c2961e7f4eb 0.069s
2025-04-03 19:37:29.141 71019 INFO tempest.lib.common.rest_client [req-aacd7f5d-88b5-4ab7-bcff-a86d25a7f5d2 req-aacd7f5d-88b5-4ab7-bcff-a86d25a7f5d2 ] Request (InstanceActionsV221TestJSON:test_get_list_deleted_instance_actions): 200 GET http://10.180.1.21/compute/v2.1/servers/77a643e9-ec9f-4be2-90fc-2e31f3fb780c 0.061s
2025-04-03 19:37:29.213 71015 INFO tempest.lib.common.rest_client [req-421025e5-ca88-4490-a76f-61ef8d3b2ad7 req-421025e5-ca88-4490-a76f-61ef8d3b2ad7 ] Request (ListServerFiltersTestJSON:tearDownClass): 200 GET http://10.180.1.21/compute/v2.1/servers/323dd4ff-8238-4ad3-b33c-589985456071 0.072s
2025-04-03 19:37:29.220 71015 INFO tempest.common.waiters [-] State transition "ACTIVE/deleting" ==> "DELETED/None" after 4 second wait
2025-04-03 19:37:29.240 71013 INFO tempest.lib.common.rest_client [req-ea6b22b5-5c86-420d-8b91-9642a6708bb1 req-ea6b22b5-5c86-420d-8b91-9642a6708bb1 ] Request (ServersV294TestFqdnHostnames:tearDownClass): 200 GET http://10.180.1.21/compute/v2.1/servers/2c36922b-ddcf-4e9f-bf35-f5aaf7400329 0.137s
2025-04-03 19:37:29.288 71035 INFO tempest.lib.common.rest_client [req-3d64503a-2235-4ae9-a3a1-ad93b9ed1675 req-3d64503a-2235-4ae9-a3a1-ad93b9ed1675 ] Request (ImagesNegativeTestJSON:test_create_image_from_deleted_server): 200 GET http://10.180.1.21/compute/v2.1/servers/a2e2e92b-90ee-4242-a4e6-0deaa0593a91 0.130s
2025-04-03 19:37:29.313 71011 INFO tempest.lib.common.rest_client [req-30535cc3-a37e-4769-b521-b4e2023b2879 req-30535cc3-a37e-4769-b521-b4e2023b2879 ] Request (ServersListShow298Test:test_list_show_update_rebuild_server_298): 200 GET http://10.180.1.21/compute/v2.1/servers/79e26b03-2c71-4204-8e9e-218a1cef1022 0.093s
2025-04-03 19:37:29.327 71011 INFO tempest.common.waiters [-] State transition "BUILD/scheduling" ==> "BUILD/None" after 61 second wait
2025-04-03 19:37:29.358 71017 INFO tempest.lib.common.rest_client [req-e04623ea-fa75-4599-a361-b38abc63a307 req-e04623ea-fa75-4599-a361-b38abc63a307 ] Request (AttachVolumeNegativeTest:test_attach_attached_volume_to_different_server): 200 GET http://10.180.1.21/compute/v2.1/servers/202f5758-4b86-4768-9bb3-1fab0e90e8c2 0.134s
2025-04-03 19:37:29.387 71023 INFO tempest.lib.common.rest_client [req-6d4662af-8003-441e-9bad-e57bc0cd78d9 req-6d4662af-8003-441e-9bad-e57bc0cd78d9 ] Request (AttachInterfacesTestJSON:test_create_list_show_delete_interfaces_by_fixed_ip): 200 GET http://10.180.1.21/compute/v2.1/servers/bc655189-5874-4019-bf25-cb2ce45ed2ed 0.106s
2025-04-03 19:37:29.418 71051 INFO tempest.lib.common.rest_client [req-b683dcb7-bc49-4d6d-921d-c1a0443b41c9 req-b683dcb7-bc49-4d6d-921d-c1a0443b41c9 ] Request (ServersTestBootFromVolume:tearDownClass): 200 GET http://10.180.1.21/compute/v2.1/servers/10dc4b43-f716-4a8f-8ba7-fbb32db1aa13 0.119s
2025-04-03 19:37:29.461 71049 INFO tempest.lib.common.rest_client [req-f98c2616-bda5-475c-bd70-90769bc44dd7 req-f98c2616-bda5-475c-bd70-90769bc44dd7 ] Request (ServerMetadataTestJSON:setUpClass): 200 GET http://10.180.1.21/compute/v2.1/servers/635ba1b8-57b8-4f9e-8665-58fb8953d176 0.110s
2025-04-03 19:37:29.489 71021 INFO tempest.lib.common.rest_client [req-f8a8a578-03e1-42f0-9a17-7aebd3adfa7c req-f8a8a578-03e1-42f0-9a17-7aebd3adfa7c ] Request (ServersTestMultiNic:_run_cleanups): 200 GET http://10.180.1.21/compute/v2.1/servers/e1ccd6a9-267a-4e45-bf12-c63524c43b78 0.135s
2025-04-03 19:37:29.564 71009 INFO tempest.lib.common.rest_client [req-35b77196-27b3-43ed-809c-c3064483714f req-35b77196-27b3-43ed-809c-c3064483714f ] Request (ServerActionsTestJSON:setUpClass): 200 GET http://10.180.1.21/compute/v2.1/servers/d71fcc6b-60e4-4a93-8333-f116106ec82b 0.153s
2025-04-03 19:37:29.649 71031 INFO tempest.lib.common.rest_client [req-b6c8ef1e-adf1-4af2-9f15-1beaee31dd5f req-b6c8ef1e-adf1-4af2-9f15-1beaee31dd5f ] Request (ServersTestJSON:tearDownClass): 200 GET http://10.180.1.21/compute/v2.1/servers/ecf7e324-2b6c-43dd-b257-854a912604b1 0.179s
2025-04-03 19:37:29.667 71061 INFO tempest.lib.common.rest_client [req-5ae211b5-dc2f-4b46-9ff8-dc6de041d2b5 req-5ae211b5-dc2f-4b46-9ff8-dc6de041d2b5 ] Request (InstanceActionsNegativeTestJSON:setUpClass): 200 GET http://10.180.1.21/compute/v2.1/servers/c0e52901-6ed2-4dbc-9d5b-9da47ebc06f1 0.254s
2025-04-03 19:37:29.670 71053 WARNING tempest.lib.common.ssh [-] Failed to establish authenticated ssh connection to cirros@10.180.180.188 ([Errno None] Unable to connect to port 22 on 10.180.180.188). Number attempts: 6. Retry after 7 seconds.: paramiko.ssh_exception.NoValidConnectionsError: [Errno None] Unable to connect to port 22 on 10.180.180.188
2025-04-03 19:37:29.676 71061 INFO tempest.common.waiters [-] State transition "BUILD/networking" ==> "BUILD/block_device_mapping" after 92 second wait
2025-04-03 19:37:29.727 71027 INFO tempest.lib.common.rest_client [req-bc5a8660-625b-45c0-b5c7-78e7416c0bc9 req-bc5a8660-625b-45c0-b5c7-78e7416c0bc9 ] Request (ServersAdminNegativeTestJSON:tearDownClass): 200 GET http://10.180.1.21/compute/v2.1/servers/a100311d-31cd-4940-9e04-1572afdd5a42 0.255s
2025-04-03 19:37:29.765 71047 INFO tempest.lib.common.rest_client [req-fe323be6-c92b-4363-b3c5-09bc5b6f7fd1 req-fe323be6-c92b-4363-b3c5-09bc5b6f7fd1 ] Request (ServerAddressesNegativeTestJSON:tearDownClass): 200 GET http://10.180.1.21/compute/v2.1/servers/d4f03fe1-b12a-44c6-93a7-33ae77d4537d 0.232s
2025-04-03 19:37:29.801 70999 INFO tempest.lib.common.rest_client [req-95150f5b-6df4-4139-9fd6-0aea4b2ab147 req-95150f5b-6df4-4139-9fd6-0aea4b2ab147 ] Request (FloatingIPsAssociationNegativeTestJSON:setUpClass): 200 GET http://10.180.1.21/compute/v2.1/servers/e85c185c-9e92-4539-a3f4-105c29b1a018 0.242s
2025-04-03 19:37:29.834 71007 INFO tempest.lib.common.rest_client [req-c4bf9a8a-ed70-4462-9ba7-09733007453c req-c4bf9a8a-ed70-4462-9ba7-09733007453c ] Request (ServerShowV247Test:test_update_rebuild_list_server): 200 GET http://10.180.1.21/compute/v2.1/servers/84f522d4-ee16-4b48-88a4-c45d75932a4a 0.204s
2025-04-03 19:37:29.844 71007 INFO tempest.common.waiters [-] State transition "BUILD/spawning" ==> "ACTIVE/None" after 93 second wait
2025-04-03 19:37:29.870 71041 INFO tempest.lib.common.rest_client [req-20756f37-7632-4a3c-b71c-b3f8bc33effb req-20756f37-7632-4a3c-b71c-b3f8bc33effb ] Request (SecurityGroupsTestJSON:test_server_security_groups): 200 GET http://10.180.1.21/compute/v2.1/servers/e4957660-16be-4dc4-b691-bc6bab8cb1e4 0.180s
2025-04-03 19:37:29.930 71025 INFO tempest.lib.common.rest_client [req-aae37b28-d5e4-48f7-a801-f4ed7e3fe000 req-aae37b28-d5e4-48f7-a801-f4ed7e3fe000 ] Request (MigrationsAdminTest:test_resize_server_revert_deleted_flavor): 200 GET http://10.180.1.21/compute/v2.1/servers/efe01f7a-daad-4592-8e37-25c3ee91c54e 0.160s
2025-04-03 19:37:29.961 71057 INFO tempest.lib.common.rest_client [req-df4ff1f4-897a-4387-9925-c9dfd7336787 req-df4ff1f4-897a-4387-9925-c9dfd7336787 ] Request (ImagesOneServerTestJSON:test_create_image_specify_multibyte_character_image_name): 200 GET http://10.180.1.21/compute/v2.1/servers/f0f2b816-cd6d-4c0f-8615-73f1ca7bc00a 0.232s
2025-04-03 19:37:29.974 71057 INFO tempest.common.waiters [-] State transition "ACTIVE/image_uploading" ==> "ACTIVE/None" after 1 second wait
2025-04-03 19:37:29.998 71003 INFO tempest.lib.common.rest_client [req-b841f605-6d52-454d-ab46-ee341c91470f req-b841f605-6d52-454d-ab46-ee341c91470f ] Request (ServerRescueTestJSONUnderV235:tearDownClass): 200 GET http://10.180.1.21/compute/v2.1/servers/d7f3e5ef-b15a-431b-bafc-c97138988bb6 0.173s
2025-04-03 19:37:30.081 71005 INFO tempest.lib.common.rest_client [req-2893565e-80bc-474a-b890-e9435d9c0026 req-2893565e-80bc-474a-b890-e9435d9c0026 ] Request (ListImageFiltersTestJSON:tearDownClass): 200 GET http://10.180.1.21/compute/v2.1/servers/f309e06b-e607-4c2f-9743-8cba2f49ae08 0.169s
2025-04-03 19:37:30.196 71007 INFO tempest.lib.common.rest_client [req-24d34bd5-0925-4b4c-989b-17523d07c81e req-24d34bd5-0925-4b4c-989b-17523d07c81e ] Request (ServerShowV247Test:test_update_rebuild_list_server): 202 POST http://10.180.1.21/compute/v2.1/servers/84f522d4-ee16-4b48-88a4-c45d75932a4a/action 0.351s
2025-04-03 19:37:30.211 71057 INFO tempest.lib.common.rest_client [req-7b338a6a-1517-4646-ab1e-7a3ce6d33811 req-7b338a6a-1517-4646-ab1e-7a3ce6d33811 ] Request (ImagesOneServerTestJSON:tearDownClass): 204 DELETE http://10.180.1.21/compute/v2.1/images/251726f0-b7d1-4117-8da8-ec219fb65a15 0.227s
2025-04-03 19:37:30.246 71001 INFO tempest.lib.common.rest_client [req-68f04e0d-2c3c-482b-9491-e394e5dba2f5 req-68f04e0d-2c3c-482b-9491-e394e5dba2f5 ] Request (MultipleCreateTestJSON:test_multiple_create_with_reservation_return): 200 GET http://10.180.1.21/compute/v2.1/servers/a5ff0511-88a3-42f3-909b-4383bd8f80d9 0.258s
2025-04-03 19:37:30.306 71045 INFO tempest.lib.common.rest_client [req-f9c25d77-9235-4848-931d-222e6b605df7 req-f9c25d77-9235-4848-931d-222e6b605df7 ] Request (ImagesTestJSON:test_create_server_from_snapshot): 200 GET http://10.180.1.21/compute/v2.1/servers/47cb1c3e-225c-4b79-8c16-0c2961e7f4eb 0.258s
2025-04-03 19:37:30.352 71055 INFO tempest.lib.common.rest_client [req-2f9578bb-f5c9-48b8-a774-b11e8e254c5f req-2f9578bb-f5c9-48b8-a774-b11e8e254c5f ] Request (ServersAdminTestJSON:test_inject_network_info): 200 GET http://10.180.1.21/compute/v2.1/servers/6896b86f-def0-43dd-b574-09837f1d1216 0.347s
2025-04-03 19:37:30.364 71019 INFO tempest.lib.common.rest_client [req-187bb6ed-67e4-47c2-b5f3-396420229928 req-187bb6ed-67e4-47c2-b5f3-396420229928 ] Request (InstanceActionsV221TestJSON:test_get_list_deleted_instance_actions): 200 GET http://10.180.1.21/compute/v2.1/servers/77a643e9-ec9f-4be2-90fc-2e31f3fb780c 0.209s
2025-04-03 19:37:30.380 71057 INFO tempest.lib.common.rest_client [req-2238d359-b268-4397-80dd-fc5a1766a7bd req-2238d359-b268-4397-80dd-fc5a1766a7bd ] Request (ImagesOneServerTestJSON:tearDownClass): 404 DELETE http://10.180.1.21/compute/v2.1/images/b7b3e371-010b-41b4-804b-e57e6b4c8b37 0.168s
2025-04-03 19:37:30.405 71007 INFO tempest.lib.common.rest_client [req-15d239b7-314b-4c8e-ac1c-e11d504bc505 req-15d239b7-314b-4c8e-ac1c-e11d504bc505 ] Request (ServerShowV247Test:test_update_rebuild_list_server): 200 GET http://10.180.1.21/compute/v2.1/servers/84f522d4-ee16-4b48-88a4-c45d75932a4a 0.202s
2025-04-03 19:37:30.434 71015 INFO tempest.lib.common.rest_client [req-be635dc2-c764-4975-b2dd-1b501c63d47a req-be635dc2-c764-4975-b2dd-1b501c63d47a ] Request (ListServerFiltersTestJSON:tearDownClass): 200 GET http://10.180.1.21/compute/v2.1/servers/323dd4ff-8238-4ad3-b33c-589985456071 0.213s
2025-04-03 19:37:30.455 71013 INFO tempest.lib.common.rest_client [req-84a54389-e774-460a-b1fd-db4840696ac5 req-84a54389-e774-460a-b1fd-db4840696ac5 ] Request (ServersV294TestFqdnHostnames:tearDownClass): 200 GET http://10.180.1.21/compute/v2.1/servers/2c36922b-ddcf-4e9f-bf35-f5aaf7400329 0.203s
2025-04-03 19:37:30.489 71035 INFO tempest.lib.common.rest_client [req-99f3dc7a-f08c-4b96-bbf3-0ba021d89c02 req-99f3dc7a-f08c-4b96-bbf3-0ba021d89c02 ] Request (ImagesNegativeTestJSON:test_create_image_from_deleted_server): 200 GET http://10.180.1.21/compute/v2.1/servers/a2e2e92b-90ee-4242-a4e6-0deaa0593a91 0.190s
2025-04-03 19:37:30.513 71011 INFO tempest.lib.common.rest_client [req-96db3d52-a6fd-431c-9063-173331d5d0c2 req-96db3d52-a6fd-431c-9063-173331d5d0c2 ] Request (ServersListShow298Test:test_list_show_update_rebuild_server_298): 200 GET http://10.180.1.21/compute/v2.1/servers/79e26b03-2c71-4204-8e9e-218a1cef1022 0.186s
2025-04-03 19:37:30.540 71017 INFO tempest.lib.common.rest_client [req-3f8426c3-27e1-48a4-b0fc-1aeb479f6546 req-3f8426c3-27e1-48a4-b0fc-1aeb479f6546 ] Request (AttachVolumeNegativeTest:test_attach_attached_volume_to_different_server): 200 GET http://10.180.1.21/compute/v2.1/servers/202f5758-4b86-4768-9bb3-1fab0e90e8c2 0.173s
2025-04-03 19:37:30.586 71057 INFO tempest.lib.common.rest_client [req-77ec249c-9bb8-47a4-9f51-80a222e3c94f req-77ec249c-9bb8-47a4-9f51-80a222e3c94f ] Request (ImagesOneServerTestJSON:tearDownClass): 204 DELETE http://10.180.1.21/compute/v2.1/servers/f0f2b816-cd6d-4c0f-8615-73f1ca7bc00a 0.205s
2025-04-03 19:37:30.589 71023 INFO tempest.lib.common.rest_client [req-4afa8601-e876-4003-b899-56733daf30e9 req-4afa8601-e876-4003-b899-56733daf30e9 ] Request (AttachInterfacesTestJSON:test_create_list_show_delete_interfaces_by_fixed_ip): 200 GET http://10.180.1.21/compute/v2.1/servers/bc655189-5874-4019-bf25-cb2ce45ed2ed 0.191s
2025-04-03 19:37:30.653 71049 INFO tempest.lib.common.rest_client [req-4bca96b6-a515-4b02-9cff-3180a59b0843 req-4bca96b6-a515-4b02-9cff-3180a59b0843 ] Request (ServerMetadataTestJSON:setUpClass): 200 GET http://10.180.1.21/compute/v2.1/servers/635ba1b8-57b8-4f9e-8665-58fb8953d176 0.184s
2025-04-03 19:37:30.663 71051 INFO tempest.lib.common.rest_client [req-a2874fad-8620-445e-9b41-047fca2fb942 req-a2874fad-8620-445e-9b41-047fca2fb942 ] Request (ServersTestBootFromVolume:tearDownClass): 200 GET http://10.180.1.21/compute/v2.1/servers/10dc4b43-f716-4a8f-8ba7-fbb32db1aa13 0.236s
2025-04-03 19:37:30.671 71051 INFO tempest.common.waiters [-] State transition "ACTIVE/deleting" ==> "DELETED/None" after 8 second wait
2025-04-03 19:37:30.734 71009 INFO tempest.lib.common.rest_client [req-e51fa8bd-275d-4800-966d-d933e5db1263 req-e51fa8bd-275d-4800-966d-d933e5db1263 ] Request (ServerActionsTestJSON:setUpClass): 200 GET http://10.180.1.21/compute/v2.1/servers/d71fcc6b-60e4-4a93-8333-f116106ec82b 0.158s
2025-04-03 19:37:30.735 71021 INFO tempest.lib.common.rest_client [req-eb4abad0-d310-428a-a7b5-44e64d958333 req-eb4abad0-d310-428a-a7b5-44e64d958333 ] Request (ServersTestMultiNic:_run_cleanups): 200 GET http://10.180.1.21/compute/v2.1/servers/e1ccd6a9-267a-4e45-bf12-c63524c43b78 0.231s
2025-04-03 19:37:30.839 71031 INFO tempest.lib.common.rest_client [req-642f9044-410c-40f8-869c-d384fb5b8ef9 req-642f9044-410c-40f8-869c-d384fb5b8ef9 ] Request (ServersTestJSON:tearDownClass): 200 GET http://10.180.1.21/compute/v2.1/servers/ecf7e324-2b6c-43dd-b257-854a912604b1 0.181s
2025-04-03 19:37:30.949 71057 INFO tempest.lib.common.rest_client [req-a6805f99-2e29-42c6-8930-b199f8efe776 req-a6805f99-2e29-42c6-8930-b199f8efe776 ] Request (ImagesOneServerTestJSON:tearDownClass): 200 GET http://10.180.1.21/compute/v2.1/servers/f0f2b816-cd6d-4c0f-8615-73f1ca7bc00a 0.363s
2025-04-03 19:37:30.985 71061 INFO tempest.lib.common.rest_client [req-068311e6-67cd-4fd0-ac8a-b6dbe491c090 req-068311e6-67cd-4fd0-ac8a-b6dbe491c090 ] Request (InstanceActionsNegativeTestJSON:setUpClass): 200 GET http://10.180.1.21/compute/v2.1/servers/c0e52901-6ed2-4dbc-9d5b-9da47ebc06f1 0.308s
2025-04-03 19:37:30.993 71061 INFO tempest.common.waiters [-] State transition "BUILD/block_device_mapping" ==> "BUILD/spawning" after 93 second wait
2025-04-03 19:37:31.007 71027 INFO tempest.lib.common.rest_client [req-dda4ab0c-ba47-4cb2-b9e9-77a2e1e8a1fe req-dda4ab0c-ba47-4cb2-b9e9-77a2e1e8a1fe ] Request (ServersAdminNegativeTestJSON:tearDownClass): 200 GET http://10.180.1.21/compute/v2.1/servers/a100311d-31cd-4940-9e04-1572afdd5a42 0.267s
2025-04-03 19:37:31.041 71047 INFO tempest.lib.common.rest_client [req-964f81b2-c568-4e4d-a108-36c187ff7350 req-964f81b2-c568-4e4d-a108-36c187ff7350 ] Request (ServerAddressesNegativeTestJSON:tearDownClass): 200 GET http://10.180.1.21/compute/v2.1/servers/d4f03fe1-b12a-44c6-93a7-33ae77d4537d 0.262s
2025-04-03 19:37:31.057 70999 INFO tempest.lib.common.rest_client [req-27b7c67a-1ed9-4396-a117-7241ee13a76a req-27b7c67a-1ed9-4396-a117-7241ee13a76a ] Request (FloatingIPsAssociationNegativeTestJSON:setUpClass): 200 GET http://10.180.1.21/compute/v2.1/servers/e85c185c-9e92-4539-a3f4-105c29b1a018 0.244s
2025-04-03 19:37:31.066 70999 INFO tempest.common.waiters [-] State transition "BUILD/scheduling" ==> "BUILD/None" after 40 second wait
2025-04-03 19:37:31.099 71041 INFO tempest.lib.common.rest_client [req-fadfa4ab-52da-48e1-98dd-845e2de02ac2 req-fadfa4ab-52da-48e1-98dd-845e2de02ac2 ] Request (SecurityGroupsTestJSON:test_server_security_groups): 200 GET http://10.180.1.21/compute/v2.1/servers/e4957660-16be-4dc4-b691-bc6bab8cb1e4 0.219s
2025-04-03 19:37:31.111 71025 INFO tempest.lib.common.rest_client [req-5456bac8-e8eb-408f-a01f-4fc387ca1ab6 req-5456bac8-e8eb-408f-a01f-4fc387ca1ab6 ] Request (MigrationsAdminTest:test_resize_server_revert_deleted_flavor): 200 GET http://10.180.1.21/compute/v2.1/servers/efe01f7a-daad-4592-8e37-25c3ee91c54e 0.170s
2025-04-03 19:37:31.162 71003 INFO tempest.lib.common.rest_client [req-e55b2bad-d450-4a4b-84a1-98178462c9a9 req-e55b2bad-d450-4a4b-84a1-98178462c9a9 ] Request (ServerRescueTestJSONUnderV235:tearDownClass): 200 GET http://10.180.1.21/compute/v2.1/servers/d7f3e5ef-b15a-431b-bafc-c97138988bb6 0.152s
2025-04-03 19:37:31.174 71005 INFO tempest.lib.common.rest_client [req-17209269-349b-4063-a77b-a63216afe8da req-17209269-349b-4063-a77b-a63216afe8da ] Request (ListImageFiltersTestJSON:tearDownClass): 200 GET http://10.180.1.21/compute/v2.1/servers/f309e06b-e607-4c2f-9743-8cba2f49ae08 0.084s
2025-04-03 19:37:31.300 71001 INFO tempest.lib.common.rest_client [req-b2750854-886d-4085-821d-f94732e07d23 req-b2750854-886d-4085-821d-f94732e07d23 ] Request (MultipleCreateTestJSON:test_multiple_create_with_reservation_return): 200 GET http://10.180.1.21/compute/v2.1/servers/a5ff0511-88a3-42f3-909b-4383bd8f80d9 0.046s
2025-04-03 19:37:31.363 71045 INFO tempest.lib.common.rest_client [req-42d0eacf-12c1-4d4e-bab5-7fa652298edf req-42d0eacf-12c1-4d4e-bab5-7fa652298edf ] Request (ImagesTestJSON:test_create_server_from_snapshot): 200 GET http://10.180.1.21/compute/v2.1/servers/47cb1c3e-225c-4b79-8c16-0c2961e7f4eb 0.045s
2025-04-03 19:37:31.388 71029 WARNING tempest.lib.common.ssh [-] Failed to establish authenticated ssh connection to cirros@10.180.180.153 ([Errno None] Unable to connect to port 22 on 10.180.180.153). Number attempts: 1. Retry after 2 seconds.: paramiko.ssh_exception.NoValidConnectionsError: [Errno None] Unable to connect to port 22 on 10.180.180.153
2025-04-03 19:37:31.425 71019 INFO tempest.lib.common.rest_client [req-daf875f8-d32a-49e6-bdfa-7bf9fe1c2377 req-daf875f8-d32a-49e6-bdfa-7bf9fe1c2377 ] Request (InstanceActionsV221TestJSON:test_get_list_deleted_instance_actions): 200 GET http://10.180.1.21/compute/v2.1/servers/77a643e9-ec9f-4be2-90fc-2e31f3fb780c 0.050s
2025-04-03 19:37:31.457 71055 INFO tempest.lib.common.rest_client [req-0b847303-060f-4f75-88e9-d90ed06af7aa req-0b847303-060f-4f75-88e9-d90ed06af7aa ] Request (ServersAdminTestJSON:test_inject_network_info): 200 GET http://10.180.1.21/compute/v2.1/servers/6896b86f-def0-43dd-b574-09837f1d1216 0.096s
2025-04-03 19:37:31.472 71007 INFO tempest.lib.common.rest_client [req-dcb088a9-ef75-432e-9521-7cb0bf0d35a6 req-dcb088a9-ef75-432e-9521-7cb0bf0d35a6 ] Request (ServerShowV247Test:test_update_rebuild_list_server): 200 GET http://10.180.1.21/compute/v2.1/servers/84f522d4-ee16-4b48-88a4-c45d75932a4a 0.056s
2025-04-03 19:37:31.507 71015 INFO tempest.lib.common.rest_client [req-3de83ca9-750a-44b0-8bd3-ae8a0eb25610 req-3de83ca9-750a-44b0-8bd3-ae8a0eb25610 ] Request (ListServerFiltersTestJSON:tearDownClass): 200 GET http://10.180.1.21/compute/v2.1/servers/323dd4ff-8238-4ad3-b33c-589985456071 0.064s
2025-04-03 19:37:31.534 71013 INFO tempest.lib.common.rest_client [req-c3548f9b-8f37-4efb-ac0a-80359a420ac0 req-c3548f9b-8f37-4efb-ac0a-80359a420ac0 ] Request (ServersV294TestFqdnHostnames:tearDownClass): 200 GET http://10.180.1.21/compute/v2.1/servers/2c36922b-ddcf-4e9f-bf35-f5aaf7400329 0.067s
2025-04-03 19:37:31.544 71013 INFO tempest.common.waiters [-] State transition "ACTIVE/deleting" ==> "DELETED/None" after 3 second wait
2025-04-03 19:37:31.561 71035 INFO tempest.lib.common.rest_client [req-2a8ab820-8506-4014-873c-19da113fc380 req-2a8ab820-8506-4014-873c-19da113fc380 ] Request (ImagesNegativeTestJSON:test_create_image_from_deleted_server): 200 GET http://10.180.1.21/compute/v2.1/servers/a2e2e92b-90ee-4242-a4e6-0deaa0593a91 0.065s
2025-04-03 19:37:31.589 71011 INFO tempest.lib.common.rest_client [req-7b085b1e-55b0-402a-abf9-1a7c6a1365d5 req-7b085b1e-55b0-402a-abf9-1a7c6a1365d5 ] Request (ServersListShow298Test:test_list_show_update_rebuild_server_298): 200 GET http://10.180.1.21/compute/v2.1/servers/79e26b03-2c71-4204-8e9e-218a1cef1022 0.064s
2025-04-03 19:37:31.611 71017 INFO tempest.lib.common.rest_client [req-7f872e29-fc33-42a7-913f-a2c7b7cc01c9 req-7f872e29-fc33-42a7-913f-a2c7b7cc01c9 ] Request (AttachVolumeNegativeTest:test_attach_attached_volume_to_different_server): 200 GET http://10.180.1.21/compute/v2.1/servers/202f5758-4b86-4768-9bb3-1fab0e90e8c2 0.064s
2025-04-03 19:37:31.648 71023 INFO tempest.lib.common.rest_client [req-5c9fc402-019b-49b6-8f37-5887eb6e2fd9 req-5c9fc402-019b-49b6-8f37-5887eb6e2fd9 ] Request (AttachInterfacesTestJSON:test_create_list_show_delete_interfaces_by_fixed_ip): 200 GET http://10.180.1.21/compute/v2.1/servers/bc655189-5874-4019-bf25-cb2ce45ed2ed 0.050s
2025-04-03 19:37:31.723 71049 INFO tempest.lib.common.rest_client [req-d276112e-c34e-4b67-81b0-1c57b7618a8d req-d276112e-c34e-4b67-81b0-1c57b7618a8d ] Request (ServerMetadataTestJSON:setUpClass): 200 GET http://10.180.1.21/compute/v2.1/servers/635ba1b8-57b8-4f9e-8665-58fb8953d176 0.057s
2025-04-03 19:37:31.731 71051 INFO tempest.lib.common.rest_client [req-0d7c7ed2-6c0a-44a1-9b41-291d48e3acdd req-0d7c7ed2-6c0a-44a1-9b41-291d48e3acdd ] Request (ServersTestBootFromVolume:tearDownClass): 200 GET http://10.180.1.21/compute/v2.1/servers/10dc4b43-f716-4a8f-8ba7-fbb32db1aa13 0.059s
2025-04-03 19:37:31.814 71009 INFO tempest.lib.common.rest_client [req-d00f696c-382b-4752-80f6-97312ab51167 req-d00f696c-382b-4752-80f6-97312ab51167 ] Request (ServerActionsTestJSON:setUpClass): 200 GET http://10.180.1.21/compute/v2.1/servers/d71fcc6b-60e4-4a93-8333-f116106ec82b 0.071s
2025-04-03 19:37:31.815 71021 INFO tempest.lib.common.rest_client [req-13dee63c-8793-4c8b-8b96-3f3d1e7d0cb1 req-13dee63c-8793-4c8b-8b96-3f3d1e7d0cb1 ] Request (ServersTestMultiNic:_run_cleanups): 200 GET http://10.180.1.21/compute/v2.1/servers/e1ccd6a9-267a-4e45-bf12-c63524c43b78 0.069s
2025-04-03 19:37:31.909 71031 INFO tempest.lib.common.rest_client [req-98286996-3830-43c9-9f5b-c1a8184d163c req-98286996-3830-43c9-9f5b-c1a8184d163c ] Request (ServersTestJSON:tearDownClass): 200 GET http://10.180.1.21/compute/v2.1/servers/ecf7e324-2b6c-43dd-b257-854a912604b1 0.062s
2025-04-03 19:37:32.073 71057 INFO tempest.lib.common.rest_client [req-2ab1fbca-fa45-4733-903b-21a5aca5f258 req-2ab1fbca-fa45-4733-903b-21a5aca5f258 ] Request (ImagesOneServerTestJSON:tearDownClass): 200 GET http://10.180.1.21/compute/v2.1/servers/f0f2b816-cd6d-4c0f-8615-73f1ca7bc00a 0.116s
2025-04-03 19:37:32.093 71061 INFO tempest.lib.common.rest_client [req-9daac9db-ddad-42ae-ab0e-547a43b74228 req-9daac9db-ddad-42ae-ab0e-547a43b74228 ] Request (InstanceActionsNegativeTestJSON:setUpClass): 200 GET http://10.180.1.21/compute/v2.1/servers/c0e52901-6ed2-4dbc-9d5b-9da47ebc06f1 0.099s
2025-04-03 19:37:32.158 71027 INFO tempest.lib.common.rest_client [req-bd4a582f-74a7-430b-86c6-0fc5be21368c req-bd4a582f-74a7-430b-86c6-0fc5be21368c ] Request (ServersAdminNegativeTestJSON:tearDownClass): 200 GET http://10.180.1.21/compute/v2.1/servers/a100311d-31cd-4940-9e04-1572afdd5a42 0.142s
2025-04-03 19:37:32.159 71047 INFO tempest.lib.common.rest_client [req-c59f13b7-d3be-4774-9557-7f47feeedb22 req-c59f13b7-d3be-4774-9557-7f47feeedb22 ] Request (ServerAddressesNegativeTestJSON:tearDownClass): 200 GET http://10.180.1.21/compute/v2.1/servers/d4f03fe1-b12a-44c6-93a7-33ae77d4537d 0.109s
2025-04-03 19:37:32.216 70999 INFO tempest.lib.common.rest_client [req-ebd16c4e-ee73-4cca-995b-3d9c0eda4d3b req-ebd16c4e-ee73-4cca-995b-3d9c0eda4d3b ] Request (FloatingIPsAssociationNegativeTestJSON:setUpClass): 200 GET http://10.180.1.21/compute/v2.1/servers/e85c185c-9e92-4539-a3f4-105c29b1a018 0.148s
2025-04-03 19:37:32.217 71041 INFO tempest.lib.common.rest_client [req-f1e0b81b-4c4a-4e80-8d98-dbd7a40b5712 req-f1e0b81b-4c4a-4e80-8d98-dbd7a40b5712 ] Request (SecurityGroupsTestJSON:test_server_security_groups): 200 GET http://10.180.1.21/compute/v2.1/servers/e4957660-16be-4dc4-b691-bc6bab8cb1e4 0.109s
2025-04-03 19:37:32.266 71025 INFO tempest.lib.common.rest_client [req-f3dc1ad8-bb6a-47cd-957b-754788d67436 req-f3dc1ad8-bb6a-47cd-957b-754788d67436 ] Request (MigrationsAdminTest:test_resize_server_revert_deleted_flavor): 200 GET http://10.180.1.21/compute/v2.1/servers/efe01f7a-daad-4592-8e37-25c3ee91c54e 0.146s
2025-04-03 19:37:32.281 71003 INFO tempest.lib.common.rest_client [req-2927e8ec-d3c1-4041-a360-4ad3da0649dc req-2927e8ec-d3c1-4041-a360-4ad3da0649dc ] Request (ServerRescueTestJSONUnderV235:tearDownClass): 200 GET http://10.180.1.21/compute/v2.1/servers/d7f3e5ef-b15a-431b-bafc-c97138988bb6 0.107s
2025-04-03 19:37:32.332 71005 INFO tempest.lib.common.rest_client [req-80f34631-3879-4f6b-b6fe-9592becc8484 req-80f34631-3879-4f6b-b6fe-9592becc8484 ] Request (ListImageFiltersTestJSON:tearDownClass): 200 GET http://10.180.1.21/compute/v2.1/servers/f309e06b-e607-4c2f-9743-8cba2f49ae08 0.148s
2025-04-03 19:37:32.368 71001 INFO tempest.lib.common.rest_client [req-1ff1c211-7461-4dfc-88ff-13d58a868aa9 req-1ff1c211-7461-4dfc-88ff-13d58a868aa9 ] Request (MultipleCreateTestJSON:test_multiple_create_with_reservation_return): 200 GET http://10.180.1.21/compute/v2.1/servers/a5ff0511-88a3-42f3-909b-4383bd8f80d9 0.061s
2025-04-03 19:37:32.426 71045 INFO tempest.lib.common.rest_client [req-fc8c3887-2de6-4013-98b1-3fd512c89097 req-fc8c3887-2de6-4013-98b1-3fd512c89097 ] Request (ImagesTestJSON:test_create_server_from_snapshot): 200 GET http://10.180.1.21/compute/v2.1/servers/47cb1c3e-225c-4b79-8c16-0c2961e7f4eb 0.055s
2025-04-03 19:37:32.506 71019 INFO tempest.lib.common.rest_client [req-05a03dfa-c63e-4e64-9ac4-3c340fdbe309 req-05a03dfa-c63e-4e64-9ac4-3c340fdbe309 ] Request (InstanceActionsV221TestJSON:test_get_list_deleted_instance_actions): 200 GET http://10.180.1.21/compute/v2.1/servers/77a643e9-ec9f-4be2-90fc-2e31f3fb780c 0.071s
2025-04-03 19:37:32.578 71007 INFO tempest.lib.common.rest_client [req-c2a0f6f9-1457-40bd-a407-f7ab0ceebbaa req-c2a0f6f9-1457-40bd-a407-f7ab0ceebbaa ] Request (ServerShowV247Test:test_update_rebuild_list_server): 200 GET http://10.180.1.21/compute/v2.1/servers/84f522d4-ee16-4b48-88a4-c45d75932a4a 0.096s
2025-04-03 19:37:32.605 71055 INFO tempest.lib.common.rest_client [req-e525cc68-9e5e-4667-bc67-10f8b78198e6 req-e525cc68-9e5e-4667-bc67-10f8b78198e6 ] Request (ServersAdminTestJSON:test_inject_network_info): 200 GET http://10.180.1.21/compute/v2.1/servers/6896b86f-def0-43dd-b574-09837f1d1216 0.139s
2025-04-03 19:37:32.641 71015 INFO tempest.lib.common.rest_client [req-fe41577d-8b31-4047-9f28-39824c525308 req-fe41577d-8b31-4047-9f28-39824c525308 ] Request (ListServerFiltersTestJSON:tearDownClass): 200 GET http://10.180.1.21/compute/v2.1/servers/323dd4ff-8238-4ad3-b33c-589985456071 0.124s
2025-04-03 19:37:32.691 71013 INFO tempest.lib.common.rest_client [req-4edf7b62-1358-4222-998a-9032ca4d2aaf req-4edf7b62-1358-4222-998a-9032ca4d2aaf ] Request (ServersV294TestFqdnHostnames:tearDownClass): 200 GET http://10.180.1.21/compute/v2.1/servers/2c36922b-ddcf-4e9f-bf35-f5aaf7400329 0.146s
2025-04-03 19:37:32.705 71035 INFO tempest.lib.common.rest_client [req-fb0bf744-b588-4264-80ba-b45af9b4175f req-fb0bf744-b588-4264-80ba-b45af9b4175f ] Request (ImagesNegativeTestJSON:test_create_image_from_deleted_server): 200 GET http://10.180.1.21/compute/v2.1/servers/a2e2e92b-90ee-4242-a4e6-0deaa0593a91 0.135s
2025-04-03 19:37:33.018 71017 INFO tempest.lib.common.rest_client [req-a3cfac38-89fa-4e6f-b44f-08fb52b6585f req-a3cfac38-89fa-4e6f-b44f-08fb52b6585f ] Request (AttachVolumeNegativeTest:test_attach_attached_volume_to_different_server): 200 GET http://10.180.1.21/compute/v2.1/servers/202f5758-4b86-4768-9bb3-1fab0e90e8c2 0.396s
2025-04-03 19:37:33.033 71011 INFO tempest.lib.common.rest_client [req-27df6a32-1f97-4993-a991-57c9be3ac5d6 req-27df6a32-1f97-4993-a991-57c9be3ac5d6 ] Request (ServersListShow298Test:test_list_show_update_rebuild_server_298): 200 GET http://10.180.1.21/compute/v2.1/servers/79e26b03-2c71-4204-8e9e-218a1cef1022 0.433s
2025-04-03 19:37:33.107 71023 INFO tempest.lib.common.rest_client [req-b8040839-51fe-4bb4-a6d2-1b9c8dcb7994 req-b8040839-51fe-4bb4-a6d2-1b9c8dcb7994 ] Request (AttachInterfacesTestJSON:test_create_list_show_delete_interfaces_by_fixed_ip): 200 GET http://10.180.1.21/compute/v2.1/servers/bc655189-5874-4019-bf25-cb2ce45ed2ed 0.451s
2025-04-03 19:37:33.112 71049 INFO tempest.lib.common.rest_client [req-809fc7b7-42c2-409b-9773-59465e21f7d3 req-809fc7b7-42c2-409b-9773-59465e21f7d3 ] Request (ServerMetadataTestJSON:setUpClass): 200 GET http://10.180.1.21/compute/v2.1/servers/635ba1b8-57b8-4f9e-8665-58fb8953d176 0.380s
2025-04-03 19:37:33.181 71009 INFO tempest.lib.common.rest_client [req-b3f89fc7-abbb-4dcc-8616-bae6b2c8f677 req-b3f89fc7-abbb-4dcc-8616-bae6b2c8f677 ] Request (ServerActionsTestJSON:setUpClass): 200 GET http://10.180.1.21/compute/v2.1/servers/d71fcc6b-60e4-4a93-8333-f116106ec82b 0.359s
2025-04-03 19:37:33.189 71051 INFO tempest.lib.common.rest_client [req-b79b794c-29be-4591-9053-6da5f440697d req-b79b794c-29be-4591-9053-6da5f440697d ] Request (ServersTestBootFromVolume:tearDownClass): 200 GET http://10.180.1.21/compute/v2.1/servers/10dc4b43-f716-4a8f-8ba7-fbb32db1aa13 0.450s
2025-04-03 19:37:33.189 71009 INFO tempest.common.waiters [-] State transition "BUILD/None" ==> "BUILD/block_device_mapping" after 95 second wait
2025-04-03 19:37:33.262 71021 INFO tempest.lib.common.rest_client [req-01d4a994-ca66-4554-b24c-06f904ce9503 req-01d4a994-ca66-4554-b24c-06f904ce9503 ] Request (ServersTestMultiNic:_run_cleanups): 200 GET http://10.180.1.21/compute/v2.1/servers/e1ccd6a9-267a-4e45-bf12-c63524c43b78 0.438s
2025-04-03 19:37:33.262 71031 INFO tempest.lib.common.rest_client [req-dcb62b66-b4ca-413a-8814-f5da1c080f3d req-dcb62b66-b4ca-413a-8814-f5da1c080f3d ] Request (ServersTestJSON:tearDownClass): 200 GET http://10.180.1.21/compute/v2.1/servers/ecf7e324-2b6c-43dd-b257-854a912604b1 0.345s
2025-04-03 19:37:33.442 71061 INFO tempest.lib.common.rest_client [req-f671169b-6ae0-4802-a167-260beb43f173 req-f671169b-6ae0-4802-a167-260beb43f173 ] Request (InstanceActionsNegativeTestJSON:setUpClass): 200 GET http://10.180.1.21/compute/v2.1/servers/c0e52901-6ed2-4dbc-9d5b-9da47ebc06f1 0.341s
2025-04-03 19:37:33.454 71057 INFO tempest.lib.common.rest_client [req-4e05abe8-69ad-40fa-b88c-c01f24225185 req-4e05abe8-69ad-40fa-b88c-c01f24225185 ] Request (ImagesOneServerTestJSON:tearDownClass): 200 GET http://10.180.1.21/compute/v2.1/servers/f0f2b816-cd6d-4c0f-8615-73f1ca7bc00a 0.374s
2025-04-03 19:37:33.508 71027 INFO tempest.lib.common.rest_client [req-f9f4a9dd-bb02-40e3-85df-0b25b33a8194 req-f9f4a9dd-bb02-40e3-85df-0b25b33a8194 ] Request (ServersAdminNegativeTestJSON:tearDownClass): 200 GET http://10.180.1.21/compute/v2.1/servers/a100311d-31cd-4940-9e04-1572afdd5a42 0.342s
2025-04-03 19:37:33.529 71047 INFO tempest.lib.common.rest_client [req-72d565b7-07e9-496f-9c00-ddeffab793a6 req-72d565b7-07e9-496f-9c00-ddeffab793a6 ] Request (ServerAddressesNegativeTestJSON:tearDownClass): 200 GET http://10.180.1.21/compute/v2.1/servers/d4f03fe1-b12a-44c6-93a7-33ae77d4537d 0.362s
2025-04-03 19:37:33.571 70999 INFO tempest.lib.common.rest_client [req-107d2fc9-34ad-40bc-a69a-a4336cde0662 req-107d2fc9-34ad-40bc-a69a-a4336cde0662 ] Request (FloatingIPsAssociationNegativeTestJSON:setUpClass): 200 GET http://10.180.1.21/compute/v2.1/servers/e85c185c-9e92-4539-a3f4-105c29b1a018 0.347s
2025-04-03 19:37:33.599 71041 INFO tempest.lib.common.rest_client [req-10355b45-68a1-4c56-bbc0-502b84f80624 req-10355b45-68a1-4c56-bbc0-502b84f80624 ] Request (SecurityGroupsTestJSON:test_server_security_groups): 200 GET http://10.180.1.21/compute/v2.1/servers/e4957660-16be-4dc4-b691-bc6bab8cb1e4 0.373s
2025-04-03 19:37:33.626 71025 INFO tempest.lib.common.rest_client [req-db6ec88c-0a23-4bf4-a9ca-01eec713e2f8 req-db6ec88c-0a23-4bf4-a9ca-01eec713e2f8 ] Request (MigrationsAdminTest:test_resize_server_revert_deleted_flavor): 200 GET http://10.180.1.21/compute/v2.1/servers/efe01f7a-daad-4592-8e37-25c3ee91c54e 0.346s
2025-04-03 19:37:33.668 71003 INFO tempest.lib.common.rest_client [req-0904bc54-cc86-4ccf-bcc7-34dbfc83d632 req-0904bc54-cc86-4ccf-bcc7-34dbfc83d632 ] Request (ServerRescueTestJSONUnderV235:tearDownClass): 200 GET http://10.180.1.21/compute/v2.1/servers/d7f3e5ef-b15a-431b-bafc-c97138988bb6 0.378s
2025-04-03 19:37:33.703 71005 INFO tempest.lib.common.rest_client [req-088a0e52-58ad-4f70-a09b-19e75ace5157 req-088a0e52-58ad-4f70-a09b-19e75ace5157 ] Request (ListImageFiltersTestJSON:tearDownClass): 200 GET http://10.180.1.21/compute/v2.1/servers/f309e06b-e607-4c2f-9743-8cba2f49ae08 0.364s
2025-04-03 19:37:33.737 71001 INFO tempest.lib.common.rest_client [req-ec1b4c62-52d9-4ded-93d6-d433c53f2d05 req-ec1b4c62-52d9-4ded-93d6-d433c53f2d05 ] Request (MultipleCreateTestJSON:test_multiple_create_with_reservation_return): 200 GET http://10.180.1.21/compute/v2.1/servers/a5ff0511-88a3-42f3-909b-4383bd8f80d9 0.361s
2025-04-03 19:37:33.768 71045 INFO tempest.lib.common.rest_client [req-4aeaf9cf-ccb1-419e-a309-175c070b3451 req-4aeaf9cf-ccb1-419e-a309-175c070b3451 ] Request (ImagesTestJSON:test_create_server_from_snapshot): 200 GET http://10.180.1.21/compute/v2.1/servers/47cb1c3e-225c-4b79-8c16-0c2961e7f4eb 0.334s
2025-04-03 19:37:33.797 71019 INFO tempest.lib.common.rest_client [req-4d4137a5-af52-402f-acf6-969258515d98 req-4d4137a5-af52-402f-acf6-969258515d98 ] Request (InstanceActionsV221TestJSON:test_get_list_deleted_instance_actions): 200 GET http://10.180.1.21/compute/v2.1/servers/77a643e9-ec9f-4be2-90fc-2e31f3fb780c 0.276s
2025-04-03 19:37:33.838 71007 INFO tempest.lib.common.rest_client [req-76fbad50-2948-4522-a1dd-989cb42fe9f2 req-76fbad50-2948-4522-a1dd-989cb42fe9f2 ] Request (ServerShowV247Test:test_update_rebuild_list_server): 200 GET http://10.180.1.21/compute/v2.1/servers/84f522d4-ee16-4b48-88a4-c45d75932a4a 0.249s
2025-04-03 19:37:33.846 71007 INFO tempest.common.waiters [-] State transition "REBUILD/rebuilding" ==> "REBUILD/rebuild_spawning" after 3 second wait
2025-04-03 19:37:33.914 71015 INFO tempest.lib.common.rest_client [req-f422b06f-e91e-4490-b155-9dac0ce05206 req-f422b06f-e91e-4490-b155-9dac0ce05206 ] Request (ListServerFiltersTestJSON:tearDownClass): 200 GET http://10.180.1.21/compute/v2.1/servers/323dd4ff-8238-4ad3-b33c-589985456071 0.264s
2025-04-03 19:37:33.959 71055 INFO tempest.lib.common.rest_client [req-4769fc17-56b6-4fd0-8b52-a37f18a9069e req-4769fc17-56b6-4fd0-8b52-a37f18a9069e ] Request (ServersAdminTestJSON:test_inject_network_info): 200 GET http://10.180.1.21/compute/v2.1/servers/6896b86f-def0-43dd-b574-09837f1d1216 0.347s
2025-04-03 19:37:33.991 71013 INFO tempest.lib.common.rest_client [req-44a6a30d-d5d6-487c-84e6-e6da3fbefc40 req-44a6a30d-d5d6-487c-84e6-e6da3fbefc40 ] Request (ServersV294TestFqdnHostnames:tearDownClass): 200 GET http://10.180.1.21/compute/v2.1/servers/2c36922b-ddcf-4e9f-bf35-f5aaf7400329 0.282s
2025-04-03 19:37:34.029 71035 INFO tempest.lib.common.rest_client [req-1d763b9f-f98d-4b2d-98d4-dd5e95ccda6c req-1d763b9f-f98d-4b2d-98d4-dd5e95ccda6c ] Request (ImagesNegativeTestJSON:test_create_image_from_deleted_server): 200 GET http://10.180.1.21/compute/v2.1/servers/a2e2e92b-90ee-4242-a4e6-0deaa0593a91 0.315s
2025-04-03 19:37:34.116 71017 INFO tempest.lib.common.rest_client [req-f8fe46a7-b959-4b91-9612-d865d48edc86 req-f8fe46a7-b959-4b91-9612-d865d48edc86 ] Request (AttachVolumeNegativeTest:test_attach_attached_volume_to_different_server): 200 GET http://10.180.1.21/compute/v2.1/servers/202f5758-4b86-4768-9bb3-1fab0e90e8c2 0.081s
2025-04-03 19:37:34.126 71011 INFO tempest.lib.common.rest_client [req-2ccfba03-017a-4290-9219-3dc2dd23d4fa req-2ccfba03-017a-4290-9219-3dc2dd23d4fa ] Request (ServersListShow298Test:test_list_show_update_rebuild_server_298): 200 GET http://10.180.1.21/compute/v2.1/servers/79e26b03-2c71-4204-8e9e-218a1cef1022 0.079s
2025-04-03 19:37:34.180 71023 INFO tempest.lib.common.rest_client [req-eb7317ed-f0f2-4f86-9e8d-7731057697a9 req-eb7317ed-f0f2-4f86-9e8d-7731057697a9 ] Request (AttachInterfacesTestJSON:test_create_list_show_delete_interfaces_by_fixed_ip): 200 GET http://10.180.1.21/compute/v2.1/servers/bc655189-5874-4019-bf25-cb2ce45ed2ed 0.057s
2025-04-03 19:37:34.196 71049 INFO tempest.lib.common.rest_client [req-583ef494-a1e4-40ad-ad1d-6d1270ee7c55 req-583ef494-a1e4-40ad-ad1d-6d1270ee7c55 ] Request (ServerMetadataTestJSON:setUpClass): 200 GET http://10.180.1.21/compute/v2.1/servers/635ba1b8-57b8-4f9e-8665-58fb8953d176 0.071s
2025-04-03 19:37:34.265 71051 INFO tempest.lib.common.rest_client [req-5d9a2516-af48-4c98-a252-3709cd6ffdfb req-5d9a2516-af48-4c98-a252-3709cd6ffdfb ] Request (ServersTestBootFromVolume:tearDownClass): 200 GET http://10.180.1.21/compute/v2.1/servers/10dc4b43-f716-4a8f-8ba7-fbb32db1aa13 0.064s
