2025-04-03 19:36:22.427 71045 INFO tempest.lib.common.rest_client [req-30a14983-0918-40f2-9554-cedbf927830a req-30a14983-0918-40f2-9554-cedbf927830a ] Request (ImagesTestJSON:test_create_image_from_suspended_server): 200 GET http://10.180.1.21/compute/v2.1/servers/11c8e46a-fa8c-4081-b323-a21d6869c91e 0.058s
2025-04-03 19:36:22.457 71043 INFO tempest.lib.common.rest_client [req-f56f9fe9-9d26-49ea-92ae-ea9cd7919f5a req-f56f9fe9-9d26-49ea-92ae-ea9cd7919f5a ] Request (ServerMetadataNegativeTestJSON:tearDownClass): 200 GET http://10.180.1.21/compute/v2.1/servers/6bfbfb8c-0944-41e5-9d2b-6edd03cedcf5 0.071s
2025-04-03 19:36:22.520 71025 INFO tempest.lib.common.rest_client [req-d4536e0f-f039-4215-aba6-74b54331bb4a req-d4536e0f-f039-4215-aba6-74b54331bb4a ] Request (MigrationsAdminTest:test_resize_server_revert_deleted_flavor): 200 GET http://10.180.1.21/compute/v2.1/servers/efe01f7a-daad-4592-8e37-25c3ee91c54e 0.069s
2025-04-03 19:36:22.522 71055 INFO tempest.lib.common.rest_client [req-1467ec44-7cb9-4211-ba90-95644760f290 req-1467ec44-7cb9-4211-ba90-95644760f290 ] Request (ServersAdminTestJSON:test_inject_network_info): 200 GET http://10.180.1.21/compute/v2.1/servers/6896b86f-def0-43dd-b574-09837f1d1216 0.066s
2025-04-03 19:36:22.596 71057 INFO tempest.lib.common.rest_client [req-c80e2932-bb78-4668-8264-294f38a5e736 req-c80e2932-bb78-4668-8264-294f38a5e736 ] Request (ImagesOneServerTestJSON:setUpClass): 200 GET http://10.180.1.21/compute/v2.1/servers/f0f2b816-cd6d-4c0f-8615-73f1ca7bc00a 0.073s
2025-04-03 19:36:22.598 71003 INFO tempest.lib.common.rest_client [req-88dcb74a-84ef-4cd9-98df-9e706c938564 req-88dcb74a-84ef-4cd9-98df-9e706c938564 ] Request (ServerRescueTestJSONUnderV235:setUpClass): 200 GET http://10.180.1.21/compute/v2.1/servers/d7f3e5ef-b15a-431b-bafc-c97138988bb6 0.073s
2025-04-03 19:36:22.675 71001 INFO tempest.lib.common.rest_client [req-873e9134-cfad-4cb7-9c54-3eff1ef365b9 req-873e9134-cfad-4cb7-9c54-3eff1ef365b9 ] Request (MultipleCreateTestJSON:test_multiple_create_with_reservation_return): 200 GET http://10.180.1.21/compute/v2.1/servers/a5ff0511-88a3-42f3-909b-4383bd8f80d9 0.095s
2025-04-03 19:36:22.678 71027 INFO tempest.lib.common.rest_client [req-944f3a2a-7486-4f46-b7a9-0275bb6b4149 req-944f3a2a-7486-4f46-b7a9-0275bb6b4149 ] Request (ServersAdminNegativeTestJSON:test_migrate_server_invalid_state): 200 GET http://10.180.1.21/compute/v2.1/servers/a100311d-31cd-4940-9e04-1572afdd5a42 0.078s
2025-04-03 19:36:22.715 71005 INFO tempest.lib.common.rest_client [req-70b6f6a3-2d59-4df2-a104-963662c3703e req-70b6f6a3-2d59-4df2-a104-963662c3703e ] Request (ListImageFiltersTestJSON:setUpClass): 200 GET http://10.180.1.21/compute/v2.1/images/004fe5fe-f965-4344-92dd-25ef4f9f7817 0.104s
2025-04-03 19:36:22.734 71029 INFO tempest.lib.common.rest_client [req-1aef472e-0472-40a8-bc3b-506b7f13366f req-1aef472e-0472-40a8-bc3b-506b7f13366f ] Request (VolumesAssistedSnapshotsTest:test_volume_assisted_snapshot_create_delete): 200 GET http://10.180.1.21/compute/v2.1/servers/a02eecf2-3d70-4e2d-8201-bc46f0e6f86d 0.080s
2025-04-03 19:36:22.767 71053 INFO tempest.lib.common.rest_client [req-166c7e8c-4a6a-4e2b-982e-07d4e1f56a76 req-166c7e8c-4a6a-4e2b-982e-07d4e1f56a76 ] Request (VolumesAdminNegativeTest:test_update_attached_volume_with_nonexistent_volume_in_body): 200 GET http://10.180.1.21/compute/v2.1/servers/c73bc43a-7ff8-4f69-90a7-841bfe5c7e05 0.078s
2025-04-03 19:36:22.794 71011 INFO tempest.lib.common.rest_client [req-9f171776-cbcc-4b56-9c9f-8980b1e3d14f req-9f171776-cbcc-4b56-9c9f-8980b1e3d14f ] Request (ServerAddressesTestJSON:tearDownClass): 200 GET http://10.180.1.21/compute/v2.1/servers/c90cd3a8-ff60-4efe-bb79-bbb450d7326d 0.066s
2025-04-03 19:36:22.816 71035 INFO tempest.lib.common.rest_client [req-0e25b680-533b-4b51-b199-a48b03c5f9f9 req-0e25b680-533b-4b51-b199-a48b03c5f9f9 ] Request (ImagesNegativeTestJSON:test_create_image_from_deleted_server): 200 GET http://10.180.1.21/compute/v2.1/servers/a2e2e92b-90ee-4242-a4e6-0deaa0593a91 0.075s
2025-04-03 19:36:22.859 71013 INFO tempest.lib.common.rest_client [req-0459b31f-72d6-4bb3-83ac-db85a8b87624 req-0459b31f-72d6-4bb3-83ac-db85a8b87624 ] Request (ServersV294TestFqdnHostnames:setUpClass): 200 GET http://10.180.1.21/compute/v2.1/servers/2c36922b-ddcf-4e9f-bf35-f5aaf7400329 0.057s
2025-04-03 19:36:22.902 71021 INFO tempest.lib.common.rest_client [req-a0597d5f-10c3-400b-989d-309b88fe6cb6 req-a0597d5f-10c3-400b-989d-309b88fe6cb6 ] Request (ServersTestMultiNic:test_verify_multiple_nics_order): 200 GET http://10.180.1.21/compute/v2.1/servers/e1ccd6a9-267a-4e45-bf12-c63524c43b78 0.052s
2025-04-03 19:36:22.922 71023 INFO tempest.lib.common.rest_client [req-e9ea30d6-6bcc-4a46-910e-b12b7b517a49 req-e9ea30d6-6bcc-4a46-910e-b12b7b517a49 ] Request (ServersAdmin275Test:test_rebuild_update_server_275): 200 GET http://10.180.1.21/compute/v2.1/servers/9231fe98-18d7-43fd-975b-872c393bc825 0.055s
2025-04-03 19:36:22.953 71009 INFO tempest.lib.common.rest_client [req-ac12a2c4-70e9-4645-b0c4-274dbf0dabae req-ac12a2c4-70e9-4645-b0c4-274dbf0dabae ] Request (ServerActionsTestJSON:setUpClass): 200 GET http://10.180.1.21/compute/v2.1/servers/d71fcc6b-60e4-4a93-8333-f116106ec82b 0.060s
2025-04-03 19:36:22.969 71049 INFO tempest.lib.common.rest_client [req-60528aee-ea6f-40a9-aac4-cffd3bda212e req-60528aee-ea6f-40a9-aac4-cffd3bda212e ] Request (ServerMetadataTestJSON:setUpClass): 200 GET http://10.180.1.21/compute/v2.1/servers/635ba1b8-57b8-4f9e-8665-58fb8953d176 0.064s
2025-04-03 19:36:23.017 71051 INFO tempest.lib.common.rest_client [req-71d3b6be-0988-4651-ba6e-23785cc08ac9 req-71d3b6be-0988-4651-ba6e-23785cc08ac9 ] Request (ServersTestBootFromVolume:setUpClass): 200 GET http://10.180.1.21/compute/v2.1/servers/10dc4b43-f716-4a8f-8ba7-fbb32db1aa13 0.057s
2025-04-03 19:36:23.094 71061 INFO tempest.lib.common.rest_client [req-ede9c1fa-93eb-41f1-9f56-2e24accb4a09 req-ede9c1fa-93eb-41f1-9f56-2e24accb4a09 ] Request (InstanceActionsNegativeTestJSON:setUpClass): 200 GET http://10.180.1.21/compute/v2.1/servers/c0e52901-6ed2-4dbc-9d5b-9da47ebc06f1 0.063s
2025-04-03 19:36:23.193 71019 INFO tempest.lib.common.rest_client [req-05b4706f-ecb0-4f5d-89f0-b8bc72b6ada0 req-05b4706f-ecb0-4f5d-89f0-b8bc72b6ada0 ] Request (FloatingIPsAssociationTestJSON:tearDownClass): 200 GET http://10.180.1.21/compute/v2.1/servers/5568be61-b000-400f-b695-beb26c1d52c7 0.084s
2025-04-03 19:36:23.242 71015 INFO tempest.lib.common.rest_client [req-bc7dff2a-6a57-4aa2-aae6-1c775278204d req-bc7dff2a-6a57-4aa2-aae6-1c775278204d ] Request (ListServerFiltersTestJSON:setUpClass): 200 GET http://10.180.1.21/compute/v2.1/servers/fb7a867e-cd53-47de-81b8-ecca62a9c82c 0.118s
2025-04-03 19:36:23.250 71041 INFO tempest.lib.common.rest_client [req-416067d0-d512-4100-9d1f-50c6e7443caa req-416067d0-d512-4100-9d1f-50c6e7443caa ] Request (SecurityGroupsTestJSON:test_server_security_groups): 200 GET http://10.180.1.21/compute/v2.1/servers/e4957660-16be-4dc4-b691-bc6bab8cb1e4 0.091s
2025-04-03 19:36:23.290 71047 INFO tempest.lib.common.rest_client [req-dc085db1-8050-478b-a8bf-9247c0c182f0 req-dc085db1-8050-478b-a8bf-9247c0c182f0 ] Request (ServerAddressesNegativeTestJSON:setUpClass): 200 GET http://10.180.1.21/compute/v2.1/servers/d4f03fe1-b12a-44c6-93a7-33ae77d4537d 0.116s
2025-04-03 19:36:23.399 70999 INFO tempest.lib.common.rest_client [req-4ff3073e-4806-4c2e-b0ab-22d9e76840b6 req-4ff3073e-4806-4c2e-b0ab-22d9e76840b6 ] Request (DeleteServersAdminTestJSON:test_delete_server_while_in_error_state): 200 GET http://10.180.1.21/compute/v2.1/servers/644b6351-0c3e-4af4-83f2-8f19d3be4041 0.060s
2025-04-03 19:36:23.449 71007 INFO tempest.lib.common.rest_client [req-65cbc038-2a1f-4061-8c66-f042f6c77045 req-65cbc038-2a1f-4061-8c66-f042f6c77045 ] Request (ServerShowV247Test:test_update_rebuild_list_server): 200 GET http://10.180.1.21/compute/v2.1/servers/84f522d4-ee16-4b48-88a4-c45d75932a4a 0.061s
2025-04-03 19:36:23.490 71045 INFO tempest.lib.common.rest_client [req-9f94f65b-ba78-4c7b-9b98-cd0a875fc943 req-9f94f65b-ba78-4c7b-9b98-cd0a875fc943 ] Request (ImagesTestJSON:test_create_image_from_suspended_server): 200 GET http://10.180.1.21/compute/v2.1/servers/11c8e46a-fa8c-4081-b323-a21d6869c91e 0.055s
2025-04-03 19:36:23.533 71043 INFO tempest.lib.common.rest_client [req-3ad27df0-a4f1-4268-897c-0f8539e482e8 req-3ad27df0-a4f1-4268-897c-0f8539e482e8 ] Request (ServerMetadataNegativeTestJSON:tearDownClass): 200 GET http://10.180.1.21/compute/v2.1/servers/6bfbfb8c-0944-41e5-9d2b-6edd03cedcf5 0.067s
2025-04-03 19:36:23.598 71055 INFO tempest.lib.common.rest_client [req-6f0b7cee-5e22-4bcb-8f28-2e9a05e03c23 req-6f0b7cee-5e22-4bcb-8f28-2e9a05e03c23 ] Request (ServersAdminTestJSON:test_inject_network_info): 200 GET http://10.180.1.21/compute/v2.1/servers/6896b86f-def0-43dd-b574-09837f1d1216 0.068s
2025-04-03 19:36:23.601 71025 INFO tempest.lib.common.rest_client [req-3bce2aac-323a-477e-88df-ceae6077e37f req-3bce2aac-323a-477e-88df-ceae6077e37f ] Request (MigrationsAdminTest:test_resize_server_revert_deleted_flavor): 200 GET http://10.180.1.21/compute/v2.1/servers/efe01f7a-daad-4592-8e37-25c3ee91c54e 0.073s
2025-04-03 19:36:23.908 71057 INFO tempest.lib.common.rest_client [req-b4ae5e28-04b0-4300-bde8-a18ce12a0667 req-b4ae5e28-04b0-4300-bde8-a18ce12a0667 ] Request (ImagesOneServerTestJSON:setUpClass): 200 GET http://10.180.1.21/compute/v2.1/servers/f0f2b816-cd6d-4c0f-8615-73f1ca7bc00a 0.298s
2025-04-03 19:36:23.921 71003 INFO tempest.lib.common.rest_client [req-7a6e5e98-96d9-437c-848b-6358932f4e6a req-7a6e5e98-96d9-437c-848b-6358932f4e6a ] Request (ServerRescueTestJSONUnderV235:setUpClass): 200 GET http://10.180.1.21/compute/v2.1/servers/d7f3e5ef-b15a-431b-bafc-c97138988bb6 0.311s
2025-04-03 19:36:23.973 71001 INFO tempest.lib.common.rest_client [req-6b15b144-e4cc-4631-8e65-597cfc439858 req-6b15b144-e4cc-4631-8e65-597cfc439858 ] Request (MultipleCreateTestJSON:test_multiple_create_with_reservation_return): 200 GET http://10.180.1.21/compute/v2.1/servers/a5ff0511-88a3-42f3-909b-4383bd8f80d9 0.289s
2025-04-03 19:36:23.986 71027 INFO tempest.lib.common.rest_client [req-15f615af-f9f7-48b3-86dc-7ef9a0abb276 req-15f615af-f9f7-48b3-86dc-7ef9a0abb276 ] Request (ServersAdminNegativeTestJSON:test_migrate_server_invalid_state): 200 GET http://10.180.1.21/compute/v2.1/servers/a100311d-31cd-4940-9e04-1572afdd5a42 0.296s
2025-04-03 19:36:24.016 71005 INFO tempest.lib.common.rest_client [req-e4df8c30-dbea-41ed-80d6-4944c89d5b63 req-e4df8c30-dbea-41ed-80d6-4944c89d5b63 ] Request (ListImageFiltersTestJSON:setUpClass): 200 GET http://10.180.1.21/compute/v2.1/images/004fe5fe-f965-4344-92dd-25ef4f9f7817 0.295s
2025-04-03 19:36:24.049 71029 INFO tempest.lib.common.rest_client [req-94e4623e-52e0-4c40-b6af-bbf94bcea500 req-94e4623e-52e0-4c40-b6af-bbf94bcea500 ] Request (VolumesAssistedSnapshotsTest:test_volume_assisted_snapshot_create_delete): 200 GET http://10.180.1.21/compute/v2.1/servers/a02eecf2-3d70-4e2d-8201-bc46f0e6f86d 0.307s
2025-04-03 19:36:24.084 71053 INFO tempest.lib.common.rest_client [req-23e55828-d6e6-4b82-909a-6d29c6879973 req-23e55828-d6e6-4b82-909a-6d29c6879973 ] Request (VolumesAdminNegativeTest:test_update_attached_volume_with_nonexistent_volume_in_body): 200 GET http://10.180.1.21/compute/v2.1/servers/c73bc43a-7ff8-4f69-90a7-841bfe5c7e05 0.309s
2025-04-03 19:36:24.121 71011 INFO tempest.lib.common.rest_client [req-91ddbf93-ebed-42c5-b185-050dacc2ef52 req-91ddbf93-ebed-42c5-b185-050dacc2ef52 ] Request (ServerAddressesTestJSON:tearDownClass): 200 GET http://10.180.1.21/compute/v2.1/servers/c90cd3a8-ff60-4efe-bb79-bbb450d7326d 0.317s
2025-04-03 19:36:24.149 71035 INFO tempest.lib.common.rest_client [req-c745edb9-4b9c-45a5-8182-a6596c6872a0 req-c745edb9-4b9c-45a5-8182-a6596c6872a0 ] Request (ImagesNegativeTestJSON:test_create_image_from_deleted_server): 200 GET http://10.180.1.21/compute/v2.1/servers/a2e2e92b-90ee-4242-a4e6-0deaa0593a91 0.323s
2025-04-03 19:36:24.241 71021 INFO tempest.lib.common.rest_client [req-ddf3115c-775d-4338-98e0-d62e938c7cd2 req-ddf3115c-775d-4338-98e0-d62e938c7cd2 ] Request (ServersTestMultiNic:test_verify_multiple_nics_order): 200 GET http://10.180.1.21/compute/v2.1/servers/e1ccd6a9-267a-4e45-bf12-c63524c43b78 0.330s
2025-04-03 19:36:24.272 71013 INFO tempest.lib.common.rest_client [req-a04c2a81-9ca9-46de-bdf4-a190c3223c0f req-a04c2a81-9ca9-46de-bdf4-a190c3223c0f ] Request (ServersV294TestFqdnHostnames:setUpClass): 200 GET http://10.180.1.21/compute/v2.1/servers/2c36922b-ddcf-4e9f-bf35-f5aaf7400329 0.401s
2025-04-03 19:36:24.282 71013 INFO tempest.common.waiters [-] State transition "BUILD/None" ==> "BUILD/block_device_mapping" after 61 second wait
2025-04-03 19:36:24.313 71023 INFO tempest.lib.common.rest_client [req-7e310048-8330-44e9-8e93-66c00044d123 req-7e310048-8330-44e9-8e93-66c00044d123 ] Request (ServersAdmin275Test:test_rebuild_update_server_275): 200 GET http://10.180.1.21/compute/v2.1/servers/9231fe98-18d7-43fd-975b-872c393bc825 0.381s
2025-04-03 19:36:24.341 71009 INFO tempest.lib.common.rest_client [req-f8c22331-4834-4ce6-b156-10e8e4765e04 req-f8c22331-4834-4ce6-b156-10e8e4765e04 ] Request (ServerActionsTestJSON:setUpClass): 200 GET http://10.180.1.21/compute/v2.1/servers/d71fcc6b-60e4-4a93-8333-f116106ec82b 0.380s
2025-04-03 19:36:24.378 71049 INFO tempest.lib.common.rest_client [req-22fb7f89-e7a1-421b-a316-fb41ba97e70e req-22fb7f89-e7a1-421b-a316-fb41ba97e70e ] Request (ServerMetadataTestJSON:setUpClass): 200 GET http://10.180.1.21/compute/v2.1/servers/635ba1b8-57b8-4f9e-8665-58fb8953d176 0.399s
2025-04-03 19:36:24.408 71051 INFO tempest.lib.common.rest_client [req-c6763ee7-45cf-4a2a-85c2-966aa9eaf11a req-c6763ee7-45cf-4a2a-85c2-966aa9eaf11a ] Request (ServersTestBootFromVolume:setUpClass): 200 GET http://10.180.1.21/compute/v2.1/servers/10dc4b43-f716-4a8f-8ba7-fbb32db1aa13 0.383s
2025-04-03 19:36:24.443 71061 INFO tempest.lib.common.rest_client [req-54dc6e05-1593-4444-901b-16e9ea6ad7a8 req-54dc6e05-1593-4444-901b-16e9ea6ad7a8 ] Request (InstanceActionsNegativeTestJSON:setUpClass): 200 GET http://10.180.1.21/compute/v2.1/servers/c0e52901-6ed2-4dbc-9d5b-9da47ebc06f1 0.340s
2025-04-03 19:36:24.443 71037 WARNING tempest.lib.common.ssh [-] Failed to establish authenticated ssh connection to cirros@10.180.180.130 ([Errno None] Unable to connect to port 22 on 10.180.180.130). Number attempts: 4. Retry after 5 seconds.: paramiko.ssh_exception.NoValidConnectionsError: [Errno None] Unable to connect to port 22 on 10.180.180.130
2025-04-03 19:36:24.483 71019 INFO tempest.lib.common.rest_client [req-e17b82ff-5d32-4afe-926e-fe0ed621892d req-e17b82ff-5d32-4afe-926e-fe0ed621892d ] Request (FloatingIPsAssociationTestJSON:tearDownClass): 200 GET http://10.180.1.21/compute/v2.1/servers/5568be61-b000-400f-b695-beb26c1d52c7 0.281s
2025-04-03 19:36:24.551 71041 INFO tempest.lib.common.rest_client [req-81304301-c90f-4e18-98f1-66c8433f0bac req-81304301-c90f-4e18-98f1-66c8433f0bac ] Request (SecurityGroupsTestJSON:test_server_security_groups): 200 GET http://10.180.1.21/compute/v2.1/servers/e4957660-16be-4dc4-b691-bc6bab8cb1e4 0.293s
2025-04-03 19:36:24.568 71015 INFO tempest.lib.common.rest_client [req-ea436b24-59d0-4998-9aa0-7a85d7614d5b req-ea436b24-59d0-4998-9aa0-7a85d7614d5b ] Request (ListServerFiltersTestJSON:setUpClass): 200 GET http://10.180.1.21/compute/v2.1/servers/fb7a867e-cd53-47de-81b8-ecca62a9c82c 0.318s
2025-04-03 19:36:24.602 71047 INFO tempest.lib.common.rest_client [req-ca5bdc03-fc8e-497a-82ae-69737eafd0d8 req-ca5bdc03-fc8e-497a-82ae-69737eafd0d8 ] Request (ServerAddressesNegativeTestJSON:setUpClass): 200 GET http://10.180.1.21/compute/v2.1/servers/d4f03fe1-b12a-44c6-93a7-33ae77d4537d 0.303s
2025-04-03 19:36:24.620 70999 INFO tempest.lib.common.rest_client [req-1526e8bb-a1f8-48db-b0db-7e6db6761ce1 req-1526e8bb-a1f8-48db-b0db-7e6db6761ce1 ] Request (DeleteServersAdminTestJSON:test_delete_server_while_in_error_state): 200 GET http://10.180.1.21/compute/v2.1/servers/644b6351-0c3e-4af4-83f2-8f19d3be4041 0.214s
2025-04-03 19:36:24.651 71007 INFO tempest.lib.common.rest_client [req-b6928fdb-82f4-45ad-b226-0ad1581418a9 req-b6928fdb-82f4-45ad-b226-0ad1581418a9 ] Request (ServerShowV247Test:test_update_rebuild_list_server): 200 GET http://10.180.1.21/compute/v2.1/servers/84f522d4-ee16-4b48-88a4-c45d75932a4a 0.192s
2025-04-03 19:36:24.663 71045 INFO tempest.lib.common.rest_client [req-836e4e90-3ebc-418b-ac3f-0beb60495ccc req-836e4e90-3ebc-418b-ac3f-0beb60495ccc ] Request (ImagesTestJSON:test_create_image_from_suspended_server): 200 GET http://10.180.1.21/compute/v2.1/servers/11c8e46a-fa8c-4081-b323-a21d6869c91e 0.162s
2025-04-03 19:36:24.712 71043 INFO tempest.lib.common.rest_client [req-25fd867f-9f0f-478a-b30d-c0f3dbdf4cb8 req-25fd867f-9f0f-478a-b30d-c0f3dbdf4cb8 ] Request (ServerMetadataNegativeTestJSON:tearDownClass): 200 GET http://10.180.1.21/compute/v2.1/servers/6bfbfb8c-0944-41e5-9d2b-6edd03cedcf5 0.168s
2025-04-03 19:36:24.715 71055 INFO tempest.lib.common.rest_client [req-5da4fc1d-ad19-4fe9-a359-f7245ea118f3 req-5da4fc1d-ad19-4fe9-a359-f7245ea118f3 ] Request (ServersAdminTestJSON:test_inject_network_info): 200 GET http://10.180.1.21/compute/v2.1/servers/6896b86f-def0-43dd-b574-09837f1d1216 0.109s
2025-04-03 19:36:24.767 71025 INFO tempest.lib.common.rest_client [req-acac675c-cd8f-41f3-a5ca-e3ecbe449c9e req-acac675c-cd8f-41f3-a5ca-e3ecbe449c9e ] Request (MigrationsAdminTest:test_resize_server_revert_deleted_flavor): 200 GET http://10.180.1.21/compute/v2.1/servers/efe01f7a-daad-4592-8e37-25c3ee91c54e 0.157s
2025-04-03 19:36:24.981 71057 INFO tempest.lib.common.rest_client [req-a05451b1-463c-4a75-9b6f-55a0ce1bfc9b req-a05451b1-463c-4a75-9b6f-55a0ce1bfc9b ] Request (ImagesOneServerTestJSON:setUpClass): 200 GET http://10.180.1.21/compute/v2.1/servers/f0f2b816-cd6d-4c0f-8615-73f1ca7bc00a 0.059s
2025-04-03 19:36:24.986 71003 INFO tempest.lib.common.rest_client [req-4c77ae3c-d592-4185-b88f-b68b191cb8f3 req-4c77ae3c-d592-4185-b88f-b68b191cb8f3 ] Request (ServerRescueTestJSONUnderV235:setUpClass): 200 GET http://10.180.1.21/compute/v2.1/servers/d7f3e5ef-b15a-431b-bafc-c97138988bb6 0.057s
2025-04-03 19:36:25.031 71001 INFO tempest.lib.common.rest_client [req-acd11e32-41c8-4e9c-9771-27022ba1556c req-acd11e32-41c8-4e9c-9771-27022ba1556c ] Request (MultipleCreateTestJSON:test_multiple_create_with_reservation_return): 200 GET http://10.180.1.21/compute/v2.1/servers/a5ff0511-88a3-42f3-909b-4383bd8f80d9 0.048s
2025-04-03 19:36:25.041 71027 INFO tempest.lib.common.rest_client [req-50f7792b-49e5-4474-ae37-ec3e367ab46f req-50f7792b-49e5-4474-ae37-ec3e367ab46f ] Request (ServersAdminNegativeTestJSON:test_migrate_server_invalid_state): 200 GET http://10.180.1.21/compute/v2.1/servers/a100311d-31cd-4940-9e04-1572afdd5a42 0.048s
2025-04-03 19:36:25.061 71005 INFO tempest.lib.common.rest_client [req-0479ee16-2c7a-40a6-b965-adf0c2f1de0b req-0479ee16-2c7a-40a6-b965-adf0c2f1de0b ] Request (ListImageFiltersTestJSON:setUpClass): 200 GET http://10.180.1.21/compute/v2.1/images/004fe5fe-f965-4344-92dd-25ef4f9f7817 0.041s
2025-04-03 19:36:25.109 71005 INFO tempest.lib.common.rest_client [req-47826fd8-2ea9-42be-ad19-36117920a722 req-47826fd8-2ea9-42be-ad19-36117920a722 ] Request (ListImageFiltersTestJSON:setUpClass): 200 GET http://10.180.1.21/compute/v2.1/images/004fe5fe-f965-4344-92dd-25ef4f9f7817 0.043s
2025-04-03 19:36:25.113 71029 INFO tempest.lib.common.rest_client [req-63feac23-d1ee-4b23-b884-c64f9a92233f req-63feac23-d1ee-4b23-b884-c64f9a92233f ] Request (VolumesAssistedSnapshotsTest:test_volume_assisted_snapshot_create_delete): 200 GET http://10.180.1.21/compute/v2.1/servers/a02eecf2-3d70-4e2d-8201-bc46f0e6f86d 0.054s
2025-04-03 19:36:25.156 71053 INFO tempest.lib.common.rest_client [req-d46d5c04-650b-46df-a4b9-8aea7a0712eb req-d46d5c04-650b-46df-a4b9-8aea7a0712eb ] Request (VolumesAdminNegativeTest:test_update_attached_volume_with_nonexistent_volume_in_body): 200 GET http://10.180.1.21/compute/v2.1/servers/c73bc43a-7ff8-4f69-90a7-841bfe5c7e05 0.064s
2025-04-03 19:36:25.175 71011 INFO tempest.lib.common.rest_client [req-cf6b53ea-1a93-426f-89ec-cf0d817f0382 req-cf6b53ea-1a93-426f-89ec-cf0d817f0382 ] Request (ServerAddressesTestJSON:tearDownClass): 404 GET http://10.180.1.21/compute/v2.1/servers/c90cd3a8-ff60-4efe-bb79-bbb450d7326d 0.046s
2025-04-03 19:36:25.230 71035 INFO tempest.lib.common.rest_client [req-b910461a-81ea-45be-8ee1-f802c11c89c9 req-b910461a-81ea-45be-8ee1-f802c11c89c9 ] Request (ImagesNegativeTestJSON:test_create_image_from_deleted_server): 200 GET http://10.180.1.21/compute/v2.1/servers/a2e2e92b-90ee-4242-a4e6-0deaa0593a91 0.073s
2025-04-03 19:36:25.243 71005 INFO tempest.lib.common.rest_client [req-8e637938-7fae-49bb-a426-97ef08561a41 req-8e637938-7fae-49bb-a426-97ef08561a41 ] Request (ListImageFiltersTestJSON:setUpClass): 200 GET http://10.180.1.21/compute/v2.1/servers/f309e06b-e607-4c2f-9743-8cba2f49ae08 0.131s
2025-04-03 19:36:25.299 71021 INFO tempest.lib.common.rest_client [req-686c263f-90d5-413d-8c81-ff03639c502d req-686c263f-90d5-413d-8c81-ff03639c502d ] Request (ServersTestMultiNic:test_verify_multiple_nics_order): 200 GET http://10.180.1.21/compute/v2.1/servers/e1ccd6a9-267a-4e45-bf12-c63524c43b78 0.049s
2025-04-03 19:36:25.306 71021 INFO tempest.common.waiters [-] State transition "BUILD/scheduling" ==> "BUILD/None" after 40 second wait
2025-04-03 19:36:25.386 71013 INFO tempest.lib.common.rest_client [req-256c4a65-9139-43a4-a899-9d44f92920a0 req-256c4a65-9139-43a4-a899-9d44f92920a0 ] Request (ServersV294TestFqdnHostnames:setUpClass): 200 GET http://10.180.1.21/compute/v2.1/servers/2c36922b-ddcf-4e9f-bf35-f5aaf7400329 0.103s
2025-04-03 19:36:25.395 71023 INFO tempest.lib.common.rest_client [req-a4cad06d-ba29-4725-846e-f9c5799353d6 req-a4cad06d-ba29-4725-846e-f9c5799353d6 ] Request (ServersAdmin275Test:test_rebuild_update_server_275): 200 GET http://10.180.1.21/compute/v2.1/servers/9231fe98-18d7-43fd-975b-872c393bc825 0.069s
2025-04-03 19:36:25.399 71013 INFO tempest.common.waiters [-] State transition "BUILD/block_device_mapping" ==> "BUILD/spawning" after 62 second wait
2025-04-03 19:36:25.408 71023 INFO tempest.common.waiters [-] State transition "REBUILD/rebuild_spawning" ==> "ACTIVE/None" after 9 second wait
2025-04-03 19:36:25.442 71009 INFO tempest.lib.common.rest_client [req-fb776493-adbc-43e9-9d96-2743e89bf052 req-fb776493-adbc-43e9-9d96-2743e89bf052 ] Request (ServerActionsTestJSON:setUpClass): 200 GET http://10.180.1.21/compute/v2.1/servers/d71fcc6b-60e4-4a93-8333-f116106ec82b 0.089s
2025-04-03 19:36:25.454 71049 INFO tempest.lib.common.rest_client [req-2db93e72-6681-4d4b-afb7-a7c9b22983c5 req-2db93e72-6681-4d4b-afb7-a7c9b22983c5 ] Request (ServerMetadataTestJSON:setUpClass): 200 GET http://10.180.1.21/compute/v2.1/servers/635ba1b8-57b8-4f9e-8665-58fb8953d176 0.066s
2025-04-03 19:36:25.505 71051 INFO tempest.lib.common.rest_client [req-eb101450-9e92-4242-969e-61f45064ee5a req-eb101450-9e92-4242-969e-61f45064ee5a ] Request (ServersTestBootFromVolume:setUpClass): 200 GET http://10.180.1.21/compute/v2.1/servers/10dc4b43-f716-4a8f-8ba7-fbb32db1aa13 0.082s
2025-04-03 19:36:25.548 71061 INFO tempest.lib.common.rest_client [req-fc3541f0-ebd2-4152-a0bf-a51c1dc994bb req-fc3541f0-ebd2-4152-a0bf-a51c1dc994bb ] Request (InstanceActionsNegativeTestJSON:setUpClass): 200 GET http://10.180.1.21/compute/v2.1/servers/c0e52901-6ed2-4dbc-9d5b-9da47ebc06f1 0.095s
2025-04-03 19:36:25.605 71019 INFO tempest.lib.common.rest_client [req-d33245c6-aaa9-4618-a999-d783f46728b1 req-d33245c6-aaa9-4618-a999-d783f46728b1 ] Request (FloatingIPsAssociationTestJSON:tearDownClass): 200 GET http://10.180.1.21/compute/v2.1/servers/5568be61-b000-400f-b695-beb26c1d52c7 0.113s
2025-04-03 19:36:25.659 71041 INFO tempest.lib.common.rest_client [req-c870a7b9-b606-4966-a6ca-f2ae3cd7713d req-c870a7b9-b606-4966-a6ca-f2ae3cd7713d ] Request (SecurityGroupsTestJSON:test_server_security_groups): 200 GET http://10.180.1.21/compute/v2.1/servers/e4957660-16be-4dc4-b691-bc6bab8cb1e4 0.101s
2025-04-03 19:36:25.796 71015 INFO tempest.lib.common.rest_client [req-6d0ae74b-50be-45e7-a398-33856774dd3b req-6d0ae74b-50be-45e7-a398-33856774dd3b ] Request (ListServerFiltersTestJSON:setUpClass): 200 GET http://10.180.1.21/compute/v2.1/servers/fb7a867e-cd53-47de-81b8-ecca62a9c82c 0.220s
2025-04-03 19:36:25.822 71011 INFO tempest.lib.common.rest_client [req-6647de82-32de-436a-ac83-0cfba2055516 req-6647de82-32de-436a-ac83-0cfba2055516 ] Request (ServerAddressesTestJSON:tearDownClass): 200 PUT http://10.180.1.21:9696/networking/v2.0/routers/4ae4f34a-1739-4ac3-9ff3-4e639f9a5ba8/remove_router_interface 0.647s
2025-04-03 19:36:25.859 71047 INFO tempest.lib.common.rest_client [req-cb9a69d2-4220-4ff6-9702-fff8accb1a5f req-cb9a69d2-4220-4ff6-9702-fff8accb1a5f ] Request (ServerAddressesNegativeTestJSON:setUpClass): 200 GET http://10.180.1.21/compute/v2.1/servers/d4f03fe1-b12a-44c6-93a7-33ae77d4537d 0.249s
2025-04-03 19:36:25.928 70999 INFO tempest.lib.common.rest_client [req-8a422b68-b5f2-441e-886e-262145f8861d req-8a422b68-b5f2-441e-886e-262145f8861d ] Request (DeleteServersAdminTestJSON:test_delete_server_while_in_error_state): 200 GET http://10.180.1.21/compute/v2.1/servers/644b6351-0c3e-4af4-83f2-8f19d3be4041 0.299s
2025-04-03 19:36:25.988 71007 INFO tempest.lib.common.rest_client [req-c22c7493-0952-4152-a0ac-db00a3457f84 req-c22c7493-0952-4152-a0ac-db00a3457f84 ] Request (ServerShowV247Test:test_update_rebuild_list_server): 200 GET http://10.180.1.21/compute/v2.1/servers/84f522d4-ee16-4b48-88a4-c45d75932a4a 0.328s
2025-04-03 19:36:26.001 71023 INFO tempest.lib.common.rest_client [req-8f3eede9-7127-4a2b-9935-45af072ef141 req-8f3eede9-7127-4a2b-9935-45af072ef141 ] Request (ServersAdmin275Test:test_rebuild_update_server_275): 202 POST http://10.180.1.21/compute/v2.1/servers/9231fe98-18d7-43fd-975b-872c393bc825/action 0.592s
2025-04-03 19:36:26.044 71045 INFO tempest.lib.common.rest_client [req-04145224-7b9a-497b-8cae-250e3d3cb6b8 req-04145224-7b9a-497b-8cae-250e3d3cb6b8 ] Request (ImagesTestJSON:test_create_image_from_suspended_server): 200 GET http://10.180.1.21/compute/v2.1/servers/11c8e46a-fa8c-4081-b323-a21d6869c91e 0.373s
2025-04-03 19:36:26.061 71043 INFO tempest.lib.common.rest_client [req-98d5dd7a-cc89-42ca-9bc7-fc5a4ad85862 req-98d5dd7a-cc89-42ca-9bc7-fc5a4ad85862 ] Request (ServerMetadataNegativeTestJSON:tearDownClass): 200 GET http://10.180.1.21/compute/v2.1/servers/6bfbfb8c-0944-41e5-9d2b-6edd03cedcf5 0.341s
2025-04-03 19:36:26.093 71055 INFO tempest.lib.common.rest_client [req-4a587beb-a391-4076-adba-95204bfd3e66 req-4a587beb-a391-4076-adba-95204bfd3e66 ] Request (ServersAdminTestJSON:test_inject_network_info): 200 GET http://10.180.1.21/compute/v2.1/servers/6896b86f-def0-43dd-b574-09837f1d1216 0.369s
2025-04-03 19:36:26.114 71025 INFO tempest.lib.common.rest_client [req-f34bdb1a-6d64-4d38-b7b6-572b989cd536 req-f34bdb1a-6d64-4d38-b7b6-572b989cd536 ] Request (MigrationsAdminTest:test_resize_server_revert_deleted_flavor): 200 GET http://10.180.1.21/compute/v2.1/servers/efe01f7a-daad-4592-8e37-25c3ee91c54e 0.338s
2025-04-03 19:36:26.162 71057 INFO tempest.lib.common.rest_client [req-9b1d0d12-c6d0-48c9-baa5-78b460cf70fa req-9b1d0d12-c6d0-48c9-baa5-78b460cf70fa ] Request (ImagesOneServerTestJSON:setUpClass): 200 GET http://10.180.1.21/compute/v2.1/servers/f0f2b816-cd6d-4c0f-8615-73f1ca7bc00a 0.173s
2025-04-03 19:36:26.186 71003 INFO tempest.lib.common.rest_client [req-e7b15bbd-9bc6-4a37-9073-20405f43f9d8 req-e7b15bbd-9bc6-4a37-9073-20405f43f9d8 ] Request (ServerRescueTestJSONUnderV235:setUpClass): 200 GET http://10.180.1.21/compute/v2.1/servers/d7f3e5ef-b15a-431b-bafc-c97138988bb6 0.190s
2025-04-03 19:36:26.199 71011 INFO tempest.lib.common.rest_client [req-4e28aa58-83a2-4c15-9080-45d8aaa14c2a req-4e28aa58-83a2-4c15-9080-45d8aaa14c2a ] Request (ServerAddressesTestJSON:tearDownClass): 204 DELETE http://10.180.1.21:9696/networking/v2.0/routers/4ae4f34a-1739-4ac3-9ff3-4e639f9a5ba8 0.376s
2025-04-03 19:36:26.240 71023 INFO tempest.lib.common.rest_client [req-bf5ad248-ed21-42fe-9651-5def296dd6b3 req-bf5ad248-ed21-42fe-9651-5def296dd6b3 ] Request (ServersAdmin275Test:_run_cleanups): 200 GET http://10.180.1.21/compute/v2.1/servers/9231fe98-18d7-43fd-975b-872c393bc825 0.221s
2025-04-03 19:36:26.253 71001 INFO tempest.lib.common.rest_client [req-d13f7ddb-bde2-4d96-843e-f76e5ac9daf3 req-d13f7ddb-bde2-4d96-843e-f76e5ac9daf3 ] Request (MultipleCreateTestJSON:test_multiple_create_with_reservation_return): 200 GET http://10.180.1.21/compute/v2.1/servers/a5ff0511-88a3-42f3-909b-4383bd8f80d9 0.214s
2025-04-03 19:36:26.293 71027 INFO tempest.lib.common.rest_client [req-43328498-a24e-42b8-8bbd-438701f370d2 req-43328498-a24e-42b8-8bbd-438701f370d2 ] Request (ServersAdminNegativeTestJSON:test_migrate_server_invalid_state): 200 GET http://10.180.1.21/compute/v2.1/servers/a100311d-31cd-4940-9e04-1572afdd5a42 0.243s
2025-04-03 19:36:26.308 71029 INFO tempest.lib.common.rest_client [req-1c6507a2-9c57-465b-bf1f-166ffa0a7893 req-1c6507a2-9c57-465b-bf1f-166ffa0a7893 ] Request (VolumesAssistedSnapshotsTest:test_volume_assisted_snapshot_create_delete): 200 GET http://10.180.1.21/compute/v2.1/servers/a02eecf2-3d70-4e2d-8201-bc46f0e6f86d 0.187s
2025-04-03 19:36:26.330 71011 INFO tempest.lib.common.rest_client [req-a96a72dd-91c4-43a5-aa25-33445573890d req-a96a72dd-91c4-43a5-aa25-33445573890d ] Request (ServerAddressesTestJSON:tearDownClass): 204 DELETE http://10.180.1.21:9696/networking/v2.0/subnets/948222a3-f24f-43ec-9fbb-dda02e543547 0.130s
2025-04-03 19:36:26.346 71053 INFO tempest.lib.common.rest_client [req-9a405095-28cd-46b0-899c-f4239020764e req-9a405095-28cd-46b0-899c-f4239020764e ] Request (VolumesAdminNegativeTest:test_update_attached_volume_with_nonexistent_volume_in_body): 200 GET http://10.180.1.21/compute/v2.1/servers/c73bc43a-7ff8-4f69-90a7-841bfe5c7e05 0.178s
2025-04-03 19:36:26.360 71035 INFO tempest.lib.common.rest_client [req-04d28a9e-ea51-48c2-8b13-e6e0fe0b3641 req-04d28a9e-ea51-48c2-8b13-e6e0fe0b3641 ] Request (ImagesNegativeTestJSON:test_create_image_from_deleted_server): 200 GET http://10.180.1.21/compute/v2.1/servers/a2e2e92b-90ee-4242-a4e6-0deaa0593a91 0.121s
2025-04-03 19:36:26.421 71021 INFO tempest.lib.common.rest_client [req-592cfbb5-008b-4f3e-b04c-9bdca417a361 req-592cfbb5-008b-4f3e-b04c-9bdca417a361 ] Request (ServersTestMultiNic:test_verify_multiple_nics_order): 200 GET http://10.180.1.21/compute/v2.1/servers/e1ccd6a9-267a-4e45-bf12-c63524c43b78 0.114s
2025-04-03 19:36:26.501 71005 INFO tempest.lib.common.rest_client [req-12521361-394b-45d9-b89f-a0b4c3a326e4 req-12521361-394b-45d9-b89f-a0b4c3a326e4 ] Request (ListImageFiltersTestJSON:setUpClass): 200 GET http://10.180.1.21/compute/v2.1/servers/f309e06b-e607-4c2f-9743-8cba2f49ae08 0.250s
2025-04-03 19:36:26.515 71005 INFO tempest.common.waiters [-] State transition "ACTIVE/image_uploading" ==> "ACTIVE/None" after 1 second wait
2025-04-03 19:36:26.546 71013 INFO tempest.lib.common.rest_client [req-3699f8ef-6016-4f79-ad8a-d0dfaba89986 req-3699f8ef-6016-4f79-ad8a-d0dfaba89986 ] Request (ServersV294TestFqdnHostnames:setUpClass): 200 GET http://10.180.1.21/compute/v2.1/servers/2c36922b-ddcf-4e9f-bf35-f5aaf7400329 0.145s
2025-04-03 19:36:26.555 71009 INFO tempest.lib.common.rest_client [req-2924521f-bbf6-481c-9c73-e90e3a2627b3 req-2924521f-bbf6-481c-9c73-e90e3a2627b3 ] Request (ServerActionsTestJSON:setUpClass): 200 GET http://10.180.1.21/compute/v2.1/servers/d71fcc6b-60e4-4a93-8333-f116106ec82b 0.104s
2025-04-03 19:36:26.614 71051 INFO tempest.lib.common.rest_client [req-f0d5712e-7893-41ff-b842-25d0b34b112e req-f0d5712e-7893-41ff-b842-25d0b34b112e ] Request (ServersTestBootFromVolume:setUpClass): 200 GET http://10.180.1.21/compute/v2.1/servers/10dc4b43-f716-4a8f-8ba7-fbb32db1aa13 0.101s
2025-04-03 19:36:26.620 71049 INFO tempest.lib.common.rest_client [req-e5afb955-1e2a-4b2c-8605-93e7525b6c42 req-e5afb955-1e2a-4b2c-8605-93e7525b6c42 ] Request (ServerMetadataTestJSON:setUpClass): 200 GET http://10.180.1.21/compute/v2.1/servers/635ba1b8-57b8-4f9e-8665-58fb8953d176 0.154s
2025-04-03 19:36:26.634 71011 INFO tempest.lib.common.rest_client [req-5e212498-60fc-47e5-86ed-da15f63d4f04 req-5e212498-60fc-47e5-86ed-da15f63d4f04 ] Request (ServerAddressesTestJSON:tearDownClass): 204 DELETE http://10.180.1.21:9696/networking/v2.0/networks/b5fbf8ea-1392-4503-aac6-6ecfb56e7a68 0.304s
2025-04-03 19:36:26.682 71061 INFO tempest.lib.common.rest_client [req-5641422b-f6d5-4270-aaae-ac1678165c55 req-5641422b-f6d5-4270-aaae-ac1678165c55 ] Request (InstanceActionsNegativeTestJSON:setUpClass): 200 GET http://10.180.1.21/compute/v2.1/servers/c0e52901-6ed2-4dbc-9d5b-9da47ebc06f1 0.123s
2025-04-03 19:36:26.719 71005 INFO tempest.lib.common.rest_client [req-7985e5a2-0138-4b9b-adcf-0ac22afdb740 req-7985e5a2-0138-4b9b-adcf-0ac22afdb740 ] Request (ListImageFiltersTestJSON:test_list_images_filter_by_changes_since): 200 GET http://10.180.1.21/compute/v2.1/images?changes-since=2025-04-03T19%3A34%3A37Z 0.202s
2025-04-03 19:36:26.746 71031 WARNING tempest.lib.common.ssh [-] Failed to establish authenticated ssh connection to cirros@10.180.180.135 ([Errno None] Unable to connect to port 22 on 10.180.180.135). Number attempts: 7. Retry after 8 seconds.: paramiko.ssh_exception.NoValidConnectionsError: [Errno None] Unable to connect to port 22 on 10.180.180.135
2025-04-03 19:36:26.766 71019 INFO tempest.lib.common.rest_client [req-aa54ec86-e222-4fb3-b192-a7ebaabbe250 req-aa54ec86-e222-4fb3-b192-a7ebaabbe250 ] Request (FloatingIPsAssociationTestJSON:tearDownClass): 200 GET http://10.180.1.21/compute/v2.1/servers/5568be61-b000-400f-b695-beb26c1d52c7 0.151s
2025-04-03 19:36:26.783 71041 INFO tempest.lib.common.rest_client [req-d14cd037-a8a7-43b2-8333-7dc84cc894c3 req-d14cd037-a8a7-43b2-8333-7dc84cc894c3 ] Request (SecurityGroupsTestJSON:test_server_security_groups): 200 GET http://10.180.1.21/compute/v2.1/servers/e4957660-16be-4dc4-b691-bc6bab8cb1e4 0.114s
2025-04-03 19:36:26.786 71011 INFO tempest.lib.common.rest_client [req-8a904d20-034e-457d-b6df-c7f8c95ef902 req-8a904d20-034e-457d-b6df-c7f8c95ef902 ] Request (ServerAddressesTestJSON:tearDownClass): 204 DELETE http://10.180.1.21/identity/v3/users/88b1ba3e524e4bd2878dcd42f5ee42a8 0.151s
2025-04-03 19:36:26.786 71011 INFO tempest.lib.common.dynamic_creds [-] Deleting project and security group for project: 9fb15125ae194dc3a6d9a1b78edd78ce
2025-04-03 19:36:26.827 71011 INFO tempest.lib.common.rest_client [req-adb3670e-d2c0-4e97-a732-4da0147ab1bf req-adb3670e-d2c0-4e97-a732-4da0147ab1bf ] Request (ServerAddressesTestJSON:tearDownClass): 200 GET http://10.180.1.21:9696/networking/v2.0/security-groups?tenant_id=9fb15125ae194dc3a6d9a1b78edd78ce&name=default 0.040s
2025-04-03 19:36:26.834 71005 INFO tempest.lib.common.rest_client [req-0ade4bb2-167a-49ff-bd6c-2cd1347df374 req-0ade4bb2-167a-49ff-bd6c-2cd1347df374 ] Request (ListImageFiltersTestJSON:test_list_images_filter_by_name): 200 GET http://10.180.1.21/compute/v2.1/images?name=tempest-ListImageFiltersTestJSON-image-546895715 0.108s
2025-04-03 19:36:26.914 71005 INFO tempest.lib.common.rest_client [req-42225711-8cb6-4eca-a63e-2e829f885410 req-42225711-8cb6-4eca-a63e-2e829f885410 ] Request (ListImageFiltersTestJSON:test_list_images_filter_by_server_id): 200 GET http://10.180.1.21/compute/v2.1/images?server=f309e06b-e607-4c2f-9743-8cba2f49ae08 0.076s
2025-04-03 19:36:26.982 71047 INFO tempest.lib.common.rest_client [req-175b0cc2-644f-4ff3-ad80-cb906841f7e7 req-175b0cc2-644f-4ff3-ad80-cb906841f7e7 ] Request (ServerAddressesNegativeTestJSON:setUpClass): 200 GET http://10.180.1.21/compute/v2.1/servers/d4f03fe1-b12a-44c6-93a7-33ae77d4537d 0.114s
2025-04-03 19:36:27.021 71005 INFO tempest.lib.common.rest_client [req-f2d33445-1ff4-42b6-8810-33658ab87a3a req-f2d33445-1ff4-42b6-8810-33658ab87a3a ] Request (ListImageFiltersTestJSON:test_list_images_filter_by_server_ref): 200 GET http://10.180.1.21/compute/v2.1/images?server=http%3A%2F%2F10.180.1.21%2Fcompute%2Fv2.1%2Fservers%2Fba456b84-d8d6-4b50-83ce-ff8e53ac25c2 0.103s
2025-04-03 19:36:27.026 71011 INFO tempest.lib.common.rest_client [req-1e8c6bfc-9a75-4449-85bf-ed9cc0a3e59e req-1e8c6bfc-9a75-4449-85bf-ed9cc0a3e59e ] Request (ServerAddressesTestJSON:tearDownClass): 204 DELETE http://10.180.1.21:9696/networking/v2.0/security-groups/065b212a-d546-4fda-97d6-b881b17f4948 0.198s
2025-04-03 19:36:27.061 71015 INFO tempest.lib.common.rest_client [req-c536f701-3eed-4501-ab41-a07f36f304ef req-c536f701-3eed-4501-ab41-a07f36f304ef ] Request (ListServerFiltersTestJSON:setUpClass): 200 GET http://10.180.1.21/compute/v2.1/servers/fb7a867e-cd53-47de-81b8-ecca62a9c82c 0.257s
2025-04-03 19:36:27.099 70999 INFO tempest.lib.common.rest_client [req-fef609a7-58d3-44e0-9ef0-8a5da8d4a9ef req-fef609a7-58d3-44e0-9ef0-8a5da8d4a9ef ] Request (DeleteServersAdminTestJSON:test_delete_server_while_in_error_state): 200 GET http://10.180.1.21/compute/v2.1/servers/644b6351-0c3e-4af4-83f2-8f19d3be4041 0.163s
2025-04-03 19:36:27.125 71007 INFO tempest.lib.common.rest_client [req-44d6e599-2c03-4cb2-bb88-ddd5777a9109 req-44d6e599-2c03-4cb2-bb88-ddd5777a9109 ] Request (ServerShowV247Test:test_update_rebuild_list_server): 200 GET http://10.180.1.21/compute/v2.1/servers/84f522d4-ee16-4b48-88a4-c45d75932a4a 0.115s
2025-04-03 19:36:27.147 71005 INFO tempest.lib.common.rest_client [req-020cc29b-63ce-482b-9d31-f2882647b1c1 req-020cc29b-63ce-482b-9d31-f2882647b1c1 ] Request (ListImageFiltersTestJSON:test_list_images_filter_by_server_ref): 200 GET http://10.180.1.21/compute/v2.1/images?server=http%3A%2F%2F10.180.1.21%2Fcompute%2Fservers%2Fba456b84-d8d6-4b50-83ce-ff8e53ac25c2 0.123s
2025-04-03 19:36:27.188 71045 INFO tempest.lib.common.rest_client [req-0a074d55-979d-46fb-be0e-3abc4d0e531a req-0a074d55-979d-46fb-be0e-3abc4d0e531a ] Request (ImagesTestJSON:test_create_image_from_suspended_server): 200 GET http://10.180.1.21/compute/v2.1/servers/11c8e46a-fa8c-4081-b323-a21d6869c91e 0.131s
2025-04-03 19:36:27.189 71011 INFO tempest.lib.common.rest_client [req-c2df1719-4ed8-40fd-87fb-a9a07d585724 req-c2df1719-4ed8-40fd-87fb-a9a07d585724 ] Request (ServerAddressesTestJSON:tearDownClass): 204 DELETE http://10.180.1.21/identity/v3/projects/9fb15125ae194dc3a6d9a1b78edd78ce 0.162s
2025-04-03 19:36:27.190 71011 INFO tempest.test [-] raised in ServerBootFromVolumeStableRescueTest.setUpClass. Invoking tearDownClass.
2025-04-03 19:36:27.207 71043 INFO tempest.lib.common.rest_client [req-2c0c6352-3d0f-4978-a6fa-e3f56d0e3863 req-2c0c6352-3d0f-4978-a6fa-e3f56d0e3863 ] Request (ServerMetadataNegativeTestJSON:tearDownClass): 200 GET http://10.180.1.21/compute/v2.1/servers/6bfbfb8c-0944-41e5-9d2b-6edd03cedcf5 0.138s
2025-04-03 19:36:27.249 71055 INFO tempest.lib.common.rest_client [req-11451109-2ae3-4818-8a47-d4f68f1e2c56 req-11451109-2ae3-4818-8a47-d4f68f1e2c56 ] Request (ServersAdminTestJSON:test_inject_network_info): 200 GET http://10.180.1.21/compute/v2.1/servers/6896b86f-def0-43dd-b574-09837f1d1216 0.148s
2025-04-03 19:36:27.266 71011 INFO tempest.lib.common.rest_client [req-040f2b06-d995-4c27-9743-1ef538139e42 req-040f2b06-d995-4c27-9743-1ef538139e42 ] Request (ServersListShow298Test:setUpClass): 201 POST http://10.180.1.21/identity/v3/auth/tokens 0.074s
2025-04-03 19:36:27.271 71025 INFO tempest.lib.common.rest_client [req-3274b6a5-1f70-4c51-a7e5-ae92ed5178f2 req-3274b6a5-1f70-4c51-a7e5-ae92ed5178f2 ] Request (MigrationsAdminTest:test_resize_server_revert_deleted_flavor): 200 GET http://10.180.1.21/compute/v2.1/servers/efe01f7a-daad-4592-8e37-25c3ee91c54e 0.147s
2025-04-03 19:36:27.309 71011 INFO tempest.lib.common.rest_client [req-23178a3d-fcf8-4ff9-9da3-3faaaab3a422 req-23178a3d-fcf8-4ff9-9da3-3faaaab3a422 ] Request (ServersListShow298Test:setUpClass): 201 POST http://10.180.1.21/identity/v3/auth/tokens 0.038s
2025-04-03 19:36:27.327 71057 INFO tempest.lib.common.rest_client [req-518536f1-e665-49e6-9795-896f68a2e21f req-518536f1-e665-49e6-9795-896f68a2e21f ] Request (ImagesOneServerTestJSON:setUpClass): 200 GET http://10.180.1.21/compute/v2.1/servers/f0f2b816-cd6d-4c0f-8615-73f1ca7bc00a 0.150s
2025-04-03 19:36:27.330 71005 INFO tempest.lib.common.rest_client [req-0a507874-55e7-4960-93f1-0de8c8e5c1a8 req-0a507874-55e7-4960-93f1-0de8c8e5c1a8 ] Request (ListImageFiltersTestJSON:test_list_images_filter_by_status): 200 GET http://10.180.1.21/compute/v2.1/images?status=ACTIVE 0.176s
2025-04-03 19:36:27.334 71011 INFO tempest.lib.common.rest_client [req-b59e4fc9-ce52-419f-a492-7451dc7bcefe req-b59e4fc9-ce52-419f-a492-7451dc7bcefe ] Request (ServersListShow298Test:setUpClass): 200 GET http://10.180.1.21/identity/v3/domains?name=Default 0.025s
2025-04-03 19:36:27.376 71011 INFO tempest.lib.common.rest_client [req-67fe2c9c-41e1-42db-8e5a-e79d1751f48a req-67fe2c9c-41e1-42db-8e5a-e79d1751f48a ] Request (ServersListShow298Test:setUpClass): 201 POST http://10.180.1.21/identity/v3/projects 0.041s
2025-04-03 19:36:27.382 71003 INFO tempest.lib.common.rest_client [req-96fb5989-e916-43d7-b1ae-1d7de8eaf1b2 req-96fb5989-e916-43d7-b1ae-1d7de8eaf1b2 ] Request (ServerRescueTestJSONUnderV235:setUpClass): 200 GET http://10.180.1.21/compute/v2.1/servers/d7f3e5ef-b15a-431b-bafc-c97138988bb6 0.184s
2025-04-03 19:36:27.402 71023 INFO tempest.lib.common.rest_client [req-af1299af-e590-4faf-af64-61a824990faf req-af1299af-e590-4faf-af64-61a824990faf ] Request (ServersAdmin275Test:_run_cleanups): 200 GET http://10.180.1.21/compute/v2.1/servers/9231fe98-18d7-43fd-975b-872c393bc825 0.150s
2025-04-03 19:36:27.437 71001 INFO tempest.lib.common.rest_client [req-1fcf2824-e449-4e15-863f-a4ef40c7c287 req-1fcf2824-e449-4e15-863f-a4ef40c7c287 ] Request (MultipleCreateTestJSON:test_multiple_create_with_reservation_return): 200 GET http://10.180.1.21/compute/v2.1/servers/a5ff0511-88a3-42f3-909b-4383bd8f80d9 0.175s
2025-04-03 19:36:27.445 71011 INFO tempest.lib.common.rest_client [req-4c3d4ead-fe2e-40ca-9c9f-d8427781aee6 req-4c3d4ead-fe2e-40ca-9c9f-d8427781aee6 ] Request (ServersListShow298Test:setUpClass): 201 POST http://10.180.1.21/identity/v3/users 0.068s
2025-04-03 19:36:27.462 71027 INFO tempest.lib.common.rest_client [req-56b8da1b-cd1b-4d9c-a4dd-49ad0403c44a req-56b8da1b-cd1b-4d9c-a4dd-49ad0403c44a ] Request (ServersAdminNegativeTestJSON:test_migrate_server_invalid_state): 200 GET http://10.180.1.21/compute/v2.1/servers/a100311d-31cd-4940-9e04-1572afdd5a42 0.153s
2025-04-03 19:36:27.472 71011 INFO tempest.lib.common.rest_client [req-a3ee37e6-5894-4fd4-9a7d-b46fd4104caa req-a3ee37e6-5894-4fd4-9a7d-b46fd4104caa ] Request (ServersListShow298Test:setUpClass): 200 GET http://10.180.1.21/identity/v3/roles 0.026s
2025-04-03 19:36:27.497 71029 INFO tempest.lib.common.rest_client [req-e6718e88-5b2f-4ae0-b729-a1ae4f403086 req-e6718e88-5b2f-4ae0-b729-a1ae4f403086 ] Request (VolumesAssistedSnapshotsTest:test_volume_assisted_snapshot_create_delete): 200 GET http://10.180.1.21/compute/v2.1/servers/a02eecf2-3d70-4e2d-8201-bc46f0e6f86d 0.181s
2025-04-03 19:36:27.502 71011 INFO tempest.lib.common.rest_client [req-5cd68ddf-930e-4891-96ff-8492eedd112a req-5cd68ddf-930e-4891-96ff-8492eedd112a ] Request (ServersListShow298Test:setUpClass): 204 PUT http://10.180.1.21/identity/v3/projects/d109293c3acb4d9ca7d7bc38d14ad444/users/98418d232aed41ebb9638122b7dd7c84/roles/13b4453db0734b06aa70493f32b729e2 0.029s
2025-04-03 19:36:27.502 71011 INFO tempest.lib.common.dynamic_creds [-] Dynamic test user 98418d232aed41ebb9638122b7dd7c84 is created with scope project and roles: ['member']
2025-04-03 19:36:27.502 71011 INFO tempest.lib.common.dynamic_creds [-] Acquired dynamic creds: credentials: Credentials: {'domain_id': 'default', 'domain_name': 'Default', 'username': 'tempest-ServersListShow298Test-1360934065-project-member', 'project_domain_id': 'default', 'project_domain_name': 'Default', 'project_id': 'd109293c3acb4d9ca7d7bc38d14ad444', 'project_name': 'tempest-ServersListShow298Test-1360934065', 'tenant_id': 'd109293c3acb4d9ca7d7bc38d14ad444', 'tenant_name': 'tempest-ServersListShow298Test-1360934065', 'user_domain_id': 'default', 'user_domain_name': 'Default', 'user_id': '98418d232aed41ebb9638122b7dd7c84', 'system': None}, Network: None, Subnet: None, Router: None
2025-04-03 19:36:27.503 71011 INFO tempest.lib.common.dynamic_creds [-] Created isolated network resources for: credentials: Credentials: {'domain_id': 'default', 'domain_name': 'Default', 'username': 'tempest-ServersListShow298Test-1360934065-project-member', 'project_domain_id': 'default', 'project_domain_name': 'Default', 'project_id': 'd109293c3acb4d9ca7d7bc38d14ad444', 'project_name': 'tempest-ServersListShow298Test-1360934065', 'tenant_id': 'd109293c3acb4d9ca7d7bc38d14ad444', 'tenant_name': 'tempest-ServersListShow298Test-1360934065', 'user_domain_id': 'default', 'user_domain_name': 'Default', 'user_id': '98418d232aed41ebb9638122b7dd7c84', 'system': None}, Network: None, Subnet: None, Router: None
2025-04-03 19:36:27.510 71005 INFO tempest.lib.common.rest_client [req-659efe96-6028-41d6-98d4-a395aa151e6a req-659efe96-6028-41d6-98d4-a395aa151e6a ] Request (ListImageFiltersTestJSON:test_list_images_filter_by_type): 200 GET http://10.180.1.21/compute/v2.1/images?type=snapshot 0.175s
2025-04-03 19:36:27.550 71053 INFO tempest.lib.common.rest_client [req-9dcac6c5-1474-47b8-879c-3be64dc9b013 req-9dcac6c5-1474-47b8-879c-3be64dc9b013 ] Request (VolumesAdminNegativeTest:test_update_attached_volume_with_nonexistent_volume_in_body): 200 GET http://10.180.1.21/compute/v2.1/servers/c73bc43a-7ff8-4f69-90a7-841bfe5c7e05 0.189s
2025-04-03 19:36:27.563 71035 INFO tempest.lib.common.rest_client [req-3cbd3952-86f0-465e-9b33-8ab10edab6e0 req-3cbd3952-86f0-465e-9b33-8ab10edab6e0 ] Request (ImagesNegativeTestJSON:test_create_image_from_deleted_server): 200 GET http://10.180.1.21/compute/v2.1/servers/a2e2e92b-90ee-4242-a4e6-0deaa0593a91 0.191s
2025-04-03 19:36:27.577 71011 INFO tempest.lib.common.rest_client [req-083893e0-df91-47ed-8332-bbf49d524ecf req-083893e0-df91-47ed-8332-bbf49d524ecf ] Request (ServersListShow298Test:setUpClass): 201 POST http://10.180.1.21/identity/v3/auth/tokens 0.071s
2025-04-03 19:36:27.597 71005 INFO tempest.lib.common.rest_client [req-82bdbc5b-ccb4-4fea-a494-317991ca83b9 req-82bdbc5b-ccb4-4fea-a494-317991ca83b9 ] Request (ListImageFiltersTestJSON:test_list_images_limit_results): 200 GET http://10.180.1.21/compute/v2.1/images?limit=1 0.083s
2025-04-03 19:36:27.602 71021 INFO tempest.lib.common.rest_client [req-08d78a79-a0ec-470c-9bb0-4c9d55635ee3 req-08d78a79-a0ec-470c-9bb0-4c9d55635ee3 ] Request (ServersTestMultiNic:test_verify_multiple_nics_order): 200 GET http://10.180.1.21/compute/v2.1/servers/e1ccd6a9-267a-4e45-bf12-c63524c43b78 0.171s
2025-04-03 19:36:27.609 71011 INFO tempest.lib.common.rest_client [req-1f5b2e66-b10f-4a50-94a4-63a20ed97841 req-1f5b2e66-b10f-4a50-94a4-63a20ed97841 ] Request (ServersListShow298Test:test_list_show_update_rebuild_server_298): 201 POST http://10.180.1.21/identity/v3/auth/tokens 0.028s
2025-04-03 19:36:27.610 71011 INFO tempest.lib.common.fixed_network [-] (ServersListShow298Test:test_list_show_update_rebuild_server_298) Found network None available for tenant
2025-04-03 19:36:27.659 71009 INFO tempest.lib.common.rest_client [req-9cd0b195-5308-4d60-8a13-7a3c7e43daed req-9cd0b195-5308-4d60-8a13-7a3c7e43daed ] Request (ServerActionsTestJSON:setUpClass): 200 GET http://10.180.1.21/compute/v2.1/servers/d71fcc6b-60e4-4a93-8333-f116106ec82b 0.094s
2025-04-03 19:36:27.703 71013 INFO tempest.lib.common.rest_client [req-1269b4ae-0d5a-4eab-b52f-f3aa8c96728d req-1269b4ae-0d5a-4eab-b52f-f3aa8c96728d ] Request (ServersV294TestFqdnHostnames:setUpClass): 200 GET http://10.180.1.21/compute/v2.1/servers/2c36922b-ddcf-4e9f-bf35-f5aaf7400329 0.146s
2025-04-03 19:36:27.710 71005 INFO tempest.lib.common.rest_client [req-48fe0cfd-ffa7-4b0d-a50a-97cb2da58e0a req-48fe0cfd-ffa7-4b0d-a50a-97cb2da58e0a ] Request (ListImageFiltersTestJSON:test_list_images_with_detail_filter_by_changes_since): 200 GET http://10.180.1.21/compute/v2.1/images/detail?changes-since=2025-04-03T19%3A34%3A23Z 0.110s
2025-04-03 19:36:27.763 71051 INFO tempest.lib.common.rest_client [req-7642f1d7-934a-447a-aac2-e66b6b585d2c req-7642f1d7-934a-447a-aac2-e66b6b585d2c ] Request (ServersTestBootFromVolume:setUpClass): 200 GET http://10.180.1.21/compute/v2.1/servers/10dc4b43-f716-4a8f-8ba7-fbb32db1aa13 0.132s
2025-04-03 19:36:27.814 71049 INFO tempest.lib.common.rest_client [req-42c650d6-fdb0-4660-9b4a-f683e236c916 req-42c650d6-fdb0-4660-9b4a-f683e236c916 ] Request (ServerMetadataTestJSON:setUpClass): 200 GET http://10.180.1.21/compute/v2.1/servers/635ba1b8-57b8-4f9e-8665-58fb8953d176 0.176s
2025-04-03 19:36:27.862 71061 INFO tempest.lib.common.rest_client [req-e6e7e2b0-e086-4855-9bb6-47ed3874c8c0 req-e6e7e2b0-e086-4855-9bb6-47ed3874c8c0 ] Request (InstanceActionsNegativeTestJSON:setUpClass): 200 GET http://10.180.1.21/compute/v2.1/servers/c0e52901-6ed2-4dbc-9d5b-9da47ebc06f1 0.164s
2025-04-03 19:36:27.877 71011 INFO tempest.lib.common.rest_client [req-02b21c9c-2baa-42e6-a282-3542dac1e48e req-02b21c9c-2baa-42e6-a282-3542dac1e48e ] Request (ServersListShow298Test:test_list_show_update_rebuild_server_298): 202 POST http://10.180.1.21/compute/v2.1/servers 0.267s
2025-04-03 19:36:27.897 71005 INFO tempest.lib.common.rest_client [req-981195fe-6e32-412f-acc3-61467e045682 req-981195fe-6e32-412f-acc3-61467e045682 ] Request (ListImageFiltersTestJSON:test_list_images_with_detail_filter_by_name): 200 GET http://10.180.1.21/compute/v2.1/images/detail?name=tempest-ListImageFiltersTestJSON-image-546895715 0.181s
2025-04-03 19:36:27.950 71019 INFO tempest.lib.common.rest_client [req-da0923a1-54eb-432e-a34d-b8c824c3a0c6 req-da0923a1-54eb-432e-a34d-b8c824c3a0c6 ] Request (FloatingIPsAssociationTestJSON:tearDownClass): 200 GET http://10.180.1.21/compute/v2.1/servers/5568be61-b000-400f-b695-beb26c1d52c7 0.176s
