2025-05-19 17:09:17.622 70180 INFO tempest.lib.common.rest_client [req-2bf8d229-fcf7-4a32-b7e1-2604e29ac6fc req-2bf8d229-fcf7-4a32-b7e1-2604e29ac6fc ] Request (ServerShowV263Test:tearDownClass): 204 DELETE http://10.180.1.21:9696/networking/v2.0/security-groups/40eee18b-13bb-44d0-a285-906f967288d0 0.186s
2025-05-19 17:09:17.645 70194 INFO tempest.lib.common.rest_client [req-ff58a4d6-76bf-44ba-9929-a4e84cdbcadf req-ff58a4d6-76bf-44ba-9929-a4e84cdbcadf ] Request (ServerDiagnosticsNegativeTest:test_get_server_diagnostics_by_non_admin): 200 GET http://10.180.1.21/compute/v2.1/servers/ba9a6c12-8260-411e-8b09-2761a3c0a8ea 1.441s
2025-05-19 17:09:17.678 70176 INFO tempest.lib.common.rest_client [req-35905325-108c-427d-b87e-8cf7ff47a195 req-35905325-108c-427d-b87e-8cf7ff47a195 ] Request (ServicesAdminNegativeV253TestJSON:setUpClass): 201 POST http://10.180.1.21/identity/v3/users 0.100s
2025-05-19 17:09:17.702 70176 INFO tempest.lib.common.rest_client [req-df907855-994a-4c1c-9793-7ec3ac27e2fe req-df907855-994a-4c1c-9793-7ec3ac27e2fe ] Request (ServicesAdminNegativeV253TestJSON:setUpClass): 200 GET http://10.180.1.21/identity/v3/roles 0.024s
2025-05-19 17:09:17.731 70180 INFO tempest.lib.common.rest_client [req-a737e688-2d89-4977-94aa-75e8255be365 req-a737e688-2d89-4977-94aa-75e8255be365 ] Request (ServerShowV263Test:tearDownClass): 204 DELETE http://10.180.1.21/identity/v3/projects/c092a83ba83e4d1a86e35d6f9d402c78 0.108s
2025-05-19 17:09:17.760 70176 INFO tempest.lib.common.rest_client [req-c0a8a712-732d-4830-a0d3-6cd01d805342 req-c0a8a712-732d-4830-a0d3-6cd01d805342 ] Request (ServicesAdminNegativeV253TestJSON:setUpClass): 204 PUT http://10.180.1.21/identity/v3/projects/745a2104b2ca4d00a749e57b9139ff09/users/1518d38c2613432ea510d90918a7825b/roles/a0cc61e6fe1942d586de5bf334c6bf9c 0.057s
2025-05-19 17:09:17.761 70176 INFO tempest.lib.common.dynamic_creds [-] Dynamic test user 1518d38c2613432ea510d90918a7825b is created with scope project and roles: ['member']
2025-05-19 17:09:17.761 70176 INFO tempest.lib.common.dynamic_creds [-] Acquired dynamic creds: credentials: Credentials: {'domain_id': 'default', 'domain_name': 'Default', 'username': 'tempest-ServicesAdminNegativeV253TestJSON-1478967375-project-member', 'project_domain_id': 'default', 'project_domain_name': 'Default', 'project_id': '745a2104b2ca4d00a749e57b9139ff09', 'project_name': 'tempest-ServicesAdminNegativeV253TestJSON-1478967375', 'tenant_id': '745a2104b2ca4d00a749e57b9139ff09', 'tenant_name': 'tempest-ServicesAdminNegativeV253TestJSON-1478967375', 'user_domain_id': 'default', 'user_domain_name': 'Default', 'user_id': '1518d38c2613432ea510d90918a7825b', 'system': None}, Network: None, Subnet: None, Router: None
2025-05-19 17:09:17.761 70176 INFO tempest.lib.common.dynamic_creds [-] Created isolated network resources for: credentials: Credentials: {'domain_id': 'default', 'domain_name': 'Default', 'username': 'tempest-ServicesAdminNegativeV253TestJSON-1478967375-project-member', 'project_domain_id': 'default', 'project_domain_name': 'Default', 'project_id': '745a2104b2ca4d00a749e57b9139ff09', 'project_name': 'tempest-ServicesAdminNegativeV253TestJSON-1478967375', 'tenant_id': '745a2104b2ca4d00a749e57b9139ff09', 'tenant_name': 'tempest-ServicesAdminNegativeV253TestJSON-1478967375', 'user_domain_id': 'default', 'user_domain_name': 'Default', 'user_id': '1518d38c2613432ea510d90918a7825b', 'system': None}, Network: None, Subnet: None, Router: None
2025-05-19 17:09:17.838 70162 INFO tempest.lib.common.rest_client [req-c2f36790-f10e-4203-a58a-1eb1bc2c1f96 req-c2f36790-f10e-4203-a58a-1eb1bc2c1f96 ] Request (ServersTestJSON:test_create_server_specify_multibyte_character_name): 202 POST http://10.180.1.21/compute/v2.1/servers 2.415s
2025-05-19 17:09:17.869 70176 INFO tempest.lib.common.rest_client [req-029cbcde-986c-4703-bc56-8a4f2eb0b636 req-029cbcde-986c-4703-bc56-8a4f2eb0b636 ] Request (ServicesAdminNegativeV253TestJSON:setUpClass): 201 POST http://10.180.1.21/identity/v3/auth/tokens 0.103s
2025-05-19 17:09:17.940 70176 INFO tempest.lib.common.rest_client [req-f470d406-9ce3-485d-b2e9-57b7daef4fd7 req-f470d406-9ce3-485d-b2e9-57b7daef4fd7 ] Request (ServicesAdminNegativeV253TestJSON:setUpClass): 201 POST http://10.180.1.21/identity/v3/projects 0.070s
2025-05-19 17:09:18.004 70176 INFO tempest.lib.common.rest_client [req-793a5d4d-30fd-45b3-bd04-9975daae4883 req-793a5d4d-30fd-45b3-bd04-9975daae4883 ] Request (ServicesAdminNegativeV253TestJSON:setUpClass): 201 POST http://10.180.1.21/identity/v3/users 0.063s
2025-05-19 17:09:18.026 70176 INFO tempest.lib.common.rest_client [req-75fa2a1e-b933-4767-99fb-32bbf32302dd req-75fa2a1e-b933-4767-99fb-32bbf32302dd ] Request (ServicesAdminNegativeV253TestJSON:setUpClass): 200 GET http://10.180.1.21/identity/v3/roles 0.021s
2025-05-19 17:09:18.054 70176 INFO tempest.lib.common.rest_client [req-95e6a48c-cdca-43fd-861c-7e74e010dfc6 req-95e6a48c-cdca-43fd-861c-7e74e010dfc6 ] Request (ServicesAdminNegativeV253TestJSON:setUpClass): 204 PUT http://10.180.1.21/identity/v3/projects/437701de63954e9b94894a742bb70c0f/users/1a6cf83568074ddf9bddfbe141a16872/roles/dcf4a7883ead42b89983bbfc0df72b17 0.027s
2025-05-19 17:09:18.069 70192 INFO tempest.lib.common.rest_client [req-e4a4e242-c66f-49e4-b6c3-fd583696b19a req-e4a4e242-c66f-49e4-b6c3-fd583696b19a ] Request (VolumesAdminNegativeTest:test_update_attached_volume_with_nonexistent_volume_in_uri): 204 DELETE http://10.180.1.21/compute/v2.1/servers/1cc25661-2dd0-4118-99ef-c40aaca84577 1.537s
2025-05-19 17:09:18.094 70174 INFO tempest.lib.common.rest_client [req-b9c87226-b2a0-4325-8ae3-d84b679b3f0e req-b9c87226-b2a0-4325-8ae3-d84b679b3f0e ] Request (FlavorsAdminTestJSON:_run_cleanups): 200 GET http://10.180.1.21/compute/v2.1/flavors/detail 1.433s
2025-05-19 17:09:18.098 70148 INFO tempest.lib.common.rest_client [req-ad527889-fe10-4087-b38e-fadda6426047 req-ad527889-fe10-4087-b38e-fadda6426047 ] Request (KeyPairsNegativeTestJSON:test_create_keypair_with_empty_name_string): 400 POST http://10.180.1.21/compute/v2.1/os-keypairs 1.436s
2025-05-19 17:09:18.119 70176 INFO tempest.lib.common.rest_client [req-fef8d1bd-dfe2-4639-9bfe-f48164ebbd70 req-fef8d1bd-dfe2-4639-9bfe-f48164ebbd70 ] Request (ServicesAdminNegativeV253TestJSON:setUpClass): 200 GET http://10.180.1.21/identity/v3/roles 0.065s
2025-05-19 17:09:18.136 70176 INFO tempest.lib.common.rest_client [req-4ced3ff8-f6a5-4b04-9a07-0e760417955d req-4ced3ff8-f6a5-4b04-9a07-0e760417955d ] Request (ServicesAdminNegativeV253TestJSON:setUpClass): 204 PUT http://10.180.1.21/identity/v3/projects/437701de63954e9b94894a742bb70c0f/users/1a6cf83568074ddf9bddfbe141a16872/roles/dcf4a7883ead42b89983bbfc0df72b17 0.017s
2025-05-19 17:09:18.137 70176 INFO tempest.lib.common.dynamic_creds [-] Dynamic test user 1a6cf83568074ddf9bddfbe141a16872 is created with scope project and roles: ['admin']
2025-05-19 17:09:18.137 70176 INFO tempest.lib.common.dynamic_creds [-] Acquired dynamic creds: credentials: Credentials: {'domain_id': 'default', 'domain_name': 'Default', 'username': 'tempest-ServicesAdminNegativeV253TestJSON-265575479-project-admin', 'project_domain_id': 'default', 'project_domain_name': 'Default', 'project_id': '437701de63954e9b94894a742bb70c0f', 'project_name': 'tempest-ServicesAdminNegativeV253TestJSON-265575479', 'tenant_id': '437701de63954e9b94894a742bb70c0f', 'tenant_name': 'tempest-ServicesAdminNegativeV253TestJSON-265575479', 'user_domain_id': 'default', 'user_domain_name': 'Default', 'user_id': '1a6cf83568074ddf9bddfbe141a16872', 'system': None}, Network: None, Subnet: None, Router: None
2025-05-19 17:09:18.137 70176 INFO tempest.lib.common.dynamic_creds [-] Created isolated network resources for: credentials: Credentials: {'domain_id': 'default', 'domain_name': 'Default', 'username': 'tempest-ServicesAdminNegativeV253TestJSON-265575479-project-admin', 'project_domain_id': 'default', 'project_domain_name': 'Default', 'project_id': '437701de63954e9b94894a742bb70c0f', 'project_name': 'tempest-ServicesAdminNegativeV253TestJSON-265575479', 'tenant_id': '437701de63954e9b94894a742bb70c0f', 'tenant_name': 'tempest-ServicesAdminNegativeV253TestJSON-265575479', 'user_domain_id': 'default', 'user_domain_name': 'Default', 'user_id': '1a6cf83568074ddf9bddfbe141a16872', 'system': None}, Network: None, Subnet: None, Router: None
2025-05-19 17:09:18.161 70172 INFO tempest.lib.common.rest_client [req-b0c01d82-cd79-4d19-90ed-377beaf4e583 req-b0c01d82-cd79-4d19-90ed-377beaf4e583 ] Request (SecurityGroupRulesNegativeTestJSON:test_create_security_group_rule_with_invalid_to_port): 400 POST http://10.180.1.21/compute/v2.1/os-security-group-rules 1.292s
2025-05-19 17:09:18.183 70144 INFO tempest.lib.common.rest_client [req-dcb5e945-7c96-48a4-9a53-6d696ac9ef9d req-dcb5e945-7c96-48a4-9a53-6d696ac9ef9d ] Request (AttachInterfacesTestJSON:_run_cleanups): 202 DELETE http://10.180.1.21/compute/v2.1/os-keypairs/tempest-keypair-15339841 1.272s
2025-05-19 17:09:18.221 70176 INFO tempest.lib.common.rest_client [req-19717e73-fc11-4115-a70b-075150f7d0a4 req-19717e73-fc11-4115-a70b-075150f7d0a4 ] Request (ServicesAdminNegativeV253TestJSON:setUpClass): 201 POST http://10.180.1.21/identity/v3/auth/tokens 0.080s
2025-05-19 17:09:18.252 70200 INFO tempest.lib.common.rest_client [req-6970522c-b1e3-4310-adb5-504064160b22 req-6970522c-b1e3-4310-adb5-504064160b22 ] Request (ServersNegativeTestJSON:tearDownClass): 204 DELETE http://10.180.1.21:9696/networking/v2.0/routers/eeb5c2bd-1532-4636-b8ed-621b6e6bcc4f 0.722s
2025-05-19 17:09:18.360 70150 INFO tempest.lib.common.rest_client [req-d18f2c33-31c1-44fd-a868-396a43a94bd9 req-d18f2c33-31c1-44fd-a868-396a43a94bd9 ] Request (AttachInterfacesUnderV243Test:test_add_remove_fixed_ip): 202 POST http://10.180.1.21/compute/v2.1/servers 2.112s
2025-05-19 17:09:18.401 70158 INFO tempest.lib.common.rest_client [req-194d9b16-de4a-40bc-8eb3-9c31edbd46cc req-194d9b16-de4a-40bc-8eb3-9c31edbd46cc ] Request (InstanceActionsV221TestJSON:tearDownClass): 200 PUT http://10.180.1.21:9696/networking/v2.0/routers/a08c052d-681b-4bdd-a943-5a02c415c18a/remove_router_interface 2.149s
2025-05-19 17:09:18.402 70142 INFO tempest.lib.common.rest_client [req-e48b2acb-5a90-4325-8afd-ef9c5cbec9e0 req-e48b2acb-5a90-4325-8afd-ef9c5cbec9e0 ] Request (ServerShowV247Test:test_show_server): 202 POST http://10.180.1.21/compute/v2.1/servers 1.306s
2025-05-19 17:09:18.415 70188 INFO tempest.lib.common.rest_client [req-491b8876-d61c-4384-8346-3e1c2dc25876 req-491b8876-d61c-4384-8346-3e1c2dc25876 ] Request (ImagesDeleteNegativeTestJSON:test_delete_image_with_id_over_character_limit): 404 DELETE http://10.180.1.21/compute/v2.1/images/4d2fd9a1-64f6-42ad-b2a2-6aae0e4655d01 1.291s
2025-05-19 17:09:18.477 70144 INFO tempest.lib.common.rest_client [req-f9e23e9f-b164-4305-af90-96082c837954 req-f9e23e9f-b164-4305-af90-96082c837954 ] Request (AttachInterfacesTestJSON:_run_cleanups): 204 DELETE http://10.180.1.21:9696/networking/v2.0/security-groups/85c70b15-b561-4d6c-b7b9-7809f8906221 0.293s
2025-05-19 17:09:18.498 70144 INFO tempest.lib.common.rest_client [req-56b81344-7915-4fa3-8ed0-82910f4f691a req-56b81344-7915-4fa3-8ed0-82910f4f691a ] Request (AttachInterfacesTestJSON:_run_cleanups): 404 GET http://10.180.1.21:9696/networking/v2.0/security-groups/85c70b15-b561-4d6c-b7b9-7809f8906221 0.020s
2025-05-19 17:09:18.514 70146 INFO tempest.lib.common.rest_client [req-b37b4b4e-3907-46b0-835f-c63880db05e6 req-b37b4b4e-3907-46b0-835f-c63880db05e6 ] Request (ServersTestJSON:setUpClass): 200 GET http://10.180.1.21/compute/v2.1/servers/a023ce95-0602-4e5c-93b2-2be38bdd012b 1.214s
2025-05-19 17:09:18.548 70186 INFO tempest.lib.common.rest_client [req-955601b1-fe14-460e-96c6-e91b84b04e4b req-955601b1-fe14-460e-96c6-e91b84b04e4b ] Request (SecurityGroupsTestJSON:test_server_security_groups): 200 POST http://10.180.1.21/compute/v2.1/os-security-groups 1.441s
2025-05-19 17:09:18.571 70190 INFO tempest.lib.common.rest_client [req-0d5293cb-32d5-4cad-bd21-722a3ca7ab51 req-0d5293cb-32d5-4cad-bd21-722a3ca7ab51 ] Request (AttachVolumeNegativeTest:test_attach_attached_volume_to_same_server): 404 GET http://10.180.1.21/compute/v2.1/servers/0aa85723-8d85-4b01-8a9c-566be583120e 1.128s
2025-05-19 17:09:18.626 70204 INFO tempest.lib.common.rest_client [req-b8b5be71-5e2e-4e47-9b5b-405d02d006b8 req-b8b5be71-5e2e-4e47-9b5b-405d02d006b8 ] Request (ServersTestBootFromVolume:setUpClass): 200 GET http://10.180.1.21/compute/v2.1/servers/88fcfeb7-d372-4ec3-ae05-f7bf2dd48ab3 1.285s
2025-05-19 17:09:18.630 70200 INFO tempest.lib.common.rest_client [req-d5af3800-5ea9-4d85-9dd3-8fc80100d209 req-d5af3800-5ea9-4d85-9dd3-8fc80100d209 ] Request (ServersNegativeTestJSON:tearDownClass): 204 DELETE http://10.180.1.21:9696/networking/v2.0/subnets/da16c08a-f109-40cc-95f7-c1a03e8c20b6 0.377s
2025-05-19 17:09:18.646 70184 INFO tempest.lib.common.rest_client [req-dd8f381c-1854-488d-bca0-91249f4f066d req-dd8f381c-1854-488d-bca0-91249f4f066d ] Request (ListServersNegativeTestJSON:setUpClass): 404 GET http://10.180.1.21/compute/v2.1/servers/65889d3f-d182-4f66-a320-0710e3e42cad 1.086s
2025-05-19 17:09:18.731 70168 INFO tempest.lib.common.rest_client [req-a0147286-2ffa-4694-82bc-bb60b334d510 req-a0147286-2ffa-4694-82bc-bb60b334d510 ] Request (ServersTestMultiNic:test_verify_multiple_nics_order): 200 GET http://10.180.1.21/compute/v2.1/servers/93ebda41-8260-4f1f-af15-ea6a79ae8540 1.091s
2025-05-19 17:09:18.760 70164 INFO tempest.lib.common.rest_client [req-0aef7abc-6295-4b5d-bb8a-79b1b5d4c0af req-0aef7abc-6295-4b5d-bb8a-79b1b5d4c0af ] Request (ServerActionsTestOtherA:setUpClass): 201 POST http://10.180.1.21:9696/networking/v2.0/floatingips 1.325s
2025-05-19 17:09:18.814 70152 INFO tempest.lib.common.rest_client [req-1dd328a3-f357-452b-91e8-220685cdd0d4 req-1dd328a3-f357-452b-91e8-220685cdd0d4 ] Request (ImagesTestJSON:setUpClass): 200 PUT http://10.180.1.21:9696/networking/v2.0/routers/7a4f0378-e380-4789-91f3-c0402ac2d815/add_router_interface 2.675s
2025-05-19 17:09:18.815 70152 INFO tempest.lib.common.dynamic_creds [-] Created isolated network resources for: credentials: Credentials: {'domain_id': 'default', 'domain_name': 'Default', 'username': 'tempest-ImagesTestJSON-1930156975-project-member', 'project_domain_id': 'default', 'project_domain_name': 'Default', 'project_id': '502b4ad315724cb7a95b2de1aac69ab2', 'project_name': 'tempest-ImagesTestJSON-1930156975', 'tenant_id': '502b4ad315724cb7a95b2de1aac69ab2', 'tenant_name': 'tempest-ImagesTestJSON-1930156975', 'user_domain_id': 'default', 'user_domain_name': 'Default', 'user_id': 'bd3d71ab84a74e299611052d931709cf', 'system': None}, Network: {'id': 'a78bb303-0756-4976-ac37-744fe593e29d', 'name': 'tempest-ImagesTestJSON-151755053-network', 'tenant_id': '502b4ad315724cb7a95b2de1aac69ab2', 'admin_state_up': True, 'mtu': 8950, 'status': 'ACTIVE', 'subnets': [], 'shared': False, 'project_id': '502b4ad315724cb7a95b2de1aac69ab2', 'port_security_enabled': True, 'router:external': False, 'provider:network_type': 'vlan', 'provider:physical_network': 'default', 'provider:segmentation_id': 530, 'availability_zone_hints': [], 'availability_zones': [], 'ipv4_address_scope': None, 'ipv6_address_scope': None, 'description': '', 'tags': [], 'created_at': '2025-05-19T17:09:14Z', 'updated_at': '2025-05-19T17:09:14Z', 'revision_number': 1}, Subnet: {'id': '9c365d7c-8058-42e7-9b4d-45c22e0f8938', 'name': 'tempest-ImagesTestJSON-151755053-subnet', 'tenant_id': '502b4ad315724cb7a95b2de1aac69ab2', 'network_id': 'a78bb303-0756-4976-ac37-744fe593e29d', 'ip_version': 4, 'subnetpool_id': None, 'enable_dhcp': True, 'ipv6_ra_mode': None, 'ipv6_address_mode': None, 'gateway_ip': '192.168.128.1', 'cidr': '192.168.128.0/28', 'allocation_pools': [{'start': '192.168.128.2', 'end': '192.168.128.14'}], 'host_routes': [], 'dns_nameservers': [], 'description': '', 'router:external': False, 'service_types': [], 'tags': [], 'created_at': '2025-05-19T17:09:14Z', 'updated_at': '2025-05-19T17:09:14Z', 'revision_number': 0, 'project_id': '502b4ad315724cb7a95b2de1aac69ab2'}, Router: {'id': '7a4f0378-e380-4789-91f3-c0402ac2d815', 'name': 'tempest-ImagesTestJSON-151755053-router', 'tenant_id': '502b4ad315724cb7a95b2de1aac69ab2', 'admin_state_up': True, 'status': 'ACTIVE', 'external_gateway_info': {'network_id': 'f200a472-c33d-4aa1-a911-070b776ff724', 'external_fixed_ips': [{'subnet_id': 'd0ee670a-ae1e-4d9f-bb2f-16bee9632423', 'ip_address': '10.180.180.224'}], 'enable_snat': True}, 'description': '', 'availability_zones': [], 'distributed': False, 'ha': False, 'availability_zone_hints': [], 'routes': [], 'flavor_id': None, 'tags': [], 'created_at': '2025-05-19T17:09:14Z', 'updated_at': '2025-05-19T17:09:15Z', 'revision_number': 2, 'project_id': '502b4ad315724cb7a95b2de1aac69ab2'}
2025-05-19 17:09:18.825 70166 INFO tempest.lib.common.rest_client [req-f8865b47-b012-4ac3-b80b-867cf8e12f26 req-f8865b47-b012-4ac3-b80b-867cf8e12f26 ] Request (ServersV294TestFqdnHostnames:setUpClass): 200 GET http://10.180.1.21/compute/v2.1/servers/5e54b1d9-06b6-463a-90f0-415ff4061095 1.180s
2025-05-19 17:09:18.830 70200 INFO tempest.lib.common.rest_client [req-27733ac6-dac0-49b3-a06b-e0ccd13f3b65 req-27733ac6-dac0-49b3-a06b-e0ccd13f3b65 ] Request (ServersNegativeTestJSON:tearDownClass): 204 DELETE http://10.180.1.21:9696/networking/v2.0/networks/001622ef-556d-449a-9f46-3dc8ff8a17ee 0.197s
2025-05-19 17:09:18.845 70164 INFO tempest.lib.common.rest_client [req-1c5b094d-8307-460a-be70-093cb3840960 req-1c5b094d-8307-460a-be70-093cb3840960 ] Request (ServerActionsTestOtherA:setUpClass): 201 POST http://10.180.1.21/identity/v3/auth/tokens 0.082s
2025-05-19 17:09:18.845 70164 INFO tempest.lib.common.fixed_network [-] (ServerActionsTestOtherA:setUpClass) Found network {'id': '9ecc68e0-1e16-4cb4-896f-0c04ebb35286', 'name': 'tempest-ServerActionsTestOtherA-1845608307-network', 'tenant_id': '3d1347f1efae4b33a8ea9ea6fc671000', 'admin_state_up': True, 'mtu': 8950, 'status': 'ACTIVE', 'subnets': [], 'shared': False, 'project_id': '3d1347f1efae4b33a8ea9ea6fc671000', 'port_security_enabled': True, 'router:external': False, 'provider:network_type': 'vlan', 'provider:physical_network': 'default', 'provider:segmentation_id': 879, 'availability_zone_hints': [], 'availability_zones': [], 'ipv4_address_scope': None, 'ipv6_address_scope': None, 'description': '', 'tags': [], 'created_at': '2025-05-19T17:09:06Z', 'updated_at': '2025-05-19T17:09:06Z', 'revision_number': 1} available for tenant
2025-05-19 17:09:18.898 70162 INFO tempest.lib.common.rest_client [req-ceed2477-0dad-453b-8e2f-3a8df1c5af19 req-ceed2477-0dad-453b-8e2f-3a8df1c5af19 ] Request (ServersTestJSON:test_create_server_specify_multibyte_character_name): 200 GET http://10.180.1.21/compute/v2.1/servers/8ed89454-9092-4a0d-9a12-1f4dc022adfc 1.056s
2025-05-19 17:09:18.923 70158 INFO tempest.lib.common.rest_client [req-946164fb-7bd8-4a91-a3fb-6d5ce741ea1a req-946164fb-7bd8-4a91-a3fb-6d5ce741ea1a ] Request (InstanceActionsV221TestJSON:tearDownClass): 204 DELETE http://10.180.1.21:9696/networking/v2.0/routers/a08c052d-681b-4bdd-a943-5a02c415c18a 0.519s
2025-05-19 17:09:18.938 70192 INFO tempest.lib.common.rest_client [req-a4919091-f023-478b-ae60-06e3b3fba17e req-a4919091-f023-478b-ae60-06e3b3fba17e ] Request (VolumesAdminNegativeTest:test_update_attached_volume_with_nonexistent_volume_in_uri): 404 GET http://10.180.1.21/compute/v2.1/servers/1cc25661-2dd0-4118-99ef-c40aaca84577 0.868s
2025-05-19 17:09:18.942 70144 INFO tempest.lib.common.rest_client [req-e4c1ee4a-f0c0-4b6c-b9ac-e8f108245a75 req-e4c1ee4a-f0c0-4b6c-b9ac-e8f108245a75 ] Request (AttachInterfacesTestJSON:_run_cleanups): 204 DELETE http://10.180.1.21:9696/networking/v2.0/floatingips/8e69d1f6-19fc-445e-9193-fb2195954218 0.444s
2025-05-19 17:09:18.962 70152 INFO tempest.lib.common.rest_client [req-09db68cf-3d81-4734-9cde-6beb2c51162e req-09db68cf-3d81-4734-9cde-6beb2c51162e ] Request (ImagesTestJSON:setUpClass): 201 POST http://10.180.1.21/identity/v3/auth/tokens 0.144s
2025-05-19 17:09:18.971 70156 INFO tempest.lib.common.rest_client [req-ffb31245-1b80-46e4-b2a4-5478114d0261 req-ffb31245-1b80-46e4-b2a4-5478114d0261 ] Request (ServerActionsV293TestJSON:setUpClass): 204 DELETE http://10.180.1.21/compute/v2.1/servers/ac09ed72-4193-4a6e-b3b4-0444808c6fad 1.429s
2025-05-19 17:09:18.990 70148 INFO tempest.lib.common.rest_client [req-c25dd06e-7ed9-49ba-a9ad-796fb657d166 req-c25dd06e-7ed9-49ba-a9ad-796fb657d166 ] Request (KeyPairsNegativeTestJSON:test_create_keypair_with_empty_public_key): 400 POST http://10.180.1.21/compute/v2.1/os-keypairs 0.890s
2025-05-19 17:09:18.990 70174 INFO tempest.lib.common.rest_client [req-e71090ea-4b76-4343-83c9-f3ec3e7c7b47 req-e71090ea-4b76-4343-83c9-f3ec3e7c7b47 ] Request (FlavorsAdminTestJSON:test_list_public_flavor_with_other_user): 200 POST http://10.180.1.21/compute/v2.1/flavors 0.890s
2025-05-19 17:09:19.007 70200 INFO tempest.lib.common.rest_client [req-83d5fd08-14b7-456c-a9d0-3601e5209158 req-83d5fd08-14b7-456c-a9d0-3601e5209158 ] Request (ServersNegativeTestJSON:tearDownClass): 204 DELETE http://10.180.1.21/identity/v3/users/d6897aa31297481782837d57cfb5042c 0.176s
2025-05-19 17:09:19.007 70200 INFO tempest.lib.common.dynamic_creds [-] Deleting project and security group for project: 31cf1a5e524c40f2aebc87f4f07d16a4
2025-05-19 17:09:19.015 70172 INFO tempest.lib.common.rest_client [req-f36685ae-b3b5-46dc-a168-020bf45c2cc9 req-f36685ae-b3b5-46dc-a168-020bf45c2cc9 ] Request (SecurityGroupRulesNegativeTestJSON:test_create_security_group_rule_with_non_existent_id): 404 POST http://10.180.1.21/compute/v2.1/os-security-group-rules 0.852s
2025-05-19 17:09:19.058 70158 INFO tempest.lib.common.rest_client [req-c559b5a6-8892-4253-83a6-89f13c0d5d67 req-c559b5a6-8892-4253-83a6-89f13c0d5d67 ] Request (InstanceActionsV221TestJSON:tearDownClass): 204 DELETE http://10.180.1.21:9696/networking/v2.0/subnets/86f18ae6-a6c9-43d8-8cd3-eb98a1d3e923 0.134s
2025-05-19 17:09:19.058 70200 INFO tempest.lib.common.rest_client [req-5fb73fc4-7b31-4b54-a1bd-a46396486c81 req-5fb73fc4-7b31-4b54-a1bd-a46396486c81 ] Request (ServersNegativeTestJSON:tearDownClass): 200 GET http://10.180.1.21:9696/networking/v2.0/security-groups?tenant_id=31cf1a5e524c40f2aebc87f4f07d16a4&name=default 0.050s
2025-05-19 17:09:19.063 70182 INFO tempest.lib.common.rest_client [req-cc47c1be-af65-42d7-a55b-6c971ef4d005 req-cc47c1be-af65-42d7-a55b-6c971ef4d005 ] Request (AttachVolumeShelveTestJSON:test_detach_volume_shelved_or_offload_server): 200 GET http://10.180.1.21/compute/v2.1/servers/be97f8c0-01ed-4539-852d-37c36ef231ab 0.855s
2025-05-19 17:09:19.069 70152 INFO tempest.lib.common.rest_client [req-3c35ec09-bb19-4829-b62c-b7ff35186cf7 req-3c35ec09-bb19-4829-b62c-b7ff35186cf7 ] Request (ImagesTestJSON:test_create_image_from_stopped_server): 201 POST http://10.180.1.21/identity/v3/auth/tokens 0.102s
2025-05-19 17:09:19.070 70152 INFO tempest.lib.common.fixed_network [-] (ImagesTestJSON:test_create_image_from_stopped_server) Found network {'id': 'a78bb303-0756-4976-ac37-744fe593e29d', 'name': 'tempest-ImagesTestJSON-151755053-network', 'tenant_id': '502b4ad315724cb7a95b2de1aac69ab2', 'admin_state_up': True, 'mtu': 8950, 'status': 'ACTIVE', 'subnets': [], 'shared': False, 'project_id': '502b4ad315724cb7a95b2de1aac69ab2', 'port_security_enabled': True, 'router:external': False, 'provider:network_type': 'vlan', 'provider:physical_network': 'default', 'provider:segmentation_id': 530, 'availability_zone_hints': [], 'availability_zones': [], 'ipv4_address_scope': None, 'ipv6_address_scope': None, 'description': '', 'tags': [], 'created_at': '2025-05-19T17:09:14Z', 'updated_at': '2025-05-19T17:09:14Z', 'revision_number': 1} available for tenant
2025-05-19 17:09:19.125 70150 INFO tempest.lib.common.rest_client [req-2f997eeb-f9f0-47a4-b983-830a03cd0475 req-2f997eeb-f9f0-47a4-b983-830a03cd0475 ] Request (AttachInterfacesUnderV243Test:test_add_remove_fixed_ip): 200 GET http://10.180.1.21/compute/v2.1/servers/c56253bb-b4c6-4b35-bee9-d24bc6792aab 0.762s
2025-05-19 17:09:19.153 70200 INFO tempest.lib.common.rest_client [req-c467ee45-cd5d-4bb2-b894-aca3691c995f req-c467ee45-cd5d-4bb2-b894-aca3691c995f ] Request (ServersNegativeTestJSON:tearDownClass): 204 DELETE http://10.180.1.21:9696/networking/v2.0/security-groups/75e0c7e2-012d-4dc5-a8b6-8b8e565004fe 0.094s
2025-05-19 17:09:19.173 70176 INFO tempest.lib.common.rest_client [req-52f27dac-5183-4bff-b830-f71f2d6e0c39 req-52f27dac-5183-4bff-b830-f71f2d6e0c39 ] Request (ServicesAdminNegativeV253TestJSON:test_disable_log_reason_with_invalid_service_id): 404 PUT http://10.180.1.21/compute/v2.1/os-services/fb789ac3-aa5a-48fe-9870-de2662d1a2a7 0.951s
2025-05-19 17:09:19.192 70188 INFO tempest.lib.common.rest_client [req-3ba16c0d-5795-4f6c-a824-88ec4d3eca03 req-3ba16c0d-5795-4f6c-a824-88ec4d3eca03 ] Request (ImagesDeleteNegativeTestJSON:test_delete_image_with_invalid_image_id): 404 DELETE http://10.180.1.21/compute/v2.1/images/tempest-invalid-22584431 0.775s
2025-05-19 17:09:19.205 70158 INFO tempest.lib.common.rest_client [req-f72c0687-d9e8-48fd-ab1b-40e2efb5cb9b req-f72c0687-d9e8-48fd-ab1b-40e2efb5cb9b ] Request (InstanceActionsV221TestJSON:tearDownClass): 204 DELETE http://10.180.1.21:9696/networking/v2.0/networks/0c0e79e2-b982-43b1-9d60-95b8c1076567 0.147s
2025-05-19 17:09:19.258 70200 INFO tempest.lib.common.rest_client [req-4bb67147-4002-4758-9ac9-aea114c39268 req-4bb67147-4002-4758-9ac9-aea114c39268 ] Request (ServersNegativeTestJSON:tearDownClass): 204 DELETE http://10.180.1.21/identity/v3/projects/31cf1a5e524c40f2aebc87f4f07d16a4 0.104s
2025-05-19 17:09:19.271 70142 INFO tempest.lib.common.rest_client [req-0b3f1f55-8617-4661-8d27-1e2569e25917 req-0b3f1f55-8617-4661-8d27-1e2569e25917 ] Request (ServerShowV247Test:test_show_server): 200 GET http://10.180.1.21/compute/v2.1/servers/8cfdff0d-921b-40e7-8b66-16dbe4ea181c 0.867s
2025-05-19 17:09:19.298 70158 INFO tempest.lib.common.rest_client [req-a04326bc-a9eb-42e3-bc65-7a8f8d67c415 req-a04326bc-a9eb-42e3-bc65-7a8f8d67c415 ] Request (InstanceActionsV221TestJSON:tearDownClass): 204 DELETE http://10.180.1.21/identity/v3/users/338f3e42e1464b4198c1ed334c18da50 0.093s
2025-05-19 17:09:19.299 70158 INFO tempest.lib.common.dynamic_creds [-] Deleting project and security group for project: d9795439130c4bf9a6fa7f566b6453a2
2025-05-19 17:09:19.327 70158 INFO tempest.lib.common.rest_client [req-70fcaf31-8235-4639-91eb-f50de86f2ade req-70fcaf31-8235-4639-91eb-f50de86f2ade ] Request (InstanceActionsV221TestJSON:tearDownClass): 200 GET http://10.180.1.21:9696/networking/v2.0/security-groups?tenant_id=d9795439130c4bf9a6fa7f566b6453a2&name=default 0.028s
2025-05-19 17:09:19.362 70142 INFO tempest.lib.common.rest_client [req-58f229a9-8a9e-4ca9-9876-1bcdf1eacaa3 req-58f229a9-8a9e-4ca9-9876-1bcdf1eacaa3 ] Request (ServerShowV247Test:test_update_rebuild_list_server): 201 POST http://10.180.1.21/identity/v3/auth/tokens 0.071s
2025-05-19 17:09:19.363 70142 INFO tempest.lib.common.fixed_network [-] (ServerShowV247Test:test_update_rebuild_list_server) Found network None available for tenant
2025-05-19 17:09:19.389 70186 INFO tempest.lib.common.rest_client [req-2fa84257-8be5-42cf-99d9-dc1ed3ea97c1 req-2fa84257-8be5-42cf-99d9-dc1ed3ea97c1 ] Request (SecurityGroupsTestJSON:test_server_security_groups): 200 POST http://10.180.1.21/compute/v2.1/os-security-groups 0.836s
2025-05-19 17:09:19.409 70158 INFO tempest.lib.common.rest_client [req-b83f3b2e-12cb-4c7a-9708-0174de7990dc req-b83f3b2e-12cb-4c7a-9708-0174de7990dc ] Request (InstanceActionsV221TestJSON:tearDownClass): 204 DELETE http://10.180.1.21:9696/networking/v2.0/security-groups/b3dcb9d8-99a3-425f-aa28-a57d7668ee0c 0.081s
2025-05-19 17:09:19.416 70190 INFO tempest.lib.common.rest_client [req-be20041a-1bd3-46fa-ab4e-22684355948c req-be20041a-1bd3-46fa-ab4e-22684355948c ] Request (AttachVolumeNegativeTest:_run_cleanups): 202 DELETE http://10.180.1.21/compute/v2.1/os-keypairs/tempest-keypair-1530491109 0.844s
2025-05-19 17:09:19.437 70146 INFO tempest.lib.common.rest_client [req-8c61b839-ed1f-4d33-b4f5-396d00fa8431 req-8c61b839-ed1f-4d33-b4f5-396d00fa8431 ] Request (ServersTestJSON:setUpClass): 204 DELETE http://10.180.1.21/compute/v2.1/servers/a023ce95-0602-4e5c-93b2-2be38bdd012b 0.911s
2025-05-19 17:09:19.455 70184 INFO tempest.lib.common.rest_client [req-a8329fde-7540-4467-88b1-bff142d7de42 req-a8329fde-7540-4467-88b1-bff142d7de42 ] Request (ListServersNegativeTestJSON:setUpClass): 404 GET http://10.180.1.21/compute/v2.1/servers/a72a20d3-e7ff-4e7a-b367-977161403e45 0.808s
2025-05-19 17:09:19.455 70184 INFO tempest.test [-] raised in ListServersNegativeTestJSON.setUpClass. Invoking tearDownClass.
2025-05-19 17:09:19.473 70186 INFO tempest.lib.common.rest_client [req-f8d40a81-0d28-48ea-9826-b2284968c756 req-f8d40a81-0d28-48ea-9826-b2284968c756 ] Request (SecurityGroupsTestJSON:test_server_security_groups): 201 POST http://10.180.1.21/identity/v3/auth/tokens 0.074s
2025-05-19 17:09:19.474 70186 INFO tempest.lib.common.fixed_network [-] (SecurityGroupsTestJSON:test_server_security_groups) Found network {'id': '5f367abd-e248-4451-95b8-86644ffbc868', 'name': 'tempest-SecurityGroupsTestJSON-1515838459-network', 'tenant_id': '8876c2e04f4445f7a521ddf81396c89f', 'admin_state_up': True, 'mtu': 8950, 'status': 'ACTIVE', 'subnets': [], 'shared': False, 'project_id': '8876c2e04f4445f7a521ddf81396c89f', 'port_security_enabled': True, 'router:external': False, 'provider:network_type': 'vlan', 'provider:physical_network': 'default', 'provider:segmentation_id': 354, 'availability_zone_hints': [], 'availability_zones': [], 'ipv4_address_scope': None, 'ipv6_address_scope': None, 'description': '', 'tags': [], 'created_at': '2025-05-19T17:08:16Z', 'updated_at': '2025-05-19T17:08:16Z', 'revision_number': 1} available for tenant
2025-05-19 17:09:19.499 70190 INFO tempest.lib.common.rest_client [req-40271a7a-114e-4145-9bcf-67e8eb3d616d req-40271a7a-114e-4145-9bcf-67e8eb3d616d ] Request (AttachVolumeNegativeTest:_run_cleanups): 204 DELETE http://10.180.1.21:9696/networking/v2.0/security-groups/22d5188a-44a6-4b6f-92be-65dd97643e75 0.082s
2025-05-19 17:09:19.523 70190 INFO tempest.lib.common.rest_client [req-f2fe0f4d-a3c5-466e-9c86-496e7cca72fb req-f2fe0f4d-a3c5-466e-9c86-496e7cca72fb ] Request (AttachVolumeNegativeTest:_run_cleanups): 404 GET http://10.180.1.21:9696/networking/v2.0/security-groups/22d5188a-44a6-4b6f-92be-65dd97643e75 0.024s
2025-05-19 17:09:19.531 70194 INFO tempest.lib.common.rest_client [req-fd72d4d5-dabb-4e63-a3ca-b9145316f04c req-fd72d4d5-dabb-4e63-a3ca-b9145316f04c ] Request (ServerDiagnosticsNegativeTest:test_get_server_diagnostics_by_non_admin): 200 GET http://10.180.1.21/compute/v2.1/servers/ba9a6c12-8260-411e-8b09-2761a3c0a8ea 0.876s
2025-05-19 17:09:19.542 70158 INFO tempest.lib.common.rest_client [req-7e8394c4-1ddc-4d5e-be3e-c694a07d336d req-7e8394c4-1ddc-4d5e-be3e-c694a07d336d ] Request (InstanceActionsV221TestJSON:tearDownClass): 204 DELETE http://10.180.1.21/identity/v3/projects/d9795439130c4bf9a6fa7f566b6453a2 0.132s
2025-05-19 17:09:19.660 70158 INFO tempest.lib.common.rest_client [req-dc9d42e9-6b87-4207-a332-21eea59f07f8 req-dc9d42e9-6b87-4207-a332-21eea59f07f8 ] Request (ServerRescueTestJSONUnderV235:setUpClass): 201 POST http://10.180.1.21/identity/v3/auth/tokens 0.117s
2025-05-19 17:09:19.691 70158 INFO tempest.lib.common.rest_client [req-ab3fd1dc-f924-4085-9d78-5247a0493503 req-ab3fd1dc-f924-4085-9d78-5247a0493503 ] Request (ServerRescueTestJSONUnderV235:setUpClass): 201 POST http://10.180.1.21/identity/v3/auth/tokens 0.027s
2025-05-19 17:09:19.722 70158 INFO tempest.lib.common.rest_client [req-5308b722-e0f6-4f97-8b1c-6fcc3136cdce req-5308b722-e0f6-4f97-8b1c-6fcc3136cdce ] Request (ServerRescueTestJSONUnderV235:setUpClass): 200 GET http://10.180.1.21/identity/v3/domains?name=Default 0.030s
2025-05-19 17:09:19.748 70158 INFO tempest.lib.common.rest_client [req-16b716ae-947a-4ccb-b7d0-2dc6b224bc20 req-16b716ae-947a-4ccb-b7d0-2dc6b224bc20 ] Request (ServerRescueTestJSONUnderV235:setUpClass): 201 POST http://10.180.1.21/identity/v3/projects 0.026s
2025-05-19 17:09:19.820 70158 INFO tempest.lib.common.rest_client [req-d9a18cd8-bc96-4a85-b828-36763fcde155 req-d9a18cd8-bc96-4a85-b828-36763fcde155 ] Request (ServerRescueTestJSONUnderV235:setUpClass): 201 POST http://10.180.1.21/identity/v3/users 0.072s
2025-05-19 17:09:19.826 70190 INFO tempest.lib.common.rest_client [req-b7d556de-8d3e-4b95-9e34-f99ec44f829c req-b7d556de-8d3e-4b95-9e34-f99ec44f829c ] Request (AttachVolumeNegativeTest:_run_cleanups): 204 DELETE http://10.180.1.21:9696/networking/v2.0/floatingips/b9e6a178-b878-4ddf-8e58-706c6f0caa3a 0.302s
2025-05-19 17:09:19.850 70158 INFO tempest.lib.common.rest_client [req-f1fb4318-8935-47c2-bbba-157274934ac1 req-f1fb4318-8935-47c2-bbba-157274934ac1 ] Request (ServerRescueTestJSONUnderV235:setUpClass): 200 GET http://10.180.1.21/identity/v3/roles 0.028s
2025-05-19 17:09:19.881 70158 INFO tempest.lib.common.rest_client [req-21e8afdd-68d6-4741-bae0-51261879b760 req-21e8afdd-68d6-4741-bae0-51261879b760 ] Request (ServerRescueTestJSONUnderV235:setUpClass): 204 PUT http://10.180.1.21/identity/v3/projects/e367547e7bda45c898897efc961c6b3b/users/43bb836465454e9db7c2f449d6110666/roles/a0cc61e6fe1942d586de5bf334c6bf9c 0.030s
2025-05-19 17:09:19.881 70158 INFO tempest.lib.common.dynamic_creds [-] Dynamic test user 43bb836465454e9db7c2f449d6110666 is created with scope project and roles: ['member']
2025-05-19 17:09:19.882 70158 INFO tempest.lib.common.dynamic_creds [-] Acquired dynamic creds: credentials: Credentials: {'domain_id': 'default', 'domain_name': 'Default', 'username': 'tempest-ServerRescueTestJSONUnderV235-1924716389-project-member', 'project_domain_id': 'default', 'project_domain_name': 'Default', 'project_id': 'e367547e7bda45c898897efc961c6b3b', 'project_name': 'tempest-ServerRescueTestJSONUnderV235-1924716389', 'tenant_id': 'e367547e7bda45c898897efc961c6b3b', 'tenant_name': 'tempest-ServerRescueTestJSONUnderV235-1924716389', 'user_domain_id': 'default', 'user_domain_name': 'Default', 'user_id': '43bb836465454e9db7c2f449d6110666', 'system': None}, Network: None, Subnet: None, Router: None
2025-05-19 17:09:19.896 70204 INFO tempest.lib.common.rest_client [req-254ff90c-f992-49a7-8a99-4fd77533e10d req-254ff90c-f992-49a7-8a99-4fd77533e10d ] Request (ServersTestBootFromVolume:setUpClass): 204 DELETE http://10.180.1.21/compute/v2.1/servers/88fcfeb7-d372-4ec3-ae05-f7bf2dd48ab3 1.257s
2025-05-19 17:09:19.898 70168 INFO tempest.lib.common.rest_client [req-3d7aa6de-2c92-4bfe-bae1-769f726807fa req-3d7aa6de-2c92-4bfe-bae1-769f726807fa ] Request (ServersTestMultiNic:test_verify_multiple_nics_order): 204 DELETE http://10.180.1.21/compute/v2.1/servers/93ebda41-8260-4f1f-af15-ea6a79ae8540 1.159s
2025-05-19 17:09:19.939 70158 INFO tempest.lib.common.rest_client [req-3ec04426-af12-415a-a636-5baafe0fb0a3 req-3ec04426-af12-415a-a636-5baafe0fb0a3 ] Request (ServerRescueTestJSONUnderV235:setUpClass): 201 POST http://10.180.1.21/identity/v3/auth/tokens 0.057s
2025-05-19 17:09:20.098 70166 INFO tempest.lib.common.rest_client [req-9a943006-e644-4a1c-b7bf-ce4aed5cb648 req-9a943006-e644-4a1c-b7bf-ce4aed5cb648 ] Request (ServersV294TestFqdnHostnames:setUpClass): 204 DELETE http://10.180.1.21/compute/v2.1/servers/5e54b1d9-06b6-463a-90f0-415ff4061095 1.254s
2025-05-19 17:09:20.111 70192 INFO tempest.lib.common.rest_client [req-908a9a44-640c-4e15-bd0a-a3150b575961 req-908a9a44-640c-4e15-bd0a-a3150b575961 ] Request (VolumesAdminNegativeTest:tearDownClass): 202 DELETE http://10.180.1.21/compute/v2.1/os-keypairs/tempest-keypair-10189203 1.170s
2025-05-19 17:09:20.143 70144 INFO tempest.lib.common.rest_client [req-b9136c93-26d4-4b6a-a96d-0b389efcd64d req-b9136c93-26d4-4b6a-a96d-0b389efcd64d ] Request (ValidationResourcesFixture:setUp): 200 POST http://10.180.1.21/compute/v2.1/os-keypairs 1.196s
2025-05-19 17:09:20.165 70156 INFO tempest.lib.common.rest_client [req-1d950c10-5472-48a6-899c-bf9de478b0be req-1d950c10-5472-48a6-899c-bf9de478b0be ] Request (ServerActionsV293TestJSON:setUpClass): 404 GET http://10.180.1.21/compute/v2.1/servers/ac09ed72-4193-4a6e-b3b4-0444808c6fad 1.194s
2025-05-19 17:09:20.166 70156 INFO tempest.test [-] raised in ServerActionsV293TestJSON.setUpClass. Invoking tearDownClass.
2025-05-19 17:09:20.170 70148 INFO tempest.lib.common.rest_client [req-b254c2a3-0acc-4751-a990-1692390430ef req-b254c2a3-0acc-4751-a990-1692390430ef ] Request (KeyPairsNegativeTestJSON:test_create_keypair_with_long_keynames): 400 POST http://10.180.1.21/compute/v2.1/os-keypairs 1.178s
2025-05-19 17:09:20.199 70174 INFO tempest.lib.common.rest_client [req-cca9baf3-52ed-468d-a419-6ac73687d4b0 req-cca9baf3-52ed-468d-a419-6ac73687d4b0 ] Request (FlavorsAdminTestJSON:test_list_public_flavor_with_other_user): 200 GET http://10.180.1.21/compute/v2.1/flavors/detail 1.207s
2025-05-19 17:09:20.220 70192 INFO tempest.lib.common.rest_client [req-c140465c-2dba-483d-84aa-7c64db1ea2cc req-c140465c-2dba-483d-84aa-7c64db1ea2cc ] Request (VolumesAdminNegativeTest:tearDownClass): 204 DELETE http://10.180.1.21:9696/networking/v2.0/security-groups/fdba9105-07c7-4b8d-9dea-9e4fe05105ee 0.109s
2025-05-19 17:09:20.230 70192 INFO tempest.lib.common.rest_client [req-bfc6c78e-7377-4eb2-9275-a497fa3aff4a req-bfc6c78e-7377-4eb2-9275-a497fa3aff4a ] Request (VolumesAdminNegativeTest:tearDownClass): 404 GET http://10.180.1.21:9696/networking/v2.0/security-groups/fdba9105-07c7-4b8d-9dea-9e4fe05105ee 0.009s
2025-05-19 17:09:20.237 70172 INFO tempest.lib.common.rest_client [req-99e9469f-d730-44d5-b96f-c43630a0521b req-99e9469f-d730-44d5-b96f-c43630a0521b ] Request (SecurityGroupRulesNegativeTestJSON:test_delete_security_group_rule_with_non_existent_id): 404 DELETE http://10.180.1.21/compute/v2.1/os-security-group-rules/345319bc-d148-46ba-b97b-5c21028128a7 1.220s
2025-05-19 17:09:20.268 70164 INFO tempest.lib.common.rest_client [req-7d98994c-f74e-425c-ae9d-eb3679a64e4d req-7d98994c-f74e-425c-ae9d-eb3679a64e4d ] Request (ServerActionsTestOtherA:setUpClass): 202 POST http://10.180.1.21/compute/v2.1/servers 1.422s
2025-05-19 17:09:20.389 70144 INFO tempest.lib.common.rest_client [req-24425c67-10a3-498d-97f9-b84d1972d94e req-24425c67-10a3-498d-97f9-b84d1972d94e ] Request (ValidationResourcesFixture:setUp): 201 POST http://10.180.1.21:9696/networking/v2.0/security-groups 0.242s
2025-05-19 17:09:20.399 70158 INFO tempest.lib.common.rest_client [req-0e9e7ed9-8d70-4691-add8-ebb966bd4c71 req-0e9e7ed9-8d70-4691-add8-ebb966bd4c71 ] Request (ServerRescueTestJSONUnderV235:setUpClass): 201 POST http://10.180.1.21:9696/networking/v2.0/networks 0.459s
2025-05-19 17:09:20.446 70184 INFO tempest.lib.common.rest_client [req-82d5fc7f-0358-4df8-8e0d-0351e2a680e1 req-82d5fc7f-0358-4df8-8e0d-0351e2a680e1 ] Request (ListServersNegativeTestJSON:tearDownClass): 200 PUT http://10.180.1.21:9696/networking/v2.0/routers/4a4c7505-d5f0-42d7-ae44-b732604029bc/remove_router_interface 0.991s
2025-05-19 17:09:20.516 70182 INFO tempest.lib.common.rest_client [req-5e893e2e-4a5d-43ea-9122-a98018a41111 req-5e893e2e-4a5d-43ea-9122-a98018a41111 ] Request (AttachVolumeShelveTestJSON:test_detach_volume_shelved_or_offload_server): 204 DELETE http://10.180.1.21/compute/v2.1/servers/be97f8c0-01ed-4539-852d-37c36ef231ab 1.439s
2025-05-19 17:09:20.536 70176 INFO tempest.lib.common.rest_client [req-3ea6b47a-ea1c-4f0b-990d-3ffa8b4f6e24 req-3ea6b47a-ea1c-4f0b-990d-3ffa8b4f6e24 ] Request (ServicesAdminNegativeV253TestJSON:test_disable_service_with_invalid_service_id): 404 PUT http://10.180.1.21/compute/v2.1/os-services/fb789ac3-aa5a-48fe-9870-de2662d1a2a7 1.361s
2025-05-19 17:09:20.557 70192 INFO tempest.lib.common.rest_client [req-f129630a-18ad-442f-9ece-c64540ad5f73 req-f129630a-18ad-442f-9ece-c64540ad5f73 ] Request (VolumesAdminNegativeTest:tearDownClass): 204 DELETE http://10.180.1.21:9696/networking/v2.0/floatingips/f89d4861-55a8-4971-8947-b215ba067098 0.327s
2025-05-19 17:09:20.561 70188 INFO tempest.lib.common.rest_client [req-e1caf08f-297f-47e5-8a0a-d3b77bdb8261 req-e1caf08f-297f-47e5-8a0a-d3b77bdb8261 ] Request (ImagesDeleteNegativeTestJSON:test_delete_non_existent_image): 404 DELETE http://10.180.1.21/compute/v2.1/images/6f66e2a6-ce6b-42b4-adca-109621050a7d 1.367s
2025-05-19 17:09:20.584 70144 INFO tempest.lib.common.rest_client [req-d7fcc55f-6712-4904-9b3d-488709d31cd0 req-d7fcc55f-6712-4904-9b3d-488709d31cd0 ] Request (ValidationResourcesFixture:setUp): 201 POST http://10.180.1.21:9696/networking/v2.0/security-group-rules 0.193s
2025-05-19 17:09:20.666 70188 INFO tempest.lib.common.rest_client [req-8e5c87ee-3da8-4c84-92b4-8bca2e66c032 req-8e5c87ee-3da8-4c84-92b4-8bca2e66c032 ] Request (ImagesDeleteNegativeTestJSON:tearDownClass): 204 DELETE http://10.180.1.21/identity/v3/users/87a86542af6d4dcbbe2481841d78dafb 0.103s
2025-05-19 17:09:20.666 70188 INFO tempest.lib.common.dynamic_creds [-] Deleting project and security group for project: 7a4d1f75856e481587c72d88a1757c32
2025-05-19 17:09:20.707 70142 INFO tempest.lib.common.rest_client [req-9db8badb-8a19-4e37-a9b2-27c31232ce0a req-9db8badb-8a19-4e37-a9b2-27c31232ce0a ] Request (ServerShowV247Test:test_update_rebuild_list_server): 202 POST http://10.180.1.21/compute/v2.1/servers 1.344s
2025-05-19 17:09:20.709 70144 INFO tempest.lib.common.rest_client [req-c19d3adf-35d1-44db-9a9f-c9e579dadbd9 req-c19d3adf-35d1-44db-9a9f-c9e579dadbd9 ] Request (ValidationResourcesFixture:setUp): 201 POST http://10.180.1.21:9696/networking/v2.0/security-group-rules 0.125s
2025-05-19 17:09:20.722 70158 INFO tempest.lib.common.rest_client [req-4d887c57-4eb1-420f-895f-6991b31d649b req-4d887c57-4eb1-420f-895f-6991b31d649b ] Request (ServerRescueTestJSONUnderV235:setUpClass): 201 POST http://10.180.1.21:9696/networking/v2.0/subnets 0.323s
2025-05-19 17:09:20.732 70146 INFO tempest.lib.common.rest_client [req-199a35d9-a4e9-4a31-876a-a898abb26080 req-199a35d9-a4e9-4a31-876a-a898abb26080 ] Request (ServersTestJSON:setUpClass): 404 GET http://10.180.1.21/compute/v2.1/servers/a023ce95-0602-4e5c-93b2-2be38bdd012b 1.295s
2025-05-19 17:09:20.735 70146 INFO tempest.test [-] raised in ServersTestJSON.setUpClass. Invoking tearDownClass.
2025-05-19 17:09:20.750 70188 INFO tempest.lib.common.rest_client [req-283a3c87-802e-45d6-a936-3ae3cd06f89b req-283a3c87-802e-45d6-a936-3ae3cd06f89b ] Request (ImagesDeleteNegativeTestJSON:tearDownClass): 201 POST http://10.180.1.21/identity/v3/auth/tokens 0.083s
2025-05-19 17:09:20.849 70152 INFO tempest.lib.common.rest_client [req-6c1a5abf-7563-4a9f-ae0d-fb9957a1ea17 req-6c1a5abf-7563-4a9f-ae0d-fb9957a1ea17 ] Request (ImagesTestJSON:test_create_image_from_stopped_server): 202 POST http://10.180.1.21/compute/v2.1/servers 1.778s
2025-05-19 17:09:21.127 70188 INFO tempest.lib.common.rest_client [req-72b56e22-61da-4cbe-8b4e-46ea048d1d52 req-72b56e22-61da-4cbe-8b4e-46ea048d1d52 ] Request (ImagesDeleteNegativeTestJSON:tearDownClass): 200 GET http://10.180.1.21:9696/networking/v2.0/security-groups?tenant_id=7a4d1f75856e481587c72d88a1757c32&name=default 0.377s
2025-05-19 17:09:21.159 70194 INFO tempest.lib.common.rest_client [req-35c91a1a-9878-49ea-aa36-abf93148d8ec req-35c91a1a-9878-49ea-aa36-abf93148d8ec ] Request (ServerDiagnosticsNegativeTest:test_get_server_diagnostics_by_non_admin): 204 DELETE http://10.180.1.21/compute/v2.1/servers/ba9a6c12-8260-411e-8b09-2761a3c0a8ea 1.619s
2025-05-19 17:09:21.195 70190 INFO tempest.lib.common.rest_client [req-53c13258-8172-4a83-97e3-c7a5b1374227 req-53c13258-8172-4a83-97e3-c7a5b1374227 ] Request (ValidationResourcesFixture:setUp): 200 POST http://10.180.1.21/compute/v2.1/os-keypairs 1.366s
2025-05-19 17:09:21.215 70204 INFO tempest.lib.common.rest_client [req-fca6a5db-c9d5-4203-a942-bb0f438f2c46 req-fca6a5db-c9d5-4203-a942-bb0f438f2c46 ] Request (ServersTestBootFromVolume:setUpClass): 404 GET http://10.180.1.21/compute/v2.1/servers/88fcfeb7-d372-4ec3-ae05-f7bf2dd48ab3 1.318s
2025-05-19 17:09:21.215 70204 INFO tempest.test [-] raised in ServersTestBootFromVolume.setUpClass. Invoking tearDownClass.
2025-05-19 17:09:21.242 70168 INFO tempest.lib.common.rest_client [req-c2956064-0d37-45c3-9eff-e89a8e9f6ad8 req-c2956064-0d37-45c3-9eff-e89a8e9f6ad8 ] Request (ServersTestMultiNic:test_verify_multiple_nics_order): 404 GET http://10.180.1.21/compute/v2.1/servers/93ebda41-8260-4f1f-af15-ea6a79ae8540 1.344s
2025-05-19 17:09:21.429 70162 INFO tempest.lib.common.rest_client [req-de25fbcd-044c-4583-9603-54de84a19ab1 req-de25fbcd-044c-4583-9603-54de84a19ab1 ] Request (ServersTestJSON:test_create_server_specify_multibyte_character_name): 200 GET http://10.180.1.21/compute/v2.1/servers/8ed89454-9092-4a0d-9a12-1f4dc022adfc 1.519s
2025-05-19 17:09:21.451 70166 INFO tempest.lib.common.rest_client [req-547d186a-e49e-44a8-9422-552497e71fd5 req-547d186a-e49e-44a8-9422-552497e71fd5 ] Request (ServersV294TestFqdnHostnames:setUpClass): 404 GET http://10.180.1.21/compute/v2.1/servers/5e54b1d9-06b6-463a-90f0-415ff4061095 1.352s
2025-05-19 17:09:21.451 70166 INFO tempest.test [-] raised in ServersV294TestFqdnHostnames.setUpClass. Invoking tearDownClass.
2025-05-19 17:09:21.481 70184 INFO tempest.lib.common.rest_client [req-2407dfac-0ff7-447f-b99d-999d60dfd08d req-2407dfac-0ff7-447f-b99d-999d60dfd08d ] Request (ListServersNegativeTestJSON:tearDownClass): 204 DELETE http://10.180.1.21:9696/networking/v2.0/routers/4a4c7505-d5f0-42d7-ae44-b732604029bc 1.034s
2025-05-19 17:09:21.492 70188 INFO tempest.lib.common.rest_client [req-bfdce142-1715-4c26-af17-3fb975bb6eea req-bfdce142-1715-4c26-af17-3fb975bb6eea ] Request (ImagesDeleteNegativeTestJSON:tearDownClass): 204 DELETE http://10.180.1.21:9696/networking/v2.0/security-groups/c03d4cbc-f95f-4586-8afa-3ff05810b0e2 0.364s
2025-05-19 17:09:21.533 70190 INFO tempest.lib.common.rest_client [req-456706b1-9ee2-4aff-aa6a-e4dbae2f4924 req-456706b1-9ee2-4aff-aa6a-e4dbae2f4924 ] Request (ValidationResourcesFixture:setUp): 201 POST http://10.180.1.21:9696/networking/v2.0/security-groups 0.337s
2025-05-19 17:09:21.537 70150 INFO tempest.lib.common.rest_client [req-f347ef10-1584-416f-9369-1aab57543526 req-f347ef10-1584-416f-9369-1aab57543526 ] Request (AttachInterfacesUnderV243Test:test_add_remove_fixed_ip): 200 GET http://10.180.1.21/compute/v2.1/servers/c56253bb-b4c6-4b35-bee9-d24bc6792aab 1.400s
2025-05-19 17:09:21.565 70156 INFO tempest.lib.common.rest_client [req-66940c96-a2f3-4bae-87cb-9e3960390011 req-66940c96-a2f3-4bae-87cb-9e3960390011 ] Request (ServerActionsV293TestJSON:tearDownClass): 204 DELETE http://10.180.1.21/compute/v2.1/os-keypairs/tempest-keypair-503935286 1.399s
2025-05-19 17:09:21.575 70186 INFO tempest.lib.common.rest_client [req-d9507b79-f8a7-451c-aae9-b1f19fc59473 req-d9507b79-f8a7-451c-aae9-b1f19fc59473 ] Request (SecurityGroupsTestJSON:test_server_security_groups): 202 POST http://10.180.1.21/compute/v2.1/servers 2.101s
2025-05-19 17:09:21.598 70174 INFO tempest.lib.common.rest_client [req-97226380-c2db-477a-874e-81701d6d792a req-97226380-c2db-477a-874e-81701d6d792a ] Request (FlavorsAdminTestJSON:_run_cleanups): 202 DELETE http://10.180.1.21/compute/v2.1/flavors/1931624763 1.391s
2025-05-19 17:09:21.603 70188 INFO tempest.lib.common.rest_client [req-5c03801d-006e-40ff-baee-a748aa6d145d req-5c03801d-006e-40ff-baee-a748aa6d145d ] Request (ImagesDeleteNegativeTestJSON:tearDownClass): 204 DELETE http://10.180.1.21/identity/v3/projects/7a4d1f75856e481587c72d88a1757c32 0.111s
2025-05-19 17:09:21.617 70148 INFO tempest.lib.common.rest_client [req-6494a658-4144-4981-a14c-7dfc837b87e1 req-6494a658-4144-4981-a14c-7dfc837b87e1 ] Request (KeyPairsNegativeTestJSON:test_keypair_create_with_invalid_pub_key): 400 POST http://10.180.1.21/compute/v2.1/os-keypairs 1.445s
2025-05-19 17:09:21.645 70168 INFO tempest.lib.common.rest_client [req-be2c2790-6a12-429a-9765-a11f5b2deab9 req-be2c2790-6a12-429a-9765-a11f5b2deab9 ] Request (ServersTestMultiNic:_run_cleanups): 204 DELETE http://10.180.1.21:9696/networking/v2.0/subnets/cb35c31d-4033-4b13-824c-96357a486304 0.401s
2025-05-19 17:09:21.689 70188 INFO tempest.lib.common.rest_client [req-46f5b230-2c2f-4c40-9329-32eec894f2f7 req-46f5b230-2c2f-4c40-9329-32eec894f2f7 ] Request (DeleteServersTestJSON:setUpClass): 201 POST http://10.180.1.21/identity/v3/auth/tokens 0.084s
2025-05-19 17:09:21.724 70164 INFO tempest.lib.common.rest_client [req-7111aec5-ccd8-4a02-8abf-1a94dfae3945 req-7111aec5-ccd8-4a02-8abf-1a94dfae3945 ] Request (ServerActionsTestOtherA:setUpClass): 200 GET http://10.180.1.21/compute/v2.1/servers/ec14768a-382d-477e-8bbf-90bd8434e69d 1.454s
2025-05-19 17:09:21.725 70188 INFO tempest.lib.common.rest_client [req-43e22131-b0f2-46b9-b335-2af725ab8831 req-43e22131-b0f2-46b9-b335-2af725ab8831 ] Request (DeleteServersTestJSON:setUpClass): 201 POST http://10.180.1.21/identity/v3/auth/tokens 0.033s
2025-05-19 17:09:21.753 70182 INFO tempest.lib.common.rest_client [req-725eb479-5eeb-4d42-91c6-033735ce7f6c req-725eb479-5eeb-4d42-91c6-033735ce7f6c ] Request (AttachVolumeShelveTestJSON:test_detach_volume_shelved_or_offload_server): 404 GET http://10.180.1.21/compute/v2.1/servers/be97f8c0-01ed-4539-852d-37c36ef231ab 1.237s
2025-05-19 17:09:21.760 70188 INFO tempest.lib.common.rest_client [req-7328494b-7f8a-40dd-891a-ae3d0ac615ba req-7328494b-7f8a-40dd-891a-ae3d0ac615ba ] Request (DeleteServersTestJSON:setUpClass): 200 GET http://10.180.1.21/identity/v3/domains?name=Default 0.034s
2025-05-19 17:09:21.760 70156 INFO tempest.lib.common.rest_client [req-254b8c9a-4041-442d-a945-afe2360a6aba req-254b8c9a-4041-442d-a945-afe2360a6aba ] Request (ServerActionsV293TestJSON:tearDownClass): 204 DELETE http://10.180.1.21:9696/networking/v2.0/security-groups/68e72cd8-4fd4-48a6-affb-d517f8a68e4e 0.194s
