2025-05-19 17:09:33.308 70174 INFO tempest.test [-] raised in ServerStableDeviceRescueTestIDE.setUpClass. Invoking tearDownClass.
2025-05-19 17:09:33.321 70146 INFO tempest.lib.common.rest_client [req-20f690b5-6059-43cb-bcb4-08dd8ae80c2f req-20f690b5-6059-43cb-bcb4-08dd8ae80c2f ] Request (ServersTestJSON:tearDownClass): 204 DELETE http://10.180.1.21:9696/networking/v2.0/security-groups/802e4c5b-ff33-4a1b-ba36-818ab1195db2 0.440s
2025-05-19 17:09:33.322 70144 INFO tempest.lib.common.rest_client [req-9a9d6aac-000a-4a57-a055-d96313416f38 req-9a9d6aac-000a-4a57-a055-d96313416f38 ] Request (AttachInterfacesTestJSON:test_reassign_port_between_servers): 201 POST http://10.180.1.21/identity/v3/auth/tokens 0.059s
2025-05-19 17:09:33.322 70144 INFO tempest.lib.common.fixed_network [-] (AttachInterfacesTestJSON:test_reassign_port_between_servers) Found network {'id': '8cf89d48-e5ea-492d-9205-98a3bdbad467', 'name': 'tempest-AttachInterfacesTestJSON-857664634-network', 'tenant_id': 'eddb45604098479a96868d46265b9944', 'admin_state_up': True, 'mtu': 8950, 'status': 'ACTIVE', 'subnets': [], 'shared': False, 'project_id': 'eddb45604098479a96868d46265b9944', 'port_security_enabled': True, 'router:external': False, 'provider:network_type': 'vlan', 'provider:physical_network': 'default', 'provider:segmentation_id': 427, 'availability_zone_hints': [], 'availability_zones': [], 'ipv4_address_scope': None, 'ipv6_address_scope': None, 'description': '', 'tags': [], 'created_at': '2025-05-19T17:08:51Z', 'updated_at': '2025-05-19T17:08:51Z', 'revision_number': 1} available for tenant
2025-05-19 17:09:33.369 70174 INFO tempest.lib.common.rest_client [req-131619b5-9557-438f-97e7-b69c2204d26f req-131619b5-9557-438f-97e7-b69c2204d26f ] Request (ServerTagsTestJSON:setUpClass): 201 POST http://10.180.1.21/identity/v3/auth/tokens 0.059s
2025-05-19 17:09:33.407 70146 INFO tempest.lib.common.rest_client [req-14b3735b-b7c7-4aca-b783-467b5721177b req-14b3735b-b7c7-4aca-b783-467b5721177b ] Request (ServersTestJSON:tearDownClass): 204 DELETE http://10.180.1.21/identity/v3/projects/07ccf39cc5904de58396e2d4b3941dd6 0.086s
2025-05-19 17:09:33.423 70182 INFO tempest.lib.common.rest_client [req-486c2698-e81f-4b43-9490-92a17f4bf9db req-486c2698-e81f-4b43-9490-92a17f4bf9db ] Request (AttachVolumeShelveTestJSON:tearDownClass): 204 DELETE http://10.180.1.21:9696/networking/v2.0/security-groups/a414cd4e-82ab-4fe0-9b22-9b6720b921d5 0.451s
2025-05-19 17:09:33.429 70174 INFO tempest.lib.common.rest_client [req-3a0c5782-df42-4460-8b23-3618059ad1e7 req-3a0c5782-df42-4460-8b23-3618059ad1e7 ] Request (ServerTagsTestJSON:setUpClass): 201 POST http://10.180.1.21/identity/v3/auth/tokens 0.056s
2025-05-19 17:09:33.440 70146 INFO tempest.lib.common.rest_client [req-aab5d2c5-2cae-4e14-be84-ff1fe6a6d2cb req-aab5d2c5-2cae-4e14-be84-ff1fe6a6d2cb ] Request (InstanceActionsNegativeTestJSON:setUpClass): 201 POST http://10.180.1.21/identity/v3/auth/tokens 0.027s
2025-05-19 17:09:33.459 70174 INFO tempest.lib.common.rest_client [req-14087b9d-6532-4f77-91de-fa0532160605 req-14087b9d-6532-4f77-91de-fa0532160605 ] Request (ServerTagsTestJSON:setUpClass): 200 GET http://10.180.1.21/identity/v3/domains?name=Default 0.029s
2025-05-19 17:09:33.481 70182 INFO tempest.lib.common.rest_client [req-21944ec7-0ae4-4c4b-b497-9b7497b0eddf req-21944ec7-0ae4-4c4b-b497-9b7497b0eddf ] Request (AttachVolumeShelveTestJSON:tearDownClass): 204 DELETE http://10.180.1.21/identity/v3/projects/9b4b714fe895466e89157cecfa66f270 0.057s
2025-05-19 17:09:33.527 70146 INFO tempest.lib.common.rest_client [req-6d08be30-9811-44d0-80df-4605776d51e1 req-6d08be30-9811-44d0-80df-4605776d51e1 ] Request (InstanceActionsNegativeTestJSON:setUpClass): 201 POST http://10.180.1.21/identity/v3/auth/tokens 0.084s
2025-05-19 17:09:33.552 70182 INFO tempest.lib.common.rest_client [req-3edbe6be-eb86-4a2e-b6f6-5551a08a9b3e req-3edbe6be-eb86-4a2e-b6f6-5551a08a9b3e ] Request (VolumesSnapshotsTestJSON:setUpClass): 201 POST http://10.180.1.21/identity/v3/auth/tokens 0.069s
2025-05-19 17:09:33.553 70174 INFO tempest.lib.common.rest_client [req-53adaed5-b4ab-4604-91e5-e6308ff567b1 req-53adaed5-b4ab-4604-91e5-e6308ff567b1 ] Request (ServerTagsTestJSON:setUpClass): 201 POST http://10.180.1.21/identity/v3/projects 0.094s
2025-05-19 17:09:33.586 70168 INFO tempest.lib.common.rest_client [req-b507bb2d-33bc-499d-8b5c-143b3713fe03 req-b507bb2d-33bc-499d-8b5c-143b3713fe03 ] Request (ServersTestMultiNic:tearDownClass): 204 DELETE http://10.180.1.21:9696/networking/v2.0/security-groups/1326f21e-0517-477e-9a61-888e6c626f0d 0.424s
2025-05-19 17:09:33.610 70172 INFO tempest.lib.common.rest_client [req-7f0fc157-a060-4684-bb29-7ef78e26f3be req-7f0fc157-a060-4684-bb29-7ef78e26f3be ] Request (SecurityGroupRulesNegativeTestJSON:tearDownClass): 204 DELETE http://10.180.1.21:9696/networking/v2.0/subnets/6080d7c5-f2b3-4f28-8c25-4a989f6b6713 0.561s
2025-05-19 17:09:33.616 70146 INFO tempest.lib.common.rest_client [req-426bc871-d5ec-4671-a689-d713dcd21d14 req-426bc871-d5ec-4671-a689-d713dcd21d14 ] Request (InstanceActionsNegativeTestJSON:setUpClass): 200 GET http://10.180.1.21/identity/v3/domains?name=Default 0.087s
2025-05-19 17:09:33.619 70174 INFO tempest.lib.common.rest_client [req-e3780dfd-6d49-4da8-9807-ad6fa2104f71 req-e3780dfd-6d49-4da8-9807-ad6fa2104f71 ] Request (ServerTagsTestJSON:setUpClass): 201 POST http://10.180.1.21/identity/v3/users 0.065s
2025-05-19 17:09:33.642 70182 INFO tempest.lib.common.rest_client [req-33c4d87a-ef88-44ac-82fd-00bf9c9eb4c1 req-33c4d87a-ef88-44ac-82fd-00bf9c9eb4c1 ] Request (VolumesSnapshotsTestJSON:setUpClass): 201 POST http://10.180.1.21/identity/v3/auth/tokens 0.088s
2025-05-19 17:09:33.666 70146 INFO tempest.lib.common.rest_client [req-98b5c519-c2dc-4aae-8320-626c93785915 req-98b5c519-c2dc-4aae-8320-626c93785915 ] Request (InstanceActionsNegativeTestJSON:setUpClass): 201 POST http://10.180.1.21/identity/v3/projects 0.049s
2025-05-19 17:09:33.684 70168 INFO tempest.lib.common.rest_client [req-3dabe8e6-a43b-44a5-98bb-6f091bd47df3 req-3dabe8e6-a43b-44a5-98bb-6f091bd47df3 ] Request (ServersTestMultiNic:tearDownClass): 204 DELETE http://10.180.1.21/identity/v3/projects/5624daca8cbf4580a342e7cb1d92eddc 0.098s
2025-05-19 17:09:33.724 70174 INFO tempest.lib.common.rest_client [req-0971b346-9061-4fa6-9de7-89580e72cb6d req-0971b346-9061-4fa6-9de7-89580e72cb6d ] Request (ServerTagsTestJSON:setUpClass): 200 GET http://10.180.1.21/identity/v3/roles 0.104s
2025-05-19 17:09:33.746 70182 INFO tempest.lib.common.rest_client [req-3bc3942b-1524-4afe-8e73-0464a387ee81 req-3bc3942b-1524-4afe-8e73-0464a387ee81 ] Request (VolumesSnapshotsTestJSON:setUpClass): 200 GET http://10.180.1.21/identity/v3/domains?name=Default 0.103s
2025-05-19 17:09:33.756 70146 INFO tempest.lib.common.rest_client [req-38040dba-e4dc-4acd-b79d-0ced49b5daad req-38040dba-e4dc-4acd-b79d-0ced49b5daad ] Request (InstanceActionsNegativeTestJSON:setUpClass): 201 POST http://10.180.1.21/identity/v3/users 0.089s
2025-05-19 17:09:33.759 70204 INFO tempest.lib.common.rest_client [req-adc221e0-d377-471d-87e5-b42090d2be15 req-adc221e0-d377-471d-87e5-b42090d2be15 ] Request (ServersTestBootFromVolume:tearDownClass): 204 DELETE http://10.180.1.21:9696/networking/v2.0/networks/4731401f-cb33-4ce2-8158-1819bb5b3d34 2.168s
2025-05-19 17:09:33.768 70168 INFO tempest.lib.common.rest_client [req-1b79b039-8ff4-46a2-a6d7-ecb4d1a4d5b0 req-1b79b039-8ff4-46a2-a6d7-ecb4d1a4d5b0 ] Request (ServersListShow2100Test:setUpClass): 201 POST http://10.180.1.21/identity/v3/auth/tokens 0.082s
2025-05-19 17:09:33.787 70174 INFO tempest.lib.common.rest_client [req-f2cf4cf9-5046-4037-849c-3d02f533aa90 req-f2cf4cf9-5046-4037-849c-3d02f533aa90 ] Request (ServerTagsTestJSON:setUpClass): 204 PUT http://10.180.1.21/identity/v3/projects/1d3d0d1abe804ebcb6041809c885534d/users/d661582f83d947bdb7fb88fdbcaa6fbe/roles/a0cc61e6fe1942d586de5bf334c6bf9c 0.063s
2025-05-19 17:09:33.787 70174 INFO tempest.lib.common.dynamic_creds [-] Dynamic test user d661582f83d947bdb7fb88fdbcaa6fbe is created with scope project and roles: ['member']
2025-05-19 17:09:33.788 70174 INFO tempest.lib.common.dynamic_creds [-] Acquired dynamic creds: credentials: Credentials: {'domain_id': 'default', 'domain_name': 'Default', 'username': 'tempest-ServerTagsTestJSON-2105354507-project-member', 'project_domain_id': 'default', 'project_domain_name': 'Default', 'project_id': '1d3d0d1abe804ebcb6041809c885534d', 'project_name': 'tempest-ServerTagsTestJSON-2105354507', 'tenant_id': '1d3d0d1abe804ebcb6041809c885534d', 'tenant_name': 'tempest-ServerTagsTestJSON-2105354507', 'user_domain_id': 'default', 'user_domain_name': 'Default', 'user_id': 'd661582f83d947bdb7fb88fdbcaa6fbe', 'system': None}, Network: None, Subnet: None, Router: None
2025-05-19 17:09:33.798 70182 INFO tempest.lib.common.rest_client [req-b0deef00-930f-4f45-9c66-edf8c2389246 req-b0deef00-930f-4f45-9c66-edf8c2389246 ] Request (VolumesSnapshotsTestJSON:setUpClass): 201 POST http://10.180.1.21/identity/v3/projects 0.052s
2025-05-19 17:09:33.800 70150 INFO tempest.lib.common.rest_client [req-b4d0ab27-7800-475c-921a-fcc92d1ed443 req-b4d0ab27-7800-475c-921a-fcc92d1ed443 ] Request (AttachInterfacesUnderV243Test:tearDownClass): 204 DELETE http://10.180.1.21:9696/networking/v2.0/security-groups/f19726fb-8649-421f-b502-e1eef2c05703 0.619s
2025-05-19 17:09:33.872 70146 INFO tempest.lib.common.rest_client [req-72e6dff0-2d87-4ea7-bff9-3dd406bd8595 req-72e6dff0-2d87-4ea7-bff9-3dd406bd8595 ] Request (InstanceActionsNegativeTestJSON:setUpClass): 200 GET http://10.180.1.21/identity/v3/roles 0.116s
2025-05-19 17:09:33.879 70152 INFO tempest.lib.common.rest_client [req-46bd73b9-ec30-4717-9474-d21006e772d1 req-46bd73b9-ec30-4717-9474-d21006e772d1 ] Request (ImagesTestJSON:test_create_server_from_snapshot): 202 POST http://10.180.1.21/compute/v2.1/servers 1.417s
2025-05-19 17:09:33.884 70162 INFO tempest.lib.common.rest_client [req-9b292521-accf-4ab0-9848-6aef225978db req-9b292521-accf-4ab0-9848-6aef225978db ] Request (ServersTestJSON:test_create_specify_keypair): 202 POST http://10.180.1.21/compute/v2.1/servers 1.320s
2025-05-19 17:09:33.898 70166 INFO tempest.lib.common.rest_client [req-1d58a810-937c-4c91-a689-08f6750dbce4 req-1d58a810-937c-4c91-a689-08f6750dbce4 ] Request (ServerMetadataTestJSON:setUpClass): 201 POST http://10.180.1.21:9696/networking/v2.0/networks 1.016s
2025-05-19 17:09:33.902 70204 INFO tempest.lib.common.rest_client [req-69f99309-dd0f-4bb2-a403-fddd6b677b09 req-69f99309-dd0f-4bb2-a403-fddd6b677b09 ] Request (ServersTestBootFromVolume:tearDownClass): 204 DELETE http://10.180.1.21/identity/v3/users/595cba16321e4d0c9aedb2d0479c2d04 0.143s
2025-05-19 17:09:33.903 70204 INFO tempest.lib.common.dynamic_creds [-] Deleting project and security group for project: d26e6e3dcc754a1bb77526765cb9d692
2025-05-19 17:09:33.930 70186 INFO tempest.lib.common.rest_client [req-6b7e83e5-824d-4746-8a06-4410064f7aad req-6b7e83e5-824d-4746-8a06-4410064f7aad ] Request (SecurityGroupsTestJSON:tearDownClass): 404 DELETE http://10.180.1.21/compute/v2.1/os-security-groups/5048625b-809d-4d82-99f3-5f990b525380 0.988s
2025-05-19 17:09:33.940 70164 INFO tempest.lib.common.rest_client [req-84f6e1fc-b9b0-4a1d-ad70-cbc26f08bf0e req-84f6e1fc-b9b0-4a1d-ad70-cbc26f08bf0e ] Request (ServerActionsTestOtherA:tearDownClass): 200 PUT http://10.180.1.21:9696/networking/v2.0/routers/4007fd1e-d181-40be-a095-cf91ee232646/remove_router_interface 4.663s
2025-05-19 17:09:33.957 70168 INFO tempest.lib.common.rest_client [req-d8f18933-3d04-4894-80c6-ce6d4e2b7d60 req-d8f18933-3d04-4894-80c6-ce6d4e2b7d60 ] Request (ServersListShow2100Test:setUpClass): 201 POST http://10.180.1.21/identity/v3/auth/tokens 0.186s
2025-05-19 17:09:33.970 70174 INFO tempest.lib.common.rest_client [req-ed7a6b91-444c-4258-a67c-3d88cd5b65bc req-ed7a6b91-444c-4258-a67c-3d88cd5b65bc ] Request (ServerTagsTestJSON:setUpClass): 201 POST http://10.180.1.21/identity/v3/auth/tokens 0.182s
2025-05-19 17:09:33.973 70144 INFO tempest.lib.common.rest_client [req-d4b3378c-8a0f-42b2-a1b3-7e2d250df224 req-d4b3378c-8a0f-42b2-a1b3-7e2d250df224 ] Request (ValidationResourcesFixture:setUp): 200 POST http://10.180.1.21/compute/v2.1/os-keypairs 0.650s
2025-05-19 17:09:33.990 70182 INFO tempest.lib.common.rest_client [req-f3be31de-ec5c-44c5-9e7b-25cdb73f847e req-f3be31de-ec5c-44c5-9e7b-25cdb73f847e ] Request (VolumesSnapshotsTestJSON:setUpClass): 201 POST http://10.180.1.21/identity/v3/users 0.191s
2025-05-19 17:09:34.016 70146 INFO tempest.lib.common.rest_client [req-d6ce37dd-952e-4260-ab43-6176278bc470 req-d6ce37dd-952e-4260-ab43-6176278bc470 ] Request (InstanceActionsNegativeTestJSON:setUpClass): 204 PUT http://10.180.1.21/identity/v3/projects/e468f7bbcb5548589ed8eff8c4bb7941/users/416532b4d53d48868e6cff6d48085d95/roles/a0cc61e6fe1942d586de5bf334c6bf9c 0.143s
2025-05-19 17:09:34.016 70146 INFO tempest.lib.common.dynamic_creds [-] Dynamic test user 416532b4d53d48868e6cff6d48085d95 is created with scope project and roles: ['member']
2025-05-19 17:09:34.016 70146 INFO tempest.lib.common.dynamic_creds [-] Acquired dynamic creds: credentials: Credentials: {'domain_id': 'default', 'domain_name': 'Default', 'username': 'tempest-InstanceActionsNegativeTestJSON-176350897-project-member', 'project_domain_id': 'default', 'project_domain_name': 'Default', 'project_id': 'e468f7bbcb5548589ed8eff8c4bb7941', 'project_name': 'tempest-InstanceActionsNegativeTestJSON-176350897', 'tenant_id': 'e468f7bbcb5548589ed8eff8c4bb7941', 'tenant_name': 'tempest-InstanceActionsNegativeTestJSON-176350897', 'user_domain_id': 'default', 'user_domain_name': 'Default', 'user_id': '416532b4d53d48868e6cff6d48085d95', 'system': None}, Network: None, Subnet: None, Router: None
2025-05-19 17:09:34.027 70204 INFO tempest.lib.common.rest_client [req-ddf5cdef-64a5-4854-a837-b76a5ce00ed7 req-ddf5cdef-64a5-4854-a837-b76a5ce00ed7 ] Request (ServersTestBootFromVolume:tearDownClass): 200 GET http://10.180.1.21:9696/networking/v2.0/security-groups?tenant_id=d26e6e3dcc754a1bb77526765cb9d692&name=default 0.124s
2025-05-19 17:09:34.039 70150 INFO tempest.lib.common.rest_client [req-f58353e3-0dc5-4df2-964f-561bf3702c94 req-f58353e3-0dc5-4df2-964f-561bf3702c94 ] Request (AttachInterfacesUnderV243Test:tearDownClass): 204 DELETE http://10.180.1.21/identity/v3/projects/9cb92b1d6ec14c3790dbdfba57ea847e 0.238s
2025-05-19 17:09:34.064 70152 INFO tempest.lib.common.rest_client [req-82896749-00d5-49d6-9927-e225f3bcbb31 req-82896749-00d5-49d6-9927-e225f3bcbb31 ] Request (ImagesTestJSON:test_create_server_from_snapshot): 200 GET http://10.180.1.21/compute/v2.1/servers/e4c0f3e2-fcab-44b1-ad12-92c6a9d67fa4 0.183s
2025-05-19 17:09:34.065 70168 INFO tempest.lib.common.rest_client [req-3de14263-8552-48f7-aed8-c621e49b0cc1 req-3de14263-8552-48f7-aed8-c621e49b0cc1 ] Request (ServersListShow2100Test:setUpClass): 200 GET http://10.180.1.21/identity/v3/domains?name=Default 0.108s
2025-05-19 17:09:34.133 70182 INFO tempest.lib.common.rest_client [req-e495f7cd-c872-4914-83e6-9b5978940de9 req-e495f7cd-c872-4914-83e6-9b5978940de9 ] Request (VolumesSnapshotsTestJSON:setUpClass): 200 GET http://10.180.1.21/identity/v3/roles 0.142s
2025-05-19 17:09:34.149 70146 INFO tempest.lib.common.rest_client [req-b0b01d36-e6fc-4741-b621-5d1c542da658 req-b0b01d36-e6fc-4741-b621-5d1c542da658 ] Request (InstanceActionsNegativeTestJSON:setUpClass): 201 POST http://10.180.1.21/identity/v3/auth/tokens 0.132s
2025-05-19 17:09:34.164 70150 INFO tempest.lib.common.rest_client [req-39f27474-b647-495b-ab34-68be644ab106 req-39f27474-b647-495b-ab34-68be644ab106 ] Request (ServerDiskConfigTestJSON:setUpClass): 201 POST http://10.180.1.21/identity/v3/auth/tokens 0.119s
2025-05-19 17:09:34.179 70168 INFO tempest.lib.common.rest_client [req-bae8e41b-fa6f-4a24-af38-1538e34dfe81 req-bae8e41b-fa6f-4a24-af38-1538e34dfe81 ] Request (ServersListShow2100Test:setUpClass): 201 POST http://10.180.1.21/identity/v3/projects 0.114s
2025-05-19 17:09:34.198 70182 INFO tempest.lib.common.rest_client [req-0f26bd1f-03ae-4d64-9149-76630ffb7323 req-0f26bd1f-03ae-4d64-9149-76630ffb7323 ] Request (VolumesSnapshotsTestJSON:setUpClass): 204 PUT http://10.180.1.21/identity/v3/projects/52d01a5acedf4161bf63aaf9940c7906/users/9ed52f83ba51442c94bb383fc8f67060/roles/a0cc61e6fe1942d586de5bf334c6bf9c 0.064s
2025-05-19 17:09:34.198 70182 INFO tempest.lib.common.dynamic_creds [-] Dynamic test user 9ed52f83ba51442c94bb383fc8f67060 is created with scope project and roles: ['member']
2025-05-19 17:09:34.198 70182 INFO tempest.lib.common.dynamic_creds [-] Acquired dynamic creds: credentials: Credentials: {'domain_id': 'default', 'domain_name': 'Default', 'username': 'tempest-VolumesSnapshotsTestJSON-478038148-project-member', 'project_domain_id': 'default', 'project_domain_name': 'Default', 'project_id': '52d01a5acedf4161bf63aaf9940c7906', 'project_name': 'tempest-VolumesSnapshotsTestJSON-478038148', 'tenant_id': '52d01a5acedf4161bf63aaf9940c7906', 'tenant_name': 'tempest-VolumesSnapshotsTestJSON-478038148', 'user_domain_id': 'default', 'user_domain_name': 'Default', 'user_id': '9ed52f83ba51442c94bb383fc8f67060', 'system': None}, Network: None, Subnet: None, Router: None
2025-05-19 17:09:34.198 70182 INFO tempest.lib.common.dynamic_creds [-] Created isolated network resources for: credentials: Credentials: {'domain_id': 'default', 'domain_name': 'Default', 'username': 'tempest-VolumesSnapshotsTestJSON-478038148-project-member', 'project_domain_id': 'default', 'project_domain_name': 'Default', 'project_id': '52d01a5acedf4161bf63aaf9940c7906', 'project_name': 'tempest-VolumesSnapshotsTestJSON-478038148', 'tenant_id': '52d01a5acedf4161bf63aaf9940c7906', 'tenant_name': 'tempest-VolumesSnapshotsTestJSON-478038148', 'user_domain_id': 'default', 'user_domain_name': 'Default', 'user_id': '9ed52f83ba51442c94bb383fc8f67060', 'system': None}, Network: None, Subnet: None, Router: None
2025-05-19 17:09:34.231 70158 INFO tempest.lib.common.rest_client [req-f8e21954-73e5-4c74-8731-39cde190bf57 req-f8e21954-73e5-4c74-8731-39cde190bf57 ] Request (ServerRescueTestJSONUnderV235:setUpClass): 204 DELETE http://10.180.1.21/compute/v2.1/servers/93c5ec8a-14ae-44d0-88e0-df41adbc5631 1.630s
2025-05-19 17:09:34.240 70150 INFO tempest.lib.common.rest_client [req-4c255590-7b3a-453a-b390-176374d2261d req-4c255590-7b3a-453a-b390-176374d2261d ] Request (ServerDiskConfigTestJSON:setUpClass): 201 POST http://10.180.1.21/identity/v3/auth/tokens 0.073s
2025-05-19 17:09:34.271 70168 INFO tempest.lib.common.rest_client [req-34d57ad8-fd84-49ec-a4b5-74c37b909f75 req-34d57ad8-fd84-49ec-a4b5-74c37b909f75 ] Request (ServersListShow2100Test:setUpClass): 201 POST http://10.180.1.21/identity/v3/users 0.091s
2025-05-19 17:09:34.279 70192 INFO tempest.lib.common.rest_client [req-e8af1c2d-efb2-4e76-85ab-bf1383f56270 req-e8af1c2d-efb2-4e76-85ab-bf1383f56270 ] Request (VolumesAdminNegativeTest:tearDownClass): 204 DELETE http://10.180.1.21:9696/networking/v2.0/routers/9182040e-6812-4329-b477-4f80309ee8a8 2.169s
2025-05-19 17:09:34.289 70186 INFO tempest.lib.common.rest_client [req-e1c5411b-a10f-436b-a9ee-6776f2503284 req-e1c5411b-a10f-436b-a9ee-6776f2503284 ] Request (SecurityGroupsTestJSON:tearDownClass): 404 DELETE http://10.180.1.21/compute/v2.1/os-security-groups/2b6bf56b-2d53-4ce9-aef0-b9b8f5a8a70b 0.357s
2025-05-19 17:09:34.295 70150 INFO tempest.lib.common.rest_client [req-a255576a-65bf-4e0b-abeb-448a99aa4708 req-a255576a-65bf-4e0b-abeb-448a99aa4708 ] Request (ServerDiskConfigTestJSON:setUpClass): 200 GET http://10.180.1.21/identity/v3/domains?name=Default 0.053s
2025-05-19 17:09:34.318 70158 INFO tempest.lib.common.rest_client [req-dab6a36c-e0eb-4766-9e9f-938edbfe4987 req-dab6a36c-e0eb-4766-9e9f-938edbfe4987 ] Request (ServerRescueTestJSONUnderV235:setUpClass): 404 GET http://10.180.1.21/compute/v2.1/servers/93c5ec8a-14ae-44d0-88e0-df41adbc5631 0.086s
2025-05-19 17:09:34.318 70158 INFO tempest.test [-] raised in ServerRescueTestJSONUnderV235.setUpClass. Invoking tearDownClass.
2025-05-19 17:09:34.320 70168 INFO tempest.lib.common.rest_client [req-6104c85a-f295-4572-a598-32a6688b231e req-6104c85a-f295-4572-a598-32a6688b231e ] Request (ServersListShow2100Test:setUpClass): 200 GET http://10.180.1.21/identity/v3/roles 0.048s
2025-05-19 17:09:34.345 70150 INFO tempest.lib.common.rest_client [req-6dcf522d-7a7c-4ab0-99e5-b996f2e45c1c req-6dcf522d-7a7c-4ab0-99e5-b996f2e45c1c ] Request (ServerDiskConfigTestJSON:setUpClass): 201 POST http://10.180.1.21/identity/v3/projects 0.050s
2025-05-19 17:09:34.353 70182 INFO tempest.lib.common.rest_client [req-bde68b43-0c83-49a1-8181-a943025dd3db req-bde68b43-0c83-49a1-8181-a943025dd3db ] Request (VolumesSnapshotsTestJSON:setUpClass): 201 POST http://10.180.1.21/identity/v3/auth/tokens 0.150s
2025-05-19 17:09:34.355 70162 INFO tempest.lib.common.rest_client [req-c3bba944-0957-44cc-8536-f35262f722ee req-c3bba944-0957-44cc-8536-f35262f722ee ] Request (ServersTestJSON:test_create_specify_keypair): 200 GET http://10.180.1.21/compute/v2.1/servers/173edf9d-1fc5-4366-a120-d5c3b60abcbf 0.469s
2025-05-19 17:09:34.389 70186 INFO tempest.lib.common.rest_client [req-ea398d1d-7919-49dd-93b6-392cfae37240 req-ea398d1d-7919-49dd-93b6-392cfae37240 ] Request (SecurityGroupsTestJSON:tearDownClass): 404 DELETE http://10.180.1.21/compute/v2.1/os-security-groups/ca1d8f2f-299a-419d-9c7e-ef7a50cae202 0.097s
2025-05-19 17:09:34.412 70150 INFO tempest.lib.common.rest_client [req-3f218605-96aa-463b-a927-5bd2ce018e0c req-3f218605-96aa-463b-a927-5bd2ce018e0c ] Request (ServerDiskConfigTestJSON:setUpClass): 201 POST http://10.180.1.21/identity/v3/users 0.067s
2025-05-19 17:09:34.419 70168 INFO tempest.lib.common.rest_client [req-b74ed822-d677-4794-a314-6ea1600b5660 req-b74ed822-d677-4794-a314-6ea1600b5660 ] Request (ServersListShow2100Test:setUpClass): 204 PUT http://10.180.1.21/identity/v3/projects/5eb11b3804eb476a899bd509152e3e60/users/ef59f3a19e0c4cd8852788b3a4b5634a/roles/a0cc61e6fe1942d586de5bf334c6bf9c 0.098s
2025-05-19 17:09:34.419 70168 INFO tempest.lib.common.dynamic_creds [-] Dynamic test user ef59f3a19e0c4cd8852788b3a4b5634a is created with scope project and roles: ['member']
2025-05-19 17:09:34.421 70168 INFO tempest.lib.common.dynamic_creds [-] Acquired dynamic creds: credentials: Credentials: {'domain_id': 'default', 'domain_name': 'Default', 'username': 'tempest-ServersListShow2100Test-1319690740-project-member', 'project_domain_id': 'default', 'project_domain_name': 'Default', 'project_id': '5eb11b3804eb476a899bd509152e3e60', 'project_name': 'tempest-ServersListShow2100Test-1319690740', 'tenant_id': '5eb11b3804eb476a899bd509152e3e60', 'tenant_name': 'tempest-ServersListShow2100Test-1319690740', 'user_domain_id': 'default', 'user_domain_name': 'Default', 'user_id': 'ef59f3a19e0c4cd8852788b3a4b5634a', 'system': None}, Network: None, Subnet: None, Router: None
2025-05-19 17:09:34.421 70168 INFO tempest.lib.common.dynamic_creds [-] Created isolated network resources for: credentials: Credentials: {'domain_id': 'default', 'domain_name': 'Default', 'username': 'tempest-ServersListShow2100Test-1319690740-project-member', 'project_domain_id': 'default', 'project_domain_name': 'Default', 'project_id': '5eb11b3804eb476a899bd509152e3e60', 'project_name': 'tempest-ServersListShow2100Test-1319690740', 'tenant_id': '5eb11b3804eb476a899bd509152e3e60', 'tenant_name': 'tempest-ServersListShow2100Test-1319690740', 'user_domain_id': 'default', 'user_domain_name': 'Default', 'user_id': 'ef59f3a19e0c4cd8852788b3a4b5634a', 'system': None}, Network: None, Subnet: None, Router: None
2025-05-19 17:09:34.465 70186 INFO tempest.lib.common.rest_client [req-6db40ae8-b119-4402-a397-33ec7ff2958b req-6db40ae8-b119-4402-a397-33ec7ff2958b ] Request (SecurityGroupsTestJSON:tearDownClass): 404 DELETE http://10.180.1.21/compute/v2.1/os-security-groups/57d298ba-636e-48e0-9eef-99bd3f484b35 0.075s
2025-05-19 17:09:34.474 70204 INFO tempest.lib.common.rest_client [req-7c4cfad8-ee3e-4b64-8f85-261a3e2c1bf0 req-7c4cfad8-ee3e-4b64-8f85-261a3e2c1bf0 ] Request (ServersTestBootFromVolume:tearDownClass): 204 DELETE http://10.180.1.21:9696/networking/v2.0/security-groups/5cead45c-d34b-4b89-850a-31bab582150e 0.446s
2025-05-19 17:09:34.477 70150 INFO tempest.lib.common.rest_client [req-f877f2a9-7427-421c-94b4-7cc5d445ecad req-f877f2a9-7427-421c-94b4-7cc5d445ecad ] Request (ServerDiskConfigTestJSON:setUpClass): 200 GET http://10.180.1.21/identity/v3/roles 0.064s
2025-05-19 17:09:34.560 70168 INFO tempest.lib.common.rest_client [req-e3752143-df86-4d7d-b0e3-968c62cdff82 req-e3752143-df86-4d7d-b0e3-968c62cdff82 ] Request (ServersListShow2100Test:setUpClass): 201 POST http://10.180.1.21/identity/v3/auth/tokens 0.134s
2025-05-19 17:09:34.575 70188 INFO tempest.lib.common.rest_client [req-e5c711e3-3629-4ea2-9b33-6c1841ed2de7 req-e5c711e3-3629-4ea2-9b33-6c1841ed2de7 ] Request (DeleteServersTestJSON:setUpClass): 200 PUT http://10.180.1.21:9696/networking/v2.0/routers/265f2b09-563a-419a-8fc9-b02cec001b18/add_router_interface 5.566s
2025-05-19 17:09:34.577 70188 INFO tempest.lib.common.dynamic_creds [-] Created isolated network resources for: credentials: Credentials: {'domain_id': 'default', 'domain_name': 'Default', 'username': 'tempest-DeleteServersTestJSON-238791579-project-member', 'project_domain_id': 'default', 'project_domain_name': 'Default', 'project_id': 'f9bbde1193e94e2baccddab48906e74a', 'project_name': 'tempest-DeleteServersTestJSON-238791579', 'tenant_id': 'f9bbde1193e94e2baccddab48906e74a', 'tenant_name': 'tempest-DeleteServersTestJSON-238791579', 'user_domain_id': 'default', 'user_domain_name': 'Default', 'user_id': '07e4dfb0f30c4beb9247729022940831', 'system': None}, Network: {'id': '2f080929-4884-4f2d-ab13-f9201e89fc30', 'name': 'tempest-DeleteServersTestJSON-1278978286-network', 'tenant_id': 'f9bbde1193e94e2baccddab48906e74a', 'admin_state_up': True, 'mtu': 8950, 'status': 'ACTIVE', 'subnets': [], 'shared': False, 'project_id': 'f9bbde1193e94e2baccddab48906e74a', 'port_security_enabled': True, 'router:external': False, 'provider:network_type': 'vlan', 'provider:physical_network': 'default', 'provider:segmentation_id': 12, 'availability_zone_hints': [], 'availability_zones': [], 'ipv4_address_scope': None, 'ipv6_address_scope': None, 'description': '', 'tags': [], 'created_at': '2025-05-19T17:09:22Z', 'updated_at': '2025-05-19T17:09:23Z', 'revision_number': 1}, Subnet: {'id': '517e6502-01d0-4fab-9951-2fb1c82199bd', 'name': 'tempest-DeleteServersTestJSON-1278978286-subnet', 'tenant_id': 'f9bbde1193e94e2baccddab48906e74a', 'network_id': '2f080929-4884-4f2d-ab13-f9201e89fc30', 'ip_version': 4, 'subnetpool_id': None, 'enable_dhcp': True, 'ipv6_ra_mode': None, 'ipv6_address_mode': None, 'gateway_ip': '192.168.128.1', 'cidr': '192.168.128.0/28', 'allocation_pools': [{'start': '192.168.128.2', 'end': '192.168.128.14'}], 'host_routes': [], 'dns_nameservers': [], 'description': '', 'router:external': False, 'service_types': [], 'tags': [], 'created_at': '2025-05-19T17:09:23Z', 'updated_at': '2025-05-19T17:09:23Z', 'revision_number': 0, 'project_id': 'f9bbde1193e94e2baccddab48906e74a'}, Router: {'id': '265f2b09-563a-419a-8fc9-b02cec001b18', 'name': 'tempest-DeleteServersTestJSON-1278978286-router', 'tenant_id': 'f9bbde1193e94e2baccddab48906e74a', 'admin_state_up': True, 'status': 'ACTIVE', 'external_gateway_info': {'network_id': 'f200a472-c33d-4aa1-a911-070b776ff724', 'external_fixed_ips': [{'subnet_id': 'd0ee670a-ae1e-4d9f-bb2f-16bee9632423', 'ip_address': '10.180.180.220'}], 'enable_snat': True}, 'description': '', 'availability_zones': [], 'distributed': False, 'ha': False, 'availability_zone_hints': [], 'routes': [], 'flavor_id': None, 'tags': [], 'created_at': '2025-05-19T17:09:24Z', 'updated_at': '2025-05-19T17:09:26Z', 'revision_number': 2, 'project_id': 'f9bbde1193e94e2baccddab48906e74a'}
2025-05-19 17:09:34.579 70144 INFO tempest.lib.common.rest_client [req-77816fc7-5226-4af5-bede-5236c5cb0d45 req-77816fc7-5226-4af5-bede-5236c5cb0d45 ] Request (ValidationResourcesFixture:setUp): 201 POST http://10.180.1.21:9696/networking/v2.0/security-groups 0.604s
2025-05-19 17:09:34.606 70150 INFO tempest.lib.common.rest_client [req-bc7f8743-9543-4cd9-9239-5bff36850cf0 req-bc7f8743-9543-4cd9-9239-5bff36850cf0 ] Request (ServerDiskConfigTestJSON:setUpClass): 204 PUT http://10.180.1.21/identity/v3/projects/1c65676ab70744af9c5fd02b9b53dd27/users/ca1982345e9849f59025a53b87b89c2a/roles/a0cc61e6fe1942d586de5bf334c6bf9c 0.128s
2025-05-19 17:09:34.606 70150 INFO tempest.lib.common.dynamic_creds [-] Dynamic test user ca1982345e9849f59025a53b87b89c2a is created with scope project and roles: ['member']
2025-05-19 17:09:34.606 70150 INFO tempest.lib.common.dynamic_creds [-] Acquired dynamic creds: credentials: Credentials: {'domain_id': 'default', 'domain_name': 'Default', 'username': 'tempest-ServerDiskConfigTestJSON-748251950-project-member', 'project_domain_id': 'default', 'project_domain_name': 'Default', 'project_id': '1c65676ab70744af9c5fd02b9b53dd27', 'project_name': 'tempest-ServerDiskConfigTestJSON-748251950', 'tenant_id': '1c65676ab70744af9c5fd02b9b53dd27', 'tenant_name': 'tempest-ServerDiskConfigTestJSON-748251950', 'user_domain_id': 'default', 'user_domain_name': 'Default', 'user_id': 'ca1982345e9849f59025a53b87b89c2a', 'system': None}, Network: None, Subnet: None, Router: None
2025-05-19 17:09:34.665 70204 INFO tempest.lib.common.rest_client [req-0bc2dbbc-a59f-4d82-bd3a-91a77ff8661e req-0bc2dbbc-a59f-4d82-bd3a-91a77ff8661e ] Request (ServersTestBootFromVolume:tearDownClass): 204 DELETE http://10.180.1.21/identity/v3/projects/d26e6e3dcc754a1bb77526765cb9d692 0.190s
2025-05-19 17:09:34.674 70168 INFO tempest.lib.common.rest_client [req-69e2ced9-0c96-477d-b6fb-c5a219f723b7 req-69e2ced9-0c96-477d-b6fb-c5a219f723b7 ] Request (ServersListShow2100Test:test_list_show_rebuild_update_server_2100): 201 POST http://10.180.1.21/identity/v3/auth/tokens 0.110s
2025-05-19 17:09:34.675 70168 INFO tempest.lib.common.fixed_network [-] (ServersListShow2100Test:test_list_show_rebuild_update_server_2100) Found network None available for tenant
2025-05-19 17:09:34.734 70150 INFO tempest.lib.common.rest_client [req-4c15b147-0266-4148-8050-931ccd8b0c8e req-4c15b147-0266-4148-8050-931ccd8b0c8e ] Request (ServerDiskConfigTestJSON:setUpClass): 201 POST http://10.180.1.21/identity/v3/auth/tokens 0.127s
2025-05-19 17:09:34.751 70188 INFO tempest.lib.common.rest_client [req-216039f1-739b-4c93-baf0-945e5c2fd4e5 req-216039f1-739b-4c93-baf0-945e5c2fd4e5 ] Request (DeleteServersTestJSON:setUpClass): 201 POST http://10.180.1.21/identity/v3/auth/tokens 0.171s
2025-05-19 17:09:34.780 70182 INFO tempest.lib.common.rest_client [req-e1a575fb-6592-4ee7-8dc0-1eb323ee48cd req-e1a575fb-6592-4ee7-8dc0-1eb323ee48cd ] Request (VolumesSnapshotsTestJSON:test_volume_snapshot_create_get_list_delete): 200 POST http://10.180.1.21/compute/v2.1/os-volumes 0.426s
2025-05-19 17:09:34.785 70172 INFO tempest.lib.common.rest_client [req-773ff0f5-dea1-4876-8c0a-4d6a47397b4d req-773ff0f5-dea1-4876-8c0a-4d6a47397b4d ] Request (SecurityGroupRulesNegativeTestJSON:tearDownClass): 204 DELETE http://10.180.1.21:9696/networking/v2.0/networks/7764f0c5-ed64-4527-8005-150f007cea7c 1.174s
2025-05-19 17:09:34.789 70188 INFO tempest.lib.common.rest_client [req-d20c5905-5101-4854-a649-9be92a5e6964 req-d20c5905-5101-4854-a649-9be92a5e6964 ] Request (DeleteServersTestJSON:test_delete_active_server): 201 POST http://10.180.1.21/identity/v3/auth/tokens 0.034s
2025-05-19 17:09:34.790 70188 INFO tempest.lib.common.fixed_network [-] (DeleteServersTestJSON:test_delete_active_server) Found network {'id': '2f080929-4884-4f2d-ab13-f9201e89fc30', 'name': 'tempest-DeleteServersTestJSON-1278978286-network', 'tenant_id': 'f9bbde1193e94e2baccddab48906e74a', 'admin_state_up': True, 'mtu': 8950, 'status': 'ACTIVE', 'subnets': [], 'shared': False, 'project_id': 'f9bbde1193e94e2baccddab48906e74a', 'port_security_enabled': True, 'router:external': False, 'provider:network_type': 'vlan', 'provider:physical_network': 'default', 'provider:segmentation_id': 12, 'availability_zone_hints': [], 'availability_zones': [], 'ipv4_address_scope': None, 'ipv6_address_scope': None, 'description': '', 'tags': [], 'created_at': '2025-05-19T17:09:22Z', 'updated_at': '2025-05-19T17:09:23Z', 'revision_number': 1} available for tenant
2025-05-19 17:09:34.920 70172 INFO tempest.lib.common.rest_client [req-de6517c2-496c-428e-8a4b-3888c1c83ebb req-de6517c2-496c-428e-8a4b-3888c1c83ebb ] Request (SecurityGroupRulesNegativeTestJSON:tearDownClass): 204 DELETE http://10.180.1.21/identity/v3/users/fdd8372028dd413eadcc1d8876111a8d 0.134s
2025-05-19 17:09:34.920 70172 INFO tempest.lib.common.dynamic_creds [-] Deleting project and security group for project: 28cbbd7f6ed54ecfb32dc39a7ee4c6cd
2025-05-19 17:09:34.932 70148 INFO tempest.lib.common.rest_client [req-0b0e9f44-7d47-4358-8c29-c395a84b1542 req-0b0e9f44-7d47-4358-8c29-c395a84b1542 ] Request (SecurityGroupsNegativeTestJSON:setUpClass): 200 PUT http://10.180.1.21:9696/networking/v2.0/routers/6fe638d7-7e2d-48ac-9ad5-3d9b31e1dec8/add_router_interface 4.131s
2025-05-19 17:09:34.932 70148 INFO tempest.lib.common.dynamic_creds [-] Created isolated network resources for: credentials: Credentials: {'domain_id': 'default', 'domain_name': 'Default', 'username': 'tempest-SecurityGroupsNegativeTestJSON-1876100105-project-member', 'project_domain_id': 'default', 'project_domain_name': 'Default', 'project_id': 'b814f7310d734909ae0744b7d874312e', 'project_name': 'tempest-SecurityGroupsNegativeTestJSON-1876100105', 'tenant_id': 'b814f7310d734909ae0744b7d874312e', 'tenant_name': 'tempest-SecurityGroupsNegativeTestJSON-1876100105', 'user_domain_id': 'default', 'user_domain_name': 'Default', 'user_id': '02779adda399446eb871fa6fad1eafc4', 'system': None}, Network: {'id': '824bf5a9-f935-4978-8b99-dc907d0340aa', 'name': 'tempest-SecurityGroupsNegativeTestJSON-7361865-network', 'tenant_id': 'b814f7310d734909ae0744b7d874312e', 'admin_state_up': True, 'mtu': 8950, 'status': 'ACTIVE', 'subnets': [], 'shared': False, 'project_id': 'b814f7310d734909ae0744b7d874312e', 'port_security_enabled': True, 'router:external': False, 'provider:network_type': 'vlan', 'provider:physical_network': 'default', 'provider:segmentation_id': 157, 'availability_zone_hints': [], 'availability_zones': [], 'ipv4_address_scope': None, 'ipv6_address_scope': None, 'description': '', 'tags': [], 'created_at': '2025-05-19T17:09:25Z', 'updated_at': '2025-05-19T17:09:25Z', 'revision_number': 1}, Subnet: {'id': 'e7b6d97e-1cfe-4bf3-8395-44cb7318d026', 'name': 'tempest-SecurityGroupsNegativeTestJSON-7361865-subnet', 'tenant_id': 'b814f7310d734909ae0744b7d874312e', 'network_id': '824bf5a9-f935-4978-8b99-dc907d0340aa', 'ip_version': 4, 'subnetpool_id': None, 'enable_dhcp': True, 'ipv6_ra_mode': None, 'ipv6_address_mode': None, 'gateway_ip': '192.168.128.1', 'cidr': '192.168.128.0/28', 'allocation_pools': [{'start': '192.168.128.2', 'end': '192.168.128.14'}], 'host_routes': [], 'dns_nameservers': [], 'description': '', 'router:external': False, 'service_types': [], 'tags': [], 'created_at': '2025-05-19T17:09:25Z', 'updated_at': '2025-05-19T17:09:25Z', 'revision_number': 0, 'project_id': 'b814f7310d734909ae0744b7d874312e'}, Router: {'id': '6fe638d7-7e2d-48ac-9ad5-3d9b31e1dec8', 'name': 'tempest-SecurityGroupsNegativeTestJSON-7361865-router', 'tenant_id': 'b814f7310d734909ae0744b7d874312e', 'admin_state_up': True, 'status': 'ACTIVE', 'external_gateway_info': {'network_id': 'f200a472-c33d-4aa1-a911-070b776ff724', 'external_fixed_ips': [{'subnet_id': 'd0ee670a-ae1e-4d9f-bb2f-16bee9632423', 'ip_address': '10.180.180.239'}], 'enable_snat': True}, 'description': '', 'availability_zones': [], 'distributed': False, 'ha': False, 'availability_zone_hints': [], 'routes': [], 'flavor_id': None, 'tags': [], 'created_at': '2025-05-19T17:09:26Z', 'updated_at': '2025-05-19T17:09:28Z', 'revision_number': 2, 'project_id': 'b814f7310d734909ae0744b7d874312e'}
2025-05-19 17:09:34.966 70186 INFO tempest.lib.common.rest_client [req-af1d333e-575e-42e4-bc04-571fa6765207 req-af1d333e-575e-42e4-bc04-571fa6765207 ] Request (SecurityGroupsTestJSON:tearDownClass): 202 DELETE http://10.180.1.21/compute/v2.1/os-security-groups/8d040766-a0ae-4335-99bd-1560c006ecc5 0.500s
2025-05-19 17:09:34.999 70166 INFO tempest.lib.common.rest_client [req-fb18d2cd-579a-4ad6-94cb-2065b9e5b254 req-fb18d2cd-579a-4ad6-94cb-2065b9e5b254 ] Request (ServerMetadataTestJSON:setUpClass): 201 POST http://10.180.1.21:9696/networking/v2.0/subnets 1.100s
2025-05-19 17:09:35.002 70182 INFO tempest.lib.common.rest_client [req-07cd5042-7658-4531-a954-e3f0f3c356fb req-07cd5042-7658-4531-a954-e3f0f3c356fb ] Request (VolumesSnapshotsTestJSON:test_volume_snapshot_create_get_list_delete): 200 GET http://10.180.1.21/compute/v2.1/os-volumes/9cc65af9-d4c4-47bc-b4c6-4b86235c40b3 0.218s
2025-05-19 17:09:35.004 70182 INFO tempest.common.waiters [-] volume 9cc65af9-d4c4-47bc-b4c6-4b86235c40b3 reached available after waiting for 0.004811 seconds
2025-05-19 17:09:35.010 70192 INFO tempest.lib.common.rest_client [req-ec361613-615f-482a-b73d-a045ac043b29 req-ec361613-615f-482a-b73d-a045ac043b29 ] Request (VolumesAdminNegativeTest:tearDownClass): 204 DELETE http://10.180.1.21:9696/networking/v2.0/subnets/89873e1d-b427-4d76-bc75-c8c88d2a0337 0.730s
2025-05-19 17:09:35.014 70168 INFO tempest.lib.common.rest_client [req-f2a8557b-64a9-4c3f-b7dc-11d6d2e3631e req-f2a8557b-64a9-4c3f-b7dc-11d6d2e3631e ] Request (ServersListShow2100Test:test_list_show_rebuild_update_server_2100): 202 POST http://10.180.1.21/compute/v2.1/servers 0.339s
2025-05-19 17:09:35.016 70172 INFO tempest.lib.common.rest_client [req-f6a83b3b-4204-41a3-a2a7-c1a3e7b7f902 req-f6a83b3b-4204-41a3-a2a7-c1a3e7b7f902 ] Request (SecurityGroupRulesNegativeTestJSON:tearDownClass): 200 GET http://10.180.1.21:9696/networking/v2.0/security-groups?tenant_id=28cbbd7f6ed54ecfb32dc39a7ee4c6cd&name=default 0.095s
2025-05-19 17:09:35.036 70148 INFO tempest.lib.common.rest_client [req-65e5a45c-1cda-4489-a1a6-f2c77628aa88 req-65e5a45c-1cda-4489-a1a6-f2c77628aa88 ] Request (SecurityGroupsNegativeTestJSON:setUpClass): 201 POST http://10.180.1.21/identity/v3/auth/tokens 0.098s
2025-05-19 17:09:35.049 70174 INFO tempest.lib.common.rest_client [req-d5811471-ab1e-4883-8703-56c70faa0396 req-d5811471-ab1e-4883-8703-56c70faa0396 ] Request (ServerTagsTestJSON:setUpClass): 201 POST http://10.180.1.21:9696/networking/v2.0/networks 1.078s
2025-05-19 17:09:35.333 70144 INFO tempest.lib.common.rest_client [req-9c106d63-337a-432b-a0c8-c217256f2ba9 req-9c106d63-337a-432b-a0c8-c217256f2ba9 ] Request (ValidationResourcesFixture:setUp): 201 POST http://10.180.1.21:9696/networking/v2.0/security-group-rules 0.754s
2025-05-19 17:09:35.419 70186 INFO tempest.lib.common.rest_client [req-37845d31-f7bc-41a5-bf6f-aabfb3dd6838 req-37845d31-f7bc-41a5-bf6f-aabfb3dd6838 ] Request (SecurityGroupsTestJSON:tearDownClass): 202 DELETE http://10.180.1.21/compute/v2.1/os-security-groups/2f4feec2-2fe5-4880-b2f4-4e54d997f9e5 0.452s
2025-05-19 17:09:35.425 70146 INFO tempest.lib.common.rest_client [req-790d88f1-dfb4-48d8-8a60-8456f0ecf47a req-790d88f1-dfb4-48d8-8a60-8456f0ecf47a ] Request (InstanceActionsNegativeTestJSON:setUpClass): 201 POST http://10.180.1.21:9696/networking/v2.0/networks 1.276s
2025-05-19 17:09:35.487 70164 INFO tempest.lib.common.rest_client [req-87adfd9f-cc48-443e-beb0-fa9824e88543 req-87adfd9f-cc48-443e-beb0-fa9824e88543 ] Request (ServerActionsTestOtherA:tearDownClass): 204 DELETE http://10.180.1.21:9696/networking/v2.0/routers/4007fd1e-d181-40be-a095-cf91ee232646 1.547s
2025-05-19 17:09:35.640 70182 INFO tempest.lib.common.rest_client [req-5b9b2fe4-f4b0-45f0-b29d-2ae1672835d9 req-5b9b2fe4-f4b0-45f0-b29d-2ae1672835d9 ] Request (VolumesSnapshotsTestJSON:test_volume_snapshot_create_get_list_delete): 200 POST http://10.180.1.21/compute/v2.1/os-snapshots 0.635s
2025-05-19 17:09:35.698 70172 INFO tempest.lib.common.rest_client [req-e890e10e-3714-4b51-b632-47c61664fb25 req-e890e10e-3714-4b51-b632-47c61664fb25 ] Request (SecurityGroupRulesNegativeTestJSON:tearDownClass): 204 DELETE http://10.180.1.21:9696/networking/v2.0/security-groups/a6225c99-df36-4383-b859-d3a51a0ae20d 0.681s
2025-05-19 17:09:35.829 70172 INFO tempest.lib.common.rest_client [req-bb92157c-3951-4c20-9fba-c730931bb339 req-bb92157c-3951-4c20-9fba-c730931bb339 ] Request (SecurityGroupRulesNegativeTestJSON:tearDownClass): 204 DELETE http://10.180.1.21/identity/v3/projects/28cbbd7f6ed54ecfb32dc39a7ee4c6cd 0.130s
2025-05-19 17:09:35.904 70168 INFO tempest.lib.common.rest_client [req-04930a3e-77aa-4638-b007-8a273c8d74e1 req-04930a3e-77aa-4638-b007-8a273c8d74e1 ] Request (ServersListShow2100Test:test_list_show_rebuild_update_server_2100): 200 GET http://10.180.1.21/compute/v2.1/servers/3bbb9831-3d77-4fae-916e-e61d7b19622f 0.888s
2025-05-19 17:09:35.934 70172 INFO tempest.lib.common.rest_client [req-2a6f761a-284e-45f5-9ae2-57d0089bd2a3 req-2a6f761a-284e-45f5-9ae2-57d0089bd2a3 ] Request (ServerAddressesTestJSON:setUpClass): 201 POST http://10.180.1.21/identity/v3/auth/tokens 0.104s
2025-05-19 17:09:35.962 70150 INFO tempest.lib.common.rest_client [req-ac980c11-edb2-4c2f-a912-06840b483ee0 req-ac980c11-edb2-4c2f-a912-06840b483ee0 ] Request (ServerDiskConfigTestJSON:setUpClass): 201 POST http://10.180.1.21:9696/networking/v2.0/networks 1.227s
2025-05-19 17:09:35.966 70172 INFO tempest.lib.common.rest_client [req-6d6ccf0c-d541-41e5-8c91-e5d933abdd64 req-6d6ccf0c-d541-41e5-8c91-e5d933abdd64 ] Request (ServerAddressesTestJSON:setUpClass): 201 POST http://10.180.1.21/identity/v3/auth/tokens 0.029s
2025-05-19 17:09:36.004 70172 INFO tempest.lib.common.rest_client [req-8239153d-f15e-429a-9187-77142c0d3650 req-8239153d-f15e-429a-9187-77142c0d3650 ] Request (ServerAddressesTestJSON:setUpClass): 200 GET http://10.180.1.21/identity/v3/domains?name=Default 0.037s
2025-05-19 17:09:36.013 70164 INFO tempest.lib.common.rest_client [req-d19f70e6-8f65-4fa4-8cd4-a703f82db249 req-d19f70e6-8f65-4fa4-8cd4-a703f82db249 ] Request (ServerActionsTestOtherA:tearDownClass): 204 DELETE http://10.180.1.21:9696/networking/v2.0/subnets/f9a87983-93ae-4044-a737-759c9a720a35 0.525s
2025-05-19 17:09:36.034 70172 INFO tempest.lib.common.rest_client [req-7c56407f-9639-4f03-82fe-04e868c07172 req-7c56407f-9639-4f03-82fe-04e868c07172 ] Request (ServerAddressesTestJSON:setUpClass): 201 POST http://10.180.1.21/identity/v3/projects 0.030s
2025-05-19 17:09:36.041 70190 INFO tempest.lib.common.rest_client [req-44412af2-1afe-4eb5-82b1-d012b0fe321b req-44412af2-1afe-4eb5-82b1-d012b0fe321b ] Request (AttachVolumeNegativeTest:tearDownClass): 200 PUT http://10.180.1.21:9696/networking/v2.0/routers/57277cd7-e450-4ce8-8149-c7a9fb22085b/remove_router_interface 3.053s
2025-05-19 17:09:36.052 70144 INFO tempest.lib.common.rest_client [req-96b26b2b-50de-44fa-832f-073de4911705 req-96b26b2b-50de-44fa-832f-073de4911705 ] Request (ValidationResourcesFixture:setUp): 201 POST http://10.180.1.21:9696/networking/v2.0/security-group-rules 0.719s
2025-05-19 17:09:36.108 70172 INFO tempest.lib.common.rest_client [req-06b1e3a6-01ae-4b20-8c94-aea1daacdc21 req-06b1e3a6-01ae-4b20-8c94-aea1daacdc21 ] Request (ServerAddressesTestJSON:setUpClass): 201 POST http://10.180.1.21/identity/v3/users 0.073s
2025-05-19 17:09:36.124 70148 INFO tempest.lib.common.rest_client [req-76d43bf1-ef79-4b6c-8783-8cfe8dd5136f req-76d43bf1-ef79-4b6c-8783-8cfe8dd5136f ] Request (SecurityGroupsNegativeTestJSON:test_delete_nonexistent_security_group): 404 DELETE http://10.180.1.21/compute/v2.1/os-security-groups/85a4f09c-316f-4212-bb89-b1df092a153b 1.087s
2025-05-19 17:09:36.131 70172 INFO tempest.lib.common.rest_client [req-973414f6-81a0-4d6d-ace9-de6c30cd58fd req-973414f6-81a0-4d6d-ace9-de6c30cd58fd ] Request (ServerAddressesTestJSON:setUpClass): 200 GET http://10.180.1.21/identity/v3/roles 0.022s
2025-05-19 17:09:36.148 70174 INFO tempest.lib.common.rest_client [req-23c4c4f7-5783-4f9e-b19a-a7736e565c8d req-23c4c4f7-5783-4f9e-b19a-a7736e565c8d ] Request (ServerTagsTestJSON:setUpClass): 201 POST http://10.180.1.21:9696/networking/v2.0/subnets 1.099s
2025-05-19 17:09:36.162 70172 INFO tempest.lib.common.rest_client [req-3adedc64-1ff3-4772-b517-70a2d6d1633a req-3adedc64-1ff3-4772-b517-70a2d6d1633a ] Request (ServerAddressesTestJSON:setUpClass): 204 PUT http://10.180.1.21/identity/v3/projects/789125c639724402b5deb3fa6ef877a3/users/8b3d90ba7c25469db3e7d321ae0ad446/roles/a0cc61e6fe1942d586de5bf334c6bf9c 0.030s
2025-05-19 17:09:36.162 70172 INFO tempest.lib.common.dynamic_creds [-] Dynamic test user 8b3d90ba7c25469db3e7d321ae0ad446 is created with scope project and roles: ['member']
2025-05-19 17:09:36.162 70172 INFO tempest.lib.common.dynamic_creds [-] Acquired dynamic creds: credentials: Credentials: {'domain_id': 'default', 'domain_name': 'Default', 'username': 'tempest-ServerAddressesTestJSON-2128112493-project-member', 'project_domain_id': 'default', 'project_domain_name': 'Default', 'project_id': '789125c639724402b5deb3fa6ef877a3', 'project_name': 'tempest-ServerAddressesTestJSON-2128112493', 'tenant_id': '789125c639724402b5deb3fa6ef877a3', 'tenant_name': 'tempest-ServerAddressesTestJSON-2128112493', 'user_domain_id': 'default', 'user_domain_name': 'Default', 'user_id': '8b3d90ba7c25469db3e7d321ae0ad446', 'system': None}, Network: None, Subnet: None, Router: None
2025-05-19 17:09:36.224 70172 INFO tempest.lib.common.rest_client [req-f80b2863-f296-40f7-acf9-07fcf2b46939 req-f80b2863-f296-40f7-acf9-07fcf2b46939 ] Request (ServerAddressesTestJSON:setUpClass): 201 POST http://10.180.1.21/identity/v3/auth/tokens 0.061s
2025-05-19 17:09:36.242 70152 INFO tempest.lib.common.rest_client [req-f21f58be-7374-4670-a2e4-19065cf734c3 req-f21f58be-7374-4670-a2e4-19065cf734c3 ] Request (ImagesTestJSON:test_create_server_from_snapshot): 200 GET http://10.180.1.21/compute/v2.1/servers/e4c0f3e2-fcab-44b1-ad12-92c6a9d67fa4 1.167s
2025-05-19 17:09:36.250 70152 INFO tempest.common.waiters [-] State transition "BUILD/scheduling" ==> "ERROR/None" after 2 second wait
2025-05-19 17:09:36.317 70188 INFO tempest.lib.common.rest_client [req-b7da9fbd-ad3e-471f-9a35-b06f23c4fe03 req-b7da9fbd-ad3e-471f-9a35-b06f23c4fe03 ] Request (DeleteServersTestJSON:test_delete_active_server): 202 POST http://10.180.1.21/compute/v2.1/servers 1.527s
2025-05-19 17:09:36.345 70162 INFO tempest.lib.common.rest_client [req-1e10b4b4-f0c5-4635-a609-212d09ab3044 req-1e10b4b4-f0c5-4635-a609-212d09ab3044 ] Request (ServersTestJSON:test_create_specify_keypair): 200 GET http://10.180.1.21/compute/v2.1/servers/173edf9d-1fc5-4366-a120-d5c3b60abcbf 0.981s
2025-05-19 17:09:36.351 70148 INFO tempest.lib.common.rest_client [req-7c739ba7-6891-4047-9caa-6b1e2463b40b req-7c739ba7-6891-4047-9caa-6b1e2463b40b ] Request (SecurityGroupsNegativeTestJSON:test_delete_security_group_without_passing_id): 404 DELETE http://10.180.1.21/compute/v2.1/os-security-groups/ 0.225s
2025-05-19 17:09:36.354 70162 INFO tempest.common.waiters [-] State transition "BUILD/scheduling" ==> "ERROR/None" after 2 second wait
2025-05-19 17:09:36.373 70182 INFO tempest.lib.common.rest_client [req-0768c887-72ac-4257-983b-5fa8f79f8025 req-0768c887-72ac-4257-983b-5fa8f79f8025 ] Request (VolumesSnapshotsTestJSON:test_volume_snapshot_create_get_list_delete): 200 GET http://10.180.1.21/compute/v2.1/os-snapshots/04a66942-f9b9-43d5-b51b-a426fadf3dcc 0.730s
2025-05-19 17:09:36.473 70188 INFO tempest.lib.common.rest_client [req-353dd8f0-f49d-491b-9039-7a16ff022370 req-353dd8f0-f49d-491b-9039-7a16ff022370 ] Request (DeleteServersTestJSON:test_delete_active_server): 200 GET http://10.180.1.21/compute/v2.1/servers/e5563d11-29f0-41f3-8c79-35f2c5bd759b 0.154s
2025-05-19 17:09:36.510 70192 INFO tempest.lib.common.rest_client [req-5cf19948-ea3d-4315-b86b-77c628fff79f req-5cf19948-ea3d-4315-b86b-77c628fff79f ] Request (VolumesAdminNegativeTest:tearDownClass): 204 DELETE http://10.180.1.21:9696/networking/v2.0/networks/3871c35b-2c26-44d9-8a4d-032376d8111a 1.500s
2025-05-19 17:09:36.516 70146 INFO tempest.lib.common.rest_client [req-b71267d0-2a3d-4003-86fc-b727e3e3e277 req-b71267d0-2a3d-4003-86fc-b727e3e3e277 ] Request (InstanceActionsNegativeTestJSON:setUpClass): 201 POST http://10.180.1.21:9696/networking/v2.0/subnets 1.091s
2025-05-19 17:09:36.567 70164 INFO tempest.lib.common.rest_client [req-3b8ef8cf-539f-4937-ba8c-851b5df902d0 req-3b8ef8cf-539f-4937-ba8c-851b5df902d0 ] Request (ServerActionsTestOtherA:tearDownClass): 204 DELETE http://10.180.1.21:9696/networking/v2.0/networks/9ecc68e0-1e16-4cb4-896f-0c04ebb35286 0.554s
2025-05-19 17:09:36.605 70192 INFO tempest.lib.common.rest_client [req-4d956e78-3551-4274-8b36-25db0eb31692 req-4d956e78-3551-4274-8b36-25db0eb31692 ] Request (VolumesAdminNegativeTest:tearDownClass): 204 DELETE http://10.180.1.21/identity/v3/users/39b50987559f4933b73d74194f164a72 0.094s
2025-05-19 17:09:36.619 70176 INFO tempest.lib.common.rest_client [req-3efdf347-22d7-4129-97b2-1f093fcf15b9 req-3efdf347-22d7-4129-97b2-1f093fcf15b9 ] Request (FloatingIPDetailsNegativeTestJSON:setUpClass): 201 POST http://10.180.1.21:9696/networking/v2.0/routers 3.861s
2025-05-19 17:09:36.653 70152 INFO tempest.lib.common.rest_client [req-2ff8d859-c4ae-4b15-ae76-eb62c508a4cc req-2ff8d859-c4ae-4b15-ae76-eb62c508a4cc ] Request (ImagesTestJSON:test_create_server_from_snapshot): 204 DELETE http://10.180.1.21/compute/v2.1/servers/e4c0f3e2-fcab-44b1-ad12-92c6a9d67fa4 0.402s
2025-05-19 17:09:36.723 70164 INFO tempest.lib.common.rest_client [req-82bebc2b-8a07-4336-834d-033c6c755f4f req-82bebc2b-8a07-4336-834d-033c6c755f4f ] Request (ServerActionsTestOtherA:tearDownClass): 204 DELETE http://10.180.1.21/identity/v3/users/d1d87f02a68e4e0482c2ef10c3ae6493 0.155s
2025-05-19 17:09:36.723 70164 INFO tempest.lib.common.dynamic_creds [-] Deleting project and security group for project: 3d1347f1efae4b33a8ea9ea6fc671000
