2025-05-19 17:08:00.821 70180 INFO tempest.lib.common.dynamic_creds [-] Created isolated network resources for: credentials: Credentials: {'domain_id': 'default', 'domain_name': 'Default', 'username': 'tempest-KeyPairsV210TestJSON-819823379-project-member', 'project_domain_id': 'default', 'project_domain_name': 'Default', 'project_id': '64158a1f8f7b4eb98cf284dc35519cfb', 'project_name': 'tempest-KeyPairsV210TestJSON-819823379', 'tenant_id': '64158a1f8f7b4eb98cf284dc35519cfb', 'tenant_name': 'tempest-KeyPairsV210TestJSON-819823379', 'user_domain_id': 'default', 'user_domain_name': 'Default', 'user_id': 'b3c9171b7b234386b316ba8f6f72ab03', 'system': None}, Network: None, Subnet: None, Router: None
2025-05-19 17:08:00.858 70172 INFO tempest.lib.common.rest_client [req-bb920c9e-9a91-4d6f-8e7a-b8ae77cc9e95 req-bb920c9e-9a91-4d6f-8e7a-b8ae77cc9e95 ] Request (FlavorMetadataValidation:tearDownClass): 204 DELETE http://10.180.1.21/identity/v3/projects/fb6f96d369e84e5a8d65f98fb9103af8 0.369s
2025-05-19 17:08:00.858 70172 INFO tempest.lib.common.dynamic_creds [-] Deleting project and security group for project: 5ef5d049cdcf45cf9e0369ff1a55414e
2025-05-19 17:08:00.859 70188 INFO tempest.lib.common.rest_client [req-935b6652-5d9a-4090-9071-c7bb55e6b942 req-935b6652-5d9a-4090-9071-c7bb55e6b942 ] Request (VolumesAssistedSnapshotsTest:setUpClass): 200 PUT http://10.180.1.21:9696/networking/v2.0/routers/837c8b3c-9f82-4f40-a447-205608be9680/add_router_interface 0.991s
2025-05-19 17:08:00.860 70188 INFO tempest.lib.common.dynamic_creds [-] Created isolated network resources for: credentials: Credentials: {'domain_id': 'default', 'domain_name': 'Default', 'username': 'tempest-VolumesAssistedSnapshotsTest-1647007960-project', 'project_domain_id': 'default', 'project_domain_name': 'Default', 'project_id': 'e3a0b088b1834de9ac3534d826759352', 'project_name': 'tempest-VolumesAssistedSnapshotsTest-1647007960', 'tenant_id': 'e3a0b088b1834de9ac3534d826759352', 'tenant_name': 'tempest-VolumesAssistedSnapshotsTest-1647007960', 'user_domain_id': 'default', 'user_domain_name': 'Default', 'user_id': '2bd62c1496bf417f97abeb52e4197edb', 'system': None}, Network: {'id': 'b9922c88-8edc-4fe6-a31b-2a6527f0e27a', 'name': 'tempest-VolumesAssistedSnapshotsTest-67607334-network', 'tenant_id': 'e3a0b088b1834de9ac3534d826759352', 'admin_state_up': True, 'mtu': 8950, 'status': 'ACTIVE', 'subnets': [], 'shared': False, 'project_id': 'e3a0b088b1834de9ac3534d826759352', 'port_security_enabled': True, 'router:external': False, 'provider:network_type': 'vlan', 'provider:physical_network': 'default', 'provider:segmentation_id': 780, 'availability_zone_hints': [], 'availability_zones': [], 'ipv4_address_scope': None, 'ipv6_address_scope': None, 'description': '', 'tags': [], 'created_at': '2025-05-19T17:07:58Z', 'updated_at': '2025-05-19T17:07:58Z', 'revision_number': 1}, Subnet: {'id': '899f64c1-767b-4f47-8ccb-9a4cd052fdff', 'name': 'tempest-VolumesAssistedSnapshotsTest-67607334-subnet', 'tenant_id': 'e3a0b088b1834de9ac3534d826759352', 'network_id': 'b9922c88-8edc-4fe6-a31b-2a6527f0e27a', 'ip_version': 4, 'subnetpool_id': None, 'enable_dhcp': True, 'ipv6_ra_mode': None, 'ipv6_address_mode': None, 'gateway_ip': '192.168.128.1', 'cidr': '192.168.128.0/28', 'allocation_pools': [{'start': '192.168.128.2', 'end': '192.168.128.14'}], 'host_routes': [], 'dns_nameservers': [], 'description': '', 'router:external': False, 'service_types': [], 'tags': [], 'created_at': '2025-05-19T17:07:58Z', 'updated_at': '2025-05-19T17:07:58Z', 'revision_number': 0, 'project_id': 'e3a0b088b1834de9ac3534d826759352'}, Router: {'id': '837c8b3c-9f82-4f40-a447-205608be9680', 'name': 'tempest-VolumesAssistedSnapshotsTest-67607334-router', 'tenant_id': 'e3a0b088b1834de9ac3534d826759352', 'admin_state_up': True, 'status': 'ACTIVE', 'external_gateway_info': {'network_id': 'f200a472-c33d-4aa1-a911-070b776ff724', 'external_fixed_ips': [{'subnet_id': 'd0ee670a-ae1e-4d9f-bb2f-16bee9632423', 'ip_address': '10.180.180.155'}], 'enable_snat': True}, 'description': '', 'availability_zones': [], 'distributed': False, 'ha': False, 'availability_zone_hints': [], 'routes': [], 'flavor_id': None, 'tags': [], 'created_at': '2025-05-19T17:07:58Z', 'updated_at': '2025-05-19T17:07:59Z', 'revision_number': 2, 'project_id': 'e3a0b088b1834de9ac3534d826759352'}
2025-05-19 17:08:00.876 70156 INFO tempest.lib.common.rest_client [req-d8b3beef-5aa1-427a-88a5-0001792bac62 req-d8b3beef-5aa1-427a-88a5-0001792bac62 ] Request (FloatingIPsAssociationTestJSON:setUpClass): 201 POST http://10.180.1.21/identity/v3/auth/tokens 0.375s
2025-05-19 17:08:00.930 70182 INFO tempest.lib.common.rest_client [req-6af648c7-e2ea-47f0-9e7e-2072919f5aa6 req-6af648c7-e2ea-47f0-9e7e-2072919f5aa6 ] Request (ListServerFiltersTestJSON:setUpClass): 201 POST http://10.180.1.21/identity/v3/auth/tokens 0.371s
2025-05-19 17:08:00.930 70182 INFO tempest.lib.common.fixed_network [-] (ListServerFiltersTestJSON:setUpClass) Found network {'id': '219a7de3-b983-40cc-92a2-9489705d25c5', 'name': 'tempest-ListServerFiltersTestJSON-366302784-network', 'tenant_id': '6c4fabd8658449028d0d43b3f3b5ddc5', 'admin_state_up': True, 'mtu': 8950, 'status': 'ACTIVE', 'subnets': [], 'shared': False, 'project_id': '6c4fabd8658449028d0d43b3f3b5ddc5', 'port_security_enabled': True, 'router:external': False, 'provider:network_type': 'vlan', 'provider:physical_network': 'default', 'provider:segmentation_id': 551, 'availability_zone_hints': [], 'availability_zones': [], 'ipv4_address_scope': None, 'ipv6_address_scope': None, 'description': '', 'tags': [], 'created_at': '2025-05-19T17:08:00Z', 'updated_at': '2025-05-19T17:08:00Z', 'revision_number': 1} available for tenant
2025-05-19 17:08:00.957 70172 INFO tempest.lib.common.rest_client [req-f500aa9f-8f66-4c46-8c1b-c05efcd09aa3 req-f500aa9f-8f66-4c46-8c1b-c05efcd09aa3 ] Request (FlavorMetadataValidation:tearDownClass): 200 GET http://10.180.1.21:9696/networking/v2.0/security-groups?tenant_id=5ef5d049cdcf45cf9e0369ff1a55414e&name=default 0.098s
2025-05-19 17:08:00.980 70168 INFO tempest.lib.common.rest_client [req-f001b0b5-8990-40af-b38f-fc8c9d42b84a req-f001b0b5-8990-40af-b38f-fc8c9d42b84a ] Request (QuotaClassesAdminTestJSON:tearDownClass): 204 DELETE http://10.180.1.21/identity/v3/users/f43451f445f84aeabc43f74995907fe5 0.456s
2025-05-19 17:08:01.019 70194 INFO tempest.lib.common.rest_client [req-9abbef7c-8eee-461d-a48f-c8e3fb43adce req-9abbef7c-8eee-461d-a48f-c8e3fb43adce ] Request (QuotasAdminTestJSON:test_delete_quota): 200 GET http://10.180.1.21/identity/v3/domains?name=Default 0.455s
2025-05-19 17:08:01.050 70170 INFO tempest.lib.common.rest_client [req-204a72a3-27c6-4ab1-8914-a35671be84b5 req-204a72a3-27c6-4ab1-8914-a35671be84b5 ] Request (ServicesAdminTestJSON:tearDownClass): 201 POST http://10.180.1.21/identity/v3/auth/tokens 0.455s
2025-05-19 17:08:01.061 70162 INFO tempest.lib.common.rest_client [req-8f1dbfce-42b1-48a1-97e4-ae73ce6b48de req-8f1dbfce-42b1-48a1-97e4-ae73ce6b48de ] Request (ServersAdminTestJSON:setUpClass): 201 POST http://10.180.1.21:9696/networking/v2.0/networks 0.623s
2025-05-19 17:08:01.076 70178 INFO tempest.lib.common.rest_client [req-11a7a8b8-d988-4ebf-b9cd-819593d8e017 req-11a7a8b8-d988-4ebf-b9cd-819593d8e017 ] Request (ServerMetadataNegativeTestJSON:setUpClass): 201 POST http://10.180.1.21/identity/v3/auth/tokens 0.322s
2025-05-19 17:08:01.086 70164 INFO tempest.lib.common.rest_client [req-4576856e-c398-4971-8e40-d97d02f25807 req-4576856e-c398-4971-8e40-d97d02f25807 ] Request (ImagesNegativeTestJSON:setUpClass): 201 POST http://10.180.1.21/identity/v3/auth/tokens 0.361s
2025-05-19 17:08:01.098 70172 INFO tempest.lib.common.rest_client [req-759d79e8-e7f4-4e68-ae6a-b554889c81dd req-759d79e8-e7f4-4e68-ae6a-b554889c81dd ] Request (FlavorMetadataValidation:tearDownClass): 204 DELETE http://10.180.1.21:9696/networking/v2.0/security-groups/f2aca0d5-ad8f-4103-991d-1f98d00f98c8 0.141s
2025-05-19 17:08:01.157 70180 INFO tempest.lib.common.rest_client [req-d14a7864-a68e-4b4d-b718-f604b1de66eb req-d14a7864-a68e-4b4d-b718-f604b1de66eb ] Request (KeyPairsV210TestJSON:setUpClass): 201 POST http://10.180.1.21/identity/v3/auth/tokens 0.332s
2025-05-19 17:08:01.195 70156 INFO tempest.lib.common.rest_client [req-6c075198-757d-44c9-a114-4edc87d2e828 req-6c075198-757d-44c9-a114-4edc87d2e828 ] Request (FloatingIPsAssociationTestJSON:setUpClass): 200 GET http://10.180.1.21/identity/v3/domains?name=Default 0.318s
2025-05-19 17:08:01.199 70158 INFO tempest.lib.common.rest_client [req-4d5b708e-08ba-4a41-909a-7e8db9240b2f req-4d5b708e-08ba-4a41-909a-7e8db9240b2f ] Request (ServersWithSpecificFlavorTestJSON:test_verify_created_server_ephemeral_disk): 200 POST http://10.180.1.21/compute/v2.1/flavors 2.133s
2025-05-19 17:08:01.223 70188 INFO tempest.lib.common.rest_client [req-8eea9354-268b-4041-ad6b-cc31676b6141 req-8eea9354-268b-4041-ad6b-cc31676b6141 ] Request (VolumesAssistedSnapshotsTest:setUpClass): 201 POST http://10.180.1.21/identity/v3/auth/tokens 0.359s
2025-05-19 17:08:01.224 70184 INFO tempest.lib.common.rest_client [req-0fc435df-d3de-4910-af31-20086848601b req-0fc435df-d3de-4910-af31-20086848601b ] Request (FlavorsV255TestJSON:test_crud_flavor): 200 GET http://10.180.1.21/compute/v2.1/flavors/detail 2.117s
2025-05-19 17:08:01.227 70162 INFO tempest.lib.common.rest_client [req-175a2647-4292-44e6-85c3-436ab935d961 req-175a2647-4292-44e6-85c3-436ab935d961 ] Request (ServersAdminTestJSON:setUpClass): 201 POST http://10.180.1.21:9696/networking/v2.0/subnets 0.164s
2025-05-19 17:08:01.245 70154 INFO tempest.lib.common.rest_client [req-38a7b1bd-59df-470b-9260-d577516f8dc6 req-38a7b1bd-59df-470b-9260-d577516f8dc6 ] Request (HostsAdminTestJSON:test_list_hosts_with_nonexistent_zone): 200 GET http://10.180.1.21/compute/v2.1/os-hosts?zone=xxx 2.118s
2025-05-19 17:08:01.258 70182 INFO tempest.lib.common.rest_client [req-1f2254b4-6489-4129-b105-2662274d63c4 req-1f2254b4-6489-4129-b105-2662274d63c4 ] Request (ListServerFiltersTestJSON:setUpClass): 201 POST http://10.180.1.21/identity/v3/auth/tokens 0.322s
2025-05-19 17:08:01.259 70182 INFO tempest.lib.common.fixed_network [-] (ListServerFiltersTestJSON:setUpClass) Found network {'id': '219a7de3-b983-40cc-92a2-9489705d25c5', 'name': 'tempest-ListServerFiltersTestJSON-366302784-network', 'tenant_id': '6c4fabd8658449028d0d43b3f3b5ddc5', 'admin_state_up': True, 'mtu': 8950, 'status': 'ACTIVE', 'subnets': [], 'shared': False, 'project_id': '6c4fabd8658449028d0d43b3f3b5ddc5', 'port_security_enabled': True, 'router:external': False, 'provider:network_type': 'vlan', 'provider:physical_network': 'default', 'provider:segmentation_id': 551, 'availability_zone_hints': [], 'availability_zones': [], 'ipv4_address_scope': None, 'ipv6_address_scope': None, 'description': '', 'tags': [], 'created_at': '2025-05-19T17:08:00Z', 'updated_at': '2025-05-19T17:08:00Z', 'revision_number': 1} available for tenant
2025-05-19 17:08:01.275 70192 INFO tempest.lib.common.rest_client [req-b261d06c-951b-4541-a752-c8a09ce4ec19 req-b261d06c-951b-4541-a752-c8a09ce4ec19 ] Request (FlavorsV261TestJSON:test_crud_flavor): 200 GET http://10.180.1.21/compute/v2.1/flavors/detail 2.127s
2025-05-19 17:08:01.294 70168 INFO tempest.lib.common.rest_client [req-3f548a6a-716b-459b-8973-816bec651ede req-3f548a6a-716b-459b-8973-816bec651ede ] Request (QuotaClassesAdminTestJSON:tearDownClass): 204 DELETE http://10.180.1.21/identity/v3/users/c0760b6d27d34d56974527310034d22e 0.314s
2025-05-19 17:08:01.294 70168 INFO tempest.lib.common.dynamic_creds [-] Deleting project and security group for project: bc4288f174584823b2a888f70ad7164a
2025-05-19 17:08:01.369 70194 INFO tempest.lib.common.rest_client [req-15ea5b36-408a-46b3-a9af-761c5c4ac37a req-15ea5b36-408a-46b3-a9af-761c5c4ac37a ] Request (QuotasAdminTestJSON:test_delete_quota): 201 POST http://10.180.1.21/identity/v3/projects 0.349s
2025-05-19 17:08:01.484 70164 INFO tempest.lib.common.rest_client [req-61ee8dae-bea3-4eb4-bd3b-e9d718076d84 req-61ee8dae-bea3-4eb4-bd3b-e9d718076d84 ] Request (ImagesNegativeTestJSON:setUpClass): 201 POST http://10.180.1.21/identity/v3/auth/tokens 0.394s
2025-05-19 17:08:01.519 70180 INFO tempest.lib.common.rest_client [req-04625f2a-5983-41b8-b27e-66e328a496c2 req-04625f2a-5983-41b8-b27e-66e328a496c2 ] Request (KeyPairsV210TestJSON:setUpClass): 201 POST http://10.180.1.21/identity/v3/projects 0.361s
2025-05-19 17:08:01.536 70172 INFO tempest.lib.common.rest_client [req-cfd3ac0c-e7db-474a-89d9-dff0f4ecf83e req-cfd3ac0c-e7db-474a-89d9-dff0f4ecf83e ] Request (FlavorMetadataValidation:tearDownClass): 204 DELETE http://10.180.1.21/identity/v3/projects/5ef5d049cdcf45cf9e0369ff1a55414e 0.438s
2025-05-19 17:08:01.579 70170 INFO tempest.lib.common.rest_client [req-8f3977ac-6652-48cb-98a7-20bd71e41ee2 req-8f3977ac-6652-48cb-98a7-20bd71e41ee2 ] Request (ServicesAdminTestJSON:tearDownClass): 200 GET http://10.180.1.21:9696/networking/v2.0/security-groups?tenant_id=f7694271f08c4582ab799b227871d861&name=default 0.528s
2025-05-19 17:08:01.582 70152 INFO tempest.lib.common.rest_client [req-617a5e4a-e45e-4456-8af8-317940744cb6 req-617a5e4a-e45e-4456-8af8-317940744cb6 ] Request (DeleteServersAdminTestJSON:test_admin_delete_servers_of_others): 204 DELETE http://10.180.1.21/compute/v2.1/servers/8fa26289-6f0e-4c1f-80fc-5d740fe15a41 2.372s
2025-05-19 17:08:01.589 70156 INFO tempest.lib.common.rest_client [req-f9a2d108-1689-40aa-82bf-1add00a9db25 req-f9a2d108-1689-40aa-82bf-1add00a9db25 ] Request (FloatingIPsAssociationTestJSON:setUpClass): 201 POST http://10.180.1.21/identity/v3/projects 0.393s
2025-05-19 17:08:01.598 70142 INFO tempest.lib.common.rest_client [req-39669ecb-c23c-4afd-b5e4-05d0a41be496 req-39669ecb-c23c-4afd-b5e4-05d0a41be496 ] Request (FlavorsV2TestJSON:test_list_flavors_filter_by_min_ram): 200 GET http://10.180.1.21/compute/v2.1/flavors/42 2.370s
2025-05-19 17:08:01.604 70166 INFO tempest.lib.common.rest_client [req-983d81b6-f7c3-4660-bd7c-c73c71fe6223 req-983d81b6-f7c3-4660-bd7c-c73c71fe6223 ] Request (HypervisorAdminNegativeUnderV252Test:test_show_servers_with_non_admin_user): 403 GET http://10.180.1.21/compute/v2.1/os-hypervisors/1/servers 2.354s
2025-05-19 17:08:01.652 70168 INFO tempest.lib.common.rest_client [req-6fb1d313-e171-4e7c-ad59-a6ce55e82bfb req-6fb1d313-e171-4e7c-ad59-a6ce55e82bfb ] Request (QuotaClassesAdminTestJSON:tearDownClass): 201 POST http://10.180.1.21/identity/v3/auth/tokens 0.357s
2025-05-19 17:08:01.672 70200 INFO tempest.lib.common.rest_client [req-442a4814-9c54-47c9-b8c5-44f8fe3e33ad req-442a4814-9c54-47c9-b8c5-44f8fe3e33ad ] Request (ServerDiagnosticsTest:test_get_server_diagnostics): 200 GET http://10.180.1.21/compute/v2.1/servers/b434415a-7634-4773-94dc-be6300ca81c4 2.416s
2025-05-19 17:08:01.684 70170 INFO tempest.lib.common.rest_client [req-3adba6d6-bf06-473a-9be1-6abe904f588c req-3adba6d6-bf06-473a-9be1-6abe904f588c ] Request (ServicesAdminTestJSON:tearDownClass): 204 DELETE http://10.180.1.21:9696/networking/v2.0/security-groups/be2c3b9a-fbaf-40fb-bf18-e48509640574 0.105s
2025-05-19 17:08:01.721 70194 INFO tempest.lib.common.rest_client [req-c356faee-3b9e-493e-8c61-c278f861f2f6 req-c356faee-3b9e-493e-8c61-c278f861f2f6 ] Request (QuotasAdminTestJSON:test_delete_quota): 200 GET http://10.180.1.21/identity/v3/domains?name=Default 0.351s
2025-05-19 17:08:01.746 70164 INFO tempest.lib.common.rest_client [req-f6769f6a-b04e-44c9-8e16-7c9ccd0452e4 req-f6769f6a-b04e-44c9-8e16-7c9ccd0452e4 ] Request (ImagesNegativeTestJSON:setUpClass): 200 GET http://10.180.1.21/identity/v3/domains?name=Default 0.261s
2025-05-19 17:08:01.787 70180 INFO tempest.lib.common.rest_client [req-58969380-2b0a-48f2-9b3f-86376664df74 req-58969380-2b0a-48f2-9b3f-86376664df74 ] Request (KeyPairsV210TestJSON:setUpClass): 201 POST http://10.180.1.21/identity/v3/users 0.268s
2025-05-19 17:08:01.792 70178 INFO tempest.lib.common.rest_client [req-c0fa026a-9ffd-4749-9ed6-4155400047cb req-c0fa026a-9ffd-4749-9ed6-4155400047cb ] Request (ServerMetadataNegativeTestJSON:setUpClass): 201 POST http://10.180.1.21:9696/networking/v2.0/networks 0.710s
2025-05-19 17:08:01.814 70172 INFO tempest.lib.common.rest_client [req-c7a74d9d-f706-42cc-8316-b61206f856d3 req-c7a74d9d-f706-42cc-8316-b61206f856d3 ] Request (FlavorsExtraSpecsTestJSON:setUpClass): 201 POST http://10.180.1.21/identity/v3/auth/tokens 0.275s
2025-05-19 17:08:01.825 70156 INFO tempest.lib.common.rest_client [req-367ea7d0-a5f7-4179-8c88-e35b3d720154 req-367ea7d0-a5f7-4179-8c88-e35b3d720154 ] Request (FloatingIPsAssociationTestJSON:setUpClass): 201 POST http://10.180.1.21/identity/v3/users 0.236s
2025-05-19 17:08:01.904 70164 INFO tempest.lib.common.rest_client [req-8a4db09a-e87a-47c7-b129-f5837d038c6a req-8a4db09a-e87a-47c7-b129-f5837d038c6a ] Request (ImagesNegativeTestJSON:setUpClass): 201 POST http://10.180.1.21/identity/v3/projects 0.158s
2025-05-19 17:08:01.929 70188 INFO tempest.lib.common.rest_client [req-9e2a6476-a237-4e87-a525-200d9bb3580f req-9e2a6476-a237-4e87-a525-200d9bb3580f ] Request (VolumesAssistedSnapshotsTest:test_volume_assisted_snapshot_create_delete): 202 POST http://10.180.1.21/volume/v3/volumes 0.704s
2025-05-19 17:08:01.934 70190 INFO tempest.lib.common.rest_client [req-6c2c9240-5619-42a8-8576-966ffafc7461 req-6c2c9240-5619-42a8-8576-966ffafc7461 ] Request (InstanceActionsTestJSON:setUpClass): 204 DELETE http://10.180.1.21/compute/v2.1/servers/b08062a8-8be8-4f06-a535-9a44f57bf737 3.115s
2025-05-19 17:08:01.938 70170 INFO tempest.lib.common.rest_client [req-e650ba8c-37c6-434f-8f2d-22583ebb7276 req-e650ba8c-37c6-434f-8f2d-22583ebb7276 ] Request (ServicesAdminTestJSON:tearDownClass): 204 DELETE http://10.180.1.21/identity/v3/projects/f7694271f08c4582ab799b227871d861 0.254s
2025-05-19 17:08:01.938 70170 INFO tempest.lib.common.dynamic_creds [-] Deleting project and security group for project: f25821363d0349a08bb04ccd224e1eec
2025-05-19 17:08:01.996 70180 INFO tempest.lib.common.rest_client [req-04f7b43a-77d7-4cbf-9c4a-b46105534532 req-04f7b43a-77d7-4cbf-9c4a-b46105534532 ] Request (KeyPairsV210TestJSON:setUpClass): 200 GET http://10.180.1.21/identity/v3/roles 0.209s
2025-05-19 17:08:02.001 70188 INFO tempest.lib.common.rest_client [req-2492261f-5e9f-4c3a-b52d-2fe2bbd449f2 req-2492261f-5e9f-4c3a-b52d-2fe2bbd449f2 ] Request (VolumesAssistedSnapshotsTest:test_volume_assisted_snapshot_create_delete): 200 GET http://10.180.1.21/volume/v3/volumes/c17471d7-818c-4451-b1e1-a2bf63ade3e8 0.063s
2025-05-19 17:08:02.011 70172 INFO tempest.lib.common.rest_client [req-a4654e1f-d32a-41f3-9b71-e871645df9d1 req-a4654e1f-d32a-41f3-9b71-e871645df9d1 ] Request (FlavorsExtraSpecsTestJSON:setUpClass): 201 POST http://10.180.1.21/identity/v3/auth/tokens 0.193s
2025-05-19 17:08:02.023 70150 INFO tempest.lib.common.rest_client [req-d412cb2f-ca57-4d9f-bb53-9972847c05f8 req-d412cb2f-ca57-4d9f-bb53-9972847c05f8 ] Request (AggregatesAdminNegativeTestJSON:test_aggregate_add_existent_host): 409 POST http://10.180.1.21/compute/v2.1/os-aggregates/1/action 2.495s
2025-05-19 17:08:02.038 70156 INFO tempest.lib.common.rest_client [req-a998638f-db22-4dec-8656-4e3d1e15216a req-a998638f-db22-4dec-8656-4e3d1e15216a ] Request (FloatingIPsAssociationTestJSON:setUpClass): 200 GET http://10.180.1.21/identity/v3/roles 0.212s
2025-05-19 17:08:02.046 70164 INFO tempest.lib.common.rest_client [req-0677c740-497d-4f2b-9efa-3ddf2408d6ec req-0677c740-497d-4f2b-9efa-3ddf2408d6ec ] Request (ImagesNegativeTestJSON:setUpClass): 201 POST http://10.180.1.21/identity/v3/users 0.141s
2025-05-19 17:08:02.060 70170 INFO tempest.lib.common.rest_client [req-d690a68d-993f-4c23-ba99-e11a4313a614 req-d690a68d-993f-4c23-ba99-e11a4313a614 ] Request (ServicesAdminTestJSON:tearDownClass): 200 GET http://10.180.1.21:9696/networking/v2.0/security-groups?tenant_id=f25821363d0349a08bb04ccd224e1eec&name=default 0.121s
2025-05-19 17:08:02.069 70172 INFO tempest.lib.common.rest_client [req-31bdb1b8-5afc-43b5-9b12-4d2f97ce3fe0 req-31bdb1b8-5afc-43b5-9b12-4d2f97ce3fe0 ] Request (FlavorsExtraSpecsTestJSON:setUpClass): 200 GET http://10.180.1.21/identity/v3/domains?name=Default 0.058s
2025-05-19 17:08:02.092 70180 INFO tempest.lib.common.rest_client [req-2da9370a-cd4f-4363-8257-42bd034c323b req-2da9370a-cd4f-4363-8257-42bd034c323b ] Request (KeyPairsV210TestJSON:setUpClass): 204 PUT http://10.180.1.21/identity/v3/projects/89ef722aa9f84526956ef3038b23801d/users/ddf7c1782c234e69b35e4a1a9938b4bb/roles/dcf4a7883ead42b89983bbfc0df72b17 0.095s
2025-05-19 17:08:02.097 70156 INFO tempest.lib.common.rest_client [req-e4975318-84c2-41c6-810a-8731df5174bc req-e4975318-84c2-41c6-810a-8731df5174bc ] Request (FloatingIPsAssociationTestJSON:setUpClass): 204 PUT http://10.180.1.21/identity/v3/projects/02f37ebe42c6486bb0e2441bdb707ccd/users/5c9e28e1fec34373a6f64008ea777c46/roles/a0cc61e6fe1942d586de5bf334c6bf9c 0.057s
2025-05-19 17:08:02.098 70156 INFO tempest.lib.common.dynamic_creds [-] Dynamic test user 5c9e28e1fec34373a6f64008ea777c46 is created with scope project and roles: ['member']
2025-05-19 17:08:02.098 70156 INFO tempest.lib.common.dynamic_creds [-] Acquired dynamic creds: credentials: Credentials: {'domain_id': 'default', 'domain_name': 'Default', 'username': 'tempest-FloatingIPsAssociationTestJSON-639665271-project-member', 'project_domain_id': 'default', 'project_domain_name': 'Default', 'project_id': '02f37ebe42c6486bb0e2441bdb707ccd', 'project_name': 'tempest-FloatingIPsAssociationTestJSON-639665271', 'tenant_id': '02f37ebe42c6486bb0e2441bdb707ccd', 'tenant_name': 'tempest-FloatingIPsAssociationTestJSON-639665271', 'user_domain_id': 'default', 'user_domain_name': 'Default', 'user_id': '5c9e28e1fec34373a6f64008ea777c46', 'system': None}, Network: None, Subnet: None, Router: None
2025-05-19 17:08:02.124 70146 INFO tempest.lib.common.rest_client [req-eae1d018-2002-46cc-addb-130e4fa5183d req-eae1d018-2002-46cc-addb-130e4fa5183d ] Request (SecurityGroupRulesTestJSON:test_security_group_rules_create): 200 POST http://10.180.1.21/compute/v2.1/os-security-groups 2.810s
2025-05-19 17:08:02.144 70164 INFO tempest.lib.common.rest_client [req-26155299-255f-46af-be4e-add2004efbc4 req-26155299-255f-46af-be4e-add2004efbc4 ] Request (ImagesNegativeTestJSON:setUpClass): 200 GET http://10.180.1.21/identity/v3/roles 0.097s
2025-05-19 17:08:02.157 70172 INFO tempest.lib.common.rest_client [req-52c76cfb-10f3-46a8-a2b1-0461e84a9170 req-52c76cfb-10f3-46a8-a2b1-0461e84a9170 ] Request (FlavorsExtraSpecsTestJSON:setUpClass): 201 POST http://10.180.1.21/identity/v3/projects 0.084s
2025-05-19 17:08:02.168 70180 INFO tempest.lib.common.rest_client [req-dc0160f3-3197-4f74-9af3-eedd8e2fd419 req-dc0160f3-3197-4f74-9af3-eedd8e2fd419 ] Request (KeyPairsV210TestJSON:setUpClass): 200 GET http://10.180.1.21/identity/v3/roles 0.076s
2025-05-19 17:08:02.173 70170 INFO tempest.lib.common.rest_client [req-44961904-afe2-4f38-ac98-dbac11f0ccba req-44961904-afe2-4f38-ac98-dbac11f0ccba ] Request (ServicesAdminTestJSON:tearDownClass): 204 DELETE http://10.180.1.21:9696/networking/v2.0/security-groups/87c33213-ddbf-454f-ad05-9b100d4aadb9 0.112s
2025-05-19 17:08:02.197 70203 INFO tempest.lib.common.rest_client [req-5cd86915-5018-4d6c-b733-8f1cefa42b7d req-5cd86915-5018-4d6c-b733-8f1cefa42b7d ] Request (MigrationsAdminTest:test_list_migrations_in_flavor_resize_situation): 200 GET http://10.180.1.21/compute/v2.1/servers/db24b031-b415-4f14-a436-803f6735ce83 2.448s
2025-05-19 17:08:02.198 70168 INFO tempest.lib.common.rest_client [req-ca3af7c1-18cf-4bf8-b78e-82fb8e0c2e63 req-ca3af7c1-18cf-4bf8-b78e-82fb8e0c2e63 ] Request (QuotaClassesAdminTestJSON:tearDownClass): 200 GET http://10.180.1.21:9696/networking/v2.0/security-groups?tenant_id=bc4288f174584823b2a888f70ad7164a&name=default 0.546s
2025-05-19 17:08:02.214 70156 INFO tempest.lib.common.rest_client [req-a9de78d5-51ab-4c87-acfa-7108c7112614 req-a9de78d5-51ab-4c87-acfa-7108c7112614 ] Request (FloatingIPsAssociationTestJSON:setUpClass): 201 POST http://10.180.1.21/identity/v3/auth/tokens 0.116s
2025-05-19 17:08:02.216 70144 INFO tempest.lib.common.rest_client [req-bb70704c-4cd7-4ed4-a047-b9bcf72d0e39 req-bb70704c-4cd7-4ed4-a047-b9bcf72d0e39 ] Request (ImagesMetadataNegativeTestJSON:test_update_nonexistent_image_metadata): 404 POST http://10.180.1.21/compute/v2.1/images/aa0aaeb9-f532-4946-91ee-768faeeb2d71/metadata 2.449s
2025-05-19 17:08:02.222 70196 INFO tempest.lib.common.rest_client [req-e73e1b87-03be-48cb-9178-50ce2d81c5af req-e73e1b87-03be-48cb-9178-50ce2d81c5af ] Request (HypervisorAdminNegativeTestJSON:test_get_hypervisor_uptime_with_non_admin_user): 403 GET http://10.180.1.21/compute/v2.1/os-hypervisors/1/uptime 2.163s
2025-05-19 17:08:02.228 70164 INFO tempest.lib.common.rest_client [req-8f8283ec-6e9b-48a4-9160-a592755f0ad3 req-8f8283ec-6e9b-48a4-9160-a592755f0ad3 ] Request (ImagesNegativeTestJSON:setUpClass): 204 PUT http://10.180.1.21/identity/v3/projects/af0f02e316d34a579d367b64da63fbb2/users/9b5fdb63e2d9466fb9e9df7e4d1421b3/roles/a0cc61e6fe1942d586de5bf334c6bf9c 0.082s
2025-05-19 17:08:02.230 70164 INFO tempest.lib.common.dynamic_creds [-] Dynamic test user 9b5fdb63e2d9466fb9e9df7e4d1421b3 is created with scope project and roles: ['member']
2025-05-19 17:08:02.230 70164 INFO tempest.lib.common.dynamic_creds [-] Acquired dynamic creds: credentials: Credentials: {'domain_id': 'default', 'domain_name': 'Default', 'username': 'tempest-ImagesNegativeTestJSON-464423571-project-member', 'project_domain_id': 'default', 'project_domain_name': 'Default', 'project_id': 'af0f02e316d34a579d367b64da63fbb2', 'project_name': 'tempest-ImagesNegativeTestJSON-464423571', 'tenant_id': 'af0f02e316d34a579d367b64da63fbb2', 'tenant_name': 'tempest-ImagesNegativeTestJSON-464423571', 'user_domain_id': 'default', 'user_domain_name': 'Default', 'user_id': '9b5fdb63e2d9466fb9e9df7e4d1421b3', 'system': None}, Network: None, Subnet: None, Router: None
2025-05-19 17:08:02.238 70172 INFO tempest.lib.common.rest_client [req-f0585c3a-836c-4b70-9704-27c59984be83 req-f0585c3a-836c-4b70-9704-27c59984be83 ] Request (FlavorsExtraSpecsTestJSON:setUpClass): 201 POST http://10.180.1.21/identity/v3/users 0.080s
2025-05-19 17:08:02.248 70174 INFO tempest.lib.common.rest_client [req-567a61f7-8d3e-4759-9915-71b3b122947d req-567a61f7-8d3e-4759-9915-71b3b122947d ] Request (FlavorsAdminTestJSON:test_create_flavor_verify_entry_in_list_details): 200 GET http://10.180.1.21/compute/v2.1/flavors/detail 2.151s
2025-05-19 17:08:02.276 70186 INFO tempest.lib.common.rest_client [req-6ff93a6d-47f3-43f6-8896-8ba6fdf3b638 req-6ff93a6d-47f3-43f6-8896-8ba6fdf3b638 ] Request (FlavorsAccessTestJSON:test_flavor_access_add_remove): 200 GET http://10.180.1.21/compute/v2.1/flavors/detail 2.131s
2025-05-19 17:08:02.278 70180 INFO tempest.lib.common.rest_client [req-0feeb1c8-4d65-4d83-89e2-917ac6cc044c req-0feeb1c8-4d65-4d83-89e2-917ac6cc044c ] Request (KeyPairsV210TestJSON:setUpClass): 204 PUT http://10.180.1.21/identity/v3/projects/89ef722aa9f84526956ef3038b23801d/users/ddf7c1782c234e69b35e4a1a9938b4bb/roles/dcf4a7883ead42b89983bbfc0df72b17 0.109s
2025-05-19 17:08:02.278 70180 INFO tempest.lib.common.dynamic_creds [-] Dynamic test user ddf7c1782c234e69b35e4a1a9938b4bb is created with scope project and roles: ['admin']
2025-05-19 17:08:02.278 70180 INFO tempest.lib.common.dynamic_creds [-] Acquired dynamic creds: credentials: Credentials: {'domain_id': 'default', 'domain_name': 'Default', 'username': 'tempest-KeyPairsV210TestJSON-493666513-project-admin', 'project_domain_id': 'default', 'project_domain_name': 'Default', 'project_id': '89ef722aa9f84526956ef3038b23801d', 'project_name': 'tempest-KeyPairsV210TestJSON-493666513', 'tenant_id': '89ef722aa9f84526956ef3038b23801d', 'tenant_name': 'tempest-KeyPairsV210TestJSON-493666513', 'user_domain_id': 'default', 'user_domain_name': 'Default', 'user_id': 'ddf7c1782c234e69b35e4a1a9938b4bb', 'system': None}, Network: None, Subnet: None, Router: None
2025-05-19 17:08:02.278 70180 INFO tempest.lib.common.dynamic_creds [-] Created isolated network resources for: credentials: Credentials: {'domain_id': 'default', 'domain_name': 'Default', 'username': 'tempest-KeyPairsV210TestJSON-493666513-project-admin', 'project_domain_id': 'default', 'project_domain_name': 'Default', 'project_id': '89ef722aa9f84526956ef3038b23801d', 'project_name': 'tempest-KeyPairsV210TestJSON-493666513', 'tenant_id': '89ef722aa9f84526956ef3038b23801d', 'tenant_name': 'tempest-KeyPairsV210TestJSON-493666513', 'user_domain_id': 'default', 'user_domain_name': 'Default', 'user_id': 'ddf7c1782c234e69b35e4a1a9938b4bb', 'system': None}, Network: None, Subnet: None, Router: None
2025-05-19 17:08:02.300 70168 INFO tempest.lib.common.rest_client [req-dde7fb7c-a3c3-4d41-9fa3-c5bbdfa99dd1 req-dde7fb7c-a3c3-4d41-9fa3-c5bbdfa99dd1 ] Request (QuotaClassesAdminTestJSON:tearDownClass): 204 DELETE http://10.180.1.21:9696/networking/v2.0/security-groups/dcbe3f6e-c725-4054-91bb-ebd22ed3b234 0.101s
2025-05-19 17:08:02.307 70160 INFO tempest.lib.common.rest_client [req-6bc42064-a8a8-4424-b00d-beab89dde22b req-6bc42064-a8a8-4424-b00d-beab89dde22b ] Request (HypervisorAdminUnderV252Test:test_get_hypervisor_show_servers): 200 GET http://10.180.1.21/compute/v2.1/os-hypervisors/domain-c8.fc996f14-c53b-4953-92e3-bdfa48f5cc28/servers 1.865s
2025-05-19 17:08:02.330 70170 INFO tempest.lib.common.rest_client [req-d8b3d43a-3904-4346-92c2-e6962e79ee52 req-d8b3d43a-3904-4346-92c2-e6962e79ee52 ] Request (ServicesAdminTestJSON:tearDownClass): 204 DELETE http://10.180.1.21/identity/v3/projects/f25821363d0349a08bb04ccd224e1eec 0.157s
2025-05-19 17:08:02.355 70178 INFO tempest.lib.common.rest_client [req-f2f7eb18-4915-4bcc-8465-ed7c58f0abc8 req-f2f7eb18-4915-4bcc-8465-ed7c58f0abc8 ] Request (ServerMetadataNegativeTestJSON:setUpClass): 201 POST http://10.180.1.21:9696/networking/v2.0/subnets 0.563s
2025-05-19 17:08:02.426 70144 INFO tempest.lib.common.rest_client [req-f413413e-b6a6-42c1-865a-4e5dc1461669 req-f413413e-b6a6-42c1-865a-4e5dc1461669 ] Request (ImagesMetadataNegativeTestJSON:tearDownClass): 204 DELETE http://10.180.1.21/identity/v3/users/d719b7b92e9b488b9853e04844d56147 0.208s
2025-05-19 17:08:02.426 70144 INFO tempest.lib.common.dynamic_creds [-] Deleting project and security group for project: 3989bec32a5a4b78ac527afa867746f9
2025-05-19 17:08:02.426 70162 INFO tempest.lib.common.rest_client [req-f3f0d44a-755c-4108-a3a5-a4f88df75d95 req-f3f0d44a-755c-4108-a3a5-a4f88df75d95 ] Request (ServersAdminTestJSON:setUpClass): 201 POST http://10.180.1.21:9696/networking/v2.0/routers 1.198s
2025-05-19 17:08:02.447 70164 INFO tempest.lib.common.rest_client [req-110cd524-3286-4aaa-8a62-5dcd5a7b9191 req-110cd524-3286-4aaa-8a62-5dcd5a7b9191 ] Request (ImagesNegativeTestJSON:setUpClass): 201 POST http://10.180.1.21/identity/v3/auth/tokens 0.216s
2025-05-19 17:08:02.498 70172 INFO tempest.lib.common.rest_client [req-50151ee2-2f31-4951-9989-f816738729cb req-50151ee2-2f31-4951-9989-f816738729cb ] Request (FlavorsExtraSpecsTestJSON:setUpClass): 200 GET http://10.180.1.21/identity/v3/roles 0.260s
2025-05-19 17:08:02.528 70180 INFO tempest.lib.common.rest_client [req-645defdd-f74e-4450-9f66-2d4a2818b6bd req-645defdd-f74e-4450-9f66-2d4a2818b6bd ] Request (KeyPairsV210TestJSON:setUpClass): 201 POST http://10.180.1.21/identity/v3/auth/tokens 0.247s
2025-05-19 17:08:02.572 70168 INFO tempest.lib.common.rest_client [req-79717f56-dc7e-4016-8fdc-cf4802d5c853 req-79717f56-dc7e-4016-8fdc-cf4802d5c853 ] Request (QuotaClassesAdminTestJSON:tearDownClass): 204 DELETE http://10.180.1.21/identity/v3/projects/bc4288f174584823b2a888f70ad7164a 0.270s
2025-05-19 17:08:02.572 70168 INFO tempest.lib.common.dynamic_creds [-] Deleting project and security group for project: 31b27d5d6d9b40a3b1bc7b474599814d
2025-05-19 17:08:02.585 70170 INFO tempest.lib.common.rest_client [req-8be38835-e99f-469d-a0b1-b21138bd165b req-8be38835-e99f-469d-a0b1-b21138bd165b ] Request (ServicesAdminNegativeTestJSON:setUpClass): 201 POST http://10.180.1.21/identity/v3/auth/tokens 0.252s
2025-05-19 17:08:02.595 70144 INFO tempest.lib.common.rest_client [req-0d8ee107-3ea3-4207-9c4b-8b73c8104536 req-0d8ee107-3ea3-4207-9c4b-8b73c8104536 ] Request (ImagesMetadataNegativeTestJSON:tearDownClass): 201 POST http://10.180.1.21/identity/v3/auth/tokens 0.169s
2025-05-19 17:08:02.624 70172 INFO tempest.lib.common.rest_client [req-c7774b59-daf4-462f-a43c-df2e8d6163a6 req-c7774b59-daf4-462f-a43c-df2e8d6163a6 ] Request (FlavorsExtraSpecsTestJSON:setUpClass): 204 PUT http://10.180.1.21/identity/v3/projects/4009d2d42e1e43ec8feae316e34cc495/users/38f5260c0fe14c199fbd6252d95d5c9c/roles/a0cc61e6fe1942d586de5bf334c6bf9c 0.125s
2025-05-19 17:08:02.624 70172 INFO tempest.lib.common.dynamic_creds [-] Dynamic test user 38f5260c0fe14c199fbd6252d95d5c9c is created with scope project and roles: ['member']
2025-05-19 17:08:02.625 70172 INFO tempest.lib.common.dynamic_creds [-] Acquired dynamic creds: credentials: Credentials: {'domain_id': 'default', 'domain_name': 'Default', 'username': 'tempest-FlavorsExtraSpecsTestJSON-1809886546-project-member', 'project_domain_id': 'default', 'project_domain_name': 'Default', 'project_id': '4009d2d42e1e43ec8feae316e34cc495', 'project_name': 'tempest-FlavorsExtraSpecsTestJSON-1809886546', 'tenant_id': '4009d2d42e1e43ec8feae316e34cc495', 'tenant_name': 'tempest-FlavorsExtraSpecsTestJSON-1809886546', 'user_domain_id': 'default', 'user_domain_name': 'Default', 'user_id': '38f5260c0fe14c199fbd6252d95d5c9c', 'system': None}, Network: None, Subnet: None, Router: None
2025-05-19 17:08:02.625 70172 INFO tempest.lib.common.dynamic_creds [-] Created isolated network resources for: credentials: Credentials: {'domain_id': 'default', 'domain_name': 'Default', 'username': 'tempest-FlavorsExtraSpecsTestJSON-1809886546-project-member', 'project_domain_id': 'default', 'project_domain_name': 'Default', 'project_id': '4009d2d42e1e43ec8feae316e34cc495', 'project_name': 'tempest-FlavorsExtraSpecsTestJSON-1809886546', 'tenant_id': '4009d2d42e1e43ec8feae316e34cc495', 'tenant_name': 'tempest-FlavorsExtraSpecsTestJSON-1809886546', 'user_domain_id': 'default', 'user_domain_name': 'Default', 'user_id': '38f5260c0fe14c199fbd6252d95d5c9c', 'system': None}, Network: None, Subnet: None, Router: None
2025-05-19 17:08:02.720 70168 INFO tempest.lib.common.rest_client [req-03852eaf-f061-423b-8474-3ed056e03bea req-03852eaf-f061-423b-8474-3ed056e03bea ] Request (QuotaClassesAdminTestJSON:tearDownClass): 200 GET http://10.180.1.21:9696/networking/v2.0/security-groups?tenant_id=31b27d5d6d9b40a3b1bc7b474599814d&name=default 0.147s
2025-05-19 17:08:02.722 70170 INFO tempest.lib.common.rest_client [req-f62b2c5f-b432-4c32-95f0-08bcaa52bc2a req-f62b2c5f-b432-4c32-95f0-08bcaa52bc2a ] Request (ServicesAdminNegativeTestJSON:setUpClass): 201 POST http://10.180.1.21/identity/v3/auth/tokens 0.133s
2025-05-19 17:08:02.743 70176 INFO tempest.lib.common.rest_client [req-9b0e9d1c-e592-4a1d-a689-67c099198bfc req-9b0e9d1c-e592-4a1d-a689-67c099198bfc ] Request (FlavorsAccessNegativeTestJSON:_run_cleanups): 200 POST http://10.180.1.21/compute/v2.1/flavors/560305780/action 2.033s
2025-05-19 17:08:02.768 70170 INFO tempest.lib.common.rest_client [req-15f8ec3e-04dd-4b18-b09a-24330851ec2f req-15f8ec3e-04dd-4b18-b09a-24330851ec2f ] Request (ServicesAdminNegativeTestJSON:setUpClass): 200 GET http://10.180.1.21/identity/v3/domains?name=Default 0.045s
2025-05-19 17:08:02.789 70172 INFO tempest.lib.common.rest_client [req-1bb2709b-8296-43f9-88a3-dd3c645fb9b7 req-1bb2709b-8296-43f9-88a3-dd3c645fb9b7 ] Request (FlavorsExtraSpecsTestJSON:setUpClass): 201 POST http://10.180.1.21/identity/v3/auth/tokens 0.156s
2025-05-19 17:08:02.798 70170 INFO tempest.lib.common.rest_client [req-b36baef2-29cf-4ddf-9cbe-ec4874ce8541 req-b36baef2-29cf-4ddf-9cbe-ec4874ce8541 ] Request (ServicesAdminNegativeTestJSON:setUpClass): 201 POST http://10.180.1.21/identity/v3/projects 0.028s
2025-05-19 17:08:02.857 70172 INFO tempest.lib.common.rest_client [req-88fe2467-46fd-4924-805f-923ca0ffd033 req-88fe2467-46fd-4924-805f-923ca0ffd033 ] Request (FlavorsExtraSpecsTestJSON:setUpClass): 201 POST http://10.180.1.21/identity/v3/projects 0.067s
2025-05-19 17:08:02.862 70170 INFO tempest.lib.common.rest_client [req-756b3e2a-457a-4af7-a522-06af1d1f15dd req-756b3e2a-457a-4af7-a522-06af1d1f15dd ] Request (ServicesAdminNegativeTestJSON:setUpClass): 201 POST http://10.180.1.21/identity/v3/users 0.063s
2025-05-19 17:08:02.905 70168 INFO tempest.lib.common.rest_client [req-0944f271-9f33-4ac4-aecc-b7f8bdfc45a5 req-0944f271-9f33-4ac4-aecc-b7f8bdfc45a5 ] Request (QuotaClassesAdminTestJSON:tearDownClass): 204 DELETE http://10.180.1.21:9696/networking/v2.0/security-groups/7d1ddd13-59ef-4f4c-b870-8285d953c51a 0.185s
2025-05-19 17:08:02.909 70156 INFO tempest.lib.common.rest_client [req-6a1d719b-0164-42a6-8e60-733470a1d70a req-6a1d719b-0164-42a6-8e60-733470a1d70a ] Request (FloatingIPsAssociationTestJSON:setUpClass): 201 POST http://10.180.1.21:9696/networking/v2.0/networks 0.695s
2025-05-19 17:08:02.912 70170 INFO tempest.lib.common.rest_client [req-f99535b2-de68-4b21-a848-94c7e7a448a4 req-f99535b2-de68-4b21-a848-94c7e7a448a4 ] Request (ServicesAdminNegativeTestJSON:setUpClass): 200 GET http://10.180.1.21/identity/v3/roles 0.050s
2025-05-19 17:08:02.925 70172 INFO tempest.lib.common.rest_client [req-5ca44006-b348-439d-8698-eb277a1e8ca0 req-5ca44006-b348-439d-8698-eb277a1e8ca0 ] Request (FlavorsExtraSpecsTestJSON:setUpClass): 201 POST http://10.180.1.21/identity/v3/users 0.067s
2025-05-19 17:08:02.951 70170 INFO tempest.lib.common.rest_client [req-1512e63e-030a-4b59-ad26-b464ab233985 req-1512e63e-030a-4b59-ad26-b464ab233985 ] Request (ServicesAdminNegativeTestJSON:setUpClass): 204 PUT http://10.180.1.21/identity/v3/projects/feefb9bfeabc4465bf30d6a150f79c3b/users/cc7ab63ff07f48908ef5d5738ac2a0b2/roles/a0cc61e6fe1942d586de5bf334c6bf9c 0.038s
2025-05-19 17:08:02.951 70170 INFO tempest.lib.common.dynamic_creds [-] Dynamic test user cc7ab63ff07f48908ef5d5738ac2a0b2 is created with scope project and roles: ['member']
2025-05-19 17:08:02.951 70170 INFO tempest.lib.common.dynamic_creds [-] Acquired dynamic creds: credentials: Credentials: {'domain_id': 'default', 'domain_name': 'Default', 'username': 'tempest-ServicesAdminNegativeTestJSON-1778701305-project-member', 'project_domain_id': 'default', 'project_domain_name': 'Default', 'project_id': 'feefb9bfeabc4465bf30d6a150f79c3b', 'project_name': 'tempest-ServicesAdminNegativeTestJSON-1778701305', 'tenant_id': 'feefb9bfeabc4465bf30d6a150f79c3b', 'tenant_name': 'tempest-ServicesAdminNegativeTestJSON-1778701305', 'user_domain_id': 'default', 'user_domain_name': 'Default', 'user_id': 'cc7ab63ff07f48908ef5d5738ac2a0b2', 'system': None}, Network: None, Subnet: None, Router: None
2025-05-19 17:08:02.951 70170 INFO tempest.lib.common.dynamic_creds [-] Created isolated network resources for: credentials: Credentials: {'domain_id': 'default', 'domain_name': 'Default', 'username': 'tempest-ServicesAdminNegativeTestJSON-1778701305-project-member', 'project_domain_id': 'default', 'project_domain_name': 'Default', 'project_id': 'feefb9bfeabc4465bf30d6a150f79c3b', 'project_name': 'tempest-ServicesAdminNegativeTestJSON-1778701305', 'tenant_id': 'feefb9bfeabc4465bf30d6a150f79c3b', 'tenant_name': 'tempest-ServicesAdminNegativeTestJSON-1778701305', 'user_domain_id': 'default', 'user_domain_name': 'Default', 'user_id': 'cc7ab63ff07f48908ef5d5738ac2a0b2', 'system': None}, Network: None, Subnet: None, Router: None
2025-05-19 17:08:02.976 70144 INFO tempest.lib.common.rest_client [req-b9644dc9-bd0b-4dd9-a0b5-4f318849dc99 req-b9644dc9-bd0b-4dd9-a0b5-4f318849dc99 ] Request (ImagesMetadataNegativeTestJSON:tearDownClass): 200 GET http://10.180.1.21:9696/networking/v2.0/security-groups?tenant_id=3989bec32a5a4b78ac527afa867746f9&name=default 0.381s
2025-05-19 17:08:02.982 70168 INFO tempest.lib.common.rest_client [req-8b00f871-382f-4343-8c1d-b7d2176dc9bc req-8b00f871-382f-4343-8c1d-b7d2176dc9bc ] Request (QuotaClassesAdminTestJSON:tearDownClass): 204 DELETE http://10.180.1.21/identity/v3/projects/31b27d5d6d9b40a3b1bc7b474599814d 0.077s
2025-05-19 17:08:02.986 70204 INFO tempest.lib.common.rest_client [req-8204b6e3-36c0-4bc2-a8a1-60ab8edb6f7b req-8204b6e3-36c0-4bc2-a8a1-60ab8edb6f7b ] Request (ServerDiagnosticsV248Test:test_get_server_diagnostics): 204 DELETE http://10.180.1.21/compute/v2.1/servers/1b21e9dc-2452-498c-b631-734c2f656372 2.158s
2025-05-19 17:08:03.004 70158 INFO tempest.lib.common.rest_client [req-1c8c67b4-2eaf-44de-b6ad-2d477b69cb28 req-1c8c67b4-2eaf-44de-b6ad-2d477b69cb28 ] Request (ServersWithSpecificFlavorTestJSON:test_verify_created_server_ephemeral_disk): 200 GET http://10.180.1.21/compute/v2.1/flavors/42/os-extra_specs 1.801s
2025-05-19 17:08:03.027 70184 INFO tempest.lib.common.rest_client [req-ddfb4c9d-b285-4b68-991c-40c6417ae06b req-ddfb4c9d-b285-4b68-991c-40c6417ae06b ] Request (FlavorsV255TestJSON:test_crud_flavor): 200 GET http://10.180.1.21/compute/v2.1/flavors 1.795s
2025-05-19 17:08:03.053 70188 INFO tempest.lib.common.rest_client [req-fe260f02-1a35-4c46-b99b-8d43a3a9cb42 req-fe260f02-1a35-4c46-b99b-8d43a3a9cb42 ] Request (VolumesAssistedSnapshotsTest:test_volume_assisted_snapshot_create_delete): 200 GET http://10.180.1.21/volume/v3/volumes/c17471d7-818c-4451-b1e1-a2bf63ade3e8 0.041s
2025-05-19 17:08:03.059 70188 INFO tempest.common.waiters [-] volume c17471d7-818c-4451-b1e1-a2bf63ade3e8 reached available after waiting for 1.059927 seconds
2025-05-19 17:08:03.059 70170 INFO tempest.lib.common.rest_client [req-7338ea3d-abea-4b56-a062-7661ae0b0e1d req-7338ea3d-abea-4b56-a062-7661ae0b0e1d ] Request (ServicesAdminNegativeTestJSON:setUpClass): 201 POST http://10.180.1.21/identity/v3/auth/tokens 0.103s
2025-05-19 17:08:03.066 70172 INFO tempest.lib.common.rest_client [req-5adbd66e-e854-45b5-a3d7-8a9da0b9e01f req-5adbd66e-e854-45b5-a3d7-8a9da0b9e01f ] Request (FlavorsExtraSpecsTestJSON:setUpClass): 200 GET http://10.180.1.21/identity/v3/roles 0.141s
2025-05-19 17:08:03.085 70168 INFO tempest.lib.common.rest_client [req-849d001c-8fee-490c-bc91-78cf019f615c req-849d001c-8fee-490c-bc91-78cf019f615c ] Request (ServersTestFqdnHostnames:setUpClass): 201 POST http://10.180.1.21/identity/v3/auth/tokens 0.101s
2025-05-19 17:08:03.121 70170 INFO tempest.lib.common.rest_client [req-8e3a4e48-fd02-4fff-8302-7b3b509d67fb req-8e3a4e48-fd02-4fff-8302-7b3b509d67fb ] Request (ServicesAdminNegativeTestJSON:setUpClass): 201 POST http://10.180.1.21/identity/v3/projects 0.060s
2025-05-19 17:08:03.152 70144 INFO tempest.lib.common.rest_client [req-570ac9f6-bcf2-4422-9d70-e79bb07c1cde req-570ac9f6-bcf2-4422-9d70-e79bb07c1cde ] Request (ImagesMetadataNegativeTestJSON:tearDownClass): 204 DELETE http://10.180.1.21:9696/networking/v2.0/security-groups/82ee92a1-0570-4e5d-95e4-e773861b5c22 0.176s
2025-05-19 17:08:03.185 70164 INFO tempest.lib.common.rest_client [req-929992ac-9d1d-4136-b115-45bab956c3d7 req-929992ac-9d1d-4136-b115-45bab956c3d7 ] Request (ImagesNegativeTestJSON:setUpClass): 201 POST http://10.180.1.21:9696/networking/v2.0/networks 0.738s
2025-05-19 17:08:03.187 70172 INFO tempest.lib.common.rest_client [req-ad86b2ef-b91a-41e5-9483-68a2407bfa21 req-ad86b2ef-b91a-41e5-9483-68a2407bfa21 ] Request (FlavorsExtraSpecsTestJSON:setUpClass): 204 PUT http://10.180.1.21/identity/v3/projects/188ae8ed88564927af9226ea5720b866/users/e02f6c7ad9374d6eb229f5df00ae5157/roles/dcf4a7883ead42b89983bbfc0df72b17 0.120s
2025-05-19 17:08:03.243 70168 INFO tempest.lib.common.rest_client [req-fc770c4a-edb5-4f0f-8b61-edea0ecfc3cf req-fc770c4a-edb5-4f0f-8b61-edea0ecfc3cf ] Request (ServersTestFqdnHostnames:setUpClass): 201 POST http://10.180.1.21/identity/v3/auth/tokens 0.154s
2025-05-19 17:08:03.250 70170 INFO tempest.lib.common.rest_client [req-281ca572-df1f-4038-8a2a-b716c69bb37b req-281ca572-df1f-4038-8a2a-b716c69bb37b ] Request (ServicesAdminNegativeTestJSON:setUpClass): 201 POST http://10.180.1.21/identity/v3/users 0.129s
2025-05-19 17:08:03.271 70172 INFO tempest.lib.common.rest_client [req-7547ea94-0e9d-4292-a818-26b62e6a95ab req-7547ea94-0e9d-4292-a818-26b62e6a95ab ] Request (FlavorsExtraSpecsTestJSON:setUpClass): 200 GET http://10.180.1.21/identity/v3/roles 0.084s
2025-05-19 17:08:03.294 70168 INFO tempest.lib.common.rest_client [req-b17201c7-5c55-47b1-862c-da135f5a8ed2 req-b17201c7-5c55-47b1-862c-da135f5a8ed2 ] Request (ServersTestFqdnHostnames:setUpClass): 200 GET http://10.180.1.21/identity/v3/domains?name=Default 0.051s
2025-05-19 17:08:03.314 70144 INFO tempest.lib.common.rest_client [req-351b0c94-2887-4579-9c8d-4df08fe8e509 req-351b0c94-2887-4579-9c8d-4df08fe8e509 ] Request (ImagesMetadataNegativeTestJSON:tearDownClass): 204 DELETE http://10.180.1.21/identity/v3/projects/3989bec32a5a4b78ac527afa867746f9 0.161s
2025-05-19 17:08:03.340 70170 INFO tempest.lib.common.rest_client [req-596339a7-d4fc-4b10-8e0c-b4ccf09d43dc req-596339a7-d4fc-4b10-8e0c-b4ccf09d43dc ] Request (ServicesAdminNegativeTestJSON:setUpClass): 200 GET http://10.180.1.21/identity/v3/roles 0.090s
2025-05-19 17:08:03.370 70172 INFO tempest.lib.common.rest_client [req-472aa06a-286f-4053-9283-fb68fe669aa6 req-472aa06a-286f-4053-9283-fb68fe669aa6 ] Request (FlavorsExtraSpecsTestJSON:setUpClass): 204 PUT http://10.180.1.21/identity/v3/projects/188ae8ed88564927af9226ea5720b866/users/e02f6c7ad9374d6eb229f5df00ae5157/roles/dcf4a7883ead42b89983bbfc0df72b17 0.099s
2025-05-19 17:08:03.370 70172 INFO tempest.lib.common.dynamic_creds [-] Dynamic test user e02f6c7ad9374d6eb229f5df00ae5157 is created with scope project and roles: ['admin']
2025-05-19 17:08:03.371 70172 INFO tempest.lib.common.dynamic_creds [-] Acquired dynamic creds: credentials: Credentials: {'domain_id': 'default', 'domain_name': 'Default', 'username': 'tempest-FlavorsExtraSpecsTestJSON-2113621666-project-admin', 'project_domain_id': 'default', 'project_domain_name': 'Default', 'project_id': '188ae8ed88564927af9226ea5720b866', 'project_name': 'tempest-FlavorsExtraSpecsTestJSON-2113621666', 'tenant_id': '188ae8ed88564927af9226ea5720b866', 'tenant_name': 'tempest-FlavorsExtraSpecsTestJSON-2113621666', 'user_domain_id': 'default', 'user_domain_name': 'Default', 'user_id': 'e02f6c7ad9374d6eb229f5df00ae5157', 'system': None}, Network: None, Subnet: None, Router: None
2025-05-19 17:08:03.371 70172 INFO tempest.lib.common.dynamic_creds [-] Created isolated network resources for: credentials: Credentials: {'domain_id': 'default', 'domain_name': 'Default', 'username': 'tempest-FlavorsExtraSpecsTestJSON-2113621666-project-admin', 'project_domain_id': 'default', 'project_domain_name': 'Default', 'project_id': '188ae8ed88564927af9226ea5720b866', 'project_name': 'tempest-FlavorsExtraSpecsTestJSON-2113621666', 'tenant_id': '188ae8ed88564927af9226ea5720b866', 'tenant_name': 'tempest-FlavorsExtraSpecsTestJSON-2113621666', 'user_domain_id': 'default', 'user_domain_name': 'Default', 'user_id': 'e02f6c7ad9374d6eb229f5df00ae5157', 'system': None}, Network: None, Subnet: None, Router: None
2025-05-19 17:08:03.376 70168 INFO tempest.lib.common.rest_client [req-725fb248-f078-4edc-b64c-5daffb401b54 req-725fb248-f078-4edc-b64c-5daffb401b54 ] Request (ServersTestFqdnHostnames:setUpClass): 201 POST http://10.180.1.21/identity/v3/projects 0.081s
2025-05-19 17:08:03.421 70156 INFO tempest.lib.common.rest_client [req-76ea8ade-2837-4a56-bb7b-92e6fd09dd65 req-76ea8ade-2837-4a56-bb7b-92e6fd09dd65 ] Request (FloatingIPsAssociationTestJSON:setUpClass): 201 POST http://10.180.1.21:9696/networking/v2.0/subnets 0.511s
2025-05-19 17:08:03.435 70144 INFO tempest.lib.common.rest_client [req-22c5ce0c-6e0d-4863-ae1e-698201732f17 req-22c5ce0c-6e0d-4863-ae1e-698201732f17 ] Request (ListImageFiltersTestJSON:setUpClass): 201 POST http://10.180.1.21/identity/v3/auth/tokens 0.120s
2025-05-19 17:08:03.453 70170 INFO tempest.lib.common.rest_client [req-a048de62-9057-4f3b-931f-32fdd2ca83d1 req-a048de62-9057-4f3b-931f-32fdd2ca83d1 ] Request (ServicesAdminNegativeTestJSON:setUpClass): 204 PUT http://10.180.1.21/identity/v3/projects/367dc016f4b7473e947f358a4b1dcdf8/users/fccde52b0a1444eb843bb0c9564f11e9/roles/dcf4a7883ead42b89983bbfc0df72b17 0.112s
2025-05-19 17:08:03.505 70172 INFO tempest.lib.common.rest_client [req-5392a063-8005-445e-8066-ecadc0cab503 req-5392a063-8005-445e-8066-ecadc0cab503 ] Request (FlavorsExtraSpecsTestJSON:setUpClass): 201 POST http://10.180.1.21/identity/v3/auth/tokens 0.132s
2025-05-19 17:08:03.514 70168 INFO tempest.lib.common.rest_client [req-3d86ab98-5f2a-4c4e-bed0-4a45495b538a req-3d86ab98-5f2a-4c4e-bed0-4a45495b538a ] Request (ServersTestFqdnHostnames:setUpClass): 201 POST http://10.180.1.21/identity/v3/users 0.137s
2025-05-19 17:08:03.532 70170 INFO tempest.lib.common.rest_client [req-a16249c9-a855-4a46-9f40-98f8ec577220 req-a16249c9-a855-4a46-9f40-98f8ec577220 ] Request (ServicesAdminNegativeTestJSON:setUpClass): 200 GET http://10.180.1.21/identity/v3/roles 0.077s
2025-05-19 17:08:03.532 70144 INFO tempest.lib.common.rest_client [req-2d798a69-fb63-4df3-a666-ba3430f378cd req-2d798a69-fb63-4df3-a666-ba3430f378cd ] Request (ListImageFiltersTestJSON:setUpClass): 201 POST http://10.180.1.21/identity/v3/auth/tokens 0.094s
2025-05-19 17:08:03.547 70168 INFO tempest.lib.common.rest_client [req-eb852f2d-e932-4e9c-9966-600fcc123589 req-eb852f2d-e932-4e9c-9966-600fcc123589 ] Request (ServersTestFqdnHostnames:setUpClass): 200 GET http://10.180.1.21/identity/v3/roles 0.033s
2025-05-19 17:08:03.569 70144 INFO tempest.lib.common.rest_client [req-e0bef806-a612-478d-96a1-9c0e3e20d6c3 req-e0bef806-a612-478d-96a1-9c0e3e20d6c3 ] Request (ListImageFiltersTestJSON:setUpClass): 200 GET http://10.180.1.21/identity/v3/domains?name=Default 0.037s
