2025-05-19 17:08:13.182 70160 INFO tempest.lib.common.rest_client [req-a6cb7bf4-1e34-4fb1-9a5e-273600574695 req-a6cb7bf4-1e34-4fb1-9a5e-273600574695 ] Request (AZV2TestJSON:tearDownClass): 201 POST http://10.180.1.21/identity/v3/auth/tokens 0.426s
2025-05-19 17:08:13.204 70142 INFO tempest.lib.common.rest_client [req-9afa218c-dbb3-41cc-9b6d-b8b8cd113828 req-9afa218c-dbb3-41cc-9b6d-b8b8cd113828 ] Request (ImagesMetadataTestJSON:setUpClass): 201 POST http://10.180.1.21/identity/v3/auth/tokens 0.348s
2025-05-19 17:08:13.213 70196 INFO tempest.lib.common.rest_client [req-e3859251-9efe-42d1-937f-37346b32a642 req-e3859251-9efe-42d1-937f-37346b32a642 ] Request (KeyPairsV22TestJSON:setUpClass): 204 PUT http://10.180.1.21/identity/v3/projects/6f136032f2ae48a19cd7ce2875565546/users/e41efa389c914e749a303c84dfd95f43/roles/a0cc61e6fe1942d586de5bf334c6bf9c 0.387s
2025-05-19 17:08:13.214 70196 INFO tempest.lib.common.dynamic_creds [-] Dynamic test user e41efa389c914e749a303c84dfd95f43 is created with scope project and roles: ['member']
2025-05-19 17:08:13.214 70196 INFO tempest.lib.common.dynamic_creds [-] Acquired dynamic creds: credentials: Credentials: {'domain_id': 'default', 'domain_name': 'Default', 'username': 'tempest-KeyPairsV22TestJSON-1071511669-project-member', 'project_domain_id': 'default', 'project_domain_name': 'Default', 'project_id': '6f136032f2ae48a19cd7ce2875565546', 'project_name': 'tempest-KeyPairsV22TestJSON-1071511669', 'tenant_id': '6f136032f2ae48a19cd7ce2875565546', 'tenant_name': 'tempest-KeyPairsV22TestJSON-1071511669', 'user_domain_id': 'default', 'user_domain_name': 'Default', 'user_id': 'e41efa389c914e749a303c84dfd95f43', 'system': None}, Network: None, Subnet: None, Router: None
2025-05-19 17:08:13.214 70196 INFO tempest.lib.common.dynamic_creds [-] Created isolated network resources for: credentials: Credentials: {'domain_id': 'default', 'domain_name': 'Default', 'username': 'tempest-KeyPairsV22TestJSON-1071511669-project-member', 'project_domain_id': 'default', 'project_domain_name': 'Default', 'project_id': '6f136032f2ae48a19cd7ce2875565546', 'project_name': 'tempest-KeyPairsV22TestJSON-1071511669', 'tenant_id': '6f136032f2ae48a19cd7ce2875565546', 'tenant_name': 'tempest-KeyPairsV22TestJSON-1071511669', 'user_domain_id': 'default', 'user_domain_name': 'Default', 'user_id': 'e41efa389c914e749a303c84dfd95f43', 'system': None}, Network: None, Subnet: None, Router: None
2025-05-19 17:08:13.264 70154 INFO tempest.lib.common.rest_client [req-79680d38-ef78-4030-bbcd-3cf7bc7a0f7c req-79680d38-ef78-4030-bbcd-3cf7bc7a0f7c ] Request (HostsAdminTestJSON:tearDownClass): 201 POST http://10.180.1.21/identity/v3/auth/tokens 0.342s
2025-05-19 17:08:13.266 70168 INFO tempest.lib.common.rest_client [req-2a58bb86-442d-4fac-a4a3-57469eeab3dc req-2a58bb86-442d-4fac-a4a3-57469eeab3dc ] Request (ServersTestFqdnHostnames:test_create_server_with_fqdn_name): 201 POST http://10.180.1.21:9696/networking/v2.0/security-group-rules 0.092s
2025-05-19 17:08:13.320 70186 INFO tempest.lib.common.rest_client [req-cccaf962-2651-48d5-8022-972a46209308 req-cccaf962-2651-48d5-8022-972a46209308 ] Request (FlavorsAccessTestJSON:tearDownClass): 204 DELETE http://10.180.1.21/identity/v3/users/7f1081d6ed3c4ed2a0e4bc0a4d053ae2 0.258s
2025-05-19 17:08:13.322 70186 INFO tempest.lib.common.dynamic_creds [-] Deleting project and security group for project: 54df9597bb0f4f70a67419259e90ee8a
2025-05-19 17:08:13.353 70168 INFO tempest.lib.common.rest_client [req-258c0527-6d8a-4095-ae99-aab564875c72 req-258c0527-6d8a-4095-ae99-aab564875c72 ] Request (ServersTestFqdnHostnames:test_create_server_with_fqdn_name): 201 POST http://10.180.1.21:9696/networking/v2.0/security-group-rules 0.087s
2025-05-19 17:08:13.371 70190 INFO tempest.lib.common.rest_client [req-715b8d81-13b2-4fd6-a522-7ffe8c93a9ca req-715b8d81-13b2-4fd6-a522-7ffe8c93a9ca ] Request (TestVersions:setUpClass): 204 PUT http://10.180.1.21/identity/v3/projects/5130feeddace455faa6fc0fe4f258e46/users/ed188388bfd64d5da108097bc64f2e9b/roles/a0cc61e6fe1942d586de5bf334c6bf9c 0.304s
2025-05-19 17:08:13.372 70190 INFO tempest.lib.common.dynamic_creds [-] Dynamic test user ed188388bfd64d5da108097bc64f2e9b is created with scope project and roles: ['member']
2025-05-19 17:08:13.372 70190 INFO tempest.lib.common.dynamic_creds [-] Acquired dynamic creds: credentials: Credentials: {'domain_id': 'default', 'domain_name': 'Default', 'username': 'tempest-TestVersions-1583372533-project-member', 'project_domain_id': 'default', 'project_domain_name': 'Default', 'project_id': '5130feeddace455faa6fc0fe4f258e46', 'project_name': 'tempest-TestVersions-1583372533', 'tenant_id': '5130feeddace455faa6fc0fe4f258e46', 'tenant_name': 'tempest-TestVersions-1583372533', 'user_domain_id': 'default', 'user_domain_name': 'Default', 'user_id': 'ed188388bfd64d5da108097bc64f2e9b', 'system': None}, Network: None, Subnet: None, Router: None
2025-05-19 17:08:13.372 70190 INFO tempest.lib.common.dynamic_creds [-] Created isolated network resources for: credentials: Credentials: {'domain_id': 'default', 'domain_name': 'Default', 'username': 'tempest-TestVersions-1583372533-project-member', 'project_domain_id': 'default', 'project_domain_name': 'Default', 'project_id': '5130feeddace455faa6fc0fe4f258e46', 'project_name': 'tempest-TestVersions-1583372533', 'tenant_id': '5130feeddace455faa6fc0fe4f258e46', 'tenant_name': 'tempest-TestVersions-1583372533', 'user_domain_id': 'default', 'user_domain_name': 'Default', 'user_id': 'ed188388bfd64d5da108097bc64f2e9b', 'system': None}, Network: None, Subnet: None, Router: None
2025-05-19 17:08:13.431 70192 INFO tempest.lib.common.rest_client [req-5376229e-fe94-4c00-a676-25c88667b8f9 req-5376229e-fe94-4c00-a676-25c88667b8f9 ] Request (HypervisorAdminTestJSON:test_get_hypervisor_list): 200 GET http://10.180.1.21/compute/v2.1/os-hypervisors 1.428s
2025-05-19 17:08:13.486 70200 INFO tempest.lib.common.rest_client [req-6d5e9016-38b2-42c4-aa5a-1b30345661b9 req-6d5e9016-38b2-42c4-aa5a-1b30345661b9 ] Request (ServersTestManualDisk:setUpClass): 201 POST http://10.180.1.21/identity/v3/auth/tokens 0.329s
2025-05-19 17:08:13.510 70198 INFO tempest.lib.common.rest_client [req-3b6cf890-af11-4ee6-b21f-d1603c93be31 req-3b6cf890-af11-4ee6-b21f-d1603c93be31 ] Request (SecurityGroupsTestAdminJSON:tearDownClass): 201 POST http://10.180.1.21/identity/v3/auth/tokens 0.352s
2025-05-19 17:08:13.549 70142 INFO tempest.lib.common.rest_client [req-b3774611-888c-40b9-a8e9-5fa1c6f32e17 req-b3774611-888c-40b9-a8e9-5fa1c6f32e17 ] Request (ImagesMetadataTestJSON:setUpClass): 201 POST http://10.180.1.21/identity/v3/auth/tokens 0.344s
2025-05-19 17:08:13.605 70186 INFO tempest.lib.common.rest_client [req-7bb7af1b-2e68-4e86-8ba7-cfc9ccb371cb req-7bb7af1b-2e68-4e86-8ba7-cfc9ccb371cb ] Request (FlavorsAccessTestJSON:tearDownClass): 201 POST http://10.180.1.21/identity/v3/auth/tokens 0.283s
2025-05-19 17:08:13.630 70196 INFO tempest.lib.common.rest_client [req-d270882b-666c-44fd-a550-1543da685224 req-d270882b-666c-44fd-a550-1543da685224 ] Request (KeyPairsV22TestJSON:setUpClass): 201 POST http://10.180.1.21/identity/v3/auth/tokens 0.413s
2025-05-19 17:08:13.679 70190 INFO tempest.lib.common.rest_client [req-2acaa87a-c6cc-4626-8871-98f49e37f844 req-2acaa87a-c6cc-4626-8871-98f49e37f844 ] Request (TestVersions:setUpClass): 201 POST http://10.180.1.21/identity/v3/auth/tokens 0.302s
2025-05-19 17:08:13.703 70154 INFO tempest.lib.common.rest_client [req-d79aa854-be3b-46a3-96a0-0fcd3ef65da9 req-d79aa854-be3b-46a3-96a0-0fcd3ef65da9 ] Request (HostsAdminTestJSON:tearDownClass): 200 GET http://10.180.1.21:9696/networking/v2.0/security-groups?tenant_id=d7b96bd11941430da47b6fb9a60e818a&name=default 0.438s
2025-05-19 17:08:13.707 70182 INFO tempest.lib.common.rest_client [req-389a55eb-a3ff-452d-afc0-e89740da5e9d req-389a55eb-a3ff-452d-afc0-e89740da5e9d ] Request (ListServerFiltersTestJSON:setUpClass): 204 DELETE http://10.180.1.21/compute/v2.1/servers/59c5e844-ecbb-4697-a00e-d4b32975c76f 1.686s
2025-05-19 17:08:13.717 70204 INFO tempest.lib.common.rest_client [req-3b47baa4-00f2-43fb-a74f-bdc067b6608e req-3b47baa4-00f2-43fb-a74f-bdc067b6608e ] Request (KeyPairsV2TestJSON:_run_cleanups): 202 DELETE http://10.180.1.21/compute/v2.1/os-keypairs/tempest-keypair-2103635048 1.626s
2025-05-19 17:08:13.718 70142 INFO tempest.lib.common.rest_client [req-e9bf39e9-39ea-4498-b18c-950bf1244214 req-e9bf39e9-39ea-4498-b18c-950bf1244214 ] Request (ImagesMetadataTestJSON:setUpClass): 200 GET http://10.180.1.21/identity/v3/domains?name=Default 0.168s
2025-05-19 17:08:13.748 70198 INFO tempest.lib.common.rest_client [req-28223be6-14cb-420d-80b5-ca9766c8e692 req-28223be6-14cb-420d-80b5-ca9766c8e692 ] Request (SecurityGroupsTestAdminJSON:tearDownClass): 200 GET http://10.180.1.21:9696/networking/v2.0/security-groups?tenant_id=f3fbb302e5134d0f91356167c9448a56&name=default 0.237s
2025-05-19 17:08:13.764 70142 INFO tempest.lib.common.rest_client [req-7debca05-4ea2-408d-aa92-b36728c9b4a9 req-7debca05-4ea2-408d-aa92-b36728c9b4a9 ] Request (ImagesMetadataTestJSON:setUpClass): 201 POST http://10.180.1.21/identity/v3/projects 0.045s
2025-05-19 17:08:13.766 70160 INFO tempest.lib.common.rest_client [req-3f521f31-7a79-4e7e-9209-73b5ebd42718 req-3f521f31-7a79-4e7e-9209-73b5ebd42718 ] Request (AZV2TestJSON:tearDownClass): 200 GET http://10.180.1.21:9696/networking/v2.0/security-groups?tenant_id=634519b381ca4f3fbf5dfed3966600f6&name=default 0.584s
2025-05-19 17:08:13.799 70156 INFO tempest.lib.common.rest_client [req-efd41f95-13af-4659-8911-14cf0542ab20 req-efd41f95-13af-4659-8911-14cf0542ab20 ] Request (FloatingIPsAssociationTestJSON:setUpClass): 200 GET http://10.180.1.21/compute/v2.1/servers/e796b8d5-ab6f-4045-a3af-a7a6c52f0d02 1.663s
2025-05-19 17:08:13.817 70162 INFO tempest.lib.common.rest_client [req-d3d52ac5-5046-456f-8fc9-5983f39c482b req-d3d52ac5-5046-456f-8fc9-5983f39c482b ] Request (ServersAdminTestJSON:setUpClass): 202 POST http://10.180.1.21/compute/v2.1/servers 2.304s
2025-05-19 17:08:13.835 70144 INFO tempest.lib.common.rest_client [req-a37355ab-a5ec-4ed2-b7f7-8fb54ce18ec6 req-a37355ab-a5ec-4ed2-b7f7-8fb54ce18ec6 ] Request (ListImageFiltersTestJSON:setUpClass): 204 PUT http://10.180.1.21/image/v2/images/7bedaf92-5f8a-43da-bb3f-60e639b4f993/file 2.174s
2025-05-19 17:08:13.838 70174 INFO tempest.lib.common.rest_client [req-663d1d08-2886-4d58-89ed-187f1fd423fe req-663d1d08-2886-4d58-89ed-187f1fd423fe ] Request (FlavorsAdminTestJSON:_run_cleanups): 202 DELETE http://10.180.1.21/compute/v2.1/flavors/846d257c-8640-4352-9b67-d2ade0aca34e 1.437s
2025-05-19 17:08:13.842 70142 INFO tempest.lib.common.rest_client [req-da57aa75-0cf4-4956-9e87-e138ab03dee5 req-da57aa75-0cf4-4956-9e87-e138ab03dee5 ] Request (ImagesMetadataTestJSON:setUpClass): 201 POST http://10.180.1.21/identity/v3/users 0.078s
2025-05-19 17:08:13.886 70154 INFO tempest.lib.common.rest_client [req-695765a7-6a09-44c1-b3ca-99071de72a82 req-695765a7-6a09-44c1-b3ca-99071de72a82 ] Request (HostsAdminTestJSON:tearDownClass): 204 DELETE http://10.180.1.21:9696/networking/v2.0/security-groups/93122415-9a8b-4ee1-8243-ff55f6f07612 0.182s
2025-05-19 17:08:13.901 70162 INFO tempest.lib.common.rest_client [req-455fccd9-870e-4315-8b61-ecd0e132ec00 req-455fccd9-870e-4315-8b61-ecd0e132ec00 ] Request (ServersAdminTestJSON:setUpClass): 201 POST http://10.180.1.21/identity/v3/auth/tokens 0.073s
2025-05-19 17:08:13.901 70162 INFO tempest.lib.common.fixed_network [-] (ServersAdminTestJSON:setUpClass) Found network {'id': '4abe11d4-547a-4fb1-a8df-3d0520a92f18', 'name': 'tempest-ServersAdminTestJSON-1091428183-network', 'tenant_id': '8436b6adecad488b9480f1404621dfd2', 'admin_state_up': True, 'mtu': 8950, 'status': 'ACTIVE', 'subnets': [], 'shared': False, 'project_id': '8436b6adecad488b9480f1404621dfd2', 'port_security_enabled': True, 'router:external': False, 'provider:network_type': 'vlan', 'provider:physical_network': 'default', 'provider:segmentation_id': 106, 'availability_zone_hints': [], 'availability_zones': [], 'ipv4_address_scope': None, 'ipv6_address_scope': None, 'description': '', 'tags': [], 'created_at': '2025-05-19T17:08:00Z', 'updated_at': '2025-05-19T17:08:00Z', 'revision_number': 1} available for tenant
2025-05-19 17:08:13.908 70198 INFO tempest.lib.common.rest_client [req-923f128a-a012-43b2-95df-d319e65b8952 req-923f128a-a012-43b2-95df-d319e65b8952 ] Request (SecurityGroupsTestAdminJSON:tearDownClass): 204 DELETE http://10.180.1.21:9696/networking/v2.0/security-groups/d4094231-56ad-4731-ac85-60b7175b3ffc 0.160s
2025-05-19 17:08:13.920 70142 INFO tempest.lib.common.rest_client [req-8a44a263-74db-4c9e-9866-96213af9696a req-8a44a263-74db-4c9e-9866-96213af9696a ] Request (ImagesMetadataTestJSON:setUpClass): 200 GET http://10.180.1.21/identity/v3/roles 0.077s
2025-05-19 17:08:13.953 70184 INFO tempest.lib.common.rest_client [req-9fa69469-e0a1-472e-a528-15e43c814a95 req-9fa69469-e0a1-472e-a528-15e43c814a95 ] Request (HostsAdminNegativeTestJSON:setUpClass): 200 GET http://10.180.1.21/compute/v2.1/os-hosts 1.703s
2025-05-19 17:08:13.986 70154 INFO tempest.lib.common.rest_client [req-0c4cbd01-44be-4a7a-8b25-d7535ef05658 req-0c4cbd01-44be-4a7a-8b25-d7535ef05658 ] Request (HostsAdminTestJSON:tearDownClass): 204 DELETE http://10.180.1.21/identity/v3/projects/d7b96bd11941430da47b6fb9a60e818a 0.100s
2025-05-19 17:08:13.987 70154 INFO tempest.lib.common.dynamic_creds [-] Deleting project and security group for project: e44ac2ff23cf4be88bc5fcda798b0bcc
2025-05-19 17:08:13.992 70186 INFO tempest.lib.common.rest_client [req-11793ba8-abef-4e1b-b6a1-a27e1813c1e6 req-11793ba8-abef-4e1b-b6a1-a27e1813c1e6 ] Request (FlavorsAccessTestJSON:tearDownClass): 200 GET http://10.180.1.21:9696/networking/v2.0/security-groups?tenant_id=54df9597bb0f4f70a67419259e90ee8a&name=default 0.386s
2025-05-19 17:08:13.995 70160 INFO tempest.lib.common.rest_client [req-50311935-7c15-458a-8b26-43814b739ec3 req-50311935-7c15-458a-8b26-43814b739ec3 ] Request (AZV2TestJSON:tearDownClass): 204 DELETE http://10.180.1.21:9696/networking/v2.0/security-groups/f257ba05-8919-4769-adb2-323a9a7732c0 0.228s
2025-05-19 17:08:14.015 70198 INFO tempest.lib.common.rest_client [req-2454a816-1e10-4014-b26f-7e8ffeeb467c req-2454a816-1e10-4014-b26f-7e8ffeeb467c ] Request (SecurityGroupsTestAdminJSON:tearDownClass): 204 DELETE http://10.180.1.21/identity/v3/projects/f3fbb302e5134d0f91356167c9448a56 0.106s
2025-05-19 17:08:14.015 70198 INFO tempest.lib.common.dynamic_creds [-] Deleting project and security group for project: 91a1721d7ada411288b6b8696cb072df
2025-05-19 17:08:14.071 70198 INFO tempest.lib.common.rest_client [req-b13fe5e7-63e1-47e1-aae6-7f5b9539b1ac req-b13fe5e7-63e1-47e1-aae6-7f5b9539b1ac ] Request (SecurityGroupsTestAdminJSON:tearDownClass): 200 GET http://10.180.1.21:9696/networking/v2.0/security-groups?tenant_id=91a1721d7ada411288b6b8696cb072df&name=default 0.056s
2025-05-19 17:08:14.131 70142 INFO tempest.lib.common.rest_client [req-990fc153-74c2-4d3f-bb00-c01bd772e255 req-990fc153-74c2-4d3f-bb00-c01bd772e255 ] Request (ImagesMetadataTestJSON:setUpClass): 204 PUT http://10.180.1.21/identity/v3/projects/f7272dadc6f54323ab5e7797f24dd47c/users/7fb4a7049f2b47979c4ad50ab6d3c870/roles/a0cc61e6fe1942d586de5bf334c6bf9c 0.211s
2025-05-19 17:08:14.132 70142 INFO tempest.lib.common.dynamic_creds [-] Dynamic test user 7fb4a7049f2b47979c4ad50ab6d3c870 is created with scope project and roles: ['member']
2025-05-19 17:08:14.132 70142 INFO tempest.lib.common.dynamic_creds [-] Acquired dynamic creds: credentials: Credentials: {'domain_id': 'default', 'domain_name': 'Default', 'username': 'tempest-ImagesMetadataTestJSON-1071307721-project-member', 'project_domain_id': 'default', 'project_domain_name': 'Default', 'project_id': 'f7272dadc6f54323ab5e7797f24dd47c', 'project_name': 'tempest-ImagesMetadataTestJSON-1071307721', 'tenant_id': 'f7272dadc6f54323ab5e7797f24dd47c', 'tenant_name': 'tempest-ImagesMetadataTestJSON-1071307721', 'user_domain_id': 'default', 'user_domain_name': 'Default', 'user_id': '7fb4a7049f2b47979c4ad50ab6d3c870', 'system': None}, Network: None, Subnet: None, Router: None
2025-05-19 17:08:14.132 70142 INFO tempest.lib.common.dynamic_creds [-] Created isolated network resources for: credentials: Credentials: {'domain_id': 'default', 'domain_name': 'Default', 'username': 'tempest-ImagesMetadataTestJSON-1071307721-project-member', 'project_domain_id': 'default', 'project_domain_name': 'Default', 'project_id': 'f7272dadc6f54323ab5e7797f24dd47c', 'project_name': 'tempest-ImagesMetadataTestJSON-1071307721', 'tenant_id': 'f7272dadc6f54323ab5e7797f24dd47c', 'tenant_name': 'tempest-ImagesMetadataTestJSON-1071307721', 'user_domain_id': 'default', 'user_domain_name': 'Default', 'user_id': '7fb4a7049f2b47979c4ad50ab6d3c870', 'system': None}, Network: None, Subnet: None, Router: None
2025-05-19 17:08:14.134 70160 INFO tempest.lib.common.rest_client [req-83c35150-8ddb-4830-b978-a8ba9aa61030 req-83c35150-8ddb-4830-b978-a8ba9aa61030 ] Request (AZV2TestJSON:tearDownClass): 204 DELETE http://10.180.1.21/identity/v3/projects/634519b381ca4f3fbf5dfed3966600f6 0.139s
2025-05-19 17:08:14.151 70186 INFO tempest.lib.common.rest_client [req-eea673c9-d6f0-49ab-a9f7-d341e79bc6fa req-eea673c9-d6f0-49ab-a9f7-d341e79bc6fa ] Request (FlavorsAccessTestJSON:tearDownClass): 204 DELETE http://10.180.1.21:9696/networking/v2.0/security-groups/b40e26d4-d092-43c0-9523-99475d22468c 0.159s
2025-05-19 17:08:14.186 70154 INFO tempest.lib.common.rest_client [req-fad81eb2-cfaa-4e5e-9626-1cc5b0f56a31 req-fad81eb2-cfaa-4e5e-9626-1cc5b0f56a31 ] Request (HostsAdminTestJSON:tearDownClass): 200 GET http://10.180.1.21:9696/networking/v2.0/security-groups?tenant_id=e44ac2ff23cf4be88bc5fcda798b0bcc&name=default 0.199s
2025-05-19 17:08:14.190 70146 INFO tempest.lib.common.rest_client [req-04941540-8b2e-410d-b746-79f908e940ed req-04941540-8b2e-410d-b746-79f908e940ed ] Request (SecurityGroupRulesTestJSON:test_security_group_rules_create_with_optional_group_id): 200 POST http://10.180.1.21/compute/v2.1/os-security-group-rules 1.654s
2025-05-19 17:08:14.198 70160 INFO tempest.lib.common.rest_client [req-0e6cd64c-0cd2-4d24-a384-edaeec466341 req-0e6cd64c-0cd2-4d24-a384-edaeec466341 ] Request (ServerActionsTestJSON:setUpClass): 201 POST http://10.180.1.21/identity/v3/auth/tokens 0.062s
2025-05-19 17:08:14.214 70180 INFO tempest.lib.common.rest_client [req-70ecf2cb-d663-4229-886f-32ea0850c3a6 req-70ecf2cb-d663-4229-886f-32ea0850c3a6 ] Request (KeyPairsV210TestJSON:_run_cleanups): 204 DELETE http://10.180.1.21/compute/v2.1/os-keypairs/tempest-keypair-530830996?user_id=b3c9171b7b234386b316ba8f6f72ab03 1.658s
2025-05-19 17:08:14.232 70176 INFO tempest.lib.common.rest_client [req-dfdd15a2-4eef-4be6-9853-2218e38a54d5 req-dfdd15a2-4eef-4be6-9853-2218e38a54d5 ] Request (FlavorsAccessNegativeTestJSON:test_flavor_non_admin_add): 200 POST http://10.180.1.21/compute/v2.1/flavors 1.650s
2025-05-19 17:08:14.252 70198 INFO tempest.lib.common.rest_client [req-9ca782b9-3b74-4ad3-9235-66c087a7dc42 req-9ca782b9-3b74-4ad3-9235-66c087a7dc42 ] Request (SecurityGroupsTestAdminJSON:tearDownClass): 204 DELETE http://10.180.1.21:9696/networking/v2.0/security-groups/f7ec72ed-81a1-4156-b76b-c294123b0511 0.179s
2025-05-19 17:08:14.260 70142 INFO tempest.lib.common.rest_client [req-3b76795f-fceb-4c1d-a335-471992cdbf94 req-3b76795f-fceb-4c1d-a335-471992cdbf94 ] Request (ImagesMetadataTestJSON:setUpClass): 201 POST http://10.180.1.21/identity/v3/auth/tokens 0.123s
2025-05-19 17:08:14.261 70203 INFO tempest.lib.common.rest_client [req-e36cc381-3508-489d-95b8-2bdc1fb72aa8 req-e36cc381-3508-489d-95b8-2bdc1fb72aa8 ] Request (MigrationsAdminTest:test_resize_server_revert_deleted_flavor): 200 POST http://10.180.1.21/compute/v2.1/flavors/79d98f3b-739a-4b03-8d61-f9340bdb186c/os-extra_specs 1.573s
2025-05-19 17:08:14.274 70168 INFO tempest.lib.common.rest_client [req-6a5db285-a812-4a3e-b808-248381c5fd27 req-6a5db285-a812-4a3e-b808-248381c5fd27 ] Request (ServersTestFqdnHostnames:test_create_server_with_fqdn_name): 201 POST http://10.180.1.21:9696/networking/v2.0/floatingips 0.920s
2025-05-19 17:08:14.274 70154 INFO tempest.lib.common.rest_client [req-84e91e75-ad67-43a9-9e0f-90f3f6162cd2 req-84e91e75-ad67-43a9-9e0f-90f3f6162cd2 ] Request (HostsAdminTestJSON:tearDownClass): 204 DELETE http://10.180.1.21:9696/networking/v2.0/security-groups/1384692a-aba6-4be9-908b-ab719e4d9699 0.088s
2025-05-19 17:08:14.290 70160 INFO tempest.lib.common.rest_client [req-9399184a-8888-4fb9-ae35-e53d0e260e1a req-9399184a-8888-4fb9-ae35-e53d0e260e1a ] Request (ServerActionsTestJSON:setUpClass): 201 POST http://10.180.1.21/identity/v3/auth/tokens 0.089s
2025-05-19 17:08:14.311 70194 INFO tempest.lib.common.rest_client [req-92113d4c-b5fa-4aa8-86c4-f6e08428137f req-92113d4c-b5fa-4aa8-86c4-f6e08428137f ] Request (QuotasAdminTestJSON:test_get_updated_quotas): 200 PUT http://10.180.1.21/compute/v2.1/os-quota-sets/0c7a3c8b9b574889b836a198af079aa8 1.776s
2025-05-19 17:08:14.312 70186 INFO tempest.lib.common.rest_client [req-6f377d47-ca58-4932-b454-6fd9e2a1fd49 req-6f377d47-ca58-4932-b454-6fd9e2a1fd49 ] Request (FlavorsAccessTestJSON:tearDownClass): 204 DELETE http://10.180.1.21/identity/v3/projects/54df9597bb0f4f70a67419259e90ee8a 0.159s
2025-05-19 17:08:14.312 70186 INFO tempest.lib.common.dynamic_creds [-] Deleting project and security group for project: 517aab2ee21b4769993bb7879a82cc4c
2025-05-19 17:08:14.393 70198 INFO tempest.lib.common.rest_client [req-f54573af-51d5-456d-a7dc-26c5dd41ea8c req-f54573af-51d5-456d-a7dc-26c5dd41ea8c ] Request (SecurityGroupsTestAdminJSON:tearDownClass): 204 DELETE http://10.180.1.21/identity/v3/projects/91a1721d7ada411288b6b8696cb072df 0.139s
2025-05-19 17:08:14.394 70198 INFO tempest.test [-] raised in SpiceDirectConsoleTestJSON.setUpClass. Invoking tearDownClass.
2025-05-19 17:08:14.435 70170 INFO tempest.lib.common.rest_client [req-3d4037ca-4b79-433d-921a-92cda5ddb78c req-3d4037ca-4b79-433d-921a-92cda5ddb78c ] Request (ServicesAdminNegativeTestJSON:test_list_services_with_non_admin_user): 403 GET http://10.180.1.21/compute/v2.1/os-services 1.715s
2025-05-19 17:08:14.452 70172 INFO tempest.lib.common.rest_client [req-734129aa-417a-4b1c-8f68-542cb9fd93cc req-734129aa-417a-4b1c-8f68-542cb9fd93cc ] Request (FlavorsExtraSpecsTestJSON:test_flavor_set_get_update_show_unset_keys): 200 GET http://10.180.1.21/compute/v2.1/flavors/2140448103/os-extra_specs 1.711s
2025-05-19 17:08:14.453 70203 INFO tempest.lib.common.rest_client [req-34b41641-37c1-427b-9183-fa37411f5caf req-34b41641-37c1-427b-9183-fa37411f5caf ] Request (MigrationsAdminTest:test_resize_server_revert_deleted_flavor): 201 POST http://10.180.1.21/identity/v3/auth/tokens 0.187s
2025-05-19 17:08:14.454 70203 INFO tempest.lib.common.fixed_network [-] (MigrationsAdminTest:test_resize_server_revert_deleted_flavor) Found network None available for tenant
2025-05-19 17:08:14.474 70186 INFO tempest.lib.common.rest_client [req-7d122813-c009-4346-b830-8d7932915f43 req-7d122813-c009-4346-b830-8d7932915f43 ] Request (FlavorsAccessTestJSON:tearDownClass): 200 GET http://10.180.1.21:9696/networking/v2.0/security-groups?tenant_id=517aab2ee21b4769993bb7879a82cc4c&name=default 0.161s
2025-05-19 17:08:14.526 70178 INFO tempest.lib.common.rest_client [req-e2712bb9-7c8f-4884-a951-03ab203a4195 req-e2712bb9-7c8f-4884-a951-03ab203a4195 ] Request (ServerMetadataNegativeTestJSON:setUpClass): 200 GET http://10.180.1.21/compute/v2.1/servers/b1288583-f954-4a63-9aea-cf66517fd23c 1.599s
2025-05-19 17:08:14.549 70152 INFO tempest.lib.common.rest_client [req-d7505654-e36f-4f86-9b22-81156e6cb551 req-d7505654-e36f-4f86-9b22-81156e6cb551 ] Request (DeleteServersAdminTestJSON:test_delete_server_while_in_error_state): 404 GET http://10.180.1.21/compute/v2.1/servers/c0bf88fe-3e9e-4677-b514-0574f3ecad0e 1.610s
2025-05-19 17:08:14.562 70154 INFO tempest.lib.common.rest_client [req-f1648ab4-23a6-49da-9110-7c619641b0e8 req-f1648ab4-23a6-49da-9110-7c619641b0e8 ] Request (HostsAdminTestJSON:tearDownClass): 204 DELETE http://10.180.1.21/identity/v3/projects/e44ac2ff23cf4be88bc5fcda798b0bcc 0.287s
2025-05-19 17:08:14.563 70154 INFO tempest.test [-] raised in TestVolumeSwap.setUpClass. Invoking tearDownClass.
2025-05-19 17:08:14.617 70168 INFO tempest.lib.common.rest_client [req-ff0658db-1a0b-4a82-b729-4eb79ed07933 req-ff0658db-1a0b-4a82-b729-4eb79ed07933 ] Request (ServersTestFqdnHostnames:test_create_server_with_fqdn_name): 201 POST http://10.180.1.21/identity/v3/auth/tokens 0.341s
2025-05-19 17:08:14.618 70168 INFO tempest.lib.common.fixed_network [-] (ServersTestFqdnHostnames:test_create_server_with_fqdn_name) Found network {'id': 'a36e697d-dcfe-4f1a-8050-dfeba1733569', 'name': 'tempest-ServersTestFqdnHostnames-229209288-network', 'tenant_id': 'f7a479f1dc7441869d3500f217a57a0d', 'admin_state_up': True, 'mtu': 8950, 'status': 'ACTIVE', 'subnets': [], 'shared': False, 'project_id': 'f7a479f1dc7441869d3500f217a57a0d', 'port_security_enabled': True, 'router:external': False, 'provider:network_type': 'vlan', 'provider:physical_network': 'default', 'provider:segmentation_id': 835, 'availability_zone_hints': [], 'availability_zones': [], 'ipv4_address_scope': None, 'ipv6_address_scope': None, 'description': '', 'tags': [], 'created_at': '2025-05-19T17:08:04Z', 'updated_at': '2025-05-19T17:08:04Z', 'revision_number': 1} available for tenant
2025-05-19 17:08:14.622 70160 INFO tempest.lib.common.rest_client [req-5ca603e2-1ecb-4671-93c9-41bf4e5d8ff6 req-5ca603e2-1ecb-4671-93c9-41bf4e5d8ff6 ] Request (ServerActionsTestJSON:setUpClass): 200 GET http://10.180.1.21/identity/v3/domains?name=Default 0.332s
2025-05-19 17:08:14.625 70186 INFO tempest.lib.common.rest_client [req-76acce25-857c-45bb-9fb3-ba9460f99864 req-76acce25-857c-45bb-9fb3-ba9460f99864 ] Request (FlavorsAccessTestJSON:tearDownClass): 204 DELETE http://10.180.1.21:9696/networking/v2.0/security-groups/65d0c840-6784-47a8-8674-4512a24d185f 0.150s
2025-05-19 17:08:14.626 70188 INFO tempest.lib.common.rest_client [req-2ae3b03a-e417-4f31-b617-439acdcf1a4a req-2ae3b03a-e417-4f31-b617-439acdcf1a4a ] Request (VolumesAssistedSnapshotsTest:test_volume_assisted_snapshot_create_delete): 200 GET http://10.180.1.21/compute/v2.1/servers/404564ba-74dc-42cd-a07f-19cafea277f5 1.542s
2025-05-19 17:08:14.643 70198 INFO tempest.lib.common.rest_client [req-5d63defd-a5ec-4efc-8d41-df26d9cf0fbf req-5d63defd-a5ec-4efc-8d41-df26d9cf0fbf ] Request (FlavorsV2NegativeTest:setUpClass): 201 POST http://10.180.1.21/identity/v3/auth/tokens 0.246s
2025-05-19 17:08:14.646 70150 INFO tempest.lib.common.rest_client [req-c9d92755-1769-488d-b8ca-022efb81e566 req-c9d92755-1769-488d-b8ca-022efb81e566 ] Request (AggregatesAdminNegativeTestJSON:_run_cleanups): 200 DELETE http://10.180.1.21/compute/v2.1/os-aggregates/3 1.549s
2025-05-19 17:08:14.670 70192 INFO tempest.lib.common.rest_client [req-31ff2b0a-584d-473a-b7d4-b481601a4de6 req-31ff2b0a-584d-473a-b7d4-b481601a4de6 ] Request (HypervisorAdminTestJSON:test_get_hypervisor_list_details): 200 GET http://10.180.1.21/compute/v2.1/os-hypervisors/detail 1.233s
2025-05-19 17:08:14.703 70152 INFO tempest.lib.common.rest_client [req-1e6f12c6-530b-4bfe-b598-2977c185d833 req-1e6f12c6-530b-4bfe-b598-2977c185d833 ] Request (DeleteServersAdminTestJSON:tearDownClass): 204 DELETE http://10.180.1.21/identity/v3/users/7ef41cd5912c46008bef5076a31d394a 0.151s
2025-05-19 17:08:14.706 70170 INFO tempest.lib.common.rest_client [req-49f7db40-0fad-4b55-b8ac-8c389f0b15b3 req-49f7db40-0fad-4b55-b8ac-8c389f0b15b3 ] Request (ServicesAdminNegativeTestJSON:tearDownClass): 204 DELETE http://10.180.1.21/identity/v3/users/cc7ab63ff07f48908ef5d5738ac2a0b2 0.269s
2025-05-19 17:08:14.754 70154 INFO tempest.lib.common.rest_client [req-b9bdbba8-5518-41fb-bf8a-b3cd5c9ad3a6 req-b9bdbba8-5518-41fb-bf8a-b3cd5c9ad3a6 ] Request (ServersListShow298Test:setUpClass): 201 POST http://10.180.1.21/identity/v3/auth/tokens 0.187s
2025-05-19 17:08:14.781 70158 INFO tempest.lib.common.rest_client [req-14eb74f1-642a-406d-aab4-db968836ee45 req-14eb74f1-642a-406d-aab4-db968836ee45 ] Request (ServersWithSpecificFlavorTestJSON:test_verify_created_server_ephemeral_disk): 202 POST http://10.180.1.21/compute/v2.1/servers 2.055s
2025-05-19 17:08:14.785 70160 INFO tempest.lib.common.rest_client [req-384d18e0-b27e-438b-ac36-9a345ad7dfac req-384d18e0-b27e-438b-ac36-9a345ad7dfac ] Request (ServerActionsTestJSON:setUpClass): 201 POST http://10.180.1.21/identity/v3/projects 0.162s
2025-05-19 17:08:14.842 70164 INFO tempest.lib.common.rest_client [req-dc6e2de6-7396-4e82-97c6-6ba3947e87a0 req-dc6e2de6-7396-4e82-97c6-6ba3947e87a0 ] Request (ImagesNegativeTestJSON:test_create_image_from_deleted_server): 200 GET http://10.180.1.21/compute/v2.1/servers/ed2cf17b-7499-4eb3-99d2-b1512c8eb982 1.349s
2025-05-19 17:08:14.851 70198 INFO tempest.lib.common.rest_client [req-29ac12a2-e1c1-4871-9451-fe61811807b1 req-29ac12a2-e1c1-4871-9451-fe61811807b1 ] Request (FlavorsV2NegativeTest:setUpClass): 201 POST http://10.180.1.21/identity/v3/auth/tokens 0.203s
2025-05-19 17:08:14.880 70186 INFO tempest.lib.common.rest_client [req-ff1a8d56-b288-4e25-80c1-774e510aa405 req-ff1a8d56-b288-4e25-80c1-774e510aa405 ] Request (FlavorsAccessTestJSON:tearDownClass): 204 DELETE http://10.180.1.21/identity/v3/projects/517aab2ee21b4769993bb7879a82cc4c 0.255s
2025-05-19 17:08:14.967 70152 INFO tempest.lib.common.rest_client [req-747792c2-24b0-47fe-af8d-db01a4f6704e req-747792c2-24b0-47fe-af8d-db01a4f6704e ] Request (DeleteServersAdminTestJSON:tearDownClass): 204 DELETE http://10.180.1.21/identity/v3/users/26c72748fc0b4f0ea193543516aa5797 0.263s
2025-05-19 17:08:14.967 70152 INFO tempest.lib.common.dynamic_creds [-] Deleting project and security group for project: 65d0aa2422eb468a9862c7824f8958d8
2025-05-19 17:08:14.989 70200 INFO tempest.lib.common.rest_client [req-aeb5be9f-71a5-4c93-8ad1-3632f77bb353 req-aeb5be9f-71a5-4c93-8ad1-3632f77bb353 ] Request (ServersTestManualDisk:setUpClass): 200 POST http://10.180.1.21/compute/v2.1/os-keypairs 1.501s
2025-05-19 17:08:15.032 70154 INFO tempest.lib.common.rest_client [req-3a805d90-f522-4f7a-bfc9-83d42fb2b043 req-3a805d90-f522-4f7a-bfc9-83d42fb2b043 ] Request (ServersListShow298Test:setUpClass): 201 POST http://10.180.1.21/identity/v3/auth/tokens 0.274s
2025-05-19 17:08:15.036 70170 INFO tempest.lib.common.rest_client [req-c3f5a634-ccdf-4c93-903e-37bb0b675de0 req-c3f5a634-ccdf-4c93-903e-37bb0b675de0 ] Request (ServicesAdminNegativeTestJSON:tearDownClass): 204 DELETE http://10.180.1.21/identity/v3/users/fccde52b0a1444eb843bb0c9564f11e9 0.329s
2025-05-19 17:08:15.036 70170 INFO tempest.lib.common.dynamic_creds [-] Deleting project and security group for project: 367dc016f4b7473e947f358a4b1dcdf8
2025-05-19 17:08:15.053 70166 INFO tempest.lib.common.rest_client [req-8a4d30c8-344a-4c37-bf23-30647a09db43 req-8a4d30c8-344a-4c37-bf23-30647a09db43 ] Request (TenantUsagesTestJSON:setUpClass): 200 GET http://10.180.1.21/compute/v2.1/servers/882320bf-e68f-43b4-98db-68774f18f98d 1.374s
2025-05-19 17:08:15.056 70190 INFO tempest.lib.common.rest_client [-] Request (TestVersions:test_get_version_details): 200 GET http://10.180.1.21/compute/ 1.375s
2025-05-19 17:08:15.079 70182 INFO tempest.lib.common.rest_client [req-3bc20bb3-f069-4046-bdc0-8d90c80ce7ba req-3bc20bb3-f069-4046-bdc0-8d90c80ce7ba ] Request (ListServerFiltersTestJSON:setUpClass): 404 GET http://10.180.1.21/compute/v2.1/servers/59c5e844-ecbb-4697-a00e-d4b32975c76f 1.372s
2025-05-19 17:08:15.080 70182 INFO tempest.test [-] raised in ListServerFiltersTestJSON.setUpClass. Invoking tearDownClass.
2025-05-19 17:08:15.090 70160 INFO tempest.lib.common.rest_client [req-322897c7-a465-40d6-b7ea-b0d3598f7879 req-322897c7-a465-40d6-b7ea-b0d3598f7879 ] Request (ServerActionsTestJSON:setUpClass): 201 POST http://10.180.1.21/identity/v3/users 0.304s
2025-05-19 17:08:15.104 70200 INFO tempest.lib.common.rest_client [req-09b2b984-5d07-4f43-8441-9b2c8f929bae req-09b2b984-5d07-4f43-8441-9b2c8f929bae ] Request (ServersTestManualDisk:setUpClass): 201 POST http://10.180.1.21:9696/networking/v2.0/security-groups 0.113s
2025-05-19 17:08:15.125 70204 INFO tempest.lib.common.rest_client [req-fb168a2f-afcc-4842-a77e-216b8ea03a52 req-fb168a2f-afcc-4842-a77e-216b8ea03a52 ] Request (KeyPairsV2TestJSON:test_keypair_create_delete): 200 POST http://10.180.1.21/compute/v2.1/os-keypairs 1.406s
2025-05-19 17:08:15.151 70198 INFO tempest.lib.common.rest_client [req-9d8bfd7d-81a1-47f3-b98b-c046b492520b req-9d8bfd7d-81a1-47f3-b98b-c046b492520b ] Request (FlavorsV2NegativeTest:setUpClass): 200 GET http://10.180.1.21/identity/v3/domains?name=Default 0.299s
2025-05-19 17:08:15.166 70144 INFO tempest.lib.common.rest_client [req-96dce91e-2ef2-4f11-850e-3f819c01b74b req-96dce91e-2ef2-4f11-850e-3f819c01b74b ] Request (ListImageFiltersTestJSON:setUpClass): 200 GET http://10.180.1.21/compute/v2.1/images/7bedaf92-5f8a-43da-bb3f-60e639b4f993 1.330s
2025-05-19 17:08:15.190 70186 INFO tempest.lib.common.rest_client [req-e559c61d-6032-4ed5-b9b4-cc48b80989c0 req-e559c61d-6032-4ed5-b9b4-cc48b80989c0 ] Request (SecurityGroupsTestJSON:setUpClass): 201 POST http://10.180.1.21/identity/v3/auth/tokens 0.308s
2025-05-19 17:08:15.194 70174 INFO tempest.lib.common.rest_client [req-6d323ed5-c3c9-411f-a4f0-411552782e13 req-6d323ed5-c3c9-411f-a4f0-411552782e13 ] Request (FlavorsAdminTestJSON:_run_cleanups): 200 GET http://10.180.1.21/compute/v2.1/flavors/detail 1.355s
2025-05-19 17:08:15.217 70152 INFO tempest.lib.common.rest_client [req-2699194a-6eea-44bf-8092-e57336fba41c req-2699194a-6eea-44bf-8092-e57336fba41c ] Request (DeleteServersAdminTestJSON:tearDownClass): 201 POST http://10.180.1.21/identity/v3/auth/tokens 0.250s
2025-05-19 17:08:15.219 70200 INFO tempest.lib.common.rest_client [req-0358b257-9951-4c20-81d7-574749b9975d req-0358b257-9951-4c20-81d7-574749b9975d ] Request (ServersTestManualDisk:setUpClass): 201 POST http://10.180.1.21:9696/networking/v2.0/security-group-rules 0.115s
2025-05-19 17:08:15.221 70154 INFO tempest.lib.common.rest_client [req-358f4cec-9a8b-4f0f-b159-aeabd084a392 req-358f4cec-9a8b-4f0f-b159-aeabd084a392 ] Request (ServersListShow298Test:setUpClass): 200 GET http://10.180.1.21/identity/v3/domains?name=Default 0.188s
2025-05-19 17:08:15.230 70196 INFO tempest.lib.common.rest_client [req-638a9a62-c9ac-4b37-b71a-19ec468c8259 req-638a9a62-c9ac-4b37-b71a-19ec468c8259 ] Request (KeyPairsV22TestJSON:test_get_keypair_detail): 201 POST http://10.180.1.21/compute/v2.1/os-keypairs 1.597s
2025-05-19 17:08:15.238 70160 INFO tempest.lib.common.rest_client [req-67f12606-56c4-42bb-a15d-3c9ed891729c req-67f12606-56c4-42bb-a15d-3c9ed891729c ] Request (ServerActionsTestJSON:setUpClass): 200 GET http://10.180.1.21/identity/v3/roles 0.147s
2025-05-19 17:08:15.243 70170 INFO tempest.lib.common.rest_client [req-5ddc86cc-810e-410b-b7c5-7aa732ff15dd req-5ddc86cc-810e-410b-b7c5-7aa732ff15dd ] Request (ServicesAdminNegativeTestJSON:tearDownClass): 201 POST http://10.180.1.21/identity/v3/auth/tokens 0.206s
2025-05-19 17:08:15.266 70198 INFO tempest.lib.common.rest_client [req-3ed44f01-f9fc-4102-adb9-5720b92a8ed4 req-3ed44f01-f9fc-4102-adb9-5720b92a8ed4 ] Request (FlavorsV2NegativeTest:setUpClass): 201 POST http://10.180.1.21/identity/v3/projects 0.112s
2025-05-19 17:08:15.321 70186 INFO tempest.lib.common.rest_client [req-904f5545-4a88-4034-9522-5f01f31add16 req-904f5545-4a88-4034-9522-5f01f31add16 ] Request (SecurityGroupsTestJSON:setUpClass): 201 POST http://10.180.1.21/identity/v3/auth/tokens 0.127s
2025-05-19 17:08:15.347 70154 INFO tempest.lib.common.rest_client [req-90d275b1-a683-4230-85bc-1c3981e5eae0 req-90d275b1-a683-4230-85bc-1c3981e5eae0 ] Request (ServersListShow298Test:setUpClass): 201 POST http://10.180.1.21/identity/v3/projects 0.125s
2025-05-19 17:08:15.387 70200 INFO tempest.lib.common.rest_client [req-cd99b317-4ff8-45c0-afdc-639fef9bcc57 req-cd99b317-4ff8-45c0-afdc-639fef9bcc57 ] Request (ServersTestManualDisk:setUpClass): 201 POST http://10.180.1.21:9696/networking/v2.0/security-group-rules 0.167s
2025-05-19 17:08:15.421 70160 INFO tempest.lib.common.rest_client [req-bb6eca15-c78d-4f63-9241-db4d6e992a7a req-bb6eca15-c78d-4f63-9241-db4d6e992a7a ] Request (ServerActionsTestJSON:setUpClass): 204 PUT http://10.180.1.21/identity/v3/projects/ec77132e4b6647379b8b74cb4779ae09/users/5138f20a044e4f18b28210c2e69b69c4/roles/a0cc61e6fe1942d586de5bf334c6bf9c 0.182s
2025-05-19 17:08:15.421 70160 INFO tempest.lib.common.dynamic_creds [-] Dynamic test user 5138f20a044e4f18b28210c2e69b69c4 is created with scope project and roles: ['member']
2025-05-19 17:08:15.421 70160 INFO tempest.lib.common.dynamic_creds [-] Acquired dynamic creds: credentials: Credentials: {'domain_id': 'default', 'domain_name': 'Default', 'username': 'tempest-ServerActionsTestJSON-1456544772-project-member', 'project_domain_id': 'default', 'project_domain_name': 'Default', 'project_id': 'ec77132e4b6647379b8b74cb4779ae09', 'project_name': 'tempest-ServerActionsTestJSON-1456544772', 'tenant_id': 'ec77132e4b6647379b8b74cb4779ae09', 'tenant_name': 'tempest-ServerActionsTestJSON-1456544772', 'user_domain_id': 'default', 'user_domain_name': 'Default', 'user_id': '5138f20a044e4f18b28210c2e69b69c4', 'system': None}, Network: None, Subnet: None, Router: None
2025-05-19 17:08:15.441 70184 INFO tempest.lib.common.rest_client [req-90abe327-8f77-4ab2-b119-b05888a65268 req-90abe327-8f77-4ab2-b119-b05888a65268 ] Request (HostsAdminNegativeTestJSON:test_list_hosts_with_non_admin_user): 403 GET http://10.180.1.21/compute/v2.1/os-hosts 1.486s
2025-05-19 17:08:15.473 70152 INFO tempest.lib.common.rest_client [req-22b95864-66db-45be-b1db-3505008db689 req-22b95864-66db-45be-b1db-3505008db689 ] Request (DeleteServersAdminTestJSON:tearDownClass): 200 GET http://10.180.1.21:9696/networking/v2.0/security-groups?tenant_id=65d0aa2422eb468a9862c7824f8958d8&name=default 0.255s
2025-05-19 17:08:15.481 70198 INFO tempest.lib.common.rest_client [req-5d34432e-6492-4475-b991-e251dea848d3 req-5d34432e-6492-4475-b991-e251dea848d3 ] Request (FlavorsV2NegativeTest:setUpClass): 201 POST http://10.180.1.21/identity/v3/users 0.214s
2025-05-19 17:08:15.520 70186 INFO tempest.lib.common.rest_client [req-717b2bcb-cb62-4fec-9a91-c9f92279e544 req-717b2bcb-cb62-4fec-9a91-c9f92279e544 ] Request (SecurityGroupsTestJSON:setUpClass): 200 GET http://10.180.1.21/identity/v3/domains?name=Default 0.198s
2025-05-19 17:08:15.541 70154 INFO tempest.lib.common.rest_client [req-dc0ef719-03d6-4fcc-a402-160b97bb9f41 req-dc0ef719-03d6-4fcc-a402-160b97bb9f41 ] Request (ServersListShow298Test:setUpClass): 201 POST http://10.180.1.21/identity/v3/users 0.194s
2025-05-19 17:08:15.559 70198 INFO tempest.lib.common.rest_client [req-e35fcf7f-b1bf-419e-b1bb-b3765e16dcd4 req-e35fcf7f-b1bf-419e-b1bb-b3765e16dcd4 ] Request (FlavorsV2NegativeTest:setUpClass): 200 GET http://10.180.1.21/identity/v3/roles 0.077s
2025-05-19 17:08:15.563 70160 INFO tempest.lib.common.rest_client [req-9db60999-a9db-41b2-9bee-a6b5a29fc3b6 req-9db60999-a9db-41b2-9bee-a6b5a29fc3b6 ] Request (ServerActionsTestJSON:setUpClass): 201 POST http://10.180.1.21/identity/v3/auth/tokens 0.141s
2025-05-19 17:08:15.570 70142 INFO tempest.lib.common.rest_client [req-11d5f42b-297a-4878-bf20-b388d890de23 req-11d5f42b-297a-4878-bf20-b388d890de23 ] Request (ImagesMetadataTestJSON:setUpClass): 201 POST http://10.180.1.21/image/v2/images 1.309s
2025-05-19 17:08:15.580 70154 INFO tempest.lib.common.rest_client [req-c43e7008-b06a-42e0-bb20-d1b696d316cc req-c43e7008-b06a-42e0-bb20-d1b696d316cc ] Request (ServersListShow298Test:setUpClass): 200 GET http://10.180.1.21/identity/v3/roles 0.038s
2025-05-19 17:08:15.589 70186 INFO tempest.lib.common.rest_client [req-9579527d-6ab3-4fef-b947-905d343e2b2e req-9579527d-6ab3-4fef-b947-905d343e2b2e ] Request (SecurityGroupsTestJSON:setUpClass): 201 POST http://10.180.1.21/identity/v3/projects 0.068s
2025-05-19 17:08:15.602 70198 INFO tempest.lib.common.rest_client [req-44c6108d-9878-4732-a4f8-924b6b629f13 req-44c6108d-9878-4732-a4f8-924b6b629f13 ] Request (FlavorsV2NegativeTest:setUpClass): 204 PUT http://10.180.1.21/identity/v3/projects/c7126c08862e408db6fc60db7bf80881/users/da4cab71cc3941c48c5aced717f6caf1/roles/a0cc61e6fe1942d586de5bf334c6bf9c 0.042s
2025-05-19 17:08:15.602 70198 INFO tempest.lib.common.dynamic_creds [-] Dynamic test user da4cab71cc3941c48c5aced717f6caf1 is created with scope project and roles: ['member']
2025-05-19 17:08:15.603 70198 INFO tempest.lib.common.dynamic_creds [-] Acquired dynamic creds: credentials: Credentials: {'domain_id': 'default', 'domain_name': 'Default', 'username': 'tempest-FlavorsV2NegativeTest-24189781-project-member', 'project_domain_id': 'default', 'project_domain_name': 'Default', 'project_id': 'c7126c08862e408db6fc60db7bf80881', 'project_name': 'tempest-FlavorsV2NegativeTest-24189781', 'tenant_id': 'c7126c08862e408db6fc60db7bf80881', 'tenant_name': 'tempest-FlavorsV2NegativeTest-24189781', 'user_domain_id': 'default', 'user_domain_name': 'Default', 'user_id': 'da4cab71cc3941c48c5aced717f6caf1', 'system': None}, Network: None, Subnet: None, Router: None
2025-05-19 17:08:15.603 70198 INFO tempest.lib.common.dynamic_creds [-] Created isolated network resources for: credentials: Credentials: {'domain_id': 'default', 'domain_name': 'Default', 'username': 'tempest-FlavorsV2NegativeTest-24189781-project-member', 'project_domain_id': 'default', 'project_domain_name': 'Default', 'project_id': 'c7126c08862e408db6fc60db7bf80881', 'project_name': 'tempest-FlavorsV2NegativeTest-24189781', 'tenant_id': 'c7126c08862e408db6fc60db7bf80881', 'tenant_name': 'tempest-FlavorsV2NegativeTest-24189781', 'user_domain_id': 'default', 'user_domain_name': 'Default', 'user_id': 'da4cab71cc3941c48c5aced717f6caf1', 'system': None}, Network: None, Subnet: None, Router: None
2025-05-19 17:08:15.603 70152 INFO tempest.lib.common.rest_client [req-1e7b8c0b-1047-49ca-891e-50126993251b req-1e7b8c0b-1047-49ca-891e-50126993251b ] Request (DeleteServersAdminTestJSON:tearDownClass): 204 DELETE http://10.180.1.21:9696/networking/v2.0/security-groups/1a9cb1f4-25a4-479c-aaef-5d762b845e37 0.129s
2025-05-19 17:08:15.609 70146 INFO tempest.lib.common.rest_client [req-5ee3ee5d-5d8d-487f-914d-6bf52e1cefbf req-5ee3ee5d-5d8d-487f-914d-6bf52e1cefbf ] Request (SecurityGroupRulesTestJSON:test_security_group_rules_delete_when_peer_group_deleted): 200 POST http://10.180.1.21/compute/v2.1/os-security-groups 1.415s
2025-05-19 17:08:15.625 70180 INFO tempest.lib.common.rest_client [req-222058ff-8276-4985-80f9-465d118a7b62 req-222058ff-8276-4985-80f9-465d118a7b62 ] Request (KeyPairsV210TestJSON:_run_cleanups): 204 DELETE http://10.180.1.21/compute/v2.1/os-keypairs/tempest-keypair-1717630662?user_id=b3c9171b7b234386b316ba8f6f72ab03 1.411s
2025-05-19 17:08:15.669 70162 INFO tempest.lib.common.rest_client [req-d79ef568-845f-4e32-9b20-a0cccf5e8b9b req-d79ef568-845f-4e32-9b20-a0cccf5e8b9b ] Request (ServersAdminTestJSON:setUpClass): 202 POST http://10.180.1.21/compute/v2.1/servers 1.767s
2025-05-19 17:08:15.706 70170 INFO tempest.lib.common.rest_client [req-2de1cd21-d402-4ea0-8260-17bb96691cb7 req-2de1cd21-d402-4ea0-8260-17bb96691cb7 ] Request (ServicesAdminNegativeTestJSON:tearDownClass): 200 GET http://10.180.1.21:9696/networking/v2.0/security-groups?tenant_id=367dc016f4b7473e947f358a4b1dcdf8&name=default 0.463s
2025-05-19 17:08:15.717 70186 INFO tempest.lib.common.rest_client [req-5aaa5d68-e775-49f2-9fb5-be19cf872df5 req-5aaa5d68-e775-49f2-9fb5-be19cf872df5 ] Request (SecurityGroupsTestJSON:setUpClass): 201 POST http://10.180.1.21/identity/v3/users 0.127s
2025-05-19 17:08:15.727 70154 INFO tempest.lib.common.rest_client [req-2dafe32d-f2fb-4b69-a360-eadb8a08ad24 req-2dafe32d-f2fb-4b69-a360-eadb8a08ad24 ] Request (ServersListShow298Test:setUpClass): 204 PUT http://10.180.1.21/identity/v3/projects/497b83df290c450ca6708f1532e727bf/users/5cee69cc66ee4b2aa0160f8b7a9ad96f/roles/a0cc61e6fe1942d586de5bf334c6bf9c 0.146s
2025-05-19 17:08:15.727 70154 INFO tempest.lib.common.dynamic_creds [-] Dynamic test user 5cee69cc66ee4b2aa0160f8b7a9ad96f is created with scope project and roles: ['member']
2025-05-19 17:08:15.728 70154 INFO tempest.lib.common.dynamic_creds [-] Acquired dynamic creds: credentials: Credentials: {'domain_id': 'default', 'domain_name': 'Default', 'username': 'tempest-ServersListShow298Test-1055466992-project-member', 'project_domain_id': 'default', 'project_domain_name': 'Default', 'project_id': '497b83df290c450ca6708f1532e727bf', 'project_name': 'tempest-ServersListShow298Test-1055466992', 'tenant_id': '497b83df290c450ca6708f1532e727bf', 'tenant_name': 'tempest-ServersListShow298Test-1055466992', 'user_domain_id': 'default', 'user_domain_name': 'Default', 'user_id': '5cee69cc66ee4b2aa0160f8b7a9ad96f', 'system': None}, Network: None, Subnet: None, Router: None
2025-05-19 17:08:15.728 70154 INFO tempest.lib.common.dynamic_creds [-] Created isolated network resources for: credentials: Credentials: {'domain_id': 'default', 'domain_name': 'Default', 'username': 'tempest-ServersListShow298Test-1055466992-project-member', 'project_domain_id': 'default', 'project_domain_name': 'Default', 'project_id': '497b83df290c450ca6708f1532e727bf', 'project_name': 'tempest-ServersListShow298Test-1055466992', 'tenant_id': '497b83df290c450ca6708f1532e727bf', 'tenant_name': 'tempest-ServersListShow298Test-1055466992', 'user_domain_id': 'default', 'user_domain_name': 'Default', 'user_id': '5cee69cc66ee4b2aa0160f8b7a9ad96f', 'system': None}, Network: None, Subnet: None, Router: None
2025-05-19 17:08:15.776 70170 INFO tempest.lib.common.rest_client [req-daf862b4-8357-49af-a0cc-55b248a93022 req-daf862b4-8357-49af-a0cc-55b248a93022 ] Request (ServicesAdminNegativeTestJSON:tearDownClass): 204 DELETE http://10.180.1.21:9696/networking/v2.0/security-groups/124acce6-20de-43fc-b8f3-90b020e1f254 0.069s
2025-05-19 17:08:15.782 70198 INFO tempest.lib.common.rest_client [req-ebad133f-4251-4234-97a7-5b712766b961 req-ebad133f-4251-4234-97a7-5b712766b961 ] Request (FlavorsV2NegativeTest:setUpClass): 201 POST http://10.180.1.21/identity/v3/auth/tokens 0.173s
2025-05-19 17:08:15.813 70152 INFO tempest.lib.common.rest_client [req-78e2c3de-3c0b-4f67-83f8-4d9f0223991c req-78e2c3de-3c0b-4f67-83f8-4d9f0223991c ] Request (DeleteServersAdminTestJSON:tearDownClass): 204 DELETE http://10.180.1.21/identity/v3/projects/65d0aa2422eb468a9862c7824f8958d8 0.209s
2025-05-19 17:08:15.815 70152 INFO tempest.lib.common.dynamic_creds [-] Deleting project and security group for project: 980007835a434059b3c66dc79958cb3c
2025-05-19 17:08:15.894 70176 INFO tempest.lib.common.rest_client [req-715a5960-e409-439c-b6cc-dd480634f81a req-715a5960-e409-439c-b6cc-dd480634f81a ] Request (FlavorsAccessNegativeTestJSON:test_flavor_non_admin_add): 403 POST http://10.180.1.21/compute/v2.1/flavors/2006233304/action 1.659s
2025-05-19 17:08:15.908 70180 INFO tempest.lib.common.rest_client [req-6e4eb926-f571-400d-b429-f432c4bd4898 req-6e4eb926-f571-400d-b429-f432c4bd4898 ] Request (KeyPairsV210TestJSON:tearDownClass): 204 DELETE http://10.180.1.21/identity/v3/users/b3c9171b7b234386b316ba8f6f72ab03 0.282s
2025-05-19 17:08:15.922 70172 INFO tempest.lib.common.rest_client [req-b505fbd3-b697-452f-a99e-47260f7a2a51 req-b505fbd3-b697-452f-a99e-47260f7a2a51 ] Request (FlavorsExtraSpecsTestJSON:test_flavor_set_get_update_show_unset_keys): 200 PUT http://10.180.1.21/compute/v2.1/flavors/2140448103/os-extra_specs/hw:numa_nodes 1.468s
2025-05-19 17:08:15.971 70186 INFO tempest.lib.common.rest_client [req-644c6999-b743-4634-84eb-155b8f301b94 req-644c6999-b743-4634-84eb-155b8f301b94 ] Request (SecurityGroupsTestJSON:setUpClass): 200 GET http://10.180.1.21/identity/v3/roles 0.254s
2025-05-19 17:08:16.011 70152 INFO tempest.lib.common.rest_client [req-68098b88-1469-4b22-8b8e-e1b9fa796dfd req-68098b88-1469-4b22-8b8e-e1b9fa796dfd ] Request (DeleteServersAdminTestJSON:tearDownClass): 200 GET http://10.180.1.21:9696/networking/v2.0/security-groups?tenant_id=980007835a434059b3c66dc79958cb3c&name=default 0.195s
2025-05-19 17:08:16.029 70170 INFO tempest.lib.common.rest_client [req-e10ea391-5e6c-4cec-98ee-e6b6800a71e2 req-e10ea391-5e6c-4cec-98ee-e6b6800a71e2 ] Request (ServicesAdminNegativeTestJSON:tearDownClass): 204 DELETE http://10.180.1.21/identity/v3/projects/367dc016f4b7473e947f358a4b1dcdf8 0.253s
2025-05-19 17:08:16.029 70170 INFO tempest.lib.common.dynamic_creds [-] Deleting project and security group for project: feefb9bfeabc4465bf30d6a150f79c3b
2025-05-19 17:08:16.029 70154 INFO tempest.lib.common.rest_client [req-37278532-f4ef-45b1-a2a5-6711c89dfd7b req-37278532-f4ef-45b1-a2a5-6711c89dfd7b ] Request (ServersListShow298Test:setUpClass): 201 POST http://10.180.1.21/identity/v3/auth/tokens 0.298s
2025-05-19 17:08:16.030 70160 INFO tempest.lib.common.rest_client [req-06961669-e9c4-47d6-8ae1-a82629aeadbd req-06961669-e9c4-47d6-8ae1-a82629aeadbd ] Request (ServerActionsTestJSON:setUpClass): 201 POST http://10.180.1.21:9696/networking/v2.0/networks 0.467s
2025-05-19 17:08:16.112 70152 INFO tempest.lib.common.rest_client [req-92ae0771-6e38-48c6-a5cf-4f87b641595c req-92ae0771-6e38-48c6-a5cf-4f87b641595c ] Request (DeleteServersAdminTestJSON:tearDownClass): 204 DELETE http://10.180.1.21:9696/networking/v2.0/security-groups/4fbb36e3-6eef-4c06-9a05-1b61213244d3 0.101s
2025-05-19 17:08:16.120 70180 INFO tempest.lib.common.rest_client [req-68c432ae-eeba-45b2-9b48-3505e457933b req-68c432ae-eeba-45b2-9b48-3505e457933b ] Request (KeyPairsV210TestJSON:tearDownClass): 204 DELETE http://10.180.1.21/identity/v3/users/ddf7c1782c234e69b35e4a1a9938b4bb 0.212s
2025-05-19 17:08:16.121 70180 INFO tempest.lib.common.dynamic_creds [-] Deleting project and security group for project: 64158a1f8f7b4eb98cf284dc35519cfb
