2025-05-19 17:08:54.718 70146 INFO tempest.lib.common.rest_client [req-4a3e4097-54a7-4fac-8c68-6457b052331e req-4a3e4097-54a7-4fac-8c68-6457b052331e ] Request (SecurityGroupRulesTestJSON:tearDownClass): 204 DELETE http://10.180.1.21:9696/networking/v2.0/routers/d1de6de6-17ba-4ebf-8895-e9dd92ddafd4 1.605s
2025-05-19 17:08:54.729 70150 INFO tempest.lib.common.rest_client [req-4cc1a3f0-7b28-49ce-acd7-b20b93fe05bd req-4cc1a3f0-7b28-49ce-acd7-b20b93fe05bd ] Request (AggregatesAdminNegativeTestJSON:test_aggregate_remove_nonexistent_host): 200 POST http://10.180.1.21/compute/v2.1/os-aggregates 2.697s
2025-05-19 17:08:54.775 70200 INFO tempest.lib.common.rest_client [req-dc46763f-ea4a-4395-b60e-f333db28441d req-dc46763f-ea4a-4395-b60e-f333db28441d ] Request (ServersNegativeTestJSON:setUpClass): 201 POST http://10.180.1.21/identity/v3/users 0.066s
2025-05-19 17:08:54.799 70200 INFO tempest.lib.common.rest_client [req-23b13fca-eaf8-412f-9b88-2daca8b5b596 req-23b13fca-eaf8-412f-9b88-2daca8b5b596 ] Request (ServersNegativeTestJSON:setUpClass): 200 GET http://10.180.1.21/identity/v3/roles 0.023s
2025-05-19 17:08:54.813 70170 INFO tempest.lib.common.rest_client [req-67341290-d185-485d-9373-7568feb5087f req-67341290-d185-485d-9373-7568feb5087f ] Request (ServerRescueNegativeTestJSON:setUpClass): 204 DELETE http://10.180.1.21/compute/v2.1/servers/f7044912-6ba7-4551-baf4-2ba14dfa5853 2.796s
2025-05-19 17:08:54.828 70200 INFO tempest.lib.common.rest_client [req-dc730c9e-8143-4523-a037-ba1b976746d1 req-dc730c9e-8143-4523-a037-ba1b976746d1 ] Request (ServersNegativeTestJSON:setUpClass): 204 PUT http://10.180.1.21/identity/v3/projects/31cf1a5e524c40f2aebc87f4f07d16a4/users/d6897aa31297481782837d57cfb5042c/roles/a0cc61e6fe1942d586de5bf334c6bf9c 0.028s
2025-05-19 17:08:54.828 70200 INFO tempest.lib.common.dynamic_creds [-] Dynamic test user d6897aa31297481782837d57cfb5042c is created with scope project and roles: ['member']
2025-05-19 17:08:54.828 70200 INFO tempest.lib.common.dynamic_creds [-] Acquired dynamic creds: credentials: Credentials: {'domain_id': 'default', 'domain_name': 'Default', 'username': 'tempest-ServersNegativeTestJSON-288850473-project-member', 'project_domain_id': 'default', 'project_domain_name': 'Default', 'project_id': '31cf1a5e524c40f2aebc87f4f07d16a4', 'project_name': 'tempest-ServersNegativeTestJSON-288850473', 'tenant_id': '31cf1a5e524c40f2aebc87f4f07d16a4', 'tenant_name': 'tempest-ServersNegativeTestJSON-288850473', 'user_domain_id': 'default', 'user_domain_name': 'Default', 'user_id': 'd6897aa31297481782837d57cfb5042c', 'system': None}, Network: None, Subnet: None, Router: None
2025-05-19 17:08:54.881 70200 INFO tempest.lib.common.rest_client [req-32b7860f-0f9d-4df4-be02-3ecfe4ac660f req-32b7860f-0f9d-4df4-be02-3ecfe4ac660f ] Request (ServersNegativeTestJSON:setUpClass): 201 POST http://10.180.1.21/identity/v3/auth/tokens 0.053s
2025-05-19 17:08:55.159 70166 INFO tempest.lib.common.rest_client [req-8a4e3264-63fc-46ec-ab7c-461e4d24cb5e req-8a4e3264-63fc-46ec-ab7c-461e4d24cb5e ] Request (FloatingIPsAssociationNegativeTestJSON:tearDownClass): 204 DELETE http://10.180.1.21:9696/networking/v2.0/networks/1b9b92ec-425f-42e0-b792-b231a0ef10c5 0.526s
2025-05-19 17:08:55.229 70158 INFO tempest.lib.common.rest_client [req-c490ffe9-af03-4005-89a4-54dd2bb656c1 req-c490ffe9-af03-4005-89a4-54dd2bb656c1 ] Request (ListImageFiltersNegativeTestJSON:tearDownClass): 200 GET http://10.180.1.21:9696/networking/v2.0/security-groups?tenant_id=61d2e16113344dcfb055a1abfe13c5f8&name=default 0.809s
2025-05-19 17:08:55.240 70166 INFO tempest.lib.common.rest_client [req-d7448330-a428-4e94-abe4-33639024519a req-d7448330-a428-4e94-abe4-33639024519a ] Request (FloatingIPsAssociationNegativeTestJSON:tearDownClass): 204 DELETE http://10.180.1.21/identity/v3/users/6d7e660d2993466d96d422c6d236de46 0.081s
2025-05-19 17:08:55.241 70166 INFO tempest.lib.common.dynamic_creds [-] Deleting project and security group for project: 00fd6399fde04ee2ac8ba35e31126d7e
2025-05-19 17:08:55.261 70180 INFO tempest.lib.common.rest_client [req-680966bf-e9c8-4586-83c5-e34234dcfdde req-680966bf-e9c8-4586-83c5-e34234dcfdde ] Request (FloatingIPsTestJSON:test_allocate_floating_ip): 200 GET http://10.180.1.21/compute/v2.1/os-floating-ips 3.033s
2025-05-19 17:08:55.308 70166 INFO tempest.lib.common.rest_client [req-995a9d47-b86c-438c-8804-07513f59c0a1 req-995a9d47-b86c-438c-8804-07513f59c0a1 ] Request (FloatingIPsAssociationNegativeTestJSON:tearDownClass): 200 GET http://10.180.1.21:9696/networking/v2.0/security-groups?tenant_id=00fd6399fde04ee2ac8ba35e31126d7e&name=default 0.066s
2025-05-19 17:08:55.337 70146 INFO tempest.lib.common.rest_client [req-d0c791fc-3b45-488e-85ed-401a7ed3d483 req-d0c791fc-3b45-488e-85ed-401a7ed3d483 ] Request (SecurityGroupRulesTestJSON:tearDownClass): 204 DELETE http://10.180.1.21:9696/networking/v2.0/subnets/7f6a1cb2-1187-4c61-bb2f-5f4ede73062b 0.618s
2025-05-19 17:08:55.350 70144 INFO tempest.lib.common.rest_client [req-bb9e1be9-9bcc-41a1-bfc4-379646aa18c9 req-bb9e1be9-9bcc-41a1-bfc4-379646aa18c9 ] Request (AttachInterfacesTestJSON:setUpClass): 201 POST http://10.180.1.21:9696/networking/v2.0/routers 3.200s
2025-05-19 17:08:55.360 70164 INFO tempest.lib.common.rest_client [req-c29f1970-80ce-4d9f-aa34-eeec203b72b3 req-c29f1970-80ce-4d9f-aa34-eeec203b72b3 ] Request (ImagesOneServerNegativeTestJSON:setUpClass): 200 GET http://10.180.1.21/compute/v2.1/servers/c5283b02-cb7d-4199-ab57-d645b531c924 1.994s
2025-05-19 17:08:55.538 70204 INFO tempest.lib.common.rest_client [req-b2034ec7-687c-47e0-8832-a65ebeda032a req-b2034ec7-687c-47e0-8832-a65ebeda032a ] Request (ServersTestBootFromVolume:setUpClass): 200 GET http://10.180.1.21/volume/v3/volumes/284b338c-8a3d-4dd2-85f8-6362f9aa6d65 0.044s
2025-05-19 17:08:55.590 70200 INFO tempest.lib.common.rest_client [req-79b52048-51a7-4824-9648-c26c33281671 req-79b52048-51a7-4824-9648-c26c33281671 ] Request (ServersNegativeTestJSON:setUpClass): 201 POST http://10.180.1.21:9696/networking/v2.0/networks 0.708s
2025-05-19 17:08:55.590 70203 INFO tempest.lib.common.rest_client [req-a7b39241-d878-4994-bc47-7d2ce8e61b45 req-a7b39241-d878-4994-bc47-7d2ce8e61b45 ] Request (ServerPasswordTestJSON:setUpClass): 202 POST http://10.180.1.21/compute/v2.1/servers 3.487s
2025-05-19 17:08:55.609 70158 INFO tempest.lib.common.rest_client [req-24d344b7-d1d0-4a7d-ad49-fb5cdbf78e5c req-24d344b7-d1d0-4a7d-ad49-fb5cdbf78e5c ] Request (ListImageFiltersNegativeTestJSON:tearDownClass): 204 DELETE http://10.180.1.21:9696/networking/v2.0/security-groups/0472f78e-ff7b-4371-8621-c285030529d8 0.379s
2025-05-19 17:08:55.625 70156 INFO tempest.lib.common.rest_client [req-41daf4f7-41a8-407d-96ac-54c45b57b804 req-41daf4f7-41a8-407d-96ac-54c45b57b804 ] Request (ServerActionsV293TestJSON:setUpClass): 200 GET http://10.180.1.21/volume/v3/volumes/756d1971-34de-456d-a69d-71e371a09eba 0.037s
2025-05-19 17:08:55.632 70152 INFO tempest.lib.common.rest_client [req-d7f3a2b9-2701-4517-bbf8-7d20b7855f83 req-d7f3a2b9-2701-4517-bbf8-7d20b7855f83 ] Request (FloatingIPDetailsTestJSON:test_list_floating_ips): 200 GET http://10.180.1.21/compute/v2.1/os-floating-ips 2.264s
2025-05-19 17:08:55.651 70166 INFO tempest.lib.common.rest_client [req-22483b30-4de9-411c-bc30-9023a8a732de req-22483b30-4de9-411c-bc30-9023a8a732de ] Request (FloatingIPsAssociationNegativeTestJSON:tearDownClass): 204 DELETE http://10.180.1.21:9696/networking/v2.0/security-groups/d4da6c20-5a1f-498d-b776-cd80dba03f4d 0.342s
2025-05-19 17:08:55.737 70168 INFO tempest.lib.common.rest_client [req-438d45db-0238-43f1-9caa-83950314a2c0 req-438d45db-0238-43f1-9caa-83950314a2c0 ] Request (ServersTestMultiNic:test_verify_duplicate_network_nics): 200 GET http://10.180.1.21/compute/v2.1/servers/49828e7c-c007-4e0b-844f-9a7c16f71eb4 2.209s
2025-05-19 17:08:55.754 70158 INFO tempest.lib.common.rest_client [req-349d979f-96c5-40aa-91c3-da1d2ef72cb1 req-349d979f-96c5-40aa-91c3-da1d2ef72cb1 ] Request (ListImageFiltersNegativeTestJSON:tearDownClass): 204 DELETE http://10.180.1.21/identity/v3/projects/61d2e16113344dcfb055a1abfe13c5f8 0.145s
2025-05-19 17:08:55.768 70174 INFO tempest.lib.common.rest_client [req-d0a363b5-630b-44fb-ae5c-2cab3a5747b2 req-d0a363b5-630b-44fb-ae5c-2cab3a5747b2 ] Request (FlavorsAdminTestJSON:test_is_public_string_variations): 200 GET http://10.180.1.21/compute/v2.1/flavors/detail?is_public=yes 2.195s
2025-05-19 17:08:55.820 70158 INFO tempest.lib.common.rest_client [req-c6a98763-a934-4f49-9a51-44b27f22217b req-c6a98763-a934-4f49-9a51-44b27f22217b ] Request (InstanceActionsV221TestJSON:setUpClass): 201 POST http://10.180.1.21/identity/v3/auth/tokens 0.063s
2025-05-19 17:08:55.823 70162 INFO tempest.lib.common.rest_client [req-1e8a0010-7c35-4019-a37b-47ef1fea9614 req-1e8a0010-7c35-4019-a37b-47ef1fea9614 ] Request (FloatingIPsNegativeTestJSON:setUpClass): 200 GET http://10.180.1.21/compute/v2.1/os-floating-ips 2.417s
2025-05-19 17:08:55.850 70166 INFO tempest.lib.common.rest_client [req-c4a35648-0cdc-4d69-be46-1ae050123986 req-c4a35648-0cdc-4d69-be46-1ae050123986 ] Request (FloatingIPsAssociationNegativeTestJSON:tearDownClass): 204 DELETE http://10.180.1.21/identity/v3/projects/00fd6399fde04ee2ac8ba35e31126d7e 0.199s
2025-05-19 17:08:55.864 70184 INFO tempest.lib.common.rest_client [req-9fb2536a-00ab-4b8a-9579-24110e91b11d req-9fb2536a-00ab-4b8a-9579-24110e91b11d ] Request (ListServersNegativeTestJSON:setUpClass): 200 PUT http://10.180.1.21:9696/networking/v2.0/routers/4a4c7505-d5f0-42d7-ae44-b732604029bc/add_router_interface 4.177s
2025-05-19 17:08:55.865 70184 INFO tempest.lib.common.dynamic_creds [-] Created isolated network resources for: credentials: Credentials: {'domain_id': 'default', 'domain_name': 'Default', 'username': 'tempest-ListServersNegativeTestJSON-1213230137-project-member', 'project_domain_id': 'default', 'project_domain_name': 'Default', 'project_id': '50a613a419dc414a832168ca26a48964', 'project_name': 'tempest-ListServersNegativeTestJSON-1213230137', 'tenant_id': '50a613a419dc414a832168ca26a48964', 'tenant_name': 'tempest-ListServersNegativeTestJSON-1213230137', 'user_domain_id': 'default', 'user_domain_name': 'Default', 'user_id': '97a3fe41d840494481228c96df455247', 'system': None}, Network: {'id': 'f48630f5-6c08-4323-b697-f28dc4fbe76e', 'name': 'tempest-ListServersNegativeTestJSON-1176715944-network', 'tenant_id': '50a613a419dc414a832168ca26a48964', 'admin_state_up': True, 'mtu': 8950, 'status': 'ACTIVE', 'subnets': [], 'shared': False, 'project_id': '50a613a419dc414a832168ca26a48964', 'port_security_enabled': True, 'router:external': False, 'provider:network_type': 'vlan', 'provider:physical_network': 'default', 'provider:segmentation_id': 48, 'availability_zone_hints': [], 'availability_zones': [], 'ipv4_address_scope': None, 'ipv6_address_scope': None, 'description': '', 'tags': [], 'created_at': '2025-05-19T17:08:49Z', 'updated_at': '2025-05-19T17:08:49Z', 'revision_number': 1}, Subnet: {'id': '23619845-02bf-4640-86e7-c3531b916607', 'name': 'tempest-ListServersNegativeTestJSON-1176715944-subnet', 'tenant_id': '50a613a419dc414a832168ca26a48964', 'network_id': 'f48630f5-6c08-4323-b697-f28dc4fbe76e', 'ip_version': 4, 'subnetpool_id': None, 'enable_dhcp': True, 'ipv6_ra_mode': None, 'ipv6_address_mode': None, 'gateway_ip': '192.168.128.1', 'cidr': '192.168.128.0/28', 'allocation_pools': [{'start': '192.168.128.2', 'end': '192.168.128.14'}], 'host_routes': [], 'dns_nameservers': [], 'description': '', 'router:external': False, 'service_types': [], 'tags': [], 'created_at': '2025-05-19T17:08:49Z', 'updated_at': '2025-05-19T17:08:49Z', 'revision_number': 0, 'project_id': '50a613a419dc414a832168ca26a48964'}, Router: {'id': '4a4c7505-d5f0-42d7-ae44-b732604029bc', 'name': 'tempest-ListServersNegativeTestJSON-1176715944-router', 'tenant_id': '50a613a419dc414a832168ca26a48964', 'admin_state_up': True, 'status': 'ACTIVE', 'external_gateway_info': {'network_id': 'f200a472-c33d-4aa1-a911-070b776ff724', 'external_fixed_ips': [{'subnet_id': 'd0ee670a-ae1e-4d9f-bb2f-16bee9632423', 'ip_address': '10.180.180.221'}], 'enable_snat': True}, 'description': '', 'availability_zones': [], 'distributed': False, 'ha': False, 'availability_zone_hints': [], 'routes': [], 'flavor_id': None, 'tags': [], 'created_at': '2025-05-19T17:08:50Z', 'updated_at': '2025-05-19T17:08:50Z', 'revision_number': 2, 'project_id': '50a613a419dc414a832168ca26a48964'}
2025-05-19 17:08:55.907 70158 INFO tempest.lib.common.rest_client [req-7d2fcbfc-b1c8-4348-94f6-83cfe73eeb6f req-7d2fcbfc-b1c8-4348-94f6-83cfe73eeb6f ] Request (InstanceActionsV221TestJSON:setUpClass): 201 POST http://10.180.1.21/identity/v3/auth/tokens 0.083s
2025-05-19 17:08:55.932 70166 INFO tempest.lib.common.rest_client [req-8c597eaf-7cc6-4f1a-88b3-ccc4b3fb7fa7 req-8c597eaf-7cc6-4f1a-88b3-ccc4b3fb7fa7 ] Request (ServersV294TestFqdnHostnames:setUpClass): 201 POST http://10.180.1.21/identity/v3/auth/tokens 0.078s
2025-05-19 17:08:55.987 70154 INFO tempest.lib.common.rest_client [req-a22e815b-74aa-459c-8efb-d6b769329e53 req-a22e815b-74aa-459c-8efb-d6b769329e53 ] Request (QuotasTestJSON:test_get_quotas): 200 GET http://10.180.1.21/compute/v2.1/os-quota-sets/7e82014c82df4238b556cb65d5d39b35?user_id=5fc2bd5c43b0446ba071fcaade8e3988 2.274s
2025-05-19 17:08:55.990 70200 INFO tempest.lib.common.rest_client [req-f6ee7d11-45b2-48ee-b0a2-6dd4147f5a4c req-f6ee7d11-45b2-48ee-b0a2-6dd4147f5a4c ] Request (ServersNegativeTestJSON:setUpClass): 201 POST http://10.180.1.21:9696/networking/v2.0/subnets 0.399s
2025-05-19 17:08:56.002 70158 INFO tempest.lib.common.rest_client [req-389e1969-8ef7-485c-894e-0b908b18ae4f req-389e1969-8ef7-485c-894e-0b908b18ae4f ] Request (InstanceActionsV221TestJSON:setUpClass): 200 GET http://10.180.1.21/identity/v3/domains?name=Default 0.094s
2025-05-19 17:08:56.009 70184 INFO tempest.lib.common.rest_client [req-f7e0ee45-0542-47c2-84c0-6bbf9b26ae24 req-f7e0ee45-0542-47c2-84c0-6bbf9b26ae24 ] Request (ListServersNegativeTestJSON:setUpClass): 201 POST http://10.180.1.21/identity/v3/auth/tokens 0.141s
2025-05-19 17:08:56.038 70146 INFO tempest.lib.common.rest_client [req-41adf728-1d11-4963-91cf-a43518bc85b4 req-41adf728-1d11-4963-91cf-a43518bc85b4 ] Request (SecurityGroupRulesTestJSON:tearDownClass): 204 DELETE http://10.180.1.21:9696/networking/v2.0/networks/987f01ec-dc6a-4800-a692-e88c54aa4735 0.701s
2025-05-19 17:08:56.039 70166 INFO tempest.lib.common.rest_client [req-1192f226-4c04-4173-8ab9-db1fc0294f71 req-1192f226-4c04-4173-8ab9-db1fc0294f71 ] Request (ServersV294TestFqdnHostnames:setUpClass): 201 POST http://10.180.1.21/identity/v3/auth/tokens 0.103s
2025-05-19 17:08:56.040 70142 INFO tempest.lib.common.rest_client [req-3643c595-ad6f-400d-b193-c6f66d057333 req-3643c595-ad6f-400d-b193-c6f66d057333 ] Request (ImagesOneServerTestJSON:setUpClass): 201 POST http://10.180.1.21:9696/networking/v2.0/routers 1.691s
2025-05-19 17:08:56.056 70190 INFO tempest.lib.common.rest_client [req-1578e577-0917-4189-9279-21e1219bdb7b req-1578e577-0917-4189-9279-21e1219bdb7b ] Request (AttachVolumeNegativeTest:test_attach_attached_volume_to_different_server): 204 DELETE http://10.180.1.21/compute/v2.1/servers/7ad48354-5194-4062-ba99-5b31d0f75dca 2.248s
2025-05-19 17:08:56.102 70194 INFO tempest.lib.common.rest_client [req-4f4de973-b80d-4458-ba2b-43eae36a8591 req-4f4de973-b80d-4458-ba2b-43eae36a8591 ] Request (QuotasAdminTestV257:test_get_updated_quotas): 200 GET http://10.180.1.21/identity/v3/domains?name=Default 0.107s
2025-05-19 17:08:56.129 70154 INFO tempest.lib.common.rest_client [req-1f7266ca-56d0-4c2a-9bbb-a08fa0037877 req-1f7266ca-56d0-4c2a-9bbb-a08fa0037877 ] Request (QuotasTestJSON:tearDownClass): 204 DELETE http://10.180.1.21/identity/v3/users/5fc2bd5c43b0446ba071fcaade8e3988 0.133s
2025-05-19 17:08:56.129 70154 INFO tempest.lib.common.dynamic_creds [-] Deleting project and security group for project: 7e82014c82df4238b556cb65d5d39b35
2025-05-19 17:08:56.172 70158 INFO tempest.lib.common.rest_client [req-c83e6abb-0320-4e79-946c-61ba4253cb40 req-c83e6abb-0320-4e79-946c-61ba4253cb40 ] Request (InstanceActionsV221TestJSON:setUpClass): 201 POST http://10.180.1.21/identity/v3/projects 0.169s
2025-05-19 17:08:56.196 70184 INFO tempest.lib.common.rest_client [req-355ade9f-7a97-4563-8211-b1fa021ca35c req-355ade9f-7a97-4563-8211-b1fa021ca35c ] Request (ListServersNegativeTestJSON:setUpClass): 201 POST http://10.180.1.21/identity/v3/auth/tokens 0.182s
2025-05-19 17:08:56.197 70184 INFO tempest.lib.common.fixed_network [-] (ListServersNegativeTestJSON:setUpClass) Found network {'id': 'f48630f5-6c08-4323-b697-f28dc4fbe76e', 'name': 'tempest-ListServersNegativeTestJSON-1176715944-network', 'tenant_id': '50a613a419dc414a832168ca26a48964', 'admin_state_up': True, 'mtu': 8950, 'status': 'ACTIVE', 'subnets': [], 'shared': False, 'project_id': '50a613a419dc414a832168ca26a48964', 'port_security_enabled': True, 'router:external': False, 'provider:network_type': 'vlan', 'provider:physical_network': 'default', 'provider:segmentation_id': 48, 'availability_zone_hints': [], 'availability_zones': [], 'ipv4_address_scope': None, 'ipv6_address_scope': None, 'description': '', 'tags': [], 'created_at': '2025-05-19T17:08:49Z', 'updated_at': '2025-05-19T17:08:49Z', 'revision_number': 1} available for tenant
2025-05-19 17:08:56.259 70166 INFO tempest.lib.common.rest_client [req-deb0f677-cae9-44bf-9cf6-2c94bab75de8 req-deb0f677-cae9-44bf-9cf6-2c94bab75de8 ] Request (ServersV294TestFqdnHostnames:setUpClass): 200 GET http://10.180.1.21/identity/v3/domains?name=Default 0.216s
2025-05-19 17:08:56.272 70146 INFO tempest.lib.common.rest_client [req-9a9235ef-7295-4ac9-8748-102c2c738751 req-9a9235ef-7295-4ac9-8748-102c2c738751 ] Request (SecurityGroupRulesTestJSON:tearDownClass): 204 DELETE http://10.180.1.21/identity/v3/users/e0ad2dfa54c642e3893178807d8d9f31 0.233s
2025-05-19 17:08:56.273 70146 INFO tempest.lib.common.dynamic_creds [-] Deleting project and security group for project: 994df74c3b414bfe9da8a2fa37e43896
2025-05-19 17:08:56.326 70154 INFO tempest.lib.common.rest_client [req-c20f9aa4-12fa-48fa-a75e-e296163c2a4c req-c20f9aa4-12fa-48fa-a75e-e296163c2a4c ] Request (QuotasTestJSON:tearDownClass): 201 POST http://10.180.1.21/identity/v3/auth/tokens 0.197s
2025-05-19 17:08:56.350 70194 INFO tempest.lib.common.rest_client [req-b9c35170-9535-4eb6-a5fa-952699671f53 req-b9c35170-9535-4eb6-a5fa-952699671f53 ] Request (QuotasAdminTestV257:test_get_updated_quotas): 201 POST http://10.180.1.21/identity/v3/projects 0.247s
2025-05-19 17:08:56.353 70158 INFO tempest.lib.common.rest_client [req-e9536970-5879-487b-89d5-076f0db48ea3 req-e9536970-5879-487b-89d5-076f0db48ea3 ] Request (InstanceActionsV221TestJSON:setUpClass): 201 POST http://10.180.1.21/identity/v3/users 0.181s
2025-05-19 17:08:56.378 70146 INFO tempest.lib.common.rest_client [req-d6c21f61-4916-4a64-b373-b36ea35d3d26 req-d6c21f61-4916-4a64-b373-b36ea35d3d26 ] Request (SecurityGroupRulesTestJSON:tearDownClass): 200 GET http://10.180.1.21:9696/networking/v2.0/security-groups?tenant_id=994df74c3b414bfe9da8a2fa37e43896&name=default 0.105s
2025-05-19 17:08:56.419 70166 INFO tempest.lib.common.rest_client [req-90bd6ab3-64b9-4457-b9d0-0f9784d60fcf req-90bd6ab3-64b9-4457-b9d0-0f9784d60fcf ] Request (ServersV294TestFqdnHostnames:setUpClass): 201 POST http://10.180.1.21/identity/v3/projects 0.160s
2025-05-19 17:08:56.528 70158 INFO tempest.lib.common.rest_client [req-45ed379c-fe1c-4507-bfaa-c8ded588b923 req-45ed379c-fe1c-4507-bfaa-c8ded588b923 ] Request (InstanceActionsV221TestJSON:setUpClass): 200 GET http://10.180.1.21/identity/v3/roles 0.174s
2025-05-19 17:08:56.553 70194 INFO tempest.lib.common.rest_client [req-4c3d1e64-f1d1-4f08-90cf-35e1edf9ed1b req-4c3d1e64-f1d1-4f08-90cf-35e1edf9ed1b ] Request (QuotasAdminTestV257:test_get_updated_quotas): 200 GET http://10.180.1.21/identity/v3/domains?name=Default 0.202s
2025-05-19 17:08:56.558 70176 INFO tempest.lib.common.rest_client [req-2bc35f92-ca14-4ac9-9cbf-94aba6bce0e6 req-2bc35f92-ca14-4ac9-9cbf-94aba6bce0e6 ] Request (QuotasAdminNegativeTest:test_create_server_when_instances_quota_is_full): 200 PUT http://10.180.1.21/compute/v2.1/os-quota-sets/3f90ec60431f49f0bfbffc2c77aed03e 2.596s
2025-05-19 17:08:56.583 70166 INFO tempest.lib.common.rest_client [req-7277f962-c4e2-4dfb-9b45-7bcaa73ac6d0 req-7277f962-c4e2-4dfb-9b45-7bcaa73ac6d0 ] Request (ServersV294TestFqdnHostnames:setUpClass): 201 POST http://10.180.1.21/identity/v3/users 0.163s
2025-05-19 17:08:56.594 70204 INFO tempest.lib.common.rest_client [req-6f7bc72b-1f63-4b4f-9a96-6da21fff2453 req-6f7bc72b-1f63-4b4f-9a96-6da21fff2453 ] Request (ServersTestBootFromVolume:setUpClass): 200 GET http://10.180.1.21/volume/v3/volumes/284b338c-8a3d-4dd2-85f8-6362f9aa6d65 0.041s
2025-05-19 17:08:56.605 70158 INFO tempest.lib.common.rest_client [req-571886be-2b73-462f-94b9-314674a02c78 req-571886be-2b73-462f-94b9-314674a02c78 ] Request (InstanceActionsV221TestJSON:setUpClass): 204 PUT http://10.180.1.21/identity/v3/projects/d9795439130c4bf9a6fa7f566b6453a2/users/338f3e42e1464b4198c1ed334c18da50/roles/a0cc61e6fe1942d586de5bf334c6bf9c 0.076s
2025-05-19 17:08:56.605 70158 INFO tempest.lib.common.dynamic_creds [-] Dynamic test user 338f3e42e1464b4198c1ed334c18da50 is created with scope project and roles: ['member']
2025-05-19 17:08:56.605 70158 INFO tempest.lib.common.dynamic_creds [-] Acquired dynamic creds: credentials: Credentials: {'domain_id': 'default', 'domain_name': 'Default', 'username': 'tempest-InstanceActionsV221TestJSON-735168377-project-member', 'project_domain_id': 'default', 'project_domain_name': 'Default', 'project_id': 'd9795439130c4bf9a6fa7f566b6453a2', 'project_name': 'tempest-InstanceActionsV221TestJSON-735168377', 'tenant_id': 'd9795439130c4bf9a6fa7f566b6453a2', 'tenant_name': 'tempest-InstanceActionsV221TestJSON-735168377', 'user_domain_id': 'default', 'user_domain_name': 'Default', 'user_id': '338f3e42e1464b4198c1ed334c18da50', 'system': None}, Network: None, Subnet: None, Router: None
2025-05-19 17:08:56.651 70176 INFO tempest.lib.common.rest_client [req-5dd28bfd-4ed4-43ce-8991-57aefd3a704b req-5dd28bfd-4ed4-43ce-8991-57aefd3a704b ] Request (QuotasAdminNegativeTest:test_create_server_when_instances_quota_is_full): 201 POST http://10.180.1.21/identity/v3/auth/tokens 0.086s
2025-05-19 17:08:56.652 70176 INFO tempest.lib.common.fixed_network [-] (QuotasAdminNegativeTest:test_create_server_when_instances_quota_is_full) Found network None available for tenant
2025-05-19 17:08:56.669 70156 INFO tempest.lib.common.rest_client [req-7420762a-0968-46a2-97c5-b86ef38dc010 req-7420762a-0968-46a2-97c5-b86ef38dc010 ] Request (ServerActionsV293TestJSON:setUpClass): 200 GET http://10.180.1.21/volume/v3/volumes/756d1971-34de-456d-a69d-71e371a09eba 0.028s
2025-05-19 17:08:56.681 70158 INFO tempest.lib.common.rest_client [req-a64b1166-c803-4c8b-8e9e-4f7ae3c4fa23 req-a64b1166-c803-4c8b-8e9e-4f7ae3c4fa23 ] Request (InstanceActionsV221TestJSON:setUpClass): 201 POST http://10.180.1.21/identity/v3/auth/tokens 0.075s
2025-05-19 17:08:56.694 70166 INFO tempest.lib.common.rest_client [req-fc0f25fe-8a6e-47bc-80c0-7f14e7af52a3 req-fc0f25fe-8a6e-47bc-80c0-7f14e7af52a3 ] Request (ServersV294TestFqdnHostnames:setUpClass): 200 GET http://10.180.1.21/identity/v3/roles 0.109s
2025-05-19 17:08:56.740 70166 INFO tempest.lib.common.rest_client [req-d0f3b8ae-60ae-473f-bc6b-2b93009cc867 req-d0f3b8ae-60ae-473f-bc6b-2b93009cc867 ] Request (ServersV294TestFqdnHostnames:setUpClass): 204 PUT http://10.180.1.21/identity/v3/projects/2524716c409c4983a2c1b29c770baffa/users/ad0882e1d47a475bbe62c7efe240002d/roles/a0cc61e6fe1942d586de5bf334c6bf9c 0.046s
2025-05-19 17:08:56.740 70166 INFO tempest.lib.common.dynamic_creds [-] Dynamic test user ad0882e1d47a475bbe62c7efe240002d is created with scope project and roles: ['member']
2025-05-19 17:08:56.741 70166 INFO tempest.lib.common.dynamic_creds [-] Acquired dynamic creds: credentials: Credentials: {'domain_id': 'default', 'domain_name': 'Default', 'username': 'tempest-ServersV294TestFqdnHostnames-277286619-project-member', 'project_domain_id': 'default', 'project_domain_name': 'Default', 'project_id': '2524716c409c4983a2c1b29c770baffa', 'project_name': 'tempest-ServersV294TestFqdnHostnames-277286619', 'tenant_id': '2524716c409c4983a2c1b29c770baffa', 'tenant_name': 'tempest-ServersV294TestFqdnHostnames-277286619', 'user_domain_id': 'default', 'user_domain_name': 'Default', 'user_id': 'ad0882e1d47a475bbe62c7efe240002d', 'system': None}, Network: None, Subnet: None, Router: None
2025-05-19 17:08:56.779 70146 INFO tempest.lib.common.rest_client [req-1420baba-ed2e-40d6-aec3-b9ffb28cee5e req-1420baba-ed2e-40d6-aec3-b9ffb28cee5e ] Request (SecurityGroupRulesTestJSON:tearDownClass): 204 DELETE http://10.180.1.21:9696/networking/v2.0/security-groups/64a1aa15-4bde-492d-bc67-fc2bb0974cb4 0.401s
2025-05-19 17:08:56.796 70154 INFO tempest.lib.common.rest_client [req-86ab4469-4699-437f-ae5d-3b4aea0eb2e4 req-86ab4469-4699-437f-ae5d-3b4aea0eb2e4 ] Request (QuotasTestJSON:tearDownClass): 200 GET http://10.180.1.21:9696/networking/v2.0/security-groups?tenant_id=7e82014c82df4238b556cb65d5d39b35&name=default 0.469s
2025-05-19 17:08:56.803 70166 INFO tempest.lib.common.rest_client [req-761dbd40-1d1f-4480-ba02-ca9596cc03ab req-761dbd40-1d1f-4480-ba02-ca9596cc03ab ] Request (ServersV294TestFqdnHostnames:setUpClass): 201 POST http://10.180.1.21/identity/v3/auth/tokens 0.062s
2025-05-19 17:08:56.881 70146 INFO tempest.lib.common.rest_client [req-ce7348e1-862b-4cd6-bbe9-1ab99f2d4fa5 req-ce7348e1-862b-4cd6-bbe9-1ab99f2d4fa5 ] Request (SecurityGroupRulesTestJSON:tearDownClass): 204 DELETE http://10.180.1.21/identity/v3/projects/994df74c3b414bfe9da8a2fa37e43896 0.100s
2025-05-19 17:08:56.944 70192 INFO tempest.lib.common.rest_client [req-c90b8330-2de1-4af4-a2d7-33c918679d8e req-c90b8330-2de1-4af4-a2d7-33c918679d8e ] Request (VolumesAdminNegativeTest:test_update_attached_volume_with_nonexistent_volume_in_body): 202 POST http://10.180.1.21/compute/v2.1/servers 3.130s
2025-05-19 17:08:56.955 70146 INFO tempest.lib.common.rest_client [req-f75e4456-3297-4a94-95ff-e3eec4f3814b req-f75e4456-3297-4a94-95ff-e3eec4f3814b ] Request (ServersTestJSON:setUpClass): 201 POST http://10.180.1.21/identity/v3/auth/tokens 0.072s
2025-05-19 17:08:56.999 70146 INFO tempest.lib.common.rest_client [req-3f62e86f-a774-4ca9-b5ab-2f022ce7a2a9 req-3f62e86f-a774-4ca9-b5ab-2f022ce7a2a9 ] Request (ServersTestJSON:setUpClass): 201 POST http://10.180.1.21/identity/v3/auth/tokens 0.043s
2025-05-19 17:08:57.004 70160 INFO tempest.lib.common.rest_client [req-9e772422-defb-4e6f-8a30-2ca59512b5a2 req-9e772422-defb-4e6f-8a30-2ca59512b5a2 ] Request (VolumesGetTestJSON:test_volume_create_get_delete): 200 GET http://10.180.1.21/compute/v2.1/os-volumes/28bdd1d5-27ff-4757-848c-ffe7c176ed0a 2.720s
2025-05-19 17:08:57.007 70186 INFO tempest.lib.common.rest_client [req-cc9df124-825c-457a-a55d-18548e26fcca req-cc9df124-825c-457a-a55d-18548e26fcca ] Request (SecurityGroupsTestJSON:test_security_groups_create_list_delete): 200 POST http://10.180.1.21/compute/v2.1/os-security-groups 2.871s
2025-05-19 17:08:57.027 70196 INFO tempest.lib.common.rest_client [req-bc12efd3-706f-44ce-9089-8bd9706a65cb req-bc12efd3-706f-44ce-9089-8bd9706a65cb ] Request (KeyPairsV22TestJSON:_run_cleanups): 204 DELETE http://10.180.1.21/compute/v2.1/os-keypairs/tempest-keypair-1902717301 2.728s
2025-05-19 17:08:57.042 70146 INFO tempest.lib.common.rest_client [req-47fc1787-169f-4a2a-b20e-d64482f2af54 req-47fc1787-169f-4a2a-b20e-d64482f2af54 ] Request (ServersTestJSON:setUpClass): 200 GET http://10.180.1.21/identity/v3/domains?name=Default 0.042s
2025-05-19 17:08:57.075 70146 INFO tempest.lib.common.rest_client [req-01cf0d67-608c-4ffa-bbeb-bdbd6463e1e0 req-01cf0d67-608c-4ffa-bbeb-bdbd6463e1e0 ] Request (ServersTestJSON:setUpClass): 201 POST http://10.180.1.21/identity/v3/projects 0.032s
2025-05-19 17:08:57.116 70188 INFO tempest.lib.common.rest_client [req-e36a9dbb-6ceb-4f5d-b660-b9ab4f74c852 req-e36a9dbb-6ceb-4f5d-b660-b9ab4f74c852 ] Request (ServerExternalEventsTest:test_create_server_external_events): 200 GET http://10.180.1.21/compute/v2.1/servers/34ae0b2a-c502-456b-95ed-a2b533cb4f0f 2.709s
2025-05-19 17:08:57.119 70196 INFO tempest.lib.common.rest_client [req-5ba16f2b-1534-4b04-8fed-f1e3cbe4042c req-5ba16f2b-1534-4b04-8fed-f1e3cbe4042c ] Request (KeyPairsV22TestJSON:tearDownClass): 204 DELETE http://10.180.1.21/identity/v3/users/e41efa389c914e749a303c84dfd95f43 0.090s
2025-05-19 17:08:57.120 70196 INFO tempest.lib.common.dynamic_creds [-] Deleting project and security group for project: 6f136032f2ae48a19cd7ce2875565546
2025-05-19 17:08:57.138 70178 INFO tempest.lib.common.rest_client [req-5b8396dc-3210-4237-ac3c-1ec95f48353e req-5b8396dc-3210-4237-ac3c-1ec95f48353e ] Request (ServerRescueTestJSON:setUpClass): 404 GET http://10.180.1.21/compute/v2.1/servers/9adc1837-7141-42c8-a3ff-c2baafa34c13 2.438s
2025-05-19 17:08:57.138 70178 INFO tempest.test [-] raised in ServerRescueTestJSON.setUpClass. Invoking tearDownClass.
2025-05-19 17:08:57.162 70146 INFO tempest.lib.common.rest_client [req-d24c4821-a1e1-427e-a6f1-4851294571a7 req-d24c4821-a1e1-427e-a6f1-4851294571a7 ] Request (ServersTestJSON:setUpClass): 201 POST http://10.180.1.21/identity/v3/users 0.087s
2025-05-19 17:08:57.188 70196 INFO tempest.lib.common.rest_client [req-fb43696e-0fa3-4f74-927e-c390a01226e8 req-fb43696e-0fa3-4f74-927e-c390a01226e8 ] Request (KeyPairsV22TestJSON:tearDownClass): 201 POST http://10.180.1.21/identity/v3/auth/tokens 0.068s
2025-05-19 17:08:57.221 70146 INFO tempest.lib.common.rest_client [req-015121a8-e524-45af-b792-d8ca1e603364 req-015121a8-e524-45af-b792-d8ca1e603364 ] Request (ServersTestJSON:setUpClass): 200 GET http://10.180.1.21/identity/v3/roles 0.058s
2025-05-19 17:08:57.252 70146 INFO tempest.lib.common.rest_client [req-b342d35c-5321-4498-8d9a-23804c495404 req-b342d35c-5321-4498-8d9a-23804c495404 ] Request (ServersTestJSON:setUpClass): 204 PUT http://10.180.1.21/identity/v3/projects/07ccf39cc5904de58396e2d4b3941dd6/users/e48ed338e3bd440ab7d290a40a934d0c/roles/a0cc61e6fe1942d586de5bf334c6bf9c 0.030s
2025-05-19 17:08:57.252 70146 INFO tempest.lib.common.dynamic_creds [-] Dynamic test user e48ed338e3bd440ab7d290a40a934d0c is created with scope project and roles: ['member']
2025-05-19 17:08:57.252 70146 INFO tempest.lib.common.dynamic_creds [-] Acquired dynamic creds: credentials: Credentials: {'domain_id': 'default', 'domain_name': 'Default', 'username': 'tempest-ServersTestJSON-1750154119-project-member', 'project_domain_id': 'default', 'project_domain_name': 'Default', 'project_id': '07ccf39cc5904de58396e2d4b3941dd6', 'project_name': 'tempest-ServersTestJSON-1750154119', 'tenant_id': '07ccf39cc5904de58396e2d4b3941dd6', 'tenant_name': 'tempest-ServersTestJSON-1750154119', 'user_domain_id': 'default', 'user_domain_name': 'Default', 'user_id': 'e48ed338e3bd440ab7d290a40a934d0c', 'system': None}, Network: None, Subnet: None, Router: None
2025-05-19 17:08:57.292 70154 INFO tempest.lib.common.rest_client [req-22cab0d1-7bcf-4757-b48f-496012ef1f58 req-22cab0d1-7bcf-4757-b48f-496012ef1f58 ] Request (QuotasTestJSON:tearDownClass): 204 DELETE http://10.180.1.21:9696/networking/v2.0/security-groups/bd8b0d5b-3593-459a-b51e-70f9461dd3ea 0.496s
2025-05-19 17:08:57.309 70146 INFO tempest.lib.common.rest_client [req-6480c936-3a60-444b-8981-5642105ca4d2 req-6480c936-3a60-444b-8981-5642105ca4d2 ] Request (ServersTestJSON:setUpClass): 201 POST http://10.180.1.21/identity/v3/auth/tokens 0.056s
2025-05-19 17:08:57.388 70154 INFO tempest.lib.common.rest_client [req-375d1f9b-071b-4367-a7b5-b8a3b79dfda3 req-375d1f9b-071b-4367-a7b5-b8a3b79dfda3 ] Request (QuotasTestJSON:tearDownClass): 204 DELETE http://10.180.1.21/identity/v3/projects/7e82014c82df4238b556cb65d5d39b35 0.096s
2025-05-19 17:08:57.422 70182 INFO tempest.lib.common.rest_client [req-e027cd88-a9f0-47e5-bcd7-4287b50f7458 req-e027cd88-a9f0-47e5-bcd7-4287b50f7458 ] Request (AttachVolumeShelveTestJSON:test_attach_volume_shelved_or_offload_server): 200 GET http://10.180.1.21/compute/v2.1/servers/ca04efdb-e19e-4dcb-b418-4256ac8f9479 2.721s
2025-05-19 17:08:57.444 70172 INFO tempest.lib.common.rest_client [req-73c0a111-8854-45da-bf52-ae5f8e540320 req-73c0a111-8854-45da-bf52-ae5f8e540320 ] Request (SecurityGroupRulesNegativeTestJSON:_run_cleanups): 202 DELETE http://10.180.1.21/compute/v2.1/os-security-group-rules/1a0d814f-b809-4ac4-99d3-3fef6e30915f 3.046s
2025-05-19 17:08:57.475 70150 INFO tempest.lib.common.rest_client [req-eade37bc-0ad2-4bfb-b639-5dd6fc950c8b req-eade37bc-0ad2-4bfb-b639-5dd6fc950c8b ] Request (AggregatesAdminNegativeTestJSON:test_aggregate_remove_nonexistent_host): 404 POST http://10.180.1.21/compute/v2.1/os-aggregates/8/action 2.743s
2025-05-19 17:08:57.493 70170 INFO tempest.lib.common.rest_client [req-1677a2d1-7e1e-4aec-b6cc-c6b586c44020 req-1677a2d1-7e1e-4aec-b6cc-c6b586c44020 ] Request (ServerRescueNegativeTestJSON:setUpClass): 404 GET http://10.180.1.21/compute/v2.1/servers/f7044912-6ba7-4551-baf4-2ba14dfa5853 2.679s
2025-05-19 17:08:57.493 70170 INFO tempest.test [-] raised in ServerRescueNegativeTestJSON.setUpClass. Invoking tearDownClass.
2025-05-19 17:08:57.590 70166 INFO tempest.lib.common.rest_client [req-acddc299-bec9-4e52-abfc-9363831403af req-acddc299-bec9-4e52-abfc-9363831403af ] Request (ServersV294TestFqdnHostnames:setUpClass): 201 POST http://10.180.1.21:9696/networking/v2.0/networks 0.786s
2025-05-19 17:08:57.642 70204 INFO tempest.lib.common.rest_client [req-2d03578a-b8cf-4a02-946b-3987c30b38ec req-2d03578a-b8cf-4a02-946b-3987c30b38ec ] Request (ServersTestBootFromVolume:setUpClass): 200 GET http://10.180.1.21/volume/v3/volumes/284b338c-8a3d-4dd2-85f8-6362f9aa6d65 0.036s
2025-05-19 17:08:57.712 70156 INFO tempest.lib.common.rest_client [req-b5ac286f-6088-4d44-b6e0-de8a3c666897 req-b5ac286f-6088-4d44-b6e0-de8a3c666897 ] Request (ServerActionsV293TestJSON:setUpClass): 200 GET http://10.180.1.21/volume/v3/volumes/756d1971-34de-456d-a69d-71e371a09eba 0.034s
2025-05-19 17:08:57.728 70196 INFO tempest.lib.common.rest_client [req-a23083a3-e134-4fc6-8121-e5ef54937565 req-a23083a3-e134-4fc6-8121-e5ef54937565 ] Request (KeyPairsV22TestJSON:tearDownClass): 200 GET http://10.180.1.21:9696/networking/v2.0/security-groups?tenant_id=6f136032f2ae48a19cd7ce2875565546&name=default 0.540s
2025-05-19 17:08:57.758 70158 INFO tempest.lib.common.rest_client [req-b33a20f6-1f51-48dc-bf91-397f053f99ec req-b33a20f6-1f51-48dc-bf91-397f053f99ec ] Request (InstanceActionsV221TestJSON:setUpClass): 201 POST http://10.180.1.21:9696/networking/v2.0/networks 1.074s
2025-05-19 17:08:57.810 70164 INFO tempest.lib.common.rest_client [req-abb4f3aa-a29f-4310-a196-edf98c0c494e req-abb4f3aa-a29f-4310-a196-edf98c0c494e ] Request (ImagesOneServerNegativeTestJSON:setUpClass): 204 DELETE http://10.180.1.21/compute/v2.1/servers/c5283b02-cb7d-4199-ab57-d645b531c924 2.442s
2025-05-19 17:08:57.818 70142 INFO tempest.lib.common.rest_client [req-e6293f2a-9a42-40d2-8fb4-34c68f58031d req-e6293f2a-9a42-40d2-8fb4-34c68f58031d ] Request (ImagesOneServerTestJSON:setUpClass): 200 PUT http://10.180.1.21:9696/networking/v2.0/routers/40039324-91bb-4aff-9826-798886c1a08a/add_router_interface 1.777s
2025-05-19 17:08:57.818 70142 INFO tempest.lib.common.dynamic_creds [-] Created isolated network resources for: credentials: Credentials: {'domain_id': 'default', 'domain_name': 'Default', 'username': 'tempest-ImagesOneServerTestJSON-1653735725-project-member', 'project_domain_id': 'default', 'project_domain_name': 'Default', 'project_id': '4458dfd4497840559c8bbb504798776e', 'project_name': 'tempest-ImagesOneServerTestJSON-1653735725', 'tenant_id': '4458dfd4497840559c8bbb504798776e', 'tenant_name': 'tempest-ImagesOneServerTestJSON-1653735725', 'user_domain_id': 'default', 'user_domain_name': 'Default', 'user_id': '6518d79a5b794ae8976510360dbd0c1f', 'system': None}, Network: {'id': '463b5ce4-2ea5-4085-b10d-a678b92432dd', 'name': 'tempest-ImagesOneServerTestJSON-10204454-network', 'tenant_id': '4458dfd4497840559c8bbb504798776e', 'admin_state_up': True, 'mtu': 8950, 'status': 'ACTIVE', 'subnets': [], 'shared': False, 'project_id': '4458dfd4497840559c8bbb504798776e', 'port_security_enabled': True, 'router:external': False, 'provider:network_type': 'vlan', 'provider:physical_network': 'default', 'provider:segmentation_id': 384, 'availability_zone_hints': [], 'availability_zones': [], 'ipv4_address_scope': None, 'ipv6_address_scope': None, 'description': '', 'tags': [], 'created_at': '2025-05-19T17:08:53Z', 'updated_at': '2025-05-19T17:08:53Z', 'revision_number': 1}, Subnet: {'id': '8375bfd9-7230-49c7-ae87-597f7296ac7a', 'name': 'tempest-ImagesOneServerTestJSON-10204454-subnet', 'tenant_id': '4458dfd4497840559c8bbb504798776e', 'network_id': '463b5ce4-2ea5-4085-b10d-a678b92432dd', 'ip_version': 4, 'subnetpool_id': None, 'enable_dhcp': True, 'ipv6_ra_mode': None, 'ipv6_address_mode': None, 'gateway_ip': '192.168.128.1', 'cidr': '192.168.128.0/28', 'allocation_pools': [{'start': '192.168.128.2', 'end': '192.168.128.14'}], 'host_routes': [], 'dns_nameservers': [], 'description': '', 'router:external': False, 'service_types': [], 'tags': [], 'created_at': '2025-05-19T17:08:54Z', 'updated_at': '2025-05-19T17:08:54Z', 'revision_number': 0, 'project_id': '4458dfd4497840559c8bbb504798776e'}, Router: {'id': '40039324-91bb-4aff-9826-798886c1a08a', 'name': 'tempest-ImagesOneServerTestJSON-10204454-router', 'tenant_id': '4458dfd4497840559c8bbb504798776e', 'admin_state_up': True, 'status': 'ACTIVE', 'external_gateway_info': {'network_id': 'f200a472-c33d-4aa1-a911-070b776ff724', 'external_fixed_ips': [{'subnet_id': 'd0ee670a-ae1e-4d9f-bb2f-16bee9632423', 'ip_address': '10.180.180.154'}], 'enable_snat': True}, 'description': '', 'availability_zones': [], 'distributed': False, 'ha': False, 'availability_zone_hints': [], 'routes': [], 'flavor_id': None, 'tags': [], 'created_at': '2025-05-19T17:08:54Z', 'updated_at': '2025-05-19T17:08:55Z', 'revision_number': 2, 'project_id': '4458dfd4497840559c8bbb504798776e'}
2025-05-19 17:08:57.914 70142 INFO tempest.lib.common.rest_client [req-bd77c617-e62e-48e6-a132-4afe56dbdb8d req-bd77c617-e62e-48e6-a132-4afe56dbdb8d ] Request (ImagesOneServerTestJSON:setUpClass): 201 POST http://10.180.1.21/identity/v3/auth/tokens 0.093s
2025-05-19 17:08:57.949 70142 INFO tempest.lib.common.rest_client [req-cdaa4d23-56d0-464e-a958-dc919ac5ca11 req-cdaa4d23-56d0-464e-a958-dc919ac5ca11 ] Request (ImagesOneServerTestJSON:setUpClass): 201 POST http://10.180.1.21/identity/v3/auth/tokens 0.030s
2025-05-19 17:08:57.949 70142 INFO tempest.lib.common.fixed_network [-] (ImagesOneServerTestJSON:setUpClass) Found network {'id': '463b5ce4-2ea5-4085-b10d-a678b92432dd', 'name': 'tempest-ImagesOneServerTestJSON-10204454-network', 'tenant_id': '4458dfd4497840559c8bbb504798776e', 'admin_state_up': True, 'mtu': 8950, 'status': 'ACTIVE', 'subnets': [], 'shared': False, 'project_id': '4458dfd4497840559c8bbb504798776e', 'port_security_enabled': True, 'router:external': False, 'provider:network_type': 'vlan', 'provider:physical_network': 'default', 'provider:segmentation_id': 384, 'availability_zone_hints': [], 'availability_zones': [], 'ipv4_address_scope': None, 'ipv6_address_scope': None, 'description': '', 'tags': [], 'created_at': '2025-05-19T17:08:53Z', 'updated_at': '2025-05-19T17:08:53Z', 'revision_number': 1} available for tenant
2025-05-19 17:08:58.053 70148 INFO tempest.lib.common.rest_client [req-f0a4de27-ee05-4a1b-88ad-ea1cb2cb5f8a req-f0a4de27-ee05-4a1b-88ad-ea1cb2cb5f8a ] Request (ServersAdmin275Test:test_rebuild_update_server_275): 200 GET http://10.180.1.21/compute/v2.1/servers/f02483ec-8848-4c0f-81b0-cc829efdd9f5 2.491s
2025-05-19 17:08:58.072 70196 INFO tempest.lib.common.rest_client [req-c9d7728e-81a6-43f1-8a7e-791473501f5d req-c9d7728e-81a6-43f1-8a7e-791473501f5d ] Request (KeyPairsV22TestJSON:tearDownClass): 204 DELETE http://10.180.1.21:9696/networking/v2.0/security-groups/c7bac929-16fd-44be-8a6e-c955a27b05af 0.343s
2025-05-19 17:08:58.166 70203 INFO tempest.lib.common.rest_client [req-39b45480-c8d0-4cb3-828a-3976c7fb521b req-39b45480-c8d0-4cb3-828a-3976c7fb521b ] Request (ServerPasswordTestJSON:setUpClass): 200 GET http://10.180.1.21/compute/v2.1/servers/583e9e39-06b9-4e81-a395-7e9b00539696 2.573s
2025-05-19 17:08:58.178 70196 INFO tempest.lib.common.rest_client [req-be5144e6-e5d4-4cdd-9781-46f278fe2154 req-be5144e6-e5d4-4cdd-9781-46f278fe2154 ] Request (KeyPairsV22TestJSON:tearDownClass): 204 DELETE http://10.180.1.21/identity/v3/projects/6f136032f2ae48a19cd7ce2875565546 0.106s
2025-05-19 17:08:58.205 70144 INFO tempest.lib.common.rest_client [req-d34e6cfa-2c7a-4e7e-89ec-4be41c74b436 req-d34e6cfa-2c7a-4e7e-89ec-4be41c74b436 ] Request (AttachInterfacesTestJSON:setUpClass): 200 PUT http://10.180.1.21:9696/networking/v2.0/routers/4aaf14e6-32b6-4866-b64b-668ebd46903c/add_router_interface 2.854s
2025-05-19 17:08:58.205 70144 INFO tempest.lib.common.dynamic_creds [-] Created isolated network resources for: credentials: Credentials: {'domain_id': 'default', 'domain_name': 'Default', 'username': 'tempest-AttachInterfacesTestJSON-1278110166-project-member', 'project_domain_id': 'default', 'project_domain_name': 'Default', 'project_id': 'eddb45604098479a96868d46265b9944', 'project_name': 'tempest-AttachInterfacesTestJSON-1278110166', 'tenant_id': 'eddb45604098479a96868d46265b9944', 'tenant_name': 'tempest-AttachInterfacesTestJSON-1278110166', 'user_domain_id': 'default', 'user_domain_name': 'Default', 'user_id': '41f5ea83dd744b5e85f0458220c1a4ce', 'system': None}, Network: {'id': '8cf89d48-e5ea-492d-9205-98a3bdbad467', 'name': 'tempest-AttachInterfacesTestJSON-857664634-network', 'tenant_id': 'eddb45604098479a96868d46265b9944', 'admin_state_up': True, 'mtu': 8950, 'status': 'ACTIVE', 'subnets': [], 'shared': False, 'project_id': 'eddb45604098479a96868d46265b9944', 'port_security_enabled': True, 'router:external': False, 'provider:network_type': 'vlan', 'provider:physical_network': 'default', 'provider:segmentation_id': 427, 'availability_zone_hints': [], 'availability_zones': [], 'ipv4_address_scope': None, 'ipv6_address_scope': None, 'description': '', 'tags': [], 'created_at': '2025-05-19T17:08:51Z', 'updated_at': '2025-05-19T17:08:51Z', 'revision_number': 1}, Subnet: {'id': '56cdb42b-36a2-42ea-a3e4-587cd0e97371', 'name': 'tempest-AttachInterfacesTestJSON-857664634-subnet', 'tenant_id': 'eddb45604098479a96868d46265b9944', 'network_id': '8cf89d48-e5ea-492d-9205-98a3bdbad467', 'ip_version': 4, 'subnetpool_id': None, 'enable_dhcp': True, 'ipv6_ra_mode': None, 'ipv6_address_mode': None, 'gateway_ip': '192.168.128.1', 'cidr': '192.168.128.0/28', 'allocation_pools': [{'start': '192.168.128.2', 'end': '192.168.128.14'}], 'host_routes': [], 'dns_nameservers': [], 'description': '', 'router:external': False, 'service_types': [], 'tags': [], 'created_at': '2025-05-19T17:08:51Z', 'updated_at': '2025-05-19T17:08:51Z', 'revision_number': 0, 'project_id': 'eddb45604098479a96868d46265b9944'}, Router: {'id': '4aaf14e6-32b6-4866-b64b-668ebd46903c', 'name': 'tempest-AttachInterfacesTestJSON-857664634-router', 'tenant_id': 'eddb45604098479a96868d46265b9944', 'admin_state_up': True, 'status': 'ACTIVE', 'external_gateway_info': {'network_id': 'f200a472-c33d-4aa1-a911-070b776ff724', 'external_fixed_ips': [{'subnet_id': 'd0ee670a-ae1e-4d9f-bb2f-16bee9632423', 'ip_address': '10.180.180.237'}], 'enable_snat': True}, 'description': '', 'availability_zones': [], 'distributed': False, 'ha': False, 'availability_zone_hints': [], 'routes': [], 'flavor_id': None, 'tags': [], 'created_at': '2025-05-19T17:08:52Z', 'updated_at': '2025-05-19T17:08:54Z', 'revision_number': 2, 'project_id': 'eddb45604098479a96868d46265b9944'}
2025-05-19 17:08:58.240 70146 INFO tempest.lib.common.rest_client [req-2fc2d53a-0fc4-4282-9d0b-48be48396e44 req-2fc2d53a-0fc4-4282-9d0b-48be48396e44 ] Request (ServersTestJSON:setUpClass): 201 POST http://10.180.1.21:9696/networking/v2.0/networks 0.930s
2025-05-19 17:08:58.248 70196 INFO tempest.lib.common.rest_client [req-3bad9010-f6ef-4a26-929d-08fd94988e12 req-3bad9010-f6ef-4a26-929d-08fd94988e12 ] Request (AbsoluteLimitsNegativeTestJSON:setUpClass): 201 POST http://10.180.1.21/identity/v3/auth/tokens 0.068s
2025-05-19 17:08:58.288 70196 INFO tempest.lib.common.rest_client [req-df484e30-0ee3-4053-8fe8-93e208daf3f3 req-df484e30-0ee3-4053-8fe8-93e208daf3f3 ] Request (AbsoluteLimitsNegativeTestJSON:setUpClass): 201 POST http://10.180.1.21/identity/v3/auth/tokens 0.037s
2025-05-19 17:08:58.292 70144 INFO tempest.lib.common.rest_client [req-bc7df701-767f-4b6e-aaa9-21cc21b6d9f9 req-bc7df701-767f-4b6e-aaa9-21cc21b6d9f9 ] Request (AttachInterfacesTestJSON:setUpClass): 201 POST http://10.180.1.21/identity/v3/auth/tokens 0.080s
2025-05-19 17:08:58.298 70166 INFO tempest.lib.common.rest_client [req-752df664-80f5-414b-920c-6df0099a2a30 req-752df664-80f5-414b-920c-6df0099a2a30 ] Request (ServersV294TestFqdnHostnames:setUpClass): 201 POST http://10.180.1.21:9696/networking/v2.0/subnets 0.707s
2025-05-19 17:08:58.314 70196 INFO tempest.lib.common.rest_client [req-93402049-a426-468e-8896-7d7bfcc967cc req-93402049-a426-468e-8896-7d7bfcc967cc ] Request (AbsoluteLimitsNegativeTestJSON:setUpClass): 200 GET http://10.180.1.21/identity/v3/domains?name=Default 0.026s
2025-05-19 17:08:58.350 70200 INFO tempest.lib.common.rest_client [req-8aac2be1-755c-49ae-b484-081acee72d7d req-8aac2be1-755c-49ae-b484-081acee72d7d ] Request (ServersNegativeTestJSON:setUpClass): 201 POST http://10.180.1.21:9696/networking/v2.0/routers 2.360s
2025-05-19 17:08:58.350 70196 INFO tempest.lib.common.rest_client [req-91a9dff5-9264-42d7-a7f1-583a26f26e47 req-91a9dff5-9264-42d7-a7f1-583a26f26e47 ] Request (AbsoluteLimitsNegativeTestJSON:setUpClass): 201 POST http://10.180.1.21/identity/v3/projects 0.035s
2025-05-19 17:08:58.413 70196 INFO tempest.lib.common.rest_client [req-35f772a8-1d74-4bd2-a666-a7dae0bca7af req-35f772a8-1d74-4bd2-a666-a7dae0bca7af ] Request (AbsoluteLimitsNegativeTestJSON:setUpClass): 201 POST http://10.180.1.21/identity/v3/users 0.062s
2025-05-19 17:08:58.423 70180 INFO tempest.lib.common.rest_client [req-b986732d-627b-413f-9419-8024a12ed69a req-b986732d-627b-413f-9419-8024a12ed69a ] Request (FloatingIPsTestJSON:_run_cleanups): 202 DELETE http://10.180.1.21/compute/v2.1/os-floating-ips/ee218124-d9a5-40fd-b981-1093ae660204 3.160s
2025-05-19 17:08:58.441 70196 INFO tempest.lib.common.rest_client [req-29741a20-f788-4fd9-afed-16146b6244da req-29741a20-f788-4fd9-afed-16146b6244da ] Request (AbsoluteLimitsNegativeTestJSON:setUpClass): 200 GET http://10.180.1.21/identity/v3/roles 0.028s
2025-05-19 17:08:58.442 70158 INFO tempest.lib.common.rest_client [req-a2f054d2-d7e0-4ca8-b3f9-9a2e2e225f26 req-a2f054d2-d7e0-4ca8-b3f9-9a2e2e225f26 ] Request (InstanceActionsV221TestJSON:setUpClass): 201 POST http://10.180.1.21:9696/networking/v2.0/subnets 0.683s
2025-05-19 17:08:58.451 70174 INFO tempest.lib.common.rest_client [req-b437ec18-1bd7-4a9b-b55b-84404ca61da4 req-b437ec18-1bd7-4a9b-b55b-84404ca61da4 ] Request (FlavorsAdminTestJSON:test_is_public_string_variations): 200 GET http://10.180.1.21/compute/v2.1/flavors/detail?is_public=1 2.678s
2025-05-19 17:08:58.485 70196 INFO tempest.lib.common.rest_client [req-3e5e09f8-1b72-4de8-af45-791f87a58449 req-3e5e09f8-1b72-4de8-af45-791f87a58449 ] Request (AbsoluteLimitsNegativeTestJSON:setUpClass): 204 PUT http://10.180.1.21/identity/v3/projects/557593b7f47c4b3cadbd2ed0cf879019/users/1004e9c528714aedad4574c2f18e9391/roles/a0cc61e6fe1942d586de5bf334c6bf9c 0.044s
2025-05-19 17:08:58.486 70196 INFO tempest.lib.common.dynamic_creds [-] Dynamic test user 1004e9c528714aedad4574c2f18e9391 is created with scope project and roles: ['member']
2025-05-19 17:08:58.486 70196 INFO tempest.lib.common.dynamic_creds [-] Acquired dynamic creds: credentials: Credentials: {'domain_id': 'default', 'domain_name': 'Default', 'username': 'tempest-AbsoluteLimitsNegativeTestJSON-593453496-project-member', 'project_domain_id': 'default', 'project_domain_name': 'Default', 'project_id': '557593b7f47c4b3cadbd2ed0cf879019', 'project_name': 'tempest-AbsoluteLimitsNegativeTestJSON-593453496', 'tenant_id': '557593b7f47c4b3cadbd2ed0cf879019', 'tenant_name': 'tempest-AbsoluteLimitsNegativeTestJSON-593453496', 'user_domain_id': 'default', 'user_domain_name': 'Default', 'user_id': '1004e9c528714aedad4574c2f18e9391', 'system': None}, Network: None, Subnet: None, Router: None
2025-05-19 17:08:58.486 70196 INFO tempest.lib.common.dynamic_creds [-] Created isolated network resources for: credentials: Credentials: {'domain_id': 'default', 'domain_name': 'Default', 'username': 'tempest-AbsoluteLimitsNegativeTestJSON-593453496-project-member', 'project_domain_id': 'default', 'project_domain_name': 'Default', 'project_id': '557593b7f47c4b3cadbd2ed0cf879019', 'project_name': 'tempest-AbsoluteLimitsNegativeTestJSON-593453496', 'tenant_id': '557593b7f47c4b3cadbd2ed0cf879019', 'tenant_name': 'tempest-AbsoluteLimitsNegativeTestJSON-593453496', 'user_domain_id': 'default', 'user_domain_name': 'Default', 'user_id': '1004e9c528714aedad4574c2f18e9391', 'system': None}, Network: None, Subnet: None, Router: None
2025-05-19 17:08:58.492 70162 INFO tempest.lib.common.rest_client [req-6bb4814d-9eab-4912-9405-92dc23a1e0a0 req-6bb4814d-9eab-4912-9405-92dc23a1e0a0 ] Request (FloatingIPsNegativeTestJSON:test_allocate_floating_ip_from_nonexistent_pool): 404 POST http://10.180.1.21/compute/v2.1/os-floating-ips 2.664s
2025-05-19 17:08:58.521 70190 INFO tempest.lib.common.rest_client [req-ec15a622-61db-4813-96b0-67cd44d88e9e req-ec15a622-61db-4813-96b0-67cd44d88e9e ] Request (AttachVolumeNegativeTest:test_attach_attached_volume_to_different_server): 404 GET http://10.180.1.21/compute/v2.1/servers/7ad48354-5194-4062-ba99-5b31d0f75dca 2.465s
