2025-04-03 02:39:41.747 69449 WARNING tempest.lib.common.ssh [-] Failed to establish authenticated ssh connection to cirros@10.180.180.159 ([Errno None] Unable to connect to port 22 on 10.180.180.159). Number attempts: 5. Retry after 6 seconds.: paramiko.ssh_exception.NoValidConnectionsError: [Errno None] Unable to connect to port 22 on 10.180.180.159
2025-04-03 02:39:41.763 69424 INFO tempest.lib.common.rest_client [req-02815ac1-f9e3-43d7-8a46-69e60023a78a req-02815ac1-f9e3-43d7-8a46-69e60023a78a ] Request (DeleteServersTestJSON:test_delete_active_server): 200 GET http://10.180.1.21/compute/v2.1/servers/78fa7dad-564c-4a5c-9a12-28ff08f4fc26 0.494s
2025-04-03 02:39:41.773 69424 INFO tempest.common.waiters [-] State transition "BUILD/scheduling" ==> "BUILD/None" after 49 second wait
2025-04-03 02:39:41.810 69373 INFO tempest.lib.common.rest_client [req-184e4ec5-aeec-4aa8-b0dd-3f5b98583e9c req-184e4ec5-aeec-4aa8-b0dd-3f5b98583e9c ] Request (AttachVolumeTestJSON:test_attach_detach_volume): 200 GET http://10.180.1.21/compute/v2.1/servers/5385f25c-700d-4ee8-9714-2bc84481df0c 0.490s
2025-04-03 02:39:41.827 69359 INFO tempest.lib.common.rest_client [req-228e6db6-5339-4df3-ba11-bb1ccde534de req-228e6db6-5339-4df3-ba11-bb1ccde534de ] Request (ListServersNegativeTestJSON:test_list_servers_by_non_existing_flavor): 200 GET http://10.180.1.21/compute/v2.1/servers?flavor=non_existing_flavor 0.462s
2025-04-03 02:39:41.835 69381 INFO tempest.lib.common.rest_client [req-8f8f0679-7d9f-4481-b66d-cf4d3548c7f5 req-8f8f0679-7d9f-4481-b66d-cf4d3548c7f5 ] Request (FloatingIPsAssociationTestJSON:_run_cleanups): 202 POST http://10.180.1.21/compute/v2.1/servers/c7a639f5-384c-4a1e-a05f-afb7a193501e/action 0.978s
2025-04-03 02:39:41.880 69388 INFO tempest.lib.common.rest_client [req-cfa58863-b59c-49ae-9e31-48db2bb188af req-cfa58863-b59c-49ae-9e31-48db2bb188af ] Request (MultipleCreateTestJSON:test_multiple_create): 200 GET http://10.180.1.21/compute/v2.1/servers/e1afbb1e-ceb6-4154-9cb3-d2ec935e194d 0.501s
2025-04-03 02:39:41.905 69377 INFO tempest.lib.common.rest_client [req-d4c60d5c-201e-470a-a2e1-ad30f5eb42ee req-d4c60d5c-201e-470a-a2e1-ad30f5eb42ee ] Request (ServersAdminNegativeTestJSON:tearDownClass): 200 GET http://10.180.1.21/compute/v2.1/servers/e3218ff9-bffe-4077-b090-e61b7e309c4d 0.526s
2025-04-03 02:39:42.010 69361 INFO tempest.lib.common.rest_client [req-fd494027-267d-4940-a98e-339404b15dbe req-fd494027-267d-4940-a98e-339404b15dbe ] Request (ServerAddressesTestJSON:setUpClass): 200 GET http://10.180.1.21/compute/v2.1/servers/28f21eb6-1bf9-4d53-9f35-017e1615a127 0.391s
2025-04-03 02:39:42.026 69351 INFO tempest.lib.common.rest_client [req-18c5c221-96b7-4d05-a5c5-c5d8b4986a32 req-18c5c221-96b7-4d05-a5c5-c5d8b4986a32 ] Request (ServersTestJSON:setUpClass): 200 GET http://10.180.1.21/compute/v2.1/servers/b374160e-4db2-457f-9e31-b9862bc327b9 0.369s
2025-04-03 02:39:42.036 69351 INFO tempest.lib.common.ssh [-] Creating ssh connection to '10.180.180.164:22' as 'cirros' with public key authentication
2025-04-03 02:39:42.076 69375 INFO tempest.lib.common.rest_client [req-1966b6f0-5287-4353-91a9-f5268a406c8d req-1966b6f0-5287-4353-91a9-f5268a406c8d ] Request (ServersAdminTestJSON:test_create_server_with_scheduling_hint): 200 GET http://10.180.1.21/compute/v2.1/servers/2b824b3e-a8c4-483a-b8bb-fff02928ad4b 0.400s
2025-04-03 02:39:42.080 69439 INFO tempest.lib.common.rest_client [req-7b18ae6f-0871-4461-ad1c-84be26774546 req-7b18ae6f-0871-4461-ad1c-84be26774546 ] Request (ImagesOneServerNegativeTestJSON:_run_cleanups): 200 GET http://10.180.1.21/compute/v2.1/servers/5f5bf870-75f9-485c-91fa-cda01dde02d3 0.348s
2025-04-03 02:39:42.108 69437 INFO tempest.lib.common.rest_client [req-2b1b39d9-9b64-4490-8b6b-5f281162e48c req-2b1b39d9-9b64-4490-8b6b-5f281162e48c ] Request (VolumesAssistedSnapshotsTest:test_volume_assisted_snapshot_create_delete): 200 GET http://10.180.1.21/volume/v3/volumes/d8a3b610-1185-40d8-a063-0dbd3ce2d7a3 0.029s
2025-04-03 02:39:42.131 69359 INFO tempest.lib.common.rest_client [req-d1947617-f5f3-4741-8b56-0a56f7a5a25c req-d1947617-f5f3-4741-8b56-0a56f7a5a25c ] Request (ListServersNegativeTestJSON:test_list_servers_by_non_existing_image): 200 GET http://10.180.1.21/compute/v2.1/servers?image=non_existing_image 0.302s
2025-04-03 02:39:42.138 69367 INFO tempest.lib.common.rest_client [req-63d6a1cb-461d-4f67-9cb6-6bd338e9264b req-63d6a1cb-461d-4f67-9cb6-6bd338e9264b ] Request (FloatingIPsAssociationNegativeTestJSON:setUpClass): 200 GET http://10.180.1.21/compute/v2.1/servers/ca7666ac-21be-4cca-8e1f-19e4338e31d6 0.344s
2025-04-03 02:39:42.207 69381 INFO tempest.lib.common.rest_client [req-1952b21a-9507-40ac-8ed2-fec2c13023e4 req-1952b21a-9507-40ac-8ed2-fec2c13023e4 ] Request (FloatingIPsAssociationTestJSON:_run_cleanups): 204 DELETE http://10.180.1.21/compute/v2.1/servers/c7a639f5-384c-4a1e-a05f-afb7a193501e 0.371s
2025-04-03 02:39:42.227 69385 INFO tempest.lib.common.rest_client [req-ae2f3567-470a-4f45-bd9d-2eb9da917d19 req-ae2f3567-470a-4f45-bd9d-2eb9da917d19 ] Request (ServerDiagnosticsV248Test:tearDownClass): 200 GET http://10.180.1.21/compute/v2.1/servers/70bfc9a1-b390-473c-9bcd-0f784f6311a0 0.331s
2025-04-03 02:39:42.279 69369 INFO tempest.lib.common.rest_client [req-a4ec84ba-2a18-4c59-9449-53b49d563497 req-a4ec84ba-2a18-4c59-9449-53b49d563497 ] Request (ServerMetadataTestJSON:setUpClass): 200 GET http://10.180.1.21/compute/v2.1/servers/4079e384-966a-4bae-9515-3d8a3a1c19c2 0.290s
2025-04-03 02:39:42.285 69383 INFO tempest.lib.common.rest_client [req-23bca1aa-b99c-455e-89e0-1f46937b1670 req-23bca1aa-b99c-455e-89e0-1f46937b1670 ] Request (ServerAddressesNegativeTestJSON:setUpClass): 200 GET http://10.180.1.21/compute/v2.1/servers/2dd0717f-fec5-4022-90d8-99b25f48f91c 0.341s
2025-04-03 02:39:42.294 69383 INFO tempest.common.waiters [-] State transition "BUILD/None" ==> "BUILD/block_device_mapping" after 84 second wait
2025-04-03 02:39:42.347 69349 INFO tempest.lib.common.rest_client [req-a1d97665-9bdf-4664-a01f-443d45ba3c01 req-a1d97665-9bdf-4664-a01f-443d45ba3c01 ] Request (ImagesTestJSON:test_create_image_from_stopped_server): 200 GET http://10.180.1.21/compute/v2.1/servers/9183d175-3295-40ee-a4a6-b7bc8f5694f1 0.354s
2025-04-03 02:39:42.351 69353 INFO tempest.lib.common.rest_client [req-4dbb5c6d-8e6f-474f-8eea-7537024d7ee1 req-4dbb5c6d-8e6f-474f-8eea-7537024d7ee1 ] Request (ServerExternalEventsTest:test_create_server_external_events): 200 GET http://10.180.1.21/compute/v2.1/servers/edb019f1-3d31-4127-95b9-9c893cc0bed9 0.282s
2025-04-03 02:39:42.384 69359 INFO tempest.lib.common.rest_client [req-b778f35d-9055-4e8a-b51f-6521de054ddf req-b778f35d-9055-4e8a-b51f-6521de054ddf ] Request (ListServersNegativeTestJSON:test_list_servers_by_non_existing_server_name): 200 GET http://10.180.1.21/compute/v2.1/servers?name=non_existing_server_name 0.250s
2025-04-03 02:39:42.541 69443 INFO tempest.lib.common.rest_client [req-1824da9f-5b8f-415f-8d46-91de14737fcf req-1824da9f-5b8f-415f-8d46-91de14737fcf ] Request (ServerRescueTestJSONUnderV235:setUpClass): 200 GET http://10.180.1.21/compute/v2.1/servers/b5117501-e54b-457c-9987-e7acc1129863 0.281s
2025-04-03 02:39:42.548 69443 INFO tempest.common.waiters [-] State transition "ACTIVE/rescuing" ==> "RESCUE/None" after 8 second wait
2025-04-03 02:39:42.620 69371 INFO tempest.lib.common.rest_client [req-5eb0722d-89bb-4cc6-8629-e4e4dc105fb0 req-5eb0722d-89bb-4cc6-8629-e4e4dc105fb0 ] Request (ListServerFiltersTestJSON:tearDownClass): 200 GET http://10.180.1.21/compute/v2.1/servers/bbb88874-b962-409f-b0c7-123ce11800ca 0.255s
2025-04-03 02:39:42.756 69355 WARNING tempest.lib.common.ssh [-] Failed to establish authenticated ssh connection to cirros@10.180.180.193 ([Errno None] Unable to connect to port 22 on 10.180.180.193). Number attempts: 5. Retry after 6 seconds.: paramiko.ssh_exception.NoValidConnectionsError: [Errno None] Unable to connect to port 22 on 10.180.180.193
2025-04-03 02:39:42.925 69359 INFO tempest.lib.common.rest_client [req-8e5cf8c9-da2f-4d97-b8b2-4dc93a869ed3 req-8e5cf8c9-da2f-4d97-b8b2-4dc93a869ed3 ] Request (ListServersNegativeTestJSON:test_list_servers_detail_server_is_deleted): 200 GET http://10.180.1.21/compute/v2.1/servers/detail 0.537s
2025-04-03 02:39:43.103 69453 INFO tempest.lib.common.rest_client [req-43ae6b87-6358-45c7-8bc2-5ccba87104da req-43ae6b87-6358-45c7-8bc2-5ccba87104da ] Request (AttachVolumeShelveTestJSON:test_attach_volume_shelved_or_offload_server): 200 GET http://10.180.1.21/compute/v2.1/servers/b0b98b8f-ad6b-4e95-aacc-b097bdb37de1 0.588s
2025-04-03 02:39:43.150 69437 INFO tempest.lib.common.rest_client [req-f894bf47-dbec-43ed-9350-29eabd4e9396 req-f894bf47-dbec-43ed-9350-29eabd4e9396 ] Request (VolumesAssistedSnapshotsTest:test_volume_assisted_snapshot_create_delete): 200 GET http://10.180.1.21/volume/v3/volumes/d8a3b610-1185-40d8-a063-0dbd3ce2d7a3 0.034s
2025-04-03 02:39:43.195 69381 INFO tempest.lib.common.rest_client [req-3c78d34d-8574-4982-b504-8141180d1c6b req-3c78d34d-8574-4982-b504-8141180d1c6b ] Request (FloatingIPsAssociationTestJSON:test_associate_disassociate_floating_ip): 202 POST http://10.180.1.21/compute/v2.1/servers/05115320-5e3d-4224-b990-4fbb3ceeae2d/action 0.986s
2025-04-03 02:39:43.229 69443 INFO tempest.lib.common.rest_client [req-e953e104-3208-4646-9c58-bf702a1a9aac req-e953e104-3208-4646-9c58-bf702a1a9aac ] Request (ServerRescueTestJSONUnderV235:test_rescued_vm_add_remove_security_group): 200 POST http://10.180.1.21/compute/v2.1/os-security-groups 0.680s
2025-04-03 02:39:43.256 69380 INFO tempest.lib.common.rest_client [req-46a8e065-177f-4258-a68f-1fcc505e5767 req-46a8e065-177f-4258-a68f-1fcc505e5767 ] Request (MigrationsAdminTest:test_resize_server_revert_deleted_flavor): 200 GET http://10.180.1.21/compute/v2.1/servers/f4c95b46-1573-428d-a7c5-637375d2cfb1 0.676s
2025-04-03 02:39:43.286 69357 INFO tempest.lib.common.rest_client [req-494a77e6-cb73-4225-9bee-64b20c4c5c89 req-494a77e6-cb73-4225-9bee-64b20c4c5c89 ] Request (ServersTestManualDisk:setUpClass): 200 GET http://10.180.1.21/compute/v2.1/servers/c3b51f0b-ada9-4b7b-9a9e-5ab4ec5eae52 0.623s
2025-04-03 02:39:43.308 69402 INFO tempest.lib.common.rest_client [req-4841588a-9259-4479-986b-21482d88050f req-4841588a-9259-4479-986b-21482d88050f ] Request (DeleteServersAdminTestJSON:test_delete_server_while_in_error_state): 200 GET http://10.180.1.21/compute/v2.1/servers/2cacec84-7fd2-4999-ad1b-207239004e0d 0.583s
2025-04-03 02:39:43.337 69424 INFO tempest.lib.common.rest_client [req-810154cf-ab27-44d9-a049-038cd36bfeec req-810154cf-ab27-44d9-a049-038cd36bfeec ] Request (DeleteServersTestJSON:test_delete_active_server): 200 GET http://10.180.1.21/compute/v2.1/servers/78fa7dad-564c-4a5c-9a12-28ff08f4fc26 0.563s
2025-04-03 02:39:43.359 69373 INFO tempest.lib.common.rest_client [req-cfb40666-bb94-442c-abd4-9c5294c94a72 req-cfb40666-bb94-442c-abd4-9c5294c94a72 ] Request (AttachVolumeTestJSON:test_attach_detach_volume): 200 GET http://10.180.1.21/compute/v2.1/servers/5385f25c-700d-4ee8-9714-2bc84481df0c 0.538s
2025-04-03 02:39:43.393 69388 INFO tempest.lib.common.rest_client [req-b2eb6405-1e98-4371-ad2d-884d1828d13e req-b2eb6405-1e98-4371-ad2d-884d1828d13e ] Request (MultipleCreateTestJSON:test_multiple_create): 200 GET http://10.180.1.21/compute/v2.1/servers/e1afbb1e-ceb6-4154-9cb3-d2ec935e194d 0.504s
2025-04-03 02:39:43.400 69359 INFO tempest.lib.common.rest_client [req-bcd9bad1-6e87-42d8-8ce1-45a4e18e0176 req-bcd9bad1-6e87-42d8-8ce1-45a4e18e0176 ] Request (ListServersNegativeTestJSON:test_list_servers_status_non_existing): 200 GET http://10.180.1.21/compute/v2.1/servers?status=non_existing_status 0.463s
2025-04-03 02:39:43.426 69377 INFO tempest.lib.common.rest_client [req-5b43a49d-4dea-4da8-a208-b0890f7699ab req-5b43a49d-4dea-4da8-a208-b0890f7699ab ] Request (ServersAdminNegativeTestJSON:tearDownClass): 200 GET http://10.180.1.21/compute/v2.1/servers/e3218ff9-bffe-4077-b090-e61b7e309c4d 0.510s
2025-04-03 02:39:43.479 69439 INFO tempest.lib.common.rest_client [req-dce4c2ca-b32a-4528-8a3c-bcdc800c63e9 req-dce4c2ca-b32a-4528-8a3c-bcdc800c63e9 ] Request (ImagesOneServerNegativeTestJSON:_run_cleanups): 200 GET http://10.180.1.21/compute/v2.1/servers/5f5bf870-75f9-485c-91fa-cda01dde02d3 0.391s
2025-04-03 02:39:43.494 69361 INFO tempest.lib.common.rest_client [req-cdad27d1-03d4-4e0d-86a7-8ad7e54b2f8c req-cdad27d1-03d4-4e0d-86a7-8ad7e54b2f8c ] Request (ServerAddressesTestJSON:setUpClass): 200 GET http://10.180.1.21/compute/v2.1/servers/28f21eb6-1bf9-4d53-9f35-017e1615a127 0.474s
2025-04-03 02:39:43.538 69375 INFO tempest.lib.common.rest_client [req-ff04466a-9176-489a-a8ad-d3a57b404dd4 req-ff04466a-9176-489a-a8ad-d3a57b404dd4 ] Request (ServersAdminTestJSON:test_create_server_with_scheduling_hint): 200 GET http://10.180.1.21/compute/v2.1/servers/2b824b3e-a8c4-483a-b8bb-fff02928ad4b 0.450s
2025-04-03 02:39:43.548 69367 INFO tempest.lib.common.rest_client [req-bdc08579-2432-42b9-94d8-db439e27fe39 req-bdc08579-2432-42b9-94d8-db439e27fe39 ] Request (FloatingIPsAssociationNegativeTestJSON:setUpClass): 200 GET http://10.180.1.21/compute/v2.1/servers/ca7666ac-21be-4cca-8e1f-19e4338e31d6 0.394s
2025-04-03 02:39:43.623 69381 INFO tempest.lib.common.rest_client [req-a509b959-72d6-444d-9a0d-1cb6b9a20255 req-a509b959-72d6-444d-9a0d-1cb6b9a20255 ] Request (FloatingIPsAssociationTestJSON:test_associate_disassociate_floating_ip): 200 GET http://10.180.1.21/compute/v2.1/os-floating-ips/625b38d0-626d-446d-abdc-a01477623faa 0.427s
2025-04-03 02:39:43.683 69385 INFO tempest.lib.common.rest_client [req-3e74aa14-8a64-461f-8bba-a4b98eef5bcd req-3e74aa14-8a64-461f-8bba-a4b98eef5bcd ] Request (ServerDiagnosticsV248Test:tearDownClass): 200 GET http://10.180.1.21/compute/v2.1/servers/70bfc9a1-b390-473c-9bcd-0f784f6311a0 0.444s
2025-04-03 02:39:43.738 69369 INFO tempest.lib.common.rest_client [req-45751c51-f96d-4b6c-adbd-e702014b5974 req-45751c51-f96d-4b6c-adbd-e702014b5974 ] Request (ServerMetadataTestJSON:setUpClass): 200 GET http://10.180.1.21/compute/v2.1/servers/4079e384-966a-4bae-9515-3d8a3a1c19c2 0.450s
2025-04-03 02:39:43.856 69383 INFO tempest.lib.common.rest_client [req-8e55b4b7-96db-4649-a4d4-f88a7112d01e req-8e55b4b7-96db-4649-a4d4-f88a7112d01e ] Request (ServerAddressesNegativeTestJSON:setUpClass): 200 GET http://10.180.1.21/compute/v2.1/servers/2dd0717f-fec5-4022-90d8-99b25f48f91c 0.560s
2025-04-03 02:39:43.865 69383 INFO tempest.common.waiters [-] State transition "BUILD/block_device_mapping" ==> "BUILD/spawning" after 85 second wait
2025-04-03 02:39:43.915 69349 INFO tempest.lib.common.rest_client [req-03473b08-1004-448f-a04f-466956fbb6b5 req-03473b08-1004-448f-a04f-466956fbb6b5 ] Request (ImagesTestJSON:test_create_image_from_stopped_server): 200 GET http://10.180.1.21/compute/v2.1/servers/9183d175-3295-40ee-a4a6-b7bc8f5694f1 0.559s
2025-04-03 02:39:43.923 69443 INFO tempest.lib.common.rest_client [req-d78fd4b6-f9f6-491d-9e95-50720fba6bb7 req-d78fd4b6-f9f6-491d-9e95-50720fba6bb7 ] Request (ServerRescueTestJSONUnderV235:test_rescued_vm_add_remove_security_group): 202 POST http://10.180.1.21/compute/v2.1/servers/b5117501-e54b-457c-9987-e7acc1129863/action 0.691s
2025-04-03 02:39:43.968 69353 INFO tempest.lib.common.rest_client [req-897b545f-b4da-4ce0-bb38-af13dae564c5 req-897b545f-b4da-4ce0-bb38-af13dae564c5 ] Request (ServerExternalEventsTest:test_create_server_external_events): 200 GET http://10.180.1.21/compute/v2.1/servers/edb019f1-3d31-4127-95b9-9c893cc0bed9 0.605s
2025-04-03 02:39:43.983 69359 INFO tempest.lib.common.rest_client [req-9350f266-d1ea-494b-b778-3cefa5bc3913 req-9350f266-d1ea-494b-b778-3cefa5bc3913 ] Request (ListServersNegativeTestJSON:test_list_servers_with_a_deleted_server): 200 GET http://10.180.1.21/compute/v2.1/servers 0.580s
2025-04-03 02:39:44.045 69371 INFO tempest.lib.common.rest_client [req-270b3de2-e97d-4931-aa92-8f54ab768391 req-270b3de2-e97d-4931-aa92-8f54ab768391 ] Request (ListServerFiltersTestJSON:tearDownClass): 200 GET http://10.180.1.21/compute/v2.1/servers/bbb88874-b962-409f-b0c7-123ce11800ca 0.416s
2025-04-03 02:39:44.192 69437 INFO tempest.lib.common.rest_client [req-59c6765a-b0fe-41ff-b181-ac03b848619c req-59c6765a-b0fe-41ff-b181-ac03b848619c ] Request (VolumesAssistedSnapshotsTest:test_volume_assisted_snapshot_create_delete): 200 GET http://10.180.1.21/volume/v3/volumes/d8a3b610-1185-40d8-a063-0dbd3ce2d7a3 0.033s
2025-04-03 02:39:44.201 69437 INFO tempest.common.waiters [-] Attachment d9ae591e-4b5d-4ef9-a6ff-ed56b8cbe3fe created for volume d8a3b610-1185-40d8-a063-0dbd3ce2d7a3 to server 3b4c9703-c5a2-4f9d-8a1b-a16860c77564 after waiting for 8.201102 seconds
2025-04-03 02:39:44.237 69437 INFO tempest.lib.common.rest_client [req-d4b4c2e1-261c-4b33-a011-e094ab7422f7 req-d4b4c2e1-261c-4b33-a011-e094ab7422f7 ] Request (VolumesAssistedSnapshotsTest:test_volume_assisted_snapshot_create_delete): 200 GET http://10.180.1.21/volume/v3/volumes/d8a3b610-1185-40d8-a063-0dbd3ce2d7a3 0.036s
2025-04-03 02:39:44.245 69437 INFO tempest.common.waiters [-] volume d8a3b610-1185-40d8-a063-0dbd3ce2d7a3 reached in-use after waiting for 0.245600 seconds
2025-04-03 02:39:44.489 69443 INFO tempest.lib.common.rest_client [req-426fd2d7-343b-4bb5-9f05-5f629fee4826 req-426fd2d7-343b-4bb5-9f05-5f629fee4826 ] Request (ServerRescueTestJSONUnderV235:test_rescued_vm_add_remove_security_group): 202 POST http://10.180.1.21/compute/v2.1/servers/b5117501-e54b-457c-9987-e7acc1129863/action 0.566s
2025-04-03 02:39:44.585 69359 INFO tempest.lib.common.rest_client [req-932893f4-6ca6-49f0-8e72-fc284fd12181 req-932893f4-6ca6-49f0-8e72-fc284fd12181 ] Request (ListServersNegativeTestJSON:tearDownClass): 204 DELETE http://10.180.1.21/compute/v2.1/servers/72245c05-c8e5-4250-a4b6-6108748c5e5c 0.599s
2025-04-03 02:39:44.830 69453 INFO tempest.lib.common.rest_client [req-669c4c83-5375-432f-8a8e-b81e56b82db6 req-669c4c83-5375-432f-8a8e-b81e56b82db6 ] Request (AttachVolumeShelveTestJSON:test_attach_volume_shelved_or_offload_server): 200 GET http://10.180.1.21/compute/v2.1/servers/b0b98b8f-ad6b-4e95-aacc-b097bdb37de1 0.714s
2025-04-03 02:39:45.037 69437 INFO tempest.lib.common.rest_client [req-eef8b08f-e5f9-4e96-89cf-25eacf1be15f req-eef8b08f-e5f9-4e96-89cf-25eacf1be15f ] Request (VolumesAssistedSnapshotsTest:test_volume_assisted_snapshot_create_delete): 200 POST http://10.180.1.21/compute/v2.1/os-assisted-volume-snapshots 0.791s
2025-04-03 02:39:45.106 69380 INFO tempest.lib.common.rest_client [req-c06dceae-e69e-450d-a1c2-6412a936df6f req-c06dceae-e69e-450d-a1c2-6412a936df6f ] Request (MigrationsAdminTest:test_resize_server_revert_deleted_flavor): 200 GET http://10.180.1.21/compute/v2.1/servers/f4c95b46-1573-428d-a7c5-637375d2cfb1 0.842s
2025-04-03 02:39:45.168 69357 INFO tempest.lib.common.rest_client [req-bb5b64dc-3129-4bc5-9d0c-e815a8c518c7 req-bb5b64dc-3129-4bc5-9d0c-e815a8c518c7 ] Request (ServersTestManualDisk:setUpClass): 200 GET http://10.180.1.21/compute/v2.1/servers/c3b51f0b-ada9-4b7b-9a9e-5ab4ec5eae52 0.873s
2025-04-03 02:39:45.217 69381 INFO tempest.lib.common.rest_client [req-53e4cc7d-a857-4b5d-abc0-c94fa045bcd7 req-53e4cc7d-a857-4b5d-abc0-c94fa045bcd7 ] Request (FloatingIPsAssociationTestJSON:test_associate_disassociate_floating_ip): 202 POST http://10.180.1.21/compute/v2.1/servers/05115320-5e3d-4224-b990-4fbb3ceeae2d/action 1.591s
2025-04-03 02:39:45.260 69402 INFO tempest.lib.common.rest_client [req-8f3eab39-dbcf-4c19-8c12-c530f5d599ea req-8f3eab39-dbcf-4c19-8c12-c530f5d599ea ] Request (DeleteServersAdminTestJSON:test_delete_server_while_in_error_state): 200 GET http://10.180.1.21/compute/v2.1/servers/2cacec84-7fd2-4999-ad1b-207239004e0d 0.944s
2025-04-03 02:39:45.276 69424 INFO tempest.lib.common.rest_client [req-bd4802b5-bda3-42cc-a8a0-fced1b4e7490 req-bd4802b5-bda3-42cc-a8a0-fced1b4e7490 ] Request (DeleteServersTestJSON:test_delete_active_server): 200 GET http://10.180.1.21/compute/v2.1/servers/78fa7dad-564c-4a5c-9a12-28ff08f4fc26 0.930s
2025-04-03 02:39:45.322 69373 INFO tempest.lib.common.rest_client [req-23f7251f-f97b-4867-91d6-06490612ba7b req-23f7251f-f97b-4867-91d6-06490612ba7b ] Request (AttachVolumeTestJSON:test_attach_detach_volume): 200 GET http://10.180.1.21/compute/v2.1/servers/5385f25c-700d-4ee8-9714-2bc84481df0c 0.952s
2025-04-03 02:39:45.337 69388 INFO tempest.lib.common.rest_client [req-86d222a1-13aa-46ff-9d7f-67858684a418 req-86d222a1-13aa-46ff-9d7f-67858684a418 ] Request (MultipleCreateTestJSON:test_multiple_create): 200 GET http://10.180.1.21/compute/v2.1/servers/e1afbb1e-ceb6-4154-9cb3-d2ec935e194d 0.934s
2025-04-03 02:39:45.394 69377 INFO tempest.lib.common.rest_client [req-e5f0859b-bea2-4a27-80e4-a18c41c5d41c req-e5f0859b-bea2-4a27-80e4-a18c41c5d41c ] Request (ServersAdminNegativeTestJSON:tearDownClass): 200 GET http://10.180.1.21/compute/v2.1/servers/e3218ff9-bffe-4077-b090-e61b7e309c4d 0.958s
2025-04-03 02:39:45.447 69439 INFO tempest.lib.common.rest_client [req-8446af76-4434-40fb-9ac1-9887269f45c2 req-8446af76-4434-40fb-9ac1-9887269f45c2 ] Request (ImagesOneServerNegativeTestJSON:_run_cleanups): 200 GET http://10.180.1.21/compute/v2.1/servers/5f5bf870-75f9-485c-91fa-cda01dde02d3 0.956s
2025-04-03 02:39:45.567 69361 INFO tempest.lib.common.rest_client [req-199c85e4-165d-4112-a547-b949704c94b3 req-199c85e4-165d-4112-a547-b949704c94b3 ] Request (ServerAddressesTestJSON:setUpClass): 200 GET http://10.180.1.21/compute/v2.1/servers/28f21eb6-1bf9-4d53-9f35-017e1615a127 1.060s
2025-04-03 02:39:45.578 69361 INFO tempest.common.waiters [-] State transition "BUILD/spawning" ==> "ACTIVE/None" after 94 second wait
2025-04-03 02:39:45.626 69375 INFO tempest.lib.common.rest_client [req-a3abb624-4196-49cc-9ef0-2d7a18de05c0 req-a3abb624-4196-49cc-9ef0-2d7a18de05c0 ] Request (ServersAdminTestJSON:test_create_server_with_scheduling_hint): 200 GET http://10.180.1.21/compute/v2.1/servers/2b824b3e-a8c4-483a-b8bb-fff02928ad4b 1.078s
2025-04-03 02:39:45.671 69367 INFO tempest.lib.common.rest_client [req-30f51d5a-3828-4b42-b6ca-20dc4934e0f4 req-30f51d5a-3828-4b42-b6ca-20dc4934e0f4 ] Request (FloatingIPsAssociationNegativeTestJSON:setUpClass): 200 GET http://10.180.1.21/compute/v2.1/servers/ca7666ac-21be-4cca-8e1f-19e4338e31d6 1.114s
2025-04-03 02:39:45.678 69367 INFO tempest.common.waiters [-] State transition "BUILD/scheduling" ==> "BUILD/None" after 49 second wait
2025-04-03 02:39:45.689 69359 INFO tempest.lib.common.rest_client [req-46e7038b-18bf-42cf-ae37-ad9fb60a5321 req-46e7038b-18bf-42cf-ae37-ad9fb60a5321 ] Request (ListServersNegativeTestJSON:tearDownClass): 404 DELETE http://10.180.1.21/compute/v2.1/servers/4f80f5be-5b1e-4156-b061-81e818008cdd 1.103s
2025-04-03 02:39:45.746 69385 INFO tempest.lib.common.rest_client [req-d8f6a242-899c-4a89-a567-19c116b3ca4c req-d8f6a242-899c-4a89-a567-19c116b3ca4c ] Request (ServerDiagnosticsV248Test:tearDownClass): 200 GET http://10.180.1.21/compute/v2.1/servers/70bfc9a1-b390-473c-9bcd-0f784f6311a0 1.048s
2025-04-03 02:39:45.800 69369 INFO tempest.lib.common.rest_client [req-92024c2f-8fc3-42ec-af80-c77e9c574553 req-92024c2f-8fc3-42ec-af80-c77e9c574553 ] Request (ServerMetadataTestJSON:setUpClass): 200 GET http://10.180.1.21/compute/v2.1/servers/4079e384-966a-4bae-9515-3d8a3a1c19c2 1.053s
2025-04-03 02:39:45.813 69443 INFO tempest.lib.common.rest_client [req-4d1cb722-d7dc-46a0-b6ea-63dbbd1565f0 req-4d1cb722-d7dc-46a0-b6ea-63dbbd1565f0 ] Request (ServerRescueTestJSONUnderV235:test_rescued_vm_associate_dissociate_floating_ip): 200 POST http://10.180.1.21/compute/v2.1/os-floating-ips 1.322s
2025-04-03 02:39:45.858 69349 INFO tempest.lib.common.rest_client [req-08798b07-6676-4a67-9974-112a8d5fb709 req-08798b07-6676-4a67-9974-112a8d5fb709 ] Request (ImagesTestJSON:test_create_image_from_stopped_server): 200 GET http://10.180.1.21/compute/v2.1/servers/9183d175-3295-40ee-a4a6-b7bc8f5694f1 0.931s
2025-04-03 02:39:45.885 69383 INFO tempest.lib.common.rest_client [req-c7d2bc7e-bd44-4d86-96f3-834c2032ae51 req-c7d2bc7e-bd44-4d86-96f3-834c2032ae51 ] Request (ServerAddressesNegativeTestJSON:setUpClass): 200 GET http://10.180.1.21/compute/v2.1/servers/2dd0717f-fec5-4022-90d8-99b25f48f91c 1.016s
2025-04-03 02:39:45.907 69437 INFO tempest.lib.common.rest_client [req-c9876120-bdf0-449e-9cdb-6b47ca030336 req-c9876120-bdf0-449e-9cdb-6b47ca030336 ] Request (VolumesAssistedSnapshotsTest:test_volume_assisted_snapshot_create_delete): 204 DELETE http://10.180.1.21/compute/v2.1/os-assisted-volume-snapshots/None?delete_info=%7B%22volume_id%22%3A+%22d8a3b610-1185-40d8-a063-0dbd3ce2d7a3%22%7D 0.870s
2025-04-03 02:39:45.943 69437 INFO tempest.lib.common.rest_client [req-a18987c3-d2ec-459c-835e-e2897c98b3c1 req-a18987c3-d2ec-459c-835e-e2897c98b3c1 ] Request (VolumesAssistedSnapshotsTest:_run_cleanups): 200 GET http://10.180.1.21/volume/v3/volumes/d8a3b610-1185-40d8-a063-0dbd3ce2d7a3 0.035s
2025-04-03 02:39:45.973 69371 INFO tempest.lib.common.rest_client [req-18df1448-0417-46a4-a76f-97a2fdd649cd req-18df1448-0417-46a4-a76f-97a2fdd649cd ] Request (ListServerFiltersTestJSON:tearDownClass): 200 GET http://10.180.1.21/compute/v2.1/servers/bbb88874-b962-409f-b0c7-123ce11800ca 0.919s
2025-04-03 02:39:46.004 69353 INFO tempest.lib.common.rest_client [req-b81c87bb-dc59-4f95-b732-d6280304eacf req-b81c87bb-dc59-4f95-b732-d6280304eacf ] Request (ServerExternalEventsTest:test_create_server_external_events): 200 GET http://10.180.1.21/compute/v2.1/servers/edb019f1-3d31-4127-95b9-9c893cc0bed9 1.023s
2025-04-03 02:39:46.011 69353 INFO tempest.common.waiters [-] State transition "BUILD/None" ==> "BUILD/spawning" after 84 second wait
2025-04-03 02:39:46.029 69361 INFO tempest.lib.common.rest_client [req-6c1fcd23-8e86-44ce-b289-00627c319e7d req-6c1fcd23-8e86-44ce-b289-00627c319e7d ] Request (ServerAddressesTestJSON:test_list_server_addresses): 200 GET http://10.180.1.21/compute/v2.1/servers/28f21eb6-1bf9-4d53-9f35-017e1615a127/ips 0.450s
2025-04-03 02:39:46.041 69381 INFO tempest.lib.common.rest_client [req-ca9e1c67-70b8-4065-be4d-6dcede3780da req-ca9e1c67-70b8-4065-be4d-6dcede3780da ] Request (FloatingIPsAssociationTestJSON:tearDownClass): 204 DELETE http://10.180.1.21/compute/v2.1/servers/c7a639f5-384c-4a1e-a05f-afb7a193501e 0.823s
2025-04-03 02:39:46.102 69359 INFO tempest.lib.common.rest_client [req-aceccf92-8f7e-40d8-a107-fad0c16a85f5 req-aceccf92-8f7e-40d8-a107-fad0c16a85f5 ] Request (ListServersNegativeTestJSON:tearDownClass): 204 DELETE http://10.180.1.21/compute/v2.1/servers/49d1b3a4-385f-430e-91df-e1d6c60b6855 0.412s
2025-04-03 02:39:46.119 69351 WARNING tempest.lib.common.ssh [-] Failed to establish authenticated ssh connection to cirros@10.180.180.164 ([Errno None] Unable to connect to port 22 on 10.180.180.164). Number attempts: 1. Retry after 2 seconds.: paramiko.ssh_exception.NoValidConnectionsError: [Errno None] Unable to connect to port 22 on 10.180.180.164
2025-04-03 02:39:46.214 69453 INFO tempest.lib.common.rest_client [req-2d93892c-c0c0-4b47-b487-75dcc92f9493 req-2d93892c-c0c0-4b47-b487-75dcc92f9493 ] Request (AttachVolumeShelveTestJSON:test_attach_volume_shelved_or_offload_server): 200 GET http://10.180.1.21/compute/v2.1/servers/b0b98b8f-ad6b-4e95-aacc-b097bdb37de1 0.374s
2025-04-03 02:39:46.383 69437 INFO tempest.lib.common.rest_client [req-b558467a-1519-4512-874b-a385d2e2f594 req-b558467a-1519-4512-874b-a385d2e2f594 ] Request (VolumesAssistedSnapshotsTest:_run_cleanups): 202 DELETE http://10.180.1.21/compute/v2.1/servers/3b4c9703-c5a2-4f9d-8a1b-a16860c77564/os-volume_attachments/d8a3b610-1185-40d8-a063-0dbd3ce2d7a3 0.433s
2025-04-03 02:39:46.436 69361 INFO tempest.lib.common.rest_client [req-7ecce3e5-4fce-405a-9d44-9539f7610c2e req-7ecce3e5-4fce-405a-9d44-9539f7610c2e ] Request (ServerAddressesTestJSON:test_list_server_addresses_by_network): 200 GET http://10.180.1.21/compute/v2.1/servers/28f21eb6-1bf9-4d53-9f35-017e1615a127/ips 0.404s
2025-04-03 02:39:46.495 69381 INFO tempest.lib.common.rest_client [req-6f08409a-ebd7-40a3-a0e7-19238f721817 req-6f08409a-ebd7-40a3-a0e7-19238f721817 ] Request (FloatingIPsAssociationTestJSON:tearDownClass): 200 GET http://10.180.1.21/compute/v2.1/servers/c7a639f5-384c-4a1e-a05f-afb7a193501e 0.454s
2025-04-03 02:39:46.584 69359 INFO tempest.lib.common.rest_client [req-6092aa9e-0eee-4dce-85d5-f5b22bbc7b40 req-6092aa9e-0eee-4dce-85d5-f5b22bbc7b40 ] Request (ListServersNegativeTestJSON:tearDownClass): 200 GET http://10.180.1.21/compute/v2.1/servers/72245c05-c8e5-4250-a4b6-6108748c5e5c 0.481s
2025-04-03 02:39:46.640 69380 INFO tempest.lib.common.rest_client [req-06f01b07-bc81-4230-98d5-c223d1bf67b3 req-06f01b07-bc81-4230-98d5-c223d1bf67b3 ] Request (MigrationsAdminTest:test_resize_server_revert_deleted_flavor): 200 GET http://10.180.1.21/compute/v2.1/servers/f4c95b46-1573-428d-a7c5-637375d2cfb1 0.525s
2025-04-03 02:39:46.703 69357 INFO tempest.lib.common.rest_client [req-64438859-af09-4108-a22a-39d3fc2abe10 req-64438859-af09-4108-a22a-39d3fc2abe10 ] Request (ServersTestManualDisk:setUpClass): 200 GET http://10.180.1.21/compute/v2.1/servers/c3b51f0b-ada9-4b7b-9a9e-5ab4ec5eae52 0.521s
2025-04-03 02:39:46.752 69402 INFO tempest.lib.common.rest_client [req-d97a421e-a5e8-4c87-9792-75ccbc82b24a req-d97a421e-a5e8-4c87-9792-75ccbc82b24a ] Request (DeleteServersAdminTestJSON:test_delete_server_while_in_error_state): 200 GET http://10.180.1.21/compute/v2.1/servers/2cacec84-7fd2-4999-ad1b-207239004e0d 0.484s
2025-04-03 02:39:46.803 69424 INFO tempest.lib.common.rest_client [req-3351a17b-e7fa-4918-9124-2637303c916c req-3351a17b-e7fa-4918-9124-2637303c916c ] Request (DeleteServersTestJSON:test_delete_active_server): 200 GET http://10.180.1.21/compute/v2.1/servers/78fa7dad-564c-4a5c-9a12-28ff08f4fc26 0.518s
2025-04-03 02:39:46.856 69373 INFO tempest.lib.common.rest_client [req-e087ab7b-8384-47c9-96a2-1ca53763409a req-e087ab7b-8384-47c9-96a2-1ca53763409a ] Request (AttachVolumeTestJSON:test_attach_detach_volume): 200 GET http://10.180.1.21/compute/v2.1/servers/5385f25c-700d-4ee8-9714-2bc84481df0c 0.520s
2025-04-03 02:39:46.916 69388 INFO tempest.lib.common.rest_client [req-2dfbfd79-a9e4-43cc-a3ad-4125fa404d81 req-2dfbfd79-a9e4-43cc-a3ad-4125fa404d81 ] Request (MultipleCreateTestJSON:test_multiple_create): 200 GET http://10.180.1.21/compute/v2.1/servers/e1afbb1e-ceb6-4154-9cb3-d2ec935e194d 0.564s
2025-04-03 02:39:46.953 69437 INFO tempest.lib.common.rest_client [req-a4a6933b-3d9e-42da-a280-e0005c6652db req-a4a6933b-3d9e-42da-a280-e0005c6652db ] Request (VolumesAssistedSnapshotsTest:_run_cleanups): 200 GET http://10.180.1.21/compute/v2.1/servers/3b4c9703-c5a2-4f9d-8a1b-a16860c77564/os-volume_attachments 0.570s
2025-04-03 02:39:47.021 69377 INFO tempest.lib.common.rest_client [req-90ddaeca-627f-4adc-9727-8d2c49ea0153 req-90ddaeca-627f-4adc-9727-8d2c49ea0153 ] Request (ServersAdminNegativeTestJSON:tearDownClass): 200 GET http://10.180.1.21/compute/v2.1/servers/e3218ff9-bffe-4077-b090-e61b7e309c4d 0.618s
2025-04-03 02:39:47.046 69361 INFO tempest.lib.common.rest_client [req-c464ec3c-8956-474c-a5ad-d2ec6744485d req-c464ec3c-8956-474c-a5ad-d2ec6744485d ] Request (ServerAddressesTestJSON:test_list_server_addresses_by_network): 200 GET http://10.180.1.21/compute/v2.1/servers/28f21eb6-1bf9-4d53-9f35-017e1615a127/ips/tempest-ServerAddressesTestJSON-1012408379-network 0.608s
2025-04-03 02:39:47.078 69365 WARNING tempest.lib.common.ssh [-] Failed to establish authenticated ssh connection to cirros@10.180.180.206 ([Errno None] Unable to connect to port 22 on 10.180.180.206). Number attempts: 4. Retry after 5 seconds.: paramiko.ssh_exception.NoValidConnectionsError: [Errno None] Unable to connect to port 22 on 10.180.180.206
2025-04-03 02:39:47.105 69439 INFO tempest.lib.common.rest_client [req-30498e1f-44a1-4735-834e-17c80fa2ee54 req-30498e1f-44a1-4735-834e-17c80fa2ee54 ] Request (ImagesOneServerNegativeTestJSON:_run_cleanups): 200 GET http://10.180.1.21/compute/v2.1/servers/5f5bf870-75f9-485c-91fa-cda01dde02d3 0.648s
2025-04-03 02:39:47.162 69375 INFO tempest.lib.common.rest_client [req-6e86f62a-b152-42a3-8994-4364c700941f req-6e86f62a-b152-42a3-8994-4364c700941f ] Request (ServersAdminTestJSON:test_create_server_with_scheduling_hint): 200 GET http://10.180.1.21/compute/v2.1/servers/2b824b3e-a8c4-483a-b8bb-fff02928ad4b 0.528s
2025-04-03 02:39:47.225 69367 INFO tempest.lib.common.rest_client [req-5f7c5c94-6967-42f4-b628-f069eb6c1ca0 req-5f7c5c94-6967-42f4-b628-f069eb6c1ca0 ] Request (FloatingIPsAssociationNegativeTestJSON:setUpClass): 200 GET http://10.180.1.21/compute/v2.1/servers/ca7666ac-21be-4cca-8e1f-19e4338e31d6 0.545s
2025-04-03 02:39:47.248 69385 INFO tempest.lib.common.rest_client [req-bb404fc8-d3a5-43ff-ba63-0efd5249949b req-bb404fc8-d3a5-43ff-ba63-0efd5249949b ] Request (ServerDiagnosticsV248Test:tearDownClass): 404 GET http://10.180.1.21/compute/v2.1/servers/70bfc9a1-b390-473c-9bcd-0f784f6311a0 0.492s
2025-04-03 02:39:47.307 69369 INFO tempest.lib.common.rest_client [req-4a328c75-6b1b-408b-8607-9b00713bbfd2 req-4a328c75-6b1b-408b-8607-9b00713bbfd2 ] Request (ServerMetadataTestJSON:setUpClass): 200 GET http://10.180.1.21/compute/v2.1/servers/4079e384-966a-4bae-9515-3d8a3a1c19c2 0.499s
2025-04-03 02:39:47.342 69443 INFO tempest.lib.common.rest_client [req-d0f23175-0aa0-4609-91c4-231f0a1721b5 req-d0f23175-0aa0-4609-91c4-231f0a1721b5 ] Request (ServerRescueTestJSONUnderV235:test_rescued_vm_associate_dissociate_floating_ip): 202 POST http://10.180.1.21/compute/v2.1/servers/b5117501-e54b-457c-9987-e7acc1129863/action 1.527s
2025-04-03 02:39:47.375 69349 INFO tempest.lib.common.rest_client [req-51c83619-00f5-475e-b614-09e111d1a7c3 req-51c83619-00f5-475e-b614-09e111d1a7c3 ] Request (ImagesTestJSON:test_create_image_from_stopped_server): 200 GET http://10.180.1.21/compute/v2.1/servers/9183d175-3295-40ee-a4a6-b7bc8f5694f1 0.509s
2025-04-03 02:39:47.400 69385 INFO tempest.lib.common.rest_client [req-f2fcb58a-3e71-4cc1-998f-9a98fa630341 req-f2fcb58a-3e71-4cc1-998f-9a98fa630341 ] Request (ServerDiagnosticsV248Test:tearDownClass): 204 DELETE http://10.180.1.21/identity/v3/users/3cbc554e28cd47b7a702ac4d077f0f3a 0.152s
2025-04-03 02:39:47.433 69371 INFO tempest.lib.common.rest_client [req-9f49f82f-035e-4b64-8bc0-6f4c2e45b63a req-9f49f82f-035e-4b64-8bc0-6f4c2e45b63a ] Request (ListServerFiltersTestJSON:tearDownClass): 200 GET http://10.180.1.21/compute/v2.1/servers/bbb88874-b962-409f-b0c7-123ce11800ca 0.451s
2025-04-03 02:39:47.486 69383 INFO tempest.lib.common.rest_client [req-2388afbd-713f-42b9-aec7-28ef9b682ab0 req-2388afbd-713f-42b9-aec7-28ef9b682ab0 ] Request (ServerAddressesNegativeTestJSON:setUpClass): 200 GET http://10.180.1.21/compute/v2.1/servers/2dd0717f-fec5-4022-90d8-99b25f48f91c 0.589s
2025-04-03 02:39:47.518 69385 INFO tempest.lib.common.rest_client [req-b50fc651-a66e-4c71-b89d-89994d96a077 req-b50fc651-a66e-4c71-b89d-89994d96a077 ] Request (ServerDiagnosticsV248Test:tearDownClass): 204 DELETE http://10.180.1.21/identity/v3/users/5dab7eee2eed46638bf81aca0b23bcfd 0.118s
2025-04-03 02:39:47.519 69385 INFO tempest.lib.common.dynamic_creds [-] Deleting project and security group for project: 5d1798f590504bbc8ea6ce5b8e7d35ab
2025-04-03 02:39:47.537 69353 INFO tempest.lib.common.rest_client [req-e7dfb2b0-a59d-46bd-8a76-5395318ed692 req-e7dfb2b0-a59d-46bd-8a76-5395318ed692 ] Request (ServerExternalEventsTest:test_create_server_external_events): 200 GET http://10.180.1.21/compute/v2.1/servers/edb019f1-3d31-4127-95b9-9c893cc0bed9 0.525s
2025-04-03 02:39:47.572 69361 INFO tempest.lib.common.rest_client [req-c51bfc95-de88-48e5-b23e-50d71197343f req-c51bfc95-de88-48e5-b23e-50d71197343f ] Request (ServerAddressesTestJSON:tearDownClass): 204 DELETE http://10.180.1.21/compute/v2.1/servers/28f21eb6-1bf9-4d53-9f35-017e1615a127 0.521s
2025-04-03 02:39:47.580 69385 INFO tempest.lib.common.rest_client [req-5ef40f42-8228-47a1-ae0b-49c675ae813f req-5ef40f42-8228-47a1-ae0b-49c675ae813f ] Request (ServerDiagnosticsV248Test:tearDownClass): 201 POST http://10.180.1.21/identity/v3/auth/tokens 0.061s
2025-04-03 02:39:47.639 69453 INFO tempest.lib.common.rest_client [req-e8b065a5-d90a-4b64-bed0-264b89ba6499 req-e8b065a5-d90a-4b64-bed0-264b89ba6499 ] Request (AttachVolumeShelveTestJSON:test_attach_volume_shelved_or_offload_server): 200 GET http://10.180.1.21/compute/v2.1/servers/b0b98b8f-ad6b-4e95-aacc-b097bdb37de1 0.416s
2025-04-03 02:39:47.704 69381 INFO tempest.lib.common.rest_client [req-24f63a97-7486-4361-87cb-3fbbb7b9fb9b req-24f63a97-7486-4361-87cb-3fbbb7b9fb9b ] Request (FloatingIPsAssociationTestJSON:tearDownClass): 200 GET http://10.180.1.21/compute/v2.1/servers/c7a639f5-384c-4a1e-a05f-afb7a193501e 0.200s
2025-04-03 02:39:47.785 69385 INFO tempest.lib.common.rest_client [req-234cd716-63f1-4bcd-9e61-6856a0faefce req-234cd716-63f1-4bcd-9e61-6856a0faefce ] Request (ServerDiagnosticsV248Test:tearDownClass): 200 GET http://10.180.1.21:9696/networking/v2.0/security-groups?tenant_id=5d1798f590504bbc8ea6ce5b8e7d35ab&name=default 0.205s
2025-04-03 02:39:47.916 69361 INFO tempest.lib.common.rest_client [req-9ab06a14-8ac1-466e-9120-abdb32bdcdd7 req-9ab06a14-8ac1-466e-9120-abdb32bdcdd7 ] Request (ServerAddressesTestJSON:tearDownClass): 200 GET http://10.180.1.21/compute/v2.1/servers/28f21eb6-1bf9-4d53-9f35-017e1615a127 0.344s
2025-04-03 02:39:47.937 69385 INFO tempest.lib.common.rest_client [req-b0f58076-cb58-4786-9319-ea38364818cf req-b0f58076-cb58-4786-9319-ea38364818cf ] Request (ServerDiagnosticsV248Test:tearDownClass): 204 DELETE http://10.180.1.21:9696/networking/v2.0/security-groups/67659291-483b-49b1-ab4d-dd2de8e0a502 0.151s
2025-04-03 02:39:47.973 69359 INFO tempest.lib.common.rest_client [req-86f17f08-5989-47ee-95b2-57859123da84 req-86f17f08-5989-47ee-95b2-57859123da84 ] Request (ListServersNegativeTestJSON:tearDownClass): 200 GET http://10.180.1.21/compute/v2.1/servers/72245c05-c8e5-4250-a4b6-6108748c5e5c 0.380s
2025-04-03 02:39:48.019 69385 INFO tempest.lib.common.rest_client [req-bc6fbdc3-a702-4d3c-8ffc-43bfe2f0d7f8 req-bc6fbdc3-a702-4d3c-8ffc-43bfe2f0d7f8 ] Request (ServerDiagnosticsV248Test:tearDownClass): 204 DELETE http://10.180.1.21/identity/v3/projects/5d1798f590504bbc8ea6ce5b8e7d35ab 0.082s
2025-04-03 02:39:48.019 69385 INFO tempest.lib.common.dynamic_creds [-] Deleting project and security group for project: 3686cbfbc9cc4e18905aee4b69ab4242
2025-04-03 02:39:48.046 69380 INFO tempest.lib.common.rest_client [req-6c4ed11c-4cf5-40af-a17e-808bc0ec6b57 req-6c4ed11c-4cf5-40af-a17e-808bc0ec6b57 ] Request (MigrationsAdminTest:test_resize_server_revert_deleted_flavor): 200 GET http://10.180.1.21/compute/v2.1/servers/f4c95b46-1573-428d-a7c5-637375d2cfb1 0.399s
2025-04-03 02:39:48.099 69357 INFO tempest.lib.common.rest_client [req-5fbcf767-1ff4-4a5f-a0a2-38bf0cfc2969 req-5fbcf767-1ff4-4a5f-a0a2-38bf0cfc2969 ] Request (ServersTestManualDisk:setUpClass): 200 GET http://10.180.1.21/compute/v2.1/servers/c3b51f0b-ada9-4b7b-9a9e-5ab4ec5eae52 0.384s
2025-04-03 02:39:48.163 69402 INFO tempest.lib.common.rest_client [req-50a71adc-be78-4181-9cd5-12519b935750 req-50a71adc-be78-4181-9cd5-12519b935750 ] Request (DeleteServersAdminTestJSON:test_delete_server_while_in_error_state): 200 GET http://10.180.1.21/compute/v2.1/servers/2cacec84-7fd2-4999-ad1b-207239004e0d 0.399s
2025-04-03 02:39:48.198 69385 INFO tempest.lib.common.rest_client [req-9120b55f-d3fd-4c3b-aeaf-85b17ed780d4 req-9120b55f-d3fd-4c3b-aeaf-85b17ed780d4 ] Request (ServerDiagnosticsV248Test:tearDownClass): 200 GET http://10.180.1.21:9696/networking/v2.0/security-groups?tenant_id=3686cbfbc9cc4e18905aee4b69ab4242&name=default 0.178s
2025-04-03 02:39:48.239 69424 INFO tempest.lib.common.rest_client [req-7db115d8-6bde-4578-a088-7625d123fdc3 req-7db115d8-6bde-4578-a088-7625d123fdc3 ] Request (DeleteServersTestJSON:test_delete_active_server): 200 GET http://10.180.1.21/compute/v2.1/servers/78fa7dad-564c-4a5c-9a12-28ff08f4fc26 0.426s
2025-04-03 02:39:48.255 69449 WARNING tempest.lib.common.ssh [-] Failed to establish authenticated ssh connection to cirros@10.180.180.159 ([Errno None] Unable to connect to port 22 on 10.180.180.159). Number attempts: 6. Retry after 7 seconds.: paramiko.ssh_exception.NoValidConnectionsError: [Errno None] Unable to connect to port 22 on 10.180.180.159
2025-04-03 02:39:48.304 69373 INFO tempest.lib.common.rest_client [req-cc3735ce-048b-4e36-b242-81107234d780 req-cc3735ce-048b-4e36-b242-81107234d780 ] Request (AttachVolumeTestJSON:test_attach_detach_volume): 200 GET http://10.180.1.21/compute/v2.1/servers/5385f25c-700d-4ee8-9714-2bc84481df0c 0.430s
2025-04-03 02:39:48.377 69385 INFO tempest.lib.common.rest_client [req-529d527d-4957-46b5-9c10-f42b3847b416 req-529d527d-4957-46b5-9c10-f42b3847b416 ] Request (ServerDiagnosticsV248Test:tearDownClass): 204 DELETE http://10.180.1.21:9696/networking/v2.0/security-groups/596823f5-3972-472a-826a-201ac012457b 0.179s
2025-04-03 02:39:48.403 69388 INFO tempest.lib.common.rest_client [req-1afc9538-e153-4925-9303-6e499e8a3e90 req-1afc9538-e153-4925-9303-6e499e8a3e90 ] Request (MultipleCreateTestJSON:test_multiple_create): 200 GET http://10.180.1.21/compute/v2.1/servers/e1afbb1e-ceb6-4154-9cb3-d2ec935e194d 0.477s
2025-04-03 02:39:48.413 69446 INFO paramiko.transport [-] Connected (version 2.0, client dropbear_2020.81)
2025-04-03 02:39:48.437 69437 INFO tempest.lib.common.rest_client [req-1384a3d2-b56c-4798-9873-992c502442de req-1384a3d2-b56c-4798-9873-992c502442de ] Request (VolumesAssistedSnapshotsTest:_run_cleanups): 200 GET http://10.180.1.21/compute/v2.1/servers/3b4c9703-c5a2-4f9d-8a1b-a16860c77564/os-volume_attachments 0.482s
2025-04-03 02:39:48.515 69446 INFO paramiko.transport [-] Authentication (publickey) successful!
2025-04-03 02:39:48.516 69446 INFO tempest.lib.common.ssh [-] ssh connection to cirros@10.180.180.151 successfully created
2025-04-03 02:39:48.516 69385 INFO tempest.lib.common.rest_client [req-74de44ec-fddf-4ffc-9a1d-ef6eaed95360 req-74de44ec-fddf-4ffc-9a1d-ef6eaed95360 ] Request (ServerDiagnosticsV248Test:tearDownClass): 204 DELETE http://10.180.1.21/identity/v3/projects/3686cbfbc9cc4e18905aee4b69ab4242 0.138s
2025-04-03 02:39:48.517 69385 INFO tempest.test [-] raised in TestVolumeSwap.setUpClass. Invoking tearDownClass.
2025-04-03 02:39:48.530 69377 INFO tempest.lib.common.rest_client [req-f85d5e66-495a-4919-aa73-b111b4c15e9a req-f85d5e66-495a-4919-aa73-b111b4c15e9a ] Request (ServersAdminNegativeTestJSON:tearDownClass): 200 GET http://10.180.1.21/compute/v2.1/servers/e3218ff9-bffe-4077-b090-e61b7e309c4d 0.501s
2025-04-03 02:39:48.578 69443 INFO tempest.lib.common.rest_client [req-600fbf51-81c7-4125-a8f2-d9a0c57887f3 req-600fbf51-81c7-4125-a8f2-d9a0c57887f3 ] Request (ServerRescueTestJSONUnderV235:test_rescued_vm_associate_dissociate_floating_ip): 202 POST http://10.180.1.21/compute/v2.1/servers/b5117501-e54b-457c-9987-e7acc1129863/action 1.235s
2025-04-03 02:39:48.595 69439 INFO tempest.lib.common.rest_client [req-0e245c72-610a-4310-9aab-9e8d0be2a999 req-0e245c72-610a-4310-9aab-9e8d0be2a999 ] Request (ImagesOneServerNegativeTestJSON:_run_cleanups): 200 GET http://10.180.1.21/compute/v2.1/servers/5f5bf870-75f9-485c-91fa-cda01dde02d3 0.480s
2025-04-03 02:39:48.613 69385 INFO tempest.lib.common.rest_client [req-72277910-6223-41c2-a8d2-278c19078550 req-72277910-6223-41c2-a8d2-278c19078550 ] Request (ServersTestFqdnHostnames:setUpClass): 201 POST http://10.180.1.21/identity/v3/auth/tokens 0.089s
2025-04-03 02:39:48.651 69375 INFO tempest.lib.common.rest_client [req-08440b28-a874-463e-960e-af273802f052 req-08440b28-a874-463e-960e-af273802f052 ] Request (ServersAdminTestJSON:test_create_server_with_scheduling_hint): 200 GET http://10.180.1.21/compute/v2.1/servers/2b824b3e-a8c4-483a-b8bb-fff02928ad4b 0.478s
2025-04-03 02:39:48.666 69385 INFO tempest.lib.common.rest_client [req-0450c809-cdc1-4aae-ac40-829c2f35fc28 req-0450c809-cdc1-4aae-ac40-829c2f35fc28 ] Request (ServersTestFqdnHostnames:setUpClass): 201 POST http://10.180.1.21/identity/v3/auth/tokens 0.051s
2025-04-03 02:39:48.681 69367 INFO tempest.lib.common.rest_client [req-c1b6373a-4970-491c-99b9-006ad4f0293a req-c1b6373a-4970-491c-99b9-006ad4f0293a ] Request (FloatingIPsAssociationNegativeTestJSON:setUpClass): 200 GET http://10.180.1.21/compute/v2.1/servers/ca7666ac-21be-4cca-8e1f-19e4338e31d6 0.448s
2025-04-03 02:39:48.714 69385 INFO tempest.lib.common.rest_client [req-425104a7-d75d-4740-af0c-b9f3ba180146 req-425104a7-d75d-4740-af0c-b9f3ba180146 ] Request (ServersTestFqdnHostnames:setUpClass): 200 GET http://10.180.1.21/identity/v3/domains?name=Default 0.048s
2025-04-03 02:39:48.733 69369 INFO tempest.lib.common.rest_client [req-6cce25ed-c656-41e8-bb09-4293d57352cc req-6cce25ed-c656-41e8-bb09-4293d57352cc ] Request (ServerMetadataTestJSON:setUpClass): 200 GET http://10.180.1.21/compute/v2.1/servers/4079e384-966a-4bae-9515-3d8a3a1c19c2 0.417s
2025-04-03 02:39:48.752 69349 INFO tempest.lib.common.rest_client [req-190aaed4-f6d8-4a1f-af0a-da74d012f53a req-190aaed4-f6d8-4a1f-af0a-da74d012f53a ] Request (ImagesTestJSON:test_create_image_from_stopped_server): 200 GET http://10.180.1.21/compute/v2.1/servers/9183d175-3295-40ee-a4a6-b7bc8f5694f1 0.369s
2025-04-03 02:39:48.757 69385 INFO tempest.lib.common.rest_client [req-7c9aeae1-8b3c-4a44-9d30-c80e22fe5947 req-7c9aeae1-8b3c-4a44-9d30-c80e22fe5947 ] Request (ServersTestFqdnHostnames:setUpClass): 201 POST http://10.180.1.21/identity/v3/projects 0.042s
2025-04-03 02:39:48.821 69371 INFO tempest.lib.common.rest_client [req-9c5140a3-dd6c-4eb8-9c09-3f0e968c7366 req-9c5140a3-dd6c-4eb8-9c09-3f0e968c7366 ] Request (ListServerFiltersTestJSON:tearDownClass): 200 GET http://10.180.1.21/compute/v2.1/servers/bbb88874-b962-409f-b0c7-123ce11800ca 0.379s
2025-04-03 02:39:48.827 69385 INFO tempest.lib.common.rest_client [req-58d8ece8-7823-4d20-99dd-3fa9a0511613 req-58d8ece8-7823-4d20-99dd-3fa9a0511613 ] Request (ServersTestFqdnHostnames:setUpClass): 201 POST http://10.180.1.21/identity/v3/users 0.070s
2025-04-03 02:39:48.855 69385 INFO tempest.lib.common.rest_client [req-bc731f57-ffc2-4fbf-80ba-e3ac289f3612 req-bc731f57-ffc2-4fbf-80ba-e3ac289f3612 ] Request (ServersTestFqdnHostnames:setUpClass): 200 GET http://10.180.1.21/identity/v3/roles 0.027s
2025-04-03 02:39:48.886 69385 INFO tempest.lib.common.rest_client [req-39a4cda5-3057-4c42-bf51-2a2be5dcda9f req-39a4cda5-3057-4c42-bf51-2a2be5dcda9f ] Request (ServersTestFqdnHostnames:setUpClass): 204 PUT http://10.180.1.21/identity/v3/projects/130f900e21794dbbaa4f949202b3d46c/users/a29f13a86bcb48c7a6d6404f8fef32a8/roles/a75584226bba4fc29b731598299d8023 0.030s
2025-04-03 02:39:48.886 69385 INFO tempest.lib.common.dynamic_creds [-] Dynamic test user a29f13a86bcb48c7a6d6404f8fef32a8 is created with scope project and roles: ['member']
2025-04-03 02:39:48.887 69385 INFO tempest.lib.common.dynamic_creds [-] Acquired dynamic creds: credentials: Credentials: {'domain_id': 'default', 'domain_name': 'Default', 'username': 'tempest-ServersTestFqdnHostnames-2040859618-project-member', 'project_domain_id': 'default', 'project_domain_name': 'Default', 'project_id': '130f900e21794dbbaa4f949202b3d46c', 'project_name': 'tempest-ServersTestFqdnHostnames-2040859618', 'tenant_id': '130f900e21794dbbaa4f949202b3d46c', 'tenant_name': 'tempest-ServersTestFqdnHostnames-2040859618', 'user_domain_id': 'default', 'user_domain_name': 'Default', 'user_id': 'a29f13a86bcb48c7a6d6404f8fef32a8', 'system': None}, Network: None, Subnet: None, Router: None
2025-04-03 02:39:48.887 69383 INFO tempest.lib.common.rest_client [req-1dbccca2-143e-426f-8c86-c597b9fba048 req-1dbccca2-143e-426f-8c86-c597b9fba048 ] Request (ServerAddressesNegativeTestJSON:setUpClass): 200 GET http://10.180.1.21/compute/v2.1/servers/2dd0717f-fec5-4022-90d8-99b25f48f91c 0.387s
2025-04-03 02:39:48.898 69446 INFO tempest.lib.common.rest_client [req-61f24692-43c8-4558-9698-fe20a593998c req-61f24692-43c8-4558-9698-fe20a593998c ] Request (ServersWithSpecificFlavorTestJSON:test_verify_created_server_ephemeral_disk): 204 DELETE http://10.180.1.21/compute/v2.1/servers/f423950c-d0a6-4915-bab1-50612644ef10 0.375s
2025-04-03 02:39:48.956 69385 INFO tempest.lib.common.rest_client [req-89e100b6-d7ea-4cce-81f2-c0ac449d6c3c req-89e100b6-d7ea-4cce-81f2-c0ac449d6c3c ] Request (ServersTestFqdnHostnames:setUpClass): 201 POST http://10.180.1.21/identity/v3/auth/tokens 0.069s
2025-04-03 02:39:48.967 69446 INFO tempest.lib.common.rest_client [req-b843afef-761d-4710-b542-19c0fb93b654 req-b843afef-761d-4710-b542-19c0fb93b654 ] Request (ServersWithSpecificFlavorTestJSON:test_verify_created_server_ephemeral_disk): 201 POST http://10.180.1.21/identity/v3/auth/tokens 0.065s
2025-04-03 02:39:48.967 69446 INFO tempest.lib.common.fixed_network [-] (ServersWithSpecificFlavorTestJSON:test_verify_created_server_ephemeral_disk) Found network {'id': 'f13149c0-3f0c-423f-8b8d-f2ca52bb6491', 'name': 'tempest-ServersWithSpecificFlavorTestJSON-941581911-network', 'tenant_id': 'ec488afddb6341c4993a6c07e4362d4c', 'admin_state_up': True, 'mtu': 8950, 'status': 'ACTIVE', 'subnets': [], 'shared': False, 'project_id': 'ec488afddb6341c4993a6c07e4362d4c', 'port_security_enabled': True, 'router:external': False, 'provider:network_type': 'vlan', 'provider:physical_network': 'default', 'provider:segmentation_id': 541, 'availability_zone_hints': [], 'availability_zones': [], 'ipv4_address_scope': None, 'ipv6_address_scope': None, 'description': '', 'tags': [], 'created_at': '2025-04-03T02:37:17Z', 'updated_at': '2025-04-03T02:37:17Z', 'revision_number': 1} available for tenant
2025-04-03 02:39:48.992 69353 INFO tempest.lib.common.rest_client [req-8efbef9a-efac-4a91-b9ec-2913be40ea56 req-8efbef9a-efac-4a91-b9ec-2913be40ea56 ] Request (ServerExternalEventsTest:test_create_server_external_events): 200 GET http://10.180.1.21/compute/v2.1/servers/edb019f1-3d31-4127-95b9-9c893cc0bed9 0.444s
