2025-04-03 02:40:07.343 69355 INFO tempest.lib.common.rest_client [req-ec00991d-74da-4c86-97e9-c84ae7f1d6b1 req-ec00991d-74da-4c86-97e9-c84ae7f1d6b1 ] Request (AttachInterfacesTestJSON:test_create_list_show_delete_interfaces_by_fixed_ip): 200 GET http://10.180.1.21/compute/v2.1/servers/99256fa3-0b05-40e8-80b1-1172e2900146/os-interface 0.178s
2025-04-03 02:40:07.399 69449 INFO tempest.lib.common.rest_client [req-f4dae8af-fba9-406e-bce5-6c0173ff70f6 req-f4dae8af-fba9-406e-bce5-6c0173ff70f6 ] Request (VolumesAdminNegativeTest:test_update_attached_volume_with_nonexistent_volume_in_body): 400 PUT http://10.180.1.21/compute/v2.1/servers/97535ddb-6907-4030-8407-ea478889cf74/os-volume_attachments/ddf325a2-0504-4bcc-b9b2-5ed4191c7cb5 0.209s
2025-04-03 02:40:07.423 69449 INFO tempest.lib.common.rest_client [req-57647e46-d358-4b8c-ab30-0b95eb5e048c req-57647e46-d358-4b8c-ab30-0b95eb5e048c ] Request (VolumesAdminNegativeTest:_run_cleanups): 200 GET http://10.180.1.21/volume/v3/volumes/ddf325a2-0504-4bcc-b9b2-5ed4191c7cb5 0.023s
2025-04-03 02:40:07.429 69402 INFO tempest.lib.common.rest_client [req-4fccfc84-13b1-4b93-8ef2-b89e4846c1bd req-4fccfc84-13b1-4b93-8ef2-b89e4846c1bd ] Request (DeleteServersAdminTestJSON:test_delete_server_while_in_error_state): 200 GET http://10.180.1.21/compute/v2.1/servers/2cacec84-7fd2-4999-ad1b-207239004e0d 0.155s
2025-04-03 02:40:07.436 69402 INFO tempest.common.waiters [-] State transition "BUILD/networking" ==> "BUILD/spawning" after 96 second wait
2025-04-03 02:40:07.448 69375 INFO tempest.lib.common.rest_client [req-28e7345e-da1a-4f53-b5d4-a8f75e3c2f65 req-28e7345e-da1a-4f53-b5d4-a8f75e3c2f65 ] Request (ServersAdminTestJSON:test_create_server_with_scheduling_hint): 200 GET http://10.180.1.21/compute/v2.1/servers/2b824b3e-a8c4-483a-b8bb-fff02928ad4b 0.118s
2025-04-03 02:40:07.497 69446 INFO tempest.lib.common.rest_client [req-586dda05-beca-4608-a8e5-6dd629463782 req-586dda05-beca-4608-a8e5-6dd629463782 ] Request (ServersWithSpecificFlavorTestJSON:test_verify_created_server_ephemeral_disk): 200 GET http://10.180.1.21/compute/v2.1/servers/75a443c6-e8bb-498c-ac8a-72da576850fa 0.052s
2025-04-03 02:40:07.558 69439 INFO tempest.lib.common.rest_client [req-d95cee7e-c430-4849-b00b-365153069908 req-d95cee7e-c430-4849-b00b-365153069908 ] Request (ImagesOneServerNegativeTestJSON:_run_cleanups): 200 GET http://10.180.1.21/compute/v2.1/servers/5f5bf870-75f9-485c-91fa-cda01dde02d3 0.045s
2025-04-03 02:40:07.567 69449 INFO tempest.lib.common.rest_client [req-80403585-360b-49d4-bcee-92e4b446eeeb req-80403585-360b-49d4-bcee-92e4b446eeeb ] Request (VolumesAdminNegativeTest:_run_cleanups): 202 DELETE http://10.180.1.21/compute/v2.1/servers/97535ddb-6907-4030-8407-ea478889cf74/os-volume_attachments/ddf325a2-0504-4bcc-b9b2-5ed4191c7cb5 0.138s
2025-04-03 02:40:07.626 69377 INFO tempest.lib.common.rest_client [req-0aa95805-63ac-4103-80a2-9a5819b482dd req-0aa95805-63ac-4103-80a2-9a5819b482dd ] Request (ServersTestJSON:test_create_server_specify_multibyte_character_name): 200 GET http://10.180.1.21/compute/v2.1/servers/df3ab74e-774f-45ef-94c6-f935b046cdda 0.064s
2025-04-03 02:40:07.641 69363 INFO tempest.lib.common.rest_client [req-73cc5c03-9df4-42dc-b5c5-4a2ae177e67c req-73cc5c03-9df4-42dc-b5c5-4a2ae177e67c ] Request (ServerActionsTestOtherB:test_create_backup): 200 GET http://10.180.1.21/compute/v2.1/servers/f522d769-61e5-4c43-957c-a70094b60c19 0.084s
2025-04-03 02:40:07.648 69363 INFO tempest.common.waiters [-] State transition "ACTIVE/image_uploading" ==> "ACTIVE/None" after 1 second wait
2025-04-03 02:40:07.649 69449 INFO tempest.lib.common.rest_client [req-ff3c59f9-f11b-4ba0-a86e-1fd98c3d09e8 req-ff3c59f9-f11b-4ba0-a86e-1fd98c3d09e8 ] Request (VolumesAdminNegativeTest:_run_cleanups): 200 GET http://10.180.1.21/compute/v2.1/servers/97535ddb-6907-4030-8407-ea478889cf74/os-volume_attachments 0.081s
2025-04-03 02:40:07.687 69367 INFO tempest.lib.common.rest_client [req-59c953aa-029b-488d-9415-46ef9e540b51 req-59c953aa-029b-488d-9415-46ef9e540b51 ] Request (FloatingIPsAssociationNegativeTestJSON:setUpClass): 200 GET http://10.180.1.21/compute/v2.1/servers/ca7666ac-21be-4cca-8e1f-19e4338e31d6 0.077s
2025-04-03 02:40:07.699 69369 INFO tempest.lib.common.rest_client [req-4da04563-7fb2-416b-9b84-bf3caf04b622 req-4da04563-7fb2-416b-9b84-bf3caf04b622 ] Request (ServerMetadataTestJSON:setUpClass): 200 GET http://10.180.1.21/compute/v2.1/servers/4079e384-966a-4bae-9515-3d8a3a1c19c2 0.086s
2025-04-03 02:40:07.774 69371 INFO tempest.lib.common.rest_client [req-195683ab-24d2-4fa7-8fcd-839901275437 req-195683ab-24d2-4fa7-8fcd-839901275437 ] Request (ListServerFiltersTestJSON:tearDownClass): 200 GET http://10.180.1.21/compute/v2.1/servers/bbb88874-b962-409f-b0c7-123ce11800ca 0.106s
2025-04-03 02:40:07.838 69353 INFO tempest.lib.common.rest_client [req-9eb9b40d-95e8-46ef-9074-245d201f0dd6 req-9eb9b40d-95e8-46ef-9074-245d201f0dd6 ] Request (ServerExternalEventsTest:tearDownClass): 200 GET http://10.180.1.21/compute/v2.1/servers/edb019f1-3d31-4127-95b9-9c893cc0bed9 0.117s
2025-04-03 02:40:07.901 69437 INFO tempest.lib.common.rest_client [req-98061359-d182-4fb3-a34d-478a6ac8f947 req-98061359-d182-4fb3-a34d-478a6ac8f947 ] Request (VolumesAssistedSnapshotsTest:tearDownClass): 200 GET http://10.180.1.21/compute/v2.1/servers/3b4c9703-c5a2-4f9d-8a1b-a16860c77564 0.122s
2025-04-03 02:40:07.949 69349 INFO tempest.lib.common.rest_client [req-0d357f7f-e897-419c-8117-e2eaf1df01cb req-0d357f7f-e897-419c-8117-e2eaf1df01cb ] Request (ImagesTestJSON:test_create_image_from_stopped_server): 200 GET http://10.180.1.21/compute/v2.1/servers/9183d175-3295-40ee-a4a6-b7bc8f5694f1 0.122s
2025-04-03 02:40:07.956 69349 INFO tempest.common.waiters [-] State transition "BUILD/None" ==> "BUILD/networking" after 96 second wait
2025-04-03 02:40:08.004 69381 INFO tempest.lib.common.rest_client [req-432176a3-4942-4276-a2fa-a9d49bd36f0a req-432176a3-4942-4276-a2fa-a9d49bd36f0a ] Request (FloatingIPsAssociationTestJSON:tearDownClass): 200 GET http://10.180.1.21/compute/v2.1/servers/c7a639f5-384c-4a1e-a05f-afb7a193501e 0.167s
2025-04-03 02:40:08.050 69363 INFO tempest.lib.common.rest_client [req-99169197-3f96-4243-92f0-78ffb069c552 req-99169197-3f96-4243-92f0-78ffb069c552 ] Request (ServerActionsTestOtherB:test_create_backup): 202 POST http://10.180.1.21/compute/v2.1/servers/f522d769-61e5-4c43-957c-a70094b60c19/action 0.402s
2025-04-03 02:40:08.058 69383 INFO tempest.lib.common.rest_client [req-d244c101-6e7c-48bc-850d-ef5a6203a766 req-d244c101-6e7c-48bc-850d-ef5a6203a766 ] Request (ServerAddressesNegativeTestJSON:tearDownClass): 200 GET http://10.180.1.21/compute/v2.1/servers/2dd0717f-fec5-4022-90d8-99b25f48f91c 0.166s
2025-04-03 02:40:08.068 69363 INFO tempest.lib.common.rest_client [req-fab8b8b2-49b6-447a-84ee-69a197be0c20 req-fab8b8b2-49b6-447a-84ee-69a197be0c20 ] Request (ServerActionsTestOtherB:test_create_backup): 200 GET http://10.180.1.21/image/v2/images/1505d575-ce80-4971-ab4b-4ef467291e6f 0.018s
2025-04-03 02:40:08.109 69385 INFO tempest.lib.common.rest_client [req-966b0c84-549d-4051-aef1-4b51000bbeea req-966b0c84-549d-4051-aef1-4b51000bbeea ] Request (ServersTestFqdnHostnames:test_create_server_with_fqdn_name): 200 GET http://10.180.1.21/compute/v2.1/servers/fe8d3231-9311-402a-bf7b-742f44d90ad7 0.171s
2025-04-03 02:40:08.121 69361 INFO tempest.lib.common.rest_client [req-130c0880-6658-45c8-ae6a-d54f9805fe2e req-130c0880-6658-45c8-ae6a-d54f9805fe2e ] Request (ServerAddressesTestJSON:tearDownClass): 200 GET http://10.180.1.21/compute/v2.1/servers/28f21eb6-1bf9-4d53-9f35-017e1615a127 0.127s
2025-04-03 02:40:08.169 69359 INFO tempest.lib.common.rest_client [req-9ae92825-a93b-4238-82f5-fcc9544a67c2 req-9ae92825-a93b-4238-82f5-fcc9544a67c2 ] Request (ListServersNegativeTestJSON:tearDownClass): 200 GET http://10.180.1.21/compute/v2.1/servers/72245c05-c8e5-4250-a4b6-6108748c5e5c 0.157s
2025-04-03 02:40:08.174 69380 INFO tempest.lib.common.rest_client [req-5ecfb225-260f-4a9b-86b8-617b83dfa457 req-5ecfb225-260f-4a9b-86b8-617b83dfa457 ] Request (MigrationsAdminTest:test_resize_server_revert_deleted_flavor): 200 GET http://10.180.1.21/compute/v2.1/servers/f4c95b46-1573-428d-a7c5-637375d2cfb1 0.121s
2025-04-03 02:40:08.182 69380 INFO tempest.common.waiters [-] State transition "BUILD/scheduling" ==> "BUILD/None" after 47 second wait
2025-04-03 02:40:08.210 69453 WARNING tempest.lib.common.ssh [-] Failed to establish authenticated ssh connection to cirros@10.180.180.181 ([Errno None] Unable to connect to port 22 on 10.180.180.181). Number attempts: 4. Retry after 5 seconds.: paramiko.ssh_exception.NoValidConnectionsError: [Errno None] Unable to connect to port 22 on 10.180.180.181
2025-04-03 02:40:08.228 69357 INFO tempest.lib.common.rest_client [req-e056bb2c-0b74-4081-a76d-1fc8cd45df60 req-e056bb2c-0b74-4081-a76d-1fc8cd45df60 ] Request (ServersTestManualDisk:setUpClass): 200 GET http://10.180.1.21/compute/v2.1/servers/c3b51f0b-ada9-4b7b-9a9e-5ab4ec5eae52 0.069s
2025-04-03 02:40:08.234 69443 INFO tempest.lib.common.rest_client [req-1a1125c2-faf0-48b6-9003-a5a16f63c531 req-1a1125c2-faf0-48b6-9003-a5a16f63c531 ] Request (ServerRescueTestJSONUnderV235:tearDownClass): 200 GET http://10.180.1.21/compute/v2.1/servers/b5117501-e54b-457c-9987-e7acc1129863 0.126s
2025-04-03 02:40:08.272 69424 INFO tempest.lib.common.rest_client [req-8626361c-772c-4e5d-badf-bf8148802522 req-8626361c-772c-4e5d-badf-bf8148802522 ] Request (DeleteServersTestJSON:test_delete_active_server): 200 GET http://10.180.1.21/compute/v2.1/servers/78fa7dad-564c-4a5c-9a12-28ff08f4fc26 0.060s
2025-04-03 02:40:08.314 69373 INFO tempest.lib.common.rest_client [req-bb0c4a5d-f16d-46c2-bd41-f7061faa9092 req-bb0c4a5d-f16d-46c2-bd41-f7061faa9092 ] Request (AttachVolumeTestJSON:test_attach_detach_volume): 200 GET http://10.180.1.21/compute/v2.1/servers/5385f25c-700d-4ee8-9714-2bc84481df0c 0.057s
2025-04-03 02:40:08.392 69388 INFO tempest.lib.common.rest_client [req-2c47e7bb-e543-4921-9039-a1e341e862dc req-2c47e7bb-e543-4921-9039-a1e341e862dc ] Request (MultipleCreateTestJSON:_run_cleanups): 200 GET http://10.180.1.21/compute/v2.1/servers/637643cd-9258-472a-bef9-1c05bdd01da1 0.115s
2025-04-03 02:40:08.407 69355 INFO tempest.lib.common.rest_client [req-05f810a8-2117-4a2d-a147-c9e64ca01719 req-05f810a8-2117-4a2d-a147-c9e64ca01719 ] Request (AttachInterfacesTestJSON:test_create_list_show_delete_interfaces_by_fixed_ip): 200 GET http://10.180.1.21/compute/v2.1/servers/99256fa3-0b05-40e8-80b1-1172e2900146/os-interface 0.061s
2025-04-03 02:40:08.505 69375 INFO tempest.lib.common.rest_client [req-a3b5c827-4084-4598-8fef-a05a902f7b8d req-a3b5c827-4084-4598-8fef-a05a902f7b8d ] Request (ServersAdminTestJSON:test_create_server_with_scheduling_hint): 200 GET http://10.180.1.21/compute/v2.1/servers/2b824b3e-a8c4-483a-b8bb-fff02928ad4b 0.046s
2025-04-03 02:40:08.553 69446 INFO tempest.lib.common.rest_client [req-bb398e18-174e-46ce-a7d9-7014d490cb29 req-bb398e18-174e-46ce-a7d9-7014d490cb29 ] Request (ServersWithSpecificFlavorTestJSON:test_verify_created_server_ephemeral_disk): 200 GET http://10.180.1.21/compute/v2.1/servers/75a443c6-e8bb-498c-ac8a-72da576850fa 0.050s
2025-04-03 02:40:08.556 69402 INFO tempest.lib.common.rest_client [req-356379a7-5f56-4a50-ab4c-efc66a913cc3 req-356379a7-5f56-4a50-ab4c-efc66a913cc3 ] Request (DeleteServersAdminTestJSON:test_delete_server_while_in_error_state): 200 GET http://10.180.1.21/compute/v2.1/servers/2cacec84-7fd2-4999-ad1b-207239004e0d 0.119s
2025-04-03 02:40:08.615 69439 INFO tempest.lib.common.rest_client [req-f8b014a7-c5e0-4005-a95b-52fa9c305a54 req-f8b014a7-c5e0-4005-a95b-52fa9c305a54 ] Request (ImagesOneServerNegativeTestJSON:_run_cleanups): 200 GET http://10.180.1.21/compute/v2.1/servers/5f5bf870-75f9-485c-91fa-cda01dde02d3 0.050s
2025-04-03 02:40:08.687 69377 INFO tempest.lib.common.rest_client [req-d4abcd65-2751-4de8-8c22-766e55e362f7 req-d4abcd65-2751-4de8-8c22-766e55e362f7 ] Request (ServersTestJSON:test_create_server_specify_multibyte_character_name): 200 GET http://10.180.1.21/compute/v2.1/servers/df3ab74e-774f-45ef-94c6-f935b046cdda 0.054s
2025-04-03 02:40:08.702 69449 INFO tempest.lib.common.rest_client [req-19822965-ee82-41c3-a82f-a99f0f02d90f req-19822965-ee82-41c3-a82f-a99f0f02d90f ] Request (VolumesAdminNegativeTest:_run_cleanups): 200 GET http://10.180.1.21/compute/v2.1/servers/97535ddb-6907-4030-8407-ea478889cf74/os-volume_attachments 0.051s
2025-04-03 02:40:08.750 69367 INFO tempest.lib.common.rest_client [req-9b69dcc6-8f68-4deb-8027-96855e3c8905 req-9b69dcc6-8f68-4deb-8027-96855e3c8905 ] Request (FloatingIPsAssociationNegativeTestJSON:setUpClass): 200 GET http://10.180.1.21/compute/v2.1/servers/ca7666ac-21be-4cca-8e1f-19e4338e31d6 0.056s
2025-04-03 02:40:08.761 69369 INFO tempest.lib.common.rest_client [req-8aa6fa1c-1b58-4d7f-9bbb-6bfc5fe7504c req-8aa6fa1c-1b58-4d7f-9bbb-6bfc5fe7504c ] Request (ServerMetadataTestJSON:setUpClass): 200 GET http://10.180.1.21/compute/v2.1/servers/4079e384-966a-4bae-9515-3d8a3a1c19c2 0.055s
2025-04-03 02:40:08.803 69371 INFO tempest.lib.common.rest_client [req-d9d41444-b99d-4f23-8406-e9846d28fd0a req-d9d41444-b99d-4f23-8406-e9846d28fd0a ] Request (ListServerFiltersTestJSON:tearDownClass): 404 GET http://10.180.1.21/compute/v2.1/servers/bbb88874-b962-409f-b0c7-123ce11800ca 0.022s
2025-04-03 02:40:08.890 69371 INFO tempest.lib.common.rest_client [req-49b3a0bc-25c4-49ff-a5ed-6439bb5f9995 req-49b3a0bc-25c4-49ff-a5ed-6439bb5f9995 ] Request (ListServerFiltersTestJSON:tearDownClass): 204 DELETE http://10.180.1.21/compute/v2.1/servers/061174f6-86e2-4229-9337-7283ee1aaa7b 0.087s
2025-04-03 02:40:08.923 69353 INFO tempest.lib.common.rest_client [req-ff0c7f21-2984-4460-8897-5203422dd25a req-ff0c7f21-2984-4460-8897-5203422dd25a ] Request (ServerExternalEventsTest:tearDownClass): 200 GET http://10.180.1.21/compute/v2.1/servers/edb019f1-3d31-4127-95b9-9c893cc0bed9 0.077s
2025-04-03 02:40:09.006 69437 INFO tempest.lib.common.rest_client [req-cb77c08f-8d3a-42f1-a507-4947eb8ae721 req-cb77c08f-8d3a-42f1-a507-4947eb8ae721 ] Request (VolumesAssistedSnapshotsTest:tearDownClass): 200 GET http://10.180.1.21/compute/v2.1/servers/3b4c9703-c5a2-4f9d-8a1b-a16860c77564 0.095s
2025-04-03 02:40:09.035 69371 INFO tempest.lib.common.rest_client [req-7a2d3faa-88a8-435b-9162-52ea253d2387 req-7a2d3faa-88a8-435b-9162-52ea253d2387 ] Request (ListServerFiltersTestJSON:tearDownClass): 200 GET http://10.180.1.21/compute/v2.1/servers/061174f6-86e2-4229-9337-7283ee1aaa7b 0.145s
2025-04-03 02:40:09.092 69363 INFO tempest.lib.common.rest_client [req-8a14dec2-7caa-48be-958a-3272a75c2b20 req-8a14dec2-7caa-48be-958a-3272a75c2b20 ] Request (ServerActionsTestOtherB:test_create_backup): 200 GET http://10.180.1.21/image/v2/images/1505d575-ce80-4971-ab4b-4ef467291e6f 0.022s
2025-04-03 02:40:09.103 69381 INFO tempest.lib.common.rest_client [req-6f55f50a-a947-43a9-9ebe-d3f07aabb186 req-6f55f50a-a947-43a9-9ebe-d3f07aabb186 ] Request (FloatingIPsAssociationTestJSON:tearDownClass): 200 GET http://10.180.1.21/compute/v2.1/servers/c7a639f5-384c-4a1e-a05f-afb7a193501e 0.091s
2025-04-03 02:40:09.148 69349 INFO tempest.lib.common.rest_client [req-ec150c71-406b-4341-8594-a54362172c9c req-ec150c71-406b-4341-8594-a54362172c9c ] Request (ImagesTestJSON:test_create_image_from_stopped_server): 200 GET http://10.180.1.21/compute/v2.1/servers/9183d175-3295-40ee-a4a6-b7bc8f5694f1 0.191s
2025-04-03 02:40:09.156 69349 INFO tempest.common.waiters [-] State transition "BUILD/networking" ==> "BUILD/block_device_mapping" after 98 second wait
2025-04-03 02:40:09.167 69383 INFO tempest.lib.common.rest_client [req-6e986bcb-0bd1-4808-ac41-3fb7570b1267 req-6e986bcb-0bd1-4808-ac41-3fb7570b1267 ] Request (ServerAddressesNegativeTestJSON:tearDownClass): 200 GET http://10.180.1.21/compute/v2.1/servers/2dd0717f-fec5-4022-90d8-99b25f48f91c 0.100s
2025-04-03 02:40:09.209 69385 INFO tempest.lib.common.rest_client [req-825a9c1a-cfd2-427e-aca0-7a3256a38d36 req-825a9c1a-cfd2-427e-aca0-7a3256a38d36 ] Request (ServersTestFqdnHostnames:test_create_server_with_fqdn_name): 200 GET http://10.180.1.21/compute/v2.1/servers/fe8d3231-9311-402a-bf7b-742f44d90ad7 0.089s
2025-04-03 02:40:09.219 69351 WARNING tempest.lib.common.ssh [-] Failed to establish authenticated ssh connection to cirros@10.180.180.164 ([Errno None] Unable to connect to port 22 on 10.180.180.164). Number attempts: 6. Retry after 7 seconds.: paramiko.ssh_exception.NoValidConnectionsError: [Errno None] Unable to connect to port 22 on 10.180.180.164
2025-04-03 02:40:09.226 69361 INFO tempest.lib.common.rest_client [req-1178f666-1f40-46e2-926e-4150cca6636f req-1178f666-1f40-46e2-926e-4150cca6636f ] Request (ServerAddressesTestJSON:tearDownClass): 200 GET http://10.180.1.21/compute/v2.1/servers/28f21eb6-1bf9-4d53-9f35-017e1615a127 0.092s
2025-04-03 02:40:09.266 69359 INFO tempest.lib.common.rest_client [req-33645f46-67b8-4783-ae52-714bb125a1a6 req-33645f46-67b8-4783-ae52-714bb125a1a6 ] Request (ListServersNegativeTestJSON:tearDownClass): 200 GET http://10.180.1.21/compute/v2.1/servers/72245c05-c8e5-4250-a4b6-6108748c5e5c 0.089s
2025-04-03 02:40:09.276 69380 INFO tempest.lib.common.rest_client [req-7c19984b-a380-4c46-8480-3f13d6a83cdd req-7c19984b-a380-4c46-8480-3f13d6a83cdd ] Request (MigrationsAdminTest:test_resize_server_revert_deleted_flavor): 200 GET http://10.180.1.21/compute/v2.1/servers/f4c95b46-1573-428d-a7c5-637375d2cfb1 0.093s
2025-04-03 02:40:09.316 69357 INFO tempest.lib.common.rest_client [req-d2c5318a-0fdb-450d-b000-5f1f5502d8a5 req-d2c5318a-0fdb-450d-b000-5f1f5502d8a5 ] Request (ServersTestManualDisk:setUpClass): 200 GET http://10.180.1.21/compute/v2.1/servers/c3b51f0b-ada9-4b7b-9a9e-5ab4ec5eae52 0.081s
2025-04-03 02:40:09.341 69443 INFO tempest.lib.common.rest_client [req-0d13ea11-d697-49d1-a7d0-24f5afa723b5 req-0d13ea11-d697-49d1-a7d0-24f5afa723b5 ] Request (ServerRescueTestJSONUnderV235:tearDownClass): 200 GET http://10.180.1.21/compute/v2.1/servers/b5117501-e54b-457c-9987-e7acc1129863 0.099s
2025-04-03 02:40:09.390 69373 INFO tempest.lib.common.rest_client [req-55c20cfb-b163-4ce9-81d4-294658fdcd6d req-55c20cfb-b163-4ce9-81d4-294658fdcd6d ] Request (AttachVolumeTestJSON:test_attach_detach_volume): 200 GET http://10.180.1.21/compute/v2.1/servers/5385f25c-700d-4ee8-9714-2bc84481df0c 0.068s
2025-04-03 02:40:09.500 69388 INFO tempest.lib.common.rest_client [req-62869d32-bad3-425c-a278-d1402b12fce2 req-62869d32-bad3-425c-a278-d1402b12fce2 ] Request (MultipleCreateTestJSON:_run_cleanups): 200 GET http://10.180.1.21/compute/v2.1/servers/637643cd-9258-472a-bef9-1c05bdd01da1 0.100s
2025-04-03 02:40:09.561 69355 INFO tempest.lib.common.rest_client [req-acf25218-95e3-41be-9704-8b8dec88b5af req-acf25218-95e3-41be-9704-8b8dec88b5af ] Request (AttachInterfacesTestJSON:test_create_list_show_delete_interfaces_by_fixed_ip): 200 GET http://10.180.1.21/compute/v2.1/servers/99256fa3-0b05-40e8-80b1-1172e2900146/os-interface 0.151s
2025-04-03 02:40:09.592 69424 INFO tempest.lib.common.rest_client [req-7eb81518-2f9e-4c29-aba4-c0d34a5f0bf8 req-7eb81518-2f9e-4c29-aba4-c0d34a5f0bf8 ] Request (DeleteServersTestJSON:test_delete_active_server): 200 GET http://10.180.1.21/compute/v2.1/servers/78fa7dad-564c-4a5c-9a12-28ff08f4fc26 0.312s
2025-04-03 02:40:09.610 69375 INFO tempest.lib.common.rest_client [req-b9d9de7f-355f-4e95-8fda-3d0bd09182d8 req-b9d9de7f-355f-4e95-8fda-3d0bd09182d8 ] Request (ServersAdminTestJSON:test_create_server_with_scheduling_hint): 200 GET http://10.180.1.21/compute/v2.1/servers/2b824b3e-a8c4-483a-b8bb-fff02928ad4b 0.096s
2025-04-03 02:40:09.635 69446 INFO tempest.lib.common.rest_client [req-51d776a7-d630-4392-8e79-93a71bc0de7c req-51d776a7-d630-4392-8e79-93a71bc0de7c ] Request (ServersWithSpecificFlavorTestJSON:test_verify_created_server_ephemeral_disk): 200 GET http://10.180.1.21/compute/v2.1/servers/75a443c6-e8bb-498c-ac8a-72da576850fa 0.071s
2025-04-03 02:40:09.695 69439 INFO tempest.lib.common.rest_client [req-e571148e-7a66-47c3-95a0-ab9d9e77a3af req-e571148e-7a66-47c3-95a0-ab9d9e77a3af ] Request (ImagesOneServerNegativeTestJSON:_run_cleanups): 200 GET http://10.180.1.21/compute/v2.1/servers/5f5bf870-75f9-485c-91fa-cda01dde02d3 0.072s
2025-04-03 02:40:09.757 69402 INFO tempest.lib.common.rest_client [req-afe8856b-6176-4c37-bcd3-ac8760cf4b58 req-afe8856b-6176-4c37-bcd3-ac8760cf4b58 ] Request (DeleteServersAdminTestJSON:test_delete_server_while_in_error_state): 200 GET http://10.180.1.21/compute/v2.1/servers/2cacec84-7fd2-4999-ad1b-207239004e0d 0.186s
2025-04-03 02:40:09.769 69377 INFO tempest.lib.common.rest_client [req-898b4ffd-5c5f-4fde-9667-220c7ab557a7 req-898b4ffd-5c5f-4fde-9667-220c7ab557a7 ] Request (ServersTestJSON:test_create_server_specify_multibyte_character_name): 200 GET http://10.180.1.21/compute/v2.1/servers/df3ab74e-774f-45ef-94c6-f935b046cdda 0.073s
2025-04-03 02:40:09.783 69449 INFO tempest.lib.common.rest_client [req-5398549f-5beb-42a3-a815-e4d1893e3a3b req-5398549f-5beb-42a3-a815-e4d1893e3a3b ] Request (VolumesAdminNegativeTest:_run_cleanups): 200 GET http://10.180.1.21/compute/v2.1/servers/97535ddb-6907-4030-8407-ea478889cf74/os-volume_attachments 0.077s
2025-04-03 02:40:09.833 69367 INFO tempest.lib.common.rest_client [req-c95f3896-ed4d-49c6-b470-300f6a9a5e05 req-c95f3896-ed4d-49c6-b470-300f6a9a5e05 ] Request (FloatingIPsAssociationNegativeTestJSON:setUpClass): 200 GET http://10.180.1.21/compute/v2.1/servers/ca7666ac-21be-4cca-8e1f-19e4338e31d6 0.073s
2025-04-03 02:40:09.844 69369 INFO tempest.lib.common.rest_client [req-919e57d9-f54b-4ee8-a8df-922f5f3dcb72 req-919e57d9-f54b-4ee8-a8df-922f5f3dcb72 ] Request (ServerMetadataTestJSON:setUpClass): 200 GET http://10.180.1.21/compute/v2.1/servers/4079e384-966a-4bae-9515-3d8a3a1c19c2 0.076s
2025-04-03 02:40:09.990 69353 INFO tempest.lib.common.rest_client [req-86274820-faa5-45cb-a5ee-770f7bbf820f req-86274820-faa5-45cb-a5ee-770f7bbf820f ] Request (ServerExternalEventsTest:tearDownClass): 200 GET http://10.180.1.21/compute/v2.1/servers/edb019f1-3d31-4127-95b9-9c893cc0bed9 0.058s
2025-04-03 02:40:10.080 69437 INFO tempest.lib.common.rest_client [req-5fd43f22-b6ca-4f87-a0e2-3699f4b0efc9 req-5fd43f22-b6ca-4f87-a0e2-3699f4b0efc9 ] Request (VolumesAssistedSnapshotsTest:tearDownClass): 200 GET http://10.180.1.21/compute/v2.1/servers/3b4c9703-c5a2-4f9d-8a1b-a16860c77564 0.060s
2025-04-03 02:40:10.107 69363 INFO tempest.lib.common.rest_client [req-d0c84605-d3c3-4d80-b9d0-dc5f6575519f req-d0c84605-d3c3-4d80-b9d0-dc5f6575519f ] Request (ServerActionsTestOtherB:test_create_backup): 200 GET http://10.180.1.21/image/v2/images/1505d575-ce80-4971-ab4b-4ef467291e6f 0.014s
2025-04-03 02:40:10.165 69381 INFO tempest.lib.common.rest_client [req-1658ecf6-ded0-4724-b583-eaba6faee59b req-1658ecf6-ded0-4724-b583-eaba6faee59b ] Request (FloatingIPsAssociationTestJSON:tearDownClass): 200 GET http://10.180.1.21/compute/v2.1/servers/c7a639f5-384c-4a1e-a05f-afb7a193501e 0.055s
2025-04-03 02:40:10.171 69371 INFO tempest.lib.common.rest_client [req-8ecbb18c-0a16-44fa-a244-f8ef1ad869bf req-8ecbb18c-0a16-44fa-a244-f8ef1ad869bf ] Request (ListServerFiltersTestJSON:tearDownClass): 200 GET http://10.180.1.21/compute/v2.1/servers/061174f6-86e2-4229-9337-7283ee1aaa7b 0.127s
2025-04-03 02:40:10.240 69383 INFO tempest.lib.common.rest_client [req-e0caeea6-f778-4664-af3d-17d9835ef7a6 req-e0caeea6-f778-4664-af3d-17d9835ef7a6 ] Request (ServerAddressesNegativeTestJSON:tearDownClass): 200 GET http://10.180.1.21/compute/v2.1/servers/2dd0717f-fec5-4022-90d8-99b25f48f91c 0.062s
2025-04-03 02:40:10.283 69385 INFO tempest.lib.common.rest_client [req-dfe6d541-bee0-4405-a8d7-3647eeda9acd req-dfe6d541-bee0-4405-a8d7-3647eeda9acd ] Request (ServersTestFqdnHostnames:test_create_server_with_fqdn_name): 200 GET http://10.180.1.21/compute/v2.1/servers/fe8d3231-9311-402a-bf7b-742f44d90ad7 0.067s
2025-04-03 02:40:10.349 69361 INFO tempest.lib.common.rest_client [req-b7a67012-4833-4e1c-b597-bb243c86aaf6 req-b7a67012-4833-4e1c-b597-bb243c86aaf6 ] Request (ServerAddressesTestJSON:tearDownClass): 200 GET http://10.180.1.21/compute/v2.1/servers/28f21eb6-1bf9-4d53-9f35-017e1615a127 0.114s
2025-04-03 02:40:10.359 69349 INFO tempest.lib.common.rest_client [req-433a71e7-2bc1-47a3-8095-c11f45bad845 req-433a71e7-2bc1-47a3-8095-c11f45bad845 ] Request (ImagesTestJSON:test_create_image_from_stopped_server): 200 GET http://10.180.1.21/compute/v2.1/servers/9183d175-3295-40ee-a4a6-b7bc8f5694f1 0.202s
2025-04-03 02:40:10.377 69349 INFO tempest.common.waiters [-] State transition "BUILD/block_device_mapping" ==> "BUILD/spawning" after 99 second wait
2025-04-03 02:40:10.424 69359 INFO tempest.lib.common.rest_client [req-f3830c74-b7c4-421e-8797-d017866146ef req-f3830c74-b7c4-421e-8797-d017866146ef ] Request (ListServersNegativeTestJSON:tearDownClass): 200 GET http://10.180.1.21/compute/v2.1/servers/72245c05-c8e5-4250-a4b6-6108748c5e5c 0.151s
2025-04-03 02:40:10.425 69380 INFO tempest.lib.common.rest_client [req-ff259faa-2899-4a34-89cc-74f189cace56 req-ff259faa-2899-4a34-89cc-74f189cace56 ] Request (MigrationsAdminTest:test_resize_server_revert_deleted_flavor): 200 GET http://10.180.1.21/compute/v2.1/servers/f4c95b46-1573-428d-a7c5-637375d2cfb1 0.138s
2025-04-03 02:40:10.500 69357 INFO tempest.lib.common.rest_client [req-f6800fdb-0853-4e96-9f0e-0e4972fe5fcf req-f6800fdb-0853-4e96-9f0e-0e4972fe5fcf ] Request (ServersTestManualDisk:setUpClass): 200 GET http://10.180.1.21/compute/v2.1/servers/c3b51f0b-ada9-4b7b-9a9e-5ab4ec5eae52 0.176s
2025-04-03 02:40:10.512 69443 INFO tempest.lib.common.rest_client [req-4cd81254-afa3-4327-876c-57744398c54b req-4cd81254-afa3-4327-876c-57744398c54b ] Request (ServerRescueTestJSONUnderV235:tearDownClass): 200 GET http://10.180.1.21/compute/v2.1/servers/b5117501-e54b-457c-9987-e7acc1129863 0.160s
2025-04-03 02:40:10.566 69373 INFO tempest.lib.common.rest_client [req-a428b98b-fad0-4499-b7a0-e613d681e777 req-a428b98b-fad0-4499-b7a0-e613d681e777 ] Request (AttachVolumeTestJSON:test_attach_detach_volume): 200 GET http://10.180.1.21/compute/v2.1/servers/5385f25c-700d-4ee8-9714-2bc84481df0c 0.168s
2025-04-03 02:40:10.636 69355 INFO tempest.lib.common.rest_client [req-aefefcc7-24f0-43aa-9af7-7203c4b78a66 req-aefefcc7-24f0-43aa-9af7-7203c4b78a66 ] Request (AttachInterfacesTestJSON:test_create_list_show_delete_interfaces_by_fixed_ip): 200 GET http://10.180.1.21/compute/v2.1/servers/99256fa3-0b05-40e8-80b1-1172e2900146/os-interface 0.072s
2025-04-03 02:40:10.685 69424 INFO tempest.lib.common.rest_client [req-7d1922fe-ff11-403b-be6f-30ca9082302a req-7d1922fe-ff11-403b-be6f-30ca9082302a ] Request (DeleteServersTestJSON:test_delete_active_server): 200 GET http://10.180.1.21/compute/v2.1/servers/78fa7dad-564c-4a5c-9a12-28ff08f4fc26 0.086s
2025-04-03 02:40:10.695 69388 INFO tempest.lib.common.rest_client [req-de34dbeb-17ed-48ef-bd5a-b18cc639ce61 req-de34dbeb-17ed-48ef-bd5a-b18cc639ce61 ] Request (MultipleCreateTestJSON:_run_cleanups): 200 GET http://10.180.1.21/compute/v2.1/servers/637643cd-9258-472a-bef9-1c05bdd01da1 0.187s
2025-04-03 02:40:10.735 69375 INFO tempest.lib.common.rest_client [req-397e86dd-7b3c-49fa-b6c1-afd323f86eb7 req-397e86dd-7b3c-49fa-b6c1-afd323f86eb7 ] Request (ServersAdminTestJSON:test_create_server_with_scheduling_hint): 200 GET http://10.180.1.21/compute/v2.1/servers/2b824b3e-a8c4-483a-b8bb-fff02928ad4b 0.117s
2025-04-03 02:40:10.760 69446 INFO tempest.lib.common.rest_client [req-f0faa2c6-fa1c-483c-b3df-2eeae312f2d3 req-f0faa2c6-fa1c-483c-b3df-2eeae312f2d3 ] Request (ServersWithSpecificFlavorTestJSON:test_verify_created_server_ephemeral_disk): 200 GET http://10.180.1.21/compute/v2.1/servers/75a443c6-e8bb-498c-ac8a-72da576850fa 0.115s
2025-04-03 02:40:10.786 69439 INFO tempest.lib.common.rest_client [req-a4e584ce-c8fc-4c62-a28b-66af852f228c req-a4e584ce-c8fc-4c62-a28b-66af852f228c ] Request (ImagesOneServerNegativeTestJSON:_run_cleanups): 200 GET http://10.180.1.21/compute/v2.1/servers/5f5bf870-75f9-485c-91fa-cda01dde02d3 0.081s
2025-04-03 02:40:10.847 69377 INFO tempest.lib.common.rest_client [req-ff2f1641-984d-422c-b8f8-fe7be703d57e req-ff2f1641-984d-422c-b8f8-fe7be703d57e ] Request (ServersTestJSON:test_create_server_specify_multibyte_character_name): 200 GET http://10.180.1.21/compute/v2.1/servers/df3ab74e-774f-45ef-94c6-f935b046cdda 0.071s
2025-04-03 02:40:10.880 69449 INFO tempest.lib.common.rest_client [req-4af8ae54-15ef-4134-9eed-657871719e54 req-4af8ae54-15ef-4134-9eed-657871719e54 ] Request (VolumesAdminNegativeTest:_run_cleanups): 200 GET http://10.180.1.21/compute/v2.1/servers/97535ddb-6907-4030-8407-ea478889cf74/os-volume_attachments 0.095s
2025-04-03 02:40:10.922 69449 INFO tempest.lib.common.rest_client [req-6d28e8a4-78e5-4911-93c3-36a9318d70d4 req-6d28e8a4-78e5-4911-93c3-36a9318d70d4 ] Request (VolumesAdminNegativeTest:_run_cleanups): 200 GET http://10.180.1.21/volume/v3/volumes/ddf325a2-0504-4bcc-b9b2-5ed4191c7cb5 0.039s
2025-04-03 02:40:10.928 69449 INFO tempest.common.waiters [-] volume ddf325a2-0504-4bcc-b9b2-5ed4191c7cb5 reached available after waiting for 0.928412 seconds
2025-04-03 02:40:10.937 69367 INFO tempest.lib.common.rest_client [req-abe8394c-adb7-4568-9e61-838345978fe7 req-abe8394c-adb7-4568-9e61-838345978fe7 ] Request (FloatingIPsAssociationNegativeTestJSON:setUpClass): 200 GET http://10.180.1.21/compute/v2.1/servers/ca7666ac-21be-4cca-8e1f-19e4338e31d6 0.096s
2025-04-03 02:40:10.947 69402 INFO tempest.lib.common.rest_client [req-35e98243-6446-4802-a021-48091a667658 req-35e98243-6446-4802-a021-48091a667658 ] Request (DeleteServersAdminTestJSON:test_delete_server_while_in_error_state): 200 GET http://10.180.1.21/compute/v2.1/servers/2cacec84-7fd2-4999-ad1b-207239004e0d 0.182s
2025-04-03 02:40:10.992 69369 INFO tempest.lib.common.rest_client [req-b6576a5a-ca11-4e36-8cc1-6095ffe550e3 req-b6576a5a-ca11-4e36-8cc1-6095ffe550e3 ] Request (ServerMetadataTestJSON:setUpClass): 200 GET http://10.180.1.21/compute/v2.1/servers/4079e384-966a-4bae-9515-3d8a3a1c19c2 0.140s
2025-04-03 02:40:11.000 69369 INFO tempest.common.waiters [-] State transition "BUILD/None" ==> "BUILD/networking" after 90 second wait
2025-04-03 02:40:11.004 69449 INFO tempest.lib.common.rest_client [req-c6d560ff-626d-4968-8246-6d541bb74467 req-c6d560ff-626d-4968-8246-6d541bb74467 ] Request (VolumesAdminNegativeTest:test_update_attached_volume_with_nonexistent_volume_in_uri): 201 POST http://10.180.1.21/identity/v3/auth/tokens 0.071s
2025-04-03 02:40:11.004 69449 INFO tempest.lib.common.fixed_network [-] (VolumesAdminNegativeTest:test_update_attached_volume_with_nonexistent_volume_in_uri) Found network {'id': '0645d176-e776-40d5-875d-a2cc784feede', 'name': 'tempest-VolumesAdminNegativeTest-58678801-network', 'tenant_id': '5071108f521e49c4a2f524e0eb694e25', 'admin_state_up': True, 'mtu': 8950, 'status': 'ACTIVE', 'subnets': [], 'shared': False, 'project_id': '5071108f521e49c4a2f524e0eb694e25', 'port_security_enabled': True, 'router:external': False, 'provider:network_type': 'vlan', 'provider:physical_network': 'default', 'provider:segmentation_id': 398, 'availability_zone_hints': [], 'availability_zones': [], 'ipv4_address_scope': None, 'ipv6_address_scope': None, 'description': '', 'tags': [], 'created_at': '2025-04-03T02:37:42Z', 'updated_at': '2025-04-03T02:37:42Z', 'revision_number': 1} available for tenant
2025-04-03 02:40:11.072 69353 INFO tempest.lib.common.rest_client [req-e5568ca8-ba4f-40f4-ac67-ea2804f32e26 req-e5568ca8-ba4f-40f4-ac67-ea2804f32e26 ] Request (ServerExternalEventsTest:tearDownClass): 200 GET http://10.180.1.21/compute/v2.1/servers/edb019f1-3d31-4127-95b9-9c893cc0bed9 0.075s
2025-04-03 02:40:11.123 69363 INFO tempest.lib.common.rest_client [req-2ac58f2c-3579-4c18-b7e5-87e23825cf5c req-2ac58f2c-3579-4c18-b7e5-87e23825cf5c ] Request (ServerActionsTestOtherB:test_create_backup): 200 GET http://10.180.1.21/image/v2/images/1505d575-ce80-4971-ab4b-4ef467291e6f 0.015s
2025-04-03 02:40:11.165 69437 INFO tempest.lib.common.rest_client [req-8f787b04-7205-4103-ae4d-65d5cf44c818 req-8f787b04-7205-4103-ae4d-65d5cf44c818 ] Request (VolumesAssistedSnapshotsTest:tearDownClass): 200 GET http://10.180.1.21/compute/v2.1/servers/3b4c9703-c5a2-4f9d-8a1b-a16860c77564 0.078s
2025-04-03 02:40:11.251 69381 INFO tempest.lib.common.rest_client [req-bc8d43b3-3517-462d-9ceb-7276b61eebd2 req-bc8d43b3-3517-462d-9ceb-7276b61eebd2 ] Request (FloatingIPsAssociationTestJSON:tearDownClass): 200 GET http://10.180.1.21/compute/v2.1/servers/c7a639f5-384c-4a1e-a05f-afb7a193501e 0.076s
2025-04-03 02:40:11.318 69449 INFO tempest.lib.common.rest_client [req-acd86e28-28c3-42eb-9205-774a83ee5673 req-acd86e28-28c3-42eb-9205-774a83ee5673 ] Request (VolumesAdminNegativeTest:test_update_attached_volume_with_nonexistent_volume_in_uri): 202 POST http://10.180.1.21/compute/v2.1/servers 0.314s
2025-04-03 02:40:11.384 69383 INFO tempest.lib.common.rest_client [req-0ede8a7c-c78e-438d-a228-dd03e90c00a6 req-0ede8a7c-c78e-438d-a228-dd03e90c00a6 ] Request (ServerAddressesNegativeTestJSON:tearDownClass): 200 GET http://10.180.1.21/compute/v2.1/servers/2dd0717f-fec5-4022-90d8-99b25f48f91c 0.137s
2025-04-03 02:40:11.417 69371 INFO tempest.lib.common.rest_client [req-b4c8b260-54d1-4b7e-89dd-3a3eb5c86577 req-b4c8b260-54d1-4b7e-89dd-3a3eb5c86577 ] Request (ListServerFiltersTestJSON:tearDownClass): 200 GET http://10.180.1.21/compute/v2.1/servers/061174f6-86e2-4229-9337-7283ee1aaa7b 0.234s
2025-04-03 02:40:11.447 69385 INFO tempest.lib.common.rest_client [req-ed6b8127-fd2f-4779-94a2-204c5ea32969 req-ed6b8127-fd2f-4779-94a2-204c5ea32969 ] Request (ServersTestFqdnHostnames:test_create_server_with_fqdn_name): 200 GET http://10.180.1.21/compute/v2.1/servers/fe8d3231-9311-402a-bf7b-742f44d90ad7 0.156s
2025-04-03 02:40:11.467 69449 INFO tempest.lib.common.rest_client [req-bf844426-e0d4-4824-9ff6-6d317fe02a9f req-bf844426-e0d4-4824-9ff6-6d317fe02a9f ] Request (VolumesAdminNegativeTest:test_update_attached_volume_with_nonexistent_volume_in_uri): 200 GET http://10.180.1.21/compute/v2.1/servers/73baa5ed-7d69-4363-818f-230b0e5956d2 0.146s
2025-04-03 02:40:11.514 69361 INFO tempest.lib.common.rest_client [req-9eb60217-5623-4dff-afe0-d193d306ff1d req-9eb60217-5623-4dff-afe0-d193d306ff1d ] Request (ServerAddressesTestJSON:tearDownClass): 200 GET http://10.180.1.21/compute/v2.1/servers/28f21eb6-1bf9-4d53-9f35-017e1615a127 0.153s
2025-04-03 02:40:11.563 69380 INFO tempest.lib.common.rest_client [req-9d442ead-e741-4b92-93d6-a67f955b0e45 req-9d442ead-e741-4b92-93d6-a67f955b0e45 ] Request (MigrationsAdminTest:test_resize_server_revert_deleted_flavor): 200 GET http://10.180.1.21/compute/v2.1/servers/f4c95b46-1573-428d-a7c5-637375d2cfb1 0.128s
2025-04-03 02:40:11.612 69349 INFO tempest.lib.common.rest_client [req-700d00e6-dfea-4a2f-9ae7-4f678af1ccfe req-700d00e6-dfea-4a2f-9ae7-4f678af1ccfe ] Request (ImagesTestJSON:test_create_image_from_stopped_server): 200 GET http://10.180.1.21/compute/v2.1/servers/9183d175-3295-40ee-a4a6-b7bc8f5694f1 0.233s
2025-04-03 02:40:11.624 69359 INFO tempest.lib.common.rest_client [req-baa79161-cff5-4707-af73-80a7bd3f92b1 req-baa79161-cff5-4707-af73-80a7bd3f92b1 ] Request (ListServersNegativeTestJSON:tearDownClass): 200 GET http://10.180.1.21/compute/v2.1/servers/72245c05-c8e5-4250-a4b6-6108748c5e5c 0.187s
2025-04-03 02:40:11.670 69357 INFO tempest.lib.common.rest_client [req-5201ff8d-1e41-40b7-af68-dd624a518558 req-5201ff8d-1e41-40b7-af68-dd624a518558 ] Request (ServersTestManualDisk:setUpClass): 200 GET http://10.180.1.21/compute/v2.1/servers/c3b51f0b-ada9-4b7b-9a9e-5ab4ec5eae52 0.156s
2025-04-03 02:40:11.696 69443 INFO tempest.lib.common.rest_client [req-044ce16c-6017-4968-a977-cb5033c7141a req-044ce16c-6017-4968-a977-cb5033c7141a ] Request (ServerRescueTestJSONUnderV235:tearDownClass): 200 GET http://10.180.1.21/compute/v2.1/servers/b5117501-e54b-457c-9987-e7acc1129863 0.173s
2025-04-03 02:40:11.730 69373 INFO tempest.lib.common.rest_client [req-ec395a3f-6dd8-465e-bca5-c1ce6726e944 req-ec395a3f-6dd8-465e-bca5-c1ce6726e944 ] Request (AttachVolumeTestJSON:test_attach_detach_volume): 200 GET http://10.180.1.21/compute/v2.1/servers/5385f25c-700d-4ee8-9714-2bc84481df0c 0.155s
2025-04-03 02:40:11.786 69424 INFO tempest.lib.common.rest_client [req-b0af2a68-9c74-4d42-85f1-aa61160d418e req-b0af2a68-9c74-4d42-85f1-aa61160d418e ] Request (DeleteServersTestJSON:test_delete_active_server): 200 GET http://10.180.1.21/compute/v2.1/servers/78fa7dad-564c-4a5c-9a12-28ff08f4fc26 0.091s
2025-04-03 02:40:11.802 69355 INFO tempest.lib.common.rest_client [req-45a4aef3-ec47-479a-b65a-9dadf432d8a3 req-45a4aef3-ec47-479a-b65a-9dadf432d8a3 ] Request (AttachInterfacesTestJSON:test_create_list_show_delete_interfaces_by_fixed_ip): 200 GET http://10.180.1.21/compute/v2.1/servers/99256fa3-0b05-40e8-80b1-1172e2900146/os-interface 0.162s
2025-04-03 02:40:11.836 69388 INFO tempest.lib.common.rest_client [req-af868d94-ab86-46bd-8881-eaa77a5aa6cb req-af868d94-ab86-46bd-8881-eaa77a5aa6cb ] Request (MultipleCreateTestJSON:_run_cleanups): 200 GET http://10.180.1.21/compute/v2.1/servers/637643cd-9258-472a-bef9-1c05bdd01da1 0.131s
2025-04-03 02:40:11.846 69375 INFO tempest.lib.common.rest_client [req-2cb0e99f-6ed4-429e-b63d-e02032512493 req-2cb0e99f-6ed4-429e-b63d-e02032512493 ] Request (ServersAdminTestJSON:test_create_server_with_scheduling_hint): 200 GET http://10.180.1.21/compute/v2.1/servers/2b824b3e-a8c4-483a-b8bb-fff02928ad4b 0.102s
2025-04-03 02:40:11.907 69446 INFO tempest.lib.common.rest_client [req-73ecdbff-8843-4ffa-a065-502b794e87c2 req-73ecdbff-8843-4ffa-a065-502b794e87c2 ] Request (ServersWithSpecificFlavorTestJSON:test_verify_created_server_ephemeral_disk): 200 GET http://10.180.1.21/compute/v2.1/servers/75a443c6-e8bb-498c-ac8a-72da576850fa 0.137s
2025-04-03 02:40:11.924 69439 INFO tempest.lib.common.rest_client [req-81e0c430-60be-4dbd-a0a8-54293086fe33 req-81e0c430-60be-4dbd-a0a8-54293086fe33 ] Request (ImagesOneServerNegativeTestJSON:_run_cleanups): 200 GET http://10.180.1.21/compute/v2.1/servers/5f5bf870-75f9-485c-91fa-cda01dde02d3 0.116s
2025-04-03 02:40:11.979 69377 INFO tempest.lib.common.rest_client [req-2ca51be0-0b79-417b-b16d-b89722430009 req-2ca51be0-0b79-417b-b16d-b89722430009 ] Request (ServersTestJSON:test_create_server_specify_multibyte_character_name): 200 GET http://10.180.1.21/compute/v2.1/servers/df3ab74e-774f-45ef-94c6-f935b046cdda 0.122s
2025-04-03 02:40:12.006 69367 INFO tempest.lib.common.rest_client [req-aa0402aa-f5cd-43e4-b9bc-f0f2500a3752 req-aa0402aa-f5cd-43e4-b9bc-f0f2500a3752 ] Request (FloatingIPsAssociationNegativeTestJSON:setUpClass): 200 GET http://10.180.1.21/compute/v2.1/servers/ca7666ac-21be-4cca-8e1f-19e4338e31d6 0.055s
2025-04-03 02:40:12.156 69369 INFO tempest.lib.common.rest_client [req-c0d0042f-ce95-48c9-8985-23c6cffec059 req-c0d0042f-ce95-48c9-8985-23c6cffec059 ] Request (ServerMetadataTestJSON:setUpClass): 200 GET http://10.180.1.21/compute/v2.1/servers/4079e384-966a-4bae-9515-3d8a3a1c19c2 0.153s
2025-04-03 02:40:12.159 69363 INFO tempest.lib.common.rest_client [req-38f49898-3455-4843-a3f9-d7c61e1e9d11 req-38f49898-3455-4843-a3f9-d7c61e1e9d11 ] Request (ServerActionsTestOtherB:test_create_backup): 200 GET http://10.180.1.21/image/v2/images/1505d575-ce80-4971-ab4b-4ef467291e6f 0.033s
2025-04-03 02:40:12.166 69369 INFO tempest.common.waiters [-] State transition "BUILD/networking" ==> "BUILD/spawning" after 91 second wait
2025-04-03 02:40:12.167 69402 INFO tempest.lib.common.rest_client [req-9bf6d0f1-38ac-4e5d-a857-51149cc302eb req-9bf6d0f1-38ac-4e5d-a857-51149cc302eb ] Request (DeleteServersAdminTestJSON:test_delete_server_while_in_error_state): 200 GET http://10.180.1.21/compute/v2.1/servers/2cacec84-7fd2-4999-ad1b-207239004e0d 0.210s
2025-04-03 02:40:12.221 69353 INFO tempest.lib.common.rest_client [req-83b15c7d-5599-4cb8-933d-5a0f45b63079 req-83b15c7d-5599-4cb8-933d-5a0f45b63079 ] Request (ServerExternalEventsTest:tearDownClass): 200 GET http://10.180.1.21/compute/v2.1/servers/edb019f1-3d31-4127-95b9-9c893cc0bed9 0.141s
2025-04-03 02:40:12.242 69437 INFO tempest.lib.common.rest_client [req-dc2d72a1-652f-4944-8855-5bf53c155d56 req-dc2d72a1-652f-4944-8855-5bf53c155d56 ] Request (VolumesAssistedSnapshotsTest:tearDownClass): 200 GET http://10.180.1.21/compute/v2.1/servers/3b4c9703-c5a2-4f9d-8a1b-a16860c77564 0.063s
2025-04-03 02:40:12.319 69381 INFO tempest.lib.common.rest_client [req-073246f1-1d52-479e-84bd-55366b0e3521 req-073246f1-1d52-479e-84bd-55366b0e3521 ] Request (FloatingIPsAssociationTestJSON:tearDownClass): 200 GET http://10.180.1.21/compute/v2.1/servers/c7a639f5-384c-4a1e-a05f-afb7a193501e 0.059s
2025-04-03 02:40:12.456 69383 INFO tempest.lib.common.rest_client [req-df3f6db0-3d59-4f14-9459-8100d0c60af2 req-df3f6db0-3d59-4f14-9459-8100d0c60af2 ] Request (ServerAddressesNegativeTestJSON:tearDownClass): 200 GET http://10.180.1.21/compute/v2.1/servers/2dd0717f-fec5-4022-90d8-99b25f48f91c 0.060s
2025-04-03 02:40:12.483 69371 INFO tempest.lib.common.rest_client [req-18e332a1-d75b-4389-8875-13551703d5cf req-18e332a1-d75b-4389-8875-13551703d5cf ] Request (ListServerFiltersTestJSON:tearDownClass): 200 GET http://10.180.1.21/compute/v2.1/servers/061174f6-86e2-4229-9337-7283ee1aaa7b 0.055s
2025-04-03 02:40:12.506 69385 INFO tempest.lib.common.rest_client [req-23845d97-f2cc-4e17-a200-33a8aaad536b req-23845d97-f2cc-4e17-a200-33a8aaad536b ] Request (ServersTestFqdnHostnames:test_create_server_with_fqdn_name): 200 GET http://10.180.1.21/compute/v2.1/servers/fe8d3231-9311-402a-bf7b-742f44d90ad7 0.051s
2025-04-03 02:40:12.534 69449 INFO tempest.lib.common.rest_client [req-b68981e5-78f2-4110-99b9-b619c0a0a11f req-b68981e5-78f2-4110-99b9-b619c0a0a11f ] Request (VolumesAdminNegativeTest:test_update_attached_volume_with_nonexistent_volume_in_uri): 200 GET http://10.180.1.21/compute/v2.1/servers/73baa5ed-7d69-4363-818f-230b0e5956d2 0.051s
2025-04-03 02:40:12.575 69361 INFO tempest.lib.common.rest_client [req-a15df451-55df-4eb5-8e1d-c4cfa9ec28fe req-a15df451-55df-4eb5-8e1d-c4cfa9ec28fe ] Request (ServerAddressesTestJSON:tearDownClass): 200 GET http://10.180.1.21/compute/v2.1/servers/28f21eb6-1bf9-4d53-9f35-017e1615a127 0.052s
2025-04-03 02:40:12.619 69380 INFO tempest.lib.common.rest_client [req-2ab0bc6f-e340-49c9-950c-ba823b1ae09e req-2ab0bc6f-e340-49c9-950c-ba823b1ae09e ] Request (MigrationsAdminTest:test_resize_server_revert_deleted_flavor): 200 GET http://10.180.1.21/compute/v2.1/servers/f4c95b46-1573-428d-a7c5-637375d2cfb1 0.048s
2025-04-03 02:40:12.692 69359 INFO tempest.lib.common.rest_client [req-2eba9bc0-d575-48f2-9d02-ecea50ec2947 req-2eba9bc0-d575-48f2-9d02-ecea50ec2947 ] Request (ListServersNegativeTestJSON:tearDownClass): 200 GET http://10.180.1.21/compute/v2.1/servers/72245c05-c8e5-4250-a4b6-6108748c5e5c 0.057s
2025-04-03 02:40:12.716 69349 INFO tempest.lib.common.rest_client [req-3e2df5f9-139d-4565-8223-f26abfe316b3 req-3e2df5f9-139d-4565-8223-f26abfe316b3 ] Request (ImagesTestJSON:test_create_image_from_stopped_server): 200 GET http://10.180.1.21/compute/v2.1/servers/9183d175-3295-40ee-a4a6-b7bc8f5694f1 0.095s
2025-04-03 02:40:12.738 69357 INFO tempest.lib.common.rest_client [req-a0a239bd-4ec2-482a-a6e7-06ba8ab70602 req-a0a239bd-4ec2-482a-a6e7-06ba8ab70602 ] Request (ServersTestManualDisk:setUpClass): 200 GET http://10.180.1.21/compute/v2.1/servers/c3b51f0b-ada9-4b7b-9a9e-5ab4ec5eae52 0.056s
2025-04-03 02:40:12.766 69443 INFO tempest.lib.common.rest_client [req-2f9350cb-7764-4a7f-b124-8b0f5d9bc366 req-2f9350cb-7764-4a7f-b124-8b0f5d9bc366 ] Request (ServerRescueTestJSONUnderV235:tearDownClass): 200 GET http://10.180.1.21/compute/v2.1/servers/b5117501-e54b-457c-9987-e7acc1129863 0.059s
2025-04-03 02:40:12.787 69373 INFO tempest.lib.common.rest_client [req-d41eaf25-b3d9-4c6c-ba4b-6bb46041581f req-d41eaf25-b3d9-4c6c-ba4b-6bb46041581f ] Request (AttachVolumeTestJSON:test_attach_detach_volume): 200 GET http://10.180.1.21/compute/v2.1/servers/5385f25c-700d-4ee8-9714-2bc84481df0c 0.048s
2025-04-03 02:40:12.849 69424 INFO tempest.lib.common.rest_client [req-7d801375-0893-4474-b52f-4c3455384b53 req-7d801375-0893-4474-b52f-4c3455384b53 ] Request (DeleteServersTestJSON:test_delete_active_server): 200 GET http://10.180.1.21/compute/v2.1/servers/78fa7dad-564c-4a5c-9a12-28ff08f4fc26 0.053s
2025-04-03 02:40:12.873 69355 INFO tempest.lib.common.rest_client [req-e9bfe93e-2812-423a-a6ac-3942f6d8b0d2 req-e9bfe93e-2812-423a-a6ac-3942f6d8b0d2 ] Request (AttachInterfacesTestJSON:test_create_list_show_delete_interfaces_by_fixed_ip): 200 GET http://10.180.1.21/compute/v2.1/servers/99256fa3-0b05-40e8-80b1-1172e2900146/os-interface 0.068s
2025-04-03 02:40:12.906 69388 INFO tempest.lib.common.rest_client [req-b136f54b-86e0-4a01-9acb-47cf303b21d2 req-b136f54b-86e0-4a01-9acb-47cf303b21d2 ] Request (MultipleCreateTestJSON:_run_cleanups): 200 GET http://10.180.1.21/compute/v2.1/servers/637643cd-9258-472a-bef9-1c05bdd01da1 0.060s
2025-04-03 02:40:12.913 69388 INFO tempest.common.waiters [-] State transition "ACTIVE/deleting" ==> "DELETED/None" after 5 second wait
2025-04-03 02:40:12.923 69375 INFO tempest.lib.common.rest_client [req-8830b5a8-4bd8-4d67-9895-69d5ffaa4d41 req-8830b5a8-4bd8-4d67-9895-69d5ffaa4d41 ] Request (ServersAdminTestJSON:test_create_server_with_scheduling_hint): 200 GET http://10.180.1.21/compute/v2.1/servers/2b824b3e-a8c4-483a-b8bb-fff02928ad4b 0.068s
2025-04-03 02:40:12.965 69446 INFO tempest.lib.common.rest_client [req-c33943e8-c6db-40e9-8221-8946a9b7ccaf req-c33943e8-c6db-40e9-8221-8946a9b7ccaf ] Request (ServersWithSpecificFlavorTestJSON:test_verify_created_server_ephemeral_disk): 200 GET http://10.180.1.21/compute/v2.1/servers/75a443c6-e8bb-498c-ac8a-72da576850fa 0.047s
2025-04-03 02:40:12.980 69439 INFO tempest.lib.common.rest_client [req-0e23d0b7-0b08-4f95-9360-85ab4e12b5d0 req-0e23d0b7-0b08-4f95-9360-85ab4e12b5d0 ] Request (ImagesOneServerNegativeTestJSON:_run_cleanups): 200 GET http://10.180.1.21/compute/v2.1/servers/5f5bf870-75f9-485c-91fa-cda01dde02d3 0.047s
2025-04-03 02:40:13.040 69377 INFO tempest.lib.common.rest_client [req-dcea450c-576b-4d4e-a98c-a58cea03d84d req-dcea450c-576b-4d4e-a98c-a58cea03d84d ] Request (ServersTestJSON:test_create_server_specify_multibyte_character_name): 200 GET http://10.180.1.21/compute/v2.1/servers/df3ab74e-774f-45ef-94c6-f935b046cdda 0.051s
2025-04-03 02:40:13.064 69367 INFO tempest.lib.common.rest_client [req-283b7ef9-b116-4aea-9c3e-fd65e07329a7 req-283b7ef9-b116-4aea-9c3e-fd65e07329a7 ] Request (FloatingIPsAssociationNegativeTestJSON:setUpClass): 200 GET http://10.180.1.21/compute/v2.1/servers/ca7666ac-21be-4cca-8e1f-19e4338e31d6 0.048s
2025-04-03 02:40:13.174 69363 INFO tempest.lib.common.rest_client [req-2cf960d9-f089-4f83-a907-cf05fee3547b req-2cf960d9-f089-4f83-a907-cf05fee3547b ] Request (ServerActionsTestOtherB:test_create_backup): 200 GET http://10.180.1.21/image/v2/images/1505d575-ce80-4971-ab4b-4ef467291e6f 0.014s
2025-04-03 02:40:13.263 69402 INFO tempest.lib.common.rest_client [req-b624e3e8-0a09-4f2e-ac39-256726952384 req-b624e3e8-0a09-4f2e-ac39-256726952384 ] Request (DeleteServersAdminTestJSON:test_delete_server_while_in_error_state): 200 GET http://10.180.1.21/compute/v2.1/servers/2cacec84-7fd2-4999-ad1b-207239004e0d 0.089s
2025-04-03 02:40:13.314 69369 INFO tempest.lib.common.rest_client [req-412346df-bc1f-4092-9ac9-f5ee02045ee0 req-412346df-bc1f-4092-9ac9-f5ee02045ee0 ] Request (ServerMetadataTestJSON:setUpClass): 200 GET http://10.180.1.21/compute/v2.1/servers/4079e384-966a-4bae-9515-3d8a3a1c19c2 0.147s
2025-04-03 02:40:13.324 69353 INFO tempest.lib.common.rest_client [req-43f9fcc0-732c-4993-a2bb-280f085a81c5 req-43f9fcc0-732c-4993-a2bb-280f085a81c5 ] Request (ServerExternalEventsTest:tearDownClass): 200 GET http://10.180.1.21/compute/v2.1/servers/edb019f1-3d31-4127-95b9-9c893cc0bed9 0.095s
2025-04-03 02:40:13.376 69437 INFO tempest.lib.common.rest_client [req-1444fe68-f274-498f-ade3-ee341e85b756 req-1444fe68-f274-498f-ade3-ee341e85b756 ] Request (VolumesAssistedSnapshotsTest:tearDownClass): 200 GET http://10.180.1.21/compute/v2.1/servers/3b4c9703-c5a2-4f9d-8a1b-a16860c77564 0.127s
2025-04-03 02:40:13.387 69381 INFO tempest.lib.common.rest_client [req-4029d206-5aba-4bad-b642-a80147f3d102 req-4029d206-5aba-4bad-b642-a80147f3d102 ] Request (FloatingIPsAssociationTestJSON:tearDownClass): 200 GET http://10.180.1.21/compute/v2.1/servers/c7a639f5-384c-4a1e-a05f-afb7a193501e 0.059s
2025-04-03 02:40:13.537 69383 INFO tempest.lib.common.rest_client [req-2c09e60b-dc87-4e73-a886-e4a5e5705490 req-2c09e60b-dc87-4e73-a886-e4a5e5705490 ] Request (ServerAddressesNegativeTestJSON:tearDownClass): 200 GET http://10.180.1.21/compute/v2.1/servers/2dd0717f-fec5-4022-90d8-99b25f48f91c 0.073s
2025-04-03 02:40:13.546 69371 INFO tempest.lib.common.rest_client [req-958a5d20-10d6-47ee-966b-a541df3ff910 req-958a5d20-10d6-47ee-966b-a541df3ff910 ] Request (ListServerFiltersTestJSON:tearDownClass): 200 GET http://10.180.1.21/compute/v2.1/servers/061174f6-86e2-4229-9337-7283ee1aaa7b 0.055s
2025-04-03 02:40:13.554 69371 INFO tempest.common.waiters [-] State transition "ACTIVE/deleting" ==> "DELETED/None" after 4 second wait
2025-04-03 02:40:13.597 69449 INFO tempest.lib.common.rest_client [req-46dfc7e6-04fb-4915-9799-029abf1c42e1 req-46dfc7e6-04fb-4915-9799-029abf1c42e1 ] Request (VolumesAdminNegativeTest:test_update_attached_volume_with_nonexistent_volume_in_uri): 200 GET http://10.180.1.21/compute/v2.1/servers/73baa5ed-7d69-4363-818f-230b0e5956d2 0.055s
2025-04-03 02:40:13.600 69385 INFO tempest.lib.common.rest_client [req-37265c07-e68e-4eef-ae4b-c7a5ab85db01 req-37265c07-e68e-4eef-ae4b-c7a5ab85db01 ] Request (ServersTestFqdnHostnames:test_create_server_with_fqdn_name): 200 GET http://10.180.1.21/compute/v2.1/servers/fe8d3231-9311-402a-bf7b-742f44d90ad7 0.087s
2025-04-03 02:40:13.655 69361 INFO tempest.lib.common.rest_client [req-fc40a4cc-94d1-4c4e-bb62-a797041761f0 req-fc40a4cc-94d1-4c4e-bb62-a797041761f0 ] Request (ServerAddressesTestJSON:tearDownClass): 200 GET http://10.180.1.21/compute/v2.1/servers/28f21eb6-1bf9-4d53-9f35-017e1615a127 0.072s
