2025-04-03 02:37:32.276 69357 INFO tempest.common.waiters [-] State transition "BUILD/networking" ==> "BUILD/spawning" after 7 second wait
2025-04-03 02:37:32.288 69365 INFO tempest.lib.common.rest_client [req-b9dee6d5-4670-4fed-ac60-b767ea0fd843 req-b9dee6d5-4670-4fed-ac60-b767ea0fd843 ] Request (ServersTestBootFromVolume:setUpClass): 201 POST http://10.180.1.21/identity/v3/auth/tokens 0.124s
2025-04-03 02:37:32.310 69388 INFO tempest.lib.common.rest_client [req-f50fe044-88ca-45e9-bcf7-477eef4c6754 req-f50fe044-88ca-45e9-bcf7-477eef4c6754 ] Request (ImagesNegativeTestJSON:test_create_image_from_deleted_server): 200 GET http://10.180.1.21/compute/v2.1/servers/05b13add-f4ba-4f12-8bd4-03d5586c2c21 1.713s
2025-04-03 02:37:32.323 69351 INFO tempest.lib.common.rest_client [req-9214a47e-b1ce-4457-82ab-c682485464ae req-9214a47e-b1ce-4457-82ab-c682485464ae ] Request (QuotasAdminNegativeTest:setUpClass): 200 GET http://10.180.1.21/identity/v3/roles 0.102s
2025-04-03 02:37:32.326 69359 INFO tempest.lib.common.rest_client [req-ade26bd2-5f22-4a59-9d4e-1db8606bb797 req-ade26bd2-5f22-4a59-9d4e-1db8606bb797 ] Request (QuotaClassesAdmin257Test:setUpClass): 201 POST http://10.180.1.21/identity/v3/projects 0.093s
2025-04-03 02:37:32.363 69381 INFO tempest.lib.common.rest_client [req-d76217e6-3127-40b4-8071-78a3573c39e2 req-d76217e6-3127-40b4-8071-78a3573c39e2 ] Request (FloatingIPsAssociationTestJSON:setUpClass): 201 POST http://10.180.1.21:9696/networking/v2.0/subnets 0.365s
2025-04-03 02:37:32.375 69363 INFO tempest.lib.common.rest_client [req-9b3e8126-2f98-4843-a6e3-5ee6c4a1e1f1 req-9b3e8126-2f98-4843-a6e3-5ee6c4a1e1f1 ] Request (QuotasAdminTestV236:test_get_updated_quotas): 200 GET http://10.180.1.21/identity/v3/domains?name=Default 0.105s
2025-04-03 02:37:32.386 69367 INFO tempest.lib.common.rest_client [req-c80c8654-569f-4855-9695-6af51c07bf65 req-c80c8654-569f-4855-9695-6af51c07bf65 ] Request (ServersAdmin275Test:test_rebuild_update_server_275): 200 GET http://10.180.1.21/compute/v2.1/servers/e2910e35-1807-49c5-a97d-673de87f3058 1.759s
2025-04-03 02:37:32.420 69351 INFO tempest.lib.common.rest_client [req-12feef5d-b388-4e55-9bea-64376b88c40d req-12feef5d-b388-4e55-9bea-64376b88c40d ] Request (QuotasAdminNegativeTest:setUpClass): 204 PUT http://10.180.1.21/identity/v3/projects/856e3c09e0714e48a088d1599e606bc6/users/5469328c89f0489a8c997d5a3ca867d3/roles/9779e891ba774f24a26332f35da234de 0.097s
2025-04-03 02:37:32.420 69351 INFO tempest.lib.common.dynamic_creds [-] Dynamic test user 5469328c89f0489a8c997d5a3ca867d3 is created with scope project and roles: ['admin']
2025-04-03 02:37:32.420 69351 INFO tempest.lib.common.dynamic_creds [-] Acquired dynamic creds: credentials: Credentials: {'domain_id': 'default', 'domain_name': 'Default', 'username': 'tempest-QuotasAdminNegativeTest-2118475744-project-admin', 'project_domain_id': 'default', 'project_domain_name': 'Default', 'project_id': '856e3c09e0714e48a088d1599e606bc6', 'project_name': 'tempest-QuotasAdminNegativeTest-2118475744', 'tenant_id': '856e3c09e0714e48a088d1599e606bc6', 'tenant_name': 'tempest-QuotasAdminNegativeTest-2118475744', 'user_domain_id': 'default', 'user_domain_name': 'Default', 'user_id': '5469328c89f0489a8c997d5a3ca867d3', 'system': None}, Network: None, Subnet: None, Router: None
2025-04-03 02:37:32.420 69351 INFO tempest.lib.common.dynamic_creds [-] Created isolated network resources for: credentials: Credentials: {'domain_id': 'default', 'domain_name': 'Default', 'username': 'tempest-QuotasAdminNegativeTest-2118475744-project-admin', 'project_domain_id': 'default', 'project_domain_name': 'Default', 'project_id': '856e3c09e0714e48a088d1599e606bc6', 'project_name': 'tempest-QuotasAdminNegativeTest-2118475744', 'tenant_id': '856e3c09e0714e48a088d1599e606bc6', 'tenant_name': 'tempest-QuotasAdminNegativeTest-2118475744', 'user_domain_id': 'default', 'user_domain_name': 'Default', 'user_id': '5469328c89f0489a8c997d5a3ca867d3', 'system': None}, Network: None, Subnet: None, Router: None
2025-04-03 02:37:32.476 69359 INFO tempest.lib.common.rest_client [req-b1e9f93c-e909-4fc2-bdb2-f90f8b0de927 req-b1e9f93c-e909-4fc2-bdb2-f90f8b0de927 ] Request (QuotaClassesAdmin257Test:setUpClass): 201 POST http://10.180.1.21/identity/v3/users 0.149s
2025-04-03 02:37:32.499 69351 INFO tempest.lib.common.rest_client [req-aef71a1c-db27-4f55-8a09-575776939449 req-aef71a1c-db27-4f55-8a09-575776939449 ] Request (QuotasAdminNegativeTest:setUpClass): 201 POST http://10.180.1.21/identity/v3/auth/tokens 0.075s
2025-04-03 02:37:32.499 69359 INFO tempest.lib.common.rest_client [req-d9317cf5-da64-46d8-99eb-20cfed6ea33a req-d9317cf5-da64-46d8-99eb-20cfed6ea33a ] Request (QuotaClassesAdmin257Test:setUpClass): 200 GET http://10.180.1.21/identity/v3/roles 0.022s
2025-04-03 02:37:32.500 69351 WARNING tempest.lib.common.rest_client [-] Deprecated: "tenant_id" property is deprecated for removal, use "project_id" instead
2025-04-03 02:37:32.527 69359 INFO tempest.lib.common.rest_client [req-5c77ab89-49f4-484a-8f93-9d768ff94959 req-5c77ab89-49f4-484a-8f93-9d768ff94959 ] Request (QuotaClassesAdmin257Test:setUpClass): 204 PUT http://10.180.1.21/identity/v3/projects/42a94c5960db46a093e83cff46a5606d/users/44bf2449f2674e42aff95ca11d4fc758/roles/9779e891ba774f24a26332f35da234de 0.027s
2025-04-03 02:37:32.577 69359 INFO tempest.lib.common.rest_client [req-b39a8eb4-2e46-481e-b089-6a18d2df9f51 req-b39a8eb4-2e46-481e-b089-6a18d2df9f51 ] Request (QuotaClassesAdmin257Test:setUpClass): 200 GET http://10.180.1.21/identity/v3/roles 0.050s
2025-04-03 02:37:32.594 69359 INFO tempest.lib.common.rest_client [req-73c16650-02a4-4c0d-bac6-2d69fcbb949f req-73c16650-02a4-4c0d-bac6-2d69fcbb949f ] Request (QuotaClassesAdmin257Test:setUpClass): 204 PUT http://10.180.1.21/identity/v3/projects/42a94c5960db46a093e83cff46a5606d/users/44bf2449f2674e42aff95ca11d4fc758/roles/9779e891ba774f24a26332f35da234de 0.016s
2025-04-03 02:37:32.595 69359 INFO tempest.lib.common.dynamic_creds [-] Dynamic test user 44bf2449f2674e42aff95ca11d4fc758 is created with scope project and roles: ['admin']
2025-04-03 02:37:32.595 69359 INFO tempest.lib.common.dynamic_creds [-] Acquired dynamic creds: credentials: Credentials: {'domain_id': 'default', 'domain_name': 'Default', 'username': 'tempest-QuotaClassesAdmin257Test-274950520-project-admin', 'project_domain_id': 'default', 'project_domain_name': 'Default', 'project_id': '42a94c5960db46a093e83cff46a5606d', 'project_name': 'tempest-QuotaClassesAdmin257Test-274950520', 'tenant_id': '42a94c5960db46a093e83cff46a5606d', 'tenant_name': 'tempest-QuotaClassesAdmin257Test-274950520', 'user_domain_id': 'default', 'user_domain_name': 'Default', 'user_id': '44bf2449f2674e42aff95ca11d4fc758', 'system': None}, Network: None, Subnet: None, Router: None
2025-04-03 02:37:32.595 69359 INFO tempest.lib.common.dynamic_creds [-] Created isolated network resources for: credentials: Credentials: {'domain_id': 'default', 'domain_name': 'Default', 'username': 'tempest-QuotaClassesAdmin257Test-274950520-project-admin', 'project_domain_id': 'default', 'project_domain_name': 'Default', 'project_id': '42a94c5960db46a093e83cff46a5606d', 'project_name': 'tempest-QuotaClassesAdmin257Test-274950520', 'tenant_id': '42a94c5960db46a093e83cff46a5606d', 'tenant_name': 'tempest-QuotaClassesAdmin257Test-274950520', 'user_domain_id': 'default', 'user_domain_name': 'Default', 'user_id': '44bf2449f2674e42aff95ca11d4fc758', 'system': None}, Network: None, Subnet: None, Router: None
2025-04-03 02:37:32.603 69355 INFO tempest.lib.common.rest_client [req-16a3ac11-7202-493c-b8c3-37f08e5bdc0b req-16a3ac11-7202-493c-b8c3-37f08e5bdc0b ] Request (FloatingIPDetailsTestJSON:test_list_floating_ips): 200 GET http://10.180.1.21/compute/v2.1/os-floating-ips 1.763s
2025-04-03 02:37:32.642 69405 INFO tempest.lib.common.rest_client [req-23bb0718-910f-46e7-914b-83a8e1f51115 req-23bb0718-910f-46e7-914b-83a8e1f51115 ] Request (FlavorsExtraSpecsTestJSON:test_flavor_set_get_update_show_unset_keys): 200 POST http://10.180.1.21/compute/v2.1/flavors/1044972453/os-extra_specs 1.780s
2025-04-03 02:37:32.668 69441 INFO tempest.lib.common.rest_client [req-8e2d9bd9-a364-4b81-b5ac-24a3dd31dd7a req-8e2d9bd9-a364-4b81-b5ac-24a3dd31dd7a ] Request (KeyPairsV210TestJSON:_run_cleanups): 204 DELETE http://10.180.1.21/compute/v2.1/os-keypairs/tempest-KeyPairsV210TestJSON-keypair-963316927 1.789s
2025-04-03 02:37:32.683 69359 INFO tempest.lib.common.rest_client [req-acc66620-b61a-4627-bb40-8828a8b6b8f4 req-acc66620-b61a-4627-bb40-8828a8b6b8f4 ] Request (QuotaClassesAdmin257Test:setUpClass): 201 POST http://10.180.1.21/identity/v3/auth/tokens 0.085s
2025-04-03 02:37:32.684 69424 INFO tempest.lib.common.rest_client [req-37af6140-f84d-48ed-931a-23b6ac75b92a req-37af6140-f84d-48ed-931a-23b6ac75b92a ] Request (FlavorsV255TestJSON:_run_cleanups): 202 DELETE http://10.180.1.21/compute/v2.1/flavors/1735857357 1.781s
2025-04-03 02:37:32.710 69453 INFO tempest.lib.common.rest_client [req-ed0eb857-d22c-45ea-85d7-d6025d329bd3 req-ed0eb857-d22c-45ea-85d7-d6025d329bd3 ] Request (FlavorsV2TestJSON:test_list_flavors): 200 GET http://10.180.1.21/compute/v2.1/flavors 1.564s
2025-04-03 02:37:32.728 69353 INFO tempest.lib.common.rest_client [req-38383322-eaa2-42df-bce6-2cb0514de025 req-38383322-eaa2-42df-bce6-2cb0514de025 ] Request (FlavorsAccessNegativeTestJSON:test_flavor_access_list_with_public_flavor): 200 POST http://10.180.1.21/compute/v2.1/flavors 1.549s
2025-04-03 02:37:32.754 69369 INFO tempest.lib.common.rest_client [req-d91e97d5-48af-49ec-97a5-08039201fe22 req-d91e97d5-48af-49ec-97a5-08039201fe22 ] Request (AggregatesAdminNegativeTestJSON:test_aggregate_add_host_as_user): 200 POST http://10.180.1.21/compute/v2.1/os-aggregates 1.554s
2025-04-03 02:37:32.769 69446 INFO tempest.lib.common.rest_client [req-f1b38fe2-f396-4fe7-a687-9b90ef6935e7 req-f1b38fe2-f396-4fe7-a687-9b90ef6935e7 ] Request (ServersWithSpecificFlavorTestJSON:test_verify_created_server_ephemeral_disk): 200 POST http://10.180.1.21/compute/v2.1/flavors 1.558s
2025-04-03 02:37:32.799 69385 INFO tempest.lib.common.rest_client [req-91385f39-c2af-434e-9e76-fdc11e995a25 req-91385f39-c2af-434e-9e76-fdc11e995a25 ] Request (FlavorsV261TestJSON:_run_cleanups): 200 GET http://10.180.1.21/compute/v2.1/flavors/detail 1.575s
2025-04-03 02:37:32.808 69449 INFO tempest.lib.common.rest_client [req-8b07d20b-1052-45f8-83d2-db3b31b56c07 req-8b07d20b-1052-45f8-83d2-db3b31b56c07 ] Request (FlavorsExtraSpecsNegativeTestJSON:test_flavor_non_admin_update_specific_key): 403 PUT http://10.180.1.21/compute/v2.1/flavors/1664316573/os-extra_specs/hw:numa_nodes 1.560s
2025-04-03 02:37:32.818 69365 INFO tempest.lib.common.rest_client [req-c9214e1b-d3b8-48a0-a5f6-c116afeae773 req-c9214e1b-d3b8-48a0-a5f6-c116afeae773 ] Request (ServersTestBootFromVolume:setUpClass): 201 POST http://10.180.1.21:9696/networking/v2.0/networks 0.529s
2025-04-03 02:37:32.831 69375 INFO tempest.lib.common.rest_client [req-d15d6220-197b-4969-b17f-da01d4c32d47 req-d15d6220-197b-4969-b17f-da01d4c32d47 ] Request (HypervisorAdminNegativeTestJSON:test_show_hypervisor_with_non_admin_user): 200 GET http://10.180.1.21/compute/v2.1/os-hypervisors 1.515s
2025-04-03 02:37:32.854 69349 INFO tempest.lib.common.rest_client [req-1aa1aaf0-9c43-4e71-b46a-ef617b835ab2 req-1aa1aaf0-9c43-4e71-b46a-ef617b835ab2 ] Request (FlavorsAdminTestJSON:_run_cleanups): 200 GET http://10.180.1.21/compute/v2.1/flavors/detail 1.525s
2025-04-03 02:37:32.886 69383 INFO tempest.lib.common.rest_client [req-665df8f9-a257-4703-ad64-202ba71b90ad req-665df8f9-a257-4703-ad64-202ba71b90ad ] Request (ImagesMetadataTestJSON:test_get_image_metadata_item): 200 GET http://10.180.1.21/compute/v2.1/images/d8229f48-2016-479c-a860-96d62efcd04f/metadata/os_distro 1.349s
2025-04-03 02:37:32.940 69385 INFO tempest.lib.common.rest_client [req-96a7fe8a-a9a7-4564-a8ae-658740426579 req-96a7fe8a-a9a7-4564-a8ae-658740426579 ] Request (FlavorsV261TestJSON:tearDownClass): 204 DELETE http://10.180.1.21/identity/v3/users/37178f3890584a05ad43f7c4919d62f4 0.131s
2025-04-03 02:37:32.946 69437 INFO tempest.lib.common.rest_client [req-ace7ea95-3d27-4358-a5e5-503ff619292b req-ace7ea95-3d27-4358-a5e5-503ff619292b ] Request (VolumesAssistedSnapshotsTest:test_volume_assisted_snapshot_create_delete): 202 POST http://10.180.1.21/compute/v2.1/servers 2.182s
2025-04-03 02:37:32.952 69361 INFO tempest.lib.common.rest_client [req-42548c85-ae23-4712-9e67-37c1ef130897 req-42548c85-ae23-4712-9e67-37c1ef130897 ] Request (HostsAdminNegativeTestJSON:test_shutdown_host_with_non_admin_user): 403 GET http://10.180.1.21/compute/v2.1/os-hosts/devstack/shutdown 1.399s
2025-04-03 02:37:32.985 69371 INFO tempest.lib.common.rest_client [req-0277d20b-609a-4633-bcb9-cb6fa107260f req-0277d20b-609a-4633-bcb9-cb6fa107260f ] Request (FlavorsAccessTestJSON:_run_cleanups): 200 GET http://10.180.1.21/compute/v2.1/flavors/detail 1.424s
2025-04-03 02:37:33.008 69373 INFO tempest.lib.common.rest_client [req-9f7bcca0-5130-4426-a237-09cc2d2a9a92 req-9f7bcca0-5130-4426-a237-09cc2d2a9a92 ] Request (SecurityGroupsTestAdminJSON:test_list_security_groups_list_all_tenants_filter): 200 GET http://10.180.1.21/compute/v2.1/os-security-groups?all_tenants=true 1.457s
2025-04-03 02:37:33.074 69385 INFO tempest.lib.common.rest_client [req-fffda31d-ab31-4613-b5c2-c10ad2abd755 req-fffda31d-ab31-4613-b5c2-c10ad2abd755 ] Request (FlavorsV261TestJSON:tearDownClass): 204 DELETE http://10.180.1.21/identity/v3/users/824f0024784a498b8fc2e19a379fe520 0.133s
2025-04-03 02:37:33.074 69385 INFO tempest.lib.common.dynamic_creds [-] Deleting project and security group for project: ac4669c8418d4fd2a5f06d3ed08c6672
2025-04-03 02:37:33.079 69365 INFO tempest.lib.common.rest_client [req-86584ed6-45ed-41e0-b2d0-83ee391afb3f req-86584ed6-45ed-41e0-b2d0-83ee391afb3f ] Request (ServersTestBootFromVolume:setUpClass): 201 POST http://10.180.1.21:9696/networking/v2.0/subnets 0.261s
2025-04-03 02:37:33.157 69396 INFO tempest.lib.common.rest_client [req-7959a1d2-6062-4ede-89d4-62ffbc4bf4f7 req-7959a1d2-6062-4ede-89d4-62ffbc4bf4f7 ] Request (FloatingIPDetailsNegativeTestJSON:test_get_nonexistent_floating_ip_details): 404 GET http://10.180.1.21/compute/v2.1/os-floating-ips/5a6c9ea9-9c0e-4321-8b5a-b0b13f71f5af 1.403s
2025-04-03 02:37:33.173 69443 INFO tempest.lib.common.rest_client [req-681cb3a4-9096-441b-84af-250ac8cec284 req-681cb3a4-9096-441b-84af-250ac8cec284 ] Request (ServicesAdminNegativeV253TestJSON:test_disable_service_with_invalid_service_id): 404 PUT http://10.180.1.21/compute/v2.1/os-services/a883c356-c96f-450d-af10-0dbb16492d0d 1.033s
2025-04-03 02:37:33.177 69447 INFO tempest.lib.common.rest_client [req-e96ec679-314e-4f57-9bef-479ffb554e8a req-e96ec679-314e-4f57-9bef-479ffb554e8a ] Request (TenantUsagesNegativeTestJSON:test_get_usage_tenant_with_empty_tenant_id): 404 GET http://10.180.1.21/compute/v2.1/os-simple-tenant-usage/?start=2025-04-02T02%3A37%3A32.072614&end=2025-04-04T02%3A37%3A32.072614 1.104s
2025-04-03 02:37:33.179 69447 WARNING tempest.lib.common.rest_client [-] Deprecated: "tenant_id" property is deprecated for removal, use "project_id" instead
2025-04-03 02:37:33.184 69385 INFO tempest.lib.common.rest_client [req-3e315220-6889-4594-9a3b-af0f58d8aa59 req-3e315220-6889-4594-9a3b-af0f58d8aa59 ] Request (FlavorsV261TestJSON:tearDownClass): 201 POST http://10.180.1.21/identity/v3/auth/tokens 0.109s
2025-04-03 02:37:33.311 69363 INFO tempest.lib.common.rest_client [req-a82d8d9c-a8f3-4537-8442-1841eaefca98 req-a82d8d9c-a8f3-4537-8442-1841eaefca98 ] Request (QuotasAdminTestV236:test_get_updated_quotas): 200 PUT http://10.180.1.21/compute/v2.1/os-quota-sets/f1060bb947244cb6859823dfc82d8da6?user_id=48e723fa3e3c48398b1c0b0737889134 0.935s
2025-04-03 02:37:33.330 69377 INFO tempest.lib.common.rest_client [req-e4aa91fa-07f6-4a0f-af56-66ab9696eb40 req-e4aa91fa-07f6-4a0f-af56-66ab9696eb40 ] Request (ServersAdminNegativeTestJSON:setUpClass): 200 GET http://10.180.1.21/compute/v2.1/servers/e3218ff9-bffe-4077-b090-e61b7e309c4d 1.010s
2025-04-03 02:37:33.338 69377 INFO tempest.common.waiters [-] State transition "BUILD/networking" ==> "BUILD/spawning" after 8 second wait
2025-04-03 02:37:33.412 69351 INFO tempest.lib.common.rest_client [req-8b2ad44a-983e-4498-832d-3eacbada319b req-8b2ad44a-983e-4498-832d-3eacbada319b ] Request (QuotasAdminNegativeTest:test_create_server_when_cpu_quota_is_full): 200 GET http://10.180.1.21/compute/v2.1/os-quota-sets/c9db1769dea94fd48b12008902e92efe 0.911s
2025-04-03 02:37:33.441 69385 INFO tempest.lib.common.rest_client [req-76fbdf29-d481-440b-ba1c-fc9f3f397fa8 req-76fbdf29-d481-440b-ba1c-fc9f3f397fa8 ] Request (FlavorsV261TestJSON:tearDownClass): 200 GET http://10.180.1.21:9696/networking/v2.0/security-groups?tenant_id=ac4669c8418d4fd2a5f06d3ed08c6672&name=default 0.257s
2025-04-03 02:37:33.489 69380 INFO tempest.lib.common.rest_client [req-4f25b9f4-d38b-42f0-84fc-70565b0e06a4 req-4f25b9f4-d38b-42f0-84fc-70565b0e06a4 ] Request (MigrationsAdminTest:test_list_migrations_in_flavor_resize_situation): 200 GET http://10.180.1.21/compute/v2.1/servers/6ef55282-abd0-426f-80f4-287c55442574 0.870s
2025-04-03 02:37:33.509 69405 INFO tempest.lib.common.rest_client [req-55a68e5c-bf6f-4dcc-b103-ba2ed4795e91 req-55a68e5c-bf6f-4dcc-b103-ba2ed4795e91 ] Request (FlavorsExtraSpecsTestJSON:test_flavor_set_get_update_show_unset_keys): 200 GET http://10.180.1.21/compute/v2.1/flavors/1044972453/os-extra_specs 0.865s
2025-04-03 02:37:33.517 69381 INFO tempest.lib.common.rest_client [req-507b085f-a8fc-4fd0-9c05-d18e87609ffd req-507b085f-a8fc-4fd0-9c05-d18e87609ffd ] Request (FloatingIPsAssociationTestJSON:setUpClass): 201 POST http://10.180.1.21:9696/networking/v2.0/routers 1.153s
2025-04-03 02:37:33.601 69385 INFO tempest.lib.common.rest_client [req-f1c5e854-b261-4fde-90d3-d8cf31dc73d2 req-f1c5e854-b261-4fde-90d3-d8cf31dc73d2 ] Request (FlavorsV261TestJSON:tearDownClass): 204 DELETE http://10.180.1.21:9696/networking/v2.0/security-groups/e6bd11e1-ee71-4a8f-955e-99e81946b23e 0.159s
2025-04-03 02:37:33.665 69385 INFO tempest.lib.common.rest_client [req-73928730-5b74-437a-9a14-eab648b3feaf req-73928730-5b74-437a-9a14-eab648b3feaf ] Request (FlavorsV261TestJSON:tearDownClass): 204 DELETE http://10.180.1.21/identity/v3/projects/ac4669c8418d4fd2a5f06d3ed08c6672 0.064s
2025-04-03 02:37:33.665 69385 INFO tempest.lib.common.dynamic_creds [-] Deleting project and security group for project: 259f277d06a6478eac1c3926e903975f
2025-04-03 02:37:33.736 69439 INFO tempest.lib.common.rest_client [req-c07851e2-3911-4dda-aa5c-855c3d07b6f3 req-c07851e2-3911-4dda-aa5c-855c3d07b6f3 ] Request (ImagesOneServerNegativeTestJSON:setUpClass): 200 GET http://10.180.1.21/compute/v2.1/servers/e72aa1dc-1f7f-46f7-b360-9a49ed59c796 1.081s
2025-04-03 02:37:33.744 69355 INFO tempest.lib.common.rest_client [req-a93043bb-ccc0-447a-9f53-90add7f268aa req-a93043bb-ccc0-447a-9f53-90add7f268aa ] Request (FloatingIPDetailsTestJSON:tearDownClass): 202 DELETE http://10.180.1.21/compute/v2.1/os-floating-ips/02fc321b-fb6c-4943-894a-734a288d8b0c 1.135s
2025-04-03 02:37:33.761 69441 INFO tempest.lib.common.rest_client [req-6eee76d2-5b49-4860-ada2-0560c64b467c req-6eee76d2-5b49-4860-ada2-0560c64b467c ] Request (KeyPairsV210TestJSON:_run_cleanups): 204 DELETE http://10.180.1.21/compute/v2.1/os-keypairs/tempest-keypair-627146580?user_id=782e275d1533411e9257d4d61d8e2eee 1.092s
2025-04-03 02:37:33.790 69385 INFO tempest.lib.common.rest_client [req-d182edfb-97b6-45a9-8555-eb9117dc9d3b req-d182edfb-97b6-45a9-8555-eb9117dc9d3b ] Request (FlavorsV261TestJSON:tearDownClass): 200 GET http://10.180.1.21:9696/networking/v2.0/security-groups?tenant_id=259f277d06a6478eac1c3926e903975f&name=default 0.124s
2025-04-03 02:37:33.795 69424 INFO tempest.lib.common.rest_client [req-a1d2d181-5686-4eac-a991-29c5a3b1c690 req-a1d2d181-5686-4eac-a991-29c5a3b1c690 ] Request (FlavorsV255TestJSON:_run_cleanups): 200 GET http://10.180.1.21/compute/v2.1/flavors/detail 1.110s
2025-04-03 02:37:33.808 69453 INFO tempest.lib.common.rest_client [req-57280549-c48f-46be-a520-9a0c886a42da req-57280549-c48f-46be-a520-9a0c886a42da ] Request (FlavorsV2TestJSON:test_list_flavors): 200 GET http://10.180.1.21/compute/v2.1/flavors/42 1.093s
2025-04-03 02:37:33.821 69353 INFO tempest.lib.common.rest_client [req-754dde0c-6fd7-4700-b2b6-42534cede16d req-754dde0c-6fd7-4700-b2b6-42534cede16d ] Request (FlavorsAccessNegativeTestJSON:test_flavor_access_list_with_public_flavor): 404 GET http://10.180.1.21/compute/v2.1/flavors/787530411/os-flavor-access 1.089s
2025-04-03 02:37:33.902 69369 INFO tempest.lib.common.rest_client [req-00fbc0ef-409c-4ad6-ae8f-9fd736c86984 req-00fbc0ef-409c-4ad6-ae8f-9fd736c86984 ] Request (AggregatesAdminNegativeTestJSON:test_aggregate_add_host_as_user): 403 POST http://10.180.1.21/compute/v2.1/os-aggregates/2/action 1.146s
2025-04-03 02:37:33.911 69446 INFO tempest.lib.common.rest_client [req-e9987308-2c43-4906-8293-2e4622c4122d req-e9987308-2c43-4906-8293-2e4622c4122d ] Request (ServersWithSpecificFlavorTestJSON:test_verify_created_server_ephemeral_disk): 200 GET http://10.180.1.21/compute/v2.1/flavors/42/os-extra_specs 1.140s
2025-04-03 02:37:33.912 69449 INFO tempest.lib.common.rest_client [req-ae4f8864-daaf-4fbf-a899-ebf5bde88785 req-ae4f8864-daaf-4fbf-a899-ebf5bde88785 ] Request (FlavorsExtraSpecsNegativeTestJSON:test_flavor_unset_nonexistent_key): 404 DELETE http://10.180.1.21/compute/v2.1/flavors/1664316573/os-extra_specs/hw:cpu_thread_policy 1.102s
2025-04-03 02:37:33.912 69424 INFO tempest.lib.common.rest_client [req-24edb526-3ad7-429d-99b5-0c6f10f3a25d req-24edb526-3ad7-429d-99b5-0c6f10f3a25d ] Request (FlavorsV255TestJSON:tearDownClass): 204 DELETE http://10.180.1.21/identity/v3/users/633dc79988ce4a4e8c22130bfa28ffa5 0.100s
2025-04-03 02:37:33.919 69375 INFO tempest.lib.common.rest_client [req-da2b3a5a-a31e-45a0-830a-14b7cb3cde30 req-da2b3a5a-a31e-45a0-830a-14b7cb3cde30 ] Request (HypervisorAdminNegativeTestJSON:test_show_hypervisor_with_non_admin_user): 403 GET http://10.180.1.21/compute/v2.1/os-hypervisors/1 1.086s
2025-04-03 02:37:33.935 69349 INFO tempest.lib.common.rest_client [req-eee7ec0e-a0fc-413e-b791-dec47078ad80 req-eee7ec0e-a0fc-413e-b791-dec47078ad80 ] Request (FlavorsAdminTestJSON:test_create_flavor_with_int_id): 200 POST http://10.180.1.21/compute/v2.1/flavors 1.074s
2025-04-03 02:37:33.997 69424 INFO tempest.lib.common.rest_client [req-c471d242-9312-4d2b-bbfc-17a7e3937786 req-c471d242-9312-4d2b-bbfc-17a7e3937786 ] Request (FlavorsV255TestJSON:tearDownClass): 204 DELETE http://10.180.1.21/identity/v3/users/dc9ece7340fc414a90db5291bf6d443c 0.085s
2025-04-03 02:37:33.998 69424 INFO tempest.lib.common.dynamic_creds [-] Deleting project and security group for project: 479b06de075543b29de6e3d2bafc3ae4
2025-04-03 02:37:34.070 69437 INFO tempest.lib.common.rest_client [req-46ed784b-4b0a-438b-97f8-0c70a86ec602 req-46ed784b-4b0a-438b-97f8-0c70a86ec602 ] Request (VolumesAssistedSnapshotsTest:test_volume_assisted_snapshot_create_delete): 200 GET http://10.180.1.21/compute/v2.1/servers/3b4c9703-c5a2-4f9d-8a1b-a16860c77564 1.122s
2025-04-03 02:37:34.081 69361 INFO tempest.lib.common.rest_client [req-b74121f0-ccfe-4e5b-898d-6b78f3875abc req-b74121f0-ccfe-4e5b-898d-6b78f3875abc ] Request (HostsAdminNegativeTestJSON:test_shutdown_nonexistent_host): 404 GET http://10.180.1.21/compute/v2.1/os-hosts/nonexistent_hostname/shutdown 1.127s
2025-04-03 02:37:34.082 69383 INFO tempest.lib.common.rest_client [req-aca0225a-52e3-4d62-9831-2606fe8c2fb6 req-aca0225a-52e3-4d62-9831-2606fe8c2fb6 ] Request (ImagesMetadataTestJSON:setUp): 200 PUT http://10.180.1.21/compute/v2.1/images/d8229f48-2016-479c-a860-96d62efcd04f/metadata 1.193s
2025-04-03 02:37:34.111 69424 INFO tempest.lib.common.rest_client [req-bd7b6cd9-cc15-4745-b833-eda65d3f6766 req-bd7b6cd9-cc15-4745-b833-eda65d3f6766 ] Request (FlavorsV255TestJSON:tearDownClass): 201 POST http://10.180.1.21/identity/v3/auth/tokens 0.113s
2025-04-03 02:37:34.117 69371 INFO tempest.lib.common.rest_client [req-ead5fdad-b0b6-4c5a-bf04-d00bf3d18a75 req-ead5fdad-b0b6-4c5a-bf04-d00bf3d18a75 ] Request (FlavorsAccessTestJSON:test_flavor_access_list_with_private_flavor): 200 POST http://10.180.1.21/compute/v2.1/flavors 1.115s
2025-04-03 02:37:34.138 69385 INFO tempest.lib.common.rest_client [req-a6aeb267-aae9-44cf-8692-11c52ee5056b req-a6aeb267-aae9-44cf-8692-11c52ee5056b ] Request (FlavorsV261TestJSON:tearDownClass): 204 DELETE http://10.180.1.21:9696/networking/v2.0/security-groups/3729a77c-d1ed-4bf2-8cd9-7303ab5d69a9 0.347s
2025-04-03 02:37:34.202 69402 INFO tempest.lib.common.rest_client [req-34a50bad-c403-4b9c-8e48-d75f09fd1b9b req-34a50bad-c403-4b9c-8e48-d75f09fd1b9b ] Request (DeleteServersAdminTestJSON:test_admin_delete_servers_of_others): 200 GET http://10.180.1.21/compute/v2.1/servers/0592489d-898c-44e4-8522-ee38acae70cf 1.201s
2025-04-03 02:37:34.204 69385 INFO tempest.lib.common.rest_client [req-e2d01dd2-e6d8-469d-a111-c7024197a637 req-e2d01dd2-e6d8-469d-a111-c7024197a637 ] Request (FlavorsV261TestJSON:tearDownClass): 204 DELETE http://10.180.1.21/identity/v3/projects/259f277d06a6478eac1c3926e903975f 0.066s
2025-04-03 02:37:34.224 69443 INFO tempest.lib.common.rest_client [req-49c0d6da-f849-429d-b126-837868a47062 req-49c0d6da-f849-429d-b126-837868a47062 ] Request (ServicesAdminNegativeV253TestJSON:test_enable_service_with_invalid_service_id): 404 PUT http://10.180.1.21/compute/v2.1/os-services/a883c356-c96f-450d-af10-0dbb16492d0d 1.050s
2025-04-03 02:37:34.230 69447 INFO tempest.lib.common.rest_client [req-8c2b9688-9ef9-44e3-b59b-60c2da7b424b req-8c2b9688-9ef9-44e3-b59b-60c2da7b424b ] Request (TenantUsagesNegativeTestJSON:test_get_usage_tenant_with_invalid_date): 400 GET http://10.180.1.21/compute/v2.1/os-simple-tenant-usage/d9135a03268c4f769a86b046803d8dac?start=2025-04-04T02%3A37%3A32.072614&end=2025-04-02T02%3A37%3A32.072614 1.051s
2025-04-03 02:37:34.251 69373 INFO tempest.lib.common.rest_client [req-ba8fa6e4-4294-485c-b7d1-cc2408b1858c req-ba8fa6e4-4294-485c-b7d1-cc2408b1858c ] Request (SecurityGroupsTestAdminJSON:_run_cleanups): 202 DELETE http://10.180.1.21/compute/v2.1/os-security-groups/e18e4f63-0073-4a63-95f2-8b78d4a7a17e 1.236s
2025-04-03 02:37:34.286 69385 INFO tempest.lib.common.rest_client [req-4ef33bb5-d70b-405d-9f60-2f4f2c198c50 req-4ef33bb5-d70b-405d-9f60-2f4f2c198c50 ] Request (QuotasAdminTestV257:setUpClass): 201 POST http://10.180.1.21/identity/v3/auth/tokens 0.081s
2025-04-03 02:37:34.304 69424 INFO tempest.lib.common.rest_client [req-edbf1724-7540-4a49-9cbd-5425456f0f83 req-edbf1724-7540-4a49-9cbd-5425456f0f83 ] Request (FlavorsV255TestJSON:tearDownClass): 200 GET http://10.180.1.21:9696/networking/v2.0/security-groups?tenant_id=479b06de075543b29de6e3d2bafc3ae4&name=default 0.193s
2025-04-03 02:37:34.333 69385 INFO tempest.lib.common.rest_client [req-d13b8920-b69b-44ac-9aa2-c95711f36ef5 req-d13b8920-b69b-44ac-9aa2-c95711f36ef5 ] Request (QuotasAdminTestV257:setUpClass): 201 POST http://10.180.1.21/identity/v3/auth/tokens 0.043s
2025-04-03 02:37:34.355 69385 INFO tempest.lib.common.rest_client [req-74f22c4e-13dc-4ba1-a57f-7040e1970c16 req-74f22c4e-13dc-4ba1-a57f-7040e1970c16 ] Request (QuotasAdminTestV257:setUpClass): 200 GET http://10.180.1.21/identity/v3/domains?name=Default 0.021s
2025-04-03 02:37:34.383 69385 INFO tempest.lib.common.rest_client [req-702ee541-0969-4f95-963c-74f3cead548e req-702ee541-0969-4f95-963c-74f3cead548e ] Request (QuotasAdminTestV257:setUpClass): 201 POST http://10.180.1.21/identity/v3/projects 0.028s
2025-04-03 02:37:34.387 69424 INFO tempest.lib.common.rest_client [req-12050fcc-e526-47ff-9970-a0978aab2ada req-12050fcc-e526-47ff-9970-a0978aab2ada ] Request (FlavorsV255TestJSON:tearDownClass): 204 DELETE http://10.180.1.21:9696/networking/v2.0/security-groups/d1f7054d-c68d-4a41-afac-5a05516fee73 0.082s
2025-04-03 02:37:34.402 69363 INFO tempest.lib.common.rest_client [req-d7d76c8a-9265-4bf7-b2e8-2573f99b1118 req-d7d76c8a-9265-4bf7-b2e8-2573f99b1118 ] Request (QuotasAdminTestV236:test_get_updated_quotas): 200 GET http://10.180.1.21/compute/v2.1/os-quota-sets/f1060bb947244cb6859823dfc82d8da6?user_id=48e723fa3e3c48398b1c0b0737889134 1.088s
2025-04-03 02:37:34.446 69385 INFO tempest.lib.common.rest_client [req-67d3e196-21ab-4cd9-92f7-b5a56224b828 req-67d3e196-21ab-4cd9-92f7-b5a56224b828 ] Request (QuotasAdminTestV257:setUpClass): 201 POST http://10.180.1.21/identity/v3/users 0.062s
2025-04-03 02:37:34.483 69357 INFO tempest.lib.common.rest_client [req-ffdb6c50-dd37-4b8b-8018-8bddec2a1ff2 req-ffdb6c50-dd37-4b8b-8018-8bddec2a1ff2 ] Request (ImagesOneServerTestJSON:setUpClass): 200 GET http://10.180.1.21/compute/v2.1/servers/3f0ae33c-19a3-4ebc-b81f-c3c627ee3bf6 1.205s
2025-04-03 02:37:34.487 69424 INFO tempest.lib.common.rest_client [req-e242e57f-b6fd-4dbc-81be-d4e5eb1ab77d req-e242e57f-b6fd-4dbc-81be-d4e5eb1ab77d ] Request (FlavorsV255TestJSON:tearDownClass): 204 DELETE http://10.180.1.21/identity/v3/projects/479b06de075543b29de6e3d2bafc3ae4 0.099s
2025-04-03 02:37:34.488 69424 INFO tempest.lib.common.dynamic_creds [-] Deleting project and security group for project: 3e1ff9facd2344e181bbac3f159accfe
2025-04-03 02:37:34.530 69388 INFO tempest.lib.common.rest_client [req-b31ff441-7407-459b-a368-871ebe8cf448 req-b31ff441-7407-459b-a368-871ebe8cf448 ] Request (ImagesNegativeTestJSON:test_create_image_from_deleted_server): 200 GET http://10.180.1.21/compute/v2.1/servers/05b13add-f4ba-4f12-8bd4-03d5586c2c21 1.209s
2025-04-03 02:37:34.553 69385 INFO tempest.lib.common.rest_client [req-4a8ce12b-0f88-4fdf-93d1-8b907a680d33 req-4a8ce12b-0f88-4fdf-93d1-8b907a680d33 ] Request (QuotasAdminTestV257:setUpClass): 200 GET http://10.180.1.21/identity/v3/roles 0.106s
2025-04-03 02:37:34.589 69367 INFO tempest.lib.common.rest_client [req-6dab1219-383e-457a-b24a-3b6c0f8c3297 req-6dab1219-383e-457a-b24a-3b6c0f8c3297 ] Request (ServersAdmin275Test:test_rebuild_update_server_275): 200 GET http://10.180.1.21/compute/v2.1/servers/e2910e35-1807-49c5-a97d-673de87f3058 1.191s
2025-04-03 02:37:34.599 69367 INFO tempest.common.waiters [-] State transition "BUILD/None" ==> "BUILD/block_device_mapping" after 7 second wait
2025-04-03 02:37:34.601 69363 INFO tempest.lib.common.rest_client [req-d40ab0ed-637b-430a-b5fa-09f48c4db431 req-d40ab0ed-637b-430a-b5fa-09f48c4db431 ] Request (QuotasAdminTestV236:_run_cleanups): 204 DELETE http://10.180.1.21/identity/v3/users/48e723fa3e3c48398b1c0b0737889134 0.197s
2025-04-03 02:37:34.603 69424 INFO tempest.lib.common.rest_client [req-a5af6b5a-6d6e-47ff-b011-ee7ec7154e27 req-a5af6b5a-6d6e-47ff-b011-ee7ec7154e27 ] Request (FlavorsV255TestJSON:tearDownClass): 200 GET http://10.180.1.21:9696/networking/v2.0/security-groups?tenant_id=3e1ff9facd2344e181bbac3f159accfe&name=default 0.115s
2025-04-03 02:37:34.621 69385 INFO tempest.lib.common.rest_client [req-601efe43-4603-4af0-a7b0-cd424284667c req-601efe43-4603-4af0-a7b0-cd424284667c ] Request (QuotasAdminTestV257:setUpClass): 204 PUT http://10.180.1.21/identity/v3/projects/a4b429a175804c06add5baf63cc0bea6/users/07c8d3863b9445b0a4bc83a13812c9ce/roles/a75584226bba4fc29b731598299d8023 0.068s
2025-04-03 02:37:34.622 69385 INFO tempest.lib.common.dynamic_creds [-] Dynamic test user 07c8d3863b9445b0a4bc83a13812c9ce is created with scope project and roles: ['member']
2025-04-03 02:37:34.622 69385 INFO tempest.lib.common.dynamic_creds [-] Acquired dynamic creds: credentials: Credentials: {'domain_id': 'default', 'domain_name': 'Default', 'username': 'tempest-QuotasAdminTestV257-137289658-project-member', 'project_domain_id': 'default', 'project_domain_name': 'Default', 'project_id': 'a4b429a175804c06add5baf63cc0bea6', 'project_name': 'tempest-QuotasAdminTestV257-137289658', 'tenant_id': 'a4b429a175804c06add5baf63cc0bea6', 'tenant_name': 'tempest-QuotasAdminTestV257-137289658', 'user_domain_id': 'default', 'user_domain_name': 'Default', 'user_id': '07c8d3863b9445b0a4bc83a13812c9ce', 'system': None}, Network: None, Subnet: None, Router: None
2025-04-03 02:37:34.622 69385 INFO tempest.lib.common.dynamic_creds [-] Created isolated network resources for: credentials: Credentials: {'domain_id': 'default', 'domain_name': 'Default', 'username': 'tempest-QuotasAdminTestV257-137289658-project-member', 'project_domain_id': 'default', 'project_domain_name': 'Default', 'project_id': 'a4b429a175804c06add5baf63cc0bea6', 'project_name': 'tempest-QuotasAdminTestV257-137289658', 'tenant_id': 'a4b429a175804c06add5baf63cc0bea6', 'tenant_name': 'tempest-QuotasAdminTestV257-137289658', 'user_domain_id': 'default', 'user_domain_name': 'Default', 'user_id': '07c8d3863b9445b0a4bc83a13812c9ce', 'system': None}, Network: None, Subnet: None, Router: None
2025-04-03 02:37:34.625 69405 INFO tempest.lib.common.rest_client [req-1bbf2b2b-1802-48c3-89f2-ba348c116420 req-1bbf2b2b-1802-48c3-89f2-ba348c116420 ] Request (FlavorsExtraSpecsTestJSON:test_flavor_set_get_update_show_unset_keys): 200 PUT http://10.180.1.21/compute/v2.1/flavors/1044972453/os-extra_specs/hw:numa_nodes 1.115s
2025-04-03 02:37:34.693 69424 INFO tempest.lib.common.rest_client [req-3853e72f-52cf-41a1-9b51-07afd1d5e599 req-3853e72f-52cf-41a1-9b51-07afd1d5e599 ] Request (FlavorsV255TestJSON:tearDownClass): 204 DELETE http://10.180.1.21:9696/networking/v2.0/security-groups/8464a569-a85d-4767-b60d-747b9adcd99c 0.087s
2025-04-03 02:37:34.734 69363 INFO tempest.lib.common.rest_client [req-869ec7bc-718f-44d2-8b5e-1612099cf80c req-869ec7bc-718f-44d2-8b5e-1612099cf80c ] Request (QuotasAdminTestV236:_run_cleanups): 204 DELETE http://10.180.1.21/identity/v3/projects/f1060bb947244cb6859823dfc82d8da6 0.132s
2025-04-03 02:37:34.815 69351 INFO tempest.lib.common.rest_client [req-c23d0570-b765-45a1-82fa-75bfb5ccfd79 req-c23d0570-b765-45a1-82fa-75bfb5ccfd79 ] Request (QuotasAdminNegativeTest:test_create_server_when_cpu_quota_is_full): 200 PUT http://10.180.1.21/compute/v2.1/os-quota-sets/c9db1769dea94fd48b12008902e92efe 1.400s
2025-04-03 02:37:34.830 69385 INFO tempest.lib.common.rest_client [req-5fe338b8-9718-4487-b390-7e028d60ae97 req-5fe338b8-9718-4487-b390-7e028d60ae97 ] Request (QuotasAdminTestV257:setUpClass): 201 POST http://10.180.1.21/identity/v3/auth/tokens 0.202s
2025-04-03 02:37:34.843 69441 INFO tempest.lib.common.rest_client [req-b36f424f-ed38-416c-a9f6-77eac8de7665 req-b36f424f-ed38-416c-a9f6-77eac8de7665 ] Request (KeyPairsV210TestJSON:_run_cleanups): 204 DELETE http://10.180.1.21/compute/v2.1/os-keypairs/tempest-keypair-2089978287?user_id=782e275d1533411e9257d4d61d8e2eee 1.081s
2025-04-03 02:37:34.862 69453 INFO tempest.lib.common.rest_client [req-7274968d-57fc-42fa-9fbd-9879acb98926 req-7274968d-57fc-42fa-9fbd-9879acb98926 ] Request (FlavorsV2TestJSON:test_list_flavors_detailed_filter_by_min_disk): 200 GET http://10.180.1.21/compute/v2.1/flavors/42 1.045s
2025-04-03 02:37:34.888 69353 INFO tempest.lib.common.rest_client [req-0ba3b79b-1664-4b6c-9208-d2045b5a03ee req-0ba3b79b-1664-4b6c-9208-d2045b5a03ee ] Request (FlavorsAccessNegativeTestJSON:_run_cleanups): 202 DELETE http://10.180.1.21/compute/v2.1/flavors/787530411 1.066s
2025-04-03 02:37:34.901 69424 INFO tempest.lib.common.rest_client [req-c862effb-b3dc-4e4a-bd6b-150e7856405d req-c862effb-b3dc-4e4a-bd6b-150e7856405d ] Request (FlavorsV255TestJSON:tearDownClass): 204 DELETE http://10.180.1.21/identity/v3/projects/3e1ff9facd2344e181bbac3f159accfe 0.207s
2025-04-03 02:37:34.925 69369 INFO tempest.lib.common.rest_client [req-7a593f84-eaed-4d95-8e7e-b7ac3f264860 req-7a593f84-eaed-4d95-8e7e-b7ac3f264860 ] Request (AggregatesAdminNegativeTestJSON:_run_cleanups): 200 DELETE http://10.180.1.21/compute/v2.1/os-aggregates/2 1.023s
2025-04-03 02:37:34.958 69446 INFO tempest.lib.common.rest_client [req-1add9246-5684-4cd4-8f4c-eb6bb126bb85 req-1add9246-5684-4cd4-8f4c-eb6bb126bb85 ] Request (ServersWithSpecificFlavorTestJSON:test_verify_created_server_ephemeral_disk): 200 POST http://10.180.1.21/compute/v2.1/flavors/782491531/os-extra_specs 1.046s
2025-04-03 02:37:34.967 69449 INFO tempest.lib.common.rest_client [req-e44614a9-d6c4-4b95-8615-92ffb9ca6426 req-e44614a9-d6c4-4b95-8615-92ffb9ca6426 ] Request (FlavorsExtraSpecsNegativeTestJSON:test_flavor_update_mismatch_key): 400 PUT http://10.180.1.21/compute/v2.1/flavors/1664316573/os-extra_specs/hw:numa_nodes 1.053s
2025-04-03 02:37:34.969 69363 INFO tempest.lib.common.rest_client [req-0c8120e0-4282-41d8-93bb-ab09076cbf8a req-0c8120e0-4282-41d8-93bb-ab09076cbf8a ] Request (QuotasAdminTestV236:tearDownClass): 204 DELETE http://10.180.1.21/identity/v3/users/26940194536d4715933f5b52fe7947f1 0.230s
2025-04-03 02:37:34.976 69375 INFO tempest.lib.common.rest_client [req-2d47f1ca-90d3-44f9-b201-fd8da308a733 req-2d47f1ca-90d3-44f9-b201-fd8da308a733 ] Request (HypervisorAdminNegativeTestJSON:test_show_nonexistent_hypervisor): 404 GET http://10.180.1.21/compute/v2.1/os-hypervisors/f898e3ac-472c-47d3-a8c8-a65a34c5b8ea 1.055s
2025-04-03 02:37:34.981 69351 INFO tempest.lib.common.rest_client [req-d26e0765-eb57-4cad-9117-c9c60fcf87b7 req-d26e0765-eb57-4cad-9117-c9c60fcf87b7 ] Request (QuotasAdminNegativeTest:test_create_server_when_cpu_quota_is_full): 201 POST http://10.180.1.21/identity/v3/auth/tokens 0.156s
2025-04-03 02:37:34.982 69351 INFO tempest.lib.common.fixed_network [-] (QuotasAdminNegativeTest:test_create_server_when_cpu_quota_is_full) Found network None available for tenant
2025-04-03 02:37:35.026 69349 INFO tempest.lib.common.rest_client [req-173f9f2e-2408-4f16-b99d-bda1b95de995 req-173f9f2e-2408-4f16-b99d-bda1b95de995 ] Request (FlavorsAdminTestJSON:_run_cleanups): 202 DELETE http://10.180.1.21/compute/v2.1/flavors/1601361048 1.087s
2025-04-03 02:37:35.067 69383 INFO tempest.lib.common.rest_client [req-7a3177d9-9c5e-4a10-87a3-c1b7ffdd9eed req-7a3177d9-9c5e-4a10-87a3-c1b7ffdd9eed ] Request (ImagesMetadataTestJSON:test_list_image_metadata): 200 GET http://10.180.1.21/compute/v2.1/images/d8229f48-2016-479c-a860-96d62efcd04f/metadata 0.984s
2025-04-03 02:37:35.071 69385 INFO tempest.lib.common.rest_client [req-bd8aaa5d-bf29-4acf-a148-1e76c2d67d5a req-bd8aaa5d-bf29-4acf-a148-1e76c2d67d5a ] Request (QuotasAdminTestV257:setUpClass): 201 POST http://10.180.1.21/identity/v3/projects 0.240s
2025-04-03 02:37:35.075 69361 INFO tempest.lib.common.rest_client [req-5652812c-47bf-4a62-a542-2f483f3f9525 req-5652812c-47bf-4a62-a542-2f483f3f9525 ] Request (HostsAdminNegativeTestJSON:test_startup_host_with_non_admin_user): 403 GET http://10.180.1.21/compute/v2.1/os-hosts/devstack/startup 0.992s
2025-04-03 02:37:35.096 69371 INFO tempest.lib.common.rest_client [req-098ef2a8-b8ec-4e70-b62d-13fe7d2f6b25 req-098ef2a8-b8ec-4e70-b62d-13fe7d2f6b25 ] Request (FlavorsAccessTestJSON:test_flavor_access_list_with_private_flavor): 200 GET http://10.180.1.21/compute/v2.1/flavors/317567771/os-flavor-access 0.977s
2025-04-03 02:37:35.115 69443 INFO tempest.lib.common.rest_client [req-56957d28-7cdc-4385-9640-bb7ac68a5a96 req-56957d28-7cdc-4385-9640-bb7ac68a5a96 ] Request (ServicesAdminNegativeV253TestJSON:test_get_service_by_invalid_params): 200 GET http://10.180.1.21/compute/v2.1/os-services 0.890s
2025-04-03 02:37:35.136 69441 INFO tempest.lib.common.rest_client [req-85409907-50f3-4ded-9673-0a7ad4702b69 req-85409907-50f3-4ded-9673-0a7ad4702b69 ] Request (KeyPairsV210TestJSON:tearDownClass): 204 DELETE http://10.180.1.21/identity/v3/users/782e275d1533411e9257d4d61d8e2eee 0.286s
2025-04-03 02:37:35.139 69424 INFO tempest.lib.common.rest_client [req-4f601dc6-9294-4496-964b-38f3d00d1f43 req-4f601dc6-9294-4496-964b-38f3d00d1f43 ] Request (TenantUsagesTestJSON:setUpClass): 201 POST http://10.180.1.21/identity/v3/auth/tokens 0.237s
2025-04-03 02:37:35.241 69375 INFO tempest.lib.common.rest_client [req-05291d01-b5cf-4696-8bc6-0ec92c73c2ff req-05291d01-b5cf-4696-8bc6-0ec92c73c2ff ] Request (HypervisorAdminNegativeTestJSON:tearDownClass): 204 DELETE http://10.180.1.21/identity/v3/users/ea963206a47e44dc94bff1ca7ebcb5e6 0.264s
2025-04-03 02:37:35.252 69363 INFO tempest.lib.common.rest_client [req-e2bb1d1e-69e5-4294-86f7-a406acbe94d4 req-e2bb1d1e-69e5-4294-86f7-a406acbe94d4 ] Request (QuotasAdminTestV236:tearDownClass): 204 DELETE http://10.180.1.21/identity/v3/users/0b009b6ff2ba4c42b557d1f81a9698e8 0.283s
2025-04-03 02:37:35.253 69363 INFO tempest.lib.common.dynamic_creds [-] Deleting project and security group for project: 8ac33cfd9b914e4db31ebdfa619a8962
2025-04-03 02:37:35.343 69365 INFO tempest.lib.common.rest_client [req-34822505-017e-4ca9-aed2-4e54548c31e8 req-34822505-017e-4ca9-aed2-4e54548c31e8 ] Request (ServersTestBootFromVolume:setUpClass): 201 POST http://10.180.1.21:9696/networking/v2.0/routers 2.263s
2025-04-03 02:37:35.373 69385 INFO tempest.lib.common.rest_client [req-05660e57-6ef1-4c14-888e-5f2afb8b4270 req-05660e57-6ef1-4c14-888e-5f2afb8b4270 ] Request (QuotasAdminTestV257:setUpClass): 201 POST http://10.180.1.21/identity/v3/users 0.302s
2025-04-03 02:37:35.393 69447 INFO tempest.lib.common.rest_client [req-05f24385-3caa-46a5-81f0-9dfcc82e2d7d req-05f24385-3caa-46a5-81f0-9dfcc82e2d7d ] Request (TenantUsagesNegativeTestJSON:test_list_usage_all_tenants_with_non_admin_user): 403 GET http://10.180.1.21/compute/v2.1/os-simple-tenant-usage?start=2025-04-02T02%3A37%3A32.072614&end=2025-04-04T02%3A37%3A32.072614&detailed=1 1.161s
2025-04-03 02:37:35.425 69441 INFO tempest.lib.common.rest_client [req-c1ae8435-d1f5-4422-a65f-5d3d498d5fc2 req-c1ae8435-d1f5-4422-a65f-5d3d498d5fc2 ] Request (KeyPairsV210TestJSON:tearDownClass): 204 DELETE http://10.180.1.21/identity/v3/users/a4eb6af03a3d48b4ad6b3c6e00f47bdd 0.289s
2025-04-03 02:37:35.425 69441 INFO tempest.lib.common.dynamic_creds [-] Deleting project and security group for project: e5d35337ee194552980f204189a5a82a
2025-04-03 02:37:35.440 69424 INFO tempest.lib.common.rest_client [req-a17e45d9-4944-4d68-820a-4df39fb4798c req-a17e45d9-4944-4d68-820a-4df39fb4798c ] Request (TenantUsagesTestJSON:setUpClass): 201 POST http://10.180.1.21/identity/v3/auth/tokens 0.298s
2025-04-03 02:37:35.463 69363 INFO tempest.lib.common.rest_client [req-5b6e8408-9819-4015-aeaf-35cbe9c8c332 req-5b6e8408-9819-4015-aeaf-35cbe9c8c332 ] Request (QuotasAdminTestV236:tearDownClass): 201 POST http://10.180.1.21/identity/v3/auth/tokens 0.210s
2025-04-03 02:37:35.488 69385 INFO tempest.lib.common.rest_client [req-eecf2e74-1701-48cb-b8c9-424eda91b53f req-eecf2e74-1701-48cb-b8c9-424eda91b53f ] Request (QuotasAdminTestV257:setUpClass): 200 GET http://10.180.1.21/identity/v3/roles 0.114s
2025-04-03 02:37:35.521 69375 INFO tempest.lib.common.rest_client [req-69fb627c-9ffc-4375-ac3b-7ebbee2d4118 req-69fb627c-9ffc-4375-ac3b-7ebbee2d4118 ] Request (HypervisorAdminNegativeTestJSON:tearDownClass): 204 DELETE http://10.180.1.21/identity/v3/users/bbec41c5e59d400c87321e1caf0d41ed 0.279s
2025-04-03 02:37:35.521 69375 INFO tempest.lib.common.dynamic_creds [-] Deleting project and security group for project: 5bef779d012b42c587cd03289dc4e9a8
2025-04-03 02:37:35.583 69447 INFO tempest.lib.common.rest_client [req-fcc277b5-c0e0-4d3d-8064-2e52462eacea req-fcc277b5-c0e0-4d3d-8064-2e52462eacea ] Request (TenantUsagesNegativeTestJSON:tearDownClass): 204 DELETE http://10.180.1.21/identity/v3/users/de29b62e0bcd42ec95d493a8a10bc970 0.188s
2025-04-03 02:37:35.583 69441 INFO tempest.lib.common.rest_client [req-2d71c5c1-6b8d-4f1a-b1b8-e12835b5e7b8 req-2d71c5c1-6b8d-4f1a-b1b8-e12835b5e7b8 ] Request (KeyPairsV210TestJSON:tearDownClass): 201 POST http://10.180.1.21/identity/v3/auth/tokens 0.158s
2025-04-03 02:37:35.623 69396 INFO tempest.lib.common.rest_client [req-9f667637-be9c-4a1b-bb17-23be0751c92a req-9f667637-be9c-4a1b-bb17-23be0751c92a ] Request (FloatingIPDetailsNegativeTestJSON:tearDownClass): 200 PUT http://10.180.1.21:9696/networking/v2.0/routers/0dea077c-f140-4d1a-b18c-ecc4660aa3c2/remove_router_interface 2.463s
2025-04-03 02:37:35.641 69424 INFO tempest.lib.common.rest_client [req-a00bc53a-13f0-42cd-8b4c-c19fe5e6dcb2 req-a00bc53a-13f0-42cd-8b4c-c19fe5e6dcb2 ] Request (TenantUsagesTestJSON:setUpClass): 200 GET http://10.180.1.21/identity/v3/domains?name=Default 0.199s
2025-04-03 02:37:35.677 69385 INFO tempest.lib.common.rest_client [req-07c4d827-23ec-4af5-a382-8131c02c6c8c req-07c4d827-23ec-4af5-a382-8131c02c6c8c ] Request (QuotasAdminTestV257:setUpClass): 204 PUT http://10.180.1.21/identity/v3/projects/7727e8ff402044b4b5fab912cc96d17e/users/b6e1e3d718b74f25925bf578ad168ca6/roles/9779e891ba774f24a26332f35da234de 0.188s
2025-04-03 02:37:35.712 69375 INFO tempest.lib.common.rest_client [req-852050bc-1ff6-4958-8f9e-241c3212efa6 req-852050bc-1ff6-4958-8f9e-241c3212efa6 ] Request (HypervisorAdminNegativeTestJSON:tearDownClass): 201 POST http://10.180.1.21/identity/v3/auth/tokens 0.191s
2025-04-03 02:37:35.762 69355 INFO tempest.lib.common.rest_client [req-320a02b4-6051-438a-b174-b46523292a56 req-320a02b4-6051-438a-b174-b46523292a56 ] Request (FloatingIPDetailsTestJSON:tearDownClass): 202 DELETE http://10.180.1.21/compute/v2.1/os-floating-ips/3df6695c-88ba-4be6-9c55-d7bbe45f0a1c 2.017s
2025-04-03 02:37:35.785 69447 INFO tempest.lib.common.rest_client [req-59c26541-a835-4a21-b1c7-407d9eb336bb req-59c26541-a835-4a21-b1c7-407d9eb336bb ] Request (TenantUsagesNegativeTestJSON:tearDownClass): 204 DELETE http://10.180.1.21/identity/v3/users/aa9b53b2ab9f4fada679e03794756313 0.201s
2025-04-03 02:37:35.785 69447 INFO tempest.lib.common.dynamic_creds [-] Deleting project and security group for project: d9135a03268c4f769a86b046803d8dac
2025-04-03 02:37:35.818 69373 INFO tempest.lib.common.rest_client [req-54d4e8ca-bcad-4fd6-b9b4-adade835f369 req-54d4e8ca-bcad-4fd6-b9b4-adade835f369 ] Request (SecurityGroupsTestAdminJSON:_run_cleanups): 202 DELETE http://10.180.1.21/compute/v2.1/os-security-groups/eb46cda5-148a-4228-ba85-a3068bfb949f 1.566s
2025-04-03 02:37:35.842 69385 INFO tempest.lib.common.rest_client [req-10874ea0-46b9-46d9-94dc-a3bd80378f6d req-10874ea0-46b9-46d9-94dc-a3bd80378f6d ] Request (QuotasAdminTestV257:setUpClass): 200 GET http://10.180.1.21/identity/v3/roles 0.164s
2025-04-03 02:37:35.854 69424 INFO tempest.lib.common.rest_client [req-56c198d9-d476-4158-aaee-01260164a007 req-56c198d9-d476-4158-aaee-01260164a007 ] Request (TenantUsagesTestJSON:setUpClass): 201 POST http://10.180.1.21/identity/v3/projects 0.213s
2025-04-03 02:37:35.907 69447 INFO tempest.lib.common.rest_client [req-f080ed94-6713-497d-9e0e-b64221ca869f req-f080ed94-6713-497d-9e0e-b64221ca869f ] Request (TenantUsagesNegativeTestJSON:tearDownClass): 201 POST http://10.180.1.21/identity/v3/auth/tokens 0.121s
2025-04-03 02:37:35.918 69380 INFO tempest.lib.common.rest_client [req-360255de-1f3d-4868-b65b-43473ace8aad req-360255de-1f3d-4868-b65b-43473ace8aad ] Request (MigrationsAdminTest:test_list_migrations_in_flavor_resize_situation): 200 GET http://10.180.1.21/compute/v2.1/servers/6ef55282-abd0-426f-80f4-287c55442574 1.421s
2025-04-03 02:37:35.924 69385 INFO tempest.lib.common.rest_client [req-f5bed35f-215d-4f47-b97e-c6aec49181d9 req-f5bed35f-215d-4f47-b97e-c6aec49181d9 ] Request (QuotasAdminTestV257:setUpClass): 204 PUT http://10.180.1.21/identity/v3/projects/7727e8ff402044b4b5fab912cc96d17e/users/b6e1e3d718b74f25925bf578ad168ca6/roles/9779e891ba774f24a26332f35da234de 0.080s
2025-04-03 02:37:35.924 69385 INFO tempest.lib.common.dynamic_creds [-] Dynamic test user b6e1e3d718b74f25925bf578ad168ca6 is created with scope project and roles: ['admin']
2025-04-03 02:37:35.924 69385 INFO tempest.lib.common.dynamic_creds [-] Acquired dynamic creds: credentials: Credentials: {'domain_id': 'default', 'domain_name': 'Default', 'username': 'tempest-QuotasAdminTestV257-277681812-project-admin', 'project_domain_id': 'default', 'project_domain_name': 'Default', 'project_id': '7727e8ff402044b4b5fab912cc96d17e', 'project_name': 'tempest-QuotasAdminTestV257-277681812', 'tenant_id': '7727e8ff402044b4b5fab912cc96d17e', 'tenant_name': 'tempest-QuotasAdminTestV257-277681812', 'user_domain_id': 'default', 'user_domain_name': 'Default', 'user_id': 'b6e1e3d718b74f25925bf578ad168ca6', 'system': None}, Network: None, Subnet: None, Router: None
2025-04-03 02:37:35.924 69385 INFO tempest.lib.common.dynamic_creds [-] Created isolated network resources for: credentials: Credentials: {'domain_id': 'default', 'domain_name': 'Default', 'username': 'tempest-QuotasAdminTestV257-277681812-project-admin', 'project_domain_id': 'default', 'project_domain_name': 'Default', 'project_id': '7727e8ff402044b4b5fab912cc96d17e', 'project_name': 'tempest-QuotasAdminTestV257-277681812', 'tenant_id': '7727e8ff402044b4b5fab912cc96d17e', 'tenant_name': 'tempest-QuotasAdminTestV257-277681812', 'user_domain_id': 'default', 'user_domain_name': 'Default', 'user_id': 'b6e1e3d718b74f25925bf578ad168ca6', 'system': None}, Network: None, Subnet: None, Router: None
2025-04-03 02:37:35.939 69405 INFO tempest.lib.common.rest_client [req-3199423f-8468-4cfb-b2c8-1048d0664fc8 req-3199423f-8468-4cfb-b2c8-1048d0664fc8 ] Request (FlavorsExtraSpecsTestJSON:test_flavor_set_get_update_show_unset_keys): 200 GET http://10.180.1.21/compute/v2.1/flavors/1044972453/os-extra_specs 1.313s
2025-04-03 02:37:35.972 69424 INFO tempest.lib.common.rest_client [req-c88c3522-7de1-47cb-babc-02d49c7e2d3b req-c88c3522-7de1-47cb-babc-02d49c7e2d3b ] Request (TenantUsagesTestJSON:setUpClass): 201 POST http://10.180.1.21/identity/v3/users 0.117s
2025-04-03 02:37:35.997 69363 INFO tempest.lib.common.rest_client [req-86b00de5-13a5-43df-a100-64802ef14658 req-86b00de5-13a5-43df-a100-64802ef14658 ] Request (QuotasAdminTestV236:tearDownClass): 200 GET http://10.180.1.21:9696/networking/v2.0/security-groups?tenant_id=8ac33cfd9b914e4db31ebdfa619a8962&name=default 0.533s
2025-04-03 02:37:36.047 69385 INFO tempest.lib.common.rest_client [req-20b97fcb-173a-466c-bfc4-ca2cae4037d4 req-20b97fcb-173a-466c-bfc4-ca2cae4037d4 ] Request (QuotasAdminTestV257:setUpClass): 201 POST http://10.180.1.21/identity/v3/auth/tokens 0.117s
