2025-04-03 02:37:54.819 69381 INFO tempest.lib.common.rest_client [req-51f22810-d873-4dc9-8d4c-48cdcb149da2 req-51f22810-d873-4dc9-8d4c-48cdcb149da2 ] Request (FloatingIPsAssociationTestJSON:setUpClass): 200 GET http://10.180.1.21/compute/v2.1/servers/05115320-5e3d-4224-b990-4fbb3ceeae2d 1.776s
2025-04-03 02:37:54.831 69381 INFO tempest.common.waiters [-] State transition "BUILD/None" ==> "BUILD/spawning" after 12 second wait
2025-04-03 02:37:54.891 69383 INFO tempest.lib.common.rest_client [req-d21f6482-03a8-4820-b012-6d2d4f23d23d req-d21f6482-03a8-4820-b012-6d2d4f23d23d ] Request (ListImageFiltersNegativeTestJSON:setUpClass): 201 POST http://10.180.1.21/identity/v3/auth/tokens 0.095s
2025-04-03 02:37:54.916 69446 INFO tempest.lib.common.rest_client [req-7dcacf33-c25e-486e-8f7b-4e4880e936cb req-7dcacf33-c25e-486e-8f7b-4e4880e936cb ] Request (ServersWithSpecificFlavorTestJSON:test_verify_created_server_ephemeral_disk): 200 GET http://10.180.1.21/compute/v2.1/servers/f423950c-d0a6-4915-bab1-50612644ef10 1.661s
2025-04-03 02:37:54.947 69385 INFO tempest.lib.common.rest_client [req-a690e572-9c04-4469-bb71-4e725fddcf83 req-a690e572-9c04-4469-bb71-4e725fddcf83 ] Request (ServerDiagnosticsV248Test:setUpClass): 201 POST http://10.180.1.21/identity/v3/users 0.135s
2025-04-03 02:37:54.971 69385 INFO tempest.lib.common.rest_client [req-2a30773f-1563-4eaf-8164-e882434685d0 req-2a30773f-1563-4eaf-8164-e882434685d0 ] Request (ServerDiagnosticsV248Test:setUpClass): 200 GET http://10.180.1.21/identity/v3/roles 0.024s
2025-04-03 02:37:54.976 69355 INFO tempest.lib.common.rest_client [req-88e25713-e42e-4fbe-8862-8ccbb86ae7ed req-88e25713-e42e-4fbe-8862-8ccbb86ae7ed ] Request (ValidationResourcesFixture:setUp): 201 POST http://10.180.1.21:9696/networking/v2.0/security-groups 0.360s
2025-04-03 02:37:54.987 69361 INFO tempest.lib.common.rest_client [req-f6023f90-7040-41b1-aff8-dd723eb2a2ff req-f6023f90-7040-41b1-aff8-dd723eb2a2ff ] Request (ImagesDeleteNegativeTestJSON:test_delete_image_blank_id): 404 DELETE http://10.180.1.21/compute/v2.1/images/ 1.678s
2025-04-03 02:37:55.009 69385 INFO tempest.lib.common.rest_client [req-4c531642-b359-4cdd-af61-3f4d10e720ff req-4c531642-b359-4cdd-af61-3f4d10e720ff ] Request (ServerDiagnosticsV248Test:setUpClass): 204 PUT http://10.180.1.21/identity/v3/projects/3686cbfbc9cc4e18905aee4b69ab4242/users/5dab7eee2eed46638bf81aca0b23bcfd/roles/9779e891ba774f24a26332f35da234de 0.037s
2025-04-03 02:37:55.021 69449 INFO tempest.lib.common.rest_client [req-4f9d623c-ebad-48c1-8ded-d3260658cdd0 req-4f9d623c-ebad-48c1-8ded-d3260658cdd0 ] Request (VolumesAdminNegativeTest:setUpClass): 201 POST http://10.180.1.21:9696/networking/v2.0/routers 2.785s
2025-04-03 02:37:55.074 69385 INFO tempest.lib.common.rest_client [req-240584ed-e6f5-4bf2-939f-9da9d994559a req-240584ed-e6f5-4bf2-939f-9da9d994559a ] Request (ServerDiagnosticsV248Test:setUpClass): 200 GET http://10.180.1.21/identity/v3/roles 0.064s
2025-04-03 02:37:55.095 69385 INFO tempest.lib.common.rest_client [req-0f501953-5dbb-42cf-992a-1cdb14805c7d req-0f501953-5dbb-42cf-992a-1cdb14805c7d ] Request (ServerDiagnosticsV248Test:setUpClass): 204 PUT http://10.180.1.21/identity/v3/projects/3686cbfbc9cc4e18905aee4b69ab4242/users/5dab7eee2eed46638bf81aca0b23bcfd/roles/9779e891ba774f24a26332f35da234de 0.021s
2025-04-03 02:37:55.095 69385 INFO tempest.lib.common.dynamic_creds [-] Dynamic test user 5dab7eee2eed46638bf81aca0b23bcfd is created with scope project and roles: ['admin']
2025-04-03 02:37:55.096 69385 INFO tempest.lib.common.dynamic_creds [-] Acquired dynamic creds: credentials: Credentials: {'domain_id': 'default', 'domain_name': 'Default', 'username': 'tempest-ServerDiagnosticsV248Test-2064589186-project-admin', 'project_domain_id': 'default', 'project_domain_name': 'Default', 'project_id': '3686cbfbc9cc4e18905aee4b69ab4242', 'project_name': 'tempest-ServerDiagnosticsV248Test-2064589186', 'tenant_id': '3686cbfbc9cc4e18905aee4b69ab4242', 'tenant_name': 'tempest-ServerDiagnosticsV248Test-2064589186', 'user_domain_id': 'default', 'user_domain_name': 'Default', 'user_id': '5dab7eee2eed46638bf81aca0b23bcfd', 'system': None}, Network: None, Subnet: None, Router: None
2025-04-03 02:37:55.096 69385 INFO tempest.lib.common.dynamic_creds [-] Created isolated network resources for: credentials: Credentials: {'domain_id': 'default', 'domain_name': 'Default', 'username': 'tempest-ServerDiagnosticsV248Test-2064589186-project-admin', 'project_domain_id': 'default', 'project_domain_name': 'Default', 'project_id': '3686cbfbc9cc4e18905aee4b69ab4242', 'project_name': 'tempest-ServerDiagnosticsV248Test-2064589186', 'tenant_id': '3686cbfbc9cc4e18905aee4b69ab4242', 'tenant_name': 'tempest-ServerDiagnosticsV248Test-2064589186', 'user_domain_id': 'default', 'user_domain_name': 'Default', 'user_id': '5dab7eee2eed46638bf81aca0b23bcfd', 'system': None}, Network: None, Subnet: None, Router: None
2025-04-03 02:37:55.182 69365 INFO tempest.lib.common.rest_client [req-06fdd1c7-bc56-4b84-a0f3-d25ebb235302 req-06fdd1c7-bc56-4b84-a0f3-d25ebb235302 ] Request (ServersTestBootFromVolume:setUpClass): 200 GET http://10.180.1.21/volume/v3/volumes/83554ea5-521f-4281-b0ed-39673e9f59e4 0.035s
2025-04-03 02:37:55.202 69385 INFO tempest.lib.common.rest_client [req-1697bcea-5185-4e37-9a0d-14ee6080d2d4 req-1697bcea-5185-4e37-9a0d-14ee6080d2d4 ] Request (ServerDiagnosticsV248Test:setUpClass): 201 POST http://10.180.1.21/identity/v3/auth/tokens 0.104s
2025-04-03 02:37:55.264 69385 INFO tempest.lib.common.rest_client [req-42568633-9613-4bc3-b382-f78e4ef800ea req-42568633-9613-4bc3-b382-f78e4ef800ea ] Request (ServerDiagnosticsV248Test:test_get_server_diagnostics): 201 POST http://10.180.1.21/identity/v3/auth/tokens 0.056s
2025-04-03 02:37:55.264 69385 INFO tempest.lib.common.fixed_network [-] (ServerDiagnosticsV248Test:test_get_server_diagnostics) Found network None available for tenant
2025-04-03 02:37:55.315 69424 INFO tempest.lib.common.rest_client [req-0cc7d3f1-f7a5-4bd6-98d7-25e130cfc710 req-0cc7d3f1-f7a5-4bd6-98d7-25e130cfc710 ] Request (TenantUsagesTestJSON:setUpClass): 200 GET http://10.180.1.21/compute/v2.1/servers/723a968e-c191-4e9e-88c2-a77edc22e3bc 1.835s
2025-04-03 02:37:55.351 69355 INFO tempest.lib.common.rest_client [req-4b85ca97-f0ce-4b41-a27f-c997b542a82f req-4b85ca97-f0ce-4b41-a27f-c997b542a82f ] Request (ValidationResourcesFixture:setUp): 201 POST http://10.180.1.21:9696/networking/v2.0/security-group-rules 0.373s
2025-04-03 02:37:55.520 69380 INFO tempest.lib.common.rest_client [req-f14b8455-b962-4d91-be45-f8b161617508 req-f14b8455-b962-4d91-be45-f8b161617508 ] Request (MigrationsAdminTest:test_list_migrations_in_flavor_resize_situation): 200 GET http://10.180.1.21/compute/v2.1/servers/6ef55282-abd0-426f-80f4-287c55442574 2.006s
2025-04-03 02:37:55.577 69359 INFO tempest.lib.common.rest_client [req-257f8336-30c0-4608-bf65-d47b2e535d1c req-257f8336-30c0-4608-bf65-d47b2e535d1c ] Request (ListServersNegativeTestJSON:setUpClass): 202 POST http://10.180.1.21/compute/v2.1/servers 2.483s
2025-04-03 02:37:55.597 69355 INFO tempest.lib.common.rest_client [req-96cd385a-9928-41b9-9e3c-a8d2c1a1cb5d req-96cd385a-9928-41b9-9e3c-a8d2c1a1cb5d ] Request (ValidationResourcesFixture:setUp): 201 POST http://10.180.1.21:9696/networking/v2.0/security-group-rules 0.245s
2025-04-03 02:37:55.597 69363 INFO tempest.lib.common.rest_client [req-709d3776-77ea-4192-9488-dc9071d1b94d req-709d3776-77ea-4192-9488-dc9071d1b94d ] Request (ServerActionsTestOtherB:setUpClass): 200 GET http://10.180.1.21/compute/v2.1/servers/f522d769-61e5-4c43-957c-a70094b60c19 2.062s
2025-04-03 02:37:55.604 69447 INFO tempest.lib.common.rest_client [req-a02d1100-e2c3-4d05-8614-47b7b3edd594 req-a02d1100-e2c3-4d05-8614-47b7b3edd594 ] Request (ServerGroup264TestJSON:setUpClass): 201 POST http://10.180.1.21:9696/networking/v2.0/routers 1.506s
2025-04-03 02:37:55.689 69371 INFO tempest.lib.common.rest_client [req-f9acbf43-5754-4887-94c6-5b3456006216 req-f9acbf43-5754-4887-94c6-5b3456006216 ] Request (ListServerFiltersTestJSON:setUpClass): 200 GET http://10.180.1.21/compute/v2.1/servers/2bf89dda-efc6-4350-abcc-fa25981d86ad 1.923s
2025-04-03 02:37:55.711 69453 INFO tempest.lib.common.rest_client [req-b69ec3cc-5990-4e88-874e-b3d5d4cfb8af req-b69ec3cc-5990-4e88-874e-b3d5d4cfb8af ] Request (FlavorsV2TestJSON:test_list_flavors_limit_results): 200 GET http://10.180.1.21/compute/v2.1/flavors?limit=1 1.890s
2025-04-03 02:37:55.790 69441 INFO tempest.lib.common.rest_client [req-62fa3714-6713-49ff-9a70-aad5a4ee0190 req-62fa3714-6713-49ff-9a70-aad5a4ee0190 ] Request (ServerDiagnosticsTest:test_get_server_diagnostics): 200 GET http://10.180.1.21/compute/v2.1/servers/81279c3f-8ece-4780-b6f7-68f159baeb77 1.951s
2025-04-03 02:37:55.942 69437 INFO tempest.lib.common.rest_client [req-4d55710b-3dd8-44ab-9615-d8bdc2af871b req-4d55710b-3dd8-44ab-9615-d8bdc2af871b ] Request (VolumesAssistedSnapshotsTest:test_volume_assisted_snapshot_create_delete): 200 GET http://10.180.1.21/compute/v2.1/servers/3b4c9703-c5a2-4f9d-8a1b-a16860c77564 2.251s
2025-04-03 02:37:55.954 69351 INFO tempest.lib.common.rest_client [req-2c40e4b6-df2e-4427-ace7-79ef846c650e req-2c40e4b6-df2e-4427-ace7-79ef846c650e ] Request (QuotasAdminNegativeTest:_run_cleanups): 200 PUT http://10.180.1.21/compute/v2.1/os-quota-sets/c9db1769dea94fd48b12008902e92efe 2.015s
2025-04-03 02:37:55.958 69369 INFO tempest.lib.common.rest_client [req-44284758-a0aa-4cc0-b291-f0bbf18af97e req-44284758-a0aa-4cc0-b291-f0bbf18af97e ] Request (AggregatesAdminNegativeTestJSON:test_aggregate_delete_as_user): 403 DELETE http://10.180.1.21/compute/v2.1/os-aggregates/5 1.987s
2025-04-03 02:37:55.967 69443 INFO tempest.lib.common.rest_client [req-def0401c-4fd6-4da7-b194-713200b37015 req-def0401c-4fd6-4da7-b194-713200b37015 ] Request (MultipleCreateNegativeTestJSON:test_max_count_non_integer): 400 POST http://10.180.1.21/compute/v2.1/servers 1.865s
2025-04-03 02:37:55.970 69439 INFO tempest.lib.common.rest_client [req-2bff6440-a167-4c52-a9ac-d3a45c9f32ef req-2bff6440-a167-4c52-a9ac-d3a45c9f32ef ] Request (ImagesOneServerNegativeTestJSON:test_create_image_specify_invalid_metadata): 400 POST http://10.180.1.21/compute/v2.1/servers/e72aa1dc-1f7f-46f7-b360-9a49ed59c796/action 1.772s
2025-04-03 02:37:55.997 69353 INFO tempest.lib.common.rest_client [req-7819b04e-3812-4cae-aba5-a049ea0addc8 req-7819b04e-3812-4cae-aba5-a049ea0addc8 ] Request (FlavorsAccessNegativeTestJSON:_run_cleanups): 200 GET http://10.180.1.21/compute/v2.1/flavors/detail 1.780s
2025-04-03 02:37:56.017 69349 INFO tempest.lib.common.rest_client [req-3cff345d-ef3d-4849-8ed6-dd384b069492 req-3cff345d-ef3d-4849-8ed6-dd384b069492 ] Request (FlavorsAdminTestJSON:_run_cleanups): 202 DELETE http://10.180.1.21/compute/v2.1/flavors/69599198 1.771s
2025-04-03 02:37:56.037 69443 INFO tempest.lib.common.rest_client [req-c8cae817-9e1e-4d54-9f79-63cb15734b9b req-c8cae817-9e1e-4d54-9f79-63cb15734b9b ] Request (MultipleCreateNegativeTestJSON:test_min_count_less_than_one): 201 POST http://10.180.1.21/identity/v3/auth/tokens 0.064s
2025-04-03 02:37:56.037 69443 INFO tempest.lib.common.fixed_network [-] (MultipleCreateNegativeTestJSON:test_min_count_less_than_one) Found network None available for tenant
2025-04-03 02:37:56.099 69402 INFO tempest.lib.common.rest_client [req-6d6101e3-4a33-43dc-a214-e09cce1f8115 req-6d6101e3-4a33-43dc-a214-e09cce1f8115 ] Request (DeleteServersAdminTestJSON:test_admin_delete_servers_of_others): 200 GET http://10.180.1.21/compute/v2.1/servers/0592489d-898c-44e4-8522-ee38acae70cf 2.131s
2025-04-03 02:37:56.156 69367 INFO tempest.lib.common.rest_client [req-f9268fc5-531d-4222-af84-7f807b88ee7e req-f9268fc5-531d-4222-af84-7f807b88ee7e ] Request (ServersAdmin275Test:test_rebuild_update_server_275): 200 GET http://10.180.1.21/compute/v2.1/servers/e2910e35-1807-49c5-a97d-673de87f3058 1.461s
2025-04-03 02:37:56.228 69365 INFO tempest.lib.common.rest_client [req-fec92b86-051e-4ad4-ab31-e073eddce7fa req-fec92b86-051e-4ad4-ab31-e073eddce7fa ] Request (ServersTestBootFromVolume:setUpClass): 200 GET http://10.180.1.21/volume/v3/volumes/83554ea5-521f-4281-b0ed-39673e9f59e4 0.038s
2025-04-03 02:37:56.260 69405 INFO tempest.lib.common.rest_client [req-175888a6-b3d5-4317-8e70-0be4e540b631 req-175888a6-b3d5-4317-8e70-0be4e540b631 ] Request (ServerDiagnosticsNegativeTest:test_get_server_diagnostics_by_non_admin): 200 GET http://10.180.1.21/compute/v2.1/servers/6318c0f4-95e8-4d08-999c-4065813c76c7 1.466s
2025-04-03 02:37:56.399 69383 INFO tempest.lib.common.rest_client [req-e1c796cb-007e-497a-bb13-9b30b24cdb9a req-e1c796cb-007e-497a-bb13-9b30b24cdb9a ] Request (ListImageFiltersNegativeTestJSON:test_get_nonexistent_image): 404 GET http://10.180.1.21/compute/v2.1/images/491fafb9-90bb-4546-a843-5faccdd58ed8 1.506s
2025-04-03 02:37:56.427 69361 INFO tempest.lib.common.rest_client [req-3e2bb040-98c8-4d1c-92fa-ed963b426b3e req-3e2bb040-98c8-4d1c-92fa-ed963b426b3e ] Request (ImagesDeleteNegativeTestJSON:test_delete_image_negative_image_id): 404 DELETE http://10.180.1.21/compute/v2.1/images/-1 1.438s
2025-04-03 02:37:56.538 69383 INFO tempest.lib.common.rest_client [req-904e3b99-417e-4149-8903-d8dd9f9e2961 req-904e3b99-417e-4149-8903-d8dd9f9e2961 ] Request (ListImageFiltersNegativeTestJSON:tearDownClass): 204 DELETE http://10.180.1.21/identity/v3/users/67c7d308a77446a98c52d6b31599f9d7 0.138s
2025-04-03 02:37:56.539 69383 INFO tempest.lib.common.dynamic_creds [-] Deleting project and security group for project: a4ec46997dea4964b4a9d2eb81012944
2025-04-03 02:37:56.596 69385 INFO tempest.lib.common.rest_client [req-7866be99-d2de-4c25-9494-5ef6f905f254 req-7866be99-d2de-4c25-9494-5ef6f905f254 ] Request (ServerDiagnosticsV248Test:test_get_server_diagnostics): 202 POST http://10.180.1.21/compute/v2.1/servers 1.331s
2025-04-03 02:37:56.637 69383 INFO tempest.lib.common.rest_client [req-3571652a-7b08-4cef-83da-e686b05f80de req-3571652a-7b08-4cef-83da-e686b05f80de ] Request (ListImageFiltersNegativeTestJSON:tearDownClass): 201 POST http://10.180.1.21/identity/v3/auth/tokens 0.098s
2025-04-03 02:37:56.645 69355 INFO tempest.lib.common.rest_client [req-daeaad0d-7fce-4613-86f9-e903141828b6 req-daeaad0d-7fce-4613-86f9-e903141828b6 ] Request (ValidationResourcesFixture:setUp): 201 POST http://10.180.1.21:9696/networking/v2.0/floatingips 1.048s
2025-04-03 02:37:56.700 69388 INFO tempest.lib.common.rest_client [req-4444698e-04fb-4804-835b-b5d250df8d56 req-4444698e-04fb-4804-835b-b5d250df8d56 ] Request (ImagesNegativeTestJSON:test_create_image_from_deleted_server): 200 GET http://10.180.1.21/compute/v2.1/servers/05b13add-f4ba-4f12-8bd4-03d5586c2c21 1.331s
2025-04-03 02:37:56.752 69355 INFO tempest.lib.common.rest_client [req-92829e41-4aa8-4e24-85bc-f90e254b4465 req-92829e41-4aa8-4e24-85bc-f90e254b4465 ] Request (AttachInterfacesTestJSON:test_create_list_show_delete_interfaces_by_fixed_ip): 201 POST http://10.180.1.21/identity/v3/auth/tokens 0.099s
2025-04-03 02:37:56.752 69355 INFO tempest.lib.common.fixed_network [-] (AttachInterfacesTestJSON:test_create_list_show_delete_interfaces_by_fixed_ip) Found network {'id': '0f3efe20-9281-4a2f-a083-5b347a4f14d0', 'name': 'tempest-AttachInterfacesTestJSON-1870295675-network', 'tenant_id': '3afb53325b974720bfeb564746ea401a', 'admin_state_up': True, 'mtu': 8950, 'status': 'ACTIVE', 'subnets': [], 'shared': False, 'project_id': '3afb53325b974720bfeb564746ea401a', 'port_security_enabled': True, 'router:external': False, 'provider:network_type': 'vlan', 'provider:physical_network': 'default', 'provider:segmentation_id': 903, 'availability_zone_hints': [], 'availability_zones': [], 'ipv4_address_scope': None, 'ipv6_address_scope': None, 'description': '', 'tags': [], 'created_at': '2025-04-03T02:37:44Z', 'updated_at': '2025-04-03T02:37:44Z', 'revision_number': 1} available for tenant
2025-04-03 02:37:56.819 69373 INFO tempest.lib.common.rest_client [req-ad7ef2f6-0714-4e12-a51b-ddf2b7e035c5 req-ad7ef2f6-0714-4e12-a51b-ddf2b7e035c5 ] Request (ServersListShow2100Test:test_list_show_rebuild_update_server_2100): 200 GET http://10.180.1.21/compute/v2.1/servers/6dea2c21-e194-4347-bdb8-3b1c25c3061e 1.450s
2025-04-03 02:37:56.869 69357 INFO tempest.lib.common.rest_client [req-daf56c76-3083-4894-a5bc-c475419611d3 req-daf56c76-3083-4894-a5bc-c475419611d3 ] Request (ImagesOneServerTestJSON:test_create_delete_image): 200 GET http://10.180.1.21/compute/v2.1/images/4206aea5-99b3-427a-87cf-ad1fe007c4f6 1.440s
2025-04-03 02:37:56.955 69375 INFO tempest.lib.common.rest_client [req-687277bc-5822-4e83-8cf1-9da759a04179 req-687277bc-5822-4e83-8cf1-9da759a04179 ] Request (ServersAdminTestJSON:setUpClass): 202 POST http://10.180.1.21/compute/v2.1/servers 2.188s
2025-04-03 02:37:56.969 69377 INFO tempest.lib.common.rest_client [req-17cc8c42-d487-4957-a54b-201bcd2de5c5 req-17cc8c42-d487-4957-a54b-201bcd2de5c5 ] Request (ServersAdminNegativeTestJSON:test_migrate_server_invalid_state): 200 GET http://10.180.1.21/compute/v2.1/servers/399fb7d3-fa27-48f0-a415-7d286fc19caf 1.435s
2025-04-03 02:37:56.990 69453 INFO tempest.lib.common.rest_client [req-61d7a887-c674-4758-91cb-5eaa7467cd07 req-61d7a887-c674-4758-91cb-5eaa7467cd07 ] Request (FlavorsV2TestJSON:test_list_flavors_using_marker): 200 GET http://10.180.1.21/compute/v2.1/flavors/42 1.271s
2025-04-03 02:37:57.005 69449 INFO tempest.lib.common.rest_client [req-7575a604-3a97-4b07-876c-ec6f46829ffa req-7575a604-3a97-4b07-876c-ec6f46829ffa ] Request (VolumesAdminNegativeTest:setUpClass): 200 PUT http://10.180.1.21:9696/networking/v2.0/routers/cb71e0f9-6623-4a4b-b09b-b2cb56b5f145/add_router_interface 1.983s
2025-04-03 02:37:57.005 69449 INFO tempest.lib.common.dynamic_creds [-] Created isolated network resources for: credentials: Credentials: {'domain_id': 'default', 'domain_name': 'Default', 'username': 'tempest-VolumesAdminNegativeTest-1739579709-project-admin', 'project_domain_id': 'default', 'project_domain_name': 'Default', 'project_id': '00d43f4149f74b4c8f68e8f378f84e9f', 'project_name': 'tempest-VolumesAdminNegativeTest-1739579709', 'tenant_id': '00d43f4149f74b4c8f68e8f378f84e9f', 'tenant_name': 'tempest-VolumesAdminNegativeTest-1739579709', 'user_domain_id': 'default', 'user_domain_name': 'Default', 'user_id': '84565fe582a945f0b303269bdb16cd32', 'system': None}, Network: {'id': '806a36eb-a981-4708-bd5e-cb7ba2b65c76', 'name': 'tempest-VolumesAdminNegativeTest-876777139-network', 'tenant_id': '00d43f4149f74b4c8f68e8f378f84e9f', 'admin_state_up': True, 'mtu': 8950, 'status': 'ACTIVE', 'subnets': [], 'shared': False, 'project_id': '00d43f4149f74b4c8f68e8f378f84e9f', 'port_security_enabled': True, 'router:external': False, 'provider:network_type': 'vlan', 'provider:physical_network': 'default', 'provider:segmentation_id': 834, 'availability_zone_hints': [], 'availability_zones': [], 'ipv4_address_scope': None, 'ipv6_address_scope': None, 'description': '', 'tags': [], 'created_at': '2025-04-03T02:37:50Z', 'updated_at': '2025-04-03T02:37:50Z', 'revision_number': 1}, Subnet: {'id': '750eb76f-596b-4f11-a5c9-451baaa5b39e', 'name': 'tempest-VolumesAdminNegativeTest-876777139-subnet', 'tenant_id': '00d43f4149f74b4c8f68e8f378f84e9f', 'network_id': '806a36eb-a981-4708-bd5e-cb7ba2b65c76', 'ip_version': 4, 'subnetpool_id': None, 'enable_dhcp': True, 'ipv6_ra_mode': None, 'ipv6_address_mode': None, 'gateway_ip': '192.168.128.1', 'cidr': '192.168.128.0/28', 'allocation_pools': [{'start': '192.168.128.2', 'end': '192.168.128.14'}], 'host_routes': [], 'dns_nameservers': [], 'description': '', 'router:external': False, 'service_types': [], 'tags': [], 'created_at': '2025-04-03T02:37:51Z', 'updated_at': '2025-04-03T02:37:51Z', 'revision_number': 0, 'project_id': '00d43f4149f74b4c8f68e8f378f84e9f'}, Router: {'id': 'cb71e0f9-6623-4a4b-b09b-b2cb56b5f145', 'name': 'tempest-VolumesAdminNegativeTest-876777139-router', 'tenant_id': '00d43f4149f74b4c8f68e8f378f84e9f', 'admin_state_up': True, 'status': 'ACTIVE', 'external_gateway_info': {'network_id': 'c6fca880-f1b8-47c5-8aa2-fb25b00818df', 'external_fixed_ips': [{'subnet_id': '9f167459-5194-41ba-8d02-f10c92f804cc', 'ip_address': '10.180.180.223'}], 'enable_snat': True}, 'description': '', 'availability_zones': [], 'distributed': False, 'ha': False, 'availability_zone_hints': [], 'routes': [], 'flavor_id': None, 'tags': [], 'created_at': '2025-04-03T02:37:52Z', 'updated_at': '2025-04-03T02:37:53Z', 'revision_number': 2, 'project_id': '00d43f4149f74b4c8f68e8f378f84e9f'}
2025-04-03 02:37:57.061 69375 INFO tempest.lib.common.rest_client [req-f045bc50-dc3e-4ccd-90eb-35fb207447c3 req-f045bc50-dc3e-4ccd-90eb-35fb207447c3 ] Request (ServersAdminTestJSON:setUpClass): 201 POST http://10.180.1.21/identity/v3/auth/tokens 0.098s
2025-04-03 02:37:57.061 69375 INFO tempest.lib.common.fixed_network [-] (ServersAdminTestJSON:setUpClass) Found network {'id': '90c510b1-3e04-424a-8a92-8fa8a1854fcf', 'name': 'tempest-ServersAdminTestJSON-621109405-network', 'tenant_id': '073060f42a7c47f0859ae1faa31a51f7', 'admin_state_up': True, 'mtu': 8950, 'status': 'ACTIVE', 'subnets': [], 'shared': False, 'project_id': '073060f42a7c47f0859ae1faa31a51f7', 'port_security_enabled': True, 'router:external': False, 'provider:network_type': 'vlan', 'provider:physical_network': 'default', 'provider:segmentation_id': 200, 'availability_zone_hints': [], 'availability_zones': [], 'ipv4_address_scope': None, 'ipv6_address_scope': None, 'description': '', 'tags': [], 'created_at': '2025-04-03T02:37:39Z', 'updated_at': '2025-04-03T02:37:39Z', 'revision_number': 1} available for tenant
2025-04-03 02:37:57.110 69383 INFO tempest.lib.common.rest_client [req-dcd97882-2a2b-453c-9305-f23540dc00da req-dcd97882-2a2b-453c-9305-f23540dc00da ] Request (ListImageFiltersNegativeTestJSON:tearDownClass): 200 GET http://10.180.1.21:9696/networking/v2.0/security-groups?tenant_id=a4ec46997dea4964b4a9d2eb81012944&name=default 0.472s
2025-04-03 02:37:57.209 69449 INFO tempest.lib.common.rest_client [req-a9c2b860-8d1a-41d5-aa02-c29ef019af46 req-a9c2b860-8d1a-41d5-aa02-c29ef019af46 ] Request (VolumesAdminNegativeTest:setUpClass): 201 POST http://10.180.1.21/identity/v3/auth/tokens 0.201s
2025-04-03 02:37:57.226 69381 INFO tempest.lib.common.rest_client [req-12c5ab52-2cd2-4e92-bca0-e0e47a73fdae req-12c5ab52-2cd2-4e92-bca0-e0e47a73fdae ] Request (FloatingIPsAssociationTestJSON:setUpClass): 200 GET http://10.180.1.21/compute/v2.1/servers/05115320-5e3d-4224-b990-4fbb3ceeae2d 1.391s
2025-04-03 02:37:57.283 69365 INFO tempest.lib.common.rest_client [req-cc4db883-9498-4d6f-8974-bb6d58f3874c req-cc4db883-9498-4d6f-8974-bb6d58f3874c ] Request (ServersTestBootFromVolume:setUpClass): 200 GET http://10.180.1.21/volume/v3/volumes/83554ea5-521f-4281-b0ed-39673e9f59e4 0.046s
2025-04-03 02:37:57.315 69383 INFO tempest.lib.common.rest_client [req-8cb8ac1f-a363-4e7a-ac78-04372f403c55 req-8cb8ac1f-a363-4e7a-ac78-04372f403c55 ] Request (ListImageFiltersNegativeTestJSON:tearDownClass): 204 DELETE http://10.180.1.21:9696/networking/v2.0/security-groups/8924ba6e-cb7f-4708-ae13-c274de1ffd73 0.204s
2025-04-03 02:37:57.336 69446 INFO tempest.lib.common.rest_client [req-18106538-a805-44c5-9ed4-ff60c739f5c0 req-18106538-a805-44c5-9ed4-ff60c739f5c0 ] Request (ServersWithSpecificFlavorTestJSON:test_verify_created_server_ephemeral_disk): 200 GET http://10.180.1.21/compute/v2.1/servers/f423950c-d0a6-4915-bab1-50612644ef10 1.405s
2025-04-03 02:37:57.339 69359 INFO tempest.lib.common.rest_client [req-d2a1f5f1-5431-45d9-a121-b5835e765405 req-d2a1f5f1-5431-45d9-a121-b5835e765405 ] Request (ListServersNegativeTestJSON:setUpClass): 200 GET http://10.180.1.21/compute/v2.1/servers 1.760s
2025-04-03 02:37:57.348 69351 INFO tempest.lib.common.rest_client [req-cd624032-2f4d-4fa9-83b7-0710b6a47b95 req-cd624032-2f4d-4fa9-83b7-0710b6a47b95 ] Request (QuotasAdminNegativeTest:test_update_quota_normal_user): 403 PUT http://10.180.1.21/compute/v2.1/os-quota-sets/c9db1769dea94fd48b12008902e92efe 1.389s
2025-04-03 02:37:57.392 69369 INFO tempest.lib.common.rest_client [req-c7ca5f9c-b4f2-4a27-aeb9-d3a6dbadb35b req-c7ca5f9c-b4f2-4a27-aeb9-d3a6dbadb35b ] Request (AggregatesAdminNegativeTestJSON:_run_cleanups): 200 DELETE http://10.180.1.21/compute/v2.1/os-aggregates/5 1.432s
2025-04-03 02:37:57.424 69353 INFO tempest.lib.common.rest_client [req-01bb0df8-34d5-4a32-a420-2d1682629751 req-01bb0df8-34d5-4a32-a420-2d1682629751 ] Request (FlavorsAccessNegativeTestJSON:test_remove_flavor_access_not_found): 200 POST http://10.180.1.21/compute/v2.1/flavors 1.421s
2025-04-03 02:37:57.435 69383 INFO tempest.lib.common.rest_client [req-b5dafd4a-71fa-49a4-bf93-596f1cc4624f req-b5dafd4a-71fa-49a4-bf93-596f1cc4624f ] Request (ListImageFiltersNegativeTestJSON:tearDownClass): 204 DELETE http://10.180.1.21/identity/v3/projects/a4ec46997dea4964b4a9d2eb81012944 0.119s
2025-04-03 02:37:57.449 69349 INFO tempest.lib.common.rest_client [req-f9bcfbc8-abc3-4574-b05e-4158f87222f3 req-f9bcfbc8-abc3-4574-b05e-4158f87222f3 ] Request (FlavorsAdminTestJSON:_run_cleanups): 200 GET http://10.180.1.21/compute/v2.1/flavors/detail 1.431s
2025-04-03 02:37:57.455 69443 INFO tempest.lib.common.rest_client [req-a9bab054-553a-4ff4-95b5-acc17bd6125e req-a9bab054-553a-4ff4-95b5-acc17bd6125e ] Request (MultipleCreateNegativeTestJSON:test_min_count_less_than_one): 400 POST http://10.180.1.21/compute/v2.1/servers 1.417s
2025-04-03 02:37:57.519 69351 INFO tempest.lib.common.rest_client [req-f28328ba-9549-49bd-a1e2-2507f505a4f0 req-f28328ba-9549-49bd-a1e2-2507f505a4f0 ] Request (QuotasAdminNegativeTest:tearDownClass): 204 DELETE http://10.180.1.21/identity/v3/users/4e1fd317b9ea4fe181c07e97e5b40e2b 0.166s
2025-04-03 02:37:57.567 69424 INFO tempest.lib.common.rest_client [req-de276214-fd24-495d-9c18-d00124e31364 req-de276214-fd24-495d-9c18-d00124e31364 ] Request (TenantUsagesTestJSON:setUpClass): 200 GET http://10.180.1.21/compute/v2.1/servers/723a968e-c191-4e9e-88c2-a77edc22e3bc 1.236s
2025-04-03 02:37:57.568 69439 INFO tempest.lib.common.rest_client [req-23e6800e-d5b3-413a-ad96-c63b708de545 req-23e6800e-d5b3-413a-ad96-c63b708de545 ] Request (ImagesOneServerNegativeTestJSON:tearDown): 200 GET http://10.180.1.21/compute/v2.1/servers/e72aa1dc-1f7f-46f7-b360-9a49ed59c796 1.597s
2025-04-03 02:37:57.579 69383 INFO tempest.lib.common.rest_client [req-b64067ea-bc1c-43fd-a5c2-6fd61425a773 req-b64067ea-bc1c-43fd-a5c2-6fd61425a773 ] Request (KeyPairsNegativeTestJSON:setUpClass): 201 POST http://10.180.1.21/identity/v3/auth/tokens 0.142s
2025-04-03 02:37:57.581 69447 INFO tempest.lib.common.rest_client [req-ff388a56-1f7a-4804-b552-f1d986b3bb27 req-ff388a56-1f7a-4804-b552-f1d986b3bb27 ] Request (ServerGroup264TestJSON:setUpClass): 200 PUT http://10.180.1.21:9696/networking/v2.0/routers/863daec0-eb04-4828-a025-37daf899bd3d/add_router_interface 1.977s
2025-04-03 02:37:57.582 69447 INFO tempest.lib.common.dynamic_creds [-] Created isolated network resources for: credentials: Credentials: {'domain_id': 'default', 'domain_name': 'Default', 'username': 'tempest-ServerGroup264TestJSON-1404227318-project-member', 'project_domain_id': 'default', 'project_domain_name': 'Default', 'project_id': '076a2a2141fc461bb43eeffdfa05b839', 'project_name': 'tempest-ServerGroup264TestJSON-1404227318', 'tenant_id': '076a2a2141fc461bb43eeffdfa05b839', 'tenant_name': 'tempest-ServerGroup264TestJSON-1404227318', 'user_domain_id': 'default', 'user_domain_name': 'Default', 'user_id': 'e5ad40c2c210450e9da73fc80f5cf06e', 'system': None}, Network: {'id': 'ae42f016-90f8-4610-9e04-be65f76e45ec', 'name': 'tempest-ServerGroup264TestJSON-1592549378-network', 'tenant_id': '076a2a2141fc461bb43eeffdfa05b839', 'admin_state_up': True, 'mtu': 8950, 'status': 'ACTIVE', 'subnets': [], 'shared': False, 'project_id': '076a2a2141fc461bb43eeffdfa05b839', 'port_security_enabled': True, 'router:external': False, 'provider:network_type': 'vlan', 'provider:physical_network': 'default', 'provider:segmentation_id': 526, 'availability_zone_hints': [], 'availability_zones': [], 'ipv4_address_scope': None, 'ipv6_address_scope': None, 'description': '', 'tags': [], 'created_at': '2025-04-03T02:37:53Z', 'updated_at': '2025-04-03T02:37:53Z', 'revision_number': 1}, Subnet: {'id': 'ca6ba5b9-7aba-42e9-82b8-c5a0e39ea4c0', 'name': 'tempest-ServerGroup264TestJSON-1592549378-subnet', 'tenant_id': '076a2a2141fc461bb43eeffdfa05b839', 'network_id': 'ae42f016-90f8-4610-9e04-be65f76e45ec', 'ip_version': 4, 'subnetpool_id': None, 'enable_dhcp': True, 'ipv6_ra_mode': None, 'ipv6_address_mode': None, 'gateway_ip': '192.168.128.1', 'cidr': '192.168.128.0/28', 'allocation_pools': [{'start': '192.168.128.2', 'end': '192.168.128.14'}], 'host_routes': [], 'dns_nameservers': [], 'description': '', 'router:external': False, 'service_types': [], 'tags': [], 'created_at': '2025-04-03T02:37:53Z', 'updated_at': '2025-04-03T02:37:53Z', 'revision_number': 0, 'project_id': '076a2a2141fc461bb43eeffdfa05b839'}, Router: {'id': '863daec0-eb04-4828-a025-37daf899bd3d', 'name': 'tempest-ServerGroup264TestJSON-1592549378-router', 'tenant_id': '076a2a2141fc461bb43eeffdfa05b839', 'admin_state_up': True, 'status': 'ACTIVE', 'external_gateway_info': {'network_id': 'c6fca880-f1b8-47c5-8aa2-fb25b00818df', 'external_fixed_ips': [{'subnet_id': '9f167459-5194-41ba-8d02-f10c92f804cc', 'ip_address': '10.180.180.133'}], 'enable_snat': True}, 'description': '', 'availability_zones': [], 'distributed': False, 'ha': False, 'availability_zone_hints': [], 'routes': [], 'flavor_id': None, 'tags': [], 'created_at': '2025-04-03T02:37:54Z', 'updated_at': '2025-04-03T02:37:55Z', 'revision_number': 2, 'project_id': '076a2a2141fc461bb43eeffdfa05b839'}
2025-04-03 02:37:57.588 69361 INFO tempest.lib.common.rest_client [req-710af8d0-36fb-4dd2-8f18-23258ac333f0 req-710af8d0-36fb-4dd2-8f18-23258ac333f0 ] Request (ImagesDeleteNegativeTestJSON:test_delete_image_non_hex_string_id): 404 DELETE http://10.180.1.21/compute/v2.1/images/29d478ee-13fd-47ed-8157-a2c767af244j 1.160s
2025-04-03 02:37:57.615 69443 INFO tempest.lib.common.rest_client [req-fc3c905d-c3ff-4935-87ee-00756db9be1e req-fc3c905d-c3ff-4935-87ee-00756db9be1e ] Request (MultipleCreateNegativeTestJSON:test_min_count_non_integer): 201 POST http://10.180.1.21/identity/v3/auth/tokens 0.149s
2025-04-03 02:37:57.615 69443 INFO tempest.lib.common.fixed_network [-] (MultipleCreateNegativeTestJSON:test_min_count_non_integer) Found network None available for tenant
2025-04-03 02:37:57.636 69351 INFO tempest.lib.common.rest_client [req-accad00d-6acc-4a01-952b-0911a59bc351 req-accad00d-6acc-4a01-952b-0911a59bc351 ] Request (QuotasAdminNegativeTest:tearDownClass): 204 DELETE http://10.180.1.21/identity/v3/users/5469328c89f0489a8c997d5a3ca867d3 0.116s
2025-04-03 02:37:57.637 69351 INFO tempest.lib.common.dynamic_creds [-] Deleting project and security group for project: c9db1769dea94fd48b12008902e92efe
2025-04-03 02:37:57.691 69383 INFO tempest.lib.common.rest_client [req-d8829765-1834-4adc-b302-c45861dcebb1 req-d8829765-1834-4adc-b302-c45861dcebb1 ] Request (KeyPairsNegativeTestJSON:setUpClass): 201 POST http://10.180.1.21/identity/v3/auth/tokens 0.105s
2025-04-03 02:37:57.702 69385 INFO tempest.lib.common.rest_client [req-c5db8a62-20fc-4a28-afd4-ca17c9a598d4 req-c5db8a62-20fc-4a28-afd4-ca17c9a598d4 ] Request (ServerDiagnosticsV248Test:test_get_server_diagnostics): 200 GET http://10.180.1.21/compute/v2.1/servers/70bfc9a1-b390-473c-9bcd-0f784f6311a0 1.104s
2025-04-03 02:37:57.716 69351 INFO tempest.lib.common.rest_client [req-02ad2e60-4473-4010-bba7-a576fe5e6d93 req-02ad2e60-4473-4010-bba7-a576fe5e6d93 ] Request (QuotasAdminNegativeTest:tearDownClass): 201 POST http://10.180.1.21/identity/v3/auth/tokens 0.079s
2025-04-03 02:37:57.722 69380 INFO tempest.lib.common.rest_client [req-c12d5899-dace-481f-9351-e71859ada9a7 req-c12d5899-dace-481f-9351-e71859ada9a7 ] Request (MigrationsAdminTest:test_list_migrations_in_flavor_resize_situation): 200 GET http://10.180.1.21/compute/v2.1/servers/6ef55282-abd0-426f-80f4-287c55442574 1.189s
2025-04-03 02:37:57.774 69447 INFO tempest.lib.common.rest_client [req-bed5aa53-614f-4163-b3d6-3e9b803b180a req-bed5aa53-614f-4163-b3d6-3e9b803b180a ] Request (ServerGroup264TestJSON:setUpClass): 201 POST http://10.180.1.21/identity/v3/auth/tokens 0.180s
2025-04-03 02:37:57.782 69363 INFO tempest.lib.common.rest_client [req-399faf92-fb54-49a9-aa47-1dfc2050db51 req-399faf92-fb54-49a9-aa47-1dfc2050db51 ] Request (ServerActionsTestOtherB:setUpClass): 200 GET http://10.180.1.21/compute/v2.1/servers/f522d769-61e5-4c43-957c-a70094b60c19 1.170s
2025-04-03 02:37:57.802 69371 INFO tempest.lib.common.rest_client [req-ee4fc5ea-e7e8-493a-ad2e-7f7af15dc00c req-ee4fc5ea-e7e8-493a-ad2e-7f7af15dc00c ] Request (ListServerFiltersTestJSON:setUpClass): 200 GET http://10.180.1.21/compute/v2.1/servers/2bf89dda-efc6-4350-abcc-fa25981d86ad 1.101s
2025-04-03 02:37:57.803 69383 INFO tempest.lib.common.rest_client [req-3c0e82f5-b804-48de-bd76-7491616251da req-3c0e82f5-b804-48de-bd76-7491616251da ] Request (KeyPairsNegativeTestJSON:setUpClass): 200 GET http://10.180.1.21/identity/v3/domains?name=Default 0.111s
2025-04-03 02:37:57.877 69383 INFO tempest.lib.common.rest_client [req-4a15eba4-819f-4aca-abfa-bb4b4f0fd2ba req-4a15eba4-819f-4aca-abfa-bb4b4f0fd2ba ] Request (KeyPairsNegativeTestJSON:setUpClass): 201 POST http://10.180.1.21/identity/v3/projects 0.073s
2025-04-03 02:37:57.896 69441 INFO tempest.lib.common.rest_client [req-b619d363-55e1-4eb7-b2b9-3b15728d9381 req-b619d363-55e1-4eb7-b2b9-3b15728d9381 ] Request (ServerDiagnosticsTest:test_get_server_diagnostics): 200 GET http://10.180.1.21/compute/v2.1/servers/81279c3f-8ece-4780-b6f7-68f159baeb77 1.089s
2025-04-03 02:37:57.957 69383 INFO tempest.lib.common.rest_client [req-811d00b8-c2f2-4f4a-96f8-c789340f10b5 req-811d00b8-c2f2-4f4a-96f8-c789340f10b5 ] Request (KeyPairsNegativeTestJSON:setUpClass): 201 POST http://10.180.1.21/identity/v3/users 0.080s
2025-04-03 02:37:57.991 69383 INFO tempest.lib.common.rest_client [req-6e99cfb8-149e-4391-99c9-8b8bec4fdfc0 req-6e99cfb8-149e-4391-99c9-8b8bec4fdfc0 ] Request (KeyPairsNegativeTestJSON:setUpClass): 200 GET http://10.180.1.21/identity/v3/roles 0.033s
2025-04-03 02:37:58.026 69383 INFO tempest.lib.common.rest_client [req-e1a38eec-9b09-452d-a6bf-e229b130b3b4 req-e1a38eec-9b09-452d-a6bf-e229b130b3b4 ] Request (KeyPairsNegativeTestJSON:setUpClass): 204 PUT http://10.180.1.21/identity/v3/projects/10f8471050f64bac98bfa15d6c853681/users/2c96b2eb09d5425cb7959dd9a416e770/roles/a75584226bba4fc29b731598299d8023 0.035s
2025-04-03 02:37:58.026 69383 INFO tempest.lib.common.dynamic_creds [-] Dynamic test user 2c96b2eb09d5425cb7959dd9a416e770 is created with scope project and roles: ['member']
2025-04-03 02:37:58.027 69383 INFO tempest.lib.common.dynamic_creds [-] Acquired dynamic creds: credentials: Credentials: {'domain_id': 'default', 'domain_name': 'Default', 'username': 'tempest-KeyPairsNegativeTestJSON-383939381-project-member', 'project_domain_id': 'default', 'project_domain_name': 'Default', 'project_id': '10f8471050f64bac98bfa15d6c853681', 'project_name': 'tempest-KeyPairsNegativeTestJSON-383939381', 'tenant_id': '10f8471050f64bac98bfa15d6c853681', 'tenant_name': 'tempest-KeyPairsNegativeTestJSON-383939381', 'user_domain_id': 'default', 'user_domain_name': 'Default', 'user_id': '2c96b2eb09d5425cb7959dd9a416e770', 'system': None}, Network: None, Subnet: None, Router: None
2025-04-03 02:37:58.027 69383 INFO tempest.lib.common.dynamic_creds [-] Created isolated network resources for: credentials: Credentials: {'domain_id': 'default', 'domain_name': 'Default', 'username': 'tempest-KeyPairsNegativeTestJSON-383939381-project-member', 'project_domain_id': 'default', 'project_domain_name': 'Default', 'project_id': '10f8471050f64bac98bfa15d6c853681', 'project_name': 'tempest-KeyPairsNegativeTestJSON-383939381', 'tenant_id': '10f8471050f64bac98bfa15d6c853681', 'tenant_name': 'tempest-KeyPairsNegativeTestJSON-383939381', 'user_domain_id': 'default', 'user_domain_name': 'Default', 'user_id': '2c96b2eb09d5425cb7959dd9a416e770', 'system': None}, Network: None, Subnet: None, Router: None
2025-04-03 02:37:58.076 69351 INFO tempest.lib.common.rest_client [req-37b29956-cbea-43e1-89a2-356a56841426 req-37b29956-cbea-43e1-89a2-356a56841426 ] Request (QuotasAdminNegativeTest:tearDownClass): 200 GET http://10.180.1.21:9696/networking/v2.0/security-groups?tenant_id=c9db1769dea94fd48b12008902e92efe&name=default 0.357s
2025-04-03 02:37:58.104 69437 INFO tempest.lib.common.rest_client [req-ba4b7f64-ec74-47ed-b025-9fa862373c55 req-ba4b7f64-ec74-47ed-b025-9fa862373c55 ] Request (VolumesAssistedSnapshotsTest:test_volume_assisted_snapshot_create_delete): 200 GET http://10.180.1.21/compute/v2.1/servers/3b4c9703-c5a2-4f9d-8a1b-a16860c77564 1.148s
2025-04-03 02:37:58.113 69437 INFO tempest.common.waiters [-] State transition "BUILD/spawning" ==> "ACTIVE/None" after 24 second wait
2025-04-03 02:37:58.142 69453 INFO tempest.lib.common.rest_client [req-8788a93f-138c-4d73-9bd4-87daab13dd5f req-8788a93f-138c-4d73-9bd4-87daab13dd5f ] Request (FlavorsV2TestJSON:test_list_flavors_using_marker): 200 GET http://10.180.1.21/compute/v2.1/flavors?marker=42 1.149s
2025-04-03 02:37:58.154 69383 INFO tempest.lib.common.rest_client [req-152bb211-2b4e-4b1b-adde-794b70f81dbe req-152bb211-2b4e-4b1b-adde-794b70f81dbe ] Request (KeyPairsNegativeTestJSON:setUpClass): 201 POST http://10.180.1.21/identity/v3/auth/tokens 0.122s
2025-04-03 02:37:58.299 69351 INFO tempest.lib.common.rest_client [req-8f4ec603-8e6b-4d28-9b4f-8a47ab3e6873 req-8f4ec603-8e6b-4d28-9b4f-8a47ab3e6873 ] Request (QuotasAdminNegativeTest:tearDownClass): 204 DELETE http://10.180.1.21:9696/networking/v2.0/security-groups/c201e95b-3f3a-469b-bf61-af3f35a757c8 0.222s
2025-04-03 02:37:58.336 69365 INFO tempest.lib.common.rest_client [req-8d98a029-f977-4e10-b8c6-de75e2f1975a req-8d98a029-f977-4e10-b8c6-de75e2f1975a ] Request (ServersTestBootFromVolume:setUpClass): 200 GET http://10.180.1.21/volume/v3/volumes/83554ea5-521f-4281-b0ed-39673e9f59e4 0.038s
2025-04-03 02:37:58.419 69355 INFO tempest.lib.common.rest_client [req-1871404c-c1d0-4bde-bcbb-bc37418e28ce req-1871404c-c1d0-4bde-bcbb-bc37418e28ce ] Request (AttachInterfacesTestJSON:test_create_list_show_delete_interfaces_by_fixed_ip): 202 POST http://10.180.1.21/compute/v2.1/servers 1.665s
2025-04-03 02:37:58.470 69375 INFO tempest.lib.common.rest_client [req-1e7b612f-e423-4fd7-bc39-c1912c4f1dcd req-1e7b612f-e423-4fd7-bc39-c1912c4f1dcd ] Request (ServersAdminTestJSON:setUpClass): 202 POST http://10.180.1.21/compute/v2.1/servers 1.408s
2025-04-03 02:37:58.500 69351 INFO tempest.lib.common.rest_client [req-936f7d63-200d-43e8-af2d-109e0fb5117d req-936f7d63-200d-43e8-af2d-109e0fb5117d ] Request (QuotasAdminNegativeTest:tearDownClass): 204 DELETE http://10.180.1.21/identity/v3/projects/c9db1769dea94fd48b12008902e92efe 0.200s
2025-04-03 02:37:58.500 69351 INFO tempest.lib.common.dynamic_creds [-] Deleting project and security group for project: 856e3c09e0714e48a088d1599e606bc6
2025-04-03 02:37:58.596 69367 INFO tempest.lib.common.rest_client [req-2124b662-6f32-4557-b0bb-37770f793d4f req-2124b662-6f32-4557-b0bb-37770f793d4f ] Request (ServersAdmin275Test:test_rebuild_update_server_275): 200 GET http://10.180.1.21/compute/v2.1/servers/e2910e35-1807-49c5-a97d-673de87f3058 1.428s
2025-04-03 02:37:58.605 69402 INFO tempest.lib.common.rest_client [req-b9453b95-487f-49b4-b288-ab8b6a1904a0 req-b9453b95-487f-49b4-b288-ab8b6a1904a0 ] Request (DeleteServersAdminTestJSON:test_admin_delete_servers_of_others): 200 GET http://10.180.1.21/compute/v2.1/servers/0592489d-898c-44e4-8522-ee38acae70cf 1.493s
2025-04-03 02:37:58.613 69367 INFO tempest.common.waiters [-] State transition "REBUILD/rebuild_spawning" ==> "ACTIVE/None" after 11 second wait
2025-04-03 02:37:58.617 69402 INFO tempest.common.waiters [-] State transition "BUILD/spawning" ==> "ACTIVE/None" after 29 second wait
2025-04-03 02:37:58.660 69405 INFO tempest.lib.common.rest_client [req-56ed35a6-c955-4ce8-ac4d-df42a7847c73 req-56ed35a6-c955-4ce8-ac4d-df42a7847c73 ] Request (ServerDiagnosticsNegativeTest:test_get_server_diagnostics_by_non_admin): 200 GET http://10.180.1.21/compute/v2.1/servers/6318c0f4-95e8-4d08-999c-4065813c76c7 1.390s
2025-04-03 02:37:58.716 69359 INFO tempest.lib.common.rest_client [req-04c5e927-f239-4bb3-a1cb-50850b362a3d req-04c5e927-f239-4bb3-a1cb-50850b362a3d ] Request (ListServersNegativeTestJSON:setUpClass): 200 GET http://10.180.1.21/compute/v2.1/servers/49d1b3a4-385f-430e-91df-e1d6c60b6855 1.373s
2025-04-03 02:37:58.726 69351 INFO tempest.lib.common.rest_client [req-53f28b1f-67e0-4f42-9c4d-0797f88907dd req-53f28b1f-67e0-4f42-9c4d-0797f88907dd ] Request (QuotasAdminNegativeTest:tearDownClass): 200 GET http://10.180.1.21:9696/networking/v2.0/security-groups?tenant_id=856e3c09e0714e48a088d1599e606bc6&name=default 0.225s
2025-04-03 02:37:58.729 69369 INFO tempest.lib.common.rest_client [req-fe1b7ac6-d4e5-4621-89e4-c09c73d8ac61 req-fe1b7ac6-d4e5-4621-89e4-c09c73d8ac61 ] Request (AggregatesAdminNegativeTestJSON:test_aggregate_delete_with_invalid_id): 404 DELETE http://10.180.1.21/compute/v2.1/os-aggregates/-1 1.335s
2025-04-03 02:37:58.771 69449 INFO tempest.lib.common.rest_client [req-5b4ed25d-edbd-40f1-9fb5-b1228a3790fd req-5b4ed25d-edbd-40f1-9fb5-b1228a3790fd ] Request (VolumesAdminNegativeTest:test_update_attached_volume_with_nonexistent_volume_in_body): 200 POST http://10.180.1.21/compute/v2.1/os-keypairs 1.559s
2025-04-03 02:37:58.802 69349 INFO tempest.lib.common.rest_client [req-b68c6fb7-bdc1-4ed4-ae43-a11d571b8a68 req-b68c6fb7-bdc1-4ed4-ae43-a11d571b8a68 ] Request (FlavorsAdminTestJSON:test_create_server_with_non_public_flavor): 200 POST http://10.180.1.21/compute/v2.1/flavors 1.344s
2025-04-03 02:37:58.830 69353 INFO tempest.lib.common.rest_client [req-d469229b-7ba7-4267-94c3-736ae75934d9 req-d469229b-7ba7-4267-94c3-736ae75934d9 ] Request (FlavorsAccessNegativeTestJSON:test_remove_flavor_access_not_found): 404 POST http://10.180.1.21/compute/v2.1/flavors/639301036/action 1.403s
2025-04-03 02:37:58.845 69361 INFO tempest.lib.common.rest_client [req-01d7152b-0438-4383-859f-297e7e26fe5b req-01d7152b-0438-4383-859f-297e7e26fe5b ] Request (ImagesDeleteNegativeTestJSON:test_delete_image_with_id_over_character_limit): 404 DELETE http://10.180.1.21/compute/v2.1/images/abc8f6bd-05eb-4d6b-91b6-be56bd5f156e1 1.255s
2025-04-03 02:37:58.854 69443 INFO tempest.lib.common.rest_client [req-e43a865c-02bd-4e3d-a9e8-826a17f34c23 req-e43a865c-02bd-4e3d-a9e8-826a17f34c23 ] Request (MultipleCreateNegativeTestJSON:test_min_count_non_integer): 400 POST http://10.180.1.21/compute/v2.1/servers 1.238s
2025-04-03 02:37:58.920 69439 INFO tempest.lib.common.rest_client [req-553dc859-ccf2-4fd8-8dfa-d0920236b9a5 req-553dc859-ccf2-4fd8-8dfa-d0920236b9a5 ] Request (ImagesOneServerNegativeTestJSON:setUp): 200 GET http://10.180.1.21/compute/v2.1/servers/e72aa1dc-1f7f-46f7-b360-9a49ed59c796 1.331s
2025-04-03 02:37:58.940 69388 INFO tempest.lib.common.rest_client [req-7ace49c7-d62a-47e4-9a2b-f5fe00ae364f req-7ace49c7-d62a-47e4-9a2b-f5fe00ae364f ] Request (ImagesNegativeTestJSON:test_create_image_from_deleted_server): 200 GET http://10.180.1.21/compute/v2.1/servers/05b13add-f4ba-4f12-8bd4-03d5586c2c21 1.221s
2025-04-03 02:37:58.944 69351 INFO tempest.lib.common.rest_client [req-d2697abe-40ae-4d22-9e07-75c631c2aef6 req-d2697abe-40ae-4d22-9e07-75c631c2aef6 ] Request (QuotasAdminNegativeTest:tearDownClass): 204 DELETE http://10.180.1.21:9696/networking/v2.0/security-groups/7fd54562-6e4d-43bc-90cd-a087caa42002 0.217s
2025-04-03 02:37:59.018 69449 INFO tempest.lib.common.rest_client [req-e0ba3ace-288b-47a3-8cad-295970967f0c req-e0ba3ace-288b-47a3-8cad-295970967f0c ] Request (VolumesAdminNegativeTest:test_update_attached_volume_with_nonexistent_volume_in_body): 201 POST http://10.180.1.21:9696/networking/v2.0/security-groups 0.244s
2025-04-03 02:37:59.020 69373 INFO tempest.lib.common.rest_client [req-477cba90-49cb-427f-b847-3dac63434c81 req-477cba90-49cb-427f-b847-3dac63434c81 ] Request (ServersListShow2100Test:test_list_show_rebuild_update_server_2100): 200 GET http://10.180.1.21/compute/v2.1/servers/6dea2c21-e194-4347-bdb8-3b1c25c3061e 1.182s
2025-04-03 02:37:59.057 69443 INFO tempest.lib.common.rest_client [req-b415e61d-2ccc-4d06-8304-89ec5f21278b req-b415e61d-2ccc-4d06-8304-89ec5f21278b ] Request (MultipleCreateNegativeTestJSON:tearDownClass): 204 DELETE http://10.180.1.21/identity/v3/users/b1702df60fc846fca0eda988eaa3cb05 0.201s
2025-04-03 02:37:59.057 69443 INFO tempest.lib.common.dynamic_creds [-] Deleting project and security group for project: 711ae73c256d4bdc824308cda9e52e93
2025-04-03 02:37:59.064 69357 INFO tempest.lib.common.rest_client [req-484dc2b1-7d96-451b-acfc-aef9543285b3 req-484dc2b1-7d96-451b-acfc-aef9543285b3 ] Request (ImagesOneServerTestJSON:test_create_delete_image): 200 GET http://10.180.1.21/compute/v2.1/images/4206aea5-99b3-427a-87cf-ad1fe007c4f6 1.187s
2025-04-03 02:37:59.116 69443 INFO tempest.lib.common.rest_client [req-bea175f0-2b01-45c6-8711-84845f67c599 req-bea175f0-2b01-45c6-8711-84845f67c599 ] Request (MultipleCreateNegativeTestJSON:tearDownClass): 201 POST http://10.180.1.21/identity/v3/auth/tokens 0.058s
2025-04-03 02:37:59.117 69447 INFO tempest.lib.common.rest_client [req-743dd91e-407d-4e55-9b89-a52d064b182f req-743dd91e-407d-4e55-9b89-a52d064b182f ] Request (ServerGroup264TestJSON:test_create_get_server_group): 200 POST http://10.180.1.21/compute/v2.1/os-server-groups 1.341s
2025-04-03 02:37:59.129 69449 INFO tempest.lib.common.rest_client [req-d5501779-ceae-4040-8dd7-64db9a37bcd3 req-d5501779-ceae-4040-8dd7-64db9a37bcd3 ] Request (VolumesAdminNegativeTest:test_update_attached_volume_with_nonexistent_volume_in_body): 201 POST http://10.180.1.21:9696/networking/v2.0/security-group-rules 0.111s
2025-04-03 02:37:59.138 69351 INFO tempest.lib.common.rest_client [req-184c0bbc-10c0-4735-81cd-b4154ed7d177 req-184c0bbc-10c0-4735-81cd-b4154ed7d177 ] Request (QuotasAdminNegativeTest:tearDownClass): 204 DELETE http://10.180.1.21/identity/v3/projects/856e3c09e0714e48a088d1599e606bc6 0.194s
2025-04-03 02:37:59.140 69377 INFO tempest.lib.common.rest_client [req-719ffac0-de6e-4a97-90e3-56e9445f6cf4 req-719ffac0-de6e-4a97-90e3-56e9445f6cf4 ] Request (ServersAdminNegativeTestJSON:test_migrate_server_invalid_state): 200 GET http://10.180.1.21/compute/v2.1/servers/399fb7d3-fa27-48f0-a415-7d286fc19caf 1.161s
2025-04-03 02:37:59.171 69453 INFO tempest.lib.common.rest_client [req-fd6f7fb0-7ac3-4f3a-b7e0-17825ac83704 req-fd6f7fb0-7ac3-4f3a-b7e0-17825ac83704 ] Request (FlavorsV2TestJSON:test_list_flavors_with_detail): 200 GET http://10.180.1.21/compute/v2.1/flavors/detail 1.025s
2025-04-03 02:37:59.216 69437 INFO tempest.lib.common.rest_client [req-1b30563b-cfa0-4161-a95f-c89ac4ae05c9 req-1b30563b-cfa0-4161-a95f-c89ac4ae05c9 ] Request (VolumesAssistedSnapshotsTest:test_volume_assisted_snapshot_create_delete): 200 GET http://10.180.1.21/compute/v2.1/servers/3b4c9703-c5a2-4f9d-8a1b-a16860c77564/os-interface 1.102s
2025-04-03 02:37:59.227 69351 INFO tempest.lib.common.rest_client [req-af92a415-7005-42dc-8f38-e2a356f9ec46 req-af92a415-7005-42dc-8f38-e2a356f9ec46 ] Request (ServersTestJSON:setUpClass): 201 POST http://10.180.1.21/identity/v3/auth/tokens 0.086s
2025-04-03 02:37:59.285 69351 INFO tempest.lib.common.rest_client [req-94249f25-9c7b-4631-89a4-909e90b022b6 req-94249f25-9c7b-4631-89a4-909e90b022b6 ] Request (ServersTestJSON:setUpClass): 201 POST http://10.180.1.21/identity/v3/auth/tokens 0.054s
2025-04-03 02:37:59.303 69449 INFO tempest.lib.common.rest_client [req-d7f0cb44-97a2-4a77-9149-d7b1a5df08e7 req-d7f0cb44-97a2-4a77-9149-d7b1a5df08e7 ] Request (VolumesAdminNegativeTest:test_update_attached_volume_with_nonexistent_volume_in_body): 201 POST http://10.180.1.21:9696/networking/v2.0/security-group-rules 0.173s
2025-04-03 02:37:59.317 69351 INFO tempest.lib.common.rest_client [req-1bdc4e11-84de-41e6-97c0-80bc22145e74 req-1bdc4e11-84de-41e6-97c0-80bc22145e74 ] Request (ServersTestJSON:setUpClass): 200 GET http://10.180.1.21/identity/v3/domains?name=Default 0.032s
2025-04-03 02:37:59.341 69383 INFO tempest.lib.common.rest_client [req-26bc13c4-2d5c-420f-a662-00b04aa95c3f req-26bc13c4-2d5c-420f-a662-00b04aa95c3f ] Request (KeyPairsNegativeTestJSON:test_create_keypair_invalid_name): 400 POST http://10.180.1.21/compute/v2.1/os-keypairs 1.185s
2025-04-03 02:37:59.352 69351 INFO tempest.lib.common.rest_client [req-4fbca7af-c53a-497a-a3aa-db38a30c0fc2 req-4fbca7af-c53a-497a-a3aa-db38a30c0fc2 ] Request (ServersTestJSON:setUpClass): 201 POST http://10.180.1.21/identity/v3/projects 0.034s
2025-04-03 02:37:59.402 69365 INFO tempest.lib.common.rest_client [req-2a23bf24-362a-4e3b-8f16-6dc1b1232bcd req-2a23bf24-362a-4e3b-8f16-6dc1b1232bcd ] Request (ServersTestBootFromVolume:setUpClass): 200 GET http://10.180.1.21/volume/v3/volumes/83554ea5-521f-4281-b0ed-39673e9f59e4 0.056s
2025-04-03 02:37:59.453 69351 INFO tempest.lib.common.rest_client [req-e0623df8-f634-444a-8aa8-89c7ac40555a req-e0623df8-f634-444a-8aa8-89c7ac40555a ] Request (ServersTestJSON:setUpClass): 201 POST http://10.180.1.21/identity/v3/users 0.100s
2025-04-03 02:37:59.479 69351 INFO tempest.lib.common.rest_client [req-27f2d0a3-cc2b-4901-b337-87f5e6b140d8 req-27f2d0a3-cc2b-4901-b337-87f5e6b140d8 ] Request (ServersTestJSON:setUpClass): 200 GET http://10.180.1.21/identity/v3/roles 0.025s
2025-04-03 02:37:59.511 69351 INFO tempest.lib.common.rest_client [req-f1dc825f-cb98-4c63-845b-774458144378 req-f1dc825f-cb98-4c63-845b-774458144378 ] Request (ServersTestJSON:setUpClass): 204 PUT http://10.180.1.21/identity/v3/projects/5446ab577fc640b39aef9d0ca00b7f50/users/c99ee18885d7403b9fc7368aa19948be/roles/a75584226bba4fc29b731598299d8023 0.032s
2025-04-03 02:37:59.512 69351 INFO tempest.lib.common.dynamic_creds [-] Dynamic test user c99ee18885d7403b9fc7368aa19948be is created with scope project and roles: ['member']
