2025-04-03 02:39:21.467 69443 INFO tempest.lib.common.rest_client [req-5a9d9ce6-6937-4a4b-a512-89e22f99e07d req-5a9d9ce6-6937-4a4b-a512-89e22f99e07d ] Request (ServerRescueTestJSONUnderV235:setUpClass): 200 GET http://10.180.1.21/compute/v2.1/servers/b5117501-e54b-457c-9987-e7acc1129863 0.051s
2025-04-03 02:39:21.515 69357 INFO tempest.lib.common.rest_client [req-f6fe50bc-97a9-4cd2-9e0e-83ce78d5cc1a req-f6fe50bc-97a9-4cd2-9e0e-83ce78d5cc1a ] Request (ServersTestManualDisk:setUpClass): 200 GET http://10.180.1.21/compute/v2.1/servers/c3b51f0b-ada9-4b7b-9a9e-5ab4ec5eae52 0.051s
2025-04-03 02:39:21.550 69402 INFO tempest.lib.common.rest_client [req-f92db2df-f8d6-4518-8b72-9c71a0154f44 req-f92db2df-f8d6-4518-8b72-9c71a0154f44 ] Request (DeleteServersAdminTestJSON:test_delete_server_while_in_error_state): 200 GET http://10.180.1.21/compute/v2.1/servers/2cacec84-7fd2-4999-ad1b-207239004e0d 0.053s
2025-04-03 02:39:21.581 69377 INFO tempest.lib.common.rest_client [req-b1b7c543-f6d2-4866-9101-9c4a62541ec0 req-b1b7c543-f6d2-4866-9101-9c4a62541ec0 ] Request (ServersAdminNegativeTestJSON:tearDownClass): 200 GET http://10.180.1.21/compute/v2.1/servers/e3218ff9-bffe-4077-b090-e61b7e309c4d 0.056s
2025-04-03 02:39:21.605 69424 INFO tempest.lib.common.rest_client [req-b94ad3c4-91b8-45b7-bfce-45e385f71386 req-b94ad3c4-91b8-45b7-bfce-45e385f71386 ] Request (DeleteServersTestJSON:test_delete_active_server): 200 GET http://10.180.1.21/compute/v2.1/servers/78fa7dad-564c-4a5c-9a12-28ff08f4fc26 0.052s
2025-04-03 02:39:21.627 69373 INFO tempest.lib.common.rest_client [req-4c60cebd-1a26-4aac-b736-c470982d32cf req-4c60cebd-1a26-4aac-b736-c470982d32cf ] Request (AttachVolumeTestJSON:test_attach_detach_volume): 200 GET http://10.180.1.21/compute/v2.1/servers/5385f25c-700d-4ee8-9714-2bc84481df0c 0.057s
2025-04-03 02:39:21.665 69388 INFO tempest.lib.common.rest_client [req-4b6a5571-ce63-4e58-960a-123baabf09fa req-4b6a5571-ce63-4e58-960a-123baabf09fa ] Request (MultipleCreateTestJSON:test_multiple_create): 200 GET http://10.180.1.21/compute/v2.1/servers/e1afbb1e-ceb6-4154-9cb3-d2ec935e194d 0.053s
2025-04-03 02:39:21.691 69375 INFO tempest.lib.common.rest_client [req-80efa3c8-53ac-48d8-85ee-9e9b63b51af8 req-80efa3c8-53ac-48d8-85ee-9e9b63b51af8 ] Request (ServersAdminTestJSON:test_create_server_with_scheduling_hint): 200 GET http://10.180.1.21/compute/v2.1/servers/2b824b3e-a8c4-483a-b8bb-fff02928ad4b 0.053s
2025-04-03 02:39:21.712 69439 INFO tempest.lib.common.rest_client [req-c344a2fa-0137-4432-83f9-b173a624c4b0 req-c344a2fa-0137-4432-83f9-b173a624c4b0 ] Request (ImagesOneServerNegativeTestJSON:_run_cleanups): 200 GET http://10.180.1.21/compute/v2.1/servers/5f5bf870-75f9-485c-91fa-cda01dde02d3 0.052s
2025-04-03 02:39:21.747 69361 INFO tempest.lib.common.rest_client [req-63e0b5de-b6d9-408e-9731-eaaca0d40cc3 req-63e0b5de-b6d9-408e-9731-eaaca0d40cc3 ] Request (ServerAddressesTestJSON:setUpClass): 200 GET http://10.180.1.21/compute/v2.1/servers/28f21eb6-1bf9-4d53-9f35-017e1615a127 0.044s
2025-04-03 02:39:21.770 69385 INFO tempest.lib.common.rest_client [req-ad8b02ae-31f3-40f9-aec0-2a643329c19a req-ad8b02ae-31f3-40f9-aec0-2a643329c19a ] Request (ServerDiagnosticsV248Test:tearDownClass): 200 GET http://10.180.1.21/compute/v2.1/servers/70bfc9a1-b390-473c-9bcd-0f784f6311a0 0.052s
2025-04-03 02:39:21.801 69367 INFO tempest.lib.common.rest_client [req-912bf654-e0ef-49f6-a17e-085484bce353 req-912bf654-e0ef-49f6-a17e-085484bce353 ] Request (FloatingIPsAssociationNegativeTestJSON:setUpClass): 200 GET http://10.180.1.21/compute/v2.1/servers/ca7666ac-21be-4cca-8e1f-19e4338e31d6 0.044s
2025-04-03 02:39:21.820 69381 INFO tempest.lib.common.rest_client [req-ca6510a3-9f69-430c-9f08-9ce5ca50089f req-ca6510a3-9f69-430c-9f08-9ce5ca50089f ] Request (FloatingIPsAssociationTestJSON:test_associate_already_associated_floating_ip): 200 GET http://10.180.1.21/compute/v2.1/servers/c7a639f5-384c-4a1e-a05f-afb7a193501e 0.046s
2025-04-03 02:39:21.873 69371 INFO tempest.lib.common.rest_client [req-502206c6-c0d3-461b-a37c-6441ac648d9b req-502206c6-c0d3-461b-a37c-6441ac648d9b ] Request (ListServerFiltersTestJSON:tearDownClass): 200 GET http://10.180.1.21/compute/v2.1/servers/2bf89dda-efc6-4350-abcc-fa25981d86ad 0.051s
2025-04-03 02:39:22.023 69405 INFO tempest.lib.common.rest_client [req-fc568441-b54c-48f6-8662-f7ed7c63ba1a req-fc568441-b54c-48f6-8662-f7ed7c63ba1a ] Request (ServerDiagnosticsNegativeTest:tearDownClass): 404 GET http://10.180.1.21/compute/v2.1/servers/6318c0f4-95e8-4d08-999c-4065813c76c7 0.023s
2025-04-03 02:39:22.067 69365 INFO tempest.lib.common.rest_client [req-93eb0568-d8b0-4df2-8a78-8772dd8c8455 req-93eb0568-d8b0-4df2-8a78-8772dd8c8455 ] Request (ServersTestBootFromVolume:setUpClass): 200 GET http://10.180.1.21/compute/v2.1/servers/97e1edb9-4edb-42fa-b778-2cbd957e4d89 0.092s
2025-04-03 02:39:22.095 69359 INFO tempest.lib.common.rest_client [req-82b3875b-7f70-4f93-9b69-e548cad7af8a req-82b3875b-7f70-4f93-9b69-e548cad7af8a ] Request (ListServersNegativeTestJSON:setUpClass): 200 GET http://10.180.1.21/compute/v2.1/servers/4f80f5be-5b1e-4156-b061-81e818008cdd 0.057s
2025-04-03 02:39:22.099 69405 INFO tempest.lib.common.rest_client [req-513a85bb-0b92-453f-b093-f9371efc356c req-513a85bb-0b92-453f-b093-f9371efc356c ] Request (ServerDiagnosticsNegativeTest:tearDownClass): 204 DELETE http://10.180.1.21/identity/v3/users/45029b3bfde44ce896e71a393eee8786 0.076s
2025-04-03 02:39:22.185 69405 INFO tempest.lib.common.rest_client [req-c7a16f4a-ff96-46a3-a1f2-493f78b73d06 req-c7a16f4a-ff96-46a3-a1f2-493f78b73d06 ] Request (ServerDiagnosticsNegativeTest:tearDownClass): 204 DELETE http://10.180.1.21/identity/v3/users/d771e70a7809446eb7871b5e0b9a88df 0.085s
2025-04-03 02:39:22.185 69405 INFO tempest.lib.common.dynamic_creds [-] Deleting project and security group for project: 49a6a74aacbd4c33aad5129427f0503a
2025-04-03 02:39:22.207 69383 INFO tempest.lib.common.rest_client [req-46d96abf-c543-4b7a-bde6-ad8fd40d8acc req-46d96abf-c543-4b7a-bde6-ad8fd40d8acc ] Request (ServerAddressesNegativeTestJSON:setUpClass): 200 GET http://10.180.1.21/compute/v2.1/servers/2dd0717f-fec5-4022-90d8-99b25f48f91c 0.057s
2025-04-03 02:39:22.237 69405 INFO tempest.lib.common.rest_client [req-d4a4049e-9677-4690-a95d-4c4225276078 req-d4a4049e-9677-4690-a95d-4c4225276078 ] Request (ServerDiagnosticsNegativeTest:tearDownClass): 201 POST http://10.180.1.21/identity/v3/auth/tokens 0.052s
2025-04-03 02:39:22.262 69369 INFO tempest.lib.common.rest_client [req-ece242d6-0433-461d-abe2-a9e3b7dfaf66 req-ece242d6-0433-461d-abe2-a9e3b7dfaf66 ] Request (ServerMetadataTestJSON:setUpClass): 200 GET http://10.180.1.21/compute/v2.1/servers/4079e384-966a-4bae-9515-3d8a3a1c19c2 0.049s
2025-04-03 02:39:22.318 69349 INFO tempest.lib.common.rest_client [req-7f69f66d-62a5-4754-8591-8373319d7c75 req-7f69f66d-62a5-4754-8591-8373319d7c75 ] Request (ImagesTestJSON:test_create_image_from_stopped_server): 200 GET http://10.180.1.21/compute/v2.1/servers/9183d175-3295-40ee-a4a6-b7bc8f5694f1 0.053s
2025-04-03 02:39:22.361 69353 INFO tempest.lib.common.rest_client [req-748b9e3f-a410-4655-81d9-8fa54c4dd67e req-748b9e3f-a410-4655-81d9-8fa54c4dd67e ] Request (ServerExternalEventsTest:test_create_server_external_events): 200 GET http://10.180.1.21/compute/v2.1/servers/edb019f1-3d31-4127-95b9-9c893cc0bed9 0.049s
2025-04-03 02:39:22.410 69405 INFO tempest.lib.common.rest_client [req-4b0c0da0-3846-45db-bb12-69ac4ca73143 req-4b0c0da0-3846-45db-bb12-69ac4ca73143 ] Request (ServerDiagnosticsNegativeTest:tearDownClass): 200 GET http://10.180.1.21:9696/networking/v2.0/security-groups?tenant_id=49a6a74aacbd4c33aad5129427f0503a&name=default 0.172s
2025-04-03 02:39:22.417 69453 INFO tempest.lib.common.rest_client [req-27970346-5eb4-488a-a7cd-cee83c3c600b req-27970346-5eb4-488a-a7cd-cee83c3c600b ] Request (AttachVolumeShelveTestJSON:test_attach_volume_shelved_or_offload_server): 200 GET http://10.180.1.21/compute/v2.1/servers/b0b98b8f-ad6b-4e95-aacc-b097bdb37de1 0.060s
2025-04-03 02:39:22.454 69380 INFO tempest.lib.common.rest_client [req-059dea09-6644-4302-8596-5d74471fd781 req-059dea09-6644-4302-8596-5d74471fd781 ] Request (MigrationsAdminTest:test_resize_server_revert_deleted_flavor): 200 GET http://10.180.1.21/compute/v2.1/servers/f4c95b46-1573-428d-a7c5-637375d2cfb1 0.062s
2025-04-03 02:39:22.529 69443 INFO tempest.lib.common.rest_client [req-6287342c-53f2-4126-9e9c-9e8a4074c4f3 req-6287342c-53f2-4126-9e9c-9e8a4074c4f3 ] Request (ServerRescueTestJSONUnderV235:setUpClass): 200 GET http://10.180.1.21/compute/v2.1/servers/b5117501-e54b-457c-9987-e7acc1129863 0.055s
2025-04-03 02:39:22.591 69357 INFO tempest.lib.common.rest_client [req-b439ccb4-a824-4782-9bf9-7e5b0a5d83e2 req-b439ccb4-a824-4782-9bf9-7e5b0a5d83e2 ] Request (ServersTestManualDisk:setUpClass): 200 GET http://10.180.1.21/compute/v2.1/servers/c3b51f0b-ada9-4b7b-9a9e-5ab4ec5eae52 0.068s
2025-04-03 02:39:22.646 69402 INFO tempest.lib.common.rest_client [req-e055b119-d56c-488a-b740-07111b9e0a8c req-e055b119-d56c-488a-b740-07111b9e0a8c ] Request (DeleteServersAdminTestJSON:test_delete_server_while_in_error_state): 200 GET http://10.180.1.21/compute/v2.1/servers/2cacec84-7fd2-4999-ad1b-207239004e0d 0.089s
2025-04-03 02:39:22.651 69351 INFO tempest.lib.common.rest_client [req-f0539a3f-a4db-4402-8a82-90ee08b0d1b7 req-f0539a3f-a4db-4402-8a82-90ee08b0d1b7 ] Request (ServersTestJSON:setUpClass): 200 GET http://10.180.1.21/compute/v2.1/servers/b374160e-4db2-457f-9e31-b9862bc327b9 0.236s
2025-04-03 02:39:22.706 69377 INFO tempest.lib.common.rest_client [req-d0d8b202-642d-4288-b59a-6da7547fa3ba req-d0d8b202-642d-4288-b59a-6da7547fa3ba ] Request (ServersAdminNegativeTestJSON:tearDownClass): 200 GET http://10.180.1.21/compute/v2.1/servers/e3218ff9-bffe-4077-b090-e61b7e309c4d 0.117s
2025-04-03 02:39:22.716 69424 INFO tempest.lib.common.rest_client [req-b537f403-bdec-4032-8221-d1df8a33ebe7 req-b537f403-bdec-4032-8221-d1df8a33ebe7 ] Request (DeleteServersTestJSON:test_delete_active_server): 200 GET http://10.180.1.21/compute/v2.1/servers/78fa7dad-564c-4a5c-9a12-28ff08f4fc26 0.101s
2025-04-03 02:39:22.756 69405 INFO tempest.lib.common.rest_client [req-f1094ee8-9746-41b1-93ae-968138abb8dd req-f1094ee8-9746-41b1-93ae-968138abb8dd ] Request (ServerDiagnosticsNegativeTest:tearDownClass): 204 DELETE http://10.180.1.21:9696/networking/v2.0/security-groups/e9f52d2d-1a99-4d6a-9c74-4bf399763356 0.346s
2025-04-03 02:39:22.760 69373 INFO tempest.lib.common.rest_client [req-19694098-c2c4-4898-bb1a-a986a65bec37 req-19694098-c2c4-4898-bb1a-a986a65bec37 ] Request (AttachVolumeTestJSON:test_attach_detach_volume): 200 GET http://10.180.1.21/compute/v2.1/servers/5385f25c-700d-4ee8-9714-2bc84481df0c 0.125s
2025-04-03 02:39:22.772 69388 INFO tempest.lib.common.rest_client [req-098e80e0-c0da-4754-8815-64a5a28c8186 req-098e80e0-c0da-4754-8815-64a5a28c8186 ] Request (MultipleCreateTestJSON:test_multiple_create): 200 GET http://10.180.1.21/compute/v2.1/servers/e1afbb1e-ceb6-4154-9cb3-d2ec935e194d 0.099s
2025-04-03 02:39:22.819 69375 INFO tempest.lib.common.rest_client [req-8d85b5fd-2a20-4f32-8eaf-59be16f1e216 req-8d85b5fd-2a20-4f32-8eaf-59be16f1e216 ] Request (ServersAdminTestJSON:test_create_server_with_scheduling_hint): 200 GET http://10.180.1.21/compute/v2.1/servers/2b824b3e-a8c4-483a-b8bb-fff02928ad4b 0.120s
2025-04-03 02:39:22.827 69405 INFO tempest.lib.common.rest_client [req-9c6a6dc8-2e8f-424a-bb6a-30b1f4482202 req-9c6a6dc8-2e8f-424a-bb6a-30b1f4482202 ] Request (ServerDiagnosticsNegativeTest:tearDownClass): 204 DELETE http://10.180.1.21/identity/v3/projects/49a6a74aacbd4c33aad5129427f0503a 0.070s
2025-04-03 02:39:22.828 69405 INFO tempest.lib.common.dynamic_creds [-] Deleting project and security group for project: d053e2e1aad34402ac337c0933108c6e
2025-04-03 02:39:22.833 69439 INFO tempest.lib.common.rest_client [req-8f698abf-a506-42c5-9921-b927b13c37fa req-8f698abf-a506-42c5-9921-b927b13c37fa ] Request (ImagesOneServerNegativeTestJSON:_run_cleanups): 200 GET http://10.180.1.21/compute/v2.1/servers/5f5bf870-75f9-485c-91fa-cda01dde02d3 0.113s
2025-04-03 02:39:22.861 69405 INFO tempest.lib.common.rest_client [req-b331c5b4-be80-4d6f-b8c3-acb76249016b req-b331c5b4-be80-4d6f-b8c3-acb76249016b ] Request (ServerDiagnosticsNegativeTest:tearDownClass): 200 GET http://10.180.1.21:9696/networking/v2.0/security-groups?tenant_id=d053e2e1aad34402ac337c0933108c6e&name=default 0.033s
2025-04-03 02:39:22.865 69361 INFO tempest.lib.common.rest_client [req-3fe34777-3557-46fa-a18f-dafb2eeec104 req-3fe34777-3557-46fa-a18f-dafb2eeec104 ] Request (ServerAddressesTestJSON:setUpClass): 200 GET http://10.180.1.21/compute/v2.1/servers/28f21eb6-1bf9-4d53-9f35-017e1615a127 0.110s
2025-04-03 02:39:22.893 69385 INFO tempest.lib.common.rest_client [req-b106fb97-d2f7-464d-adb2-bdad9e9b8d5e req-b106fb97-d2f7-464d-adb2-bdad9e9b8d5e ] Request (ServerDiagnosticsV248Test:tearDownClass): 200 GET http://10.180.1.21/compute/v2.1/servers/70bfc9a1-b390-473c-9bcd-0f784f6311a0 0.114s
2025-04-03 02:39:22.917 69367 INFO tempest.lib.common.rest_client [req-fa319446-c4e4-4dd1-ae7c-e00fe7a591f2 req-fa319446-c4e4-4dd1-ae7c-e00fe7a591f2 ] Request (FloatingIPsAssociationNegativeTestJSON:setUpClass): 200 GET http://10.180.1.21/compute/v2.1/servers/ca7666ac-21be-4cca-8e1f-19e4338e31d6 0.107s
2025-04-03 02:39:22.945 69405 INFO tempest.lib.common.rest_client [req-9612f6b1-6c57-4045-8cf4-f4d95c6786d6 req-9612f6b1-6c57-4045-8cf4-f4d95c6786d6 ] Request (ServerDiagnosticsNegativeTest:tearDownClass): 204 DELETE http://10.180.1.21:9696/networking/v2.0/security-groups/15b89b42-7cd4-45be-b56b-b79b3aae4ee2 0.083s
2025-04-03 02:39:22.947 69381 INFO tempest.lib.common.rest_client [req-670aad63-7db5-444c-81a5-e6715ffca313 req-670aad63-7db5-444c-81a5-e6715ffca313 ] Request (FloatingIPsAssociationTestJSON:test_associate_already_associated_floating_ip): 200 GET http://10.180.1.21/compute/v2.1/servers/c7a639f5-384c-4a1e-a05f-afb7a193501e 0.118s
2025-04-03 02:39:22.970 69371 INFO tempest.lib.common.rest_client [req-fe8bf245-2d6c-455f-bf39-06e05ca9e11e req-fe8bf245-2d6c-455f-bf39-06e05ca9e11e ] Request (ListServerFiltersTestJSON:tearDownClass): 200 GET http://10.180.1.21/compute/v2.1/servers/2bf89dda-efc6-4350-abcc-fa25981d86ad 0.088s
2025-04-03 02:39:23.023 69405 INFO tempest.lib.common.rest_client [req-0d0179c5-f4eb-4fe4-bf1d-a13711f6bc94 req-0d0179c5-f4eb-4fe4-bf1d-a13711f6bc94 ] Request (ServerDiagnosticsNegativeTest:tearDownClass): 204 DELETE http://10.180.1.21/identity/v3/projects/d053e2e1aad34402ac337c0933108c6e 0.077s
2025-04-03 02:39:23.075 69405 INFO tempest.lib.common.rest_client [req-3e1b9ff5-c002-4a17-bdc7-bfd215140ad1 req-3e1b9ff5-c002-4a17-bdc7-bfd215140ad1 ] Request (SecurityGroupRulesNegativeTestJSON:setUpClass): 201 POST http://10.180.1.21/identity/v3/auth/tokens 0.050s
2025-04-03 02:39:23.080 69355 WARNING tempest.lib.common.ssh [-] Failed to establish authenticated ssh connection to cirros@10.180.180.193 ([Errno None] Unable to connect to port 22 on 10.180.180.193). Number attempts: 1. Retry after 2 seconds.: paramiko.ssh_exception.NoValidConnectionsError: [Errno None] Unable to connect to port 22 on 10.180.180.193
2025-04-03 02:39:23.107 69405 INFO tempest.lib.common.rest_client [req-6fea18d0-82f9-41cc-9635-f4c9dbe6de23 req-6fea18d0-82f9-41cc-9635-f4c9dbe6de23 ] Request (SecurityGroupRulesNegativeTestJSON:setUpClass): 201 POST http://10.180.1.21/identity/v3/auth/tokens 0.029s
2025-04-03 02:39:23.133 69405 INFO tempest.lib.common.rest_client [req-7dfebd31-fa2e-4a89-bc87-dd6d80ba0273 req-7dfebd31-fa2e-4a89-bc87-dd6d80ba0273 ] Request (SecurityGroupRulesNegativeTestJSON:setUpClass): 200 GET http://10.180.1.21/identity/v3/domains?name=Default 0.025s
2025-04-03 02:39:23.161 69405 INFO tempest.lib.common.rest_client [req-ed4eb16e-8863-4ce3-b341-9a0beaae0d6b req-ed4eb16e-8863-4ce3-b341-9a0beaae0d6b ] Request (SecurityGroupRulesNegativeTestJSON:setUpClass): 201 POST http://10.180.1.21/identity/v3/projects 0.028s
2025-04-03 02:39:23.168 69359 INFO tempest.lib.common.rest_client [req-4f5b4188-d86f-42e1-8dad-00959ea8cd0f req-4f5b4188-d86f-42e1-8dad-00959ea8cd0f ] Request (ListServersNegativeTestJSON:setUpClass): 200 GET http://10.180.1.21/compute/v2.1/servers/4f80f5be-5b1e-4156-b061-81e818008cdd 0.063s
2025-04-03 02:39:23.220 69405 INFO tempest.lib.common.rest_client [req-421c2d17-8e92-4177-9f00-0eec30d8e03e req-421c2d17-8e92-4177-9f00-0eec30d8e03e ] Request (SecurityGroupRulesNegativeTestJSON:setUpClass): 201 POST http://10.180.1.21/identity/v3/users 0.059s
2025-04-03 02:39:23.222 69365 INFO tempest.lib.common.rest_client [req-ef2e0d0d-fa36-47c2-a8dd-69c5ca19404a req-ef2e0d0d-fa36-47c2-a8dd-69c5ca19404a ] Request (ServersTestBootFromVolume:setUpClass): 200 GET http://10.180.1.21/compute/v2.1/servers/97e1edb9-4edb-42fa-b778-2cbd957e4d89 0.143s
2025-04-03 02:39:23.243 69405 INFO tempest.lib.common.rest_client [req-87debcff-659b-4b5f-8404-11dc9cf6ea0b req-87debcff-659b-4b5f-8404-11dc9cf6ea0b ] Request (SecurityGroupRulesNegativeTestJSON:setUpClass): 200 GET http://10.180.1.21/identity/v3/roles 0.022s
2025-04-03 02:39:23.266 69405 INFO tempest.lib.common.rest_client [req-9dd6f05d-7e71-438a-baea-4f35cfe88b18 req-9dd6f05d-7e71-438a-baea-4f35cfe88b18 ] Request (SecurityGroupRulesNegativeTestJSON:setUpClass): 204 PUT http://10.180.1.21/identity/v3/projects/cbdb100f0beb478dbd14cb5f2bf2fdd8/users/21b054c4eb124b79b40416fb80d8d119/roles/a75584226bba4fc29b731598299d8023 0.023s
2025-04-03 02:39:23.267 69405 INFO tempest.lib.common.dynamic_creds [-] Dynamic test user 21b054c4eb124b79b40416fb80d8d119 is created with scope project and roles: ['member']
2025-04-03 02:39:23.267 69405 INFO tempest.lib.common.dynamic_creds [-] Acquired dynamic creds: credentials: Credentials: {'domain_id': 'default', 'domain_name': 'Default', 'username': 'tempest-SecurityGroupRulesNegativeTestJSON-1040832130-project-member', 'project_domain_id': 'default', 'project_domain_name': 'Default', 'project_id': 'cbdb100f0beb478dbd14cb5f2bf2fdd8', 'project_name': 'tempest-SecurityGroupRulesNegativeTestJSON-1040832130', 'tenant_id': 'cbdb100f0beb478dbd14cb5f2bf2fdd8', 'tenant_name': 'tempest-SecurityGroupRulesNegativeTestJSON-1040832130', 'user_domain_id': 'default', 'user_domain_name': 'Default', 'user_id': '21b054c4eb124b79b40416fb80d8d119', 'system': None}, Network: None, Subnet: None, Router: None
2025-04-03 02:39:23.274 69383 INFO tempest.lib.common.rest_client [req-8efcaf02-4c93-4880-8da2-b1859ca24ba3 req-8efcaf02-4c93-4880-8da2-b1859ca24ba3 ] Request (ServerAddressesNegativeTestJSON:setUpClass): 200 GET http://10.180.1.21/compute/v2.1/servers/2dd0717f-fec5-4022-90d8-99b25f48f91c 0.060s
2025-04-03 02:39:23.323 69405 INFO tempest.lib.common.rest_client [req-a19cfa6d-1f7c-4d12-865c-7219dd10d097 req-a19cfa6d-1f7c-4d12-865c-7219dd10d097 ] Request (SecurityGroupRulesNegativeTestJSON:setUpClass): 201 POST http://10.180.1.21/identity/v3/auth/tokens 0.056s
2025-04-03 02:39:23.323 69369 INFO tempest.lib.common.rest_client [req-bbd9621e-a9bd-496c-ba5d-51bb81c58a81 req-bbd9621e-a9bd-496c-ba5d-51bb81c58a81 ] Request (ServerMetadataTestJSON:setUpClass): 200 GET http://10.180.1.21/compute/v2.1/servers/4079e384-966a-4bae-9515-3d8a3a1c19c2 0.053s
2025-04-03 02:39:23.379 69349 INFO tempest.lib.common.rest_client [req-2c340d77-0cc7-4e3c-ac6e-c684d7df1764 req-2c340d77-0cc7-4e3c-ac6e-c684d7df1764 ] Request (ImagesTestJSON:test_create_image_from_stopped_server): 200 GET http://10.180.1.21/compute/v2.1/servers/9183d175-3295-40ee-a4a6-b7bc8f5694f1 0.053s
2025-04-03 02:39:23.417 69353 INFO tempest.lib.common.rest_client [req-24cc0ae2-917a-414a-a2e0-367ae25b3290 req-24cc0ae2-917a-414a-a2e0-367ae25b3290 ] Request (ServerExternalEventsTest:test_create_server_external_events): 200 GET http://10.180.1.21/compute/v2.1/servers/edb019f1-3d31-4127-95b9-9c893cc0bed9 0.048s
2025-04-03 02:39:23.457 69437 WARNING tempest.lib.common.ssh [-] Failed to establish authenticated ssh connection to cirros@10.180.180.221 ([Errno None] Unable to connect to port 22 on 10.180.180.221). Number attempts: 10. Retry after 11 seconds.: paramiko.ssh_exception.NoValidConnectionsError: [Errno None] Unable to connect to port 22 on 10.180.180.221
2025-04-03 02:39:23.480 69453 INFO tempest.lib.common.rest_client [req-fc2c702c-d5df-4775-8acf-cdf493de110a req-fc2c702c-d5df-4775-8acf-cdf493de110a ] Request (AttachVolumeShelveTestJSON:test_attach_volume_shelved_or_offload_server): 200 GET http://10.180.1.21/compute/v2.1/servers/b0b98b8f-ad6b-4e95-aacc-b097bdb37de1 0.054s
2025-04-03 02:39:23.513 69380 INFO tempest.lib.common.rest_client [req-efbb077a-eeea-4e66-9a70-3d89aca38ddf req-efbb077a-eeea-4e66-9a70-3d89aca38ddf ] Request (MigrationsAdminTest:test_resize_server_revert_deleted_flavor): 200 GET http://10.180.1.21/compute/v2.1/servers/f4c95b46-1573-428d-a7c5-637375d2cfb1 0.051s
2025-04-03 02:39:23.546 69405 INFO tempest.lib.common.rest_client [req-909ab3ba-bc79-40a0-8ec6-31816d1e882f req-909ab3ba-bc79-40a0-8ec6-31816d1e882f ] Request (SecurityGroupRulesNegativeTestJSON:setUpClass): 201 POST http://10.180.1.21:9696/networking/v2.0/networks 0.223s
2025-04-03 02:39:23.589 69443 INFO tempest.lib.common.rest_client [req-e6e81360-4eb0-4b2e-b32f-279abd213e7c req-e6e81360-4eb0-4b2e-b32f-279abd213e7c ] Request (ServerRescueTestJSONUnderV235:setUpClass): 200 GET http://10.180.1.21/compute/v2.1/servers/b5117501-e54b-457c-9987-e7acc1129863 0.049s
2025-04-03 02:39:23.658 69357 INFO tempest.lib.common.rest_client [req-68b4dd4e-2a08-41a9-9d84-9a856bf2b5b8 req-68b4dd4e-2a08-41a9-9d84-9a856bf2b5b8 ] Request (ServersTestManualDisk:setUpClass): 200 GET http://10.180.1.21/compute/v2.1/servers/c3b51f0b-ada9-4b7b-9a9e-5ab4ec5eae52 0.057s
2025-04-03 02:39:23.706 69402 INFO tempest.lib.common.rest_client [req-a8d605f9-b0e2-4c7e-aa64-9f5fcb8236de req-a8d605f9-b0e2-4c7e-aa64-9f5fcb8236de ] Request (DeleteServersAdminTestJSON:test_delete_server_while_in_error_state): 200 GET http://10.180.1.21/compute/v2.1/servers/2cacec84-7fd2-4999-ad1b-207239004e0d 0.051s
2025-04-03 02:39:23.715 69405 INFO tempest.lib.common.rest_client [req-3fee85a6-1d79-45ce-a564-35f296b1f7e2 req-3fee85a6-1d79-45ce-a564-35f296b1f7e2 ] Request (SecurityGroupRulesNegativeTestJSON:setUpClass): 201 POST http://10.180.1.21:9696/networking/v2.0/subnets 0.168s
2025-04-03 02:39:23.717 69351 INFO tempest.lib.common.rest_client [req-24522700-43a1-4edd-b437-7d28f9e7184a req-24522700-43a1-4edd-b437-7d28f9e7184a ] Request (ServersTestJSON:setUpClass): 200 GET http://10.180.1.21/compute/v2.1/servers/b374160e-4db2-457f-9e31-b9862bc327b9 0.056s
2025-04-03 02:39:23.780 69424 INFO tempest.lib.common.rest_client [req-71092438-96a4-49c2-8e71-da0e7533e3cb req-71092438-96a4-49c2-8e71-da0e7533e3cb ] Request (DeleteServersTestJSON:test_delete_active_server): 200 GET http://10.180.1.21/compute/v2.1/servers/78fa7dad-564c-4a5c-9a12-28ff08f4fc26 0.056s
2025-04-03 02:39:23.788 69377 INFO tempest.lib.common.rest_client [req-4bac5cc3-2c64-467b-8e9c-ab4d499b16a6 req-4bac5cc3-2c64-467b-8e9c-ab4d499b16a6 ] Request (ServersAdminNegativeTestJSON:tearDownClass): 200 GET http://10.180.1.21/compute/v2.1/servers/e3218ff9-bffe-4077-b090-e61b7e309c4d 0.074s
2025-04-03 02:39:23.828 69373 INFO tempest.lib.common.rest_client [req-c28a1a6d-cc27-4226-8894-b8910b84698c req-c28a1a6d-cc27-4226-8894-b8910b84698c ] Request (AttachVolumeTestJSON:test_attach_detach_volume): 200 GET http://10.180.1.21/compute/v2.1/servers/5385f25c-700d-4ee8-9714-2bc84481df0c 0.058s
2025-04-03 02:39:23.851 69388 INFO tempest.lib.common.rest_client [req-e402fea0-2fec-4b42-bcdf-1622ff32e30d req-e402fea0-2fec-4b42-bcdf-1622ff32e30d ] Request (MultipleCreateTestJSON:test_multiple_create): 200 GET http://10.180.1.21/compute/v2.1/servers/e1afbb1e-ceb6-4154-9cb3-d2ec935e194d 0.068s
2025-04-03 02:39:23.879 69375 INFO tempest.lib.common.rest_client [req-656deadf-e6c8-4405-afef-8e7bbea25326 req-656deadf-e6c8-4405-afef-8e7bbea25326 ] Request (ServersAdminTestJSON:test_create_server_with_scheduling_hint): 200 GET http://10.180.1.21/compute/v2.1/servers/2b824b3e-a8c4-483a-b8bb-fff02928ad4b 0.048s
2025-04-03 02:39:23.903 69439 INFO tempest.lib.common.rest_client [req-6f42bd65-43ab-475d-9232-cafe3cea6acd req-6f42bd65-43ab-475d-9232-cafe3cea6acd ] Request (ImagesOneServerNegativeTestJSON:_run_cleanups): 200 GET http://10.180.1.21/compute/v2.1/servers/5f5bf870-75f9-485c-91fa-cda01dde02d3 0.062s
2025-04-03 02:39:23.936 69361 INFO tempest.lib.common.rest_client [req-91cf0f5b-069a-42e0-94c4-fea5c57b9d03 req-91cf0f5b-069a-42e0-94c4-fea5c57b9d03 ] Request (ServerAddressesTestJSON:setUpClass): 200 GET http://10.180.1.21/compute/v2.1/servers/28f21eb6-1bf9-4d53-9f35-017e1615a127 0.062s
2025-04-03 02:39:23.965 69385 INFO tempest.lib.common.rest_client [req-bf23653a-cd9b-4ceb-a89a-ae9c6b2f263d req-bf23653a-cd9b-4ceb-a89a-ae9c6b2f263d ] Request (ServerDiagnosticsV248Test:tearDownClass): 200 GET http://10.180.1.21/compute/v2.1/servers/70bfc9a1-b390-473c-9bcd-0f784f6311a0 0.060s
2025-04-03 02:39:23.996 69367 INFO tempest.lib.common.rest_client [req-b2e2be99-7f97-45f2-af66-861e15bc79f4 req-b2e2be99-7f97-45f2-af66-861e15bc79f4 ] Request (FloatingIPsAssociationNegativeTestJSON:setUpClass): 200 GET http://10.180.1.21/compute/v2.1/servers/ca7666ac-21be-4cca-8e1f-19e4338e31d6 0.069s
2025-04-03 02:39:24.019 69381 INFO tempest.lib.common.rest_client [req-5cc814ed-813d-451f-b29c-6d87710533ed req-5cc814ed-813d-451f-b29c-6d87710533ed ] Request (FloatingIPsAssociationTestJSON:test_associate_already_associated_floating_ip): 200 GET http://10.180.1.21/compute/v2.1/servers/c7a639f5-384c-4a1e-a05f-afb7a193501e 0.064s
2025-04-03 02:39:24.055 69371 INFO tempest.lib.common.rest_client [req-02fa5a39-f445-4c34-819e-376883bfda6a req-02fa5a39-f445-4c34-819e-376883bfda6a ] Request (ListServerFiltersTestJSON:tearDownClass): 200 GET http://10.180.1.21/compute/v2.1/servers/2bf89dda-efc6-4350-abcc-fa25981d86ad 0.077s
2025-04-03 02:39:24.248 69359 INFO tempest.lib.common.rest_client [req-d6884be6-316d-4404-8eeb-36f9702d95c9 req-d6884be6-316d-4404-8eeb-36f9702d95c9 ] Request (ListServersNegativeTestJSON:setUpClass): 200 GET http://10.180.1.21/compute/v2.1/servers/4f80f5be-5b1e-4156-b061-81e818008cdd 0.073s
2025-04-03 02:39:24.345 69383 INFO tempest.lib.common.rest_client [req-3c8a42b8-c899-4ff8-bbd7-0f7c2ca73a2c req-3c8a42b8-c899-4ff8-bbd7-0f7c2ca73a2c ] Request (ServerAddressesNegativeTestJSON:setUpClass): 200 GET http://10.180.1.21/compute/v2.1/servers/2dd0717f-fec5-4022-90d8-99b25f48f91c 0.063s
2025-04-03 02:39:24.378 69365 INFO tempest.lib.common.rest_client [req-7e595f5a-ddd7-4441-a2c4-a844b02783f3 req-7e595f5a-ddd7-4441-a2c4-a844b02783f3 ] Request (ServersTestBootFromVolume:setUpClass): 200 GET http://10.180.1.21/compute/v2.1/servers/97e1edb9-4edb-42fa-b778-2cbd957e4d89 0.149s
2025-04-03 02:39:24.389 69365 INFO tempest.common.waiters [-] State transition "BUILD/spawning" ==> "ACTIVE/None" after 79 second wait
2025-04-03 02:39:24.419 69369 INFO tempest.lib.common.rest_client [req-d7cb5779-7d5e-4604-9bc2-12edff26c459 req-d7cb5779-7d5e-4604-9bc2-12edff26c459 ] Request (ServerMetadataTestJSON:setUpClass): 200 GET http://10.180.1.21/compute/v2.1/servers/4079e384-966a-4bae-9515-3d8a3a1c19c2 0.088s
2025-04-03 02:39:24.436 69405 INFO tempest.lib.common.rest_client [req-cacf4783-e5f7-4b3b-9f0e-de4d539778a6 req-cacf4783-e5f7-4b3b-9f0e-de4d539778a6 ] Request (SecurityGroupRulesNegativeTestJSON:setUpClass): 201 POST http://10.180.1.21:9696/networking/v2.0/routers 0.720s
2025-04-03 02:39:24.468 69349 INFO tempest.lib.common.rest_client [req-d7f7e21d-6151-48fe-9002-2d972a4a2d5e req-d7f7e21d-6151-48fe-9002-2d972a4a2d5e ] Request (ImagesTestJSON:test_create_image_from_stopped_server): 200 GET http://10.180.1.21/compute/v2.1/servers/9183d175-3295-40ee-a4a6-b7bc8f5694f1 0.081s
2025-04-03 02:39:24.488 69449 WARNING tempest.lib.common.ssh [-] Failed to establish authenticated ssh connection to cirros@10.180.180.159 ([Errno None] Unable to connect to port 22 on 10.180.180.159). Number attempts: 1. Retry after 2 seconds.: paramiko.ssh_exception.NoValidConnectionsError: [Errno None] Unable to connect to port 22 on 10.180.180.159
2025-04-03 02:39:24.521 69353 INFO tempest.lib.common.rest_client [req-0f095048-0ccc-45ad-870a-4232b89b5bee req-0f095048-0ccc-45ad-870a-4232b89b5bee ] Request (ServerExternalEventsTest:test_create_server_external_events): 200 GET http://10.180.1.21/compute/v2.1/servers/edb019f1-3d31-4127-95b9-9c893cc0bed9 0.093s
2025-04-03 02:39:24.560 69365 INFO tempest.lib.common.rest_client [req-37a52bc6-f752-4519-927e-423cbade5d73 req-37a52bc6-f752-4519-927e-423cbade5d73 ] Request (ServersTestBootFromVolume:setUpClass): 200 GET http://10.180.1.21/compute/v2.1/servers/97e1edb9-4edb-42fa-b778-2cbd957e4d89/os-interface 0.170s
2025-04-03 02:39:24.580 69453 INFO tempest.lib.common.rest_client [req-3422c086-5e5a-4087-9ca3-33d810be7363 req-3422c086-5e5a-4087-9ca3-33d810be7363 ] Request (AttachVolumeShelveTestJSON:test_attach_volume_shelved_or_offload_server): 200 GET http://10.180.1.21/compute/v2.1/servers/b0b98b8f-ad6b-4e95-aacc-b097bdb37de1 0.091s
2025-04-03 02:39:24.632 69380 INFO tempest.lib.common.rest_client [req-ca65a3b3-6148-4380-a953-f24fd81a09b6 req-ca65a3b3-6148-4380-a953-f24fd81a09b6 ] Request (MigrationsAdminTest:test_resize_server_revert_deleted_flavor): 200 GET http://10.180.1.21/compute/v2.1/servers/f4c95b46-1573-428d-a7c5-637375d2cfb1 0.108s
2025-04-03 02:39:24.725 69357 INFO tempest.lib.common.rest_client [req-19e04ac7-d689-435d-8d00-59e419faf315 req-19e04ac7-d689-435d-8d00-59e419faf315 ] Request (ServersTestManualDisk:setUpClass): 200 GET http://10.180.1.21/compute/v2.1/servers/c3b51f0b-ada9-4b7b-9a9e-5ab4ec5eae52 0.059s
2025-04-03 02:39:24.800 69402 INFO tempest.lib.common.rest_client [req-123ae31f-58dc-4883-8365-470cdfaf2359 req-123ae31f-58dc-4883-8365-470cdfaf2359 ] Request (DeleteServersAdminTestJSON:test_delete_server_while_in_error_state): 200 GET http://10.180.1.21/compute/v2.1/servers/2cacec84-7fd2-4999-ad1b-207239004e0d 0.085s
2025-04-03 02:39:24.860 69351 INFO tempest.lib.common.rest_client [req-5dcd22ec-03cc-45b1-8c46-5f1312f67acc req-5dcd22ec-03cc-45b1-8c46-5f1312f67acc ] Request (ServersTestJSON:setUpClass): 200 GET http://10.180.1.21/compute/v2.1/servers/b374160e-4db2-457f-9e31-b9862bc327b9 0.135s
2025-04-03 02:39:24.878 69443 INFO tempest.lib.common.rest_client [req-d687f20e-ed50-42f6-bc29-76753a783efe req-d687f20e-ed50-42f6-bc29-76753a783efe ] Request (ServerRescueTestJSONUnderV235:setUpClass): 200 GET http://10.180.1.21/compute/v2.1/servers/b5117501-e54b-457c-9987-e7acc1129863 0.281s
2025-04-03 02:39:24.885 69443 INFO tempest.common.waiters [-] State transition "BUILD/None" ==> "BUILD/networking" after 75 second wait
2025-04-03 02:39:24.929 69424 INFO tempest.lib.common.rest_client [req-2e14e93e-831a-4404-a770-78c945d46f25 req-2e14e93e-831a-4404-a770-78c945d46f25 ] Request (DeleteServersTestJSON:test_delete_active_server): 200 GET http://10.180.1.21/compute/v2.1/servers/78fa7dad-564c-4a5c-9a12-28ff08f4fc26 0.139s
2025-04-03 02:39:24.975 69377 INFO tempest.lib.common.rest_client [req-62eeadb3-afbc-484d-9730-7c8ae8279740 req-62eeadb3-afbc-484d-9730-7c8ae8279740 ] Request (ServersAdminNegativeTestJSON:tearDownClass): 200 GET http://10.180.1.21/compute/v2.1/servers/e3218ff9-bffe-4077-b090-e61b7e309c4d 0.179s
2025-04-03 02:39:24.995 69373 INFO tempest.lib.common.rest_client [req-46b4bdcb-75b3-47b2-8c64-f8ea7e792a1a req-46b4bdcb-75b3-47b2-8c64-f8ea7e792a1a ] Request (AttachVolumeTestJSON:test_attach_detach_volume): 200 GET http://10.180.1.21/compute/v2.1/servers/5385f25c-700d-4ee8-9714-2bc84481df0c 0.155s
2025-04-03 02:39:25.041 69388 INFO tempest.lib.common.rest_client [req-a86b1ddd-80eb-4bb7-b21b-0787c8a60cee req-a86b1ddd-80eb-4bb7-b21b-0787c8a60cee ] Request (MultipleCreateTestJSON:test_multiple_create): 200 GET http://10.180.1.21/compute/v2.1/servers/e1afbb1e-ceb6-4154-9cb3-d2ec935e194d 0.181s
2025-04-03 02:39:25.083 69375 INFO tempest.lib.common.rest_client [req-c473b646-d6e4-4258-aa82-a04cadbc8b3b req-c473b646-d6e4-4258-aa82-a04cadbc8b3b ] Request (ServersAdminTestJSON:test_create_server_with_scheduling_hint): 200 GET http://10.180.1.21/compute/v2.1/servers/2b824b3e-a8c4-483a-b8bb-fff02928ad4b 0.191s
2025-04-03 02:39:25.129 69439 INFO tempest.lib.common.rest_client [req-69d03471-2c6d-42a1-b008-fee0f5ba862e req-69d03471-2c6d-42a1-b008-fee0f5ba862e ] Request (ImagesOneServerNegativeTestJSON:_run_cleanups): 200 GET http://10.180.1.21/compute/v2.1/servers/5f5bf870-75f9-485c-91fa-cda01dde02d3 0.217s
2025-04-03 02:39:25.165 69361 INFO tempest.lib.common.rest_client [req-33e7fe0a-89bd-4eb3-9a52-fa088782459d req-33e7fe0a-89bd-4eb3-9a52-fa088782459d ] Request (ServerAddressesTestJSON:setUpClass): 200 GET http://10.180.1.21/compute/v2.1/servers/28f21eb6-1bf9-4d53-9f35-017e1615a127 0.221s
2025-04-03 02:39:25.224 69367 INFO tempest.lib.common.rest_client [req-67106bb6-870e-4f36-a32c-4503a1053c83 req-67106bb6-870e-4f36-a32c-4503a1053c83 ] Request (FloatingIPsAssociationNegativeTestJSON:setUpClass): 200 GET http://10.180.1.21/compute/v2.1/servers/ca7666ac-21be-4cca-8e1f-19e4338e31d6 0.221s
2025-04-03 02:39:25.248 69385 INFO tempest.lib.common.rest_client [req-b4d2c88a-4720-4bf1-8485-fde2b253fc1f req-b4d2c88a-4720-4bf1-8485-fde2b253fc1f ] Request (ServerDiagnosticsV248Test:tearDownClass): 200 GET http://10.180.1.21/compute/v2.1/servers/70bfc9a1-b390-473c-9bcd-0f784f6311a0 0.269s
2025-04-03 02:39:25.294 69381 INFO tempest.lib.common.rest_client [req-a1b18152-f4b5-4193-b6d9-73b29374409f req-a1b18152-f4b5-4193-b6d9-73b29374409f ] Request (FloatingIPsAssociationTestJSON:test_associate_already_associated_floating_ip): 200 GET http://10.180.1.21/compute/v2.1/servers/c7a639f5-384c-4a1e-a05f-afb7a193501e 0.266s
2025-04-03 02:39:25.318 69363 WARNING tempest.lib.common.ssh [-] Failed to establish authenticated ssh connection to cirros@10.180.180.215 ([Errno None] Unable to connect to port 22 on 10.180.180.215). Number attempts: 6. Retry after 7 seconds.: paramiko.ssh_exception.NoValidConnectionsError: [Errno None] Unable to connect to port 22 on 10.180.180.215
2025-04-03 02:39:25.366 69371 INFO tempest.lib.common.rest_client [req-ba6bb798-7091-4278-83e9-d7da13caf893 req-ba6bb798-7091-4278-83e9-d7da13caf893 ] Request (ListServerFiltersTestJSON:tearDownClass): 200 GET http://10.180.1.21/compute/v2.1/servers/2bf89dda-efc6-4350-abcc-fa25981d86ad 0.303s
2025-04-03 02:39:25.383 69359 INFO tempest.lib.common.rest_client [req-0ad9e0fa-65f6-44c9-a606-caf9212d7290 req-0ad9e0fa-65f6-44c9-a606-caf9212d7290 ] Request (ListServersNegativeTestJSON:setUpClass): 200 GET http://10.180.1.21/compute/v2.1/servers/4f80f5be-5b1e-4156-b061-81e818008cdd 0.127s
2025-04-03 02:39:25.437 69383 INFO tempest.lib.common.rest_client [req-1881fae8-490b-414e-b0b5-4343ccaac7ec req-1881fae8-490b-414e-b0b5-4343ccaac7ec ] Request (ServerAddressesNegativeTestJSON:setUpClass): 200 GET http://10.180.1.21/compute/v2.1/servers/2dd0717f-fec5-4022-90d8-99b25f48f91c 0.084s
2025-04-03 02:39:25.447 69405 INFO tempest.lib.common.rest_client [req-b83cd336-90fb-480c-8755-5dbd704f62fc req-b83cd336-90fb-480c-8755-5dbd704f62fc ] Request (SecurityGroupRulesNegativeTestJSON:setUpClass): 200 PUT http://10.180.1.21:9696/networking/v2.0/routers/5db99edd-88f1-4589-8dd0-ae15e2d592f3/add_router_interface 1.010s
2025-04-03 02:39:25.448 69405 INFO tempest.lib.common.dynamic_creds [-] Created isolated network resources for: credentials: Credentials: {'domain_id': 'default', 'domain_name': 'Default', 'username': 'tempest-SecurityGroupRulesNegativeTestJSON-1040832130-project-member', 'project_domain_id': 'default', 'project_domain_name': 'Default', 'project_id': 'cbdb100f0beb478dbd14cb5f2bf2fdd8', 'project_name': 'tempest-SecurityGroupRulesNegativeTestJSON-1040832130', 'tenant_id': 'cbdb100f0beb478dbd14cb5f2bf2fdd8', 'tenant_name': 'tempest-SecurityGroupRulesNegativeTestJSON-1040832130', 'user_domain_id': 'default', 'user_domain_name': 'Default', 'user_id': '21b054c4eb124b79b40416fb80d8d119', 'system': None}, Network: {'id': 'e963211d-c41c-48aa-94aa-e524d2b65ff8', 'name': 'tempest-SecurityGroupRulesNegativeTestJSON-342269675-network', 'tenant_id': 'cbdb100f0beb478dbd14cb5f2bf2fdd8', 'admin_state_up': True, 'mtu': 8950, 'status': 'ACTIVE', 'subnets': [], 'shared': False, 'project_id': 'cbdb100f0beb478dbd14cb5f2bf2fdd8', 'port_security_enabled': True, 'router:external': False, 'provider:network_type': 'vlan', 'provider:physical_network': 'default', 'provider:segmentation_id': 383, 'availability_zone_hints': [], 'availability_zones': [], 'ipv4_address_scope': None, 'ipv6_address_scope': None, 'description': '', 'tags': [], 'created_at': '2025-04-03T02:39:23Z', 'updated_at': '2025-04-03T02:39:23Z', 'revision_number': 1}, Subnet: {'id': 'bd0e4bd1-1a45-4419-ad13-5d8dc58e4c1a', 'name': 'tempest-SecurityGroupRulesNegativeTestJSON-342269675-subnet', 'tenant_id': 'cbdb100f0beb478dbd14cb5f2bf2fdd8', 'network_id': 'e963211d-c41c-48aa-94aa-e524d2b65ff8', 'ip_version': 4, 'subnetpool_id': None, 'enable_dhcp': True, 'ipv6_ra_mode': None, 'ipv6_address_mode': None, 'gateway_ip': '192.168.128.1', 'cidr': '192.168.128.0/28', 'allocation_pools': [{'start': '192.168.128.2', 'end': '192.168.128.14'}], 'host_routes': [], 'dns_nameservers': [], 'description': '', 'router:external': False, 'service_types': [], 'tags': [], 'created_at': '2025-04-03T02:39:23Z', 'updated_at': '2025-04-03T02:39:23Z', 'revision_number': 0, 'project_id': 'cbdb100f0beb478dbd14cb5f2bf2fdd8'}, Router: {'id': '5db99edd-88f1-4589-8dd0-ae15e2d592f3', 'name': 'tempest-SecurityGroupRulesNegativeTestJSON-342269675-router', 'tenant_id': 'cbdb100f0beb478dbd14cb5f2bf2fdd8', 'admin_state_up': True, 'status': 'ACTIVE', 'external_gateway_info': {'network_id': 'c6fca880-f1b8-47c5-8aa2-fb25b00818df', 'external_fixed_ips': [{'subnet_id': '9f167459-5194-41ba-8d02-f10c92f804cc', 'ip_address': '10.180.180.253'}], 'enable_snat': True}, 'description': '', 'availability_zones': [], 'distributed': False, 'ha': False, 'availability_zone_hints': [], 'routes': [], 'flavor_id': None, 'tags': [], 'created_at': '2025-04-03T02:39:23Z', 'updated_at': '2025-04-03T02:39:24Z', 'revision_number': 2, 'project_id': 'cbdb100f0beb478dbd14cb5f2bf2fdd8'}
2025-04-03 02:39:25.488 69369 INFO tempest.lib.common.rest_client [req-33f68f90-80f2-4332-9c2e-17c1d2f781d0 req-33f68f90-80f2-4332-9c2e-17c1d2f781d0 ] Request (ServerMetadataTestJSON:setUpClass): 200 GET http://10.180.1.21/compute/v2.1/servers/4079e384-966a-4bae-9515-3d8a3a1c19c2 0.055s
2025-04-03 02:39:25.524 69365 INFO tempest.lib.common.rest_client [req-d9ffb91c-d8b2-4ac6-9ec1-45fa880974bf req-d9ffb91c-d8b2-4ac6-9ec1-45fa880974bf ] Request (ServersTestBootFromVolume:setUpClass): 200 PUT http://10.180.1.21:9696/networking/v2.0/floatingips/c904d794-8b6f-44aa-aa6e-ea1a8c2a7af2 0.962s
2025-04-03 02:39:25.549 69405 INFO tempest.lib.common.rest_client [req-fd6941b4-2ded-498d-9b08-d75d0479bcdc req-fd6941b4-2ded-498d-9b08-d75d0479bcdc ] Request (SecurityGroupRulesNegativeTestJSON:setUpClass): 201 POST http://10.180.1.21/identity/v3/auth/tokens 0.097s
2025-04-03 02:39:25.550 69349 INFO tempest.lib.common.rest_client [req-84bc7c09-19ae-4dc5-8772-9e29c73337ef req-84bc7c09-19ae-4dc5-8772-9e29c73337ef ] Request (ImagesTestJSON:test_create_image_from_stopped_server): 200 GET http://10.180.1.21/compute/v2.1/servers/9183d175-3295-40ee-a4a6-b7bc8f5694f1 0.071s
2025-04-03 02:39:25.604 69353 INFO tempest.lib.common.rest_client [req-4bc0d1af-d2e7-4059-90c9-cf7d478c94f6 req-4bc0d1af-d2e7-4059-90c9-cf7d478c94f6 ] Request (ServerExternalEventsTest:test_create_server_external_events): 200 GET http://10.180.1.21/compute/v2.1/servers/edb019f1-3d31-4127-95b9-9c893cc0bed9 0.074s
2025-04-03 02:39:25.661 69365 INFO tempest.lib.common.rest_client [req-20ef7904-ce8b-4e4e-81fe-850d7bc595b7 req-20ef7904-ce8b-4e4e-81fe-850d7bc595b7 ] Request (ServersTestBootFromVolume:setUpClass): 200 GET http://10.180.1.21/compute/v2.1/servers/97e1edb9-4edb-42fa-b778-2cbd957e4d89 0.136s
2025-04-03 02:39:25.669 69365 INFO tempest.lib.common.ssh [-] Creating ssh connection to '10.180.180.206:22' as 'cirros' with public key authentication
2025-04-03 02:39:25.736 69453 INFO tempest.lib.common.rest_client [req-614058d5-c6f4-4909-9615-c6a68007b508 req-614058d5-c6f4-4909-9615-c6a68007b508 ] Request (AttachVolumeShelveTestJSON:test_attach_volume_shelved_or_offload_server): 200 GET http://10.180.1.21/compute/v2.1/servers/b0b98b8f-ad6b-4e95-aacc-b097bdb37de1 0.144s
2025-04-03 02:39:25.784 69405 INFO tempest.lib.common.rest_client [req-69689676-2df2-4341-b3d9-edb4be31bce2 req-69689676-2df2-4341-b3d9-edb4be31bce2 ] Request (SecurityGroupRulesNegativeTestJSON:test_create_security_group_rule_duplicate): 200 POST http://10.180.1.21/compute/v2.1/os-security-groups 0.233s
2025-04-03 02:39:25.798 69380 INFO tempest.lib.common.rest_client [req-cb82f6bd-28ee-4be8-aa09-d2b788c2f567 req-cb82f6bd-28ee-4be8-aa09-d2b788c2f567 ] Request (MigrationsAdminTest:test_resize_server_revert_deleted_flavor): 200 GET http://10.180.1.21/compute/v2.1/servers/f4c95b46-1573-428d-a7c5-637375d2cfb1 0.156s
2025-04-03 02:39:25.846 69357 INFO tempest.lib.common.rest_client [req-416303e9-1542-4546-9431-bb77e627ce38 req-416303e9-1542-4546-9431-bb77e627ce38 ] Request (ServersTestManualDisk:setUpClass): 200 GET http://10.180.1.21/compute/v2.1/servers/c3b51f0b-ada9-4b7b-9a9e-5ab4ec5eae52 0.106s
2025-04-03 02:39:25.910 69405 INFO tempest.lib.common.rest_client [req-58ce56d6-530b-4f0e-b545-e3e48c333595 req-58ce56d6-530b-4f0e-b545-e3e48c333595 ] Request (SecurityGroupRulesNegativeTestJSON:test_create_security_group_rule_duplicate): 200 POST http://10.180.1.21/compute/v2.1/os-security-group-rules 0.122s
2025-04-03 02:39:25.912 69402 INFO tempest.lib.common.rest_client [req-e84e082d-9e65-4a94-929b-c645cdaf37af req-e84e082d-9e65-4a94-929b-c645cdaf37af ] Request (DeleteServersAdminTestJSON:test_delete_server_while_in_error_state): 200 GET http://10.180.1.21/compute/v2.1/servers/2cacec84-7fd2-4999-ad1b-207239004e0d 0.104s
2025-04-03 02:39:25.924 69402 INFO tempest.common.waiters [-] State transition "BUILD/scheduling" ==> "BUILD/None" after 54 second wait
2025-04-03 02:39:25.994 69351 INFO tempest.lib.common.rest_client [req-e6d38032-ff4b-4726-bddb-d2d95ac16b57 req-e6d38032-ff4b-4726-bddb-d2d95ac16b57 ] Request (ServersTestJSON:setUpClass): 200 GET http://10.180.1.21/compute/v2.1/servers/b374160e-4db2-457f-9e31-b9862bc327b9 0.123s
2025-04-03 02:39:26.031 69405 INFO tempest.lib.common.rest_client [req-2c487662-4f2c-41d0-ad17-fd23216a7cd2 req-2c487662-4f2c-41d0-ad17-fd23216a7cd2 ] Request (SecurityGroupRulesNegativeTestJSON:test_create_security_group_rule_duplicate): 400 POST http://10.180.1.21/compute/v2.1/os-security-group-rules 0.118s
2025-04-03 02:39:26.060 69443 INFO tempest.lib.common.rest_client [req-b6d9f271-40e7-4bd0-aab7-e7ad1e2bf534 req-b6d9f271-40e7-4bd0-aab7-e7ad1e2bf534 ] Request (ServerRescueTestJSONUnderV235:setUpClass): 200 GET http://10.180.1.21/compute/v2.1/servers/b5117501-e54b-457c-9987-e7acc1129863 0.174s
2025-04-03 02:39:26.070 69443 INFO tempest.common.waiters [-] State transition "BUILD/networking" ==> "BUILD/spawning" after 77 second wait
2025-04-03 02:39:26.097 69424 INFO tempest.lib.common.rest_client [req-dc23e275-e5c2-4267-a029-afa35490ef0b req-dc23e275-e5c2-4267-a029-afa35490ef0b ] Request (DeleteServersTestJSON:test_delete_active_server): 200 GET http://10.180.1.21/compute/v2.1/servers/78fa7dad-564c-4a5c-9a12-28ff08f4fc26 0.158s
2025-04-03 02:39:26.147 69377 INFO tempest.lib.common.rest_client [req-e2807087-0fa5-42af-880f-d0c59bf280be req-e2807087-0fa5-42af-880f-d0c59bf280be ] Request (ServersAdminNegativeTestJSON:tearDownClass): 200 GET http://10.180.1.21/compute/v2.1/servers/e3218ff9-bffe-4077-b090-e61b7e309c4d 0.156s
2025-04-03 02:39:26.150 69355 WARNING tempest.lib.common.ssh [-] Failed to establish authenticated ssh connection to cirros@10.180.180.193 ([Errno None] Unable to connect to port 22 on 10.180.180.193). Number attempts: 2. Retry after 3 seconds.: paramiko.ssh_exception.NoValidConnectionsError: [Errno None] Unable to connect to port 22 on 10.180.180.193
2025-04-03 02:39:26.177 69373 INFO tempest.lib.common.rest_client [req-ca1d2d27-1e99-4f28-a57e-a1a2b9aa875b req-ca1d2d27-1e99-4f28-a57e-a1a2b9aa875b ] Request (AttachVolumeTestJSON:test_attach_detach_volume): 200 GET http://10.180.1.21/compute/v2.1/servers/5385f25c-700d-4ee8-9714-2bc84481df0c 0.170s
2025-04-03 02:39:26.250 69388 INFO tempest.lib.common.rest_client [req-b0676c3a-9536-47c0-82d1-1e68ed76c20c req-b0676c3a-9536-47c0-82d1-1e68ed76c20c ] Request (MultipleCreateTestJSON:test_multiple_create): 200 GET http://10.180.1.21/compute/v2.1/servers/e1afbb1e-ceb6-4154-9cb3-d2ec935e194d 0.196s
2025-04-03 02:39:26.300 69375 INFO tempest.lib.common.rest_client [req-5e4c90e8-50b7-419a-8b37-60f6efec0f36 req-5e4c90e8-50b7-419a-8b37-60f6efec0f36 ] Request (ServersAdminTestJSON:test_create_server_with_scheduling_hint): 200 GET http://10.180.1.21/compute/v2.1/servers/2b824b3e-a8c4-483a-b8bb-fff02928ad4b 0.208s
2025-04-03 02:39:26.338 69405 INFO tempest.lib.common.rest_client [req-1427983a-3379-46f2-a8c8-ecfd3fecd8e5 req-1427983a-3379-46f2-a8c8-ecfd3fecd8e5 ] Request (SecurityGroupRulesNegativeTestJSON:_run_cleanups): 202 DELETE http://10.180.1.21/compute/v2.1/os-security-group-rules/313e2002-57c0-4d37-91a2-df3764c511ce 0.307s
2025-04-03 02:39:26.352 69439 INFO tempest.lib.common.rest_client [req-82978ae2-7ce1-4817-9cec-45fb8225c804 req-82978ae2-7ce1-4817-9cec-45fb8225c804 ] Request (ImagesOneServerNegativeTestJSON:_run_cleanups): 200 GET http://10.180.1.21/compute/v2.1/servers/5f5bf870-75f9-485c-91fa-cda01dde02d3 0.213s
2025-04-03 02:39:26.385 69446 WARNING tempest.lib.common.ssh [-] Failed to establish authenticated ssh connection to cirros@10.180.180.151 ([Errno None] Unable to connect to port 22 on 10.180.180.151). Number attempts: 9. Retry after 10 seconds.: paramiko.ssh_exception.NoValidConnectionsError: [Errno None] Unable to connect to port 22 on 10.180.180.151
2025-04-03 02:39:26.398 69361 INFO tempest.lib.common.rest_client [req-f16368bc-33c5-496c-8e0d-22ac0079abee req-f16368bc-33c5-496c-8e0d-22ac0079abee ] Request (ServerAddressesTestJSON:setUpClass): 200 GET http://10.180.1.21/compute/v2.1/servers/28f21eb6-1bf9-4d53-9f35-017e1615a127 0.223s
2025-04-03 02:39:26.416 69367 INFO tempest.lib.common.rest_client [req-267b6b92-a114-45c2-a2d3-6be53f25469a req-267b6b92-a114-45c2-a2d3-6be53f25469a ] Request (FloatingIPsAssociationNegativeTestJSON:setUpClass): 200 GET http://10.180.1.21/compute/v2.1/servers/ca7666ac-21be-4cca-8e1f-19e4338e31d6 0.182s
2025-04-03 02:39:26.467 69381 INFO tempest.lib.common.rest_client [req-27c35f82-08eb-43a8-9bf0-bc8725fe233f req-27c35f82-08eb-43a8-9bf0-bc8725fe233f ] Request (FloatingIPsAssociationTestJSON:test_associate_already_associated_floating_ip): 200 GET http://10.180.1.21/compute/v2.1/servers/c7a639f5-384c-4a1e-a05f-afb7a193501e 0.165s
2025-04-03 02:39:26.492 69385 INFO tempest.lib.common.rest_client [req-98757db5-fe36-4e7e-b558-ee0d784f06ab req-98757db5-fe36-4e7e-b558-ee0d784f06ab ] Request (ServerDiagnosticsV248Test:tearDownClass): 200 GET http://10.180.1.21/compute/v2.1/servers/70bfc9a1-b390-473c-9bcd-0f784f6311a0 0.230s
2025-04-03 02:39:26.555 69371 INFO tempest.lib.common.rest_client [req-0e17bb8f-618c-47ed-9a59-ca0630e2e10b req-0e17bb8f-618c-47ed-9a59-ca0630e2e10b ] Request (ListServerFiltersTestJSON:tearDownClass): 200 GET http://10.180.1.21/compute/v2.1/servers/2bf89dda-efc6-4350-abcc-fa25981d86ad 0.180s
2025-04-03 02:39:26.611 69359 INFO tempest.lib.common.rest_client [req-188bd33b-557c-4ef3-ab66-43c7910ecfcf req-188bd33b-557c-4ef3-ab66-43c7910ecfcf ] Request (ListServersNegativeTestJSON:setUpClass): 200 GET http://10.180.1.21/compute/v2.1/servers/4f80f5be-5b1e-4156-b061-81e818008cdd 0.214s
2025-04-03 02:39:26.642 69405 INFO tempest.lib.common.rest_client [req-969590da-0426-4051-b5e5-196e4e177fff req-969590da-0426-4051-b5e5-196e4e177fff ] Request (SecurityGroupRulesNegativeTestJSON:test_create_security_group_rule_with_invalid_from_port): 200 POST http://10.180.1.21/compute/v2.1/os-security-groups 0.302s
2025-04-03 02:39:26.660 69383 INFO tempest.lib.common.rest_client [req-36cf1347-e910-4b66-8428-057a899a3e35 req-36cf1347-e910-4b66-8428-057a899a3e35 ] Request (ServerAddressesNegativeTestJSON:setUpClass): 200 GET http://10.180.1.21/compute/v2.1/servers/2dd0717f-fec5-4022-90d8-99b25f48f91c 0.214s
2025-04-03 02:39:26.705 69369 INFO tempest.lib.common.rest_client [req-9736cfdd-eaae-4d02-8b70-bcb7c5527f67 req-9736cfdd-eaae-4d02-8b70-bcb7c5527f67 ] Request (ServerMetadataTestJSON:setUpClass): 200 GET http://10.180.1.21/compute/v2.1/servers/4079e384-966a-4bae-9515-3d8a3a1c19c2 0.208s
2025-04-03 02:39:26.717 69349 INFO tempest.lib.common.rest_client [req-9a2b1c3f-c250-4fd4-b26d-c2bd91496cf5 req-9a2b1c3f-c250-4fd4-b26d-c2bd91496cf5 ] Request (ImagesTestJSON:test_create_image_from_stopped_server): 200 GET http://10.180.1.21/compute/v2.1/servers/9183d175-3295-40ee-a4a6-b7bc8f5694f1 0.153s
2025-04-03 02:39:26.749 69405 INFO tempest.lib.common.rest_client [req-a482771f-9377-4c1a-9af1-4eab1d19748e req-a482771f-9377-4c1a-9af1-4eab1d19748e ] Request (SecurityGroupRulesNegativeTestJSON:test_create_security_group_rule_with_invalid_from_port): 400 POST http://10.180.1.21/compute/v2.1/os-security-group-rules 0.103s
2025-04-03 02:39:26.759 69353 INFO tempest.lib.common.rest_client [req-854ee9a5-6344-4e01-9f8e-46470dc9cfdd req-854ee9a5-6344-4e01-9f8e-46470dc9cfdd ] Request (ServerExternalEventsTest:test_create_server_external_events): 200 GET http://10.180.1.21/compute/v2.1/servers/edb019f1-3d31-4127-95b9-9c893cc0bed9 0.146s
2025-04-03 02:39:26.766 69405 INFO tempest.lib.common.rest_client [req-d8fa74b0-c3a9-4718-90c2-0732c82a8199 req-d8fa74b0-c3a9-4718-90c2-0732c82a8199 ] Request (SecurityGroupRulesNegativeTestJSON:test_create_security_group_rule_with_invalid_id): 400 POST http://10.180.1.21/compute/v2.1/os-security-group-rules 0.016s
