2024-11-28 21:33:55.478 66005 INFO tempest.lib.common.dynamic_creds [-] Created isolated network resources for: credentials: Credentials: {'domain_id': 'default', 'domain_name': 'Default', 'username': 'tempest-ServerExternalEventsTest-183135977-project-admin', 'project_domain_id': 'default', 'project_domain_name': 'Default', 'project_id': '39a323b079a1471bae415c5abe2cdd74', 'project_name': 'tempest-ServerExternalEventsTest-183135977', 'tenant_id': '39a323b079a1471bae415c5abe2cdd74', 'tenant_name': 'tempest-ServerExternalEventsTest-183135977', 'user_domain_id': 'default', 'user_domain_name': 'Default', 'user_id': '62d9802cb6df41a1b34e166dbefa0b41', 'system': None}, Network: None, Subnet: None, Router: None
2024-11-28 21:33:55.486 66009 INFO tempest.lib.common.rest_client [req-d1e3d692-32ba-4afe-9941-47ce082c1221 req-d1e3d692-32ba-4afe-9941-47ce082c1221 ] Request (ListServerFiltersTestJSON:setUpClass): 200 GET http://10.180.1.21/compute/v2.1/servers/423f99aa-9ea6-49fa-bd5d-d1dfec54da09 0.825s
2024-11-28 21:33:55.525 66025 INFO tempest.lib.common.rest_client [req-9aa22c7d-64c7-465c-bdaf-bdc451402560 req-9aa22c7d-64c7-465c-bdaf-bdc451402560 ] Request (AttachInterfacesUnderV243Test:test_add_remove_fixed_ip): 200 GET http://10.180.1.21/compute/v2.1/servers/737c0d60-09bb-4883-b61b-93091bf6cb65 0.787s
2024-11-28 21:33:55.570 66005 INFO tempest.lib.common.rest_client [req-eba43691-835a-493a-9aaa-68a6e6b38f4a req-eba43691-835a-493a-9aaa-68a6e6b38f4a ] Request (ServerExternalEventsTest:setUpClass): 201 POST http://10.180.1.21/identity/v3/auth/tokens 0.088s
2024-11-28 21:33:55.606 66037 INFO tempest.lib.common.rest_client [req-aa488c99-64a0-4560-bf26-facb864e3e1f req-aa488c99-64a0-4560-bf26-facb864e3e1f ] Request (DeleteServersTestJSON:test_delete_active_server): 200 GET http://10.180.1.21/compute/v2.1/servers/99fc45f7-e244-4685-9039-d16728d5bf5a 0.800s
2024-11-28 21:33:55.622 66051 INFO tempest.lib.common.rest_client [req-a2ccbe37-f968-4791-849b-978102598b8d req-a2ccbe37-f968-4791-849b-978102598b8d ] Request (VolumesAssistedSnapshotsTest:test_volume_assisted_snapshot_create_delete): 200 GET http://10.180.1.21/compute/v2.1/servers/79f55b1b-b1e0-4c79-b215-9a34a1bd1516 0.866s
2024-11-28 21:33:55.634 66051 INFO tempest.common.waiters [-] State transition "BUILD/block_device_mapping" ==> "BUILD/spawning" after 46 second wait
2024-11-28 21:33:55.660 66005 INFO tempest.lib.common.rest_client [req-05010aba-3a95-493e-ade9-2ca6e6fb2416 req-05010aba-3a95-493e-ade9-2ca6e6fb2416 ] Request (ServerExternalEventsTest:setUpClass): 201 POST http://10.180.1.21/identity/v3/projects 0.089s
2024-11-28 21:33:55.687 66053 INFO tempest.lib.common.rest_client [req-bda2c38d-9981-4689-a65e-669f8d6443ea req-bda2c38d-9981-4689-a65e-669f8d6443ea ] Request (FloatingIPsAssociationNegativeTestJSON:setUpClass): 200 GET http://10.180.1.21/compute/v2.1/servers/39ba48cc-7c15-4bad-aee8-ff350e266b41 0.836s
2024-11-28 21:33:55.692 66027 INFO tempest.lib.common.rest_client [req-58e5bc13-771e-4604-b9fb-fa6a8ccbc225 req-58e5bc13-771e-4604-b9fb-fa6a8ccbc225 ] Request (AttachInterfacesV270Test:test_create_get_list_interfaces): 200 GET http://10.180.1.21/compute/v2.1/servers/a2253032-97b8-4516-b21a-af6be03c91ab 0.866s
2024-11-28 21:33:55.731 66005 INFO tempest.lib.common.rest_client [req-7c7ffc6b-1c8e-45f9-a013-c17167666326 req-7c7ffc6b-1c8e-45f9-a013-c17167666326 ] Request (ServerExternalEventsTest:setUpClass): 201 POST http://10.180.1.21/identity/v3/users 0.071s
2024-11-28 21:33:55.747 66021 INFO tempest.lib.common.rest_client [req-e9c26761-874c-44a2-856d-48a0231f473f req-e9c26761-874c-44a2-856d-48a0231f473f ] Request (AttachInterfacesTestJSON:test_create_list_show_delete_interfaces_by_fixed_ip): 200 GET http://10.180.1.21/compute/v2.1/servers/40586716-fefe-4da9-a96b-d2e7a6355ec0 0.849s
2024-11-28 21:33:55.755 66005 INFO tempest.lib.common.rest_client [req-3b4d190e-bc79-4fcb-9788-6349af439628 req-3b4d190e-bc79-4fcb-9788-6349af439628 ] Request (ServerExternalEventsTest:setUpClass): 200 GET http://10.180.1.21/identity/v3/roles 0.024s
2024-11-28 21:33:55.761 66019 INFO tempest.lib.common.rest_client [req-3a701a1c-0d8d-4150-ae00-cea1f4acc9ad req-3a701a1c-0d8d-4150-ae00-cea1f4acc9ad ] Request (DeleteServersAdminTestJSON:test_admin_delete_servers_of_others): 200 GET http://10.180.1.21/compute/v2.1/servers/d1ce0a08-27b4-43b6-aeed-c9048f248e41 0.867s
2024-11-28 21:33:55.788 66005 INFO tempest.lib.common.rest_client [req-45e3c7f2-44a7-443e-93ad-920198bc3353 req-45e3c7f2-44a7-443e-93ad-920198bc3353 ] Request (ServerExternalEventsTest:setUpClass): 204 PUT http://10.180.1.21/identity/v3/projects/9dc1d0e44efb449cb8c60757248e505f/users/a45e0c91e91644a69c1e509f290de15b/roles/ec32ae179a934a018fd5e7b36b1f45c5 0.032s
2024-11-28 21:33:55.820 66057 INFO tempest.lib.common.rest_client [req-f695f3cb-6888-410a-a8ee-38ad2d3b6805 req-f695f3cb-6888-410a-a8ee-38ad2d3b6805 ] Request (ServersTestMultiNic:test_verify_duplicate_network_nics): 200 GET http://10.180.1.21/compute/v2.1/servers/26a52ba8-20a1-407d-a980-614f2dd21737 0.852s
2024-11-28 21:33:55.843 66005 INFO tempest.lib.common.rest_client [req-865bfdf4-8646-4d75-b396-dd11c6f64b95 req-865bfdf4-8646-4d75-b396-dd11c6f64b95 ] Request (ServerExternalEventsTest:setUpClass): 200 GET http://10.180.1.21/identity/v3/roles 0.054s
2024-11-28 21:33:55.867 66005 INFO tempest.lib.common.rest_client [req-03d7b280-7c92-4821-9044-b40cbc8900f9 req-03d7b280-7c92-4821-9044-b40cbc8900f9 ] Request (ServerExternalEventsTest:setUpClass): 204 PUT http://10.180.1.21/identity/v3/projects/9dc1d0e44efb449cb8c60757248e505f/users/a45e0c91e91644a69c1e509f290de15b/roles/992213eda39c44669835da39a8bb0010 0.024s
2024-11-28 21:33:55.868 66005 INFO tempest.lib.common.dynamic_creds [-] Dynamic test user a45e0c91e91644a69c1e509f290de15b is created with scope project and roles: ['admin', 'service']
2024-11-28 21:33:55.868 66005 INFO tempest.lib.common.dynamic_creds [-] Acquired dynamic creds: credentials: Credentials: {'domain_id': 'default', 'domain_name': 'Default', 'username': 'tempest-ServerExternalEventsTest-245925636-project', 'project_domain_id': 'default', 'project_domain_name': 'Default', 'project_id': '9dc1d0e44efb449cb8c60757248e505f', 'project_name': 'tempest-ServerExternalEventsTest-245925636', 'tenant_id': '9dc1d0e44efb449cb8c60757248e505f', 'tenant_name': 'tempest-ServerExternalEventsTest-245925636', 'user_domain_id': 'default', 'user_domain_name': 'Default', 'user_id': 'a45e0c91e91644a69c1e509f290de15b', 'system': None}, Network: None, Subnet: None, Router: None
2024-11-28 21:33:55.868 66005 INFO tempest.lib.common.dynamic_creds [-] Created isolated network resources for: credentials: Credentials: {'domain_id': 'default', 'domain_name': 'Default', 'username': 'tempest-ServerExternalEventsTest-245925636-project', 'project_domain_id': 'default', 'project_domain_name': 'Default', 'project_id': '9dc1d0e44efb449cb8c60757248e505f', 'project_name': 'tempest-ServerExternalEventsTest-245925636', 'tenant_id': '9dc1d0e44efb449cb8c60757248e505f', 'tenant_name': 'tempest-ServerExternalEventsTest-245925636', 'user_domain_id': 'default', 'user_domain_name': 'Default', 'user_id': 'a45e0c91e91644a69c1e509f290de15b', 'system': None}, Network: None, Subnet: None, Router: None
2024-11-28 21:33:55.920 66041 INFO tempest.lib.common.rest_client [req-5400a5fe-2333-4d8b-9425-e75f18178961 req-5400a5fe-2333-4d8b-9425-e75f18178961 ] Request (ImagesNegativeTestJSON:test_create_image_from_deleted_server): 200 GET http://10.180.1.21/compute/v2.1/servers/3bd730fd-ce98-41e2-82d7-dd4ed0b9e8b1 0.884s
2024-11-28 21:33:55.928 66041 INFO tempest.common.waiters [-] State transition "ACTIVE/deleting" ==> "DELETED/None" after 4 second wait
2024-11-28 21:33:55.939 66011 INFO tempest.lib.common.rest_client [req-267427fe-941c-424f-a5a1-96544f61339d req-267427fe-941c-424f-a5a1-96544f61339d ] Request (KeyPairsV2TestJSON:_run_cleanups): 202 DELETE http://10.180.1.21/compute/v2.1/os-keypairs/tempest-KeyPairsV2TestJSON-keypair-948612534 0.873s
2024-11-28 21:33:55.970 66005 INFO tempest.lib.common.rest_client [req-54df000e-206a-415c-ae98-cd4ceae30dab req-54df000e-206a-415c-ae98-cd4ceae30dab ] Request (ServerExternalEventsTest:setUpClass): 201 POST http://10.180.1.21/identity/v3/auth/tokens 0.099s
2024-11-28 21:33:56.018 66003 INFO tempest.lib.common.rest_client [req-3339a674-1eaa-4360-a334-3bc623109203 req-3339a674-1eaa-4360-a334-3bc623109203 ] Request (ServerActionsV293TestJSON:setUpClass): 200 GET http://10.180.1.21/compute/v2.1/servers/0f8f123b-8896-477a-a2fe-6c339238e5cd 0.911s
2024-11-28 21:33:56.074 66005 INFO tempest.lib.common.rest_client [req-b6f2cafe-c3ed-4297-8ad9-54faa26877d9 req-b6f2cafe-c3ed-4297-8ad9-54faa26877d9 ] Request (ServerExternalEventsTest:test_create_server_external_events): 201 POST http://10.180.1.21/identity/v3/auth/tokens 0.096s
2024-11-28 21:33:56.074 66005 INFO tempest.lib.common.fixed_network [-] (ServerExternalEventsTest:test_create_server_external_events) Found network None available for tenant
2024-11-28 21:33:56.118 66023 INFO tempest.lib.common.rest_client [req-f2b558ee-c1db-46e3-aa7e-edad8fa584bb req-f2b558ee-c1db-46e3-aa7e-edad8fa584bb ] Request (ServerAddressesNegativeTestJSON:tearDownClass): 200 GET http://10.180.1.21/compute/v2.1/servers/a2b10901-0c3a-46fd-b950-e6c6bab0c382 0.916s
2024-11-28 21:33:56.124 66023 INFO tempest.common.waiters [-] State transition "ACTIVE/deleting" ==> "DELETED/None" after 4 second wait
2024-11-28 21:33:56.145 66065 INFO tempest.lib.common.rest_client [req-a1ed6908-d3ec-47a1-a0b4-1a6d605724a9 req-a1ed6908-d3ec-47a1-a0b4-1a6d605724a9 ] Request (FloatingIPDetailsTestJSON:tearDownClass): 202 DELETE http://10.180.1.21/compute/v2.1/os-floating-ips/03cefc6a-da0c-47dd-a4ae-4e7dfa2c546b 1.203s
2024-11-28 21:33:56.165 66035 INFO tempest.lib.common.rest_client [req-b445d448-2f32-4d13-8015-1bdb11ace5cd req-b445d448-2f32-4d13-8015-1bdb11ace5cd ] Request (FlavorsAdminTestJSON:_run_cleanups): 200 GET http://10.180.1.21/compute/v2.1/flavors/detail 0.885s
2024-11-28 21:33:56.342 66015 INFO tempest.lib.common.rest_client [req-10b942b6-5f89-4959-9586-bff9cdfa66a5 req-10b942b6-5f89-4959-9586-bff9cdfa66a5 ] Request (SecurityGroupRulesTestJSON:tearDownClass): 202 DELETE http://10.180.1.21/compute/v2.1/os-security-groups/47e8d597-4d66-4ee7-834e-d7183f7f7f9d 1.116s
2024-11-28 21:33:56.666 66039 INFO tempest.lib.common.rest_client [req-12d826cc-14ca-4a15-bbee-a52b9efbd683 req-12d826cc-14ca-4a15-bbee-a52b9efbd683 ] Request (ListServersNegativeTestJSON:setUpClass): 200 GET http://10.180.1.21/compute/v2.1/servers/a3a989cd-3f8f-4acd-ab51-6c14699295a3 1.237s
2024-11-28 21:33:56.770 66055 INFO tempest.lib.common.rest_client [req-53b17e55-da2b-4e73-a547-08f344ac9d4c req-53b17e55-da2b-4e73-a547-08f344ac9d4c ] Request (InstanceActionsNegativeTestJSON:setUpClass): 200 GET http://10.180.1.21/compute/v2.1/servers/7b7d831c-4d25-466b-8c52-24bada01b66a 0.850s
2024-11-28 21:33:56.782 66011 INFO tempest.lib.common.rest_client [req-09a7afa7-6df7-490e-8694-b87e5261ca6f req-09a7afa7-6df7-490e-8694-b87e5261ca6f ] Request (KeyPairsV2TestJSON:_run_cleanups): 202 DELETE http://10.180.1.21/compute/v2.1/os-keypairs/tempest-KeyPairsV2TestJSON-keypair-1008715992 0.842s
2024-11-28 21:33:56.840 66031 INFO tempest.lib.common.rest_client [req-8fc2bb79-a007-49e2-977a-d2da8d0de6d9 req-8fc2bb79-a007-49e2-977a-d2da8d0de6d9 ] Request (SecurityGroupsTestJSON:test_list_security_groups_by_server): 200 POST http://10.180.1.21/compute/v2.1/os-security-groups 1.375s
2024-11-28 21:33:56.877 66029 INFO tempest.lib.common.rest_client [req-a3d68220-5679-4347-8fe7-e1a960124bec req-a3d68220-5679-4347-8fe7-e1a960124bec ] Request (ServersAdmin275Test:tearDownClass): 200 GET http://10.180.1.21/compute/v2.1/servers/f7682359-f969-4869-869c-318c3bf750fb 0.846s
2024-11-28 21:33:56.905 66011 INFO tempest.lib.common.rest_client [req-edb9b746-1f84-4de3-8b94-b858aebfab8d req-edb9b746-1f84-4de3-8b94-b858aebfab8d ] Request (KeyPairsV2TestJSON:tearDownClass): 204 DELETE http://10.180.1.21/identity/v3/users/9ed773e9860d495690d7dae58e2f710d 0.118s
2024-11-28 21:33:56.905 66011 INFO tempest.lib.common.dynamic_creds [-] Deleting project and security group for project: 61371ce2f6c641408f20200354dd0d11
2024-11-28 21:33:56.910 66031 INFO tempest.lib.common.rest_client [req-cbe4ffe1-20cb-4a6a-94d1-b5c0e46588e0 req-cbe4ffe1-20cb-4a6a-94d1-b5c0e46588e0 ] Request (SecurityGroupsTestJSON:test_list_security_groups_by_server): 201 POST http://10.180.1.21/identity/v3/auth/tokens 0.064s
2024-11-28 21:33:56.911 66031 INFO tempest.lib.common.fixed_network [-] (SecurityGroupsTestJSON:test_list_security_groups_by_server) Found network {'id': '911ad2ba-cfdd-4b67-910c-c3347365252f', 'name': 'tempest-SecurityGroupsTestJSON-1336836935-network', 'tenant_id': 'da12a5842c1843779e0d0c1b3f2c6973', 'admin_state_up': True, 'mtu': 8950, 'status': 'ACTIVE', 'subnets': [], 'shared': False, 'project_id': 'da12a5842c1843779e0d0c1b3f2c6973', 'port_security_enabled': True, 'router:external': False, 'provider:network_type': 'vlan', 'provider:physical_network': 'default', 'provider:segmentation_id': 35, 'is_default': False, 'availability_zone_hints': [], 'availability_zones': [], 'ipv4_address_scope': None, 'ipv6_address_scope': None, 'description': '', 'tags': [], 'created_at': '2024-11-28T21:33:52Z', 'updated_at': '2024-11-28T21:33:52Z', 'revision_number': 1} available for tenant
2024-11-28 21:33:56.962 66047 WARNING tempest.lib.common.ssh [-] Failed to establish authenticated ssh connection to cirros@10.180.180.241 ([Errno None] Unable to connect to port 22 on 10.180.180.241). Number attempts: 4. Retry after 5 seconds.: paramiko.ssh_exception.NoValidConnectionsError: [Errno None] Unable to connect to port 22 on 10.180.180.241
2024-11-28 21:33:56.983 66011 INFO tempest.lib.common.rest_client [req-039dd7db-20bb-439d-99e1-54ba78140d47 req-039dd7db-20bb-439d-99e1-54ba78140d47 ] Request (KeyPairsV2TestJSON:tearDownClass): 201 POST http://10.180.1.21/identity/v3/auth/tokens 0.078s
2024-11-28 21:33:57.000 66043 INFO tempest.lib.common.rest_client [req-f845d477-25af-4e42-bf8d-19fd47bad6d0 req-f845d477-25af-4e42-bf8d-19fd47bad6d0 ] Request (MigrationsAdminTest:test_list_migrations_in_flavor_resize_situation): 200 GET http://10.180.1.21/compute/v2.1/servers/98ba3b33-2415-4b39-9e7a-1d2cdaa0683e 0.941s
2024-11-28 21:33:57.065 66013 INFO tempest.lib.common.rest_client [req-9f933af4-add4-4995-8bdf-e7553384b92d req-9f933af4-add4-4995-8bdf-e7553384b92d ] Request (FloatingIPsAssociationTestJSON:test_associate_already_associated_floating_ip): 200 GET http://10.180.1.21/compute/v2.1/servers/a05dedbb-7811-469d-aff7-e2c03dde8c41 0.981s
2024-11-28 21:33:57.123 66011 INFO tempest.lib.common.rest_client [req-30234b3c-5f7f-409d-a112-adc05cb703c7 req-30234b3c-5f7f-409d-a112-adc05cb703c7 ] Request (KeyPairsV2TestJSON:tearDownClass): 200 GET http://10.180.1.21:9696/networking/v2.0/security-groups?tenant_id=61371ce2f6c641408f20200354dd0d11&name=default 0.139s
2024-11-28 21:33:57.132 66007 INFO tempest.lib.common.rest_client [req-8a0523cd-dc22-4818-834a-087f9cc02b4d req-8a0523cd-dc22-4818-834a-087f9cc02b4d ] Request (ServerDiagnosticsV248Test:tearDownClass): 200 GET http://10.180.1.21/compute/v2.1/servers/e4cdc641-a801-43ce-9b9b-b755a743be9a 0.983s
2024-11-28 21:33:57.146 66035 INFO tempest.lib.common.rest_client [req-a054f817-d10d-4c7b-949b-3180fbed46c2 req-a054f817-d10d-4c7b-949b-3180fbed46c2 ] Request (FlavorsAdminTestJSON:test_list_non_public_flavor): 200 POST http://10.180.1.21/compute/v2.1/flavors 0.975s
2024-11-28 21:33:57.199 66033 INFO tempest.lib.common.rest_client [req-58256f5a-1ba7-4c73-acaf-65a6800d2841 req-58256f5a-1ba7-4c73-acaf-65a6800d2841 ] Request (ServersTestBootFromVolume:setUpClass): 200 GET http://10.180.1.21/compute/v2.1/servers/a6e7feca-e724-4018-8405-de21ae80b373 0.986s
2024-11-28 21:33:57.216 66011 INFO tempest.lib.common.rest_client [req-b3613998-4196-456c-a252-0e5a6fe6fef1 req-b3613998-4196-456c-a252-0e5a6fe6fef1 ] Request (KeyPairsV2TestJSON:tearDownClass): 204 DELETE http://10.180.1.21:9696/networking/v2.0/security-groups/549689ca-7cf7-4efa-a22f-82e1de08b68f 0.092s
2024-11-28 21:33:57.250 66005 INFO tempest.lib.common.rest_client [req-18964f6f-51cc-43e8-ac12-2636eb50734b req-18964f6f-51cc-43e8-ac12-2636eb50734b ] Request (ServerExternalEventsTest:test_create_server_external_events): 202 POST http://10.180.1.21/compute/v2.1/servers 1.175s
2024-11-28 21:33:57.261 66060 INFO tempest.lib.common.rest_client [req-c0b05394-5c79-445c-8c42-a7338dedd3b8 req-c0b05394-5c79-445c-8c42-a7338dedd3b8 ] Request (ServerActionsTestOtherB:setUpClass): 200 GET http://10.180.1.21/compute/v2.1/servers/3ac3d689-7f96-4afb-9ea1-1e5b260d6246 0.994s
2024-11-28 21:33:57.286 66011 INFO tempest.lib.common.rest_client [req-a1f685fa-897f-4739-8ff2-df93eaa7ade4 req-a1f685fa-897f-4739-8ff2-df93eaa7ade4 ] Request (KeyPairsV2TestJSON:tearDownClass): 204 DELETE http://10.180.1.21/identity/v3/projects/61371ce2f6c641408f20200354dd0d11 0.070s
2024-11-28 21:33:57.328 66045 INFO tempest.lib.common.rest_client [req-bd73d357-cdd2-4849-901c-8de275f4b6ee req-bd73d357-cdd2-4849-901c-8de275f4b6ee ] Request (ServersAdminTestJSON:test_create_server_with_scheduling_hint): 200 GET http://10.180.1.21/compute/v2.1/servers/bcc107bc-64cc-489c-adcf-e6513011bbea 0.990s
2024-11-28 21:33:57.370 66011 INFO tempest.lib.common.rest_client [req-d1c4fe51-b53c-4e87-97fc-fbf187352388 req-d1c4fe51-b53c-4e87-97fc-fbf187352388 ] Request (ServerRescueTestJSON:setUpClass): 201 POST http://10.180.1.21/identity/v3/auth/tokens 0.082s
2024-11-28 21:33:57.407 66011 INFO tempest.lib.common.rest_client [req-e4259d14-fc5e-4543-94ca-58303b03e393 req-e4259d14-fc5e-4543-94ca-58303b03e393 ] Request (ServerRescueTestJSON:setUpClass): 201 POST http://10.180.1.21/identity/v3/auth/tokens 0.034s
2024-11-28 21:33:57.418 66049 INFO tempest.lib.common.rest_client [req-5fd1ab90-9f78-4c8a-a63f-be6f35be3c41 req-5fd1ab90-9f78-4c8a-a63f-be6f35be3c41 ] Request (MultipleCreateTestJSON:test_multiple_create): 200 GET http://10.180.1.21/compute/v2.1/servers/4f939250-0a12-4672-aab7-b7ccecce4924 1.023s
2024-11-28 21:33:57.440 66011 INFO tempest.lib.common.rest_client [req-15b30188-3d96-4bd6-90e4-91bbe04f67f2 req-15b30188-3d96-4bd6-90e4-91bbe04f67f2 ] Request (ServerRescueTestJSON:setUpClass): 200 GET http://10.180.1.21/identity/v3/domains?name=Default 0.032s
2024-11-28 21:33:57.482 66061 INFO tempest.lib.common.rest_client [req-5ba1d6d6-39e9-4eae-a04c-fd72182efd83 req-5ba1d6d6-39e9-4eae-a04c-fd72182efd83 ] Request (ImagesTestJSON:test_create_image_from_stopped_server): 200 GET http://10.180.1.21/compute/v2.1/servers/6dfa3031-a980-4de8-83fd-7432ef153490 1.031s
2024-11-28 21:33:57.496 66011 INFO tempest.lib.common.rest_client [req-a460b8eb-025b-4c07-921f-5170ec35c96a req-a460b8eb-025b-4c07-921f-5170ec35c96a ] Request (ServerRescueTestJSON:setUpClass): 201 POST http://10.180.1.21/identity/v3/projects 0.055s
2024-11-28 21:33:57.499 66015 INFO tempest.lib.common.rest_client [req-1d42847e-a443-486a-b538-61ba5b4e769e req-1d42847e-a443-486a-b538-61ba5b4e769e ] Request (SecurityGroupRulesTestJSON:tearDownClass): 202 DELETE http://10.180.1.21/compute/v2.1/os-security-groups/374f28ee-f30c-4dce-b652-dfcce7a4d6b0 1.156s
2024-11-28 21:33:57.561 66009 INFO tempest.lib.common.rest_client [req-ac05d63a-f3e2-43be-8a36-47e5a30a1295 req-ac05d63a-f3e2-43be-8a36-47e5a30a1295 ] Request (ListServerFiltersTestJSON:setUpClass): 200 GET http://10.180.1.21/compute/v2.1/servers/423f99aa-9ea6-49fa-bd5d-d1dfec54da09 1.067s
2024-11-28 21:33:57.579 66011 INFO tempest.lib.common.rest_client [req-6f4f5852-fa25-4391-9baf-af7a1645d8f8 req-6f4f5852-fa25-4391-9baf-af7a1645d8f8 ] Request (ServerRescueTestJSON:setUpClass): 201 POST http://10.180.1.21/identity/v3/users 0.082s
2024-11-28 21:33:57.579 66025 INFO tempest.lib.common.rest_client [req-3cab272e-1e71-4224-87bf-8e37bcb8e3ac req-3cab272e-1e71-4224-87bf-8e37bcb8e3ac ] Request (AttachInterfacesUnderV243Test:test_add_remove_fixed_ip): 200 GET http://10.180.1.21/compute/v2.1/servers/737c0d60-09bb-4883-b61b-93091bf6cb65 1.042s
2024-11-28 21:33:57.603 66011 INFO tempest.lib.common.rest_client [req-41d56286-43c6-4063-9213-cf5d222074b2 req-41d56286-43c6-4063-9213-cf5d222074b2 ] Request (ServerRescueTestJSON:setUpClass): 200 GET http://10.180.1.21/identity/v3/roles 0.023s
2024-11-28 21:33:57.647 66011 INFO tempest.lib.common.rest_client [req-37542ec1-92f8-412b-99f7-4185b9102ccc req-37542ec1-92f8-412b-99f7-4185b9102ccc ] Request (ServerRescueTestJSON:setUpClass): 204 PUT http://10.180.1.21/identity/v3/projects/ed5ea40aafe14fa79c22cdd88fb8d2c4/users/b486ed0d33d942268fb57d0c0626ffd2/roles/adef4b8ae1934855ae2cde2d62c9e819 0.043s
2024-11-28 21:33:57.647 66011 INFO tempest.lib.common.dynamic_creds [-] Dynamic test user b486ed0d33d942268fb57d0c0626ffd2 is created with scope project and roles: ['member']
2024-11-28 21:33:57.648 66011 INFO tempest.lib.common.dynamic_creds [-] Acquired dynamic creds: credentials: Credentials: {'domain_id': 'default', 'domain_name': 'Default', 'username': 'tempest-ServerRescueTestJSON-766090978-project-member', 'project_domain_id': 'default', 'project_domain_name': 'Default', 'project_id': 'ed5ea40aafe14fa79c22cdd88fb8d2c4', 'project_name': 'tempest-ServerRescueTestJSON-766090978', 'tenant_id': 'ed5ea40aafe14fa79c22cdd88fb8d2c4', 'tenant_name': 'tempest-ServerRescueTestJSON-766090978', 'user_domain_id': 'default', 'user_domain_name': 'Default', 'user_id': 'b486ed0d33d942268fb57d0c0626ffd2', 'system': None}, Network: None, Subnet: None, Router: None
2024-11-28 21:33:57.652 66037 INFO tempest.lib.common.rest_client [req-c05aeaf4-edf2-4308-acba-0e40498cd3ed req-c05aeaf4-edf2-4308-acba-0e40498cd3ed ] Request (DeleteServersTestJSON:test_delete_active_server): 200 GET http://10.180.1.21/compute/v2.1/servers/99fc45f7-e244-4685-9039-d16728d5bf5a 1.034s
2024-11-28 21:33:57.736 66011 INFO tempest.lib.common.rest_client [req-1c1d2fd1-1e24-4845-949d-2f26dc310e67 req-1c1d2fd1-1e24-4845-949d-2f26dc310e67 ] Request (ServerRescueTestJSON:setUpClass): 201 POST http://10.180.1.21/identity/v3/auth/tokens 0.087s
2024-11-28 21:33:57.741 66053 INFO tempest.lib.common.rest_client [req-e5f3ec8b-8930-4d44-a0df-af6d59a6665d req-e5f3ec8b-8930-4d44-a0df-af6d59a6665d ] Request (FloatingIPsAssociationNegativeTestJSON:setUpClass): 200 GET http://10.180.1.21/compute/v2.1/servers/39ba48cc-7c15-4bad-aee8-ff350e266b41 1.041s
2024-11-28 21:33:57.776 66065 INFO tempest.lib.common.rest_client [req-41e27739-f87c-42bf-9234-446f71df440f req-41e27739-f87c-42bf-9234-446f71df440f ] Request (FloatingIPDetailsTestJSON:tearDownClass): 200 PUT http://10.180.1.21:9696/networking/v2.0/routers/13166768-1463-4bf3-aa48-4153a4877918/remove_router_interface 1.630s
2024-11-28 21:33:57.777 66051 INFO tempest.lib.common.rest_client [req-02472aac-6afd-4e4c-9978-a7f4836273de req-02472aac-6afd-4e4c-9978-a7f4836273de ] Request (VolumesAssistedSnapshotsTest:test_volume_assisted_snapshot_create_delete): 200 GET http://10.180.1.21/compute/v2.1/servers/79f55b1b-b1e0-4c79-b215-9a34a1bd1516 1.142s
2024-11-28 21:33:57.818 66027 INFO tempest.lib.common.rest_client [req-9ea867f2-09ad-4432-9ec1-6477bb2d9572 req-9ea867f2-09ad-4432-9ec1-6477bb2d9572 ] Request (AttachInterfacesV270Test:test_create_get_list_interfaces): 200 GET http://10.180.1.21/compute/v2.1/servers/a2253032-97b8-4516-b21a-af6be03c91ab 1.113s
2024-11-28 21:33:57.860 66021 INFO tempest.lib.common.rest_client [req-6a9aab02-7ab5-4099-853b-06803687297a req-6a9aab02-7ab5-4099-853b-06803687297a ] Request (AttachInterfacesTestJSON:test_create_list_show_delete_interfaces_by_fixed_ip): 200 GET http://10.180.1.21/compute/v2.1/servers/40586716-fefe-4da9-a96b-d2e7a6355ec0 1.105s
2024-11-28 21:33:57.908 66019 INFO tempest.lib.common.rest_client [req-d3f83320-5226-4b80-bd16-507f971c1b1b req-d3f83320-5226-4b80-bd16-507f971c1b1b ] Request (DeleteServersAdminTestJSON:test_admin_delete_servers_of_others): 200 GET http://10.180.1.21/compute/v2.1/servers/d1ce0a08-27b4-43b6-aeed-c9048f248e41 1.139s
2024-11-28 21:33:57.942 66057 INFO tempest.lib.common.rest_client [req-9ee3bac4-2031-47a9-ae5d-beeeaca71a8f req-9ee3bac4-2031-47a9-ae5d-beeeaca71a8f ] Request (ServersTestMultiNic:test_verify_duplicate_network_nics): 200 GET http://10.180.1.21/compute/v2.1/servers/26a52ba8-20a1-407d-a980-614f2dd21737 1.113s
2024-11-28 21:33:58.032 66041 INFO tempest.lib.common.rest_client [req-8adad1d1-acda-428f-a608-044279b2da0b req-8adad1d1-acda-428f-a608-044279b2da0b ] Request (ImagesNegativeTestJSON:test_create_image_from_deleted_server): 200 GET http://10.180.1.21/compute/v2.1/servers/3bd730fd-ce98-41e2-82d7-dd4ed0b9e8b1 1.103s
2024-11-28 21:33:58.107 66003 INFO tempest.lib.common.rest_client [req-c6ad2a91-e0c8-4ebb-9494-e7ce8e7b84bf req-c6ad2a91-e0c8-4ebb-9494-e7ce8e7b84bf ] Request (ServerActionsV293TestJSON:setUpClass): 200 GET http://10.180.1.21/compute/v2.1/servers/0f8f123b-8896-477a-a2fe-6c339238e5cd 1.076s
2024-11-28 21:33:58.177 66023 INFO tempest.lib.common.rest_client [req-ef5d026c-7a32-4a9c-923d-2faefb3b010c req-ef5d026c-7a32-4a9c-923d-2faefb3b010c ] Request (ServerAddressesNegativeTestJSON:tearDownClass): 200 GET http://10.180.1.21/compute/v2.1/servers/a2b10901-0c3a-46fd-b950-e6c6bab0c382 1.051s
2024-11-28 21:33:58.198 66035 INFO tempest.lib.common.rest_client [req-fecaf6af-37df-4cad-b69e-72cd8abe3a70 req-fecaf6af-37df-4cad-b69e-72cd8abe3a70 ] Request (FlavorsAdminTestJSON:test_list_non_public_flavor): 200 GET http://10.180.1.21/compute/v2.1/flavors/detail 1.049s
2024-11-28 21:33:58.262 66005 INFO tempest.lib.common.rest_client [req-ea797a58-45fa-427f-9072-c637f6df9775 req-ea797a58-45fa-427f-9072-c637f6df9775 ] Request (ServerExternalEventsTest:test_create_server_external_events): 200 GET http://10.180.1.21/compute/v2.1/servers/fa82a482-c837-4555-a130-9425fb6d34fd 1.011s
2024-11-28 21:33:58.305 66011 INFO tempest.lib.common.rest_client [req-6322986c-05d1-4a45-9b70-07f13348e911 req-6322986c-05d1-4a45-9b70-07f13348e911 ] Request (ServerRescueTestJSON:setUpClass): 201 POST http://10.180.1.21:9696/networking/v2.0/networks 0.568s
2024-11-28 21:33:58.509 66015 INFO tempest.lib.common.rest_client [req-877db686-603b-468e-86eb-c4f4e5c91df5 req-877db686-603b-468e-86eb-c4f4e5c91df5 ] Request (SecurityGroupRulesTestJSON:tearDownClass): 202 DELETE http://10.180.1.21/compute/v2.1/os-security-groups/b12bfa99-71ec-4cee-a72a-1d4cacf5fa59 1.008s
2024-11-28 21:33:58.554 66031 INFO tempest.lib.common.rest_client [req-4d1330f5-ebee-472a-8c10-7256f7bdb6e6 req-4d1330f5-ebee-472a-8c10-7256f7bdb6e6 ] Request (SecurityGroupsTestJSON:test_list_security_groups_by_server): 202 POST http://10.180.1.21/compute/v2.1/servers 1.642s
2024-11-28 21:33:58.595 66011 INFO tempest.lib.common.rest_client [req-8a4a9403-046a-4863-8c93-0389d3577a24 req-8a4a9403-046a-4863-8c93-0389d3577a24 ] Request (ServerRescueTestJSON:setUpClass): 201 POST http://10.180.1.21:9696/networking/v2.0/subnets 0.289s
2024-11-28 21:33:58.664 66055 INFO tempest.lib.common.rest_client [req-2395eb0d-af8d-418f-b675-124a9facedd5 req-2395eb0d-af8d-418f-b675-124a9facedd5 ] Request (InstanceActionsNegativeTestJSON:setUpClass): 200 GET http://10.180.1.21/compute/v2.1/servers/7b7d831c-4d25-466b-8c52-24bada01b66a 0.878s
2024-11-28 21:33:58.668 66065 INFO tempest.lib.common.rest_client [req-bb247a35-bc88-4ebf-8fab-5cecc3102fae req-bb247a35-bc88-4ebf-8fab-5cecc3102fae ] Request (FloatingIPDetailsTestJSON:tearDownClass): 204 DELETE http://10.180.1.21:9696/networking/v2.0/routers/13166768-1463-4bf3-aa48-4153a4877918 0.891s
2024-11-28 21:33:58.766 66039 INFO tempest.lib.common.rest_client [req-53a759a2-ed38-417f-a8ef-f538e9032729 req-53a759a2-ed38-417f-a8ef-f538e9032729 ] Request (ListServersNegativeTestJSON:setUpClass): 200 GET http://10.180.1.21/compute/v2.1/servers/a3a989cd-3f8f-4acd-ab51-6c14699295a3 1.092s
2024-11-28 21:33:58.768 66029 INFO tempest.lib.common.rest_client [req-a881fa53-06d8-4b95-bfdd-fa6b234050f1 req-a881fa53-06d8-4b95-bfdd-fa6b234050f1 ] Request (ServersAdmin275Test:tearDownClass): 200 GET http://10.180.1.21/compute/v2.1/servers/f7682359-f969-4869-869c-318c3bf750fb 0.877s
2024-11-28 21:33:58.774 66039 INFO tempest.common.waiters [-] State transition "BUILD/spawning" ==> "ACTIVE/None" after 4 second wait
2024-11-28 21:33:58.858 66065 INFO tempest.lib.common.rest_client [req-b99e21b1-3016-4c1c-ae2e-9ad30f023c3e req-b99e21b1-3016-4c1c-ae2e-9ad30f023c3e ] Request (FloatingIPDetailsTestJSON:tearDownClass): 204 DELETE http://10.180.1.21:9696/networking/v2.0/subnets/03ad2083-9fda-439a-a05b-47cb6b848d02 0.189s
2024-11-28 21:33:58.885 66013 INFO tempest.lib.common.rest_client [req-200dbd0a-668d-4e47-a147-d0fe623a267b req-200dbd0a-668d-4e47-a147-d0fe623a267b ] Request (FloatingIPsAssociationTestJSON:test_associate_already_associated_floating_ip): 200 GET http://10.180.1.21/compute/v2.1/servers/a05dedbb-7811-469d-aff7-e2c03dde8c41 0.813s
2024-11-28 21:33:58.982 66007 INFO tempest.lib.common.rest_client [req-acd493a0-4c88-416d-a34a-fca2d1a7ff90 req-acd493a0-4c88-416d-a34a-fca2d1a7ff90 ] Request (ServerDiagnosticsV248Test:tearDownClass): 200 GET http://10.180.1.21/compute/v2.1/servers/e4cdc641-a801-43ce-9b9b-b755a743be9a 0.837s
2024-11-28 21:33:58.995 66035 INFO tempest.lib.common.rest_client [req-69d7c996-aa1d-4c65-87e0-d1c99b0981d5 req-69d7c996-aa1d-4c65-87e0-d1c99b0981d5 ] Request (FlavorsAdminTestJSON:test_list_non_public_flavor): 200 GET http://10.180.1.21/compute/v2.1/flavors/detail 0.789s
2024-11-28 21:33:59.079 66033 INFO tempest.lib.common.rest_client [req-18ac587d-24ad-4294-b274-df4918a9be08 req-18ac587d-24ad-4294-b274-df4918a9be08 ] Request (ServersTestBootFromVolume:setUpClass): 200 GET http://10.180.1.21/compute/v2.1/servers/a6e7feca-e724-4018-8405-de21ae80b373 0.871s
2024-11-28 21:33:59.250 66065 INFO tempest.lib.common.rest_client [req-9161a1ee-bfdf-4910-abde-3d8a559eb998 req-9161a1ee-bfdf-4910-abde-3d8a559eb998 ] Request (FloatingIPDetailsTestJSON:tearDownClass): 204 DELETE http://10.180.1.21:9696/networking/v2.0/networks/795c4939-9b37-4dcb-924b-abd98617f7d9 0.391s
2024-11-28 21:33:59.332 66065 INFO tempest.lib.common.rest_client [req-059957ef-1d8f-4c78-b85e-da77f8a02242 req-059957ef-1d8f-4c78-b85e-da77f8a02242 ] Request (FloatingIPDetailsTestJSON:tearDownClass): 204 DELETE http://10.180.1.21/identity/v3/users/92d58fccd2194485a6d326506d0cbc2f 0.080s
2024-11-28 21:33:59.332 66065 INFO tempest.lib.common.dynamic_creds [-] Deleting project and security group for project: e163e730d7a84c79bd1b5ccdcc95d6eb
2024-11-28 21:33:59.359 66060 INFO tempest.lib.common.rest_client [req-16663d35-f7e6-470b-87a7-5c7e0d02468d req-16663d35-f7e6-470b-87a7-5c7e0d02468d ] Request (ServerActionsTestOtherB:setUpClass): 200 GET http://10.180.1.21/compute/v2.1/servers/3ac3d689-7f96-4afb-9ea1-1e5b260d6246 1.090s
2024-11-28 21:33:59.362 66065 INFO tempest.lib.common.rest_client [req-18511b59-3c26-4cd6-8a48-521326c9bf2e req-18511b59-3c26-4cd6-8a48-521326c9bf2e ] Request (FloatingIPDetailsTestJSON:tearDownClass): 200 GET http://10.180.1.21:9696/networking/v2.0/security-groups?tenant_id=e163e730d7a84c79bd1b5ccdcc95d6eb&name=default 0.029s
2024-11-28 21:33:59.425 66043 INFO tempest.lib.common.rest_client [req-d0af0649-39b7-49e6-b736-a34468f1bd37 req-d0af0649-39b7-49e6-b736-a34468f1bd37 ] Request (MigrationsAdminTest:test_list_migrations_in_flavor_resize_situation): 200 GET http://10.180.1.21/compute/v2.1/servers/98ba3b33-2415-4b39-9e7a-1d2cdaa0683e 1.418s
2024-11-28 21:33:59.446 66065 INFO tempest.lib.common.rest_client [req-78869fb2-adfb-47e1-b564-26492fffe3c7 req-78869fb2-adfb-47e1-b564-26492fffe3c7 ] Request (FloatingIPDetailsTestJSON:tearDownClass): 204 DELETE http://10.180.1.21:9696/networking/v2.0/security-groups/58ac3918-8422-452a-8d35-08ee1c8ba2eb 0.084s
2024-11-28 21:33:59.469 66045 INFO tempest.lib.common.rest_client [req-af386eca-aff5-420a-8a34-58d350e9632c req-af386eca-aff5-420a-8a34-58d350e9632c ] Request (ServersAdminTestJSON:test_create_server_with_scheduling_hint): 200 GET http://10.180.1.21/compute/v2.1/servers/bcc107bc-64cc-489c-adcf-e6513011bbea 1.132s
2024-11-28 21:33:59.581 66065 INFO tempest.lib.common.rest_client [req-1dd3d790-9756-4a3d-aaab-57ed3339ed11 req-1dd3d790-9756-4a3d-aaab-57ed3339ed11 ] Request (FloatingIPDetailsTestJSON:tearDownClass): 204 DELETE http://10.180.1.21/identity/v3/projects/e163e730d7a84c79bd1b5ccdcc95d6eb 0.135s
2024-11-28 21:33:59.592 66061 INFO tempest.lib.common.rest_client [req-80dc46a3-6e15-4c5f-bf8f-fabb6372fca0 req-80dc46a3-6e15-4c5f-bf8f-fabb6372fca0 ] Request (ImagesTestJSON:test_create_image_from_stopped_server): 200 GET http://10.180.1.21/compute/v2.1/servers/6dfa3031-a980-4de8-83fd-7432ef153490 1.103s
2024-11-28 21:33:59.722 66031 INFO tempest.lib.common.rest_client [req-deb11137-fc3b-49a8-b351-a5d6ee8eee8f req-deb11137-fc3b-49a8-b351-a5d6ee8eee8f ] Request (SecurityGroupsTestJSON:test_list_security_groups_by_server): 200 GET http://10.180.1.21/compute/v2.1/servers/592b8898-43e7-46b1-b16f-39ed5cfe8fc3 1.166s
2024-11-28 21:33:59.828 66009 INFO tempest.lib.common.rest_client [req-3baa9f24-b4ce-433e-a99b-81de1230670b req-3baa9f24-b4ce-433e-a99b-81de1230670b ] Request (ListServerFiltersTestJSON:setUpClass): 200 GET http://10.180.1.21/compute/v2.1/servers/423f99aa-9ea6-49fa-bd5d-d1dfec54da09 1.257s
2024-11-28 21:33:59.905 66049 INFO tempest.lib.common.rest_client [req-97b2eb35-8cd7-409f-abc3-b0e791b559d8 req-97b2eb35-8cd7-409f-abc3-b0e791b559d8 ] Request (MultipleCreateTestJSON:test_multiple_create): 200 GET http://10.180.1.21/compute/v2.1/servers/4f939250-0a12-4672-aab7-b7ccecce4924 1.478s
2024-11-28 21:33:59.912 66049 INFO tempest.common.waiters [-] State transition "BUILD/None" ==> "BUILD/spawning" after 38 second wait
2024-11-28 21:33:59.980 66037 INFO tempest.lib.common.rest_client [req-c15e8706-9265-4f23-bf2f-afe8d309f04c req-c15e8706-9265-4f23-bf2f-afe8d309f04c ] Request (DeleteServersTestJSON:test_delete_active_server): 200 GET http://10.180.1.21/compute/v2.1/servers/99fc45f7-e244-4685-9039-d16728d5bf5a 1.317s
2024-11-28 21:34:00.035 66017 WARNING tempest.lib.common.ssh [-] Failed to establish authenticated ssh connection to cirros@10.180.180.146 ([Errno None] Unable to connect to port 22 on 10.180.180.146). Number attempts: 2. Retry after 3 seconds.: paramiko.ssh_exception.NoValidConnectionsError: [Errno None] Unable to connect to port 22 on 10.180.180.146
2024-11-28 21:34:00.056 66053 INFO tempest.lib.common.rest_client [req-8edbd384-3bd3-4725-ac77-66e8d7d97be3 req-8edbd384-3bd3-4725-ac77-66e8d7d97be3 ] Request (FloatingIPsAssociationNegativeTestJSON:setUpClass): 200 GET http://10.180.1.21/compute/v2.1/servers/39ba48cc-7c15-4bad-aee8-ff350e266b41 1.308s
2024-11-28 21:34:00.130 66025 INFO tempest.lib.common.rest_client [req-2c922aa4-9568-4f88-a25c-8fde48c8377b req-2c922aa4-9568-4f88-a25c-8fde48c8377b ] Request (AttachInterfacesUnderV243Test:test_add_remove_fixed_ip): 200 GET http://10.180.1.21/compute/v2.1/servers/737c0d60-09bb-4883-b61b-93091bf6cb65 1.532s
2024-11-28 21:34:00.329 66039 INFO tempest.lib.common.rest_client [req-d5da7a88-61a2-4fb3-9c38-619fa8f93c55 req-d5da7a88-61a2-4fb3-9c38-619fa8f93c55 ] Request (ListServersNegativeTestJSON:setUpClass): 200 GET http://10.180.1.21/compute/v2.1/servers/cac7b2cc-74f0-44e9-a296-1e4c837a17a7 1.555s
2024-11-28 21:34:00.405 66027 INFO tempest.lib.common.rest_client [req-e17c2a99-d2f8-4f05-b1f5-3781cadb0e10 req-e17c2a99-d2f8-4f05-b1f5-3781cadb0e10 ] Request (AttachInterfacesV270Test:test_create_get_list_interfaces): 200 GET http://10.180.1.21/compute/v2.1/servers/a2253032-97b8-4516-b21a-af6be03c91ab 1.577s
2024-11-28 21:34:00.434 66051 INFO tempest.lib.common.rest_client [req-14af3c29-fa12-4f2e-9f53-33d220e02b25 req-14af3c29-fa12-4f2e-9f53-33d220e02b25 ] Request (VolumesAssistedSnapshotsTest:test_volume_assisted_snapshot_create_delete): 200 GET http://10.180.1.21/compute/v2.1/servers/79f55b1b-b1e0-4c79-b215-9a34a1bd1516 1.647s
2024-11-28 21:34:00.468 66021 INFO tempest.lib.common.rest_client [req-36c584f7-83bd-4429-b05d-6623122e5ac2 req-36c584f7-83bd-4429-b05d-6623122e5ac2 ] Request (AttachInterfacesTestJSON:test_create_list_show_delete_interfaces_by_fixed_ip): 200 GET http://10.180.1.21/compute/v2.1/servers/40586716-fefe-4da9-a96b-d2e7a6355ec0 1.598s
2024-11-28 21:34:00.507 66019 INFO tempest.lib.common.rest_client [req-9047100b-1479-4939-9008-c2c07d5a0cd6 req-9047100b-1479-4939-9008-c2c07d5a0cd6 ] Request (DeleteServersAdminTestJSON:test_admin_delete_servers_of_others): 200 GET http://10.180.1.21/compute/v2.1/servers/d1ce0a08-27b4-43b6-aeed-c9048f248e41 1.592s
2024-11-28 21:34:00.524 66035 INFO tempest.lib.common.rest_client [req-4d0acaf4-5eaa-4ea5-b6ca-3906b42f3741 req-4d0acaf4-5eaa-4ea5-b6ca-3906b42f3741 ] Request (FlavorsAdminTestJSON:_run_cleanups): 202 DELETE http://10.180.1.21/compute/v2.1/flavors/1418035506 1.525s
2024-11-28 21:34:00.548 66057 INFO tempest.lib.common.rest_client [req-da149d5e-2ea8-435a-be33-4774eae72700 req-da149d5e-2ea8-435a-be33-4774eae72700 ] Request (ServersTestMultiNic:test_verify_duplicate_network_nics): 200 GET http://10.180.1.21/compute/v2.1/servers/26a52ba8-20a1-407d-a980-614f2dd21737 1.597s
2024-11-28 21:34:00.594 66041 INFO tempest.lib.common.rest_client [req-0353d5a0-ead7-42bc-aa2c-ce729a0d5253 req-0353d5a0-ead7-42bc-aa2c-ce729a0d5253 ] Request (ImagesNegativeTestJSON:test_create_image_from_deleted_server): 200 GET http://10.180.1.21/compute/v2.1/servers/3bd730fd-ce98-41e2-82d7-dd4ed0b9e8b1 1.553s
2024-11-28 21:34:00.651 66003 INFO tempest.lib.common.rest_client [req-b84122ca-4af8-4dd9-9886-cde923087719 req-b84122ca-4af8-4dd9-9886-cde923087719 ] Request (ServerActionsV293TestJSON:setUpClass): 200 GET http://10.180.1.21/compute/v2.1/servers/0f8f123b-8896-477a-a2fe-6c339238e5cd 1.535s
2024-11-28 21:34:00.686 66023 INFO tempest.lib.common.rest_client [req-067fdcec-3f08-409a-88e0-a1d07c09207d req-067fdcec-3f08-409a-88e0-a1d07c09207d ] Request (ServerAddressesNegativeTestJSON:tearDownClass): 200 GET http://10.180.1.21/compute/v2.1/servers/a2b10901-0c3a-46fd-b950-e6c6bab0c382 1.495s
2024-11-28 21:34:00.717 66005 INFO tempest.lib.common.rest_client [req-f8405f14-1775-4954-9c4f-4ad13890648a req-f8405f14-1775-4954-9c4f-4ad13890648a ] Request (ServerExternalEventsTest:test_create_server_external_events): 200 GET http://10.180.1.21/compute/v2.1/servers/fa82a482-c837-4555-a130-9425fb6d34fd 1.447s
2024-11-28 21:34:00.749 66055 INFO tempest.lib.common.rest_client [req-62e01426-3215-46cd-9046-124808b0926a req-62e01426-3215-46cd-9046-124808b0926a ] Request (InstanceActionsNegativeTestJSON:setUpClass): 200 GET http://10.180.1.21/compute/v2.1/servers/7b7d831c-4d25-466b-8c52-24bada01b66a 1.071s
2024-11-28 21:34:00.806 66029 INFO tempest.lib.common.rest_client [req-de5d07e2-c9fb-43b9-b856-70511578fe18 req-de5d07e2-c9fb-43b9-b856-70511578fe18 ] Request (ServersAdmin275Test:tearDownClass): 200 GET http://10.180.1.21/compute/v2.1/servers/f7682359-f969-4869-869c-318c3bf750fb 1.022s
2024-11-28 21:34:00.823 66013 INFO tempest.lib.common.rest_client [req-48bf6ae0-377c-4009-9965-88bf03f1ba3a req-48bf6ae0-377c-4009-9965-88bf03f1ba3a ] Request (FloatingIPsAssociationTestJSON:test_associate_already_associated_floating_ip): 200 GET http://10.180.1.21/compute/v2.1/servers/a05dedbb-7811-469d-aff7-e2c03dde8c41 0.927s
2024-11-28 21:34:00.894 66007 INFO tempest.lib.common.rest_client [req-ff8a4fa3-a15a-46b9-8850-0c58b9689704 req-ff8a4fa3-a15a-46b9-8850-0c58b9689704 ] Request (ServerDiagnosticsV248Test:tearDownClass): 200 GET http://10.180.1.21/compute/v2.1/servers/e4cdc641-a801-43ce-9b9b-b755a743be9a 0.899s
2024-11-28 21:34:00.895 66033 INFO tempest.lib.common.rest_client [req-bf4a0d2b-9bd8-4e67-b431-46df36d22fcd req-bf4a0d2b-9bd8-4e67-b431-46df36d22fcd ] Request (ServersTestBootFromVolume:setUpClass): 200 GET http://10.180.1.21/compute/v2.1/servers/a6e7feca-e724-4018-8405-de21ae80b373 0.808s
2024-11-28 21:34:00.955 66060 INFO tempest.lib.common.rest_client [req-5d9ef539-5cbc-44a3-9764-2a1dd906c69c req-5d9ef539-5cbc-44a3-9764-2a1dd906c69c ] Request (ServerActionsTestOtherB:setUpClass): 200 GET http://10.180.1.21/compute/v2.1/servers/3ac3d689-7f96-4afb-9ea1-1e5b260d6246 0.574s
2024-11-28 21:34:00.974 66039 INFO tempest.lib.common.rest_client [req-7995ae74-b4f4-42d2-b29e-deec226aee63 req-7995ae74-b4f4-42d2-b29e-deec226aee63 ] Request (ListServersNegativeTestJSON:setUpClass): 204 DELETE http://10.180.1.21/compute/v2.1/servers/cac7b2cc-74f0-44e9-a296-1e4c837a17a7 0.638s
2024-11-28 21:34:00.984 66015 INFO tempest.lib.common.rest_client [req-6c214ab4-8445-4933-bf7b-f824999f8396 req-6c214ab4-8445-4933-bf7b-f824999f8396 ] Request (SecurityGroupRulesTestJSON:tearDownClass): 200 PUT http://10.180.1.21:9696/networking/v2.0/routers/204fc804-b0b0-4944-aba8-11e4b831cf7e/remove_router_interface 2.474s
2024-11-28 21:34:00.987 66011 INFO tempest.lib.common.rest_client [req-5debd2ff-4df3-4fc8-a7d3-a815b62b199a req-5debd2ff-4df3-4fc8-a7d3-a815b62b199a ] Request (ServerRescueTestJSON:setUpClass): 201 POST http://10.180.1.21:9696/networking/v2.0/routers 2.391s
2024-11-28 21:34:01.249 66045 INFO tempest.lib.common.rest_client [req-4141b050-0f2a-4135-8024-a6a41e2ed125 req-4141b050-0f2a-4135-8024-a6a41e2ed125 ] Request (ServersAdminTestJSON:test_create_server_with_scheduling_hint): 200 GET http://10.180.1.21/compute/v2.1/servers/bcc107bc-64cc-489c-adcf-e6513011bbea 0.771s
2024-11-28 21:34:01.267 66035 INFO tempest.lib.common.rest_client [req-772e71a0-ad61-4cac-8cf1-ccd10ccc1308 req-772e71a0-ad61-4cac-8cf1-ccd10ccc1308 ] Request (FlavorsAdminTestJSON:_run_cleanups): 200 GET http://10.180.1.21/compute/v2.1/flavors/detail 0.742s
2024-11-28 21:34:01.342 66061 INFO tempest.lib.common.rest_client [req-9797c14e-292e-4d1b-97d7-73a1fe1d61a3 req-9797c14e-292e-4d1b-97d7-73a1fe1d61a3 ] Request (ImagesTestJSON:test_create_image_from_stopped_server): 200 GET http://10.180.1.21/compute/v2.1/servers/6dfa3031-a980-4de8-83fd-7432ef153490 0.737s
2024-11-28 21:34:01.379 66043 INFO tempest.lib.common.rest_client [req-9912fedc-1830-46c5-a9b2-7d0587c189ff req-9912fedc-1830-46c5-a9b2-7d0587c189ff ] Request (MigrationsAdminTest:test_list_migrations_in_flavor_resize_situation): 200 GET http://10.180.1.21/compute/v2.1/servers/98ba3b33-2415-4b39-9e7a-1d2cdaa0683e 0.941s
2024-11-28 21:34:01.385 66043 INFO tempest.common.waiters [-] State transition "RESIZE/resize_migrating" ==> "RESIZE/resize_migrated" after 33 second wait
2024-11-28 21:34:01.412 66031 INFO tempest.lib.common.rest_client [req-df0fe253-eb49-47eb-8b2c-7561f6c342b4 req-df0fe253-eb49-47eb-8b2c-7561f6c342b4 ] Request (SecurityGroupsTestJSON:test_list_security_groups_by_server): 200 GET http://10.180.1.21/compute/v2.1/servers/592b8898-43e7-46b1-b16f-39ed5cfe8fc3 0.673s
2024-11-28 21:34:01.467 66009 INFO tempest.lib.common.rest_client [req-c2a51b73-5d40-4a6f-889d-2e60837d9308 req-c2a51b73-5d40-4a6f-889d-2e60837d9308 ] Request (ListServerFiltersTestJSON:setUpClass): 200 GET http://10.180.1.21/compute/v2.1/servers/423f99aa-9ea6-49fa-bd5d-d1dfec54da09 0.633s
2024-11-28 21:34:01.637 66049 INFO tempest.lib.common.rest_client [req-0588333a-461e-4909-abfd-2ed58e1730e5 req-0588333a-461e-4909-abfd-2ed58e1730e5 ] Request (MultipleCreateTestJSON:test_multiple_create): 200 GET http://10.180.1.21/compute/v2.1/servers/4f939250-0a12-4672-aab7-b7ccecce4924 0.723s
2024-11-28 21:34:01.716 66037 INFO tempest.lib.common.rest_client [req-3cc43a3b-cee5-4397-a452-ccca163f0969 req-3cc43a3b-cee5-4397-a452-ccca163f0969 ] Request (DeleteServersTestJSON:test_delete_active_server): 200 GET http://10.180.1.21/compute/v2.1/servers/99fc45f7-e244-4685-9039-d16728d5bf5a 0.725s
2024-11-28 21:34:01.809 66053 INFO tempest.lib.common.rest_client [req-f2dea42d-785b-4e07-937a-84d0f8f44a14 req-f2dea42d-785b-4e07-937a-84d0f8f44a14 ] Request (FloatingIPsAssociationNegativeTestJSON:setUpClass): 200 GET http://10.180.1.21/compute/v2.1/servers/39ba48cc-7c15-4bad-aee8-ff350e266b41 0.743s
2024-11-28 21:34:01.859 66039 INFO tempest.lib.common.rest_client [req-8dcdd433-2fc7-48ee-b05d-3fcce71bb5b5 req-8dcdd433-2fc7-48ee-b05d-3fcce71bb5b5 ] Request (ListServersNegativeTestJSON:setUpClass): 200 GET http://10.180.1.21/compute/v2.1/servers/cac7b2cc-74f0-44e9-a296-1e4c837a17a7 0.884s
2024-11-28 21:34:01.877 66035 INFO tempest.lib.common.rest_client [req-78c74e66-c8e8-4b57-9748-8cac58752e31 req-78c74e66-c8e8-4b57-9748-8cac58752e31 ] Request (FlavorsAdminTestJSON:test_list_public_flavor_with_other_user): 200 POST http://10.180.1.21/compute/v2.1/flavors 0.604s
2024-11-28 21:34:01.886 66025 INFO tempest.lib.common.rest_client [req-6bd3fda6-1208-402c-bfda-0af2b1fc11e9 req-6bd3fda6-1208-402c-bfda-0af2b1fc11e9 ] Request (AttachInterfacesUnderV243Test:test_add_remove_fixed_ip): 200 GET http://10.180.1.21/compute/v2.1/servers/737c0d60-09bb-4883-b61b-93091bf6cb65 0.749s
2024-11-28 21:34:01.973 66027 INFO tempest.lib.common.rest_client [req-61963a8b-a70f-4a0f-ad55-8471922291a0 req-61963a8b-a70f-4a0f-ad55-8471922291a0 ] Request (AttachInterfacesV270Test:test_create_get_list_interfaces): 200 GET http://10.180.1.21/compute/v2.1/servers/a2253032-97b8-4516-b21a-af6be03c91ab 0.554s
2024-11-28 21:34:02.083 66021 INFO tempest.lib.common.rest_client [req-55525417-5a2b-4e2a-b277-cdcaa802e30b req-55525417-5a2b-4e2a-b277-cdcaa802e30b ] Request (AttachInterfacesTestJSON:test_create_list_show_delete_interfaces_by_fixed_ip): 200 GET http://10.180.1.21/compute/v2.1/servers/40586716-fefe-4da9-a96b-d2e7a6355ec0 0.602s
2024-11-28 21:34:02.160 66051 INFO tempest.lib.common.rest_client [req-2e6897a7-790b-4360-8f06-2aa9aa915e58 req-2e6897a7-790b-4360-8f06-2aa9aa915e58 ] Request (VolumesAssistedSnapshotsTest:test_volume_assisted_snapshot_create_delete): 200 GET http://10.180.1.21/compute/v2.1/servers/79f55b1b-b1e0-4c79-b215-9a34a1bd1516 0.718s
2024-11-28 21:34:02.188 66019 INFO tempest.lib.common.rest_client [req-d1afc69c-48a4-4aab-8bf7-599cdedc3785 req-d1afc69c-48a4-4aab-8bf7-599cdedc3785 ] Request (DeleteServersAdminTestJSON:test_admin_delete_servers_of_others): 200 GET http://10.180.1.21/compute/v2.1/servers/d1ce0a08-27b4-43b6-aeed-c9048f248e41 0.674s
2024-11-28 21:34:02.241 66057 INFO tempest.lib.common.rest_client [req-a11396b7-000d-423a-9358-f58d7407a24a req-a11396b7-000d-423a-9358-f58d7407a24a ] Request (ServersTestMultiNic:test_verify_duplicate_network_nics): 200 GET http://10.180.1.21/compute/v2.1/servers/26a52ba8-20a1-407d-a980-614f2dd21737 0.685s
2024-11-28 21:34:02.272 66041 INFO tempest.lib.common.rest_client [req-72fa571d-3cd1-4b2d-b931-98f2d85d28c1 req-72fa571d-3cd1-4b2d-b931-98f2d85d28c1 ] Request (ImagesNegativeTestJSON:test_create_image_from_deleted_server): 200 GET http://10.180.1.21/compute/v2.1/servers/3bd730fd-ce98-41e2-82d7-dd4ed0b9e8b1 0.668s
2024-11-28 21:34:02.348 66003 INFO tempest.lib.common.rest_client [req-b6bb489e-6e83-41eb-8ecd-600734bdbb82 req-b6bb489e-6e83-41eb-8ecd-600734bdbb82 ] Request (ServerActionsV293TestJSON:setUpClass): 200 GET http://10.180.1.21/compute/v2.1/servers/0f8f123b-8896-477a-a2fe-6c339238e5cd 0.686s
2024-11-28 21:34:02.359 66023 INFO tempest.lib.common.rest_client [req-204b45e9-4b7b-4a54-b20c-dc57d0fded51 req-204b45e9-4b7b-4a54-b20c-dc57d0fded51 ] Request (ServerAddressesNegativeTestJSON:tearDownClass): 200 GET http://10.180.1.21/compute/v2.1/servers/a2b10901-0c3a-46fd-b950-e6c6bab0c382 0.667s
2024-11-28 21:34:02.386 66015 INFO tempest.lib.common.rest_client [req-44686cd3-c6c7-4462-b2e5-5676806face6 req-44686cd3-c6c7-4462-b2e5-5676806face6 ] Request (SecurityGroupRulesTestJSON:tearDownClass): 204 DELETE http://10.180.1.21:9696/networking/v2.0/routers/204fc804-b0b0-4944-aba8-11e4b831cf7e 1.401s
2024-11-28 21:34:02.416 66005 INFO tempest.lib.common.rest_client [req-e27e7406-d661-481b-aec4-c565a7327984 req-e27e7406-d661-481b-aec4-c565a7327984 ] Request (ServerExternalEventsTest:test_create_server_external_events): 200 GET http://10.180.1.21/compute/v2.1/servers/fa82a482-c837-4555-a130-9425fb6d34fd 0.692s
2024-11-28 21:34:02.424 66055 INFO tempest.lib.common.rest_client [req-9b7727b8-7269-4c77-b772-736ca16fe4f8 req-9b7727b8-7269-4c77-b772-736ca16fe4f8 ] Request (InstanceActionsNegativeTestJSON:setUpClass): 200 GET http://10.180.1.21/compute/v2.1/servers/7b7d831c-4d25-466b-8c52-24bada01b66a 0.667s
2024-11-28 21:34:02.493 66013 INFO tempest.lib.common.rest_client [req-7cab8ef1-9fbe-41e8-8f1c-1a48880370f6 req-7cab8ef1-9fbe-41e8-8f1c-1a48880370f6 ] Request (FloatingIPsAssociationTestJSON:test_associate_already_associated_floating_ip): 200 GET http://10.180.1.21/compute/v2.1/servers/a05dedbb-7811-469d-aff7-e2c03dde8c41 0.660s
2024-11-28 21:34:02.507 66029 INFO tempest.lib.common.rest_client [req-919abc4f-c047-44f3-b112-596485036e31 req-919abc4f-c047-44f3-b112-596485036e31 ] Request (ServersAdmin275Test:tearDownClass): 200 GET http://10.180.1.21/compute/v2.1/servers/f7682359-f969-4869-869c-318c3bf750fb 0.687s
2024-11-28 21:34:02.524 66035 INFO tempest.lib.common.rest_client [req-421b4d76-a454-4211-8f7d-8bd31a44cb8a req-421b4d76-a454-4211-8f7d-8bd31a44cb8a ] Request (FlavorsAdminTestJSON:test_list_public_flavor_with_other_user): 200 GET http://10.180.1.21/compute/v2.1/flavors/detail 0.645s
2024-11-28 21:34:02.554 66015 INFO tempest.lib.common.rest_client [req-6c3a2580-46c0-432b-a9e9-6cd2ef88cb0d req-6c3a2580-46c0-432b-a9e9-6cd2ef88cb0d ] Request (SecurityGroupRulesTestJSON:tearDownClass): 204 DELETE http://10.180.1.21:9696/networking/v2.0/subnets/35821b66-2dbe-4bce-bd6c-c0abfe478eed 0.168s
2024-11-28 21:34:02.579 66033 INFO tempest.lib.common.rest_client [req-d25357f5-0cef-464a-b93d-da6b1b3b577b req-d25357f5-0cef-464a-b93d-da6b1b3b577b ] Request (ServersTestBootFromVolume:setUpClass): 200 GET http://10.180.1.21/compute/v2.1/servers/a6e7feca-e724-4018-8405-de21ae80b373 0.677s
2024-11-28 21:34:02.601 66007 INFO tempest.lib.common.rest_client [req-ae2c8b6e-c381-4883-8107-030b07ca823d req-ae2c8b6e-c381-4883-8107-030b07ca823d ] Request (ServerDiagnosticsV248Test:tearDownClass): 200 GET http://10.180.1.21/compute/v2.1/servers/e4cdc641-a801-43ce-9b9b-b755a743be9a 0.697s
