2024-11-28 21:33:28.356 66011 INFO tempest.lib.common.dynamic_creds [-] Created isolated network resources for: credentials: Credentials: {'domain_id': 'default', 'domain_name': 'Default', 'username': 'tempest-FloatingIPDetailsNegativeTestJSON-661162751-project-member', 'project_domain_id': 'default', 'project_domain_name': 'Default', 'project_id': '01b73c7098914c6590e4b03e72769fde', 'project_name': 'tempest-FloatingIPDetailsNegativeTestJSON-661162751', 'tenant_id': '01b73c7098914c6590e4b03e72769fde', 'tenant_name': 'tempest-FloatingIPDetailsNegativeTestJSON-661162751', 'user_domain_id': 'default', 'user_domain_name': 'Default', 'user_id': 'e103c914971a4cef932a223e9d5edf97', 'system': None}, Network: {'id': '6d0f46ec-52d0-44d4-88f2-cdd77837ac13', 'name': 'tempest-FloatingIPDetailsNegativeTestJSON-1873477037-network', 'tenant_id': '01b73c7098914c6590e4b03e72769fde', 'admin_state_up': True, 'mtu': 8950, 'status': 'ACTIVE', 'subnets': [], 'shared': False, 'project_id': '01b73c7098914c6590e4b03e72769fde', 'port_security_enabled': True, 'router:external': False, 'provider:network_type': 'vlan', 'provider:physical_network': 'default', 'provider:segmentation_id': 510, 'is_default': False, 'availability_zone_hints': [], 'availability_zones': [], 'ipv4_address_scope': None, 'ipv6_address_scope': None, 'description': '', 'tags': [], 'created_at': '2024-11-28T21:33:23Z', 'updated_at': '2024-11-28T21:33:23Z', 'revision_number': 1}, Subnet: {'id': 'a232e2d6-7332-45a6-8940-1ca3666a90d0', 'name': 'tempest-FloatingIPDetailsNegativeTestJSON-1873477037-subnet', 'tenant_id': '01b73c7098914c6590e4b03e72769fde', 'network_id': '6d0f46ec-52d0-44d4-88f2-cdd77837ac13', 'ip_version': 4, 'subnetpool_id': None, 'enable_dhcp': True, 'ipv6_ra_mode': None, 'ipv6_address_mode': None, 'gateway_ip': '192.168.128.1', 'cidr': '192.168.128.0/28', 'allocation_pools': [{'start': '192.168.128.2', 'end': '192.168.128.14'}], 'host_routes': [], 'dns_nameservers': [], 'description': '', 'router:external': False, 'service_types': [], 'tags': [], 'created_at': '2024-11-28T21:33:23Z', 'updated_at': '2024-11-28T21:33:23Z', 'revision_number': 0, 'project_id': '01b73c7098914c6590e4b03e72769fde'}, Router: {'id': '4fe20452-8412-432b-8051-810ef78bd17f', 'name': 'tempest-FloatingIPDetailsNegativeTestJSON-1873477037-router', 'tenant_id': '01b73c7098914c6590e4b03e72769fde', 'admin_state_up': True, 'status': 'ACTIVE', 'external_gateway_info': {'network_id': '8b687f62-a8e9-43de-adbf-741b8232fcee', 'external_fixed_ips': [{'subnet_id': '090c91ad-fa0c-41ec-860e-5d95d8d4a5ad', 'ip_address': '10.180.180.163'}], 'enable_snat': True}, 'description': '', 'availability_zones': [], 'distributed': False, 'ha': False, 'availability_zone_hints': [], 'routes': [], 'flavor_id': None, 'tags': [], 'created_at': '2024-11-28T21:33:24Z', 'updated_at': '2024-11-28T21:33:24Z', 'revision_number': 2, 'project_id': '01b73c7098914c6590e4b03e72769fde'}
2024-11-28 21:33:28.445 66033 INFO tempest.lib.common.rest_client [req-40663641-f561-4015-9d61-42709cf3d9ea req-40663641-f561-4015-9d61-42709cf3d9ea ] Request (ServersTestBootFromVolume:setUpClass): 200 GET http://10.180.1.21/volume/v3/19a09db20f814ae98149292b7422c019/volumes/b8c2072d-936a-4f8b-a917-d3279a8f37fe 0.027s
2024-11-28 21:33:28.467 66011 INFO tempest.lib.common.rest_client [req-a5729827-427e-48fe-a649-1c05449c82ff req-a5729827-427e-48fe-a649-1c05449c82ff ] Request (FloatingIPDetailsNegativeTestJSON:setUpClass): 201 POST http://10.180.1.21/identity/v3/auth/tokens 0.107s
2024-11-28 21:33:28.475 66015 INFO tempest.lib.common.rest_client [req-7732841d-dc0d-48f8-b36c-2e35abc0ecef req-7732841d-dc0d-48f8-b36c-2e35abc0ecef ] Request (SecurityGroupRulesTestJSON:test_security_group_rules_create_with_optional_group_id): 200 POST http://10.180.1.21/compute/v2.1/os-security-group-rules 1.807s
2024-11-28 21:33:28.477 66015 WARNING tempest.lib.common.rest_client [-] Deprecated: "tenant_id" property is deprecated for removal, use "project_id" instead
2024-11-28 21:33:28.502 66009 INFO tempest.lib.common.rest_client [req-1bed85a4-6afe-48a9-ac33-501b88975660 req-1bed85a4-6afe-48a9-ac33-501b88975660 ] Request (SecurityGroupsNegativeTestJSON:test_security_group_get_nonexistent_group): 404 GET http://10.180.1.21/compute/v2.1/os-security-groups/b28f05aa-e830-47f3-9147-83745e3feb1f 1.703s
2024-11-28 21:33:28.529 66060 INFO tempest.lib.common.rest_client [req-246ede2e-aa6c-41ae-9058-15750570babb req-246ede2e-aa6c-41ae-9058-15750570babb ] Request (ServicesAdminNegativeV253TestJSON:test_get_service_by_invalid_service_and_valid_host): 200 GET http://10.180.1.21/compute/v2.1/os-services 1.702s
2024-11-28 21:33:28.676 66037 INFO tempest.lib.common.rest_client [req-dd6560d9-9cc6-4ea6-82c5-178d9eb1ecde req-dd6560d9-9cc6-4ea6-82c5-178d9eb1ecde ] Request (QuotasAdminNegativeTest:test_create_server_when_memory_quota_is_full): 200 GET http://10.180.1.21/compute/v2.1/os-quota-sets/8c18390ee5524d8ebac2eddb5bade8c6 1.748s
2024-11-28 21:33:28.699 66027 INFO tempest.lib.common.rest_client [req-9d399c9e-8a83-4fc6-91c2-a112ef9e8d66 req-9d399c9e-8a83-4fc6-91c2-a112ef9e8d66 ] Request (ImagesDeleteNegativeTestJSON:test_delete_non_existent_image): 404 DELETE http://10.180.1.21/compute/v2.1/images/02a6cbe3-c987-4648-9c74-0c3413a695b9 1.750s
2024-11-28 21:33:28.756 66055 INFO tempest.lib.common.rest_client [req-9737ebf7-5af9-478c-a065-973c81960330 req-9737ebf7-5af9-478c-a065-973c81960330 ] Request (FloatingIPsTestJSON:test_delete_floating_ip): 200 POST http://10.180.1.21/compute/v2.1/os-floating-ips 2.949s
2024-11-28 21:33:28.782 66021 INFO tempest.lib.common.rest_client [req-2a3d5195-1551-455f-b229-d40ec318df93 req-2a3d5195-1551-455f-b229-d40ec318df93 ] Request (AttachInterfacesTestJSON:test_create_list_show_delete_interfaces_by_fixed_ip): 200 GET http://10.180.1.21/compute/v2.1/servers/40586716-fefe-4da9-a96b-d2e7a6355ec0 1.774s
2024-11-28 21:33:28.808 66027 INFO tempest.lib.common.rest_client [req-84750be4-a448-4549-8515-5107f4af5347 req-84750be4-a448-4549-8515-5107f4af5347 ] Request (ImagesDeleteNegativeTestJSON:tearDownClass): 204 DELETE http://10.180.1.21/identity/v3/users/1521a19f0fc342499fa2c341fb7ab51b 0.106s
2024-11-28 21:33:28.808 66027 INFO tempest.lib.common.dynamic_creds [-] Deleting project and security group for project: 49f7d213549249688101167a218ff7db
2024-11-28 21:33:28.812 66039 INFO tempest.lib.common.rest_client [req-569e1536-48ce-48f2-b022-2afc76313039 req-569e1536-48ce-48f2-b022-2afc76313039 ] Request (ListServersNegativeTestJSON:setUpClass): 200 GET http://10.180.1.21/compute/v2.1/servers/9c6e2679-c149-49c8-8a9f-bbae63fc378d 1.639s
2024-11-28 21:33:28.852 66007 INFO tempest.lib.common.rest_client [req-8a9d96cb-b3bc-45b6-aa64-ae01a3cbe644 req-8a9d96cb-b3bc-45b6-aa64-ae01a3cbe644 ] Request (ServerDiagnosticsV248Test:tearDownClass): 200 GET http://10.180.1.21/compute/v2.1/servers/e4cdc641-a801-43ce-9b9b-b755a743be9a 1.608s
2024-11-28 21:33:28.877 66027 INFO tempest.lib.common.rest_client [req-01386345-6409-4d93-9577-a8ee79efd45a req-01386345-6409-4d93-9577-a8ee79efd45a ] Request (ImagesDeleteNegativeTestJSON:tearDownClass): 201 POST http://10.180.1.21/identity/v3/auth/tokens 0.068s
2024-11-28 21:33:28.964 66045 INFO tempest.lib.common.rest_client [req-bbeef500-3ac0-4f50-9309-a61a1beb0101 req-bbeef500-3ac0-4f50-9309-a61a1beb0101 ] Request (ServersAdminTestJSON:setUpClass): 200 GET http://10.180.1.21/compute/v2.1/servers/3aad7770-542e-410c-bcea-1d2be6ad6e13 1.519s
2024-11-28 21:33:28.972 66045 INFO tempest.common.waiters [-] State transition "BUILD/spawning" ==> "ACTIVE/None" after 29 second wait
2024-11-28 21:33:29.002 66063 INFO tempest.lib.common.rest_client [req-0641f3ce-1d0f-40e7-9826-3e0de4fc98cd req-0641f3ce-1d0f-40e7-9826-3e0de4fc98cd ] Request (QuotasAdminTestJSON:test_get_updated_quotas): 200 PUT http://10.180.1.21/compute/v2.1/os-quota-sets/e262034cc04f4842919dc6db43395e84 1.643s
2024-11-28 21:33:29.020 66013 INFO tempest.lib.common.rest_client [req-112b8f0e-e860-47e2-9183-9580db88628f req-112b8f0e-e860-47e2-9183-9580db88628f ] Request (FloatingIPsAssociationTestJSON:test_associate_already_associated_floating_ip): 200 GET http://10.180.1.21/compute/v2.1/servers/a05dedbb-7811-469d-aff7-e2c03dde8c41 1.469s
2024-11-28 21:33:29.046 66065 INFO tempest.lib.common.rest_client [req-a1a51871-087d-4b6b-b3a3-a29ea5d3acbc req-a1a51871-087d-4b6b-b3a3-a29ea5d3acbc ] Request (FloatingIPDetailsTestJSON:setUpClass): 201 POST http://10.180.1.21:9696/networking/v2.0/routers 0.797s
2024-11-28 21:33:29.061 66029 INFO tempest.lib.common.rest_client [req-0bf87c5b-1754-488b-b1d8-112a547a6620 req-0bf87c5b-1754-488b-b1d8-112a547a6620 ] Request (ServersAdmin275Test:test_rebuild_update_server_275): 200 GET http://10.180.1.21/compute/v2.1/servers/f7682359-f969-4869-869c-318c3bf750fb 1.289s
2024-11-28 21:33:29.072 66035 INFO tempest.lib.common.rest_client [req-0806dc56-b808-404e-825d-8805d54cffae req-0806dc56-b808-404e-825d-8805d54cffae ] Request (FlavorsAdminTestJSON:test_create_server_with_non_public_flavor): 400 POST http://10.180.1.21/compute/v2.1/servers 0.969s
2024-11-28 21:33:29.099 66027 INFO tempest.lib.common.rest_client [req-84ea2cb4-7178-48f0-bbee-678b5e00c979 req-84ea2cb4-7178-48f0-bbee-678b5e00c979 ] Request (ImagesDeleteNegativeTestJSON:tearDownClass): 200 GET http://10.180.1.21:9696/networking/v2.0/security-groups?tenant_id=49f7d213549249688101167a218ff7db&name=default 0.222s
2024-11-28 21:33:29.130 66031 INFO tempest.lib.common.rest_client [req-81b5f274-bb32-4319-b2e0-964aba98effd req-81b5f274-bb32-4319-b2e0-964aba98effd ] Request (ServerDiagnosticsNegativeTest:tearDownClass): 200 GET http://10.180.1.21/compute/v2.1/servers/20760c23-3839-43d5-a209-8f91b7316a9e 1.225s
2024-11-28 21:33:29.136 66031 INFO tempest.common.waiters [-] State transition "ACTIVE/deleting" ==> "DELETED/None" after 3 second wait
2024-11-28 21:33:29.147 66005 INFO tempest.lib.common.rest_client [req-6af9addf-4b10-4567-8493-8a70e9b2a8cb req-6af9addf-4b10-4567-8493-8a70e9b2a8cb ] Request (AggregatesAdminNegativeTestJSON:test_aggregate_delete_with_invalid_id): 404 DELETE http://10.180.1.21/compute/v2.1/os-aggregates/-1 1.001s
2024-11-28 21:33:29.156 66057 INFO tempest.lib.common.rest_client [req-ff0a93ed-3d87-4eb1-b10a-20643067dfd0 req-ff0a93ed-3d87-4eb1-b10a-20643067dfd0 ] Request (FlavorsAccessNegativeTestJSON:test_remove_flavor_access_not_found): 404 POST http://10.180.1.21/compute/v2.1/flavors/2012705114/action 1.036s
2024-11-28 21:33:29.193 66027 INFO tempest.lib.common.rest_client [req-f0e67eca-3ea6-4ddb-b01d-ffc53d668fad req-f0e67eca-3ea6-4ddb-b01d-ffc53d668fad ] Request (ImagesDeleteNegativeTestJSON:tearDownClass): 204 DELETE http://10.180.1.21:9696/networking/v2.0/security-groups/fe280c73-3d5a-4ccb-80e3-62cdf0438c59 0.094s
2024-11-28 21:33:29.225 66023 INFO tempest.lib.common.rest_client [req-fa02daaa-3071-4e85-9c98-ce5056a5c58b req-fa02daaa-3071-4e85-9c98-ce5056a5c58b ] Request (ServerAddressesNegativeTestJSON:setUpClass): 200 GET http://10.180.1.21/compute/v2.1/servers/a2b10901-0c3a-46fd-b950-e6c6bab0c382 0.904s
2024-11-28 21:33:29.279 66027 INFO tempest.lib.common.rest_client [req-a20fd409-2352-4a10-b6c1-822d41df0d7e req-a20fd409-2352-4a10-b6c1-822d41df0d7e ] Request (ImagesDeleteNegativeTestJSON:tearDownClass): 204 DELETE http://10.180.1.21/identity/v3/projects/49f7d213549249688101167a218ff7db 0.086s
2024-11-28 21:33:29.293 66003 INFO tempest.lib.common.rest_client [req-8aecc2d2-0595-4a56-a12b-b3bd04163679 req-8aecc2d2-0595-4a56-a12b-b3bd04163679 ] Request (ServerActionsV293TestJSON:setUpClass): 200 GET http://10.180.1.21/volume/v3/91501be29f1344e4a1f3e93ec1cd3abb/volumes/ef12889a-b692-4a2c-8efc-562757803f95 0.033s
2024-11-28 21:33:29.303 66017 INFO tempest.lib.common.rest_client [req-90ea6596-2059-499a-9e67-525f6890667c req-90ea6596-2059-499a-9e67-525f6890667c ] Request (ServersWithSpecificFlavorTestJSON:test_verify_created_server_ephemeral_disk): 200 GET http://10.180.1.21/compute/v2.1/servers/5eaf4ad2-99a2-4372-b133-f6b71dc7f980 0.973s
2024-11-28 21:33:29.312 66047 INFO tempest.lib.common.rest_client [req-4db6c8a5-2f1c-4404-aa0e-0a3ed65ddd4f req-4db6c8a5-2f1c-4404-aa0e-0a3ed65ddd4f ] Request (ServersV294TestFqdnHostnames:setUpClass): 200 GET http://10.180.1.21/compute/v2.1/servers/6622c22c-f2c7-4baa-bb3e-e3a73d0c300d 1.088s
2024-11-28 21:33:29.320 66047 INFO tempest.common.waiters [-] State transition "BUILD/spawning" ==> "ACTIVE/None" after 27 second wait
2024-11-28 21:33:29.358 66027 INFO tempest.lib.common.rest_client [req-4184f994-c78f-4e85-aa9f-1f0f3f7f2416 req-4184f994-c78f-4e85-aa9f-1f0f3f7f2416 ] Request (AttachInterfacesV270Test:setUpClass): 201 POST http://10.180.1.21/identity/v3/auth/tokens 0.077s
2024-11-28 21:33:29.402 66027 INFO tempest.lib.common.rest_client [req-1d21b15f-498c-4e42-bcec-fb9505cdd904 req-1d21b15f-498c-4e42-bcec-fb9505cdd904 ] Request (AttachInterfacesV270Test:setUpClass): 201 POST http://10.180.1.21/identity/v3/auth/tokens 0.038s
2024-11-28 21:33:29.447 66027 INFO tempest.lib.common.rest_client [req-bd7969ba-07a9-40f4-8314-b9e502b68090 req-bd7969ba-07a9-40f4-8314-b9e502b68090 ] Request (AttachInterfacesV270Test:setUpClass): 200 GET http://10.180.1.21/identity/v3/domains?name=Default 0.044s
2024-11-28 21:33:29.468 66011 INFO tempest.lib.common.rest_client [req-43ded4f6-26c1-46e5-bd61-f4dad6a237f6 req-43ded4f6-26c1-46e5-bd61-f4dad6a237f6 ] Request (FloatingIPDetailsNegativeTestJSON:test_get_nonexistent_floating_ip_details): 404 GET http://10.180.1.21/compute/v2.1/os-floating-ips/86dc594f-450e-4d2a-bb7f-aac238809755 1.000s
2024-11-28 21:33:29.483 66027 INFO tempest.lib.common.rest_client [req-447d4caf-b02c-4890-95d8-d0e8fcc3ec8a req-447d4caf-b02c-4890-95d8-d0e8fcc3ec8a ] Request (AttachInterfacesV270Test:setUpClass): 201 POST http://10.180.1.21/identity/v3/projects 0.035s
2024-11-28 21:33:29.490 66033 INFO tempest.lib.common.rest_client [req-bc2d05d0-5a42-4d5d-9e43-e004f96a731c req-bc2d05d0-5a42-4d5d-9e43-e004f96a731c ] Request (ServersTestBootFromVolume:setUpClass): 200 GET http://10.180.1.21/volume/v3/19a09db20f814ae98149292b7422c019/volumes/b8c2072d-936a-4f8b-a917-d3279a8f37fe 0.031s
2024-11-28 21:33:29.499 66009 INFO tempest.lib.common.rest_client [req-c940af75-bc48-42a7-bcb9-22ab9e47f16e req-c940af75-bc48-42a7-bcb9-22ab9e47f16e ] Request (SecurityGroupsNegativeTestJSON:test_update_non_existent_security_group): 404 PUT http://10.180.1.21/compute/v2.1/os-security-groups/cc7ebb70-2540-40b8-a352-2cfba90498cc 0.995s
2024-11-28 21:33:29.524 66060 INFO tempest.lib.common.rest_client [req-c4c0baaf-e362-4df2-8dd7-49b2872670da req-c4c0baaf-e362-4df2-8dd7-49b2872670da ] Request (ServicesAdminNegativeV253TestJSON:test_get_service_by_invalid_service_and_valid_host): 200 GET http://10.180.1.21/compute/v2.1/os-services?host=devstack&binary=xxx 0.992s
2024-11-28 21:33:29.535 66015 INFO tempest.lib.common.rest_client [req-a1cc2742-56b8-4765-82a7-f1ed3f9385e1 req-a1cc2742-56b8-4765-82a7-f1ed3f9385e1 ] Request (SecurityGroupRulesTestJSON:test_security_group_rules_delete_when_peer_group_deleted): 200 POST http://10.180.1.21/compute/v2.1/os-security-groups 1.056s
2024-11-28 21:33:29.563 66027 INFO tempest.lib.common.rest_client [req-69b17d9a-def6-46d4-bd00-3455ed0c8990 req-69b17d9a-def6-46d4-bd00-3455ed0c8990 ] Request (AttachInterfacesV270Test:setUpClass): 201 POST http://10.180.1.21/identity/v3/users 0.080s
2024-11-28 21:33:29.580 66027 INFO tempest.lib.common.rest_client [req-79ba5459-f289-494a-b687-035c9f97fc79 req-79ba5459-f289-494a-b687-035c9f97fc79 ] Request (AttachInterfacesV270Test:setUpClass): 200 GET http://10.180.1.21/identity/v3/roles 0.016s
2024-11-28 21:33:29.602 66049 INFO tempest.lib.common.rest_client [req-fe1816e0-af3b-4e7e-85ca-f2f363361d19 req-fe1816e0-af3b-4e7e-85ca-f2f363361d19 ] Request (MultipleCreateTestJSON:test_multiple_create): 200 GET http://10.180.1.21/compute/v2.1/servers/4f939250-0a12-4672-aab7-b7ccecce4924 1.013s
2024-11-28 21:33:29.615 66027 INFO tempest.lib.common.rest_client [req-5f77f7c8-900c-4fce-8528-0c2ac1b8e820 req-5f77f7c8-900c-4fce-8528-0c2ac1b8e820 ] Request (AttachInterfacesV270Test:setUpClass): 204 PUT http://10.180.1.21/identity/v3/projects/87d67a84c89d41f8bcccd3a8b757053f/users/932abfacc969462f9be04c3b0dd1aabe/roles/adef4b8ae1934855ae2cde2d62c9e819 0.035s
2024-11-28 21:33:29.615 66027 INFO tempest.lib.common.dynamic_creds [-] Dynamic test user 932abfacc969462f9be04c3b0dd1aabe is created with scope project and roles: ['member']
2024-11-28 21:33:29.616 66027 INFO tempest.lib.common.dynamic_creds [-] Acquired dynamic creds: credentials: Credentials: {'domain_id': 'default', 'domain_name': 'Default', 'username': 'tempest-AttachInterfacesV270Test-754271559-project-member', 'project_domain_id': 'default', 'project_domain_name': 'Default', 'project_id': '87d67a84c89d41f8bcccd3a8b757053f', 'project_name': 'tempest-AttachInterfacesV270Test-754271559', 'tenant_id': '87d67a84c89d41f8bcccd3a8b757053f', 'tenant_name': 'tempest-AttachInterfacesV270Test-754271559', 'user_domain_id': 'default', 'user_domain_name': 'Default', 'user_id': '932abfacc969462f9be04c3b0dd1aabe', 'system': None}, Network: None, Subnet: None, Router: None
2024-11-28 21:33:29.622 66041 INFO tempest.lib.common.rest_client [req-3110cde6-63e9-423c-b7fc-122498e9cd83 req-3110cde6-63e9-423c-b7fc-122498e9cd83 ] Request (ImagesNegativeTestJSON:test_create_image_from_deleted_server): 200 GET http://10.180.1.21/compute/v2.1/servers/3bd730fd-ce98-41e2-82d7-dd4ed0b9e8b1 0.972s
2024-11-28 21:33:29.688 66027 INFO tempest.lib.common.rest_client [req-c0b9c8f9-db66-4717-8dae-c837bf69da00 req-c0b9c8f9-db66-4717-8dae-c837bf69da00 ] Request (AttachInterfacesV270Test:setUpClass): 201 POST http://10.180.1.21/identity/v3/auth/tokens 0.072s
2024-11-28 21:33:29.688 66051 INFO tempest.lib.common.rest_client [req-40710867-2a90-4aab-9a29-0e70fac167f9 req-40710867-2a90-4aab-9a29-0e70fac167f9 ] Request (VolumesAssistedSnapshotsTest:test_volume_assisted_snapshot_create_delete): 200 GET http://10.180.1.21/compute/v2.1/servers/79f55b1b-b1e0-4c79-b215-9a34a1bd1516 0.963s
2024-11-28 21:33:29.699 66051 INFO tempest.common.waiters [-] State transition "BUILD/scheduling" ==> "BUILD/None" after 20 second wait
2024-11-28 21:33:29.786 66037 INFO tempest.lib.common.rest_client [req-09bdc5c8-8610-459e-a8b7-c6ff9db66778 req-09bdc5c8-8610-459e-a8b7-c6ff9db66778 ] Request (QuotasAdminNegativeTest:test_create_server_when_memory_quota_is_full): 200 PUT http://10.180.1.21/compute/v2.1/os-quota-sets/8c18390ee5524d8ebac2eddb5bade8c6 1.107s
2024-11-28 21:33:29.872 66037 INFO tempest.lib.common.rest_client [req-ed747cb0-83f3-49c7-a1f6-931ffd8bac42 req-ed747cb0-83f3-49c7-a1f6-931ffd8bac42 ] Request (QuotasAdminNegativeTest:test_create_server_when_memory_quota_is_full): 201 POST http://10.180.1.21/identity/v3/auth/tokens 0.080s
2024-11-28 21:33:29.873 66037 INFO tempest.lib.common.fixed_network [-] (QuotasAdminNegativeTest:test_create_server_when_memory_quota_is_full) Found network None available for tenant
2024-11-28 21:33:30.325 66019 INFO tempest.lib.common.rest_client [req-8f8cfdfa-2af5-4563-983b-84ae719c3b3f req-8f8cfdfa-2af5-4563-983b-84ae719c3b3f ] Request (DeleteServersAdminTestJSON:test_admin_delete_servers_of_others): 200 GET http://10.180.1.21/compute/v2.1/servers/d1ce0a08-27b4-43b6-aeed-c9048f248e41 1.564s
2024-11-28 21:33:30.333 66019 INFO tempest.common.waiters [-] State transition "BUILD/spawning" ==> "ACTIVE/None" after 32 second wait
2024-11-28 21:33:30.350 66003 INFO tempest.lib.common.rest_client [req-256b25fd-c2d2-4e4f-8b38-75dfa994cb8d req-256b25fd-c2d2-4e4f-8b38-75dfa994cb8d ] Request (ServerActionsV293TestJSON:setUpClass): 200 GET http://10.180.1.21/volume/v3/91501be29f1344e4a1f3e93ec1cd3abb/volumes/ef12889a-b692-4a2c-8efc-562757803f95 0.046s
2024-11-28 21:33:30.409 66061 INFO tempest.lib.common.rest_client [req-4ce29d4c-15f1-464f-9e6c-cdfba45482f9 req-4ce29d4c-15f1-464f-9e6c-cdfba45482f9 ] Request (ImagesTestJSON:test_create_image_from_stopped_server): 200 GET http://10.180.1.21/compute/v2.1/servers/6dfa3031-a980-4de8-83fd-7432ef153490 1.623s
2024-11-28 21:33:30.415 66061 INFO tempest.common.waiters [-] State transition "BUILD/scheduling" ==> "BUILD/None" after 6 second wait
2024-11-28 21:33:30.511 66011 INFO tempest.lib.common.rest_client [req-6e934890-0d54-4ead-a0ce-ef14b665af51 req-6e934890-0d54-4ead-a0ce-ef14b665af51 ] Request (FloatingIPDetailsNegativeTestJSON:tearDownClass): 200 PUT http://10.180.1.21:9696/networking/v2.0/routers/4fe20452-8412-432b-8051-810ef78bd17f/remove_router_interface 1.040s
2024-11-28 21:33:30.519 66025 INFO tempest.lib.common.rest_client [req-a3d1cfb7-d00a-4a75-92a7-e96d08fd3f5a req-a3d1cfb7-d00a-4a75-92a7-e96d08fd3f5a ] Request (AttachInterfacesUnderV243Test:test_add_remove_fixed_ip): 200 GET http://10.180.1.21/compute/v2.1/servers/737c0d60-09bb-4883-b61b-93091bf6cb65 1.695s
2024-11-28 21:33:30.536 66033 INFO tempest.lib.common.rest_client [req-239c5e52-b80f-44ad-ade0-d49947180d71 req-239c5e52-b80f-44ad-ade0-d49947180d71 ] Request (ServersTestBootFromVolume:setUpClass): 200 GET http://10.180.1.21/volume/v3/19a09db20f814ae98149292b7422c019/volumes/b8c2072d-936a-4f8b-a917-d3279a8f37fe 0.038s
2024-11-28 21:33:30.646 66053 INFO tempest.lib.common.rest_client [req-1728b9a9-10dd-491f-9975-190e3b5561b4 req-1728b9a9-10dd-491f-9975-190e3b5561b4 ] Request (ServerDiagnosticsTest:tearDownClass): 200 GET http://10.180.1.21/compute/v2.1/servers/6f3926be-cfa8-4d38-959d-0e67c79f852d 1.756s
2024-11-28 21:33:30.811 66027 INFO tempest.lib.common.rest_client [req-c784d3a8-b3b5-493d-bf2b-270be91f63e0 req-c784d3a8-b3b5-493d-bf2b-270be91f63e0 ] Request (AttachInterfacesV270Test:setUpClass): 201 POST http://10.180.1.21:9696/networking/v2.0/networks 1.122s
2024-11-28 21:33:30.899 66045 INFO tempest.lib.common.rest_client [req-2001dbbd-30bb-40ec-b8d4-27710eab1ffb req-2001dbbd-30bb-40ec-b8d4-27710eab1ffb ] Request (ServersAdminTestJSON:setUpClass): 200 GET http://10.180.1.21/compute/v2.1/servers/ca593388-7163-4a80-8639-19e2553f37d7 1.926s
2024-11-28 21:33:31.004 66045 INFO tempest.lib.common.rest_client [req-bd707211-160a-4161-ad89-d8b445f15244 req-bd707211-160a-4161-ad89-d8b445f15244 ] Request (ServersAdminTestJSON:test_create_server_with_scheduling_hint): 201 POST http://10.180.1.21/identity/v3/auth/tokens 0.092s
2024-11-28 21:33:31.004 66045 INFO tempest.lib.common.fixed_network [-] (ServersAdminTestJSON:test_create_server_with_scheduling_hint) Found network {'id': 'a29d7f17-c262-4aff-9080-188421d3a9a0', 'name': 'tempest-ServersAdminTestJSON-1381308876-network', 'tenant_id': '79f69c2778b7482788d99c705a29be43', 'admin_state_up': True, 'mtu': 8950, 'status': 'ACTIVE', 'subnets': [], 'shared': False, 'project_id': '79f69c2778b7482788d99c705a29be43', 'port_security_enabled': True, 'router:external': False, 'provider:network_type': 'vlan', 'provider:physical_network': 'default', 'provider:segmentation_id': 985, 'is_default': False, 'availability_zone_hints': [], 'availability_zones': [], 'ipv4_address_scope': None, 'ipv6_address_scope': None, 'description': '', 'tags': [], 'created_at': '2024-11-28T21:32:44Z', 'updated_at': '2024-11-28T21:32:44Z', 'revision_number': 1} available for tenant
2024-11-28 21:33:31.043 66055 INFO tempest.lib.common.rest_client [req-b6f1267c-cce4-4efe-8fa4-0cb164c8b1b3 req-b6f1267c-cce4-4efe-8fa4-0cb164c8b1b3 ] Request (FloatingIPsTestJSON:test_delete_floating_ip): 202 DELETE http://10.180.1.21/compute/v2.1/os-floating-ips/d748430f-e142-48c2-a7f2-6844c1036d50 2.284s
2024-11-28 21:33:31.056 66063 INFO tempest.lib.common.rest_client [req-ba4233dc-1ed8-4fe4-93f7-8a9a03155799 req-ba4233dc-1ed8-4fe4-93f7-8a9a03155799 ] Request (QuotasAdminTestJSON:test_get_updated_quotas): 200 GET http://10.180.1.21/compute/v2.1/os-quota-sets/e262034cc04f4842919dc6db43395e84/detail 2.052s
2024-11-28 21:33:31.063 66035 INFO tempest.lib.common.rest_client [req-692a9c8a-9976-49dd-af46-ab4bd0450dc0 req-692a9c8a-9976-49dd-af46-ab4bd0450dc0 ] Request (FlavorsAdminTestJSON:_run_cleanups): 202 DELETE http://10.180.1.21/compute/v2.1/flavors/382133949 1.989s
2024-11-28 21:33:31.092 66063 INFO tempest.lib.common.rest_client [req-715fc4f7-2c3f-45a8-bf46-14138e6f15af req-715fc4f7-2c3f-45a8-bf46-14138e6f15af ] Request (QuotasAdminTestJSON:test_get_updated_quotas): 200 GET http://10.180.1.21/identity/v3/domains?name=Default 0.029s
2024-11-28 21:33:31.096 66005 INFO tempest.lib.common.rest_client [req-8f5f14d0-c38b-4892-8096-a22f7b16f68e req-8f5f14d0-c38b-4892-8096-a22f7b16f68e ] Request (AggregatesAdminNegativeTestJSON:test_aggregate_get_details_as_user): 200 POST http://10.180.1.21/compute/v2.1/os-aggregates 1.948s
2024-11-28 21:33:31.119 66057 INFO tempest.lib.common.rest_client [req-4b3e33ad-7b81-4045-9b69-5a5415d042a2 req-4b3e33ad-7b81-4045-9b69-5a5415d042a2 ] Request (FlavorsAccessNegativeTestJSON:_run_cleanups): 202 DELETE http://10.180.1.21/compute/v2.1/flavors/2012705114 1.963s
2024-11-28 21:33:31.136 66063 INFO tempest.lib.common.rest_client [req-2e41fc63-8659-4a38-a275-28b25715609e req-2e41fc63-8659-4a38-a275-28b25715609e ] Request (QuotasAdminTestJSON:test_get_updated_quotas): 201 POST http://10.180.1.21/identity/v3/users 0.043s
2024-11-28 21:33:31.163 66063 INFO tempest.lib.common.rest_client [req-da6278c3-66a5-47eb-9f8a-c8ab42ab6e9f req-da6278c3-66a5-47eb-9f8a-c8ab42ab6e9f ] Request (QuotasAdminTestJSON:test_get_updated_quotas): 200 GET http://10.180.1.21/identity/v3/domains?name=Default 0.026s
2024-11-28 21:33:31.189 66011 INFO tempest.lib.common.rest_client [req-04dd516e-9941-469e-905c-5634a0c5f26c req-04dd516e-9941-469e-905c-5634a0c5f26c ] Request (FloatingIPDetailsNegativeTestJSON:tearDownClass): 204 DELETE http://10.180.1.21:9696/networking/v2.0/routers/4fe20452-8412-432b-8051-810ef78bd17f 0.677s
2024-11-28 21:33:31.211 66027 INFO tempest.lib.common.rest_client [req-e06c9bf5-1fdf-4bd1-a9ae-46660cae28b8 req-e06c9bf5-1fdf-4bd1-a9ae-46660cae28b8 ] Request (AttachInterfacesV270Test:setUpClass): 201 POST http://10.180.1.21:9696/networking/v2.0/subnets 0.400s
2024-11-28 21:33:31.224 66047 INFO tempest.lib.common.rest_client [req-1745ea06-21fa-46be-bac2-8bb40d933012 req-1745ea06-21fa-46be-bac2-8bb40d933012 ] Request (ServersV294TestFqdnHostnames:setUpClass): 200 GET http://10.180.1.21/compute/v2.1/servers/6622c22c-f2c7-4baa-bb3e-e3a73d0c300d/os-interface 1.903s
2024-11-28 21:33:31.249 66060 INFO tempest.lib.common.rest_client [req-378c5658-139e-4f83-92be-16236247ac6c req-378c5658-139e-4f83-92be-16236247ac6c ] Request (ServicesAdminNegativeV253TestJSON:test_get_service_with_valid_service_and_invalid_host): 200 GET http://10.180.1.21/compute/v2.1/os-services 1.723s
2024-11-28 21:33:31.261 66043 INFO tempest.lib.common.rest_client [req-de2e9dda-fb31-40b6-a98c-09d04fed01e7 req-de2e9dda-fb31-40b6-a98c-09d04fed01e7 ] Request (MigrationsAdminTest:test_list_migrations_in_flavor_resize_situation): 200 GET http://10.180.1.21/compute/v2.1/servers/98ba3b33-2415-4b39-9e7a-1d2cdaa0683e 2.172s
2024-11-28 21:33:31.333 66021 INFO tempest.lib.common.rest_client [req-bebb9305-b3cf-4b47-8cde-7e0867778b9c req-bebb9305-b3cf-4b47-8cde-7e0867778b9c ] Request (AttachInterfacesTestJSON:test_create_list_show_delete_interfaces_by_fixed_ip): 200 GET http://10.180.1.21/compute/v2.1/servers/40586716-fefe-4da9-a96b-d2e7a6355ec0 1.539s
2024-11-28 21:33:31.392 66003 INFO tempest.lib.common.rest_client [req-cd828c47-43c1-4acf-b8cc-709e313d2e26 req-cd828c47-43c1-4acf-b8cc-709e313d2e26 ] Request (ServerActionsV293TestJSON:setUpClass): 200 GET http://10.180.1.21/volume/v3/91501be29f1344e4a1f3e93ec1cd3abb/volumes/ef12889a-b692-4a2c-8efc-562757803f95 0.035s
2024-11-28 21:33:31.419 66039 INFO tempest.lib.common.rest_client [req-db157d96-58e6-4d23-a960-f39b385a809c req-db157d96-58e6-4d23-a960-f39b385a809c ] Request (ListServersNegativeTestJSON:setUpClass): 200 GET http://10.180.1.21/compute/v2.1/servers/9c6e2679-c149-49c8-8a9f-bbae63fc378d 1.597s
2024-11-28 21:33:31.512 66007 INFO tempest.lib.common.rest_client [req-67348d93-7b71-4867-8937-6cf127d55a2e req-67348d93-7b71-4867-8937-6cf127d55a2e ] Request (ServerDiagnosticsV248Test:tearDownClass): 200 GET http://10.180.1.21/compute/v2.1/servers/e4cdc641-a801-43ce-9b9b-b755a743be9a 1.648s
2024-11-28 21:33:31.534 66015 INFO tempest.lib.common.rest_client [req-34c6a592-3329-434e-a4bc-0cb7d3677fd4 req-34c6a592-3329-434e-a4bc-0cb7d3677fd4 ] Request (SecurityGroupRulesTestJSON:test_security_group_rules_delete_when_peer_group_deleted): 200 POST http://10.180.1.21/compute/v2.1/os-security-groups 1.996s
2024-11-28 21:33:31.584 66033 INFO tempest.lib.common.rest_client [req-e9c45005-4922-46b3-ab50-3f696b5536a0 req-e9c45005-4922-46b3-ab50-3f696b5536a0 ] Request (ServersTestBootFromVolume:setUpClass): 200 GET http://10.180.1.21/volume/v3/19a09db20f814ae98149292b7422c019/volumes/b8c2072d-936a-4f8b-a917-d3279a8f37fe 0.036s
2024-11-28 21:33:31.620 66013 INFO tempest.lib.common.rest_client [req-614ff20c-1121-4174-9cd5-4216b92dc83a req-614ff20c-1121-4174-9cd5-4216b92dc83a ] Request (FloatingIPsAssociationTestJSON:test_associate_already_associated_floating_ip): 200 GET http://10.180.1.21/compute/v2.1/servers/a05dedbb-7811-469d-aff7-e2c03dde8c41 1.588s
2024-11-28 21:33:31.638 66011 INFO tempest.lib.common.rest_client [req-18fc7a5d-f7a6-4270-a67a-53727556a8f3 req-18fc7a5d-f7a6-4270-a67a-53727556a8f3 ] Request (FloatingIPDetailsNegativeTestJSON:tearDownClass): 204 DELETE http://10.180.1.21:9696/networking/v2.0/subnets/a232e2d6-7332-45a6-8940-1ca3666a90d0 0.448s
2024-11-28 21:33:31.700 66029 INFO tempest.lib.common.rest_client [req-13413679-bbb7-4009-a35c-ab7af6265e52 req-13413679-bbb7-4009-a35c-ab7af6265e52 ] Request (ServersAdmin275Test:test_rebuild_update_server_275): 200 GET http://10.180.1.21/compute/v2.1/servers/f7682359-f969-4869-869c-318c3bf750fb 1.630s
2024-11-28 21:33:31.702 66065 INFO tempest.lib.common.rest_client [req-9196d82a-242f-4aaa-b0e8-28a2d2313bd3 req-9196d82a-242f-4aaa-b0e8-28a2d2313bd3 ] Request (FloatingIPDetailsTestJSON:setUpClass): 200 PUT http://10.180.1.21:9696/networking/v2.0/routers/13166768-1463-4bf3-aa48-4153a4877918/add_router_interface 2.656s
2024-11-28 21:33:31.702 66065 INFO tempest.lib.common.dynamic_creds [-] Created isolated network resources for: credentials: Credentials: {'domain_id': 'default', 'domain_name': 'Default', 'username': 'tempest-FloatingIPDetailsTestJSON-585756638-project-member', 'project_domain_id': 'default', 'project_domain_name': 'Default', 'project_id': 'e163e730d7a84c79bd1b5ccdcc95d6eb', 'project_name': 'tempest-FloatingIPDetailsTestJSON-585756638', 'tenant_id': 'e163e730d7a84c79bd1b5ccdcc95d6eb', 'tenant_name': 'tempest-FloatingIPDetailsTestJSON-585756638', 'user_domain_id': 'default', 'user_domain_name': 'Default', 'user_id': '92d58fccd2194485a6d326506d0cbc2f', 'system': None}, Network: {'id': '795c4939-9b37-4dcb-924b-abd98617f7d9', 'name': 'tempest-FloatingIPDetailsTestJSON-587334215-network', 'tenant_id': 'e163e730d7a84c79bd1b5ccdcc95d6eb', 'admin_state_up': True, 'mtu': 8950, 'status': 'ACTIVE', 'subnets': [], 'shared': False, 'project_id': 'e163e730d7a84c79bd1b5ccdcc95d6eb', 'port_security_enabled': True, 'router:external': False, 'provider:network_type': 'vlan', 'provider:physical_network': 'default', 'provider:segmentation_id': 447, 'is_default': False, 'availability_zone_hints': [], 'availability_zones': [], 'ipv4_address_scope': None, 'ipv6_address_scope': None, 'description': '', 'tags': [], 'created_at': '2024-11-28T21:33:27Z', 'updated_at': '2024-11-28T21:33:27Z', 'revision_number': 1}, Subnet: {'id': '03ad2083-9fda-439a-a05b-47cb6b848d02', 'name': 'tempest-FloatingIPDetailsTestJSON-587334215-subnet', 'tenant_id': 'e163e730d7a84c79bd1b5ccdcc95d6eb', 'network_id': '795c4939-9b37-4dcb-924b-abd98617f7d9', 'ip_version': 4, 'subnetpool_id': None, 'enable_dhcp': True, 'ipv6_ra_mode': None, 'ipv6_address_mode': None, 'gateway_ip': '192.168.128.1', 'cidr': '192.168.128.0/28', 'allocation_pools': [{'start': '192.168.128.2', 'end': '192.168.128.14'}], 'host_routes': [], 'dns_nameservers': [], 'description': '', 'router:external': False, 'service_types': [], 'tags': [], 'created_at': '2024-11-28T21:33:28Z', 'updated_at': '2024-11-28T21:33:28Z', 'revision_number': 0, 'project_id': 'e163e730d7a84c79bd1b5ccdcc95d6eb'}, Router: {'id': '13166768-1463-4bf3-aa48-4153a4877918', 'name': 'tempest-FloatingIPDetailsTestJSON-587334215-router', 'tenant_id': 'e163e730d7a84c79bd1b5ccdcc95d6eb', 'admin_state_up': True, 'status': 'ACTIVE', 'external_gateway_info': {'network_id': '8b687f62-a8e9-43de-adbf-741b8232fcee', 'external_fixed_ips': [{'subnet_id': '090c91ad-fa0c-41ec-860e-5d95d8d4a5ad', 'ip_address': '10.180.180.218'}], 'enable_snat': True}, 'description': '', 'availability_zones': [], 'distributed': False, 'ha': False, 'availability_zone_hints': [], 'routes': [], 'flavor_id': None, 'tags': [], 'created_at': '2024-11-28T21:33:28Z', 'updated_at': '2024-11-28T21:33:28Z', 'revision_number': 2, 'project_id': 'e163e730d7a84c79bd1b5ccdcc95d6eb'}
2024-11-28 21:33:31.710 66029 INFO tempest.common.waiters [-] State transition "REBUILD/rebuild_spawning" ==> "ACTIVE/None" after 9 second wait
2024-11-28 21:33:31.770 66031 INFO tempest.lib.common.rest_client [req-2c873afe-d1d2-432e-b53f-ef7c47c2eac7 req-2c873afe-d1d2-432e-b53f-ef7c47c2eac7 ] Request (ServerDiagnosticsNegativeTest:tearDownClass): 200 GET http://10.180.1.21/compute/v2.1/servers/20760c23-3839-43d5-a209-8f91b7316a9e 1.632s
2024-11-28 21:33:31.789 66065 INFO tempest.lib.common.rest_client [req-2a680250-d91b-44cd-a65d-25c2251dc631 req-2a680250-d91b-44cd-a65d-25c2251dc631 ] Request (FloatingIPDetailsTestJSON:setUpClass): 201 POST http://10.180.1.21/identity/v3/auth/tokens 0.083s
2024-11-28 21:33:31.802 66037 INFO tempest.lib.common.rest_client [req-d1b6ae3f-7396-482e-b60f-5be7a0bbeb4b req-d1b6ae3f-7396-482e-b60f-5be7a0bbeb4b ] Request (QuotasAdminNegativeTest:test_create_server_when_memory_quota_is_full): 403 POST http://10.180.1.21/compute/v2.1/servers 1.928s
2024-11-28 21:33:31.828 66009 INFO tempest.lib.common.rest_client [req-280a7d68-e6b1-4303-b748-54445acb280f req-280a7d68-e6b1-4303-b748-54445acb280f ] Request (SecurityGroupsNegativeTestJSON:tearDownClass): 200 PUT http://10.180.1.21:9696/networking/v2.0/routers/09dd1fd8-52e2-4a90-acc3-1c649f708468/remove_router_interface 2.326s
2024-11-28 21:33:31.874 66017 INFO tempest.lib.common.rest_client [req-c89b913a-6454-4b4b-9e99-c8774effbfa2 req-c89b913a-6454-4b4b-9e99-c8774effbfa2 ] Request (ServersWithSpecificFlavorTestJSON:test_verify_created_server_ephemeral_disk): 200 GET http://10.180.1.21/compute/v2.1/servers/5eaf4ad2-99a2-4372-b133-f6b71dc7f980 1.558s
2024-11-28 21:33:31.984 66023 INFO tempest.lib.common.rest_client [req-4eb9ecc0-b86d-4bd2-b745-dca3d073b6ba req-4eb9ecc0-b86d-4bd2-b745-dca3d073b6ba ] Request (ServerAddressesNegativeTestJSON:setUpClass): 200 GET http://10.180.1.21/compute/v2.1/servers/a2b10901-0c3a-46fd-b950-e6c6bab0c382 1.752s
2024-11-28 21:33:31.993 66023 INFO tempest.common.waiters [-] State transition "BUILD/None" ==> "BUILD/spawning" after 29 second wait
2024-11-28 21:33:32.045 66019 INFO tempest.lib.common.rest_client [req-7036e459-6047-4c87-9232-6c1f4a1a6e5a req-7036e459-6047-4c87-9232-6c1f4a1a6e5a ] Request (DeleteServersAdminTestJSON:test_admin_delete_servers_of_others): 204 DELETE http://10.180.1.21/compute/v2.1/servers/d1ce0a08-27b4-43b6-aeed-c9048f248e41 1.711s
2024-11-28 21:33:32.052 66049 INFO tempest.lib.common.rest_client [req-69e7c64a-580c-43d1-841d-38733abf961a req-69e7c64a-580c-43d1-841d-38733abf961a ] Request (MultipleCreateTestJSON:test_multiple_create): 200 GET http://10.180.1.21/compute/v2.1/servers/4f939250-0a12-4672-aab7-b7ccecce4924 1.440s
2024-11-28 21:33:32.062 66049 INFO tempest.common.waiters [-] State transition "BUILD/scheduling" ==> "BUILD/None" after 11 second wait
2024-11-28 21:33:32.098 66011 INFO tempest.lib.common.rest_client [req-69128b89-79dd-420c-b7da-a9ccee4cdbd1 req-69128b89-79dd-420c-b7da-a9ccee4cdbd1 ] Request (FloatingIPDetailsNegativeTestJSON:tearDownClass): 204 DELETE http://10.180.1.21:9696/networking/v2.0/networks/6d0f46ec-52d0-44d4-88f2-cdd77837ac13 0.460s
2024-11-28 21:33:32.182 66011 INFO tempest.lib.common.rest_client [req-54e33e5c-404e-4f07-a4bb-6fa015fef62a req-54e33e5c-404e-4f07-a4bb-6fa015fef62a ] Request (FloatingIPDetailsNegativeTestJSON:tearDownClass): 204 DELETE http://10.180.1.21/identity/v3/users/e103c914971a4cef932a223e9d5edf97 0.083s
2024-11-28 21:33:32.182 66011 INFO tempest.lib.common.dynamic_creds [-] Deleting project and security group for project: 01b73c7098914c6590e4b03e72769fde
2024-11-28 21:33:32.284 66011 INFO tempest.lib.common.rest_client [req-469b4f05-e6b6-4a4c-95bf-7fbaf7274352 req-469b4f05-e6b6-4a4c-95bf-7fbaf7274352 ] Request (FloatingIPDetailsNegativeTestJSON:tearDownClass): 200 GET http://10.180.1.21:9696/networking/v2.0/security-groups?tenant_id=01b73c7098914c6590e4b03e72769fde&name=default 0.101s
2024-11-28 21:33:32.312 66041 INFO tempest.lib.common.rest_client [req-e8bcc06d-b148-471e-9ccb-6f8be9c81bb6 req-e8bcc06d-b148-471e-9ccb-6f8be9c81bb6 ] Request (ImagesNegativeTestJSON:test_create_image_from_deleted_server): 200 GET http://10.180.1.21/compute/v2.1/servers/3bd730fd-ce98-41e2-82d7-dd4ed0b9e8b1 1.677s
2024-11-28 21:33:32.312 66051 INFO tempest.lib.common.rest_client [req-6306272b-3991-42ad-82ce-c9c01c4d5bad req-6306272b-3991-42ad-82ce-c9c01c4d5bad ] Request (VolumesAssistedSnapshotsTest:test_volume_assisted_snapshot_create_delete): 200 GET http://10.180.1.21/compute/v2.1/servers/79f55b1b-b1e0-4c79-b215-9a34a1bd1516 1.611s
2024-11-28 21:33:32.353 66055 INFO tempest.lib.common.rest_client [req-42062e4f-d1f0-443b-8e10-6e0cf5c4e0e0 req-42062e4f-d1f0-443b-8e10-6e0cf5c4e0e0 ] Request (FloatingIPsTestJSON:test_delete_floating_ip): 404 GET http://10.180.1.21/compute/v2.1/os-floating-ips/d748430f-e142-48c2-a7f2-6844c1036d50 1.309s
2024-11-28 21:33:32.371 66035 INFO tempest.lib.common.rest_client [req-254b8dfa-7d2e-45b4-8034-54a3d17bfe8d req-254b8dfa-7d2e-45b4-8034-54a3d17bfe8d ] Request (FlavorsAdminTestJSON:_run_cleanups): 200 GET http://10.180.1.21/compute/v2.1/flavors/detail 1.308s
2024-11-28 21:33:32.386 66005 INFO tempest.lib.common.rest_client [req-29c81ee2-722b-45df-9df6-a60bcf6c2897 req-29c81ee2-722b-45df-9df6-a60bcf6c2897 ] Request (AggregatesAdminNegativeTestJSON:test_aggregate_get_details_as_user): 403 GET http://10.180.1.21/compute/v2.1/os-aggregates/6 1.283s
2024-11-28 21:33:32.404 66057 INFO tempest.lib.common.rest_client [req-9ed234e9-c761-4c81-bd94-913dfcbcf411 req-9ed234e9-c761-4c81-bd94-913dfcbcf411 ] Request (FlavorsAccessNegativeTestJSON:_run_cleanups): 200 GET http://10.180.1.21/compute/v2.1/flavors/detail 1.284s
2024-11-28 21:33:32.445 66003 INFO tempest.lib.common.rest_client [req-6edaed66-5b11-44e1-bcb8-cb99e4d1e5b4 req-6edaed66-5b11-44e1-bcb8-cb99e4d1e5b4 ] Request (ServerActionsV293TestJSON:setUpClass): 200 GET http://10.180.1.21/volume/v3/91501be29f1344e4a1f3e93ec1cd3abb/volumes/ef12889a-b692-4a2c-8efc-562757803f95 0.043s
2024-11-28 21:33:32.554 66057 INFO tempest.lib.common.rest_client [req-64a35445-8690-4624-967f-d20f41f3e0ed req-64a35445-8690-4624-967f-d20f41f3e0ed ] Request (FlavorsAccessNegativeTestJSON:tearDownClass): 204 DELETE http://10.180.1.21/identity/v3/users/78abd3bff7cd4f3488aa1858da97bfbd 0.135s
2024-11-28 21:33:32.633 66009 INFO tempest.lib.common.rest_client [req-00b817c6-a5c4-4d14-b148-c821687113a6 req-00b817c6-a5c4-4d14-b148-c821687113a6 ] Request (SecurityGroupsNegativeTestJSON:tearDownClass): 204 DELETE http://10.180.1.21:9696/networking/v2.0/routers/09dd1fd8-52e2-4a90-acc3-1c649f708468 0.804s
2024-11-28 21:33:32.639 66033 INFO tempest.lib.common.rest_client [req-21c948fd-0d31-4123-9ff7-67382da3c5f3 req-21c948fd-0d31-4123-9ff7-67382da3c5f3 ] Request (ServersTestBootFromVolume:setUpClass): 200 GET http://10.180.1.21/volume/v3/19a09db20f814ae98149292b7422c019/volumes/b8c2072d-936a-4f8b-a917-d3279a8f37fe 0.045s
2024-11-28 21:33:32.702 66057 INFO tempest.lib.common.rest_client [req-1608b217-6f39-4083-a493-916683a3c68c req-1608b217-6f39-4083-a493-916683a3c68c ] Request (FlavorsAccessNegativeTestJSON:tearDownClass): 204 DELETE http://10.180.1.21/identity/v3/users/4b2947832226425a8d3de862f88b684a 0.147s
2024-11-28 21:33:32.709 66011 INFO tempest.lib.common.rest_client [req-0ada5bac-78a4-486d-bd40-a3062f8e6ff3 req-0ada5bac-78a4-486d-bd40-a3062f8e6ff3 ] Request (FloatingIPDetailsNegativeTestJSON:tearDownClass): 204 DELETE http://10.180.1.21:9696/networking/v2.0/security-groups/8dd8c754-3723-441b-84ce-0e5144b929a5 0.425s
2024-11-28 21:33:32.716 66063 INFO tempest.lib.common.rest_client [req-e6886ab5-4fa0-4b92-b9a4-2bc1a2028808 req-e6886ab5-4fa0-4b92-b9a4-2bc1a2028808 ] Request (QuotasAdminTestJSON:test_get_updated_quotas): 200 PUT http://10.180.1.21/compute/v2.1/os-quota-sets/e262034cc04f4842919dc6db43395e84?user_id=384f0afb425c4f71af1ffa9a98efdc62 1.552s
2024-11-28 21:33:32.738 66060 INFO tempest.lib.common.rest_client [req-6b3bcb4f-5dbf-4215-8c5a-b14f5b6cde25 req-6b3bcb4f-5dbf-4215-8c5a-b14f5b6cde25 ] Request (ServicesAdminNegativeV253TestJSON:test_get_service_with_valid_service_and_invalid_host): 200 GET http://10.180.1.21/compute/v2.1/os-services?host=xxx&binary=nova-scheduler 1.487s
2024-11-28 21:33:32.830 66061 INFO tempest.lib.common.rest_client [req-875abc26-c852-4fb5-9424-01f1cff425b6 req-875abc26-c852-4fb5-9424-01f1cff425b6 ] Request (ImagesTestJSON:test_create_image_from_stopped_server): 200 GET http://10.180.1.21/compute/v2.1/servers/6dfa3031-a980-4de8-83fd-7432ef153490 1.414s
2024-11-28 21:33:32.848 66011 INFO tempest.lib.common.rest_client [req-52f0522a-c598-40aa-a0f6-6615f1097340 req-52f0522a-c598-40aa-a0f6-6615f1097340 ] Request (FloatingIPDetailsNegativeTestJSON:tearDownClass): 204 DELETE http://10.180.1.21/identity/v3/projects/01b73c7098914c6590e4b03e72769fde 0.138s
2024-11-28 21:33:32.860 66057 INFO tempest.lib.common.rest_client [req-da1cfce2-6b1b-4808-88f0-1b4616c0b3ed req-da1cfce2-6b1b-4808-88f0-1b4616c0b3ed ] Request (FlavorsAccessNegativeTestJSON:tearDownClass): 204 DELETE http://10.180.1.21/identity/v3/users/d9c1a55883334d8f8dda69b132e0941d 0.158s
2024-11-28 21:33:32.861 66057 INFO tempest.lib.common.dynamic_creds [-] Deleting project and security group for project: 2f38c7a77229461da6e1bc7f89c102b3
2024-11-28 21:33:32.908 66025 INFO tempest.lib.common.rest_client [req-d6616d1a-6a70-46a0-b300-da2e6cf660c6 req-d6616d1a-6a70-46a0-b300-da2e6cf660c6 ] Request (AttachInterfacesUnderV243Test:test_add_remove_fixed_ip): 200 GET http://10.180.1.21/compute/v2.1/servers/737c0d60-09bb-4883-b61b-93091bf6cb65 1.381s
2024-11-28 21:33:32.918 66011 INFO tempest.lib.common.rest_client [req-69eb653a-bab3-423e-b8ea-d326e64feeab req-69eb653a-bab3-423e-b8ea-d326e64feeab ] Request (KeyPairsV2TestJSON:setUpClass): 201 POST http://10.180.1.21/identity/v3/auth/tokens 0.068s
2024-11-28 21:33:32.935 66057 INFO tempest.lib.common.rest_client [req-beb7ce4a-a2df-4620-bc9f-cdb21cd8912a req-beb7ce4a-a2df-4620-bc9f-cdb21cd8912a ] Request (FlavorsAccessNegativeTestJSON:tearDownClass): 201 POST http://10.180.1.21/identity/v3/auth/tokens 0.073s
2024-11-28 21:33:32.954 66011 INFO tempest.lib.common.rest_client [req-0f8cf392-7754-4498-b91b-c543d2e16a98 req-0f8cf392-7754-4498-b91b-c543d2e16a98 ] Request (KeyPairsV2TestJSON:setUpClass): 201 POST http://10.180.1.21/identity/v3/auth/tokens 0.032s
2024-11-28 21:33:32.978 66011 INFO tempest.lib.common.rest_client [req-442854d0-ff6e-4cc7-82f7-d1ddd5e54cb5 req-442854d0-ff6e-4cc7-82f7-d1ddd5e54cb5 ] Request (KeyPairsV2TestJSON:setUpClass): 200 GET http://10.180.1.21/identity/v3/domains?name=Default 0.023s
2024-11-28 21:33:32.990 66009 INFO tempest.lib.common.rest_client [req-c72bbee1-b655-4bba-80d9-92b817383ef1 req-c72bbee1-b655-4bba-80d9-92b817383ef1 ] Request (SecurityGroupsNegativeTestJSON:tearDownClass): 204 DELETE http://10.180.1.21:9696/networking/v2.0/subnets/022fd13d-7570-4793-b0e2-9f0054d99db2 0.357s
2024-11-28 21:33:32.994 66045 INFO tempest.lib.common.rest_client [req-c4f17e3f-d2f5-4fe7-ada9-2f3d6095283c req-c4f17e3f-d2f5-4fe7-ada9-2f3d6095283c ] Request (ServersAdminTestJSON:test_create_server_with_scheduling_hint): 202 POST http://10.180.1.21/compute/v2.1/servers 1.989s
2024-11-28 21:33:33.016 66011 INFO tempest.lib.common.rest_client [req-7a2afac6-74a7-4205-86f2-065815ec4bbc req-7a2afac6-74a7-4205-86f2-065815ec4bbc ] Request (KeyPairsV2TestJSON:setUpClass): 201 POST http://10.180.1.21/identity/v3/projects 0.038s
2024-11-28 21:33:33.101 66011 INFO tempest.lib.common.rest_client [req-80aeb642-e738-4a0f-9153-9533d1158e04 req-80aeb642-e738-4a0f-9153-9533d1158e04 ] Request (KeyPairsV2TestJSON:setUpClass): 201 POST http://10.180.1.21/identity/v3/users 0.084s
2024-11-28 21:33:33.101 66053 INFO tempest.lib.common.rest_client [req-976fc8b7-0f7b-4642-aa75-91f19c7a9110 req-976fc8b7-0f7b-4642-aa75-91f19c7a9110 ] Request (ServerDiagnosticsTest:tearDownClass): 200 GET http://10.180.1.21/compute/v2.1/servers/6f3926be-cfa8-4d38-959d-0e67c79f852d 1.443s
2024-11-28 21:33:33.129 66011 INFO tempest.lib.common.rest_client [req-b0051cff-dc01-4e97-a919-deb3a5bae928 req-b0051cff-dc01-4e97-a919-deb3a5bae928 ] Request (KeyPairsV2TestJSON:setUpClass): 200 GET http://10.180.1.21/identity/v3/roles 0.027s
2024-11-28 21:33:33.150 66047 INFO tempest.lib.common.rest_client [req-42eb54e6-144a-45ee-be06-937da5e677b7 req-42eb54e6-144a-45ee-be06-937da5e677b7 ] Request (ServersV294TestFqdnHostnames:setUpClass): 200 PUT http://10.180.1.21:9696/networking/v2.0/floatingips/28a339e7-3fde-4afa-bdd0-cd35b197c6c0 1.923s
2024-11-28 21:33:33.172 66011 INFO tempest.lib.common.rest_client [req-d411806d-208b-4f29-99a7-6fb2bff90eec req-d411806d-208b-4f29-99a7-6fb2bff90eec ] Request (KeyPairsV2TestJSON:setUpClass): 204 PUT http://10.180.1.21/identity/v3/projects/61371ce2f6c641408f20200354dd0d11/users/9ed773e9860d495690d7dae58e2f710d/roles/adef4b8ae1934855ae2cde2d62c9e819 0.042s
2024-11-28 21:33:33.172 66011 INFO tempest.lib.common.dynamic_creds [-] Dynamic test user 9ed773e9860d495690d7dae58e2f710d is created with scope project and roles: ['member']
2024-11-28 21:33:33.172 66011 INFO tempest.lib.common.dynamic_creds [-] Acquired dynamic creds: credentials: Credentials: {'domain_id': 'default', 'domain_name': 'Default', 'username': 'tempest-KeyPairsV2TestJSON-536846134-project-member', 'project_domain_id': 'default', 'project_domain_name': 'Default', 'project_id': '61371ce2f6c641408f20200354dd0d11', 'project_name': 'tempest-KeyPairsV2TestJSON-536846134', 'tenant_id': '61371ce2f6c641408f20200354dd0d11', 'tenant_name': 'tempest-KeyPairsV2TestJSON-536846134', 'user_domain_id': 'default', 'user_domain_name': 'Default', 'user_id': '9ed773e9860d495690d7dae58e2f710d', 'system': None}, Network: None, Subnet: None, Router: None
2024-11-28 21:33:33.172 66011 INFO tempest.lib.common.dynamic_creds [-] Created isolated network resources for: credentials: Credentials: {'domain_id': 'default', 'domain_name': 'Default', 'username': 'tempest-KeyPairsV2TestJSON-536846134-project-member', 'project_domain_id': 'default', 'project_domain_name': 'Default', 'project_id': '61371ce2f6c641408f20200354dd0d11', 'project_name': 'tempest-KeyPairsV2TestJSON-536846134', 'tenant_id': '61371ce2f6c641408f20200354dd0d11', 'tenant_name': 'tempest-KeyPairsV2TestJSON-536846134', 'user_domain_id': 'default', 'user_domain_name': 'Default', 'user_id': '9ed773e9860d495690d7dae58e2f710d', 'system': None}, Network: None, Subnet: None, Router: None
2024-11-28 21:33:33.279 66011 INFO tempest.lib.common.rest_client [req-c78b1b2d-6c28-461f-b170-6ac6837ebafc req-c78b1b2d-6c28-461f-b170-6ac6837ebafc ] Request (KeyPairsV2TestJSON:setUpClass): 201 POST http://10.180.1.21/identity/v3/auth/tokens 0.102s
2024-11-28 21:33:33.309 66015 INFO tempest.lib.common.rest_client [req-9f970f43-caf9-47b5-9c28-df8b42639804 req-9f970f43-caf9-47b5-9c28-df8b42639804 ] Request (SecurityGroupRulesTestJSON:test_security_group_rules_delete_when_peer_group_deleted): 200 POST http://10.180.1.21/compute/v2.1/os-security-group-rules 1.771s
2024-11-28 21:33:33.331 66057 INFO tempest.lib.common.rest_client [req-9d838a33-9490-4eb9-a449-e528e81d94f5 req-9d838a33-9490-4eb9-a449-e528e81d94f5 ] Request (FlavorsAccessNegativeTestJSON:tearDownClass): 200 GET http://10.180.1.21:9696/networking/v2.0/security-groups?tenant_id=2f38c7a77229461da6e1bc7f89c102b3&name=default 0.396s
2024-11-28 21:33:33.510 66003 INFO tempest.lib.common.rest_client [req-80c52f35-f4d4-4bb6-8ae0-afcf6999c6d7 req-80c52f35-f4d4-4bb6-8ae0-afcf6999c6d7 ] Request (ServerActionsV293TestJSON:setUpClass): 200 GET http://10.180.1.21/volume/v3/91501be29f1344e4a1f3e93ec1cd3abb/volumes/ef12889a-b692-4a2c-8efc-562757803f95 0.057s
2024-11-28 21:33:33.511 66057 INFO tempest.lib.common.rest_client [req-9f45a503-5491-4a23-bfa4-5f72a4a85bea req-9f45a503-5491-4a23-bfa4-5f72a4a85bea ] Request (FlavorsAccessNegativeTestJSON:tearDownClass): 204 DELETE http://10.180.1.21:9696/networking/v2.0/security-groups/ad7b7714-c151-4ff3-9679-7eeab18d79a9 0.179s
2024-11-28 21:33:33.519 66027 INFO tempest.lib.common.rest_client [req-8d59252c-ddbd-4486-b150-88afec4a3aca req-8d59252c-ddbd-4486-b150-88afec4a3aca ] Request (AttachInterfacesV270Test:setUpClass): 201 POST http://10.180.1.21:9696/networking/v2.0/routers 2.306s
2024-11-28 21:33:33.558 66009 INFO tempest.lib.common.rest_client [req-f127a980-15bf-43cf-9778-9959ef46d971 req-f127a980-15bf-43cf-9778-9959ef46d971 ] Request (SecurityGroupsNegativeTestJSON:tearDownClass): 204 DELETE http://10.180.1.21:9696/networking/v2.0/networks/adf640e5-2dec-40fa-9019-85f42e923439 0.567s
2024-11-28 21:33:33.623 66029 INFO tempest.lib.common.rest_client [req-b0b6e8f2-dfe1-40a4-b63e-3dfb796683e7 req-b0b6e8f2-dfe1-40a4-b63e-3dfb796683e7 ] Request (ServersAdmin275Test:test_rebuild_update_server_275): 202 POST http://10.180.1.21/compute/v2.1/servers/f7682359-f969-4869-869c-318c3bf750fb/action 1.913s
