2024-11-28 21:33:03.110 66033 INFO tempest.lib.common.rest_client [req-3a2c274b-8652-4ccf-9b54-35d1be5ae131 req-3a2c274b-8652-4ccf-9b54-35d1be5ae131 ] Request (FlavorMetadataValidation:setUpClass): 201 POST http://10.180.1.21/identity/v3/users 0.072s
2024-11-28 21:33:03.111 66060 INFO tempest.lib.common.rest_client [req-9b967ac8-1bba-4b8c-b14b-2add245f8eb1 req-9b967ac8-1bba-4b8c-b14b-2add245f8eb1 ] Request (InstanceUsageAuditLogTestJSON:setUpClass): 201 POST http://10.180.1.21/identity/v3/projects 0.070s
2024-11-28 21:33:03.162 66021 INFO tempest.lib.common.rest_client [req-2cdb708f-fc17-45fb-8d38-cc5165e60aed req-2cdb708f-fc17-45fb-8d38-cc5165e60aed ] Request (AttachInterfacesTestJSON:setUpClass): 200 GET http://10.180.1.21/identity/v3/roles 0.074s
2024-11-28 21:33:03.181 66055 INFO tempest.lib.common.rest_client [req-0489250b-d6b9-4354-9927-151694cc998c req-0489250b-d6b9-4354-9927-151694cc998c ] Request (FloatingIPsTestJSON:setUpClass): 201 POST http://10.180.1.21/identity/v3/projects 0.092s
2024-11-28 21:33:03.187 66033 INFO tempest.lib.common.rest_client [req-74011b0d-5a7c-479f-9dd5-bd6cb335d9b5 req-74011b0d-5a7c-479f-9dd5-bd6cb335d9b5 ] Request (FlavorMetadataValidation:setUpClass): 200 GET http://10.180.1.21/identity/v3/roles 0.077s
2024-11-28 21:33:03.199 66037 INFO tempest.lib.common.rest_client [req-fb89bd26-6ffb-4bd3-9dfc-0fe41643f8f8 req-fb89bd26-6ffb-4bd3-9dfc-0fe41643f8f8 ] Request (QuotaClassesAdminTestJSON:tearDownClass): 204 DELETE http://10.180.1.21:9696/networking/v2.0/security-groups/12f56cb9-c6bd-4473-96d1-097c52ee9d30 0.429s
2024-11-28 21:33:03.213 66039 INFO tempest.lib.common.rest_client [req-c9dce870-6ec2-41c4-9328-31fa3130cbb4 req-c9dce870-6ec2-41c4-9328-31fa3130cbb4 ] Request (ListServersNegativeTestJSON:setUpClass): 200 PUT http://10.180.1.21:9696/networking/v2.0/routers/98c55051-54f7-4f36-8e1e-c4cb905f7826/add_router_interface 3.458s
2024-11-28 21:33:03.213 66039 INFO tempest.lib.common.dynamic_creds [-] Created isolated network resources for: credentials: Credentials: {'domain_id': 'default', 'domain_name': 'Default', 'username': 'tempest-ListServersNegativeTestJSON-2005822273-project-member', 'project_domain_id': 'default', 'project_domain_name': 'Default', 'project_id': '29f77999cffb4913aa2ed1da07d88a37', 'project_name': 'tempest-ListServersNegativeTestJSON-2005822273', 'tenant_id': '29f77999cffb4913aa2ed1da07d88a37', 'tenant_name': 'tempest-ListServersNegativeTestJSON-2005822273', 'user_domain_id': 'default', 'user_domain_name': 'Default', 'user_id': '7779735eb6e746c28d73c93b6b68ed06', 'system': None}, Network: {'id': '5ba9924b-469a-4173-9dca-3102a90bd748', 'name': 'tempest-ListServersNegativeTestJSON-1931949303-network', 'tenant_id': '29f77999cffb4913aa2ed1da07d88a37', 'admin_state_up': True, 'mtu': 8950, 'status': 'ACTIVE', 'subnets': [], 'shared': False, 'project_id': '29f77999cffb4913aa2ed1da07d88a37', 'port_security_enabled': True, 'router:external': False, 'provider:network_type': 'vlan', 'provider:physical_network': 'default', 'provider:segmentation_id': 491, 'is_default': False, 'availability_zone_hints': [], 'availability_zones': [], 'ipv4_address_scope': None, 'ipv6_address_scope': None, 'description': '', 'tags': [], 'created_at': '2024-11-28T21:32:57Z', 'updated_at': '2024-11-28T21:32:57Z', 'revision_number': 1}, Subnet: {'id': 'afd629e2-2a87-4e0d-8c4d-bf2ed7b48fec', 'name': 'tempest-ListServersNegativeTestJSON-1931949303-subnet', 'tenant_id': '29f77999cffb4913aa2ed1da07d88a37', 'network_id': '5ba9924b-469a-4173-9dca-3102a90bd748', 'ip_version': 4, 'subnetpool_id': None, 'enable_dhcp': True, 'ipv6_ra_mode': None, 'ipv6_address_mode': None, 'gateway_ip': '192.168.128.1', 'cidr': '192.168.128.0/28', 'allocation_pools': [{'start': '192.168.128.2', 'end': '192.168.128.14'}], 'host_routes': [], 'dns_nameservers': [], 'description': '', 'router:external': False, 'service_types': [], 'tags': [], 'created_at': '2024-11-28T21:32:57Z', 'updated_at': '2024-11-28T21:32:57Z', 'revision_number': 0, 'project_id': '29f77999cffb4913aa2ed1da07d88a37'}, Router: {'id': '98c55051-54f7-4f36-8e1e-c4cb905f7826', 'name': 'tempest-ListServersNegativeTestJSON-1931949303-router', 'tenant_id': '29f77999cffb4913aa2ed1da07d88a37', 'admin_state_up': True, 'status': 'ACTIVE', 'external_gateway_info': {'network_id': '8b687f62-a8e9-43de-adbf-741b8232fcee', 'external_fixed_ips': [{'subnet_id': '090c91ad-fa0c-41ec-860e-5d95d8d4a5ad', 'ip_address': '10.180.180.145'}], 'enable_snat': True}, 'description': '', 'availability_zones': [], 'distributed': False, 'ha': False, 'availability_zone_hints': [], 'routes': [], 'flavor_id': None, 'tags': [], 'created_at': '2024-11-28T21:32:58Z', 'updated_at': '2024-11-28T21:32:59Z', 'revision_number': 2, 'project_id': '29f77999cffb4913aa2ed1da07d88a37'}
2024-11-28 21:33:03.247 66060 INFO tempest.lib.common.rest_client [req-423edb01-eab9-4112-b54c-2df7b0d60ac6 req-423edb01-eab9-4112-b54c-2df7b0d60ac6 ] Request (InstanceUsageAuditLogTestJSON:setUpClass): 201 POST http://10.180.1.21/identity/v3/users 0.135s
2024-11-28 21:33:03.273 66021 INFO tempest.lib.common.rest_client [req-678577c1-3d83-4e62-a07c-ffcd8672a18a req-678577c1-3d83-4e62-a07c-ffcd8672a18a ] Request (AttachInterfacesTestJSON:setUpClass): 204 PUT http://10.180.1.21/identity/v3/projects/3a00e94d35e44678b6698f8af082c448/users/bae4322300614e59864289c069303c55/roles/adef4b8ae1934855ae2cde2d62c9e819 0.111s
2024-11-28 21:33:03.273 66021 INFO tempest.lib.common.dynamic_creds [-] Dynamic test user bae4322300614e59864289c069303c55 is created with scope project and roles: ['member']
2024-11-28 21:33:03.274 66021 INFO tempest.lib.common.dynamic_creds [-] Acquired dynamic creds: credentials: Credentials: {'domain_id': 'default', 'domain_name': 'Default', 'username': 'tempest-AttachInterfacesTestJSON-986292586-project-member', 'project_domain_id': 'default', 'project_domain_name': 'Default', 'project_id': '3a00e94d35e44678b6698f8af082c448', 'project_name': 'tempest-AttachInterfacesTestJSON-986292586', 'tenant_id': '3a00e94d35e44678b6698f8af082c448', 'tenant_name': 'tempest-AttachInterfacesTestJSON-986292586', 'user_domain_id': 'default', 'user_domain_name': 'Default', 'user_id': 'bae4322300614e59864289c069303c55', 'system': None}, Network: None, Subnet: None, Router: None
2024-11-28 21:33:03.280 66011 INFO tempest.lib.common.rest_client [req-d2329b52-471c-477c-bb54-b387786a4a9f req-d2329b52-471c-477c-bb54-b387786a4a9f ] Request (FlavorsExtraSpecsNegativeTestJSON:tearDownClass): 204 DELETE http://10.180.1.21:9696/networking/v2.0/security-groups/b2801249-c702-4475-bcb2-404d07a48c47 0.374s
2024-11-28 21:33:03.342 66055 INFO tempest.lib.common.rest_client [req-d18f979c-bab1-46b0-a59f-675fef62549d req-d18f979c-bab1-46b0-a59f-675fef62549d ] Request (FloatingIPsTestJSON:setUpClass): 201 POST http://10.180.1.21/identity/v3/users 0.161s
2024-11-28 21:33:03.355 66033 INFO tempest.lib.common.rest_client [req-2dc421e8-f4f2-4e99-9ef1-5f69a092b5b6 req-2dc421e8-f4f2-4e99-9ef1-5f69a092b5b6 ] Request (FlavorMetadataValidation:setUpClass): 204 PUT http://10.180.1.21/identity/v3/projects/4d9bc8eb6aa2417090808a657e76ac62/users/a6be95548ec543d0a1b05c53852dc3d6/roles/adef4b8ae1934855ae2cde2d62c9e819 0.167s
2024-11-28 21:33:03.356 66033 INFO tempest.lib.common.dynamic_creds [-] Dynamic test user a6be95548ec543d0a1b05c53852dc3d6 is created with scope project and roles: ['member']
2024-11-28 21:33:03.356 66033 INFO tempest.lib.common.dynamic_creds [-] Acquired dynamic creds: credentials: Credentials: {'domain_id': 'default', 'domain_name': 'Default', 'username': 'tempest-FlavorMetadataValidation-633547574-project-member', 'project_domain_id': 'default', 'project_domain_name': 'Default', 'project_id': '4d9bc8eb6aa2417090808a657e76ac62', 'project_name': 'tempest-FlavorMetadataValidation-633547574', 'tenant_id': '4d9bc8eb6aa2417090808a657e76ac62', 'tenant_name': 'tempest-FlavorMetadataValidation-633547574', 'user_domain_id': 'default', 'user_domain_name': 'Default', 'user_id': 'a6be95548ec543d0a1b05c53852dc3d6', 'system': None}, Network: None, Subnet: None, Router: None
2024-11-28 21:33:03.356 66033 INFO tempest.lib.common.dynamic_creds [-] Created isolated network resources for: credentials: Credentials: {'domain_id': 'default', 'domain_name': 'Default', 'username': 'tempest-FlavorMetadataValidation-633547574-project-member', 'project_domain_id': 'default', 'project_domain_name': 'Default', 'project_id': '4d9bc8eb6aa2417090808a657e76ac62', 'project_name': 'tempest-FlavorMetadataValidation-633547574', 'tenant_id': '4d9bc8eb6aa2417090808a657e76ac62', 'tenant_name': 'tempest-FlavorMetadataValidation-633547574', 'user_domain_id': 'default', 'user_domain_name': 'Default', 'user_id': 'a6be95548ec543d0a1b05c53852dc3d6', 'system': None}, Network: None, Subnet: None, Router: None
2024-11-28 21:33:03.358 66027 INFO tempest.lib.common.rest_client [req-011fd3a9-6094-4784-ab46-80a92fb0c706 req-011fd3a9-6094-4784-ab46-80a92fb0c706 ] Request (QuotasAdminTestV257:test_get_updated_quotas): 200 GET http://10.180.1.21/compute/v2.1/os-quota-sets/dc8ba2eef41141a5a166fb1078832258/detail 0.933s
2024-11-28 21:33:03.385 66065 INFO tempest.lib.common.rest_client [req-3942255f-5857-4d52-bbac-8e4f9d3ad150 req-3942255f-5857-4d52-bbac-8e4f9d3ad150 ] Request (ServicesAdminNegativeTestJSON:test_get_service_with_valid_service_and_invalid_host): 200 GET http://10.180.1.21/compute/v2.1/os-services?host=xxx&binary=nova-scheduler 0.913s
2024-11-28 21:33:03.408 66051 INFO tempest.lib.common.rest_client [req-046a3c15-f487-4eea-a6f7-522bf79ca41b req-046a3c15-f487-4eea-a6f7-522bf79ca41b ] Request (VolumesAssistedSnapshotsTest:test_volume_assisted_snapshot_create_delete): 201 POST http://10.180.1.21:9696/networking/v2.0/security-group-rules 0.310s
2024-11-28 21:33:03.433 66039 INFO tempest.lib.common.rest_client [req-08e8b5b6-5354-4cb5-88cd-670eb4f7c69f req-08e8b5b6-5354-4cb5-88cd-670eb4f7c69f ] Request (ListServersNegativeTestJSON:setUpClass): 201 POST http://10.180.1.21/identity/v3/auth/tokens 0.215s
2024-11-28 21:33:03.464 66037 INFO tempest.lib.common.rest_client [req-31741708-b9a1-4efe-807e-590498b1ace0 req-31741708-b9a1-4efe-807e-590498b1ace0 ] Request (QuotaClassesAdminTestJSON:tearDownClass): 204 DELETE http://10.180.1.21/identity/v3/projects/20ad6e6b1f5841769402f342e3a9d4ad 0.264s
2024-11-28 21:33:03.486 66060 INFO tempest.lib.common.rest_client [req-b4e5d3e3-d4aa-4c30-9dba-a08913114513 req-b4e5d3e3-d4aa-4c30-9dba-a08913114513 ] Request (InstanceUsageAuditLogTestJSON:setUpClass): 200 GET http://10.180.1.21/identity/v3/roles 0.239s
2024-11-28 21:33:03.504 66021 INFO tempest.lib.common.rest_client [req-96eaed74-fa51-4e6e-9f4c-c97b99e284ac req-96eaed74-fa51-4e6e-9f4c-c97b99e284ac ] Request (AttachInterfacesTestJSON:setUpClass): 201 POST http://10.180.1.21/identity/v3/auth/tokens 0.230s
2024-11-28 21:33:03.506 66029 INFO tempest.lib.common.rest_client [req-f66c56f3-3aee-4676-947c-6e79ea87a185 req-f66c56f3-3aee-4676-947c-6e79ea87a185 ] Request (ServersAdmin275Test:test_rebuild_update_server_275): 200 GET http://10.180.1.21/compute/v2.1/servers/f7682359-f969-4869-869c-318c3bf750fb 0.827s
2024-11-28 21:33:03.526 66055 INFO tempest.lib.common.rest_client [req-8ec44d40-2358-4975-b158-a4b77d4332c3 req-8ec44d40-2358-4975-b158-a4b77d4332c3 ] Request (FloatingIPsTestJSON:setUpClass): 200 GET http://10.180.1.21/identity/v3/roles 0.183s
2024-11-28 21:33:03.542 66049 INFO tempest.lib.common.rest_client [req-4147f924-1f41-431e-a9ed-293f2d812175 req-4147f924-1f41-431e-a9ed-293f2d812175 ] Request (MultipleCreateTestJSON:setUpClass): 201 POST http://10.180.1.21:9696/networking/v2.0/subnets 0.811s
2024-11-28 21:33:03.567 66011 INFO tempest.lib.common.rest_client [req-55555abb-8aaa-44e1-b061-66810ebcc359 req-55555abb-8aaa-44e1-b061-66810ebcc359 ] Request (FlavorsExtraSpecsNegativeTestJSON:tearDownClass): 204 DELETE http://10.180.1.21/identity/v3/projects/3b8dae7a53194f7ea675bdfeb3450413 0.286s
2024-11-28 21:33:03.567 66011 INFO tempest.lib.common.dynamic_creds [-] Deleting project and security group for project: 35b90d26e2fb4db4b274478920bfaf8d
2024-11-28 21:33:03.606 66033 INFO tempest.lib.common.rest_client [req-63b218d0-fe8e-408c-9ae4-5e886593322c req-63b218d0-fe8e-408c-9ae4-5e886593322c ] Request (FlavorMetadataValidation:setUpClass): 201 POST http://10.180.1.21/identity/v3/auth/tokens 0.245s
2024-11-28 21:33:03.626 66027 INFO tempest.lib.common.rest_client [req-fdf40157-708e-4bdc-8aa4-5720d970bcd4 req-fdf40157-708e-4bdc-8aa4-5720d970bcd4 ] Request (QuotasAdminTestV257:test_get_updated_quotas): 200 GET http://10.180.1.21/identity/v3/domains?name=Default 0.261s
2024-11-28 21:33:03.669 66039 INFO tempest.lib.common.rest_client [req-547a7df5-08db-4ad5-8ab1-b92959623b83 req-547a7df5-08db-4ad5-8ab1-b92959623b83 ] Request (ListServersNegativeTestJSON:setUpClass): 201 POST http://10.180.1.21/identity/v3/auth/tokens 0.228s
2024-11-28 21:33:03.669 66039 INFO tempest.lib.common.fixed_network [-] (ListServersNegativeTestJSON:setUpClass) Found network {'id': '5ba9924b-469a-4173-9dca-3102a90bd748', 'name': 'tempest-ListServersNegativeTestJSON-1931949303-network', 'tenant_id': '29f77999cffb4913aa2ed1da07d88a37', 'admin_state_up': True, 'mtu': 8950, 'status': 'ACTIVE', 'subnets': [], 'shared': False, 'project_id': '29f77999cffb4913aa2ed1da07d88a37', 'port_security_enabled': True, 'router:external': False, 'provider:network_type': 'vlan', 'provider:physical_network': 'default', 'provider:segmentation_id': 491, 'is_default': False, 'availability_zone_hints': [], 'availability_zones': [], 'ipv4_address_scope': None, 'ipv6_address_scope': None, 'description': '', 'tags': [], 'created_at': '2024-11-28T21:32:57Z', 'updated_at': '2024-11-28T21:32:57Z', 'revision_number': 1} available for tenant
2024-11-28 21:33:03.688 66037 INFO tempest.lib.common.rest_client [req-a6070918-36b0-4193-a415-126aaf412a63 req-a6070918-36b0-4193-a415-126aaf412a63 ] Request (QuotasAdminNegativeTest:setUpClass): 201 POST http://10.180.1.21/identity/v3/auth/tokens 0.221s
2024-11-28 21:33:03.738 66060 INFO tempest.lib.common.rest_client [req-909be682-7dcf-423f-b956-d9328e59671e req-909be682-7dcf-423f-b956-d9328e59671e ] Request (InstanceUsageAuditLogTestJSON:setUpClass): 204 PUT http://10.180.1.21/identity/v3/projects/d2d96561278c4c578661a3801c61beff/users/09c285bbef3540e9bba89bc7f2e9f172/roles/adef4b8ae1934855ae2cde2d62c9e819 0.251s
2024-11-28 21:33:03.739 66060 INFO tempest.lib.common.dynamic_creds [-] Dynamic test user 09c285bbef3540e9bba89bc7f2e9f172 is created with scope project and roles: ['member']
2024-11-28 21:33:03.739 66060 INFO tempest.lib.common.dynamic_creds [-] Acquired dynamic creds: credentials: Credentials: {'domain_id': 'default', 'domain_name': 'Default', 'username': 'tempest-InstanceUsageAuditLogTestJSON-1040787945-project-member', 'project_domain_id': 'default', 'project_domain_name': 'Default', 'project_id': 'd2d96561278c4c578661a3801c61beff', 'project_name': 'tempest-InstanceUsageAuditLogTestJSON-1040787945', 'tenant_id': 'd2d96561278c4c578661a3801c61beff', 'tenant_name': 'tempest-InstanceUsageAuditLogTestJSON-1040787945', 'user_domain_id': 'default', 'user_domain_name': 'Default', 'user_id': '09c285bbef3540e9bba89bc7f2e9f172', 'system': None}, Network: None, Subnet: None, Router: None
2024-11-28 21:33:03.739 66060 INFO tempest.lib.common.dynamic_creds [-] Created isolated network resources for: credentials: Credentials: {'domain_id': 'default', 'domain_name': 'Default', 'username': 'tempest-InstanceUsageAuditLogTestJSON-1040787945-project-member', 'project_domain_id': 'default', 'project_domain_name': 'Default', 'project_id': 'd2d96561278c4c578661a3801c61beff', 'project_name': 'tempest-InstanceUsageAuditLogTestJSON-1040787945', 'tenant_id': 'd2d96561278c4c578661a3801c61beff', 'tenant_name': 'tempest-InstanceUsageAuditLogTestJSON-1040787945', 'user_domain_id': 'default', 'user_domain_name': 'Default', 'user_id': '09c285bbef3540e9bba89bc7f2e9f172', 'system': None}, Network: None, Subnet: None, Router: None
2024-11-28 21:33:03.757 66051 INFO tempest.lib.common.rest_client [req-750fa525-4399-4e86-bc53-7486a4b629c8 req-750fa525-4399-4e86-bc53-7486a4b629c8 ] Request (VolumesAssistedSnapshotsTest:test_volume_assisted_snapshot_create_delete): 201 POST http://10.180.1.21:9696/networking/v2.0/security-group-rules 0.348s
2024-11-28 21:33:03.842 66055 INFO tempest.lib.common.rest_client [req-c9cb9d83-9270-4ae5-867e-38365d879020 req-c9cb9d83-9270-4ae5-867e-38365d879020 ] Request (FloatingIPsTestJSON:setUpClass): 204 PUT http://10.180.1.21/identity/v3/projects/15bff377cfe443c9988dc430f00a7638/users/82077b2a0f504b9ca811a81eb6852c2e/roles/adef4b8ae1934855ae2cde2d62c9e819 0.315s
2024-11-28 21:33:03.842 66055 INFO tempest.lib.common.dynamic_creds [-] Dynamic test user 82077b2a0f504b9ca811a81eb6852c2e is created with scope project and roles: ['member']
2024-11-28 21:33:03.844 66033 INFO tempest.lib.common.rest_client [req-1d81fdb3-5479-4699-b8de-ea3ec6abdea1 req-1d81fdb3-5479-4699-b8de-ea3ec6abdea1 ] Request (FlavorMetadataValidation:setUpClass): 201 POST http://10.180.1.21/identity/v3/projects 0.237s
2024-11-28 21:33:03.845 66055 INFO tempest.lib.common.dynamic_creds [-] Acquired dynamic creds: credentials: Credentials: {'domain_id': 'default', 'domain_name': 'Default', 'username': 'tempest-FloatingIPsTestJSON-1420071020-project-member', 'project_domain_id': 'default', 'project_domain_name': 'Default', 'project_id': '15bff377cfe443c9988dc430f00a7638', 'project_name': 'tempest-FloatingIPsTestJSON-1420071020', 'tenant_id': '15bff377cfe443c9988dc430f00a7638', 'tenant_name': 'tempest-FloatingIPsTestJSON-1420071020', 'user_domain_id': 'default', 'user_domain_name': 'Default', 'user_id': '82077b2a0f504b9ca811a81eb6852c2e', 'system': None}, Network: None, Subnet: None, Router: None
2024-11-28 21:33:03.907 66027 INFO tempest.lib.common.rest_client [req-7365f13f-c03b-4cbc-813e-cfc4f8875f22 req-7365f13f-c03b-4cbc-813e-cfc4f8875f22 ] Request (QuotasAdminTestV257:test_get_updated_quotas): 201 POST http://10.180.1.21/identity/v3/users 0.281s
2024-11-28 21:33:03.934 66017 INFO tempest.lib.common.rest_client [req-567ec8f8-c846-4a38-86a8-f1235584d1d0 req-567ec8f8-c846-4a38-86a8-f1235584d1d0 ] Request (ServersWithSpecificFlavorTestJSON:test_verify_created_server_ephemeral_disk): 202 POST http://10.180.1.21/compute/v2.1/servers 1.694s
2024-11-28 21:33:03.936 66011 INFO tempest.lib.common.rest_client [req-68a31c0a-0969-4f65-ad97-4946e917bfa6 req-68a31c0a-0969-4f65-ad97-4946e917bfa6 ] Request (FlavorsExtraSpecsNegativeTestJSON:tearDownClass): 200 GET http://10.180.1.21:9696/networking/v2.0/security-groups?tenant_id=35b90d26e2fb4db4b274478920bfaf8d&name=default 0.369s
2024-11-28 21:33:03.952 66035 INFO tempest.lib.common.rest_client [req-9e1cb8e1-2126-4d8e-9b73-a647016fef9a req-9e1cb8e1-2126-4d8e-9b73-a647016fef9a ] Request (FlavorsAdminTestJSON:_run_cleanups): 202 DELETE http://10.180.1.21/compute/v2.1/flavors/e4c93b47-4f30-426e-a7e1-110079ed3398 1.209s
2024-11-28 21:33:03.960 66037 INFO tempest.lib.common.rest_client [req-cbe8adf4-2419-4173-87b1-3806916eb132 req-cbe8adf4-2419-4173-87b1-3806916eb132 ] Request (QuotasAdminNegativeTest:setUpClass): 201 POST http://10.180.1.21/identity/v3/auth/tokens 0.269s
2024-11-28 21:33:03.970 66057 INFO tempest.lib.common.rest_client [req-2bae0fd3-d0d8-4574-b2eb-3f750d5e9f19 req-2bae0fd3-d0d8-4574-b2eb-3f750d5e9f19 ] Request (FlavorsAccessNegativeTestJSON:test_flavor_non_admin_add): 200 POST http://10.180.1.21/compute/v2.1/flavors 1.199s
2024-11-28 21:33:03.981 66033 INFO tempest.lib.common.rest_client [req-4b8ddb74-e460-4571-9164-5f8e7ed6ef56 req-4b8ddb74-e460-4571-9164-5f8e7ed6ef56 ] Request (FlavorMetadataValidation:setUpClass): 201 POST http://10.180.1.21/identity/v3/users 0.136s
2024-11-28 21:33:03.999 66060 INFO tempest.lib.common.rest_client [req-21d20459-6f3d-493b-9859-d01d7946880c req-21d20459-6f3d-493b-9859-d01d7946880c ] Request (InstanceUsageAuditLogTestJSON:setUpClass): 201 POST http://10.180.1.21/identity/v3/auth/tokens 0.256s
2024-11-28 21:33:04.009 66055 INFO tempest.lib.common.rest_client [req-143c2d9c-d51e-474e-98d6-67b02a18ab3c req-143c2d9c-d51e-474e-98d6-67b02a18ab3c ] Request (FloatingIPsTestJSON:setUpClass): 201 POST http://10.180.1.21/identity/v3/auth/tokens 0.164s
2024-11-28 21:33:04.024 66027 INFO tempest.lib.common.rest_client [req-415e2236-ccad-40bf-8478-c8ed0cb93618 req-415e2236-ccad-40bf-8478-c8ed0cb93618 ] Request (QuotasAdminTestV257:test_get_updated_quotas): 200 GET http://10.180.1.21/identity/v3/domains?name=Default 0.116s
2024-11-28 21:33:04.027 66037 INFO tempest.lib.common.rest_client [req-18dc17cf-bc10-4e8e-8a50-ab07d56d9f62 req-18dc17cf-bc10-4e8e-8a50-ab07d56d9f62 ] Request (QuotasAdminNegativeTest:setUpClass): 200 GET http://10.180.1.21/identity/v3/domains?name=Default 0.066s
2024-11-28 21:33:04.041 66033 INFO tempest.lib.common.rest_client [req-2f101cc4-ab4b-468a-840a-37a40d82715a req-2f101cc4-ab4b-468a-840a-37a40d82715a ] Request (FlavorMetadataValidation:setUpClass): 200 GET http://10.180.1.21/identity/v3/roles 0.059s
2024-11-28 21:33:04.050 66060 INFO tempest.lib.common.rest_client [req-3b00a8df-4c6c-43e7-8940-e4f13439f690 req-3b00a8df-4c6c-43e7-8940-e4f13439f690 ] Request (InstanceUsageAuditLogTestJSON:setUpClass): 201 POST http://10.180.1.21/identity/v3/projects 0.051s
2024-11-28 21:33:04.073 66007 INFO tempest.lib.common.rest_client [req-74e9271f-ac5c-446e-8dc1-0bf8d80485c8 req-74e9271f-ac5c-446e-8dc1-0bf8d80485c8 ] Request (ServerDiagnosticsV248Test:test_get_server_diagnostics): 200 GET http://10.180.1.21/compute/v2.1/servers/e4cdc641-a801-43ce-9b9b-b755a743be9a 1.205s
2024-11-28 21:33:04.079 66037 INFO tempest.lib.common.rest_client [req-ffbabac9-a60d-4b23-bb91-3fd6c9742469 req-ffbabac9-a60d-4b23-bb91-3fd6c9742469 ] Request (QuotasAdminNegativeTest:setUpClass): 201 POST http://10.180.1.21/identity/v3/projects 0.051s
2024-11-28 21:33:04.093 66061 INFO tempest.lib.common.rest_client [req-3da5ad83-2d38-43b9-b390-a1930899de50 req-3da5ad83-2d38-43b9-b390-a1930899de50 ] Request (FlavorsV2TestJSON:test_list_flavors_limit_results): 200 GET http://10.180.1.21/compute/v2.1/flavors?limit=1 1.203s
2024-11-28 21:33:04.121 66005 INFO tempest.lib.common.rest_client [req-21545ddc-437c-43e6-a028-b8144e6ed966 req-21545ddc-437c-43e6-a028-b8144e6ed966 ] Request (AggregatesAdminNegativeTestJSON:test_aggregate_add_non_exist_host): 404 POST http://10.180.1.21/compute/v2.1/os-aggregates/3/action 1.212s
2024-11-28 21:33:04.137 66025 INFO tempest.lib.common.rest_client [req-c55ea81f-b3d9-4913-8026-1f29a67bdc90 req-c55ea81f-b3d9-4913-8026-1f29a67bdc90 ] Request (FlavorsExtraSpecsTestJSON:tearDownClass): 200 GET http://10.180.1.21/compute/v2.1/flavors/detail 1.216s
2024-11-28 21:33:04.142 66033 INFO tempest.lib.common.rest_client [req-341d7047-8e29-4b18-b77f-e5c96587ab60 req-341d7047-8e29-4b18-b77f-e5c96587ab60 ] Request (FlavorMetadataValidation:setUpClass): 204 PUT http://10.180.1.21/identity/v3/projects/b0eb88a0956a4240ad19ec6c8d141d0f/users/a0eded421ea343f58da71fa4f1ac68f9/roles/ec32ae179a934a018fd5e7b36b1f45c5 0.100s
2024-11-28 21:33:04.147 66060 INFO tempest.lib.common.rest_client [req-9227d6c0-7d13-4dc5-8262-4e8f39992937 req-9227d6c0-7d13-4dc5-8262-4e8f39992937 ] Request (InstanceUsageAuditLogTestJSON:setUpClass): 201 POST http://10.180.1.21/identity/v3/users 0.096s
2024-11-28 21:33:04.169 66003 INFO tempest.lib.common.rest_client [req-f4013b30-24c5-4400-86c6-186aebb95cd7 req-f4013b30-24c5-4400-86c6-186aebb95cd7 ] Request (KeyPairsNegativeTestJSON:test_create_keypair_with_empty_public_key): 400 POST http://10.180.1.21/compute/v2.1/os-keypairs 1.243s
2024-11-28 21:33:04.204 66037 INFO tempest.lib.common.rest_client [req-89906332-e959-4239-974a-755eb103c498 req-89906332-e959-4239-974a-755eb103c498 ] Request (QuotasAdminNegativeTest:setUpClass): 201 POST http://10.180.1.21/identity/v3/users 0.125s
2024-11-28 21:33:04.219 66033 INFO tempest.lib.common.rest_client [req-1c583532-2cd6-456a-a8e1-150c90140f81 req-1c583532-2cd6-456a-a8e1-150c90140f81 ] Request (FlavorMetadataValidation:setUpClass): 200 GET http://10.180.1.21/identity/v3/roles 0.076s
2024-11-28 21:33:04.236 66060 INFO tempest.lib.common.rest_client [req-f19ba723-7c4e-49d0-8014-42975c324130 req-f19ba723-7c4e-49d0-8014-42975c324130 ] Request (InstanceUsageAuditLogTestJSON:setUpClass): 200 GET http://10.180.1.21/identity/v3/roles 0.089s
2024-11-28 21:33:04.253 66025 INFO tempest.lib.common.rest_client [req-102fe9ad-be75-4ee8-a951-216c112e1a4d req-102fe9ad-be75-4ee8-a951-216c112e1a4d ] Request (FlavorsExtraSpecsTestJSON:tearDownClass): 204 DELETE http://10.180.1.21/identity/v3/users/38e7d5cc11104eaf8d0cd67a7dfffa84 0.112s
2024-11-28 21:33:04.300 66037 INFO tempest.lib.common.rest_client [req-2d6201a6-d329-4bb2-915f-c112183a54c8 req-2d6201a6-d329-4bb2-915f-c112183a54c8 ] Request (QuotasAdminNegativeTest:setUpClass): 200 GET http://10.180.1.21/identity/v3/roles 0.095s
2024-11-28 21:33:04.321 66033 INFO tempest.lib.common.rest_client [req-e4b37aeb-a55c-4dfb-b380-408f8b2dfac7 req-e4b37aeb-a55c-4dfb-b380-408f8b2dfac7 ] Request (FlavorMetadataValidation:setUpClass): 204 PUT http://10.180.1.21/identity/v3/projects/b0eb88a0956a4240ad19ec6c8d141d0f/users/a0eded421ea343f58da71fa4f1ac68f9/roles/ec32ae179a934a018fd5e7b36b1f45c5 0.102s
2024-11-28 21:33:04.321 66033 INFO tempest.lib.common.dynamic_creds [-] Dynamic test user a0eded421ea343f58da71fa4f1ac68f9 is created with scope project and roles: ['admin']
2024-11-28 21:33:04.321 66033 INFO tempest.lib.common.dynamic_creds [-] Acquired dynamic creds: credentials: Credentials: {'domain_id': 'default', 'domain_name': 'Default', 'username': 'tempest-FlavorMetadataValidation-1949147702-project-admin', 'project_domain_id': 'default', 'project_domain_name': 'Default', 'project_id': 'b0eb88a0956a4240ad19ec6c8d141d0f', 'project_name': 'tempest-FlavorMetadataValidation-1949147702', 'tenant_id': 'b0eb88a0956a4240ad19ec6c8d141d0f', 'tenant_name': 'tempest-FlavorMetadataValidation-1949147702', 'user_domain_id': 'default', 'user_domain_name': 'Default', 'user_id': 'a0eded421ea343f58da71fa4f1ac68f9', 'system': None}, Network: None, Subnet: None, Router: None
2024-11-28 21:33:04.322 66033 INFO tempest.lib.common.dynamic_creds [-] Created isolated network resources for: credentials: Credentials: {'domain_id': 'default', 'domain_name': 'Default', 'username': 'tempest-FlavorMetadataValidation-1949147702-project-admin', 'project_domain_id': 'default', 'project_domain_name': 'Default', 'project_id': 'b0eb88a0956a4240ad19ec6c8d141d0f', 'project_name': 'tempest-FlavorMetadataValidation-1949147702', 'tenant_id': 'b0eb88a0956a4240ad19ec6c8d141d0f', 'tenant_name': 'tempest-FlavorMetadataValidation-1949147702', 'user_domain_id': 'default', 'user_domain_name': 'Default', 'user_id': 'a0eded421ea343f58da71fa4f1ac68f9', 'system': None}, Network: None, Subnet: None, Router: None
2024-11-28 21:33:04.334 66060 INFO tempest.lib.common.rest_client [req-c25f93ec-dd4d-4f55-a1a6-ad636bf07cc1 req-c25f93ec-dd4d-4f55-a1a6-ad636bf07cc1 ] Request (InstanceUsageAuditLogTestJSON:setUpClass): 204 PUT http://10.180.1.21/identity/v3/projects/b8c6f2659a2d42308a92c257970d536d/users/df07283060864056a12e46bd94f8e22b/roles/ec32ae179a934a018fd5e7b36b1f45c5 0.097s
2024-11-28 21:33:04.358 66045 INFO tempest.lib.common.rest_client [req-f4578d81-7fc7-4652-ad2a-5a9cb1e5ab9d req-f4578d81-7fc7-4652-ad2a-5a9cb1e5ab9d ] Request (ServersAdminTestJSON:setUpClass): 200 GET http://10.180.1.21/compute/v2.1/servers/3aad7770-542e-410c-bcea-1d2be6ad6e13 1.432s
2024-11-28 21:33:04.363 66063 INFO tempest.lib.common.rest_client [req-18d9c98d-a187-4753-9002-9a3533e0876b req-18d9c98d-a187-4753-9002-9a3533e0876b ] Request (HostsAdminNegativeTestJSON:test_update_host_with_non_admin_user): 403 PUT http://10.180.1.21/compute/v2.1/os-hosts/devstack 1.429s
2024-11-28 21:33:04.431 66011 INFO tempest.lib.common.rest_client [req-1df4b4cd-2072-4576-a528-e0f0aad723c0 req-1df4b4cd-2072-4576-a528-e0f0aad723c0 ] Request (FlavorsExtraSpecsNegativeTestJSON:tearDownClass): 204 DELETE http://10.180.1.21:9696/networking/v2.0/security-groups/c805d8fa-8d5c-44b8-a1f6-729db01bd1f0 0.494s
2024-11-28 21:33:04.575 66037 INFO tempest.lib.common.rest_client [req-d27c0a71-93d7-44a2-ab46-0ff157b8e8d5 req-d27c0a71-93d7-44a2-ab46-0ff157b8e8d5 ] Request (QuotasAdminNegativeTest:setUpClass): 204 PUT http://10.180.1.21/identity/v3/projects/8c18390ee5524d8ebac2eddb5bade8c6/users/f1ce63655bf0450da11412fa10909292/roles/adef4b8ae1934855ae2cde2d62c9e819 0.275s
2024-11-28 21:33:04.576 66037 INFO tempest.lib.common.dynamic_creds [-] Dynamic test user f1ce63655bf0450da11412fa10909292 is created with scope project and roles: ['member']
2024-11-28 21:33:04.576 66037 INFO tempest.lib.common.dynamic_creds [-] Acquired dynamic creds: credentials: Credentials: {'domain_id': 'default', 'domain_name': 'Default', 'username': 'tempest-QuotasAdminNegativeTest-1420471919-project-member', 'project_domain_id': 'default', 'project_domain_name': 'Default', 'project_id': '8c18390ee5524d8ebac2eddb5bade8c6', 'project_name': 'tempest-QuotasAdminNegativeTest-1420471919', 'tenant_id': '8c18390ee5524d8ebac2eddb5bade8c6', 'tenant_name': 'tempest-QuotasAdminNegativeTest-1420471919', 'user_domain_id': 'default', 'user_domain_name': 'Default', 'user_id': 'f1ce63655bf0450da11412fa10909292', 'system': None}, Network: None, Subnet: None, Router: None
2024-11-28 21:33:04.576 66037 INFO tempest.lib.common.dynamic_creds [-] Created isolated network resources for: credentials: Credentials: {'domain_id': 'default', 'domain_name': 'Default', 'username': 'tempest-QuotasAdminNegativeTest-1420471919-project-member', 'project_domain_id': 'default', 'project_domain_name': 'Default', 'project_id': '8c18390ee5524d8ebac2eddb5bade8c6', 'project_name': 'tempest-QuotasAdminNegativeTest-1420471919', 'tenant_id': '8c18390ee5524d8ebac2eddb5bade8c6', 'tenant_name': 'tempest-QuotasAdminNegativeTest-1420471919', 'user_domain_id': 'default', 'user_domain_name': 'Default', 'user_id': 'f1ce63655bf0450da11412fa10909292', 'system': None}, Network: None, Subnet: None, Router: None
2024-11-28 21:33:04.659 66025 INFO tempest.lib.common.rest_client [req-58ef4306-d541-4a1c-80bf-430420db5d5a req-58ef4306-d541-4a1c-80bf-430420db5d5a ] Request (FlavorsExtraSpecsTestJSON:tearDownClass): 204 DELETE http://10.180.1.21/identity/v3/users/74d242e5e1254f25b3e40a616a979e1c 0.405s
2024-11-28 21:33:04.659 66025 INFO tempest.lib.common.dynamic_creds [-] Deleting project and security group for project: d6d352f344e1441aa444edc516a927bd
2024-11-28 21:33:04.704 66033 INFO tempest.lib.common.rest_client [req-579a1594-b74d-4094-bce4-8cc1ee42696c req-579a1594-b74d-4094-bce4-8cc1ee42696c ] Request (FlavorMetadataValidation:setUpClass): 201 POST http://10.180.1.21/identity/v3/auth/tokens 0.377s
2024-11-28 21:33:04.716 66021 INFO tempest.lib.common.rest_client [req-5956489f-3cac-4b79-be2e-dfc8a725bfe3 req-5956489f-3cac-4b79-be2e-dfc8a725bfe3 ] Request (AttachInterfacesTestJSON:setUpClass): 201 POST http://10.180.1.21:9696/networking/v2.0/networks 1.211s
2024-11-28 21:33:04.726 66041 INFO tempest.lib.common.rest_client [req-b15a6081-fbf7-441b-9c90-6cec2a7d5f28 req-b15a6081-fbf7-441b-9c90-6cec2a7d5f28 ] Request (ImagesNegativeTestJSON:test_create_image_from_deleted_server): 202 POST http://10.180.1.21/compute/v2.1/servers 1.993s
2024-11-28 21:33:04.784 66060 INFO tempest.lib.common.rest_client [req-b01cd9d6-6ba4-48ad-ad67-66f3c74622c1 req-b01cd9d6-6ba4-48ad-ad67-66f3c74622c1 ] Request (InstanceUsageAuditLogTestJSON:setUpClass): 200 GET http://10.180.1.21/identity/v3/roles 0.449s
2024-11-28 21:33:04.892 66011 INFO tempest.lib.common.rest_client [req-0b4cbff2-cc08-4b76-9890-305426c6b7e0 req-0b4cbff2-cc08-4b76-9890-305426c6b7e0 ] Request (FlavorsExtraSpecsNegativeTestJSON:tearDownClass): 204 DELETE http://10.180.1.21/identity/v3/projects/35b90d26e2fb4db4b274478920bfaf8d 0.461s
2024-11-28 21:33:04.918 66037 INFO tempest.lib.common.rest_client [req-f8796222-3e8f-4e5d-8c29-7c3c048e8472 req-f8796222-3e8f-4e5d-8c29-7c3c048e8472 ] Request (QuotasAdminNegativeTest:setUpClass): 201 POST http://10.180.1.21/identity/v3/auth/tokens 0.332s
2024-11-28 21:33:04.956 66025 INFO tempest.lib.common.rest_client [req-f61f569f-d0de-4755-bf78-5991f3e932b7 req-f61f569f-d0de-4755-bf78-5991f3e932b7 ] Request (FlavorsExtraSpecsTestJSON:tearDownClass): 201 POST http://10.180.1.21/identity/v3/auth/tokens 0.297s
2024-11-28 21:33:04.982 66011 INFO tempest.lib.common.rest_client [req-c32cd7a3-da5f-4020-9d7e-dbf716951663 req-c32cd7a3-da5f-4020-9d7e-dbf716951663 ] Request (HypervisorAdminNegativeUnderV252Test:setUpClass): 201 POST http://10.180.1.21/identity/v3/auth/tokens 0.088s
2024-11-28 21:33:05.000 66060 INFO tempest.lib.common.rest_client [req-3862e81d-4010-4d26-99f6-914fedd0dd0f req-3862e81d-4010-4d26-99f6-914fedd0dd0f ] Request (InstanceUsageAuditLogTestJSON:setUpClass): 204 PUT http://10.180.1.21/identity/v3/projects/b8c6f2659a2d42308a92c257970d536d/users/df07283060864056a12e46bd94f8e22b/roles/ec32ae179a934a018fd5e7b36b1f45c5 0.215s
2024-11-28 21:33:05.000 66060 INFO tempest.lib.common.dynamic_creds [-] Dynamic test user df07283060864056a12e46bd94f8e22b is created with scope project and roles: ['admin']
2024-11-28 21:33:05.001 66060 INFO tempest.lib.common.dynamic_creds [-] Acquired dynamic creds: credentials: Credentials: {'domain_id': 'default', 'domain_name': 'Default', 'username': 'tempest-InstanceUsageAuditLogTestJSON-56793232-project-admin', 'project_domain_id': 'default', 'project_domain_name': 'Default', 'project_id': 'b8c6f2659a2d42308a92c257970d536d', 'project_name': 'tempest-InstanceUsageAuditLogTestJSON-56793232', 'tenant_id': 'b8c6f2659a2d42308a92c257970d536d', 'tenant_name': 'tempest-InstanceUsageAuditLogTestJSON-56793232', 'user_domain_id': 'default', 'user_domain_name': 'Default', 'user_id': 'df07283060864056a12e46bd94f8e22b', 'system': None}, Network: None, Subnet: None, Router: None
2024-11-28 21:33:05.001 66060 INFO tempest.lib.common.dynamic_creds [-] Created isolated network resources for: credentials: Credentials: {'domain_id': 'default', 'domain_name': 'Default', 'username': 'tempest-InstanceUsageAuditLogTestJSON-56793232-project-admin', 'project_domain_id': 'default', 'project_domain_name': 'Default', 'project_id': 'b8c6f2659a2d42308a92c257970d536d', 'project_name': 'tempest-InstanceUsageAuditLogTestJSON-56793232', 'tenant_id': 'b8c6f2659a2d42308a92c257970d536d', 'tenant_name': 'tempest-InstanceUsageAuditLogTestJSON-56793232', 'user_domain_id': 'default', 'user_domain_name': 'Default', 'user_id': 'df07283060864056a12e46bd94f8e22b', 'system': None}, Network: None, Subnet: None, Router: None
2024-11-28 21:33:05.014 66031 INFO tempest.lib.common.rest_client [req-df80f8b8-a617-469c-a354-f3797cee83ab req-df80f8b8-a617-469c-a354-f3797cee83ab ] Request (ServerDiagnosticsNegativeTest:test_get_server_diagnostics_by_non_admin): 200 GET http://10.180.1.21/compute/v2.1/servers/20760c23-3839-43d5-a209-8f91b7316a9e 2.026s
2024-11-28 21:33:05.026 66031 INFO tempest.common.waiters [-] State transition "BUILD/None" ==> "BUILD/spawning" after 13 second wait
2024-11-28 21:33:05.038 66011 INFO tempest.lib.common.rest_client [req-50ff9fef-2d29-4ccd-bc10-716ac979b7be req-50ff9fef-2d29-4ccd-bc10-716ac979b7be ] Request (HypervisorAdminNegativeUnderV252Test:setUpClass): 201 POST http://10.180.1.21/identity/v3/auth/tokens 0.052s
2024-11-28 21:33:05.050 66037 INFO tempest.lib.common.rest_client [req-18d7263d-34e7-4880-8e10-9b3e9580435f req-18d7263d-34e7-4880-8e10-9b3e9580435f ] Request (QuotasAdminNegativeTest:setUpClass): 201 POST http://10.180.1.21/identity/v3/projects 0.132s
2024-11-28 21:33:05.122 66060 INFO tempest.lib.common.rest_client [req-18c8fda1-5cd3-46a4-a7a1-adf2c94640ab req-18c8fda1-5cd3-46a4-a7a1-adf2c94640ab ] Request (InstanceUsageAuditLogTestJSON:setUpClass): 201 POST http://10.180.1.21/identity/v3/auth/tokens 0.118s
2024-11-28 21:33:05.171 66011 INFO tempest.lib.common.rest_client [req-9f196604-90bc-43d9-92fd-502876c660a5 req-9f196604-90bc-43d9-92fd-502876c660a5 ] Request (HypervisorAdminNegativeUnderV252Test:setUpClass): 200 GET http://10.180.1.21/identity/v3/domains?name=Default 0.133s
2024-11-28 21:33:05.177 66037 INFO tempest.lib.common.rest_client [req-73d60843-5d2f-43c3-94ce-0e5fef5662f5 req-73d60843-5d2f-43c3-94ce-0e5fef5662f5 ] Request (QuotasAdminNegativeTest:setUpClass): 201 POST http://10.180.1.21/identity/v3/users 0.126s
2024-11-28 21:33:05.183 66055 INFO tempest.lib.common.rest_client [req-dd21d427-f1cd-40d0-9ad7-5ed1698fffa8 req-dd21d427-f1cd-40d0-9ad7-5ed1698fffa8 ] Request (FloatingIPsTestJSON:setUpClass): 201 POST http://10.180.1.21:9696/networking/v2.0/networks 1.173s
2024-11-28 21:33:05.184 66053 INFO tempest.lib.common.rest_client [req-f28fc4e1-26df-4194-9d83-53aeaaa4911e req-f28fc4e1-26df-4194-9d83-53aeaaa4911e ] Request (ServerDiagnosticsTest:test_get_server_diagnostics): 200 GET http://10.180.1.21/compute/v2.1/servers/6f3926be-cfa8-4d38-959d-0e67c79f852d 2.141s
2024-11-28 21:33:05.202 66011 INFO tempest.lib.common.rest_client [req-3eee699d-a295-4eb4-a445-6395db9df5de req-3eee699d-a295-4eb4-a445-6395db9df5de ] Request (HypervisorAdminNegativeUnderV252Test:setUpClass): 201 POST http://10.180.1.21/identity/v3/projects 0.030s
2024-11-28 21:33:05.206 66037 INFO tempest.lib.common.rest_client [req-4c930133-5ac9-4b58-a645-62789d531fe6 req-4c930133-5ac9-4b58-a645-62789d531fe6 ] Request (QuotasAdminNegativeTest:setUpClass): 200 GET http://10.180.1.21/identity/v3/roles 0.028s
2024-11-28 21:33:05.263 66011 INFO tempest.lib.common.rest_client [req-d422e8b3-43f1-47dd-8d05-ceb5f2f7a190 req-d422e8b3-43f1-47dd-8d05-ceb5f2f7a190 ] Request (HypervisorAdminNegativeUnderV252Test:setUpClass): 201 POST http://10.180.1.21/identity/v3/users 0.061s
2024-11-28 21:33:05.280 66011 INFO tempest.lib.common.rest_client [req-ae79a8b2-c0cb-472a-8559-e0ce2d4fba52 req-ae79a8b2-c0cb-472a-8559-e0ce2d4fba52 ] Request (HypervisorAdminNegativeUnderV252Test:setUpClass): 200 GET http://10.180.1.21/identity/v3/roles 0.016s
2024-11-28 21:33:05.285 66015 INFO tempest.lib.common.rest_client [req-38bbe392-37de-476d-9a73-ed65f8644fba req-38bbe392-37de-476d-9a73-ed65f8644fba ] Request (SecurityGroupRulesTestJSON:setUpClass): 201 POST http://10.180.1.21:9696/networking/v2.0/routers 2.644s
2024-11-28 21:33:05.304 66037 INFO tempest.lib.common.rest_client [req-f11c6c23-b21f-4129-ae99-481c606778fc req-f11c6c23-b21f-4129-ae99-481c606778fc ] Request (QuotasAdminNegativeTest:setUpClass): 204 PUT http://10.180.1.21/identity/v3/projects/a9ec264f9c5d41de86b9257c03f4c367/users/67db2d963c04487384cef54a2972dfef/roles/ec32ae179a934a018fd5e7b36b1f45c5 0.098s
2024-11-28 21:33:05.310 66051 INFO tempest.lib.common.rest_client [req-14d698a1-eb10-4964-a636-bd01bea73a88 req-14d698a1-eb10-4964-a636-bd01bea73a88 ] Request (VolumesAssistedSnapshotsTest:test_volume_assisted_snapshot_create_delete): 201 POST http://10.180.1.21:9696/networking/v2.0/floatingips 1.553s
2024-11-28 21:33:05.313 66011 INFO tempest.lib.common.rest_client [req-76dde6ec-5e0a-48ba-91b2-4f255f38e306 req-76dde6ec-5e0a-48ba-91b2-4f255f38e306 ] Request (HypervisorAdminNegativeUnderV252Test:setUpClass): 204 PUT http://10.180.1.21/identity/v3/projects/20841ceb01434c1eb74b4d1aa6886a0c/users/b476602abf68422d822facc1961d9725/roles/adef4b8ae1934855ae2cde2d62c9e819 0.033s
2024-11-28 21:33:05.314 66011 INFO tempest.lib.common.dynamic_creds [-] Dynamic test user b476602abf68422d822facc1961d9725 is created with scope project and roles: ['member']
2024-11-28 21:33:05.314 66011 INFO tempest.lib.common.dynamic_creds [-] Acquired dynamic creds: credentials: Credentials: {'domain_id': 'default', 'domain_name': 'Default', 'username': 'tempest-HypervisorAdminNegativeUnderV252Test-1469637118-project-member', 'project_domain_id': 'default', 'project_domain_name': 'Default', 'project_id': '20841ceb01434c1eb74b4d1aa6886a0c', 'project_name': 'tempest-HypervisorAdminNegativeUnderV252Test-1469637118', 'tenant_id': '20841ceb01434c1eb74b4d1aa6886a0c', 'tenant_name': 'tempest-HypervisorAdminNegativeUnderV252Test-1469637118', 'user_domain_id': 'default', 'user_domain_name': 'Default', 'user_id': 'b476602abf68422d822facc1961d9725', 'system': None}, Network: None, Subnet: None, Router: None
2024-11-28 21:33:05.314 66011 INFO tempest.lib.common.dynamic_creds [-] Created isolated network resources for: credentials: Credentials: {'domain_id': 'default', 'domain_name': 'Default', 'username': 'tempest-HypervisorAdminNegativeUnderV252Test-1469637118-project-member', 'project_domain_id': 'default', 'project_domain_name': 'Default', 'project_id': '20841ceb01434c1eb74b4d1aa6886a0c', 'project_name': 'tempest-HypervisorAdminNegativeUnderV252Test-1469637118', 'tenant_id': '20841ceb01434c1eb74b4d1aa6886a0c', 'tenant_name': 'tempest-HypervisorAdminNegativeUnderV252Test-1469637118', 'user_domain_id': 'default', 'user_domain_name': 'Default', 'user_id': 'b476602abf68422d822facc1961d9725', 'system': None}, Network: None, Subnet: None, Router: None
2024-11-28 21:33:05.377 66051 INFO tempest.lib.common.rest_client [req-14dddef0-37b2-47f0-8d5f-eae2f6b1d478 req-14dddef0-37b2-47f0-8d5f-eae2f6b1d478 ] Request (VolumesAssistedSnapshotsTest:test_volume_assisted_snapshot_create_delete): 201 POST http://10.180.1.21/identity/v3/auth/tokens 0.062s
2024-11-28 21:33:05.378 66051 INFO tempest.lib.common.fixed_network [-] (VolumesAssistedSnapshotsTest:test_volume_assisted_snapshot_create_delete) Found network {'id': '26466973-442a-4225-a243-1df07b76af83', 'name': 'tempest-VolumesAssistedSnapshotsTest-161675466-network', 'tenant_id': '83456e97c2b84196b1bd073e8638cd42', 'admin_state_up': True, 'mtu': 8950, 'status': 'ACTIVE', 'subnets': [], 'shared': False, 'project_id': '83456e97c2b84196b1bd073e8638cd42', 'port_security_enabled': True, 'router:external': False, 'provider:network_type': 'vlan', 'provider:physical_network': 'default', 'provider:segmentation_id': 151, 'is_default': False, 'availability_zone_hints': [], 'availability_zones': [], 'ipv4_address_scope': None, 'ipv6_address_scope': None, 'description': '', 'tags': [], 'created_at': '2024-11-28T21:32:43Z', 'updated_at': '2024-11-28T21:32:43Z', 'revision_number': 1} available for tenant
2024-11-28 21:33:05.413 66037 INFO tempest.lib.common.rest_client [req-da55c848-c38a-4187-a4f7-121b50f9e7f5 req-da55c848-c38a-4187-a4f7-121b50f9e7f5 ] Request (QuotasAdminNegativeTest:setUpClass): 200 GET http://10.180.1.21/identity/v3/roles 0.108s
2024-11-28 21:33:05.435 66037 INFO tempest.lib.common.rest_client [req-38a4128d-5a88-4fa6-952b-12927e7079a5 req-38a4128d-5a88-4fa6-952b-12927e7079a5 ] Request (QuotasAdminNegativeTest:setUpClass): 204 PUT http://10.180.1.21/identity/v3/projects/a9ec264f9c5d41de86b9257c03f4c367/users/67db2d963c04487384cef54a2972dfef/roles/ec32ae179a934a018fd5e7b36b1f45c5 0.022s
2024-11-28 21:33:05.435 66037 INFO tempest.lib.common.dynamic_creds [-] Dynamic test user 67db2d963c04487384cef54a2972dfef is created with scope project and roles: ['admin']
2024-11-28 21:33:05.436 66037 INFO tempest.lib.common.dynamic_creds [-] Acquired dynamic creds: credentials: Credentials: {'domain_id': 'default', 'domain_name': 'Default', 'username': 'tempest-QuotasAdminNegativeTest-2020748657-project-admin', 'project_domain_id': 'default', 'project_domain_name': 'Default', 'project_id': 'a9ec264f9c5d41de86b9257c03f4c367', 'project_name': 'tempest-QuotasAdminNegativeTest-2020748657', 'tenant_id': 'a9ec264f9c5d41de86b9257c03f4c367', 'tenant_name': 'tempest-QuotasAdminNegativeTest-2020748657', 'user_domain_id': 'default', 'user_domain_name': 'Default', 'user_id': '67db2d963c04487384cef54a2972dfef', 'system': None}, Network: None, Subnet: None, Router: None
2024-11-28 21:33:05.436 66037 INFO tempest.lib.common.dynamic_creds [-] Created isolated network resources for: credentials: Credentials: {'domain_id': 'default', 'domain_name': 'Default', 'username': 'tempest-QuotasAdminNegativeTest-2020748657-project-admin', 'project_domain_id': 'default', 'project_domain_name': 'Default', 'project_id': 'a9ec264f9c5d41de86b9257c03f4c367', 'project_name': 'tempest-QuotasAdminNegativeTest-2020748657', 'tenant_id': 'a9ec264f9c5d41de86b9257c03f4c367', 'tenant_name': 'tempest-QuotasAdminNegativeTest-2020748657', 'user_domain_id': 'default', 'user_domain_name': 'Default', 'user_id': '67db2d963c04487384cef54a2972dfef', 'system': None}, Network: None, Subnet: None, Router: None
2024-11-28 21:33:05.470 66011 INFO tempest.lib.common.rest_client [req-2148d735-ec60-40c1-a56e-14510af0b955 req-2148d735-ec60-40c1-a56e-14510af0b955 ] Request (HypervisorAdminNegativeUnderV252Test:setUpClass): 201 POST http://10.180.1.21/identity/v3/auth/tokens 0.151s
2024-11-28 21:33:05.522 66037 INFO tempest.lib.common.rest_client [req-00ba7ac6-2369-46b8-b636-5240d46ff43e req-00ba7ac6-2369-46b8-b636-5240d46ff43e ] Request (QuotasAdminNegativeTest:setUpClass): 201 POST http://10.180.1.21/identity/v3/auth/tokens 0.081s
2024-11-28 21:33:05.530 66037 WARNING tempest.lib.common.rest_client [-] Deprecated: "tenant_id" property is deprecated for removal, use "project_id" instead
2024-11-28 21:33:05.572 66009 INFO tempest.lib.common.rest_client [req-c39305cb-af73-45af-a16d-da403f05a6c5 req-c39305cb-af73-45af-a16d-da403f05a6c5 ] Request (SecurityGroupsTestAdminJSON:_run_cleanups): 202 DELETE http://10.180.1.21/compute/v2.1/os-security-groups/74d8d845-daea-4efe-be45-bb3de1419f6a 2.483s
2024-11-28 21:33:05.603 66011 INFO tempest.lib.common.rest_client [req-71d9bcc9-6bda-4ee8-a75e-3c694658d010 req-71d9bcc9-6bda-4ee8-a75e-3c694658d010 ] Request (HypervisorAdminNegativeUnderV252Test:setUpClass): 201 POST http://10.180.1.21/identity/v3/projects 0.132s
2024-11-28 21:33:05.606 66021 INFO tempest.lib.common.rest_client [req-dbf8438d-5101-4a07-a746-7694bdf652ba req-dbf8438d-5101-4a07-a746-7694bdf652ba ] Request (AttachInterfacesTestJSON:setUpClass): 201 POST http://10.180.1.21:9696/networking/v2.0/subnets 0.890s
2024-11-28 21:33:05.689 66011 INFO tempest.lib.common.rest_client [req-fd66b391-de9a-4f4d-93d1-8f9031fe97f4 req-fd66b391-de9a-4f4d-93d1-8f9031fe97f4 ] Request (HypervisorAdminNegativeUnderV252Test:setUpClass): 201 POST http://10.180.1.21/identity/v3/users 0.085s
2024-11-28 21:33:05.703 66025 INFO tempest.lib.common.rest_client [req-abe99027-1acb-4eed-aa33-cb5cdd4f1765 req-abe99027-1acb-4eed-aa33-cb5cdd4f1765 ] Request (FlavorsExtraSpecsTestJSON:tearDownClass): 200 GET http://10.180.1.21:9696/networking/v2.0/security-groups?tenant_id=d6d352f344e1441aa444edc516a927bd&name=default 0.747s
2024-11-28 21:33:05.755 66013 INFO tempest.lib.common.rest_client [req-f616fab8-54a2-4c87-a20e-9186fb8c672e req-f616fab8-54a2-4c87-a20e-9186fb8c672e ] Request (FloatingIPsAssociationTestJSON:setUpClass): 200 GET http://10.180.1.21/compute/v2.1/servers/64181f99-d470-4df2-9b9c-68f554816a19 2.433s
2024-11-28 21:33:05.780 66009 INFO tempest.lib.common.rest_client [req-badc6e47-e6eb-4291-9ca0-826c71ff7fa7 req-badc6e47-e6eb-4291-9ca0-826c71ff7fa7 ] Request (SecurityGroupsTestAdminJSON:tearDownClass): 204 DELETE http://10.180.1.21/identity/v3/users/ae0a8877fb6c4a06880ce4c0999ba9f2 0.145s
2024-11-28 21:33:05.781 66065 INFO tempest.lib.common.rest_client [req-6e4aaeb7-6831-41e7-94d9-c6b62e0ebe68 req-6e4aaeb7-6831-41e7-94d9-c6b62e0ebe68 ] Request (ServicesAdminNegativeTestJSON:test_list_services_with_non_admin_user): 403 GET http://10.180.1.21/compute/v2.1/os-services 2.394s
2024-11-28 21:33:05.844 66047 INFO tempest.lib.common.rest_client [req-49bbed97-af6a-46b9-a706-8423b0630a7e req-49bbed97-af6a-46b9-a706-8423b0630a7e ] Request (ServersV294TestFqdnHostnames:setUpClass): 200 GET http://10.180.1.21/compute/v2.1/servers/6622c22c-f2c7-4baa-bb3e-e3a73d0c300d 2.386s
2024-11-28 21:33:05.854 66011 INFO tempest.lib.common.rest_client [req-4884c09c-9de4-4889-a9c7-7387d88880da req-4884c09c-9de4-4889-a9c7-7387d88880da ] Request (HypervisorAdminNegativeUnderV252Test:setUpClass): 200 GET http://10.180.1.21/identity/v3/roles 0.164s
2024-11-28 21:33:05.859 66019 INFO tempest.lib.common.rest_client [req-85836007-248b-494a-a172-edf134321e1e req-85836007-248b-494a-a172-edf134321e1e ] Request (DeleteServersAdminTestJSON:test_admin_delete_servers_of_others): 200 GET http://10.180.1.21/compute/v2.1/servers/d1ce0a08-27b4-43b6-aeed-c9048f248e41 2.283s
2024-11-28 21:33:05.904 66055 INFO tempest.lib.common.rest_client [req-a373748d-7a43-423a-941c-ae1f1fbeb1c2 req-a373748d-7a43-423a-941c-ae1f1fbeb1c2 ] Request (FloatingIPsTestJSON:setUpClass): 201 POST http://10.180.1.21:9696/networking/v2.0/subnets 0.720s
2024-11-28 21:33:05.911 66009 INFO tempest.lib.common.rest_client [req-7da33f96-b624-4f47-a52d-6bf2f6d9df0c req-7da33f96-b624-4f47-a52d-6bf2f6d9df0c ] Request (SecurityGroupsTestAdminJSON:tearDownClass): 204 DELETE http://10.180.1.21/identity/v3/users/76a502cce7be4a8eb15a80a644eab379 0.130s
2024-11-28 21:33:05.911 66009 INFO tempest.lib.common.dynamic_creds [-] Deleting project and security group for project: 729f453d8b5846d9ba0a3467e0bf4e81
2024-11-28 21:33:05.916 66023 INFO tempest.lib.common.rest_client [req-89428a3b-c206-4a40-ae3a-637395ee4edf req-89428a3b-c206-4a40-ae3a-637395ee4edf ] Request (ServerAddressesNegativeTestJSON:setUpClass): 200 GET http://10.180.1.21/compute/v2.1/servers/a2b10901-0c3a-46fd-b950-e6c6bab0c382 2.046s
2024-11-28 21:33:05.957 66065 INFO tempest.lib.common.rest_client [req-f19cf49e-be13-4de8-8885-bed3f234ec78 req-f19cf49e-be13-4de8-8885-bed3f234ec78 ] Request (ServicesAdminNegativeTestJSON:tearDownClass): 204 DELETE http://10.180.1.21/identity/v3/users/7e74b1518a8d4d7d9ee9d7eb254a7ac0 0.172s
2024-11-28 21:33:06.080 66009 INFO tempest.lib.common.rest_client [req-9d0a5954-b221-4d50-b658-7c5144d068f7 req-9d0a5954-b221-4d50-b658-7c5144d068f7 ] Request (SecurityGroupsTestAdminJSON:tearDownClass): 201 POST http://10.180.1.21/identity/v3/auth/tokens 0.168s
