2024-11-28 21:32:38.579 66055 WARNING oslo_config.cfg [-] Deprecated: Option "os_glance_reserved" from group "image-feature-enabled" is deprecated for removal (os_glance namespace is always reserved since Wallaby). Its value may be silently ignored in the future.
2024-11-28 21:32:38.657 66033 INFO tempest.lib.common.rest_client [req-7d1c5acb-7866-4ea6-8df1-fb84eca15241 req-7d1c5acb-7866-4ea6-8df1-fb84eca15241 ] Request (FlavorsAccessTestJSON:setUpClass): 201 POST http://10.180.1.21/identity/v3/auth/tokens 0.088s
2024-11-28 21:32:38.692 66017 INFO tempest.lib.common.rest_client [req-ecc81ec6-54ec-4aa3-bfd6-f9389a83cc91 req-ecc81ec6-54ec-4aa3-bfd6-f9389a83cc91 ] Request (ServersWithSpecificFlavorTestJSON:setUpClass): 201 POST http://10.180.1.21/identity/v3/auth/tokens 0.183s
2024-11-28 21:32:38.716 66033 INFO tempest.lib.common.rest_client [req-a8e4f792-19c0-40ec-ba54-38482bbe09f9 req-a8e4f792-19c0-40ec-ba54-38482bbe09f9 ] Request (FlavorsAccessTestJSON:setUpClass): 201 POST http://10.180.1.21/identity/v3/auth/tokens 0.037s
2024-11-28 21:32:38.722 66015 INFO tempest.lib.common.rest_client [req-57c3d1a6-9093-4b3b-8c46-d7ad894bad73 req-57c3d1a6-9093-4b3b-8c46-d7ad894bad73 ] Request (AZAdminNegativeTestJSON:setUpClass): 201 POST http://10.180.1.21/identity/v3/auth/tokens 0.029s
2024-11-28 21:32:38.749 66033 INFO tempest.lib.common.rest_client [req-0b664a4e-b642-4134-9bdb-de08589ce5b5 req-0b664a4e-b642-4134-9bdb-de08589ce5b5 ] Request (FlavorsAccessTestJSON:setUpClass): 200 GET http://10.180.1.21/identity/v3/domains?name=Default 0.032s
2024-11-28 21:32:38.763 66015 INFO tempest.lib.common.rest_client [req-3f0d4a1e-af55-4ff8-b10b-51de0f201480 req-3f0d4a1e-af55-4ff8-b10b-51de0f201480 ] Request (AZAdminNegativeTestJSON:setUpClass): 201 POST http://10.180.1.21/identity/v3/auth/tokens 0.034s
2024-11-28 21:32:38.793 66065 INFO tempest [-] Using tempest config file /opt/stack/testrun/etc/tempest.conf
2024-11-28 21:32:38.797 66025 INFO tempest.lib.common.rest_client [req-9ba48780-43e4-4d10-b85a-284b1f70c02c req-9ba48780-43e4-4d10-b85a-284b1f70c02c ] Request (FlavorsExtraSpecsTestJSON:setUpClass): 201 POST http://10.180.1.21/identity/v3/auth/tokens 0.034s
2024-11-28 21:32:38.808 66065 WARNING oslo_config.cfg [-] Deprecated: Option "auth_version" from group "identity" is deprecated for removal (Identity v2 API was removed and v3 is the only available identity API version now). Its value may be silently ignored in the future.
2024-11-28 21:32:38.809 66065 WARNING oslo_config.cfg [-] Deprecated: Option "access_rules" from group "identity-feature-enabled" is deprecated for removal (Access rules for application credentials is a default feature since Train). Its value may be silently ignored in the future.
2024-11-28 21:32:38.812 66065 WARNING oslo_config.cfg [-] Deprecated: Option "import_image" from group "image-feature-enabled" is deprecated for removal (Issue with image import in WSGI mode was fixed in Victoria, and this feature works in any deployment architecture now.). Its value may be silently ignored in the future.
2024-11-28 21:32:38.812 66065 WARNING oslo_config.cfg [-] Deprecated: Option "os_glance_reserved" from group "image-feature-enabled" is deprecated for removal (os_glance namespace is always reserved since Wallaby). Its value may be silently ignored in the future.
2024-11-28 21:32:38.814 66015 INFO tempest.lib.common.rest_client [req-75c931b7-03c7-4336-9ac7-eedd90949d81 req-75c931b7-03c7-4336-9ac7-eedd90949d81 ] Request (AZAdminNegativeTestJSON:setUpClass): 200 GET http://10.180.1.21/identity/v3/domains?name=Default 0.050s
2024-11-28 21:32:38.816 66033 INFO tempest.lib.common.rest_client [req-a95a025a-35a1-4f3e-b9ae-d8e0ca0c5121 req-a95a025a-35a1-4f3e-b9ae-d8e0ca0c5121 ] Request (FlavorsAccessTestJSON:setUpClass): 201 POST http://10.180.1.21/identity/v3/projects 0.065s
2024-11-28 21:32:38.873 66033 INFO tempest.lib.common.rest_client [req-6362f838-3437-43b4-814e-bd47350a6445 req-6362f838-3437-43b4-814e-bd47350a6445 ] Request (FlavorsAccessTestJSON:setUpClass): 201 POST http://10.180.1.21/identity/v3/users 0.056s
2024-11-28 21:32:38.890 66025 INFO tempest.lib.common.rest_client [req-55464f48-4dae-4dff-9da3-82e84a25f7ef req-55464f48-4dae-4dff-9da3-82e84a25f7ef ] Request (FlavorsExtraSpecsTestJSON:setUpClass): 201 POST http://10.180.1.21/identity/v3/auth/tokens 0.086s
2024-11-28 21:32:38.900 66003 INFO tempest.test [-] raised in LiveAutoBlockMigrationV225Test.setUpClass. Invoking tearDownClass.
2024-11-28 21:32:38.924 66015 INFO tempest.lib.common.rest_client [req-07d9b72b-4679-4bbb-88b5-1496a93630ab req-07d9b72b-4679-4bbb-88b5-1496a93630ab ] Request (AZAdminNegativeTestJSON:setUpClass): 201 POST http://10.180.1.21/identity/v3/projects 0.104s
2024-11-28 21:32:38.946 66037 INFO tempest.lib.common.rest_client [req-91cee5c6-0967-4582-bfc1-79e92b67141d req-91cee5c6-0967-4582-bfc1-79e92b67141d ] Request (HypervisorAdminV253TestBase:tearDownClass): 204 DELETE http://10.180.1.21/identity/v3/users/d61c2d540cc04926bb758aeab45413a0 0.126s
2024-11-28 21:32:38.987 66017 INFO tempest.lib.common.rest_client [req-3b5e3732-db93-40f2-99c0-24595050b14d req-3b5e3732-db93-40f2-99c0-24595050b14d ] Request (ServersWithSpecificFlavorTestJSON:setUpClass): 201 POST http://10.180.1.21:9696/networking/v2.0/networks 0.294s
2024-11-28 21:32:38.995 66033 INFO tempest.lib.common.rest_client [req-aba244bd-8485-4632-a127-a6087a899896 req-aba244bd-8485-4632-a127-a6087a899896 ] Request (FlavorsAccessTestJSON:setUpClass): 200 GET http://10.180.1.21/identity/v3/roles 0.121s
2024-11-28 21:32:39.005 66023 INFO tempest.test [-] raised in ServersOnMultiNodesTest.setUpClass. Invoking tearDownClass.
2024-11-28 21:32:39.012 66011 INFO tempest.lib.common.rest_client [req-61d6e0c1-f702-49ba-9aaa-c4d1e5ba040c req-61d6e0c1-f702-49ba-9aaa-c4d1e5ba040c ] Request (FlavorsExtraSpecsNegativeTestJSON:setUpClass): 201 POST http://10.180.1.21/identity/v3/auth/tokens 0.138s
2024-11-28 21:32:39.017 66025 INFO tempest.lib.common.rest_client [req-77cb4f17-68c6-4986-906a-a1f5f30895f9 req-77cb4f17-68c6-4986-906a-a1f5f30895f9 ] Request (FlavorsExtraSpecsTestJSON:setUpClass): 200 GET http://10.180.1.21/identity/v3/domains?name=Default 0.122s
2024-11-28 21:32:39.029 66003 INFO tempest.lib.common.rest_client [req-7595d27c-10f7-4c6d-b13f-7b0647b6e3ed req-7595d27c-10f7-4c6d-b13f-7b0647b6e3ed ] Request (NetworksTest:setUpClass): 201 POST http://10.180.1.21/identity/v3/auth/tokens 0.108s
2024-11-28 21:32:39.035 66015 INFO tempest.lib.common.rest_client [req-10900886-0aeb-4cc0-a754-3d2797106092 req-10900886-0aeb-4cc0-a754-3d2797106092 ] Request (AZAdminNegativeTestJSON:setUpClass): 201 POST http://10.180.1.21/identity/v3/users 0.110s
2024-11-28 21:32:39.062 66033 INFO tempest.lib.common.rest_client [req-cd417d8b-01f3-4a1b-bbdc-b09bc6fd8882 req-cd417d8b-01f3-4a1b-bbdc-b09bc6fd8882 ] Request (FlavorsAccessTestJSON:setUpClass): 204 PUT http://10.180.1.21/identity/v3/projects/6d7ab32094fa448aae5ac438ad83db8d/users/e4f487b7d2634b959029e00893d02bb7/roles/adef4b8ae1934855ae2cde2d62c9e819 0.066s
2024-11-28 21:32:39.062 66033 INFO tempest.lib.common.dynamic_creds [-] Dynamic test user e4f487b7d2634b959029e00893d02bb7 is created with scope project and roles: ['member']
2024-11-28 21:32:39.063 66033 INFO tempest.lib.common.dynamic_creds [-] Acquired dynamic creds: credentials: Credentials: {'domain_id': 'default', 'domain_name': 'Default', 'username': 'tempest-FlavorsAccessTestJSON-883490424-project-member', 'project_domain_id': 'default', 'project_domain_name': 'Default', 'project_id': '6d7ab32094fa448aae5ac438ad83db8d', 'project_name': 'tempest-FlavorsAccessTestJSON-883490424', 'tenant_id': '6d7ab32094fa448aae5ac438ad83db8d', 'tenant_name': 'tempest-FlavorsAccessTestJSON-883490424', 'user_domain_id': 'default', 'user_domain_name': 'Default', 'user_id': 'e4f487b7d2634b959029e00893d02bb7', 'system': None}, Network: None, Subnet: None, Router: None
2024-11-28 21:32:39.063 66033 INFO tempest.lib.common.dynamic_creds [-] Created isolated network resources for: credentials: Credentials: {'domain_id': 'default', 'domain_name': 'Default', 'username': 'tempest-FlavorsAccessTestJSON-883490424-project-member', 'project_domain_id': 'default', 'project_domain_name': 'Default', 'project_id': '6d7ab32094fa448aae5ac438ad83db8d', 'project_name': 'tempest-FlavorsAccessTestJSON-883490424', 'tenant_id': '6d7ab32094fa448aae5ac438ad83db8d', 'tenant_name': 'tempest-FlavorsAccessTestJSON-883490424', 'user_domain_id': 'default', 'user_domain_name': 'Default', 'user_id': 'e4f487b7d2634b959029e00893d02bb7', 'system': None}, Network: None, Subnet: None, Router: None
2024-11-28 21:32:39.072 66023 INFO tempest.test [-] raised in TestVolumeSwap.setUpClass. Invoking tearDownClass.
2024-11-28 21:32:39.081 66037 INFO tempest.lib.common.rest_client [req-61173ef0-3212-404f-ad55-4909903a5e72 req-61173ef0-3212-404f-ad55-4909903a5e72 ] Request (HypervisorAdminV253TestBase:tearDownClass): 204 DELETE http://10.180.1.21/identity/v3/users/28a4ca38b0e247879b13e28fe4a119ac 0.134s
2024-11-28 21:32:39.081 66037 INFO tempest.lib.common.dynamic_creds [-] Deleting project and security group for project: 1cb59856a5fa4922af9523d777c561b6
2024-11-28 21:32:39.130 66057 INFO tempest [-] Using tempest config file /opt/stack/testrun/etc/tempest.conf
2024-11-28 21:32:39.131 66015 INFO tempest.lib.common.rest_client [req-e2aa3ea9-56f3-4c92-a26c-d90e562a472c req-e2aa3ea9-56f3-4c92-a26c-d90e562a472c ] Request (AZAdminNegativeTestJSON:setUpClass): 200 GET http://10.180.1.21/identity/v3/roles 0.095s
2024-11-28 21:32:39.142 66039 INFO tempest.lib.common.rest_client [req-f9324dc7-be2d-462a-822b-b548a2208447 req-f9324dc7-be2d-462a-822b-b548a2208447 ] Request (QuotasAdminTestV236:setUpClass): 201 POST http://10.180.1.21/identity/v3/auth/tokens 0.101s
2024-11-28 21:32:39.161 66057 WARNING oslo_config.cfg [-] Deprecated: Option "auth_version" from group "identity" is deprecated for removal (Identity v2 API was removed and v3 is the only available identity API version now). Its value may be silently ignored in the future.
2024-11-28 21:32:39.162 66057 WARNING oslo_config.cfg [-] Deprecated: Option "access_rules" from group "identity-feature-enabled" is deprecated for removal (Access rules for application credentials is a default feature since Train). Its value may be silently ignored in the future.
2024-11-28 21:32:39.166 66057 WARNING oslo_config.cfg [-] Deprecated: Option "import_image" from group "image-feature-enabled" is deprecated for removal (Issue with image import in WSGI mode was fixed in Victoria, and this feature works in any deployment architecture now.). Its value may be silently ignored in the future.
2024-11-28 21:32:39.173 66057 WARNING oslo_config.cfg [-] Deprecated: Option "os_glance_reserved" from group "image-feature-enabled" is deprecated for removal (os_glance namespace is always reserved since Wallaby). Its value may be silently ignored in the future.
2024-11-28 21:32:39.176 66025 INFO tempest.lib.common.rest_client [req-9941a297-a2ee-47f7-8ba2-13260542207f req-9941a297-a2ee-47f7-8ba2-13260542207f ] Request (FlavorsExtraSpecsTestJSON:setUpClass): 201 POST http://10.180.1.21/identity/v3/projects 0.128s
2024-11-28 21:32:39.199 66003 INFO tempest.lib.common.rest_client [req-d43ceaf3-c051-4c81-ba3a-d7a2d012ee96 req-d43ceaf3-c051-4c81-ba3a-d7a2d012ee96 ] Request (NetworksTest:setUpClass): 201 POST http://10.180.1.21/identity/v3/auth/tokens 0.148s
2024-11-28 21:32:39.222 66037 INFO tempest.lib.common.rest_client [req-27c68fd5-330a-41df-8a88-7cba25603179 req-27c68fd5-330a-41df-8a88-7cba25603179 ] Request (HypervisorAdminV253TestBase:tearDownClass): 201 POST http://10.180.1.21/identity/v3/auth/tokens 0.141s
2024-11-28 21:32:39.234 66011 INFO tempest.lib.common.rest_client [req-5794d853-0c93-477e-9ba3-621da66c425b req-5794d853-0c93-477e-9ba3-621da66c425b ] Request (FlavorsExtraSpecsNegativeTestJSON:setUpClass): 201 POST http://10.180.1.21/identity/v3/auth/tokens 0.169s
2024-11-28 21:32:39.248 66017 INFO tempest.lib.common.rest_client [req-dc754b67-67c9-4b42-95d3-9221d0b5be0f req-dc754b67-67c9-4b42-95d3-9221d0b5be0f ] Request (ServersWithSpecificFlavorTestJSON:setUpClass): 201 POST http://10.180.1.21:9696/networking/v2.0/subnets 0.260s
2024-11-28 21:32:39.249 66051 INFO tempest.lib.common.rest_client [req-bb6e437e-24c1-42a7-be08-e43884635b5d req-bb6e437e-24c1-42a7-be08-e43884635b5d ] Request (VolumesAssistedSnapshotsTest:setUpClass): 201 POST http://10.180.1.21/identity/v3/auth/tokens 0.155s
2024-11-28 21:32:39.256 66023 INFO tempest.lib.common.rest_client [req-40b2f8b3-385a-47d4-b962-7db009333129 req-40b2f8b3-385a-47d4-b962-7db009333129 ] Request (MultipleCreateNegativeTestJSON:setUpClass): 201 POST http://10.180.1.21/identity/v3/auth/tokens 0.173s
2024-11-28 21:32:39.277 66027 INFO tempest.lib.common.rest_client [req-220061fa-2f4a-4cf7-b73a-1e4f6c00fadb req-220061fa-2f4a-4cf7-b73a-1e4f6c00fadb ] Request (QuotasAdminTestV257:setUpClass): 201 POST http://10.180.1.21/identity/v3/auth/tokens 0.149s
2024-11-28 21:32:39.317 66015 INFO tempest.lib.common.rest_client [req-439ae5dd-3aee-4a88-a399-fffd0c1fa7f7 req-439ae5dd-3aee-4a88-a399-fffd0c1fa7f7 ] Request (AZAdminNegativeTestJSON:setUpClass): 204 PUT http://10.180.1.21/identity/v3/projects/05b4a96f1aec43a5a40ad05e3ad76a8b/users/165d702f38b34b68b8ac918224d1dc8c/roles/adef4b8ae1934855ae2cde2d62c9e819 0.185s
2024-11-28 21:32:39.317 66015 INFO tempest.lib.common.dynamic_creds [-] Dynamic test user 165d702f38b34b68b8ac918224d1dc8c is created with scope project and roles: ['member']
2024-11-28 21:32:39.318 66015 INFO tempest.lib.common.dynamic_creds [-] Acquired dynamic creds: credentials: Credentials: {'domain_id': 'default', 'domain_name': 'Default', 'username': 'tempest-AZAdminNegativeTestJSON-186262426-project-member', 'project_domain_id': 'default', 'project_domain_name': 'Default', 'project_id': '05b4a96f1aec43a5a40ad05e3ad76a8b', 'project_name': 'tempest-AZAdminNegativeTestJSON-186262426', 'tenant_id': '05b4a96f1aec43a5a40ad05e3ad76a8b', 'tenant_name': 'tempest-AZAdminNegativeTestJSON-186262426', 'user_domain_id': 'default', 'user_domain_name': 'Default', 'user_id': '165d702f38b34b68b8ac918224d1dc8c', 'system': None}, Network: None, Subnet: None, Router: None
2024-11-28 21:32:39.318 66015 INFO tempest.lib.common.dynamic_creds [-] Created isolated network resources for: credentials: Credentials: {'domain_id': 'default', 'domain_name': 'Default', 'username': 'tempest-AZAdminNegativeTestJSON-186262426-project-member', 'project_domain_id': 'default', 'project_domain_name': 'Default', 'project_id': '05b4a96f1aec43a5a40ad05e3ad76a8b', 'project_name': 'tempest-AZAdminNegativeTestJSON-186262426', 'tenant_id': '05b4a96f1aec43a5a40ad05e3ad76a8b', 'tenant_name': 'tempest-AZAdminNegativeTestJSON-186262426', 'user_domain_id': 'default', 'user_domain_name': 'Default', 'user_id': '165d702f38b34b68b8ac918224d1dc8c', 'system': None}, Network: None, Subnet: None, Router: None
2024-11-28 21:32:39.329 66033 INFO tempest.lib.common.rest_client [req-d75ff327-4dec-4ba7-9137-0e8e8e534cb7 req-d75ff327-4dec-4ba7-9137-0e8e8e534cb7 ] Request (FlavorsAccessTestJSON:setUpClass): 201 POST http://10.180.1.21/identity/v3/auth/tokens 0.238s
2024-11-28 21:32:39.356 66049 INFO tempest.lib.common.rest_client [req-486de845-0b28-4d55-97a3-9268e8e4f1db req-486de845-0b28-4d55-97a3-9268e8e4f1db ] Request (FlavorsV261TestJSON:setUpClass): 201 POST http://10.180.1.21/identity/v3/auth/tokens 0.207s
2024-11-28 21:32:39.379 66039 INFO tempest.lib.common.rest_client [req-3305a679-5dff-4da3-93ee-5a1d04539ef0 req-3305a679-5dff-4da3-93ee-5a1d04539ef0 ] Request (QuotasAdminTestV236:setUpClass): 201 POST http://10.180.1.21/identity/v3/auth/tokens 0.231s
2024-11-28 21:32:39.383 66025 INFO tempest.lib.common.rest_client [req-2d8c9864-7d67-4055-bb44-c64b8b11c17d req-2d8c9864-7d67-4055-bb44-c64b8b11c17d ] Request (FlavorsExtraSpecsTestJSON:setUpClass): 201 POST http://10.180.1.21/identity/v3/users 0.204s
2024-11-28 21:32:39.405 66003 INFO tempest.lib.common.rest_client [req-d5bafc2d-820a-48b1-aa4c-72b1eaa75f9f req-d5bafc2d-820a-48b1-aa4c-72b1eaa75f9f ] Request (NetworksTest:setUpClass): 200 GET http://10.180.1.21/identity/v3/domains?name=Default 0.205s
2024-11-28 21:32:39.410 66011 INFO tempest.lib.common.rest_client [req-54827b55-80ce-4688-bb11-895c6ccae872 req-54827b55-80ce-4688-bb11-895c6ccae872 ] Request (FlavorsExtraSpecsNegativeTestJSON:setUpClass): 200 GET http://10.180.1.21/identity/v3/domains?name=Default 0.175s
2024-11-28 21:32:39.437 66045 INFO tempest.lib.common.rest_client [req-a0d72ac6-f0f4-4d52-8d08-969a22f78a32 req-a0d72ac6-f0f4-4d52-8d08-969a22f78a32 ] Request (ServersAdminTestJSON:setUpClass): 201 POST http://10.180.1.21/identity/v3/auth/tokens 0.197s
2024-11-28 21:32:39.459 66051 INFO tempest.lib.common.rest_client [req-295f2f45-98dc-44e9-852d-7f514b192aa7 req-295f2f45-98dc-44e9-852d-7f514b192aa7 ] Request (VolumesAssistedSnapshotsTest:setUpClass): 201 POST http://10.180.1.21/identity/v3/auth/tokens 0.200s
2024-11-28 21:32:39.471 66027 INFO tempest.lib.common.rest_client [req-39b6191c-51d8-458b-b9a9-f5b312689b79 req-39b6191c-51d8-458b-b9a9-f5b312689b79 ] Request (QuotasAdminTestV257:setUpClass): 201 POST http://10.180.1.21/identity/v3/auth/tokens 0.189s
2024-11-28 21:32:39.492 66035 INFO tempest.lib.common.rest_client [req-1050bfe7-d66d-4017-a486-de84ad41d11c req-1050bfe7-d66d-4017-a486-de84ad41d11c ] Request (FlavorsAdminTestJSON:setUpClass): 201 POST http://10.180.1.21/identity/v3/auth/tokens 0.193s
2024-11-28 21:32:39.494 66023 INFO tempest.lib.common.rest_client [req-9e24ef16-2d2b-40aa-8111-25add1809580 req-9e24ef16-2d2b-40aa-8111-25add1809580 ] Request (MultipleCreateNegativeTestJSON:setUpClass): 201 POST http://10.180.1.21/identity/v3/auth/tokens 0.212s
2024-11-28 21:32:39.534 66009 INFO tempest.lib.common.rest_client [req-fa91758a-5b24-4f0b-8c1b-ef7af10df5ab req-fa91758a-5b24-4f0b-8c1b-ef7af10df5ab ] Request (SecurityGroupsTestAdminJSON:setUpClass): 201 POST http://10.180.1.21/identity/v3/auth/tokens 0.203s
2024-11-28 21:32:39.551 66033 INFO tempest.lib.common.rest_client [req-b17067d3-d943-41ed-ae38-7a637aa2161b req-b17067d3-d943-41ed-ae38-7a637aa2161b ] Request (FlavorsAccessTestJSON:setUpClass): 201 POST http://10.180.1.21/identity/v3/projects 0.220s
2024-11-28 21:32:39.583 66037 INFO tempest.lib.common.rest_client [req-862a2b3c-d6e9-4d54-a021-036eb984e3db req-862a2b3c-d6e9-4d54-a021-036eb984e3db ] Request (HypervisorAdminV253TestBase:tearDownClass): 200 GET http://10.180.1.21:9696/networking/v2.0/security-groups?tenant_id=1cb59856a5fa4922af9523d777c561b6&name=default 0.360s
2024-11-28 21:32:39.603 66015 INFO tempest.lib.common.rest_client [req-a132bbfe-d6c8-443e-8bbe-26c2d79d0fd9 req-a132bbfe-d6c8-443e-8bbe-26c2d79d0fd9 ] Request (AZAdminNegativeTestJSON:setUpClass): 201 POST http://10.180.1.21/identity/v3/auth/tokens 0.252s
2024-11-28 21:32:39.645 66049 INFO tempest.lib.common.rest_client [req-dcda6560-c80b-4c95-9892-b853e47277f8 req-dcda6560-c80b-4c95-9892-b853e47277f8 ] Request (FlavorsV261TestJSON:setUpClass): 201 POST http://10.180.1.21/identity/v3/auth/tokens 0.279s
2024-11-28 21:32:39.661 66039 INFO tempest.lib.common.rest_client [req-09a03a7a-1130-4e84-9701-7693233ef79c req-09a03a7a-1130-4e84-9701-7693233ef79c ] Request (QuotasAdminTestV236:setUpClass): 200 GET http://10.180.1.21/identity/v3/domains?name=Default 0.281s
2024-11-28 21:32:39.666 66037 INFO tempest.lib.common.rest_client [req-64abc135-65af-4202-ac1b-39534096a2aa req-64abc135-65af-4202-ac1b-39534096a2aa ] Request (HypervisorAdminV253TestBase:tearDownClass): 204 DELETE http://10.180.1.21:9696/networking/v2.0/security-groups/26ee5a5c-afb9-4d18-af4d-63058e25a4d5 0.083s
2024-11-28 21:32:39.667 66025 INFO tempest.lib.common.rest_client [req-d93e0188-8858-4250-991d-b09ba7c4fac9 req-d93e0188-8858-4250-991d-b09ba7c4fac9 ] Request (FlavorsExtraSpecsTestJSON:setUpClass): 200 GET http://10.180.1.21/identity/v3/roles 0.284s
2024-11-28 21:32:39.693 66011 INFO tempest.lib.common.rest_client [req-7960c06d-94a3-42e8-b0f9-116b4cb6e3ee req-7960c06d-94a3-42e8-b0f9-116b4cb6e3ee ] Request (FlavorsExtraSpecsNegativeTestJSON:setUpClass): 201 POST http://10.180.1.21/identity/v3/projects 0.279s
2024-11-28 21:32:39.724 66063 INFO tempest.lib.common.rest_client [req-03335828-6a73-4568-9f42-0cdd873171c1 req-03335828-6a73-4568-9f42-0cdd873171c1 ] Request (HostsAdminNegativeTestJSON:setUpClass): 201 POST http://10.180.1.21/identity/v3/auth/tokens 0.317s
2024-11-28 21:32:39.744 66047 INFO tempest.lib.common.rest_client [req-17832138-cc4a-49dc-810d-1327020ab0a4 req-17832138-cc4a-49dc-810d-1327020ab0a4 ] Request (ListImagesTestJSON:setUpClass): 201 POST http://10.180.1.21/identity/v3/auth/tokens 0.323s
2024-11-28 21:32:39.744 66005 INFO tempest.lib.common.rest_client [req-bacb05ca-3ce9-465c-b9f6-f96231049b16 req-bacb05ca-3ce9-465c-b9f6-f96231049b16 ] Request (AggregatesAdminNegativeTestJSON:setUpClass): 201 POST http://10.180.1.21/identity/v3/auth/tokens 0.320s
2024-11-28 21:32:39.767 66003 INFO tempest.lib.common.rest_client [req-364a3b4b-04f1-47ed-90b2-a7e80b5f7cdf req-364a3b4b-04f1-47ed-90b2-a7e80b5f7cdf ] Request (NetworksTest:setUpClass): 201 POST http://10.180.1.21/identity/v3/projects 0.351s
2024-11-28 21:32:39.768 66045 INFO tempest.lib.common.rest_client [req-eba3ed3f-0830-482d-97a5-2efe52d0b465 req-eba3ed3f-0830-482d-97a5-2efe52d0b465 ] Request (ServersAdminTestJSON:setUpClass): 201 POST http://10.180.1.21/identity/v3/auth/tokens 0.321s
2024-11-28 21:32:39.813 66051 INFO tempest.lib.common.rest_client [req-5ded60da-8991-4fbd-99f9-c94359ef5ace req-5ded60da-8991-4fbd-99f9-c94359ef5ace ] Request (VolumesAssistedSnapshotsTest:setUpClass): 200 GET http://10.180.1.21/identity/v3/domains?name=Default 0.354s
2024-11-28 21:32:39.822 66007 INFO tempest.lib.common.rest_client [req-2a8a37a1-99df-4a48-8b5a-156ceb1382c1 req-2a8a37a1-99df-4a48-8b5a-156ceb1382c1 ] Request (ServerDiagnosticsV248Test:setUpClass): 201 POST http://10.180.1.21/identity/v3/auth/tokens 0.353s
2024-11-28 21:32:39.836 66053 INFO tempest.lib.common.rest_client [req-8ea666cb-ec26-470c-8600-51f629047a34 req-8ea666cb-ec26-470c-8600-51f629047a34 ] Request (ServerDiagnosticsTest:setUpClass): 201 POST http://10.180.1.21/identity/v3/auth/tokens 0.375s
2024-11-28 21:32:39.838 66027 INFO tempest.lib.common.rest_client [req-272ba097-d953-4740-b691-0905e3c6f6f5 req-272ba097-d953-4740-b691-0905e3c6f6f5 ] Request (QuotasAdminTestV257:setUpClass): 200 GET http://10.180.1.21/identity/v3/domains?name=Default 0.366s
2024-11-28 21:32:39.855 66023 INFO tempest.lib.common.rest_client [req-944dc675-8e84-4cf6-afb2-16ad242d5854 req-944dc675-8e84-4cf6-afb2-16ad242d5854 ] Request (MultipleCreateNegativeTestJSON:setUpClass): 200 GET http://10.180.1.21/identity/v3/domains?name=Default 0.360s
2024-11-28 21:32:39.858 66031 INFO tempest.lib.common.rest_client [req-4762339a-88db-4d9d-971f-d9277117443e req-4762339a-88db-4d9d-971f-d9277117443e ] Request (ServerDiagnosticsNegativeTest:setUpClass): 201 POST http://10.180.1.21/identity/v3/auth/tokens 0.388s
2024-11-28 21:32:39.878 66035 INFO tempest.lib.common.rest_client [req-6663197c-1c0a-4a38-a62f-5564941b5a53 req-6663197c-1c0a-4a38-a62f-5564941b5a53 ] Request (FlavorsAdminTestJSON:setUpClass): 201 POST http://10.180.1.21/identity/v3/auth/tokens 0.373s
2024-11-28 21:32:39.878 66061 INFO tempest.lib.common.rest_client [req-28bdc8e4-7db4-4903-89fe-888ac27fcfb8 req-28bdc8e4-7db4-4903-89fe-888ac27fcfb8 ] Request (FlavorsV2TestJSON:setUpClass): 201 POST http://10.180.1.21/identity/v3/auth/tokens 0.383s
2024-11-28 21:32:39.899 66013 INFO tempest.lib.common.rest_client [req-b75987fe-8069-412a-ab12-1b4068f26fc6 req-b75987fe-8069-412a-ab12-1b4068f26fc6 ] Request (FloatingIPsAssociationTestJSON:setUpClass): 201 POST http://10.180.1.21/identity/v3/auth/tokens 0.387s
2024-11-28 21:32:39.905 66019 INFO tempest.lib.common.rest_client [req-05d5b752-df10-44e4-b0c7-ea3959dba952 req-05d5b752-df10-44e4-b0c7-ea3959dba952 ] Request (AZAdminV2TestJSON:setUpClass): 201 POST http://10.180.1.21/identity/v3/auth/tokens 0.387s
2024-11-28 21:32:39.925 66009 INFO tempest.lib.common.rest_client [req-e8cbb2d0-5b11-4a23-9c2b-f3af4f9036cd req-e8cbb2d0-5b11-4a23-9c2b-f3af4f9036cd ] Request (SecurityGroupsTestAdminJSON:setUpClass): 201 POST http://10.180.1.21/identity/v3/auth/tokens 0.387s
2024-11-28 21:32:39.928 66033 INFO tempest.lib.common.rest_client [req-8aa647f7-4306-4ee7-8e5b-c673d42a5a27 req-8aa647f7-4306-4ee7-8e5b-c673d42a5a27 ] Request (FlavorsAccessTestJSON:setUpClass): 201 POST http://10.180.1.21/identity/v3/users 0.371s
2024-11-28 21:32:39.945 66015 INFO tempest.lib.common.rest_client [req-6315f9c3-985c-49bb-8acc-30b19466d183 req-6315f9c3-985c-49bb-8acc-30b19466d183 ] Request (AZAdminNegativeTestJSON:setUpClass): 201 POST http://10.180.1.21/identity/v3/projects 0.342s
2024-11-28 21:32:39.976 66021 INFO tempest.lib.common.rest_client [req-37e2987a-4729-4cf0-a230-4d4bdff6bab4 req-37e2987a-4729-4cf0-a230-4d4bdff6bab4 ] Request (KeyPairsV210TestJSON:setUpClass): 201 POST http://10.180.1.21/identity/v3/auth/tokens 0.364s
2024-11-28 21:32:39.992 66055 INFO tempest.lib.common.rest_client [req-d250db25-dec4-4d3c-83ac-6d2a3a462594 req-d250db25-dec4-4d3c-83ac-6d2a3a462594 ] Request (HypervisorAdminNegativeTestJSON:setUpClass): 201 POST http://10.180.1.21/identity/v3/auth/tokens 0.366s
2024-11-28 21:32:40.003 66041 INFO tempest.lib.common.rest_client [req-4a0cf32b-ce96-437b-9dc4-18afdaeebd7c req-4a0cf32b-ce96-437b-9dc4-18afdaeebd7c ] Request (HypervisorAdminUnderV252Test:setUpClass): 201 POST http://10.180.1.21/identity/v3/auth/tokens 0.360s
2024-11-28 21:32:40.006 66017 INFO tempest.lib.common.rest_client [req-e6b9f084-689d-4d94-9492-2a0fc55d2b4a req-e6b9f084-689d-4d94-9492-2a0fc55d2b4a ] Request (ServersWithSpecificFlavorTestJSON:setUpClass): 201 POST http://10.180.1.21:9696/networking/v2.0/routers 0.758s
2024-11-28 21:32:40.010 66049 INFO tempest.lib.common.rest_client [req-d3ff1241-a592-47df-b9ea-75dc99341316 req-d3ff1241-a592-47df-b9ea-75dc99341316 ] Request (FlavorsV261TestJSON:setUpClass): 200 GET http://10.180.1.21/identity/v3/domains?name=Default 0.363s
2024-11-28 21:32:40.032 66029 INFO tempest.lib.common.rest_client [req-4ede3840-f774-49db-a614-759f947823f4 req-4ede3840-f774-49db-a614-759f947823f4 ] Request (ServersAdmin275Test:setUpClass): 201 POST http://10.180.1.21/identity/v3/auth/tokens 0.375s
2024-11-28 21:32:40.041 66039 INFO tempest.lib.common.rest_client [req-3c66a4ce-9f20-4731-8b0e-3c85f409f5e6 req-3c66a4ce-9f20-4731-8b0e-3c85f409f5e6 ] Request (QuotasAdminTestV236:setUpClass): 201 POST http://10.180.1.21/identity/v3/projects 0.377s
2024-11-28 21:32:40.094 66025 INFO tempest.lib.common.rest_client [req-27033084-b899-4748-a633-29205d23a6aa req-27033084-b899-4748-a633-29205d23a6aa ] Request (FlavorsExtraSpecsTestJSON:setUpClass): 204 PUT http://10.180.1.21/identity/v3/projects/d6d352f344e1441aa444edc516a927bd/users/38e7d5cc11104eaf8d0cd67a7dfffa84/roles/adef4b8ae1934855ae2cde2d62c9e819 0.426s
2024-11-28 21:32:40.094 66025 INFO tempest.lib.common.dynamic_creds [-] Dynamic test user 38e7d5cc11104eaf8d0cd67a7dfffa84 is created with scope project and roles: ['member']
2024-11-28 21:32:40.095 66025 INFO tempest.lib.common.dynamic_creds [-] Acquired dynamic creds: credentials: Credentials: {'domain_id': 'default', 'domain_name': 'Default', 'username': 'tempest-FlavorsExtraSpecsTestJSON-1099985624-project-member', 'project_domain_id': 'default', 'project_domain_name': 'Default', 'project_id': 'd6d352f344e1441aa444edc516a927bd', 'project_name': 'tempest-FlavorsExtraSpecsTestJSON-1099985624', 'tenant_id': 'd6d352f344e1441aa444edc516a927bd', 'tenant_name': 'tempest-FlavorsExtraSpecsTestJSON-1099985624', 'user_domain_id': 'default', 'user_domain_name': 'Default', 'user_id': '38e7d5cc11104eaf8d0cd67a7dfffa84', 'system': None}, Network: None, Subnet: None, Router: None
2024-11-28 21:32:40.095 66025 INFO tempest.lib.common.dynamic_creds [-] Created isolated network resources for: credentials: Credentials: {'domain_id': 'default', 'domain_name': 'Default', 'username': 'tempest-FlavorsExtraSpecsTestJSON-1099985624-project-member', 'project_domain_id': 'default', 'project_domain_name': 'Default', 'project_id': 'd6d352f344e1441aa444edc516a927bd', 'project_name': 'tempest-FlavorsExtraSpecsTestJSON-1099985624', 'tenant_id': 'd6d352f344e1441aa444edc516a927bd', 'tenant_name': 'tempest-FlavorsExtraSpecsTestJSON-1099985624', 'user_domain_id': 'default', 'user_domain_name': 'Default', 'user_id': '38e7d5cc11104eaf8d0cd67a7dfffa84', 'system': None}, Network: None, Subnet: None, Router: None
2024-11-28 21:32:40.122 66037 INFO tempest.lib.common.rest_client [req-7b77c9da-b933-4bda-9f85-dfa6522fc8f6 req-7b77c9da-b933-4bda-9f85-dfa6522fc8f6 ] Request (HypervisorAdminV253TestBase:tearDownClass): 204 DELETE http://10.180.1.21/identity/v3/projects/1cb59856a5fa4922af9523d777c561b6 0.455s
2024-11-28 21:32:40.122 66037 INFO tempest.lib.common.dynamic_creds [-] Deleting project and security group for project: 94773fd584924efdab4ae43c02fd340a
2024-11-28 21:32:40.145 66060 INFO tempest.lib.common.rest_client [req-02f657b8-2f84-46fc-a3ea-f9a3f6801240 req-02f657b8-2f84-46fc-a3ea-f9a3f6801240 ] Request (FlavorsV255TestJSON:setUpClass): 201 POST http://10.180.1.21/identity/v3/auth/tokens 0.458s
2024-11-28 21:32:40.148 66043 INFO tempest.lib.common.rest_client [req-978ddf8c-ce13-4a36-9926-0c2b182d45bc req-978ddf8c-ce13-4a36-9926-0c2b182d45bc ] Request (MigrationsAdminTest:setUpClass): 201 POST http://10.180.1.21/identity/v3/auth/tokens 0.461s
2024-11-28 21:32:40.169 66057 INFO tempest.lib.common.rest_client [req-11cf90b6-6ba3-43ac-ac6b-96b76e6b1e90 req-11cf90b6-6ba3-43ac-ac6b-96b76e6b1e90 ] Request (FlavorsAccessNegativeTestJSON:setUpClass): 201 POST http://10.180.1.21/identity/v3/auth/tokens 0.456s
2024-11-28 21:32:40.178 66011 INFO tempest.lib.common.rest_client [req-5fa1015b-c7a4-40bd-8262-85293a2906b2 req-5fa1015b-c7a4-40bd-8262-85293a2906b2 ] Request (FlavorsExtraSpecsNegativeTestJSON:setUpClass): 201 POST http://10.180.1.21/identity/v3/users 0.485s
2024-11-28 21:32:40.195 66065 INFO tempest.lib.common.rest_client [req-eb1a132d-a917-45dc-8e69-d30990c612d6 req-eb1a132d-a917-45dc-8e69-d30990c612d6 ] Request (HypervisorAdminV228Test:setUpClass): 201 POST http://10.180.1.21/identity/v3/auth/tokens 0.476s
2024-11-28 21:32:40.202 66063 INFO tempest.lib.common.rest_client [req-ef40c806-4ccb-4040-a003-946b9212e5c7 req-ef40c806-4ccb-4040-a003-946b9212e5c7 ] Request (HostsAdminNegativeTestJSON:setUpClass): 201 POST http://10.180.1.21/identity/v3/auth/tokens 0.474s
2024-11-28 21:32:40.215 66047 INFO tempest.lib.common.rest_client [req-ed900ca7-0167-4391-8f23-1ee4e60103ef req-ed900ca7-0167-4391-8f23-1ee4e60103ef ] Request (ListImagesTestJSON:setUpClass): 201 POST http://10.180.1.21/identity/v3/auth/tokens 0.466s
2024-11-28 21:32:40.223 66005 INFO tempest.lib.common.rest_client [req-327f8ab3-47d5-4e69-8168-05f410ec32d8 req-327f8ab3-47d5-4e69-8168-05f410ec32d8 ] Request (AggregatesAdminNegativeTestJSON:setUpClass): 201 POST http://10.180.1.21/identity/v3/auth/tokens 0.474s
2024-11-28 21:32:40.237 66003 INFO tempest.lib.common.rest_client [req-a9891116-065d-456b-83e0-471585f1eda2 req-a9891116-065d-456b-83e0-471585f1eda2 ] Request (NetworksTest:setUpClass): 201 POST http://10.180.1.21/identity/v3/users 0.469s
2024-11-28 21:32:40.240 66045 INFO tempest.lib.common.rest_client [req-e5c8fa56-f482-4b34-a1b2-d0c2f6974d65 req-e5c8fa56-f482-4b34-a1b2-d0c2f6974d65 ] Request (ServersAdminTestJSON:setUpClass): 200 GET http://10.180.1.21/identity/v3/domains?name=Default 0.471s
2024-11-28 21:32:40.263 66007 INFO tempest.lib.common.rest_client [req-f75c22f8-7704-443c-921a-3f8816e973aa req-f75c22f8-7704-443c-921a-3f8816e973aa ] Request (ServerDiagnosticsV248Test:setUpClass): 201 POST http://10.180.1.21/identity/v3/auth/tokens 0.437s
2024-11-28 21:32:40.266 66051 INFO tempest.lib.common.rest_client [req-8182608f-67c8-41e9-98b0-5abccc010841 req-8182608f-67c8-41e9-98b0-5abccc010841 ] Request (VolumesAssistedSnapshotsTest:setUpClass): 201 POST http://10.180.1.21/identity/v3/projects 0.451s
2024-11-28 21:32:40.275 66037 INFO tempest.lib.common.rest_client [req-a0661333-219e-41a4-9504-6fc5d697680c req-a0661333-219e-41a4-9504-6fc5d697680c ] Request (HypervisorAdminV253TestBase:tearDownClass): 200 GET http://10.180.1.21:9696/networking/v2.0/security-groups?tenant_id=94773fd584924efdab4ae43c02fd340a&name=default 0.153s
2024-11-28 21:32:40.318 66053 INFO tempest.lib.common.rest_client [req-3ac82ef7-3c23-4cf4-8cf0-2c539fc40805 req-3ac82ef7-3c23-4cf4-8cf0-2c539fc40805 ] Request (ServerDiagnosticsTest:setUpClass): 201 POST http://10.180.1.21/identity/v3/auth/tokens 0.477s
2024-11-28 21:32:40.318 66027 INFO tempest.lib.common.rest_client [req-8dc31477-7654-4d80-a967-c39c64e7aaa7 req-8dc31477-7654-4d80-a967-c39c64e7aaa7 ] Request (QuotasAdminTestV257:setUpClass): 201 POST http://10.180.1.21/identity/v3/projects 0.477s
2024-11-28 21:32:40.371 66031 INFO tempest.lib.common.rest_client [req-b7aa4fd2-4d31-4650-a137-214b0ad7ee7f req-b7aa4fd2-4d31-4650-a137-214b0ad7ee7f ] Request (ServerDiagnosticsNegativeTest:setUpClass): 201 POST http://10.180.1.21/identity/v3/auth/tokens 0.509s
2024-11-28 21:32:40.380 66023 INFO tempest.lib.common.rest_client [req-06276e98-9064-4e3b-9e2f-64f16a131e1c req-06276e98-9064-4e3b-9e2f-64f16a131e1c ] Request (MultipleCreateNegativeTestJSON:setUpClass): 201 POST http://10.180.1.21/identity/v3/projects 0.523s
2024-11-28 21:32:40.411 66037 INFO tempest.lib.common.rest_client [req-8a3e555a-8b7c-479e-994b-f4cba7496125 req-8a3e555a-8b7c-479e-994b-f4cba7496125 ] Request (HypervisorAdminV253TestBase:tearDownClass): 204 DELETE http://10.180.1.21:9696/networking/v2.0/security-groups/2011eaff-33d8-45d3-8cf8-788f8d7b479d 0.135s
2024-11-28 21:32:40.426 66035 INFO tempest.lib.common.rest_client [req-21b21eec-f722-4d42-a2b0-ad40ac2d5974 req-21b21eec-f722-4d42-a2b0-ad40ac2d5974 ] Request (FlavorsAdminTestJSON:setUpClass): 200 GET http://10.180.1.21/identity/v3/domains?name=Default 0.547s
2024-11-28 21:32:40.434 66061 INFO tempest.lib.common.rest_client [req-198019a0-8773-4bc5-820f-fa7a049af916 req-198019a0-8773-4bc5-820f-fa7a049af916 ] Request (FlavorsV2TestJSON:setUpClass): 201 POST http://10.180.1.21/identity/v3/auth/tokens 0.551s
2024-11-28 21:32:40.450 66013 INFO tempest.lib.common.rest_client [req-6f544580-8cb9-4355-a9d5-5e64857380b7 req-6f544580-8cb9-4355-a9d5-5e64857380b7 ] Request (FloatingIPsAssociationTestJSON:setUpClass): 201 POST http://10.180.1.21/identity/v3/auth/tokens 0.546s
2024-11-28 21:32:40.460 66019 INFO tempest.lib.common.rest_client [req-09efac82-60dd-4a33-848f-6a61e9a04ee7 req-09efac82-60dd-4a33-848f-6a61e9a04ee7 ] Request (AZAdminV2TestJSON:setUpClass): 201 POST http://10.180.1.21/identity/v3/auth/tokens 0.551s
2024-11-28 21:32:40.469 66009 INFO tempest.lib.common.rest_client [req-ca3f4582-6bc8-42bf-92e8-8613f985ee19 req-ca3f4582-6bc8-42bf-92e8-8613f985ee19 ] Request (SecurityGroupsTestAdminJSON:setUpClass): 200 GET http://10.180.1.21/identity/v3/domains?name=Default 0.543s
2024-11-28 21:32:40.481 66033 INFO tempest.lib.common.rest_client [req-5d1405b1-aa7e-42ed-aaa0-232ccf70b747 req-5d1405b1-aa7e-42ed-aaa0-232ccf70b747 ] Request (FlavorsAccessTestJSON:setUpClass): 200 GET http://10.180.1.21/identity/v3/roles 0.553s
2024-11-28 21:32:40.495 66015 INFO tempest.lib.common.rest_client [req-bdd27fee-ecb5-4dbe-9d9b-7bd67955e602 req-bdd27fee-ecb5-4dbe-9d9b-7bd67955e602 ] Request (AZAdminNegativeTestJSON:setUpClass): 201 POST http://10.180.1.21/identity/v3/users 0.549s
2024-11-28 21:32:40.504 66021 INFO tempest.lib.common.rest_client [req-a0aaa631-947a-48df-bc59-744c9bf02d09 req-a0aaa631-947a-48df-bc59-744c9bf02d09 ] Request (KeyPairsV210TestJSON:setUpClass): 201 POST http://10.180.1.21/identity/v3/auth/tokens 0.524s
2024-11-28 21:32:40.518 66055 INFO tempest.lib.common.rest_client [req-f76811b5-21b8-42c6-b9cf-6a19ab179c86 req-f76811b5-21b8-42c6-b9cf-6a19ab179c86 ] Request (HypervisorAdminNegativeTestJSON:setUpClass): 201 POST http://10.180.1.21/identity/v3/auth/tokens 0.522s
2024-11-28 21:32:40.525 66041 INFO tempest.lib.common.rest_client [req-e14f7e25-c9e3-4418-b8fb-7c94cc961102 req-e14f7e25-c9e3-4418-b8fb-7c94cc961102 ] Request (HypervisorAdminUnderV252Test:setUpClass): 201 POST http://10.180.1.21/identity/v3/auth/tokens 0.516s
2024-11-28 21:32:40.547 66049 INFO tempest.lib.common.rest_client [req-9444de3c-52f1-4622-a9db-77bca45efc08 req-9444de3c-52f1-4622-a9db-77bca45efc08 ] Request (FlavorsV261TestJSON:setUpClass): 201 POST http://10.180.1.21/identity/v3/projects 0.535s
2024-11-28 21:32:40.548 66029 INFO tempest.lib.common.rest_client [req-2219c071-7158-440d-84b8-d223ef8929fd req-2219c071-7158-440d-84b8-d223ef8929fd ] Request (ServersAdmin275Test:setUpClass): 201 POST http://10.180.1.21/identity/v3/auth/tokens 0.512s
2024-11-28 21:32:40.608 66039 INFO tempest.lib.common.rest_client [req-f19814ce-1527-4453-b388-542e8d122cd4 req-f19814ce-1527-4453-b388-542e8d122cd4 ] Request (QuotasAdminTestV236:setUpClass): 201 POST http://10.180.1.21/identity/v3/users 0.566s
2024-11-28 21:32:40.612 66025 INFO tempest.lib.common.rest_client [req-e5b4630b-a9fe-42dc-a14a-6cde3c398da8 req-e5b4630b-a9fe-42dc-a14a-6cde3c398da8 ] Request (FlavorsExtraSpecsTestJSON:setUpClass): 201 POST http://10.180.1.21/identity/v3/auth/tokens 0.513s
2024-11-28 21:32:40.636 66060 INFO tempest.lib.common.rest_client [req-16a879f2-1992-4194-84c8-09b01bd065af req-16a879f2-1992-4194-84c8-09b01bd065af ] Request (FlavorsV255TestJSON:setUpClass): 201 POST http://10.180.1.21/identity/v3/auth/tokens 0.487s
2024-11-28 21:32:40.639 66043 INFO tempest.lib.common.rest_client [req-63dc8e9d-49bc-4ee6-9d3c-83dc7169f85f req-63dc8e9d-49bc-4ee6-9d3c-83dc7169f85f ] Request (MigrationsAdminTest:setUpClass): 201 POST http://10.180.1.21/identity/v3/auth/tokens 0.487s
2024-11-28 21:32:40.654 66011 INFO tempest.lib.common.rest_client [req-5a38032f-15fa-4113-ad5e-bf9dd2495cb8 req-5a38032f-15fa-4113-ad5e-bf9dd2495cb8 ] Request (FlavorsExtraSpecsNegativeTestJSON:setUpClass): 200 GET http://10.180.1.21/identity/v3/roles 0.475s
2024-11-28 21:32:40.663 66057 INFO tempest.lib.common.rest_client [req-10196673-96dc-4da6-a27d-8304d452ec45 req-10196673-96dc-4da6-a27d-8304d452ec45 ] Request (FlavorsAccessNegativeTestJSON:setUpClass): 201 POST http://10.180.1.21/identity/v3/auth/tokens 0.489s
2024-11-28 21:32:40.676 66065 INFO tempest.lib.common.rest_client [req-86f8fc84-b306-4667-9630-5da514ca8c3b req-86f8fc84-b306-4667-9630-5da514ca8c3b ] Request (HypervisorAdminV228Test:setUpClass): 201 POST http://10.180.1.21/identity/v3/auth/tokens 0.477s
2024-11-28 21:32:40.684 66063 INFO tempest.lib.common.rest_client [req-75b6c8fd-15e2-4417-9d41-9905c2d8213f req-75b6c8fd-15e2-4417-9d41-9905c2d8213f ] Request (HostsAdminNegativeTestJSON:setUpClass): 200 GET http://10.180.1.21/identity/v3/domains?name=Default 0.482s
2024-11-28 21:32:40.693 66047 INFO tempest.lib.common.rest_client [req-017a1030-8f96-4d29-9e1b-d2e72cc73503 req-017a1030-8f96-4d29-9e1b-d2e72cc73503 ] Request (ListImagesTestJSON:setUpClass): 200 GET http://10.180.1.21/identity/v3/domains?name=Default 0.478s
2024-11-28 21:32:40.700 66005 INFO tempest.lib.common.rest_client [req-24d6d725-5e0a-48ce-9747-80e5c6f2e582 req-24d6d725-5e0a-48ce-9747-80e5c6f2e582 ] Request (AggregatesAdminNegativeTestJSON:setUpClass): 200 GET http://10.180.1.21/identity/v3/domains?name=Default 0.476s
2024-11-28 21:32:40.705 66003 INFO tempest.lib.common.rest_client [req-dc9bb73c-be5a-4992-8387-a7904dd90138 req-dc9bb73c-be5a-4992-8387-a7904dd90138 ] Request (NetworksTest:setUpClass): 200 GET http://10.180.1.21/identity/v3/roles 0.467s
2024-11-28 21:32:40.722 66007 INFO tempest.lib.common.rest_client [req-dfa467a4-3c9c-4728-b45f-1972695cc674 req-dfa467a4-3c9c-4728-b45f-1972695cc674 ] Request (ServerDiagnosticsV248Test:setUpClass): 200 GET http://10.180.1.21/identity/v3/domains?name=Default 0.458s
2024-11-28 21:32:40.728 66045 INFO tempest.lib.common.rest_client [req-c53dee70-14c0-4ace-b477-5a0557da1d43 req-c53dee70-14c0-4ace-b477-5a0557da1d43 ] Request (ServersAdminTestJSON:setUpClass): 201 POST http://10.180.1.21/identity/v3/projects 0.485s
2024-11-28 21:32:40.745 66051 INFO tempest.lib.common.rest_client [req-9fac6e44-1fb7-4374-8767-b520e6f2e157 req-9fac6e44-1fb7-4374-8767-b520e6f2e157 ] Request (VolumesAssistedSnapshotsTest:setUpClass): 201 POST http://10.180.1.21/identity/v3/users 0.477s
2024-11-28 21:32:40.771 66053 INFO tempest.lib.common.rest_client [req-afc99438-29c4-498e-8d20-a84bad791589 req-afc99438-29c4-498e-8d20-a84bad791589 ] Request (ServerDiagnosticsTest:setUpClass): 200 GET http://10.180.1.21/identity/v3/domains?name=Default 0.453s
2024-11-28 21:32:40.787 66031 INFO tempest.lib.common.rest_client [req-95147a9d-115d-4ff9-9c90-a2c84ceb7d9e req-95147a9d-115d-4ff9-9c90-a2c84ceb7d9e ] Request (ServerDiagnosticsNegativeTest:setUpClass): 200 GET http://10.180.1.21/identity/v3/domains?name=Default 0.415s
2024-11-28 21:32:40.794 66027 INFO tempest.lib.common.rest_client [req-ec9c7f85-7ee9-4e3a-90a4-1026ca91c2c3 req-ec9c7f85-7ee9-4e3a-90a4-1026ca91c2c3 ] Request (QuotasAdminTestV257:setUpClass): 201 POST http://10.180.1.21/identity/v3/users 0.476s
2024-11-28 21:32:40.805 66023 INFO tempest.lib.common.rest_client [req-ca451745-d7ed-46a8-a0c3-1d1d2a74b9a1 req-ca451745-d7ed-46a8-a0c3-1d1d2a74b9a1 ] Request (MultipleCreateNegativeTestJSON:setUpClass): 201 POST http://10.180.1.21/identity/v3/users 0.425s
2024-11-28 21:32:40.825 66035 INFO tempest.lib.common.rest_client [req-73a6f049-fa2c-4dbb-be94-c8729fb70098 req-73a6f049-fa2c-4dbb-be94-c8729fb70098 ] Request (FlavorsAdminTestJSON:setUpClass): 201 POST http://10.180.1.21/identity/v3/projects 0.396s
2024-11-28 21:32:40.844 66037 INFO tempest.lib.common.rest_client [req-67261262-f40e-4895-a090-e00c61a822df req-67261262-f40e-4895-a090-e00c61a822df ] Request (HypervisorAdminV253TestBase:tearDownClass): 204 DELETE http://10.180.1.21/identity/v3/projects/94773fd584924efdab4ae43c02fd340a 0.433s
2024-11-28 21:32:40.861 66017 INFO tempest.lib.common.rest_client [req-8b5914ed-aeae-480c-829b-e3f00bd246b1 req-8b5914ed-aeae-480c-829b-e3f00bd246b1 ] Request (ServersWithSpecificFlavorTestJSON:setUpClass): 200 PUT http://10.180.1.21:9696/networking/v2.0/routers/3833f80d-4584-4182-aff2-b01ac60e04e4/add_router_interface 0.854s
2024-11-28 21:32:40.862 66017 INFO tempest.lib.common.dynamic_creds [-] Created isolated network resources for: credentials: Credentials: {'domain_id': 'default', 'domain_name': 'Default', 'username': 'tempest-ServersWithSpecificFlavorTestJSON-2087314737-project-member', 'project_domain_id': 'default', 'project_domain_name': 'Default', 'project_id': '9d0a3dd50ae4420c9fdd9ea91ca9fc1f', 'project_name': 'tempest-ServersWithSpecificFlavorTestJSON-2087314737', 'tenant_id': '9d0a3dd50ae4420c9fdd9ea91ca9fc1f', 'tenant_name': 'tempest-ServersWithSpecificFlavorTestJSON-2087314737', 'user_domain_id': 'default', 'user_domain_name': 'Default', 'user_id': '910d677c1a614ddb9ed0216620ada54c', 'system': None}, Network: {'id': '30a3ca56-e7b1-4feb-ae87-e3441279feb9', 'name': 'tempest-ServersWithSpecificFlavorTestJSON-570308918-network', 'tenant_id': '9d0a3dd50ae4420c9fdd9ea91ca9fc1f', 'admin_state_up': True, 'mtu': 8950, 'status': 'ACTIVE', 'subnets': [], 'shared': False, 'project_id': '9d0a3dd50ae4420c9fdd9ea91ca9fc1f', 'port_security_enabled': True, 'router:external': False, 'provider:network_type': 'vlan', 'provider:physical_network': 'default', 'provider:segmentation_id': 11, 'is_default': False, 'availability_zone_hints': [], 'availability_zones': [], 'ipv4_address_scope': None, 'ipv6_address_scope': None, 'description': '', 'tags': [], 'created_at': '2024-11-28T21:32:38Z', 'updated_at': '2024-11-28T21:32:38Z', 'revision_number': 1}, Subnet: {'id': 'c709451e-41dc-4013-b709-dc676895df7a', 'name': 'tempest-ServersWithSpecificFlavorTestJSON-570308918-subnet', 'tenant_id': '9d0a3dd50ae4420c9fdd9ea91ca9fc1f', 'network_id': '30a3ca56-e7b1-4feb-ae87-e3441279feb9', 'ip_version': 4, 'subnetpool_id': None, 'enable_dhcp': True, 'ipv6_ra_mode': None, 'ipv6_address_mode': None, 'gateway_ip': '192.168.128.1', 'cidr': '192.168.128.0/28', 'allocation_pools': [{'start': '192.168.128.2', 'end': '192.168.128.14'}], 'host_routes': [], 'dns_nameservers': [], 'description': '', 'router:external': False, 'service_types': [], 'tags': [], 'created_at': '2024-11-28T21:32:39Z', 'updated_at': '2024-11-28T21:32:39Z', 'revision_number': 0, 'project_id': '9d0a3dd50ae4420c9fdd9ea91ca9fc1f'}, Router: {'id': '3833f80d-4584-4182-aff2-b01ac60e04e4', 'name': 'tempest-ServersWithSpecificFlavorTestJSON-570308918-router', 'tenant_id': '9d0a3dd50ae4420c9fdd9ea91ca9fc1f', 'admin_state_up': True, 'status': 'ACTIVE', 'external_gateway_info': {'network_id': '8b687f62-a8e9-43de-adbf-741b8232fcee', 'external_fixed_ips': [{'subnet_id': '090c91ad-fa0c-41ec-860e-5d95d8d4a5ad', 'ip_address': '10.180.180.213'}], 'enable_snat': True}, 'description': '', 'availability_zones': [], 'distributed': False, 'ha': False, 'availability_zone_hints': [], 'routes': [], 'flavor_id': None, 'tags': [], 'created_at': '2024-11-28T21:32:39Z', 'updated_at': '2024-11-28T21:32:39Z', 'revision_number': 2, 'project_id': '9d0a3dd50ae4420c9fdd9ea91ca9fc1f'}
2024-11-28 21:32:40.867 66061 INFO tempest.lib.common.rest_client [req-7fb1dcc3-425a-49a6-93f6-2a7c485e259d req-7fb1dcc3-425a-49a6-93f6-2a7c485e259d ] Request (FlavorsV2TestJSON:setUpClass): 200 GET http://10.180.1.21/identity/v3/domains?name=Default 0.433s
2024-11-28 21:32:40.885 66019 INFO tempest.lib.common.rest_client [req-9ac521e7-83d8-49af-9b24-8691623e1474 req-9ac521e7-83d8-49af-9b24-8691623e1474 ] Request (AZAdminV2TestJSON:setUpClass): 200 GET http://10.180.1.21/identity/v3/domains?name=Default 0.423s
2024-11-28 21:32:40.888 66013 INFO tempest.lib.common.rest_client [req-d31d718b-ae53-4f41-9b8d-265c276266bf req-d31d718b-ae53-4f41-9b8d-265c276266bf ] Request (FloatingIPsAssociationTestJSON:setUpClass): 200 GET http://10.180.1.21/identity/v3/domains?name=Default 0.437s
2024-11-28 21:32:40.908 66009 INFO tempest.lib.common.rest_client [req-9ed06f84-27c1-4482-8dac-62ebe0bf652f req-9ed06f84-27c1-4482-8dac-62ebe0bf652f ] Request (SecurityGroupsTestAdminJSON:setUpClass): 201 POST http://10.180.1.21/identity/v3/projects 0.437s
2024-11-28 21:32:40.913 66033 INFO tempest.lib.common.rest_client [req-754e83cd-827c-48f7-a9de-ecf502a23c8b req-754e83cd-827c-48f7-a9de-ecf502a23c8b ] Request (FlavorsAccessTestJSON:setUpClass): 204 PUT http://10.180.1.21/identity/v3/projects/ee4c9d55875f4429886be6956d097acd/users/eec8a1957a2b460394cdc0f58036638c/roles/ec32ae179a934a018fd5e7b36b1f45c5 0.432s
2024-11-28 21:32:40.955 66021 INFO tempest.lib.common.rest_client [req-df1bac45-17e2-4b70-bf62-dcacdc3362f3 req-df1bac45-17e2-4b70-bf62-dcacdc3362f3 ] Request (KeyPairsV210TestJSON:setUpClass): 200 GET http://10.180.1.21/identity/v3/domains?name=Default 0.451s
2024-11-28 21:32:40.972 66015 INFO tempest.lib.common.rest_client [req-b291a509-76e4-4777-8f1a-cf418d62b2d0 req-b291a509-76e4-4777-8f1a-cf418d62b2d0 ] Request (AZAdminNegativeTestJSON:setUpClass): 200 GET http://10.180.1.21/identity/v3/roles 0.477s
2024-11-28 21:32:40.972 66055 INFO tempest.lib.common.rest_client [req-83c8d0de-1ff5-49cf-9b37-f79817e72d9c req-83c8d0de-1ff5-49cf-9b37-f79817e72d9c ] Request (HypervisorAdminNegativeTestJSON:setUpClass): 200 GET http://10.180.1.21/identity/v3/domains?name=Default 0.453s
2024-11-28 21:32:40.988 66041 INFO tempest.lib.common.rest_client [req-17f64723-1614-4d98-9bed-d435b8e70b6a req-17f64723-1614-4d98-9bed-d435b8e70b6a ] Request (HypervisorAdminUnderV252Test:setUpClass): 200 GET http://10.180.1.21/identity/v3/domains?name=Default 0.462s
2024-11-28 21:32:40.994 66049 INFO tempest.lib.common.rest_client [req-2b577453-73d6-4480-ae90-3ec649cfff70 req-2b577453-73d6-4480-ae90-3ec649cfff70 ] Request (FlavorsV261TestJSON:setUpClass): 201 POST http://10.180.1.21/identity/v3/users 0.446s
2024-11-28 21:32:41.005 66029 INFO tempest.lib.common.rest_client [req-d9c58bb2-bd40-4334-9262-8e2408837257 req-d9c58bb2-bd40-4334-9262-8e2408837257 ] Request (ServersAdmin275Test:setUpClass): 200 GET http://10.180.1.21/identity/v3/domains?name=Default 0.457s
2024-11-28 21:32:41.010 66039 INFO tempest.lib.common.rest_client [req-1e7cce8b-6fd2-44b2-a25e-599fe4deb940 req-1e7cce8b-6fd2-44b2-a25e-599fe4deb940 ] Request (QuotasAdminTestV236:setUpClass): 200 GET http://10.180.1.21/identity/v3/roles 0.402s
2024-11-28 21:32:41.031 66060 INFO tempest.lib.common.rest_client [req-58f8ef34-7495-4ba8-a195-b52bcf227927 req-58f8ef34-7495-4ba8-a195-b52bcf227927 ] Request (FlavorsV255TestJSON:setUpClass): 200 GET http://10.180.1.21/identity/v3/domains?name=Default 0.394s
2024-11-28 21:32:41.033 66025 INFO tempest.lib.common.rest_client [req-8213cccc-420d-46c9-b7b9-8c693abd8548 req-8213cccc-420d-46c9-b7b9-8c693abd8548 ] Request (FlavorsExtraSpecsTestJSON:setUpClass): 201 POST http://10.180.1.21/identity/v3/projects 0.421s
2024-11-28 21:32:41.075 66043 INFO tempest.lib.common.rest_client [req-e80389b7-70c5-475e-888c-83175830b767 req-e80389b7-70c5-475e-888c-83175830b767 ] Request (MigrationsAdminTest:setUpClass): 200 GET http://10.180.1.21/identity/v3/domains?name=Default 0.435s
2024-11-28 21:32:41.085 66011 INFO tempest.lib.common.rest_client [req-151e04c9-485d-463b-8979-161327c380ab req-151e04c9-485d-463b-8979-161327c380ab ] Request (FlavorsExtraSpecsNegativeTestJSON:setUpClass): 204 PUT http://10.180.1.21/identity/v3/projects/35b90d26e2fb4db4b274478920bfaf8d/users/6764933d1dc148b4abcab62f4ff88ffb/roles/adef4b8ae1934855ae2cde2d62c9e819 0.430s
2024-11-28 21:32:41.085 66011 INFO tempest.lib.common.dynamic_creds [-] Dynamic test user 6764933d1dc148b4abcab62f4ff88ffb is created with scope project and roles: ['member']
