2025-01-06 16:38:42.056 67615 INFO tempest.lib.common.rest_client [req-287f6735-a5be-45da-81fd-6de0ea629615 req-287f6735-a5be-45da-81fd-6de0ea629615 ] Request (VolumesAdminNegativeTest:test_update_attached_volume_with_nonexistent_volume_in_body): 200 GET http://10.180.1.21/compute/v2.1/servers/8fab02f5-4ebd-4b01-acf1-acdd76b918bc 0.426s
2025-01-06 16:38:42.115 67631 INFO tempest.lib.common.rest_client [req-863a966d-dc82-4731-a958-5afbed9ddc98 req-863a966d-dc82-4731-a958-5afbed9ddc98 ] Request (ServersTestJSON:setUpClass): 200 GET http://10.180.1.21/compute/v2.1/servers/6798791d-4bc3-438c-953d-a3da73c33139 0.425s
2025-01-06 16:38:42.166 67595 INFO tempest.lib.common.rest_client [req-9dedd901-e241-4014-a5c6-fc37189efe00 req-9dedd901-e241-4014-a5c6-fc37189efe00 ] Request (ServersTestJSON:test_create_server_specify_multibyte_character_name): 200 GET http://10.180.1.21/compute/v2.1/servers/7f16ec7d-56cf-4636-bcca-9dd80b5470b4 0.445s
2025-01-06 16:38:42.182 67625 INFO tempest.lib.common.rest_client [req-cff0b325-fa49-4c7f-a11a-818fa4c605cf req-cff0b325-fa49-4c7f-a11a-818fa4c605cf ] Request (ServerDiskConfigTestJSON:test_rebuild_server_with_auto_disk_config): 200 GET http://10.180.1.21/compute/v2.1/servers/2377e8d9-b6cb-4d31-8807-5b513acc1477 0.519s
2025-01-06 16:38:42.238 67599 INFO tempest.lib.common.rest_client [req-9e80d682-526a-4a38-8722-3b137f4f1024 req-9e80d682-526a-4a38-8722-3b137f4f1024 ] Request (ImagesOneServerTestJSON:tearDownClass): 200 GET http://10.180.1.21/compute/v2.1/servers/d7c708b7-1702-4f31-a8db-07f8d601b7fc 0.374s
2025-01-06 16:38:42.244 67599 INFO tempest.common.waiters [-] State transition "ACTIVE/deleting" ==> "DELETED/None" after 5 second wait
2025-01-06 16:38:42.311 67629 INFO tempest.lib.common.rest_client [req-f5c1a15f-12e3-4eef-b546-080851ad5f92 req-f5c1a15f-12e3-4eef-b546-080851ad5f92 ] Request (SecurityGroupRulesTestJSON:test_security_group_rules_delete_when_peer_group_deleted): 202 DELETE http://10.180.1.21/compute/v2.1/os-security-groups/abae6e8d-a8f6-4052-a905-f76215e56d9f 0.483s
2025-01-06 16:38:42.348 67639 INFO tempest.lib.common.rest_client [req-c71c1d52-16d0-45de-a781-fbd5d0b5b467 req-c71c1d52-16d0-45de-a781-fbd5d0b5b467 ] Request (FloatingIPsAssociationNegativeTestJSON:setUpClass): 200 GET http://10.180.1.21/compute/v2.1/servers/0a517109-71f2-4bec-8e05-4eea325692dd 0.469s
2025-01-06 16:38:42.356 67639 INFO tempest.common.waiters [-] State transition "BUILD/spawning" ==> "ACTIVE/None" after 47 second wait
2025-01-06 16:38:42.359 67609 INFO tempest.lib.common.rest_client [req-b16c3020-45fb-472c-a0f6-a53821ce4668 req-b16c3020-45fb-472c-a0f6-a53821ce4668 ] Request (DeleteServersAdminTestJSON:test_delete_server_while_in_error_state): 200 GET http://10.180.1.21/compute/v2.1/servers/b6a6d29b-6e30-4733-8854-b8c6cbcaa014 0.246s
2025-01-06 16:38:42.399 67637 INFO tempest.lib.common.rest_client [req-9cca3ecc-9f04-44a1-a085-1e48b1bcce29 req-9cca3ecc-9f04-44a1-a085-1e48b1bcce29 ] Request (InstanceActionsV221TestJSON:test_get_list_deleted_instance_actions): 200 GET http://10.180.1.21/compute/v2.1/servers/9413a118-c8d0-4cd3-8bb7-d08120f33489 0.271s
2025-01-06 16:38:42.411 67627 INFO tempest.lib.common.rest_client [req-87120cea-b5d2-4132-a462-25aceb74e5ac req-87120cea-b5d2-4132-a462-25aceb74e5ac ] Request (InstanceActionsTestJSON:tearDownClass): 200 GET http://10.180.1.21/compute/v2.1/servers/b46de92b-7858-4796-a6d7-8d71fd3dae6f 0.215s
2025-01-06 16:38:42.426 67629 INFO tempest.lib.common.rest_client [req-d28cfb65-5dba-456f-80d5-82c29aa01842 req-d28cfb65-5dba-456f-80d5-82c29aa01842 ] Request (SecurityGroupRulesTestJSON:test_security_group_rules_delete_when_peer_group_deleted): 200 GET http://10.180.1.21/compute/v2.1/os-security-groups/90e95764-30ef-4bed-aab3-30b3ad84cd67 0.114s
2025-01-06 16:38:42.473 67642 INFO tempest.lib.common.rest_client [req-fc3dcdbb-6631-4e69-8122-8a9218ca6450 req-fc3dcdbb-6631-4e69-8122-8a9218ca6450 ] Request (ServersTestBootFromVolume:setUpClass): 200 GET http://10.180.1.21/compute/v2.1/servers/5b4a8123-9c99-493d-b720-349ccfbd8652 0.126s
2025-01-06 16:38:42.507 67633 INFO tempest.lib.common.rest_client [req-e0add805-98b7-41fd-837f-c0946a06e025 req-e0add805-98b7-41fd-837f-c0946a06e025 ] Request (AttachInterfacesV270Test:tearDownClass): 200 GET http://10.180.1.21/compute/v2.1/servers/98770d13-fd1e-4d55-b4a7-4e17b260167a 0.152s
2025-01-06 16:38:42.560 67619 INFO tempest.lib.common.rest_client [req-a2ab44d0-35b4-4106-b1c1-b1df825c8aa0 req-a2ab44d0-35b4-4106-b1c1-b1df825c8aa0 ] Request (ServersAdminTestJSON:test_create_server_with_scheduling_hint): 200 GET http://10.180.1.21/compute/v2.1/servers/a1ec2078-1ae4-4bba-b6e7-5f54b453e5db 0.143s
2025-01-06 16:38:42.727 67629 INFO tempest.lib.common.rest_client [req-415f8c88-80df-45d6-a5f2-989309e97d99 req-415f8c88-80df-45d6-a5f2-989309e97d99 ] Request (SecurityGroupRulesTestJSON:test_security_group_rules_list): 200 POST http://10.180.1.21/compute/v2.1/os-security-groups 0.297s
2025-01-06 16:38:42.852 67593 INFO tempest.lib.common.rest_client [req-94e01812-0d19-4e4a-8662-f8cb28ee1342 req-94e01812-0d19-4e4a-8662-f8cb28ee1342 ] Request (ListImageFiltersTestJSON:setUpClass): 200 GET http://10.180.1.21/compute/v2.1/servers/f04c52e5-5d86-4da5-b8c0-ea8186e2ac7c 0.370s
2025-01-06 16:38:42.911 67645 INFO tempest.lib.common.rest_client [req-a215fdaf-62ff-4361-8e7e-1417dfb42aeb req-a215fdaf-62ff-4361-8e7e-1417dfb42aeb ] Request (ServerShowV254Test:tearDownClass): 200 GET http://10.180.1.21/compute/v2.1/servers/70edcc72-c86a-43a7-9342-1332164f5fda 0.426s
2025-01-06 16:38:42.965 67613 INFO tempest.lib.common.rest_client [req-593ba1a8-c71e-464c-89f5-46c6f3128e84 req-593ba1a8-c71e-464c-89f5-46c6f3128e84 ] Request (ServerDiagnosticsNegativeTest:tearDownClass): 200 GET http://10.180.1.21/compute/v2.1/servers/4465170d-735f-469d-8be1-90251bb88fe2 0.408s
2025-01-06 16:38:43.081 67607 INFO tempest.lib.common.rest_client [req-f458bd7c-353e-4b62-85ff-237ed1a05180 req-f458bd7c-353e-4b62-85ff-237ed1a05180 ] Request (MigrationsAdminTest:test_list_migrations_in_flavor_resize_situation): 200 GET http://10.180.1.21/compute/v2.1/servers/c50bc1d9-19e6-439e-8782-7b268047d420 0.485s
2025-01-06 16:38:43.137 67597 INFO tempest.lib.common.rest_client [req-a55fa109-e15c-4f2b-8021-4b00fe2e10f2 req-a55fa109-e15c-4f2b-8021-4b00fe2e10f2 ] Request (ServersTestFqdnHostnames:test_create_server_with_fqdn_name): 200 GET http://10.180.1.21/compute/v2.1/servers/61bc8cf8-f078-4dd8-90eb-b5e6814abc08 0.520s
2025-01-06 16:38:43.153 67639 INFO tempest.lib.common.rest_client [req-ce35f46c-0468-4fed-89cc-209843b29c6c req-ce35f46c-0468-4fed-89cc-209843b29c6c ] Request (FloatingIPsAssociationNegativeTestJSON:test_associate_ip_to_server_with_floating_ip): 200 POST http://10.180.1.21/compute/v2.1/os-floating-ips 0.797s
2025-01-06 16:38:43.284 67635 INFO tempest.lib.common.rest_client [req-96f73161-7d50-42ac-bcf1-42f65bcae2f1 req-96f73161-7d50-42ac-bcf1-42f65bcae2f1 ] Request (InstanceActionsNegativeTestJSON:tearDownClass): 200 GET http://10.180.1.21/compute/v2.1/servers/c3769f39-74b6-4fdb-bf70-cfe7f8b12761 0.512s
2025-01-06 16:38:43.306 67629 INFO tempest.lib.common.rest_client [req-03f01bb6-42e1-45a3-88bd-d7f6b80a5167 req-03f01bb6-42e1-45a3-88bd-d7f6b80a5167 ] Request (SecurityGroupRulesTestJSON:test_security_group_rules_list): 200 POST http://10.180.1.21/compute/v2.1/os-security-group-rules 0.571s
2025-01-06 16:38:43.341 67617 INFO tempest.lib.common.rest_client [req-dc02cb76-34a0-44d6-b65b-04268f246dd2 req-dc02cb76-34a0-44d6-b65b-04268f246dd2 ] Request (ServerDiagnosticsV248Test:test_get_server_diagnostics): 200 GET http://10.180.1.21/compute/v2.1/servers/1cfbf45f-8724-4ace-b549-ffb8eda6d2ab 0.517s
2025-01-06 16:38:43.368 67648 INFO tempest.lib.common.rest_client [req-55969e16-2e6e-4bee-b4a6-e1097fd2a513 req-55969e16-2e6e-4bee-b4a6-e1097fd2a513 ] Request (ServersAdminNegativeTestJSON:test_migrate_server_invalid_state): 200 GET http://10.180.1.21/compute/v2.1/servers/f263411a-c4ff-4ee8-a10a-7fc791491124 0.476s
2025-01-06 16:38:43.391 67623 INFO tempest.lib.common.rest_client [req-eace7211-5690-4023-a589-8071ca9c9d97 req-eace7211-5690-4023-a589-8071ca9c9d97 ] Request (ServerActionsTestOtherB:setUpClass): 200 GET http://10.180.1.21/compute/v2.1/servers/1e5ff955-6903-42cb-9583-95c9a142b41f 0.450s
2025-01-06 16:38:43.460 67621 INFO tempest.lib.common.rest_client [req-82ab2e13-1f26-4042-9092-91c37c2f3f71 req-82ab2e13-1f26-4042-9092-91c37c2f3f71 ] Request (FloatingIPsAssociationTestJSON:setUpClass): 200 GET http://10.180.1.21/compute/v2.1/servers/ab454db1-8b99-4608-8672-8f64a19274bd 0.450s
2025-01-06 16:38:43.480 67585 INFO tempest.lib.common.rest_client [req-7f2524fd-12da-4773-8def-c7dc25fa0f66 req-7f2524fd-12da-4773-8def-c7dc25fa0f66 ] Request (ImagesNegativeTestJSON:test_create_image_from_deleted_server): 200 GET http://10.180.1.21/compute/v2.1/servers/2b9b480d-dcf8-4d9d-b129-3514e935a3ad 0.525s
2025-01-06 16:38:43.526 67591 INFO tempest.lib.common.rest_client [req-4cc8756f-be84-4a93-8aef-bb1e8b70ac24 req-4cc8756f-be84-4a93-8aef-bb1e8b70ac24 ] Request (ServersAdmin275Test:tearDownClass): 200 GET http://10.180.1.21/compute/v2.1/servers/895cf2de-e826-49e7-8674-863a62611dcf 0.509s
2025-01-06 16:38:43.533 67589 INFO tempest.lib.common.rest_client [req-3940de7b-d653-4616-8420-137d39662c28 req-3940de7b-d653-4616-8420-137d39662c28 ] Request (AttachVolumeNegativeTest:test_attach_attached_volume_to_different_server): 200 GET http://10.180.1.21/compute/v2.1/servers/a8b57022-3376-4cd7-a883-01eac833e7ca 0.475s
2025-01-06 16:38:43.583 67615 INFO tempest.lib.common.rest_client [req-4dcfee6e-4e9f-4a06-989b-2e49073c0d95 req-4dcfee6e-4e9f-4a06-989b-2e49073c0d95 ] Request (VolumesAdminNegativeTest:test_update_attached_volume_with_nonexistent_volume_in_body): 200 GET http://10.180.1.21/compute/v2.1/servers/8fab02f5-4ebd-4b01-acf1-acdd76b918bc 0.519s
2025-01-06 16:38:43.588 67631 INFO tempest.lib.common.rest_client [req-32292458-c17e-4f6a-9fae-67d108c0a37e req-32292458-c17e-4f6a-9fae-67d108c0a37e ] Request (ServersTestJSON:setUpClass): 200 GET http://10.180.1.21/compute/v2.1/servers/6798791d-4bc3-438c-953d-a3da73c33139 0.464s
2025-01-06 16:38:43.637 67595 INFO tempest.lib.common.rest_client [req-e2f5d4b9-e30c-45fd-9ca0-648854163d4b req-e2f5d4b9-e30c-45fd-9ca0-648854163d4b ] Request (ServersTestJSON:test_create_server_specify_multibyte_character_name): 200 GET http://10.180.1.21/compute/v2.1/servers/7f16ec7d-56cf-4636-bcca-9dd80b5470b4 0.459s
2025-01-06 16:38:43.777 67625 INFO tempest.lib.common.rest_client [req-1eb112c8-0376-408a-bbff-48978b84c3ab req-1eb112c8-0376-408a-bbff-48978b84c3ab ] Request (ServerDiskConfigTestJSON:test_rebuild_server_with_auto_disk_config): 200 GET http://10.180.1.21/compute/v2.1/servers/2377e8d9-b6cb-4d31-8807-5b513acc1477 0.586s
2025-01-06 16:38:43.838 67599 INFO tempest.lib.common.rest_client [req-aa2cc88f-c2f2-4c67-a7d1-7488a153c6df req-aa2cc88f-c2f2-4c67-a7d1-7488a153c6df ] Request (ImagesOneServerTestJSON:tearDownClass): 200 GET http://10.180.1.21/compute/v2.1/servers/d7c708b7-1702-4f31-a8db-07f8d601b7fc 0.593s
2025-01-06 16:38:44.078 67629 INFO tempest.lib.common.rest_client [req-8146d53a-de6e-46c7-af14-01540524d01d req-8146d53a-de6e-46c7-af14-01540524d01d ] Request (SecurityGroupRulesTestJSON:test_security_group_rules_list): 200 POST http://10.180.1.21/compute/v2.1/os-security-group-rules 0.770s
2025-01-06 16:38:44.143 67609 INFO tempest.lib.common.rest_client [req-921c6eaf-0319-4177-8261-eac366a477a7 req-921c6eaf-0319-4177-8261-eac366a477a7 ] Request (DeleteServersAdminTestJSON:test_delete_server_while_in_error_state): 200 GET http://10.180.1.21/compute/v2.1/servers/b6a6d29b-6e30-4733-8854-b8c6cbcaa014 0.777s
2025-01-06 16:38:44.201 67637 INFO tempest.lib.common.rest_client [req-8db295e4-e7ac-41d8-937e-886c1ad583ee req-8db295e4-e7ac-41d8-937e-886c1ad583ee ] Request (InstanceActionsV221TestJSON:test_get_list_deleted_instance_actions): 200 GET http://10.180.1.21/compute/v2.1/servers/9413a118-c8d0-4cd3-8bb7-d08120f33489 0.792s
2025-01-06 16:38:44.258 67627 INFO tempest.lib.common.rest_client [req-86729471-2db5-4e92-b1c0-e207211a61e2 req-86729471-2db5-4e92-b1c0-e207211a61e2 ] Request (InstanceActionsTestJSON:tearDownClass): 200 GET http://10.180.1.21/compute/v2.1/servers/b46de92b-7858-4796-a6d7-8d71fd3dae6f 0.836s
2025-01-06 16:38:44.309 67642 INFO tempest.lib.common.rest_client [req-f9303a19-8c0e-4211-aa68-5d1c46045ca4 req-f9303a19-8c0e-4211-aa68-5d1c46045ca4 ] Request (ServersTestBootFromVolume:setUpClass): 200 GET http://10.180.1.21/compute/v2.1/servers/5b4a8123-9c99-493d-b720-349ccfbd8652 0.825s
2025-01-06 16:38:44.377 67633 INFO tempest.lib.common.rest_client [req-01a33895-4ecb-47fc-a370-58d06fcca64b req-01a33895-4ecb-47fc-a370-58d06fcca64b ] Request (AttachInterfacesV270Test:tearDownClass): 200 GET http://10.180.1.21/compute/v2.1/servers/98770d13-fd1e-4d55-b4a7-4e17b260167a 0.860s
2025-01-06 16:38:44.474 67619 INFO tempest.lib.common.rest_client [req-47e1acfe-163d-433f-89a1-8db3e0ee7ef9 req-47e1acfe-163d-433f-89a1-8db3e0ee7ef9 ] Request (ServersAdminTestJSON:test_create_server_with_scheduling_hint): 200 GET http://10.180.1.21/compute/v2.1/servers/a1ec2078-1ae4-4bba-b6e7-5f54b453e5db 0.901s
2025-01-06 16:38:44.677 67593 INFO tempest.lib.common.rest_client [req-ea7ddeef-78f9-4aa5-bb43-4c3c7ec12fa5 req-ea7ddeef-78f9-4aa5-bb43-4c3c7ec12fa5 ] Request (ListImageFiltersTestJSON:setUpClass): 200 GET http://10.180.1.21/compute/v2.1/servers/f04c52e5-5d86-4da5-b8c0-ea8186e2ac7c 0.816s
2025-01-06 16:38:44.741 67645 INFO tempest.lib.common.rest_client [req-e12a096b-93b1-4a7a-8769-82292907c353 req-e12a096b-93b1-4a7a-8769-82292907c353 ] Request (ServerShowV254Test:tearDownClass): 200 GET http://10.180.1.21/compute/v2.1/servers/70edcc72-c86a-43a7-9342-1332164f5fda 0.819s
2025-01-06 16:38:44.790 67639 INFO tempest.lib.common.rest_client [req-7b11f8d1-d02b-4683-96b8-5293223d5fac req-7b11f8d1-d02b-4683-96b8-5293223d5fac ] Request (FloatingIPsAssociationNegativeTestJSON:test_associate_ip_to_server_with_floating_ip): 202 POST http://10.180.1.21/compute/v2.1/servers/0a517109-71f2-4bec-8e05-4eea325692dd/action 1.634s
2025-01-06 16:38:44.799 67613 INFO tempest.lib.common.rest_client [req-2be2f50f-87ca-4e0e-8796-0a89cc9cb73d req-2be2f50f-87ca-4e0e-8796-0a89cc9cb73d ] Request (ServerDiagnosticsNegativeTest:tearDownClass): 200 GET http://10.180.1.21/compute/v2.1/servers/4465170d-735f-469d-8be1-90251bb88fe2 0.824s
2025-01-06 16:38:44.820 67629 INFO tempest.lib.common.rest_client [req-84019945-4f00-4612-99e6-3b01092e36bd req-84019945-4f00-4612-99e6-3b01092e36bd ] Request (SecurityGroupRulesTestJSON:test_security_group_rules_list): 200 GET http://10.180.1.21/compute/v2.1/os-security-groups/498c2d18-aa6d-4491-a8db-33768a7d805a 0.740s
2025-01-06 16:38:44.874 67597 INFO tempest.lib.common.rest_client [req-47b2d49e-08fb-4af6-bab3-f6be6c53f2f2 req-47b2d49e-08fb-4af6-bab3-f6be6c53f2f2 ] Request (ServersTestFqdnHostnames:test_create_server_with_fqdn_name): 200 GET http://10.180.1.21/compute/v2.1/servers/61bc8cf8-f078-4dd8-90eb-b5e6814abc08 0.730s
2025-01-06 16:38:44.909 67607 INFO tempest.lib.common.rest_client [req-80bf3864-2762-4e95-91e6-9cc1fc22e4d2 req-80bf3864-2762-4e95-91e6-9cc1fc22e4d2 ] Request (MigrationsAdminTest:test_list_migrations_in_flavor_resize_situation): 200 GET http://10.180.1.21/compute/v2.1/servers/c50bc1d9-19e6-439e-8782-7b268047d420 0.820s
2025-01-06 16:38:44.930 67635 INFO tempest.lib.common.rest_client [req-9786051c-493f-4849-b073-2280fa414bba req-9786051c-493f-4849-b073-2280fa414bba ] Request (InstanceActionsNegativeTestJSON:tearDownClass): 200 GET http://10.180.1.21/compute/v2.1/servers/c3769f39-74b6-4fdb-bf70-cfe7f8b12761 0.634s
2025-01-06 16:38:44.939 67635 INFO tempest.common.waiters [-] State transition "ACTIVE/deleting" ==> "DELETED/None" after 3 second wait
2025-01-06 16:38:44.970 67617 INFO tempest.lib.common.rest_client [req-af78a1ed-4e3a-493b-bff5-566389c1a30f req-af78a1ed-4e3a-493b-bff5-566389c1a30f ] Request (ServerDiagnosticsV248Test:test_get_server_diagnostics): 200 GET http://10.180.1.21/compute/v2.1/servers/1cfbf45f-8724-4ace-b549-ffb8eda6d2ab 0.618s
2025-01-06 16:38:44.984 67617 INFO tempest.common.waiters [-] State transition "BUILD/scheduling" ==> "BUILD/None" after 29 second wait
2025-01-06 16:38:45.054 67623 INFO tempest.lib.common.rest_client [req-15f2f6f2-55b3-4e35-92ea-11d263d61dbd req-15f2f6f2-55b3-4e35-92ea-11d263d61dbd ] Request (ServerActionsTestOtherB:setUpClass): 200 GET http://10.180.1.21/compute/v2.1/servers/1e5ff955-6903-42cb-9583-95c9a142b41f 0.653s
2025-01-06 16:38:45.090 67648 INFO tempest.lib.common.rest_client [req-7e5277c6-51db-46b7-8073-e11154cca834 req-7e5277c6-51db-46b7-8073-e11154cca834 ] Request (ServersAdminNegativeTestJSON:test_migrate_server_invalid_state): 200 GET http://10.180.1.21/compute/v2.1/servers/f263411a-c4ff-4ee8-a10a-7fc791491124 0.714s
2025-01-06 16:38:45.099 67648 INFO tempest.common.waiters [-] State transition "BUILD/None" ==> "BUILD/spawning" after 43 second wait
2025-01-06 16:38:45.141 67621 INFO tempest.lib.common.rest_client [req-403b134d-c61f-48fc-8be8-1fca6abbe43d req-403b134d-c61f-48fc-8be8-1fca6abbe43d ] Request (FloatingIPsAssociationTestJSON:setUpClass): 200 GET http://10.180.1.21/compute/v2.1/servers/ab454db1-8b99-4608-8672-8f64a19274bd 0.673s
2025-01-06 16:38:45.217 67591 INFO tempest.lib.common.rest_client [req-838957b8-ec10-4590-aa2d-15673d766dcf req-838957b8-ec10-4590-aa2d-15673d766dcf ] Request (ServersAdmin275Test:tearDownClass): 200 GET http://10.180.1.21/compute/v2.1/servers/895cf2de-e826-49e7-8674-863a62611dcf 0.680s
2025-01-06 16:38:45.237 67585 INFO tempest.lib.common.rest_client [req-8dcd3387-37c3-479b-acc9-324cd3880f18 req-8dcd3387-37c3-479b-acc9-324cd3880f18 ] Request (ImagesNegativeTestJSON:test_create_image_from_deleted_server): 200 GET http://10.180.1.21/compute/v2.1/servers/2b9b480d-dcf8-4d9d-b129-3514e935a3ad 0.750s
2025-01-06 16:38:45.245 67585 INFO tempest.common.waiters [-] State transition "BUILD/spawning" ==> "ACTIVE/None" after 49 second wait
2025-01-06 16:38:45.283 67589 INFO tempest.lib.common.rest_client [req-6f50072b-413a-459d-b3ae-d1e66682bbfc req-6f50072b-413a-459d-b3ae-d1e66682bbfc ] Request (AttachVolumeNegativeTest:test_attach_attached_volume_to_different_server): 200 GET http://10.180.1.21/compute/v2.1/servers/a8b57022-3376-4cd7-a883-01eac833e7ca 0.744s
2025-01-06 16:38:45.298 67615 INFO tempest.lib.common.rest_client [req-8273d19f-288a-4db1-8311-91072034aa08 req-8273d19f-288a-4db1-8311-91072034aa08 ] Request (VolumesAdminNegativeTest:test_update_attached_volume_with_nonexistent_volume_in_body): 200 GET http://10.180.1.21/compute/v2.1/servers/8fab02f5-4ebd-4b01-acf1-acdd76b918bc 0.706s
2025-01-06 16:38:45.336 67631 INFO tempest.lib.common.rest_client [req-2d94a4fc-fec4-421a-84b2-b9cc9e24b350 req-2d94a4fc-fec4-421a-84b2-b9cc9e24b350 ] Request (ServersTestJSON:setUpClass): 200 GET http://10.180.1.21/compute/v2.1/servers/6798791d-4bc3-438c-953d-a3da73c33139 0.739s
2025-01-06 16:38:45.341 67595 INFO tempest.lib.common.rest_client [req-60684407-cd99-4c5d-82c7-027d52aa2147 req-60684407-cd99-4c5d-82c7-027d52aa2147 ] Request (ServersTestJSON:test_create_server_specify_multibyte_character_name): 200 GET http://10.180.1.21/compute/v2.1/servers/7f16ec7d-56cf-4636-bcca-9dd80b5470b4 0.697s
2025-01-06 16:38:45.457 67625 INFO tempest.lib.common.rest_client [req-5d076974-b97e-4895-a137-62ad1ff49747 req-5d076974-b97e-4895-a137-62ad1ff49747 ] Request (ServerDiskConfigTestJSON:test_rebuild_server_with_auto_disk_config): 200 GET http://10.180.1.21/compute/v2.1/servers/2377e8d9-b6cb-4d31-8807-5b513acc1477 0.672s
2025-01-06 16:38:45.638 67629 INFO tempest.lib.common.rest_client [req-551e2a48-637f-40fe-a54e-56859ba5040c req-551e2a48-637f-40fe-a54e-56859ba5040c ] Request (SecurityGroupRulesTestJSON:_run_cleanups): 202 DELETE http://10.180.1.21/compute/v2.1/os-security-group-rules/205ceb79-060c-4d46-aed5-e875f4d5916e 0.815s
2025-01-06 16:38:45.706 67599 INFO tempest.lib.common.rest_client [req-2f2f91c8-9f57-434a-a321-38de28fec796 req-2f2f91c8-9f57-434a-a321-38de28fec796 ] Request (ImagesOneServerTestJSON:tearDownClass): 200 GET http://10.180.1.21/compute/v2.1/servers/d7c708b7-1702-4f31-a8db-07f8d601b7fc 0.861s
2025-01-06 16:38:45.942 67609 INFO tempest.lib.common.rest_client [req-79a2ead7-e4fe-4e0a-8a65-42715ef10e2e req-79a2ead7-e4fe-4e0a-8a65-42715ef10e2e ] Request (DeleteServersAdminTestJSON:test_delete_server_while_in_error_state): 200 GET http://10.180.1.21/compute/v2.1/servers/b6a6d29b-6e30-4733-8854-b8c6cbcaa014 0.781s
2025-01-06 16:38:46.000 67637 INFO tempest.lib.common.rest_client [req-87ba8a02-fe69-4b78-a943-8f6ec38510f1 req-87ba8a02-fe69-4b78-a943-8f6ec38510f1 ] Request (InstanceActionsV221TestJSON:test_get_list_deleted_instance_actions): 200 GET http://10.180.1.21/compute/v2.1/servers/9413a118-c8d0-4cd3-8bb7-d08120f33489 0.789s
2025-01-06 16:38:46.062 67585 INFO tempest.lib.common.rest_client [req-a1c530de-ff6f-4db7-b639-2bd0c0b419bd req-a1c530de-ff6f-4db7-b639-2bd0c0b419bd ] Request (ImagesNegativeTestJSON:test_create_image_from_deleted_server): 204 DELETE http://10.180.1.21/compute/v2.1/servers/2b9b480d-dcf8-4d9d-b129-3514e935a3ad 0.817s
2025-01-06 16:38:46.126 67627 INFO tempest.lib.common.rest_client [req-4a34d09f-c83f-41c3-85d7-450c7ae41238 req-4a34d09f-c83f-41c3-85d7-450c7ae41238 ] Request (InstanceActionsTestJSON:tearDownClass): 200 GET http://10.180.1.21/compute/v2.1/servers/b46de92b-7858-4796-a6d7-8d71fd3dae6f 0.859s
2025-01-06 16:38:46.177 67642 INFO tempest.lib.common.rest_client [req-7134d832-3851-4080-a859-2a42ced208d3 req-7134d832-3851-4080-a859-2a42ced208d3 ] Request (ServersTestBootFromVolume:setUpClass): 200 GET http://10.180.1.21/compute/v2.1/servers/5b4a8123-9c99-493d-b720-349ccfbd8652 0.860s
2025-01-06 16:38:46.196 67633 INFO tempest.lib.common.rest_client [req-b28d3456-3a90-4b7b-b4a4-96df22deaffb req-b28d3456-3a90-4b7b-b4a4-96df22deaffb ] Request (AttachInterfacesV270Test:tearDownClass): 404 GET http://10.180.1.21/compute/v2.1/servers/98770d13-fd1e-4d55-b4a7-4e17b260167a 0.809s
2025-01-06 16:38:46.243 67619 INFO tempest.lib.common.rest_client [req-24db13ba-77e2-4af0-932f-7d6692f0222e req-24db13ba-77e2-4af0-932f-7d6692f0222e ] Request (ServersAdminTestJSON:test_create_server_with_scheduling_hint): 200 GET http://10.180.1.21/compute/v2.1/servers/a1ec2078-1ae4-4bba-b6e7-5f54b453e5db 0.760s
2025-01-06 16:38:46.359 67639 INFO tempest.lib.common.rest_client [req-d4fbd7da-3b01-482a-b50b-d096a33e151d req-d4fbd7da-3b01-482a-b50b-d096a33e151d ] Request (FloatingIPsAssociationNegativeTestJSON:test_associate_ip_to_server_with_floating_ip): 200 POST http://10.180.1.21/compute/v2.1/os-floating-ips 1.568s
2025-01-06 16:38:46.386 67629 INFO tempest.lib.common.rest_client [req-e036268f-b341-4b2e-a287-dd5daaecac7f req-e036268f-b341-4b2e-a287-dd5daaecac7f ] Request (SecurityGroupRulesTestJSON:tearDownClass): 202 DELETE http://10.180.1.21/compute/v2.1/os-security-groups/498c2d18-aa6d-4491-a8db-33768a7d805a 0.744s
2025-01-06 16:38:46.427 67611 WARNING tempest.lib.common.ssh [-] Failed to establish authenticated ssh connection to cirros@10.180.180.207 ([Errno None] Unable to connect to port 22 on 10.180.180.207). Number attempts: 5. Retry after 6 seconds.: paramiko.ssh_exception.NoValidConnectionsError: [Errno None] Unable to connect to port 22 on 10.180.180.207
2025-01-06 16:38:46.449 67645 INFO tempest.lib.common.rest_client [req-7d70a36e-d35b-4da6-9deb-9f310d62ead9 req-7d70a36e-d35b-4da6-9deb-9f310d62ead9 ] Request (ServerShowV254Test:tearDownClass): 200 GET http://10.180.1.21/compute/v2.1/servers/70edcc72-c86a-43a7-9342-1332164f5fda 0.699s
2025-01-06 16:38:46.472 67593 INFO tempest.lib.common.rest_client [req-07e4517a-192d-4603-a607-8abffce6b3e8 req-07e4517a-192d-4603-a607-8abffce6b3e8 ] Request (ListImageFiltersTestJSON:setUpClass): 200 GET http://10.180.1.21/compute/v2.1/servers/f04c52e5-5d86-4da5-b8c0-ea8186e2ac7c 0.784s
2025-01-06 16:38:46.525 67613 INFO tempest.lib.common.rest_client [req-577e457e-0dfb-4ac4-a9e8-0fb3d5f277cb req-577e457e-0dfb-4ac4-a9e8-0fb3d5f277cb ] Request (ServerDiagnosticsNegativeTest:tearDownClass): 200 GET http://10.180.1.21/compute/v2.1/servers/4465170d-735f-469d-8be1-90251bb88fe2 0.720s
2025-01-06 16:38:46.531 67597 INFO tempest.lib.common.rest_client [req-4fb93862-8a5a-4b31-8867-9a237c8e517d req-4fb93862-8a5a-4b31-8867-9a237c8e517d ] Request (ServersTestFqdnHostnames:test_create_server_with_fqdn_name): 200 GET http://10.180.1.21/compute/v2.1/servers/61bc8cf8-f078-4dd8-90eb-b5e6814abc08 0.651s
2025-01-06 16:38:46.603 67635 INFO tempest.lib.common.rest_client [req-8b1290c5-e574-460f-9f2e-79517f88cf3e req-8b1290c5-e574-460f-9f2e-79517f88cf3e ] Request (InstanceActionsNegativeTestJSON:tearDownClass): 200 GET http://10.180.1.21/compute/v2.1/servers/c3769f39-74b6-4fdb-bf70-cfe7f8b12761 0.663s
2025-01-06 16:38:46.670 67607 INFO tempest.lib.common.rest_client [req-308def6a-95c5-4d53-9752-5fceeb4403aa req-308def6a-95c5-4d53-9752-5fceeb4403aa ] Request (MigrationsAdminTest:test_list_migrations_in_flavor_resize_situation): 200 GET http://10.180.1.21/compute/v2.1/servers/c50bc1d9-19e6-439e-8782-7b268047d420 0.753s
2025-01-06 16:38:46.671 67617 INFO tempest.lib.common.rest_client [req-cb765291-fc15-4fa9-bf72-bd5343ccecab req-cb765291-fc15-4fa9-bf72-bd5343ccecab ] Request (ServerDiagnosticsV248Test:test_get_server_diagnostics): 200 GET http://10.180.1.21/compute/v2.1/servers/1cfbf45f-8724-4ace-b549-ffb8eda6d2ab 0.686s
2025-01-06 16:38:46.745 67623 INFO tempest.lib.common.rest_client [req-7ccdc3ae-d501-4fc5-bc06-6e0d60f0414c req-7ccdc3ae-d501-4fc5-bc06-6e0d60f0414c ] Request (ServerActionsTestOtherB:setUpClass): 200 GET http://10.180.1.21/compute/v2.1/servers/1e5ff955-6903-42cb-9583-95c9a142b41f 0.682s
2025-01-06 16:38:46.904 67585 INFO tempest.lib.common.rest_client [req-3a52fb21-469d-4098-93ba-0c3dbb5b9803 req-3a52fb21-469d-4098-93ba-0c3dbb5b9803 ] Request (ImagesNegativeTestJSON:test_create_image_from_deleted_server): 200 GET http://10.180.1.21/compute/v2.1/servers/2b9b480d-dcf8-4d9d-b129-3514e935a3ad 0.841s
2025-01-06 16:38:46.934 67648 INFO tempest.lib.common.rest_client [req-8f671a16-2eb2-499a-80f4-07ca2acc3c61 req-8f671a16-2eb2-499a-80f4-07ca2acc3c61 ] Request (ServersAdminNegativeTestJSON:test_migrate_server_invalid_state): 200 GET http://10.180.1.21/compute/v2.1/servers/f263411a-c4ff-4ee8-a10a-7fc791491124 0.833s
2025-01-06 16:38:46.969 67621 INFO tempest.lib.common.rest_client [req-2d236d60-3bfc-4b8f-82f9-23903ae29099 req-2d236d60-3bfc-4b8f-82f9-23903ae29099 ] Request (FloatingIPsAssociationTestJSON:setUpClass): 200 GET http://10.180.1.21/compute/v2.1/servers/ab454db1-8b99-4608-8672-8f64a19274bd 0.821s
2025-01-06 16:38:46.980 67621 INFO tempest.common.waiters [-] State transition "BUILD/scheduling" ==> "BUILD/None" after 29 second wait
2025-01-06 16:38:47.001 67591 INFO tempest.lib.common.rest_client [req-b34fd55f-1cd8-49c3-9819-5cd646f10e8d req-b34fd55f-1cd8-49c3-9819-5cd646f10e8d ] Request (ServersAdmin275Test:tearDownClass): 200 GET http://10.180.1.21/compute/v2.1/servers/895cf2de-e826-49e7-8674-863a62611dcf 0.775s
2025-01-06 16:38:47.030 67589 INFO tempest.lib.common.rest_client [req-07bd2420-b06d-4c24-a235-b0dae18d49f5 req-07bd2420-b06d-4c24-a235-b0dae18d49f5 ] Request (AttachVolumeNegativeTest:test_attach_attached_volume_to_different_server): 200 GET http://10.180.1.21/compute/v2.1/servers/a8b57022-3376-4cd7-a883-01eac833e7ca 0.740s
2025-01-06 16:38:47.060 67615 INFO tempest.lib.common.rest_client [req-344af212-0876-4082-9596-192152bfdad3 req-344af212-0876-4082-9596-192152bfdad3 ] Request (VolumesAdminNegativeTest:test_update_attached_volume_with_nonexistent_volume_in_body): 200 GET http://10.180.1.21/compute/v2.1/servers/8fab02f5-4ebd-4b01-acf1-acdd76b918bc 0.755s
2025-01-06 16:38:47.090 67631 INFO tempest.lib.common.rest_client [req-644308e9-6645-4392-846f-548a68827b75 req-644308e9-6645-4392-846f-548a68827b75 ] Request (ServersTestJSON:setUpClass): 200 GET http://10.180.1.21/compute/v2.1/servers/6798791d-4bc3-438c-953d-a3da73c33139 0.746s
2025-01-06 16:38:47.110 67595 INFO tempest.lib.common.rest_client [req-a82f67b0-c28d-4ac1-a9e8-19fa1d003798 req-a82f67b0-c28d-4ac1-a9e8-19fa1d003798 ] Request (ServersTestJSON:test_create_server_specify_multibyte_character_name): 200 GET http://10.180.1.21/compute/v2.1/servers/7f16ec7d-56cf-4636-bcca-9dd80b5470b4 0.762s
2025-01-06 16:38:47.116 67633 INFO tempest.lib.common.rest_client [req-993ce71c-5673-41d4-9ef8-e780a7bed20d req-993ce71c-5673-41d4-9ef8-e780a7bed20d ] Request (AttachInterfacesV270Test:tearDownClass): 200 PUT http://10.180.1.21:9696/networking/v2.0/routers/8064d3c0-33b8-4f7d-8060-177ab5115c64/remove_router_interface 0.919s
2025-01-06 16:38:47.129 67629 INFO tempest.lib.common.rest_client [req-287700b3-40d9-4cc0-a0eb-a71bbb3cf43c req-287700b3-40d9-4cc0-a0eb-a71bbb3cf43c ] Request (SecurityGroupRulesTestJSON:tearDownClass): 404 DELETE http://10.180.1.21/compute/v2.1/os-security-groups/abae6e8d-a8f6-4052-a905-f76215e56d9f 0.743s
2025-01-06 16:38:47.391 67625 INFO tempest.lib.common.rest_client [req-983d8b76-331d-41fc-a74d-6b9c649dbb96 req-983d8b76-331d-41fc-a74d-6b9c649dbb96 ] Request (ServerDiskConfigTestJSON:test_rebuild_server_with_auto_disk_config): 200 GET http://10.180.1.21/compute/v2.1/servers/2377e8d9-b6cb-4d31-8807-5b513acc1477 0.927s
2025-01-06 16:38:47.402 67639 INFO tempest.lib.common.rest_client [req-cc6565dd-2444-49ff-bd5c-25d99df25692 req-cc6565dd-2444-49ff-bd5c-25d99df25692 ] Request (FloatingIPsAssociationNegativeTestJSON:test_associate_ip_to_server_with_floating_ip): 400 POST http://10.180.1.21/compute/v2.1/servers/0a517109-71f2-4bec-8e05-4eea325692dd/action 1.040s
2025-01-06 16:38:47.464 67609 INFO tempest.lib.common.rest_client [req-51b5cd6c-5aea-4a2a-a179-8fb4327a6afc req-51b5cd6c-5aea-4a2a-a179-8fb4327a6afc ] Request (DeleteServersAdminTestJSON:test_delete_server_while_in_error_state): 200 GET http://10.180.1.21/compute/v2.1/servers/b6a6d29b-6e30-4733-8854-b8c6cbcaa014 0.512s
2025-01-06 16:38:47.469 67599 INFO tempest.lib.common.rest_client [req-99803078-6baf-40e1-a79f-14d18770ec2f req-99803078-6baf-40e1-a79f-14d18770ec2f ] Request (ImagesOneServerTestJSON:tearDownClass): 200 GET http://10.180.1.21/compute/v2.1/servers/d7c708b7-1702-4f31-a8db-07f8d601b7fc 0.756s
2025-01-06 16:38:47.506 67633 INFO tempest.lib.common.rest_client [req-27b90b1d-194e-436f-b051-77197c667edc req-27b90b1d-194e-436f-b051-77197c667edc ] Request (AttachInterfacesV270Test:tearDownClass): 204 DELETE http://10.180.1.21:9696/networking/v2.0/routers/8064d3c0-33b8-4f7d-8060-177ab5115c64 0.389s
2025-01-06 16:38:47.526 67637 INFO tempest.lib.common.rest_client [req-874118bf-0e8d-424e-a2ca-86a0aae5dff0 req-874118bf-0e8d-424e-a2ca-86a0aae5dff0 ] Request (InstanceActionsV221TestJSON:test_get_list_deleted_instance_actions): 200 GET http://10.180.1.21/compute/v2.1/servers/9413a118-c8d0-4cd3-8bb7-d08120f33489 0.515s
2025-01-06 16:38:47.584 67627 INFO tempest.lib.common.rest_client [req-b20610c8-f254-4ceb-b13a-1c2821fd57e2 req-b20610c8-f254-4ceb-b13a-1c2821fd57e2 ] Request (InstanceActionsTestJSON:tearDownClass): 200 GET http://10.180.1.21/compute/v2.1/servers/b46de92b-7858-4796-a6d7-8d71fd3dae6f 0.450s
2025-01-06 16:38:47.585 67629 INFO tempest.lib.common.rest_client [req-b284d552-5101-4a23-b30e-cd59509db3dc req-b284d552-5101-4a23-b30e-cd59509db3dc ] Request (SecurityGroupRulesTestJSON:tearDownClass): 202 DELETE http://10.180.1.21/compute/v2.1/os-security-groups/90e95764-30ef-4bed-aab3-30b3ad84cd67 0.455s
2025-01-06 16:38:47.636 67642 INFO tempest.lib.common.rest_client [req-06d3f7f1-a400-48d3-8ea4-b8b96a4563e6 req-06d3f7f1-a400-48d3-8ea4-b8b96a4563e6 ] Request (ServersTestBootFromVolume:setUpClass): 200 GET http://10.180.1.21/compute/v2.1/servers/5b4a8123-9c99-493d-b720-349ccfbd8652 0.451s
2025-01-06 16:38:47.644 67633 INFO tempest.lib.common.rest_client [req-930a0c82-4522-46fa-9480-b10e0448a536 req-930a0c82-4522-46fa-9480-b10e0448a536 ] Request (AttachInterfacesV270Test:tearDownClass): 204 DELETE http://10.180.1.21:9696/networking/v2.0/subnets/af0eea4f-619d-48b1-b3c9-6a1409666888 0.137s
2025-01-06 16:38:47.646 67619 INFO tempest.lib.common.rest_client [req-ea2e5643-3885-406a-a31a-abcca616443c req-ea2e5643-3885-406a-a31a-abcca616443c ] Request (ServersAdminTestJSON:test_create_server_with_scheduling_hint): 200 GET http://10.180.1.21/compute/v2.1/servers/a1ec2078-1ae4-4bba-b6e7-5f54b453e5db 0.396s
2025-01-06 16:38:47.717 67645 INFO tempest.lib.common.rest_client [req-d6a04020-63aa-4483-be16-8ad43a704a3f req-d6a04020-63aa-4483-be16-8ad43a704a3f ] Request (ServerShowV254Test:tearDownClass): 200 GET http://10.180.1.21/compute/v2.1/servers/70edcc72-c86a-43a7-9342-1332164f5fda 0.258s
2025-01-06 16:38:47.876 67593 INFO tempest.lib.common.rest_client [req-9894b517-8278-4004-bbd7-df299c251e5d req-9894b517-8278-4004-bbd7-df299c251e5d ] Request (ListImageFiltersTestJSON:setUpClass): 200 GET http://10.180.1.21/compute/v2.1/servers/f04c52e5-5d86-4da5-b8c0-ea8186e2ac7c 0.396s
2025-01-06 16:38:47.909 67633 INFO tempest.lib.common.rest_client [req-27a60876-a5a4-4f9c-9a49-4c1f9df5c326 req-27a60876-a5a4-4f9c-9a49-4c1f9df5c326 ] Request (AttachInterfacesV270Test:tearDownClass): 204 DELETE http://10.180.1.21:9696/networking/v2.0/networks/d77cab56-5a9f-47b9-86df-4b9589014ea8 0.265s
2025-01-06 16:38:47.961 67613 INFO tempest.lib.common.rest_client [req-48617d6c-fdde-4ec2-95f5-6ae242773362 req-48617d6c-fdde-4ec2-95f5-6ae242773362 ] Request (ServerDiagnosticsNegativeTest:tearDownClass): 200 GET http://10.180.1.21/compute/v2.1/servers/4465170d-735f-469d-8be1-90251bb88fe2 0.429s
2025-01-06 16:38:48.010 67633 INFO tempest.lib.common.rest_client [req-bab8514b-8a0e-429d-90b2-d383a2576534 req-bab8514b-8a0e-429d-90b2-d383a2576534 ] Request (AttachInterfacesV270Test:tearDownClass): 204 DELETE http://10.180.1.21/identity/v3/users/e5f7878016764a3d8fc14f534622175a 0.100s
2025-01-06 16:38:48.011 67633 INFO tempest.lib.common.dynamic_creds [-] Deleting project and security group for project: 6e7e5ee2567a4e02a60fa8275d72e6a3
2025-01-06 16:38:48.018 67597 INFO tempest.lib.common.rest_client [req-dc8b8e0c-35b3-45fc-b28f-a7e7e407293a req-dc8b8e0c-35b3-45fc-b28f-a7e7e407293a ] Request (ServersTestFqdnHostnames:test_create_server_with_fqdn_name): 200 GET http://10.180.1.21/compute/v2.1/servers/61bc8cf8-f078-4dd8-90eb-b5e6814abc08 0.479s
2025-01-06 16:38:48.042 67633 INFO tempest.lib.common.rest_client [req-db32daa8-679e-4f15-8d88-184918419fcd req-db32daa8-679e-4f15-8d88-184918419fcd ] Request (AttachInterfacesV270Test:tearDownClass): 200 GET http://10.180.1.21:9696/networking/v2.0/security-groups?tenant_id=6e7e5ee2567a4e02a60fa8275d72e6a3&name=default 0.031s
2025-01-06 16:38:48.089 67639 INFO tempest.lib.common.rest_client [req-43971432-04a0-4edd-84a9-438eebcc6333 req-43971432-04a0-4edd-84a9-438eebcc6333 ] Request (FloatingIPsAssociationNegativeTestJSON:_run_cleanups): 202 DELETE http://10.180.1.21/compute/v2.1/os-floating-ips/7e7d9c68-5abb-443c-8f8c-b7d49ef0f284 0.686s
2025-01-06 16:38:48.121 67633 INFO tempest.lib.common.rest_client [req-610efbee-c37d-44fb-9702-68319a8c1f17 req-610efbee-c37d-44fb-9702-68319a8c1f17 ] Request (AttachInterfacesV270Test:tearDownClass): 204 DELETE http://10.180.1.21:9696/networking/v2.0/security-groups/a9001519-e9d9-458d-85ab-56b8aab37490 0.078s
2025-01-06 16:38:48.172 67635 INFO tempest.lib.common.rest_client [req-e2ff79ff-7004-4897-9325-2cf3c3b72928 req-e2ff79ff-7004-4897-9325-2cf3c3b72928 ] Request (InstanceActionsNegativeTestJSON:tearDownClass): 200 GET http://10.180.1.21/compute/v2.1/servers/c3769f39-74b6-4fdb-bf70-cfe7f8b12761 0.561s
2025-01-06 16:38:48.178 67629 INFO tempest.lib.common.rest_client [req-aa8d2d2e-6c15-4f0e-a35d-a101402542eb req-aa8d2d2e-6c15-4f0e-a35d-a101402542eb ] Request (SecurityGroupRulesTestJSON:tearDownClass): 202 DELETE http://10.180.1.21/compute/v2.1/os-security-groups/e1cf897d-5613-41ae-9efc-2fe87e26ed43 0.593s
2025-01-06 16:38:48.243 67633 INFO tempest.lib.common.rest_client [req-a48c74c9-38c8-4e36-95f2-b2c13f3dd946 req-a48c74c9-38c8-4e36-95f2-b2c13f3dd946 ] Request (AttachInterfacesV270Test:tearDownClass): 204 DELETE http://10.180.1.21/identity/v3/projects/6e7e5ee2567a4e02a60fa8275d72e6a3 0.122s
2025-01-06 16:38:48.259 67617 INFO tempest.lib.common.rest_client [req-4b26718f-b602-46f9-bccd-2c8dc3f5f226 req-4b26718f-b602-46f9-bccd-2c8dc3f5f226 ] Request (ServerDiagnosticsV248Test:test_get_server_diagnostics): 200 GET http://10.180.1.21/compute/v2.1/servers/1cfbf45f-8724-4ace-b549-ffb8eda6d2ab 0.576s
2025-01-06 16:38:48.313 67633 INFO tempest.lib.common.rest_client [req-91c52faf-b15c-45e0-b8aa-5679fc4ddee0 req-91c52faf-b15c-45e0-b8aa-5679fc4ddee0 ] Request (DeleteServersTestJSON:setUpClass): 201 POST http://10.180.1.21/identity/v3/auth/tokens 0.069s
2025-01-06 16:38:48.322 67623 INFO tempest.lib.common.rest_client [req-c9f0731b-351f-45e4-966f-a56ddb201759 req-c9f0731b-351f-45e4-966f-a56ddb201759 ] Request (ServerActionsTestOtherB:setUpClass): 200 GET http://10.180.1.21/compute/v2.1/servers/1e5ff955-6903-42cb-9583-95c9a142b41f 0.569s
2025-01-06 16:38:48.353 67607 INFO tempest.lib.common.rest_client [req-47de0a28-6027-4362-8b85-bb0446235988 req-47de0a28-6027-4362-8b85-bb0446235988 ] Request (MigrationsAdminTest:test_list_migrations_in_flavor_resize_situation): 200 GET http://10.180.1.21/compute/v2.1/servers/c50bc1d9-19e6-439e-8782-7b268047d420 0.674s
2025-01-06 16:38:48.352 67633 INFO tempest.lib.common.rest_client [req-9032b2b3-d287-4ba8-bd8d-2619342f9661 req-9032b2b3-d287-4ba8-bd8d-2619342f9661 ] Request (DeleteServersTestJSON:setUpClass): 201 POST http://10.180.1.21/identity/v3/auth/tokens 0.036s
2025-01-06 16:38:48.383 67633 INFO tempest.lib.common.rest_client [req-3a329d11-b706-4237-95df-e3e834e21a6e req-3a329d11-b706-4237-95df-e3e834e21a6e ] Request (DeleteServersTestJSON:setUpClass): 200 GET http://10.180.1.21/identity/v3/domains?name=Default 0.029s
2025-01-06 16:38:48.413 67633 INFO tempest.lib.common.rest_client [req-0af7070f-dbed-45e5-a7a4-b56154f760af req-0af7070f-dbed-45e5-a7a4-b56154f760af ] Request (DeleteServersTestJSON:setUpClass): 201 POST http://10.180.1.21/identity/v3/projects 0.029s
2025-01-06 16:38:48.476 67633 INFO tempest.lib.common.rest_client [req-0ec69d39-2d42-4584-9f8c-a247dd63623a req-0ec69d39-2d42-4584-9f8c-a247dd63623a ] Request (DeleteServersTestJSON:setUpClass): 201 POST http://10.180.1.21/identity/v3/users 0.063s
2025-01-06 16:38:48.500 67633 INFO tempest.lib.common.rest_client [req-ba49065d-f4ad-4771-9413-36b2f315695a req-ba49065d-f4ad-4771-9413-36b2f315695a ] Request (DeleteServersTestJSON:setUpClass): 200 GET http://10.180.1.21/identity/v3/roles 0.024s
2025-01-06 16:38:48.504 67585 INFO tempest.lib.common.rest_client [req-1ead7e99-1bfd-4f2c-a2ff-eed74127e43e req-1ead7e99-1bfd-4f2c-a2ff-eed74127e43e ] Request (ImagesNegativeTestJSON:test_create_image_from_deleted_server): 200 GET http://10.180.1.21/compute/v2.1/servers/2b9b480d-dcf8-4d9d-b129-3514e935a3ad 0.593s
2025-01-06 16:38:48.512 67648 INFO tempest.lib.common.rest_client [req-ddeb24ee-0b7b-4370-85d5-dec8d75fc7b6 req-ddeb24ee-0b7b-4370-85d5-dec8d75fc7b6 ] Request (ServersAdminNegativeTestJSON:test_migrate_server_invalid_state): 200 GET http://10.180.1.21/compute/v2.1/servers/f263411a-c4ff-4ee8-a10a-7fc791491124 0.570s
2025-01-06 16:38:48.541 67633 INFO tempest.lib.common.rest_client [req-28a7f757-427c-42c5-9588-b7cff0f4287e req-28a7f757-427c-42c5-9588-b7cff0f4287e ] Request (DeleteServersTestJSON:setUpClass): 204 PUT http://10.180.1.21/identity/v3/projects/8ec98363f37c46b9a380ef16befd4154/users/26141c86654e4b5280d3d97a14fa5313/roles/2c41006c91604de8a71c03f5b30692d4 0.040s
2025-01-06 16:38:48.542 67633 INFO tempest.lib.common.dynamic_creds [-] Dynamic test user 26141c86654e4b5280d3d97a14fa5313 is created with scope project and roles: ['member']
2025-01-06 16:38:48.542 67633 INFO tempest.lib.common.dynamic_creds [-] Acquired dynamic creds: credentials: Credentials: {'domain_id': 'default', 'domain_name': 'Default', 'username': 'tempest-DeleteServersTestJSON-1332014915-project-member', 'project_domain_id': 'default', 'project_domain_name': 'Default', 'project_id': '8ec98363f37c46b9a380ef16befd4154', 'project_name': 'tempest-DeleteServersTestJSON-1332014915', 'tenant_id': '8ec98363f37c46b9a380ef16befd4154', 'tenant_name': 'tempest-DeleteServersTestJSON-1332014915', 'user_domain_id': 'default', 'user_domain_name': 'Default', 'user_id': '26141c86654e4b5280d3d97a14fa5313', 'system': None}, Network: None, Subnet: None, Router: None
2025-01-06 16:38:48.575 67621 INFO tempest.lib.common.rest_client [req-c2662338-7602-4f11-901f-06136da264d9 req-c2662338-7602-4f11-901f-06136da264d9 ] Request (FloatingIPsAssociationTestJSON:setUpClass): 200 GET http://10.180.1.21/compute/v2.1/servers/ab454db1-8b99-4608-8672-8f64a19274bd 0.594s
2025-01-06 16:38:48.585 67591 INFO tempest.lib.common.rest_client [req-b920fb65-4367-49ad-81c2-c8ff06d12af6 req-b920fb65-4367-49ad-81c2-c8ff06d12af6 ] Request (ServersAdmin275Test:tearDownClass): 200 GET http://10.180.1.21/compute/v2.1/servers/895cf2de-e826-49e7-8674-863a62611dcf 0.575s
2025-01-06 16:38:48.600 67633 INFO tempest.lib.common.rest_client [req-b8a760dd-bab7-4f55-ab2c-57cbb6518dd2 req-b8a760dd-bab7-4f55-ab2c-57cbb6518dd2 ] Request (DeleteServersTestJSON:setUpClass): 201 POST http://10.180.1.21/identity/v3/auth/tokens 0.057s
2025-01-06 16:38:48.628 67589 INFO tempest.lib.common.rest_client [req-0864beb0-60ff-4d14-af01-c5bbd9f871df req-0864beb0-60ff-4d14-af01-c5bbd9f871df ] Request (AttachVolumeNegativeTest:test_attach_attached_volume_to_different_server): 200 GET http://10.180.1.21/compute/v2.1/servers/a8b57022-3376-4cd7-a883-01eac833e7ca 0.588s
2025-01-06 16:38:48.635 67615 INFO tempest.lib.common.rest_client [req-1b03606e-1295-44ee-8491-e6591637c9f6 req-1b03606e-1295-44ee-8491-e6591637c9f6 ] Request (VolumesAdminNegativeTest:test_update_attached_volume_with_nonexistent_volume_in_body): 200 GET http://10.180.1.21/compute/v2.1/servers/8fab02f5-4ebd-4b01-acf1-acdd76b918bc 0.563s
2025-01-06 16:38:48.635 67589 INFO tempest.common.waiters [-] State transition "BUILD/None" ==> "BUILD/networking" after 38 second wait
2025-01-06 16:38:48.705 67631 INFO tempest.lib.common.rest_client [req-a541498d-3e00-4bfe-acc4-30947f700335 req-a541498d-3e00-4bfe-acc4-30947f700335 ] Request (ServersTestJSON:setUpClass): 200 GET http://10.180.1.21/compute/v2.1/servers/6798791d-4bc3-438c-953d-a3da73c33139 0.604s
2025-01-06 16:38:48.761 67595 INFO tempest.lib.common.rest_client [req-602512aa-2d2a-4e1d-a5a2-b91e02e75f5a req-602512aa-2d2a-4e1d-a5a2-b91e02e75f5a ] Request (ServersTestJSON:test_create_server_specify_multibyte_character_name): 200 GET http://10.180.1.21/compute/v2.1/servers/7f16ec7d-56cf-4636-bcca-9dd80b5470b4 0.644s
2025-01-06 16:38:48.966 67629 INFO tempest.lib.common.rest_client [req-0b92b7e7-2e6c-496d-aa8c-3217d89e7817 req-0b92b7e7-2e6c-496d-aa8c-3217d89e7817 ] Request (SecurityGroupRulesTestJSON:tearDownClass): 202 DELETE http://10.180.1.21/compute/v2.1/os-security-groups/73ac74aa-bb89-4713-8d57-f23293185591 0.787s
2025-01-06 16:38:49.027 67633 INFO tempest.lib.common.rest_client [req-4fab92c0-1fd2-4933-ba88-67607831ef03 req-4fab92c0-1fd2-4933-ba88-67607831ef03 ] Request (DeleteServersTestJSON:setUpClass): 201 POST http://10.180.1.21:9696/networking/v2.0/networks 0.427s
2025-01-06 16:38:49.096 67625 INFO tempest.lib.common.rest_client [req-5b37cfc3-61be-494b-ade6-c91056d57fe6 req-5b37cfc3-61be-494b-ade6-c91056d57fe6 ] Request (ServerDiskConfigTestJSON:test_rebuild_server_with_auto_disk_config): 200 GET http://10.180.1.21/compute/v2.1/servers/2377e8d9-b6cb-4d31-8807-5b513acc1477 0.697s
2025-01-06 16:38:49.102 67625 INFO tempest.common.waiters [-] State transition "REBUILD/rebuild_spawning" ==> "ACTIVE/None" after 12 second wait
2025-01-06 16:38:49.167 67599 INFO tempest.lib.common.rest_client [req-076409df-5e72-4ef6-a9c4-025ddde65f36 req-076409df-5e72-4ef6-a9c4-025ddde65f36 ] Request (ImagesOneServerTestJSON:tearDownClass): 200 GET http://10.180.1.21/compute/v2.1/servers/d7c708b7-1702-4f31-a8db-07f8d601b7fc 0.690s
2025-01-06 16:38:49.180 67603 WARNING tempest.lib.common.ssh [-] Failed to establish authenticated ssh connection to cirros@10.180.180.140 ([Errno None] Unable to connect to port 22 on 10.180.180.140). Number attempts: 5. Retry after 6 seconds.: paramiko.ssh_exception.NoValidConnectionsError: [Errno None] Unable to connect to port 22 on 10.180.180.140
2025-01-06 16:38:49.226 67609 INFO tempest.lib.common.rest_client [req-5160bb65-0e4f-4639-baf9-34ac7e781558 req-5160bb65-0e4f-4639-baf9-34ac7e781558 ] Request (DeleteServersAdminTestJSON:test_delete_server_while_in_error_state): 200 GET http://10.180.1.21/compute/v2.1/servers/b6a6d29b-6e30-4733-8854-b8c6cbcaa014 0.748s
2025-01-06 16:38:49.288 67637 INFO tempest.lib.common.rest_client [req-e20eddc5-3a7a-4a61-95ad-c7eb82762515 req-e20eddc5-3a7a-4a61-95ad-c7eb82762515 ] Request (InstanceActionsV221TestJSON:test_get_list_deleted_instance_actions): 200 GET http://10.180.1.21/compute/v2.1/servers/9413a118-c8d0-4cd3-8bb7-d08120f33489 0.752s
2025-01-06 16:38:49.345 67633 INFO tempest.lib.common.rest_client [req-160788f5-e655-4a6b-9253-31f66e86d8cd req-160788f5-e655-4a6b-9253-31f66e86d8cd ] Request (DeleteServersTestJSON:setUpClass): 201 POST http://10.180.1.21:9696/networking/v2.0/subnets 0.317s
2025-01-06 16:38:49.352 67627 INFO tempest.lib.common.rest_client [req-da7bd8c9-7407-4c8b-b710-4bdcc256072a req-da7bd8c9-7407-4c8b-b710-4bdcc256072a ] Request (InstanceActionsTestJSON:tearDownClass): 200 GET http://10.180.1.21/compute/v2.1/servers/b46de92b-7858-4796-a6d7-8d71fd3dae6f 0.761s
2025-01-06 16:38:49.412 67642 INFO tempest.lib.common.rest_client [req-dde6ca49-6197-4651-99d9-aadde76f6803 req-dde6ca49-6197-4651-99d9-aadde76f6803 ] Request (ServersTestBootFromVolume:setUpClass): 200 GET http://10.180.1.21/compute/v2.1/servers/5b4a8123-9c99-493d-b720-349ccfbd8652 0.768s
2025-01-06 16:38:49.476 67619 INFO tempest.lib.common.rest_client [req-4497bcb7-74a1-4526-b092-d662a51e176d req-4497bcb7-74a1-4526-b092-d662a51e176d ] Request (ServersAdminTestJSON:test_create_server_with_scheduling_hint): 200 GET http://10.180.1.21/compute/v2.1/servers/a1ec2078-1ae4-4bba-b6e7-5f54b453e5db 0.823s
2025-01-06 16:38:49.567 67645 INFO tempest.lib.common.rest_client [req-777c1d59-5b37-4bcf-80bf-d6f1b50facc4 req-777c1d59-5b37-4bcf-80bf-d6f1b50facc4 ] Request (ServerShowV254Test:tearDownClass): 200 GET http://10.180.1.21/compute/v2.1/servers/70edcc72-c86a-43a7-9342-1332164f5fda 0.831s
2025-01-06 16:38:50.017 67593 INFO tempest.lib.common.rest_client [req-f1e62365-37c8-431f-bb57-c47b8bd903c5 req-f1e62365-37c8-431f-bb57-c47b8bd903c5 ] Request (ListImageFiltersTestJSON:setUpClass): 200 GET http://10.180.1.21/compute/v2.1/servers/f04c52e5-5d86-4da5-b8c0-ea8186e2ac7c 1.133s
2025-01-06 16:38:50.123 67639 INFO tempest.lib.common.rest_client [req-6518aa9e-1bc3-43c7-8773-57592db3e819 req-6518aa9e-1bc3-43c7-8773-57592db3e819 ] Request (FloatingIPsAssociationNegativeTestJSON:_run_cleanups): 202 POST http://10.180.1.21/compute/v2.1/servers/0a517109-71f2-4bec-8e05-4eea325692dd/action 2.034s
2025-01-06 16:38:50.187 67613 INFO tempest.lib.common.rest_client [req-c3fe5571-0c65-4e18-b831-14835b07f1da req-c3fe5571-0c65-4e18-b831-14835b07f1da ] Request (ServerDiagnosticsNegativeTest:tearDownClass): 200 GET http://10.180.1.21/compute/v2.1/servers/4465170d-735f-469d-8be1-90251bb88fe2 1.219s
2025-01-06 16:38:50.235 67629 INFO tempest.lib.common.rest_client [req-1f31cd08-b743-46d7-a498-d7172da3774e req-1f31cd08-b743-46d7-a498-d7172da3774e ] Request (SecurityGroupRulesTestJSON:tearDownClass): 202 DELETE http://10.180.1.21/compute/v2.1/os-security-groups/bf770c98-5131-44cd-b691-bf9c47dc1dd2 1.269s
2025-01-06 16:38:50.248 67597 INFO tempest.lib.common.rest_client [req-f2b48047-090c-48b3-8a3f-b3132a65b861 req-f2b48047-090c-48b3-8a3f-b3132a65b861 ] Request (ServersTestFqdnHostnames:test_create_server_with_fqdn_name): 200 GET http://10.180.1.21/compute/v2.1/servers/61bc8cf8-f078-4dd8-90eb-b5e6814abc08 1.222s
2025-01-06 16:38:50.341 67635 INFO tempest.lib.common.rest_client [req-2a2d626d-1ea1-432b-b77b-591922b97c48 req-2a2d626d-1ea1-432b-b77b-591922b97c48 ] Request (InstanceActionsNegativeTestJSON:tearDownClass): 200 GET http://10.180.1.21/compute/v2.1/servers/c3769f39-74b6-4fdb-bf70-cfe7f8b12761 1.159s
2025-01-06 16:38:50.400 67617 INFO tempest.lib.common.rest_client [req-25a4ee5d-dd80-4281-bcf5-8efc5a54252f req-25a4ee5d-dd80-4281-bcf5-8efc5a54252f ] Request (ServerDiagnosticsV248Test:test_get_server_diagnostics): 200 GET http://10.180.1.21/compute/v2.1/servers/1cfbf45f-8724-4ace-b549-ffb8eda6d2ab 1.129s
2025-01-06 16:38:50.403 67625 INFO tempest.lib.common.rest_client [req-49f68e48-289a-48ee-bf0d-06e7c6f674ad req-49f68e48-289a-48ee-bf0d-06e7c6f674ad ] Request (ServerDiskConfigTestJSON:test_rebuild_server_with_auto_disk_config): 200 GET http://10.180.1.21/compute/v2.1/servers/2377e8d9-b6cb-4d31-8807-5b513acc1477 1.300s
2025-01-06 16:38:50.480 67623 INFO tempest.lib.common.rest_client [req-ded5b203-a2a8-4754-88de-de38a2449792 req-ded5b203-a2a8-4754-88de-de38a2449792 ] Request (ServerActionsTestOtherB:setUpClass): 200 GET http://10.180.1.21/compute/v2.1/servers/1e5ff955-6903-42cb-9583-95c9a142b41f 1.150s
2025-01-06 16:38:50.555 67607 INFO tempest.lib.common.rest_client [req-41bc7f38-3add-4a08-8043-864234d8968f req-41bc7f38-3add-4a08-8043-864234d8968f ] Request (MigrationsAdminTest:test_list_migrations_in_flavor_resize_situation): 200 GET http://10.180.1.21/compute/v2.1/servers/c50bc1d9-19e6-439e-8782-7b268047d420 1.194s
2025-01-06 16:38:50.594 67585 INFO tempest.lib.common.rest_client [req-9ca877a4-e622-424c-adc8-2f9d432444b6 req-9ca877a4-e622-424c-adc8-2f9d432444b6 ] Request (ImagesNegativeTestJSON:test_create_image_from_deleted_server): 200 GET http://10.180.1.21/compute/v2.1/servers/2b9b480d-dcf8-4d9d-b129-3514e935a3ad 1.078s
