2025-01-06 16:38:50.600 67585 INFO tempest.common.waiters [-] State transition "ACTIVE/deleting" ==> "DELETED/None" after 4 second wait
2025-01-06 16:38:50.659 67621 INFO tempest.lib.common.rest_client [req-e05b6b1f-e844-480b-9db6-28c917c15a9b req-e05b6b1f-e844-480b-9db6-28c917c15a9b ] Request (FloatingIPsAssociationTestJSON:setUpClass): 200 GET http://10.180.1.21/compute/v2.1/servers/ab454db1-8b99-4608-8672-8f64a19274bd 1.077s
2025-01-06 16:38:50.691 67648 INFO tempest.lib.common.rest_client [req-5f71de30-2f71-4c38-8cb3-43c26f451afe req-5f71de30-2f71-4c38-8cb3-43c26f451afe ] Request (ServersAdminNegativeTestJSON:test_migrate_server_invalid_state): 200 GET http://10.180.1.21/compute/v2.1/servers/f263411a-c4ff-4ee8-a10a-7fc791491124 1.169s
2025-01-06 16:38:50.746 67591 INFO tempest.lib.common.rest_client [req-a9ac1b49-1fe9-4334-ab9c-03e2431ec51f req-a9ac1b49-1fe9-4334-ab9c-03e2431ec51f ] Request (ServersAdmin275Test:tearDownClass): 200 GET http://10.180.1.21/compute/v2.1/servers/895cf2de-e826-49e7-8674-863a62611dcf 1.152s
2025-01-06 16:38:50.781 67633 INFO tempest.lib.common.rest_client [req-2daa6d28-deec-432d-85a2-6e1baf3c056e req-2daa6d28-deec-432d-85a2-6e1baf3c056e ] Request (DeleteServersTestJSON:setUpClass): 201 POST http://10.180.1.21:9696/networking/v2.0/routers 1.435s
2025-01-06 16:38:50.831 67615 INFO tempest.lib.common.rest_client [req-b28cccc1-a322-4a2b-bbe1-0d5745430c43 req-b28cccc1-a322-4a2b-bbe1-0d5745430c43 ] Request (VolumesAdminNegativeTest:test_update_attached_volume_with_nonexistent_volume_in_body): 200 GET http://10.180.1.21/compute/v2.1/servers/8fab02f5-4ebd-4b01-acf1-acdd76b918bc 1.189s
2025-01-06 16:38:50.843 67601 WARNING tempest.lib.common.ssh [-] Failed to establish authenticated ssh connection to cirros@10.180.180.246 ([Errno None] Unable to connect to port 22 on 10.180.180.246). Number attempts: 6. Retry after 7 seconds.: paramiko.ssh_exception.NoValidConnectionsError: [Errno None] Unable to connect to port 22 on 10.180.180.246
2025-01-06 16:38:50.896 67631 INFO tempest.lib.common.rest_client [req-58ae4626-638a-4bef-8365-21db5c46c5ac req-58ae4626-638a-4bef-8365-21db5c46c5ac ] Request (ServersTestJSON:setUpClass): 200 GET http://10.180.1.21/compute/v2.1/servers/6798791d-4bc3-438c-953d-a3da73c33139 1.185s
2025-01-06 16:38:50.925 67589 INFO tempest.lib.common.rest_client [req-d30ab9a1-8850-4643-baf3-ff6dd5862861 req-d30ab9a1-8850-4643-baf3-ff6dd5862861 ] Request (AttachVolumeNegativeTest:test_attach_attached_volume_to_different_server): 200 GET http://10.180.1.21/compute/v2.1/servers/a8b57022-3376-4cd7-a883-01eac833e7ca 1.289s
2025-01-06 16:38:50.932 67589 INFO tempest.common.waiters [-] State transition "BUILD/networking" ==> "BUILD/spawning" after 40 second wait
2025-01-06 16:38:50.957 67595 INFO tempest.lib.common.rest_client [req-6b132ffd-6ab6-4cb2-8869-e1d515550ef2 req-6b132ffd-6ab6-4cb2-8869-e1d515550ef2 ] Request (ServersTestJSON:test_create_server_specify_multibyte_character_name): 200 GET http://10.180.1.21/compute/v2.1/servers/7f16ec7d-56cf-4636-bcca-9dd80b5470b4 1.187s
2025-01-06 16:38:51.031 67599 INFO tempest.lib.common.rest_client [req-8ec3de14-60c2-47b3-8193-38c965ea0002 req-8ec3de14-60c2-47b3-8193-38c965ea0002 ] Request (ImagesOneServerTestJSON:tearDownClass): 200 GET http://10.180.1.21/compute/v2.1/servers/d7c708b7-1702-4f31-a8db-07f8d601b7fc 0.853s
2025-01-06 16:38:51.097 67609 INFO tempest.lib.common.rest_client [req-41f791e8-ef47-45df-a29d-4c96d51f84d8 req-41f791e8-ef47-45df-a29d-4c96d51f84d8 ] Request (DeleteServersAdminTestJSON:test_delete_server_while_in_error_state): 200 GET http://10.180.1.21/compute/v2.1/servers/b6a6d29b-6e30-4733-8854-b8c6cbcaa014 0.862s
2025-01-06 16:38:51.345 67629 INFO tempest.lib.common.rest_client [req-140cc8f3-b241-4a86-9d52-b43b2b001993 req-140cc8f3-b241-4a86-9d52-b43b2b001993 ] Request (SecurityGroupRulesTestJSON:tearDownClass): 202 DELETE http://10.180.1.21/compute/v2.1/os-security-groups/d1bfdac3-4b10-4d0d-ba64-b4ad3fb2ad24 1.109s
2025-01-06 16:38:51.421 67637 INFO tempest.lib.common.rest_client [req-118cbb9a-20ff-4d52-99db-9464b348ace2 req-118cbb9a-20ff-4d52-99db-9464b348ace2 ] Request (InstanceActionsV221TestJSON:test_get_list_deleted_instance_actions): 200 GET http://10.180.1.21/compute/v2.1/servers/9413a118-c8d0-4cd3-8bb7-d08120f33489 1.125s
2025-01-06 16:38:51.432 67637 INFO tempest.common.waiters [-] State transition "BUILD/scheduling" ==> "BUILD/None" after 29 second wait
2025-01-06 16:38:51.444 67627 INFO tempest.lib.common.rest_client [req-79570be6-2f2a-458c-888e-12f76bb50f72 req-79570be6-2f2a-458c-888e-12f76bb50f72 ] Request (InstanceActionsTestJSON:tearDownClass): 404 GET http://10.180.1.21/compute/v2.1/servers/b46de92b-7858-4796-a6d7-8d71fd3dae6f 1.083s
2025-01-06 16:38:51.534 67639 INFO tempest.lib.common.rest_client [req-ff9c946d-33f4-4ada-8e7d-6c2196b3b898 req-ff9c946d-33f4-4ada-8e7d-6c2196b3b898 ] Request (FloatingIPsAssociationNegativeTestJSON:_run_cleanups): 202 DELETE http://10.180.1.21/compute/v2.1/os-floating-ips/e80d3be1-569d-4347-803a-58c832aa93a5 1.410s
2025-01-06 16:38:51.539 67625 INFO tempest.lib.common.rest_client [req-3bc8bc10-b109-4011-bd4f-defef0233ffe req-3bc8bc10-b109-4011-bd4f-defef0233ffe ] Request (ServerDiskConfigTestJSON:_run_cleanups): 204 DELETE http://10.180.1.21/compute/v2.1/servers/2377e8d9-b6cb-4d31-8807-5b513acc1477 1.127s
2025-01-06 16:38:51.616 67642 INFO tempest.lib.common.rest_client [req-ece80ff5-587e-4886-bf58-26f4a0e58d4e req-ece80ff5-587e-4886-bf58-26f4a0e58d4e ] Request (ServersTestBootFromVolume:setUpClass): 200 GET http://10.180.1.21/compute/v2.1/servers/5b4a8123-9c99-493d-b720-349ccfbd8652 1.197s
2025-01-06 16:38:51.621 67625 INFO tempest.lib.common.rest_client [req-a444f7a7-dd3d-4aee-9eb7-27d6b265d834 req-a444f7a7-dd3d-4aee-9eb7-27d6b265d834 ] Request (ServerDiskConfigTestJSON:test_rebuild_server_with_manual_disk_config): 201 POST http://10.180.1.21/identity/v3/auth/tokens 0.076s
2025-01-06 16:38:51.622 67625 INFO tempest.lib.common.fixed_network [-] (ServerDiskConfigTestJSON:test_rebuild_server_with_manual_disk_config) Found network {'id': '09d4939f-d839-4cf7-b28a-5c1109419f4e', 'name': 'tempest-ServerDiskConfigTestJSON-1311781200-network', 'tenant_id': '3f60e62f7e3a4039a5fd711f6b99ab82', 'admin_state_up': True, 'mtu': 8950, 'status': 'ACTIVE', 'subnets': [], 'shared': False, 'project_id': '3f60e62f7e3a4039a5fd711f6b99ab82', 'port_security_enabled': True, 'router:external': False, 'provider:network_type': 'vlan', 'provider:physical_network': 'default', 'provider:segmentation_id': 371, 'availability_zone_hints': [], 'availability_zones': [], 'ipv4_address_scope': None, 'ipv6_address_scope': None, 'description': '', 'tags': [], 'created_at': '2025-01-06T16:37:42Z', 'updated_at': '2025-01-06T16:37:42Z', 'revision_number': 1} available for tenant
2025-01-06 16:38:51.627 67619 INFO tempest.lib.common.rest_client [req-ffb0ba7c-19df-4661-bf9a-913953c52ee5 req-ffb0ba7c-19df-4661-bf9a-913953c52ee5 ] Request (ServersAdminTestJSON:test_create_server_with_scheduling_hint): 200 GET http://10.180.1.21/compute/v2.1/servers/a1ec2078-1ae4-4bba-b6e7-5f54b453e5db 1.143s
2025-01-06 16:38:51.700 67645 INFO tempest.lib.common.rest_client [req-d451b7ee-d9d9-45c0-a1ec-58c54db43295 req-d451b7ee-d9d9-45c0-a1ec-58c54db43295 ] Request (ServerShowV254Test:tearDownClass): 200 GET http://10.180.1.21/compute/v2.1/servers/70edcc72-c86a-43a7-9342-1332164f5fda 1.123s
2025-01-06 16:38:51.784 67613 INFO tempest.lib.common.rest_client [req-40f2c3ba-0cc1-4f3a-8194-8435b6ce212a req-40f2c3ba-0cc1-4f3a-8194-8435b6ce212a ] Request (ServerDiagnosticsNegativeTest:tearDownClass): 200 GET http://10.180.1.21/compute/v2.1/servers/4465170d-735f-469d-8be1-90251bb88fe2 0.587s
2025-01-06 16:38:51.838 67593 INFO tempest.lib.common.rest_client [req-1450b802-6557-4a18-ac8a-f474583c4667 req-1450b802-6557-4a18-ac8a-f474583c4667 ] Request (ListImageFiltersTestJSON:setUpClass): 200 GET http://10.180.1.21/compute/v2.1/servers/f04c52e5-5d86-4da5-b8c0-ea8186e2ac7c 0.814s
2025-01-06 16:38:51.848 67593 INFO tempest.common.waiters [-] State transition "BUILD/spawning" ==> "ACTIVE/None" after 50 second wait
2025-01-06 16:38:51.853 67597 INFO tempest.lib.common.rest_client [req-a6aa6e65-560e-4dfd-bbbc-fe27fca1b9c0 req-a6aa6e65-560e-4dfd-bbbc-fe27fca1b9c0 ] Request (ServersTestFqdnHostnames:test_create_server_with_fqdn_name): 200 GET http://10.180.1.21/compute/v2.1/servers/61bc8cf8-f078-4dd8-90eb-b5e6814abc08 0.594s
2025-01-06 16:38:51.932 67617 INFO tempest.lib.common.rest_client [req-cc176aad-623b-4d0c-b66e-94d19f753220 req-cc176aad-623b-4d0c-b66e-94d19f753220 ] Request (ServerDiagnosticsV248Test:test_get_server_diagnostics): 200 GET http://10.180.1.21/compute/v2.1/servers/1cfbf45f-8724-4ace-b549-ffb8eda6d2ab 0.520s
2025-01-06 16:38:51.949 67635 INFO tempest.lib.common.rest_client [req-c3dc90b7-816a-44d9-bde4-ae94ffd71560 req-c3dc90b7-816a-44d9-bde4-ae94ffd71560 ] Request (InstanceActionsNegativeTestJSON:tearDownClass): 200 GET http://10.180.1.21/compute/v2.1/servers/c3769f39-74b6-4fdb-bf70-cfe7f8b12761 0.599s
2025-01-06 16:38:51.956 67639 INFO tempest.lib.common.rest_client [req-16d5a5bf-276b-4af6-a534-1f943838ec47 req-16d5a5bf-276b-4af6-a534-1f943838ec47 ] Request (FloatingIPsAssociationNegativeTestJSON:test_associate_ip_to_server_without_passing_floating_ip): 400 POST http://10.180.1.21/compute/v2.1/servers/0a517109-71f2-4bec-8e05-4eea325692dd/action 0.421s
2025-01-06 16:38:52.015 67623 INFO tempest.lib.common.rest_client [req-ed25e010-ae08-4c22-8f6c-3477a4e0b22b req-ed25e010-ae08-4c22-8f6c-3477a4e0b22b ] Request (ServerActionsTestOtherB:setUpClass): 200 GET http://10.180.1.21/compute/v2.1/servers/1e5ff955-6903-42cb-9583-95c9a142b41f 0.526s
2025-01-06 16:38:52.089 67585 INFO tempest.lib.common.rest_client [req-7653fb3b-58c6-46f1-87fb-42c5572bbdf7 req-7653fb3b-58c6-46f1-87fb-42c5572bbdf7 ] Request (ImagesNegativeTestJSON:test_create_image_from_deleted_server): 200 GET http://10.180.1.21/compute/v2.1/servers/2b9b480d-dcf8-4d9d-b129-3514e935a3ad 0.486s
2025-01-06 16:38:52.168 67607 INFO tempest.lib.common.rest_client [req-b1c16f28-b109-4db5-a4a7-1023b373eea7 req-b1c16f28-b109-4db5-a4a7-1023b373eea7 ] Request (MigrationsAdminTest:test_list_migrations_in_flavor_resize_situation): 200 GET http://10.180.1.21/compute/v2.1/servers/c50bc1d9-19e6-439e-8782-7b268047d420 0.603s
2025-01-06 16:38:52.188 67629 INFO tempest.lib.common.rest_client [req-d007f30f-8b66-4eb6-8735-7a653b885cd1 req-d007f30f-8b66-4eb6-8735-7a653b885cd1 ] Request (SecurityGroupRulesTestJSON:tearDownClass): 200 PUT http://10.180.1.21:9696/networking/v2.0/routers/0ba84cdf-5324-4e29-81c7-25b71be5fe6b/remove_router_interface 0.842s
2025-01-06 16:38:52.232 67621 INFO tempest.lib.common.rest_client [req-61ed8c44-4415-4e2e-a7e4-710dee3c4e4a req-61ed8c44-4415-4e2e-a7e4-710dee3c4e4a ] Request (FloatingIPsAssociationTestJSON:setUpClass): 200 GET http://10.180.1.21/compute/v2.1/servers/ab454db1-8b99-4608-8672-8f64a19274bd 0.562s
2025-01-06 16:38:52.457 67648 INFO tempest.lib.common.rest_client [req-b993fdfb-ed97-459a-9515-056fcd8d6ead req-b993fdfb-ed97-459a-9515-056fcd8d6ead ] Request (ServersAdminNegativeTestJSON:test_migrate_server_invalid_state): 200 GET http://10.180.1.21/compute/v2.1/servers/f263411a-c4ff-4ee8-a10a-7fc791491124 0.747s
2025-01-06 16:38:52.576 67629 INFO tempest.lib.common.rest_client [req-b78c5a42-0221-4f49-b8d8-a73634385828 req-b78c5a42-0221-4f49-b8d8-a73634385828 ] Request (SecurityGroupRulesTestJSON:tearDownClass): 204 DELETE http://10.180.1.21:9696/networking/v2.0/routers/0ba84cdf-5324-4e29-81c7-25b71be5fe6b 0.387s
2025-01-06 16:38:52.708 67629 INFO tempest.lib.common.rest_client [req-cf682877-aa3b-41da-a9ec-626c292866ce req-cf682877-aa3b-41da-a9ec-626c292866ce ] Request (SecurityGroupRulesTestJSON:tearDownClass): 204 DELETE http://10.180.1.21:9696/networking/v2.0/subnets/78a3f811-c4a2-4afb-8ea2-571e47c090db 0.132s
2025-01-06 16:38:52.758 67591 INFO tempest.lib.common.rest_client [req-7b4f21b3-792c-4511-8d45-a9240583a774 req-7b4f21b3-792c-4511-8d45-a9240583a774 ] Request (ServersAdmin275Test:tearDownClass): 200 GET http://10.180.1.21/compute/v2.1/servers/895cf2de-e826-49e7-8674-863a62611dcf 1.001s
2025-01-06 16:38:52.843 67615 INFO tempest.lib.common.rest_client [req-a98941c7-0671-4fa8-bf32-d250c5d9af78 req-a98941c7-0671-4fa8-bf32-d250c5d9af78 ] Request (VolumesAdminNegativeTest:test_update_attached_volume_with_nonexistent_volume_in_body): 200 GET http://10.180.1.21/compute/v2.1/servers/8fab02f5-4ebd-4b01-acf1-acdd76b918bc 0.997s
2025-01-06 16:38:52.951 67629 INFO tempest.lib.common.rest_client [req-aac64afc-03bb-4da2-b501-b4c6af4055d7 req-aac64afc-03bb-4da2-b501-b4c6af4055d7 ] Request (SecurityGroupRulesTestJSON:tearDownClass): 204 DELETE http://10.180.1.21:9696/networking/v2.0/networks/06084951-d5e2-4c35-9cec-ccc86ee1999f 0.242s
2025-01-06 16:38:53.033 67625 INFO tempest.lib.common.rest_client [req-f01fe51e-85a4-4b70-9187-f2a9ff234485 req-f01fe51e-85a4-4b70-9187-f2a9ff234485 ] Request (ServerDiskConfigTestJSON:test_rebuild_server_with_manual_disk_config): 202 POST http://10.180.1.21/compute/v2.1/servers 1.410s
2025-01-06 16:38:53.033 67593 INFO tempest.lib.common.rest_client [req-a0801ad5-4636-476b-9ad8-00c396e51871 req-a0801ad5-4636-476b-9ad8-00c396e51871 ] Request (ListImageFiltersTestJSON:setUpClass): 200 GET http://10.180.1.21/compute/v2.1/servers/af2b7564-82eb-465d-a072-61dd58516cc1 1.184s
2025-01-06 16:38:53.066 67629 INFO tempest.lib.common.rest_client [req-2b9cc8ba-0b98-4167-a8a8-9e25ba25b7ec req-2b9cc8ba-0b98-4167-a8a8-9e25ba25b7ec ] Request (SecurityGroupRulesTestJSON:tearDownClass): 204 DELETE http://10.180.1.21/identity/v3/users/90f5a614edea4c4d9aaa6af32432d55f 0.114s
2025-01-06 16:38:53.066 67629 INFO tempest.lib.common.dynamic_creds [-] Deleting project and security group for project: 7e1afc6aae4744d1985e413a83f9d944
2025-01-06 16:38:53.097 67631 INFO tempest.lib.common.rest_client [req-8e169579-5554-4fa5-b8c9-0857c4632916 req-8e169579-5554-4fa5-b8c9-0857c4632916 ] Request (ServersTestJSON:setUpClass): 200 GET http://10.180.1.21/compute/v2.1/servers/6798791d-4bc3-438c-953d-a3da73c33139 1.190s
2025-01-06 16:38:53.103 67629 INFO tempest.lib.common.rest_client [req-5ab7459d-12c4-40e1-b7d7-996ba1f9f5ac req-5ab7459d-12c4-40e1-b7d7-996ba1f9f5ac ] Request (SecurityGroupRulesTestJSON:tearDownClass): 200 GET http://10.180.1.21:9696/networking/v2.0/security-groups?tenant_id=7e1afc6aae4744d1985e413a83f9d944&name=default 0.037s
2025-01-06 16:38:53.152 67633 INFO tempest.lib.common.rest_client [req-9cbd40f5-f7fb-4231-92b2-05ea7209e236 req-9cbd40f5-f7fb-4231-92b2-05ea7209e236 ] Request (DeleteServersTestJSON:setUpClass): 200 PUT http://10.180.1.21:9696/networking/v2.0/routers/d12dcc39-767c-472c-9862-31866ac45b67/add_router_interface 2.370s
2025-01-06 16:38:53.152 67633 INFO tempest.lib.common.dynamic_creds [-] Created isolated network resources for: credentials: Credentials: {'domain_id': 'default', 'domain_name': 'Default', 'username': 'tempest-DeleteServersTestJSON-1332014915-project-member', 'project_domain_id': 'default', 'project_domain_name': 'Default', 'project_id': '8ec98363f37c46b9a380ef16befd4154', 'project_name': 'tempest-DeleteServersTestJSON-1332014915', 'tenant_id': '8ec98363f37c46b9a380ef16befd4154', 'tenant_name': 'tempest-DeleteServersTestJSON-1332014915', 'user_domain_id': 'default', 'user_domain_name': 'Default', 'user_id': '26141c86654e4b5280d3d97a14fa5313', 'system': None}, Network: {'id': 'fd6dfd39-b90a-43f5-8e7a-feb8ee67ff22', 'name': 'tempest-DeleteServersTestJSON-12931867-network', 'tenant_id': '8ec98363f37c46b9a380ef16befd4154', 'admin_state_up': True, 'mtu': 8950, 'status': 'ACTIVE', 'subnets': [], 'shared': False, 'project_id': '8ec98363f37c46b9a380ef16befd4154', 'port_security_enabled': True, 'router:external': False, 'provider:network_type': 'vlan', 'provider:physical_network': 'default', 'provider:segmentation_id': 192, 'availability_zone_hints': [], 'availability_zones': [], 'ipv4_address_scope': None, 'ipv6_address_scope': None, 'description': '', 'tags': [], 'created_at': '2025-01-06T16:38:48Z', 'updated_at': '2025-01-06T16:38:48Z', 'revision_number': 1}, Subnet: {'id': 'b3c76735-c58d-4fb0-9f2d-488dc45f5ab6', 'name': 'tempest-DeleteServersTestJSON-12931867-subnet', 'tenant_id': '8ec98363f37c46b9a380ef16befd4154', 'network_id': 'fd6dfd39-b90a-43f5-8e7a-feb8ee67ff22', 'ip_version': 4, 'subnetpool_id': None, 'enable_dhcp': True, 'ipv6_ra_mode': None, 'ipv6_address_mode': None, 'gateway_ip': '192.168.128.1', 'cidr': '192.168.128.0/28', 'allocation_pools': [{'start': '192.168.128.2', 'end': '192.168.128.14'}], 'host_routes': [], 'dns_nameservers': [], 'description': '', 'router:external': False, 'service_types': [], 'tags': [], 'created_at': '2025-01-06T16:38:49Z', 'updated_at': '2025-01-06T16:38:49Z', 'revision_number': 0, 'project_id': '8ec98363f37c46b9a380ef16befd4154'}, Router: {'id': 'd12dcc39-767c-472c-9862-31866ac45b67', 'name': 'tempest-DeleteServersTestJSON-12931867-router', 'tenant_id': '8ec98363f37c46b9a380ef16befd4154', 'admin_state_up': True, 'status': 'ACTIVE', 'external_gateway_info': {'network_id': 'cd587fe0-7dcc-4701-b8c0-3e7028822cc1', 'external_fixed_ips': [{'subnet_id': '999d6897-259c-412b-8d8d-5e1e4cfa1450', 'ip_address': '10.180.180.233'}], 'enable_snat': True}, 'description': '', 'availability_zones': [], 'distributed': False, 'ha': False, 'availability_zone_hints': [], 'routes': [], 'flavor_id': None, 'tags': [], 'created_at': '2025-01-06T16:38:49Z', 'updated_at': '2025-01-06T16:38:50Z', 'revision_number': 2, 'project_id': '8ec98363f37c46b9a380ef16befd4154'}
2025-01-06 16:38:53.212 67629 INFO tempest.lib.common.rest_client [req-f7609675-b5b6-463e-9769-4f7df495dd7d req-f7609675-b5b6-463e-9769-4f7df495dd7d ] Request (SecurityGroupRulesTestJSON:tearDownClass): 204 DELETE http://10.180.1.21:9696/networking/v2.0/security-groups/8d13afc1-6965-4a83-97c7-8dee5a134464 0.108s
2025-01-06 16:38:53.229 67589 INFO tempest.lib.common.rest_client [req-38134b3c-e742-4425-ac1b-a8105965eb44 req-38134b3c-e742-4425-ac1b-a8105965eb44 ] Request (AttachVolumeNegativeTest:test_attach_attached_volume_to_different_server): 200 GET http://10.180.1.21/compute/v2.1/servers/a8b57022-3376-4cd7-a883-01eac833e7ca 1.296s
2025-01-06 16:38:53.232 67633 INFO tempest.lib.common.rest_client [req-650202b6-10f5-4af0-b177-563bf85fb269 req-650202b6-10f5-4af0-b177-563bf85fb269 ] Request (DeleteServersTestJSON:setUpClass): 201 POST http://10.180.1.21/identity/v3/auth/tokens 0.077s
2025-01-06 16:38:53.240 67639 INFO tempest.lib.common.rest_client [req-a7e1d09c-75df-4fa1-8ed1-3057f2a77afd req-a7e1d09c-75df-4fa1-8ed1-3057f2a77afd ] Request (FloatingIPsAssociationNegativeTestJSON:test_associate_nonexistent_floating_ip): 404 POST http://10.180.1.21/compute/v2.1/servers/0a517109-71f2-4bec-8e05-4eea325692dd/action 1.283s
2025-01-06 16:38:53.276 67633 INFO tempest.lib.common.rest_client [req-cb227dbc-547f-4316-8739-494bb3bb1449 req-cb227dbc-547f-4316-8739-494bb3bb1449 ] Request (DeleteServersTestJSON:test_delete_active_server): 201 POST http://10.180.1.21/identity/v3/auth/tokens 0.033s
2025-01-06 16:38:53.277 67633 INFO tempest.lib.common.fixed_network [-] (DeleteServersTestJSON:test_delete_active_server) Found network {'id': 'fd6dfd39-b90a-43f5-8e7a-feb8ee67ff22', 'name': 'tempest-DeleteServersTestJSON-12931867-network', 'tenant_id': '8ec98363f37c46b9a380ef16befd4154', 'admin_state_up': True, 'mtu': 8950, 'status': 'ACTIVE', 'subnets': [], 'shared': False, 'project_id': '8ec98363f37c46b9a380ef16befd4154', 'port_security_enabled': True, 'router:external': False, 'provider:network_type': 'vlan', 'provider:physical_network': 'default', 'provider:segmentation_id': 192, 'availability_zone_hints': [], 'availability_zones': [], 'ipv4_address_scope': None, 'ipv6_address_scope': None, 'description': '', 'tags': [], 'created_at': '2025-01-06T16:38:48Z', 'updated_at': '2025-01-06T16:38:48Z', 'revision_number': 1} available for tenant
2025-01-06 16:38:53.319 67599 INFO tempest.lib.common.rest_client [req-ced8f61d-b88e-4cd6-bdfb-3a81262999c9 req-ced8f61d-b88e-4cd6-bdfb-3a81262999c9 ] Request (ImagesOneServerTestJSON:tearDownClass): 200 GET http://10.180.1.21/compute/v2.1/servers/d7c708b7-1702-4f31-a8db-07f8d601b7fc 1.276s
2025-01-06 16:38:53.319 67595 INFO tempest.lib.common.rest_client [req-2a550337-00f1-4278-9947-05fb70641c92 req-2a550337-00f1-4278-9947-05fb70641c92 ] Request (ServersTestJSON:test_create_server_specify_multibyte_character_name): 200 GET http://10.180.1.21/compute/v2.1/servers/7f16ec7d-56cf-4636-bcca-9dd80b5470b4 1.354s
2025-01-06 16:38:53.319 67629 INFO tempest.lib.common.rest_client [req-46cf906d-a073-4517-a91a-acb55eac356f req-46cf906d-a073-4517-a91a-acb55eac356f ] Request (SecurityGroupRulesTestJSON:tearDownClass): 204 DELETE http://10.180.1.21/identity/v3/projects/7e1afc6aae4744d1985e413a83f9d944 0.105s
2025-01-06 16:38:53.320 67629 INFO tempest.test [-] raised in ServerStableDeviceRescueTest.setUpClass. Invoking tearDownClass.
2025-01-06 16:38:53.332 67627 INFO tempest.lib.common.rest_client [req-9580cce9-d603-496a-b0e0-ec6d4a3055f6 req-9580cce9-d603-496a-b0e0-ec6d4a3055f6 ] Request (InstanceActionsTestJSON:tearDownClass): 200 PUT http://10.180.1.21:9696/networking/v2.0/routers/6c09364b-5ccb-48fa-a147-555ca2dd26c7/remove_router_interface 1.888s
2025-01-06 16:38:53.373 67609 INFO tempest.lib.common.rest_client [req-75286eb9-28c0-45eb-98f6-b9e61d47a4b7 req-75286eb9-28c0-45eb-98f6-b9e61d47a4b7 ] Request (DeleteServersAdminTestJSON:test_delete_server_while_in_error_state): 200 GET http://10.180.1.21/compute/v2.1/servers/b6a6d29b-6e30-4733-8854-b8c6cbcaa014 1.269s
2025-01-06 16:38:53.402 67637 INFO tempest.lib.common.rest_client [req-033d0eb8-4592-4ea5-9c11-1504d561438c req-033d0eb8-4592-4ea5-9c11-1504d561438c ] Request (InstanceActionsV221TestJSON:test_get_list_deleted_instance_actions): 200 GET http://10.180.1.21/compute/v2.1/servers/9413a118-c8d0-4cd3-8bb7-d08120f33489 0.969s
2025-01-06 16:38:53.424 67642 INFO tempest.lib.common.rest_client [req-7cb37d6d-1f1c-460a-980d-bd72afa148e4 req-7cb37d6d-1f1c-460a-980d-bd72afa148e4 ] Request (ServersTestBootFromVolume:setUpClass): 200 GET http://10.180.1.21/compute/v2.1/servers/5b4a8123-9c99-493d-b720-349ccfbd8652 0.801s
2025-01-06 16:38:53.454 67645 INFO tempest.lib.common.rest_client [req-7be09c78-e0ff-4427-b7b0-4e14ccf289e4 req-7be09c78-e0ff-4427-b7b0-4e14ccf289e4 ] Request (ServerShowV254Test:tearDownClass): 404 GET http://10.180.1.21/compute/v2.1/servers/70edcc72-c86a-43a7-9342-1332164f5fda 0.739s
2025-01-06 16:38:53.472 67619 INFO tempest.lib.common.rest_client [req-ca10fa99-f0f7-4c95-bfe9-b6c00e64aad0 req-ca10fa99-f0f7-4c95-bfe9-b6c00e64aad0 ] Request (ServersAdminTestJSON:test_create_server_with_scheduling_hint): 200 GET http://10.180.1.21/compute/v2.1/servers/a1ec2078-1ae4-4bba-b6e7-5f54b453e5db 0.836s
2025-01-06 16:38:53.541 67597 INFO tempest.lib.common.rest_client [req-271a8fd2-12b4-4c38-be9e-8e9e8509650b req-271a8fd2-12b4-4c38-be9e-8e9e8509650b ] Request (ServersTestFqdnHostnames:test_create_server_with_fqdn_name): 200 GET http://10.180.1.21/compute/v2.1/servers/61bc8cf8-f078-4dd8-90eb-b5e6814abc08 0.674s
2025-01-06 16:38:53.549 67613 INFO tempest.lib.common.rest_client [req-e7a0dc42-28af-47b5-aa56-9150c4ca8373 req-e7a0dc42-28af-47b5-aa56-9150c4ca8373 ] Request (ServerDiagnosticsNegativeTest:tearDownClass): 200 GET http://10.180.1.21/compute/v2.1/servers/4465170d-735f-469d-8be1-90251bb88fe2 0.757s
2025-01-06 16:38:53.551 67597 INFO tempest.common.waiters [-] State transition "BUILD/scheduling" ==> "BUILD/None" after 28 second wait
2025-01-06 16:38:53.584 67645 INFO tempest.lib.common.rest_client [req-e23fafb0-8d48-444d-ad70-26cbe6090a96 req-e23fafb0-8d48-444d-ad70-26cbe6090a96 ] Request (ServerShowV254Test:tearDownClass): 204 DELETE http://10.180.1.21/identity/v3/users/0d9e179c1bf846d9a9abc8a9bcece54e 0.129s
2025-01-06 16:38:53.584 67645 INFO tempest.lib.common.dynamic_creds [-] Deleting project and security group for project: 4b8303fab2434fd99cd07757627bcd39
2025-01-06 16:38:53.620 67617 INFO tempest.lib.common.rest_client [req-f295c94c-e06e-4625-844e-28f4563c844e req-f295c94c-e06e-4625-844e-28f4563c844e ] Request (ServerDiagnosticsV248Test:test_get_server_diagnostics): 200 GET http://10.180.1.21/compute/v2.1/servers/1cfbf45f-8724-4ace-b549-ffb8eda6d2ab 0.674s
2025-01-06 16:38:53.630 67635 INFO tempest.lib.common.rest_client [req-3a40bde4-ad54-42e1-b1be-dd466e7561d7 req-3a40bde4-ad54-42e1-b1be-dd466e7561d7 ] Request (InstanceActionsNegativeTestJSON:tearDownClass): 200 GET http://10.180.1.21/compute/v2.1/servers/c3769f39-74b6-4fdb-bf70-cfe7f8b12761 0.672s
2025-01-06 16:38:53.675 67645 INFO tempest.lib.common.rest_client [req-157983c4-9f37-47d7-8a97-e94ec0467557 req-157983c4-9f37-47d7-8a97-e94ec0467557 ] Request (ServerShowV254Test:tearDownClass): 201 POST http://10.180.1.21/identity/v3/auth/tokens 0.090s
2025-01-06 16:38:53.684 67625 INFO tempest.lib.common.rest_client [req-f9cbb0cb-cd8a-4dda-a314-01ea4fb1a8e3 req-f9cbb0cb-cd8a-4dda-a314-01ea4fb1a8e3 ] Request (ServerDiskConfigTestJSON:test_rebuild_server_with_manual_disk_config): 200 GET http://10.180.1.21/compute/v2.1/servers/9d1cdb26-7363-4eb2-b3c5-23643faf47ff 0.649s
2025-01-06 16:38:53.702 67623 INFO tempest.lib.common.rest_client [req-88838b48-758b-4415-86d2-c9801579f937 req-88838b48-758b-4415-86d2-c9801579f937 ] Request (ServerActionsTestOtherB:setUpClass): 200 GET http://10.180.1.21/compute/v2.1/servers/1e5ff955-6903-42cb-9583-95c9a142b41f 0.679s
2025-01-06 16:38:53.771 67585 INFO tempest.lib.common.rest_client [req-93e09fe0-ca58-40c5-8e25-1b0f3a28137a req-93e09fe0-ca58-40c5-8e25-1b0f3a28137a ] Request (ImagesNegativeTestJSON:test_create_image_from_deleted_server): 200 GET http://10.180.1.21/compute/v2.1/servers/2b9b480d-dcf8-4d9d-b129-3514e935a3ad 0.674s
2025-01-06 16:38:53.808 67627 INFO tempest.lib.common.rest_client [req-c12a3721-d5e8-4d4b-8bd2-ad6011babad8 req-c12a3721-d5e8-4d4b-8bd2-ad6011babad8 ] Request (InstanceActionsTestJSON:tearDownClass): 204 DELETE http://10.180.1.21:9696/networking/v2.0/routers/6c09364b-5ccb-48fa-a147-555ca2dd26c7 0.476s
2025-01-06 16:38:53.935 67607 INFO tempest.lib.common.rest_client [req-5ef8e76c-7e7f-428e-aa7b-50f3a424b9ff req-5ef8e76c-7e7f-428e-aa7b-50f3a424b9ff ] Request (MigrationsAdminTest:test_list_migrations_in_flavor_resize_situation): 200 GET http://10.180.1.21/compute/v2.1/servers/c50bc1d9-19e6-439e-8782-7b268047d420 0.755s
2025-01-06 16:38:54.011 67621 INFO tempest.lib.common.rest_client [req-51a96170-e578-45f3-a53f-0504c3ce9f4a req-51a96170-e578-45f3-a53f-0504c3ce9f4a ] Request (FloatingIPsAssociationTestJSON:setUpClass): 200 GET http://10.180.1.21/compute/v2.1/servers/ab454db1-8b99-4608-8672-8f64a19274bd 0.766s
2025-01-06 16:38:54.045 67639 INFO tempest.lib.common.rest_client [req-2035cb44-6208-4d63-876c-bcd1f6ffa990 req-2035cb44-6208-4d63-876c-bcd1f6ffa990 ] Request (FloatingIPsAssociationNegativeTestJSON:test_dissociate_nonexistent_floating_ip): 404 POST http://10.180.1.21/compute/v2.1/servers/0a517109-71f2-4bec-8e05-4eea325692dd/action 0.801s
2025-01-06 16:38:54.114 67627 INFO tempest.lib.common.rest_client [req-2e8c0aeb-ce25-471d-9285-4082a74019f8 req-2e8c0aeb-ce25-471d-9285-4082a74019f8 ] Request (InstanceActionsTestJSON:tearDownClass): 204 DELETE http://10.180.1.21:9696/networking/v2.0/subnets/08035aed-3301-4766-8b6a-dad7b8cff6cd 0.305s
2025-01-06 16:38:54.115 67645 INFO tempest.lib.common.rest_client [req-d51b3652-8fbe-4413-aef8-8100f2c6e73e req-d51b3652-8fbe-4413-aef8-8100f2c6e73e ] Request (ServerShowV254Test:tearDownClass): 200 GET http://10.180.1.21:9696/networking/v2.0/security-groups?tenant_id=4b8303fab2434fd99cd07757627bcd39&name=default 0.440s
2025-01-06 16:38:54.193 67593 INFO tempest.lib.common.rest_client [req-53190588-ec1d-4ff9-892f-e4c232d506b6 req-53190588-ec1d-4ff9-892f-e4c232d506b6 ] Request (ListImageFiltersTestJSON:setUpClass): 202 POST http://10.180.1.21/compute/v2.1/servers/af2b7564-82eb-465d-a072-61dd58516cc1/action 1.148s
2025-01-06 16:38:54.328 67645 INFO tempest.lib.common.rest_client [req-d31f5a47-da19-49ad-816f-7287dde616a4 req-d31f5a47-da19-49ad-816f-7287dde616a4 ] Request (ServerShowV254Test:tearDownClass): 204 DELETE http://10.180.1.21:9696/networking/v2.0/security-groups/45c6c08f-f6cb-4f14-9a39-6e88035d86c9 0.211s
2025-01-06 16:38:54.375 67648 INFO tempest.lib.common.rest_client [req-b2def167-9eeb-4a51-8940-6f815b48fe67 req-b2def167-9eeb-4a51-8940-6f815b48fe67 ] Request (ServersAdminNegativeTestJSON:test_migrate_server_invalid_state): 200 GET http://10.180.1.21/compute/v2.1/servers/f263411a-c4ff-4ee8-a10a-7fc791491124 0.908s
2025-01-06 16:38:54.404 67627 INFO tempest.lib.common.rest_client [req-2ae6f5e2-23d6-4c90-81ff-922d6838c120 req-2ae6f5e2-23d6-4c90-81ff-922d6838c120 ] Request (InstanceActionsTestJSON:tearDownClass): 204 DELETE http://10.180.1.21:9696/networking/v2.0/networks/b8b630b1-cbc5-46af-8fa6-aa9558d2541a 0.290s
2025-01-06 16:38:54.412 67645 INFO tempest.lib.common.rest_client [req-c3984e66-fa9c-4e90-96f7-3399bd3cf655 req-c3984e66-fa9c-4e90-96f7-3399bd3cf655 ] Request (ServerShowV254Test:tearDownClass): 204 DELETE http://10.180.1.21/identity/v3/projects/4b8303fab2434fd99cd07757627bcd39 0.084s
2025-01-06 16:38:54.458 67591 INFO tempest.lib.common.rest_client [req-638de676-943c-4713-b459-32b68e1dc46c req-638de676-943c-4713-b459-32b68e1dc46c ] Request (ServersAdmin275Test:tearDownClass): 200 GET http://10.180.1.21/compute/v2.1/servers/895cf2de-e826-49e7-8674-863a62611dcf 0.689s
2025-01-06 16:38:54.478 67645 INFO tempest.lib.common.rest_client [req-1820a3bf-fb45-470d-baab-e024a46049f7 req-1820a3bf-fb45-470d-baab-e024a46049f7 ] Request (VolumesTestJSON:setUpClass): 201 POST http://10.180.1.21/identity/v3/auth/tokens 0.063s
2025-01-06 16:38:54.514 67627 INFO tempest.lib.common.rest_client [req-9ff5a4ba-b280-4921-9e89-5fd541d27e54 req-9ff5a4ba-b280-4921-9e89-5fd541d27e54 ] Request (InstanceActionsTestJSON:tearDownClass): 204 DELETE http://10.180.1.21/identity/v3/users/9255ed589e9a417bb1b8ae0982102942 0.109s
2025-01-06 16:38:54.514 67627 INFO tempest.lib.common.dynamic_creds [-] Deleting project and security group for project: 3eff53907b814b81bf3277b9b06e5d0e
2025-01-06 16:38:54.519 67615 INFO tempest.lib.common.rest_client [req-23cb65af-12c5-4f43-a617-2ed1ce353965 req-23cb65af-12c5-4f43-a617-2ed1ce353965 ] Request (VolumesAdminNegativeTest:test_update_attached_volume_with_nonexistent_volume_in_body): 200 GET http://10.180.1.21/compute/v2.1/servers/8fab02f5-4ebd-4b01-acf1-acdd76b918bc 0.663s
2025-01-06 16:38:54.540 67645 INFO tempest.lib.common.rest_client [req-f59fa3f4-e3df-4fa6-8e47-01310ff548a2 req-f59fa3f4-e3df-4fa6-8e47-01310ff548a2 ] Request (VolumesTestJSON:setUpClass): 201 POST http://10.180.1.21/identity/v3/auth/tokens 0.057s
2025-01-06 16:38:54.546 67627 INFO tempest.lib.common.rest_client [req-49f5bb7f-f0c7-434a-9f76-14bdcfb36a3e req-49f5bb7f-f0c7-434a-9f76-14bdcfb36a3e ] Request (InstanceActionsTestJSON:tearDownClass): 200 GET http://10.180.1.21:9696/networking/v2.0/security-groups?tenant_id=3eff53907b814b81bf3277b9b06e5d0e&name=default 0.032s
2025-01-06 16:38:54.595 67633 INFO tempest.lib.common.rest_client [req-f554611b-83ed-498a-b971-8c620e31fd8f req-f554611b-83ed-498a-b971-8c620e31fd8f ] Request (DeleteServersTestJSON:test_delete_active_server): 202 POST http://10.180.1.21/compute/v2.1/servers 1.318s
2025-01-06 16:38:54.599 67645 INFO tempest.lib.common.rest_client [req-c1cca34f-76af-4ed7-94bb-b713299bc724 req-c1cca34f-76af-4ed7-94bb-b713299bc724 ] Request (VolumesTestJSON:setUpClass): 200 GET http://10.180.1.21/identity/v3/domains?name=Default 0.059s
2025-01-06 16:38:54.604 67639 INFO tempest.lib.common.rest_client [req-d00550ba-8b82-4c4e-b1bb-aa5ff63e5a27 req-d00550ba-8b82-4c4e-b1bb-aa5ff63e5a27 ] Request (FloatingIPsAssociationNegativeTestJSON:tearDownClass): 204 DELETE http://10.180.1.21/compute/v2.1/servers/0a517109-71f2-4bec-8e05-4eea325692dd 0.557s
2025-01-06 16:38:54.638 67645 INFO tempest.lib.common.rest_client [req-bc621257-00c1-4358-bb4e-25458d93e90d req-bc621257-00c1-4358-bb4e-25458d93e90d ] Request (VolumesTestJSON:setUpClass): 201 POST http://10.180.1.21/identity/v3/projects 0.038s
2025-01-06 16:38:54.640 67627 INFO tempest.lib.common.rest_client [req-04a73376-dab2-4092-b25a-245d1b9e313d req-04a73376-dab2-4092-b25a-245d1b9e313d ] Request (InstanceActionsTestJSON:tearDownClass): 204 DELETE http://10.180.1.21:9696/networking/v2.0/security-groups/4ebc632c-c726-4f66-bbb6-aef6da83dd57 0.093s
2025-01-06 16:38:54.643 67631 INFO tempest.lib.common.rest_client [req-59aa4201-4950-4ff8-84cb-3bc813f2d93f req-59aa4201-4950-4ff8-84cb-3bc813f2d93f ] Request (ServersTestJSON:setUpClass): 200 GET http://10.180.1.21/compute/v2.1/servers/6798791d-4bc3-438c-953d-a3da73c33139 0.532s
2025-01-06 16:38:54.649 67593 INFO tempest.lib.common.rest_client [req-a63e3fca-6184-46ca-81ba-9eb95e5ca9a7 req-a63e3fca-6184-46ca-81ba-9eb95e5ca9a7 ] Request (ListImageFiltersTestJSON:setUpClass): 200 GET http://10.180.1.21/compute/v2.1/images/9d3876c5-d85e-4993-95fd-a0ad768bfe30 0.454s
2025-01-06 16:38:54.733 67645 INFO tempest.lib.common.rest_client [req-28ea057b-77f9-4437-9c4e-0137da449d06 req-28ea057b-77f9-4437-9c4e-0137da449d06 ] Request (VolumesTestJSON:setUpClass): 201 POST http://10.180.1.21/identity/v3/users 0.095s
2025-01-06 16:38:54.736 67599 INFO tempest.lib.common.rest_client [req-c57d7827-0658-419c-b979-52123ddaa467 req-c57d7827-0658-419c-b979-52123ddaa467 ] Request (ImagesOneServerTestJSON:tearDownClass): 200 GET http://10.180.1.21/compute/v2.1/servers/d7c708b7-1702-4f31-a8db-07f8d601b7fc 0.411s
2025-01-06 16:38:54.762 67627 INFO tempest.lib.common.rest_client [req-2f693640-1c0d-437a-98d3-720d2609fdba req-2f693640-1c0d-437a-98d3-720d2609fdba ] Request (InstanceActionsTestJSON:tearDownClass): 204 DELETE http://10.180.1.21/identity/v3/projects/3eff53907b814b81bf3277b9b06e5d0e 0.121s
2025-01-06 16:38:54.786 67595 INFO tempest.lib.common.rest_client [req-29c32448-a75c-4467-8f66-33871e8137e9 req-29c32448-a75c-4467-8f66-33871e8137e9 ] Request (ServersTestJSON:test_create_server_specify_multibyte_character_name): 200 GET http://10.180.1.21/compute/v2.1/servers/7f16ec7d-56cf-4636-bcca-9dd80b5470b4 0.458s
2025-01-06 16:38:54.791 67645 INFO tempest.lib.common.rest_client [req-e8d6488c-b9da-44b1-b6db-449da449c6bc req-e8d6488c-b9da-44b1-b6db-449da449c6bc ] Request (VolumesTestJSON:setUpClass): 200 GET http://10.180.1.21/identity/v3/roles 0.058s
2025-01-06 16:38:54.793 67627 INFO tempest.lib.common.rest_client [req-07e267a2-1bef-43dd-bef0-2e2bae044da8 req-07e267a2-1bef-43dd-bef0-2e2bae044da8 ] Request (ServersAaction247Test:setUpClass): 201 POST http://10.180.1.21/identity/v3/auth/tokens 0.029s
2025-01-06 16:38:54.801 67589 INFO tempest.lib.common.rest_client [req-d180a321-8942-443e-a058-0c9155dbf1ef req-d180a321-8942-443e-a058-0c9155dbf1ef ] Request (AttachVolumeNegativeTest:test_attach_attached_volume_to_different_server): 200 GET http://10.180.1.21/compute/v2.1/servers/a8b57022-3376-4cd7-a883-01eac833e7ca 0.556s
2025-01-06 16:38:54.824 67627 INFO tempest.lib.common.rest_client [req-fc918141-b5dc-4154-9c96-133c371779e4 req-fc918141-b5dc-4154-9c96-133c371779e4 ] Request (ServersAaction247Test:setUpClass): 201 POST http://10.180.1.21/identity/v3/auth/tokens 0.029s
2025-01-06 16:38:54.835 67645 INFO tempest.lib.common.rest_client [req-67d1de8a-7c09-4146-b4d4-748603ac2f25 req-67d1de8a-7c09-4146-b4d4-748603ac2f25 ] Request (VolumesTestJSON:setUpClass): 204 PUT http://10.180.1.21/identity/v3/projects/1b704656409f4890a0e061d62acdbb34/users/1453825dad80406892f996449cabf147/roles/2c41006c91604de8a71c03f5b30692d4 0.043s
2025-01-06 16:38:54.835 67645 INFO tempest.lib.common.dynamic_creds [-] Dynamic test user 1453825dad80406892f996449cabf147 is created with scope project and roles: ['member']
2025-01-06 16:38:54.836 67645 INFO tempest.lib.common.dynamic_creds [-] Acquired dynamic creds: credentials: Credentials: {'domain_id': 'default', 'domain_name': 'Default', 'username': 'tempest-VolumesTestJSON-208823096-project-member', 'project_domain_id': 'default', 'project_domain_name': 'Default', 'project_id': '1b704656409f4890a0e061d62acdbb34', 'project_name': 'tempest-VolumesTestJSON-208823096', 'tenant_id': '1b704656409f4890a0e061d62acdbb34', 'tenant_name': 'tempest-VolumesTestJSON-208823096', 'user_domain_id': 'default', 'user_domain_name': 'Default', 'user_id': '1453825dad80406892f996449cabf147', 'system': None}, Network: None, Subnet: None, Router: None
2025-01-06 16:38:54.836 67645 INFO tempest.lib.common.dynamic_creds [-] Created isolated network resources for: credentials: Credentials: {'domain_id': 'default', 'domain_name': 'Default', 'username': 'tempest-VolumesTestJSON-208823096-project-member', 'project_domain_id': 'default', 'project_domain_name': 'Default', 'project_id': '1b704656409f4890a0e061d62acdbb34', 'project_name': 'tempest-VolumesTestJSON-208823096', 'tenant_id': '1b704656409f4890a0e061d62acdbb34', 'tenant_name': 'tempest-VolumesTestJSON-208823096', 'user_domain_id': 'default', 'user_domain_name': 'Default', 'user_id': '1453825dad80406892f996449cabf147', 'system': None}, Network: None, Subnet: None, Router: None
2025-01-06 16:38:54.846 67609 INFO tempest.lib.common.rest_client [req-092bf08b-a819-40d5-ac7b-1817c36bd571 req-092bf08b-a819-40d5-ac7b-1817c36bd571 ] Request (DeleteServersAdminTestJSON:test_delete_server_while_in_error_state): 200 GET http://10.180.1.21/compute/v2.1/servers/b6a6d29b-6e30-4733-8854-b8c6cbcaa014 0.461s
2025-01-06 16:38:54.865 67637 INFO tempest.lib.common.rest_client [req-0c9adcc7-3002-4376-b20a-0f7e81c25104 req-0c9adcc7-3002-4376-b20a-0f7e81c25104 ] Request (InstanceActionsV221TestJSON:test_get_list_deleted_instance_actions): 200 GET http://10.180.1.21/compute/v2.1/servers/9413a118-c8d0-4cd3-8bb7-d08120f33489 0.454s
2025-01-06 16:38:54.890 67627 INFO tempest.lib.common.rest_client [req-6ed526ff-aaa8-4005-af1a-7b44358ea3ec req-6ed526ff-aaa8-4005-af1a-7b44358ea3ec ] Request (ServersAaction247Test:setUpClass): 200 GET http://10.180.1.21/identity/v3/domains?name=Default 0.065s
2025-01-06 16:38:54.895 67642 INFO tempest.lib.common.rest_client [req-5222b7e9-7e78-4357-8130-a2cd52d5fc26 req-5222b7e9-7e78-4357-8130-a2cd52d5fc26 ] Request (ServersTestBootFromVolume:setUpClass): 200 GET http://10.180.1.21/compute/v2.1/servers/5b4a8123-9c99-493d-b720-349ccfbd8652 0.460s
2025-01-06 16:38:54.909 67619 INFO tempest.lib.common.rest_client [req-6dfa92d8-dbf4-43c6-badf-f7727596c2ce req-6dfa92d8-dbf4-43c6-badf-f7727596c2ce ] Request (ServersAdminTestJSON:test_create_server_with_scheduling_hint): 200 GET http://10.180.1.21/compute/v2.1/servers/a1ec2078-1ae4-4bba-b6e7-5f54b453e5db 0.428s
2025-01-06 16:38:54.918 67645 INFO tempest.lib.common.rest_client [req-3da0914b-3ebf-4628-a4b3-2063906b2d2b req-3da0914b-3ebf-4628-a4b3-2063906b2d2b ] Request (VolumesTestJSON:setUpClass): 201 POST http://10.180.1.21/identity/v3/auth/tokens 0.078s
2025-01-06 16:38:54.927 67627 INFO tempest.lib.common.rest_client [req-c673efd5-9006-4a64-9d39-2b38ecb1cc3b req-c673efd5-9006-4a64-9d39-2b38ecb1cc3b ] Request (ServersAaction247Test:setUpClass): 201 POST http://10.180.1.21/identity/v3/projects 0.036s
2025-01-06 16:38:54.944 67597 INFO tempest.lib.common.rest_client [req-87000256-2da5-4cbd-97c0-139d4ee80b9b req-87000256-2da5-4cbd-97c0-139d4ee80b9b ] Request (ServersTestFqdnHostnames:test_create_server_with_fqdn_name): 200 GET http://10.180.1.21/compute/v2.1/servers/61bc8cf8-f078-4dd8-90eb-b5e6814abc08 0.392s
2025-01-06 16:38:54.978 67613 INFO tempest.lib.common.rest_client [req-3bb6db0f-d19d-4932-97af-7ed695898dd3 req-3bb6db0f-d19d-4932-97af-7ed695898dd3 ] Request (ServerDiagnosticsNegativeTest:tearDownClass): 200 GET http://10.180.1.21/compute/v2.1/servers/4465170d-735f-469d-8be1-90251bb88fe2 0.421s
2025-01-06 16:38:54.983 67627 INFO tempest.lib.common.rest_client [req-d3a8fb0a-0d3c-4244-9e7e-5545a64aeea2 req-d3a8fb0a-0d3c-4244-9e7e-5545a64aeea2 ] Request (ServersAaction247Test:setUpClass): 201 POST http://10.180.1.21/identity/v3/users 0.056s
2025-01-06 16:38:54.985 67633 INFO tempest.lib.common.rest_client [req-d906bf12-bb2e-49f4-a4a8-da3604d2adde req-d906bf12-bb2e-49f4-a4a8-da3604d2adde ] Request (DeleteServersTestJSON:test_delete_active_server): 200 GET http://10.180.1.21/compute/v2.1/servers/20b9948d-03b5-436e-964c-a94b3a6d8b08 0.388s
2025-01-06 16:38:55.009 67627 INFO tempest.lib.common.rest_client [req-0fbe001f-d49e-4153-b3ae-712dfe107239 req-0fbe001f-d49e-4153-b3ae-712dfe107239 ] Request (ServersAaction247Test:setUpClass): 200 GET http://10.180.1.21/identity/v3/roles 0.025s
2025-01-06 16:38:55.032 67627 INFO tempest.lib.common.rest_client [req-f45d731e-d80b-483e-a7cf-7202d961a935 req-f45d731e-d80b-483e-a7cf-7202d961a935 ] Request (ServersAaction247Test:setUpClass): 204 PUT http://10.180.1.21/identity/v3/projects/333a26b215984196b0fee87d666e0bb1/users/3e98ef3f4c114fc5ad79290c8d26d2e7/roles/2c41006c91604de8a71c03f5b30692d4 0.023s
2025-01-06 16:38:55.032 67627 INFO tempest.lib.common.dynamic_creds [-] Dynamic test user 3e98ef3f4c114fc5ad79290c8d26d2e7 is created with scope project and roles: ['member']
2025-01-06 16:38:55.032 67627 INFO tempest.lib.common.dynamic_creds [-] Acquired dynamic creds: credentials: Credentials: {'domain_id': 'default', 'domain_name': 'Default', 'username': 'tempest-ServersAaction247Test-441533043-project-member', 'project_domain_id': 'default', 'project_domain_name': 'Default', 'project_id': '333a26b215984196b0fee87d666e0bb1', 'project_name': 'tempest-ServersAaction247Test-441533043', 'tenant_id': '333a26b215984196b0fee87d666e0bb1', 'tenant_name': 'tempest-ServersAaction247Test-441533043', 'user_domain_id': 'default', 'user_domain_name': 'Default', 'user_id': '3e98ef3f4c114fc5ad79290c8d26d2e7', 'system': None}, Network: None, Subnet: None, Router: None
2025-01-06 16:38:55.032 67627 INFO tempest.lib.common.dynamic_creds [-] Created isolated network resources for: credentials: Credentials: {'domain_id': 'default', 'domain_name': 'Default', 'username': 'tempest-ServersAaction247Test-441533043-project-member', 'project_domain_id': 'default', 'project_domain_name': 'Default', 'project_id': '333a26b215984196b0fee87d666e0bb1', 'project_name': 'tempest-ServersAaction247Test-441533043', 'tenant_id': '333a26b215984196b0fee87d666e0bb1', 'tenant_name': 'tempest-ServersAaction247Test-441533043', 'user_domain_id': 'default', 'user_domain_name': 'Default', 'user_id': '3e98ef3f4c114fc5ad79290c8d26d2e7', 'system': None}, Network: None, Subnet: None, Router: None
2025-01-06 16:38:55.041 67617 INFO tempest.lib.common.rest_client [req-e8727c81-4b0d-46be-a336-6d0c2bf0ed66 req-e8727c81-4b0d-46be-a336-6d0c2bf0ed66 ] Request (ServerDiagnosticsV248Test:test_get_server_diagnostics): 200 GET http://10.180.1.21/compute/v2.1/servers/1cfbf45f-8724-4ace-b549-ffb8eda6d2ab 0.409s
2025-01-06 16:38:55.102 67627 INFO tempest.lib.common.rest_client [req-1b6a124f-1bef-4edc-80cc-c7bf3381a3ca req-1b6a124f-1bef-4edc-80cc-c7bf3381a3ca ] Request (ServersAaction247Test:setUpClass): 201 POST http://10.180.1.21/identity/v3/auth/tokens 0.066s
2025-01-06 16:38:55.110 67635 INFO tempest.lib.common.rest_client [req-d70dc391-3f65-4e7d-8483-3fc55c516c99 req-d70dc391-3f65-4e7d-8483-3fc55c516c99 ] Request (InstanceActionsNegativeTestJSON:tearDownClass): 200 GET http://10.180.1.21/compute/v2.1/servers/c3769f39-74b6-4fdb-bf70-cfe7f8b12761 0.471s
2025-01-06 16:38:55.141 67627 INFO tempest.lib.common.rest_client [req-53116ea8-c1a8-4ab8-856d-1449d3596dbc req-53116ea8-c1a8-4ab8-856d-1449d3596dbc ] Request (ServersAaction247Test:test_create_backup): 201 POST http://10.180.1.21/identity/v3/auth/tokens 0.033s
2025-01-06 16:38:55.142 67627 INFO tempest.lib.common.fixed_network [-] (ServersAaction247Test:test_create_backup) Found network None available for tenant
2025-01-06 16:38:55.143 67639 INFO tempest.lib.common.rest_client [req-12b346ff-379e-4223-b921-ba09d5738886 req-12b346ff-379e-4223-b921-ba09d5738886 ] Request (FloatingIPsAssociationNegativeTestJSON:tearDownClass): 200 GET http://10.180.1.21/compute/v2.1/servers/0a517109-71f2-4bec-8e05-4eea325692dd 0.539s
2025-01-06 16:38:55.156 67625 INFO tempest.lib.common.rest_client [req-23c03f4b-8832-4154-a161-c0c133579225 req-23c03f4b-8832-4154-a161-c0c133579225 ] Request (ServerDiskConfigTestJSON:test_rebuild_server_with_manual_disk_config): 200 GET http://10.180.1.21/compute/v2.1/servers/9d1cdb26-7363-4eb2-b3c5-23643faf47ff 0.460s
2025-01-06 16:38:55.194 67645 INFO tempest.lib.common.rest_client [req-b462f6dc-be75-435d-a73c-627d440d0284 req-b462f6dc-be75-435d-a73c-627d440d0284 ] Request (VolumesTestJSON:setUpClass): 202 POST http://10.180.1.21/volume/v3/volumes 0.275s
2025-01-06 16:38:55.198 67623 INFO tempest.lib.common.rest_client [req-3bde2d39-2f1e-49cd-b7e0-4becd08de88e req-3bde2d39-2f1e-49cd-b7e0-4becd08de88e ] Request (ServerActionsTestOtherB:setUpClass): 200 GET http://10.180.1.21/compute/v2.1/servers/1e5ff955-6903-42cb-9583-95c9a142b41f 0.487s
2025-01-06 16:38:55.211 67585 INFO tempest.lib.common.rest_client [req-0e4a7bf0-959e-4017-926d-0dbd5d142dae req-0e4a7bf0-959e-4017-926d-0dbd5d142dae ] Request (ImagesNegativeTestJSON:test_create_image_from_deleted_server): 200 GET http://10.180.1.21/compute/v2.1/servers/2b9b480d-dcf8-4d9d-b129-3514e935a3ad 0.432s
2025-01-06 16:38:55.229 67645 INFO tempest.lib.common.rest_client [req-81e2ed4b-6245-4439-94c1-28be29e2ec47 req-81e2ed4b-6245-4439-94c1-28be29e2ec47 ] Request (VolumesTestJSON:setUpClass): 200 GET http://10.180.1.21/volume/v3/volumes/9dbcba28-6590-4b24-8295-fe65e565262f 0.030s
2025-01-06 16:38:55.273 67621 INFO tempest.lib.common.rest_client [req-660efd86-9899-43e4-ac06-75e80742c633 req-660efd86-9899-43e4-ac06-75e80742c633 ] Request (FloatingIPsAssociationTestJSON:setUpClass): 200 GET http://10.180.1.21/compute/v2.1/servers/ab454db1-8b99-4608-8672-8f64a19274bd 0.252s
2025-01-06 16:38:55.368 67607 INFO tempest.lib.common.rest_client [req-8077792b-d204-4381-aab4-877c393f32a6 req-8077792b-d204-4381-aab4-877c393f32a6 ] Request (MigrationsAdminTest:test_list_migrations_in_flavor_resize_situation): 200 GET http://10.180.1.21/compute/v2.1/servers/c50bc1d9-19e6-439e-8782-7b268047d420 0.418s
2025-01-06 16:38:55.449 67627 INFO tempest.lib.common.rest_client [req-b7f90f4b-bf6c-4b6e-891c-d103807940a1 req-b7f90f4b-bf6c-4b6e-891c-d103807940a1 ] Request (ServersAaction247Test:test_create_backup): 202 POST http://10.180.1.21/compute/v2.1/servers 0.307s
2025-01-06 16:38:55.493 67648 INFO tempest.lib.common.rest_client [req-831fdcf7-9780-4baa-be9b-7488a76d2559 req-831fdcf7-9780-4baa-be9b-7488a76d2559 ] Request (ServersAdminNegativeTestJSON:test_migrate_server_invalid_state): 200 GET http://10.180.1.21/compute/v2.1/servers/f263411a-c4ff-4ee8-a10a-7fc791491124 0.109s
2025-01-06 16:38:55.495 67627 INFO tempest.lib.common.rest_client [req-106d2838-2f6c-4289-9604-c3aa63303cbe req-106d2838-2f6c-4289-9604-c3aa63303cbe ] Request (ServersAaction247Test:test_create_backup): 200 GET http://10.180.1.21/compute/v2.1/servers/66fa4932-43e7-4ed5-94e4-e5157507b231 0.044s
2025-01-06 16:38:55.500 67648 INFO tempest.common.waiters [-] State transition "BUILD/spawning" ==> "ACTIVE/None" after 53 second wait
2025-01-06 16:38:55.562 67591 INFO tempest.lib.common.rest_client [req-3f85cb1f-92d0-4762-ba24-6b4a12bd820e req-3f85cb1f-92d0-4762-ba24-6b4a12bd820e ] Request (ServersAdmin275Test:tearDownClass): 200 GET http://10.180.1.21/compute/v2.1/servers/895cf2de-e826-49e7-8674-863a62611dcf 0.092s
2025-01-06 16:38:55.611 67648 INFO tempest.lib.common.rest_client [req-2a4fd550-5bc9-4038-825b-447a4571e87a req-2a4fd550-5bc9-4038-825b-447a4571e87a ] Request (ServersAdminNegativeTestJSON:test_migrate_server_invalid_state): 202 POST http://10.180.1.21/compute/v2.1/servers/f263411a-c4ff-4ee8-a10a-7fc791491124/action 0.110s
2025-01-06 16:38:55.611 67615 INFO tempest.lib.common.rest_client [req-d43238f9-ada0-4c28-b55d-12d51e50b4a2 req-d43238f9-ada0-4c28-b55d-12d51e50b4a2 ] Request (VolumesAdminNegativeTest:test_update_attached_volume_with_nonexistent_volume_in_body): 200 GET http://10.180.1.21/compute/v2.1/servers/8fab02f5-4ebd-4b01-acf1-acdd76b918bc 0.084s
2025-01-06 16:38:55.721 67631 INFO tempest.lib.common.rest_client [req-4c64f225-dcd6-49d0-837f-98764bade826 req-4c64f225-dcd6-49d0-837f-98764bade826 ] Request (ServersTestJSON:setUpClass): 200 GET http://10.180.1.21/compute/v2.1/servers/6798791d-4bc3-438c-953d-a3da73c33139 0.071s
2025-01-06 16:38:55.759 67593 INFO tempest.lib.common.rest_client [req-35bdb8ed-44e7-413d-98bb-cdafb8b16f5d req-35bdb8ed-44e7-413d-98bb-cdafb8b16f5d ] Request (ListImageFiltersTestJSON:setUpClass): 200 GET http://10.180.1.21/compute/v2.1/images/9d3876c5-d85e-4993-95fd-a0ad768bfe30 0.104s
2025-01-06 16:38:55.827 67599 INFO tempest.lib.common.rest_client [req-ae6c65b4-7156-4146-b554-aff86a25030f req-ae6c65b4-7156-4146-b554-aff86a25030f ] Request (ImagesOneServerTestJSON:tearDownClass): 200 GET http://10.180.1.21/compute/v2.1/servers/d7c708b7-1702-4f31-a8db-07f8d601b7fc 0.083s
2025-01-06 16:38:55.891 67595 INFO tempest.lib.common.rest_client [req-8442ef84-b115-4c81-8c15-2c31cde86efa req-8442ef84-b115-4c81-8c15-2c31cde86efa ] Request (ServersTestJSON:test_create_server_specify_multibyte_character_name): 200 GET http://10.180.1.21/compute/v2.1/servers/7f16ec7d-56cf-4636-bcca-9dd80b5470b4 0.096s
2025-01-06 16:38:55.925 67648 INFO tempest.lib.common.rest_client [req-d62aab8a-d2f6-4015-b1ec-7a0ee3cc60a3 req-d62aab8a-d2f6-4015-b1ec-7a0ee3cc60a3 ] Request (ServersAdminNegativeTestJSON:test_migrate_server_invalid_state): 200 GET http://10.180.1.21/compute/v2.1/servers/f263411a-c4ff-4ee8-a10a-7fc791491124 0.313s
2025-01-06 16:38:55.986 67609 INFO tempest.lib.common.rest_client [req-fc73979f-45fc-4526-bdc7-5b43143ea79d req-fc73979f-45fc-4526-bdc7-5b43143ea79d ] Request (DeleteServersAdminTestJSON:test_delete_server_while_in_error_state): 200 GET http://10.180.1.21/compute/v2.1/servers/b6a6d29b-6e30-4733-8854-b8c6cbcaa014 0.132s
