2024-12-11 11:04:55.453 66150 INFO tempest.lib.common.rest_client [req-34c8c973-a40c-405b-9072-283fc4fe5b60 req-34c8c973-a40c-405b-9072-283fc4fe5b60 ] Request (FlavorsAdminTestJSON:test_is_public_string_variations): 200 GET http://10.180.1.21/compute/v2.1/flavors/detail?is_public=f 1.165s
2024-12-11 11:04:55.457 66142 INFO tempest.lib.common.rest_client [req-9df44c7d-7549-445a-9b5c-1ae61936fbe1 req-9df44c7d-7549-445a-9b5c-1ae61936fbe1 ] Request (AttachInterfacesV270Test:setUpClass): 200 GET http://10.180.1.21/identity/v3/domains?name=Default 0.036s
2024-12-11 11:04:55.488 66138 INFO tempest.lib.common.rest_client [req-f1fd4c61-77ed-4390-84e1-1fef76b76011 req-f1fd4c61-77ed-4390-84e1-1fef76b76011 ] Request (KeyPairsV22TestJSON:test_keypairs_create_list_delete): 201 POST http://10.180.1.21/compute/v2.1/os-keypairs 1.075s
2024-12-11 11:04:55.493 66142 INFO tempest.lib.common.rest_client [req-7bb7e129-ee39-41ad-826f-d532a01c2a52 req-7bb7e129-ee39-41ad-826f-d532a01c2a52 ] Request (AttachInterfacesV270Test:setUpClass): 201 POST http://10.180.1.21/identity/v3/projects 0.035s
2024-12-11 11:04:55.497 66146 INFO tempest.lib.common.rest_client [req-c3c4fb9d-8f6b-4989-954e-9e918c4735c7 req-c3c4fb9d-8f6b-4989-954e-9e918c4735c7 ] Request (ServersWithSpecificFlavorTestJSON:test_verify_created_server_ephemeral_disk): 200 GET http://10.180.1.21/compute/v2.1/servers/4e2be5d5-3737-44a9-a89a-1e63a70833cb 1.313s
2024-12-11 11:04:55.508 66154 INFO tempest.lib.common.rest_client [req-06b97562-d01b-4436-8382-4b84edaa41bc req-06b97562-d01b-4436-8382-4b84edaa41bc ] Request (ImagesNegativeTestJSON:test_create_image_from_invalid_server): 404 POST http://10.180.1.21/compute/v2.1/servers/tempest-invalid-240934093/action 1.068s
2024-12-11 11:04:55.517 66130 INFO tempest.lib.common.rest_client [req-04ec0e39-2026-4a67-97cd-7e05c7a6bfd1 req-04ec0e39-2026-4a67-97cd-7e05c7a6bfd1 ] Request (ServicesAdminTestJSON:setUpClass): 201 POST http://10.180.1.21/identity/v3/auth/tokens 0.162s
2024-12-11 11:04:55.562 66177 INFO tempest.lib.common.rest_client [req-928fddb2-690b-4ab4-b669-6b38dfdbf533 req-928fddb2-690b-4ab4-b669-6b38dfdbf533 ] Request (InstanceActionsV221TestJSON:test_get_list_deleted_instance_actions): 200 GET http://10.180.1.21/compute/v2.1/servers/c184791a-5b7f-44c3-bbae-e6c67f8643ca 1.131s
2024-12-11 11:04:55.576 66142 INFO tempest.lib.common.rest_client [req-a0eca521-3ba5-4165-b7a0-301c6f6c4495 req-a0eca521-3ba5-4165-b7a0-301c6f6c4495 ] Request (AttachInterfacesV270Test:setUpClass): 201 POST http://10.180.1.21/identity/v3/users 0.082s
2024-12-11 11:04:55.593 66142 INFO tempest.lib.common.rest_client [req-c5cecb61-0ba7-4570-83cf-3ad6a6df1322 req-c5cecb61-0ba7-4570-83cf-3ad6a6df1322 ] Request (AttachInterfacesV270Test:setUpClass): 200 GET http://10.180.1.21/identity/v3/roles 0.017s
2024-12-11 11:04:55.620 66142 INFO tempest.lib.common.rest_client [req-b14bc378-45ac-4969-adf1-ef33ac70d8b7 req-b14bc378-45ac-4969-adf1-ef33ac70d8b7 ] Request (AttachInterfacesV270Test:setUpClass): 204 PUT http://10.180.1.21/identity/v3/projects/8759799683cd4227881c1a96ded20cd1/users/d19c08a959e84cebbcaa5b47fcfe959a/roles/ab1eb68de2154cbb899fa84e25e7a77b 0.026s
2024-12-11 11:04:55.620 66142 INFO tempest.lib.common.dynamic_creds [-] Dynamic test user d19c08a959e84cebbcaa5b47fcfe959a is created with scope project and roles: ['member']
2024-12-11 11:04:55.621 66142 INFO tempest.lib.common.dynamic_creds [-] Acquired dynamic creds: credentials: Credentials: {'domain_id': 'default', 'domain_name': 'Default', 'username': 'tempest-AttachInterfacesV270Test-257797333-project-member', 'project_domain_id': 'default', 'project_domain_name': 'Default', 'project_id': '8759799683cd4227881c1a96ded20cd1', 'project_name': 'tempest-AttachInterfacesV270Test-257797333', 'tenant_id': '8759799683cd4227881c1a96ded20cd1', 'tenant_name': 'tempest-AttachInterfacesV270Test-257797333', 'user_domain_id': 'default', 'user_domain_name': 'Default', 'user_id': 'd19c08a959e84cebbcaa5b47fcfe959a', 'system': None}, Network: None, Subnet: None, Router: None
2024-12-11 11:04:55.687 66142 INFO tempest.lib.common.rest_client [req-bb8565e4-ffb1-4bc7-98f5-43e62464b2fb req-bb8565e4-ffb1-4bc7-98f5-43e62464b2fb ] Request (AttachInterfacesV270Test:setUpClass): 201 POST http://10.180.1.21/identity/v3/auth/tokens 0.066s
2024-12-11 11:04:55.700 66128 INFO tempest.lib.common.rest_client [req-20b1ba41-7e78-4c98-b920-c5843b81a392 req-20b1ba41-7e78-4c98-b920-c5843b81a392 ] Request (SecurityGroupRulesTestJSON:tearDownClass): 202 DELETE http://10.180.1.21/compute/v2.1/os-security-groups/c36046f8-61b4-4101-8dc3-72c31587c2a2 1.213s
2024-12-11 11:04:55.724 66153 INFO tempest.lib.common.rest_client [req-d8b64b6e-29c3-4850-913f-9c351405b70d req-d8b64b6e-29c3-4850-913f-9c351405b70d ] Request (SecurityGroupRulesNegativeTestJSON:tearDownClass): 202 DELETE http://10.180.1.21/compute/v2.1/os-security-groups/b662ef6a-4217-48e2-9e30-3e8dae5e02dd 1.120s
2024-12-11 11:04:55.785 66166 INFO tempest.lib.common.rest_client [req-7e34de01-1175-4a96-abc6-4109e5fe5bdd req-7e34de01-1175-4a96-abc6-4109e5fe5bdd ] Request (ServerAddressesNegativeTestJSON:tearDownClass): 200 GET http://10.180.1.21/compute/v2.1/servers/d29693d2-8bc3-4498-bc6a-cda75f0febe5 1.146s
2024-12-11 11:04:55.800 66132 INFO tempest.lib.common.rest_client [req-5853ba4f-e06e-4842-8ce3-0eefb08749ce req-5853ba4f-e06e-4842-8ce3-0eefb08749ce ] Request (SecurityGroupsTestJSON:test_list_security_groups_by_server): 200 GET http://10.180.1.21/compute/v2.1/servers/00f59708-7070-409d-a189-f55bc6dfd81d 1.072s
2024-12-11 11:04:55.844 66164 INFO tempest.lib.common.rest_client [req-a96ae9e5-4f45-40b6-9091-6063f603a0f3 req-a96ae9e5-4f45-40b6-9091-6063f603a0f3 ] Request (DeleteServersAdminTestJSON:test_admin_delete_servers_of_others): 200 GET http://10.180.1.21/compute/v2.1/servers/97fb7641-1b41-415d-b964-e7f681e9da45 1.056s
2024-12-11 11:04:55.861 66122 INFO tempest.lib.common.rest_client [req-3ffe5c72-b914-4feb-ba77-52229777d936 req-3ffe5c72-b914-4feb-ba77-52229777d936 ] Request (ServersAdminTestJSON:test_create_server_with_scheduling_hint): 200 GET http://10.180.1.21/compute/v2.1/servers/a9462f81-92ac-483d-a8b4-51cd521b8e66 1.052s
2024-12-11 11:04:55.899 66178 INFO tempest.lib.common.rest_client [req-833dd826-7c4b-444f-82a6-1edd820449aa req-833dd826-7c4b-444f-82a6-1edd820449aa ] Request (ServersTestMultiNic:test_verify_duplicate_network_nics): 200 GET http://10.180.1.21/compute/v2.1/servers/d69b10f9-4a23-42a7-ab16-edc81bfe8271 1.049s
2024-12-11 11:04:55.926 66160 INFO tempest.lib.common.rest_client [req-66a5aed7-dd5e-495d-a25a-f4e3ab1706fe req-66a5aed7-dd5e-495d-a25a-f4e3ab1706fe ] Request (ServersAdmin275Test:test_rebuild_update_server_275): 200 GET http://10.180.1.21/compute/v2.1/servers/6afadaed-f6fe-4a49-ad8c-6dc52e640529 1.029s
2024-12-11 11:04:55.968 66174 INFO tempest.lib.common.rest_client [req-2ce01a32-328c-4b4e-be23-ef00cc6c3715 req-2ce01a32-328c-4b4e-be23-ef00cc6c3715 ] Request (ImagesTestJSON:test_create_image_from_stopped_server): 200 GET http://10.180.1.21/compute/v2.1/images/2f8323ee-5a51-4c7f-ae77-28ec1ee2bb5d 1.022s
2024-12-11 11:04:55.992 66144 INFO tempest.lib.common.rest_client [req-32ac5040-c119-4f08-a1f3-a8e3e5396097 req-32ac5040-c119-4f08-a1f3-a8e3e5396097 ] Request (ServicesAdminNegativeTestJSON:test_get_service_by_invalid_service_and_valid_host): 200 GET http://10.180.1.21/compute/v2.1/os-services?host=devstack&binary=xxx 1.041s
2024-12-11 11:04:56.035 66124 INFO tempest.lib.common.rest_client [req-8809b127-ba20-4446-9f65-34bd7af75803 req-8809b127-ba20-4446-9f65-34bd7af75803 ] Request (AggregatesAdminNegativeTestJSON:test_aggregate_remove_host_as_user): 200 POST http://10.180.1.21/compute/v2.1/os-aggregates/7/action 1.118s
2024-12-11 11:04:56.061 66168 INFO tempest.lib.common.rest_client [req-4f7f5b82-8e53-4a2e-a099-00f08b8817dd req-4f7f5b82-8e53-4a2e-a099-00f08b8817dd ] Request (ServerDiagnosticsTest:tearDownClass): 200 GET http://10.180.1.21/compute/v2.1/servers/a47b863a-06d1-47c0-b6c9-2d59d48cb635 1.102s
2024-12-11 11:04:56.115 66142 INFO tempest.lib.common.rest_client [req-ebcc2dd8-7a37-4e93-840b-909d762477d4 req-ebcc2dd8-7a37-4e93-840b-909d762477d4 ] Request (AttachInterfacesV270Test:setUpClass): 201 POST http://10.180.1.21:9696/networking/v2.0/networks 0.427s
2024-12-11 11:04:56.199 66172 INFO tempest.lib.common.rest_client [req-61497c75-73fa-4ec7-ba13-a3f381a022a2 req-61497c75-73fa-4ec7-ba13-a3f381a022a2 ] Request (VolumesAdminNegativeTest:test_update_attached_volume_with_nonexistent_volume_in_body): 200 GET http://10.180.1.21/compute/v2.1/servers/6f5c3307-1298-4e87-92ce-ecd88211964f/os-interface 1.039s
2024-12-11 11:04:56.258 66140 INFO tempest.lib.common.rest_client [req-7c0fbba5-0ac2-46d0-b372-c543c31433d9 req-7c0fbba5-0ac2-46d0-b372-c543c31433d9 ] Request (ServerDiagnosticsNegativeTest:test_get_server_diagnostics_by_non_admin): 200 GET http://10.180.1.21/compute/v2.1/servers/8a731927-25e0-4bdc-8647-0b7b707bdd54 1.080s
2024-12-11 11:04:56.339 66126 INFO tempest.lib.common.rest_client [req-74ea265e-76ce-4e1e-b66e-0c02db1d6470 req-74ea265e-76ce-4e1e-b66e-0c02db1d6470 ] Request (InstanceActionsTestJSON:setUpClass): 200 GET http://10.180.1.21/compute/v2.1/servers/8a850783-41a9-42d3-9682-ec58b96bad7f 1.077s
2024-12-11 11:04:56.419 66142 INFO tempest.lib.common.rest_client [req-22cc06b5-b35b-4479-9774-95b9f092ae60 req-22cc06b5-b35b-4479-9774-95b9f092ae60 ] Request (AttachInterfacesV270Test:setUpClass): 201 POST http://10.180.1.21:9696/networking/v2.0/subnets 0.304s
2024-12-11 11:04:56.488 66148 INFO tempest.lib.common.rest_client [req-32568648-36c0-4f1b-bae6-641ba7a046c7 req-32568648-36c0-4f1b-bae6-641ba7a046c7 ] Request (VolumesAssistedSnapshotsTest:test_volume_assisted_snapshot_create_delete): 200 GET http://10.180.1.21/compute/v2.1/servers/578c4873-b6d7-46d5-9891-47ebf73bbdb1 1.307s
2024-12-11 11:04:56.568 66184 INFO tempest.lib.common.rest_client [req-fbd4dbd8-c3f4-42d3-9f00-e3435bacdf9d req-fbd4dbd8-c3f4-42d3-9f00-e3435bacdf9d ] Request (ServerExternalEventsTest:tearDownClass): 200 GET http://10.180.1.21/compute/v2.1/servers/76a80ba9-4b0e-4764-81de-e9334a97b82c 1.187s
2024-12-11 11:04:56.701 66182 INFO tempest.lib.common.rest_client [req-38d7f717-c3e3-4c90-8fc7-04468111020c req-38d7f717-c3e3-4c90-8fc7-04468111020c ] Request (ImagesOneServerTestJSON:setUpClass): 200 GET http://10.180.1.21/compute/v2.1/servers/9ecf87a0-a89a-4bc9-b328-35799b7832b0 1.425s
2024-12-11 11:04:56.707 66182 INFO tempest.common.waiters [-] State transition "BUILD/None" ==> "BUILD/block_device_mapping" after 23 second wait
2024-12-11 11:04:56.782 66159 INFO tempest.lib.common.rest_client [req-2ef30ee6-a498-4a73-9daf-fb9e08294468 req-2ef30ee6-a498-4a73-9daf-fb9e08294468 ] Request (ServerGroupTestJSON:setUp): 200 POST http://10.180.1.21/compute/v2.1/os-server-groups 1.354s
2024-12-11 11:04:56.811 66180 INFO tempest.lib.common.rest_client [req-fde6f6c1-206a-48bc-aa1a-f851fad07f06 req-fde6f6c1-206a-48bc-aa1a-f851fad07f06 ] Request (ServersTestJSON:setUpClass): 200 GET http://10.180.1.21/compute/v2.1/servers/b263b3fb-9b9c-403e-bf2d-459e6b12efdf 1.377s
2024-12-11 11:04:56.825 66150 INFO tempest.lib.common.rest_client [req-23cfcb0f-747f-4f43-b916-b612f7c4b8b2 req-23cfcb0f-747f-4f43-b916-b612f7c4b8b2 ] Request (FlavorsAdminTestJSON:test_is_public_string_variations): 200 GET http://10.180.1.21/compute/v2.1/flavors/detail?is_public=false 1.370s
2024-12-11 11:04:56.837 66138 INFO tempest.lib.common.rest_client [req-8305a55d-122a-427c-87e8-d42673770c46 req-8305a55d-122a-427c-87e8-d42673770c46 ] Request (KeyPairsV22TestJSON:test_keypairs_create_list_delete): 200 GET http://10.180.1.21/compute/v2.1/os-keypairs 1.347s
2024-12-11 11:04:56.845 66154 INFO tempest.lib.common.rest_client [req-8b5b2894-465f-4207-b99c-53f39221995d req-8b5b2894-465f-4207-b99c-53f39221995d ] Request (ImagesNegativeTestJSON:test_create_image_specify_uuid_35_characters_or_less): 404 POST http://10.180.1.21/compute/v2.1/servers/aaaaaaaaaaaaaaaaaaaaaaaaaaaaaaaaaaa/action 1.336s
2024-12-11 11:04:56.886 66162 INFO tempest.lib.common.rest_client [req-8fa26534-402c-4a42-8abe-210976499671 req-8fa26534-402c-4a42-8abe-210976499671 ] Request (ComputeTenantNetworksTest:test_list_show_tenant_networks): 200 GET http://10.180.1.21/compute/v2.1/os-tenant-networks/8ee2f90a-b00b-427b-a622-7978e25e43b3 1.449s
2024-12-11 11:04:56.959 66130 INFO tempest.lib.common.rest_client [req-10d5c157-a3dd-4a07-ab8d-b3429ddfa18b req-10d5c157-a3dd-4a07-ab8d-b3429ddfa18b ] Request (ServicesAdminTestJSON:test_get_service_by_host_name): 200 GET http://10.180.1.21/compute/v2.1/os-services 1.440s
2024-12-11 11:04:57.137 66162 INFO tempest.lib.common.rest_client [req-36c52fcf-df4b-480d-9c57-6e2059406e33 req-36c52fcf-df4b-480d-9c57-6e2059406e33 ] Request (ComputeTenantNetworksTest:tearDownClass): 204 DELETE http://10.180.1.21:9696/networking/v2.0/networks/8ee2f90a-b00b-427b-a622-7978e25e43b3 0.244s
2024-12-11 11:04:57.137 66128 INFO tempest.lib.common.rest_client [req-0e6564d5-f8db-4413-b061-5ae8d67a95b7 req-0e6564d5-f8db-4413-b061-5ae8d67a95b7 ] Request (SecurityGroupRulesTestJSON:tearDownClass): 202 DELETE http://10.180.1.21/compute/v2.1/os-security-groups/5b339656-68de-4bd4-919a-44caccc1294c 1.436s
2024-12-11 11:04:57.180 66153 INFO tempest.lib.common.rest_client [req-5fa8dd8a-fe06-415a-b780-82eba7e94334 req-5fa8dd8a-fe06-415a-b780-82eba7e94334 ] Request (SecurityGroupRulesNegativeTestJSON:tearDownClass): 202 DELETE http://10.180.1.21/compute/v2.1/os-security-groups/259d86a5-c4f2-40c4-a99f-738552c88100 1.456s
2024-12-11 11:04:57.244 66162 INFO tempest.lib.common.rest_client [req-3c8c3504-cdb7-4b6e-8f94-d0b189410951 req-3c8c3504-cdb7-4b6e-8f94-d0b189410951 ] Request (ComputeTenantNetworksTest:tearDownClass): 204 DELETE http://10.180.1.21/identity/v3/users/e0b3f3991681415fadfd5f57c7fa0434 0.107s
2024-12-11 11:04:57.245 66162 INFO tempest.lib.common.dynamic_creds [-] Deleting project and security group for project: ffdb97355b5f4443a0d0209ae78b1c58
2024-12-11 11:04:57.262 66136 INFO tempest.lib.common.rest_client [req-30d0ef3f-5a35-4997-8540-07f16cb88ed7 req-30d0ef3f-5a35-4997-8540-07f16cb88ed7 ] Request (ServerDiagnosticsV248Test:tearDownClass): 200 GET http://10.180.1.21/compute/v2.1/servers/a4adc67a-67fb-4576-9315-eb3ed338c166 1.369s
2024-12-11 11:04:57.288 66162 INFO tempest.lib.common.rest_client [req-edae98d9-9287-4e5c-89c8-2aa51ae2e952 req-edae98d9-9287-4e5c-89c8-2aa51ae2e952 ] Request (ComputeTenantNetworksTest:tearDownClass): 200 GET http://10.180.1.21:9696/networking/v2.0/security-groups?tenant_id=ffdb97355b5f4443a0d0209ae78b1c58&name=default 0.043s
2024-12-11 11:04:57.295 66144 INFO tempest.lib.common.rest_client [req-d941df3a-2d1a-4630-ab45-51cc39c4ace5 req-d941df3a-2d1a-4630-ab45-51cc39c4ace5 ] Request (ServicesAdminNegativeTestJSON:test_get_service_with_valid_service_and_invalid_host): 200 GET http://10.180.1.21/compute/v2.1/os-services 1.295s
2024-12-11 11:04:57.300 66124 INFO tempest.lib.common.rest_client [req-022f9fe8-d829-4314-b025-f6bf097e6f50 req-022f9fe8-d829-4314-b025-f6bf097e6f50 ] Request (AggregatesAdminNegativeTestJSON:test_aggregate_remove_host_as_user): 403 POST http://10.180.1.21/compute/v2.1/os-aggregates/7/action 1.263s
2024-12-11 11:04:57.358 66134 INFO tempest.lib.common.rest_client [req-f28c96e9-bce4-4b56-a8a4-6df3d1195252 req-f28c96e9-bce4-4b56-a8a4-6df3d1195252 ] Request (MigrationsAdminTest:test_list_migrations_in_flavor_resize_situation): 200 GET http://10.180.1.21/compute/v2.1/servers/db05c5a1-3530-4793-89fd-75b6b860d4f9 1.461s
2024-12-11 11:04:57.521 66142 INFO tempest.lib.common.rest_client [req-b93589b4-a1af-4150-a195-8005b7f99c21 req-b93589b4-a1af-4150-a195-8005b7f99c21 ] Request (AttachInterfacesV270Test:setUpClass): 201 POST http://10.180.1.21:9696/networking/v2.0/routers 1.101s
2024-12-11 11:04:57.569 66172 INFO tempest.lib.common.rest_client [req-f93ffd01-42de-4418-8cfd-ad4788c1b1e3 req-f93ffd01-42de-4418-8cfd-ad4788c1b1e3 ] Request (VolumesAdminNegativeTest:test_update_attached_volume_with_nonexistent_volume_in_body): 200 PUT http://10.180.1.21:9696/networking/v2.0/floatingips/58b97324-0fcf-414b-bb97-ef06602c3e1a 1.368s
2024-12-11 11:04:57.569 66156 INFO tempest.lib.common.rest_client [req-433f7c36-3ab9-4486-8de4-8ed5856ebf06 req-433f7c36-3ab9-4486-8de4-8ed5856ebf06 ] Request (ServerShowV257Test:test_rebuild_server): 200 GET http://10.180.1.21/compute/v2.1/servers/2f6d1281-9001-4bf2-a9a2-4eecaa677c2c 1.329s
2024-12-11 11:04:57.571 66172 INFO tempest.lib.common.ssh [-] Creating ssh connection to '10.180.180.204:22' as 'cirros' with public key authentication
2024-12-11 11:04:57.578 66146 INFO tempest.lib.common.rest_client [req-5808877e-59dc-4232-b734-1279bd6d4787 req-5808877e-59dc-4232-b734-1279bd6d4787 ] Request (ServersWithSpecificFlavorTestJSON:test_verify_created_server_ephemeral_disk): 200 GET http://10.180.1.21/compute/v2.1/servers/4e2be5d5-3737-44a9-a89a-1e63a70833cb 1.070s
2024-12-11 11:04:57.618 66162 INFO tempest.lib.common.rest_client [req-1c644406-09df-444b-954c-547731d6dde3 req-1c644406-09df-444b-954c-547731d6dde3 ] Request (ComputeTenantNetworksTest:tearDownClass): 204 DELETE http://10.180.1.21:9696/networking/v2.0/security-groups/5ac7bcaa-8062-4714-8b3b-c6a68550bb76 0.329s
2024-12-11 11:04:57.651 66177 INFO tempest.lib.common.rest_client [req-d33b08c6-0415-4554-aaa4-349020991570 req-d33b08c6-0415-4554-aaa4-349020991570 ] Request (InstanceActionsV221TestJSON:test_get_list_deleted_instance_actions): 200 GET http://10.180.1.21/compute/v2.1/servers/c184791a-5b7f-44c3-bbae-e6c67f8643ca 1.078s
2024-12-11 11:04:57.663 66177 INFO tempest.common.waiters [-] State transition "ACTIVE/deleting" ==> "DELETED/None" after 4 second wait
2024-12-11 11:04:57.684 66159 INFO tempest.lib.common.rest_client [req-eb945db5-796a-4b91-9dec-3ceb3dd9534c req-eb945db5-796a-4b91-9dec-3ceb3dd9534c ] Request (ServerGroupTestJSON:test_create_delete_multiple_server_groups_with_same_name_policy): 200 POST http://10.180.1.21/compute/v2.1/os-server-groups 0.900s
2024-12-11 11:04:57.738 66166 INFO tempest.lib.common.rest_client [req-15603267-b4a0-4a48-a620-586453895156 req-15603267-b4a0-4a48-a620-586453895156 ] Request (ServerAddressesNegativeTestJSON:tearDownClass): 200 GET http://10.180.1.21/compute/v2.1/servers/d29693d2-8bc3-4498-bc6a-cda75f0febe5 0.945s
2024-12-11 11:04:57.769 66150 INFO tempest.lib.common.rest_client [req-12098cea-177b-4742-abe6-e1fb86126a64 req-12098cea-177b-4742-abe6-e1fb86126a64 ] Request (FlavorsAdminTestJSON:test_is_public_string_variations): 200 GET http://10.180.1.21/compute/v2.1/flavors/detail?is_public=no 0.941s
2024-12-11 11:04:57.781 66162 INFO tempest.lib.common.rest_client [req-322716a0-e780-47a1-b41f-0138b9e3451f req-322716a0-e780-47a1-b41f-0138b9e3451f ] Request (ComputeTenantNetworksTest:tearDownClass): 204 DELETE http://10.180.1.21/identity/v3/projects/ffdb97355b5f4443a0d0209ae78b1c58 0.162s
2024-12-11 11:04:57.791 66138 INFO tempest.lib.common.rest_client [req-5ea050db-0739-47bf-8f63-b420908a4477 req-5ea050db-0739-47bf-8f63-b420908a4477 ] Request (KeyPairsV22TestJSON:_run_cleanups): 204 DELETE http://10.180.1.21/compute/v2.1/os-keypairs/tempest-KeyPairsV22TestJSON-keypair-966529760 0.952s
2024-12-11 11:04:57.796 66154 INFO tempest.lib.common.rest_client [req-a78b6883-13ad-4976-9df8-95a0ab3f6e63 req-a78b6883-13ad-4976-9df8-95a0ab3f6e63 ] Request (ImagesNegativeTestJSON:test_create_image_specify_uuid_37_characters_or_more): 404 POST http://10.180.1.21/compute/v2.1/servers/aaaaaaaaaaaaaaaaaaaaaaaaaaaaaaaaaaaaa/action 0.950s
2024-12-11 11:04:57.883 66164 INFO tempest.lib.common.rest_client [req-1a053af0-9245-477e-b4b0-0549ded9d910 req-1a053af0-9245-477e-b4b0-0549ded9d910 ] Request (DeleteServersAdminTestJSON:test_admin_delete_servers_of_others): 200 GET http://10.180.1.21/compute/v2.1/servers/97fb7641-1b41-415d-b964-e7f681e9da45 1.029s
2024-12-11 11:04:57.937 66122 INFO tempest.lib.common.rest_client [req-efef6cab-68d8-4222-9dca-dd9b31754f1e req-efef6cab-68d8-4222-9dca-dd9b31754f1e ] Request (ServersAdminTestJSON:test_create_server_with_scheduling_hint): 200 GET http://10.180.1.21/compute/v2.1/servers/a9462f81-92ac-483d-a8b4-51cd521b8e66 1.067s
2024-12-11 11:04:57.965 66132 INFO tempest.lib.common.rest_client [req-6acaba0e-a6a1-4f83-9985-1d1dda88547a req-6acaba0e-a6a1-4f83-9985-1d1dda88547a ] Request (SecurityGroupsTestJSON:test_list_security_groups_by_server): 200 GET http://10.180.1.21/compute/v2.1/servers/00f59708-7070-409d-a189-f55bc6dfd81d 1.158s
2024-12-11 11:04:57.993 66178 INFO tempest.lib.common.rest_client [req-ba82968f-7d5f-4b55-9c9a-692be6d4146e req-ba82968f-7d5f-4b55-9c9a-692be6d4146e ] Request (ServersTestMultiNic:test_verify_duplicate_network_nics): 200 GET http://10.180.1.21/compute/v2.1/servers/d69b10f9-4a23-42a7-ab16-edc81bfe8271 1.085s
2024-12-11 11:04:58.016 66130 INFO tempest.lib.common.rest_client [req-b4cb6365-ff98-483f-a7d7-8ac54908acce req-b4cb6365-ff98-483f-a7d7-8ac54908acce ] Request (ServicesAdminTestJSON:test_get_service_by_host_name): 200 GET http://10.180.1.21/compute/v2.1/os-services?host=devstack 1.053s
2024-12-11 11:04:58.024 66160 INFO tempest.lib.common.rest_client [req-e42370fc-3dff-4f91-b3ae-0dd698e83473 req-e42370fc-3dff-4f91-b3ae-0dd698e83473 ] Request (ServersAdmin275Test:test_rebuild_update_server_275): 200 GET http://10.180.1.21/compute/v2.1/servers/6afadaed-f6fe-4a49-ad8c-6dc52e640529 1.089s
2024-12-11 11:04:58.064 66174 INFO tempest.lib.common.rest_client [req-92c46a8a-1caa-44d7-be2e-0a3d8e0c6aff req-92c46a8a-1caa-44d7-be2e-0a3d8e0c6aff ] Request (ImagesTestJSON:test_create_image_from_stopped_server): 200 GET http://10.180.1.21/compute/v2.1/images/2f8323ee-5a51-4c7f-ae77-28ec1ee2bb5d 1.087s
2024-12-11 11:04:58.093 66168 INFO tempest.lib.common.rest_client [req-29eeee8b-6417-4aac-bfdf-2b92150137ca req-29eeee8b-6417-4aac-bfdf-2b92150137ca ] Request (ServerDiagnosticsTest:tearDownClass): 200 GET http://10.180.1.21/compute/v2.1/servers/a47b863a-06d1-47c0-b6c9-2d59d48cb635 1.024s
2024-12-11 11:04:58.235 66128 INFO tempest.lib.common.rest_client [req-4884c734-1c25-402a-be78-ac3269365822 req-4884c734-1c25-402a-be78-ac3269365822 ] Request (SecurityGroupRulesTestJSON:tearDownClass): 202 DELETE http://10.180.1.21/compute/v2.1/os-security-groups/c6bb319e-c8d9-4e85-80d9-ae18717ce882 1.097s
2024-12-11 11:04:58.237 66153 INFO tempest.lib.common.rest_client [req-35656113-35b9-43ff-9dcc-3264ae27677a req-35656113-35b9-43ff-9dcc-3264ae27677a ] Request (SecurityGroupRulesNegativeTestJSON:tearDownClass): 202 DELETE http://10.180.1.21/compute/v2.1/os-security-groups/eb43874e-682f-4a3c-9833-274f6c69309c 1.055s
2024-12-11 11:04:58.291 66144 INFO tempest.lib.common.rest_client [req-d8ec4806-b767-4f14-b247-9afac8457630 req-d8ec4806-b767-4f14-b247-9afac8457630 ] Request (ServicesAdminNegativeTestJSON:test_get_service_with_valid_service_and_invalid_host): 200 GET http://10.180.1.21/compute/v2.1/os-services?host=xxx&binary=nova-scheduler 0.994s
2024-12-11 11:04:58.404 66140 INFO tempest.lib.common.rest_client [req-5d18e524-5f22-43c5-9e53-a3da4d35dfd1 req-5d18e524-5f22-43c5-9e53-a3da4d35dfd1 ] Request (ServerDiagnosticsNegativeTest:test_get_server_diagnostics_by_non_admin): 200 GET http://10.180.1.21/compute/v2.1/servers/8a731927-25e0-4bdc-8647-0b7b707bdd54 1.136s
2024-12-11 11:04:58.411 66140 INFO tempest.common.waiters [-] State transition "BUILD/spawning" ==> "ACTIVE/None" after 26 second wait
2024-12-11 11:04:58.424 66124 INFO tempest.lib.common.rest_client [req-d1852fe9-fecb-4f60-aa53-6048f3da3a23 req-d1852fe9-fecb-4f60-aa53-6048f3da3a23 ] Request (AggregatesAdminNegativeTestJSON:_run_cleanups): 200 POST http://10.180.1.21/compute/v2.1/os-aggregates/7/action 1.123s
2024-12-11 11:04:58.485 66126 INFO tempest.lib.common.rest_client [req-9999ab50-a001-41de-9796-607ab1f24c8e req-9999ab50-a001-41de-9796-607ab1f24c8e ] Request (InstanceActionsTestJSON:setUpClass): 200 GET http://10.180.1.21/compute/v2.1/servers/8a850783-41a9-42d3-9682-ec58b96bad7f 1.136s
2024-12-11 11:04:58.597 66184 INFO tempest.lib.common.rest_client [req-5d9cefde-3933-4fc4-bffb-5de9383e279d req-5d9cefde-3933-4fc4-bffb-5de9383e279d ] Request (ServerExternalEventsTest:tearDownClass): 200 GET http://10.180.1.21/compute/v2.1/servers/76a80ba9-4b0e-4764-81de-e9334a97b82c 1.017s
2024-12-11 11:04:58.654 66148 INFO tempest.lib.common.rest_client [req-aa535c11-40b7-4dd7-b623-315ee8124ac4 req-aa535c11-40b7-4dd7-b623-315ee8124ac4 ] Request (VolumesAssistedSnapshotsTest:test_volume_assisted_snapshot_create_delete): 200 GET http://10.180.1.21/compute/v2.1/servers/578c4873-b6d7-46d5-9891-47ebf73bbdb1 1.157s
2024-12-11 11:04:58.699 66159 INFO tempest.lib.common.rest_client [req-2795d515-51cf-4f58-b688-5a1414e0c254 req-2795d515-51cf-4f58-b688-5a1414e0c254 ] Request (ServerGroupTestJSON:test_create_delete_multiple_server_groups_with_same_name_policy): 200 POST http://10.180.1.21/compute/v2.1/os-server-groups 1.013s
2024-12-11 11:04:58.710 66150 INFO tempest.lib.common.rest_client [req-d2cceb94-984e-4450-b1ab-99f0c0200539 req-d2cceb94-984e-4450-b1ab-99f0c0200539 ] Request (FlavorsAdminTestJSON:test_is_public_string_variations): 200 GET http://10.180.1.21/compute/v2.1/flavors/detail?is_public=0 0.938s
2024-12-11 11:04:58.731 66138 INFO tempest.lib.common.rest_client [req-90ee82bb-e682-4de7-b55a-1ffc0fd841b5 req-90ee82bb-e682-4de7-b55a-1ffc0fd841b5 ] Request (KeyPairsV22TestJSON:_run_cleanups): 204 DELETE http://10.180.1.21/compute/v2.1/os-keypairs/tempest-KeyPairsV22TestJSON-keypair-1996172191 0.939s
2024-12-11 11:04:58.749 66154 INFO tempest.lib.common.rest_client [req-3128afb0-ed4d-49a2-9b36-c47066439d4e req-3128afb0-ed4d-49a2-9b36-c47066439d4e ] Request (ImagesNegativeTestJSON:tearDownClass): 404 DELETE http://10.180.1.21/compute/v2.1/servers/76da0d08-49df-4a15-8f36-e22529247dc8 0.951s
2024-12-11 11:04:58.835 66180 INFO tempest.lib.common.rest_client [req-247e3a9d-9218-4d29-b9da-7a9e6582ff1c req-247e3a9d-9218-4d29-b9da-7a9e6582ff1c ] Request (ServersTestJSON:setUpClass): 200 GET http://10.180.1.21/compute/v2.1/servers/b263b3fb-9b9c-403e-bf2d-459e6b12efdf 1.013s
2024-12-11 11:04:58.846 66180 INFO tempest.common.waiters [-] State transition "BUILD/scheduling" ==> "BUILD/None" after 2 second wait
2024-12-11 11:04:58.855 66182 INFO tempest.lib.common.rest_client [req-bdd62a30-b57a-4db3-98ad-ca8238bf2e79 req-bdd62a30-b57a-4db3-98ad-ca8238bf2e79 ] Request (ImagesOneServerTestJSON:setUpClass): 200 GET http://10.180.1.21/compute/v2.1/servers/9ecf87a0-a89a-4bc9-b328-35799b7832b0 1.146s
2024-12-11 11:04:58.866 66130 INFO tempest.lib.common.rest_client [req-39b8b748-9bba-4b43-a990-2f76c408891e req-39b8b748-9bba-4b43-a990-2f76c408891e ] Request (ServicesAdminTestJSON:test_get_service_by_service_binary_name): 200 GET http://10.180.1.21/compute/v2.1/os-services?binary=nova-compute 0.847s
2024-12-11 11:04:58.866 66182 INFO tempest.common.waiters [-] State transition "BUILD/block_device_mapping" ==> "BUILD/spawning" after 25 second wait
2024-12-11 11:04:58.952 66136 INFO tempest.lib.common.rest_client [req-5f46c1f1-0ee3-4a20-a8c8-4682c7c2501b req-5f46c1f1-0ee3-4a20-a8c8-4682c7c2501b ] Request (ServerDiagnosticsV248Test:tearDownClass): 200 GET http://10.180.1.21/compute/v2.1/servers/a4adc67a-67fb-4576-9315-eb3ed338c166 0.678s
2024-12-11 11:04:59.037 66144 INFO tempest.lib.common.rest_client [req-5e91e405-b7e9-4c38-b772-5907069db13c req-5e91e405-b7e9-4c38-b772-5907069db13c ] Request (ServicesAdminNegativeTestJSON:test_list_services_with_non_admin_user): 403 GET http://10.180.1.21/compute/v2.1/os-services 0.741s
2024-12-11 11:04:59.066 66140 INFO tempest.lib.common.rest_client [req-d2251112-e526-4e2e-aa1c-a143712d29d2 req-d2251112-e526-4e2e-aa1c-a143712d29d2 ] Request (ServerDiagnosticsNegativeTest:test_get_server_diagnostics_by_non_admin): 403 GET http://10.180.1.21/compute/v2.1/servers/8a731927-25e0-4bdc-8647-0b7b707bdd54/diagnostics 0.654s
2024-12-11 11:04:59.099 66124 INFO tempest.lib.common.rest_client [req-2e71bc7c-81a6-4ae4-ac8f-232535c3832d req-2e71bc7c-81a6-4ae4-ac8f-232535c3832d ] Request (AggregatesAdminNegativeTestJSON:_run_cleanups): 200 DELETE http://10.180.1.21/compute/v2.1/os-aggregates/7 0.672s
2024-12-11 11:04:59.182 66144 INFO tempest.lib.common.rest_client [req-409c927a-fc30-437d-896f-4bc0fc190a88 req-409c927a-fc30-437d-896f-4bc0fc190a88 ] Request (ServicesAdminNegativeTestJSON:tearDownClass): 204 DELETE http://10.180.1.21/identity/v3/users/796a5951dd6e4fd4ba1ccd7e94dae215 0.141s
2024-12-11 11:04:59.187 66156 INFO tempest.lib.common.rest_client [req-cfab3436-dca5-46a7-a1ac-47c77be4b111 req-cfab3436-dca5-46a7-a1ac-47c77be4b111 ] Request (ServerShowV257Test:test_rebuild_server): 200 GET http://10.180.1.21/compute/v2.1/servers/2f6d1281-9001-4bf2-a9a2-4eecaa677c2c 0.604s
2024-12-11 11:04:59.205 66134 INFO tempest.lib.common.rest_client [req-4d9a99c6-5b57-4ca9-a00c-c558efd57148 req-4d9a99c6-5b57-4ca9-a00c-c558efd57148 ] Request (MigrationsAdminTest:test_list_migrations_in_flavor_resize_situation): 200 GET http://10.180.1.21/compute/v2.1/servers/db05c5a1-3530-4793-89fd-75b6b860d4f9 0.839s
2024-12-11 11:04:59.214 66134 INFO tempest.common.waiters [-] State transition "RESIZE/resize_migrating" ==> "RESIZE/resize_migrated" after 23 second wait
2024-12-11 11:04:59.249 66142 INFO tempest.lib.common.rest_client [req-da1fb3cf-68ba-4429-ad66-1e1e674a7ec0 req-da1fb3cf-68ba-4429-ad66-1e1e674a7ec0 ] Request (AttachInterfacesV270Test:setUpClass): 200 PUT http://10.180.1.21:9696/networking/v2.0/routers/8b6d0700-d313-456f-b43a-68c5de07d53c/add_router_interface 1.727s
2024-12-11 11:04:59.250 66142 INFO tempest.lib.common.dynamic_creds [-] Created isolated network resources for: credentials: Credentials: {'domain_id': 'default', 'domain_name': 'Default', 'username': 'tempest-AttachInterfacesV270Test-257797333-project-member', 'project_domain_id': 'default', 'project_domain_name': 'Default', 'project_id': '8759799683cd4227881c1a96ded20cd1', 'project_name': 'tempest-AttachInterfacesV270Test-257797333', 'tenant_id': '8759799683cd4227881c1a96ded20cd1', 'tenant_name': 'tempest-AttachInterfacesV270Test-257797333', 'user_domain_id': 'default', 'user_domain_name': 'Default', 'user_id': 'd19c08a959e84cebbcaa5b47fcfe959a', 'system': None}, Network: {'id': '1fc3a90e-52ad-46d3-828d-475684dee481', 'name': 'tempest-AttachInterfacesV270Test-1328865368-network', 'tenant_id': '8759799683cd4227881c1a96ded20cd1', 'admin_state_up': True, 'mtu': 8950, 'status': 'ACTIVE', 'subnets': [], 'shared': False, 'project_id': '8759799683cd4227881c1a96ded20cd1', 'port_security_enabled': True, 'router:external': False, 'provider:network_type': 'vlan', 'provider:physical_network': 'default', 'provider:segmentation_id': 484, 'availability_zone_hints': [], 'availability_zones': [], 'ipv4_address_scope': None, 'ipv6_address_scope': None, 'description': '', 'tags': [], 'created_at': '2024-12-11T11:04:55Z', 'updated_at': '2024-12-11T11:04:56Z', 'revision_number': 1}, Subnet: {'id': 'be32c019-cfce-40cc-bd2f-853332652cd3', 'name': 'tempest-AttachInterfacesV270Test-1328865368-subnet', 'tenant_id': '8759799683cd4227881c1a96ded20cd1', 'network_id': '1fc3a90e-52ad-46d3-828d-475684dee481', 'ip_version': 4, 'subnetpool_id': None, 'enable_dhcp': True, 'ipv6_ra_mode': None, 'ipv6_address_mode': None, 'gateway_ip': '192.168.128.1', 'cidr': '192.168.128.0/28', 'allocation_pools': [{'start': '192.168.128.2', 'end': '192.168.128.14'}], 'host_routes': [], 'dns_nameservers': [], 'description': '', 'router:external': False, 'service_types': [], 'tags': [], 'created_at': '2024-12-11T11:04:56Z', 'updated_at': '2024-12-11T11:04:56Z', 'revision_number': 0, 'project_id': '8759799683cd4227881c1a96ded20cd1'}, Router: {'id': '8b6d0700-d313-456f-b43a-68c5de07d53c', 'name': 'tempest-AttachInterfacesV270Test-1328865368-router', 'tenant_id': '8759799683cd4227881c1a96ded20cd1', 'admin_state_up': True, 'status': 'ACTIVE', 'external_gateway_info': {'network_id': 'a35b7034-711a-43b8-be1a-954caca93c52', 'external_fixed_ips': [{'subnet_id': '244ed296-a057-4f31-b55d-82c6b4ca6ea4', 'ip_address': '10.180.180.184'}], 'enable_snat': True}, 'description': '', 'availability_zones': [], 'distributed': False, 'ha': False, 'availability_zone_hints': [], 'routes': [], 'flavor_id': None, 'tags': [], 'created_at': '2024-12-11T11:04:56Z', 'updated_at': '2024-12-11T11:04:57Z', 'revision_number': 2, 'project_id': '8759799683cd4227881c1a96ded20cd1'}
2024-12-11 11:04:59.257 66146 INFO tempest.lib.common.rest_client [req-50df055a-2f41-498e-91cc-414be683a3fe req-50df055a-2f41-498e-91cc-414be683a3fe ] Request (ServersWithSpecificFlavorTestJSON:test_verify_created_server_ephemeral_disk): 200 GET http://10.180.1.21/compute/v2.1/servers/4e2be5d5-3737-44a9-a89a-1e63a70833cb 0.666s
2024-12-11 11:04:59.297 66177 INFO tempest.lib.common.rest_client [req-78415684-9db3-4ef6-a79d-4b9521ca8faa req-78415684-9db3-4ef6-a79d-4b9521ca8faa ] Request (InstanceActionsV221TestJSON:test_get_list_deleted_instance_actions): 200 GET http://10.180.1.21/compute/v2.1/servers/c184791a-5b7f-44c3-bbae-e6c67f8643ca 0.632s
2024-12-11 11:04:59.299 66159 INFO tempest.lib.common.rest_client [req-731599a8-0217-4c4e-a5e1-7342aadabaca req-731599a8-0217-4c4e-a5e1-7342aadabaca ] Request (ServerGroupTestJSON:test_create_delete_multiple_server_groups_with_same_name_policy): 204 DELETE http://10.180.1.21/compute/v2.1/os-server-groups/3c8af51f-1d8a-4e75-bcca-45d2ebb42722 0.598s
2024-12-11 11:04:59.326 66138 INFO tempest.lib.common.rest_client [req-e606f1bb-6a3a-44c5-96ae-e37796340a46 req-e606f1bb-6a3a-44c5-96ae-e37796340a46 ] Request (KeyPairsV22TestJSON:_run_cleanups): 204 DELETE http://10.180.1.21/compute/v2.1/os-keypairs/tempest-KeyPairsV22TestJSON-keypair-992559625 0.594s
2024-12-11 11:04:59.328 66144 INFO tempest.lib.common.rest_client [req-5391cbf1-141e-461f-a642-ddd955313483 req-5391cbf1-141e-461f-a642-ddd955313483 ] Request (ServicesAdminNegativeTestJSON:tearDownClass): 204 DELETE http://10.180.1.21/identity/v3/users/09f418d8bc1f458bbba8a3812c24e7df 0.146s
2024-12-11 11:04:59.329 66144 INFO tempest.lib.common.dynamic_creds [-] Deleting project and security group for project: ad141a3f26a0484da97ab1bda4d1bd9c
2024-12-11 11:04:59.329 66150 INFO tempest.lib.common.rest_client [req-b9e5bb2c-fbd6-4b25-8039-c9bb99741368 req-b9e5bb2c-fbd6-4b25-8039-c9bb99741368 ] Request (FlavorsAdminTestJSON:test_is_public_string_variations): 200 GET http://10.180.1.21/compute/v2.1/flavors/detail?is_public=t 0.615s
2024-12-11 11:04:59.353 66154 INFO tempest.lib.common.rest_client [req-f0fce0d5-2c62-4f16-a0ac-593723dce725 req-f0fce0d5-2c62-4f16-a0ac-593723dce725 ] Request (ImagesNegativeTestJSON:tearDownClass): 404 GET http://10.180.1.21/compute/v2.1/servers/76da0d08-49df-4a15-8f36-e22529247dc8 0.603s
2024-12-11 11:04:59.369 66142 INFO tempest.lib.common.rest_client [req-041a0d6d-61d2-48fb-9a66-ca4729afe6a1 req-041a0d6d-61d2-48fb-9a66-ca4729afe6a1 ] Request (AttachInterfacesV270Test:setUpClass): 201 POST http://10.180.1.21/identity/v3/auth/tokens 0.116s
2024-12-11 11:04:59.380 66130 INFO tempest.lib.common.rest_client [req-b36db6cb-6ba3-401d-bfe2-5cc0d257bc50 req-b36db6cb-6ba3-401d-bfe2-5cc0d257bc50 ] Request (ServicesAdminTestJSON:test_list_services): 200 GET http://10.180.1.21/compute/v2.1/os-services 0.511s
2024-12-11 11:04:59.395 66144 INFO tempest.lib.common.rest_client [req-f4eed408-d458-4100-a4ea-e9d94bf48d06 req-f4eed408-d458-4100-a4ea-e9d94bf48d06 ] Request (ServicesAdminNegativeTestJSON:tearDownClass): 201 POST http://10.180.1.21/identity/v3/auth/tokens 0.065s
2024-12-11 11:04:59.411 66166 INFO tempest.lib.common.rest_client [req-ee462bde-10db-48c1-b741-74d31b2be009 req-ee462bde-10db-48c1-b741-74d31b2be009 ] Request (ServerAddressesNegativeTestJSON:tearDownClass): 200 GET http://10.180.1.21/compute/v2.1/servers/d29693d2-8bc3-4498-bc6a-cda75f0febe5 0.661s
2024-12-11 11:04:59.438 66142 INFO tempest.lib.common.rest_client [req-76855b63-c3c6-42cc-b174-dfdf81293021 req-76855b63-c3c6-42cc-b174-dfdf81293021 ] Request (AttachInterfacesV270Test:test_create_get_list_interfaces): 201 POST http://10.180.1.21/identity/v3/auth/tokens 0.063s
2024-12-11 11:04:59.438 66142 INFO tempest.lib.common.fixed_network [-] (AttachInterfacesV270Test:test_create_get_list_interfaces) Found network {'id': '1fc3a90e-52ad-46d3-828d-475684dee481', 'name': 'tempest-AttachInterfacesV270Test-1328865368-network', 'tenant_id': '8759799683cd4227881c1a96ded20cd1', 'admin_state_up': True, 'mtu': 8950, 'status': 'ACTIVE', 'subnets': [], 'shared': False, 'project_id': '8759799683cd4227881c1a96ded20cd1', 'port_security_enabled': True, 'router:external': False, 'provider:network_type': 'vlan', 'provider:physical_network': 'default', 'provider:segmentation_id': 484, 'availability_zone_hints': [], 'availability_zones': [], 'ipv4_address_scope': None, 'ipv6_address_scope': None, 'description': '', 'tags': [], 'created_at': '2024-12-11T11:04:55Z', 'updated_at': '2024-12-11T11:04:56Z', 'revision_number': 1} available for tenant
2024-12-11 11:04:59.469 66130 INFO tempest.lib.common.rest_client [req-b9bcd2e3-05db-45ce-be44-96ea0f0104e8 req-b9bcd2e3-05db-45ce-be44-96ea0f0104e8 ] Request (ServicesAdminTestJSON:tearDownClass): 204 DELETE http://10.180.1.21/identity/v3/users/43544aa4628445a88933c3d1b3bd66ee 0.084s
2024-12-11 11:04:59.495 66122 INFO tempest.lib.common.rest_client [req-7e475978-0405-44e5-80ef-16bd0cae69fb req-7e475978-0405-44e5-80ef-16bd0cae69fb ] Request (ServersAdminTestJSON:test_create_server_with_scheduling_hint): 200 GET http://10.180.1.21/compute/v2.1/servers/a9462f81-92ac-483d-a8b4-51cd521b8e66 0.546s
2024-12-11 11:04:59.495 66164 INFO tempest.lib.common.rest_client [req-9f06087d-9ac7-4f5c-9f2c-9487bf719c31 req-9f06087d-9ac7-4f5c-9f2c-9487bf719c31 ] Request (DeleteServersAdminTestJSON:test_admin_delete_servers_of_others): 200 GET http://10.180.1.21/compute/v2.1/servers/97fb7641-1b41-415d-b964-e7f681e9da45 0.598s
2024-12-11 11:04:59.562 66178 INFO tempest.lib.common.rest_client [req-b204b712-faa6-4cbf-886f-81a4ab1bb084 req-b204b712-faa6-4cbf-886f-81a4ab1bb084 ] Request (ServersTestMultiNic:test_verify_duplicate_network_nics): 200 GET http://10.180.1.21/compute/v2.1/servers/d69b10f9-4a23-42a7-ab16-edc81bfe8271 0.559s
2024-12-11 11:04:59.590 66130 INFO tempest.lib.common.rest_client [req-339014c8-f3c9-46bd-ab73-cae3397da920 req-339014c8-f3c9-46bd-ab73-cae3397da920 ] Request (ServicesAdminTestJSON:tearDownClass): 204 DELETE http://10.180.1.21/identity/v3/users/fcf8e3fe1d7841dab97aeefb43e33b56 0.121s
2024-12-11 11:04:59.591 66130 INFO tempest.lib.common.dynamic_creds [-] Deleting project and security group for project: f1ee4c5e554f4255862ba3508da742b2
2024-12-11 11:04:59.657 66160 INFO tempest.lib.common.rest_client [req-160cf3bd-80b4-4a2c-ab24-89b33e847fef req-160cf3bd-80b4-4a2c-ab24-89b33e847fef ] Request (ServersAdmin275Test:test_rebuild_update_server_275): 200 GET http://10.180.1.21/compute/v2.1/servers/6afadaed-f6fe-4a49-ad8c-6dc52e640529 0.620s
2024-12-11 11:04:59.677 66160 INFO tempest.common.waiters [-] State transition "REBUILD/rebuild_spawning" ==> "ACTIVE/None" after 10 second wait
2024-12-11 11:04:59.744 66130 INFO tempest.lib.common.rest_client [req-6c863df4-1355-463c-8447-12865faca3d0 req-6c863df4-1355-463c-8447-12865faca3d0 ] Request (ServicesAdminTestJSON:tearDownClass): 201 POST http://10.180.1.21/identity/v3/auth/tokens 0.153s
2024-12-11 11:04:59.799 66140 INFO tempest.lib.common.rest_client [req-64a17302-c86e-4e04-bd13-8f3af0d6be96 req-64a17302-c86e-4e04-bd13-8f3af0d6be96 ] Request (ServerDiagnosticsNegativeTest:tearDownClass): 204 DELETE http://10.180.1.21/compute/v2.1/servers/8a731927-25e0-4bdc-8647-0b7b707bdd54 0.731s
2024-12-11 11:04:59.846 66174 INFO tempest.lib.common.rest_client [req-8773513d-3207-4ff8-addb-0553db3673ed req-8773513d-3207-4ff8-addb-0553db3673ed ] Request (ImagesTestJSON:test_create_image_from_stopped_server): 200 GET http://10.180.1.21/compute/v2.1/images/2f8323ee-5a51-4c7f-ae77-28ec1ee2bb5d 0.778s
2024-12-11 11:04:59.860 66132 INFO tempest.lib.common.rest_client [req-e26ff96c-9778-4e94-b3cf-3b96a6a4a46c req-e26ff96c-9778-4e94-b3cf-3b96a6a4a46c ] Request (SecurityGroupsTestJSON:test_list_security_groups_by_server): 200 GET http://10.180.1.21/compute/v2.1/servers/00f59708-7070-409d-a189-f55bc6dfd81d 0.885s
2024-12-11 11:04:59.871 66132 INFO tempest.common.waiters [-] State transition "BUILD/None" ==> "BUILD/block_device_mapping" after 22 second wait
2024-12-11 11:04:59.879 66124 INFO tempest.lib.common.rest_client [req-c836f713-c7fa-4cb3-b9a4-9b66e51a3230 req-c836f713-c7fa-4cb3-b9a4-9b66e51a3230 ] Request (AggregatesAdminNegativeTestJSON:test_aggregate_remove_nonexistent_host): 200 POST http://10.180.1.21/compute/v2.1/os-aggregates 0.779s
2024-12-11 11:04:59.903 66159 INFO tempest.lib.common.rest_client [req-d28548eb-109c-4aff-ad38-52d3f40a13e9 req-d28548eb-109c-4aff-ad38-52d3f40a13e9 ] Request (ServerGroupTestJSON:test_create_delete_multiple_server_groups_with_same_name_policy): 200 GET http://10.180.1.21/compute/v2.1/os-server-groups 0.604s
2024-12-11 11:04:59.938 66138 INFO tempest.lib.common.rest_client [req-67af141f-d9ef-47c9-85a9-8d4e37f5b49d req-67af141f-d9ef-47c9-85a9-8d4e37f5b49d ] Request (KeyPairsV22TestJSON:test_keypairsv22_create_list_show): 201 POST http://10.180.1.21/compute/v2.1/os-keypairs 0.608s
2024-12-11 11:04:59.951 66168 INFO tempest.lib.common.rest_client [req-3b7fbd90-52e0-4032-ba62-8a532ff6dcba req-3b7fbd90-52e0-4032-ba62-8a532ff6dcba ] Request (ServerDiagnosticsTest:tearDownClass): 200 GET http://10.180.1.21/compute/v2.1/servers/a47b863a-06d1-47c0-b6c9-2d59d48cb635 0.848s
2024-12-11 11:04:59.958 66150 INFO tempest.lib.common.rest_client [req-d1232e31-8612-420f-b062-1b381a86d14e req-d1232e31-8612-420f-b062-1b381a86d14e ] Request (FlavorsAdminTestJSON:test_is_public_string_variations): 200 GET http://10.180.1.21/compute/v2.1/flavors/detail?is_public=true 0.622s
2024-12-11 11:04:59.968 66144 INFO tempest.lib.common.rest_client [req-50a7ded5-6632-41bc-a0b0-4e016904547d req-50a7ded5-6632-41bc-a0b0-4e016904547d ] Request (ServicesAdminNegativeTestJSON:tearDownClass): 200 GET http://10.180.1.21:9696/networking/v2.0/security-groups?tenant_id=ad141a3f26a0484da97ab1bda4d1bd9c&name=default 0.573s
2024-12-11 11:05:00.026 66128 INFO tempest.lib.common.rest_client [req-b28df03a-cea5-4ea9-9a7f-6547b03b8ca8 req-b28df03a-cea5-4ea9-9a7f-6547b03b8ca8 ] Request (SecurityGroupRulesTestJSON:tearDownClass): 200 PUT http://10.180.1.21:9696/networking/v2.0/routers/d4eeb7f4-2a68-4ad7-a8c7-d969b10bf8db/remove_router_interface 1.790s
2024-12-11 11:05:00.030 66126 INFO tempest.lib.common.rest_client [req-a29876f1-6b49-463c-9ab3-83ffe288cbfd req-a29876f1-6b49-463c-9ab3-83ffe288cbfd ] Request (InstanceActionsTestJSON:setUpClass): 200 GET http://10.180.1.21/compute/v2.1/servers/8a850783-41a9-42d3-9682-ec58b96bad7f 0.529s
2024-12-11 11:05:00.122 66184 INFO tempest.lib.common.rest_client [req-5e529241-8b40-426b-a975-997bb23119d1 req-5e529241-8b40-426b-a975-997bb23119d1 ] Request (ServerExternalEventsTest:tearDownClass): 200 GET http://10.180.1.21/compute/v2.1/servers/76a80ba9-4b0e-4764-81de-e9334a97b82c 0.517s
2024-12-11 11:05:00.261 66144 INFO tempest.lib.common.rest_client [req-6cca2417-a368-410c-a9eb-bb6ad3c7839b req-6cca2417-a368-410c-a9eb-bb6ad3c7839b ] Request (ServicesAdminNegativeTestJSON:tearDownClass): 204 DELETE http://10.180.1.21:9696/networking/v2.0/security-groups/b42fe015-3cac-409b-9558-bf129159fa43 0.293s
2024-12-11 11:05:00.373 66144 INFO tempest.lib.common.rest_client [req-5be860c2-fc12-4a47-90b7-0810930afad4 req-5be860c2-fc12-4a47-90b7-0810930afad4 ] Request (ServicesAdminNegativeTestJSON:tearDownClass): 204 DELETE http://10.180.1.21/identity/v3/projects/ad141a3f26a0484da97ab1bda4d1bd9c 0.111s
2024-12-11 11:05:00.374 66144 INFO tempest.lib.common.dynamic_creds [-] Deleting project and security group for project: 71fa2878c418448eb1bcf85f4574914f
2024-12-11 11:05:00.378 66148 INFO tempest.lib.common.rest_client [req-7ccc88cb-46d1-46e4-a134-74dee9b93575 req-7ccc88cb-46d1-46e4-a134-74dee9b93575 ] Request (VolumesAssistedSnapshotsTest:test_volume_assisted_snapshot_create_delete): 200 GET http://10.180.1.21/compute/v2.1/servers/578c4873-b6d7-46d5-9891-47ebf73bbdb1 0.712s
2024-12-11 11:05:00.506 66130 INFO tempest.lib.common.rest_client [req-90289133-1959-4a8b-a579-e2c6b5ee5107 req-90289133-1959-4a8b-a579-e2c6b5ee5107 ] Request (ServicesAdminTestJSON:tearDownClass): 200 GET http://10.180.1.21:9696/networking/v2.0/security-groups?tenant_id=f1ee4c5e554f4255862ba3508da742b2&name=default 0.761s
2024-12-11 11:05:00.656 66144 INFO tempest.lib.common.rest_client [req-841f7b7e-aabb-480d-a44b-8de0f381dc19 req-841f7b7e-aabb-480d-a44b-8de0f381dc19 ] Request (ServicesAdminNegativeTestJSON:tearDownClass): 200 GET http://10.180.1.21:9696/networking/v2.0/security-groups?tenant_id=71fa2878c418448eb1bcf85f4574914f&name=default 0.282s
2024-12-11 11:05:00.679 66153 INFO tempest.lib.common.rest_client [req-8a926406-bd5e-4cb6-9802-7f2cb3819cec req-8a926406-bd5e-4cb6-9802-7f2cb3819cec ] Request (SecurityGroupRulesNegativeTestJSON:tearDownClass): 200 PUT http://10.180.1.21:9696/networking/v2.0/routers/5763d5f8-38bd-4f08-bbd5-0c9cef5131c2/remove_router_interface 2.441s
2024-12-11 11:05:00.848 66144 INFO tempest.lib.common.rest_client [req-e9724062-796a-48b1-9132-ecca81899375 req-e9724062-796a-48b1-9132-ecca81899375 ] Request (ServicesAdminNegativeTestJSON:tearDownClass): 204 DELETE http://10.180.1.21:9696/networking/v2.0/security-groups/04815cd4-e529-43e2-a1c0-32e44429cb06 0.192s
2024-12-11 11:05:00.851 66142 INFO tempest.lib.common.rest_client [req-38989d5f-84ac-4e7c-8c95-b176197be147 req-38989d5f-84ac-4e7c-8c95-b176197be147 ] Request (AttachInterfacesV270Test:test_create_get_list_interfaces): 202 POST http://10.180.1.21/compute/v2.1/servers 1.412s
2024-12-11 11:05:01.084 66144 INFO tempest.lib.common.rest_client [req-4f0b9478-9cec-44e2-acb5-bc42f82c9b65 req-4f0b9478-9cec-44e2-acb5-bc42f82c9b65 ] Request (ServicesAdminNegativeTestJSON:tearDownClass): 204 DELETE http://10.180.1.21/identity/v3/projects/71fa2878c418448eb1bcf85f4574914f 0.235s
2024-12-11 11:05:01.099 66130 INFO tempest.lib.common.rest_client [req-356791a0-da46-4a96-b208-69126aa53af5 req-356791a0-da46-4a96-b208-69126aa53af5 ] Request (ServicesAdminTestJSON:tearDownClass): 204 DELETE http://10.180.1.21:9696/networking/v2.0/security-groups/0e7723c1-e2a4-44f8-9b7d-aa37bc794f54 0.591s
2024-12-11 11:05:01.144 66160 INFO tempest.lib.common.rest_client [req-fb5c1816-afcd-47be-a814-3d95efb85515 req-fb5c1816-afcd-47be-a814-3d95efb85515 ] Request (ServersAdmin275Test:test_rebuild_update_server_275): 202 POST http://10.180.1.21/compute/v2.1/servers/6afadaed-f6fe-4a49-ad8c-6dc52e640529/action 1.451s
2024-12-11 11:05:01.191 66144 INFO tempest.lib.common.rest_client [req-2c1e71b8-6c5a-4967-a232-9fe2af4c7300 req-2c1e71b8-6c5a-4967-a232-9fe2af4c7300 ] Request (FloatingIPsTestJSON:setUpClass): 201 POST http://10.180.1.21/identity/v3/auth/tokens 0.105s
2024-12-11 11:05:01.228 66144 INFO tempest.lib.common.rest_client [req-35041318-3210-490b-9b24-e396efea9e8d req-35041318-3210-490b-9b24-e396efea9e8d ] Request (FloatingIPsTestJSON:setUpClass): 201 POST http://10.180.1.21/identity/v3/auth/tokens 0.035s
2024-12-11 11:05:01.252 66144 INFO tempest.lib.common.rest_client [req-3df184f5-4125-4457-ba98-a80540eaed97 req-3df184f5-4125-4457-ba98-a80540eaed97 ] Request (FloatingIPsTestJSON:setUpClass): 200 GET http://10.180.1.21/identity/v3/domains?name=Default 0.023s
2024-12-11 11:05:01.260 66140 INFO tempest.lib.common.rest_client [req-96348c06-89bc-4404-bda4-3b049f91e452 req-96348c06-89bc-4404-bda4-3b049f91e452 ] Request (ServerDiagnosticsNegativeTest:tearDownClass): 200 GET http://10.180.1.21/compute/v2.1/servers/8a731927-25e0-4bdc-8647-0b7b707bdd54 1.460s
2024-12-11 11:05:01.266 66180 INFO tempest.lib.common.rest_client [req-37aacec9-6744-4628-8197-a952050eb09f req-37aacec9-6744-4628-8197-a952050eb09f ] Request (ServersTestJSON:setUpClass): 200 GET http://10.180.1.21/compute/v2.1/servers/b263b3fb-9b9c-403e-bf2d-459e6b12efdf 1.413s
2024-12-11 11:05:01.282 66144 INFO tempest.lib.common.rest_client [req-449a7944-ee29-44fa-ab1a-75cf0043820f req-449a7944-ee29-44fa-ab1a-75cf0043820f ] Request (FloatingIPsTestJSON:setUpClass): 201 POST http://10.180.1.21/identity/v3/projects 0.030s
2024-12-11 11:05:01.304 66124 INFO tempest.lib.common.rest_client [req-85f0f77b-b3bd-43ef-aca4-1f3c0b10f74b req-85f0f77b-b3bd-43ef-aca4-1f3c0b10f74b ] Request (AggregatesAdminNegativeTestJSON:test_aggregate_remove_nonexistent_host): 404 POST http://10.180.1.21/compute/v2.1/os-aggregates/8/action 1.423s
2024-12-11 11:05:01.336 66159 INFO tempest.lib.common.rest_client [req-6241d3c4-d313-4820-a5ba-bb2f9fb927ff req-6241d3c4-d313-4820-a5ba-bb2f9fb927ff ] Request (ServerGroupTestJSON:test_create_delete_multiple_server_groups_with_same_name_policy): 204 DELETE http://10.180.1.21/compute/v2.1/os-server-groups/1c280ef3-67a6-4802-bae9-ce4126f87b75 1.431s
2024-12-11 11:05:01.346 66144 INFO tempest.lib.common.rest_client [req-43cc1811-5d08-4b50-b427-69a98eb4ab8a req-43cc1811-5d08-4b50-b427-69a98eb4ab8a ] Request (FloatingIPsTestJSON:setUpClass): 201 POST http://10.180.1.21/identity/v3/users 0.062s
2024-12-11 11:05:01.347 66138 INFO tempest.lib.common.rest_client [req-67f57864-5767-4289-8749-a49ad2bda7eb req-67f57864-5767-4289-8749-a49ad2bda7eb ] Request (KeyPairsV22TestJSON:test_keypairsv22_create_list_show): 200 GET http://10.180.1.21/compute/v2.1/os-keypairs/tempest-keypair-391873447 1.407s
2024-12-11 11:05:01.348 66130 INFO tempest.lib.common.rest_client [req-41c4a85f-8968-4e70-863e-5a4fea5d7403 req-41c4a85f-8968-4e70-863e-5a4fea5d7403 ] Request (ServicesAdminTestJSON:tearDownClass): 204 DELETE http://10.180.1.21/identity/v3/projects/f1ee4c5e554f4255862ba3508da742b2 0.249s
2024-12-11 11:05:01.348 66130 INFO tempest.lib.common.dynamic_creds [-] Deleting project and security group for project: 5973cd4e709c418b8ceaa471292ab448
