2024-12-11 11:06:30.680 66130 INFO tempest.lib.common.rest_client [req-ea88865a-919c-4e48-bcb4-afb278733224 req-ea88865a-919c-4e48-bcb4-afb278733224 ] Request (FloatingIPsAssociationTestJSON:test_associate_already_associated_floating_ip): 200 GET http://10.180.1.21/compute/v2.1/servers/890d4338-8d28-41cf-ba9d-d5eae6f50c13 0.292s
2024-12-11 11:06:30.729 66159 INFO tempest.lib.common.rest_client [req-c0683c71-b0d9-4117-a13f-7496a3971070 req-c0683c71-b0d9-4117-a13f-7496a3971070 ] Request (ServerGroupTestJSON:_run_cleanups): 200 GET http://10.180.1.21/compute/v2.1/servers/c7d91435-4fb0-4c47-9f7e-9a43ce4ea8c3 0.340s
2024-12-11 11:06:30.753 66178 INFO tempest.lib.common.rest_client [req-dded212c-730c-42a9-90ab-5d13254baf15 req-dded212c-730c-42a9-90ab-5d13254baf15 ] Request (ServersTestMultiNic:test_verify_multiple_nics_order): 200 GET http://10.180.1.21/compute/v2.1/servers/b69921e9-b52a-4005-be23-fae3d0ec4fc1 0.324s
2024-12-11 11:06:30.820 66126 INFO tempest.lib.common.rest_client [req-268b1131-8edc-4885-a714-e62f44059fa3 req-268b1131-8edc-4885-a714-e62f44059fa3 ] Request (ServerAddressesTestJSON:setUpClass): 200 GET http://10.180.1.21/compute/v2.1/servers/9728525d-985c-47af-abb6-0ec27b76a204 0.379s
2024-12-11 11:06:30.829 66136 INFO tempest.lib.common.rest_client [req-fdfe24b7-4b37-418b-bfcd-477a9b08d26c req-fdfe24b7-4b37-418b-bfcd-477a9b08d26c ] Request (AttachVolumeTestJSON:test_attach_detach_volume): 200 GET http://10.180.1.21/compute/v2.1/servers/21995267-5227-4930-b079-707fcf615897 0.309s
2024-12-11 11:06:30.891 66132 INFO tempest.lib.common.rest_client [req-8c5d915e-51d9-4876-9472-a75d9e46f0dd req-8c5d915e-51d9-4876-9472-a75d9e46f0dd ] Request (SecurityGroupsTestJSON:test_server_security_groups): 200 GET http://10.180.1.21/compute/v2.1/servers/e03ade62-8b1b-42bd-9fc2-26a2b677bf5d 0.306s
2024-12-11 11:06:30.904 66166 INFO tempest.lib.common.rest_client [req-21070762-3b8d-47de-b872-55489ce79679 req-21070762-3b8d-47de-b872-55489ce79679 ] Request (ServerShowV247Test:test_update_rebuild_list_server): 200 GET http://10.180.1.21/compute/v2.1/servers/79132dd8-ba03-4815-aa2b-dd238ea9726c 0.353s
2024-12-11 11:06:30.923 66166 INFO tempest.common.waiters [-] State transition "REBUILD/rebuilding" ==> "REBUILD/rebuild_spawning" after 3 second wait
2024-12-11 11:06:30.959 66168 INFO tempest.lib.common.rest_client [req-b7171629-1c8d-499b-afd2-09326216ebd7 req-b7171629-1c8d-499b-afd2-09326216ebd7 ] Request (ServerActionsTestOtherB:setUpClass): 200 GET http://10.180.1.21/compute/v2.1/servers/f5d1a419-d93b-4988-b051-f1d72b068cc9 0.340s
2024-12-11 11:06:30.969 66182 INFO tempest.lib.common.rest_client [req-12359a87-1bfa-446a-b704-6df17849b016 req-12359a87-1bfa-446a-b704-6df17849b016 ] Request (ImagesOneServerTestJSON:tearDownClass): 204 DELETE http://10.180.1.21:9696/networking/v2.0/routers/4ec9b7b2-7373-44f7-814f-8a66a7686cdf 0.500s
2024-12-11 11:06:30.997 66164 INFO tempest.lib.common.rest_client [req-231afb5b-44dc-4d8a-b1e0-8568b4cff4c3 req-231afb5b-44dc-4d8a-b1e0-8568b4cff4c3 ] Request (DeleteServersAdminTestJSON:test_delete_server_while_in_error_state): 200 GET http://10.180.1.21/compute/v2.1/servers/f75d2c0d-62dd-4eda-86f0-916ee6700fdc 0.308s
2024-12-11 11:06:31.036 66177 INFO tempest.lib.common.rest_client [req-e13a1e16-dcca-4de8-98bc-b71e7ac65d89 req-e13a1e16-dcca-4de8-98bc-b71e7ac65d89 ] Request (ServerActionsTestOtherA:setUpClass): 200 GET http://10.180.1.21/compute/v2.1/servers/0c9d3ec0-2876-4300-9a10-27e1062ebf83 0.273s
2024-12-11 11:06:31.069 66156 INFO tempest.lib.common.rest_client [req-05bd5f74-09ba-48c3-863d-2cfd68b95f5a req-05bd5f74-09ba-48c3-863d-2cfd68b95f5a ] Request (AttachVolumeShelveTestJSON:setUpClass): 201 POST http://10.180.1.21:9696/networking/v2.0/networks 0.432s
2024-12-11 11:06:31.113 66140 INFO tempest.lib.common.rest_client [req-7719f80d-1b3b-4c35-8696-61b8a9f00eb2 req-7719f80d-1b3b-4c35-8696-61b8a9f00eb2 ] Request (AttachInterfacesUnderV243Test:test_add_remove_fixed_ip): 200 GET http://10.180.1.21/compute/v2.1/servers/0cd14d33-d2cc-4a51-bad7-c793197c40da 0.173s
2024-12-11 11:06:31.156 66182 INFO tempest.lib.common.rest_client [req-fa39a9e4-b62d-44d6-afea-e7f5ff77e97a req-fa39a9e4-b62d-44d6-afea-e7f5ff77e97a ] Request (ImagesOneServerTestJSON:tearDownClass): 204 DELETE http://10.180.1.21:9696/networking/v2.0/subnets/9da2f016-0728-49e2-9c50-7f81fcc7e997 0.187s
2024-12-11 11:06:31.169 66128 INFO tempest.lib.common.rest_client [req-5dbd6cb2-fae8-4c1b-bacb-10c1cd560183 req-5dbd6cb2-fae8-4c1b-bacb-10c1cd560183 ] Request (AttachInterfacesTestJSON:test_create_list_show_delete_interfaces_by_fixed_ip): 200 GET http://10.180.1.21/compute/v2.1/servers/b8a1eaa5-86e3-4cf5-80e2-24e28ef4df84 0.329s
2024-12-11 11:06:31.247 66142 INFO tempest.lib.common.rest_client [req-0df9f9ee-e4c3-4bb1-9285-dc3ff1e81ebd req-0df9f9ee-e4c3-4bb1-9285-dc3ff1e81ebd ] Request (AttachInterfacesV270Test:tearDownClass): 200 PUT http://10.180.1.21:9696/networking/v2.0/routers/8b6d0700-d313-456f-b43a-68c5de07d53c/remove_router_interface 1.805s
2024-12-11 11:06:31.301 66138 INFO tempest.lib.common.rest_client [req-023289df-74b1-417e-b522-04b6f1bcc6c6 req-023289df-74b1-417e-b522-04b6f1bcc6c6 ] Request (ServersNegativeTestJSON:setUpClass): 200 GET http://10.180.1.21/compute/v2.1/servers/a822bbdb-accd-4d13-9335-bc4bf0515601 0.144s
2024-12-11 11:06:31.374 66156 INFO tempest.lib.common.rest_client [req-0773cd95-baad-4a1a-9078-209acc6fcc08 req-0773cd95-baad-4a1a-9078-209acc6fcc08 ] Request (AttachVolumeShelveTestJSON:setUpClass): 201 POST http://10.180.1.21:9696/networking/v2.0/subnets 0.303s
2024-12-11 11:06:31.542 66153 INFO tempest.lib.common.rest_client [req-8c9f8267-c55c-4686-87be-310e51d3f916 req-8c9f8267-c55c-4686-87be-310e51d3f916 ] Request (ServersAaction247Test:tearDownClass): 200 GET http://10.180.1.21/compute/v2.1/servers/266986e8-8092-4ee6-b4f6-7c5cbdbc4875 0.290s
2024-12-11 11:06:31.554 66174 INFO tempest.lib.common.rest_client [req-0d51b3e7-4df5-4dfb-9a03-579d01b62dca req-0d51b3e7-4df5-4dfb-9a03-579d01b62dca ] Request (ImagesTestJSON:test_create_server_from_snapshot): 200 GET http://10.180.1.21/compute/v2.1/servers/25bd2a2e-c354-42a1-83cd-a7d3aadcea3e 0.212s
2024-12-11 11:06:31.625 66150 INFO tempest.lib.common.rest_client [req-23913725-4537-4e0a-b80e-d9195c2bf3f3 req-23913725-4537-4e0a-b80e-d9195c2bf3f3 ] Request (ServersTestBootFromVolume:setUpClass): 200 GET http://10.180.1.21/compute/v2.1/servers/e396de23-f0d2-44ca-977a-17b444916807 0.141s
2024-12-11 11:06:31.634 66154 INFO tempest.lib.common.rest_client [req-8b3cb8e2-80a0-4fd4-b5c0-536064393cf4 req-8b3cb8e2-80a0-4fd4-b5c0-536064393cf4 ] Request (ListServerFiltersTestJSON:setUpClass): 200 GET http://10.180.1.21/compute/v2.1/servers/72718b40-5a93-40c5-bd33-84dfa5e1fa05 0.190s
2024-12-11 11:06:31.681 66124 INFO tempest.lib.common.rest_client [req-2f42e49e-5f66-4ce8-8da8-5d62c31bcd6a req-2f42e49e-5f66-4ce8-8da8-5d62c31bcd6a ] Request (ServerMetadataNegativeTestJSON:setUpClass): 200 GET http://10.180.1.21/compute/v2.1/servers/e59be507-2abd-40f3-8a16-1225de4ae07f 0.152s
2024-12-11 11:06:31.694 66184 INFO tempest.lib.common.rest_client [req-b66eb934-9f47-42e2-99a8-926f9195ab8b req-b66eb934-9f47-42e2-99a8-926f9195ab8b ] Request (ServerMetadataTestJSON:setUpClass): 200 GET http://10.180.1.21/compute/v2.1/servers/fc66c14c-3d5f-4185-a0b1-51da2189c359 0.129s
2024-12-11 11:06:31.765 66122 INFO tempest.lib.common.rest_client [req-b0ba18d4-90e0-4108-b0de-eb1caa845996 req-b0ba18d4-90e0-4108-b0de-eb1caa845996 ] Request (ServersAdminTestJSON:test_inject_network_info): 200 GET http://10.180.1.21/compute/v2.1/servers/248e0d5e-32ec-4711-91f3-e4a93d7c8b47 0.121s
2024-12-11 11:06:31.766 66160 INFO tempest.lib.common.rest_client [req-f74f16f6-a64a-4b2d-a122-b0edd00018ce req-f74f16f6-a64a-4b2d-a122-b0edd00018ce ] Request (ServersTestFqdnHostnames:test_create_server_with_fqdn_name): 200 GET http://10.180.1.21/compute/v2.1/servers/0d5facef-3bf5-4b5d-a234-570292369118 0.163s
2024-12-11 11:06:31.828 66134 INFO tempest.lib.common.rest_client [req-2d8939e2-f2f6-49e6-b79b-d92ac7153fae req-2d8939e2-f2f6-49e6-b79b-d92ac7153fae ] Request (MigrationsAdminTest:test_resize_server_revert_deleted_flavor): 200 GET http://10.180.1.21/compute/v2.1/servers/c5b997cc-da18-4571-aba2-a84d5ff1c996 0.170s
2024-12-11 11:06:31.839 66130 INFO tempest.lib.common.rest_client [req-795d246f-f03c-4251-8cc9-d189b0ba10f1 req-795d246f-f03c-4251-8cc9-d189b0ba10f1 ] Request (FloatingIPsAssociationTestJSON:test_associate_already_associated_floating_ip): 200 GET http://10.180.1.21/compute/v2.1/servers/890d4338-8d28-41cf-ba9d-d5eae6f50c13 0.146s
2024-12-11 11:06:31.855 66182 INFO tempest.lib.common.rest_client [req-4e5ee91b-3bc1-4a1a-b698-991e2fec1356 req-4e5ee91b-3bc1-4a1a-b698-991e2fec1356 ] Request (ImagesOneServerTestJSON:tearDownClass): 204 DELETE http://10.180.1.21:9696/networking/v2.0/networks/3fed75a3-383e-4481-b4f6-fb5809f70ff1 0.698s
2024-12-11 11:06:31.907 66178 INFO tempest.lib.common.rest_client [req-4b4acfcd-b02f-4221-b4ed-5cc6a2ebdf4e req-4b4acfcd-b02f-4221-b4ed-5cc6a2ebdf4e ] Request (ServersTestMultiNic:test_verify_multiple_nics_order): 200 GET http://10.180.1.21/compute/v2.1/servers/b69921e9-b52a-4005-be23-fae3d0ec4fc1 0.143s
2024-12-11 11:06:31.920 66159 INFO tempest.lib.common.rest_client [req-ea7f9586-9b76-456f-82aa-271c1987236a req-ea7f9586-9b76-456f-82aa-271c1987236a ] Request (ServerGroupTestJSON:_run_cleanups): 200 GET http://10.180.1.21/compute/v2.1/servers/c7d91435-4fb0-4c47-9f7e-9a43ce4ea8c3 0.183s
2024-12-11 11:06:31.972 66126 INFO tempest.lib.common.rest_client [req-2d401544-a135-4b64-82a3-b9068144c46b req-2d401544-a135-4b64-82a3-b9068144c46b ] Request (ServerAddressesTestJSON:setUpClass): 200 GET http://10.180.1.21/compute/v2.1/servers/9728525d-985c-47af-abb6-0ec27b76a204 0.145s
2024-12-11 11:06:31.981 66182 INFO tempest.lib.common.rest_client [req-55b9c1df-3544-4007-87e4-e34ac7d5fc92 req-55b9c1df-3544-4007-87e4-e34ac7d5fc92 ] Request (ImagesOneServerTestJSON:tearDownClass): 204 DELETE http://10.180.1.21/identity/v3/users/ef4fcfb653d14d808dd55df6444e2b7a 0.126s
2024-12-11 11:06:31.981 66182 INFO tempest.lib.common.dynamic_creds [-] Deleting project and security group for project: 48205ceba6fd4583a74f60983abb06e4
2024-12-11 11:06:32.011 66136 INFO tempest.lib.common.rest_client [req-2f72bd83-f948-4d95-b4df-31448cabe673 req-2f72bd83-f948-4d95-b4df-31448cabe673 ] Request (AttachVolumeTestJSON:test_attach_detach_volume): 200 GET http://10.180.1.21/compute/v2.1/servers/21995267-5227-4930-b079-707fcf615897 0.169s
2024-12-11 11:06:32.021 66142 INFO tempest.lib.common.rest_client [req-dcb2aa78-b06b-4939-88fb-39de0ce6f86b req-dcb2aa78-b06b-4939-88fb-39de0ce6f86b ] Request (AttachInterfacesV270Test:tearDownClass): 204 DELETE http://10.180.1.21:9696/networking/v2.0/routers/8b6d0700-d313-456f-b43a-68c5de07d53c 0.774s
2024-12-11 11:06:32.039 66132 INFO tempest.lib.common.rest_client [req-4d4283ac-ae6b-4c66-a0fb-68f2304d421e req-4d4283ac-ae6b-4c66-a0fb-68f2304d421e ] Request (SecurityGroupsTestJSON:test_server_security_groups): 200 GET http://10.180.1.21/compute/v2.1/servers/e03ade62-8b1b-42bd-9fc2-26a2b677bf5d 0.139s
2024-12-11 11:06:32.042 66182 INFO tempest.lib.common.rest_client [req-bb3eec96-0f08-45cc-b9e6-6fd148332a1f req-bb3eec96-0f08-45cc-b9e6-6fd148332a1f ] Request (ImagesOneServerTestJSON:tearDownClass): 200 GET http://10.180.1.21:9696/networking/v2.0/security-groups?tenant_id=48205ceba6fd4583a74f60983abb06e4&name=default 0.060s
2024-12-11 11:06:32.109 66166 INFO tempest.lib.common.rest_client [req-350d2e34-97e1-4ff9-a2f8-608d06fdd714 req-350d2e34-97e1-4ff9-a2f8-608d06fdd714 ] Request (ServerShowV247Test:test_update_rebuild_list_server): 200 GET http://10.180.1.21/compute/v2.1/servers/79132dd8-ba03-4815-aa2b-dd238ea9726c 0.183s
2024-12-11 11:06:32.124 66168 INFO tempest.lib.common.rest_client [req-2ded60f1-bee1-40ee-8c27-63953db098e5 req-2ded60f1-bee1-40ee-8c27-63953db098e5 ] Request (ServerActionsTestOtherB:setUpClass): 200 GET http://10.180.1.21/compute/v2.1/servers/f5d1a419-d93b-4988-b051-f1d72b068cc9 0.157s
2024-12-11 11:06:32.137 66164 INFO tempest.lib.common.rest_client [req-b6178cea-d03d-4c6c-9b65-68fd546921d1 req-b6178cea-d03d-4c6c-9b65-68fd546921d1 ] Request (DeleteServersAdminTestJSON:test_delete_server_while_in_error_state): 404 GET http://10.180.1.21/compute/v2.1/servers/f75d2c0d-62dd-4eda-86f0-916ee6700fdc 0.126s
2024-12-11 11:06:32.194 66177 INFO tempest.lib.common.rest_client [req-6dfb69b4-0260-44f8-836c-4d77fe55f79a req-6dfb69b4-0260-44f8-836c-4d77fe55f79a ] Request (ServerActionsTestOtherA:setUpClass): 200 GET http://10.180.1.21/compute/v2.1/servers/0c9d3ec0-2876-4300-9a10-27e1062ebf83 0.149s
2024-12-11 11:06:32.207 66182 INFO tempest.lib.common.rest_client [req-bac8b141-3145-4d93-be10-f6ce72620ed9 req-bac8b141-3145-4d93-be10-f6ce72620ed9 ] Request (ImagesOneServerTestJSON:tearDownClass): 204 DELETE http://10.180.1.21:9696/networking/v2.0/security-groups/41ec1124-7af9-4f3f-9cad-3a81935b4249 0.165s
2024-12-11 11:06:32.211 66140 INFO tempest.lib.common.rest_client [req-f5d15e57-39f1-489a-b113-94323cca77d8 req-f5d15e57-39f1-489a-b113-94323cca77d8 ] Request (AttachInterfacesUnderV243Test:test_add_remove_fixed_ip): 200 GET http://10.180.1.21/compute/v2.1/servers/0cd14d33-d2cc-4a51-bad7-c793197c40da 0.090s
2024-12-11 11:06:32.220 66164 INFO tempest.lib.common.rest_client [req-1f62c3bc-5bc8-4f99-9582-50a5f562f52d req-1f62c3bc-5bc8-4f99-9582-50a5f562f52d ] Request (DeleteServersAdminTestJSON:tearDownClass): 404 DELETE http://10.180.1.21/compute/v2.1/servers/f75d2c0d-62dd-4eda-86f0-916ee6700fdc 0.082s
2024-12-11 11:06:32.246 66164 INFO tempest.lib.common.rest_client [req-752846fc-de84-49fc-8426-ec21bd814c62 req-752846fc-de84-49fc-8426-ec21bd814c62 ] Request (DeleteServersAdminTestJSON:tearDownClass): 404 GET http://10.180.1.21/compute/v2.1/servers/f75d2c0d-62dd-4eda-86f0-916ee6700fdc 0.025s
2024-12-11 11:06:32.269 66164 INFO tempest.lib.common.rest_client [req-ea53047a-f9ed-4c62-800a-31fc7692f673 req-ea53047a-f9ed-4c62-800a-31fc7692f673 ] Request (DeleteServersAdminTestJSON:tearDownClass): 404 DELETE http://10.180.1.21/compute/v2.1/servers/97fb7641-1b41-415d-b964-e7f681e9da45 0.023s
2024-12-11 11:06:32.278 66142 INFO tempest.lib.common.rest_client [req-e025cab3-8637-4d16-9e87-c081fc024b1d req-e025cab3-8637-4d16-9e87-c081fc024b1d ] Request (AttachInterfacesV270Test:tearDownClass): 204 DELETE http://10.180.1.21:9696/networking/v2.0/subnets/be32c019-cfce-40cc-bd2f-853332652cd3 0.256s
2024-12-11 11:06:32.298 66164 INFO tempest.lib.common.rest_client [req-e320e962-8ba8-4a63-8b93-310618c06b3b req-e320e962-8ba8-4a63-8b93-310618c06b3b ] Request (DeleteServersAdminTestJSON:tearDownClass): 404 GET http://10.180.1.21/compute/v2.1/servers/97fb7641-1b41-415d-b964-e7f681e9da45 0.028s
2024-12-11 11:06:32.342 66182 INFO tempest.lib.common.rest_client [req-f6352a3e-7dc6-4ef8-bd75-d5c7d5d7eab4 req-f6352a3e-7dc6-4ef8-bd75-d5c7d5d7eab4 ] Request (ImagesOneServerTestJSON:tearDownClass): 204 DELETE http://10.180.1.21/identity/v3/projects/48205ceba6fd4583a74f60983abb06e4 0.135s
2024-12-11 11:06:32.343 66182 INFO tempest.test [-] raised in NoVNCConsoleTestJSON.setUpClass. Invoking tearDownClass.
2024-12-11 11:06:32.432 66164 INFO tempest.lib.common.rest_client [req-12005676-690f-46eb-8a96-307c06ae72ed req-12005676-690f-46eb-8a96-307c06ae72ed ] Request (DeleteServersAdminTestJSON:tearDownClass): 204 DELETE http://10.180.1.21/identity/v3/users/4a990e33ad6741439c2975ae7afe63a7 0.133s
2024-12-11 11:06:32.435 66128 INFO tempest.lib.common.rest_client [req-125fb807-991f-4fd6-8523-df0ee2f4aff8 req-125fb807-991f-4fd6-8523-df0ee2f4aff8 ] Request (AttachInterfacesTestJSON:test_create_list_show_delete_interfaces_by_fixed_ip): 200 GET http://10.180.1.21/compute/v2.1/servers/b8a1eaa5-86e3-4cf5-80e2-24e28ef4df84 0.260s
2024-12-11 11:06:32.444 66128 INFO tempest.common.waiters [-] State transition "BUILD/spawning" ==> "ACTIVE/None" after 77 second wait
2024-12-11 11:06:32.470 66138 INFO tempest.lib.common.rest_client [req-8dea9e08-4ca8-4dfa-9b3d-f8733235778c req-8dea9e08-4ca8-4dfa-9b3d-f8733235778c ] Request (ServersNegativeTestJSON:setUpClass): 200 GET http://10.180.1.21/compute/v2.1/servers/a822bbdb-accd-4d13-9335-bc4bf0515601 0.157s
2024-12-11 11:06:32.523 66128 INFO tempest.lib.common.rest_client [req-5e51924d-ef88-4900-9f0c-eb2ff199d595 req-5e51924d-ef88-4900-9f0c-eb2ff199d595 ] Request (AttachInterfacesTestJSON:test_create_list_show_delete_interfaces_by_fixed_ip): 200 GET http://10.180.1.21/compute/v2.1/servers/b8a1eaa5-86e3-4cf5-80e2-24e28ef4df84/os-interface 0.078s
2024-12-11 11:06:32.570 66164 INFO tempest.lib.common.rest_client [req-b20743eb-31eb-46d8-9626-7a9f9a5e87c7 req-b20743eb-31eb-46d8-9626-7a9f9a5e87c7 ] Request (DeleteServersAdminTestJSON:tearDownClass): 204 DELETE http://10.180.1.21/identity/v3/users/228596ec64c34f97a6dc73e26bd39778 0.136s
2024-12-11 11:06:32.570 66164 INFO tempest.lib.common.dynamic_creds [-] Deleting project and security group for project: cef429a81f4747d9954a685ced93132d
2024-12-11 11:06:32.643 66174 INFO tempest.lib.common.rest_client [req-eca984dc-8a1d-43e5-90f9-96ad04299742 req-eca984dc-8a1d-43e5-90f9-96ad04299742 ] Request (ImagesTestJSON:test_create_server_from_snapshot): 200 GET http://10.180.1.21/compute/v2.1/servers/25bd2a2e-c354-42a1-83cd-a7d3aadcea3e 0.082s
2024-12-11 11:06:32.649 66164 INFO tempest.lib.common.rest_client [req-0da40200-1d7f-4c31-b485-386a0a5bcc54 req-0da40200-1d7f-4c31-b485-386a0a5bcc54 ] Request (DeleteServersAdminTestJSON:tearDownClass): 201 POST http://10.180.1.21/identity/v3/auth/tokens 0.079s
2024-12-11 11:06:32.654 66153 INFO tempest.lib.common.rest_client [req-915f7f77-7d2f-47b7-8645-0b838debef91 req-915f7f77-7d2f-47b7-8645-0b838debef91 ] Request (ServersAaction247Test:tearDownClass): 200 GET http://10.180.1.21/compute/v2.1/servers/266986e8-8092-4ee6-b4f6-7c5cbdbc4875 0.100s
2024-12-11 11:06:32.673 66142 INFO tempest.lib.common.rest_client [req-d0d76d70-262e-48a0-8c24-b1db705c9ca2 req-d0d76d70-262e-48a0-8c24-b1db705c9ca2 ] Request (AttachInterfacesV270Test:tearDownClass): 204 DELETE http://10.180.1.21:9696/networking/v2.0/networks/1fc3a90e-52ad-46d3-828d-475684dee481 0.395s
2024-12-11 11:06:32.715 66150 INFO tempest.lib.common.rest_client [req-3440ba4d-895d-401b-ad97-fa3e22146e83 req-3440ba4d-895d-401b-ad97-fa3e22146e83 ] Request (ServersTestBootFromVolume:setUpClass): 200 GET http://10.180.1.21/compute/v2.1/servers/e396de23-f0d2-44ca-977a-17b444916807 0.070s
2024-12-11 11:06:32.721 66154 INFO tempest.lib.common.rest_client [req-0b503972-33f5-4963-a776-646092dbf263 req-0b503972-33f5-4963-a776-646092dbf263 ] Request (ListServerFiltersTestJSON:setUpClass): 200 GET http://10.180.1.21/compute/v2.1/servers/72718b40-5a93-40c5-bd33-84dfa5e1fa05 0.066s
2024-12-11 11:06:32.757 66142 INFO tempest.lib.common.rest_client [req-bf000cc9-e4ea-4ff5-8bbe-87bc32820f76 req-bf000cc9-e4ea-4ff5-8bbe-87bc32820f76 ] Request (AttachInterfacesV270Test:tearDownClass): 204 DELETE http://10.180.1.21/identity/v3/users/d19c08a959e84cebbcaa5b47fcfe959a 0.083s
2024-12-11 11:06:32.757 66142 INFO tempest.lib.common.dynamic_creds [-] Deleting project and security group for project: 8759799683cd4227881c1a96ded20cd1
2024-12-11 11:06:32.768 66156 INFO tempest.lib.common.rest_client [req-218269aa-13bb-4531-a5a0-f5ca34eb0510 req-218269aa-13bb-4531-a5a0-f5ca34eb0510 ] Request (AttachVolumeShelveTestJSON:setUpClass): 201 POST http://10.180.1.21:9696/networking/v2.0/routers 1.393s
2024-12-11 11:06:32.779 66124 INFO tempest.lib.common.rest_client [req-b161b604-3503-4e73-94cc-040285d559b2 req-b161b604-3503-4e73-94cc-040285d559b2 ] Request (ServerMetadataNegativeTestJSON:setUpClass): 200 GET http://10.180.1.21/compute/v2.1/servers/e59be507-2abd-40f3-8a16-1225de4ae07f 0.084s
2024-12-11 11:06:32.807 66184 INFO tempest.lib.common.rest_client [req-afb23c51-5822-46bd-85cd-43cce2ef52c9 req-afb23c51-5822-46bd-85cd-43cce2ef52c9 ] Request (ServerMetadataTestJSON:setUpClass): 200 GET http://10.180.1.21/compute/v2.1/servers/fc66c14c-3d5f-4185-a0b1-51da2189c359 0.100s
2024-12-11 11:06:32.821 66142 INFO tempest.lib.common.rest_client [req-6ca5a219-616e-4e7c-bf9a-97390be21b89 req-6ca5a219-616e-4e7c-bf9a-97390be21b89 ] Request (AttachInterfacesV270Test:tearDownClass): 200 GET http://10.180.1.21:9696/networking/v2.0/security-groups?tenant_id=8759799683cd4227881c1a96ded20cd1&name=default 0.063s
2024-12-11 11:06:32.857 66122 INFO tempest.lib.common.rest_client [req-193b2cc1-eeb6-421e-a9a8-afffe5921fab req-193b2cc1-eeb6-421e-a9a8-afffe5921fab ] Request (ServersAdminTestJSON:test_inject_network_info): 200 GET http://10.180.1.21/compute/v2.1/servers/248e0d5e-32ec-4711-91f3-e4a93d7c8b47 0.082s
2024-12-11 11:06:32.884 66160 INFO tempest.lib.common.rest_client [req-86bbca28-b147-4031-9b2d-06a7ef75dbd8 req-86bbca28-b147-4031-9b2d-06a7ef75dbd8 ] Request (ServersTestFqdnHostnames:test_create_server_with_fqdn_name): 200 GET http://10.180.1.21/compute/v2.1/servers/0d5facef-3bf5-4b5d-a234-570292369118 0.106s
2024-12-11 11:06:32.940 66134 INFO tempest.lib.common.rest_client [req-5a114c3d-da58-4954-b840-67f0c6c8e6e5 req-5a114c3d-da58-4954-b840-67f0c6c8e6e5 ] Request (MigrationsAdminTest:test_resize_server_revert_deleted_flavor): 200 GET http://10.180.1.21/compute/v2.1/servers/c5b997cc-da18-4571-aba2-a84d5ff1c996 0.104s
2024-12-11 11:06:32.959 66164 INFO tempest.lib.common.rest_client [req-5ef24cf6-b48f-4e91-ae11-1edd4f40d318 req-5ef24cf6-b48f-4e91-ae11-1edd4f40d318 ] Request (DeleteServersAdminTestJSON:tearDownClass): 200 GET http://10.180.1.21:9696/networking/v2.0/security-groups?tenant_id=cef429a81f4747d9954a685ced93132d&name=default 0.309s
2024-12-11 11:06:32.961 66130 INFO tempest.lib.common.rest_client [req-accc05c5-b64c-451a-82c4-98da15d2a3eb req-accc05c5-b64c-451a-82c4-98da15d2a3eb ] Request (FloatingIPsAssociationTestJSON:test_associate_already_associated_floating_ip): 200 GET http://10.180.1.21/compute/v2.1/servers/890d4338-8d28-41cf-ba9d-d5eae6f50c13 0.114s
2024-12-11 11:06:32.998 66178 INFO tempest.lib.common.rest_client [req-3ad604b6-f01e-47f4-aed2-07aa0fbfb5eb req-3ad604b6-f01e-47f4-aed2-07aa0fbfb5eb ] Request (ServersTestMultiNic:test_verify_multiple_nics_order): 200 GET http://10.180.1.21/compute/v2.1/servers/b69921e9-b52a-4005-be23-fae3d0ec4fc1 0.082s
2024-12-11 11:06:33.007 66142 INFO tempest.lib.common.rest_client [req-d29b4e92-71b9-4e7b-b60d-318d650595f9 req-d29b4e92-71b9-4e7b-b60d-318d650595f9 ] Request (AttachInterfacesV270Test:tearDownClass): 204 DELETE http://10.180.1.21:9696/networking/v2.0/security-groups/a286cf6f-e394-46d2-b2cd-8a3b6d2582cd 0.183s
2024-12-11 11:06:33.042 66159 INFO tempest.lib.common.rest_client [req-fad9bea7-b035-43ab-a2e9-64c3acfd50e1 req-fad9bea7-b035-43ab-a2e9-64c3acfd50e1 ] Request (ServerGroupTestJSON:_run_cleanups): 200 GET http://10.180.1.21/compute/v2.1/servers/c7d91435-4fb0-4c47-9f7e-9a43ce4ea8c3 0.113s
2024-12-11 11:06:33.054 66126 INFO tempest.lib.common.rest_client [req-14db6b15-f929-421c-a8ea-013c480017ae req-14db6b15-f929-421c-a8ea-013c480017ae ] Request (ServerAddressesTestJSON:setUpClass): 200 GET http://10.180.1.21/compute/v2.1/servers/9728525d-985c-47af-abb6-0ec27b76a204 0.068s
2024-12-11 11:06:33.095 66136 INFO tempest.lib.common.rest_client [req-eec8a5bb-0666-481a-bd85-5cbd956b9206 req-eec8a5bb-0666-481a-bd85-5cbd956b9206 ] Request (AttachVolumeTestJSON:test_attach_detach_volume): 200 GET http://10.180.1.21/compute/v2.1/servers/21995267-5227-4930-b079-707fcf615897 0.076s
2024-12-11 11:06:33.109 66164 INFO tempest.lib.common.rest_client [req-8711653f-1dcf-4298-bece-b6f29f055c76 req-8711653f-1dcf-4298-bece-b6f29f055c76 ] Request (DeleteServersAdminTestJSON:tearDownClass): 204 DELETE http://10.180.1.21:9696/networking/v2.0/security-groups/c47996da-24c5-4169-ba1f-2535be02fdbf 0.149s
2024-12-11 11:06:33.110 66132 INFO tempest.lib.common.rest_client [req-33124c14-af80-42a6-ab58-314e83bdd6f4 req-33124c14-af80-42a6-ab58-314e83bdd6f4 ] Request (SecurityGroupsTestJSON:test_server_security_groups): 200 GET http://10.180.1.21/compute/v2.1/servers/e03ade62-8b1b-42bd-9fc2-26a2b677bf5d 0.059s
2024-12-11 11:06:33.123 66142 INFO tempest.lib.common.rest_client [req-dffa8454-2a66-4f28-858a-41c9fc7a9d99 req-dffa8454-2a66-4f28-858a-41c9fc7a9d99 ] Request (AttachInterfacesV270Test:tearDownClass): 204 DELETE http://10.180.1.21/identity/v3/projects/8759799683cd4227881c1a96ded20cd1 0.116s
2024-12-11 11:06:33.184 66166 INFO tempest.lib.common.rest_client [req-9fcd767a-275c-4faf-8701-8dad7ea390cf req-9fcd767a-275c-4faf-8701-8dad7ea390cf ] Request (ServerShowV247Test:test_update_rebuild_list_server): 200 GET http://10.180.1.21/compute/v2.1/servers/79132dd8-ba03-4815-aa2b-dd238ea9726c 0.064s
2024-12-11 11:06:33.195 66142 INFO tempest.lib.common.rest_client [req-e1fbcd79-0261-4eb1-bc43-f6ef32e50279 req-e1fbcd79-0261-4eb1-bc43-f6ef32e50279 ] Request (ServerRescueTestJSONUnderV235:setUpClass): 201 POST http://10.180.1.21/identity/v3/auth/tokens 0.068s
2024-12-11 11:06:33.213 66168 INFO tempest.lib.common.rest_client [req-088b332c-0c59-4a7d-b147-fe4d22e6e02d req-088b332c-0c59-4a7d-b147-fe4d22e6e02d ] Request (ServerActionsTestOtherB:setUpClass): 200 GET http://10.180.1.21/compute/v2.1/servers/f5d1a419-d93b-4988-b051-f1d72b068cc9 0.077s
2024-12-11 11:06:33.263 66164 INFO tempest.lib.common.rest_client [req-b42c1ec1-f246-4e5a-997b-705f72598d48 req-b42c1ec1-f246-4e5a-997b-705f72598d48 ] Request (DeleteServersAdminTestJSON:tearDownClass): 204 DELETE http://10.180.1.21/identity/v3/projects/cef429a81f4747d9954a685ced93132d 0.154s
2024-12-11 11:06:33.263 66164 INFO tempest.lib.common.dynamic_creds [-] Deleting project and security group for project: 962ffcf9fef240b4a61a1abad6eb081a
2024-12-11 11:06:33.265 66142 INFO tempest.lib.common.rest_client [req-439ebd05-e962-4f41-8d28-92928727ecc8 req-439ebd05-e962-4f41-8d28-92928727ecc8 ] Request (ServerRescueTestJSONUnderV235:setUpClass): 201 POST http://10.180.1.21/identity/v3/auth/tokens 0.067s
2024-12-11 11:06:33.267 66177 INFO tempest.lib.common.rest_client [req-bd4ebd0b-fbe8-4e0e-ae70-55444674b97f req-bd4ebd0b-fbe8-4e0e-ae70-55444674b97f ] Request (ServerActionsTestOtherA:setUpClass): 200 GET http://10.180.1.21/compute/v2.1/servers/0c9d3ec0-2876-4300-9a10-27e1062ebf83 0.061s
2024-12-11 11:06:33.282 66128 INFO tempest.lib.common.rest_client [req-fac14f60-6af7-4def-9967-2ff59c90d207 req-fac14f60-6af7-4def-9967-2ff59c90d207 ] Request (AttachInterfacesTestJSON:test_create_list_show_delete_interfaces_by_fixed_ip): 200 PUT http://10.180.1.21:9696/networking/v2.0/floatingips/69853cf9-7641-4109-8ce6-1e12ecf37a44 0.757s
2024-12-11 11:06:33.297 66142 INFO tempest.lib.common.rest_client [req-7dcb5faa-5ea3-4e37-881e-74e4395aa365 req-7dcb5faa-5ea3-4e37-881e-74e4395aa365 ] Request (ServerRescueTestJSONUnderV235:setUpClass): 200 GET http://10.180.1.21/identity/v3/domains?name=Default 0.032s
2024-12-11 11:06:33.299 66140 INFO tempest.lib.common.rest_client [req-c7f88831-ad08-4548-9688-e5da50911e79 req-c7f88831-ad08-4548-9688-e5da50911e79 ] Request (AttachInterfacesUnderV243Test:test_add_remove_fixed_ip): 200 GET http://10.180.1.21/compute/v2.1/servers/0cd14d33-d2cc-4a51-bad7-c793197c40da 0.080s
2024-12-11 11:06:33.331 66142 INFO tempest.lib.common.rest_client [req-96ef2156-4278-404d-9ab9-7bd5d87584eb req-96ef2156-4278-404d-9ab9-7bd5d87584eb ] Request (ServerRescueTestJSONUnderV235:setUpClass): 201 POST http://10.180.1.21/identity/v3/projects 0.033s
2024-12-11 11:06:33.347 66164 INFO tempest.lib.common.rest_client [req-bf54656b-2183-45a2-91f6-138b3f5392cb req-bf54656b-2183-45a2-91f6-138b3f5392cb ] Request (DeleteServersAdminTestJSON:tearDownClass): 200 GET http://10.180.1.21:9696/networking/v2.0/security-groups?tenant_id=962ffcf9fef240b4a61a1abad6eb081a&name=default 0.083s
2024-12-11 11:06:33.391 66142 INFO tempest.lib.common.rest_client [req-a2f64c14-cbae-4e7a-aa4a-851a3b02870b req-a2f64c14-cbae-4e7a-aa4a-851a3b02870b ] Request (ServerRescueTestJSONUnderV235:setUpClass): 201 POST http://10.180.1.21/identity/v3/users 0.059s
2024-12-11 11:06:33.419 66128 INFO tempest.lib.common.rest_client [req-fffc75a3-5ff7-454b-98bc-5b06a4e20b25 req-fffc75a3-5ff7-454b-98bc-5b06a4e20b25 ] Request (AttachInterfacesTestJSON:test_create_list_show_delete_interfaces_by_fixed_ip): 200 GET http://10.180.1.21/compute/v2.1/servers/b8a1eaa5-86e3-4cf5-80e2-24e28ef4df84 0.137s
2024-12-11 11:06:33.420 66142 INFO tempest.lib.common.rest_client [req-eb6c348b-83f7-4e13-aa23-efdffa2299fb req-eb6c348b-83f7-4e13-aa23-efdffa2299fb ] Request (ServerRescueTestJSONUnderV235:setUpClass): 200 GET http://10.180.1.21/identity/v3/roles 0.028s
2024-12-11 11:06:33.430 66128 INFO tempest.lib.common.ssh [-] Creating ssh connection to '10.180.180.161:22' as 'cirros' with public key authentication
2024-12-11 11:06:33.453 66164 INFO tempest.lib.common.rest_client [req-617d322d-814a-4623-b1fd-fe4f33db8c7b req-617d322d-814a-4623-b1fd-fe4f33db8c7b ] Request (DeleteServersAdminTestJSON:tearDownClass): 204 DELETE http://10.180.1.21:9696/networking/v2.0/security-groups/78f640b3-50c0-436c-98f1-52897e63f7dc 0.106s
2024-12-11 11:06:33.459 66142 INFO tempest.lib.common.rest_client [req-69a3b787-8e26-48f4-a73c-ecf044ed32bb req-69a3b787-8e26-48f4-a73c-ecf044ed32bb ] Request (ServerRescueTestJSONUnderV235:setUpClass): 204 PUT http://10.180.1.21/identity/v3/projects/829a2ef745b04de4acaa9f955ff01620/users/3a6a1424265b4653adfc8ebed2e3b84b/roles/ab1eb68de2154cbb899fa84e25e7a77b 0.036s
2024-12-11 11:06:33.459 66142 INFO tempest.lib.common.dynamic_creds [-] Dynamic test user 3a6a1424265b4653adfc8ebed2e3b84b is created with scope project and roles: ['member']
2024-12-11 11:06:33.460 66142 INFO tempest.lib.common.dynamic_creds [-] Acquired dynamic creds: credentials: Credentials: {'domain_id': 'default', 'domain_name': 'Default', 'username': 'tempest-ServerRescueTestJSONUnderV235-13902917-project-member', 'project_domain_id': 'default', 'project_domain_name': 'Default', 'project_id': '829a2ef745b04de4acaa9f955ff01620', 'project_name': 'tempest-ServerRescueTestJSONUnderV235-13902917', 'tenant_id': '829a2ef745b04de4acaa9f955ff01620', 'tenant_name': 'tempest-ServerRescueTestJSONUnderV235-13902917', 'user_domain_id': 'default', 'user_domain_name': 'Default', 'user_id': '3a6a1424265b4653adfc8ebed2e3b84b', 'system': None}, Network: None, Subnet: None, Router: None
2024-12-11 11:06:33.526 66142 INFO tempest.lib.common.rest_client [req-0f8fe4c8-dc75-47fc-9291-5aa6f5665a92 req-0f8fe4c8-dc75-47fc-9291-5aa6f5665a92 ] Request (ServerRescueTestJSONUnderV235:setUpClass): 201 POST http://10.180.1.21/identity/v3/auth/tokens 0.066s
2024-12-11 11:06:33.587 66164 INFO tempest.lib.common.rest_client [req-183c20e2-dd84-41df-bd2b-bb9722a1749e req-183c20e2-dd84-41df-bd2b-bb9722a1749e ] Request (DeleteServersAdminTestJSON:tearDownClass): 204 DELETE http://10.180.1.21/identity/v3/projects/962ffcf9fef240b4a61a1abad6eb081a 0.133s
2024-12-11 11:06:33.623 66138 INFO tempest.lib.common.rest_client [req-5b0a240a-b78b-44c9-ab53-966cad373b35 req-5b0a240a-b78b-44c9-ab53-966cad373b35 ] Request (ServersNegativeTestJSON:setUpClass): 200 GET http://10.180.1.21/compute/v2.1/servers/a822bbdb-accd-4d13-9335-bc4bf0515601 0.144s
2024-12-11 11:06:33.646 66164 INFO tempest.lib.common.rest_client [req-d743a799-a6a1-47bc-89da-b9d542e437a4 req-d743a799-a6a1-47bc-89da-b9d542e437a4 ] Request (HostsAdminNegativeTestJSON:setUpClass): 201 POST http://10.180.1.21/identity/v3/auth/tokens 0.057s
2024-12-11 11:06:33.685 66164 INFO tempest.lib.common.rest_client [req-a3e2eb3d-3855-4fc0-b829-41333dffafe9 req-a3e2eb3d-3855-4fc0-b829-41333dffafe9 ] Request (HostsAdminNegativeTestJSON:setUpClass): 201 POST http://10.180.1.21/identity/v3/auth/tokens 0.037s
2024-12-11 11:06:33.715 66164 INFO tempest.lib.common.rest_client [req-1f840f80-c0db-45f3-8db2-5bdfb798d5b5 req-1f840f80-c0db-45f3-8db2-5bdfb798d5b5 ] Request (HostsAdminNegativeTestJSON:setUpClass): 200 GET http://10.180.1.21/identity/v3/domains?name=Default 0.029s
2024-12-11 11:06:33.717 66174 INFO tempest.lib.common.rest_client [req-bb51d7a1-82bd-48dc-be25-65a612906148 req-bb51d7a1-82bd-48dc-be25-65a612906148 ] Request (ImagesTestJSON:test_create_server_from_snapshot): 200 GET http://10.180.1.21/compute/v2.1/servers/25bd2a2e-c354-42a1-83cd-a7d3aadcea3e 0.061s
2024-12-11 11:06:33.754 66164 INFO tempest.lib.common.rest_client [req-3092a464-b0fa-493d-ba43-7847d3d4ece8 req-3092a464-b0fa-493d-ba43-7847d3d4ece8 ] Request (HostsAdminNegativeTestJSON:setUpClass): 201 POST http://10.180.1.21/identity/v3/projects 0.038s
2024-12-11 11:06:33.767 66153 INFO tempest.lib.common.rest_client [req-1c556ceb-6c4d-4b43-af82-ec7447f2066b req-1c556ceb-6c4d-4b43-af82-ec7447f2066b ] Request (ServersAaction247Test:tearDownClass): 200 GET http://10.180.1.21/compute/v2.1/servers/266986e8-8092-4ee6-b4f6-7c5cbdbc4875 0.098s
2024-12-11 11:06:33.816 66150 INFO tempest.lib.common.rest_client [req-61d3aad8-bc88-4ecd-b9a1-c8ca91172484 req-61d3aad8-bc88-4ecd-b9a1-c8ca91172484 ] Request (ServersTestBootFromVolume:setUpClass): 200 GET http://10.180.1.21/compute/v2.1/servers/e396de23-f0d2-44ca-977a-17b444916807 0.092s
2024-12-11 11:06:33.835 66154 INFO tempest.lib.common.rest_client [req-70b521f4-d90d-45af-a942-d0afa160e6e3 req-70b521f4-d90d-45af-a942-d0afa160e6e3 ] Request (ListServerFiltersTestJSON:setUpClass): 200 GET http://10.180.1.21/compute/v2.1/servers/72718b40-5a93-40c5-bd33-84dfa5e1fa05 0.107s
2024-12-11 11:06:33.837 66164 INFO tempest.lib.common.rest_client [req-f267b1f8-bd45-4422-8b4e-aabcb4138495 req-f267b1f8-bd45-4422-8b4e-aabcb4138495 ] Request (HostsAdminNegativeTestJSON:setUpClass): 201 POST http://10.180.1.21/identity/v3/users 0.082s
2024-12-11 11:06:33.874 66164 INFO tempest.lib.common.rest_client [req-6f585f72-2b9d-4312-a907-8c1f469c6742 req-6f585f72-2b9d-4312-a907-8c1f469c6742 ] Request (HostsAdminNegativeTestJSON:setUpClass): 200 GET http://10.180.1.21/identity/v3/roles 0.036s
2024-12-11 11:06:33.913 66164 INFO tempest.lib.common.rest_client [req-b090cf45-d36e-4b41-a0cf-7094ea65cc73 req-b090cf45-d36e-4b41-a0cf-7094ea65cc73 ] Request (HostsAdminNegativeTestJSON:setUpClass): 204 PUT http://10.180.1.21/identity/v3/projects/09e1315469a843879e354a344a5c00c7/users/7f14ced85e4a44f8b61c4b353601d507/roles/ab1eb68de2154cbb899fa84e25e7a77b 0.038s
2024-12-11 11:06:33.913 66164 INFO tempest.lib.common.dynamic_creds [-] Dynamic test user 7f14ced85e4a44f8b61c4b353601d507 is created with scope project and roles: ['member']
2024-12-11 11:06:33.913 66164 INFO tempest.lib.common.dynamic_creds [-] Acquired dynamic creds: credentials: Credentials: {'domain_id': 'default', 'domain_name': 'Default', 'username': 'tempest-HostsAdminNegativeTestJSON-1320393768-project-member', 'project_domain_id': 'default', 'project_domain_name': 'Default', 'project_id': '09e1315469a843879e354a344a5c00c7', 'project_name': 'tempest-HostsAdminNegativeTestJSON-1320393768', 'tenant_id': '09e1315469a843879e354a344a5c00c7', 'tenant_name': 'tempest-HostsAdminNegativeTestJSON-1320393768', 'user_domain_id': 'default', 'user_domain_name': 'Default', 'user_id': '7f14ced85e4a44f8b61c4b353601d507', 'system': None}, Network: None, Subnet: None, Router: None
2024-12-11 11:06:33.914 66164 INFO tempest.lib.common.dynamic_creds [-] Created isolated network resources for: credentials: Credentials: {'domain_id': 'default', 'domain_name': 'Default', 'username': 'tempest-HostsAdminNegativeTestJSON-1320393768-project-member', 'project_domain_id': 'default', 'project_domain_name': 'Default', 'project_id': '09e1315469a843879e354a344a5c00c7', 'project_name': 'tempest-HostsAdminNegativeTestJSON-1320393768', 'tenant_id': '09e1315469a843879e354a344a5c00c7', 'tenant_name': 'tempest-HostsAdminNegativeTestJSON-1320393768', 'user_domain_id': 'default', 'user_domain_name': 'Default', 'user_id': '7f14ced85e4a44f8b61c4b353601d507', 'system': None}, Network: None, Subnet: None, Router: None
2024-12-11 11:06:33.930 66124 INFO tempest.lib.common.rest_client [req-64cb4e93-ef9c-4e32-8037-327c44a5db98 req-64cb4e93-ef9c-4e32-8037-327c44a5db98 ] Request (ServerMetadataNegativeTestJSON:setUpClass): 200 GET http://10.180.1.21/compute/v2.1/servers/e59be507-2abd-40f3-8a16-1225de4ae07f 0.137s
2024-12-11 11:06:33.932 66184 INFO tempest.lib.common.rest_client [req-b583a536-5a6c-4735-bdb7-5f17e5161806 req-b583a536-5a6c-4735-bdb7-5f17e5161806 ] Request (ServerMetadataTestJSON:setUpClass): 200 GET http://10.180.1.21/compute/v2.1/servers/fc66c14c-3d5f-4185-a0b1-51da2189c359 0.114s
2024-12-11 11:06:34.030 66164 INFO tempest.lib.common.rest_client [req-35c875ee-fe45-43bb-ae51-74c2a44f5265 req-35c875ee-fe45-43bb-ae51-74c2a44f5265 ] Request (HostsAdminNegativeTestJSON:setUpClass): 201 POST http://10.180.1.21/identity/v3/auth/tokens 0.112s
2024-12-11 11:06:34.035 66122 INFO tempest.lib.common.rest_client [req-ceaaafba-8c22-42d7-a7b6-6e9aef827c01 req-ceaaafba-8c22-42d7-a7b6-6e9aef827c01 ] Request (ServersAdminTestJSON:test_inject_network_info): 200 GET http://10.180.1.21/compute/v2.1/servers/248e0d5e-32ec-4711-91f3-e4a93d7c8b47 0.168s
2024-12-11 11:06:34.037 66160 INFO tempest.lib.common.rest_client [req-29a7d268-f292-442f-be0b-ce390a202fea req-29a7d268-f292-442f-be0b-ce390a202fea ] Request (ServersTestFqdnHostnames:test_create_server_with_fqdn_name): 200 GET http://10.180.1.21/compute/v2.1/servers/0d5facef-3bf5-4b5d-a234-570292369118 0.141s
2024-12-11 11:06:34.122 66134 INFO tempest.lib.common.rest_client [req-04579d4e-c1d8-4fa5-835e-243de88e5704 req-04579d4e-c1d8-4fa5-835e-243de88e5704 ] Request (MigrationsAdminTest:test_resize_server_revert_deleted_flavor): 200 GET http://10.180.1.21/compute/v2.1/servers/c5b997cc-da18-4571-aba2-a84d5ff1c996 0.174s
2024-12-11 11:06:34.127 66164 INFO tempest.lib.common.rest_client [req-ea4e77f6-792d-4ab6-bd57-a604899d46c1 req-ea4e77f6-792d-4ab6-bd57-a604899d46c1 ] Request (HostsAdminNegativeTestJSON:setUpClass): 201 POST http://10.180.1.21/identity/v3/projects 0.097s
2024-12-11 11:06:34.148 66142 INFO tempest.lib.common.rest_client [req-016e0263-0e5c-451c-a4d8-bb008986721a req-016e0263-0e5c-451c-a4d8-bb008986721a ] Request (ServerRescueTestJSONUnderV235:setUpClass): 201 POST http://10.180.1.21:9696/networking/v2.0/networks 0.621s
2024-12-11 11:06:34.153 66130 INFO tempest.lib.common.rest_client [req-26b0294e-c2c2-4bfe-a651-c0b5f388e6a2 req-26b0294e-c2c2-4bfe-a651-c0b5f388e6a2 ] Request (FloatingIPsAssociationTestJSON:test_associate_already_associated_floating_ip): 200 GET http://10.180.1.21/compute/v2.1/servers/890d4338-8d28-41cf-ba9d-d5eae6f50c13 0.184s
2024-12-11 11:06:34.198 66164 INFO tempest.lib.common.rest_client [req-86f6b372-eef6-469d-b3dd-c9d477e04c09 req-86f6b372-eef6-469d-b3dd-c9d477e04c09 ] Request (HostsAdminNegativeTestJSON:setUpClass): 201 POST http://10.180.1.21/identity/v3/users 0.070s
2024-12-11 11:06:34.209 66178 INFO tempest.lib.common.rest_client [req-ea7fef33-9cf2-4eb9-9a8f-6304dbe5354c req-ea7fef33-9cf2-4eb9-9a8f-6304dbe5354c ] Request (ServersTestMultiNic:test_verify_multiple_nics_order): 200 GET http://10.180.1.21/compute/v2.1/servers/b69921e9-b52a-4005-be23-fae3d0ec4fc1 0.198s
2024-12-11 11:06:34.225 66164 INFO tempest.lib.common.rest_client [req-894eff27-daa5-4957-acc1-1c124f3e57e5 req-894eff27-daa5-4957-acc1-1c124f3e57e5 ] Request (HostsAdminNegativeTestJSON:setUpClass): 200 GET http://10.180.1.21/identity/v3/roles 0.027s
2024-12-11 11:06:34.237 66159 INFO tempest.lib.common.rest_client [req-419a407f-ed62-492b-8ad3-a588e19ae44b req-419a407f-ed62-492b-8ad3-a588e19ae44b ] Request (ServerGroupTestJSON:_run_cleanups): 200 GET http://10.180.1.21/compute/v2.1/servers/c7d91435-4fb0-4c47-9f7e-9a43ce4ea8c3 0.182s
2024-12-11 11:06:34.267 66164 INFO tempest.lib.common.rest_client [req-53851a88-a69e-4730-a940-e4972fbd9182 req-53851a88-a69e-4730-a940-e4972fbd9182 ] Request (HostsAdminNegativeTestJSON:setUpClass): 204 PUT http://10.180.1.21/identity/v3/projects/bf05a0ba42184e918199826f01c754e2/users/de647bef1d064fd0b1f379aa8f9b8507/roles/bf7d1d7eae2e42bbab931e66bc968911 0.042s
2024-12-11 11:06:34.277 66126 INFO tempest.lib.common.rest_client [req-5f0d5d8d-a60e-4f40-93fa-efc5dbf0cd43 req-5f0d5d8d-a60e-4f40-93fa-efc5dbf0cd43 ] Request (ServerAddressesTestJSON:setUpClass): 200 GET http://10.180.1.21/compute/v2.1/servers/9728525d-985c-47af-abb6-0ec27b76a204 0.212s
2024-12-11 11:06:34.302 66136 INFO tempest.lib.common.rest_client [req-a7afa43c-268b-49c4-b4d6-1751d4aa1425 req-a7afa43c-268b-49c4-b4d6-1751d4aa1425 ] Request (AttachVolumeTestJSON:test_attach_detach_volume): 200 GET http://10.180.1.21/compute/v2.1/servers/21995267-5227-4930-b079-707fcf615897 0.199s
2024-12-11 11:06:34.344 66164 INFO tempest.lib.common.rest_client [req-790c364e-7a7c-45bc-b762-dcb6a884461c req-790c364e-7a7c-45bc-b762-dcb6a884461c ] Request (HostsAdminNegativeTestJSON:setUpClass): 200 GET http://10.180.1.21/identity/v3/roles 0.076s
2024-12-11 11:06:34.358 66156 INFO tempest.lib.common.rest_client [req-49645043-121e-40f8-85bf-661692121f15 req-49645043-121e-40f8-85bf-661692121f15 ] Request (AttachVolumeShelveTestJSON:setUpClass): 200 PUT http://10.180.1.21:9696/networking/v2.0/routers/85b52472-614f-43a3-ad5e-cb509c2d10af/add_router_interface 1.590s
2024-12-11 11:06:34.359 66156 INFO tempest.lib.common.dynamic_creds [-] Created isolated network resources for: credentials: Credentials: {'domain_id': 'default', 'domain_name': 'Default', 'username': 'tempest-AttachVolumeShelveTestJSON-37567632-project-member', 'project_domain_id': 'default', 'project_domain_name': 'Default', 'project_id': 'de476fd038e240b8b7721b112e9edc64', 'project_name': 'tempest-AttachVolumeShelveTestJSON-37567632', 'tenant_id': 'de476fd038e240b8b7721b112e9edc64', 'tenant_name': 'tempest-AttachVolumeShelveTestJSON-37567632', 'user_domain_id': 'default', 'user_domain_name': 'Default', 'user_id': 'a215f1fe10e6433a8ce5d2a972439ff0', 'system': None}, Network: {'id': 'dc3109a0-c79b-4adb-88ea-f8c5a4383eaf', 'name': 'tempest-AttachVolumeShelveTestJSON-1936656668-network', 'tenant_id': 'de476fd038e240b8b7721b112e9edc64', 'admin_state_up': True, 'mtu': 8950, 'status': 'ACTIVE', 'subnets': [], 'shared': False, 'project_id': 'de476fd038e240b8b7721b112e9edc64', 'port_security_enabled': True, 'router:external': False, 'provider:network_type': 'vlan', 'provider:physical_network': 'default', 'provider:segmentation_id': 597, 'availability_zone_hints': [], 'availability_zones': [], 'ipv4_address_scope': None, 'ipv6_address_scope': None, 'description': '', 'tags': [], 'created_at': '2024-12-11T11:06:30Z', 'updated_at': '2024-12-11T11:06:30Z', 'revision_number': 1}, Subnet: {'id': 'e720556c-0de3-4a80-93a3-17dd984c8199', 'name': 'tempest-AttachVolumeShelveTestJSON-1936656668-subnet', 'tenant_id': 'de476fd038e240b8b7721b112e9edc64', 'network_id': 'dc3109a0-c79b-4adb-88ea-f8c5a4383eaf', 'ip_version': 4, 'subnetpool_id': None, 'enable_dhcp': True, 'ipv6_ra_mode': None, 'ipv6_address_mode': None, 'gateway_ip': '192.168.128.1', 'cidr': '192.168.128.0/28', 'allocation_pools': [{'start': '192.168.128.2', 'end': '192.168.128.14'}], 'host_routes': [], 'dns_nameservers': [], 'description': '', 'router:external': False, 'service_types': [], 'tags': [], 'created_at': '2024-12-11T11:06:31Z', 'updated_at': '2024-12-11T11:06:31Z', 'revision_number': 0, 'project_id': 'de476fd038e240b8b7721b112e9edc64'}, Router: {'id': '85b52472-614f-43a3-ad5e-cb509c2d10af', 'name': 'tempest-AttachVolumeShelveTestJSON-1936656668-router', 'tenant_id': 'de476fd038e240b8b7721b112e9edc64', 'admin_state_up': True, 'status': 'ACTIVE', 'external_gateway_info': {'network_id': 'a35b7034-711a-43b8-be1a-954caca93c52', 'external_fixed_ips': [{'subnet_id': '244ed296-a057-4f31-b55d-82c6b4ca6ea4', 'ip_address': '10.180.180.229'}], 'enable_snat': True}, 'description': '', 'availability_zones': [], 'distributed': False, 'ha': False, 'availability_zone_hints': [], 'routes': [], 'flavor_id': None, 'tags': [], 'created_at': '2024-12-11T11:06:31Z', 'updated_at': '2024-12-11T11:06:32Z', 'revision_number': 2, 'project_id': 'de476fd038e240b8b7721b112e9edc64'}
2024-12-11 11:06:34.365 66164 INFO tempest.lib.common.rest_client [req-ed28c0ac-8d8f-49e8-a26c-b59a659662ec req-ed28c0ac-8d8f-49e8-a26c-b59a659662ec ] Request (HostsAdminNegativeTestJSON:setUpClass): 204 PUT http://10.180.1.21/identity/v3/projects/bf05a0ba42184e918199826f01c754e2/users/de647bef1d064fd0b1f379aa8f9b8507/roles/bf7d1d7eae2e42bbab931e66bc968911 0.021s
2024-12-11 11:06:34.366 66164 INFO tempest.lib.common.dynamic_creds [-] Dynamic test user de647bef1d064fd0b1f379aa8f9b8507 is created with scope project and roles: ['admin']
2024-12-11 11:06:34.366 66164 INFO tempest.lib.common.dynamic_creds [-] Acquired dynamic creds: credentials: Credentials: {'domain_id': 'default', 'domain_name': 'Default', 'username': 'tempest-HostsAdminNegativeTestJSON-1872153490-project-admin', 'project_domain_id': 'default', 'project_domain_name': 'Default', 'project_id': 'bf05a0ba42184e918199826f01c754e2', 'project_name': 'tempest-HostsAdminNegativeTestJSON-1872153490', 'tenant_id': 'bf05a0ba42184e918199826f01c754e2', 'tenant_name': 'tempest-HostsAdminNegativeTestJSON-1872153490', 'user_domain_id': 'default', 'user_domain_name': 'Default', 'user_id': 'de647bef1d064fd0b1f379aa8f9b8507', 'system': None}, Network: None, Subnet: None, Router: None
2024-12-11 11:06:34.366 66164 INFO tempest.lib.common.dynamic_creds [-] Created isolated network resources for: credentials: Credentials: {'domain_id': 'default', 'domain_name': 'Default', 'username': 'tempest-HostsAdminNegativeTestJSON-1872153490-project-admin', 'project_domain_id': 'default', 'project_domain_name': 'Default', 'project_id': 'bf05a0ba42184e918199826f01c754e2', 'project_name': 'tempest-HostsAdminNegativeTestJSON-1872153490', 'tenant_id': 'bf05a0ba42184e918199826f01c754e2', 'tenant_name': 'tempest-HostsAdminNegativeTestJSON-1872153490', 'user_domain_id': 'default', 'user_domain_name': 'Default', 'user_id': 'de647bef1d064fd0b1f379aa8f9b8507', 'system': None}, Network: None, Subnet: None, Router: None
2024-12-11 11:06:34.368 66132 INFO tempest.lib.common.rest_client [req-699c1fcc-274f-470f-92cd-e649011fa6ca req-699c1fcc-274f-470f-92cd-e649011fa6ca ] Request (SecurityGroupsTestJSON:test_server_security_groups): 200 GET http://10.180.1.21/compute/v2.1/servers/e03ade62-8b1b-42bd-9fc2-26a2b677bf5d 0.251s
2024-12-11 11:06:34.385 66166 INFO tempest.lib.common.rest_client [req-8625e0fb-9558-47d3-911a-6cda676d021c req-8625e0fb-9558-47d3-911a-6cda676d021c ] Request (ServerShowV247Test:test_update_rebuild_list_server): 200 GET http://10.180.1.21/compute/v2.1/servers/79132dd8-ba03-4815-aa2b-dd238ea9726c 0.188s
2024-12-11 11:06:34.424 66142 INFO tempest.lib.common.rest_client [req-726cf0dc-75ee-4811-80a2-b4b78aa3b52f req-726cf0dc-75ee-4811-80a2-b4b78aa3b52f ] Request (ServerRescueTestJSONUnderV235:setUpClass): 201 POST http://10.180.1.21:9696/networking/v2.0/subnets 0.275s
2024-12-11 11:06:34.441 66168 INFO tempest.lib.common.rest_client [req-b7be9565-3779-43c5-a429-07aacae0f289 req-b7be9565-3779-43c5-a429-07aacae0f289 ] Request (ServerActionsTestOtherB:setUpClass): 200 GET http://10.180.1.21/compute/v2.1/servers/f5d1a419-d93b-4988-b051-f1d72b068cc9 0.218s
2024-12-11 11:06:34.448 66177 INFO tempest.lib.common.rest_client [req-f429ba09-1cfd-466e-8564-c1f0e0913a33 req-f429ba09-1cfd-466e-8564-c1f0e0913a33 ] Request (ServerActionsTestOtherA:setUpClass): 200 GET http://10.180.1.21/compute/v2.1/servers/0c9d3ec0-2876-4300-9a10-27e1062ebf83 0.172s
2024-12-11 11:06:34.454 66164 INFO tempest.lib.common.rest_client [req-21272c74-0c7b-41dd-b92e-bf5831611563 req-21272c74-0c7b-41dd-b92e-bf5831611563 ] Request (HostsAdminNegativeTestJSON:setUpClass): 201 POST http://10.180.1.21/identity/v3/auth/tokens 0.084s
2024-12-11 11:06:34.457 66156 INFO tempest.lib.common.rest_client [req-60835b6b-8620-4780-a749-4d905b9b60e4 req-60835b6b-8620-4780-a749-4d905b9b60e4 ] Request (AttachVolumeShelveTestJSON:setUpClass): 201 POST http://10.180.1.21/identity/v3/auth/tokens 0.094s
2024-12-11 11:06:34.457 66177 INFO tempest.common.waiters [-] State transition "BUILD/scheduling" ==> "BUILD/None" after 53 second wait
2024-12-11 11:06:34.492 66140 INFO tempest.lib.common.rest_client [req-9daf9fce-0970-4b8c-ace5-87bb3492fc85 req-9daf9fce-0970-4b8c-ace5-87bb3492fc85 ] Request (AttachInterfacesUnderV243Test:test_add_remove_fixed_ip): 200 GET http://10.180.1.21/compute/v2.1/servers/0cd14d33-d2cc-4a51-bad7-c793197c40da 0.183s
2024-12-11 11:06:34.565 66164 INFO tempest.lib.common.rest_client [req-2307db60-2590-4867-826c-1a90d6ea87f5 req-2307db60-2590-4867-826c-1a90d6ea87f5 ] Request (HostsAdminNegativeTestJSON:setUpClass): 200 GET http://10.180.1.21/compute/v2.1/os-hosts 0.110s
2024-12-11 11:06:34.610 66156 INFO tempest.lib.common.rest_client [req-d30f63e7-3a57-4844-8b1c-e12ebe964e64 req-d30f63e7-3a57-4844-8b1c-e12ebe964e64 ] Request (ValidationResourcesFixture:setUp): 201 POST http://10.180.1.21/compute/v2.1/os-keypairs 0.151s
2024-12-11 11:06:34.633 66164 INFO tempest.lib.common.rest_client [req-fcec1ad6-c02a-4588-98c7-33fa08215f5e req-fcec1ad6-c02a-4588-98c7-33fa08215f5e ] Request (HostsAdminNegativeTestJSON:test_list_hosts_with_non_admin_user): 403 GET http://10.180.1.21/compute/v2.1/os-hosts 0.066s
2024-12-11 11:06:34.650 66164 INFO tempest.lib.common.rest_client [req-379f9745-9a29-4619-b6fe-1f406a50bae4 req-379f9745-9a29-4619-b6fe-1f406a50bae4 ] Request (HostsAdminNegativeTestJSON:test_reboot_host_with_non_admin_user): 403 GET http://10.180.1.21/compute/v2.1/os-hosts/devstack/reboot 0.015s
2024-12-11 11:06:34.671 66164 INFO tempest.lib.common.rest_client [req-ff502c32-78e6-4d4c-8836-74bb1e67fda3 req-ff502c32-78e6-4d4c-8836-74bb1e67fda3 ] Request (HostsAdminNegativeTestJSON:test_reboot_nonexistent_host): 404 GET http://10.180.1.21/compute/v2.1/os-hosts/nonexistent_hostname/reboot 0.019s
