2024-12-11 11:06:18.143 66156 INFO tempest.lib.common.rest_client [req-791519c6-c40e-46ec-af89-4685601465e0 req-791519c6-c40e-46ec-af89-4685601465e0 ] Request (ServerShowV257Test:tearDownClass): 200 GET http://10.180.1.21/compute/v2.1/servers/2f6d1281-9001-4bf2-a9a2-4eecaa677c2c 0.071s
2024-12-11 11:06:18.181 66166 INFO tempest.lib.common.rest_client [req-fd5a7820-873c-4d0e-aa1b-a4f49aec11e1 req-fd5a7820-873c-4d0e-aa1b-a4f49aec11e1 ] Request (ServerShowV247Test:test_update_rebuild_list_server): 200 GET http://10.180.1.21/compute/v2.1/servers/79132dd8-ba03-4815-aa2b-dd238ea9726c 0.053s
2024-12-11 11:06:18.189 66166 INFO tempest.common.waiters [-] State transition "BUILD/networking" ==> "BUILD/block_device_mapping" after 63 second wait
2024-12-11 11:06:18.216 66160 INFO tempest.lib.common.rest_client [req-3753ebd2-5530-413a-983b-834c6c37a74c req-3753ebd2-5530-413a-983b-834c6c37a74c ] Request (ServersTestFqdnHostnames:test_create_server_with_fqdn_name): 200 GET http://10.180.1.21/compute/v2.1/servers/0d5facef-3bf5-4b5d-a234-570292369118 0.046s
2024-12-11 11:06:18.270 66122 INFO tempest.lib.common.rest_client [req-02ef708d-c60d-47c3-8cd6-02555be97aa9 req-02ef708d-c60d-47c3-8cd6-02555be97aa9 ] Request (ServersAdminTestJSON:test_inject_network_info): 200 GET http://10.180.1.21/compute/v2.1/servers/248e0d5e-32ec-4711-91f3-e4a93d7c8b47 0.049s
2024-12-11 11:06:18.277 66130 INFO tempest.lib.common.rest_client [req-8b314c1b-3579-445e-9fb3-93d83339e9d6 req-8b314c1b-3579-445e-9fb3-93d83339e9d6 ] Request (FloatingIPsAssociationTestJSON:setUpClass): 200 GET http://10.180.1.21/compute/v2.1/servers/87298b64-c97d-4e21-ad71-9db59859e10f 0.102s
2024-12-11 11:06:18.321 66182 INFO tempest.lib.common.rest_client [req-769aa167-b7fb-474d-857b-6ae54c2a1073 req-769aa167-b7fb-474d-857b-6ae54c2a1073 ] Request (ImagesOneServerTestJSON:tearDownClass): 200 GET http://10.180.1.21/compute/v2.1/servers/9ecf87a0-a89a-4bc9-b328-35799b7832b0 0.096s
2024-12-11 11:06:18.423 66134 INFO tempest.lib.common.rest_client [req-7a96d69c-9098-421b-94e1-25f686ffd1bf req-7a96d69c-9098-421b-94e1-25f686ffd1bf ] Request (MigrationsAdminTest:test_resize_server_revert_deleted_flavor): 200 GET http://10.180.1.21/compute/v2.1/servers/c5b997cc-da18-4571-aba2-a84d5ff1c996 0.051s
2024-12-11 11:06:18.542 66159 INFO tempest.lib.common.rest_client [req-c04305b3-e9c6-4c81-aee6-4a3000351095 req-c04305b3-e9c6-4c81-aee6-4a3000351095 ] Request (ServerGroupTestJSON:_run_cleanups): 200 GET http://10.180.1.21/compute/v2.1/servers/c7d91435-4fb0-4c47-9f7e-9a43ce4ea8c3 0.054s
2024-12-11 11:06:18.554 66142 INFO tempest.lib.common.rest_client [req-42a92a98-2183-42b7-93ab-e932bb21276b req-42a92a98-2183-42b7-93ab-e932bb21276b ] Request (AttachInterfacesV270Test:tearDownClass): 200 GET http://10.180.1.21/compute/v2.1/servers/24e9165f-24ad-430a-ad25-79e1fd1065dc 0.052s
2024-12-11 11:06:18.583 66128 INFO tempest.lib.common.rest_client [req-b6dbd368-f15a-48e1-b1fa-e9ec826b4010 req-b6dbd368-f15a-48e1-b1fa-e9ec826b4010 ] Request (AttachInterfacesTestJSON:test_create_list_show_delete_interfaces_by_fixed_ip): 200 GET http://10.180.1.21/compute/v2.1/servers/b8a1eaa5-86e3-4cf5-80e2-24e28ef4df84 0.050s
2024-12-11 11:06:18.642 66126 INFO tempest.lib.common.rest_client [req-f3ddc8ca-e90e-483f-91a5-82e534e9470b req-f3ddc8ca-e90e-483f-91a5-82e534e9470b ] Request (InstanceActionsTestJSON:tearDownClass): 200 GET http://10.180.1.21/compute/v2.1/servers/8a850783-41a9-42d3-9682-ec58b96bad7f 0.054s
2024-12-11 11:06:18.653 66136 INFO tempest.lib.common.rest_client [req-0539e0e1-aee4-4cbd-a8f6-4b942fca4283 req-0539e0e1-aee4-4cbd-a8f6-4b942fca4283 ] Request (AttachVolumeTestJSON:test_attach_detach_volume): 200 GET http://10.180.1.21/compute/v2.1/servers/21995267-5227-4930-b079-707fcf615897 0.051s
2024-12-11 11:06:18.691 66132 INFO tempest.lib.common.rest_client [req-eb03ae16-501a-4744-b68e-54dc8290a9d7 req-eb03ae16-501a-4744-b68e-54dc8290a9d7 ] Request (SecurityGroupsTestJSON:test_server_security_groups): 200 GET http://10.180.1.21/compute/v2.1/servers/e03ade62-8b1b-42bd-9fc2-26a2b677bf5d 0.048s
2024-12-11 11:06:18.739 66138 INFO tempest.lib.common.rest_client [req-fd66199d-70bc-448c-8b1a-a39b1b35fb46 req-fd66199d-70bc-448c-8b1a-a39b1b35fb46 ] Request (ServersNegativeTestJSON:setUpClass): 200 GET http://10.180.1.21/compute/v2.1/servers/a822bbdb-accd-4d13-9335-bc4bf0515601 0.054s
2024-12-11 11:06:18.782 66168 INFO tempest.lib.common.rest_client [req-4aebb8b1-ba80-497b-a3cf-091cd360046f req-4aebb8b1-ba80-497b-a3cf-091cd360046f ] Request (ServerActionsTestOtherB:setUpClass): 200 GET http://10.180.1.21/compute/v2.1/servers/f5d1a419-d93b-4988-b051-f1d72b068cc9 0.047s
2024-12-11 11:06:18.865 66164 INFO tempest.lib.common.rest_client [req-c3df19ca-497b-443d-be71-566d26bec095 req-c3df19ca-497b-443d-be71-566d26bec095 ] Request (DeleteServersAdminTestJSON:test_delete_server_while_in_error_state): 200 GET http://10.180.1.21/compute/v2.1/servers/f75d2c0d-62dd-4eda-86f0-916ee6700fdc 0.062s
2024-12-11 11:06:18.889 66178 INFO tempest.lib.common.rest_client [req-cd7647fd-b68a-495d-9560-d7bba297ba74 req-cd7647fd-b68a-495d-9560-d7bba297ba74 ] Request (ServersTestMultiNic:_run_cleanups): 200 GET http://10.180.1.21/compute/v2.1/servers/d69b10f9-4a23-42a7-ab16-edc81bfe8271 0.056s
2024-12-11 11:06:18.912 66177 INFO tempest.lib.common.rest_client [req-1f148621-296c-4458-82eb-25d4b5e79255 req-1f148621-296c-4458-82eb-25d4b5e79255 ] Request (ServerActionsTestOtherA:setUpClass): 200 GET http://10.180.1.21/compute/v2.1/servers/0c9d3ec0-2876-4300-9a10-27e1062ebf83 0.048s
2024-12-11 11:06:18.991 66140 INFO tempest.lib.common.rest_client [req-570ba8f5-c071-4a09-b1fb-fe05f8195f2f req-570ba8f5-c071-4a09-b1fb-fe05f8195f2f ] Request (AttachInterfacesUnderV243Test:test_add_remove_fixed_ip): 200 GET http://10.180.1.21/compute/v2.1/servers/0cd14d33-d2cc-4a51-bad7-c793197c40da 0.053s
2024-12-11 11:06:19.005 66153 INFO tempest.lib.common.rest_client [req-c23fe113-6465-41b1-a8dc-1f03a05155d0 req-c23fe113-6465-41b1-a8dc-1f03a05155d0 ] Request (ServersAaction247Test:tearDownClass): 200 GET http://10.180.1.21/compute/v2.1/servers/266986e8-8092-4ee6-b4f6-7c5cbdbc4875 0.070s
2024-12-11 11:06:19.042 66174 INFO tempest.lib.common.rest_client [req-678cbc1e-292e-4c28-bba3-806977a3a88b req-678cbc1e-292e-4c28-bba3-806977a3a88b ] Request (ImagesTestJSON:test_create_server_from_snapshot): 200 GET http://10.180.1.21/compute/v2.1/servers/25bd2a2e-c354-42a1-83cd-a7d3aadcea3e 0.049s
2024-12-11 11:06:19.054 66154 INFO tempest.lib.common.rest_client [req-7bb58dac-be4e-4b39-b87f-7e9eb98eb9ce req-7bb58dac-be4e-4b39-b87f-7e9eb98eb9ce ] Request (ListServerFiltersTestJSON:setUpClass): 200 GET http://10.180.1.21/compute/v2.1/servers/72718b40-5a93-40c5-bd33-84dfa5e1fa05 0.055s
2024-12-11 11:06:19.108 66124 INFO tempest.lib.common.rest_client [req-eef403a9-b411-4392-b089-29191a64e62b req-eef403a9-b411-4392-b089-29191a64e62b ] Request (ServerMetadataNegativeTestJSON:setUpClass): 200 GET http://10.180.1.21/compute/v2.1/servers/e59be507-2abd-40f3-8a16-1225de4ae07f 0.052s
2024-12-11 11:06:19.119 66150 INFO tempest.lib.common.rest_client [req-8bce1c40-7a10-4fe8-b465-3e22e6b13621 req-8bce1c40-7a10-4fe8-b465-3e22e6b13621 ] Request (ServersTestBootFromVolume:setUpClass): 200 GET http://10.180.1.21/compute/v2.1/servers/e396de23-f0d2-44ca-977a-17b444916807 0.053s
2024-12-11 11:06:19.163 66184 INFO tempest.lib.common.rest_client [req-a7cc96a8-55a3-49b6-ac0f-8bcb1258c286 req-a7cc96a8-55a3-49b6-ac0f-8bcb1258c286 ] Request (ServerMetadataTestJSON:setUpClass): 200 GET http://10.180.1.21/compute/v2.1/servers/fc66c14c-3d5f-4185-a0b1-51da2189c359 0.048s
2024-12-11 11:06:19.209 66156 INFO tempest.lib.common.rest_client [req-f3309edf-bf0a-42ce-832d-fbd4a4bfdc97 req-f3309edf-bf0a-42ce-832d-fbd4a4bfdc97 ] Request (ServerShowV257Test:tearDownClass): 200 GET http://10.180.1.21/compute/v2.1/servers/2f6d1281-9001-4bf2-a9a2-4eecaa677c2c 0.056s
2024-12-11 11:06:19.244 66166 INFO tempest.lib.common.rest_client [req-d27f8e5f-2171-4f25-8ca9-380b7cb94548 req-d27f8e5f-2171-4f25-8ca9-380b7cb94548 ] Request (ServerShowV247Test:test_update_rebuild_list_server): 200 GET http://10.180.1.21/compute/v2.1/servers/79132dd8-ba03-4815-aa2b-dd238ea9726c 0.053s
2024-12-11 11:06:19.251 66166 INFO tempest.common.waiters [-] State transition "BUILD/block_device_mapping" ==> "BUILD/spawning" after 64 second wait
2024-12-11 11:06:19.278 66160 INFO tempest.lib.common.rest_client [req-79f9adf6-f56a-4706-83c9-54919118c32c req-79f9adf6-f56a-4706-83c9-54919118c32c ] Request (ServersTestFqdnHostnames:test_create_server_with_fqdn_name): 200 GET http://10.180.1.21/compute/v2.1/servers/0d5facef-3bf5-4b5d-a234-570292369118 0.055s
2024-12-11 11:06:19.342 66122 INFO tempest.lib.common.rest_client [req-e5f5eda2-daf2-4774-ac9f-457acbb1a874 req-e5f5eda2-daf2-4774-ac9f-457acbb1a874 ] Request (ServersAdminTestJSON:test_inject_network_info): 200 GET http://10.180.1.21/compute/v2.1/servers/248e0d5e-32ec-4711-91f3-e4a93d7c8b47 0.064s
2024-12-11 11:06:19.402 66182 INFO tempest.lib.common.rest_client [req-dbc52f0c-6093-4eb2-b7a9-86c7253753c3 req-dbc52f0c-6093-4eb2-b7a9-86c7253753c3 ] Request (ImagesOneServerTestJSON:tearDownClass): 200 GET http://10.180.1.21/compute/v2.1/servers/9ecf87a0-a89a-4bc9-b328-35799b7832b0 0.073s
2024-12-11 11:06:19.416 66130 INFO tempest.lib.common.rest_client [req-91fbeb13-e56f-4502-9135-dc80e344026b req-91fbeb13-e56f-4502-9135-dc80e344026b ] Request (FloatingIPsAssociationTestJSON:setUpClass): 200 GET http://10.180.1.21/compute/v2.1/servers/87298b64-c97d-4e21-ad71-9db59859e10f 0.132s
2024-12-11 11:06:19.486 66134 INFO tempest.lib.common.rest_client [req-af4a125d-3e4a-4287-814a-bbed905279de req-af4a125d-3e4a-4287-814a-bbed905279de ] Request (MigrationsAdminTest:test_resize_server_revert_deleted_flavor): 200 GET http://10.180.1.21/compute/v2.1/servers/c5b997cc-da18-4571-aba2-a84d5ff1c996 0.056s
2024-12-11 11:06:19.600 66159 INFO tempest.lib.common.rest_client [req-674565c6-90f1-44fa-bf54-74275a858c0b req-674565c6-90f1-44fa-bf54-74275a858c0b ] Request (ServerGroupTestJSON:_run_cleanups): 200 GET http://10.180.1.21/compute/v2.1/servers/c7d91435-4fb0-4c47-9f7e-9a43ce4ea8c3 0.051s
2024-12-11 11:06:19.613 66142 INFO tempest.lib.common.rest_client [req-78f23d1c-c107-4052-8964-1614bb09b4dd req-78f23d1c-c107-4052-8964-1614bb09b4dd ] Request (AttachInterfacesV270Test:tearDownClass): 200 GET http://10.180.1.21/compute/v2.1/servers/24e9165f-24ad-430a-ad25-79e1fd1065dc 0.051s
2024-12-11 11:06:19.641 66128 INFO tempest.lib.common.rest_client [req-05e11eec-8c95-4189-a01f-3a9acb152e84 req-05e11eec-8c95-4189-a01f-3a9acb152e84 ] Request (AttachInterfacesTestJSON:test_create_list_show_delete_interfaces_by_fixed_ip): 200 GET http://10.180.1.21/compute/v2.1/servers/b8a1eaa5-86e3-4cf5-80e2-24e28ef4df84 0.050s
2024-12-11 11:06:19.646 66128 INFO tempest.common.waiters [-] State transition "BUILD/None" ==> "BUILD/networking" after 64 second wait
2024-12-11 11:06:19.709 66126 INFO tempest.lib.common.rest_client [req-92a595ca-e72f-46ac-ae21-d309a15de3a3 req-92a595ca-e72f-46ac-ae21-d309a15de3a3 ] Request (InstanceActionsTestJSON:tearDownClass): 200 GET http://10.180.1.21/compute/v2.1/servers/8a850783-41a9-42d3-9682-ec58b96bad7f 0.059s
2024-12-11 11:06:19.714 66136 INFO tempest.lib.common.rest_client [req-86a79cc4-b40d-444f-b77c-9b280e15df1c req-86a79cc4-b40d-444f-b77c-9b280e15df1c ] Request (AttachVolumeTestJSON:test_attach_detach_volume): 200 GET http://10.180.1.21/compute/v2.1/servers/21995267-5227-4930-b079-707fcf615897 0.053s
2024-12-11 11:06:19.753 66132 INFO tempest.lib.common.rest_client [req-17b551c9-9ca6-48fd-a11e-8cf4cfbde666 req-17b551c9-9ca6-48fd-a11e-8cf4cfbde666 ] Request (SecurityGroupsTestJSON:test_server_security_groups): 200 GET http://10.180.1.21/compute/v2.1/servers/e03ade62-8b1b-42bd-9fc2-26a2b677bf5d 0.054s
2024-12-11 11:06:19.792 66138 INFO tempest.lib.common.rest_client [req-195285ad-cfb1-459e-9d90-bb922e514bfa req-195285ad-cfb1-459e-9d90-bb922e514bfa ] Request (ServersNegativeTestJSON:setUpClass): 200 GET http://10.180.1.21/compute/v2.1/servers/a822bbdb-accd-4d13-9335-bc4bf0515601 0.046s
2024-12-11 11:06:19.835 66168 INFO tempest.lib.common.rest_client [req-983d9074-b99f-49fc-8c43-bab32b30a173 req-983d9074-b99f-49fc-8c43-bab32b30a173 ] Request (ServerActionsTestOtherB:setUpClass): 200 GET http://10.180.1.21/compute/v2.1/servers/f5d1a419-d93b-4988-b051-f1d72b068cc9 0.047s
2024-12-11 11:06:19.917 66178 INFO tempest.lib.common.rest_client [req-9470cb8b-8ad1-4434-9edb-000bc836df75 req-9470cb8b-8ad1-4434-9edb-000bc836df75 ] Request (ServersTestMultiNic:_run_cleanups): 404 GET http://10.180.1.21/compute/v2.1/servers/d69b10f9-4a23-42a7-ab16-edc81bfe8271 0.022s
2024-12-11 11:06:19.928 66164 INFO tempest.lib.common.rest_client [req-cd90cbc1-e385-41db-9424-d3d6485f99ad req-cd90cbc1-e385-41db-9424-d3d6485f99ad ] Request (DeleteServersAdminTestJSON:test_delete_server_while_in_error_state): 200 GET http://10.180.1.21/compute/v2.1/servers/f75d2c0d-62dd-4eda-86f0-916ee6700fdc 0.055s
2024-12-11 11:06:19.968 66177 INFO tempest.lib.common.rest_client [req-e93ac5c4-1cfe-4988-83f2-b8921a7d7454 req-e93ac5c4-1cfe-4988-83f2-b8921a7d7454 ] Request (ServerActionsTestOtherA:setUpClass): 200 GET http://10.180.1.21/compute/v2.1/servers/0c9d3ec0-2876-4300-9a10-27e1062ebf83 0.049s
2024-12-11 11:06:20.051 66178 INFO tempest.lib.common.rest_client [req-9b16d989-6c27-4b9b-a99d-109f2a11ff94 req-9b16d989-6c27-4b9b-a99d-109f2a11ff94 ] Request (ServersTestMultiNic:_run_cleanups): 204 DELETE http://10.180.1.21:9696/networking/v2.0/subnets/fcce20a6-aafe-4a49-92de-3cf666a45925 0.133s
2024-12-11 11:06:20.057 66140 INFO tempest.lib.common.rest_client [req-5035342c-90d5-4c87-951a-8f8cb9d333f5 req-5035342c-90d5-4c87-951a-8f8cb9d333f5 ] Request (AttachInterfacesUnderV243Test:test_add_remove_fixed_ip): 200 GET http://10.180.1.21/compute/v2.1/servers/0cd14d33-d2cc-4a51-bad7-c793197c40da 0.060s
2024-12-11 11:06:20.080 66153 INFO tempest.lib.common.rest_client [req-42a12d30-bdce-4f7d-834b-9ea344030489 req-42a12d30-bdce-4f7d-834b-9ea344030489 ] Request (ServersAaction247Test:tearDownClass): 200 GET http://10.180.1.21/compute/v2.1/servers/266986e8-8092-4ee6-b4f6-7c5cbdbc4875 0.068s
2024-12-11 11:06:20.112 66174 INFO tempest.lib.common.rest_client [req-98aa2f37-118c-4464-9516-935daaad5396 req-98aa2f37-118c-4464-9516-935daaad5396 ] Request (ImagesTestJSON:test_create_server_from_snapshot): 200 GET http://10.180.1.21/compute/v2.1/servers/25bd2a2e-c354-42a1-83cd-a7d3aadcea3e 0.062s
2024-12-11 11:06:20.134 66154 INFO tempest.lib.common.rest_client [req-d9a3f029-f247-43bc-b256-39415b7b041c req-d9a3f029-f247-43bc-b256-39415b7b041c ] Request (ListServerFiltersTestJSON:setUpClass): 200 GET http://10.180.1.21/compute/v2.1/servers/72718b40-5a93-40c5-bd33-84dfa5e1fa05 0.072s
2024-12-11 11:06:20.171 66124 INFO tempest.lib.common.rest_client [req-57df2769-82ab-4a2c-bd68-c1d47ec65c71 req-57df2769-82ab-4a2c-bd68-c1d47ec65c71 ] Request (ServerMetadataNegativeTestJSON:setUpClass): 200 GET http://10.180.1.21/compute/v2.1/servers/e59be507-2abd-40f3-8a16-1225de4ae07f 0.054s
2024-12-11 11:06:20.192 66150 INFO tempest.lib.common.rest_client [req-a2c46a8f-c39d-4368-9fe1-175deadb1b98 req-a2c46a8f-c39d-4368-9fe1-175deadb1b98 ] Request (ServersTestBootFromVolume:setUpClass): 200 GET http://10.180.1.21/compute/v2.1/servers/e396de23-f0d2-44ca-977a-17b444916807 0.064s
2024-12-11 11:06:20.234 66184 INFO tempest.lib.common.rest_client [req-ea683952-b7a1-40d7-abb1-56b45b1e134e req-ea683952-b7a1-40d7-abb1-56b45b1e134e ] Request (ServerMetadataTestJSON:setUpClass): 200 GET http://10.180.1.21/compute/v2.1/servers/fc66c14c-3d5f-4185-a0b1-51da2189c359 0.064s
2024-12-11 11:06:20.289 66178 INFO tempest.lib.common.rest_client [req-4e260a17-013c-47eb-98d7-7f1771781746 req-4e260a17-013c-47eb-98d7-7f1771781746 ] Request (ServersTestMultiNic:_run_cleanups): 204 DELETE http://10.180.1.21:9696/networking/v2.0/networks/28fe64bf-945c-4ee8-8ebf-087b9f1afa64 0.238s
2024-12-11 11:06:20.305 66156 INFO tempest.lib.common.rest_client [req-6f83709a-e709-4132-9de9-196a2bf9ebd7 req-6f83709a-e709-4132-9de9-196a2bf9ebd7 ] Request (ServerShowV257Test:tearDownClass): 200 GET http://10.180.1.21/compute/v2.1/servers/2f6d1281-9001-4bf2-a9a2-4eecaa677c2c 0.087s
2024-12-11 11:06:20.314 66166 INFO tempest.lib.common.rest_client [req-985c49a0-cb64-4a82-af07-0d0376f4e373 req-985c49a0-cb64-4a82-af07-0d0376f4e373 ] Request (ServerShowV247Test:test_update_rebuild_list_server): 200 GET http://10.180.1.21/compute/v2.1/servers/79132dd8-ba03-4815-aa2b-dd238ea9726c 0.061s
2024-12-11 11:06:20.357 66160 INFO tempest.lib.common.rest_client [req-90bba4ee-ed58-4c81-88c9-b11e6f436ced req-90bba4ee-ed58-4c81-88c9-b11e6f436ced ] Request (ServersTestFqdnHostnames:test_create_server_with_fqdn_name): 200 GET http://10.180.1.21/compute/v2.1/servers/0d5facef-3bf5-4b5d-a234-570292369118 0.073s
2024-12-11 11:06:20.390 66178 INFO tempest.lib.common.rest_client [req-eefe2d10-2924-4fa5-b9db-1341a8f4b23e req-eefe2d10-2924-4fa5-b9db-1341a8f4b23e ] Request (ServersTestMultiNic:_run_cleanups): 204 DELETE http://10.180.1.21:9696/networking/v2.0/subnets/b60a0e4a-592a-4fa3-9eca-23742cf97a20 0.101s
2024-12-11 11:06:20.398 66122 INFO tempest.lib.common.rest_client [req-2a13aa8f-1364-4e97-ba06-5d9eaf58d502 req-2a13aa8f-1364-4e97-ba06-5d9eaf58d502 ] Request (ServersAdminTestJSON:test_inject_network_info): 200 GET http://10.180.1.21/compute/v2.1/servers/248e0d5e-32ec-4711-91f3-e4a93d7c8b47 0.050s
2024-12-11 11:06:20.482 66182 INFO tempest.lib.common.rest_client [req-745ae0f2-bf00-443a-9e4a-fced77941486 req-745ae0f2-bf00-443a-9e4a-fced77941486 ] Request (ImagesOneServerTestJSON:tearDownClass): 200 GET http://10.180.1.21/compute/v2.1/servers/9ecf87a0-a89a-4bc9-b328-35799b7832b0 0.073s
2024-12-11 11:06:20.554 66134 INFO tempest.lib.common.rest_client [req-2f766d29-812c-4ddc-b09e-74a09fc9e799 req-2f766d29-812c-4ddc-b09e-74a09fc9e799 ] Request (MigrationsAdminTest:test_resize_server_revert_deleted_flavor): 200 GET http://10.180.1.21/compute/v2.1/servers/c5b997cc-da18-4571-aba2-a84d5ff1c996 0.060s
2024-12-11 11:06:20.576 66130 INFO tempest.lib.common.rest_client [req-d10f8313-f15c-4521-bfab-c92d9df250c5 req-d10f8313-f15c-4521-bfab-c92d9df250c5 ] Request (FloatingIPsAssociationTestJSON:setUpClass): 200 GET http://10.180.1.21/compute/v2.1/servers/87298b64-c97d-4e21-ad71-9db59859e10f 0.153s
2024-12-11 11:06:20.605 66178 INFO tempest.lib.common.rest_client [req-7a4c30aa-4058-4833-b67e-cb81c8b2dfc5 req-7a4c30aa-4058-4833-b67e-cb81c8b2dfc5 ] Request (ServersTestMultiNic:_run_cleanups): 204 DELETE http://10.180.1.21:9696/networking/v2.0/networks/206325ab-2430-44b0-8dae-44e027838f0a 0.214s
2024-12-11 11:06:20.670 66159 INFO tempest.lib.common.rest_client [req-1495075a-4631-49f2-b97d-a97342ce0733 req-1495075a-4631-49f2-b97d-a97342ce0733 ] Request (ServerGroupTestJSON:_run_cleanups): 200 GET http://10.180.1.21/compute/v2.1/servers/c7d91435-4fb0-4c47-9f7e-9a43ce4ea8c3 0.063s
2024-12-11 11:06:20.685 66142 INFO tempest.lib.common.rest_client [req-020ca793-5f50-46d3-8e89-b80de3077206 req-020ca793-5f50-46d3-8e89-b80de3077206 ] Request (AttachInterfacesV270Test:tearDownClass): 200 GET http://10.180.1.21/compute/v2.1/servers/24e9165f-24ad-430a-ad25-79e1fd1065dc 0.064s
2024-12-11 11:06:20.707 66178 INFO tempest.lib.common.rest_client [req-521c7691-c561-4895-ae54-30ec08992783 req-521c7691-c561-4895-ae54-30ec08992783 ] Request (ServersTestMultiNic:test_verify_multiple_nics_order): 201 POST http://10.180.1.21:9696/networking/v2.0/networks 0.099s
2024-12-11 11:06:20.790 66126 INFO tempest.lib.common.rest_client [req-1ee0789f-8e49-47e2-87d3-c3efbdd1f0dd req-1ee0789f-8e49-47e2-87d3-c3efbdd1f0dd ] Request (InstanceActionsTestJSON:tearDownClass): 200 GET http://10.180.1.21/compute/v2.1/servers/8a850783-41a9-42d3-9682-ec58b96bad7f 0.072s
2024-12-11 11:06:20.854 66136 INFO tempest.lib.common.rest_client [req-726abda3-28db-46f9-b252-8fefd0d70b80 req-726abda3-28db-46f9-b252-8fefd0d70b80 ] Request (AttachVolumeTestJSON:test_attach_detach_volume): 200 GET http://10.180.1.21/compute/v2.1/servers/21995267-5227-4930-b079-707fcf615897 0.134s
2024-12-11 11:06:20.870 66128 INFO tempest.lib.common.rest_client [req-e3658afa-a758-4772-aeea-8ea3d01ba5f5 req-e3658afa-a758-4772-aeea-8ea3d01ba5f5 ] Request (AttachInterfacesTestJSON:test_create_list_show_delete_interfaces_by_fixed_ip): 200 GET http://10.180.1.21/compute/v2.1/servers/b8a1eaa5-86e3-4cf5-80e2-24e28ef4df84 0.222s
2024-12-11 11:06:20.877 66128 INFO tempest.common.waiters [-] State transition "BUILD/networking" ==> "BUILD/block_device_mapping" after 65 second wait
2024-12-11 11:06:20.910 66178 INFO tempest.lib.common.rest_client [req-f3bb97c9-24c6-4d31-a67c-8c48f84c0f95 req-f3bb97c9-24c6-4d31-a67c-8c48f84c0f95 ] Request (ServersTestMultiNic:test_verify_multiple_nics_order): 201 POST http://10.180.1.21:9696/networking/v2.0/subnets 0.202s
2024-12-11 11:06:20.917 66132 INFO tempest.lib.common.rest_client [req-4ff6f721-0e9e-4110-abaa-0e5d6bc44d2f req-4ff6f721-0e9e-4110-abaa-0e5d6bc44d2f ] Request (SecurityGroupsTestJSON:test_server_security_groups): 200 GET http://10.180.1.21/compute/v2.1/servers/e03ade62-8b1b-42bd-9fc2-26a2b677bf5d 0.157s
2024-12-11 11:06:20.921 66138 INFO tempest.lib.common.rest_client [req-d25b2a76-d980-46d3-a064-1f18f9656b69 req-d25b2a76-d980-46d3-a064-1f18f9656b69 ] Request (ServersNegativeTestJSON:setUpClass): 200 GET http://10.180.1.21/compute/v2.1/servers/a822bbdb-accd-4d13-9335-bc4bf0515601 0.123s
2024-12-11 11:06:20.972 66168 INFO tempest.lib.common.rest_client [req-31be590d-ae79-4474-acea-9467ada6ae73 req-31be590d-ae79-4474-acea-9467ada6ae73 ] Request (ServerActionsTestOtherB:setUpClass): 200 GET http://10.180.1.21/compute/v2.1/servers/f5d1a419-d93b-4988-b051-f1d72b068cc9 0.131s
2024-12-11 11:06:20.992 66164 INFO tempest.lib.common.rest_client [req-e108deb5-8cc4-4b5e-a5f3-20bc2986793f req-e108deb5-8cc4-4b5e-a5f3-20bc2986793f ] Request (DeleteServersAdminTestJSON:test_delete_server_while_in_error_state): 200 GET http://10.180.1.21/compute/v2.1/servers/f75d2c0d-62dd-4eda-86f0-916ee6700fdc 0.057s
2024-12-11 11:06:21.030 66177 INFO tempest.lib.common.rest_client [req-603180b7-447b-4546-b2f8-aafc6cc41b11 req-603180b7-447b-4546-b2f8-aafc6cc41b11 ] Request (ServerActionsTestOtherA:setUpClass): 200 GET http://10.180.1.21/compute/v2.1/servers/0c9d3ec0-2876-4300-9a10-27e1062ebf83 0.056s
2024-12-11 11:06:21.033 66178 INFO tempest.lib.common.rest_client [req-080fadfd-ff1e-473f-90a0-d09263fa92c9 req-080fadfd-ff1e-473f-90a0-d09263fa92c9 ] Request (ServersTestMultiNic:test_verify_multiple_nics_order): 201 POST http://10.180.1.21:9696/networking/v2.0/networks 0.123s
2024-12-11 11:06:21.117 66140 INFO tempest.lib.common.rest_client [req-0d870851-f122-4cbc-993d-6eaae5274a7c req-0d870851-f122-4cbc-993d-6eaae5274a7c ] Request (AttachInterfacesUnderV243Test:test_add_remove_fixed_ip): 200 GET http://10.180.1.21/compute/v2.1/servers/0cd14d33-d2cc-4a51-bad7-c793197c40da 0.049s
2024-12-11 11:06:21.148 66153 INFO tempest.lib.common.rest_client [req-e0556613-026a-4256-99b7-0ea51bd622ac req-e0556613-026a-4256-99b7-0ea51bd622ac ] Request (ServersAaction247Test:tearDownClass): 200 GET http://10.180.1.21/compute/v2.1/servers/266986e8-8092-4ee6-b4f6-7c5cbdbc4875 0.059s
2024-12-11 11:06:21.171 66174 INFO tempest.lib.common.rest_client [req-40e20b3f-ab3f-4214-a862-630e5460ae7f req-40e20b3f-ab3f-4214-a862-630e5460ae7f ] Request (ImagesTestJSON:test_create_server_from_snapshot): 200 GET http://10.180.1.21/compute/v2.1/servers/25bd2a2e-c354-42a1-83cd-a7d3aadcea3e 0.049s
2024-12-11 11:06:21.192 66154 INFO tempest.lib.common.rest_client [req-5e5c62a9-af47-494f-8237-a33b6f7791e3 req-5e5c62a9-af47-494f-8237-a33b6f7791e3 ] Request (ListServerFiltersTestJSON:setUpClass): 200 GET http://10.180.1.21/compute/v2.1/servers/72718b40-5a93-40c5-bd33-84dfa5e1fa05 0.049s
2024-12-11 11:06:21.224 66178 INFO tempest.lib.common.rest_client [req-25b6f834-5908-4a83-8f64-a8c37f2634ef req-25b6f834-5908-4a83-8f64-a8c37f2634ef ] Request (ServersTestMultiNic:test_verify_multiple_nics_order): 201 POST http://10.180.1.21:9696/networking/v2.0/subnets 0.190s
2024-12-11 11:06:21.228 66124 INFO tempest.lib.common.rest_client [req-2059284e-33f3-4a72-af80-cad595b867ce req-2059284e-33f3-4a72-af80-cad595b867ce ] Request (ServerMetadataNegativeTestJSON:setUpClass): 200 GET http://10.180.1.21/compute/v2.1/servers/e59be507-2abd-40f3-8a16-1225de4ae07f 0.047s
2024-12-11 11:06:21.249 66150 INFO tempest.lib.common.rest_client [req-13cee15b-04dc-4755-990d-1ad07928e087 req-13cee15b-04dc-4755-990d-1ad07928e087 ] Request (ServersTestBootFromVolume:setUpClass): 200 GET http://10.180.1.21/compute/v2.1/servers/e396de23-f0d2-44ca-977a-17b444916807 0.047s
2024-12-11 11:06:21.283 66178 INFO tempest.lib.common.rest_client [req-bce22347-0c5d-47cc-b0a6-313bbe66371c req-bce22347-0c5d-47cc-b0a6-313bbe66371c ] Request (ServersTestMultiNic:test_verify_multiple_nics_order): 201 POST http://10.180.1.21/identity/v3/auth/tokens 0.056s
2024-12-11 11:06:21.283 66178 INFO tempest.lib.common.fixed_network [-] (ServersTestMultiNic:test_verify_multiple_nics_order) Found network {'id': '4fdbc76d-ef30-4a6c-8fc1-178e830db7ed', 'name': 'tempest-ServersTestMultiNic-347691443-network', 'tenant_id': 'd1f538b8a9184386bd108aeede7b9f2d', 'admin_state_up': True, 'mtu': 8950, 'status': 'ACTIVE', 'subnets': [], 'shared': False, 'project_id': 'd1f538b8a9184386bd108aeede7b9f2d', 'port_security_enabled': True, 'router:external': False, 'provider:network_type': 'vlan', 'provider:physical_network': 'default', 'provider:segmentation_id': 387, 'availability_zone_hints': [], 'availability_zones': [], 'ipv4_address_scope': None, 'ipv6_address_scope': None, 'description': '', 'tags': [], 'created_at': '2024-12-11T11:04:32Z', 'updated_at': '2024-12-11T11:04:32Z', 'revision_number': 1} available for tenant
2024-12-11 11:06:21.290 66184 INFO tempest.lib.common.rest_client [req-f82f71fa-7774-4ce9-8033-3ad6e447e45d req-f82f71fa-7774-4ce9-8033-3ad6e447e45d ] Request (ServerMetadataTestJSON:setUpClass): 200 GET http://10.180.1.21/compute/v2.1/servers/fc66c14c-3d5f-4185-a0b1-51da2189c359 0.045s
2024-12-11 11:06:21.370 66156 INFO tempest.lib.common.rest_client [req-643dd6f1-ccf8-4e13-bd22-6a53a15c4661 req-643dd6f1-ccf8-4e13-bd22-6a53a15c4661 ] Request (ServerShowV257Test:tearDownClass): 200 GET http://10.180.1.21/compute/v2.1/servers/2f6d1281-9001-4bf2-a9a2-4eecaa677c2c 0.055s
2024-12-11 11:06:21.427 66166 INFO tempest.lib.common.rest_client [req-5bd2a228-9aad-4ef8-bed3-e3fbf2358765 req-5bd2a228-9aad-4ef8-bed3-e3fbf2358765 ] Request (ServerShowV247Test:test_update_rebuild_list_server): 200 GET http://10.180.1.21/compute/v2.1/servers/79132dd8-ba03-4815-aa2b-dd238ea9726c 0.106s
2024-12-11 11:06:21.478 66160 INFO tempest.lib.common.rest_client [req-08f69eae-8ad8-4676-8d5b-28b0ef613304 req-08f69eae-8ad8-4676-8d5b-28b0ef613304 ] Request (ServersTestFqdnHostnames:test_create_server_with_fqdn_name): 200 GET http://10.180.1.21/compute/v2.1/servers/0d5facef-3bf5-4b5d-a234-570292369118 0.112s
2024-12-11 11:06:21.523 66122 INFO tempest.lib.common.rest_client [req-9985d54e-9536-4983-9bd0-bbb39ec855ba req-9985d54e-9536-4983-9bd0-bbb39ec855ba ] Request (ServersAdminTestJSON:test_inject_network_info): 200 GET http://10.180.1.21/compute/v2.1/servers/248e0d5e-32ec-4711-91f3-e4a93d7c8b47 0.117s
2024-12-11 11:06:21.578 66182 INFO tempest.lib.common.rest_client [req-3a98d414-cc70-41e7-896c-f387410b1dc1 req-3a98d414-cc70-41e7-896c-f387410b1dc1 ] Request (ImagesOneServerTestJSON:tearDownClass): 200 GET http://10.180.1.21/compute/v2.1/servers/9ecf87a0-a89a-4bc9-b328-35799b7832b0 0.089s
2024-12-11 11:06:21.621 66134 INFO tempest.lib.common.rest_client [req-0fab04ec-eff0-428d-97d4-5c8d7586651a req-0fab04ec-eff0-428d-97d4-5c8d7586651a ] Request (MigrationsAdminTest:test_resize_server_revert_deleted_flavor): 200 GET http://10.180.1.21/compute/v2.1/servers/c5b997cc-da18-4571-aba2-a84d5ff1c996 0.059s
2024-12-11 11:06:21.696 66178 INFO tempest.lib.common.rest_client [req-78f70619-4326-4edc-ab96-07eab1340be0 req-78f70619-4326-4edc-ab96-07eab1340be0 ] Request (ServersTestMultiNic:test_verify_multiple_nics_order): 202 POST http://10.180.1.21/compute/v2.1/servers 0.412s
2024-12-11 11:06:21.733 66130 INFO tempest.lib.common.rest_client [req-a9f6fe2b-c82b-4ecc-b959-e4e22ab47583 req-a9f6fe2b-c82b-4ecc-b959-e4e22ab47583 ] Request (FloatingIPsAssociationTestJSON:setUpClass): 200 GET http://10.180.1.21/compute/v2.1/servers/87298b64-c97d-4e21-ad71-9db59859e10f 0.150s
2024-12-11 11:06:21.749 66159 INFO tempest.lib.common.rest_client [req-1aa12f37-ec33-4882-ba97-e2d87ee03a42 req-1aa12f37-ec33-4882-ba97-e2d87ee03a42 ] Request (ServerGroupTestJSON:_run_cleanups): 200 GET http://10.180.1.21/compute/v2.1/servers/c7d91435-4fb0-4c47-9f7e-9a43ce4ea8c3 0.070s
2024-12-11 11:06:21.791 66178 INFO tempest.lib.common.rest_client [req-18a46f16-c81a-4b1c-bcb8-ed17708ba3ef req-18a46f16-c81a-4b1c-bcb8-ed17708ba3ef ] Request (ServersTestMultiNic:test_verify_multiple_nics_order): 200 GET http://10.180.1.21/compute/v2.1/servers/b69921e9-b52a-4005-be23-fae3d0ec4fc1 0.093s
2024-12-11 11:06:21.797 66142 INFO tempest.lib.common.rest_client [req-b64c9e81-59e1-42f9-8b7b-4a6ae167db01 req-b64c9e81-59e1-42f9-8b7b-4a6ae167db01 ] Request (AttachInterfacesV270Test:tearDownClass): 200 GET http://10.180.1.21/compute/v2.1/servers/24e9165f-24ad-430a-ad25-79e1fd1065dc 0.103s
2024-12-11 11:06:21.873 66126 INFO tempest.lib.common.rest_client [req-3bfe8df7-db06-4b3a-bb51-e141f684bf5a req-3bfe8df7-db06-4b3a-bb51-e141f684bf5a ] Request (InstanceActionsTestJSON:tearDownClass): 200 GET http://10.180.1.21/compute/v2.1/servers/8a850783-41a9-42d3-9682-ec58b96bad7f 0.073s
2024-12-11 11:06:22.116 66136 INFO tempest.lib.common.rest_client [req-fce5126b-8816-4779-a0c5-ea54bfb816fb req-fce5126b-8816-4779-a0c5-ea54bfb816fb ] Request (AttachVolumeTestJSON:test_attach_detach_volume): 200 GET http://10.180.1.21/compute/v2.1/servers/21995267-5227-4930-b079-707fcf615897 0.252s
2024-12-11 11:06:22.180 66132 INFO tempest.lib.common.rest_client [req-e412f7f1-d7a8-4c18-8b37-083316d2f201 req-e412f7f1-d7a8-4c18-8b37-083316d2f201 ] Request (SecurityGroupsTestJSON:test_server_security_groups): 200 GET http://10.180.1.21/compute/v2.1/servers/e03ade62-8b1b-42bd-9fc2-26a2b677bf5d 0.256s
2024-12-11 11:06:22.191 66128 INFO tempest.lib.common.rest_client [req-438292d9-c2fb-4c3b-a3d9-2c632a0a466c req-438292d9-c2fb-4c3b-a3d9-2c632a0a466c ] Request (AttachInterfacesTestJSON:test_create_list_show_delete_interfaces_by_fixed_ip): 200 GET http://10.180.1.21/compute/v2.1/servers/b8a1eaa5-86e3-4cf5-80e2-24e28ef4df84 0.312s
2024-12-11 11:06:22.199 66128 INFO tempest.common.waiters [-] State transition "BUILD/block_device_mapping" ==> "BUILD/spawning" after 67 second wait
2024-12-11 11:06:22.241 66138 INFO tempest.lib.common.rest_client [req-6e829058-251a-4f33-9a5d-b9a25ee07f0b req-6e829058-251a-4f33-9a5d-b9a25ee07f0b ] Request (ServersNegativeTestJSON:setUpClass): 200 GET http://10.180.1.21/compute/v2.1/servers/a822bbdb-accd-4d13-9335-bc4bf0515601 0.311s
2024-12-11 11:06:22.253 66138 INFO tempest.common.waiters [-] State transition "BUILD/None" ==> "BUILD/networking" after 66 second wait
2024-12-11 11:06:22.259 66168 INFO tempest.lib.common.rest_client [req-131e130b-8e43-455b-ab10-f081e5a31c63 req-131e130b-8e43-455b-ab10-f081e5a31c63 ] Request (ServerActionsTestOtherB:setUpClass): 200 GET http://10.180.1.21/compute/v2.1/servers/f5d1a419-d93b-4988-b051-f1d72b068cc9 0.277s
2024-12-11 11:06:22.271 66168 INFO tempest.common.waiters [-] State transition "BUILD/scheduling" ==> "BUILD/None" after 53 second wait
2024-12-11 11:06:22.324 66177 INFO tempest.lib.common.rest_client [req-54794f14-555d-4591-baca-9b347c92cdd3 req-54794f14-555d-4591-baca-9b347c92cdd3 ] Request (ServerActionsTestOtherA:setUpClass): 200 GET http://10.180.1.21/compute/v2.1/servers/0c9d3ec0-2876-4300-9a10-27e1062ebf83 0.286s
2024-12-11 11:06:22.324 66164 INFO tempest.lib.common.rest_client [req-dc5cbbe1-64bf-4070-969c-f481bde08d20 req-dc5cbbe1-64bf-4070-969c-f481bde08d20 ] Request (DeleteServersAdminTestJSON:test_delete_server_while_in_error_state): 200 GET http://10.180.1.21/compute/v2.1/servers/f75d2c0d-62dd-4eda-86f0-916ee6700fdc 0.323s
2024-12-11 11:06:22.383 66140 INFO tempest.lib.common.rest_client [req-4a75d6f8-30f2-430e-bc68-d5acb79cdda4 req-4a75d6f8-30f2-430e-bc68-d5acb79cdda4 ] Request (AttachInterfacesUnderV243Test:test_add_remove_fixed_ip): 200 GET http://10.180.1.21/compute/v2.1/servers/0cd14d33-d2cc-4a51-bad7-c793197c40da 0.257s
2024-12-11 11:06:22.391 66153 INFO tempest.lib.common.rest_client [req-c5b95f0c-2fd2-429b-9f06-d701ef5bbd7c req-c5b95f0c-2fd2-429b-9f06-d701ef5bbd7c ] Request (ServersAaction247Test:tearDownClass): 200 GET http://10.180.1.21/compute/v2.1/servers/266986e8-8092-4ee6-b4f6-7c5cbdbc4875 0.234s
2024-12-11 11:06:22.443 66174 INFO tempest.lib.common.rest_client [req-21399674-9feb-49c2-ae21-125df1fabf54 req-21399674-9feb-49c2-ae21-125df1fabf54 ] Request (ImagesTestJSON:test_create_server_from_snapshot): 200 GET http://10.180.1.21/compute/v2.1/servers/25bd2a2e-c354-42a1-83cd-a7d3aadcea3e 0.260s
2024-12-11 11:06:22.445 66154 INFO tempest.lib.common.rest_client [req-22ef27ac-cdf9-4f07-a1d3-e96f2e4ca306 req-22ef27ac-cdf9-4f07-a1d3-e96f2e4ca306 ] Request (ListServerFiltersTestJSON:setUpClass): 200 GET http://10.180.1.21/compute/v2.1/servers/72718b40-5a93-40c5-bd33-84dfa5e1fa05 0.246s
2024-12-11 11:06:22.508 66150 INFO tempest.lib.common.rest_client [req-7826e79f-be92-4dc7-9bb5-fce9fde260f4 req-7826e79f-be92-4dc7-9bb5-fce9fde260f4 ] Request (ServersTestBootFromVolume:setUpClass): 200 GET http://10.180.1.21/compute/v2.1/servers/e396de23-f0d2-44ca-977a-17b444916807 0.253s
2024-12-11 11:06:22.509 66124 INFO tempest.lib.common.rest_client [req-1c63bb22-df90-45a4-8bd2-3615047e3421 req-1c63bb22-df90-45a4-8bd2-3615047e3421 ] Request (ServerMetadataNegativeTestJSON:setUpClass): 200 GET http://10.180.1.21/compute/v2.1/servers/e59be507-2abd-40f3-8a16-1225de4ae07f 0.274s
2024-12-11 11:06:22.563 66184 INFO tempest.lib.common.rest_client [req-fea74846-31cd-49db-bb31-4d2675386620 req-fea74846-31cd-49db-bb31-4d2675386620 ] Request (ServerMetadataTestJSON:setUpClass): 200 GET http://10.180.1.21/compute/v2.1/servers/fc66c14c-3d5f-4185-a0b1-51da2189c359 0.265s
2024-12-11 11:06:22.590 66156 INFO tempest.lib.common.rest_client [req-749dbb38-3149-43ee-9ca6-df2205bc1430 req-749dbb38-3149-43ee-9ca6-df2205bc1430 ] Request (ServerShowV257Test:tearDownClass): 200 GET http://10.180.1.21/compute/v2.1/servers/2f6d1281-9001-4bf2-a9a2-4eecaa677c2c 0.211s
2024-12-11 11:06:22.616 66166 INFO tempest.lib.common.rest_client [req-bc4334f8-660e-4f7b-93f1-8a0d2d8ac003 req-bc4334f8-660e-4f7b-93f1-8a0d2d8ac003 ] Request (ServerShowV247Test:test_update_rebuild_list_server): 200 GET http://10.180.1.21/compute/v2.1/servers/79132dd8-ba03-4815-aa2b-dd238ea9726c 0.180s
2024-12-11 11:06:22.634 66160 INFO tempest.lib.common.rest_client [req-b5b52c4f-2de9-4335-9751-68cc005de55a req-b5b52c4f-2de9-4335-9751-68cc005de55a ] Request (ServersTestFqdnHostnames:test_create_server_with_fqdn_name): 200 GET http://10.180.1.21/compute/v2.1/servers/0d5facef-3bf5-4b5d-a234-570292369118 0.147s
2024-12-11 11:06:22.668 66122 INFO tempest.lib.common.rest_client [req-5a8cd571-e490-43d9-a378-ace632af1ec4 req-5a8cd571-e490-43d9-a378-ace632af1ec4 ] Request (ServersAdminTestJSON:test_inject_network_info): 200 GET http://10.180.1.21/compute/v2.1/servers/248e0d5e-32ec-4711-91f3-e4a93d7c8b47 0.136s
2024-12-11 11:06:22.691 66182 INFO tempest.lib.common.rest_client [req-04dab3f1-d83c-4e8b-874a-d691e394957e req-04dab3f1-d83c-4e8b-874a-d691e394957e ] Request (ImagesOneServerTestJSON:tearDownClass): 200 GET http://10.180.1.21/compute/v2.1/servers/9ecf87a0-a89a-4bc9-b328-35799b7832b0 0.105s
2024-12-11 11:06:22.726 66134 INFO tempest.lib.common.rest_client [req-8249331c-48fb-44c4-bb51-98198208ba04 req-8249331c-48fb-44c4-bb51-98198208ba04 ] Request (MigrationsAdminTest:test_resize_server_revert_deleted_flavor): 200 GET http://10.180.1.21/compute/v2.1/servers/c5b997cc-da18-4571-aba2-a84d5ff1c996 0.098s
2024-12-11 11:06:22.770 66148 WARNING tempest.lib.common.ssh [-] Failed to establish authenticated ssh connection to cirros@10.180.180.219 ([Errno None] Unable to connect to port 22 on 10.180.180.219). Number attempts: 9. Retry after 10 seconds.: paramiko.ssh_exception.NoValidConnectionsError: [Errno None] Unable to connect to port 22 on 10.180.180.219
2024-12-11 11:06:22.849 66159 INFO tempest.lib.common.rest_client [req-b74a182f-271a-4951-b964-da98106042d5 req-b74a182f-271a-4951-b964-da98106042d5 ] Request (ServerGroupTestJSON:_run_cleanups): 200 GET http://10.180.1.21/compute/v2.1/servers/c7d91435-4fb0-4c47-9f7e-9a43ce4ea8c3 0.092s
2024-12-11 11:06:22.894 66130 INFO tempest.lib.common.rest_client [req-a1f4e5a2-419c-4088-b200-2d97eb67beef req-a1f4e5a2-419c-4088-b200-2d97eb67beef ] Request (FloatingIPsAssociationTestJSON:setUpClass): 200 GET http://10.180.1.21/compute/v2.1/servers/87298b64-c97d-4e21-ad71-9db59859e10f 0.153s
2024-12-11 11:06:22.912 66178 INFO tempest.lib.common.rest_client [req-aa7d9f16-955f-4d83-bfa4-1a3e7e6936a7 req-aa7d9f16-955f-4d83-bfa4-1a3e7e6936a7 ] Request (ServersTestMultiNic:test_verify_multiple_nics_order): 200 GET http://10.180.1.21/compute/v2.1/servers/b69921e9-b52a-4005-be23-fae3d0ec4fc1 0.113s
2024-12-11 11:06:22.933 66126 INFO tempest.lib.common.rest_client [req-3fe05111-f45f-4970-9eb9-8f7598fec4ac req-3fe05111-f45f-4970-9eb9-8f7598fec4ac ] Request (InstanceActionsTestJSON:tearDownClass): 404 GET http://10.180.1.21/compute/v2.1/servers/8a850783-41a9-42d3-9682-ec58b96bad7f 0.053s
2024-12-11 11:06:22.983 66142 INFO tempest.lib.common.rest_client [req-5f2c4f9d-b780-452e-a428-66f7ea5f591c req-5f2c4f9d-b780-452e-a428-66f7ea5f591c ] Request (AttachInterfacesV270Test:tearDownClass): 200 GET http://10.180.1.21/compute/v2.1/servers/24e9165f-24ad-430a-ad25-79e1fd1065dc 0.175s
2024-12-11 11:06:23.189 66136 INFO tempest.lib.common.rest_client [req-e8cb4042-a526-4579-a0f4-984e8836aa58 req-e8cb4042-a526-4579-a0f4-984e8836aa58 ] Request (AttachVolumeTestJSON:test_attach_detach_volume): 200 GET http://10.180.1.21/compute/v2.1/servers/21995267-5227-4930-b079-707fcf615897 0.064s
2024-12-11 11:06:23.273 66132 INFO tempest.lib.common.rest_client [req-271388a6-eb8e-4fee-8c4a-6c3b480f070c req-271388a6-eb8e-4fee-8c4a-6c3b480f070c ] Request (SecurityGroupsTestJSON:test_server_security_groups): 200 GET http://10.180.1.21/compute/v2.1/servers/e03ade62-8b1b-42bd-9fc2-26a2b677bf5d 0.084s
2024-12-11 11:06:23.370 66128 INFO tempest.lib.common.rest_client [req-80652525-1b97-4594-84cb-6e735c1a73f6 req-80652525-1b97-4594-84cb-6e735c1a73f6 ] Request (AttachInterfacesTestJSON:test_create_list_show_delete_interfaces_by_fixed_ip): 200 GET http://10.180.1.21/compute/v2.1/servers/b8a1eaa5-86e3-4cf5-80e2-24e28ef4df84 0.169s
2024-12-11 11:06:23.441 66168 INFO tempest.lib.common.rest_client [req-b8c6eede-50cc-40c3-ba68-91ebe0c3a6fe req-b8c6eede-50cc-40c3-ba68-91ebe0c3a6fe ] Request (ServerActionsTestOtherB:setUpClass): 200 GET http://10.180.1.21/compute/v2.1/servers/f5d1a419-d93b-4988-b051-f1d72b068cc9 0.168s
2024-12-11 11:06:23.473 66138 INFO tempest.lib.common.rest_client [req-24f847ce-787b-49f3-bc63-476e772a56ea req-24f847ce-787b-49f3-bc63-476e772a56ea ] Request (ServersNegativeTestJSON:setUpClass): 200 GET http://10.180.1.21/compute/v2.1/servers/a822bbdb-accd-4d13-9335-bc4bf0515601 0.219s
2024-12-11 11:06:23.482 66138 INFO tempest.common.waiters [-] State transition "BUILD/networking" ==> "BUILD/block_device_mapping" after 67 second wait
2024-12-11 11:06:23.500 66164 INFO tempest.lib.common.rest_client [req-e2674fa7-274f-4de2-acea-cc589703c1c6 req-e2674fa7-274f-4de2-acea-cc589703c1c6 ] Request (DeleteServersAdminTestJSON:test_delete_server_while_in_error_state): 200 GET http://10.180.1.21/compute/v2.1/servers/f75d2c0d-62dd-4eda-86f0-916ee6700fdc 0.169s
2024-12-11 11:06:23.523 66177 INFO tempest.lib.common.rest_client [req-b56fab13-9e5a-43cf-ba5f-69f5b3f40dab req-b56fab13-9e5a-43cf-ba5f-69f5b3f40dab ] Request (ServerActionsTestOtherA:setUpClass): 200 GET http://10.180.1.21/compute/v2.1/servers/0c9d3ec0-2876-4300-9a10-27e1062ebf83 0.189s
2024-12-11 11:06:23.558 66140 INFO tempest.lib.common.rest_client [req-4ea9ea8d-9348-43ea-a53a-2fe272622918 req-4ea9ea8d-9348-43ea-a53a-2fe272622918 ] Request (AttachInterfacesUnderV243Test:test_add_remove_fixed_ip): 200 GET http://10.180.1.21/compute/v2.1/servers/0cd14d33-d2cc-4a51-bad7-c793197c40da 0.168s
2024-12-11 11:06:23.587 66153 INFO tempest.lib.common.rest_client [req-3524f1be-add1-43d2-9426-ea704ec8b12d req-3524f1be-add1-43d2-9426-ea704ec8b12d ] Request (ServersAaction247Test:tearDownClass): 200 GET http://10.180.1.21/compute/v2.1/servers/266986e8-8092-4ee6-b4f6-7c5cbdbc4875 0.187s
2024-12-11 11:06:23.610 66174 INFO tempest.lib.common.rest_client [req-35fc2ce3-4f28-4311-8704-2c4b9116e73c req-35fc2ce3-4f28-4311-8704-2c4b9116e73c ] Request (ImagesTestJSON:test_create_server_from_snapshot): 200 GET http://10.180.1.21/compute/v2.1/servers/25bd2a2e-c354-42a1-83cd-a7d3aadcea3e 0.160s
2024-12-11 11:06:23.635 66154 INFO tempest.lib.common.rest_client [req-5d092974-52ee-4a73-b528-05ee54244f9a req-5d092974-52ee-4a73-b528-05ee54244f9a ] Request (ListServerFiltersTestJSON:setUpClass): 200 GET http://10.180.1.21/compute/v2.1/servers/72718b40-5a93-40c5-bd33-84dfa5e1fa05 0.183s
2024-12-11 11:06:23.663 66150 INFO tempest.lib.common.rest_client [req-c62647e9-b9f9-4328-bb4d-24cd792d162f req-c62647e9-b9f9-4328-bb4d-24cd792d162f ] Request (ServersTestBootFromVolume:setUpClass): 200 GET http://10.180.1.21/compute/v2.1/servers/e396de23-f0d2-44ca-977a-17b444916807 0.147s
2024-12-11 11:06:23.688 66124 INFO tempest.lib.common.rest_client [req-f6447714-269a-49f2-8df2-72083bdf0e84 req-f6447714-269a-49f2-8df2-72083bdf0e84 ] Request (ServerMetadataNegativeTestJSON:setUpClass): 200 GET http://10.180.1.21/compute/v2.1/servers/e59be507-2abd-40f3-8a16-1225de4ae07f 0.170s
2024-12-11 11:06:23.724 66184 INFO tempest.lib.common.rest_client [req-384ecfdb-ebf3-4b6c-b521-2e37617798b7 req-384ecfdb-ebf3-4b6c-b521-2e37617798b7 ] Request (ServerMetadataTestJSON:setUpClass): 200 GET http://10.180.1.21/compute/v2.1/servers/fc66c14c-3d5f-4185-a0b1-51da2189c359 0.153s
2024-12-11 11:06:23.749 66156 INFO tempest.lib.common.rest_client [req-666aebce-0d21-4a8f-aac4-1a040df73bea req-666aebce-0d21-4a8f-aac4-1a040df73bea ] Request (ServerShowV257Test:tearDownClass): 200 GET http://10.180.1.21/compute/v2.1/servers/2f6d1281-9001-4bf2-a9a2-4eecaa677c2c 0.151s
2024-12-11 11:06:23.784 66166 INFO tempest.lib.common.rest_client [req-3ddf1f4e-27ac-4eb5-b8ad-c08103e1cf96 req-3ddf1f4e-27ac-4eb5-b8ad-c08103e1cf96 ] Request (ServerShowV247Test:test_update_rebuild_list_server): 200 GET http://10.180.1.21/compute/v2.1/servers/79132dd8-ba03-4815-aa2b-dd238ea9726c 0.159s
2024-12-11 11:06:23.795 66160 INFO tempest.lib.common.rest_client [req-7afc5a65-87fa-4c4b-9c6d-c7ee459d9627 req-7afc5a65-87fa-4c4b-9c6d-c7ee459d9627 ] Request (ServersTestFqdnHostnames:test_create_server_with_fqdn_name): 200 GET http://10.180.1.21/compute/v2.1/servers/0d5facef-3bf5-4b5d-a234-570292369118 0.153s
2024-12-11 11:06:23.816 66126 INFO tempest.lib.common.rest_client [req-3ab8d756-a551-4ff1-b1bc-af547e68b3b0 req-3ab8d756-a551-4ff1-b1bc-af547e68b3b0 ] Request (InstanceActionsTestJSON:tearDownClass): 200 PUT http://10.180.1.21:9696/networking/v2.0/routers/782c649e-3ae8-4eef-9462-67d0d550ae2f/remove_router_interface 0.883s
2024-12-11 11:06:23.841 66122 INFO tempest.lib.common.rest_client [req-91ccdd8a-b23f-4b76-8bc4-42f18469c581 req-91ccdd8a-b23f-4b76-8bc4-42f18469c581 ] Request (ServersAdminTestJSON:test_inject_network_info): 200 GET http://10.180.1.21/compute/v2.1/servers/248e0d5e-32ec-4711-91f3-e4a93d7c8b47 0.165s
2024-12-11 11:06:23.867 66182 INFO tempest.lib.common.rest_client [req-c3739c07-eda6-4ec2-b9d0-9e92b17d6d6b req-c3739c07-eda6-4ec2-b9d0-9e92b17d6d6b ] Request (ImagesOneServerTestJSON:tearDownClass): 200 GET http://10.180.1.21/compute/v2.1/servers/9ecf87a0-a89a-4bc9-b328-35799b7832b0 0.164s
2024-12-11 11:06:23.895 66134 INFO tempest.lib.common.rest_client [req-d165359f-671c-4605-91c9-924fd87fae8c req-d165359f-671c-4605-91c9-924fd87fae8c ] Request (MigrationsAdminTest:test_resize_server_revert_deleted_flavor): 200 GET http://10.180.1.21/compute/v2.1/servers/c5b997cc-da18-4571-aba2-a84d5ff1c996 0.163s
2024-12-11 11:06:23.926 66159 INFO tempest.lib.common.rest_client [req-b49ac172-3b44-4a8c-a38f-c818d49cb5e1 req-b49ac172-3b44-4a8c-a38f-c818d49cb5e1 ] Request (ServerGroupTestJSON:_run_cleanups): 200 GET http://10.180.1.21/compute/v2.1/servers/c7d91435-4fb0-4c47-9f7e-9a43ce4ea8c3 0.069s
2024-12-11 11:06:23.989 66178 INFO tempest.lib.common.rest_client [req-d44a19f8-626f-42fc-b115-4b0ac276db52 req-d44a19f8-626f-42fc-b115-4b0ac276db52 ] Request (ServersTestMultiNic:test_verify_multiple_nics_order): 200 GET http://10.180.1.21/compute/v2.1/servers/b69921e9-b52a-4005-be23-fae3d0ec4fc1 0.069s
2024-12-11 11:06:24.063 66130 INFO tempest.lib.common.rest_client [req-60849745-5ee6-4d74-968f-97421427450f req-60849745-5ee6-4d74-968f-97421427450f ] Request (FloatingIPsAssociationTestJSON:setUpClass): 200 GET http://10.180.1.21/compute/v2.1/servers/87298b64-c97d-4e21-ad71-9db59859e10f 0.156s
2024-12-11 11:06:24.066 66142 INFO tempest.lib.common.rest_client [req-b60a4049-6e57-4b15-8795-642b64505d4d req-b60a4049-6e57-4b15-8795-642b64505d4d ] Request (AttachInterfacesV270Test:tearDownClass): 200 GET http://10.180.1.21/compute/v2.1/servers/24e9165f-24ad-430a-ad25-79e1fd1065dc 0.073s
2024-12-11 11:06:24.259 66136 INFO tempest.lib.common.rest_client [req-a23abfa6-922a-49c1-97e0-957935c42de0 req-a23abfa6-922a-49c1-97e0-957935c42de0 ] Request (AttachVolumeTestJSON:test_attach_detach_volume): 200 GET http://10.180.1.21/compute/v2.1/servers/21995267-5227-4930-b079-707fcf615897 0.062s
2024-12-11 11:06:24.323 66126 INFO tempest.lib.common.rest_client [req-ed2916ee-316b-40e3-b7d6-c880149cdb35 req-ed2916ee-316b-40e3-b7d6-c880149cdb35 ] Request (InstanceActionsTestJSON:tearDownClass): 204 DELETE http://10.180.1.21:9696/networking/v2.0/routers/782c649e-3ae8-4eef-9462-67d0d550ae2f 0.506s
2024-12-11 11:06:24.339 66132 INFO tempest.lib.common.rest_client [req-5498cf64-460c-4092-a721-af9c0372cf72 req-5498cf64-460c-4092-a721-af9c0372cf72 ] Request (SecurityGroupsTestJSON:test_server_security_groups): 200 GET http://10.180.1.21/compute/v2.1/servers/e03ade62-8b1b-42bd-9fc2-26a2b677bf5d 0.060s
2024-12-11 11:06:24.438 66126 INFO tempest.lib.common.rest_client [req-4a789250-5f78-4d2d-adc9-3bed13aece8b req-4a789250-5f78-4d2d-adc9-3bed13aece8b ] Request (InstanceActionsTestJSON:tearDownClass): 204 DELETE http://10.180.1.21:9696/networking/v2.0/subnets/fe3c4643-be32-4aa6-8572-aa8292078f5a 0.115s
2024-12-11 11:06:24.485 66128 INFO tempest.lib.common.rest_client [req-f196907c-e534-4937-a32a-50d650213d06 req-f196907c-e534-4937-a32a-50d650213d06 ] Request (AttachInterfacesTestJSON:test_create_list_show_delete_interfaces_by_fixed_ip): 200 GET http://10.180.1.21/compute/v2.1/servers/b8a1eaa5-86e3-4cf5-80e2-24e28ef4df84 0.107s
2024-12-11 11:06:24.503 66168 INFO tempest.lib.common.rest_client [req-8a8e7cf2-53e8-4aeb-abb7-8cfcae8178d6 req-8a8e7cf2-53e8-4aeb-abb7-8cfcae8178d6 ] Request (ServerActionsTestOtherB:setUpClass): 200 GET http://10.180.1.21/compute/v2.1/servers/f5d1a419-d93b-4988-b051-f1d72b068cc9 0.056s
2024-12-11 11:06:24.562 66146 WARNING tempest.lib.common.ssh [-] Failed to establish authenticated ssh connection to cirros@10.180.180.146 ([Errno None] Unable to connect to port 22 on 10.180.180.146). Number attempts: 8. Retry after 9 seconds.: paramiko.ssh_exception.NoValidConnectionsError: [Errno None] Unable to connect to port 22 on 10.180.180.146
2024-12-11 11:06:24.587 66164 INFO tempest.lib.common.rest_client [req-dede59fe-8b76-46e3-be5f-16db66e41696 req-dede59fe-8b76-46e3-be5f-16db66e41696 ] Request (DeleteServersAdminTestJSON:test_delete_server_while_in_error_state): 200 GET http://10.180.1.21/compute/v2.1/servers/f75d2c0d-62dd-4eda-86f0-916ee6700fdc 0.077s
2024-12-11 11:06:24.642 66177 INFO tempest.lib.common.rest_client [req-a7243720-46e3-4077-851d-045fe05f61cd req-a7243720-46e3-4077-851d-045fe05f61cd ] Request (ServerActionsTestOtherA:setUpClass): 200 GET http://10.180.1.21/compute/v2.1/servers/0c9d3ec0-2876-4300-9a10-27e1062ebf83 0.106s
2024-12-11 11:06:24.650 66138 INFO tempest.lib.common.rest_client [req-5d9cdbc4-bda8-4add-9363-189afa988dd5 req-5d9cdbc4-bda8-4add-9363-189afa988dd5 ] Request (ServersNegativeTestJSON:setUpClass): 200 GET http://10.180.1.21/compute/v2.1/servers/a822bbdb-accd-4d13-9335-bc4bf0515601 0.166s
2024-12-11 11:06:24.658 66138 INFO tempest.common.waiters [-] State transition "BUILD/block_device_mapping" ==> "BUILD/spawning" after 68 second wait
2024-12-11 11:06:24.690 66126 INFO tempest.lib.common.rest_client [req-78f306c9-183a-4a91-af22-e6d6ca0ef670 req-78f306c9-183a-4a91-af22-e6d6ca0ef670 ] Request (InstanceActionsTestJSON:tearDownClass): 204 DELETE http://10.180.1.21:9696/networking/v2.0/networks/a85b801a-9610-44eb-9aed-59fa3cfe795b 0.251s
2024-12-11 11:06:24.701 66140 INFO tempest.lib.common.rest_client [req-d3b4f69b-891c-453e-88c8-20877ae9beae req-d3b4f69b-891c-453e-88c8-20877ae9beae ] Request (AttachInterfacesUnderV243Test:test_add_remove_fixed_ip): 200 GET http://10.180.1.21/compute/v2.1/servers/0cd14d33-d2cc-4a51-bad7-c793197c40da 0.134s
2024-12-11 11:06:24.725 66153 INFO tempest.lib.common.rest_client [req-c6f1363d-ca0f-4089-96f9-688ffa2bbd28 req-c6f1363d-ca0f-4089-96f9-688ffa2bbd28 ] Request (ServersAaction247Test:tearDownClass): 200 GET http://10.180.1.21/compute/v2.1/servers/266986e8-8092-4ee6-b4f6-7c5cbdbc4875 0.128s
