2024-12-11 11:05:13.182 66154 INFO tempest.lib.common.rest_client [req-9b2e16f2-fd7c-431b-8b2d-50ec62649eeb req-9b2e16f2-fd7c-431b-8b2d-50ec62649eeb ] Request (ListServerFiltersTestJSON:setUpClass): 201 POST http://10.180.1.21:9696/networking/v2.0/networks 0.386s
2024-12-11 11:05:13.212 66142 INFO tempest.lib.common.rest_client [req-58d76e10-57fe-4907-8bde-1856dd94303f req-58d76e10-57fe-4907-8bde-1856dd94303f ] Request (AttachInterfacesV270Test:test_create_get_list_interfaces): 200 GET http://10.180.1.21/compute/v2.1/servers/24e9165f-24ad-430a-ad25-79e1fd1065dc 1.078s
2024-12-11 11:05:13.240 66184 INFO tempest.lib.common.rest_client [req-954087dc-4125-491c-8b59-2ad85325aa48 req-954087dc-4125-491c-8b59-2ad85325aa48 ] Request (ServerExternalEventsTest:tearDownClass): 404 GET http://10.180.1.21/compute/v2.1/servers/76a80ba9-4b0e-4764-81de-e9334a97b82c 1.031s
2024-12-11 11:05:13.243 66168 INFO tempest.lib.common.rest_client [req-c09ae5bc-16f7-4add-b25c-6a2a360daead req-c09ae5bc-16f7-4add-b25c-6a2a360daead ] Request (ImagesDeleteNegativeTestJSON:setUpClass): 201 POST http://10.180.1.21/identity/v3/auth/tokens 0.081s
2024-12-11 11:05:13.249 66138 INFO tempest.lib.common.rest_client [req-0c87f6e0-2807-46f8-95e9-bb9cc6683911 req-0c87f6e0-2807-46f8-95e9-bb9cc6683911 ] Request (ServersNegativeTestJSON:setUpClass): 201 POST http://10.180.1.21/identity/v3/auth/tokens 0.119s
2024-12-11 11:05:13.297 66166 INFO tempest.lib.common.rest_client [req-8fdef36d-b7d1-4db6-bf82-3f72c46be62a req-8fdef36d-b7d1-4db6-bf82-3f72c46be62a ] Request (ServerShowV247Test:test_update_rebuild_list_server): 202 POST http://10.180.1.21/compute/v2.1/servers 1.203s
2024-12-11 11:05:13.351 66184 INFO tempest.lib.common.rest_client [req-2681ddef-8a8d-49f3-b9de-7d57bc15bd98 req-2681ddef-8a8d-49f3-b9de-7d57bc15bd98 ] Request (ServerExternalEventsTest:tearDownClass): 204 DELETE http://10.180.1.21/identity/v3/users/6cbde6c7bd284db1af026a1b9d3d71cd 0.110s
2024-12-11 11:05:13.352 66159 INFO tempest.lib.common.rest_client [req-2425beb4-dfd2-4ad7-867b-fa93de1cdb49 req-2425beb4-dfd2-4ad7-867b-fa93de1cdb49 ] Request (ServerGroupTestJSON:test_create_server_with_scheduler_hint_group): 200 GET http://10.180.1.21/compute/v2.1/servers/c7d91435-4fb0-4c47-9f7e-9a43ce4ea8c3 0.861s
2024-12-11 11:05:13.389 66124 INFO tempest.lib.common.rest_client [req-8b3de70c-ee45-429a-a037-837cb1f6c8f8 req-8b3de70c-ee45-429a-a037-837cb1f6c8f8 ] Request (QuotaClassesAdmin257Test:test_update_default_quotas): 200 GET http://10.180.1.21/compute/v2.1/os-quota-class-sets/default 1.127s
2024-12-11 11:05:13.396 66182 INFO tempest.lib.common.rest_client [req-513fb977-7bb2-4a62-82a4-5f83631c6d61 req-513fb977-7bb2-4a62-82a4-5f83631c6d61 ] Request (ImagesOneServerTestJSON:test_create_delete_image): 200 GET http://10.180.1.21/compute/v2.1/images/4dab32f9-dd7c-47c7-ba4e-01cc5fef6113 0.681s
2024-12-11 11:05:13.412 66150 INFO tempest.lib.common.rest_client [req-730ef4e2-0b76-48c5-a0af-416ba84a77af req-730ef4e2-0b76-48c5-a0af-416ba84a77af ] Request (FlavorsAdminTestJSON:test_list_public_flavor_with_other_user): 200 POST http://10.180.1.21/compute/v2.1/flavors 0.473s
2024-12-11 11:05:13.425 66138 INFO tempest.lib.common.rest_client [req-28fd9553-9fa4-45de-bb1f-8bca36b9a4c8 req-28fd9553-9fa4-45de-bb1f-8bca36b9a4c8 ] Request (ServersNegativeTestJSON:setUpClass): 201 POST http://10.180.1.21/identity/v3/auth/tokens 0.169s
2024-12-11 11:05:13.425 66138 INFO tempest.lib.common.fixed_network [-] (ServersNegativeTestJSON:setUpClass) Found network {'id': 'eee60d67-9ead-4605-b478-fa8de098de94', 'name': 'tempest-ServersNegativeTestJSON-1385946763-network', 'tenant_id': 'f1a67921d5d04bfc954a397b29ba16c5', 'admin_state_up': True, 'mtu': 8950, 'status': 'ACTIVE', 'subnets': [], 'shared': False, 'project_id': 'f1a67921d5d04bfc954a397b29ba16c5', 'port_security_enabled': True, 'router:external': False, 'provider:network_type': 'vlan', 'provider:physical_network': 'default', 'provider:segmentation_id': 850, 'availability_zone_hints': [], 'availability_zones': [], 'ipv4_address_scope': None, 'ipv6_address_scope': None, 'description': '', 'tags': [], 'created_at': '2024-12-11T11:05:09Z', 'updated_at': '2024-12-11T11:05:09Z', 'revision_number': 1} available for tenant
2024-12-11 11:05:13.448 66154 INFO tempest.lib.common.rest_client [req-be730f33-9c1f-428e-8f53-7c4a4d7b4458 req-be730f33-9c1f-428e-8f53-7c4a4d7b4458 ] Request (ListServerFiltersTestJSON:setUpClass): 201 POST http://10.180.1.21:9696/networking/v2.0/subnets 0.266s
2024-12-11 11:05:13.449 66154 INFO tempest.lib.common.dynamic_creds [-] Created isolated network resources for: credentials: Credentials: {'domain_id': 'default', 'domain_name': 'Default', 'username': 'tempest-ListServerFiltersTestJSON-211610932-project-member', 'project_domain_id': 'default', 'project_domain_name': 'Default', 'project_id': '3ba6eb7b8ecf4e859f9bc391e2325367', 'project_name': 'tempest-ListServerFiltersTestJSON-211610932', 'tenant_id': '3ba6eb7b8ecf4e859f9bc391e2325367', 'tenant_name': 'tempest-ListServerFiltersTestJSON-211610932', 'user_domain_id': 'default', 'user_domain_name': 'Default', 'user_id': '2ee2359c1c4b43bf8b44c5660efeecb8', 'system': None}, Network: {'id': '63a8ed18-350d-4756-89e7-1dac49140563', 'name': 'tempest-ListServerFiltersTestJSON-183266839-network', 'tenant_id': '3ba6eb7b8ecf4e859f9bc391e2325367', 'admin_state_up': True, 'mtu': 8950, 'status': 'ACTIVE', 'subnets': [], 'shared': False, 'project_id': '3ba6eb7b8ecf4e859f9bc391e2325367', 'port_security_enabled': True, 'router:external': False, 'provider:network_type': 'vlan', 'provider:physical_network': 'default', 'provider:segmentation_id': 778, 'availability_zone_hints': [], 'availability_zones': [], 'ipv4_address_scope': None, 'ipv6_address_scope': None, 'description': '', 'tags': [], 'created_at': '2024-12-11T11:05:13Z', 'updated_at': '2024-12-11T11:05:13Z', 'revision_number': 1}, Subnet: {'id': '5ab97a8b-fc6a-43db-8963-fbba813d17be', 'name': 'tempest-ListServerFiltersTestJSON-183266839-subnet', 'tenant_id': '3ba6eb7b8ecf4e859f9bc391e2325367', 'network_id': '63a8ed18-350d-4756-89e7-1dac49140563', 'ip_version': 4, 'subnetpool_id': None, 'enable_dhcp': True, 'ipv6_ra_mode': None, 'ipv6_address_mode': None, 'gateway_ip': '192.168.128.1', 'cidr': '192.168.128.0/28', 'allocation_pools': [{'start': '192.168.128.2', 'end': '192.168.128.14'}], 'host_routes': [], 'dns_nameservers': [], 'description': '', 'router:external': False, 'service_types': [], 'tags': [], 'created_at': '2024-12-11T11:05:13Z', 'updated_at': '2024-12-11T11:05:13Z', 'revision_number': 0, 'project_id': '3ba6eb7b8ecf4e859f9bc391e2325367'}, Router: None
2024-12-11 11:05:13.459 66184 INFO tempest.lib.common.rest_client [req-a5504adc-b4e9-49d3-af63-418230993924 req-a5504adc-b4e9-49d3-af63-418230993924 ] Request (ServerExternalEventsTest:tearDownClass): 204 DELETE http://10.180.1.21/identity/v3/users/1ae619572fd54e248134071daebeac8f 0.108s
2024-12-11 11:05:13.490 66160 INFO tempest.lib.common.rest_client [req-cc8e7614-c09e-48b5-b5e8-e76edb9cd858 req-cc8e7614-c09e-48b5-b5e8-e76edb9cd858 ] Request (ServersAdmin275Test:tearDownClass): 200 GET http://10.180.1.21/compute/v2.1/servers/6afadaed-f6fe-4a49-ad8c-6dc52e640529 0.441s
2024-12-11 11:05:13.522 66154 INFO tempest.lib.common.rest_client [req-dcbdf4cc-55cd-444a-9edd-985171b12e7f req-dcbdf4cc-55cd-444a-9edd-985171b12e7f ] Request (ListServerFiltersTestJSON:setUpClass): 201 POST http://10.180.1.21/identity/v3/auth/tokens 0.067s
2024-12-11 11:05:13.539 66134 INFO tempest.lib.common.rest_client [req-828582b0-839f-4224-b436-aae73185e3a7 req-828582b0-839f-4224-b436-aae73185e3a7 ] Request (MigrationsAdminTest:test_list_migrations_in_flavor_resize_situation): 200 GET http://10.180.1.21/compute/v2.1/servers/db05c5a1-3530-4793-89fd-75b6b860d4f9 0.775s
2024-12-11 11:05:13.561 66184 INFO tempest.lib.common.rest_client [req-4418a436-b8f2-4658-87b6-33e15ad13e12 req-4418a436-b8f2-4658-87b6-33e15ad13e12 ] Request (ServerExternalEventsTest:tearDownClass): 204 DELETE http://10.180.1.21/identity/v3/users/1acfbbf9acdc4f29b5d49185c446c81f 0.101s
2024-12-11 11:05:13.561 66184 INFO tempest.lib.common.dynamic_creds [-] Deleting project and security group for project: 9cea9fca045143af8a05e32ce5beeb92
2024-12-11 11:05:13.583 66154 INFO tempest.lib.common.rest_client [req-7d2e69ae-e1cd-4ae3-80bd-06b1eda11361 req-7d2e69ae-e1cd-4ae3-80bd-06b1eda11361 ] Request (ListServerFiltersTestJSON:setUpClass): 201 POST http://10.180.1.21/identity/v3/auth/tokens 0.058s
2024-12-11 11:05:13.583 66154 INFO tempest.lib.common.fixed_network [-] (ListServerFiltersTestJSON:setUpClass) Found network {'id': '63a8ed18-350d-4756-89e7-1dac49140563', 'name': 'tempest-ListServerFiltersTestJSON-183266839-network', 'tenant_id': '3ba6eb7b8ecf4e859f9bc391e2325367', 'admin_state_up': True, 'mtu': 8950, 'status': 'ACTIVE', 'subnets': [], 'shared': False, 'project_id': '3ba6eb7b8ecf4e859f9bc391e2325367', 'port_security_enabled': True, 'router:external': False, 'provider:network_type': 'vlan', 'provider:physical_network': 'default', 'provider:segmentation_id': 778, 'availability_zone_hints': [], 'availability_zones': [], 'ipv4_address_scope': None, 'ipv6_address_scope': None, 'description': '', 'tags': [], 'created_at': '2024-12-11T11:05:13Z', 'updated_at': '2024-12-11T11:05:13Z', 'revision_number': 1} available for tenant
2024-12-11 11:05:13.622 66184 INFO tempest.lib.common.rest_client [req-c3a742f5-1936-4476-b07d-859f505763cb req-c3a742f5-1936-4476-b07d-859f505763cb ] Request (ServerExternalEventsTest:tearDownClass): 201 POST http://10.180.1.21/identity/v3/auth/tokens 0.061s
2024-12-11 11:05:13.629 66132 INFO tempest.lib.common.rest_client [req-9411b409-d0ad-4fcf-8182-bdb7a59f78d8 req-9411b409-d0ad-4fcf-8182-bdb7a59f78d8 ] Request (SecurityGroupsTestJSON:test_list_security_groups_by_server): 200 GET http://10.180.1.21/compute/v2.1/servers/00f59708-7070-409d-a189-f55bc6dfd81d 0.559s
2024-12-11 11:05:13.635 66132 INFO tempest.common.waiters [-] State transition "BUILD/spawning" ==> "ACTIVE/None" after 36 second wait
2024-12-11 11:05:13.647 66144 INFO tempest.lib.common.rest_client [req-c5706d85-7dff-4ac1-bb75-92c7098fcfc5 req-c5706d85-7dff-4ac1-bb75-92c7098fcfc5 ] Request (FloatingIPsTestJSON:test_allocate_floating_ip): 200 GET http://10.180.1.21/compute/v2.1/os-floating-ips 0.573s
2024-12-11 11:05:13.648 66154 INFO tempest.lib.common.rest_client [req-d4b0c373-3a77-41d8-8826-0ee7123d44ae req-d4b0c373-3a77-41d8-8826-0ee7123d44ae ] Request (ListServerFiltersTestJSON:setUpClass): 201 POST http://10.180.1.21/identity/v3/auth/tokens 0.060s
2024-12-11 11:05:13.648 66154 INFO tempest.lib.common.fixed_network [-] (ListServerFiltersTestJSON:setUpClass) Found network {'id': '63a8ed18-350d-4756-89e7-1dac49140563', 'name': 'tempest-ListServerFiltersTestJSON-183266839-network', 'tenant_id': '3ba6eb7b8ecf4e859f9bc391e2325367', 'admin_state_up': True, 'mtu': 8950, 'status': 'ACTIVE', 'subnets': [], 'shared': False, 'project_id': '3ba6eb7b8ecf4e859f9bc391e2325367', 'port_security_enabled': True, 'router:external': False, 'provider:network_type': 'vlan', 'provider:physical_network': 'default', 'provider:segmentation_id': 778, 'availability_zone_hints': [], 'availability_zones': [], 'ipv4_address_scope': None, 'ipv6_address_scope': None, 'description': '', 'tags': [], 'created_at': '2024-12-11T11:05:13Z', 'updated_at': '2024-12-11T11:05:13Z', 'revision_number': 1} available for tenant
2024-12-11 11:05:13.703 66174 INFO tempest.lib.common.rest_client [req-0edcf3c4-c681-447d-a4d8-866d10d7f80b req-0edcf3c4-c681-447d-a4d8-866d10d7f80b ] Request (ImagesTestJSON:test_create_image_from_suspended_server): 200 GET http://10.180.1.21/compute/v2.1/servers/beb49c48-9db6-4978-b5b9-8a4c0ccc17cf 0.559s
2024-12-11 11:05:13.795 66184 INFO tempest.lib.common.rest_client [req-cc91f993-40ef-4921-a4d1-1ebed3cff324 req-cc91f993-40ef-4921-a4d1-1ebed3cff324 ] Request (ServerExternalEventsTest:tearDownClass): 200 GET http://10.180.1.21:9696/networking/v2.0/security-groups?tenant_id=9cea9fca045143af8a05e32ce5beeb92&name=default 0.173s
2024-12-11 11:05:13.809 66140 INFO tempest.lib.common.rest_client [req-1010d577-7150-40fe-9688-22410ce25feb req-1010d577-7150-40fe-9688-22410ce25feb ] Request (ServerDiagnosticsNegativeTest:tearDownClass): 200 GET http://10.180.1.21/compute/v2.1/servers/8a731927-25e0-4bdc-8647-0b7b707bdd54 0.572s
2024-12-11 11:05:13.898 66184 INFO tempest.lib.common.rest_client [req-de2c6f1c-e911-4623-a744-6d4bd0332ae3 req-de2c6f1c-e911-4623-a744-6d4bd0332ae3 ] Request (ServerExternalEventsTest:tearDownClass): 204 DELETE http://10.180.1.21:9696/networking/v2.0/security-groups/213cb992-94c6-423b-8e85-42ecccc9e959 0.102s
2024-12-11 11:05:13.932 66168 INFO tempest.lib.common.rest_client [req-e0ca23f3-fd65-48a1-9841-a1047decbc14 req-e0ca23f3-fd65-48a1-9841-a1047decbc14 ] Request (ImagesDeleteNegativeTestJSON:test_delete_image_blank_id): 404 DELETE http://10.180.1.21/compute/v2.1/images/ 0.687s
2024-12-11 11:05:13.967 66184 INFO tempest.lib.common.rest_client [req-af398a31-6172-4df6-a6ce-237a6571a881 req-af398a31-6172-4df6-a6ce-237a6571a881 ] Request (ServerExternalEventsTest:tearDownClass): 204 DELETE http://10.180.1.21/identity/v3/projects/9cea9fca045143af8a05e32ce5beeb92 0.068s
2024-12-11 11:05:13.967 66184 INFO tempest.lib.common.dynamic_creds [-] Deleting project and security group for project: d5a4e6ee1db546de832c5692853cd875
2024-12-11 11:05:13.997 66184 INFO tempest.lib.common.rest_client [req-a5278930-a128-4cbe-bbbe-0a61c2f10cad req-a5278930-a128-4cbe-bbbe-0a61c2f10cad ] Request (ServerExternalEventsTest:tearDownClass): 200 GET http://10.180.1.21:9696/networking/v2.0/security-groups?tenant_id=d5a4e6ee1db546de832c5692853cd875&name=default 0.029s
2024-12-11 11:05:13.996 66166 INFO tempest.lib.common.rest_client [req-e581d7d1-2f8a-4acd-bb8a-c476ffbdba10 req-e581d7d1-2f8a-4acd-bb8a-c476ffbdba10 ] Request (ServerShowV247Test:test_update_rebuild_list_server): 200 PUT http://10.180.1.21/compute/v2.1/servers/79132dd8-ba03-4815-aa2b-dd238ea9726c 0.697s
2024-12-11 11:05:14.029 66128 INFO tempest.lib.common.rest_client [req-64d409ea-3407-4ed3-b6b0-a48426cb47ec req-64d409ea-3407-4ed3-b6b0-a48426cb47ec ] Request (AttachInterfacesTestJSON:test_create_list_show_delete_interfaces_by_fixed_ip): 202 POST http://10.180.1.21/compute/v2.1/servers 0.904s
2024-12-11 11:05:14.054 66180 INFO tempest.lib.common.rest_client [req-91c4aabf-0728-48f8-9c73-1a1d38eb79d5 req-91c4aabf-0728-48f8-9c73-1a1d38eb79d5 ] Request (ServersTestJSON:setUpClass): 200 GET http://10.180.1.21/compute/v2.1/servers/b263b3fb-9b9c-403e-bf2d-459e6b12efdf 0.736s
2024-12-11 11:05:14.093 66153 INFO tempest.lib.common.rest_client [req-b2dece99-9bbf-4082-8538-f093bf613c79 req-b2dece99-9bbf-4082-8538-f093bf613c79 ] Request (ServersAaction247Test:test_create_backup): 200 GET http://10.180.1.21/compute/v2.1/servers/266986e8-8092-4ee6-b4f6-7c5cbdbc4875 0.709s
2024-12-11 11:05:14.103 66184 INFO tempest.lib.common.rest_client [req-3352b8ae-0fd5-4852-a684-ea97307b391c req-3352b8ae-0fd5-4852-a684-ea97307b391c ] Request (ServerExternalEventsTest:tearDownClass): 204 DELETE http://10.180.1.21:9696/networking/v2.0/security-groups/f67d4cf3-6395-4915-b7a1-15e994cae014 0.106s
2024-12-11 11:05:14.113 66150 INFO tempest.lib.common.rest_client [req-3e721b4a-a13a-4cdc-9532-f09cb42aa929 req-3e721b4a-a13a-4cdc-9532-f09cb42aa929 ] Request (FlavorsAdminTestJSON:test_list_public_flavor_with_other_user): 200 GET http://10.180.1.21/compute/v2.1/flavors/detail 0.698s
2024-12-11 11:05:14.116 66124 INFO tempest.lib.common.rest_client [req-6761eded-bb5b-4f6b-b5e1-c03dbbbddba7 req-6761eded-bb5b-4f6b-b5e1-c03dbbbddba7 ] Request (QuotaClassesAdmin257Test:test_update_default_quotas): 200 PUT http://10.180.1.21/compute/v2.1/os-quota-class-sets/default 0.726s
2024-12-11 11:05:14.177 66136 INFO tempest.lib.common.rest_client [req-0d8de203-a120-4b88-a235-aac53fff0fbd req-0d8de203-a120-4b88-a235-aac53fff0fbd ] Request (ServerDiagnosticsV248Test:tearDownClass): 200 GET http://10.180.1.21/compute/v2.1/servers/a4adc67a-67fb-4576-9315-eb3ed338c166 0.696s
2024-12-11 11:05:14.224 66184 INFO tempest.lib.common.rest_client [req-44a6db57-dbad-4abb-a495-8c15c5302396 req-44a6db57-dbad-4abb-a495-8c15c5302396 ] Request (ServerExternalEventsTest:tearDownClass): 204 DELETE http://10.180.1.21/identity/v3/projects/d5a4e6ee1db546de832c5692853cd875 0.120s
2024-12-11 11:05:14.224 66184 INFO tempest.lib.common.dynamic_creds [-] Deleting project and security group for project: db0da90fc6904d8ca7c2b7220049d4ba
2024-12-11 11:05:14.231 66156 INFO tempest.lib.common.rest_client [req-5991251c-110e-4cc4-8bf1-5f53c8741fd7 req-5991251c-110e-4cc4-8bf1-5f53c8741fd7 ] Request (ServerShowV257Test:test_rebuild_server): 200 GET http://10.180.1.21/compute/v2.1/servers/2f6d1281-9001-4bf2-a9a2-4eecaa677c2c 0.656s
2024-12-11 11:05:14.329 66184 INFO tempest.lib.common.rest_client [req-a75e52b4-932f-4350-9c3a-4a2e0721b808 req-a75e52b4-932f-4350-9c3a-4a2e0721b808 ] Request (ServerExternalEventsTest:tearDownClass): 200 GET http://10.180.1.21:9696/networking/v2.0/security-groups?tenant_id=db0da90fc6904d8ca7c2b7220049d4ba&name=default 0.105s
2024-12-11 11:05:14.404 66184 INFO tempest.lib.common.rest_client [req-867f3a55-5d3d-4a58-bc2e-0b7ec3309422 req-867f3a55-5d3d-4a58-bc2e-0b7ec3309422 ] Request (ServerExternalEventsTest:tearDownClass): 204 DELETE http://10.180.1.21:9696/networking/v2.0/security-groups/d3cc1c24-d117-4309-8020-80f6428f0228 0.075s
2024-12-11 11:05:14.495 66184 INFO tempest.lib.common.rest_client [req-9f6f3d01-0b1d-43d3-a0ba-8e1eac8e82a5 req-9f6f3d01-0b1d-43d3-a0ba-8e1eac8e82a5 ] Request (ServerExternalEventsTest:tearDownClass): 204 DELETE http://10.180.1.21/identity/v3/projects/db0da90fc6904d8ca7c2b7220049d4ba 0.090s
2024-12-11 11:05:14.570 66184 INFO tempest.lib.common.rest_client [req-37e999dc-bb9f-4e3f-832f-a0cd3b61c6a2 req-37e999dc-bb9f-4e3f-832f-a0cd3b61c6a2 ] Request (ServerMetadataTestJSON:setUpClass): 201 POST http://10.180.1.21/identity/v3/auth/tokens 0.073s
2024-12-11 11:05:14.616 66184 INFO tempest.lib.common.rest_client [req-6a2ac0e9-9c3d-45a0-8f42-56610b09f242 req-6a2ac0e9-9c3d-45a0-8f42-56610b09f242 ] Request (ServerMetadataTestJSON:setUpClass): 201 POST http://10.180.1.21/identity/v3/auth/tokens 0.044s
2024-12-11 11:05:14.678 66184 INFO tempest.lib.common.rest_client [req-c8ce51d1-6666-4075-8bcd-d06b380bd125 req-c8ce51d1-6666-4075-8bcd-d06b380bd125 ] Request (ServerMetadataTestJSON:setUpClass): 200 GET http://10.180.1.21/identity/v3/domains?name=Default 0.059s
2024-12-11 11:05:14.701 66138 INFO tempest.lib.common.rest_client [req-1e3b7333-219b-427c-a003-201fa9f796a6 req-1e3b7333-219b-427c-a003-201fa9f796a6 ] Request (ServersNegativeTestJSON:setUpClass): 202 POST http://10.180.1.21/compute/v2.1/servers 1.275s
2024-12-11 11:05:14.723 66184 INFO tempest.lib.common.rest_client [req-96476ab9-a431-48be-88d2-80778e1cbe51 req-96476ab9-a431-48be-88d2-80778e1cbe51 ] Request (ServerMetadataTestJSON:setUpClass): 201 POST http://10.180.1.21/identity/v3/projects 0.044s
2024-12-11 11:05:14.745 66132 INFO tempest.lib.common.rest_client [req-2be38f85-ff0b-463e-8f0f-ea88b2f8feea req-2be38f85-ff0b-463e-8f0f-ea88b2f8feea ] Request (SecurityGroupsTestJSON:test_list_security_groups_by_server): 202 POST http://10.180.1.21/compute/v2.1/servers/00f59708-7070-409d-a189-f55bc6dfd81d/action 1.109s
2024-12-11 11:05:14.819 66184 INFO tempest.lib.common.rest_client [req-a4ba747d-2a73-4b1a-b82d-cff470a30ab6 req-a4ba747d-2a73-4b1a-b82d-cff470a30ab6 ] Request (ServerMetadataTestJSON:setUpClass): 201 POST http://10.180.1.21/identity/v3/users 0.096s
2024-12-11 11:05:14.840 66184 INFO tempest.lib.common.rest_client [req-bf105739-b72b-42eb-87ff-f6b9dbcfaf0b req-bf105739-b72b-42eb-87ff-f6b9dbcfaf0b ] Request (ServerMetadataTestJSON:setUpClass): 200 GET http://10.180.1.21/identity/v3/roles 0.021s
2024-12-11 11:05:14.867 66184 INFO tempest.lib.common.rest_client [req-882b01b1-90f6-423c-8f2a-8a3c58145668 req-882b01b1-90f6-423c-8f2a-8a3c58145668 ] Request (ServerMetadataTestJSON:setUpClass): 204 PUT http://10.180.1.21/identity/v3/projects/1f9e31ac49e84684abe5e26273443ede/users/e5044ba171744187bf83c2fe869bafe5/roles/ab1eb68de2154cbb899fa84e25e7a77b 0.026s
2024-12-11 11:05:14.867 66184 INFO tempest.lib.common.dynamic_creds [-] Dynamic test user e5044ba171744187bf83c2fe869bafe5 is created with scope project and roles: ['member']
2024-12-11 11:05:14.867 66184 INFO tempest.lib.common.dynamic_creds [-] Acquired dynamic creds: credentials: Credentials: {'domain_id': 'default', 'domain_name': 'Default', 'username': 'tempest-ServerMetadataTestJSON-264546815-project-member', 'project_domain_id': 'default', 'project_domain_name': 'Default', 'project_id': '1f9e31ac49e84684abe5e26273443ede', 'project_name': 'tempest-ServerMetadataTestJSON-264546815', 'tenant_id': '1f9e31ac49e84684abe5e26273443ede', 'tenant_name': 'tempest-ServerMetadataTestJSON-264546815', 'user_domain_id': 'default', 'user_domain_name': 'Default', 'user_id': 'e5044ba171744187bf83c2fe869bafe5', 'system': None}, Network: None, Subnet: None, Router: None
2024-12-11 11:05:14.927 66184 INFO tempest.lib.common.rest_client [req-651e593b-5eb1-4092-ab94-32ece5e09708 req-651e593b-5eb1-4092-ab94-32ece5e09708 ] Request (ServerMetadataTestJSON:setUpClass): 201 POST http://10.180.1.21/identity/v3/auth/tokens 0.060s
2024-12-11 11:05:15.363 66154 INFO tempest.lib.common.rest_client [req-aff07e1d-5175-4a2e-afa3-0e27a96ee74f req-aff07e1d-5175-4a2e-afa3-0e27a96ee74f ] Request (ListServerFiltersTestJSON:setUpClass): 202 POST http://10.180.1.21/compute/v2.1/servers 1.714s
2024-12-11 11:05:15.432 66154 INFO tempest.lib.common.rest_client [req-35f65a81-0a27-476b-a351-6fb74cb3b1a9 req-35f65a81-0a27-476b-a351-6fb74cb3b1a9 ] Request (ListServerFiltersTestJSON:setUpClass): 201 POST http://10.180.1.21/identity/v3/auth/tokens 0.064s
2024-12-11 11:05:15.433 66154 INFO tempest.lib.common.fixed_network [-] (ListServerFiltersTestJSON:setUpClass) Found network {'id': '63a8ed18-350d-4756-89e7-1dac49140563', 'name': 'tempest-ListServerFiltersTestJSON-183266839-network', 'tenant_id': '3ba6eb7b8ecf4e859f9bc391e2325367', 'admin_state_up': True, 'mtu': 8950, 'status': 'ACTIVE', 'subnets': [], 'shared': False, 'project_id': '3ba6eb7b8ecf4e859f9bc391e2325367', 'port_security_enabled': True, 'router:external': False, 'provider:network_type': 'vlan', 'provider:physical_network': 'default', 'provider:segmentation_id': 778, 'availability_zone_hints': [], 'availability_zones': [], 'ipv4_address_scope': None, 'ipv6_address_scope': None, 'description': '', 'tags': [], 'created_at': '2024-12-11T11:05:13Z', 'updated_at': '2024-12-11T11:05:13Z', 'revision_number': 1} available for tenant
2024-12-11 11:05:15.434 66144 INFO tempest.lib.common.rest_client [req-3873d94a-69a7-4427-ba2e-2226be854485 req-3873d94a-69a7-4427-ba2e-2226be854485 ] Request (FloatingIPsTestJSON:_run_cleanups): 202 DELETE http://10.180.1.21/compute/v2.1/os-floating-ips/e7d22a3c-a992-4a23-ba19-2373cdda98e0 1.782s
2024-12-11 11:05:15.446 66184 INFO tempest.lib.common.rest_client [req-8f8810f9-edf5-4a23-bd32-c52336b99cd7 req-8f8810f9-edf5-4a23-bd32-c52336b99cd7 ] Request (ServerMetadataTestJSON:setUpClass): 201 POST http://10.180.1.21:9696/networking/v2.0/networks 0.519s
2024-12-11 11:05:15.496 66177 INFO tempest.lib.common.rest_client [req-4bc1ce2f-4cf4-4c8f-8245-7ba92dc5bad3 req-4bc1ce2f-4cf4-4c8f-8245-7ba92dc5bad3 ] Request (InstanceActionsV221TestJSON:test_get_list_deleted_instance_actions): 200 GET http://10.180.1.21/compute/v2.1/servers/c184791a-5b7f-44c3-bbae-e6c67f8643ca 1.659s
2024-12-11 11:05:15.560 66130 INFO tempest.lib.common.rest_client [req-2337baee-0142-44c7-b700-6b6788612c0a req-2337baee-0142-44c7-b700-6b6788612c0a ] Request (FloatingIPsAssociationTestJSON:setUpClass): 200 GET http://10.180.1.21/compute/v2.1/servers/87298b64-c97d-4e21-ad71-9db59859e10f 1.716s
2024-12-11 11:05:15.591 66146 INFO tempest.lib.common.rest_client [req-554e0acb-df29-4162-9a27-ca15375c3237 req-554e0acb-df29-4162-9a27-ca15375c3237 ] Request (ServersWithSpecificFlavorTestJSON:test_verify_created_server_ephemeral_disk): 200 GET http://10.180.1.21/compute/v2.1/servers/4e2be5d5-3737-44a9-a89a-1e63a70833cb 1.857s
2024-12-11 11:05:15.614 66122 INFO tempest.lib.common.rest_client [req-84ad4e14-cdef-4c14-9cb1-bad49546a193 req-84ad4e14-cdef-4c14-9cb1-bad49546a193 ] Request (ServersAdminTestJSON:test_create_server_with_scheduling_hint): 200 GET http://10.180.1.21/compute/v2.1/servers/a9462f81-92ac-483d-a8b4-51cd521b8e66 1.688s
2024-12-11 11:05:15.631 66168 INFO tempest.lib.common.rest_client [req-1487158a-5773-45a8-a7f8-711103b3d5ff req-1487158a-5773-45a8-a7f8-711103b3d5ff ] Request (ImagesDeleteNegativeTestJSON:test_delete_image_negative_image_id): 404 DELETE http://10.180.1.21/compute/v2.1/images/-1 1.698s
2024-12-11 11:05:15.633 66148 WARNING tempest.lib.common.ssh [-] Failed to establish authenticated ssh connection to cirros@10.180.180.219 ([Errno None] Unable to connect to port 22 on 10.180.180.219). Number attempts: 2. Retry after 3 seconds.: paramiko.ssh_exception.NoValidConnectionsError: [Errno None] Unable to connect to port 22 on 10.180.180.219
2024-12-11 11:05:15.690 66166 INFO tempest.lib.common.rest_client [req-bd266088-fee7-4b1c-8e29-ad2ba8713ff3 req-bd266088-fee7-4b1c-8e29-ad2ba8713ff3 ] Request (ServerShowV247Test:test_update_rebuild_list_server): 200 GET http://10.180.1.21/compute/v2.1/servers/79132dd8-ba03-4815-aa2b-dd238ea9726c 1.687s
2024-12-11 11:05:15.747 66128 INFO tempest.lib.common.rest_client [req-a901c00c-27ec-4baf-943b-92ae76a42a04 req-a901c00c-27ec-4baf-943b-92ae76a42a04 ] Request (AttachInterfacesTestJSON:test_create_list_show_delete_interfaces_by_fixed_ip): 200 GET http://10.180.1.21/compute/v2.1/servers/b8a1eaa5-86e3-4cf5-80e2-24e28ef4df84 1.717s
2024-12-11 11:05:15.759 66184 INFO tempest.lib.common.rest_client [req-1e2ead57-1b2b-4064-83ec-b500e5a1feda req-1e2ead57-1b2b-4064-83ec-b500e5a1feda ] Request (ServerMetadataTestJSON:setUpClass): 201 POST http://10.180.1.21:9696/networking/v2.0/subnets 0.312s
2024-12-11 11:05:15.773 66150 INFO tempest.lib.common.rest_client [req-c242f8c4-3bf9-4eae-b49a-23cd49f8744a req-c242f8c4-3bf9-4eae-b49a-23cd49f8744a ] Request (FlavorsAdminTestJSON:_run_cleanups): 202 DELETE http://10.180.1.21/compute/v2.1/flavors/1670852338 1.656s
2024-12-11 11:05:15.787 66124 INFO tempest.lib.common.rest_client [req-10d41dee-85a6-4ce4-adbe-cfccd4186dae req-10d41dee-85a6-4ce4-adbe-cfccd4186dae ] Request (QuotaClassesAdmin257Test:test_update_default_quotas): 200 GET http://10.180.1.21/compute/v2.1/os-quota-class-sets/default 1.669s
2024-12-11 11:05:15.790 66178 INFO tempest.lib.common.rest_client [req-17e8f657-d1b5-4fe0-9f0f-b5a78813d22b req-17e8f657-d1b5-4fe0-9f0f-b5a78813d22b ] Request (ServersTestMultiNic:test_verify_duplicate_network_nics): 200 GET http://10.180.1.21/compute/v2.1/servers/d69b10f9-4a23-42a7-ab16-edc81bfe8271 1.861s
2024-12-11 11:05:15.800 66178 INFO tempest.common.waiters [-] State transition "BUILD/None" ==> "BUILD/networking" after 35 second wait
2024-12-11 11:05:16.033 66126 INFO tempest.lib.common.rest_client [req-d6deb111-fe39-4312-a956-6dcbec97d071 req-d6deb111-fe39-4312-a956-6dcbec97d071 ] Request (InstanceActionsTestJSON:setUpClass): 200 GET http://10.180.1.21/compute/v2.1/servers/8a850783-41a9-42d3-9682-ec58b96bad7f 1.871s
2024-12-11 11:05:16.034 66164 INFO tempest.lib.common.rest_client [req-6b845e67-21b5-4c44-abe6-bd3616549695 req-6b845e67-21b5-4c44-abe6-bd3616549695 ] Request (DeleteServersAdminTestJSON:test_delete_server_while_in_error_state): 200 GET http://10.180.1.21/compute/v2.1/servers/f75d2c0d-62dd-4eda-86f0-916ee6700fdc 1.879s
2024-12-11 11:05:16.104 66142 INFO tempest.lib.common.rest_client [req-1d7d94c8-3154-4a17-8a53-38e7e69af97b req-1d7d94c8-3154-4a17-8a53-38e7e69af97b ] Request (AttachInterfacesV270Test:test_create_get_list_interfaces): 200 GET http://10.180.1.21/compute/v2.1/servers/24e9165f-24ad-430a-ad25-79e1fd1065dc 1.880s
2024-12-11 11:05:16.116 66159 INFO tempest.lib.common.rest_client [req-8172b83e-3ed9-41f0-8d09-dd459f26dc3a req-8172b83e-3ed9-41f0-8d09-dd459f26dc3a ] Request (ServerGroupTestJSON:test_create_server_with_scheduler_hint_group): 200 GET http://10.180.1.21/compute/v2.1/servers/c7d91435-4fb0-4c47-9f7e-9a43ce4ea8c3 1.751s
2024-12-11 11:05:16.142 66182 INFO tempest.lib.common.rest_client [req-b8295350-2105-4b14-bdaf-8dd57b72a40d req-b8295350-2105-4b14-bdaf-8dd57b72a40d ] Request (ImagesOneServerTestJSON:test_create_delete_image): 200 GET http://10.180.1.21/compute/v2.1/images/4dab32f9-dd7c-47c7-ba4e-01cc5fef6113 1.742s
2024-12-11 11:05:16.200 66160 INFO tempest.lib.common.rest_client [req-39b22a05-363a-4cc8-9f8a-00327ed83eb7 req-39b22a05-363a-4cc8-9f8a-00327ed83eb7 ] Request (ServersAdmin275Test:tearDownClass): 200 GET http://10.180.1.21/compute/v2.1/servers/6afadaed-f6fe-4a49-ad8c-6dc52e640529 1.696s
2024-12-11 11:05:16.298 66138 INFO tempest.lib.common.rest_client [req-6987bbb8-1668-4bc0-9cba-98b47a44b9ed req-6987bbb8-1668-4bc0-9cba-98b47a44b9ed ] Request (ServersNegativeTestJSON:setUpClass): 200 GET http://10.180.1.21/compute/v2.1/servers/a822bbdb-accd-4d13-9335-bc4bf0515601 1.595s
2024-12-11 11:05:16.369 66174 INFO tempest.lib.common.rest_client [req-9733a6c4-a10b-41a4-9ffe-26b35f7802b9 req-9733a6c4-a10b-41a4-9ffe-26b35f7802b9 ] Request (ImagesTestJSON:test_create_image_from_suspended_server): 200 GET http://10.180.1.21/compute/v2.1/servers/beb49c48-9db6-4978-b5b9-8a4c0ccc17cf 1.657s
2024-12-11 11:05:16.415 66134 INFO tempest.lib.common.rest_client [req-c10ad198-6ff3-47a1-9b1a-b2340d8792b8 req-c10ad198-6ff3-47a1-9b1a-b2340d8792b8 ] Request (MigrationsAdminTest:test_list_migrations_in_flavor_resize_situation): 200 GET http://10.180.1.21/compute/v2.1/servers/db05c5a1-3530-4793-89fd-75b6b860d4f9 1.866s
2024-12-11 11:05:16.516 66140 INFO tempest.lib.common.rest_client [req-cf9ead2e-e29a-4a5f-b7f4-576f42ac466a req-cf9ead2e-e29a-4a5f-b7f4-576f42ac466a ] Request (ServerDiagnosticsNegativeTest:tearDownClass): 200 GET http://10.180.1.21/compute/v2.1/servers/8a731927-25e0-4bdc-8647-0b7b707bdd54 1.698s
2024-12-11 11:05:16.586 66180 INFO tempest.lib.common.rest_client [req-fccb14b5-9297-474a-aad2-f7f06860b8eb req-fccb14b5-9297-474a-aad2-f7f06860b8eb ] Request (ServersTestJSON:setUpClass): 200 GET http://10.180.1.21/compute/v2.1/servers/b263b3fb-9b9c-403e-bf2d-459e6b12efdf 1.526s
2024-12-11 11:05:16.654 66153 INFO tempest.lib.common.rest_client [req-eae89685-90fa-47eb-a0f9-10052a3e5b60 req-eae89685-90fa-47eb-a0f9-10052a3e5b60 ] Request (ServersAaction247Test:test_create_backup): 200 GET http://10.180.1.21/compute/v2.1/servers/266986e8-8092-4ee6-b4f6-7c5cbdbc4875 1.552s
2024-12-11 11:05:16.670 66153 INFO tempest.common.waiters [-] State transition "BUILD/scheduling" ==> "BUILD/None" after 9 second wait
2024-12-11 11:05:16.736 66136 INFO tempest.lib.common.rest_client [req-9ae79a0d-71c5-43b9-82b4-2d0410f26382 req-9ae79a0d-71c5-43b9-82b4-2d0410f26382 ] Request (ServerDiagnosticsV248Test:tearDownClass): 200 GET http://10.180.1.21/compute/v2.1/servers/a4adc67a-67fb-4576-9315-eb3ed338c166 1.549s
2024-12-11 11:05:16.816 66156 INFO tempest.lib.common.rest_client [req-5dbfbafa-936f-4aca-bdae-e3cd11c83274 req-5dbfbafa-936f-4aca-bdae-e3cd11c83274 ] Request (ServerShowV257Test:test_rebuild_server): 200 GET http://10.180.1.21/compute/v2.1/servers/2f6d1281-9001-4bf2-a9a2-4eecaa677c2c 1.568s
2024-12-11 11:05:17.078 66132 INFO tempest.lib.common.rest_client [req-b0eec0a1-59ff-44b9-be52-140734378481 req-b0eec0a1-59ff-44b9-be52-140734378481 ] Request (SecurityGroupsTestJSON:test_list_security_groups_by_server): 202 POST http://10.180.1.21/compute/v2.1/servers/00f59708-7070-409d-a189-f55bc6dfd81d/action 2.333s
2024-12-11 11:05:17.304 66184 INFO tempest.lib.common.rest_client [req-37f8c972-d246-4316-a4a7-02b138d76d34 req-37f8c972-d246-4316-a4a7-02b138d76d34 ] Request (ServerMetadataTestJSON:setUpClass): 201 POST http://10.180.1.21:9696/networking/v2.0/routers 1.544s
2024-12-11 11:05:17.349 66154 INFO tempest.lib.common.rest_client [req-fe899c10-4bb8-4085-a5da-36e3f8834569 req-fe899c10-4bb8-4085-a5da-36e3f8834569 ] Request (ListServerFiltersTestJSON:setUpClass): 202 POST http://10.180.1.21/compute/v2.1/servers 1.916s
2024-12-11 11:05:17.375 66168 INFO tempest.lib.common.rest_client [req-f99805c3-cc87-4748-8764-84f906cd656f req-f99805c3-cc87-4748-8764-84f906cd656f ] Request (ImagesDeleteNegativeTestJSON:test_delete_image_non_hex_string_id): 404 DELETE http://10.180.1.21/compute/v2.1/images/71196832-d8a7-4d1d-a402-366509d0fc8j 1.742s
2024-12-11 11:05:17.394 66150 INFO tempest.lib.common.rest_client [req-19434233-50dd-4556-967d-849a0642c61b req-19434233-50dd-4556-967d-849a0642c61b ] Request (FlavorsAdminTestJSON:_run_cleanups): 200 GET http://10.180.1.21/compute/v2.1/flavors/detail 1.620s
2024-12-11 11:05:17.401 66154 INFO tempest.lib.common.rest_client [req-06379e4e-ce06-41cd-a02e-7af39aa9c7d3 req-06379e4e-ce06-41cd-a02e-7af39aa9c7d3 ] Request (ListServerFiltersTestJSON:setUpClass): 201 POST http://10.180.1.21/identity/v3/auth/tokens 0.046s
2024-12-11 11:05:17.401 66154 INFO tempest.lib.common.fixed_network [-] (ListServerFiltersTestJSON:setUpClass) Found network {'id': '63a8ed18-350d-4756-89e7-1dac49140563', 'name': 'tempest-ListServerFiltersTestJSON-183266839-network', 'tenant_id': '3ba6eb7b8ecf4e859f9bc391e2325367', 'admin_state_up': True, 'mtu': 8950, 'status': 'ACTIVE', 'subnets': [], 'shared': False, 'project_id': '3ba6eb7b8ecf4e859f9bc391e2325367', 'port_security_enabled': True, 'router:external': False, 'provider:network_type': 'vlan', 'provider:physical_network': 'default', 'provider:segmentation_id': 778, 'availability_zone_hints': [], 'availability_zones': [], 'ipv4_address_scope': None, 'ipv6_address_scope': None, 'description': '', 'tags': [], 'created_at': '2024-12-11T11:05:13Z', 'updated_at': '2024-12-11T11:05:13Z', 'revision_number': 1} available for tenant
2024-12-11 11:05:17.443 66124 INFO tempest.lib.common.rest_client [req-850c54cc-1961-4276-97fe-d8a2f926f39e req-850c54cc-1961-4276-97fe-d8a2f926f39e ] Request (QuotaClassesAdmin257Test:_run_cleanups): 200 PUT http://10.180.1.21/compute/v2.1/os-quota-class-sets/default 1.652s
2024-12-11 11:05:17.524 66150 INFO tempest.lib.common.rest_client [req-b60a20b8-66fe-45e0-81da-14d1d7bcaa3e req-b60a20b8-66fe-45e0-81da-14d1d7bcaa3e ] Request (FlavorsAdminTestJSON:tearDownClass): 204 DELETE http://10.180.1.21/identity/v3/users/33c5c9d462054237baae2d38cd17256e 0.124s
2024-12-11 11:05:17.535 66177 INFO tempest.lib.common.rest_client [req-0051c66c-0faf-4384-9d7b-2de020fc5237 req-0051c66c-0faf-4384-9d7b-2de020fc5237 ] Request (InstanceActionsV221TestJSON:test_get_list_deleted_instance_actions): 200 GET http://10.180.1.21/compute/v2.1/servers/c184791a-5b7f-44c3-bbae-e6c67f8643ca 1.028s
2024-12-11 11:05:17.592 66124 INFO tempest.lib.common.rest_client [req-d8dbf0a3-f417-4aec-b750-2109065c7cc0 req-d8dbf0a3-f417-4aec-b750-2109065c7cc0 ] Request (QuotaClassesAdmin257Test:tearDownClass): 204 DELETE http://10.180.1.21/identity/v3/users/ce6b73e570b24254b79c8f9429662da0 0.143s
2024-12-11 11:05:17.597 66130 INFO tempest.lib.common.rest_client [req-9bb30453-0567-40aa-b531-2448afd3edc6 req-9bb30453-0567-40aa-b531-2448afd3edc6 ] Request (FloatingIPsAssociationTestJSON:setUpClass): 200 GET http://10.180.1.21/compute/v2.1/servers/87298b64-c97d-4e21-ad71-9db59859e10f 1.024s
2024-12-11 11:05:17.686 66124 INFO tempest.lib.common.rest_client [req-fb81ff90-d8df-4dcd-8a4f-9fe7c5a53aad req-fb81ff90-d8df-4dcd-8a4f-9fe7c5a53aad ] Request (QuotaClassesAdmin257Test:tearDownClass): 204 DELETE http://10.180.1.21/identity/v3/users/3e5c707b06804f3888b6c84386181a7e 0.093s
2024-12-11 11:05:17.686 66124 INFO tempest.lib.common.dynamic_creds [-] Deleting project and security group for project: 40fee8c1461749a7bb0ff8ea8553d438
2024-12-11 11:05:17.702 66150 INFO tempest.lib.common.rest_client [req-732b5682-e435-4f65-8c34-34cb220e41d9 req-732b5682-e435-4f65-8c34-34cb220e41d9 ] Request (FlavorsAdminTestJSON:tearDownClass): 204 DELETE http://10.180.1.21/identity/v3/users/14c0c7da3e1840a49dbf1ed4544ba4c5 0.177s
2024-12-11 11:05:17.703 66150 INFO tempest.lib.common.dynamic_creds [-] Deleting project and security group for project: d4e2a4ce416046b58ef0ffe25795132e
2024-12-11 11:05:17.742 66124 INFO tempest.lib.common.rest_client [req-2b33ddf7-fce2-4fee-8742-bd142163aae5 req-2b33ddf7-fce2-4fee-8742-bd142163aae5 ] Request (QuotaClassesAdmin257Test:tearDownClass): 201 POST http://10.180.1.21/identity/v3/auth/tokens 0.056s
2024-12-11 11:05:17.744 66146 INFO tempest.lib.common.rest_client [req-13143840-1694-4ea1-8572-3c2108db9a3b req-13143840-1694-4ea1-8572-3c2108db9a3b ] Request (ServersWithSpecificFlavorTestJSON:test_verify_created_server_ephemeral_disk): 200 GET http://10.180.1.21/compute/v2.1/servers/4e2be5d5-3737-44a9-a89a-1e63a70833cb 1.145s
2024-12-11 11:05:17.771 66150 INFO tempest.lib.common.rest_client [req-0bde7ffa-96f7-4818-915f-5e1e70c9d8bd req-0bde7ffa-96f7-4818-915f-5e1e70c9d8bd ] Request (FlavorsAdminTestJSON:tearDownClass): 201 POST http://10.180.1.21/identity/v3/auth/tokens 0.068s
2024-12-11 11:05:17.825 66122 INFO tempest.lib.common.rest_client [req-de823c21-aafe-4ba0-93a4-5ed1089e5e10 req-de823c21-aafe-4ba0-93a4-5ed1089e5e10 ] Request (ServersAdminTestJSON:test_create_server_with_scheduling_hint): 200 GET http://10.180.1.21/compute/v2.1/servers/a9462f81-92ac-483d-a8b4-51cd521b8e66 1.202s
2024-12-11 11:05:17.906 66166 INFO tempest.lib.common.rest_client [req-d5e1cb45-4143-456d-beef-da46a6e5dc1e req-d5e1cb45-4143-456d-beef-da46a6e5dc1e ] Request (ServerShowV247Test:test_update_rebuild_list_server): 200 GET http://10.180.1.21/compute/v2.1/servers/79132dd8-ba03-4815-aa2b-dd238ea9726c 1.206s
2024-12-11 11:05:17.957 66144 INFO tempest.lib.common.rest_client [req-851270be-b6cc-46f6-ad3c-1fb85f7cb8de req-851270be-b6cc-46f6-ad3c-1fb85f7cb8de ] Request (FloatingIPsTestJSON:test_delete_floating_ip): 200 POST http://10.180.1.21/compute/v2.1/os-floating-ips 2.521s
2024-12-11 11:05:17.975 66128 INFO tempest.lib.common.rest_client [req-cd10f29f-ba6c-4d0d-b309-b932e038bb3a req-cd10f29f-ba6c-4d0d-b309-b932e038bb3a ] Request (AttachInterfacesTestJSON:test_create_list_show_delete_interfaces_by_fixed_ip): 200 GET http://10.180.1.21/compute/v2.1/servers/b8a1eaa5-86e3-4cf5-80e2-24e28ef4df84 1.214s
2024-12-11 11:05:18.045 66126 INFO tempest.lib.common.rest_client [req-a1a9c582-7738-4b13-9de9-8eda9613b8fb req-a1a9c582-7738-4b13-9de9-8eda9613b8fb ] Request (InstanceActionsTestJSON:setUpClass): 200 GET http://10.180.1.21/compute/v2.1/servers/8a850783-41a9-42d3-9682-ec58b96bad7f 1.005s
2024-12-11 11:05:18.067 66124 INFO tempest.lib.common.rest_client [req-b833c00b-272b-4018-a1f3-77ac18a014de req-b833c00b-272b-4018-a1f3-77ac18a014de ] Request (QuotaClassesAdmin257Test:tearDownClass): 200 GET http://10.180.1.21:9696/networking/v2.0/security-groups?tenant_id=40fee8c1461749a7bb0ff8ea8553d438&name=default 0.324s
2024-12-11 11:05:18.096 66150 INFO tempest.lib.common.rest_client [req-2ea3f191-0a23-4bab-a1ee-18656aaecd14 req-2ea3f191-0a23-4bab-a1ee-18656aaecd14 ] Request (FlavorsAdminTestJSON:tearDownClass): 200 GET http://10.180.1.21:9696/networking/v2.0/security-groups?tenant_id=d4e2a4ce416046b58ef0ffe25795132e&name=default 0.323s
2024-12-11 11:05:18.115 66164 INFO tempest.lib.common.rest_client [req-2252a1de-7f4b-482a-a45c-b9756c838ce1 req-2252a1de-7f4b-482a-a45c-b9756c838ce1 ] Request (DeleteServersAdminTestJSON:test_delete_server_while_in_error_state): 200 GET http://10.180.1.21/compute/v2.1/servers/f75d2c0d-62dd-4eda-86f0-916ee6700fdc 1.073s
2024-12-11 11:05:18.216 66178 INFO tempest.lib.common.rest_client [req-cb26223d-aeb0-4b8b-83f9-6322b38c91b6 req-cb26223d-aeb0-4b8b-83f9-6322b38c91b6 ] Request (ServersTestMultiNic:test_verify_duplicate_network_nics): 200 GET http://10.180.1.21/compute/v2.1/servers/d69b10f9-4a23-42a7-ab16-edc81bfe8271 1.415s
2024-12-11 11:05:18.222 66178 INFO tempest.common.waiters [-] State transition "BUILD/networking" ==> "BUILD/spawning" after 38 second wait
2024-12-11 11:05:18.233 66124 INFO tempest.lib.common.rest_client [req-d901338e-ea19-49fc-b383-5aa27f2d6144 req-d901338e-ea19-49fc-b383-5aa27f2d6144 ] Request (QuotaClassesAdmin257Test:tearDownClass): 204 DELETE http://10.180.1.21:9696/networking/v2.0/security-groups/f34aac65-38a1-4a3f-9902-6abdf6ae8f84 0.166s
2024-12-11 11:05:18.283 66142 INFO tempest.lib.common.rest_client [req-98e0bd23-9056-45c2-b692-33951d296622 req-98e0bd23-9056-45c2-b692-33951d296622 ] Request (AttachInterfacesV270Test:test_create_get_list_interfaces): 200 GET http://10.180.1.21/compute/v2.1/servers/24e9165f-24ad-430a-ad25-79e1fd1065dc 1.160s
2024-12-11 11:05:18.290 66150 INFO tempest.lib.common.rest_client [req-2c52cc12-e469-46cb-93f1-22de1303b335 req-2c52cc12-e469-46cb-93f1-22de1303b335 ] Request (FlavorsAdminTestJSON:tearDownClass): 204 DELETE http://10.180.1.21:9696/networking/v2.0/security-groups/ba7c9aae-a294-41d0-bfe7-ce56810fffc7 0.193s
2024-12-11 11:05:18.312 66132 INFO tempest.lib.common.rest_client [req-978cd918-17b6-4806-9e8b-1cc0312d5d68 req-978cd918-17b6-4806-9e8b-1cc0312d5d68 ] Request (SecurityGroupsTestJSON:test_list_security_groups_by_server): 200 GET http://10.180.1.21/compute/v2.1/servers/00f59708-7070-409d-a189-f55bc6dfd81d/os-security-groups 1.233s
2024-12-11 11:05:18.349 66159 INFO tempest.lib.common.rest_client [req-122c07fc-609d-41ce-b7bb-b5e619235d81 req-122c07fc-609d-41ce-b7bb-b5e619235d81 ] Request (ServerGroupTestJSON:test_create_server_with_scheduler_hint_group): 200 GET http://10.180.1.21/compute/v2.1/servers/c7d91435-4fb0-4c47-9f7e-9a43ce4ea8c3 1.218s
2024-12-11 11:05:18.351 66124 INFO tempest.lib.common.rest_client [req-76aa8e61-4c4f-4a6c-a79f-3490dff19e7a req-76aa8e61-4c4f-4a6c-a79f-3490dff19e7a ] Request (QuotaClassesAdmin257Test:tearDownClass): 204 DELETE http://10.180.1.21/identity/v3/projects/40fee8c1461749a7bb0ff8ea8553d438 0.118s
2024-12-11 11:05:18.352 66124 INFO tempest.lib.common.dynamic_creds [-] Deleting project and security group for project: 080e020325ed44ea937d50ff5835f824
2024-12-11 11:05:18.366 66182 INFO tempest.lib.common.rest_client [req-4740c4da-f8c2-4ee0-9ada-6abb1ee854a8 req-4740c4da-f8c2-4ee0-9ada-6abb1ee854a8 ] Request (ImagesOneServerTestJSON:test_create_delete_image): 200 GET http://10.180.1.21/compute/v2.1/images/4dab32f9-dd7c-47c7-ba4e-01cc5fef6113 1.220s
2024-12-11 11:05:18.415 66150 INFO tempest.lib.common.rest_client [req-4e11892c-0c2e-4f36-9a03-755903d280de req-4e11892c-0c2e-4f36-9a03-755903d280de ] Request (FlavorsAdminTestJSON:tearDownClass): 204 DELETE http://10.180.1.21/identity/v3/projects/d4e2a4ce416046b58ef0ffe25795132e 0.125s
2024-12-11 11:05:18.415 66150 INFO tempest.lib.common.dynamic_creds [-] Deleting project and security group for project: 69332774f25b4cf78f6a821676b96b2b
2024-12-11 11:05:18.445 66160 INFO tempest.lib.common.rest_client [req-360bdb07-72d4-4210-9306-9525e8009a6e req-360bdb07-72d4-4210-9306-9525e8009a6e ] Request (ServersAdmin275Test:tearDownClass): 200 GET http://10.180.1.21/compute/v2.1/servers/6afadaed-f6fe-4a49-ad8c-6dc52e640529 1.233s
2024-12-11 11:05:18.455 66138 INFO tempest.lib.common.rest_client [req-702cb6a4-0182-4be3-a03f-bda8c2aa05d2 req-702cb6a4-0182-4be3-a03f-bda8c2aa05d2 ] Request (ServersNegativeTestJSON:setUpClass): 200 GET http://10.180.1.21/compute/v2.1/servers/a822bbdb-accd-4d13-9335-bc4bf0515601 1.147s
2024-12-11 11:05:18.456 66160 INFO tempest.common.waiters [-] State transition "ACTIVE/deleting" ==> "DELETED/None" after 5 second wait
2024-12-11 11:05:18.470 66168 INFO tempest.lib.common.rest_client [req-a89802a9-9748-46ec-82ab-ce3bc4cdd98c req-a89802a9-9748-46ec-82ab-ce3bc4cdd98c ] Request (ImagesDeleteNegativeTestJSON:test_delete_image_with_id_over_character_limit): 404 DELETE http://10.180.1.21/compute/v2.1/images/f63bdba7-c256-46a8-82d8-63a05c7fc2b31 1.094s
2024-12-11 11:05:18.505 66174 INFO tempest.lib.common.rest_client [req-36984073-771f-40d2-a3bb-55afd206d0fa req-36984073-771f-40d2-a3bb-55afd206d0fa ] Request (ImagesTestJSON:test_create_image_from_suspended_server): 200 GET http://10.180.1.21/compute/v2.1/servers/beb49c48-9db6-4978-b5b9-8a4c0ccc17cf 1.127s
2024-12-11 11:05:18.514 66124 INFO tempest.lib.common.rest_client [req-d39d55e5-842b-46f9-b1f8-dc4ec9ae0429 req-d39d55e5-842b-46f9-b1f8-dc4ec9ae0429 ] Request (QuotaClassesAdmin257Test:tearDownClass): 200 GET http://10.180.1.21:9696/networking/v2.0/security-groups?tenant_id=080e020325ed44ea937d50ff5835f824&name=default 0.161s
2024-12-11 11:05:18.586 66150 INFO tempest.lib.common.rest_client [req-76bb4e41-2c56-477e-aba6-6840e944fce5 req-76bb4e41-2c56-477e-aba6-6840e944fce5 ] Request (FlavorsAdminTestJSON:tearDownClass): 200 GET http://10.180.1.21:9696/networking/v2.0/security-groups?tenant_id=69332774f25b4cf78f6a821676b96b2b&name=default 0.170s
2024-12-11 11:05:18.672 66134 INFO tempest.lib.common.rest_client [req-0a226e46-adfe-43f2-95c7-cf44eed89eaa req-0a226e46-adfe-43f2-95c7-cf44eed89eaa ] Request (MigrationsAdminTest:test_list_migrations_in_flavor_resize_situation): 200 GET http://10.180.1.21/compute/v2.1/servers/db05c5a1-3530-4793-89fd-75b6b860d4f9 1.246s
2024-12-11 11:05:18.691 66124 INFO tempest.lib.common.rest_client [req-ef2ec97f-99d1-4f33-ab83-be08f7ca6b8d req-ef2ec97f-99d1-4f33-ab83-be08f7ca6b8d ] Request (QuotaClassesAdmin257Test:tearDownClass): 204 DELETE http://10.180.1.21:9696/networking/v2.0/security-groups/5dc29429-03ce-48a6-9d0c-a3195ae5b267 0.177s
2024-12-11 11:05:18.715 66150 INFO tempest.lib.common.rest_client [req-9d6f1d7d-e439-40e0-aa84-dc73c10977c4 req-9d6f1d7d-e439-40e0-aa84-dc73c10977c4 ] Request (FlavorsAdminTestJSON:tearDownClass): 204 DELETE http://10.180.1.21:9696/networking/v2.0/security-groups/ed1d9a88-b5b4-4552-bc3b-97dc6f83ceb7 0.128s
2024-12-11 11:05:18.740 66140 INFO tempest.lib.common.rest_client [req-55f37455-4806-49d1-88f8-55eaee131634 req-55f37455-4806-49d1-88f8-55eaee131634 ] Request (ServerDiagnosticsNegativeTest:tearDownClass): 200 GET http://10.180.1.21/compute/v2.1/servers/8a731927-25e0-4bdc-8647-0b7b707bdd54 1.215s
2024-12-11 11:05:18.808 66180 INFO tempest.lib.common.rest_client [req-54046f13-74fa-4efd-abb3-f5a1114af10a req-54046f13-74fa-4efd-abb3-f5a1114af10a ] Request (ServersTestJSON:setUpClass): 200 GET http://10.180.1.21/compute/v2.1/servers/b263b3fb-9b9c-403e-bf2d-459e6b12efdf 1.210s
2024-12-11 11:05:18.814 66124 INFO tempest.lib.common.rest_client [req-4a5d7718-21c1-4711-b5e1-9c0b4c640f95 req-4a5d7718-21c1-4711-b5e1-9c0b4c640f95 ] Request (QuotaClassesAdmin257Test:tearDownClass): 204 DELETE http://10.180.1.21/identity/v3/projects/080e020325ed44ea937d50ff5835f824 0.122s
2024-12-11 11:05:18.843 66124 INFO tempest.lib.common.rest_client [req-77fe91d8-4cd8-4818-a2c4-d3e0f13ce988 req-77fe91d8-4cd8-4818-a2c4-d3e0f13ce988 ] Request (ServerMetadataNegativeTestJSON:setUpClass): 201 POST http://10.180.1.21/identity/v3/auth/tokens 0.028s
2024-12-11 11:05:18.872 66154 INFO tempest.lib.common.rest_client [req-116edb62-8054-4233-9778-5da99a731f2b req-116edb62-8054-4233-9778-5da99a731f2b ] Request (ListServerFiltersTestJSON:setUpClass): 202 POST http://10.180.1.21/compute/v2.1/servers 1.470s
2024-12-11 11:05:18.881 66124 INFO tempest.lib.common.rest_client [req-f6241644-ae17-4007-85f5-2853aa581d9a req-f6241644-ae17-4007-85f5-2853aa581d9a ] Request (ServerMetadataNegativeTestJSON:setUpClass): 201 POST http://10.180.1.21/identity/v3/auth/tokens 0.035s
2024-12-11 11:05:18.892 66153 INFO tempest.lib.common.rest_client [req-bb5e73c2-95d9-4c8d-bb79-c342a11a7fa3 req-bb5e73c2-95d9-4c8d-bb79-c342a11a7fa3 ] Request (ServersAaction247Test:test_create_backup): 200 GET http://10.180.1.21/compute/v2.1/servers/266986e8-8092-4ee6-b4f6-7c5cbdbc4875 1.220s
2024-12-11 11:05:18.902 66136 INFO tempest.lib.common.rest_client [req-b5ae7b63-b76c-4776-96dc-2a266f2501d6 req-b5ae7b63-b76c-4776-96dc-2a266f2501d6 ] Request (ServerDiagnosticsV248Test:tearDownClass): 404 GET http://10.180.1.21/compute/v2.1/servers/a4adc67a-67fb-4576-9315-eb3ed338c166 1.153s
2024-12-11 11:05:18.928 66150 INFO tempest.lib.common.rest_client [req-6810b489-3a9e-4fbf-8e4e-dd5d70cb1ec1 req-6810b489-3a9e-4fbf-8e4e-dd5d70cb1ec1 ] Request (FlavorsAdminTestJSON:tearDownClass): 204 DELETE http://10.180.1.21/identity/v3/projects/69332774f25b4cf78f6a821676b96b2b 0.213s
2024-12-11 11:05:18.929 66150 INFO tempest.test [-] raised in TestVolumeSwap.setUpClass. Invoking tearDownClass.
2024-12-11 11:05:18.955 66124 INFO tempest.lib.common.rest_client [req-129e35ff-b254-4736-b455-edadf5a35d89 req-129e35ff-b254-4736-b455-edadf5a35d89 ] Request (ServerMetadataNegativeTestJSON:setUpClass): 200 GET http://10.180.1.21/identity/v3/domains?name=Default 0.074s
2024-12-11 11:05:18.961 66172 WARNING tempest.lib.common.ssh [-] Failed to establish authenticated ssh connection to cirros@10.180.180.204 ([Errno None] Unable to connect to port 22 on 10.180.180.204). Number attempts: 4. Retry after 5 seconds.: paramiko.ssh_exception.NoValidConnectionsError: [Errno None] Unable to connect to port 22 on 10.180.180.204
2024-12-11 11:05:18.983 66150 INFO tempest.lib.common.rest_client [req-b6f449fb-5641-45aa-b4b6-e819ddbcf343 req-b6f449fb-5641-45aa-b4b6-e819ddbcf343 ] Request (KeyPairsV2TestJSON:setUpClass): 201 POST http://10.180.1.21/identity/v3/auth/tokens 0.052s
2024-12-11 11:05:18.984 66156 INFO tempest.lib.common.rest_client [req-474ae552-5c70-4dec-8578-1f0ea6b6a0fb req-474ae552-5c70-4dec-8578-1f0ea6b6a0fb ] Request (ServerShowV257Test:test_rebuild_server): 200 GET http://10.180.1.21/compute/v2.1/servers/2f6d1281-9001-4bf2-a9a2-4eecaa677c2c 1.158s
2024-12-11 11:05:18.997 66184 INFO tempest.lib.common.rest_client [req-d2040abb-cf9f-4f13-9a67-7eccd92bebbf req-d2040abb-cf9f-4f13-9a67-7eccd92bebbf ] Request (ServerMetadataTestJSON:setUpClass): 200 PUT http://10.180.1.21:9696/networking/v2.0/routers/6fa80cd4-3335-48b7-b9d7-34af48b92ec2/add_router_interface 1.693s
