2024-12-11 11:05:18.997 66184 INFO tempest.lib.common.dynamic_creds [-] Created isolated network resources for: credentials: Credentials: {'domain_id': 'default', 'domain_name': 'Default', 'username': 'tempest-ServerMetadataTestJSON-264546815-project-member', 'project_domain_id': 'default', 'project_domain_name': 'Default', 'project_id': '1f9e31ac49e84684abe5e26273443ede', 'project_name': 'tempest-ServerMetadataTestJSON-264546815', 'tenant_id': '1f9e31ac49e84684abe5e26273443ede', 'tenant_name': 'tempest-ServerMetadataTestJSON-264546815', 'user_domain_id': 'default', 'user_domain_name': 'Default', 'user_id': 'e5044ba171744187bf83c2fe869bafe5', 'system': None}, Network: {'id': 'c209e05d-f670-4da3-816e-24dcd8225929', 'name': 'tempest-ServerMetadataTestJSON-577585854-network', 'tenant_id': '1f9e31ac49e84684abe5e26273443ede', 'admin_state_up': True, 'mtu': 8950, 'status': 'ACTIVE', 'subnets': [], 'shared': False, 'project_id': '1f9e31ac49e84684abe5e26273443ede', 'port_security_enabled': True, 'router:external': False, 'provider:network_type': 'vlan', 'provider:physical_network': 'default', 'provider:segmentation_id': 645, 'availability_zone_hints': [], 'availability_zones': [], 'ipv4_address_scope': None, 'ipv6_address_scope': None, 'description': '', 'tags': [], 'created_at': '2024-12-11T11:05:15Z', 'updated_at': '2024-12-11T11:05:15Z', 'revision_number': 1}, Subnet: {'id': '9716f115-3040-41f0-a7fa-61fa2fd77388', 'name': 'tempest-ServerMetadataTestJSON-577585854-subnet', 'tenant_id': '1f9e31ac49e84684abe5e26273443ede', 'network_id': 'c209e05d-f670-4da3-816e-24dcd8225929', 'ip_version': 4, 'subnetpool_id': None, 'enable_dhcp': True, 'ipv6_ra_mode': None, 'ipv6_address_mode': None, 'gateway_ip': '192.168.128.1', 'cidr': '192.168.128.0/28', 'allocation_pools': [{'start': '192.168.128.2', 'end': '192.168.128.14'}], 'host_routes': [], 'dns_nameservers': [], 'description': '', 'router:external': False, 'service_types': [], 'tags': [], 'created_at': '2024-12-11T11:05:15Z', 'updated_at': '2024-12-11T11:05:15Z', 'revision_number': 0, 'project_id': '1f9e31ac49e84684abe5e26273443ede'}, Router: {'id': '6fa80cd4-3335-48b7-b9d7-34af48b92ec2', 'name': 'tempest-ServerMetadataTestJSON-577585854-router', 'tenant_id': '1f9e31ac49e84684abe5e26273443ede', 'admin_state_up': True, 'status': 'ACTIVE', 'external_gateway_info': {'network_id': 'a35b7034-711a-43b8-be1a-954caca93c52', 'external_fixed_ips': [{'subnet_id': '244ed296-a057-4f31-b55d-82c6b4ca6ea4', 'ip_address': '10.180.180.175'}], 'enable_snat': True}, 'description': '', 'availability_zones': [], 'distributed': False, 'ha': False, 'availability_zone_hints': [], 'routes': [], 'flavor_id': None, 'tags': [], 'created_at': '2024-12-11T11:05:15Z', 'updated_at': '2024-12-11T11:05:16Z', 'revision_number': 2, 'project_id': '1f9e31ac49e84684abe5e26273443ede'}
2024-12-11 11:05:19.022 66124 INFO tempest.lib.common.rest_client [req-b6fc286b-d8ad-4365-8e09-1fcc71712136 req-b6fc286b-d8ad-4365-8e09-1fcc71712136 ] Request (ServerMetadataNegativeTestJSON:setUpClass): 201 POST http://10.180.1.21/identity/v3/projects 0.066s
2024-12-11 11:05:19.044 66136 INFO tempest.lib.common.rest_client [req-08e72d69-7455-45ef-9182-d31ec9f0cd02 req-08e72d69-7455-45ef-9182-d31ec9f0cd02 ] Request (ServerDiagnosticsV248Test:tearDownClass): 204 DELETE http://10.180.1.21/identity/v3/users/2ef119bc2571474c85aee7e6689a2a7f 0.142s
2024-12-11 11:05:19.073 66150 INFO tempest.lib.common.rest_client [req-8224f4e8-f592-4c5b-a51a-418692388de0 req-8224f4e8-f592-4c5b-a51a-418692388de0 ] Request (KeyPairsV2TestJSON:setUpClass): 201 POST http://10.180.1.21/identity/v3/auth/tokens 0.087s
2024-12-11 11:05:19.104 66184 INFO tempest.lib.common.rest_client [req-998f1125-7a9f-4111-a237-1a19fe8d6fcc req-998f1125-7a9f-4111-a237-1a19fe8d6fcc ] Request (ServerMetadataTestJSON:setUpClass): 201 POST http://10.180.1.21/identity/v3/auth/tokens 0.103s
2024-12-11 11:05:19.133 66124 INFO tempest.lib.common.rest_client [req-d7287e81-7d2b-4264-a079-82a8e9658137 req-d7287e81-7d2b-4264-a079-82a8e9658137 ] Request (ServerMetadataNegativeTestJSON:setUpClass): 201 POST http://10.180.1.21/identity/v3/users 0.110s
2024-12-11 11:05:19.157 66150 INFO tempest.lib.common.rest_client [req-68fa14c6-108e-415f-b7cc-681063f9213c req-68fa14c6-108e-415f-b7cc-681063f9213c ] Request (KeyPairsV2TestJSON:setUpClass): 200 GET http://10.180.1.21/identity/v3/domains?name=Default 0.084s
2024-12-11 11:05:19.189 66132 INFO tempest.lib.common.rest_client [req-496ab0c1-0713-42c0-9f7e-4daf749e3360 req-496ab0c1-0713-42c0-9f7e-4daf749e3360 ] Request (SecurityGroupsTestJSON:test_security_group_create_get_delete): 200 POST http://10.180.1.21/compute/v2.1/os-security-groups 0.869s
2024-12-11 11:05:19.192 66136 INFO tempest.lib.common.rest_client [req-3447e474-4d11-43b2-9469-2e5fd78e0351 req-3447e474-4d11-43b2-9469-2e5fd78e0351 ] Request (ServerDiagnosticsV248Test:tearDownClass): 204 DELETE http://10.180.1.21/identity/v3/users/faaede7b91d34b24bce41c6c86ade8e0 0.147s
2024-12-11 11:05:19.192 66136 INFO tempest.lib.common.dynamic_creds [-] Deleting project and security group for project: 68504eaf7b5a4fa5a7d27bf3dbda5fc0
2024-12-11 11:05:19.207 66184 INFO tempest.lib.common.rest_client [req-5a3b6533-d20b-4041-9657-5ef844dc5f8f req-5a3b6533-d20b-4041-9657-5ef844dc5f8f ] Request (ServerMetadataTestJSON:setUpClass): 201 POST http://10.180.1.21/identity/v3/auth/tokens 0.099s
2024-12-11 11:05:19.210 66184 INFO tempest.lib.common.fixed_network [-] (ServerMetadataTestJSON:setUpClass) Found network {'id': 'c209e05d-f670-4da3-816e-24dcd8225929', 'name': 'tempest-ServerMetadataTestJSON-577585854-network', 'tenant_id': '1f9e31ac49e84684abe5e26273443ede', 'admin_state_up': True, 'mtu': 8950, 'status': 'ACTIVE', 'subnets': [], 'shared': False, 'project_id': '1f9e31ac49e84684abe5e26273443ede', 'port_security_enabled': True, 'router:external': False, 'provider:network_type': 'vlan', 'provider:physical_network': 'default', 'provider:segmentation_id': 645, 'availability_zone_hints': [], 'availability_zones': [], 'ipv4_address_scope': None, 'ipv6_address_scope': None, 'description': '', 'tags': [], 'created_at': '2024-12-11T11:05:15Z', 'updated_at': '2024-12-11T11:05:15Z', 'revision_number': 1} available for tenant
2024-12-11 11:05:19.231 66168 INFO tempest.lib.common.rest_client [req-62cd1087-0d60-4a5f-9389-31a2e45b1242 req-62cd1087-0d60-4a5f-9389-31a2e45b1242 ] Request (ImagesDeleteNegativeTestJSON:test_delete_image_with_invalid_image_id): 404 DELETE http://10.180.1.21/compute/v2.1/images/tempest-invalid-948634770 0.759s
2024-12-11 11:05:19.245 66124 INFO tempest.lib.common.rest_client [req-86f6e703-6eff-4a98-ab30-91eff91f82c7 req-86f6e703-6eff-4a98-ab30-91eff91f82c7 ] Request (ServerMetadataNegativeTestJSON:setUpClass): 200 GET http://10.180.1.21/identity/v3/roles 0.111s
2024-12-11 11:05:19.269 66150 INFO tempest.lib.common.rest_client [req-fb76660d-f813-49ef-a0ac-41bdf612e6b6 req-fb76660d-f813-49ef-a0ac-41bdf612e6b6 ] Request (KeyPairsV2TestJSON:setUpClass): 201 POST http://10.180.1.21/identity/v3/projects 0.111s
2024-12-11 11:05:19.269 66136 INFO tempest.lib.common.rest_client [req-49e71b24-edb8-42db-bf66-395055a71564 req-49e71b24-edb8-42db-bf66-395055a71564 ] Request (ServerDiagnosticsV248Test:tearDownClass): 201 POST http://10.180.1.21/identity/v3/auth/tokens 0.077s
2024-12-11 11:05:19.302 66177 INFO tempest.lib.common.rest_client [req-0490c0b1-dd49-49fd-9fff-dae0bff0d268 req-0490c0b1-dd49-49fd-9fff-dae0bff0d268 ] Request (InstanceActionsV221TestJSON:test_get_list_deleted_instance_actions): 200 GET http://10.180.1.21/compute/v2.1/servers/c184791a-5b7f-44c3-bbae-e6c67f8643ca 0.745s
2024-12-11 11:05:19.338 66150 INFO tempest.lib.common.rest_client [req-fd505949-8036-4930-b8f2-ba867f5255e3 req-fd505949-8036-4930-b8f2-ba867f5255e3 ] Request (KeyPairsV2TestJSON:setUpClass): 201 POST http://10.180.1.21/identity/v3/users 0.068s
2024-12-11 11:05:19.340 66124 INFO tempest.lib.common.rest_client [req-88250a94-2252-4c57-9b65-1a068ab17eab req-88250a94-2252-4c57-9b65-1a068ab17eab ] Request (ServerMetadataNegativeTestJSON:setUpClass): 204 PUT http://10.180.1.21/identity/v3/projects/ee8d2e3fa85941fd9e44bf954f1f63b4/users/76faf545feba4e2497ac62f96bf8c39b/roles/ab1eb68de2154cbb899fa84e25e7a77b 0.095s
2024-12-11 11:05:19.341 66124 INFO tempest.lib.common.dynamic_creds [-] Dynamic test user 76faf545feba4e2497ac62f96bf8c39b is created with scope project and roles: ['member']
2024-12-11 11:05:19.341 66124 INFO tempest.lib.common.dynamic_creds [-] Acquired dynamic creds: credentials: Credentials: {'domain_id': 'default', 'domain_name': 'Default', 'username': 'tempest-ServerMetadataNegativeTestJSON-1991304776-project-member', 'project_domain_id': 'default', 'project_domain_name': 'Default', 'project_id': 'ee8d2e3fa85941fd9e44bf954f1f63b4', 'project_name': 'tempest-ServerMetadataNegativeTestJSON-1991304776', 'tenant_id': 'ee8d2e3fa85941fd9e44bf954f1f63b4', 'tenant_name': 'tempest-ServerMetadataNegativeTestJSON-1991304776', 'user_domain_id': 'default', 'user_domain_name': 'Default', 'user_id': '76faf545feba4e2497ac62f96bf8c39b', 'system': None}, Network: None, Subnet: None, Router: None
2024-12-11 11:05:19.370 66130 INFO tempest.lib.common.rest_client [req-c4f42a49-8b73-499f-91ad-80eb0a783112 req-c4f42a49-8b73-499f-91ad-80eb0a783112 ] Request (FloatingIPsAssociationTestJSON:setUpClass): 200 GET http://10.180.1.21/compute/v2.1/servers/87298b64-c97d-4e21-ad71-9db59859e10f 0.760s
2024-12-11 11:05:19.394 66150 INFO tempest.lib.common.rest_client [req-ff49e54d-93e2-4ad7-9961-8ed63815b0f4 req-ff49e54d-93e2-4ad7-9961-8ed63815b0f4 ] Request (KeyPairsV2TestJSON:setUpClass): 200 GET http://10.180.1.21/identity/v3/roles 0.056s
2024-12-11 11:05:19.405 66144 INFO tempest.lib.common.rest_client [req-2613f1f5-f494-41c1-bd82-e8b9fb55533b req-2613f1f5-f494-41c1-bd82-e8b9fb55533b ] Request (FloatingIPsTestJSON:test_delete_floating_ip): 202 DELETE http://10.180.1.21/compute/v2.1/os-floating-ips/1339f521-b00f-4076-b73c-7b4abff1966f 1.445s
2024-12-11 11:05:19.421 66124 INFO tempest.lib.common.rest_client [req-639839b6-4ade-456b-938b-0fffb62281d5 req-639839b6-4ade-456b-938b-0fffb62281d5 ] Request (ServerMetadataNegativeTestJSON:setUpClass): 201 POST http://10.180.1.21/identity/v3/auth/tokens 0.080s
2024-12-11 11:05:19.452 66150 INFO tempest.lib.common.rest_client [req-00c5f62b-31d4-411e-acb9-0110bf9c3210 req-00c5f62b-31d4-411e-acb9-0110bf9c3210 ] Request (KeyPairsV2TestJSON:setUpClass): 204 PUT http://10.180.1.21/identity/v3/projects/5eb33e79c14a424499fe477d4f11f669/users/d5bb47a616e343e4b4036c30c1e082f5/roles/ab1eb68de2154cbb899fa84e25e7a77b 0.056s
2024-12-11 11:05:19.452 66150 INFO tempest.lib.common.dynamic_creds [-] Dynamic test user d5bb47a616e343e4b4036c30c1e082f5 is created with scope project and roles: ['member']
2024-12-11 11:05:19.452 66150 INFO tempest.lib.common.dynamic_creds [-] Acquired dynamic creds: credentials: Credentials: {'domain_id': 'default', 'domain_name': 'Default', 'username': 'tempest-KeyPairsV2TestJSON-706488745-project-member', 'project_domain_id': 'default', 'project_domain_name': 'Default', 'project_id': '5eb33e79c14a424499fe477d4f11f669', 'project_name': 'tempest-KeyPairsV2TestJSON-706488745', 'tenant_id': '5eb33e79c14a424499fe477d4f11f669', 'tenant_name': 'tempest-KeyPairsV2TestJSON-706488745', 'user_domain_id': 'default', 'user_domain_name': 'Default', 'user_id': 'd5bb47a616e343e4b4036c30c1e082f5', 'system': None}, Network: None, Subnet: None, Router: None
2024-12-11 11:05:19.452 66150 INFO tempest.lib.common.dynamic_creds [-] Created isolated network resources for: credentials: Credentials: {'domain_id': 'default', 'domain_name': 'Default', 'username': 'tempest-KeyPairsV2TestJSON-706488745-project-member', 'project_domain_id': 'default', 'project_domain_name': 'Default', 'project_id': '5eb33e79c14a424499fe477d4f11f669', 'project_name': 'tempest-KeyPairsV2TestJSON-706488745', 'tenant_id': '5eb33e79c14a424499fe477d4f11f669', 'tenant_name': 'tempest-KeyPairsV2TestJSON-706488745', 'user_domain_id': 'default', 'user_domain_name': 'Default', 'user_id': 'd5bb47a616e343e4b4036c30c1e082f5', 'system': None}, Network: None, Subnet: None, Router: None
2024-12-11 11:05:19.473 66122 INFO tempest.lib.common.rest_client [req-49eed8f3-4bcc-426f-bb27-8041107e92e2 req-49eed8f3-4bcc-426f-bb27-8041107e92e2 ] Request (ServersAdminTestJSON:test_create_server_with_scheduling_hint): 200 GET http://10.180.1.21/compute/v2.1/servers/a9462f81-92ac-483d-a8b4-51cd521b8e66 0.636s
2024-12-11 11:05:19.480 66122 INFO tempest.common.waiters [-] State transition "BUILD/None" ==> "BUILD/networking" after 28 second wait
2024-12-11 11:05:19.525 66154 INFO tempest.lib.common.rest_client [req-d51f22f8-6bb3-4755-9084-c8a9da0ed4fb req-d51f22f8-6bb3-4755-9084-c8a9da0ed4fb ] Request (ListServerFiltersTestJSON:setUpClass): 200 GET http://10.180.1.21/compute/v2.1/servers/72718b40-5a93-40c5-bd33-84dfa5e1fa05 0.651s
2024-12-11 11:05:19.544 66146 INFO tempest.lib.common.rest_client [req-1b0e4fd6-a2d2-435f-84d1-61df207ee6a6 req-1b0e4fd6-a2d2-435f-84d1-61df207ee6a6 ] Request (ServersWithSpecificFlavorTestJSON:test_verify_created_server_ephemeral_disk): 200 GET http://10.180.1.21/compute/v2.1/servers/4e2be5d5-3737-44a9-a89a-1e63a70833cb 0.790s
2024-12-11 11:05:19.551 66146 INFO tempest.common.waiters [-] State transition "BUILD/spawning" ==> "ACTIVE/None" after 40 second wait
2024-12-11 11:05:19.559 66150 INFO tempest.lib.common.rest_client [req-eb5c00e6-10e9-4d47-acf8-3fd827880841 req-eb5c00e6-10e9-4d47-acf8-3fd827880841 ] Request (KeyPairsV2TestJSON:setUpClass): 201 POST http://10.180.1.21/identity/v3/auth/tokens 0.104s
2024-12-11 11:05:19.588 66136 INFO tempest.lib.common.rest_client [req-a452fb31-2f8a-4fb1-958a-bb4706869f6b req-a452fb31-2f8a-4fb1-958a-bb4706869f6b ] Request (ServerDiagnosticsV248Test:tearDownClass): 200 GET http://10.180.1.21:9696/networking/v2.0/security-groups?tenant_id=68504eaf7b5a4fa5a7d27bf3dbda5fc0&name=default 0.318s
2024-12-11 11:05:19.673 66136 INFO tempest.lib.common.rest_client [req-7c79f82b-cadb-4beb-91c1-ce05cccc7334 req-7c79f82b-cadb-4beb-91c1-ce05cccc7334 ] Request (ServerDiagnosticsV248Test:tearDownClass): 204 DELETE http://10.180.1.21:9696/networking/v2.0/security-groups/022b6abc-6779-4bf1-9e33-b144d0caa194 0.084s
2024-12-11 11:05:19.780 66136 INFO tempest.lib.common.rest_client [req-234d1425-1584-493b-af42-0c8e1da69527 req-234d1425-1584-493b-af42-0c8e1da69527 ] Request (ServerDiagnosticsV248Test:tearDownClass): 204 DELETE http://10.180.1.21/identity/v3/projects/68504eaf7b5a4fa5a7d27bf3dbda5fc0 0.106s
2024-12-11 11:05:19.780 66136 INFO tempest.lib.common.dynamic_creds [-] Deleting project and security group for project: e160c53c64904c8393874d68367a61c2
2024-12-11 11:05:19.835 66166 INFO tempest.lib.common.rest_client [req-ae174eef-027d-4aa2-9f84-1cdd1f534954 req-ae174eef-027d-4aa2-9f84-1cdd1f534954 ] Request (ServerShowV247Test:test_update_rebuild_list_server): 200 GET http://10.180.1.21/compute/v2.1/servers/79132dd8-ba03-4815-aa2b-dd238ea9726c 0.915s
2024-12-11 11:05:19.848 66128 INFO tempest.lib.common.rest_client [req-e240c9cd-7877-4d0c-9b98-d33bb4599fe4 req-e240c9cd-7877-4d0c-9b98-d33bb4599fe4 ] Request (AttachInterfacesTestJSON:test_create_list_show_delete_interfaces_by_fixed_ip): 200 GET http://10.180.1.21/compute/v2.1/servers/b8a1eaa5-86e3-4cf5-80e2-24e28ef4df84 0.860s
2024-12-11 11:05:19.953 66126 INFO tempest.lib.common.rest_client [req-1ba270c3-7cf1-4f55-aec1-20524024f4ff req-1ba270c3-7cf1-4f55-aec1-20524024f4ff ] Request (InstanceActionsTestJSON:setUpClass): 200 GET http://10.180.1.21/compute/v2.1/servers/8a850783-41a9-42d3-9682-ec58b96bad7f 0.895s
2024-12-11 11:05:19.954 66136 INFO tempest.lib.common.rest_client [req-e3e24ce2-f4b5-4169-bca4-b2341ce71785 req-e3e24ce2-f4b5-4169-bca4-b2341ce71785 ] Request (ServerDiagnosticsV248Test:tearDownClass): 200 GET http://10.180.1.21:9696/networking/v2.0/security-groups?tenant_id=e160c53c64904c8393874d68367a61c2&name=default 0.173s
2024-12-11 11:05:19.957 66164 INFO tempest.lib.common.rest_client [req-a564cb74-2d6e-4590-a526-d470348da3ab req-a564cb74-2d6e-4590-a526-d470348da3ab ] Request (DeleteServersAdminTestJSON:test_delete_server_while_in_error_state): 200 GET http://10.180.1.21/compute/v2.1/servers/f75d2c0d-62dd-4eda-86f0-916ee6700fdc 0.832s
2024-12-11 11:05:20.020 66132 INFO tempest.lib.common.rest_client [req-b1a818ee-cc77-4582-bcde-4bfcf7abd059 req-b1a818ee-cc77-4582-bcde-4bfcf7abd059 ] Request (SecurityGroupsTestJSON:test_security_group_create_get_delete): 200 GET http://10.180.1.21/compute/v2.1/os-security-groups/4cd25aad-b6d9-4f61-82ac-f0feaa95fdfe 0.826s
2024-12-11 11:05:20.053 66124 INFO tempest.lib.common.rest_client [req-a006ae85-e545-4160-a425-d66f5f06aac1 req-a006ae85-e545-4160-a425-d66f5f06aac1 ] Request (ServerMetadataNegativeTestJSON:setUpClass): 201 POST http://10.180.1.21:9696/networking/v2.0/networks 0.630s
2024-12-11 11:05:20.114 66136 INFO tempest.lib.common.rest_client [req-b29f4a0f-7c64-491f-991f-6a76fd1e433f req-b29f4a0f-7c64-491f-991f-6a76fd1e433f ] Request (ServerDiagnosticsV248Test:tearDownClass): 204 DELETE http://10.180.1.21:9696/networking/v2.0/security-groups/3e22619a-2ab4-4550-9e0b-0f5fea26de1c 0.159s
2024-12-11 11:05:20.212 66136 INFO tempest.lib.common.rest_client [req-9a9d91c2-4b06-4821-b7d1-def1e969973f req-9a9d91c2-4b06-4821-b7d1-def1e969973f ] Request (ServerDiagnosticsV248Test:tearDownClass): 204 DELETE http://10.180.1.21/identity/v3/projects/e160c53c64904c8393874d68367a61c2 0.098s
2024-12-11 11:05:20.248 66178 INFO tempest.lib.common.rest_client [req-f21c02b6-6b61-42fd-9a1e-c6ab1c06cb91 req-f21c02b6-6b61-42fd-9a1e-c6ab1c06cb91 ] Request (ServersTestMultiNic:test_verify_duplicate_network_nics): 200 GET http://10.180.1.21/compute/v2.1/servers/d69b10f9-4a23-42a7-ab16-edc81bfe8271 1.025s
2024-12-11 11:05:20.269 66168 INFO tempest.lib.common.rest_client [req-3807b894-4c01-4465-87c3-ce0a13369694 req-3807b894-4c01-4465-87c3-ce0a13369694 ] Request (ImagesDeleteNegativeTestJSON:test_delete_non_existent_image): 404 DELETE http://10.180.1.21/compute/v2.1/images/7c7cbc86-0bcd-412e-949c-fa4040b3e577 1.037s
2024-12-11 11:05:20.290 66136 INFO tempest.lib.common.rest_client [req-cd5a0cc8-edaf-4a9b-b41c-18f745334c2a req-cd5a0cc8-edaf-4a9b-b41c-18f745334c2a ] Request (ServicesAdminNegativeV253TestJSON:setUpClass): 201 POST http://10.180.1.21/identity/v3/auth/tokens 0.076s
2024-12-11 11:05:20.321 66136 INFO tempest.lib.common.rest_client [req-b0f7d988-dfad-41e6-a35d-c287fabd898e req-b0f7d988-dfad-41e6-a35d-c287fabd898e ] Request (ServicesAdminNegativeV253TestJSON:setUpClass): 201 POST http://10.180.1.21/identity/v3/auth/tokens 0.029s
2024-12-11 11:05:20.348 66136 INFO tempest.lib.common.rest_client [req-93afd28d-21fb-4f2b-9a3f-91b001594c3d req-93afd28d-21fb-4f2b-9a3f-91b001594c3d ] Request (ServicesAdminNegativeV253TestJSON:setUpClass): 200 GET http://10.180.1.21/identity/v3/domains?name=Default 0.027s
2024-12-11 11:05:20.359 66142 INFO tempest.lib.common.rest_client [req-1498e195-10e1-405b-88ab-ef98cde4bae9 req-1498e195-10e1-405b-88ab-ef98cde4bae9 ] Request (AttachInterfacesV270Test:test_create_get_list_interfaces): 200 GET http://10.180.1.21/compute/v2.1/servers/24e9165f-24ad-430a-ad25-79e1fd1065dc 1.059s
2024-12-11 11:05:20.396 66136 INFO tempest.lib.common.rest_client [req-d9407a76-76a3-4569-ae3d-46add4b70547 req-d9407a76-76a3-4569-ae3d-46add4b70547 ] Request (ServicesAdminNegativeV253TestJSON:setUpClass): 201 POST http://10.180.1.21/identity/v3/projects 0.047s
2024-12-11 11:05:20.406 66168 INFO tempest.lib.common.rest_client [req-c69e7c12-3029-4817-9e05-92c4261e098d req-c69e7c12-3029-4817-9e05-92c4261e098d ] Request (ImagesDeleteNegativeTestJSON:tearDownClass): 204 DELETE http://10.180.1.21/identity/v3/users/6f9564ba5926450ba8026dcaa2005d08 0.135s
2024-12-11 11:05:20.406 66168 INFO tempest.lib.common.dynamic_creds [-] Deleting project and security group for project: 62db0f287ebb4fe088d0d7a40b437503
2024-12-11 11:05:20.416 66159 INFO tempest.lib.common.rest_client [req-f953c626-b59a-45ab-b3af-a3f8d1ac8757 req-f953c626-b59a-45ab-b3af-a3f8d1ac8757 ] Request (ServerGroupTestJSON:test_create_server_with_scheduler_hint_group): 200 GET http://10.180.1.21/compute/v2.1/servers/c7d91435-4fb0-4c47-9f7e-9a43ce4ea8c3 1.057s
2024-12-11 11:05:20.432 66159 INFO tempest.common.waiters [-] State transition "BUILD/scheduling" ==> "BUILD/None" after 9 second wait
2024-12-11 11:05:20.458 66182 INFO tempest.lib.common.rest_client [req-8cac3bb4-3edd-470f-b440-d52515c56a9e req-8cac3bb4-3edd-470f-b440-d52515c56a9e ] Request (ImagesOneServerTestJSON:test_create_delete_image): 200 GET http://10.180.1.21/compute/v2.1/images/4dab32f9-dd7c-47c7-ba4e-01cc5fef6113 1.087s
2024-12-11 11:05:20.487 66168 INFO tempest.lib.common.rest_client [req-990b5a8a-3e42-4223-986c-e69c910077ec req-990b5a8a-3e42-4223-986c-e69c910077ec ] Request (ImagesDeleteNegativeTestJSON:tearDownClass): 201 POST http://10.180.1.21/identity/v3/auth/tokens 0.081s
2024-12-11 11:05:20.522 66124 INFO tempest.lib.common.rest_client [req-25fccd9d-78fd-453b-87b8-0e46ad43669b req-25fccd9d-78fd-453b-87b8-0e46ad43669b ] Request (ServerMetadataNegativeTestJSON:setUpClass): 201 POST http://10.180.1.21:9696/networking/v2.0/subnets 0.467s
2024-12-11 11:05:20.524 66144 INFO tempest.lib.common.rest_client [req-c3dc9cfc-5def-47ce-8823-e9a9bda43b85 req-c3dc9cfc-5def-47ce-8823-e9a9bda43b85 ] Request (FloatingIPsTestJSON:test_delete_floating_ip): 404 GET http://10.180.1.21/compute/v2.1/os-floating-ips/1339f521-b00f-4076-b73c-7b4abff1966f 1.119s
2024-12-11 11:05:20.536 66136 INFO tempest.lib.common.rest_client [req-d2212da9-eaf7-4e99-8308-81ebfd42b5ce req-d2212da9-eaf7-4e99-8308-81ebfd42b5ce ] Request (ServicesAdminNegativeV253TestJSON:setUpClass): 201 POST http://10.180.1.21/identity/v3/users 0.139s
2024-12-11 11:05:20.557 66136 INFO tempest.lib.common.rest_client [req-ba57932a-65a2-4361-89a3-6678e94ba371 req-ba57932a-65a2-4361-89a3-6678e94ba371 ] Request (ServicesAdminNegativeV253TestJSON:setUpClass): 200 GET http://10.180.1.21/identity/v3/roles 0.021s
2024-12-11 11:05:20.588 66136 INFO tempest.lib.common.rest_client [req-933df87f-bac0-4a5b-b98c-e94602cf3cf6 req-933df87f-bac0-4a5b-b98c-e94602cf3cf6 ] Request (ServicesAdminNegativeV253TestJSON:setUpClass): 204 PUT http://10.180.1.21/identity/v3/projects/4120dca57c4a4d85bcdc20344bafbc21/users/5cda3fd34ac542549944c37bc2856c3c/roles/ab1eb68de2154cbb899fa84e25e7a77b 0.030s
2024-12-11 11:05:20.588 66136 INFO tempest.lib.common.dynamic_creds [-] Dynamic test user 5cda3fd34ac542549944c37bc2856c3c is created with scope project and roles: ['member']
2024-12-11 11:05:20.588 66136 INFO tempest.lib.common.dynamic_creds [-] Acquired dynamic creds: credentials: Credentials: {'domain_id': 'default', 'domain_name': 'Default', 'username': 'tempest-ServicesAdminNegativeV253TestJSON-1602136316-project-member', 'project_domain_id': 'default', 'project_domain_name': 'Default', 'project_id': '4120dca57c4a4d85bcdc20344bafbc21', 'project_name': 'tempest-ServicesAdminNegativeV253TestJSON-1602136316', 'tenant_id': '4120dca57c4a4d85bcdc20344bafbc21', 'tenant_name': 'tempest-ServicesAdminNegativeV253TestJSON-1602136316', 'user_domain_id': 'default', 'user_domain_name': 'Default', 'user_id': '5cda3fd34ac542549944c37bc2856c3c', 'system': None}, Network: None, Subnet: None, Router: None
2024-12-11 11:05:20.588 66136 INFO tempest.lib.common.dynamic_creds [-] Created isolated network resources for: credentials: Credentials: {'domain_id': 'default', 'domain_name': 'Default', 'username': 'tempest-ServicesAdminNegativeV253TestJSON-1602136316-project-member', 'project_domain_id': 'default', 'project_domain_name': 'Default', 'project_id': '4120dca57c4a4d85bcdc20344bafbc21', 'project_name': 'tempest-ServicesAdminNegativeV253TestJSON-1602136316', 'tenant_id': '4120dca57c4a4d85bcdc20344bafbc21', 'tenant_name': 'tempest-ServicesAdminNegativeV253TestJSON-1602136316', 'user_domain_id': 'default', 'user_domain_name': 'Default', 'user_id': '5cda3fd34ac542549944c37bc2856c3c', 'system': None}, Network: None, Subnet: None, Router: None
2024-12-11 11:05:20.610 66160 INFO tempest.lib.common.rest_client [req-0b088824-9119-4cb9-8a25-8cd7b101d50a req-0b088824-9119-4cb9-8a25-8cd7b101d50a ] Request (ServersAdmin275Test:tearDownClass): 200 GET http://10.180.1.21/compute/v2.1/servers/6afadaed-f6fe-4a49-ad8c-6dc52e640529 1.152s
2024-12-11 11:05:20.653 66184 INFO tempest.lib.common.rest_client [req-39ef4c26-d08a-4293-aefa-10d3bc10b972 req-39ef4c26-d08a-4293-aefa-10d3bc10b972 ] Request (ServerMetadataTestJSON:setUpClass): 202 POST http://10.180.1.21/compute/v2.1/servers 1.443s
2024-12-11 11:05:20.694 66138 INFO tempest.lib.common.rest_client [req-1c7aac62-4896-4a26-b6eb-02c372806533 req-1c7aac62-4896-4a26-b6eb-02c372806533 ] Request (ServersNegativeTestJSON:setUpClass): 200 GET http://10.180.1.21/compute/v2.1/servers/a822bbdb-accd-4d13-9335-bc4bf0515601 1.229s
2024-12-11 11:05:20.716 66136 INFO tempest.lib.common.rest_client [req-7ea2ca6d-befd-4c2b-9eff-318ab27a2f80 req-7ea2ca6d-befd-4c2b-9eff-318ab27a2f80 ] Request (ServicesAdminNegativeV253TestJSON:setUpClass): 201 POST http://10.180.1.21/identity/v3/auth/tokens 0.124s
2024-12-11 11:05:20.753 66174 INFO tempest.lib.common.rest_client [req-702c1862-1963-47b0-995c-b95c71129af2 req-702c1862-1963-47b0-995c-b95c71129af2 ] Request (ImagesTestJSON:test_create_image_from_suspended_server): 200 GET http://10.180.1.21/compute/v2.1/servers/beb49c48-9db6-4978-b5b9-8a4c0ccc17cf 1.238s
2024-12-11 11:05:20.846 66136 INFO tempest.lib.common.rest_client [req-18c680f4-25cc-4e65-8122-a060fe896bca req-18c680f4-25cc-4e65-8122-a060fe896bca ] Request (ServicesAdminNegativeV253TestJSON:setUpClass): 201 POST http://10.180.1.21/identity/v3/projects 0.128s
2024-12-11 11:05:20.872 66168 INFO tempest.lib.common.rest_client [req-ee01c3f7-870f-46d5-8fb4-1b67e03851a7 req-ee01c3f7-870f-46d5-8fb4-1b67e03851a7 ] Request (ImagesDeleteNegativeTestJSON:tearDownClass): 200 GET http://10.180.1.21:9696/networking/v2.0/security-groups?tenant_id=62db0f287ebb4fe088d0d7a40b437503&name=default 0.385s
2024-12-11 11:05:20.878 66146 INFO tempest.lib.common.rest_client [req-b03954c9-37cc-4065-982e-4e38849753d9 req-b03954c9-37cc-4065-982e-4e38849753d9 ] Request (ServersWithSpecificFlavorTestJSON:test_verify_created_server_ephemeral_disk): 200 GET http://10.180.1.21/compute/v2.1/servers/4e2be5d5-3737-44a9-a89a-1e63a70833cb/os-interface 1.326s
2024-12-11 11:05:20.975 66136 INFO tempest.lib.common.rest_client [req-5862837f-ee6c-4b16-af3a-c19682be497d req-5862837f-ee6c-4b16-af3a-c19682be497d ] Request (ServicesAdminNegativeV253TestJSON:setUpClass): 201 POST http://10.180.1.21/identity/v3/users 0.128s
2024-12-11 11:05:20.994 66136 INFO tempest.lib.common.rest_client [req-2bf21ca5-e0b0-4220-967f-98caae916103 req-2bf21ca5-e0b0-4220-967f-98caae916103 ] Request (ServicesAdminNegativeV253TestJSON:setUpClass): 200 GET http://10.180.1.21/identity/v3/roles 0.019s
2024-12-11 11:05:21.023 66136 INFO tempest.lib.common.rest_client [req-b6f17508-cd36-44f9-a6f0-52abd633103b req-b6f17508-cd36-44f9-a6f0-52abd633103b ] Request (ServicesAdminNegativeV253TestJSON:setUpClass): 204 PUT http://10.180.1.21/identity/v3/projects/ca89043f90a84094aa6dd3ee468ccfcd/users/7d10efff23854b619fffb6a96ca4240a/roles/bf7d1d7eae2e42bbab931e66bc968911 0.028s
2024-12-11 11:05:21.077 66136 INFO tempest.lib.common.rest_client [req-b3097a43-3e03-4651-9815-c20da6abf132 req-b3097a43-3e03-4651-9815-c20da6abf132 ] Request (ServicesAdminNegativeV253TestJSON:setUpClass): 200 GET http://10.180.1.21/identity/v3/roles 0.054s
2024-12-11 11:05:21.094 66150 INFO tempest.lib.common.rest_client [req-95265ee9-e06a-405d-b251-48a8e4899fd1 req-95265ee9-e06a-405d-b251-48a8e4899fd1 ] Request (KeyPairsV2TestJSON:test_get_keypair_detail): 200 POST http://10.180.1.21/compute/v2.1/os-keypairs 1.532s
2024-12-11 11:05:21.101 66136 INFO tempest.lib.common.rest_client [req-2fdaf9bf-3da3-4b8a-9536-804e78a7641a req-2fdaf9bf-3da3-4b8a-9536-804e78a7641a ] Request (ServicesAdminNegativeV253TestJSON:setUpClass): 204 PUT http://10.180.1.21/identity/v3/projects/ca89043f90a84094aa6dd3ee468ccfcd/users/7d10efff23854b619fffb6a96ca4240a/roles/bf7d1d7eae2e42bbab931e66bc968911 0.023s
2024-12-11 11:05:21.101 66136 INFO tempest.lib.common.dynamic_creds [-] Dynamic test user 7d10efff23854b619fffb6a96ca4240a is created with scope project and roles: ['admin']
2024-12-11 11:05:21.102 66136 INFO tempest.lib.common.dynamic_creds [-] Acquired dynamic creds: credentials: Credentials: {'domain_id': 'default', 'domain_name': 'Default', 'username': 'tempest-ServicesAdminNegativeV253TestJSON-1235935441-project-admin', 'project_domain_id': 'default', 'project_domain_name': 'Default', 'project_id': 'ca89043f90a84094aa6dd3ee468ccfcd', 'project_name': 'tempest-ServicesAdminNegativeV253TestJSON-1235935441', 'tenant_id': 'ca89043f90a84094aa6dd3ee468ccfcd', 'tenant_name': 'tempest-ServicesAdminNegativeV253TestJSON-1235935441', 'user_domain_id': 'default', 'user_domain_name': 'Default', 'user_id': '7d10efff23854b619fffb6a96ca4240a', 'system': None}, Network: None, Subnet: None, Router: None
2024-12-11 11:05:21.102 66136 INFO tempest.lib.common.dynamic_creds [-] Created isolated network resources for: credentials: Credentials: {'domain_id': 'default', 'domain_name': 'Default', 'username': 'tempest-ServicesAdminNegativeV253TestJSON-1235935441-project-admin', 'project_domain_id': 'default', 'project_domain_name': 'Default', 'project_id': 'ca89043f90a84094aa6dd3ee468ccfcd', 'project_name': 'tempest-ServicesAdminNegativeV253TestJSON-1235935441', 'tenant_id': 'ca89043f90a84094aa6dd3ee468ccfcd', 'tenant_name': 'tempest-ServicesAdminNegativeV253TestJSON-1235935441', 'user_domain_id': 'default', 'user_domain_name': 'Default', 'user_id': '7d10efff23854b619fffb6a96ca4240a', 'system': None}, Network: None, Subnet: None, Router: None
2024-12-11 11:05:21.131 66134 INFO tempest.lib.common.rest_client [req-0d9e8b29-5b35-4a1d-b0c0-8afe9611b430 req-0d9e8b29-5b35-4a1d-b0c0-8afe9611b430 ] Request (MigrationsAdminTest:test_list_migrations_in_flavor_resize_situation): 200 GET http://10.180.1.21/compute/v2.1/servers/db05c5a1-3530-4793-89fd-75b6b860d4f9 1.448s
2024-12-11 11:05:21.146 66168 INFO tempest.lib.common.rest_client [req-769fe02b-7baf-4be3-b07b-be7f28a6d827 req-769fe02b-7baf-4be3-b07b-be7f28a6d827 ] Request (ImagesDeleteNegativeTestJSON:tearDownClass): 204 DELETE http://10.180.1.21:9696/networking/v2.0/security-groups/e833ca89-bd8b-4054-b298-4749c83f5111 0.274s
2024-12-11 11:05:21.195 66136 INFO tempest.lib.common.rest_client [req-b6624032-a533-4a45-9b86-807470a4ffd9 req-b6624032-a533-4a45-9b86-807470a4ffd9 ] Request (ServicesAdminNegativeV253TestJSON:setUpClass): 201 POST http://10.180.1.21/identity/v3/auth/tokens 0.090s
2024-12-11 11:05:21.196 66140 INFO tempest.lib.common.rest_client [req-cd2b0853-764d-4e44-b075-4a41b06485d3 req-cd2b0853-764d-4e44-b075-4a41b06485d3 ] Request (ServerDiagnosticsNegativeTest:tearDownClass): 200 GET http://10.180.1.21/compute/v2.1/servers/8a731927-25e0-4bdc-8647-0b7b707bdd54 1.444s
2024-12-11 11:05:21.206 66180 INFO tempest.lib.common.rest_client [req-a4cb18a9-4e16-46f9-b56d-3d77921fa160 req-a4cb18a9-4e16-46f9-b56d-3d77921fa160 ] Request (ServersTestJSON:setUpClass): 200 GET http://10.180.1.21/compute/v2.1/servers/b263b3fb-9b9c-403e-bf2d-459e6b12efdf 1.387s
2024-12-11 11:05:21.263 66153 INFO tempest.lib.common.rest_client [req-42bc1c10-aeca-4b16-a00f-660a0f41746b req-42bc1c10-aeca-4b16-a00f-660a0f41746b ] Request (ServersAaction247Test:test_create_backup): 200 GET http://10.180.1.21/compute/v2.1/servers/266986e8-8092-4ee6-b4f6-7c5cbdbc4875 1.358s
2024-12-11 11:05:21.277 66156 INFO tempest.lib.common.rest_client [req-0aef0f69-6a9b-4140-84d0-f167b973e105 req-0aef0f69-6a9b-4140-84d0-f167b973e105 ] Request (ServerShowV257Test:test_rebuild_server): 200 GET http://10.180.1.21/compute/v2.1/servers/2f6d1281-9001-4bf2-a9a2-4eecaa677c2c 1.280s
2024-12-11 11:05:21.307 66168 INFO tempest.lib.common.rest_client [req-7c8e16d4-481b-4f67-9387-2062ccf6f48b req-7c8e16d4-481b-4f67-9387-2062ccf6f48b ] Request (ImagesDeleteNegativeTestJSON:tearDownClass): 204 DELETE http://10.180.1.21/identity/v3/projects/62db0f287ebb4fe088d0d7a40b437503 0.160s
2024-12-11 11:05:21.358 66177 INFO tempest.lib.common.rest_client [req-0d8bd946-d0e1-4e1a-bc5c-b901a46e1df2 req-0d8bd946-d0e1-4e1a-bc5c-b901a46e1df2 ] Request (InstanceActionsV221TestJSON:test_get_list_deleted_instance_actions): 200 GET http://10.180.1.21/compute/v2.1/servers/c184791a-5b7f-44c3-bbae-e6c67f8643ca 1.046s
2024-12-11 11:05:21.375 66168 INFO tempest.lib.common.rest_client [req-1058b1ef-8948-4095-8f73-58734973595f req-1058b1ef-8948-4095-8f73-58734973595f ] Request (ServerActionsTestOtherB:setUpClass): 201 POST http://10.180.1.21/identity/v3/auth/tokens 0.066s
2024-12-11 11:05:21.408 66168 INFO tempest.lib.common.rest_client [req-abb62fd1-8cce-4c28-bc97-2353093fccd5 req-abb62fd1-8cce-4c28-bc97-2353093fccd5 ] Request (ServerActionsTestOtherB:setUpClass): 201 POST http://10.180.1.21/identity/v3/auth/tokens 0.030s
2024-12-11 11:05:21.416 66130 INFO tempest.lib.common.rest_client [req-73c66c3c-b1b7-4d2b-9f4b-5cd8edcee15d req-73c66c3c-b1b7-4d2b-9f4b-5cd8edcee15d ] Request (FloatingIPsAssociationTestJSON:setUpClass): 200 GET http://10.180.1.21/compute/v2.1/servers/87298b64-c97d-4e21-ad71-9db59859e10f 1.033s
2024-12-11 11:05:21.438 66168 INFO tempest.lib.common.rest_client [req-e5fdd2cd-5b41-4faf-9c55-991b80a88d42 req-e5fdd2cd-5b41-4faf-9c55-991b80a88d42 ] Request (ServerActionsTestOtherB:setUpClass): 200 GET http://10.180.1.21/identity/v3/domains?name=Default 0.029s
2024-12-11 11:05:21.466 66168 INFO tempest.lib.common.rest_client [req-e3431424-7ed6-424a-81cc-d4e16844849c req-e3431424-7ed6-424a-81cc-d4e16844849c ] Request (ServerActionsTestOtherB:setUpClass): 201 POST http://10.180.1.21/identity/v3/projects 0.027s
2024-12-11 11:05:21.489 66132 INFO tempest.lib.common.rest_client [req-b294540d-fa09-4fcd-a4cb-5815e7b7face req-b294540d-fa09-4fcd-a4cb-5815e7b7face ] Request (SecurityGroupsTestJSON:test_security_group_create_get_delete): 202 DELETE http://10.180.1.21/compute/v2.1/os-security-groups/4cd25aad-b6d9-4f61-82ac-f0feaa95fdfe 1.465s
2024-12-11 11:05:21.522 66144 INFO tempest.lib.common.rest_client [req-14d4b5d1-283f-4345-88c2-998efcf5ef8b req-14d4b5d1-283f-4345-88c2-998efcf5ef8b ] Request (FloatingIPsTestJSON:_run_cleanups): 404 DELETE http://10.180.1.21/compute/v2.1/os-floating-ips/1339f521-b00f-4076-b73c-7b4abff1966f 0.997s
2024-12-11 11:05:21.528 66168 INFO tempest.lib.common.rest_client [req-2930de10-f430-4750-93f5-92434bf6f1c5 req-2930de10-f430-4750-93f5-92434bf6f1c5 ] Request (ServerActionsTestOtherB:setUpClass): 201 POST http://10.180.1.21/identity/v3/users 0.062s
2024-12-11 11:05:21.549 66168 INFO tempest.lib.common.rest_client [req-2a77df2f-c753-4bfb-95f8-3126026a8662 req-2a77df2f-c753-4bfb-95f8-3126026a8662 ] Request (ServerActionsTestOtherB:setUpClass): 200 GET http://10.180.1.21/identity/v3/roles 0.020s
2024-12-11 11:05:21.577 66168 INFO tempest.lib.common.rest_client [req-27c5dee8-051f-432a-83b1-71b2cfefaa6b req-27c5dee8-051f-432a-83b1-71b2cfefaa6b ] Request (ServerActionsTestOtherB:setUpClass): 204 PUT http://10.180.1.21/identity/v3/projects/3abdd0398ad4417dafe7e304ad10efbe/users/3a0e31babb6441f599a400cfb02a3345/roles/ab1eb68de2154cbb899fa84e25e7a77b 0.027s
2024-12-11 11:05:21.577 66168 INFO tempest.lib.common.dynamic_creds [-] Dynamic test user 3a0e31babb6441f599a400cfb02a3345 is created with scope project and roles: ['member']
2024-12-11 11:05:21.577 66168 INFO tempest.lib.common.dynamic_creds [-] Acquired dynamic creds: credentials: Credentials: {'domain_id': 'default', 'domain_name': 'Default', 'username': 'tempest-ServerActionsTestOtherB-2111939469-project-member', 'project_domain_id': 'default', 'project_domain_name': 'Default', 'project_id': '3abdd0398ad4417dafe7e304ad10efbe', 'project_name': 'tempest-ServerActionsTestOtherB-2111939469', 'tenant_id': '3abdd0398ad4417dafe7e304ad10efbe', 'tenant_name': 'tempest-ServerActionsTestOtherB-2111939469', 'user_domain_id': 'default', 'user_domain_name': 'Default', 'user_id': '3a0e31babb6441f599a400cfb02a3345', 'system': None}, Network: None, Subnet: None, Router: None
2024-12-11 11:05:21.584 66154 INFO tempest.lib.common.rest_client [req-fa3e1c60-1d64-43e1-b5c7-42926fa52448 req-fa3e1c60-1d64-43e1-b5c7-42926fa52448 ] Request (ListServerFiltersTestJSON:setUpClass): 200 GET http://10.180.1.21/compute/v2.1/servers/72718b40-5a93-40c5-bd33-84dfa5e1fa05 1.044s
2024-12-11 11:05:21.647 66168 INFO tempest.lib.common.rest_client [req-f8f7487d-d0ed-4779-a593-55d3d14af096 req-f8f7487d-d0ed-4779-a593-55d3d14af096 ] Request (ServerActionsTestOtherB:setUpClass): 201 POST http://10.180.1.21/identity/v3/auth/tokens 0.070s
2024-12-11 11:05:21.652 66184 INFO tempest.lib.common.rest_client [req-12efd50e-c760-463e-8d01-8dc551332e30 req-12efd50e-c760-463e-8d01-8dc551332e30 ] Request (ServerMetadataTestJSON:setUpClass): 200 GET http://10.180.1.21/compute/v2.1/servers/fc66c14c-3d5f-4185-a0b1-51da2189c359 0.997s
2024-12-11 11:05:21.727 66122 INFO tempest.lib.common.rest_client [req-30eae87c-9886-418e-aefb-83bb83459a54 req-30eae87c-9886-418e-aefb-83bb83459a54 ] Request (ServersAdminTestJSON:test_create_server_with_scheduling_hint): 200 GET http://10.180.1.21/compute/v2.1/servers/a9462f81-92ac-483d-a8b4-51cd521b8e66 1.245s
2024-12-11 11:05:21.733 66122 INFO tempest.common.waiters [-] State transition "BUILD/networking" ==> "BUILD/spawning" after 30 second wait
2024-12-11 11:05:21.734 66166 INFO tempest.lib.common.rest_client [req-f01a041a-cd82-4755-afb2-822412b82cec req-f01a041a-cd82-4755-afb2-822412b82cec ] Request (ServerShowV247Test:test_update_rebuild_list_server): 200 GET http://10.180.1.21/compute/v2.1/servers/79132dd8-ba03-4815-aa2b-dd238ea9726c 0.886s
2024-12-11 11:05:21.807 66128 INFO tempest.lib.common.rest_client [req-7e1c158c-b925-4e2f-8468-06298ce0b2a9 req-7e1c158c-b925-4e2f-8468-06298ce0b2a9 ] Request (AttachInterfacesTestJSON:test_create_list_show_delete_interfaces_by_fixed_ip): 200 GET http://10.180.1.21/compute/v2.1/servers/b8a1eaa5-86e3-4cf5-80e2-24e28ef4df84 0.948s
2024-12-11 11:05:21.836 66126 INFO tempest.lib.common.rest_client [req-d1c9dd80-62cf-48d9-b4c9-a1b18bc430dc req-d1c9dd80-62cf-48d9-b4c9-a1b18bc430dc ] Request (InstanceActionsTestJSON:setUpClass): 200 GET http://10.180.1.21/compute/v2.1/servers/8a850783-41a9-42d3-9682-ec58b96bad7f 0.873s
2024-12-11 11:05:21.846 66150 INFO tempest.lib.common.rest_client [req-1b156a7c-07f4-4c52-b24f-a45da4bb8428 req-1b156a7c-07f4-4c52-b24f-a45da4bb8428 ] Request (KeyPairsV2TestJSON:test_get_keypair_detail): 200 GET http://10.180.1.21/compute/v2.1/os-keypairs/tempest-keypair-1968849224 0.750s
2024-12-11 11:05:21.875 66164 INFO tempest.lib.common.rest_client [req-af763978-c2a3-40f2-aa1b-2d80ba16d2d1 req-af763978-c2a3-40f2-aa1b-2d80ba16d2d1 ] Request (DeleteServersAdminTestJSON:test_delete_server_while_in_error_state): 200 GET http://10.180.1.21/compute/v2.1/servers/f75d2c0d-62dd-4eda-86f0-916ee6700fdc 0.906s
2024-12-11 11:05:21.947 66146 INFO tempest.lib.common.rest_client [req-51a38fcc-cbbc-46bf-8fbf-ff579a1b3a2d req-51a38fcc-cbbc-46bf-8fbf-ff579a1b3a2d ] Request (ServersWithSpecificFlavorTestJSON:test_verify_created_server_ephemeral_disk): 200 PUT http://10.180.1.21:9696/networking/v2.0/floatingips/76a41794-fee1-47f0-84df-10e39113cd95 1.067s
2024-12-11 11:05:21.987 66136 INFO tempest.lib.common.rest_client [req-40531c43-5c64-4505-ad87-2a83afa79c37 req-40531c43-5c64-4505-ad87-2a83afa79c37 ] Request (ServicesAdminNegativeV253TestJSON:test_disable_log_reason_with_invalid_service_id): 404 PUT http://10.180.1.21/compute/v2.1/os-services/0eced6d1-a5f0-4240-b5ce-c6ef63115434 0.791s
2024-12-11 11:05:22.075 66142 INFO tempest.lib.common.rest_client [req-894a3843-fc78-471a-b58d-b3ba131d2853 req-894a3843-fc78-471a-b58d-b3ba131d2853 ] Request (AttachInterfacesV270Test:test_create_get_list_interfaces): 200 GET http://10.180.1.21/compute/v2.1/servers/24e9165f-24ad-430a-ad25-79e1fd1065dc 0.705s
2024-12-11 11:05:22.162 66159 INFO tempest.lib.common.rest_client [req-0068e60c-dd4a-4d56-bc9f-3b19cf863dc5 req-0068e60c-dd4a-4d56-bc9f-3b19cf863dc5 ] Request (ServerGroupTestJSON:test_create_server_with_scheduler_hint_group): 200 GET http://10.180.1.21/compute/v2.1/servers/c7d91435-4fb0-4c47-9f7e-9a43ce4ea8c3 0.727s
2024-12-11 11:05:22.217 66182 INFO tempest.lib.common.rest_client [req-8a53ad96-f8df-43ab-b394-b355080c9b43 req-8a53ad96-f8df-43ab-b394-b355080c9b43 ] Request (ImagesOneServerTestJSON:test_create_delete_image): 200 GET http://10.180.1.21/compute/v2.1/images/4dab32f9-dd7c-47c7-ba4e-01cc5fef6113 0.755s
2024-12-11 11:05:22.225 66148 WARNING tempest.lib.common.ssh [-] Failed to establish authenticated ssh connection to cirros@10.180.180.219 ([Errno None] Unable to connect to port 22 on 10.180.180.219). Number attempts: 3. Retry after 4 seconds.: paramiko.ssh_exception.NoValidConnectionsError: [Errno None] Unable to connect to port 22 on 10.180.180.219
2024-12-11 11:05:22.226 66124 INFO tempest.lib.common.rest_client [req-bcbca809-405c-45d2-be84-8282243167ea req-bcbca809-405c-45d2-be84-8282243167ea ] Request (ServerMetadataNegativeTestJSON:setUpClass): 201 POST http://10.180.1.21:9696/networking/v2.0/routers 1.703s
2024-12-11 11:05:22.256 66132 INFO tempest.lib.common.rest_client [req-e104242f-27d9-49c2-9faa-75ecd5788a0c req-e104242f-27d9-49c2-9faa-75ecd5788a0c ] Request (SecurityGroupsTestJSON:test_security_group_create_get_delete): 404 GET http://10.180.1.21/compute/v2.1/os-security-groups/4cd25aad-b6d9-4f61-82ac-f0feaa95fdfe 0.767s
2024-12-11 11:05:22.294 66178 INFO tempest.lib.common.rest_client [req-3bdfabb4-faf3-4dd7-a576-747b73adc646 req-3bdfabb4-faf3-4dd7-a576-747b73adc646 ] Request (ServersTestMultiNic:test_verify_duplicate_network_nics): 200 GET http://10.180.1.21/compute/v2.1/servers/d69b10f9-4a23-42a7-ab16-edc81bfe8271 1.033s
2024-12-11 11:05:22.324 66168 INFO tempest.lib.common.rest_client [req-45806d08-a0f5-41f4-97b8-419511339e47 req-45806d08-a0f5-41f4-97b8-419511339e47 ] Request (ServerActionsTestOtherB:setUpClass): 201 POST http://10.180.1.21:9696/networking/v2.0/networks 0.676s
2024-12-11 11:05:22.361 66160 INFO tempest.lib.common.rest_client [req-ec91cb58-417e-4585-a5af-0b467c8a7d36 req-ec91cb58-417e-4585-a5af-0b467c8a7d36 ] Request (ServersAdmin275Test:tearDownClass): 200 GET http://10.180.1.21/compute/v2.1/servers/6afadaed-f6fe-4a49-ad8c-6dc52e640529 0.738s
2024-12-11 11:05:22.372 66138 INFO tempest.lib.common.rest_client [req-fda53374-6cb5-40d8-bbdf-a3d0d51a593d req-fda53374-6cb5-40d8-bbdf-a3d0d51a593d ] Request (ServersNegativeTestJSON:setUpClass): 200 GET http://10.180.1.21/compute/v2.1/servers/a822bbdb-accd-4d13-9335-bc4bf0515601 0.667s
2024-12-11 11:05:22.391 66150 INFO tempest.lib.common.rest_client [req-c1652021-ede3-4d93-9e52-2587344213f9 req-c1652021-ede3-4d93-9e52-2587344213f9 ] Request (KeyPairsV2TestJSON:_run_cleanups): 202 DELETE http://10.180.1.21/compute/v2.1/os-keypairs/tempest-keypair-1968849224 0.543s
2024-12-11 11:05:22.447 66174 INFO tempest.lib.common.rest_client [req-216edeb5-9485-4f60-a75b-0e9cf3cb698f req-216edeb5-9485-4f60-a75b-0e9cf3cb698f ] Request (ImagesTestJSON:test_create_image_from_suspended_server): 200 GET http://10.180.1.21/compute/v2.1/servers/beb49c48-9db6-4978-b5b9-8a4c0ccc17cf 0.683s
2024-12-11 11:05:22.466 66136 INFO tempest.lib.common.rest_client [req-42712df0-a4d3-4076-8bc7-f254bc7e0fa1 req-42712df0-a4d3-4076-8bc7-f254bc7e0fa1 ] Request (ServicesAdminNegativeV253TestJSON:test_disable_service_with_invalid_service_id): 404 PUT http://10.180.1.21/compute/v2.1/os-services/0eced6d1-a5f0-4240-b5ce-c6ef63115434 0.477s
2024-12-11 11:05:22.763 66168 INFO tempest.lib.common.rest_client [req-d1e817ef-e0b3-48a1-9f8a-ed0c5572cc16 req-d1e817ef-e0b3-48a1-9f8a-ed0c5572cc16 ] Request (ServerActionsTestOtherB:setUpClass): 201 POST http://10.180.1.21:9696/networking/v2.0/subnets 0.439s
2024-12-11 11:05:22.831 66146 INFO tempest.lib.common.rest_client [req-7b6061e6-d4ca-4a46-8169-aef86fb2c37a req-7b6061e6-d4ca-4a46-8169-aef86fb2c37a ] Request (ServersWithSpecificFlavorTestJSON:test_verify_created_server_ephemeral_disk): 200 GET http://10.180.1.21/compute/v2.1/servers/4e2be5d5-3737-44a9-a89a-1e63a70833cb 0.883s
2024-12-11 11:05:22.841 66146 INFO tempest.lib.common.ssh [-] Creating ssh connection to '10.180.180.146:22' as 'cirros' with public key authentication
2024-12-11 11:05:22.945 66140 INFO tempest.lib.common.rest_client [req-13d7e970-3b68-4378-b505-11dc7f472792 req-13d7e970-3b68-4378-b505-11dc7f472792 ] Request (ServerDiagnosticsNegativeTest:tearDownClass): 200 GET http://10.180.1.21/compute/v2.1/servers/8a731927-25e0-4bdc-8647-0b7b707bdd54 0.742s
2024-12-11 11:05:22.980 66134 INFO tempest.lib.common.rest_client [req-2196ec65-6826-4a97-9ba8-ca1ca1d77196 req-2196ec65-6826-4a97-9ba8-ca1ca1d77196 ] Request (MigrationsAdminTest:test_list_migrations_in_flavor_resize_situation): 200 GET http://10.180.1.21/compute/v2.1/servers/db05c5a1-3530-4793-89fd-75b6b860d4f9 0.840s
2024-12-11 11:05:23.010 66180 INFO tempest.lib.common.rest_client [req-fab72310-2ddb-491b-9e9e-47b863857304 req-fab72310-2ddb-491b-9e9e-47b863857304 ] Request (ServersTestJSON:setUpClass): 200 GET http://10.180.1.21/compute/v2.1/servers/b263b3fb-9b9c-403e-bf2d-459e6b12efdf 0.796s
2024-12-11 11:05:23.089 66153 INFO tempest.lib.common.rest_client [req-7540ac5e-3200-4fa7-9042-2f332e6887ce req-7540ac5e-3200-4fa7-9042-2f332e6887ce ] Request (ServersAaction247Test:test_create_backup): 200 GET http://10.180.1.21/compute/v2.1/servers/266986e8-8092-4ee6-b4f6-7c5cbdbc4875 0.802s
2024-12-11 11:05:23.176 66156 INFO tempest.lib.common.rest_client [req-f6e4523e-e95d-4a4c-b247-4da16286113b req-f6e4523e-e95d-4a4c-b247-4da16286113b ] Request (ServerShowV257Test:test_rebuild_server): 200 GET http://10.180.1.21/compute/v2.1/servers/2f6d1281-9001-4bf2-a9a2-4eecaa677c2c 0.883s
2024-12-11 11:05:23.283 66177 INFO tempest.lib.common.rest_client [req-9a2b4c80-041e-47a2-94fa-1dee22b424b1 req-9a2b4c80-041e-47a2-94fa-1dee22b424b1 ] Request (InstanceActionsV221TestJSON:test_get_list_deleted_instance_actions): 200 GET http://10.180.1.21/compute/v2.1/servers/c184791a-5b7f-44c3-bbae-e6c67f8643ca 0.916s
2024-12-11 11:05:23.287 66132 INFO tempest.lib.common.rest_client [req-eefe8151-1f25-4c2a-b207-93fca93a6588 req-eefe8151-1f25-4c2a-b207-93fca93a6588 ] Request (SecurityGroupsTestJSON:test_security_groups_create_list_delete): 200 POST http://10.180.1.21/compute/v2.1/os-security-groups 1.029s
2024-12-11 11:05:23.327 66150 INFO tempest.lib.common.rest_client [req-318d390d-f4c0-4e28-90de-5f888e5b7d12 req-318d390d-f4c0-4e28-90de-5f888e5b7d12 ] Request (KeyPairsV2TestJSON:test_keypair_create_delete): 200 POST http://10.180.1.21/compute/v2.1/os-keypairs 0.931s
2024-12-11 11:05:23.348 66136 INFO tempest.lib.common.rest_client [req-95d056c1-d40b-40cf-ae81-c17d072383f7 req-95d056c1-d40b-40cf-ae81-c17d072383f7 ] Request (ServicesAdminNegativeV253TestJSON:test_enable_service_with_invalid_service_id): 404 PUT http://10.180.1.21/compute/v2.1/os-services/0eced6d1-a5f0-4240-b5ce-c6ef63115434 0.881s
2024-12-11 11:05:23.375 66130 INFO tempest.lib.common.rest_client [req-40fbafdd-c154-4679-972e-5da0d3e31ef0 req-40fbafdd-c154-4679-972e-5da0d3e31ef0 ] Request (FloatingIPsAssociationTestJSON:setUpClass): 200 GET http://10.180.1.21/compute/v2.1/servers/87298b64-c97d-4e21-ad71-9db59859e10f 0.952s
2024-12-11 11:05:23.415 66154 INFO tempest.lib.common.rest_client [req-fcfd846a-1f04-41e6-927f-04492b484d02 req-fcfd846a-1f04-41e6-927f-04492b484d02 ] Request (ListServerFiltersTestJSON:setUpClass): 200 GET http://10.180.1.21/compute/v2.1/servers/72718b40-5a93-40c5-bd33-84dfa5e1fa05 0.822s
2024-12-11 11:05:23.437 66184 INFO tempest.lib.common.rest_client [req-1e38a419-0bfb-490c-9f1e-9d42664469d2 req-1e38a419-0bfb-490c-9f1e-9d42664469d2 ] Request (ServerMetadataTestJSON:setUpClass): 200 GET http://10.180.1.21/compute/v2.1/servers/fc66c14c-3d5f-4185-a0b1-51da2189c359 0.777s
2024-12-11 11:05:23.517 66166 INFO tempest.lib.common.rest_client [req-1ab6f060-692a-4e80-b703-8e8961cff737 req-1ab6f060-692a-4e80-b703-8e8961cff737 ] Request (ServerShowV247Test:test_update_rebuild_list_server): 200 GET http://10.180.1.21/compute/v2.1/servers/79132dd8-ba03-4815-aa2b-dd238ea9726c 0.771s
2024-12-11 11:05:23.590 66128 INFO tempest.lib.common.rest_client [req-cf915ed0-4a6e-4f30-b933-4aef78b6aaa3 req-cf915ed0-4a6e-4f30-b933-4aef78b6aaa3 ] Request (AttachInterfacesTestJSON:test_create_list_show_delete_interfaces_by_fixed_ip): 200 GET http://10.180.1.21/compute/v2.1/servers/b8a1eaa5-86e3-4cf5-80e2-24e28ef4df84 0.776s
2024-12-11 11:05:23.615 66122 INFO tempest.lib.common.rest_client [req-e9006205-2811-45f1-b1a1-43c838e20bf0 req-e9006205-2811-45f1-b1a1-43c838e20bf0 ] Request (ServersAdminTestJSON:test_create_server_with_scheduling_hint): 200 GET http://10.180.1.21/compute/v2.1/servers/a9462f81-92ac-483d-a8b4-51cd521b8e66 0.880s
2024-12-11 11:05:23.687 66164 INFO tempest.lib.common.rest_client [req-55b8336e-fdbd-4da3-8b48-9573b58beb98 req-55b8336e-fdbd-4da3-8b48-9573b58beb98 ] Request (DeleteServersAdminTestJSON:test_delete_server_while_in_error_state): 200 GET http://10.180.1.21/compute/v2.1/servers/f75d2c0d-62dd-4eda-86f0-916ee6700fdc 0.797s
2024-12-11 11:05:23.772 66144 INFO tempest.lib.common.rest_client [req-43560bac-3635-4f65-b788-50388ebb3837 req-43560bac-3635-4f65-b788-50388ebb3837 ] Request (FloatingIPsTestJSON:tearDownClass): 200 PUT http://10.180.1.21:9696/networking/v2.0/routers/ec28539a-cb8d-44f0-91c9-22fdcfe05c16/remove_router_interface 2.248s
2024-12-11 11:05:23.790 66142 INFO tempest.lib.common.rest_client [req-17ebefca-039f-4bf1-ba88-2978b0664840 req-17ebefca-039f-4bf1-ba88-2978b0664840 ] Request (AttachInterfacesV270Test:test_create_get_list_interfaces): 200 GET http://10.180.1.21/compute/v2.1/servers/24e9165f-24ad-430a-ad25-79e1fd1065dc 0.700s
