2024-12-11 11:06:38.949 66164 INFO tempest.lib.common.rest_client [req-07b536ea-88c6-4f4d-b36a-d12dc5aa17ed req-07b536ea-88c6-4f4d-b36a-d12dc5aa17ed ] Request (QuotasAdminTestV236:test_get_updated_quotas): 200 GET http://10.180.1.21/compute/v2.1/os-quota-sets/b8e56afe04314018ab6a67d61eda7fd3?user_id=166c8a9a097644a780d5da229bb92be1 0.049s
2024-12-11 11:06:38.992 66134 INFO tempest.lib.common.rest_client [req-47f87914-b87d-4d1f-8e71-2a9469f797fc req-47f87914-b87d-4d1f-8e71-2a9469f797fc ] Request (MigrationsAdminTest:test_resize_server_revert_deleted_flavor): 200 GET http://10.180.1.21/compute/v2.1/servers/c5b997cc-da18-4571-aba2-a84d5ff1c996 0.067s
2024-12-11 11:06:39.033 66130 INFO tempest.lib.common.rest_client [req-d5bddd52-77bb-4d2c-8b8f-79fbf3f499f0 req-d5bddd52-77bb-4d2c-8b8f-79fbf3f499f0 ] Request (FloatingIPsAssociationTestJSON:test_associate_already_associated_floating_ip): 200 GET http://10.180.1.21/compute/v2.1/servers/890d4338-8d28-41cf-ba9d-d5eae6f50c13 0.074s
2024-12-11 11:06:39.053 66178 INFO tempest.lib.common.rest_client [req-1bbc0704-547a-4e91-8c21-c6cb82c7212d req-1bbc0704-547a-4e91-8c21-c6cb82c7212d ] Request (ServersTestMultiNic:test_verify_multiple_nics_order): 200 GET http://10.180.1.21/compute/v2.1/servers/b69921e9-b52a-4005-be23-fae3d0ec4fc1 0.071s
2024-12-11 11:06:39.072 66164 INFO tempest.lib.common.rest_client [req-2e89ac2c-ea9b-49c8-a780-b893037dfea2 req-2e89ac2c-ea9b-49c8-a780-b893037dfea2 ] Request (QuotasAdminTestV236:_run_cleanups): 204 DELETE http://10.180.1.21/identity/v3/users/166c8a9a097644a780d5da229bb92be1 0.121s
2024-12-11 11:06:39.086 66142 INFO tempest.lib.common.rest_client [req-4e067a0e-6540-4daa-9ccd-d348f9b7d61c req-4e067a0e-6540-4daa-9ccd-d348f9b7d61c ] Request (ServerRescueTestJSONUnderV235:setUpClass): 200 GET http://10.180.1.21/compute/v2.1/servers/5f7a84e8-d0d6-4fd9-b466-22becdb51351 0.085s
2024-12-11 11:06:39.167 66156 INFO tempest.lib.common.rest_client [req-24c9e3bb-3951-47dc-ba67-cca0d29b4345 req-24c9e3bb-3951-47dc-ba67-cca0d29b4345 ] Request (AttachVolumeShelveTestJSON:test_attach_volume_shelved_or_offload_server): 200 GET http://10.180.1.21/compute/v2.1/servers/a8f42686-354e-4afc-8bb7-e7db20ac2aa5 0.055s
2024-12-11 11:06:39.187 66159 INFO tempest.lib.common.rest_client [req-72c0cc12-b951-4050-bf5f-8b0a7040eae5 req-72c0cc12-b951-4050-bf5f-8b0a7040eae5 ] Request (ServerGroupTestJSON:_run_cleanups): 200 GET http://10.180.1.21/compute/v2.1/servers/c7d91435-4fb0-4c47-9f7e-9a43ce4ea8c3 0.066s
2024-12-11 11:06:39.187 66164 INFO tempest.lib.common.rest_client [req-2ca9891f-15b5-4e78-b37f-eaae56b0786d req-2ca9891f-15b5-4e78-b37f-eaae56b0786d ] Request (QuotasAdminTestV236:_run_cleanups): 204 DELETE http://10.180.1.21/identity/v3/projects/b8e56afe04314018ab6a67d61eda7fd3 0.115s
2024-12-11 11:06:39.253 66126 INFO tempest.lib.common.rest_client [req-912097d6-e87c-41d9-ae31-104ab8173e4b req-912097d6-e87c-41d9-ae31-104ab8173e4b ] Request (ServerAddressesTestJSON:setUpClass): 200 GET http://10.180.1.21/compute/v2.1/servers/9728525d-985c-47af-abb6-0ec27b76a204 0.057s
2024-12-11 11:06:39.318 66164 INFO tempest.lib.common.rest_client [req-e0bac46c-eb19-4c53-9170-5b8119dd50d4 req-e0bac46c-eb19-4c53-9170-5b8119dd50d4 ] Request (QuotasAdminTestV236:tearDownClass): 204 DELETE http://10.180.1.21/identity/v3/users/f38bf0617d5640aa909b7a7b5b12dd42 0.129s
2024-12-11 11:06:39.359 66132 INFO tempest.lib.common.rest_client [req-288efa4a-ca92-411f-8b76-b7159f107c79 req-288efa4a-ca92-411f-8b76-b7159f107c79 ] Request (SecurityGroupsTestJSON:test_server_security_groups): 200 GET http://10.180.1.21/compute/v2.1/servers/e03ade62-8b1b-42bd-9fc2-26a2b677bf5d 0.084s
2024-12-11 11:06:39.411 66168 INFO tempest.lib.common.rest_client [req-23d85465-1340-4310-b9ef-f9109f18166f req-23d85465-1340-4310-b9ef-f9109f18166f ] Request (ServerActionsTestOtherB:setUpClass): 200 GET http://10.180.1.21/compute/v2.1/servers/f5d1a419-d93b-4988-b051-f1d72b068cc9 0.076s
2024-12-11 11:06:39.428 66164 INFO tempest.lib.common.rest_client [req-5de41ef4-35d5-4e98-8577-69372144560e req-5de41ef4-35d5-4e98-8577-69372144560e ] Request (QuotasAdminTestV236:tearDownClass): 204 DELETE http://10.180.1.21/identity/v3/users/07cf11c0a9ba4791a58e28a834c1c3c3 0.110s
2024-12-11 11:06:39.428 66164 INFO tempest.lib.common.dynamic_creds [-] Deleting project and security group for project: 2ae26929496740abb6c7f1fbae6f218e
2024-12-11 11:06:39.459 66177 INFO tempest.lib.common.rest_client [req-8e0abc43-7369-4488-bc5f-e53febd3c2c2 req-8e0abc43-7369-4488-bc5f-e53febd3c2c2 ] Request (ServerActionsTestOtherA:setUpClass): 200 GET http://10.180.1.21/compute/v2.1/servers/0c9d3ec0-2876-4300-9a10-27e1062ebf83 0.124s
2024-12-11 11:06:39.484 66164 INFO tempest.lib.common.rest_client [req-9b2ce7d2-c6b0-48a8-b807-c55d4fd43a0a req-9b2ce7d2-c6b0-48a8-b807-c55d4fd43a0a ] Request (QuotasAdminTestV236:tearDownClass): 201 POST http://10.180.1.21/identity/v3/auth/tokens 0.055s
2024-12-11 11:06:39.502 66136 INFO tempest.lib.common.rest_client [req-448b1800-3395-4295-b2af-9ead05c6243e req-448b1800-3395-4295-b2af-9ead05c6243e ] Request (AttachVolumeTestJSON:test_attach_detach_volume): 200 GET http://10.180.1.21/compute/v2.1/servers/21995267-5227-4930-b079-707fcf615897 0.304s
2024-12-11 11:06:39.514 66138 INFO tempest.lib.common.rest_client [req-8d41bfd7-cdd9-4ad6-818e-96d79c087eab req-8d41bfd7-cdd9-4ad6-818e-96d79c087eab ] Request (ServersNegativeTestJSON:setUpClass): 200 GET http://10.180.1.21/compute/v2.1/servers/5407f930-2995-489e-8ecb-8c4b87e8489e 0.125s
2024-12-11 11:06:39.555 66140 INFO tempest.lib.common.rest_client [req-21bfc540-9fc8-4f38-b9da-bab347e7f493 req-21bfc540-9fc8-4f38-b9da-bab347e7f493 ] Request (AttachInterfacesUnderV243Test:test_add_remove_fixed_ip): 200 GET http://10.180.1.21/compute/v2.1/servers/0cd14d33-d2cc-4a51-bad7-c793197c40da 0.107s
2024-12-11 11:06:39.574 66174 INFO tempest.lib.common.rest_client [req-abaf03ec-0e70-4a59-8155-83123d350b82 req-abaf03ec-0e70-4a59-8155-83123d350b82 ] Request (ImagesTestJSON:test_create_server_from_snapshot): 200 GET http://10.180.1.21/compute/v2.1/servers/25bd2a2e-c354-42a1-83cd-a7d3aadcea3e 0.059s
2024-12-11 11:06:39.645 66153 INFO tempest.lib.common.rest_client [req-7181c4be-2cf2-485f-933d-a0b81f8aede2 req-7181c4be-2cf2-485f-933d-a0b81f8aede2 ] Request (ServersAaction247Test:tearDownClass): 200 GET http://10.180.1.21/compute/v2.1/servers/266986e8-8092-4ee6-b4f6-7c5cbdbc4875 0.062s
2024-12-11 11:06:39.656 66164 INFO tempest.lib.common.rest_client [req-c568bf61-1fed-410e-81b7-ab5f6be86dce req-c568bf61-1fed-410e-81b7-ab5f6be86dce ] Request (QuotasAdminTestV236:tearDownClass): 200 GET http://10.180.1.21:9696/networking/v2.0/security-groups?tenant_id=2ae26929496740abb6c7f1fbae6f218e&name=default 0.172s
2024-12-11 11:06:39.690 66150 INFO tempest.lib.common.rest_client [req-e4319e9c-9af0-4538-a03a-8df4b4e49a89 req-e4319e9c-9af0-4538-a03a-8df4b4e49a89 ] Request (ServersTestBootFromVolume:setUpClass): 200 GET http://10.180.1.21/compute/v2.1/servers/e396de23-f0d2-44ca-977a-17b444916807 0.055s
2024-12-11 11:06:39.730 66124 INFO tempest.lib.common.rest_client [req-2e76762d-a4e6-4a22-9c78-bc3892aa33a9 req-2e76762d-a4e6-4a22-9c78-bc3892aa33a9 ] Request (ServerMetadataNegativeTestJSON:setUpClass): 200 GET http://10.180.1.21/compute/v2.1/servers/e59be507-2abd-40f3-8a16-1225de4ae07f 0.049s
2024-12-11 11:06:39.741 66164 INFO tempest.lib.common.rest_client [req-bb65d6b9-9f3f-48aa-89c0-2e146e929bf2 req-bb65d6b9-9f3f-48aa-89c0-2e146e929bf2 ] Request (QuotasAdminTestV236:tearDownClass): 204 DELETE http://10.180.1.21:9696/networking/v2.0/security-groups/6439f744-3b29-4294-9adf-c39bbfbaf4f0 0.085s
2024-12-11 11:06:39.799 66166 INFO tempest.lib.common.rest_client [req-3d69149b-d05a-48d5-8f17-b2af8c81437c req-3d69149b-d05a-48d5-8f17-b2af8c81437c ] Request (ServerShowV247Test:tearDownClass): 200 GET http://10.180.1.21/compute/v2.1/servers/79132dd8-ba03-4815-aa2b-dd238ea9726c 0.054s
2024-12-11 11:06:39.804 66164 INFO tempest.lib.common.rest_client [req-b8fb0059-2fad-44a8-8038-3aef864d1609 req-b8fb0059-2fad-44a8-8038-3aef864d1609 ] Request (QuotasAdminTestV236:tearDownClass): 204 DELETE http://10.180.1.21/identity/v3/projects/2ae26929496740abb6c7f1fbae6f218e 0.062s
2024-12-11 11:06:39.805 66164 INFO tempest.lib.common.dynamic_creds [-] Deleting project and security group for project: 9a57229778b5491e83178b566f7d80f4
2024-12-11 11:06:39.892 66184 INFO tempest.lib.common.rest_client [req-bbbfe93c-6b68-41fd-992a-3f087ebb96a7 req-bbbfe93c-6b68-41fd-992a-3f087ebb96a7 ] Request (ServerMetadataTestJSON:setUpClass): 200 GET http://10.180.1.21/compute/v2.1/servers/fc66c14c-3d5f-4185-a0b1-51da2189c359 0.075s
2024-12-11 11:06:39.962 66160 INFO tempest.lib.common.rest_client [req-675f0758-6dc4-41ce-9c23-f436dcb3f501 req-675f0758-6dc4-41ce-9c23-f436dcb3f501 ] Request (ServersTestFqdnHostnames:test_create_server_with_fqdn_name): 200 GET http://10.180.1.21/compute/v2.1/servers/0d5facef-3bf5-4b5d-a234-570292369118 0.076s
2024-12-11 11:06:39.988 66154 INFO tempest.lib.common.rest_client [req-139ba781-f1ca-445a-96bc-c773b41222cf req-139ba781-f1ca-445a-96bc-c773b41222cf ] Request (ListServerFiltersTestJSON:setUpClass): 200 GET http://10.180.1.21/compute/v2.1/servers/72718b40-5a93-40c5-bd33-84dfa5e1fa05 0.180s
2024-12-11 11:06:40.005 66164 INFO tempest.lib.common.rest_client [req-45234509-c260-4529-b641-072f9f59981b req-45234509-c260-4529-b641-072f9f59981b ] Request (QuotasAdminTestV236:tearDownClass): 200 GET http://10.180.1.21:9696/networking/v2.0/security-groups?tenant_id=9a57229778b5491e83178b566f7d80f4&name=default 0.200s
2024-12-11 11:06:40.019 66122 INFO tempest.lib.common.rest_client [req-147a7618-3c3b-4fb9-aca3-50ff5d37b1ce req-147a7618-3c3b-4fb9-aca3-50ff5d37b1ce ] Request (ServersAdminTestJSON:test_inject_network_info): 200 GET http://10.180.1.21/compute/v2.1/servers/248e0d5e-32ec-4711-91f3-e4a93d7c8b47 0.082s
2024-12-11 11:06:40.049 66172 WARNING tempest.lib.common.ssh [-] Failed to establish authenticated ssh connection to cirros@10.180.180.204 ([Errno None] Unable to connect to port 22 on 10.180.180.204). Number attempts: 11. Retry after 12 seconds.: paramiko.ssh_exception.NoValidConnectionsError: [Errno None] Unable to connect to port 22 on 10.180.180.204
2024-12-11 11:06:40.059 66134 INFO tempest.lib.common.rest_client [req-5871c4c8-20ed-4fca-8616-5eea4155fccf req-5871c4c8-20ed-4fca-8616-5eea4155fccf ] Request (MigrationsAdminTest:test_resize_server_revert_deleted_flavor): 200 GET http://10.180.1.21/compute/v2.1/servers/c5b997cc-da18-4571-aba2-a84d5ff1c996 0.059s
2024-12-11 11:06:40.067 66134 INFO tempest.common.waiters [-] State transition "BUILD/scheduling" ==> "BUILD/None" after 47 second wait
2024-12-11 11:06:40.116 66130 INFO tempest.lib.common.rest_client [req-885b65f2-e56f-4788-bd14-069de790c941 req-885b65f2-e56f-4788-bd14-069de790c941 ] Request (FloatingIPsAssociationTestJSON:test_associate_already_associated_floating_ip): 200 GET http://10.180.1.21/compute/v2.1/servers/890d4338-8d28-41cf-ba9d-d5eae6f50c13 0.074s
2024-12-11 11:06:40.125 66178 INFO tempest.lib.common.rest_client [req-9ad27c4e-0542-48e8-a6c4-e1568ea32e3e req-9ad27c4e-0542-48e8-a6c4-e1568ea32e3e ] Request (ServersTestMultiNic:test_verify_multiple_nics_order): 200 GET http://10.180.1.21/compute/v2.1/servers/b69921e9-b52a-4005-be23-fae3d0ec4fc1 0.064s
2024-12-11 11:06:40.149 66164 INFO tempest.lib.common.rest_client [req-d0d338de-45e7-4862-86a2-1d632f97da90 req-d0d338de-45e7-4862-86a2-1d632f97da90 ] Request (QuotasAdminTestV236:tearDownClass): 204 DELETE http://10.180.1.21:9696/networking/v2.0/security-groups/ecec9c44-1d6c-4d17-9d96-6001a78cb02c 0.144s
2024-12-11 11:06:40.168 66142 INFO tempest.lib.common.rest_client [req-0d3bd78b-e1b4-46f5-baee-36f93092f2d5 req-0d3bd78b-e1b4-46f5-baee-36f93092f2d5 ] Request (ServerRescueTestJSONUnderV235:setUpClass): 200 GET http://10.180.1.21/compute/v2.1/servers/5f7a84e8-d0d6-4fd9-b466-22becdb51351 0.075s
2024-12-11 11:06:40.236 66156 INFO tempest.lib.common.rest_client [req-bac31777-c19f-426c-ba96-5047ee0e53b1 req-bac31777-c19f-426c-ba96-5047ee0e53b1 ] Request (AttachVolumeShelveTestJSON:test_attach_volume_shelved_or_offload_server): 200 GET http://10.180.1.21/compute/v2.1/servers/a8f42686-354e-4afc-8bb7-e7db20ac2aa5 0.062s
2024-12-11 11:06:40.269 66159 INFO tempest.lib.common.rest_client [req-0c75066b-adc8-4125-a9f4-fb05f546d6af req-0c75066b-adc8-4125-a9f4-fb05f546d6af ] Request (ServerGroupTestJSON:_run_cleanups): 200 GET http://10.180.1.21/compute/v2.1/servers/c7d91435-4fb0-4c47-9f7e-9a43ce4ea8c3 0.075s
2024-12-11 11:06:40.270 66164 INFO tempest.lib.common.rest_client [req-9ebbf61a-07bc-40f3-8cf9-b6068d313357 req-9ebbf61a-07bc-40f3-8cf9-b6068d313357 ] Request (QuotasAdminTestV236:tearDownClass): 204 DELETE http://10.180.1.21/identity/v3/projects/9a57229778b5491e83178b566f7d80f4 0.120s
2024-12-11 11:06:40.318 66126 INFO tempest.lib.common.rest_client [req-be21089f-85c3-469e-8791-ca86cbfe63fb req-be21089f-85c3-469e-8791-ca86cbfe63fb ] Request (ServerAddressesTestJSON:setUpClass): 200 GET http://10.180.1.21/compute/v2.1/servers/9728525d-985c-47af-abb6-0ec27b76a204 0.057s
2024-12-11 11:06:40.329 66164 INFO tempest.lib.common.rest_client [req-f10203f8-8257-43a0-a9c8-9179a330ca88 req-f10203f8-8257-43a0-a9c8-9179a330ca88 ] Request (ImagesOneServerNegativeTestJSON:setUpClass): 201 POST http://10.180.1.21/identity/v3/auth/tokens 0.058s
2024-12-11 11:06:40.361 66164 INFO tempest.lib.common.rest_client [req-f8921864-bd6d-47c0-ad29-c72fd0f902e6 req-f8921864-bd6d-47c0-ad29-c72fd0f902e6 ] Request (ImagesOneServerNegativeTestJSON:setUpClass): 201 POST http://10.180.1.21/identity/v3/auth/tokens 0.029s
2024-12-11 11:06:40.385 66164 INFO tempest.lib.common.rest_client [req-34a8f0f2-f0ad-45b1-b1af-062f96907610 req-34a8f0f2-f0ad-45b1-b1af-062f96907610 ] Request (ImagesOneServerNegativeTestJSON:setUpClass): 200 GET http://10.180.1.21/identity/v3/domains?name=Default 0.024s
2024-12-11 11:06:40.414 66164 INFO tempest.lib.common.rest_client [req-11d1a36e-e48e-4afa-929c-6ef0a20817bd req-11d1a36e-e48e-4afa-929c-6ef0a20817bd ] Request (ImagesOneServerNegativeTestJSON:setUpClass): 201 POST http://10.180.1.21/identity/v3/projects 0.028s
2024-12-11 11:06:40.421 66132 INFO tempest.lib.common.rest_client [req-5685846d-a943-4210-8f35-de294510577d req-5685846d-a943-4210-8f35-de294510577d ] Request (SecurityGroupsTestJSON:test_server_security_groups): 200 GET http://10.180.1.21/compute/v2.1/servers/e03ade62-8b1b-42bd-9fc2-26a2b677bf5d 0.053s
2024-12-11 11:06:40.473 66168 INFO tempest.lib.common.rest_client [req-f75d226d-0208-4f16-91b3-7c0c6d0499c6 req-f75d226d-0208-4f16-91b3-7c0c6d0499c6 ] Request (ServerActionsTestOtherB:setUpClass): 200 GET http://10.180.1.21/compute/v2.1/servers/f5d1a419-d93b-4988-b051-f1d72b068cc9 0.050s
2024-12-11 11:06:40.474 66164 INFO tempest.lib.common.rest_client [req-7dfca58a-0d74-48a8-ac3d-1938179bfba8 req-7dfca58a-0d74-48a8-ac3d-1938179bfba8 ] Request (ImagesOneServerNegativeTestJSON:setUpClass): 201 POST http://10.180.1.21/identity/v3/users 0.059s
2024-12-11 11:06:40.492 66164 INFO tempest.lib.common.rest_client [req-7ad52c1f-5337-4c03-9788-0b24b97ed28c req-7ad52c1f-5337-4c03-9788-0b24b97ed28c ] Request (ImagesOneServerNegativeTestJSON:setUpClass): 200 GET http://10.180.1.21/identity/v3/roles 0.018s
2024-12-11 11:06:40.528 66164 INFO tempest.lib.common.rest_client [req-dd8e956e-0a9c-41ca-8e13-e1a0b6ba003f req-dd8e956e-0a9c-41ca-8e13-e1a0b6ba003f ] Request (ImagesOneServerNegativeTestJSON:setUpClass): 204 PUT http://10.180.1.21/identity/v3/projects/cc3b03d165764978887cf5d8abef8fe7/users/d9593edd7d6540d5a712e6fe5e39b8f9/roles/ab1eb68de2154cbb899fa84e25e7a77b 0.035s
2024-12-11 11:06:40.529 66164 INFO tempest.lib.common.dynamic_creds [-] Dynamic test user d9593edd7d6540d5a712e6fe5e39b8f9 is created with scope project and roles: ['member']
2024-12-11 11:06:40.529 66164 INFO tempest.lib.common.dynamic_creds [-] Acquired dynamic creds: credentials: Credentials: {'domain_id': 'default', 'domain_name': 'Default', 'username': 'tempest-ImagesOneServerNegativeTestJSON-1300562215-project-member', 'project_domain_id': 'default', 'project_domain_name': 'Default', 'project_id': 'cc3b03d165764978887cf5d8abef8fe7', 'project_name': 'tempest-ImagesOneServerNegativeTestJSON-1300562215', 'tenant_id': 'cc3b03d165764978887cf5d8abef8fe7', 'tenant_name': 'tempest-ImagesOneServerNegativeTestJSON-1300562215', 'user_domain_id': 'default', 'user_domain_name': 'Default', 'user_id': 'd9593edd7d6540d5a712e6fe5e39b8f9', 'system': None}, Network: None, Subnet: None, Router: None
2024-12-11 11:06:40.534 66177 INFO tempest.lib.common.rest_client [req-01b681ad-99e9-42f5-aac2-edab4292aaa8 req-01b681ad-99e9-42f5-aac2-edab4292aaa8 ] Request (ServerActionsTestOtherA:setUpClass): 200 GET http://10.180.1.21/compute/v2.1/servers/0c9d3ec0-2876-4300-9a10-27e1062ebf83 0.069s
2024-12-11 11:06:40.560 66136 INFO tempest.lib.common.rest_client [req-186d558f-c428-46e6-9cc2-cac95d1c027c req-186d558f-c428-46e6-9cc2-cac95d1c027c ] Request (AttachVolumeTestJSON:test_attach_detach_volume): 200 GET http://10.180.1.21/compute/v2.1/servers/21995267-5227-4930-b079-707fcf615897 0.048s
2024-12-11 11:06:40.579 66138 INFO tempest.lib.common.rest_client [req-b95da77a-bb4e-4c56-816a-691fffc60e9d req-b95da77a-bb4e-4c56-816a-691fffc60e9d ] Request (ServersNegativeTestJSON:setUpClass): 200 GET http://10.180.1.21/compute/v2.1/servers/5407f930-2995-489e-8ecb-8c4b87e8489e 0.059s
2024-12-11 11:06:40.582 66164 INFO tempest.lib.common.rest_client [req-cee29d49-063c-49e6-b51a-23bfec723350 req-cee29d49-063c-49e6-b51a-23bfec723350 ] Request (ImagesOneServerNegativeTestJSON:setUpClass): 201 POST http://10.180.1.21/identity/v3/auth/tokens 0.053s
2024-12-11 11:06:40.608 66140 INFO tempest.lib.common.rest_client [req-15119858-0d5d-45ee-aebd-145a39ede76e req-15119858-0d5d-45ee-aebd-145a39ede76e ] Request (AttachInterfacesUnderV243Test:test_add_remove_fixed_ip): 200 GET http://10.180.1.21/compute/v2.1/servers/0cd14d33-d2cc-4a51-bad7-c793197c40da 0.045s
2024-12-11 11:06:40.626 66128 WARNING tempest.lib.common.ssh [-] Failed to establish authenticated ssh connection to cirros@10.180.180.161 ([Errno None] Unable to connect to port 22 on 10.180.180.161). Number attempts: 2. Retry after 3 seconds.: paramiko.ssh_exception.NoValidConnectionsError: [Errno None] Unable to connect to port 22 on 10.180.180.161
2024-12-11 11:06:40.630 66174 INFO tempest.lib.common.rest_client [req-606c0f62-c862-4c75-9052-1280bf53abcd req-606c0f62-c862-4c75-9052-1280bf53abcd ] Request (ImagesTestJSON:test_create_server_from_snapshot): 200 GET http://10.180.1.21/compute/v2.1/servers/25bd2a2e-c354-42a1-83cd-a7d3aadcea3e 0.046s
2024-12-11 11:06:40.724 66153 INFO tempest.lib.common.rest_client [req-d1c33bad-a6c6-478a-ad11-d97bd0c607a1 req-d1c33bad-a6c6-478a-ad11-d97bd0c607a1 ] Request (ServersAaction247Test:tearDownClass): 200 GET http://10.180.1.21/compute/v2.1/servers/266986e8-8092-4ee6-b4f6-7c5cbdbc4875 0.065s
2024-12-11 11:06:40.744 66150 INFO tempest.lib.common.rest_client [req-a44a9247-94e3-4cee-a1fe-8698c9a727c0 req-a44a9247-94e3-4cee-a1fe-8698c9a727c0 ] Request (ServersTestBootFromVolume:setUpClass): 200 GET http://10.180.1.21/compute/v2.1/servers/e396de23-f0d2-44ca-977a-17b444916807 0.048s
2024-12-11 11:06:40.794 66124 INFO tempest.lib.common.rest_client [req-bc3f525b-8086-4393-8fc8-12da23d8cebf req-bc3f525b-8086-4393-8fc8-12da23d8cebf ] Request (ServerMetadataNegativeTestJSON:setUpClass): 200 GET http://10.180.1.21/compute/v2.1/servers/e59be507-2abd-40f3-8a16-1225de4ae07f 0.055s
2024-12-11 11:06:40.846 66164 INFO tempest.lib.common.rest_client [req-65e9fdf1-ebe4-4e53-80a0-88ca673c7c86 req-65e9fdf1-ebe4-4e53-80a0-88ca673c7c86 ] Request (ImagesOneServerNegativeTestJSON:setUpClass): 201 POST http://10.180.1.21:9696/networking/v2.0/networks 0.263s
2024-12-11 11:06:40.883 66166 INFO tempest.lib.common.rest_client [req-2928bbb0-647c-4b2d-b59b-dc54a0037a00 req-2928bbb0-647c-4b2d-b59b-dc54a0037a00 ] Request (ServerShowV247Test:tearDownClass): 200 GET http://10.180.1.21/compute/v2.1/servers/79132dd8-ba03-4815-aa2b-dd238ea9726c 0.074s
2024-12-11 11:06:40.957 66184 INFO tempest.lib.common.rest_client [req-24f33bf5-0887-4153-8fb2-2956db32cf42 req-24f33bf5-0887-4153-8fb2-2956db32cf42 ] Request (ServerMetadataTestJSON:setUpClass): 200 GET http://10.180.1.21/compute/v2.1/servers/fc66c14c-3d5f-4185-a0b1-51da2189c359 0.055s
2024-12-11 11:06:40.963 66184 INFO tempest.common.waiters [-] State transition "BUILD/None" ==> "BUILD/networking" after 79 second wait
2024-12-11 11:06:41.038 66164 INFO tempest.lib.common.rest_client [req-e7e69b76-81bc-4505-a8c8-d2c97c164b39 req-e7e69b76-81bc-4505-a8c8-d2c97c164b39 ] Request (ImagesOneServerNegativeTestJSON:setUpClass): 201 POST http://10.180.1.21:9696/networking/v2.0/subnets 0.191s
2024-12-11 11:06:41.038 66160 INFO tempest.lib.common.rest_client [req-0bc556b4-b68b-4163-8ab1-8782590a48db req-0bc556b4-b68b-4163-8ab1-8782590a48db ] Request (ServersTestFqdnHostnames:test_create_server_with_fqdn_name): 200 GET http://10.180.1.21/compute/v2.1/servers/0d5facef-3bf5-4b5d-a234-570292369118 0.067s
2024-12-11 11:06:41.107 66122 INFO tempest.lib.common.rest_client [req-128e0f33-04f4-4118-b432-9e16438498fb req-128e0f33-04f4-4118-b432-9e16438498fb ] Request (ServersAdminTestJSON:test_inject_network_info): 200 GET http://10.180.1.21/compute/v2.1/servers/248e0d5e-32ec-4711-91f3-e4a93d7c8b47 0.076s
2024-12-11 11:06:41.163 66134 INFO tempest.lib.common.rest_client [req-74af0ee5-57af-4c0a-aaa3-9b26c42aa3f4 req-74af0ee5-57af-4c0a-aaa3-9b26c42aa3f4 ] Request (MigrationsAdminTest:test_resize_server_revert_deleted_flavor): 200 GET http://10.180.1.21/compute/v2.1/servers/c5b997cc-da18-4571-aba2-a84d5ff1c996 0.094s
2024-12-11 11:06:41.235 66130 INFO tempest.lib.common.rest_client [req-14c0065b-cf1e-4aa9-9918-ba2460598d2f req-14c0065b-cf1e-4aa9-9918-ba2460598d2f ] Request (FloatingIPsAssociationTestJSON:test_associate_already_associated_floating_ip): 200 GET http://10.180.1.21/compute/v2.1/servers/890d4338-8d28-41cf-ba9d-d5eae6f50c13 0.110s
2024-12-11 11:06:41.239 66154 INFO tempest.lib.common.rest_client [req-021871eb-1c79-4bff-8261-9feb0cba3a9e req-021871eb-1c79-4bff-8261-9feb0cba3a9e ] Request (ListServerFiltersTestJSON:setUpClass): 200 GET http://10.180.1.21/compute/v2.1/servers/72718b40-5a93-40c5-bd33-84dfa5e1fa05 0.241s
2024-12-11 11:06:41.305 66142 INFO tempest.lib.common.rest_client [req-42528015-bdaa-4c26-9786-23f6a46e1408 req-42528015-bdaa-4c26-9786-23f6a46e1408 ] Request (ServerRescueTestJSONUnderV235:setUpClass): 200 GET http://10.180.1.21/compute/v2.1/servers/5f7a84e8-d0d6-4fd9-b466-22becdb51351 0.128s
2024-12-11 11:06:41.308 66178 INFO tempest.lib.common.rest_client [req-a3788b49-56b4-4a21-afec-2a32e04f91d5 req-a3788b49-56b4-4a21-afec-2a32e04f91d5 ] Request (ServersTestMultiNic:test_verify_multiple_nics_order): 200 GET http://10.180.1.21/compute/v2.1/servers/b69921e9-b52a-4005-be23-fae3d0ec4fc1 0.173s
2024-12-11 11:06:41.388 66159 INFO tempest.lib.common.rest_client [req-eb2a928e-d47a-4d3c-a4c0-56154d125f24 req-eb2a928e-d47a-4d3c-a4c0-56154d125f24 ] Request (ServerGroupTestJSON:_run_cleanups): 200 GET http://10.180.1.21/compute/v2.1/servers/c7d91435-4fb0-4c47-9f7e-9a43ce4ea8c3 0.113s
2024-12-11 11:06:41.397 66156 INFO tempest.lib.common.rest_client [req-b2165643-6acb-44cb-a7bd-2708d2b442c2 req-b2165643-6acb-44cb-a7bd-2708d2b442c2 ] Request (AttachVolumeShelveTestJSON:test_attach_volume_shelved_or_offload_server): 200 GET http://10.180.1.21/compute/v2.1/servers/a8f42686-354e-4afc-8bb7-e7db20ac2aa5 0.148s
2024-12-11 11:06:41.441 66126 INFO tempest.lib.common.rest_client [req-8b0ad58c-7a07-47fc-8e71-e57057c2366d req-8b0ad58c-7a07-47fc-8e71-e57057c2366d ] Request (ServerAddressesTestJSON:setUpClass): 200 GET http://10.180.1.21/compute/v2.1/servers/9728525d-985c-47af-abb6-0ec27b76a204 0.115s
2024-12-11 11:06:41.492 66132 INFO tempest.lib.common.rest_client [req-71fee4c4-7538-4a49-831d-6b14d9ebbea8 req-71fee4c4-7538-4a49-831d-6b14d9ebbea8 ] Request (SecurityGroupsTestJSON:test_server_security_groups): 200 GET http://10.180.1.21/compute/v2.1/servers/e03ade62-8b1b-42bd-9fc2-26a2b677bf5d 0.063s
2024-12-11 11:06:41.539 66168 INFO tempest.lib.common.rest_client [req-10b1e6ff-1a2a-4866-999a-e621ecd271f7 req-10b1e6ff-1a2a-4866-999a-e621ecd271f7 ] Request (ServerActionsTestOtherB:setUpClass): 200 GET http://10.180.1.21/compute/v2.1/servers/f5d1a419-d93b-4988-b051-f1d72b068cc9 0.056s
2024-12-11 11:06:41.601 66177 INFO tempest.lib.common.rest_client [req-d4ae7e71-3b6a-413a-a5ad-d4af61d9c9d7 req-d4ae7e71-3b6a-413a-a5ad-d4af61d9c9d7 ] Request (ServerActionsTestOtherA:setUpClass): 200 GET http://10.180.1.21/compute/v2.1/servers/0c9d3ec0-2876-4300-9a10-27e1062ebf83 0.060s
2024-12-11 11:06:41.629 66136 INFO tempest.lib.common.rest_client [req-f9afb0f3-52b7-43b5-9130-e9e3a4c2bb0e req-f9afb0f3-52b7-43b5-9130-e9e3a4c2bb0e ] Request (AttachVolumeTestJSON:test_attach_detach_volume): 200 GET http://10.180.1.21/compute/v2.1/servers/21995267-5227-4930-b079-707fcf615897 0.061s
2024-12-11 11:06:41.662 66138 INFO tempest.lib.common.rest_client [req-6b7bc915-2e19-4b72-8b0d-090a7916933f req-6b7bc915-2e19-4b72-8b0d-090a7916933f ] Request (ServersNegativeTestJSON:setUpClass): 200 GET http://10.180.1.21/compute/v2.1/servers/5407f930-2995-489e-8ecb-8c4b87e8489e 0.075s
2024-12-11 11:06:41.679 66140 INFO tempest.lib.common.rest_client [req-77617c8b-499e-4ea6-93b5-36939bfb7df4 req-77617c8b-499e-4ea6-93b5-36939bfb7df4 ] Request (AttachInterfacesUnderV243Test:test_add_remove_fixed_ip): 200 GET http://10.180.1.21/compute/v2.1/servers/0cd14d33-d2cc-4a51-bad7-c793197c40da 0.064s
2024-12-11 11:06:41.704 66164 INFO tempest.lib.common.rest_client [req-fae3601b-1dd0-4170-8575-602cc0dcfd17 req-fae3601b-1dd0-4170-8575-602cc0dcfd17 ] Request (ImagesOneServerNegativeTestJSON:setUpClass): 201 POST http://10.180.1.21:9696/networking/v2.0/routers 0.666s
2024-12-11 11:06:41.718 66174 INFO tempest.lib.common.rest_client [req-5c379da0-69bc-4dce-8182-aa4d8e0081ff req-5c379da0-69bc-4dce-8182-aa4d8e0081ff ] Request (ImagesTestJSON:test_create_server_from_snapshot): 200 GET http://10.180.1.21/compute/v2.1/servers/25bd2a2e-c354-42a1-83cd-a7d3aadcea3e 0.082s
2024-12-11 11:06:41.806 66153 INFO tempest.lib.common.rest_client [req-46816209-f50a-4a35-bda3-cf31b191d6cc req-46816209-f50a-4a35-bda3-cf31b191d6cc ] Request (ServersAaction247Test:tearDownClass): 200 GET http://10.180.1.21/compute/v2.1/servers/266986e8-8092-4ee6-b4f6-7c5cbdbc4875 0.074s
2024-12-11 11:06:41.822 66150 INFO tempest.lib.common.rest_client [req-c4c3d385-cc50-4b25-bc1b-b129f7e1c1e6 req-c4c3d385-cc50-4b25-bc1b-b129f7e1c1e6 ] Request (ServersTestBootFromVolume:setUpClass): 200 GET http://10.180.1.21/compute/v2.1/servers/e396de23-f0d2-44ca-977a-17b444916807 0.070s
2024-12-11 11:06:41.869 66124 INFO tempest.lib.common.rest_client [req-7cae5e24-4bf1-45ab-b10d-1fe1a40ec9e9 req-7cae5e24-4bf1-45ab-b10d-1fe1a40ec9e9 ] Request (ServerMetadataNegativeTestJSON:setUpClass): 200 GET http://10.180.1.21/compute/v2.1/servers/e59be507-2abd-40f3-8a16-1225de4ae07f 0.067s
2024-12-11 11:06:41.955 66166 INFO tempest.lib.common.rest_client [req-9a41fbc4-d6c4-426b-8a85-406f92a7ebf8 req-9a41fbc4-d6c4-426b-8a85-406f92a7ebf8 ] Request (ServerShowV247Test:tearDownClass): 200 GET http://10.180.1.21/compute/v2.1/servers/79132dd8-ba03-4815-aa2b-dd238ea9726c 0.063s
2024-12-11 11:06:42.119 66160 INFO tempest.lib.common.rest_client [req-9ac8f1c2-af9f-4e32-ae66-a3df613f10bc req-9ac8f1c2-af9f-4e32-ae66-a3df613f10bc ] Request (ServersTestFqdnHostnames:test_create_server_with_fqdn_name): 200 GET http://10.180.1.21/compute/v2.1/servers/0d5facef-3bf5-4b5d-a234-570292369118 0.071s
2024-12-11 11:06:42.123 66184 INFO tempest.lib.common.rest_client [req-a8e37381-4bff-4f1e-9635-507b7a721605 req-a8e37381-4bff-4f1e-9635-507b7a721605 ] Request (ServerMetadataTestJSON:setUpClass): 200 GET http://10.180.1.21/compute/v2.1/servers/fc66c14c-3d5f-4185-a0b1-51da2189c359 0.159s
2024-12-11 11:06:42.130 66184 INFO tempest.common.waiters [-] State transition "BUILD/networking" ==> "BUILD/block_device_mapping" after 81 second wait
2024-12-11 11:06:42.174 66122 INFO tempest.lib.common.rest_client [req-4cd13f72-8cb5-459d-a6d9-14b51bd36421 req-4cd13f72-8cb5-459d-a6d9-14b51bd36421 ] Request (ServersAdminTestJSON:test_inject_network_info): 200 GET http://10.180.1.21/compute/v2.1/servers/248e0d5e-32ec-4711-91f3-e4a93d7c8b47 0.059s
2024-12-11 11:06:42.236 66134 INFO tempest.lib.common.rest_client [req-9097bc25-449a-4cb5-b6fc-e41b8c177771 req-9097bc25-449a-4cb5-b6fc-e41b8c177771 ] Request (MigrationsAdminTest:test_resize_server_revert_deleted_flavor): 200 GET http://10.180.1.21/compute/v2.1/servers/c5b997cc-da18-4571-aba2-a84d5ff1c996 0.065s
2024-12-11 11:06:42.301 66130 INFO tempest.lib.common.rest_client [req-4aa7fff1-821c-4246-8574-60b1bb760157 req-4aa7fff1-821c-4246-8574-60b1bb760157 ] Request (FloatingIPsAssociationTestJSON:test_associate_already_associated_floating_ip): 200 GET http://10.180.1.21/compute/v2.1/servers/890d4338-8d28-41cf-ba9d-d5eae6f50c13 0.059s
2024-12-11 11:06:42.365 66154 INFO tempest.lib.common.rest_client [req-d2836129-3870-4008-92d9-b026d12e92f6 req-d2836129-3870-4008-92d9-b026d12e92f6 ] Request (ListServerFiltersTestJSON:setUpClass): 200 GET http://10.180.1.21/compute/v2.1/servers/72718b40-5a93-40c5-bd33-84dfa5e1fa05 0.119s
2024-12-11 11:06:42.373 66142 INFO tempest.lib.common.rest_client [req-9b811260-bed2-4e52-9459-067f7a5ecb96 req-9b811260-bed2-4e52-9459-067f7a5ecb96 ] Request (ServerRescueTestJSONUnderV235:setUpClass): 200 GET http://10.180.1.21/compute/v2.1/servers/5f7a84e8-d0d6-4fd9-b466-22becdb51351 0.057s
2024-12-11 11:06:42.420 66178 INFO tempest.lib.common.rest_client [req-91a28eb3-9368-4cfb-946d-a69cc41e44c0 req-91a28eb3-9368-4cfb-946d-a69cc41e44c0 ] Request (ServersTestMultiNic:test_verify_multiple_nics_order): 200 GET http://10.180.1.21/compute/v2.1/servers/b69921e9-b52a-4005-be23-fae3d0ec4fc1 0.098s
2024-12-11 11:06:42.472 66159 INFO tempest.lib.common.rest_client [req-e4a6ad09-7382-4cd4-98ca-c68829a37298 req-e4a6ad09-7382-4cd4-98ca-c68829a37298 ] Request (ServerGroupTestJSON:_run_cleanups): 200 GET http://10.180.1.21/compute/v2.1/servers/c7d91435-4fb0-4c47-9f7e-9a43ce4ea8c3 0.070s
2024-12-11 11:06:42.475 66156 INFO tempest.lib.common.rest_client [req-d8db0e63-25ec-4ac5-8437-1d150d78f8a8 req-d8db0e63-25ec-4ac5-8437-1d150d78f8a8 ] Request (AttachVolumeShelveTestJSON:test_attach_volume_shelved_or_offload_server): 200 GET http://10.180.1.21/compute/v2.1/servers/a8f42686-354e-4afc-8bb7-e7db20ac2aa5 0.069s
2024-12-11 11:06:42.495 66164 INFO tempest.lib.common.rest_client [req-ef9d6b73-5b58-4fa0-ba74-af9036d7edfc req-ef9d6b73-5b58-4fa0-ba74-af9036d7edfc ] Request (ImagesOneServerNegativeTestJSON:setUpClass): 200 PUT http://10.180.1.21:9696/networking/v2.0/routers/683d1236-952f-49d8-bf08-df119276a728/add_router_interface 0.790s
2024-12-11 11:06:42.495 66164 INFO tempest.lib.common.dynamic_creds [-] Created isolated network resources for: credentials: Credentials: {'domain_id': 'default', 'domain_name': 'Default', 'username': 'tempest-ImagesOneServerNegativeTestJSON-1300562215-project-member', 'project_domain_id': 'default', 'project_domain_name': 'Default', 'project_id': 'cc3b03d165764978887cf5d8abef8fe7', 'project_name': 'tempest-ImagesOneServerNegativeTestJSON-1300562215', 'tenant_id': 'cc3b03d165764978887cf5d8abef8fe7', 'tenant_name': 'tempest-ImagesOneServerNegativeTestJSON-1300562215', 'user_domain_id': 'default', 'user_domain_name': 'Default', 'user_id': 'd9593edd7d6540d5a712e6fe5e39b8f9', 'system': None}, Network: {'id': '3cb9c0f4-a3e6-472d-af1c-58e50ba4e8af', 'name': 'tempest-ImagesOneServerNegativeTestJSON-1807197386-network', 'tenant_id': 'cc3b03d165764978887cf5d8abef8fe7', 'admin_state_up': True, 'mtu': 8950, 'status': 'ACTIVE', 'subnets': [], 'shared': False, 'project_id': 'cc3b03d165764978887cf5d8abef8fe7', 'port_security_enabled': True, 'router:external': False, 'provider:network_type': 'vlan', 'provider:physical_network': 'default', 'provider:segmentation_id': 133, 'availability_zone_hints': [], 'availability_zones': [], 'ipv4_address_scope': None, 'ipv6_address_scope': None, 'description': '', 'tags': [], 'created_at': '2024-12-11T11:06:40Z', 'updated_at': '2024-12-11T11:06:40Z', 'revision_number': 1}, Subnet: {'id': '8dc184ba-f24d-4547-9c06-cd19bd108689', 'name': 'tempest-ImagesOneServerNegativeTestJSON-1807197386-subnet', 'tenant_id': 'cc3b03d165764978887cf5d8abef8fe7', 'network_id': '3cb9c0f4-a3e6-472d-af1c-58e50ba4e8af', 'ip_version': 4, 'subnetpool_id': None, 'enable_dhcp': True, 'ipv6_ra_mode': None, 'ipv6_address_mode': None, 'gateway_ip': '192.168.128.1', 'cidr': '192.168.128.0/28', 'allocation_pools': [{'start': '192.168.128.2', 'end': '192.168.128.14'}], 'host_routes': [], 'dns_nameservers': [], 'description': '', 'router:external': False, 'service_types': [], 'tags': [], 'created_at': '2024-12-11T11:06:40Z', 'updated_at': '2024-12-11T11:06:40Z', 'revision_number': 0, 'project_id': 'cc3b03d165764978887cf5d8abef8fe7'}, Router: {'id': '683d1236-952f-49d8-bf08-df119276a728', 'name': 'tempest-ImagesOneServerNegativeTestJSON-1807197386-router', 'tenant_id': 'cc3b03d165764978887cf5d8abef8fe7', 'admin_state_up': True, 'status': 'ACTIVE', 'external_gateway_info': {'network_id': 'a35b7034-711a-43b8-be1a-954caca93c52', 'external_fixed_ips': [{'subnet_id': '244ed296-a057-4f31-b55d-82c6b4ca6ea4', 'ip_address': '10.180.180.214'}], 'enable_snat': True}, 'description': '', 'availability_zones': [], 'distributed': False, 'ha': False, 'availability_zone_hints': [], 'routes': [], 'flavor_id': None, 'tags': [], 'created_at': '2024-12-11T11:06:41Z', 'updated_at': '2024-12-11T11:06:41Z', 'revision_number': 2, 'project_id': 'cc3b03d165764978887cf5d8abef8fe7'}
2024-12-11 11:06:42.514 66126 INFO tempest.lib.common.rest_client [req-d1414caf-bc8d-4c0c-9417-a2c5dbe9e6fa req-d1414caf-bc8d-4c0c-9417-a2c5dbe9e6fa ] Request (ServerAddressesTestJSON:setUpClass): 200 GET http://10.180.1.21/compute/v2.1/servers/9728525d-985c-47af-abb6-0ec27b76a204 0.065s
2024-12-11 11:06:42.555 66132 INFO tempest.lib.common.rest_client [req-99452ab8-4529-4574-b124-46b14387a72e req-99452ab8-4529-4574-b124-46b14387a72e ] Request (SecurityGroupsTestJSON:test_server_security_groups): 200 GET http://10.180.1.21/compute/v2.1/servers/e03ade62-8b1b-42bd-9fc2-26a2b677bf5d 0.051s
2024-12-11 11:06:42.588 66164 INFO tempest.lib.common.rest_client [req-fafe3152-2d27-4a63-9157-8437cddfa035 req-fafe3152-2d27-4a63-9157-8437cddfa035 ] Request (ImagesOneServerNegativeTestJSON:setUpClass): 201 POST http://10.180.1.21/identity/v3/auth/tokens 0.090s
2024-12-11 11:06:42.606 66168 INFO tempest.lib.common.rest_client [req-856d2ccc-a6f0-4956-a47f-47e6b7fb7147 req-856d2ccc-a6f0-4956-a47f-47e6b7fb7147 ] Request (ServerActionsTestOtherB:setUpClass): 200 GET http://10.180.1.21/compute/v2.1/servers/f5d1a419-d93b-4988-b051-f1d72b068cc9 0.059s
2024-12-11 11:06:42.617 66164 INFO tempest.lib.common.rest_client [req-527f96c1-2fd0-48c3-bdee-249656d2c1b0 req-527f96c1-2fd0-48c3-bdee-249656d2c1b0 ] Request (ImagesOneServerNegativeTestJSON:setUpClass): 201 POST http://10.180.1.21/identity/v3/auth/tokens 0.026s
2024-12-11 11:06:42.618 66164 INFO tempest.lib.common.fixed_network [-] (ImagesOneServerNegativeTestJSON:setUpClass) Found network {'id': '3cb9c0f4-a3e6-472d-af1c-58e50ba4e8af', 'name': 'tempest-ImagesOneServerNegativeTestJSON-1807197386-network', 'tenant_id': 'cc3b03d165764978887cf5d8abef8fe7', 'admin_state_up': True, 'mtu': 8950, 'status': 'ACTIVE', 'subnets': [], 'shared': False, 'project_id': 'cc3b03d165764978887cf5d8abef8fe7', 'port_security_enabled': True, 'router:external': False, 'provider:network_type': 'vlan', 'provider:physical_network': 'default', 'provider:segmentation_id': 133, 'availability_zone_hints': [], 'availability_zones': [], 'ipv4_address_scope': None, 'ipv6_address_scope': None, 'description': '', 'tags': [], 'created_at': '2024-12-11T11:06:40Z', 'updated_at': '2024-12-11T11:06:40Z', 'revision_number': 1} available for tenant
2024-12-11 11:06:42.656 66177 INFO tempest.lib.common.rest_client [req-461ab610-6563-4ca9-b83e-54219ff0fceb req-461ab610-6563-4ca9-b83e-54219ff0fceb ] Request (ServerActionsTestOtherA:setUpClass): 200 GET http://10.180.1.21/compute/v2.1/servers/0c9d3ec0-2876-4300-9a10-27e1062ebf83 0.047s
2024-12-11 11:06:42.700 66136 INFO tempest.lib.common.rest_client [req-830cb9f8-68fa-4c1f-b618-bb356a190072 req-830cb9f8-68fa-4c1f-b618-bb356a190072 ] Request (AttachVolumeTestJSON:test_attach_detach_volume): 200 GET http://10.180.1.21/compute/v2.1/servers/21995267-5227-4930-b079-707fcf615897 0.064s
2024-12-11 11:06:42.765 66138 INFO tempest.lib.common.rest_client [req-69c3b20a-9b8d-4eb9-8999-38349932f287 req-69c3b20a-9b8d-4eb9-8999-38349932f287 ] Request (ServersNegativeTestJSON:setUpClass): 200 GET http://10.180.1.21/compute/v2.1/servers/5407f930-2995-489e-8ecb-8c4b87e8489e 0.097s
2024-12-11 11:06:42.832 66140 INFO tempest.lib.common.rest_client [req-f3a5e634-95ad-4d75-b42c-98b41ae80ceb req-f3a5e634-95ad-4d75-b42c-98b41ae80ceb ] Request (AttachInterfacesUnderV243Test:test_add_remove_fixed_ip): 200 GET http://10.180.1.21/compute/v2.1/servers/0cd14d33-d2cc-4a51-bad7-c793197c40da 0.146s
2024-12-11 11:06:42.903 66174 INFO tempest.lib.common.rest_client [req-cb68bfad-e599-4126-854c-86367e87d9ec req-cb68bfad-e599-4126-854c-86367e87d9ec ] Request (ImagesTestJSON:test_create_server_from_snapshot): 200 GET http://10.180.1.21/compute/v2.1/servers/25bd2a2e-c354-42a1-83cd-a7d3aadcea3e 0.175s
2024-12-11 11:06:42.924 66153 INFO tempest.lib.common.rest_client [req-c2a545e8-0c1c-4f7d-b912-68f9a0bf52b5 req-c2a545e8-0c1c-4f7d-b912-68f9a0bf52b5 ] Request (ServersAaction247Test:tearDownClass): 404 GET http://10.180.1.21/compute/v2.1/servers/266986e8-8092-4ee6-b4f6-7c5cbdbc4875 0.106s
2024-12-11 11:06:42.984 66150 INFO tempest.lib.common.rest_client [req-0412d800-98a9-4a1f-a4ad-73cd2514f273 req-0412d800-98a9-4a1f-a4ad-73cd2514f273 ] Request (ServersTestBootFromVolume:setUpClass): 200 GET http://10.180.1.21/compute/v2.1/servers/e396de23-f0d2-44ca-977a-17b444916807 0.152s
2024-12-11 11:06:42.992 66150 INFO tempest.common.waiters [-] State transition "BUILD/scheduling" ==> "BUILD/None" after 45 second wait
2024-12-11 11:06:43.007 66153 INFO tempest.lib.common.rest_client [req-2b91492e-bef9-4fc4-9d63-cd2c3e35b57a req-2b91492e-bef9-4fc4-9d63-cd2c3e35b57a ] Request (ServersAaction247Test:tearDownClass): 204 DELETE http://10.180.1.21/identity/v3/users/eafe3daa64e34b63ac88e2f80a143a9b 0.083s
2024-12-11 11:06:43.008 66153 INFO tempest.lib.common.dynamic_creds [-] Deleting project and security group for project: 27baa48f60874be7be18ad9611a928cc
2024-12-11 11:06:43.049 66124 INFO tempest.lib.common.rest_client [req-0d69b99c-7ec5-4875-a21e-76b8ca18dce7 req-0d69b99c-7ec5-4875-a21e-76b8ca18dce7 ] Request (ServerMetadataNegativeTestJSON:setUpClass): 200 GET http://10.180.1.21/compute/v2.1/servers/e59be507-2abd-40f3-8a16-1225de4ae07f 0.172s
2024-12-11 11:06:43.072 66153 INFO tempest.lib.common.rest_client [req-b9588880-7ebf-4a80-be65-5e6bb703c90e req-b9588880-7ebf-4a80-be65-5e6bb703c90e ] Request (ServersAaction247Test:tearDownClass): 201 POST http://10.180.1.21/identity/v3/auth/tokens 0.064s
2024-12-11 11:06:43.123 66166 INFO tempest.lib.common.rest_client [req-314bb66c-3c7f-428b-9d39-2757b36e686a req-314bb66c-3c7f-428b-9d39-2757b36e686a ] Request (ServerShowV247Test:tearDownClass): 200 GET http://10.180.1.21/compute/v2.1/servers/79132dd8-ba03-4815-aa2b-dd238ea9726c 0.157s
2024-12-11 11:06:43.132 66164 INFO tempest.lib.common.rest_client [req-dc24256a-e8f4-4423-86ae-398e088d4f5f req-dc24256a-e8f4-4423-86ae-398e088d4f5f ] Request (ImagesOneServerNegativeTestJSON:setUpClass): 202 POST http://10.180.1.21/compute/v2.1/servers 0.514s
2024-12-11 11:06:43.135 66166 INFO tempest.common.waiters [-] State transition "ACTIVE/deleting" ==> "DELETED/None" after 5 second wait
2024-12-11 11:06:43.233 66160 INFO tempest.lib.common.rest_client [req-3ef2ae9b-2a56-4def-a142-26c72c5c3214 req-3ef2ae9b-2a56-4def-a142-26c72c5c3214 ] Request (ServersTestFqdnHostnames:test_create_server_with_fqdn_name): 200 GET http://10.180.1.21/compute/v2.1/servers/0d5facef-3bf5-4b5d-a234-570292369118 0.101s
2024-12-11 11:06:43.281 66164 INFO tempest.lib.common.rest_client [req-4fa79327-1d6b-4940-951e-8aaba5593caa req-4fa79327-1d6b-4940-951e-8aaba5593caa ] Request (ImagesOneServerNegativeTestJSON:setUpClass): 200 GET http://10.180.1.21/compute/v2.1/servers/c5a5e047-38b7-44cd-9e99-fdbef30080e7 0.146s
2024-12-11 11:06:43.284 66153 INFO tempest.lib.common.rest_client [req-1140f900-4481-4c9d-9842-2a4b2175ff3c req-1140f900-4481-4c9d-9842-2a4b2175ff3c ] Request (ServersAaction247Test:tearDownClass): 200 GET http://10.180.1.21:9696/networking/v2.0/security-groups?tenant_id=27baa48f60874be7be18ad9611a928cc&name=default 0.212s
2024-12-11 11:06:43.310 66184 INFO tempest.lib.common.rest_client [req-393a37bb-e9da-4624-8bca-cbf9388ffd9f req-393a37bb-e9da-4624-8bca-cbf9388ffd9f ] Request (ServerMetadataTestJSON:setUpClass): 200 GET http://10.180.1.21/compute/v2.1/servers/fc66c14c-3d5f-4185-a0b1-51da2189c359 0.178s
2024-12-11 11:06:43.321 66184 INFO tempest.common.waiters [-] State transition "BUILD/block_device_mapping" ==> "BUILD/spawning" after 82 second wait
2024-12-11 11:06:43.382 66122 INFO tempest.lib.common.rest_client [req-45caee77-26a4-46f0-b9c6-1cc0f7fdbff0 req-45caee77-26a4-46f0-b9c6-1cc0f7fdbff0 ] Request (ServersAdminTestJSON:test_inject_network_info): 200 GET http://10.180.1.21/compute/v2.1/servers/248e0d5e-32ec-4711-91f3-e4a93d7c8b47 0.199s
2024-12-11 11:06:43.386 66134 INFO tempest.lib.common.rest_client [req-b8fc7ccc-501a-418c-a603-1fbe003cf5d7 req-b8fc7ccc-501a-418c-a603-1fbe003cf5d7 ] Request (MigrationsAdminTest:test_resize_server_revert_deleted_flavor): 200 GET http://10.180.1.21/compute/v2.1/servers/c5b997cc-da18-4571-aba2-a84d5ff1c996 0.140s
2024-12-11 11:06:43.392 66153 INFO tempest.lib.common.rest_client [req-49df10ca-b0c1-48c4-88b5-fe27d86e2c8c req-49df10ca-b0c1-48c4-88b5-fe27d86e2c8c ] Request (ServersAaction247Test:tearDownClass): 204 DELETE http://10.180.1.21:9696/networking/v2.0/security-groups/58dfbbf5-b4ae-4e62-9e77-59510d221c5d 0.107s
2024-12-11 11:06:43.464 66130 INFO tempest.lib.common.rest_client [req-d2edda66-8a54-4ed8-b93d-06e85e1da49c req-d2edda66-8a54-4ed8-b93d-06e85e1da49c ] Request (FloatingIPsAssociationTestJSON:test_associate_already_associated_floating_ip): 200 GET http://10.180.1.21/compute/v2.1/servers/890d4338-8d28-41cf-ba9d-d5eae6f50c13 0.151s
2024-12-11 11:06:43.494 66153 INFO tempest.lib.common.rest_client [req-3c5e0a7f-b29c-407f-9a50-bcd04108942a req-3c5e0a7f-b29c-407f-9a50-bcd04108942a ] Request (ServersAaction247Test:tearDownClass): 204 DELETE http://10.180.1.21/identity/v3/projects/27baa48f60874be7be18ad9611a928cc 0.102s
2024-12-11 11:06:43.495 66153 INFO tempest.test [-] raised in ServerBootFromVolumeStableRescueTest.setUpClass. Invoking tearDownClass.
2024-12-11 11:06:43.498 66153 INFO tempest.test [-] raised in AttachVolumeMultiAttachTest.setUpClass. Invoking tearDownClass.
2024-12-11 11:06:43.517 66154 INFO tempest.lib.common.rest_client [req-afa451ef-8929-4268-8db0-70e25bbfbc26 req-afa451ef-8929-4268-8db0-70e25bbfbc26 ] Request (ListServerFiltersTestJSON:setUpClass): 200 GET http://10.180.1.21/compute/v2.1/servers/72718b40-5a93-40c5-bd33-84dfa5e1fa05 0.144s
2024-12-11 11:06:43.522 66142 INFO tempest.lib.common.rest_client [req-9c193112-548a-4aae-a74a-5236bf471699 req-9c193112-548a-4aae-a74a-5236bf471699 ] Request (ServerRescueTestJSONUnderV235:setUpClass): 200 GET http://10.180.1.21/compute/v2.1/servers/5f7a84e8-d0d6-4fd9-b466-22becdb51351 0.141s
2024-12-11 11:06:43.572 66178 INFO tempest.lib.common.rest_client [req-aaf1cee0-3d20-41c4-9583-745ae921764e req-aaf1cee0-3d20-41c4-9583-745ae921764e ] Request (ServersTestMultiNic:test_verify_multiple_nics_order): 200 GET http://10.180.1.21/compute/v2.1/servers/b69921e9-b52a-4005-be23-fae3d0ec4fc1 0.142s
2024-12-11 11:06:43.586 66159 INFO tempest.lib.common.rest_client [req-056aa9b0-bb63-4946-8899-1aacdcdf143d req-056aa9b0-bb63-4946-8899-1aacdcdf143d ] Request (ServerGroupTestJSON:_run_cleanups): 200 GET http://10.180.1.21/compute/v2.1/servers/c7d91435-4fb0-4c47-9f7e-9a43ce4ea8c3 0.101s
2024-12-11 11:06:43.641 66156 INFO tempest.lib.common.rest_client [req-ec3ef8ac-9b2d-4e2c-96bc-1fffcbd43a59 req-ec3ef8ac-9b2d-4e2c-96bc-1fffcbd43a59 ] Request (AttachVolumeShelveTestJSON:test_attach_volume_shelved_or_offload_server): 200 GET http://10.180.1.21/compute/v2.1/servers/a8f42686-354e-4afc-8bb7-e7db20ac2aa5 0.153s
2024-12-11 11:06:43.642 66126 INFO tempest.lib.common.rest_client [req-43816aab-1720-4e82-b9d0-2b61cf824960 req-43816aab-1720-4e82-b9d0-2b61cf824960 ] Request (ServerAddressesTestJSON:setUpClass): 200 GET http://10.180.1.21/compute/v2.1/servers/9728525d-985c-47af-abb6-0ec27b76a204 0.122s
2024-12-11 11:06:43.703 66168 INFO tempest.lib.common.rest_client [req-3e797bae-b53b-42c9-8148-386e72d1dc30 req-3e797bae-b53b-42c9-8148-386e72d1dc30 ] Request (ServerActionsTestOtherB:setUpClass): 200 GET http://10.180.1.21/compute/v2.1/servers/f5d1a419-d93b-4988-b051-f1d72b068cc9 0.090s
2024-12-11 11:06:43.703 66132 INFO tempest.lib.common.rest_client [req-9ee2dc54-468f-499d-a45e-12772414f693 req-9ee2dc54-468f-499d-a45e-12772414f693 ] Request (SecurityGroupsTestJSON:test_server_security_groups): 200 GET http://10.180.1.21/compute/v2.1/servers/e03ade62-8b1b-42bd-9fc2-26a2b677bf5d 0.142s
2024-12-11 11:06:43.757 66177 INFO tempest.lib.common.rest_client [req-c1d74137-e983-4f67-8d0b-ba88a339b69f req-c1d74137-e983-4f67-8d0b-ba88a339b69f ] Request (ServerActionsTestOtherA:setUpClass): 200 GET http://10.180.1.21/compute/v2.1/servers/0c9d3ec0-2876-4300-9a10-27e1062ebf83 0.094s
2024-12-11 11:06:43.775 66136 INFO tempest.lib.common.rest_client [req-d425b373-cbbc-4944-91bd-e2c8c26c86a8 req-d425b373-cbbc-4944-91bd-e2c8c26c86a8 ] Request (AttachVolumeTestJSON:test_attach_detach_volume): 200 GET http://10.180.1.21/compute/v2.1/servers/21995267-5227-4930-b079-707fcf615897 0.066s
2024-12-11 11:06:43.831 66138 INFO tempest.lib.common.rest_client [req-0bb68485-e397-4e8c-a273-83115d154d19 req-0bb68485-e397-4e8c-a273-83115d154d19 ] Request (ServersNegativeTestJSON:setUpClass): 200 GET http://10.180.1.21/compute/v2.1/servers/5407f930-2995-489e-8ecb-8c4b87e8489e 0.058s
2024-12-11 11:06:43.900 66140 INFO tempest.lib.common.rest_client [req-347aa352-562e-4808-9788-eaadad768b28 req-347aa352-562e-4808-9788-eaadad768b28 ] Request (AttachInterfacesUnderV243Test:test_add_remove_fixed_ip): 200 GET http://10.180.1.21/compute/v2.1/servers/0cd14d33-d2cc-4a51-bad7-c793197c40da 0.060s
2024-12-11 11:06:43.964 66174 INFO tempest.lib.common.rest_client [req-99049653-1728-436c-8cf9-29d0b1bc6945 req-99049653-1728-436c-8cf9-29d0b1bc6945 ] Request (ImagesTestJSON:test_create_server_from_snapshot): 200 GET http://10.180.1.21/compute/v2.1/servers/25bd2a2e-c354-42a1-83cd-a7d3aadcea3e 0.053s
2024-12-11 11:06:44.043 66150 INFO tempest.lib.common.rest_client [req-cca69df4-96bc-43f0-b046-f2878385a33f req-cca69df4-96bc-43f0-b046-f2878385a33f ] Request (ServersTestBootFromVolume:setUpClass): 200 GET http://10.180.1.21/compute/v2.1/servers/e396de23-f0d2-44ca-977a-17b444916807 0.050s
2024-12-11 11:06:44.115 66124 INFO tempest.lib.common.rest_client [req-bd94d3e7-b17d-456a-91fa-0b6b301d45d9 req-bd94d3e7-b17d-456a-91fa-0b6b301d45d9 ] Request (ServerMetadataNegativeTestJSON:setUpClass): 200 GET http://10.180.1.21/compute/v2.1/servers/e59be507-2abd-40f3-8a16-1225de4ae07f 0.056s
2024-12-11 11:06:44.200 66166 INFO tempest.lib.common.rest_client [req-d0ed1a72-eddd-40c0-87e9-147eb94a39b1 req-d0ed1a72-eddd-40c0-87e9-147eb94a39b1 ] Request (ServerShowV247Test:tearDownClass): 200 GET http://10.180.1.21/compute/v2.1/servers/79132dd8-ba03-4815-aa2b-dd238ea9726c 0.065s
2024-12-11 11:06:44.297 66160 INFO tempest.lib.common.rest_client [req-054b6461-554e-4bff-bd11-e74d673784f1 req-054b6461-554e-4bff-bd11-e74d673784f1 ] Request (ServersTestFqdnHostnames:test_create_server_with_fqdn_name): 200 GET http://10.180.1.21/compute/v2.1/servers/0d5facef-3bf5-4b5d-a234-570292369118 0.048s
2024-12-11 11:06:44.346 66164 INFO tempest.lib.common.rest_client [req-d49f441a-a414-4045-8435-a2f779a690a8 req-d49f441a-a414-4045-8435-a2f779a690a8 ] Request (ImagesOneServerNegativeTestJSON:setUpClass): 200 GET http://10.180.1.21/compute/v2.1/servers/c5a5e047-38b7-44cd-9e99-fdbef30080e7 0.054s
2024-12-11 11:06:44.429 66184 INFO tempest.lib.common.rest_client [req-926dd8d0-7232-4974-9eb0-dce6d716ac9f req-926dd8d0-7232-4974-9eb0-dce6d716ac9f ] Request (ServerMetadataTestJSON:setUpClass): 200 GET http://10.180.1.21/compute/v2.1/servers/fc66c14c-3d5f-4185-a0b1-51da2189c359 0.107s
2024-12-11 11:06:44.442 66122 INFO tempest.lib.common.rest_client [req-532e7c4e-b831-48df-8a63-14ad0d605147 req-532e7c4e-b831-48df-8a63-14ad0d605147 ] Request (ServersAdminTestJSON:test_inject_network_info): 200 GET http://10.180.1.21/compute/v2.1/servers/248e0d5e-32ec-4711-91f3-e4a93d7c8b47 0.053s
2024-12-11 11:06:44.491 66134 INFO tempest.lib.common.rest_client [req-2b552d7f-088e-434e-9ce4-3b390017e32e req-2b552d7f-088e-434e-9ce4-3b390017e32e ] Request (MigrationsAdminTest:test_resize_server_revert_deleted_flavor): 200 GET http://10.180.1.21/compute/v2.1/servers/c5b997cc-da18-4571-aba2-a84d5ff1c996 0.096s
2024-12-11 11:06:44.524 66130 INFO tempest.lib.common.rest_client [req-70bbd5e2-fc2a-4758-aa26-7d3028cc730f req-70bbd5e2-fc2a-4758-aa26-7d3028cc730f ] Request (FloatingIPsAssociationTestJSON:test_associate_already_associated_floating_ip): 200 GET http://10.180.1.21/compute/v2.1/servers/890d4338-8d28-41cf-ba9d-d5eae6f50c13 0.052s
