2025-04-03 03:08:41.467 69339 INFO tempest.lib.common.dynamic_creds [-] Using the existing project 896cf26771c84e57a6eda4910465a0b5 for scope project and roles: ['reader']
2025-04-03 03:08:41.470 69278 INFO tempest.lib.common.rest_client [req-91518813-ef66-42fb-910d-b2092c054e02 req-91518813-ef66-42fb-910d-b2092c054e02 ] Request (ServersAdminNegativeTestJSON:test_migrate_server_invalid_state): 200 GET http://10.180.1.21/compute/v2.1/servers/ea511f6f-216d-476d-8d6a-46d4375263d2 0.069s
2025-04-03 03:08:41.503 69339 INFO tempest.lib.common.rest_client [req-5c0dd2df-a2a7-4162-9c8d-4e15f7d2ec26 req-5c0dd2df-a2a7-4162-9c8d-4e15f7d2ec26 ] Request (ServerShowV247Test:setUpClass): 201 POST http://10.180.1.21/identity/v3/users 0.036s
2025-04-03 03:08:41.525 69339 INFO tempest.lib.common.rest_client [req-1ea9867b-1904-42a6-b46e-250b740ee394 req-1ea9867b-1904-42a6-b46e-250b740ee394 ] Request (ServerShowV247Test:setUpClass): 200 GET http://10.180.1.21/identity/v3/roles 0.021s
2025-04-03 03:08:41.577 69339 INFO tempest.lib.common.rest_client [req-1d9a800f-4dd8-4bdd-9dd1-766252893026 req-1d9a800f-4dd8-4bdd-9dd1-766252893026 ] Request (ServerShowV247Test:setUpClass): 204 PUT http://10.180.1.21/identity/v3/projects/896cf26771c84e57a6eda4910465a0b5/users/a3adbf9ebc614ab6bf0a24883dd8a72b/roles/9060476f44374e06864aaffcbf62f161 0.051s
2025-04-03 03:08:41.577 69339 INFO tempest.lib.common.dynamic_creds [-] Dynamic test user a3adbf9ebc614ab6bf0a24883dd8a72b is created with scope project and roles: ['reader']
2025-04-03 03:08:41.577 69339 INFO tempest.lib.common.dynamic_creds [-] Acquired dynamic creds: credentials: Credentials: {'domain_id': 'default', 'domain_name': 'Default', 'username': 'tempest-ServerShowV247Test-1870382089-project-reader', 'project_domain_id': 'default', 'project_domain_name': 'Default', 'project_id': '896cf26771c84e57a6eda4910465a0b5', 'project_name': 'tempest-ServerShowV247Test-1870382089', 'tenant_id': '896cf26771c84e57a6eda4910465a0b5', 'tenant_name': 'tempest-ServerShowV247Test-1870382089', 'user_domain_id': 'default', 'user_domain_name': 'Default', 'user_id': 'a3adbf9ebc614ab6bf0a24883dd8a72b', 'system': None}, Network: None, Subnet: None, Router: None
2025-04-03 03:08:41.577 69339 INFO tempest.lib.common.dynamic_creds [-] Network resources are not created for requested scope: project and credentials: Credentials: {'domain_id': 'default', 'domain_name': 'Default', 'username': 'tempest-ServerShowV247Test-1870382089-project-reader', 'project_domain_id': 'default', 'project_domain_name': 'Default', 'project_id': '896cf26771c84e57a6eda4910465a0b5', 'project_name': 'tempest-ServerShowV247Test-1870382089', 'tenant_id': '896cf26771c84e57a6eda4910465a0b5', 'tenant_name': 'tempest-ServerShowV247Test-1870382089', 'user_domain_id': 'default', 'user_domain_name': 'Default', 'user_id': 'a3adbf9ebc614ab6bf0a24883dd8a72b', 'system': None}, Network: None, Subnet: None, Router: None
2025-04-03 03:08:41.629 69284 INFO tempest.lib.common.rest_client [req-ff0f248f-995b-4e00-bfa9-cf1a9328e897 req-ff0f248f-995b-4e00-bfa9-cf1a9328e897 ] Request (ServerAddressesTestJSON:tearDownClass): 200 GET http://10.180.1.21/compute/v2.1/servers/b93c3681-667b-4b48-bfbd-558e83220287 0.094s
2025-04-03 03:08:41.646 69280 INFO tempest.lib.common.rest_client [req-a682133b-c292-4c80-abc9-2e9ed8ff96f3 req-a682133b-c292-4c80-abc9-2e9ed8ff96f3 ] Request (ServerRescueNegativeTestJSON:test_rescued_vm_detach_volume): 200 GET http://10.180.1.21/compute/v2.1/servers/5ca439bd-7b4c-42cd-a3b7-c47b0e627935 0.072s
2025-04-03 03:08:41.657 69339 INFO tempest.lib.common.rest_client [req-e8aac5b6-4f86-4c4c-bf44-6c0180d04a20 req-e8aac5b6-4f86-4c4c-bf44-6c0180d04a20 ] Request (ServerShowV247Test:setUpClass): 201 POST http://10.180.1.21/identity/v3/auth/tokens 0.077s
2025-04-03 03:08:41.712 69317 INFO tempest.lib.common.rest_client [req-6091c158-f5af-4451-b7e4-b0534ea4771c req-6091c158-f5af-4451-b7e4-b0534ea4771c ] Request (ServersAdmin275Test:test_rebuild_update_server_275): 200 GET http://10.180.1.21/compute/v2.1/servers/5f1245c7-9ab4-4a4f-b30f-613c00d82612 0.113s
2025-04-03 03:08:41.739 69290 INFO tempest.lib.common.rest_client [req-b6dbf55a-f50c-4afd-8bb2-6ea70569ea29 req-b6dbf55a-f50c-4afd-8bb2-6ea70569ea29 ] Request (ServersTestManualDisk:setUpClass): 200 PUT http://10.180.1.21:9696/networking/v2.0/routers/68abd59c-47c0-438f-989f-ca158d7fe4b3/add_router_interface 1.114s
2025-04-03 03:08:41.740 69290 INFO tempest.lib.common.dynamic_creds [-] Created isolated network resources for: credentials: Credentials: {'domain_id': 'default', 'domain_name': 'Default', 'username': 'tempest-ServersTestManualDisk-1657491269-project-member', 'project_domain_id': 'default', 'project_domain_name': 'Default', 'project_id': 'd42e2bd2bbcd49b3bca0672675b7d7f2', 'project_name': 'tempest-ServersTestManualDisk-1657491269', 'tenant_id': 'd42e2bd2bbcd49b3bca0672675b7d7f2', 'tenant_name': 'tempest-ServersTestManualDisk-1657491269', 'user_domain_id': 'default', 'user_domain_name': 'Default', 'user_id': 'f05039f31a764c959d94e01c20f8ba09', 'system': None}, Network: {'id': '85b0b2b9-63b8-4cba-9a20-e1793ccee003', 'name': 'tempest-ServersTestManualDisk-579145583-network', 'tenant_id': 'd42e2bd2bbcd49b3bca0672675b7d7f2', 'admin_state_up': True, 'mtu': 8950, 'status': 'ACTIVE', 'subnets': [], 'shared': False, 'project_id': 'd42e2bd2bbcd49b3bca0672675b7d7f2', 'port_security_enabled': True, 'router:external': False, 'provider:network_type': 'vlan', 'provider:physical_network': 'default', 'provider:segmentation_id': 565, 'availability_zone_hints': [], 'availability_zones': [], 'ipv4_address_scope': None, 'ipv6_address_scope': None, 'description': '', 'tags': [], 'created_at': '2025-04-03T03:08:39Z', 'updated_at': '2025-04-03T03:08:39Z', 'revision_number': 1}, Subnet: {'id': 'c2aac8d3-180e-43e0-a23c-05c003605367', 'name': 'tempest-ServersTestManualDisk-579145583-subnet', 'tenant_id': 'd42e2bd2bbcd49b3bca0672675b7d7f2', 'network_id': '85b0b2b9-63b8-4cba-9a20-e1793ccee003', 'ip_version': 4, 'subnetpool_id': None, 'enable_dhcp': True, 'ipv6_ra_mode': None, 'ipv6_address_mode': None, 'gateway_ip': '192.168.128.1', 'cidr': '192.168.128.0/28', 'allocation_pools': [{'start': '192.168.128.2', 'end': '192.168.128.14'}], 'host_routes': [], 'dns_nameservers': [], 'description': '', 'router:external': False, 'service_types': [], 'tags': [], 'created_at': '2025-04-03T03:08:39Z', 'updated_at': '2025-04-03T03:08:39Z', 'revision_number': 0, 'project_id': 'd42e2bd2bbcd49b3bca0672675b7d7f2'}, Router: {'id': '68abd59c-47c0-438f-989f-ca158d7fe4b3', 'name': 'tempest-ServersTestManualDisk-579145583-router', 'tenant_id': 'd42e2bd2bbcd49b3bca0672675b7d7f2', 'admin_state_up': True, 'status': 'ACTIVE', 'external_gateway_info': {'network_id': '2e655443-531f-4ee1-800f-d82ebbee175d', 'external_fixed_ips': [{'subnet_id': '4db73499-e546-499b-a5ca-0041f2e0d58d', 'ip_address': '10.180.180.234'}], 'enable_snat': True}, 'description': '', 'availability_zones': [], 'distributed': False, 'ha': False, 'availability_zone_hints': [], 'routes': [], 'flavor_id': None, 'tags': [], 'created_at': '2025-04-03T03:08:39Z', 'updated_at': '2025-04-03T03:08:40Z', 'revision_number': 2, 'project_id': 'd42e2bd2bbcd49b3bca0672675b7d7f2'}
2025-04-03 03:08:41.753 69339 INFO tempest.lib.common.rest_client [req-cca2f5c8-830d-4ae1-aa74-f6fb3f7173e3 req-cca2f5c8-830d-4ae1-aa74-f6fb3f7173e3 ] Request (ServerShowV247Test:test_show_server): 201 POST http://10.180.1.21/identity/v3/auth/tokens 0.090s
2025-04-03 03:08:41.754 69339 INFO tempest.lib.common.fixed_network [-] (ServerShowV247Test:test_show_server) Found network None available for tenant
2025-04-03 03:08:41.835 69290 INFO tempest.lib.common.rest_client [req-dc192928-4623-4d39-a4a0-4704ec02ef0c req-dc192928-4623-4d39-a4a0-4704ec02ef0c ] Request (ServersTestManualDisk:setUpClass): 201 POST http://10.180.1.21/identity/v3/auth/tokens 0.084s
2025-04-03 03:08:41.843 69292 INFO tempest.lib.common.rest_client [req-efcfb660-2c61-4ea2-8fcf-3cd3230e80bd req-efcfb660-2c61-4ea2-8fcf-3cd3230e80bd ] Request (ListServersNegativeTestJSON:tearDownClass): 200 GET http://10.180.1.21/compute/v2.1/servers/a57509a1-3ec5-40a0-a53f-515c4d19839c 0.091s
2025-04-03 03:08:41.905 69305 INFO tempest.lib.common.rest_client [req-c1bebaf3-9a50-499f-a9ff-a0aa357a41d1 req-c1bebaf3-9a50-499f-a9ff-a0aa357a41d1 ] Request (ServerDiagnosticsNegativeTest:test_get_server_diagnostics_by_non_admin): 200 GET http://10.180.1.21/compute/v2.1/servers/75ea79e1-b7ef-4390-a55f-464c55dcbdbf 0.127s
2025-04-03 03:08:41.974 69339 INFO tempest.lib.common.rest_client [req-dc3988a1-9a3a-4feb-8add-8b8588ed1019 req-dc3988a1-9a3a-4feb-8add-8b8588ed1019 ] Request (ServerShowV247Test:test_show_server): 202 POST http://10.180.1.21/compute/v2.1/servers 0.220s
2025-04-03 03:08:41.973 69290 INFO tempest.lib.common.rest_client [req-51f52ab6-18ba-4925-a737-335cdbf1e157 req-51f52ab6-18ba-4925-a737-335cdbf1e157 ] Request (ServersTestManualDisk:setUpClass): 200 POST http://10.180.1.21/compute/v2.1/os-keypairs 0.136s
2025-04-03 03:08:42.034 69311 INFO tempest.lib.common.rest_client [req-096ba431-f0f4-45dc-906f-7ed27dcef9a4 req-096ba431-f0f4-45dc-906f-7ed27dcef9a4 ] Request (ImagesTestJSON:test_create_image_from_suspended_server): 200 GET http://10.180.1.21/compute/v2.1/servers/22d9fb8f-2d76-40af-9304-969dee8b1567 0.179s
2025-04-03 03:08:42.041 69282 INFO tempest.lib.common.rest_client [req-b00d62ac-c269-4467-ac76-5722b5c8fff1 req-b00d62ac-c269-4467-ac76-5722b5c8fff1 ] Request (ServersNegativeTestMultiTenantJSON:setUpClass): 200 GET http://10.180.1.21/compute/v2.1/servers/d9be8677-b7dc-405e-9b09-77bd8b212c5c 0.110s
2025-04-03 03:08:42.100 69290 INFO tempest.lib.common.rest_client [req-fdd8b71a-c85e-4dde-9b3e-c304d4d04e5e req-fdd8b71a-c85e-4dde-9b3e-c304d4d04e5e ] Request (ServersTestManualDisk:setUpClass): 201 POST http://10.180.1.21:9696/networking/v2.0/security-groups 0.122s
2025-04-03 03:08:42.119 69339 INFO tempest.lib.common.rest_client [req-84f3b29a-270c-444e-bdc6-bdc4aeb9da08 req-84f3b29a-270c-444e-bdc6-bdc4aeb9da08 ] Request (ServerShowV247Test:test_show_server): 200 GET http://10.180.1.21/compute/v2.1/servers/b9ec3351-09c4-44ef-a6d1-28392c70b058 0.143s
2025-04-03 03:08:42.127 69313 INFO tempest.lib.common.rest_client [req-d80d1f5b-d964-4c8f-a9a0-5b00bfbf4c87 req-d80d1f5b-d964-4c8f-a9a0-5b00bfbf4c87 ] Request (InstanceActionsTestJSON:tearDownClass): 200 GET http://10.180.1.21/compute/v2.1/servers/d4c99f61-5621-4bff-9bc6-c8c0ca132533 0.109s
2025-04-03 03:08:42.193 69339 INFO tempest.lib.common.rest_client [req-4ac50c23-7ea4-4578-8ccc-2d81756662a1 req-4ac50c23-7ea4-4578-8ccc-2d81756662a1 ] Request (ServerShowV247Test:test_update_rebuild_list_server): 201 POST http://10.180.1.21/identity/v3/auth/tokens 0.051s
2025-04-03 03:08:42.193 69339 INFO tempest.lib.common.fixed_network [-] (ServerShowV247Test:test_update_rebuild_list_server) Found network None available for tenant
2025-04-03 03:08:42.205 69325 INFO tempest.lib.common.rest_client [req-859cbaac-c87d-44a9-8b0d-20510e1c9153 req-859cbaac-c87d-44a9-8b0d-20510e1c9153 ] Request (DeleteServersTestJSON:test_delete_server_while_in_attached_volume): 200 GET http://10.180.1.21/compute/v2.1/servers/637ba32b-97be-465d-a923-4eed68a2bb68 0.113s
2025-04-03 03:08:42.210 69290 INFO tempest.lib.common.rest_client [req-cbf3b54a-8bb9-45f8-a358-03c4e04493b7 req-cbf3b54a-8bb9-45f8-a358-03c4e04493b7 ] Request (ServersTestManualDisk:setUpClass): 201 POST http://10.180.1.21:9696/networking/v2.0/security-group-rules 0.109s
2025-04-03 03:08:42.272 69286 INFO tempest.lib.common.rest_client [req-ee418496-7800-4c37-a0b1-7ccdfe76e8c5 req-ee418496-7800-4c37-a0b1-7ccdfe76e8c5 ] Request (ServersAdminTestJSON:test_create_server_with_scheduling_hint): 200 GET http://10.180.1.21/compute/v2.1/servers/e333dd04-7fd6-465d-9dc0-58f2ce4fb399 0.169s
2025-04-03 03:08:42.283 69299 INFO tempest.lib.common.rest_client [req-51162d8b-316f-4b87-8bc2-3a9550be23b9 req-51162d8b-316f-4b87-8bc2-3a9550be23b9 ] Request (MigrationsAdminTest:test_list_migrations_in_flavor_resize_situation): 200 GET http://10.180.1.21/compute/v2.1/servers/d2b95f0e-0e70-43a2-beb1-bae828ae6967 0.242s
2025-04-03 03:08:42.292 69290 INFO tempest.lib.common.rest_client [req-16f17666-c255-482b-bce5-a3e9af86802c req-16f17666-c255-482b-bce5-a3e9af86802c ] Request (ServersTestManualDisk:setUpClass): 201 POST http://10.180.1.21:9696/networking/v2.0/security-group-rules 0.082s
2025-04-03 03:08:42.338 69315 INFO tempest.lib.common.rest_client [req-d56f5b53-3cfc-4ece-a639-63353bceb97f req-d56f5b53-3cfc-4ece-a639-63353bceb97f ] Request (ListImageFiltersTestJSON:setUpClass): 200 GET http://10.180.1.21/compute/v2.1/servers/a7ef2b37-b7e4-48f3-987b-6b3e3e31e347 0.188s
2025-04-03 03:08:42.348 69288 INFO tempest.lib.common.rest_client [req-cf376023-4f59-4f9a-b1e8-04c65027e65a req-cf376023-4f59-4f9a-b1e8-04c65027e65a ] Request (ServersTestMultiNic:_run_cleanups): 200 GET http://10.180.1.21/compute/v2.1/servers/caadf2f6-d5c1-4bb7-bc84-78731c465a6d 0.179s
2025-04-03 03:08:42.415 69337 INFO tempest.lib.common.rest_client [req-88add1ec-51c6-4755-a5e3-cb33d25ffa84 req-88add1ec-51c6-4755-a5e3-cb33d25ffa84 ] Request (FloatingIPsAssociationTestJSON:tearDownClass): 200 GET http://10.180.1.21/compute/v2.1/servers/4defea80-22a7-4665-bbc7-425c52af00ab 0.196s
2025-04-03 03:08:42.460 69339 INFO tempest.lib.common.rest_client [req-e3d42c7d-cc67-426c-8418-5ddaa2f86e1d req-e3d42c7d-cc67-426c-8418-5ddaa2f86e1d ] Request (ServerShowV247Test:test_update_rebuild_list_server): 202 POST http://10.180.1.21/compute/v2.1/servers 0.266s
2025-04-03 03:08:42.481 69309 INFO tempest.lib.common.rest_client [req-d8aa6680-c9f3-4145-bea3-ecac16394d76 req-d8aa6680-c9f3-4145-bea3-ecac16394d76 ] Request (ServerShowV254Test:test_rebuild_server): 200 GET http://10.180.1.21/compute/v2.1/servers/a1231cce-8493-43ef-892c-428bbfd5144b 0.220s
2025-04-03 03:08:42.505 69323 INFO tempest.lib.common.rest_client [req-bfd66f4e-6f8a-4c79-817d-db55ce658d50 req-bfd66f4e-6f8a-4c79-817d-db55ce658d50 ] Request (ImagesOneServerTestJSON:test_create_delete_image): 200 GET http://10.180.1.21/compute/v2.1/images/795b8179-131e-4966-8b14-98909951cbab 0.240s
2025-04-03 03:08:42.550 69276 INFO tempest.lib.common.rest_client [req-808e14af-9121-4392-8308-e9edfade40e7 req-808e14af-9121-4392-8308-e9edfade40e7 ] Request (AttachInterfacesV270Test:test_create_get_list_interfaces): 200 GET http://10.180.1.21/compute/v2.1/servers/b41059a9-d358-4ab6-9764-31a5d0584f5d 0.229s
2025-04-03 03:08:42.586 69297 INFO tempest.lib.common.rest_client [req-f1b2f47b-eea0-4180-93b5-ada3b5a9ac41 req-f1b2f47b-eea0-4180-93b5-ada3b5a9ac41 ] Request (TenantUsagesTestJSON:tearDownClass): 200 GET http://10.180.1.21/compute/v2.1/servers/a30615b9-3f54-43da-bb2a-b8e6ed38fb47 0.198s
2025-04-03 03:08:42.621 69307 INFO tempest.lib.common.rest_client [req-d1eee1cf-1594-4570-9447-8e31ffbe4e26 req-d1eee1cf-1594-4570-9447-8e31ffbe4e26 ] Request (ServerShowV257Test:test_rebuild_server): 200 GET http://10.180.1.21/compute/v2.1/servers/2068d0d1-b900-45c5-9b18-f96fb161a493 0.199s
2025-04-03 03:08:42.647 69333 INFO tempest.lib.common.rest_client [req-c0643a97-4394-48e1-8876-d1f9bdd2fee3 req-c0643a97-4394-48e1-8876-d1f9bdd2fee3 ] Request (ServersTestFqdnHostnames:test_create_server_with_fqdn_name): 200 GET http://10.180.1.21/compute/v2.1/servers/0f6bc940-b9d6-4f4b-a9cc-454b71abee7f 0.194s
2025-04-03 03:08:42.648 69339 INFO tempest.lib.common.rest_client [req-e9437d27-cd33-4e56-a7d6-83897481ba93 req-e9437d27-cd33-4e56-a7d6-83897481ba93 ] Request (ServerShowV247Test:test_update_rebuild_list_server): 200 PUT http://10.180.1.21/compute/v2.1/servers/95a45975-d70e-4618-9721-5788972df11d 0.186s
2025-04-03 03:08:42.657 69333 INFO tempest.common.waiters [-] State transition "BUILD/None" ==> "BUILD/networking" after 57 second wait
2025-04-03 03:08:42.702 69278 INFO tempest.lib.common.rest_client [req-8405cf9d-9804-4eb3-8156-bb082451797c req-8405cf9d-9804-4eb3-8156-bb082451797c ] Request (ServersAdminNegativeTestJSON:test_migrate_server_invalid_state): 200 GET http://10.180.1.21/compute/v2.1/servers/ea511f6f-216d-476d-8d6a-46d4375263d2 0.212s
2025-04-03 03:08:42.720 69331 WARNING tempest.lib.common.ssh [-] Failed to establish authenticated ssh connection to cirros@10.180.180.165 ([Errno None] Unable to connect to port 22 on 10.180.180.165). Number attempts: 10. Retry after 11 seconds.: paramiko.ssh_exception.NoValidConnectionsError: [Errno None] Unable to connect to port 22 on 10.180.180.165
2025-04-03 03:08:42.729 69284 INFO tempest.lib.common.rest_client [req-6961def8-e6f1-46b9-9d39-91b7629be359 req-6961def8-e6f1-46b9-9d39-91b7629be359 ] Request (ServerAddressesTestJSON:tearDownClass): 200 GET http://10.180.1.21/compute/v2.1/servers/b93c3681-667b-4b48-bfbd-558e83220287 0.088s
2025-04-03 03:08:42.774 69290 INFO tempest.lib.common.rest_client [req-8d200edc-39c3-4b1d-909e-3139832fcebc req-8d200edc-39c3-4b1d-909e-3139832fcebc ] Request (ServersTestManualDisk:setUpClass): 201 POST http://10.180.1.21:9696/networking/v2.0/floatingips 0.481s
2025-04-03 03:08:42.774 69280 INFO tempest.lib.common.rest_client [req-cbcc9475-5f4f-4ca9-9176-3f4beef7d679 req-cbcc9475-5f4f-4ca9-9176-3f4beef7d679 ] Request (ServerRescueNegativeTestJSON:test_rescued_vm_detach_volume): 200 GET http://10.180.1.21/compute/v2.1/servers/5ca439bd-7b4c-42cd-a3b7-c47b0e627935 0.120s
2025-04-03 03:08:42.785 69339 INFO tempest.lib.common.rest_client [req-62f3de37-b206-4544-8d93-b40ec2a2f80c req-62f3de37-b206-4544-8d93-b40ec2a2f80c ] Request (ServerShowV247Test:test_update_rebuild_list_server): 200 GET http://10.180.1.21/compute/v2.1/servers/95a45975-d70e-4618-9721-5788972df11d 0.130s
2025-04-03 03:08:42.824 69290 INFO tempest.lib.common.rest_client [req-44f3be93-37cc-435d-8e14-6525bbb31979 req-44f3be93-37cc-435d-8e14-6525bbb31979 ] Request (ServersTestManualDisk:setUpClass): 201 POST http://10.180.1.21/identity/v3/auth/tokens 0.045s
2025-04-03 03:08:42.824 69290 INFO tempest.lib.common.fixed_network [-] (ServersTestManualDisk:setUpClass) Found network {'id': '85b0b2b9-63b8-4cba-9a20-e1793ccee003', 'name': 'tempest-ServersTestManualDisk-579145583-network', 'tenant_id': 'd42e2bd2bbcd49b3bca0672675b7d7f2', 'admin_state_up': True, 'mtu': 8950, 'status': 'ACTIVE', 'subnets': [], 'shared': False, 'project_id': 'd42e2bd2bbcd49b3bca0672675b7d7f2', 'port_security_enabled': True, 'router:external': False, 'provider:network_type': 'vlan', 'provider:physical_network': 'default', 'provider:segmentation_id': 565, 'availability_zone_hints': [], 'availability_zones': [], 'ipv4_address_scope': None, 'ipv6_address_scope': None, 'description': '', 'tags': [], 'created_at': '2025-04-03T03:08:39Z', 'updated_at': '2025-04-03T03:08:39Z', 'revision_number': 1} available for tenant
2025-04-03 03:08:42.842 69317 INFO tempest.lib.common.rest_client [req-9128bfa6-5301-41ba-8652-a5b26c3cb601 req-9128bfa6-5301-41ba-8652-a5b26c3cb601 ] Request (ServersAdmin275Test:test_rebuild_update_server_275): 200 GET http://10.180.1.21/compute/v2.1/servers/5f1245c7-9ab4-4a4f-b30f-613c00d82612 0.119s
2025-04-03 03:08:42.952 69292 INFO tempest.lib.common.rest_client [req-261d8542-1d2f-4f8a-b6fa-4fdf62be460d req-261d8542-1d2f-4f8a-b6fa-4fdf62be460d ] Request (ListServersNegativeTestJSON:tearDownClass): 200 GET http://10.180.1.21/compute/v2.1/servers/a57509a1-3ec5-40a0-a53f-515c4d19839c 0.098s
2025-04-03 03:08:43.023 69305 INFO tempest.lib.common.rest_client [req-66552e3f-7930-4dd6-b8be-13b5cd711917 req-66552e3f-7930-4dd6-b8be-13b5cd711917 ] Request (ServerDiagnosticsNegativeTest:test_get_server_diagnostics_by_non_admin): 200 GET http://10.180.1.21/compute/v2.1/servers/75ea79e1-b7ef-4390-a55f-464c55dcbdbf 0.107s
2025-04-03 03:08:43.141 69311 INFO tempest.lib.common.rest_client [req-fbea68b9-ab54-472c-80a8-e29593e75045 req-fbea68b9-ab54-472c-80a8-e29593e75045 ] Request (ImagesTestJSON:test_create_image_from_suspended_server): 200 GET http://10.180.1.21/compute/v2.1/servers/22d9fb8f-2d76-40af-9304-969dee8b1567 0.099s
2025-04-03 03:08:43.194 69282 INFO tempest.lib.common.rest_client [req-64b0870a-d104-4fe8-b85e-c4a280e673b3 req-64b0870a-d104-4fe8-b85e-c4a280e673b3 ] Request (ServersNegativeTestMultiTenantJSON:setUpClass): 200 GET http://10.180.1.21/compute/v2.1/servers/d9be8677-b7dc-405e-9b09-77bd8b212c5c 0.145s
2025-04-03 03:08:43.257 69313 INFO tempest.lib.common.rest_client [req-37e74bbe-bbee-4226-aa6a-b8e2c80b24ea req-37e74bbe-bbee-4226-aa6a-b8e2c80b24ea ] Request (InstanceActionsTestJSON:tearDownClass): 200 GET http://10.180.1.21/compute/v2.1/servers/d4c99f61-5621-4bff-9bc6-c8c0ca132533 0.119s
2025-04-03 03:08:43.298 69290 INFO tempest.lib.common.rest_client [req-fe7b6bed-a3f8-4c44-9ccd-3e9c197d58f6 req-fe7b6bed-a3f8-4c44-9ccd-3e9c197d58f6 ] Request (ServersTestManualDisk:setUpClass): 202 POST http://10.180.1.21/compute/v2.1/servers 0.473s
2025-04-03 03:08:43.316 69325 INFO tempest.lib.common.rest_client [req-4ddaacb5-cf92-4d9f-8669-8d86a7ffc355 req-4ddaacb5-cf92-4d9f-8669-8d86a7ffc355 ] Request (DeleteServersTestJSON:test_delete_server_while_in_attached_volume): 200 GET http://10.180.1.21/compute/v2.1/servers/637ba32b-97be-465d-a923-4eed68a2bb68 0.102s
2025-04-03 03:08:43.359 69286 INFO tempest.lib.common.rest_client [req-187e55fe-f9a0-4a8a-af8c-2a5de5288348 req-187e55fe-f9a0-4a8a-af8c-2a5de5288348 ] Request (ServersAdminTestJSON:test_create_server_with_scheduling_hint): 200 GET http://10.180.1.21/compute/v2.1/servers/e333dd04-7fd6-465d-9dc0-58f2ce4fb399 0.075s
2025-04-03 03:08:43.410 69290 INFO tempest.lib.common.rest_client [req-ee9300f9-8cd3-41fb-940f-aab1f47d63e0 req-ee9300f9-8cd3-41fb-940f-aab1f47d63e0 ] Request (ServersTestManualDisk:setUpClass): 200 GET http://10.180.1.21/compute/v2.1/servers/e24e6be9-3686-47e4-99a4-459576dc7dfc 0.110s
2025-04-03 03:08:43.430 69299 INFO tempest.lib.common.rest_client [req-656435b9-7a6d-4dc3-b485-6a82d140c229 req-656435b9-7a6d-4dc3-b485-6a82d140c229 ] Request (MigrationsAdminTest:test_list_migrations_in_flavor_resize_situation): 200 GET http://10.180.1.21/compute/v2.1/servers/d2b95f0e-0e70-43a2-beb1-bae828ae6967 0.136s
2025-04-03 03:08:43.462 69315 INFO tempest.lib.common.rest_client [req-abfa93c3-4e91-4b18-9d7a-ebdad2e7f418 req-abfa93c3-4e91-4b18-9d7a-ebdad2e7f418 ] Request (ListImageFiltersTestJSON:setUpClass): 200 GET http://10.180.1.21/compute/v2.1/servers/a7ef2b37-b7e4-48f3-987b-6b3e3e31e347 0.116s
2025-04-03 03:08:43.489 69288 INFO tempest.lib.common.rest_client [req-5f407cdd-9799-48c1-ae91-c46f0e852bb4 req-5f407cdd-9799-48c1-ae91-c46f0e852bb4 ] Request (ServersTestMultiNic:_run_cleanups): 200 GET http://10.180.1.21/compute/v2.1/servers/caadf2f6-d5c1-4bb7-bc84-78731c465a6d 0.131s
2025-04-03 03:08:43.524 69337 INFO tempest.lib.common.rest_client [req-7ddb5903-9824-4be9-9337-a1b85a4794ee req-7ddb5903-9824-4be9-9337-a1b85a4794ee ] Request (FloatingIPsAssociationTestJSON:tearDownClass): 200 GET http://10.180.1.21/compute/v2.1/servers/4defea80-22a7-4665-bbc7-425c52af00ab 0.096s
2025-04-03 03:08:43.552 69309 INFO tempest.lib.common.rest_client [req-7ad70a39-eaf0-4c6d-a1b9-bc3cc006bc2f req-7ad70a39-eaf0-4c6d-a1b9-bc3cc006bc2f ] Request (ServerShowV254Test:test_rebuild_server): 200 GET http://10.180.1.21/compute/v2.1/servers/a1231cce-8493-43ef-892c-428bbfd5144b 0.056s
2025-04-03 03:08:43.566 69323 INFO tempest.lib.common.rest_client [req-e196ef4a-f725-4098-b42d-925dafac8657 req-e196ef4a-f725-4098-b42d-925dafac8657 ] Request (ImagesOneServerTestJSON:test_create_delete_image): 200 GET http://10.180.1.21/compute/v2.1/images/795b8179-131e-4966-8b14-98909951cbab 0.057s
2025-04-03 03:08:43.627 69276 INFO tempest.lib.common.rest_client [req-b36588d2-4383-4817-9af9-58657cdc1450 req-b36588d2-4383-4817-9af9-58657cdc1450 ] Request (AttachInterfacesV270Test:test_create_get_list_interfaces): 200 GET http://10.180.1.21/compute/v2.1/servers/b41059a9-d358-4ab6-9764-31a5d0584f5d 0.058s
2025-04-03 03:08:43.675 69297 INFO tempest.lib.common.rest_client [req-861efbe7-db92-45e4-9eb9-2aba5db4ad80 req-861efbe7-db92-45e4-9eb9-2aba5db4ad80 ] Request (TenantUsagesTestJSON:tearDownClass): 200 GET http://10.180.1.21/compute/v2.1/servers/a30615b9-3f54-43da-bb2a-b8e6ed38fb47 0.076s
2025-04-03 03:08:43.699 69307 INFO tempest.lib.common.rest_client [req-b6152e4a-f21e-4c6a-a869-3ed279f5c5f2 req-b6152e4a-f21e-4c6a-a869-3ed279f5c5f2 ] Request (ServerShowV257Test:test_rebuild_server): 200 GET http://10.180.1.21/compute/v2.1/servers/2068d0d1-b900-45c5-9b18-f96fb161a493 0.066s
2025-04-03 03:08:43.788 69278 INFO tempest.lib.common.rest_client [req-ecd42f70-9b1c-4d50-980e-0489d9650a4d req-ecd42f70-9b1c-4d50-980e-0489d9650a4d ] Request (ServersAdminNegativeTestJSON:test_migrate_server_invalid_state): 200 GET http://10.180.1.21/compute/v2.1/servers/ea511f6f-216d-476d-8d6a-46d4375263d2 0.073s
2025-04-03 03:08:43.822 69333 INFO tempest.lib.common.rest_client [req-2672089c-6b9c-4db5-9b3d-d21c87bd11a7 req-2672089c-6b9c-4db5-9b3d-d21c87bd11a7 ] Request (ServersTestFqdnHostnames:test_create_server_with_fqdn_name): 200 GET http://10.180.1.21/compute/v2.1/servers/0f6bc940-b9d6-4f4b-a9cc-454b71abee7f 0.163s
2025-04-03 03:08:43.831 69333 INFO tempest.common.waiters [-] State transition "BUILD/networking" ==> "BUILD/spawning" after 58 second wait
2025-04-03 03:08:43.859 69284 INFO tempest.lib.common.rest_client [req-9c0cfbc9-6a61-4230-81e0-c0de0dd483c6 req-9c0cfbc9-6a61-4230-81e0-c0de0dd483c6 ] Request (ServerAddressesTestJSON:tearDownClass): 200 GET http://10.180.1.21/compute/v2.1/servers/b93c3681-667b-4b48-bfbd-558e83220287 0.115s
2025-04-03 03:08:43.875 69280 INFO tempest.lib.common.rest_client [req-5bb38d09-b237-4368-b205-0d6c08653a84 req-5bb38d09-b237-4368-b205-0d6c08653a84 ] Request (ServerRescueNegativeTestJSON:test_rescued_vm_detach_volume): 200 GET http://10.180.1.21/compute/v2.1/servers/5ca439bd-7b4c-42cd-a3b7-c47b0e627935 0.092s
2025-04-03 03:08:43.929 69339 INFO tempest.lib.common.rest_client [req-69df1dda-bec0-4296-9ac3-4bdb9c6f112b req-69df1dda-bec0-4296-9ac3-4bdb9c6f112b ] Request (ServerShowV247Test:test_update_rebuild_list_server): 200 GET http://10.180.1.21/compute/v2.1/servers/95a45975-d70e-4618-9721-5788972df11d 0.131s
2025-04-03 03:08:43.935 69317 INFO tempest.lib.common.rest_client [req-56367622-412c-4b14-956f-0b514bb6a364 req-56367622-412c-4b14-956f-0b514bb6a364 ] Request (ServersAdmin275Test:test_rebuild_update_server_275): 200 GET http://10.180.1.21/compute/v2.1/servers/5f1245c7-9ab4-4a4f-b30f-613c00d82612 0.082s
2025-04-03 03:08:44.031 69292 INFO tempest.lib.common.rest_client [req-d9979025-3b87-41a0-a435-b96434f7288f req-d9979025-3b87-41a0-a435-b96434f7288f ] Request (ListServersNegativeTestJSON:tearDownClass): 200 GET http://10.180.1.21/compute/v2.1/servers/a57509a1-3ec5-40a0-a53f-515c4d19839c 0.071s
2025-04-03 03:08:44.088 69305 INFO tempest.lib.common.rest_client [req-3baea987-c75a-48b7-bd3d-6d10397d38c6 req-3baea987-c75a-48b7-bd3d-6d10397d38c6 ] Request (ServerDiagnosticsNegativeTest:test_get_server_diagnostics_by_non_admin): 200 GET http://10.180.1.21/compute/v2.1/servers/75ea79e1-b7ef-4390-a55f-464c55dcbdbf 0.053s
2025-04-03 03:08:44.191 69303 WARNING tempest.lib.common.ssh [-] Failed to establish authenticated ssh connection to cirros@10.180.180.196 ([Errno None] Unable to connect to port 22 on 10.180.180.196). Number attempts: 10. Retry after 11 seconds.: paramiko.ssh_exception.NoValidConnectionsError: [Errno None] Unable to connect to port 22 on 10.180.180.196
2025-04-03 03:08:44.202 69311 INFO tempest.lib.common.rest_client [req-3917d8ce-17c2-4710-8705-d7e1c4513767 req-3917d8ce-17c2-4710-8705-d7e1c4513767 ] Request (ImagesTestJSON:test_create_image_from_suspended_server): 200 GET http://10.180.1.21/compute/v2.1/servers/22d9fb8f-2d76-40af-9304-969dee8b1567 0.052s
2025-04-03 03:08:44.259 69294 WARNING tempest.lib.common.ssh [-] Failed to establish authenticated ssh connection to cirros@10.180.180.191 ([Errno None] Unable to connect to port 22 on 10.180.180.191). Number attempts: 11. Retry after 12 seconds.: paramiko.ssh_exception.NoValidConnectionsError: [Errno None] Unable to connect to port 22 on 10.180.180.191
2025-04-03 03:08:44.264 69282 INFO tempest.lib.common.rest_client [req-6cd05751-b540-467d-bcb7-fafc830942a9 req-6cd05751-b540-467d-bcb7-fafc830942a9 ] Request (ServersNegativeTestMultiTenantJSON:setUpClass): 200 GET http://10.180.1.21/compute/v2.1/servers/d9be8677-b7dc-405e-9b09-77bd8b212c5c 0.053s
2025-04-03 03:08:44.334 69313 INFO tempest.lib.common.rest_client [req-2f841041-5311-43f0-84d5-85b1ac80aaf8 req-2f841041-5311-43f0-84d5-85b1ac80aaf8 ] Request (InstanceActionsTestJSON:tearDownClass): 200 GET http://10.180.1.21/compute/v2.1/servers/d4c99f61-5621-4bff-9bc6-c8c0ca132533 0.069s
2025-04-03 03:08:44.382 69325 INFO tempest.lib.common.rest_client [req-ebd8b46b-107c-483b-a260-947256b70344 req-ebd8b46b-107c-483b-a260-947256b70344 ] Request (DeleteServersTestJSON:test_delete_server_while_in_attached_volume): 200 GET http://10.180.1.21/compute/v2.1/servers/637ba32b-97be-465d-a923-4eed68a2bb68 0.057s
2025-04-03 03:08:44.435 69286 INFO tempest.lib.common.rest_client [req-134fc804-e394-48f4-a332-7945b86cda2b req-134fc804-e394-48f4-a332-7945b86cda2b ] Request (ServersAdminTestJSON:test_create_server_with_scheduling_hint): 200 GET http://10.180.1.21/compute/v2.1/servers/e333dd04-7fd6-465d-9dc0-58f2ce4fb399 0.067s
2025-04-03 03:08:44.453 69327 WARNING tempest.lib.common.ssh [-] Failed to establish authenticated ssh connection to cirros@10.180.180.161 ([Errno None] Unable to connect to port 22 on 10.180.180.161). Number attempts: 3. Retry after 4 seconds.: paramiko.ssh_exception.NoValidConnectionsError: [Errno None] Unable to connect to port 22 on 10.180.180.161
2025-04-03 03:08:44.472 69290 INFO tempest.lib.common.rest_client [req-8faf711f-3def-42e8-b713-34d82f904710 req-8faf711f-3def-42e8-b713-34d82f904710 ] Request (ServersTestManualDisk:setUpClass): 200 GET http://10.180.1.21/compute/v2.1/servers/e24e6be9-3686-47e4-99a4-459576dc7dfc 0.052s
2025-04-03 03:08:44.756 69315 INFO tempest.lib.common.rest_client [req-add2dcf1-09a0-483f-8963-1f1d1daa2228 req-add2dcf1-09a0-483f-8963-1f1d1daa2228 ] Request (ListImageFiltersTestJSON:setUpClass): 200 GET http://10.180.1.21/compute/v2.1/servers/a7ef2b37-b7e4-48f3-987b-6b3e3e31e347 0.283s
2025-04-03 03:08:44.830 69288 INFO tempest.lib.common.rest_client [req-a7eef2e1-33e8-4850-aff9-d1645988e953 req-a7eef2e1-33e8-4850-aff9-d1645988e953 ] Request (ServersTestMultiNic:_run_cleanups): 200 GET http://10.180.1.21/compute/v2.1/servers/caadf2f6-d5c1-4bb7-bc84-78731c465a6d 0.331s
2025-04-03 03:08:44.844 69299 INFO tempest.lib.common.rest_client [req-9173c0c7-8f57-4dd1-94f8-d06ab9514716 req-9173c0c7-8f57-4dd1-94f8-d06ab9514716 ] Request (MigrationsAdminTest:test_list_migrations_in_flavor_resize_situation): 200 GET http://10.180.1.21/compute/v2.1/servers/d2b95f0e-0e70-43a2-beb1-bae828ae6967 0.399s
2025-04-03 03:08:44.912 69337 INFO tempest.lib.common.rest_client [req-ad293227-8fb1-4bc8-884c-7d4c6f7956e9 req-ad293227-8fb1-4bc8-884c-7d4c6f7956e9 ] Request (FloatingIPsAssociationTestJSON:tearDownClass): 200 GET http://10.180.1.21/compute/v2.1/servers/4defea80-22a7-4665-bbc7-425c52af00ab 0.378s
2025-04-03 03:08:44.936 69309 INFO tempest.lib.common.rest_client [req-9f8cc0eb-0654-451e-bfd6-1f44e88ebb68 req-9f8cc0eb-0654-451e-bfd6-1f44e88ebb68 ] Request (ServerShowV254Test:test_rebuild_server): 200 GET http://10.180.1.21/compute/v2.1/servers/a1231cce-8493-43ef-892c-428bbfd5144b 0.370s
2025-04-03 03:08:44.972 69323 INFO tempest.lib.common.rest_client [req-c68465c3-d19c-4246-b416-a2eeb20eed4a req-c68465c3-d19c-4246-b416-a2eeb20eed4a ] Request (ImagesOneServerTestJSON:test_create_delete_image): 200 GET http://10.180.1.21/compute/v2.1/images/795b8179-131e-4966-8b14-98909951cbab 0.402s
2025-04-03 03:08:44.987 69276 INFO tempest.lib.common.rest_client [req-ddf773bf-9433-43f4-bb04-990bc432775c req-ddf773bf-9433-43f4-bb04-990bc432775c ] Request (AttachInterfacesV270Test:test_create_get_list_interfaces): 200 GET http://10.180.1.21/compute/v2.1/servers/b41059a9-d358-4ab6-9764-31a5d0584f5d 0.346s
2025-04-03 03:08:45.044 69297 INFO tempest.lib.common.rest_client [req-eebce8a7-8bb2-41b5-b0a9-19e330d4fabf req-eebce8a7-8bb2-41b5-b0a9-19e330d4fabf ] Request (TenantUsagesTestJSON:tearDownClass): 200 GET http://10.180.1.21/compute/v2.1/servers/a30615b9-3f54-43da-bb2a-b8e6ed38fb47 0.360s
2025-04-03 03:08:45.051 69307 INFO tempest.lib.common.rest_client [req-bb1f34b0-7991-40f5-af8b-589f59e996de req-bb1f34b0-7991-40f5-af8b-589f59e996de ] Request (ServerShowV257Test:test_rebuild_server): 200 GET http://10.180.1.21/compute/v2.1/servers/2068d0d1-b900-45c5-9b18-f96fb161a493 0.342s
2025-04-03 03:08:45.105 69278 INFO tempest.lib.common.rest_client [req-243362a4-a648-4ffc-a916-fc54f7a9e43f req-243362a4-a648-4ffc-a916-fc54f7a9e43f ] Request (ServersAdminNegativeTestJSON:test_migrate_server_invalid_state): 200 GET http://10.180.1.21/compute/v2.1/servers/ea511f6f-216d-476d-8d6a-46d4375263d2 0.308s
2025-04-03 03:08:45.106 69335 WARNING tempest.lib.common.ssh [-] Failed to establish authenticated ssh connection to cirros@10.180.180.140 ([Errno None] Unable to connect to port 22 on 10.180.180.140). Number attempts: 8. Retry after 9 seconds.: paramiko.ssh_exception.NoValidConnectionsError: [Errno None] Unable to connect to port 22 on 10.180.180.140
2025-04-03 03:08:45.150 69333 INFO tempest.lib.common.rest_client [req-f9f26c35-d6a4-456b-8bf7-e118758690cc req-f9f26c35-d6a4-456b-8bf7-e118758690cc ] Request (ServersTestFqdnHostnames:test_create_server_with_fqdn_name): 200 GET http://10.180.1.21/compute/v2.1/servers/0f6bc940-b9d6-4f4b-a9cc-454b71abee7f 0.313s
2025-04-03 03:08:45.168 69284 INFO tempest.lib.common.rest_client [req-5d737628-c68b-490c-9ed9-37da5c2770dc req-5d737628-c68b-490c-9ed9-37da5c2770dc ] Request (ServerAddressesTestJSON:tearDownClass): 200 GET http://10.180.1.21/compute/v2.1/servers/b93c3681-667b-4b48-bfbd-558e83220287 0.295s
2025-04-03 03:08:45.199 69280 INFO tempest.lib.common.rest_client [req-131673c6-2fcb-4be2-9436-0a15b72b71fe req-131673c6-2fcb-4be2-9436-0a15b72b71fe ] Request (ServerRescueNegativeTestJSON:test_rescued_vm_detach_volume): 200 GET http://10.180.1.21/compute/v2.1/servers/5ca439bd-7b4c-42cd-a3b7-c47b0e627935 0.317s
2025-04-03 03:08:45.221 69339 INFO tempest.lib.common.rest_client [req-2dfabd46-4a42-46a1-9c5e-c45039c45d34 req-2dfabd46-4a42-46a1-9c5e-c45039c45d34 ] Request (ServerShowV247Test:test_update_rebuild_list_server): 200 GET http://10.180.1.21/compute/v2.1/servers/95a45975-d70e-4618-9721-5788972df11d 0.282s
2025-04-03 03:08:45.250 69317 INFO tempest.lib.common.rest_client [req-cb3c3e06-620f-4aae-95f0-8837d55580fa req-cb3c3e06-620f-4aae-95f0-8837d55580fa ] Request (ServersAdmin275Test:test_rebuild_update_server_275): 200 GET http://10.180.1.21/compute/v2.1/servers/5f1245c7-9ab4-4a4f-b30f-613c00d82612 0.304s
2025-04-03 03:08:45.272 69292 INFO tempest.lib.common.rest_client [req-96f7ed6d-bc7e-4622-80bd-81eccbecb22e req-96f7ed6d-bc7e-4622-80bd-81eccbecb22e ] Request (ListServersNegativeTestJSON:tearDownClass): 200 GET http://10.180.1.21/compute/v2.1/servers/a57509a1-3ec5-40a0-a53f-515c4d19839c 0.228s
2025-04-03 03:08:45.296 69305 INFO tempest.lib.common.rest_client [req-ab64f58a-7437-4456-acad-965caa7ac4eb req-ab64f58a-7437-4456-acad-965caa7ac4eb ] Request (ServerDiagnosticsNegativeTest:test_get_server_diagnostics_by_non_admin): 200 GET http://10.180.1.21/compute/v2.1/servers/75ea79e1-b7ef-4390-a55f-464c55dcbdbf 0.200s
2025-04-03 03:08:45.319 69311 INFO tempest.lib.common.rest_client [req-2a55376f-9863-472a-8b04-49719c893674 req-2a55376f-9863-472a-8b04-49719c893674 ] Request (ImagesTestJSON:test_create_image_from_suspended_server): 200 GET http://10.180.1.21/compute/v2.1/servers/22d9fb8f-2d76-40af-9304-969dee8b1567 0.109s
2025-04-03 03:08:45.344 69282 INFO tempest.lib.common.rest_client [req-688a6a03-002e-4278-88f9-3f1b798c3577 req-688a6a03-002e-4278-88f9-3f1b798c3577 ] Request (ServersNegativeTestMultiTenantJSON:setUpClass): 200 GET http://10.180.1.21/compute/v2.1/servers/d9be8677-b7dc-405e-9b09-77bd8b212c5c 0.071s
2025-04-03 03:08:45.399 69313 INFO tempest.lib.common.rest_client [req-64eea62a-0f9f-4fbb-b4c1-794feae8e8c4 req-64eea62a-0f9f-4fbb-b4c1-794feae8e8c4 ] Request (InstanceActionsTestJSON:tearDownClass): 200 GET http://10.180.1.21/compute/v2.1/servers/d4c99f61-5621-4bff-9bc6-c8c0ca132533 0.057s
2025-04-03 03:08:45.446 69325 INFO tempest.lib.common.rest_client [req-5af4c37f-135b-4360-978c-4761bc247404 req-5af4c37f-135b-4360-978c-4761bc247404 ] Request (DeleteServersTestJSON:test_delete_server_while_in_attached_volume): 200 GET http://10.180.1.21/compute/v2.1/servers/637ba32b-97be-465d-a923-4eed68a2bb68 0.054s
2025-04-03 03:08:45.497 69286 INFO tempest.lib.common.rest_client [req-11151cc6-c7a9-442a-8fbd-bf74d51a8bc3 req-11151cc6-c7a9-442a-8fbd-bf74d51a8bc3 ] Request (ServersAdminTestJSON:test_create_server_with_scheduling_hint): 200 GET http://10.180.1.21/compute/v2.1/servers/e333dd04-7fd6-465d-9dc0-58f2ce4fb399 0.050s
2025-04-03 03:08:45.536 69290 INFO tempest.lib.common.rest_client [req-8384e377-d6c0-44f4-8d19-8c356e69c738 req-8384e377-d6c0-44f4-8d19-8c356e69c738 ] Request (ServersTestManualDisk:setUpClass): 200 GET http://10.180.1.21/compute/v2.1/servers/e24e6be9-3686-47e4-99a4-459576dc7dfc 0.053s
2025-04-03 03:08:45.833 69315 INFO tempest.lib.common.rest_client [req-456da8af-1253-4f0c-b698-fe21e20a9e37 req-456da8af-1253-4f0c-b698-fe21e20a9e37 ] Request (ListImageFiltersTestJSON:setUpClass): 200 GET http://10.180.1.21/compute/v2.1/servers/a7ef2b37-b7e4-48f3-987b-6b3e3e31e347 0.067s
2025-04-03 03:08:45.903 69288 INFO tempest.lib.common.rest_client [req-e0f8d3b8-4b6b-4cc5-ba21-dd7da0e3778e req-e0f8d3b8-4b6b-4cc5-ba21-dd7da0e3778e ] Request (ServersTestMultiNic:_run_cleanups): 200 GET http://10.180.1.21/compute/v2.1/servers/caadf2f6-d5c1-4bb7-bc84-78731c465a6d 0.061s
2025-04-03 03:08:45.955 69299 INFO tempest.lib.common.rest_client [req-513f7f0b-c90c-42cf-9165-182607a0ee9e req-513f7f0b-c90c-42cf-9165-182607a0ee9e ] Request (MigrationsAdminTest:test_list_migrations_in_flavor_resize_situation): 200 GET http://10.180.1.21/compute/v2.1/servers/d2b95f0e-0e70-43a2-beb1-bae828ae6967 0.100s
2025-04-03 03:08:45.985 69337 INFO tempest.lib.common.rest_client [req-32655c88-922a-4fce-b563-6b4f933ba4a0 req-32655c88-922a-4fce-b563-6b4f933ba4a0 ] Request (FloatingIPsAssociationTestJSON:tearDownClass): 200 GET http://10.180.1.21/compute/v2.1/servers/4defea80-22a7-4665-bbc7-425c52af00ab 0.062s
2025-04-03 03:08:46.008 69309 INFO tempest.lib.common.rest_client [req-4047bde5-2f2f-42f0-b35a-2946b5eed2ba req-4047bde5-2f2f-42f0-b35a-2946b5eed2ba ] Request (ServerShowV254Test:test_rebuild_server): 200 GET http://10.180.1.21/compute/v2.1/servers/a1231cce-8493-43ef-892c-428bbfd5144b 0.060s
2025-04-03 03:08:46.017 69323 INFO tempest.lib.common.rest_client [req-e8d355f6-e2c2-40d9-82a7-9dbca12916f2 req-e8d355f6-e2c2-40d9-82a7-9dbca12916f2 ] Request (ImagesOneServerTestJSON:test_create_delete_image): 200 GET http://10.180.1.21/compute/v2.1/images/795b8179-131e-4966-8b14-98909951cbab 0.037s
2025-04-03 03:08:46.053 69323 INFO tempest.lib.common.rest_client [req-a48af07e-d7ff-4eb6-a689-8cf2f32a8800 req-a48af07e-d7ff-4eb6-a689-8cf2f32a8800 ] Request (ImagesOneServerTestJSON:test_create_delete_image): 200 GET http://10.180.1.21/compute/v2.1/images/795b8179-131e-4966-8b14-98909951cbab 0.032s
2025-04-03 03:08:46.066 69276 INFO tempest.lib.common.rest_client [req-486be4b9-b90f-4108-86c8-079fe1025f17 req-486be4b9-b90f-4108-86c8-079fe1025f17 ] Request (AttachInterfacesV270Test:test_create_get_list_interfaces): 200 GET http://10.180.1.21/compute/v2.1/servers/b41059a9-d358-4ab6-9764-31a5d0584f5d 0.067s
2025-04-03 03:08:46.114 69297 INFO tempest.lib.common.rest_client [req-53940575-b21c-448b-8151-45b81ecccc44 req-53940575-b21c-448b-8151-45b81ecccc44 ] Request (TenantUsagesTestJSON:tearDownClass): 200 GET http://10.180.1.21/compute/v2.1/servers/a30615b9-3f54-43da-bb2a-b8e6ed38fb47 0.063s
2025-04-03 03:08:46.164 69307 INFO tempest.lib.common.rest_client [req-eb78c99c-94fd-4675-980c-6c29bb688b00 req-eb78c99c-94fd-4675-980c-6c29bb688b00 ] Request (ServerShowV257Test:test_rebuild_server): 200 GET http://10.180.1.21/compute/v2.1/servers/2068d0d1-b900-45c5-9b18-f96fb161a493 0.102s
2025-04-03 03:08:46.193 69323 INFO tempest.lib.common.rest_client [req-ce1fdea9-e565-465b-ac1d-bc8d66593dfd req-ce1fdea9-e565-465b-ac1d-bc8d66593dfd ] Request (ImagesOneServerTestJSON:test_create_delete_image): 200 GET http://10.180.1.21/compute/v2.1/servers/273c49d9-4798-49ae-9b8b-6029dd52c5ad 0.134s
2025-04-03 03:08:46.217 69278 INFO tempest.lib.common.rest_client [req-ed846432-0d04-4467-b460-475ca5a9642a req-ed846432-0d04-4467-b460-475ca5a9642a ] Request (ServersAdminNegativeTestJSON:test_migrate_server_invalid_state): 200 GET http://10.180.1.21/compute/v2.1/servers/ea511f6f-216d-476d-8d6a-46d4375263d2 0.102s
2025-04-03 03:08:46.273 69284 INFO tempest.lib.common.rest_client [req-955b5040-0b14-4708-99fa-07a0dfd3b40e req-955b5040-0b14-4708-99fa-07a0dfd3b40e ] Request (ServerAddressesTestJSON:tearDownClass): 200 GET http://10.180.1.21/compute/v2.1/servers/b93c3681-667b-4b48-bfbd-558e83220287 0.096s
2025-04-03 03:08:46.285 69333 INFO tempest.lib.common.rest_client [req-de18c8e1-7e35-4502-bf93-5136512d4e29 req-de18c8e1-7e35-4502-bf93-5136512d4e29 ] Request (ServersTestFqdnHostnames:test_create_server_with_fqdn_name): 200 GET http://10.180.1.21/compute/v2.1/servers/0f6bc940-b9d6-4f4b-a9cc-454b71abee7f 0.126s
2025-04-03 03:08:46.318 69280 INFO tempest.lib.common.rest_client [req-81752eb8-8e05-4763-b682-071fdaae8c6c req-81752eb8-8e05-4763-b682-071fdaae8c6c ] Request (ServerRescueNegativeTestJSON:test_rescued_vm_detach_volume): 200 GET http://10.180.1.21/compute/v2.1/servers/5ca439bd-7b4c-42cd-a3b7-c47b0e627935 0.105s
2025-04-03 03:08:46.333 69339 INFO tempest.lib.common.rest_client [req-c4c6e541-7f13-4781-a278-cc66e25a5dcc req-c4c6e541-7f13-4781-a278-cc66e25a5dcc ] Request (ServerShowV247Test:test_update_rebuild_list_server): 200 GET http://10.180.1.21/compute/v2.1/servers/95a45975-d70e-4618-9721-5788972df11d 0.103s
2025-04-03 03:08:46.370 69317 INFO tempest.lib.common.rest_client [req-bba51eed-5770-47a3-9fd8-0db129a55a26 req-bba51eed-5770-47a3-9fd8-0db129a55a26 ] Request (ServersAdmin275Test:test_rebuild_update_server_275): 200 GET http://10.180.1.21/compute/v2.1/servers/5f1245c7-9ab4-4a4f-b30f-613c00d82612 0.107s
2025-04-03 03:08:46.387 69292 INFO tempest.lib.common.rest_client [req-b29527a4-1b9c-4a30-9a0e-4ee240a370f9 req-b29527a4-1b9c-4a30-9a0e-4ee240a370f9 ] Request (ListServersNegativeTestJSON:tearDownClass): 200 GET http://10.180.1.21/compute/v2.1/servers/a57509a1-3ec5-40a0-a53f-515c4d19839c 0.107s
2025-04-03 03:08:46.416 69305 INFO tempest.lib.common.rest_client [req-f8fbccb5-21e2-4021-be26-b6950dffb691 req-f8fbccb5-21e2-4021-be26-b6950dffb691 ] Request (ServerDiagnosticsNegativeTest:test_get_server_diagnostics_by_non_admin): 200 GET http://10.180.1.21/compute/v2.1/servers/75ea79e1-b7ef-4390-a55f-464c55dcbdbf 0.113s
2025-04-03 03:08:46.433 69311 INFO tempest.lib.common.rest_client [req-2452e0be-8836-4a31-aae8-76d4fa38f891 req-2452e0be-8836-4a31-aae8-76d4fa38f891 ] Request (ImagesTestJSON:test_create_image_from_suspended_server): 200 GET http://10.180.1.21/compute/v2.1/servers/22d9fb8f-2d76-40af-9304-969dee8b1567 0.105s
2025-04-03 03:08:46.467 69282 INFO tempest.lib.common.rest_client [req-d780c7d2-3cdd-4323-bad5-8776bde6b3dc req-d780c7d2-3cdd-4323-bad5-8776bde6b3dc ] Request (ServersNegativeTestMultiTenantJSON:setUpClass): 200 GET http://10.180.1.21/compute/v2.1/servers/d9be8677-b7dc-405e-9b09-77bd8b212c5c 0.116s
2025-04-03 03:08:46.488 69313 INFO tempest.lib.common.rest_client [req-c90118d4-ba6f-413c-bce2-ed6627ad19e0 req-c90118d4-ba6f-413c-bce2-ed6627ad19e0 ] Request (InstanceActionsTestJSON:tearDownClass): 200 GET http://10.180.1.21/compute/v2.1/servers/d4c99f61-5621-4bff-9bc6-c8c0ca132533 0.080s
2025-04-03 03:08:46.517 69325 INFO tempest.lib.common.rest_client [req-3a143e6e-0cf5-416c-9da3-688f6cd1cd8a req-3a143e6e-0cf5-416c-9da3-688f6cd1cd8a ] Request (DeleteServersTestJSON:test_delete_server_while_in_attached_volume): 200 GET http://10.180.1.21/compute/v2.1/servers/637ba32b-97be-465d-a923-4eed68a2bb68 0.064s
2025-04-03 03:08:46.554 69286 INFO tempest.lib.common.rest_client [req-629a10b3-5973-4a70-b4c5-9f2321a5fcc2 req-629a10b3-5973-4a70-b4c5-9f2321a5fcc2 ] Request (ServersAdminTestJSON:test_create_server_with_scheduling_hint): 200 GET http://10.180.1.21/compute/v2.1/servers/e333dd04-7fd6-465d-9dc0-58f2ce4fb399 0.050s
2025-04-03 03:08:46.597 69290 INFO tempest.lib.common.rest_client [req-28a4310a-9d5e-4aaa-b24a-8e37e42db477 req-28a4310a-9d5e-4aaa-b24a-8e37e42db477 ] Request (ServersTestManualDisk:setUpClass): 200 GET http://10.180.1.21/compute/v2.1/servers/e24e6be9-3686-47e4-99a4-459576dc7dfc 0.053s
2025-04-03 03:08:46.904 69315 INFO tempest.lib.common.rest_client [req-74ffc59c-bb74-49bd-91ba-30cbdc0155e3 req-74ffc59c-bb74-49bd-91ba-30cbdc0155e3 ] Request (ListImageFiltersTestJSON:setUpClass): 200 GET http://10.180.1.21/compute/v2.1/servers/a7ef2b37-b7e4-48f3-987b-6b3e3e31e347 0.060s
2025-04-03 03:08:46.967 69288 INFO tempest.lib.common.rest_client [req-45d48dc7-4ca0-4d99-a37a-0cba0fc03403 req-45d48dc7-4ca0-4d99-a37a-0cba0fc03403 ] Request (ServersTestMultiNic:_run_cleanups): 200 GET http://10.180.1.21/compute/v2.1/servers/caadf2f6-d5c1-4bb7-bc84-78731c465a6d 0.057s
2025-04-03 03:08:47.052 69337 INFO tempest.lib.common.rest_client [req-b6e1eb3a-d053-4e49-9760-486c0ebf554d req-b6e1eb3a-d053-4e49-9760-486c0ebf554d ] Request (FloatingIPsAssociationTestJSON:tearDownClass): 200 GET http://10.180.1.21/compute/v2.1/servers/4defea80-22a7-4665-bbc7-425c52af00ab 0.058s
2025-04-03 03:08:47.064 69299 INFO tempest.lib.common.rest_client [req-daa4a2dc-3645-44a7-8bd3-4ae61120d235 req-daa4a2dc-3645-44a7-8bd3-4ae61120d235 ] Request (MigrationsAdminTest:test_list_migrations_in_flavor_resize_situation): 200 GET http://10.180.1.21/compute/v2.1/servers/d2b95f0e-0e70-43a2-beb1-bae828ae6967 0.100s
2025-04-03 03:08:47.103 69309 INFO tempest.lib.common.rest_client [req-832750e9-07f8-400c-92f0-e9e8b16e76af req-832750e9-07f8-400c-92f0-e9e8b16e76af ] Request (ServerShowV254Test:test_rebuild_server): 200 GET http://10.180.1.21/compute/v2.1/servers/a1231cce-8493-43ef-892c-428bbfd5144b 0.085s
2025-04-03 03:08:47.114 69309 INFO tempest.common.waiters [-] State transition "REBUILD/rebuild_spawning" ==> "ACTIVE/None" after 9 second wait
2025-04-03 03:08:47.132 69309 INFO tempest.lib.common.rest_client [req-56ccd40b-0658-4639-a509-7400cc39da8d req-56ccd40b-0658-4639-a509-7400cc39da8d ] Request (ServerShowV254Test:_run_cleanups): 204 DELETE http://10.180.1.21/compute/v2.1/os-keypairs/tempest-ServerShowV254Test-keypair-918599042 0.018s
2025-04-03 03:08:47.138 69276 INFO tempest.lib.common.rest_client [req-05ab559d-d59c-4661-9441-04cd3ea1d293 req-05ab559d-d59c-4661-9441-04cd3ea1d293 ] Request (AttachInterfacesV270Test:test_create_get_list_interfaces): 200 GET http://10.180.1.21/compute/v2.1/servers/b41059a9-d358-4ab6-9764-31a5d0584f5d 0.059s
2025-04-03 03:08:47.193 69297 INFO tempest.lib.common.rest_client [req-c45319f8-82d2-4b75-92e8-0669b7ca7903 req-c45319f8-82d2-4b75-92e8-0669b7ca7903 ] Request (TenantUsagesTestJSON:tearDownClass): 200 GET http://10.180.1.21/compute/v2.1/servers/a30615b9-3f54-43da-bb2a-b8e6ed38fb47 0.070s
2025-04-03 03:08:47.209 69309 INFO tempest.lib.common.rest_client [req-39463324-5a8d-4bcb-a9c3-7c06d1835a32 req-39463324-5a8d-4bcb-a9c3-7c06d1835a32 ] Request (ServerShowV254Test:tearDownClass): 204 DELETE http://10.180.1.21/compute/v2.1/servers/a1231cce-8493-43ef-892c-428bbfd5144b 0.072s
2025-04-03 03:08:47.252 69307 INFO tempest.lib.common.rest_client [req-285548c3-2e5a-4469-94aa-3b7f846caba3 req-285548c3-2e5a-4469-94aa-3b7f846caba3 ] Request (ServerShowV257Test:test_rebuild_server): 200 GET http://10.180.1.21/compute/v2.1/servers/2068d0d1-b900-45c5-9b18-f96fb161a493 0.079s
2025-04-03 03:08:47.300 69309 INFO tempest.lib.common.rest_client [req-9368bca5-e8f7-47c7-87f7-0add751b4b5a req-9368bca5-e8f7-47c7-87f7-0add751b4b5a ] Request (ServerShowV254Test:tearDownClass): 200 GET http://10.180.1.21/compute/v2.1/servers/a1231cce-8493-43ef-892c-428bbfd5144b 0.090s
2025-04-03 03:08:47.310 69323 INFO tempest.lib.common.rest_client [req-3b745518-a00a-4878-a208-577011baeabb req-3b745518-a00a-4878-a208-577011baeabb ] Request (ImagesOneServerTestJSON:test_create_delete_image): 200 GET http://10.180.1.21/compute/v2.1/servers/273c49d9-4798-49ae-9b8b-6029dd52c5ad 0.108s
2025-04-03 03:08:47.316 69323 INFO tempest.common.waiters [-] State transition "ACTIVE/image_uploading" ==> "ACTIVE/None" after 1 second wait
2025-04-03 03:08:47.345 69278 INFO tempest.lib.common.rest_client [req-38ea6af8-243b-4275-ab38-21d6997d7f95 req-38ea6af8-243b-4275-ab38-21d6997d7f95 ] Request (ServersAdminNegativeTestJSON:test_migrate_server_invalid_state): 200 GET http://10.180.1.21/compute/v2.1/servers/ea511f6f-216d-476d-8d6a-46d4375263d2 0.120s
2025-04-03 03:08:47.358 69284 INFO tempest.lib.common.rest_client [req-5d5c8a4b-2adf-40de-b1f0-20f4b21a24db req-5d5c8a4b-2adf-40de-b1f0-20f4b21a24db ] Request (ServerAddressesTestJSON:tearDownClass): 200 GET http://10.180.1.21/compute/v2.1/servers/b93c3681-667b-4b48-bfbd-558e83220287 0.078s
2025-04-03 03:08:47.390 69323 INFO tempest.lib.common.rest_client [req-32773767-880b-4400-b5bc-05bdbcde9d5b req-32773767-880b-4400-b5bc-05bdbcde9d5b ] Request (ImagesOneServerTestJSON:test_create_delete_image): 200 GET http://10.180.1.21/compute/v2.1/images/882df2ee-ba10-4414-bfef-c49b3d1e121a 0.074s
2025-04-03 03:08:47.438 69333 INFO tempest.lib.common.rest_client [req-da63ba5e-f8bc-4440-afb8-d0439e36e8ec req-da63ba5e-f8bc-4440-afb8-d0439e36e8ec ] Request (ServersTestFqdnHostnames:test_create_server_with_fqdn_name): 200 GET http://10.180.1.21/compute/v2.1/servers/0f6bc940-b9d6-4f4b-a9cc-454b71abee7f 0.144s
