2025-04-03 03:06:39.036 69315 INFO tempest.lib.common.rest_client [req-7f01e2c5-0e6a-4e74-80ad-9cd4be12bbcd req-7f01e2c5-0e6a-4e74-80ad-9cd4be12bbcd ] Request (HypervisorAdminV253TestBase:test_list_show_detail_hypervisors): 200 GET http://10.180.1.21/compute/v2.1/os-hypervisors/detail?with_servers=True 1.382s
2025-04-03 03:06:39.079 69307 INFO tempest.lib.common.rest_client [req-6e55d22c-3a88-4b34-8a75-562a809e43e8 req-6e55d22c-3a88-4b34-8a75-562a809e43e8 ] Request (AZAdminNegativeTestJSON:tearDownClass): 200 GET http://10.180.1.21:9696/networking/v2.0/security-groups?tenant_id=2b06b877bcf347dd874348ebe97531b7&name=default 0.225s
2025-04-03 03:06:39.080 69319 INFO tempest.lib.common.rest_client [req-2049d53e-d59e-4010-b9b4-7734755256fd req-2049d53e-d59e-4010-b9b4-7734755256fd ] Request (QuotasSecurityGroupAdminNegativeTest:tearDownClass): 204 DELETE http://10.180.1.21/identity/v3/projects/148708b9765043dfa0e824808cbc21a9 0.069s
2025-04-03 03:06:39.081 69319 INFO tempest.test [-] raised in SpiceDirectConsoleTestJSON.setUpClass. Invoking tearDownClass.
2025-04-03 03:06:39.092 69303 INFO tempest.lib.common.rest_client [req-d81a45a4-5113-46b6-bac5-57e19cbd20c2 req-d81a45a4-5113-46b6-bac5-57e19cbd20c2 ] Request (ServersWithSpecificFlavorTestJSON:setUpClass): 201 POST http://10.180.1.21:9696/networking/v2.0/subnets 0.313s
2025-04-03 03:06:39.099 69280 INFO tempest.lib.common.rest_client [req-87be2258-67f9-4d5a-a63a-7053b5861ac4 req-87be2258-67f9-4d5a-a63a-7053b5861ac4 ] Request (ListImagesTestJSON:tearDownClass): 204 DELETE http://10.180.1.21/identity/v3/projects/cca4e657c99340229520bf7ef5486883 0.074s
2025-04-03 03:06:39.101 69278 INFO tempest.lib.common.rest_client [req-94fb6a4c-8acd-45b0-810d-b2a126e92fc2 req-94fb6a4c-8acd-45b0-810d-b2a126e92fc2 ] Request (ServerDiagnosticsV248Test:test_get_server_diagnostics): 202 POST http://10.180.1.21/compute/v2.1/servers 1.498s
2025-04-03 03:06:39.149 69319 INFO tempest.lib.common.rest_client [req-96e9c027-f661-47f9-8135-01f0245ea931 req-96e9c027-f661-47f9-8135-01f0245ea931 ] Request (TestVersions:setUpClass): 201 POST http://10.180.1.21/identity/v3/auth/tokens 0.065s
2025-04-03 03:06:39.174 69280 INFO tempest.lib.common.rest_client [req-dc7a332b-bd90-4d5c-9b1b-d18f1e8617c8 req-dc7a332b-bd90-4d5c-9b1b-d18f1e8617c8 ] Request (ServerRescueNegativeTestJSON:setUpClass): 201 POST http://10.180.1.21/identity/v3/auth/tokens 0.073s
2025-04-03 03:06:39.223 69319 INFO tempest.lib.common.rest_client [req-822596e9-a17e-40e4-94a2-6ca279d638c7 req-822596e9-a17e-40e4-94a2-6ca279d638c7 ] Request (TestVersions:setUpClass): 201 POST http://10.180.1.21/identity/v3/auth/tokens 0.072s
2025-04-03 03:06:39.224 69305 INFO tempest.lib.common.rest_client [req-3e68620e-11b7-428a-84ee-39701e43e5ea req-3e68620e-11b7-428a-84ee-39701e43e5ea ] Request (FlavorsAdminTestJSON:test_create_flavor_using_string_ram): 200 POST http://10.180.1.21/compute/v2.1/flavors 1.560s
2025-04-03 03:06:39.249 69280 INFO tempest.lib.common.rest_client [req-e6dedd6b-17f8-4248-b9cd-1c7a7ee98a0e req-e6dedd6b-17f8-4248-b9cd-1c7a7ee98a0e ] Request (ServerRescueNegativeTestJSON:setUpClass): 201 POST http://10.180.1.21/identity/v3/auth/tokens 0.069s
2025-04-03 03:06:39.267 69327 INFO tempest.lib.common.rest_client [req-5c673299-27de-44bc-a125-fefacec8eec7 req-5c673299-27de-44bc-a125-fefacec8eec7 ] Request (FlavorsV261TestJSON:test_crud_flavor): 200 POST http://10.180.1.21/compute/v2.1/flavors 1.547s
2025-04-03 03:06:39.267 69319 INFO tempest.lib.common.rest_client [req-285a1916-43b8-47a3-b89a-8ad442fe9801 req-285a1916-43b8-47a3-b89a-8ad442fe9801 ] Request (TestVersions:setUpClass): 200 GET http://10.180.1.21/identity/v3/domains?name=Default 0.043s
2025-04-03 03:06:39.296 69280 INFO tempest.lib.common.rest_client [req-fb197180-4983-4765-8e56-182349454e47 req-fb197180-4983-4765-8e56-182349454e47 ] Request (ServerRescueNegativeTestJSON:setUpClass): 200 GET http://10.180.1.21/identity/v3/domains?name=Default 0.047s
2025-04-03 03:06:39.325 69307 INFO tempest.lib.common.rest_client [req-72cf9b61-b726-4f36-b9eb-1ee74e7744ac req-72cf9b61-b726-4f36-b9eb-1ee74e7744ac ] Request (AZAdminNegativeTestJSON:tearDownClass): 204 DELETE http://10.180.1.21:9696/networking/v2.0/security-groups/b3856332-e9c8-4345-a227-d115ae02e408 0.245s
2025-04-03 03:06:39.338 69319 INFO tempest.lib.common.rest_client [req-8a93ea5d-296b-4929-b332-8a5e9f4f75eb req-8a93ea5d-296b-4929-b332-8a5e9f4f75eb ] Request (TestVersions:setUpClass): 201 POST http://10.180.1.21/identity/v3/projects 0.071s
2025-04-03 03:06:39.345 69331 INFO tempest.lib.common.rest_client [req-15ac1cb2-e59c-45ae-8121-180a75b9b8a9 req-15ac1cb2-e59c-45ae-8121-180a75b9b8a9 ] Request (VolumesAssistedSnapshotsTest:setUpClass): 201 POST http://10.180.1.21:9696/networking/v2.0/subnets 0.326s
2025-04-03 03:06:39.406 69280 INFO tempest.lib.common.rest_client [req-60938caa-5fd9-4158-aef4-db5d2d39ac91 req-60938caa-5fd9-4158-aef4-db5d2d39ac91 ] Request (ServerRescueNegativeTestJSON:setUpClass): 201 POST http://10.180.1.21/identity/v3/projects 0.110s
2025-04-03 03:06:39.442 69307 INFO tempest.lib.common.rest_client [req-50e0a64f-46d3-4a31-b4af-5c7c27d1e2b6 req-50e0a64f-46d3-4a31-b4af-5c7c27d1e2b6 ] Request (AZAdminNegativeTestJSON:tearDownClass): 204 DELETE http://10.180.1.21/identity/v3/projects/2b06b877bcf347dd874348ebe97531b7 0.116s
2025-04-03 03:06:39.442 69307 INFO tempest.lib.common.dynamic_creds [-] Deleting project and security group for project: 2058c3a924b94d19b15c7e5be63713e4
2025-04-03 03:06:39.502 69319 INFO tempest.lib.common.rest_client [req-14f027bf-5a9b-4b30-bfd4-ffc558a93d48 req-14f027bf-5a9b-4b30-bfd4-ffc558a93d48 ] Request (TestVersions:setUpClass): 201 POST http://10.180.1.21/identity/v3/users 0.163s
2025-04-03 03:06:39.504 69280 INFO tempest.lib.common.rest_client [req-7e904201-2368-4355-8c07-521925c5d9b3 req-7e904201-2368-4355-8c07-521925c5d9b3 ] Request (ServerRescueNegativeTestJSON:setUpClass): 201 POST http://10.180.1.21/identity/v3/users 0.096s
2025-04-03 03:06:39.527 69319 INFO tempest.lib.common.rest_client [req-32ee5e8b-0658-46d8-8623-cb5ec61d141e req-32ee5e8b-0658-46d8-8623-cb5ec61d141e ] Request (TestVersions:setUpClass): 200 GET http://10.180.1.21/identity/v3/roles 0.024s
2025-04-03 03:06:39.546 69280 INFO tempest.lib.common.rest_client [req-3c34f2a8-540f-46dc-86b7-945f33bec6b8 req-3c34f2a8-540f-46dc-86b7-945f33bec6b8 ] Request (ServerRescueNegativeTestJSON:setUpClass): 200 GET http://10.180.1.21/identity/v3/roles 0.042s
2025-04-03 03:06:39.575 69319 INFO tempest.lib.common.rest_client [req-3419a613-84ac-4449-84bb-166038e2f467 req-3419a613-84ac-4449-84bb-166038e2f467 ] Request (TestVersions:setUpClass): 204 PUT http://10.180.1.21/identity/v3/projects/8a3b3f2082204d9e8f3e4c50f38869c4/users/be54649130c349f588cca775b2d23782/roles/ac5c0980ecb5466886989ceb170c9faf 0.047s
2025-04-03 03:06:39.575 69319 INFO tempest.lib.common.dynamic_creds [-] Dynamic test user be54649130c349f588cca775b2d23782 is created with scope project and roles: ['member']
2025-04-03 03:06:39.576 69319 INFO tempest.lib.common.dynamic_creds [-] Acquired dynamic creds: credentials: Credentials: {'domain_id': 'default', 'domain_name': 'Default', 'username': 'tempest-TestVersions-1257905599-project-member', 'project_domain_id': 'default', 'project_domain_name': 'Default', 'project_id': '8a3b3f2082204d9e8f3e4c50f38869c4', 'project_name': 'tempest-TestVersions-1257905599', 'tenant_id': '8a3b3f2082204d9e8f3e4c50f38869c4', 'tenant_name': 'tempest-TestVersions-1257905599', 'user_domain_id': 'default', 'user_domain_name': 'Default', 'user_id': 'be54649130c349f588cca775b2d23782', 'system': None}, Network: None, Subnet: None, Router: None
2025-04-03 03:06:39.576 69319 INFO tempest.lib.common.dynamic_creds [-] Created isolated network resources for: credentials: Credentials: {'domain_id': 'default', 'domain_name': 'Default', 'username': 'tempest-TestVersions-1257905599-project-member', 'project_domain_id': 'default', 'project_domain_name': 'Default', 'project_id': '8a3b3f2082204d9e8f3e4c50f38869c4', 'project_name': 'tempest-TestVersions-1257905599', 'tenant_id': '8a3b3f2082204d9e8f3e4c50f38869c4', 'tenant_name': 'tempest-TestVersions-1257905599', 'user_domain_id': 'default', 'user_domain_name': 'Default', 'user_id': 'be54649130c349f588cca775b2d23782', 'system': None}, Network: None, Subnet: None, Router: None
2025-04-03 03:06:39.650 69280 INFO tempest.lib.common.rest_client [req-e8325960-95fc-4585-919b-cc9848d51b86 req-e8325960-95fc-4585-919b-cc9848d51b86 ] Request (ServerRescueNegativeTestJSON:setUpClass): 204 PUT http://10.180.1.21/identity/v3/projects/dac999d2e6df41619f2a1235c56b3d45/users/82cc159d7e1048bda364aa828e03aab9/roles/ac5c0980ecb5466886989ceb170c9faf 0.104s
2025-04-03 03:06:39.650 69280 INFO tempest.lib.common.dynamic_creds [-] Dynamic test user 82cc159d7e1048bda364aa828e03aab9 is created with scope project and roles: ['member']
2025-04-03 03:06:39.651 69280 INFO tempest.lib.common.dynamic_creds [-] Acquired dynamic creds: credentials: Credentials: {'domain_id': 'default', 'domain_name': 'Default', 'username': 'tempest-ServerRescueNegativeTestJSON-614152468-project-member', 'project_domain_id': 'default', 'project_domain_name': 'Default', 'project_id': 'dac999d2e6df41619f2a1235c56b3d45', 'project_name': 'tempest-ServerRescueNegativeTestJSON-614152468', 'tenant_id': 'dac999d2e6df41619f2a1235c56b3d45', 'tenant_name': 'tempest-ServerRescueNegativeTestJSON-614152468', 'user_domain_id': 'default', 'user_domain_name': 'Default', 'user_id': '82cc159d7e1048bda364aa828e03aab9', 'system': None}, Network: None, Subnet: None, Router: None
2025-04-03 03:06:39.698 69307 INFO tempest.lib.common.rest_client [req-aef637b4-ae8b-4752-b141-72099dbd63ea req-aef637b4-ae8b-4752-b141-72099dbd63ea ] Request (AZAdminNegativeTestJSON:tearDownClass): 200 GET http://10.180.1.21:9696/networking/v2.0/security-groups?tenant_id=2058c3a924b94d19b15c7e5be63713e4&name=default 0.256s
2025-04-03 03:06:39.713 69292 INFO tempest.lib.common.rest_client [req-77236415-2951-4ddf-84c9-7dd6ed5ea8a5 req-77236415-2951-4ddf-84c9-7dd6ed5ea8a5 ] Request (QuotasAdminTestV236:test_get_updated_quotas): 200 PUT http://10.180.1.21/compute/v2.1/os-quota-sets/a4bd2d0e78f14ff38e4a4118240c0ac8 1.989s
2025-04-03 03:06:39.727 69280 INFO tempest.lib.common.rest_client [req-07c0934d-f831-451d-b824-681cfe153112 req-07c0934d-f831-451d-b824-681cfe153112 ] Request (ServerRescueNegativeTestJSON:setUpClass): 201 POST http://10.180.1.21/identity/v3/auth/tokens 0.076s
2025-04-03 03:06:39.731 69319 INFO tempest.lib.common.rest_client [req-b275c790-2c75-46d3-8627-1bb32937ca79 req-b275c790-2c75-46d3-8627-1bb32937ca79 ] Request (TestVersions:setUpClass): 201 POST http://10.180.1.21/identity/v3/auth/tokens 0.150s
2025-04-03 03:06:39.760 69317 INFO tempest.lib.common.rest_client [req-00918511-1102-479d-b9de-87e0e8e883f5 req-00918511-1102-479d-b9de-87e0e8e883f5 ] Request (DeleteServersAdminTestJSON:test_admin_delete_servers_of_others): 202 POST http://10.180.1.21/compute/v2.1/servers 1.986s
2025-04-03 03:06:39.850 69299 INFO tempest.lib.common.rest_client [req-318ed1c5-c9a6-43aa-90a6-3f12e70c968d req-318ed1c5-c9a6-43aa-90a6-3f12e70c968d ] Request (FlavorsExtraSpecsTestJSON:setUpClass): 200 POST http://10.180.1.21/compute/v2.1/flavors 2.062s
2025-04-03 03:06:39.854 69339 INFO tempest.lib.common.rest_client [req-c3006a9b-4791-43ac-8453-349ada229d6f req-c3006a9b-4791-43ac-8453-349ada229d6f ] Request (TenantUsagesNegativeTestJSON:test_get_usage_tenant_with_empty_tenant_id): 404 GET http://10.180.1.21/compute/v2.1/os-simple-tenant-usage/?start=2025-04-02T03%3A06%3A37.831752&end=2025-04-04T03%3A06%3A37.831752 2.022s
2025-04-03 03:06:39.862 69339 WARNING tempest.lib.common.rest_client [-] Deprecated: "tenant_id" property is deprecated for removal, use "project_id" instead
2025-04-03 03:06:39.888 69307 INFO tempest.lib.common.rest_client [req-1df45609-25cc-4f64-996c-12c26bda88eb req-1df45609-25cc-4f64-996c-12c26bda88eb ] Request (AZAdminNegativeTestJSON:tearDownClass): 204 DELETE http://10.180.1.21:9696/networking/v2.0/security-groups/1c737dfd-8251-4855-9d6b-381e81511b1a 0.189s
2025-04-03 03:06:39.935 69321 INFO tempest.lib.common.rest_client [req-2198f585-a9e2-4846-bf2b-afa07b72eb5a req-2198f585-a9e2-4846-bf2b-afa07b72eb5a ] Request (FlavorsV255TestJSON:test_crud_flavor): 200 POST http://10.180.1.21/compute/v2.1/flavors 2.088s
2025-04-03 03:06:39.992 69331 INFO tempest.lib.common.rest_client [req-3e61d511-99a3-4df1-b677-d902f5c43669 req-3e61d511-99a3-4df1-b677-d902f5c43669 ] Request (VolumesAssistedSnapshotsTest:setUpClass): 201 POST http://10.180.1.21:9696/networking/v2.0/routers 0.647s
2025-04-03 03:06:40.017 69307 INFO tempest.lib.common.rest_client [req-724fc33d-2908-4535-a3d6-16d3e369a0b9 req-724fc33d-2908-4535-a3d6-16d3e369a0b9 ] Request (AZAdminNegativeTestJSON:tearDownClass): 204 DELETE http://10.180.1.21/identity/v3/projects/2058c3a924b94d19b15c7e5be63713e4 0.127s
2025-04-03 03:06:40.088 69307 INFO tempest.lib.common.rest_client [req-b7d227bf-5b5f-43ae-9726-6ef45ad57aab req-b7d227bf-5b5f-43ae-9726-6ef45ad57aab ] Request (FlavorsAccessNegativeTestJSON:setUpClass): 201 POST http://10.180.1.21/identity/v3/auth/tokens 0.069s
2025-04-03 03:06:40.089 69303 INFO tempest.lib.common.rest_client [req-c4e5d6f4-3d1a-4fdf-878b-959e676afee0 req-c4e5d6f4-3d1a-4fdf-878b-959e676afee0 ] Request (ServersWithSpecificFlavorTestJSON:setUpClass): 201 POST http://10.180.1.21:9696/networking/v2.0/routers 0.996s
2025-04-03 03:06:40.116 69307 INFO tempest.lib.common.rest_client [req-69eefaf1-c582-4b87-b247-e3c2e5c8ea9f req-69eefaf1-c582-4b87-b247-e3c2e5c8ea9f ] Request (FlavorsAccessNegativeTestJSON:setUpClass): 201 POST http://10.180.1.21/identity/v3/auth/tokens 0.026s
2025-04-03 03:06:40.144 69307 INFO tempest.lib.common.rest_client [req-f14ec403-6e3b-49dc-ab2a-0a025535347b req-f14ec403-6e3b-49dc-ab2a-0a025535347b ] Request (FlavorsAccessNegativeTestJSON:setUpClass): 200 GET http://10.180.1.21/identity/v3/domains?name=Default 0.027s
2025-04-03 03:06:40.177 69307 INFO tempest.lib.common.rest_client [req-f163160e-f8bd-4a8c-b12e-0bc364b075a1 req-f163160e-f8bd-4a8c-b12e-0bc364b075a1 ] Request (FlavorsAccessNegativeTestJSON:setUpClass): 201 POST http://10.180.1.21/identity/v3/projects 0.032s
2025-04-03 03:06:40.178 69280 INFO tempest.lib.common.rest_client [req-f758e61a-aaca-4e03-bc34-b342b5307b20 req-f758e61a-aaca-4e03-bc34-b342b5307b20 ] Request (ServerRescueNegativeTestJSON:setUpClass): 201 POST http://10.180.1.21:9696/networking/v2.0/networks 0.450s
2025-04-03 03:06:40.243 69307 INFO tempest.lib.common.rest_client [req-04adcf7e-c226-40cf-9c6e-b18fe079b9b0 req-04adcf7e-c226-40cf-9c6e-b18fe079b9b0 ] Request (FlavorsAccessNegativeTestJSON:setUpClass): 201 POST http://10.180.1.21/identity/v3/users 0.065s
2025-04-03 03:06:40.267 69307 INFO tempest.lib.common.rest_client [req-4d1ca7a9-8c67-4868-b09a-c85bee772e14 req-4d1ca7a9-8c67-4868-b09a-c85bee772e14 ] Request (FlavorsAccessNegativeTestJSON:setUpClass): 200 GET http://10.180.1.21/identity/v3/roles 0.024s
2025-04-03 03:06:40.300 69307 INFO tempest.lib.common.rest_client [req-ad06995d-595d-4cf4-9980-1ef8490f66ef req-ad06995d-595d-4cf4-9980-1ef8490f66ef ] Request (FlavorsAccessNegativeTestJSON:setUpClass): 204 PUT http://10.180.1.21/identity/v3/projects/d1e2d844b4b24da785f0a45e8a1c07b4/users/66d0a900e3b7472793e9323944310810/roles/ac5c0980ecb5466886989ceb170c9faf 0.032s
2025-04-03 03:06:40.300 69307 INFO tempest.lib.common.dynamic_creds [-] Dynamic test user 66d0a900e3b7472793e9323944310810 is created with scope project and roles: ['member']
2025-04-03 03:06:40.300 69307 INFO tempest.lib.common.dynamic_creds [-] Acquired dynamic creds: credentials: Credentials: {'domain_id': 'default', 'domain_name': 'Default', 'username': 'tempest-FlavorsAccessNegativeTestJSON-1073786921-project-member', 'project_domain_id': 'default', 'project_domain_name': 'Default', 'project_id': 'd1e2d844b4b24da785f0a45e8a1c07b4', 'project_name': 'tempest-FlavorsAccessNegativeTestJSON-1073786921', 'tenant_id': 'd1e2d844b4b24da785f0a45e8a1c07b4', 'tenant_name': 'tempest-FlavorsAccessNegativeTestJSON-1073786921', 'user_domain_id': 'default', 'user_domain_name': 'Default', 'user_id': '66d0a900e3b7472793e9323944310810', 'system': None}, Network: None, Subnet: None, Router: None
2025-04-03 03:06:40.300 69307 INFO tempest.lib.common.dynamic_creds [-] Created isolated network resources for: credentials: Credentials: {'domain_id': 'default', 'domain_name': 'Default', 'username': 'tempest-FlavorsAccessNegativeTestJSON-1073786921-project-member', 'project_domain_id': 'default', 'project_domain_name': 'Default', 'project_id': 'd1e2d844b4b24da785f0a45e8a1c07b4', 'project_name': 'tempest-FlavorsAccessNegativeTestJSON-1073786921', 'tenant_id': 'd1e2d844b4b24da785f0a45e8a1c07b4', 'tenant_name': 'tempest-FlavorsAccessNegativeTestJSON-1073786921', 'user_domain_id': 'default', 'user_domain_name': 'Default', 'user_id': '66d0a900e3b7472793e9323944310810', 'system': None}, Network: None, Subnet: None, Router: None
2025-04-03 03:06:40.382 69307 INFO tempest.lib.common.rest_client [req-bac64053-cf16-4ef1-8d39-2029fa66da38 req-bac64053-cf16-4ef1-8d39-2029fa66da38 ] Request (FlavorsAccessNegativeTestJSON:setUpClass): 201 POST http://10.180.1.21/identity/v3/auth/tokens 0.077s
2025-04-03 03:06:40.414 69311 INFO tempest.lib.common.rest_client [req-9d073a52-1f81-45d3-85af-f9e0056e5301 req-9d073a52-1f81-45d3-85af-f9e0056e5301 ] Request (SecurityGroupsTestAdminJSON:test_list_security_groups_list_all_tenants_filter): 200 POST http://10.180.1.21/compute/v2.1/os-security-groups 2.465s
2025-04-03 03:06:40.446 69282 INFO tempest.lib.common.rest_client [req-36a1a714-618e-4ef5-8a52-d4f59e3360eb req-36a1a714-618e-4ef5-8a52-d4f59e3360eb ] Request (HostsAdminTestJSON:test_list_hosts_with_a_blank_zone): 200 GET http://10.180.1.21/compute/v2.1/os-hosts?zone= 2.312s
2025-04-03 03:06:40.471 69307 INFO tempest.lib.common.rest_client [req-a45de3df-3b5f-4b36-8a41-2b1bb78ededa req-a45de3df-3b5f-4b36-8a41-2b1bb78ededa ] Request (FlavorsAccessNegativeTestJSON:setUpClass): 201 POST http://10.180.1.21/identity/v3/projects 0.088s
2025-04-03 03:06:40.489 69280 INFO tempest.lib.common.rest_client [req-507620b3-8934-45b1-be92-a72fb81b7e79 req-507620b3-8934-45b1-be92-a72fb81b7e79 ] Request (ServerRescueNegativeTestJSON:setUpClass): 201 POST http://10.180.1.21:9696/networking/v2.0/subnets 0.310s
2025-04-03 03:06:40.557 69307 INFO tempest.lib.common.rest_client [req-266c3350-cfe6-4e74-a367-43f43b1af479 req-266c3350-cfe6-4e74-a367-43f43b1af479 ] Request (FlavorsAccessNegativeTestJSON:setUpClass): 201 POST http://10.180.1.21/identity/v3/users 0.086s
2025-04-03 03:06:40.594 69307 INFO tempest.lib.common.rest_client [req-7ec7c33a-ad17-4bd7-8c17-d19bb2e09f2a req-7ec7c33a-ad17-4bd7-8c17-d19bb2e09f2a ] Request (FlavorsAccessNegativeTestJSON:setUpClass): 200 GET http://10.180.1.21/identity/v3/roles 0.036s
2025-04-03 03:06:40.637 69307 INFO tempest.lib.common.rest_client [req-265ff5a0-2c08-4988-a720-7460c90f36cd req-265ff5a0-2c08-4988-a720-7460c90f36cd ] Request (FlavorsAccessNegativeTestJSON:setUpClass): 204 PUT http://10.180.1.21/identity/v3/projects/e9f081fa47834d58968cacc73486ed0c/users/a5d5f6e748a64d1a81dbd6bf8e29277e/roles/1d57818a49704931a2ddd4551fcddbce 0.043s
2025-04-03 03:06:40.661 69335 INFO tempest.lib.common.rest_client [req-7d5d581d-2da9-4cf4-8c04-9082d388357c req-7d5d581d-2da9-4cf4-8c04-9082d388357c ] Request (InstanceUsageAuditLogNegativeTestJSON:test_instance_usage_audit_logs_with_nonadmin_user): 403 GET http://10.180.1.21/compute/v2.1/os-instance_usage_audit_log 2.514s
2025-04-03 03:06:40.685 69288 INFO tempest.lib.common.rest_client [req-df50e296-4f5d-4301-991f-fd69e83b9eaa req-df50e296-4f5d-4301-991f-fd69e83b9eaa ] Request (HypervisorAdminUnderV252Test:test_search_hypervisor): 200 GET http://10.180.1.21/compute/v2.1/os-hypervisors/domain-c8.fc996f14-c53b-4953-92e3-bdfa48f5cc28/search 2.499s
2025-04-03 03:06:40.704 69337 INFO tempest.lib.common.rest_client [req-fceb38fd-92ee-48b2-91c9-257bf0420bb3 req-fceb38fd-92ee-48b2-91c9-257bf0420bb3 ] Request (FloatingIPsAssociationTestJSON:setUpClass): 202 POST http://10.180.1.21/compute/v2.1/servers 2.814s
2025-04-03 03:06:40.705 69307 INFO tempest.lib.common.rest_client [req-6b338bf8-55cd-4727-b256-91c4c312be04 req-6b338bf8-55cd-4727-b256-91c4c312be04 ] Request (FlavorsAccessNegativeTestJSON:setUpClass): 200 GET http://10.180.1.21/identity/v3/roles 0.067s
2025-04-03 03:06:40.716 69286 INFO tempest.lib.common.rest_client [req-bb0b5c17-6929-4005-a1ef-a62b4aff0ff6 req-bb0b5c17-6929-4005-a1ef-a62b4aff0ff6 ] Request (AggregatesAdminNegativeTestJSON:_run_cleanups): 200 DELETE http://10.180.1.21/compute/v2.1/os-aggregates/3 2.501s
2025-04-03 03:06:40.752 69333 INFO tempest.lib.common.rest_client [req-b0339db2-e5be-43e1-9b6e-0871f460f31a req-b0339db2-e5be-43e1-9b6e-0871f460f31a ] Request (KeyPairsV2TestJSON:test_keypairs_create_list_delete): 200 POST http://10.180.1.21/compute/v2.1/os-keypairs 2.518s
2025-04-03 03:06:40.772 69276 INFO tempest.lib.common.rest_client [req-aa140e71-3f34-4d97-8426-de92e6db8ac6 req-aa140e71-3f34-4d97-8426-de92e6db8ac6 ] Request (HypervisorAdminTestJSON:test_get_hypervisor_list_details): 200 GET http://10.180.1.21/compute/v2.1/os-hypervisors/detail 2.258s
2025-04-03 03:06:40.788 69313 INFO tempest.lib.common.rest_client [req-6b9f0872-a64d-44ad-8197-0b07007a7f6f req-6b9f0872-a64d-44ad-8197-0b07007a7f6f ] Request (InstanceUsageAuditLogTestJSON:test_list_instance_usage_audit_logs): 200 GET http://10.180.1.21/compute/v2.1/os-instance_usage_audit_log 2.248s
2025-04-03 03:06:40.794 69301 INFO tempest.lib.common.rest_client [req-1692d48d-9edc-4b6a-997e-0c0344f6d93c req-1692d48d-9edc-4b6a-997e-0c0344f6d93c ] Request (HypervisorAdminNegativeTestJSON:test_get_hypervisor_stats_with_non_admin_user): 403 GET http://10.180.1.21/compute/v2.1/os-hypervisors/statistics 2.252s
2025-04-03 03:06:40.797 69288 INFO tempest.lib.common.rest_client [req-4ffd92b2-9529-41a8-b293-3c7810f57da1 req-4ffd92b2-9529-41a8-b293-3c7810f57da1 ] Request (HypervisorAdminUnderV252Test:tearDownClass): 204 DELETE http://10.180.1.21/identity/v3/users/90fe7eccfd8b452aac4b8d33942edd7e 0.109s
2025-04-03 03:06:40.805 69309 INFO tempest.lib.common.rest_client [req-6483d91f-7bc0-465d-8fb5-6de463be3289 req-6483d91f-7bc0-465d-8fb5-6de463be3289 ] Request (KeyPairsV210TestJSON:test_admin_manage_keypairs_for_other_users): 200 GET http://10.180.1.21/compute/v2.1/os-keypairs/tempest-keypair-1307195646?user_id=f23f3e3292ef41bba6642a01f4fcaa27 2.229s
2025-04-03 03:06:40.862 69307 INFO tempest.lib.common.rest_client [req-9f40c150-2d9b-4c41-9984-079ed47790d5 req-9f40c150-2d9b-4c41-9984-079ed47790d5 ] Request (FlavorsAccessNegativeTestJSON:setUpClass): 204 PUT http://10.180.1.21/identity/v3/projects/e9f081fa47834d58968cacc73486ed0c/users/a5d5f6e748a64d1a81dbd6bf8e29277e/roles/1d57818a49704931a2ddd4551fcddbce 0.157s
2025-04-03 03:06:40.863 69307 INFO tempest.lib.common.dynamic_creds [-] Dynamic test user a5d5f6e748a64d1a81dbd6bf8e29277e is created with scope project and roles: ['admin']
2025-04-03 03:06:40.863 69307 INFO tempest.lib.common.dynamic_creds [-] Acquired dynamic creds: credentials: Credentials: {'domain_id': 'default', 'domain_name': 'Default', 'username': 'tempest-FlavorsAccessNegativeTestJSON-422734668-project-admin', 'project_domain_id': 'default', 'project_domain_name': 'Default', 'project_id': 'e9f081fa47834d58968cacc73486ed0c', 'project_name': 'tempest-FlavorsAccessNegativeTestJSON-422734668', 'tenant_id': 'e9f081fa47834d58968cacc73486ed0c', 'tenant_name': 'tempest-FlavorsAccessNegativeTestJSON-422734668', 'user_domain_id': 'default', 'user_domain_name': 'Default', 'user_id': 'a5d5f6e748a64d1a81dbd6bf8e29277e', 'system': None}, Network: None, Subnet: None, Router: None
2025-04-03 03:06:40.864 69307 INFO tempest.lib.common.dynamic_creds [-] Created isolated network resources for: credentials: Credentials: {'domain_id': 'default', 'domain_name': 'Default', 'username': 'tempest-FlavorsAccessNegativeTestJSON-422734668-project-admin', 'project_domain_id': 'default', 'project_domain_name': 'Default', 'project_id': 'e9f081fa47834d58968cacc73486ed0c', 'project_name': 'tempest-FlavorsAccessNegativeTestJSON-422734668', 'tenant_id': 'e9f081fa47834d58968cacc73486ed0c', 'tenant_name': 'tempest-FlavorsAccessNegativeTestJSON-422734668', 'user_domain_id': 'default', 'user_domain_name': 'Default', 'user_id': 'a5d5f6e748a64d1a81dbd6bf8e29277e', 'system': None}, Network: None, Subnet: None, Router: None
2025-04-03 03:06:40.906 69288 INFO tempest.lib.common.rest_client [req-c3b6e1e6-45c8-4ec9-8170-70d25c97421b req-c3b6e1e6-45c8-4ec9-8170-70d25c97421b ] Request (HypervisorAdminUnderV252Test:tearDownClass): 204 DELETE http://10.180.1.21/identity/v3/users/4d5b6181a2d047bc9c4bcc500da3c076 0.108s
2025-04-03 03:06:40.906 69288 INFO tempest.lib.common.dynamic_creds [-] Deleting project and security group for project: 433259b68120486ab98a00ebd808d5b3
2025-04-03 03:06:40.977 69313 INFO tempest.lib.common.rest_client [req-15c669b3-878b-4eac-b957-de303f43ddd8 req-15c669b3-878b-4eac-b957-de303f43ddd8 ] Request (InstanceUsageAuditLogTestJSON:tearDownClass): 204 DELETE http://10.180.1.21/identity/v3/users/6f681cc203ee4a73bdc150461110981c 0.177s
2025-04-03 03:06:41.002 69284 INFO tempest.lib.common.rest_client [req-c2a15ded-49b7-4ab6-b0bf-1470169b5215 req-c2a15ded-49b7-4ab6-b0bf-1470169b5215 ] Request (HostsAdminNegativeTestJSON:test_list_hosts_with_non_admin_user): 403 GET http://10.180.1.21/compute/v2.1/os-hosts 2.175s
2025-04-03 03:06:41.050 69307 INFO tempest.lib.common.rest_client [req-fbde0b44-fad1-4773-bbcc-7e253adddebd req-fbde0b44-fad1-4773-bbcc-7e253adddebd ] Request (FlavorsAccessNegativeTestJSON:setUpClass): 201 POST http://10.180.1.21/identity/v3/auth/tokens 0.184s
2025-04-03 03:06:41.064 69288 INFO tempest.lib.common.rest_client [req-2c97b0c4-72f9-4fa1-8657-0c5652b1e431 req-2c97b0c4-72f9-4fa1-8657-0c5652b1e431 ] Request (HypervisorAdminUnderV252Test:tearDownClass): 201 POST http://10.180.1.21/identity/v3/auth/tokens 0.158s
2025-04-03 03:06:41.149 69313 INFO tempest.lib.common.rest_client [req-42de93d8-f9cc-4ea3-8392-9cb27d17d641 req-42de93d8-f9cc-4ea3-8392-9cb27d17d641 ] Request (InstanceUsageAuditLogTestJSON:tearDownClass): 204 DELETE http://10.180.1.21/identity/v3/users/efc5b2e8f9c04dd889a464c51f195e07 0.171s
2025-04-03 03:06:41.149 69313 INFO tempest.lib.common.dynamic_creds [-] Deleting project and security group for project: df14e2a13e864ebfabf8e6df9574b000
2025-04-03 03:06:41.190 69325 INFO tempest.lib.common.rest_client [req-e97e254f-bd4d-4cd9-89e0-d8b697b70922 req-e97e254f-bd4d-4cd9-89e0-d8b697b70922 ] Request (FlavorsExtraSpecsNegativeTestJSON:test_flavor_get_nonexistent_key): 404 GET http://10.180.1.21/compute/v2.1/flavors/1227439752/os-extra_specs/hw:cpu_thread_policy 2.278s
2025-04-03 03:06:41.202 69323 INFO tempest.lib.common.rest_client [req-e321115f-8686-4329-a1c9-a122e32ecd77 req-e321115f-8686-4329-a1c9-a122e32ecd77 ] Request (ServerDiagnosticsTest:test_get_server_diagnostics): 202 POST http://10.180.1.21/compute/v2.1/servers 2.985s
2025-04-03 03:06:41.260 69315 INFO tempest.lib.common.rest_client [req-76a82737-03c6-4b66-9ae9-7492eadcd733 req-76a82737-03c6-4b66-9ae9-7492eadcd733 ] Request (HypervisorAdminV253TestBase:test_list_show_detail_hypervisors): 200 GET http://10.180.1.21/compute/v2.1/os-hypervisors?with_servers=True 2.218s
2025-04-03 03:06:41.266 69307 INFO tempest.lib.common.rest_client [req-f496c3b1-4ff7-4c14-a5a4-776e13bb5fc3 req-f496c3b1-4ff7-4c14-a5a4-776e13bb5fc3 ] Request (FlavorsAccessNegativeTestJSON:setUpClass): 201 POST http://10.180.1.21/identity/v3/projects 0.215s
2025-04-03 03:06:41.346 69313 INFO tempest.lib.common.rest_client [req-0a6e3b59-0d84-4a88-b7d6-7366f82329b2 req-0a6e3b59-0d84-4a88-b7d6-7366f82329b2 ] Request (InstanceUsageAuditLogTestJSON:tearDownClass): 201 POST http://10.180.1.21/identity/v3/auth/tokens 0.197s
2025-04-03 03:06:41.355 69307 INFO tempest.lib.common.rest_client [req-20ed7033-faab-41aa-a716-d8f8278d94cf req-20ed7033-faab-41aa-a716-d8f8278d94cf ] Request (FlavorsAccessNegativeTestJSON:setUpClass): 201 POST http://10.180.1.21/identity/v3/users 0.089s
2025-04-03 03:06:41.357 69278 INFO tempest.lib.common.rest_client [req-faa1da12-8074-45eb-80e2-fc0bf7100cbc req-faa1da12-8074-45eb-80e2-fc0bf7100cbc ] Request (ServerDiagnosticsV248Test:test_get_server_diagnostics): 200 GET http://10.180.1.21/compute/v2.1/servers/461b4e93-640f-4ed5-96d5-88c6ada1432c 2.254s
2025-04-03 03:06:41.388 69305 INFO tempest.lib.common.rest_client [req-26c1347a-403c-4eed-b4a3-b0543470288c req-26c1347a-403c-4eed-b4a3-b0543470288c ] Request (FlavorsAdminTestJSON:_run_cleanups): 202 DELETE http://10.180.1.21/compute/v2.1/flavors/567142442 2.160s
2025-04-03 03:06:41.436 69280 INFO tempest.lib.common.rest_client [req-99eb77ba-2f47-4096-8235-1613cf035df5 req-99eb77ba-2f47-4096-8235-1613cf035df5 ] Request (ServerRescueNegativeTestJSON:setUpClass): 201 POST http://10.180.1.21:9696/networking/v2.0/routers 0.946s
2025-04-03 03:06:41.436 69307 INFO tempest.lib.common.rest_client [req-8c6a5981-6153-4611-a3e4-0924675647fc req-8c6a5981-6153-4611-a3e4-0924675647fc ] Request (FlavorsAccessNegativeTestJSON:setUpClass): 200 GET http://10.180.1.21/identity/v3/roles 0.080s
2025-04-03 03:06:41.467 69297 INFO tempest.lib.common.rest_client [req-4f0c6021-d591-461f-b58c-532edfa2ba19 req-4f0c6021-d591-461f-b58c-532edfa2ba19 ] Request (FlavorsAccessTestJSON:test_flavor_access_add_remove): 200 POST http://10.180.1.21/compute/v2.1/flavors/2016590092/action 2.527s
2025-04-03 03:06:41.473 69307 INFO tempest.lib.common.rest_client [req-24d5989a-0fde-4e6c-9570-b226995d7847 req-24d5989a-0fde-4e6c-9570-b226995d7847 ] Request (FlavorsAccessNegativeTestJSON:setUpClass): 204 PUT http://10.180.1.21/identity/v3/projects/70762484908542c886a1311c086f20d4/users/7ad8fed056824bd293bc89f36d63837c/roles/ac5c0980ecb5466886989ceb170c9faf 0.036s
2025-04-03 03:06:41.473 69307 INFO tempest.lib.common.dynamic_creds [-] Dynamic test user 7ad8fed056824bd293bc89f36d63837c is created with scope project and roles: ['member']
2025-04-03 03:06:41.474 69307 INFO tempest.lib.common.dynamic_creds [-] Acquired dynamic creds: credentials: Credentials: {'domain_id': 'default', 'domain_name': 'Default', 'username': 'tempest-FlavorsAccessNegativeTestJSON-263902967-project-member', 'project_domain_id': 'default', 'project_domain_name': 'Default', 'project_id': '70762484908542c886a1311c086f20d4', 'project_name': 'tempest-FlavorsAccessNegativeTestJSON-263902967', 'tenant_id': '70762484908542c886a1311c086f20d4', 'tenant_name': 'tempest-FlavorsAccessNegativeTestJSON-263902967', 'user_domain_id': 'default', 'user_domain_name': 'Default', 'user_id': '7ad8fed056824bd293bc89f36d63837c', 'system': None}, Network: None, Subnet: None, Router: None
2025-04-03 03:06:41.474 69307 INFO tempest.lib.common.dynamic_creds [-] Created isolated network resources for: credentials: Credentials: {'domain_id': 'default', 'domain_name': 'Default', 'username': 'tempest-FlavorsAccessNegativeTestJSON-263902967-project-member', 'project_domain_id': 'default', 'project_domain_name': 'Default', 'project_id': '70762484908542c886a1311c086f20d4', 'project_name': 'tempest-FlavorsAccessNegativeTestJSON-263902967', 'tenant_id': '70762484908542c886a1311c086f20d4', 'tenant_name': 'tempest-FlavorsAccessNegativeTestJSON-263902967', 'user_domain_id': 'default', 'user_domain_name': 'Default', 'user_id': '7ad8fed056824bd293bc89f36d63837c', 'system': None}, Network: None, Subnet: None, Router: None
2025-04-03 03:06:41.485 69288 INFO tempest.lib.common.rest_client [req-47eacd26-285c-4a04-a967-fb05cdda4b6f req-47eacd26-285c-4a04-a967-fb05cdda4b6f ] Request (HypervisorAdminUnderV252Test:tearDownClass): 200 GET http://10.180.1.21:9696/networking/v2.0/security-groups?tenant_id=433259b68120486ab98a00ebd808d5b3&name=default 0.420s
2025-04-03 03:06:41.511 69331 INFO tempest.lib.common.rest_client [req-1c2fa909-867d-49dd-883f-8fbc422965a3 req-1c2fa909-867d-49dd-883f-8fbc422965a3 ] Request (VolumesAssistedSnapshotsTest:setUpClass): 200 PUT http://10.180.1.21:9696/networking/v2.0/routers/a5c93e4c-5fc7-4fa6-b3a4-bbf0bed75921/add_router_interface 1.519s
2025-04-03 03:06:41.512 69331 INFO tempest.lib.common.dynamic_creds [-] Created isolated network resources for: credentials: Credentials: {'domain_id': 'default', 'domain_name': 'Default', 'username': 'tempest-VolumesAssistedSnapshotsTest-1523198894-project-admin', 'project_domain_id': 'default', 'project_domain_name': 'Default', 'project_id': 'd1827a1015a948189a0343c721951199', 'project_name': 'tempest-VolumesAssistedSnapshotsTest-1523198894', 'tenant_id': 'd1827a1015a948189a0343c721951199', 'tenant_name': 'tempest-VolumesAssistedSnapshotsTest-1523198894', 'user_domain_id': 'default', 'user_domain_name': 'Default', 'user_id': '085b41b67ac74eeeb6208abc3991686a', 'system': None}, Network: {'id': '246eba53-8308-443f-bfb9-3489068f02f7', 'name': 'tempest-VolumesAssistedSnapshotsTest-249690227-network', 'tenant_id': 'd1827a1015a948189a0343c721951199', 'admin_state_up': True, 'mtu': 8950, 'status': 'ACTIVE', 'subnets': [], 'shared': False, 'project_id': 'd1827a1015a948189a0343c721951199', 'port_security_enabled': True, 'router:external': False, 'provider:network_type': 'vlan', 'provider:physical_network': 'default', 'provider:segmentation_id': 167, 'availability_zone_hints': [], 'availability_zones': [], 'ipv4_address_scope': None, 'ipv6_address_scope': None, 'description': '', 'tags': [], 'created_at': '2025-04-03T03:06:38Z', 'updated_at': '2025-04-03T03:06:38Z', 'revision_number': 1}, Subnet: {'id': 'def78a7f-0e44-476d-899f-60cc4d67698d', 'name': 'tempest-VolumesAssistedSnapshotsTest-249690227-subnet', 'tenant_id': 'd1827a1015a948189a0343c721951199', 'network_id': '246eba53-8308-443f-bfb9-3489068f02f7', 'ip_version': 4, 'subnetpool_id': None, 'enable_dhcp': True, 'ipv6_ra_mode': None, 'ipv6_address_mode': None, 'gateway_ip': '192.168.128.1', 'cidr': '192.168.128.0/28', 'allocation_pools': [{'start': '192.168.128.2', 'end': '192.168.128.14'}], 'host_routes': [], 'dns_nameservers': [], 'description': '', 'router:external': False, 'service_types': [], 'tags': [], 'created_at': '2025-04-03T03:06:39Z', 'updated_at': '2025-04-03T03:06:39Z', 'revision_number': 0, 'project_id': 'd1827a1015a948189a0343c721951199'}, Router: {'id': 'a5c93e4c-5fc7-4fa6-b3a4-bbf0bed75921', 'name': 'tempest-VolumesAssistedSnapshotsTest-249690227-router', 'tenant_id': 'd1827a1015a948189a0343c721951199', 'admin_state_up': True, 'status': 'ACTIVE', 'external_gateway_info': {'network_id': '2e655443-531f-4ee1-800f-d82ebbee175d', 'external_fixed_ips': [{'subnet_id': '4db73499-e546-499b-a5ca-0041f2e0d58d', 'ip_address': '10.180.180.173'}], 'enable_snat': True}, 'description': '', 'availability_zones': [], 'distributed': False, 'ha': False, 'availability_zone_hints': [], 'routes': [], 'flavor_id': None, 'tags': [], 'created_at': '2025-04-03T03:06:39Z', 'updated_at': '2025-04-03T03:06:39Z', 'revision_number': 2, 'project_id': 'd1827a1015a948189a0343c721951199'}
2025-04-03 03:06:41.517 69327 INFO tempest.lib.common.rest_client [req-7683a4e9-c7bc-49ca-b743-79e884bcbe11 req-7683a4e9-c7bc-49ca-b743-79e884bcbe11 ] Request (FlavorsV261TestJSON:test_crud_flavor): 200 GET http://10.180.1.21/compute/v2.1/flavors/2017971043 2.247s
2025-04-03 03:06:41.548 69307 INFO tempest.lib.common.rest_client [req-dd60fb5b-605e-4929-9d72-409daae96b4b req-dd60fb5b-605e-4929-9d72-409daae96b4b ] Request (FlavorsAccessNegativeTestJSON:setUpClass): 201 POST http://10.180.1.21/identity/v3/auth/tokens 0.071s
2025-04-03 03:06:41.549 69307 WARNING tempest.lib.common.rest_client [-] Deprecated: "tenant_id" property is deprecated for removal, use "project_id" instead
2025-04-03 03:06:41.573 69294 INFO tempest.lib.common.rest_client [req-68149349-e17d-4ca1-ab88-57f23e5d598d req-68149349-e17d-4ca1-ab88-57f23e5d598d ] Request (AttachInterfacesTestJSON:test_create_list_show_delete_interfaces_by_fixed_ip): 200 GET http://10.180.1.21/compute/v2.1/servers/2f52fb86-7de8-4029-9bef-8ac22581f503 2.265s
2025-04-03 03:06:41.577 69319 INFO tempest.lib.common.rest_client [-] Request (TestVersions:test_get_version_details): 200 GET http://10.180.1.21/compute/ 1.843s
2025-04-03 03:06:41.583 69294 INFO tempest.common.waiters [-] State transition "BUILD/scheduling" ==> "BUILD/None" after 3 second wait
2025-04-03 03:06:41.608 69313 INFO tempest.lib.common.rest_client [req-74fecf31-48d8-4be3-beaa-fb89fed750b3 req-74fecf31-48d8-4be3-beaa-fb89fed750b3 ] Request (InstanceUsageAuditLogTestJSON:tearDownClass): 200 GET http://10.180.1.21:9696/networking/v2.0/security-groups?tenant_id=df14e2a13e864ebfabf8e6df9574b000&name=default 0.260s
2025-04-03 03:06:41.611 69331 INFO tempest.lib.common.rest_client [req-7c6fa317-e329-4382-af50-7b73e402992d req-7c6fa317-e329-4382-af50-7b73e402992d ] Request (VolumesAssistedSnapshotsTest:setUpClass): 201 POST http://10.180.1.21/identity/v3/auth/tokens 0.097s
2025-04-03 03:06:41.617 69303 INFO tempest.lib.common.rest_client [req-cb2600da-9836-446d-97d0-bb46f8ac5c6e req-cb2600da-9836-446d-97d0-bb46f8ac5c6e ] Request (ServersWithSpecificFlavorTestJSON:setUpClass): 200 PUT http://10.180.1.21:9696/networking/v2.0/routers/03cc36d6-448c-46d0-8c20-788a99ef6690/add_router_interface 1.527s
2025-04-03 03:06:41.617 69303 INFO tempest.lib.common.dynamic_creds [-] Created isolated network resources for: credentials: Credentials: {'domain_id': 'default', 'domain_name': 'Default', 'username': 'tempest-ServersWithSpecificFlavorTestJSON-1938847355-project-admin', 'project_domain_id': 'default', 'project_domain_name': 'Default', 'project_id': '6f78ac35009c44e295caa3919541b779', 'project_name': 'tempest-ServersWithSpecificFlavorTestJSON-1938847355', 'tenant_id': '6f78ac35009c44e295caa3919541b779', 'tenant_name': 'tempest-ServersWithSpecificFlavorTestJSON-1938847355', 'user_domain_id': 'default', 'user_domain_name': 'Default', 'user_id': '3d8a803633854566939c57c601e0b7f6', 'system': None}, Network: {'id': 'acb72ee2-d738-44ab-aa25-e3d167a03e3f', 'name': 'tempest-ServersWithSpecificFlavorTestJSON-2135687679-network', 'tenant_id': '6f78ac35009c44e295caa3919541b779', 'admin_state_up': True, 'mtu': 8950, 'status': 'ACTIVE', 'subnets': [], 'shared': False, 'project_id': '6f78ac35009c44e295caa3919541b779', 'port_security_enabled': True, 'router:external': False, 'provider:network_type': 'vlan', 'provider:physical_network': 'default', 'provider:segmentation_id': 44, 'availability_zone_hints': [], 'availability_zones': [], 'ipv4_address_scope': None, 'ipv6_address_scope': None, 'description': '', 'tags': [], 'created_at': '2025-04-03T03:06:38Z', 'updated_at': '2025-04-03T03:06:38Z', 'revision_number': 1}, Subnet: {'id': 'd8979e92-381c-41a9-8527-5cb2d569570b', 'name': 'tempest-ServersWithSpecificFlavorTestJSON-2135687679-subnet', 'tenant_id': '6f78ac35009c44e295caa3919541b779', 'network_id': 'acb72ee2-d738-44ab-aa25-e3d167a03e3f', 'ip_version': 4, 'subnetpool_id': None, 'enable_dhcp': True, 'ipv6_ra_mode': None, 'ipv6_address_mode': None, 'gateway_ip': '192.168.128.1', 'cidr': '192.168.128.0/28', 'allocation_pools': [{'start': '192.168.128.2', 'end': '192.168.128.14'}], 'host_routes': [], 'dns_nameservers': [], 'description': '', 'router:external': False, 'service_types': [], 'tags': [], 'created_at': '2025-04-03T03:06:38Z', 'updated_at': '2025-04-03T03:06:38Z', 'revision_number': 0, 'project_id': '6f78ac35009c44e295caa3919541b779'}, Router: {'id': '03cc36d6-448c-46d0-8c20-788a99ef6690', 'name': 'tempest-ServersWithSpecificFlavorTestJSON-2135687679-router', 'tenant_id': '6f78ac35009c44e295caa3919541b779', 'admin_state_up': True, 'status': 'ACTIVE', 'external_gateway_info': {'network_id': '2e655443-531f-4ee1-800f-d82ebbee175d', 'external_fixed_ips': [{'subnet_id': '4db73499-e546-499b-a5ca-0041f2e0d58d', 'ip_address': '10.180.180.189'}], 'enable_snat': True}, 'description': '', 'availability_zones': [], 'distributed': False, 'ha': False, 'availability_zone_hints': [], 'routes': [], 'flavor_id': None, 'tags': [], 'created_at': '2025-04-03T03:06:39Z', 'updated_at': '2025-04-03T03:06:39Z', 'revision_number': 2, 'project_id': '6f78ac35009c44e295caa3919541b779'}
2025-04-03 03:06:41.648 69317 INFO tempest.lib.common.rest_client [req-a9ac4f1a-8812-4f32-a4c3-ceee6d5ef92b req-a9ac4f1a-8812-4f32-a4c3-ceee6d5ef92b ] Request (DeleteServersAdminTestJSON:test_admin_delete_servers_of_others): 200 GET http://10.180.1.21/compute/v2.1/servers/b253d109-d445-4153-93cc-77184b5f7bcc 1.886s
2025-04-03 03:06:41.678 69299 INFO tempest.lib.common.rest_client [req-eab96cb4-8ed9-4ee6-9d65-002eca1ea97b req-eab96cb4-8ed9-4ee6-9d65-002eca1ea97b ] Request (FlavorsExtraSpecsTestJSON:test_flavor_non_admin_get_all_keys): 200 POST http://10.180.1.21/compute/v2.1/flavors/588879925/os-extra_specs 1.825s
2025-04-03 03:06:41.686 69339 INFO tempest.lib.common.rest_client [req-362e400d-1a72-434a-a4fe-e720093d53bb req-362e400d-1a72-434a-a4fe-e720093d53bb ] Request (TenantUsagesNegativeTestJSON:test_get_usage_tenant_with_invalid_date): 400 GET http://10.180.1.21/compute/v2.1/os-simple-tenant-usage/e3a2adfd958348779733374bbe0864d0?start=2025-04-04T03%3A06%3A37.831752&end=2025-04-02T03%3A06%3A37.831752 1.823s
2025-04-03 03:06:41.696 69331 INFO tempest.lib.common.rest_client [req-295241bb-1de2-4e30-99e2-b9481f50edd8 req-295241bb-1de2-4e30-99e2-b9481f50edd8 ] Request (VolumesAssistedSnapshotsTest:setUpClass): 201 POST http://10.180.1.21/identity/v3/projects 0.084s
2025-04-03 03:06:41.700 69288 INFO tempest.lib.common.rest_client [req-11d150a6-9b6e-444a-a78f-417c809783b3 req-11d150a6-9b6e-444a-a78f-417c809783b3 ] Request (HypervisorAdminUnderV252Test:tearDownClass): 204 DELETE http://10.180.1.21:9696/networking/v2.0/security-groups/c92ce3ab-03f6-4afd-9f3e-ff61fe257a9e 0.214s
2025-04-03 03:06:41.724 69292 INFO tempest.lib.common.rest_client [req-74097c28-a430-45d4-895e-cfc59acd3247 req-74097c28-a430-45d4-895e-cfc59acd3247 ] Request (QuotasAdminTestV236:test_get_updated_quotas): 200 GET http://10.180.1.21/compute/v2.1/os-quota-sets/a4bd2d0e78f14ff38e4a4118240c0ac8/detail 2.007s
2025-04-03 03:06:41.756 69313 INFO tempest.lib.common.rest_client [req-4bd8c3c3-ad91-49a2-b2ab-084b71b3e24d req-4bd8c3c3-ad91-49a2-b2ab-084b71b3e24d ] Request (InstanceUsageAuditLogTestJSON:tearDownClass): 204 DELETE http://10.180.1.21:9696/networking/v2.0/security-groups/e9fcf904-053f-4c3b-9a12-6e96c4888ab4 0.146s
2025-04-03 03:06:41.805 69321 INFO tempest.lib.common.rest_client [req-492d8467-05b1-40d8-8d4e-17cfadb93ae9 req-492d8467-05b1-40d8-8d4e-17cfadb93ae9 ] Request (FlavorsV255TestJSON:test_crud_flavor): 200 GET http://10.180.1.21/compute/v2.1/flavors/273897020 1.866s
2025-04-03 03:06:41.808 69303 INFO tempest.lib.common.rest_client [req-f381efed-bcdc-41c5-b81e-4bc7ea328faa req-f381efed-bcdc-41c5-b81e-4bc7ea328faa ] Request (ServersWithSpecificFlavorTestJSON:setUpClass): 201 POST http://10.180.1.21/identity/v3/auth/tokens 0.186s
2025-04-03 03:06:41.833 69282 INFO tempest.lib.common.rest_client [req-7d49b15d-bd86-4dc6-af14-bf6c09682e27 req-7d49b15d-bd86-4dc6-af14-bf6c09682e27 ] Request (HostsAdminTestJSON:test_list_hosts_with_nonexistent_zone): 200 GET http://10.180.1.21/compute/v2.1/os-hosts?zone=xxx 1.381s
2025-04-03 03:06:41.840 69335 INFO tempest.lib.common.rest_client [req-4671fd0d-14bb-4473-80c8-242da63dd5c2 req-4671fd0d-14bb-4473-80c8-242da63dd5c2 ] Request (InstanceUsageAuditLogNegativeTestJSON:test_instance_usage_audit_logs_with_nonadmin_user): 403 GET http://10.180.1.21/compute/v2.1/os-instance_usage_audit_log/2025-04-03%2003%3A06%3A40 1.178s
2025-04-03 03:06:41.844 69331 INFO tempest.lib.common.rest_client [req-a3eba410-d7d4-4437-80c9-6b587fe1fcb3 req-a3eba410-d7d4-4437-80c9-6b587fe1fcb3 ] Request (VolumesAssistedSnapshotsTest:setUpClass): 201 POST http://10.180.1.21/identity/v3/users 0.147s
2025-04-03 03:06:41.869 69311 INFO tempest.lib.common.rest_client [req-d81e52ad-d96d-422f-bd7e-74e6b61d1402 req-d81e52ad-d96d-422f-bd7e-74e6b61d1402 ] Request (SecurityGroupsTestAdminJSON:test_list_security_groups_list_all_tenants_filter): 200 POST http://10.180.1.21/compute/v2.1/os-security-groups 1.449s
2025-04-03 03:06:41.880 69286 INFO tempest.lib.common.rest_client [req-a98ada9a-307c-419e-a3e4-d289c08f6e90 req-a98ada9a-307c-419e-a3e4-d289c08f6e90 ] Request (AggregatesAdminNegativeTestJSON:test_aggregate_create_aggregate_name_length_exceeds_255): 400 POST http://10.180.1.21/compute/v2.1/os-aggregates 1.161s
2025-04-03 03:06:41.898 69337 INFO tempest.lib.common.rest_client [req-ff45cdf6-d0ac-474e-874c-ba5ee37dca98 req-ff45cdf6-d0ac-474e-874c-ba5ee37dca98 ] Request (FloatingIPsAssociationTestJSON:setUpClass): 200 GET http://10.180.1.21/compute/v2.1/servers/4defea80-22a7-4665-bbc7-425c52af00ab 1.192s
2025-04-03 03:06:41.920 69333 INFO tempest.lib.common.rest_client [req-92346ddd-8e25-484e-b4c0-447da7f554e6 req-92346ddd-8e25-484e-b4c0-447da7f554e6 ] Request (KeyPairsV2TestJSON:test_keypairs_create_list_delete): 200 POST http://10.180.1.21/compute/v2.1/os-keypairs 1.165s
2025-04-03 03:06:41.930 69276 INFO tempest.lib.common.rest_client [req-40c2c791-a009-42e0-90c5-8a5cff2b5a17 req-40c2c791-a009-42e0-90c5-8a5cff2b5a17 ] Request (HypervisorAdminTestJSON:test_get_hypervisor_show_details): 200 GET http://10.180.1.21/compute/v2.1/os-hypervisors 1.152s
2025-04-03 03:06:41.934 69292 INFO tempest.lib.common.rest_client [req-f4d0cc3b-a98b-4abd-a2ea-44065cb38096 req-f4d0cc3b-a98b-4abd-a2ea-44065cb38096 ] Request (QuotasAdminTestV236:test_get_updated_quotas): 200 GET http://10.180.1.21/identity/v3/domains?name=Default 0.201s
2025-04-03 03:06:41.953 69288 INFO tempest.lib.common.rest_client [req-74aea46e-bf5d-46ce-aca9-a952eebbf4b3 req-74aea46e-bf5d-46ce-aca9-a952eebbf4b3 ] Request (HypervisorAdminUnderV252Test:tearDownClass): 204 DELETE http://10.180.1.21/identity/v3/projects/433259b68120486ab98a00ebd808d5b3 0.252s
2025-04-03 03:06:41.953 69288 INFO tempest.lib.common.dynamic_creds [-] Deleting project and security group for project: 9c7d62c4d3f64219a99e6be5fb6f66bc
2025-04-03 03:06:41.960 69309 INFO tempest.lib.common.rest_client [req-a5a376e4-268d-40ec-8cc9-cfd00a948b68 req-a5a376e4-268d-40ec-8cc9-cfd00a948b68 ] Request (KeyPairsV210TestJSON:test_admin_manage_keypairs_for_other_users): 201 POST http://10.180.1.21/compute/v2.1/os-keypairs 1.152s
2025-04-03 03:06:41.969 69284 INFO tempest.lib.common.rest_client [req-04ac061c-a0c5-4535-bdbb-49c6e3ae08f1 req-04ac061c-a0c5-4535-bdbb-49c6e3ae08f1 ] Request (HostsAdminNegativeTestJSON:test_reboot_host_with_non_admin_user): 403 GET http://10.180.1.21/compute/v2.1/os-hosts/devstack/reboot 0.960s
2025-04-03 03:06:41.974 69325 INFO tempest.lib.common.rest_client [req-a6089cf6-c6e3-4e4a-b1d2-16964531e936 req-a6089cf6-c6e3-4e4a-b1d2-16964531e936 ] Request (FlavorsExtraSpecsNegativeTestJSON:test_flavor_non_admin_set_keys): 403 POST http://10.180.1.21/compute/v2.1/flavors/1227439752/os-extra_specs 0.778s
2025-04-03 03:06:42.022 69331 INFO tempest.lib.common.rest_client [req-15a1f47c-ef80-4867-a06d-b679f7d9c776 req-15a1f47c-ef80-4867-a06d-b679f7d9c776 ] Request (VolumesAssistedSnapshotsTest:setUpClass): 200 GET http://10.180.1.21/identity/v3/roles 0.178s
2025-04-03 03:06:42.032 69323 INFO tempest.lib.common.rest_client [req-71017ac9-967b-4b6f-bd76-a821e48ea8ee req-71017ac9-967b-4b6f-bd76-a821e48ea8ee ] Request (ServerDiagnosticsTest:test_get_server_diagnostics): 200 GET http://10.180.1.21/compute/v2.1/servers/8e8cbe08-c4f1-49e3-9352-79581615b10b 0.827s
2025-04-03 03:06:42.039 69313 INFO tempest.lib.common.rest_client [req-7821b8e4-7d04-40d8-88a7-2932f0a99e38 req-7821b8e4-7d04-40d8-88a7-2932f0a99e38 ] Request (InstanceUsageAuditLogTestJSON:tearDownClass): 204 DELETE http://10.180.1.21/identity/v3/projects/df14e2a13e864ebfabf8e6df9574b000 0.283s
2025-04-03 03:06:42.040 69313 INFO tempest.lib.common.dynamic_creds [-] Deleting project and security group for project: 3b6c709d214c4023bef80817ae25a960
2025-04-03 03:06:42.054 69315 INFO tempest.lib.common.rest_client [req-934c6a69-34d2-4da5-a30c-e9de84ece8b3 req-934c6a69-34d2-4da5-a30c-e9de84ece8b3 ] Request (HypervisorAdminV253TestBase:test_list_show_detail_hypervisors): 200 GET http://10.180.1.21/compute/v2.1/os-hypervisors/d6b14c3a-024a-447e-9595-cef114b4ddda 0.791s
2025-04-03 03:06:42.077 69305 INFO tempest.lib.common.rest_client [req-9dd1cf8d-c372-4b97-9d44-cb85fe07e8cc req-9dd1cf8d-c372-4b97-9d44-cb85fe07e8cc ] Request (FlavorsAdminTestJSON:_run_cleanups): 200 GET http://10.180.1.21/compute/v2.1/flavors/detail 0.689s
2025-04-03 03:06:42.102 69288 INFO tempest.lib.common.rest_client [req-192a4154-b3d6-4703-96dc-b2dc96baed29 req-192a4154-b3d6-4703-96dc-b2dc96baed29 ] Request (HypervisorAdminUnderV252Test:tearDownClass): 200 GET http://10.180.1.21:9696/networking/v2.0/security-groups?tenant_id=9c7d62c4d3f64219a99e6be5fb6f66bc&name=default 0.147s
2025-04-03 03:06:42.116 69335 INFO tempest.lib.common.rest_client [req-d91eb539-d7a5-4eb6-9d52-d7e3c6d7f0e2 req-d91eb539-d7a5-4eb6-9d52-d7e3c6d7f0e2 ] Request (InstanceUsageAuditLogNegativeTestJSON:tearDownClass): 204 DELETE http://10.180.1.21/identity/v3/users/e6dcf3c897894a7191718adfe7eb0539 0.273s
2025-04-03 03:06:42.170 69301 INFO tempest.lib.common.rest_client [req-4326e12c-3bfb-452a-b6c3-955db7854887 req-4326e12c-3bfb-452a-b6c3-955db7854887 ] Request (HypervisorAdminNegativeTestJSON:test_get_hypervisor_uptime_with_non_admin_user): 200 GET http://10.180.1.21/compute/v2.1/os-hypervisors 1.374s
2025-04-03 03:06:42.202 69327 INFO tempest.lib.common.rest_client [req-26459586-69f3-4b16-8361-7c47b8ec4265 req-26459586-69f3-4b16-8361-7c47b8ec4265 ] Request (FlavorsV261TestJSON:test_crud_flavor): 200 PUT http://10.180.1.21/compute/v2.1/flavors/2017971043 0.682s
