2024-12-10 18:02:39.555 65748 INFO tempest.lib.common.dynamic_creds [-] Deleting project and security group for project: db44fe4538b6478eb8716eb5e8fcd52f
2024-12-10 18:02:39.582 65754 INFO tempest.lib.common.rest_client [req-793e785c-1b1e-4789-978c-44d0eb5a5862 req-793e785c-1b1e-4789-978c-44d0eb5a5862 ] Request (ServerAddressesNegativeTestJSON:tearDownClass): 200 GET http://10.180.1.21/compute/v2.1/servers/e91e2c1c-b3fa-45fd-8d93-c7024a9bc5ae 0.281s
2024-12-10 18:02:39.595 65724 INFO tempest.lib.common.rest_client [req-134e0a79-4806-488e-8ff1-c1f8f48676cd req-134e0a79-4806-488e-8ff1-c1f8f48676cd ] Request (DeleteServersAdminTestJSON:test_delete_server_while_in_error_state): 200 GET http://10.180.1.21/compute/v2.1/servers/b07f2e3a-b026-4d69-83c4-66dfb049201e 0.368s
2024-12-10 18:02:39.603 65724 INFO tempest.common.waiters [-] State transition "BUILD/networking" ==> "BUILD/spawning" after 28 second wait
2024-12-10 18:02:39.644 65722 INFO tempest.lib.common.rest_client [req-2a1a1ce5-4f94-4b46-95f0-fa228c46a2e4 req-2a1a1ce5-4f94-4b46-95f0-fa228c46a2e4 ] Request (ServerShowV263Test:tearDownClass): 204 DELETE http://10.180.1.21/identity/v3/projects/6899b4d2f6e74e36a995c89c6c8e0804 0.139s
2024-12-10 18:02:39.663 65718 INFO tempest.lib.common.rest_client [req-aa861c0d-830a-4478-a850-71f83b702f2b req-aa861c0d-830a-4478-a850-71f83b702f2b ] Request (AttachInterfacesV270Test:tearDownClass): 200 GET http://10.180.1.21/compute/v2.1/servers/e0161e23-d28e-42e7-b30a-cc2b275cc96a 0.343s
2024-12-10 18:02:39.718 65752 INFO tempest.lib.common.rest_client [req-5bc9386c-db77-4233-8c55-bd42573d16ea req-5bc9386c-db77-4233-8c55-bd42573d16ea ] Request (ImagesMetadataNegativeTestJSON:tearDownClass): 204 DELETE http://10.180.1.21/identity/v3/projects/f16cea72978e4721b4f4cf18680e577f 0.201s
2024-12-10 18:02:39.748 65712 INFO tempest.lib.common.rest_client [req-522f4885-6e30-4dd8-aa09-d921ae60ded4 req-522f4885-6e30-4dd8-aa09-d921ae60ded4 ] Request (ServersAdminNegativeTestJSON:test_resize_server_using_overlimit_ram): 403 POST http://10.180.1.21/compute/v2.1/servers/227a90d6-1651-45fb-bb34-c785a7a7ff49/action 0.414s
2024-12-10 18:02:39.793 65748 INFO tempest.lib.common.rest_client [req-9695b30a-b867-4867-9fd2-cb19d485b275 req-9695b30a-b867-4867-9fd2-cb19d485b275 ] Request (KeyPairsV2TestJSON:tearDownClass): 201 POST http://10.180.1.21/identity/v3/auth/tokens 0.237s
2024-12-10 18:02:39.793 65752 INFO tempest.lib.common.rest_client [req-698ace62-89a3-4300-b03b-3c2a96333080 req-698ace62-89a3-4300-b03b-3c2a96333080 ] Request (ServerAddressesTestJSON:setUpClass): 201 POST http://10.180.1.21/identity/v3/auth/tokens 0.073s
2024-12-10 18:02:39.802 65714 INFO tempest.lib.common.rest_client [req-9799105d-ebbe-49a2-a2bf-0405cf939a6c req-9799105d-ebbe-49a2-a2bf-0405cf939a6c ] Request (ServersAdmin275Test:tearDownClass): 204 DELETE http://10.180.1.21/compute/v2.1/servers/604627ec-7d6f-4c3d-b789-322f4b4ea1ae 0.403s
2024-12-10 18:02:39.853 65732 INFO tempest.lib.common.rest_client [req-405d58c1-e063-4a74-883d-0ed8fc734edb req-405d58c1-e063-4a74-883d-0ed8fc734edb ] Request (ServerShowV254Test:test_rebuild_server): 200 GET http://10.180.1.21/compute/v2.1/servers/c4b4072a-6e9a-4e83-891e-8f25c3ffdc84 0.447s
2024-12-10 18:02:39.863 65732 INFO tempest.common.waiters [-] State transition "REBUILD/rebuilding" ==> "REBUILD/rebuild_spawning" after 2 second wait
2024-12-10 18:02:39.878 65752 INFO tempest.lib.common.rest_client [req-e9b2a834-0d4a-41eb-b083-2668a2678041 req-e9b2a834-0d4a-41eb-b083-2668a2678041 ] Request (ServerAddressesTestJSON:setUpClass): 201 POST http://10.180.1.21/identity/v3/auth/tokens 0.074s
2024-12-10 18:02:39.915 65752 INFO tempest.lib.common.rest_client [req-0fab82d7-d9a3-4ae6-90cb-291851c2bc31 req-0fab82d7-d9a3-4ae6-90cb-291851c2bc31 ] Request (ServerAddressesTestJSON:setUpClass): 200 GET http://10.180.1.21/identity/v3/domains?name=Default 0.036s
2024-12-10 18:02:39.950 65752 INFO tempest.lib.common.rest_client [req-64b37c10-4012-4adc-878b-5fd9f188bdf5 req-64b37c10-4012-4adc-878b-5fd9f188bdf5 ] Request (ServerAddressesTestJSON:setUpClass): 201 POST http://10.180.1.21/identity/v3/projects 0.034s
2024-12-10 18:02:39.968 65757 INFO tempest.lib.common.rest_client [req-f33c012e-07bd-41f0-b0e6-1cb1f997ddd2 req-f33c012e-07bd-41f0-b0e6-1cb1f997ddd2 ] Request (ListServerFiltersTestJSON:test_list_servers_filtered_by_ip_regex): 200 GET http://10.180.1.21/compute/v2.1/servers/6ff5367c-657e-486f-9c7a-8b8580cae366 0.518s
2024-12-10 18:02:39.983 65771 INFO tempest.lib.common.rest_client [req-e427f3f9-3ea2-43a1-ba96-49c2ea973528 req-e427f3f9-3ea2-43a1-ba96-49c2ea973528 ] Request (ImagesOneServerNegativeTestJSON:tearDown): 200 GET http://10.180.1.21/compute/v2.1/servers/b847fffb-ca62-48f5-a6c0-524fec06239d 0.523s
2024-12-10 18:02:39.991 65708 INFO tempest.lib.common.rest_client [req-6772b9c6-d24e-46c4-b6af-eea4a385fabd req-6772b9c6-d24e-46c4-b6af-eea4a385fabd ] Request (FlavorsV2TestJSON:test_list_flavors_detailed_filter_by_min_ram): 200 GET http://10.180.1.21/compute/v2.1/flavors/42 0.489s
2024-12-10 18:02:40.028 65752 INFO tempest.lib.common.rest_client [req-be79f452-3ab6-45d8-85d8-b99b6330aa56 req-be79f452-3ab6-45d8-85d8-b99b6330aa56 ] Request (ServerAddressesTestJSON:setUpClass): 201 POST http://10.180.1.21/identity/v3/users 0.078s
2024-12-10 18:02:40.032 65710 INFO tempest.lib.common.rest_client [req-1a1d55e8-7f2d-40ad-b7a5-11c27a87625c req-1a1d55e8-7f2d-40ad-b7a5-11c27a87625c ] Request (ListImageFiltersTestJSON:setUpClass): 200 GET http://10.180.1.21/compute/v2.1/images/0bc6fcab-0263-4a20-8c7c-6e3138436cb3 0.479s
2024-12-10 18:02:40.049 65712 INFO tempest.lib.common.rest_client [req-4e357ccf-f288-46a3-85f7-826e0eca0f66 req-4e357ccf-f288-46a3-85f7-826e0eca0f66 ] Request (ServersAdminNegativeTestJSON:_run_cleanups): 202 DELETE http://10.180.1.21/compute/v2.1/flavors/1366220 0.300s
2024-12-10 18:02:40.061 65752 INFO tempest.lib.common.rest_client [req-0e93fe3b-917b-4f38-9c67-4b970fd477ae req-0e93fe3b-917b-4f38-9c67-4b970fd477ae ] Request (ServerAddressesTestJSON:setUpClass): 200 GET http://10.180.1.21/identity/v3/roles 0.032s
2024-12-10 18:02:40.064 65748 INFO tempest.lib.common.rest_client [req-dbd23681-9da2-4e86-9410-fe83b16f5f82 req-dbd23681-9da2-4e86-9410-fe83b16f5f82 ] Request (KeyPairsV2TestJSON:tearDownClass): 200 GET http://10.180.1.21:9696/networking/v2.0/security-groups?tenant_id=db44fe4538b6478eb8716eb5e8fcd52f&name=default 0.271s
2024-12-10 18:02:40.075 65736 INFO tempest.lib.common.rest_client [req-a6b2bb98-96cd-4597-bcd3-daee5c5641ad req-a6b2bb98-96cd-4597-bcd3-daee5c5641ad ] Request (MultipleCreateTestJSON:test_multiple_create): 200 GET http://10.180.1.21/compute/v2.1/servers/42a81f1b-11c0-40e0-81c6-644d9ce792d0 0.375s
2024-12-10 18:02:40.095 65752 INFO tempest.lib.common.rest_client [req-a08431d7-3a4f-4ca1-847c-c6391b17fe8f req-a08431d7-3a4f-4ca1-847c-c6391b17fe8f ] Request (ServerAddressesTestJSON:setUpClass): 204 PUT http://10.180.1.21/identity/v3/projects/e00313ddcf384486bd90ddac4ee42a8b/users/ba69dd4854e240f798618d1fa06ef743/roles/13574f18d80f431e8d30a08442f7aae0 0.034s
2024-12-10 18:02:40.096 65752 INFO tempest.lib.common.dynamic_creds [-] Dynamic test user ba69dd4854e240f798618d1fa06ef743 is created with scope project and roles: ['member']
2024-12-10 18:02:40.096 65752 INFO tempest.lib.common.dynamic_creds [-] Acquired dynamic creds: credentials: Credentials: {'domain_id': 'default', 'domain_name': 'Default', 'username': 'tempest-ServerAddressesTestJSON-1391769298-project-member', 'project_domain_id': 'default', 'project_domain_name': 'Default', 'project_id': 'e00313ddcf384486bd90ddac4ee42a8b', 'project_name': 'tempest-ServerAddressesTestJSON-1391769298', 'tenant_id': 'e00313ddcf384486bd90ddac4ee42a8b', 'tenant_name': 'tempest-ServerAddressesTestJSON-1391769298', 'user_domain_id': 'default', 'user_domain_name': 'Default', 'user_id': 'ba69dd4854e240f798618d1fa06ef743', 'system': None}, Network: None, Subnet: None, Router: None
2024-12-10 18:02:40.150 65740 INFO tempest.lib.common.rest_client [req-9170cbee-4f55-4da3-a749-2693beb34e00 req-9170cbee-4f55-4da3-a749-2693beb34e00 ] Request (SecurityGroupsTestJSON:test_list_security_groups_by_server): 200 GET http://10.180.1.21/compute/v2.1/servers/7e95fc62-43f4-4f89-a62b-2cef6c997e2c 0.352s
2024-12-10 18:02:40.158 65752 INFO tempest.lib.common.rest_client [req-4127c695-17cb-4b8d-aea7-8750e79b586f req-4127c695-17cb-4b8d-aea7-8750e79b586f ] Request (ServerAddressesTestJSON:setUpClass): 201 POST http://10.180.1.21/identity/v3/auth/tokens 0.061s
2024-12-10 18:02:40.167 65748 INFO tempest.lib.common.rest_client [req-f868a46a-aca7-4d10-b0a6-6b6f3a12c5d3 req-f868a46a-aca7-4d10-b0a6-6b6f3a12c5d3 ] Request (KeyPairsV2TestJSON:tearDownClass): 204 DELETE http://10.180.1.21:9696/networking/v2.0/security-groups/78c0ee24-7f9c-4ad3-986d-3d9ab5b94d6f 0.103s
2024-12-10 18:02:40.211 65714 INFO tempest.lib.common.rest_client [req-89eb834b-e6b7-4953-b581-0922456c568c req-89eb834b-e6b7-4953-b581-0922456c568c ] Request (ServersAdmin275Test:tearDownClass): 200 GET http://10.180.1.21/compute/v2.1/servers/604627ec-7d6f-4c3d-b789-322f4b4ea1ae 0.409s
2024-12-10 18:02:40.237 65748 INFO tempest.lib.common.rest_client [req-2692dffe-1792-4b7c-af93-abb3cf316ae3 req-2692dffe-1792-4b7c-af93-abb3cf316ae3 ] Request (KeyPairsV2TestJSON:tearDownClass): 204 DELETE http://10.180.1.21/identity/v3/projects/db44fe4538b6478eb8716eb5e8fcd52f 0.070s
2024-12-10 18:02:40.243 65758 INFO tempest.lib.common.rest_client [req-63c9bd19-eb20-44c4-b1bc-b520467f7ddb req-63c9bd19-eb20-44c4-b1bc-b520467f7ddb ] Request (ServerActionsV293TestJSON:setUpClass): 200 GET http://10.180.1.21/volume/v3/volumes/b69d47ed-79fe-4cd5-80ff-1ff6e37ec333 0.034s
2024-12-10 18:02:40.317 65748 INFO tempest.lib.common.rest_client [req-c04e25d4-ec6a-43b2-b326-b6b03cd464c0 req-c04e25d4-ec6a-43b2-b326-b6b03cd464c0 ] Request (ServersTestManualDisk:setUpClass): 201 POST http://10.180.1.21/identity/v3/auth/tokens 0.078s
2024-12-10 18:02:40.337 65726 INFO tempest.lib.common.rest_client [req-488ae32f-b23f-498a-bfd5-19bfb1a256eb req-488ae32f-b23f-498a-bfd5-19bfb1a256eb ] Request (InstanceActionsNegativeTestJSON:setUpClass): 200 GET http://10.180.1.21/compute/v2.1/servers/d649ce4d-fdb3-42ab-b254-abab95dea9f4 0.564s
2024-12-10 18:02:40.352 65748 INFO tempest.lib.common.rest_client [req-a823731f-e9e3-4409-98e6-32d3b00110ed req-a823731f-e9e3-4409-98e6-32d3b00110ed ] Request (ServersTestManualDisk:setUpClass): 201 POST http://10.180.1.21/identity/v3/auth/tokens 0.031s
2024-12-10 18:02:40.385 65748 INFO tempest.lib.common.rest_client [req-bb9804f1-7888-4a50-8fe1-ed3e7badf3a2 req-bb9804f1-7888-4a50-8fe1-ed3e7badf3a2 ] Request (ServersTestManualDisk:setUpClass): 200 GET http://10.180.1.21/identity/v3/domains?name=Default 0.033s
2024-12-10 18:02:40.422 65748 INFO tempest.lib.common.rest_client [req-edf21dce-b4ce-419c-be04-11a343b5a6f0 req-edf21dce-b4ce-419c-be04-11a343b5a6f0 ] Request (ServersTestManualDisk:setUpClass): 201 POST http://10.180.1.21/identity/v3/projects 0.036s
2024-12-10 18:02:40.471 65757 INFO tempest.lib.common.rest_client [req-334c1e00-da10-4928-bd54-e98e81547704 req-334c1e00-da10-4928-bd54-e98e81547704 ] Request (ListServerFiltersTestJSON:test_list_servers_filtered_by_ip_regex): 200 GET http://10.180.1.21/compute/v2.1/servers/detail 0.495s
2024-12-10 18:02:40.484 65748 INFO tempest.lib.common.rest_client [req-15b5a0f1-5653-4ccb-9ae3-068094255e42 req-15b5a0f1-5653-4ccb-9ae3-068094255e42 ] Request (ServersTestManualDisk:setUpClass): 201 POST http://10.180.1.21/identity/v3/users 0.061s
2024-12-10 18:02:40.501 65748 INFO tempest.lib.common.rest_client [req-9fc7ba16-2447-4bfe-91f5-c3a9156e589f req-9fc7ba16-2447-4bfe-91f5-c3a9156e589f ] Request (ServersTestManualDisk:setUpClass): 200 GET http://10.180.1.21/identity/v3/roles 0.016s
2024-12-10 18:02:40.504 65708 INFO tempest.lib.common.rest_client [req-55e9b31d-51a9-4031-acf1-a7504e85528d req-55e9b31d-51a9-4031-acf1-a7504e85528d ] Request (FlavorsV2TestJSON:test_list_flavors_detailed_filter_by_min_ram): 200 GET http://10.180.1.21/compute/v2.1/flavors/detail?minRam=193 0.508s
2024-12-10 18:02:40.522 65760 WARNING tempest.lib.common.ssh [-] Failed to establish authenticated ssh connection to cirros@10.180.180.186 ([Errno None] Unable to connect to port 22 on 10.180.180.186). Number attempts: 4. Retry after 5 seconds.: paramiko.ssh_exception.NoValidConnectionsError: [Errno None] Unable to connect to port 22 on 10.180.180.186
2024-12-10 18:02:40.536 65771 INFO tempest.lib.common.rest_client [req-6723df26-0c1e-4f83-a5b0-bd0d05b926a9 req-6723df26-0c1e-4f83-a5b0-bd0d05b926a9 ] Request (ImagesOneServerNegativeTestJSON:setUp): 200 GET http://10.180.1.21/compute/v2.1/servers/b847fffb-ca62-48f5-a6c0-524fec06239d 0.543s
2024-12-10 18:02:40.547 65748 INFO tempest.lib.common.rest_client [req-f41a3fc9-6916-43f0-bae8-872ef795d61b req-f41a3fc9-6916-43f0-bae8-872ef795d61b ] Request (ServersTestManualDisk:setUpClass): 204 PUT http://10.180.1.21/identity/v3/projects/2d25de0cc72346a3bcb30d2c7fbec9cf/users/6b2d6d7fc4c8423eb9529b949a10030f/roles/13574f18d80f431e8d30a08442f7aae0 0.046s
2024-12-10 18:02:40.547 65748 INFO tempest.lib.common.dynamic_creds [-] Dynamic test user 6b2d6d7fc4c8423eb9529b949a10030f is created with scope project and roles: ['member']
2024-12-10 18:02:40.547 65748 INFO tempest.lib.common.dynamic_creds [-] Acquired dynamic creds: credentials: Credentials: {'domain_id': 'default', 'domain_name': 'Default', 'username': 'tempest-ServersTestManualDisk-223813296-project-member', 'project_domain_id': 'default', 'project_domain_name': 'Default', 'project_id': '2d25de0cc72346a3bcb30d2c7fbec9cf', 'project_name': 'tempest-ServersTestManualDisk-223813296', 'tenant_id': '2d25de0cc72346a3bcb30d2c7fbec9cf', 'tenant_name': 'tempest-ServersTestManualDisk-223813296', 'user_domain_id': 'default', 'user_domain_name': 'Default', 'user_id': '6b2d6d7fc4c8423eb9529b949a10030f', 'system': None}, Network: None, Subnet: None, Router: None
2024-12-10 18:02:40.561 65712 INFO tempest.lib.common.rest_client [req-b4f06057-7c60-4c7f-b94f-de715148d683 req-b4f06057-7c60-4c7f-b94f-de715148d683 ] Request (ServersAdminNegativeTestJSON:_run_cleanups): 200 GET http://10.180.1.21/compute/v2.1/flavors/detail 0.511s
2024-12-10 18:02:40.571 65734 INFO tempest.lib.common.rest_client [req-4ff7b853-f285-490b-a3ba-8b9183cd10de req-4ff7b853-f285-490b-a3ba-8b9183cd10de ] Request (ServerExternalEventsTest:test_create_server_external_events): 200 GET http://10.180.1.21/compute/v2.1/servers/040543b1-db31-45db-8cbb-8fec5091cdb0 0.553s
2024-12-10 18:02:40.588 65739 WARNING tempest.lib.common.ssh [-] Failed to establish authenticated ssh connection to cirros@10.180.180.206 ([Errno None] Unable to connect to port 22 on 10.180.180.206). Number attempts: 1. Retry after 2 seconds.: paramiko.ssh_exception.NoValidConnectionsError: [Errno None] Unable to connect to port 22 on 10.180.180.206
2024-12-10 18:02:40.589 65752 INFO tempest.lib.common.rest_client [req-eb0b1bd9-4503-47f2-bd35-2af455d4956f req-eb0b1bd9-4503-47f2-bd35-2af455d4956f ] Request (ServerAddressesTestJSON:setUpClass): 201 POST http://10.180.1.21:9696/networking/v2.0/networks 0.430s
2024-12-10 18:02:40.606 65768 INFO tempest.lib.common.rest_client [req-27b6452e-ab49-49ee-95b3-28210f593fa7 req-27b6452e-ab49-49ee-95b3-28210f593fa7 ] Request (ImagesTestJSON:test_create_image_from_stopped_server): 200 GET http://10.180.1.21/compute/v2.1/images/780758b7-8c3f-4052-b805-800f666c8f3a 0.538s
2024-12-10 18:02:40.618 65748 INFO tempest.lib.common.rest_client [req-28888af7-13e6-499b-b0fd-41252eb8f108 req-28888af7-13e6-499b-b0fd-41252eb8f108 ] Request (ServersTestManualDisk:setUpClass): 201 POST http://10.180.1.21/identity/v3/auth/tokens 0.070s
2024-12-10 18:02:40.648 65716 INFO tempest.lib.common.rest_client [req-516e8aac-c0dd-4d4c-8655-8af69dd5eb0a req-516e8aac-c0dd-4d4c-8655-8af69dd5eb0a ] Request (ServerDiagnosticsNegativeTest:test_get_server_diagnostics_by_non_admin): 200 GET http://10.180.1.21/compute/v2.1/servers/62f90c9b-83f1-4a16-b238-6425e1f00310 0.497s
2024-12-10 18:02:40.681 65728 INFO tempest.lib.common.rest_client [req-ec48e213-2f42-4d89-a5db-1f011b317567 req-ec48e213-2f42-4d89-a5db-1f011b317567 ] Request (AttachInterfacesUnderV243Test:test_add_remove_fixed_ip): 200 GET http://10.180.1.21/compute/v2.1/servers/f38daa2e-be7c-4f6d-ab0c-119bc2dfde16 0.470s
2024-12-10 18:02:40.701 65730 INFO tempest.lib.common.rest_client [req-36ae09df-2426-4c5b-8022-f4f8535e2050 req-36ae09df-2426-4c5b-8022-f4f8535e2050 ] Request (AttachVolumeNegativeTest:test_attach_attached_volume_to_different_server): 200 GET http://10.180.1.21/compute/v2.1/servers/7dea9ef9-d226-466b-be5f-2bc40a829a5a 0.433s
2024-12-10 18:02:40.762 65744 INFO tempest.lib.common.rest_client [req-84622b4d-43a5-4997-aa32-a3263cd5cfad req-84622b4d-43a5-4997-aa32-a3263cd5cfad ] Request (ServersAdminTestJSON:setUpClass): 200 GET http://10.180.1.21/compute/v2.1/servers/33c80b8d-b98c-4687-b868-17262c39ec6b 0.443s
2024-12-10 18:02:40.841 65720 INFO tempest.lib.common.rest_client [req-a4f5ad3f-097c-466b-bd0a-249a9f41a21f req-a4f5ad3f-097c-466b-bd0a-249a9f41a21f ] Request (FloatingIPsAssociationNegativeTestJSON:tearDownClass): 200 GET http://10.180.1.21/compute/v2.1/servers/9459abc8-7efd-4c3a-8dd4-ecaec1e39b24 0.379s
2024-12-10 18:02:40.909 65766 INFO tempest.lib.common.rest_client [req-27848c5d-4093-4f87-992f-a2ed105b106e req-27848c5d-4093-4f87-992f-a2ed105b106e ] Request (MigrationsAdminTest:test_list_migrations_in_flavor_resize_situation): 200 GET http://10.180.1.21/compute/v2.1/servers/aa2d2aa5-97cb-4c6b-a002-8dc69ed40276 0.617s
2024-12-10 18:02:40.930 65708 INFO tempest.lib.common.rest_client [req-0e9cf4a7-c74e-4228-ade9-d7c62a5f6537 req-0e9cf4a7-c74e-4228-ade9-d7c62a5f6537 ] Request (FlavorsV2TestJSON:test_list_flavors_detailed_limit_results): 200 GET http://10.180.1.21/compute/v2.1/flavors/detail?limit=1 0.421s
2024-12-10 18:02:40.959 65752 INFO tempest.lib.common.rest_client [req-50e28c9d-1635-424e-9544-3a95847c500e req-50e28c9d-1635-424e-9544-3a95847c500e ] Request (ServerAddressesTestJSON:setUpClass): 201 POST http://10.180.1.21:9696/networking/v2.0/subnets 0.369s
2024-12-10 18:02:40.972 65757 INFO tempest.lib.common.rest_client [req-6774991d-b181-4636-9521-af44aeeeeeda req-6774991d-b181-4636-9521-af44aeeeeeda ] Request (ListServerFiltersTestJSON:test_list_servers_filtered_by_ip_regex): 200 GET http://10.180.1.21/compute/v2.1/servers?ip=192.168.128. 0.492s
2024-12-10 18:02:41.100 65748 INFO tempest.lib.common.rest_client [req-94ea5db3-3a18-4422-865c-80c3c6399903 req-94ea5db3-3a18-4422-865c-80c3c6399903 ] Request (ServersTestManualDisk:setUpClass): 201 POST http://10.180.1.21:9696/networking/v2.0/networks 0.481s
2024-12-10 18:02:41.156 65712 INFO tempest.lib.common.rest_client [req-90e4a690-0c66-4340-b081-eb5f3f33acaf req-90e4a690-0c66-4340-b081-eb5f3f33acaf ] Request (ServersAdminNegativeTestJSON:test_resize_server_using_overlimit_vcpus): 200 GET http://10.180.1.21/compute/v2.1/os-quota-sets/66742b86f34040a19dbcb6bc4f77ae27 0.589s
2024-12-10 18:02:41.253 65754 INFO tempest.lib.common.rest_client [req-6107db55-2dcb-4785-b6ad-a7ce6f895ab5 req-6107db55-2dcb-4785-b6ad-a7ce6f895ab5 ] Request (ServerAddressesNegativeTestJSON:tearDownClass): 200 GET http://10.180.1.21/compute/v2.1/servers/e91e2c1c-b3fa-45fd-8d93-c7024a9bc5ae 0.662s
2024-12-10 18:02:41.302 65758 INFO tempest.lib.common.rest_client [req-0826964f-386c-4fb6-b16c-399cb953d672 req-0826964f-386c-4fb6-b16c-399cb953d672 ] Request (ServerActionsV293TestJSON:setUpClass): 200 GET http://10.180.1.21/volume/v3/volumes/b69d47ed-79fe-4cd5-80ff-1ff6e37ec333 0.050s
2024-12-10 18:02:41.424 65724 INFO tempest.lib.common.rest_client [req-499719cd-8e7c-444e-a342-5462054fd025 req-499719cd-8e7c-444e-a342-5462054fd025 ] Request (DeleteServersAdminTestJSON:test_delete_server_while_in_error_state): 200 GET http://10.180.1.21/compute/v2.1/servers/b07f2e3a-b026-4d69-83c4-66dfb049201e 0.820s
2024-12-10 18:02:41.444 65771 INFO tempest.lib.common.rest_client [req-5e2da718-f565-401e-bdea-3e940b3bb0b9 req-5e2da718-f565-401e-bdea-3e940b3bb0b9 ] Request (ImagesOneServerNegativeTestJSON:test_create_second_image_when_first_image_is_being_saved): 202 POST http://10.180.1.21/compute/v2.1/servers/b847fffb-ca62-48f5-a6c0-524fec06239d/action 0.900s
2024-12-10 18:02:41.474 65748 INFO tempest.lib.common.rest_client [req-e147ac4e-2421-43ea-b607-543d8bb9c0ac req-e147ac4e-2421-43ea-b607-543d8bb9c0ac ] Request (ServersTestManualDisk:setUpClass): 201 POST http://10.180.1.21:9696/networking/v2.0/subnets 0.373s
2024-12-10 18:02:41.494 65718 INFO tempest.lib.common.rest_client [req-9cbdf973-5159-4d1d-ad77-2a6633a24ad1 req-9cbdf973-5159-4d1d-ad77-2a6633a24ad1 ] Request (AttachInterfacesV270Test:tearDownClass): 200 GET http://10.180.1.21/compute/v2.1/servers/e0161e23-d28e-42e7-b30a-cc2b275cc96a 0.815s
2024-12-10 18:02:41.508 65708 INFO tempest.lib.common.rest_client [req-c6e72732-ca43-4fda-a116-ffe81ede62d4 req-c6e72732-ca43-4fda-a116-ffe81ede62d4 ] Request (FlavorsV2TestJSON:test_list_flavors_detailed_using_marker): 200 GET http://10.180.1.21/compute/v2.1/flavors/42 0.572s
2024-12-10 18:02:41.533 65732 INFO tempest.lib.common.rest_client [req-8521e4e6-3b7c-4b5c-8835-e7f802d39e3a req-8521e4e6-3b7c-4b5c-8835-e7f802d39e3a ] Request (ServerShowV254Test:test_rebuild_server): 200 GET http://10.180.1.21/compute/v2.1/servers/c4b4072a-6e9a-4e83-891e-8f25c3ffdc84 0.668s
2024-12-10 18:02:41.570 65710 INFO tempest.lib.common.rest_client [req-e40f2229-7750-4a8c-8179-1dcb06ceb926 req-e40f2229-7750-4a8c-8179-1dcb06ceb926 ] Request (ListImageFiltersTestJSON:setUpClass): 200 GET http://10.180.1.21/compute/v2.1/images/0bc6fcab-0263-4a20-8c7c-6e3138436cb3 0.533s
2024-12-10 18:02:41.577 65757 INFO tempest.lib.common.rest_client [req-cd479430-f149-48e4-8149-77a896a8aeae req-cd479430-f149-48e4-8149-77a896a8aeae ] Request (ListServerFiltersTestJSON:test_list_servers_filtered_by_name_regex): 200 GET http://10.180.1.21/compute/v2.1/servers?name=%5E.%2A%5C-instance%5C-%5B0-9%5D%2B%24 0.599s
2024-12-10 18:02:41.597 65712 INFO tempest.lib.common.rest_client [req-720a0914-a9df-4441-b659-8d5754d91e00 req-720a0914-a9df-4441-b659-8d5754d91e00 ] Request (ServersAdminNegativeTestJSON:test_resize_server_using_overlimit_vcpus): 200 POST http://10.180.1.21/compute/v2.1/flavors 0.439s
2024-12-10 18:02:41.637 65736 INFO tempest.lib.common.rest_client [req-d24042d4-8c4f-412b-93d4-09e1ce9a40a8 req-d24042d4-8c4f-412b-93d4-09e1ce9a40a8 ] Request (MultipleCreateTestJSON:test_multiple_create): 200 GET http://10.180.1.21/compute/v2.1/servers/42a81f1b-11c0-40e0-81c6-644d9ce792d0 0.553s
2024-12-10 18:02:41.721 65714 INFO tempest.lib.common.rest_client [req-5556b92e-8c8c-4971-b2d6-66f8509b2146 req-5556b92e-8c8c-4971-b2d6-66f8509b2146 ] Request (ServersAdmin275Test:tearDownClass): 200 GET http://10.180.1.21/compute/v2.1/servers/604627ec-7d6f-4c3d-b789-322f4b4ea1ae 0.495s
2024-12-10 18:02:41.863 65740 INFO tempest.lib.common.rest_client [req-f2973d7f-3ea6-4f1b-9c45-875a4d0bae18 req-f2973d7f-3ea6-4f1b-9c45-875a4d0bae18 ] Request (SecurityGroupsTestJSON:test_list_security_groups_by_server): 200 GET http://10.180.1.21/compute/v2.1/servers/7e95fc62-43f4-4f89-a62b-2cef6c997e2c 0.704s
2024-12-10 18:02:41.909 65771 INFO tempest.lib.common.rest_client [req-d13c77b0-d3de-4a72-ad87-0665d32645e6 req-d13c77b0-d3de-4a72-ad87-0665d32645e6 ] Request (ImagesOneServerNegativeTestJSON:test_create_second_image_when_first_image_is_being_saved): 409 POST http://10.180.1.21/compute/v2.1/servers/b847fffb-ca62-48f5-a6c0-524fec06239d/action 0.463s
2024-12-10 18:02:41.977 65708 INFO tempest.lib.common.rest_client [req-17bbb005-3535-448c-8ed3-611ac77abb6e req-17bbb005-3535-448c-8ed3-611ac77abb6e ] Request (FlavorsV2TestJSON:test_list_flavors_detailed_using_marker): 200 GET http://10.180.1.21/compute/v2.1/flavors/detail?marker=42 0.467s
2024-12-10 18:02:42.011 65710 INFO tempest.lib.common.rest_client [req-6ffd01cd-f4cf-448f-8901-5fbb4ebe00e1 req-6ffd01cd-f4cf-448f-8901-5fbb4ebe00e1 ] Request (ListImageFiltersTestJSON:setUpClass): 200 GET http://10.180.1.21/compute/v2.1/images/0bc6fcab-0263-4a20-8c7c-6e3138436cb3 0.433s
2024-12-10 18:02:42.039 65726 INFO tempest.lib.common.rest_client [req-41df337a-577b-4c70-a80f-0e1d8b46c750 req-41df337a-577b-4c70-a80f-0e1d8b46c750 ] Request (InstanceActionsNegativeTestJSON:setUpClass): 200 GET http://10.180.1.21/compute/v2.1/servers/d649ce4d-fdb3-42ab-b254-abab95dea9f4 0.691s
2024-12-10 18:02:42.067 65757 INFO tempest.lib.common.rest_client [req-0dc2f568-5d34-4e52-b3bd-1597b378877b req-0dc2f568-5d34-4e52-b3bd-1597b378877b ] Request (ListServerFiltersTestJSON:test_list_servers_filtered_by_name_regex): 200 GET http://10.180.1.21/compute/v2.1/servers?name=%5E.%2A%5C-instance%5C-.%2A%24 0.488s
2024-12-10 18:02:42.116 65734 INFO tempest.lib.common.rest_client [req-9af23c72-0c0d-4e01-a50c-03d088b39445 req-9af23c72-0c0d-4e01-a50c-03d088b39445 ] Request (ServerExternalEventsTest:test_create_server_external_events): 200 GET http://10.180.1.21/compute/v2.1/servers/040543b1-db31-45db-8cbb-8fec5091cdb0 0.530s
2024-12-10 18:02:42.183 65768 INFO tempest.lib.common.rest_client [req-bf3f83f9-855a-401f-8f3b-cdae82937cb1 req-bf3f83f9-855a-401f-8f3b-cdae82937cb1 ] Request (ImagesTestJSON:test_create_image_from_stopped_server): 200 GET http://10.180.1.21/compute/v2.1/images/780758b7-8c3f-4052-b805-800f666c8f3a 0.572s
2024-12-10 18:02:42.194 65752 INFO tempest.lib.common.rest_client [req-9aeec15e-30a6-44e1-9e8a-05211c7d1c77 req-9aeec15e-30a6-44e1-9e8a-05211c7d1c77 ] Request (ServerAddressesTestJSON:setUpClass): 201 POST http://10.180.1.21:9696/networking/v2.0/routers 1.235s
2024-12-10 18:02:42.202 65712 INFO tempest.lib.common.rest_client [req-0151c0df-bade-44c1-a336-9e3258e881fe req-0151c0df-bade-44c1-a336-9e3258e881fe ] Request (ServersAdminNegativeTestJSON:test_resize_server_using_overlimit_vcpus): 403 POST http://10.180.1.21/compute/v2.1/servers/227a90d6-1651-45fb-bb34-c785a7a7ff49/action 0.601s
2024-12-10 18:02:42.256 65716 INFO tempest.lib.common.rest_client [req-7bd2a39f-0c24-49ff-b9ff-94c6e07078cc req-7bd2a39f-0c24-49ff-b9ff-94c6e07078cc ] Request (ServerDiagnosticsNegativeTest:test_get_server_diagnostics_by_non_admin): 200 GET http://10.180.1.21/compute/v2.1/servers/62f90c9b-83f1-4a16-b238-6425e1f00310 0.598s
2024-12-10 18:02:42.280 65728 INFO tempest.lib.common.rest_client [req-04d2ac72-36a3-4e54-95e2-5e5d529879d7 req-04d2ac72-36a3-4e54-95e2-5e5d529879d7 ] Request (AttachInterfacesUnderV243Test:test_add_remove_fixed_ip): 200 GET http://10.180.1.21/compute/v2.1/servers/f38daa2e-be7c-4f6d-ab0c-119bc2dfde16 0.589s
2024-12-10 18:02:42.312 65730 INFO tempest.lib.common.rest_client [req-a81cd85a-63f4-4481-add7-5a3a4ad58b02 req-a81cd85a-63f4-4481-add7-5a3a4ad58b02 ] Request (AttachVolumeNegativeTest:test_attach_attached_volume_to_different_server): 200 GET http://10.180.1.21/compute/v2.1/servers/7dea9ef9-d226-466b-be5f-2bc40a829a5a 0.602s
2024-12-10 18:02:42.347 65758 INFO tempest.lib.common.rest_client [req-557e8aa0-36b4-4ffd-9391-999c2677625a req-557e8aa0-36b4-4ffd-9391-999c2677625a ] Request (ServerActionsV293TestJSON:setUpClass): 200 GET http://10.180.1.21/volume/v3/volumes/b69d47ed-79fe-4cd5-80ff-1ff6e37ec333 0.032s
2024-12-10 18:02:42.353 65744 INFO tempest.lib.common.rest_client [req-463f0a8d-1530-4268-af56-ebc3a0f3d659 req-463f0a8d-1530-4268-af56-ebc3a0f3d659 ] Request (ServersAdminTestJSON:setUpClass): 200 GET http://10.180.1.21/compute/v2.1/servers/33c80b8d-b98c-4687-b868-17262c39ec6b 0.583s
2024-12-10 18:02:42.392 65720 INFO tempest.lib.common.rest_client [req-a1094442-c847-449c-a65d-21a35281ddd0 req-a1094442-c847-449c-a65d-21a35281ddd0 ] Request (FloatingIPsAssociationNegativeTestJSON:tearDownClass): 200 GET http://10.180.1.21/compute/v2.1/servers/9459abc8-7efd-4c3a-8dd4-ecaec1e39b24 0.537s
2024-12-10 18:02:42.435 65771 INFO tempest.lib.common.rest_client [req-b1c51ca8-b64f-41b9-995f-c6db19baa7d8 req-b1c51ca8-b64f-41b9-995f-c6db19baa7d8 ] Request (ImagesOneServerNegativeTestJSON:test_create_second_image_when_first_image_is_being_saved): 204 DELETE http://10.180.1.21/compute/v2.1/images/bc97718d-666b-4fda-a4fa-a0ea408e0b08 0.526s
2024-12-10 18:02:42.454 65708 INFO tempest.lib.common.rest_client [req-26103ff3-a9e8-4900-9e2f-c0bbbb13f4ce req-26103ff3-a9e8-4900-9e2f-c0bbbb13f4ce ] Request (FlavorsV2TestJSON:test_list_flavors_filter_by_min_disk): 200 GET http://10.180.1.21/compute/v2.1/flavors/42 0.470s
2024-12-10 18:02:42.505 65750 WARNING tempest.lib.common.ssh [-] Failed to establish authenticated ssh connection to cirros@10.180.180.207 ([Errno None] Unable to connect to port 22 on 10.180.180.207). Number attempts: 5. Retry after 6 seconds.: paramiko.ssh_exception.NoValidConnectionsError: [Errno None] Unable to connect to port 22 on 10.180.180.207
2024-12-10 18:02:42.599 65766 INFO tempest.lib.common.rest_client [req-c8aa7cc0-fdf7-4a9a-b0b8-d63ad31410b4 req-c8aa7cc0-fdf7-4a9a-b0b8-d63ad31410b4 ] Request (MigrationsAdminTest:test_list_migrations_in_flavor_resize_situation): 200 GET http://10.180.1.21/compute/v2.1/servers/aa2d2aa5-97cb-4c6b-a002-8dc69ed40276 0.682s
2024-12-10 18:02:42.603 65710 INFO tempest.lib.common.rest_client [req-fd7604fd-57da-4020-9849-9b7f451d1e34 req-fd7604fd-57da-4020-9849-9b7f451d1e34 ] Request (ListImageFiltersTestJSON:setUpClass): 200 GET http://10.180.1.21/compute/v2.1/servers/af8a8b36-1bac-422b-9dc1-2b60d2e5f04c 0.587s
2024-12-10 18:02:42.608 65766 INFO tempest.common.waiters [-] State transition "RESIZE/resize_migrating" ==> "RESIZE/resize_migrated" after 30 second wait
2024-12-10 18:02:42.633 65712 INFO tempest.lib.common.rest_client [req-132722e2-4b10-4903-b937-4a1a8d268507 req-132722e2-4b10-4903-b937-4a1a8d268507 ] Request (ServersAdminNegativeTestJSON:_run_cleanups): 202 DELETE http://10.180.1.21/compute/v2.1/flavors/108390974 0.430s
2024-12-10 18:02:42.686 65748 INFO tempest.lib.common.rest_client [req-28f922f1-a42d-448f-9069-1f41953d8e6b req-28f922f1-a42d-448f-9069-1f41953d8e6b ] Request (ServersTestManualDisk:setUpClass): 201 POST http://10.180.1.21:9696/networking/v2.0/routers 1.212s
2024-12-10 18:02:42.702 65757 INFO tempest.lib.common.rest_client [req-0b3548c9-5f67-41fc-aa0d-a450618f3bd0 req-0b3548c9-5f67-41fc-aa0d-a450618f3bd0 ] Request (ListServerFiltersTestJSON:test_list_servers_filtered_by_name_regex): 200 GET http://10.180.1.21/compute/v2.1/servers?name=1720473856 0.633s
2024-12-10 18:02:42.731 65754 INFO tempest.lib.common.rest_client [req-a2e95494-ddb8-44ef-862f-5b9f5a3875b5 req-a2e95494-ddb8-44ef-862f-5b9f5a3875b5 ] Request (ServerAddressesNegativeTestJSON:tearDownClass): 200 GET http://10.180.1.21/compute/v2.1/servers/e91e2c1c-b3fa-45fd-8d93-c7024a9bc5ae 0.469s
2024-12-10 18:02:42.911 65724 INFO tempest.lib.common.rest_client [req-5d2a0580-9265-4c8b-910a-b1031f897a9b req-5d2a0580-9265-4c8b-910a-b1031f897a9b ] Request (DeleteServersAdminTestJSON:test_delete_server_while_in_error_state): 200 GET http://10.180.1.21/compute/v2.1/servers/b07f2e3a-b026-4d69-83c4-66dfb049201e 0.474s
2024-12-10 18:02:42.912 65771 INFO tempest.lib.common.rest_client [req-4962a6df-c298-4d5e-8ca3-eb8a7cf3812b req-4962a6df-c298-4d5e-8ca3-eb8a7cf3812b ] Request (ImagesOneServerNegativeTestJSON:tearDown): 200 GET http://10.180.1.21/compute/v2.1/servers/b847fffb-ca62-48f5-a6c0-524fec06239d 0.476s
2024-12-10 18:02:42.933 65708 INFO tempest.lib.common.rest_client [req-26114f38-6342-4e13-9f7c-022a22b4684e req-26114f38-6342-4e13-9f7c-022a22b4684e ] Request (FlavorsV2TestJSON:test_list_flavors_filter_by_min_disk): 200 GET http://10.180.1.21/compute/v2.1/flavors?minDisk=2 0.476s
2024-12-10 18:02:43.002 65718 INFO tempest.lib.common.rest_client [req-27b7d849-b0f6-4490-99d9-42f2e2cb1fd6 req-27b7d849-b0f6-4490-99d9-42f2e2cb1fd6 ] Request (AttachInterfacesV270Test:tearDownClass): 200 GET http://10.180.1.21/compute/v2.1/servers/e0161e23-d28e-42e7-b30a-cc2b275cc96a 0.496s
2024-12-10 18:02:43.024 65712 INFO tempest.lib.common.rest_client [req-e9cf9d94-b7dc-4b6b-8dab-5a527bd29041 req-e9cf9d94-b7dc-4b6b-8dab-5a527bd29041 ] Request (ServersAdminNegativeTestJSON:_run_cleanups): 200 GET http://10.180.1.21/compute/v2.1/flavors/detail 0.390s
2024-12-10 18:02:43.036 65732 INFO tempest.lib.common.rest_client [req-7f4f3b03-2f34-4ffe-a61d-26e8996308d3 req-7f4f3b03-2f34-4ffe-a61d-26e8996308d3 ] Request (ServerShowV254Test:test_rebuild_server): 200 GET http://10.180.1.21/compute/v2.1/servers/c4b4072a-6e9a-4e83-891e-8f25c3ffdc84 0.490s
2024-12-10 18:02:43.110 65736 INFO tempest.lib.common.rest_client [req-fa3b6bf6-0d0a-4601-beda-bca9d545475c req-fa3b6bf6-0d0a-4601-beda-bca9d545475c ] Request (MultipleCreateTestJSON:test_multiple_create): 200 GET http://10.180.1.21/compute/v2.1/servers/42a81f1b-11c0-40e0-81c6-644d9ce792d0 0.463s
2024-12-10 18:02:43.121 65757 INFO tempest.lib.common.rest_client [req-3cb2fce9-c9b0-4ccf-9939-99565e316ab0 req-3cb2fce9-c9b0-4ccf-9939-99565e316ab0 ] Request (ListServerFiltersTestJSON:test_list_servers_filtered_by_name_wildcard): 200 GET http://10.180.1.21/compute/v2.1/servers?name=-instance 0.416s
2024-12-10 18:02:43.185 65740 INFO tempest.lib.common.rest_client [req-dab7c5e5-f0d6-43b6-aa41-bbae93208a94 req-dab7c5e5-f0d6-43b6-aa41-bbae93208a94 ] Request (SecurityGroupsTestJSON:test_list_security_groups_by_server): 200 GET http://10.180.1.21/compute/v2.1/servers/7e95fc62-43f4-4f89-a62b-2cef6c997e2c 0.314s
2024-12-10 18:02:43.190 65714 INFO tempest.lib.common.rest_client [req-ba0b3770-9962-433d-86d9-244bf2363171 req-ba0b3770-9962-433d-86d9-244bf2363171 ] Request (ServersAdmin275Test:tearDownClass): 200 GET http://10.180.1.21/compute/v2.1/servers/604627ec-7d6f-4c3d-b789-322f4b4ea1ae 0.454s
2024-12-10 18:02:43.206 65708 INFO tempest.lib.common.rest_client [req-7635521c-a0af-474f-a014-103d40f5b9e4 req-7635521c-a0af-474f-a014-103d40f5b9e4 ] Request (FlavorsV2TestJSON:test_list_flavors_filter_by_min_ram): 200 GET http://10.180.1.21/compute/v2.1/flavors/42 0.265s
2024-12-10 18:02:43.291 65712 INFO tempest.lib.common.rest_client [req-11faf645-80a8-41ef-aa23-e4ab87c86d50 req-11faf645-80a8-41ef-aa23-e4ab87c86d50 ] Request (ServersAdminNegativeTestJSON:tearDownClass): 204 DELETE http://10.180.1.21/compute/v2.1/servers/d5a4a0aa-fa7a-4600-ab6f-cc83857bffaa 0.261s
2024-12-10 18:02:43.341 65757 INFO tempest.lib.common.rest_client [req-a124af3e-8869-4695-92c1-29a0e9a8a4f2 req-a124af3e-8869-4695-92c1-29a0e9a8a4f2 ] Request (ListServerFiltersTestJSON:test_list_servers_filtered_by_name_wildcard): 200 GET http://10.180.1.21/compute/v2.1/servers?name=t-ListServerFiltersTestJSON-instance-172047385 0.214s
2024-12-10 18:02:43.396 65758 INFO tempest.lib.common.rest_client [req-f6abeea7-b233-4675-a564-7be559e7a1eb req-f6abeea7-b233-4675-a564-7be559e7a1eb ] Request (ServerActionsV293TestJSON:setUpClass): 200 GET http://10.180.1.21/volume/v3/volumes/b69d47ed-79fe-4cd5-80ff-1ff6e37ec333 0.036s
2024-12-10 18:02:43.397 65734 INFO tempest.lib.common.rest_client [req-155b996c-4cb7-46fa-81af-1a61bce2e4f6 req-155b996c-4cb7-46fa-81af-1a61bce2e4f6 ] Request (ServerExternalEventsTest:test_create_server_external_events): 200 GET http://10.180.1.21/compute/v2.1/servers/040543b1-db31-45db-8cbb-8fec5091cdb0 0.268s
2024-12-10 18:02:43.438 65768 INFO tempest.lib.common.rest_client [req-2eb96f18-9701-4f50-b223-6646eb9cf88a req-2eb96f18-9701-4f50-b223-6646eb9cf88a ] Request (ImagesTestJSON:test_create_image_from_stopped_server): 200 GET http://10.180.1.21/compute/v2.1/images/780758b7-8c3f-4052-b805-800f666c8f3a 0.252s
2024-12-10 18:02:43.463 65708 INFO tempest.lib.common.rest_client [req-3e7c62ca-d43f-4867-bb3a-f42270ba9578 req-3e7c62ca-d43f-4867-bb3a-f42270ba9578 ] Request (FlavorsV2TestJSON:test_list_flavors_filter_by_min_ram): 200 GET http://10.180.1.21/compute/v2.1/flavors?minRam=193 0.256s
2024-12-10 18:02:43.469 65726 INFO tempest.lib.common.rest_client [req-59513b4a-e23d-4c3f-959e-36079316f613 req-59513b4a-e23d-4c3f-959e-36079316f613 ] Request (InstanceActionsNegativeTestJSON:setUpClass): 200 GET http://10.180.1.21/compute/v2.1/servers/d649ce4d-fdb3-42ab-b254-abab95dea9f4 0.421s
2024-12-10 18:02:43.525 65716 INFO tempest.lib.common.rest_client [req-77449fe9-cf9c-4dd2-9472-37a8304de13d req-77449fe9-cf9c-4dd2-9472-37a8304de13d ] Request (ServerDiagnosticsNegativeTest:test_get_server_diagnostics_by_non_admin): 200 GET http://10.180.1.21/compute/v2.1/servers/62f90c9b-83f1-4a16-b238-6425e1f00310 0.263s
2024-12-10 18:02:43.553 65728 INFO tempest.lib.common.rest_client [req-4176b3b2-c416-48fe-8ca2-6561b6d17ded req-4176b3b2-c416-48fe-8ca2-6561b6d17ded ] Request (AttachInterfacesUnderV243Test:test_add_remove_fixed_ip): 200 GET http://10.180.1.21/compute/v2.1/servers/f38daa2e-be7c-4f6d-ab0c-119bc2dfde16 0.263s
2024-12-10 18:02:43.629 65730 INFO tempest.lib.common.rest_client [req-66d812c7-fb9b-48c7-b7b2-6c99216db51d req-66d812c7-fb9b-48c7-b7b2-6c99216db51d ] Request (AttachVolumeNegativeTest:test_attach_attached_volume_to_different_server): 200 GET http://10.180.1.21/compute/v2.1/servers/7dea9ef9-d226-466b-be5f-2bc40a829a5a 0.305s
2024-12-10 18:02:43.657 65739 WARNING tempest.lib.common.ssh [-] Failed to establish authenticated ssh connection to cirros@10.180.180.206 ([Errno None] Unable to connect to port 22 on 10.180.180.206). Number attempts: 2. Retry after 3 seconds.: paramiko.ssh_exception.NoValidConnectionsError: [Errno None] Unable to connect to port 22 on 10.180.180.206
2024-12-10 18:02:43.666 65752 INFO tempest.lib.common.rest_client [req-03307b06-0675-485d-a979-c01418eb7f60 req-03307b06-0675-485d-a979-c01418eb7f60 ] Request (ServerAddressesTestJSON:setUpClass): 200 PUT http://10.180.1.21:9696/networking/v2.0/routers/5adc7396-6323-463c-8e42-8daf53f3cf30/add_router_interface 1.472s
2024-12-10 18:02:43.666 65752 INFO tempest.lib.common.dynamic_creds [-] Created isolated network resources for: credentials: Credentials: {'domain_id': 'default', 'domain_name': 'Default', 'username': 'tempest-ServerAddressesTestJSON-1391769298-project-member', 'project_domain_id': 'default', 'project_domain_name': 'Default', 'project_id': 'e00313ddcf384486bd90ddac4ee42a8b', 'project_name': 'tempest-ServerAddressesTestJSON-1391769298', 'tenant_id': 'e00313ddcf384486bd90ddac4ee42a8b', 'tenant_name': 'tempest-ServerAddressesTestJSON-1391769298', 'user_domain_id': 'default', 'user_domain_name': 'Default', 'user_id': 'ba69dd4854e240f798618d1fa06ef743', 'system': None}, Network: {'id': 'd04b3b21-c526-4dba-88f7-8479af97f131', 'name': 'tempest-ServerAddressesTestJSON-1580994448-network', 'tenant_id': 'e00313ddcf384486bd90ddac4ee42a8b', 'admin_state_up': True, 'mtu': 8950, 'status': 'ACTIVE', 'subnets': [], 'shared': False, 'project_id': 'e00313ddcf384486bd90ddac4ee42a8b', 'port_security_enabled': True, 'router:external': False, 'provider:network_type': 'vlan', 'provider:physical_network': 'default', 'provider:segmentation_id': 551, 'availability_zone_hints': [], 'availability_zones': [], 'ipv4_address_scope': None, 'ipv6_address_scope': None, 'description': '', 'tags': [], 'created_at': '2024-12-10T18:02:40Z', 'updated_at': '2024-12-10T18:02:40Z', 'revision_number': 1}, Subnet: {'id': 'e8917f44-07ed-4b65-9fc9-4ccd9051b0c2', 'name': 'tempest-ServerAddressesTestJSON-1580994448-subnet', 'tenant_id': 'e00313ddcf384486bd90ddac4ee42a8b', 'network_id': 'd04b3b21-c526-4dba-88f7-8479af97f131', 'ip_version': 4, 'subnetpool_id': None, 'enable_dhcp': True, 'ipv6_ra_mode': None, 'ipv6_address_mode': None, 'gateway_ip': '192.168.128.1', 'cidr': '192.168.128.0/28', 'allocation_pools': [{'start': '192.168.128.2', 'end': '192.168.128.14'}], 'host_routes': [], 'dns_nameservers': [], 'description': '', 'router:external': False, 'service_types': [], 'tags': [], 'created_at': '2024-12-10T18:02:40Z', 'updated_at': '2024-12-10T18:02:40Z', 'revision_number': 0, 'project_id': 'e00313ddcf384486bd90ddac4ee42a8b'}, Router: {'id': '5adc7396-6323-463c-8e42-8daf53f3cf30', 'name': 'tempest-ServerAddressesTestJSON-1580994448-router', 'tenant_id': 'e00313ddcf384486bd90ddac4ee42a8b', 'admin_state_up': True, 'status': 'ACTIVE', 'external_gateway_info': {'network_id': '317d2d59-ffda-43c3-bdee-d9af8118bcf9', 'external_fixed_ips': [{'subnet_id': '8010ab0d-c38d-4b56-8ea4-f9f6431e4f8f', 'ip_address': '10.180.180.155'}], 'enable_snat': True}, 'description': '', 'availability_zones': [], 'distributed': False, 'ha': False, 'availability_zone_hints': [], 'routes': [], 'flavor_id': None, 'tags': [], 'created_at': '2024-12-10T18:02:41Z', 'updated_at': '2024-12-10T18:02:41Z', 'revision_number': 2, 'project_id': 'e00313ddcf384486bd90ddac4ee42a8b'}
2024-12-10 18:02:43.710 65757 INFO tempest.lib.common.rest_client [req-7c0aac41-cf0c-4bc5-b1cf-f7a6261cea51 req-7c0aac41-cf0c-4bc5-b1cf-f7a6261cea51 ] Request (ListServerFiltersTestJSON:tearDownClass): 204 DELETE http://10.180.1.21/compute/v2.1/servers/6ff5367c-657e-486f-9c7a-8b8580cae366 0.365s
2024-12-10 18:02:43.719 65712 INFO tempest.lib.common.rest_client [req-edc13e35-8960-4f64-8f1a-44a346a96943 req-edc13e35-8960-4f64-8f1a-44a346a96943 ] Request (ServersAdminNegativeTestJSON:tearDownClass): 200 GET http://10.180.1.21/compute/v2.1/servers/d5a4a0aa-fa7a-4600-ab6f-cc83857bffaa 0.427s
2024-12-10 18:02:43.798 65744 INFO tempest.lib.common.rest_client [req-4d486f51-2301-427b-b610-6545ebfd52d3 req-4d486f51-2301-427b-b610-6545ebfd52d3 ] Request (ServersAdminTestJSON:setUpClass): 200 GET http://10.180.1.21/compute/v2.1/servers/33c80b8d-b98c-4687-b868-17262c39ec6b 0.435s
2024-12-10 18:02:43.821 65720 INFO tempest.lib.common.rest_client [req-6a54a765-3090-4ddf-b7cb-4fddc6e1c0a0 req-6a54a765-3090-4ddf-b7cb-4fddc6e1c0a0 ] Request (FloatingIPsAssociationNegativeTestJSON:tearDownClass): 200 GET http://10.180.1.21/compute/v2.1/servers/9459abc8-7efd-4c3a-8dd4-ecaec1e39b24 0.419s
2024-12-10 18:02:43.826 65708 INFO tempest.lib.common.rest_client [req-d6eb4495-99bd-44c6-aa30-c4db5b5b2907 req-d6eb4495-99bd-44c6-aa30-c4db5b5b2907 ] Request (FlavorsV2TestJSON:test_list_flavors_limit_results): 200 GET http://10.180.1.21/compute/v2.1/flavors?limit=1 0.356s
2024-12-10 18:02:43.835 65752 INFO tempest.lib.common.rest_client [req-8b53a41b-37f6-401f-83df-7252aaa26bd7 req-8b53a41b-37f6-401f-83df-7252aaa26bd7 ] Request (ServerAddressesTestJSON:setUpClass): 201 POST http://10.180.1.21/identity/v3/auth/tokens 0.165s
2024-12-10 18:02:43.887 65752 INFO tempest.lib.common.rest_client [req-39e1f583-a634-495a-98c9-ebc1d5e8e06a req-39e1f583-a634-495a-98c9-ebc1d5e8e06a ] Request (ServerAddressesTestJSON:setUpClass): 201 POST http://10.180.1.21/identity/v3/auth/tokens 0.046s
2024-12-10 18:02:43.887 65752 INFO tempest.lib.common.fixed_network [-] (ServerAddressesTestJSON:setUpClass) Found network {'id': 'd04b3b21-c526-4dba-88f7-8479af97f131', 'name': 'tempest-ServerAddressesTestJSON-1580994448-network', 'tenant_id': 'e00313ddcf384486bd90ddac4ee42a8b', 'admin_state_up': True, 'mtu': 8950, 'status': 'ACTIVE', 'subnets': [], 'shared': False, 'project_id': 'e00313ddcf384486bd90ddac4ee42a8b', 'port_security_enabled': True, 'router:external': False, 'provider:network_type': 'vlan', 'provider:physical_network': 'default', 'provider:segmentation_id': 551, 'availability_zone_hints': [], 'availability_zones': [], 'ipv4_address_scope': None, 'ipv6_address_scope': None, 'description': '', 'tags': [], 'created_at': '2024-12-10T18:02:40Z', 'updated_at': '2024-12-10T18:02:40Z', 'revision_number': 1} available for tenant
2024-12-10 18:02:44.050 65766 INFO tempest.lib.common.rest_client [req-4c2f2554-7372-4f83-ac39-6796256b8bae req-4c2f2554-7372-4f83-ac39-6796256b8bae ] Request (MigrationsAdminTest:test_list_migrations_in_flavor_resize_situation): 200 GET http://10.180.1.21/compute/v2.1/servers/aa2d2aa5-97cb-4c6b-a002-8dc69ed40276 0.439s
2024-12-10 18:02:44.218 65757 INFO tempest.lib.common.rest_client [req-ca3f0af2-ad87-4c8f-bcde-cd8f18a58999 req-ca3f0af2-ad87-4c8f-bcde-cd8f18a58999 ] Request (ListServerFiltersTestJSON:tearDownClass): 200 GET http://10.180.1.21/compute/v2.1/servers/6ff5367c-657e-486f-9c7a-8b8580cae366 0.508s
2024-12-10 18:02:44.239 65754 INFO tempest.lib.common.rest_client [req-c981ea65-58b9-4506-aae7-70c6e627e959 req-c981ea65-58b9-4506-aae7-70c6e627e959 ] Request (ServerAddressesNegativeTestJSON:tearDownClass): 404 GET http://10.180.1.21/compute/v2.1/servers/e91e2c1c-b3fa-45fd-8d93-c7024a9bc5ae 0.496s
2024-12-10 18:02:44.260 65708 INFO tempest.lib.common.rest_client [req-c8f6c118-7ba7-4fc0-8859-e7f3366daf7a req-c8f6c118-7ba7-4fc0-8859-e7f3366daf7a ] Request (FlavorsV2TestJSON:test_list_flavors_using_marker): 200 GET http://10.180.1.21/compute/v2.1/flavors/42 0.432s
2024-12-10 18:02:44.269 65710 INFO tempest.lib.common.rest_client [req-8b6ca4c0-831f-4112-8817-27428d80824c req-8b6ca4c0-831f-4112-8817-27428d80824c ] Request (ListImageFiltersTestJSON:setUpClass): 200 GET http://10.180.1.21/compute/v2.1/servers/af8a8b36-1bac-422b-9dc1-2b60d2e5f04c 0.658s
2024-12-10 18:02:44.403 65748 INFO tempest.lib.common.rest_client [req-e88a7749-a346-4f4b-8aa7-a6babdd29198 req-e88a7749-a346-4f4b-8aa7-a6babdd29198 ] Request (ServersTestManualDisk:setUpClass): 200 PUT http://10.180.1.21:9696/networking/v2.0/routers/f6dffb33-b71d-4734-ab87-7bffa0af23b0/add_router_interface 1.716s
2024-12-10 18:02:44.403 65748 INFO tempest.lib.common.dynamic_creds [-] Created isolated network resources for: credentials: Credentials: {'domain_id': 'default', 'domain_name': 'Default', 'username': 'tempest-ServersTestManualDisk-223813296-project-member', 'project_domain_id': 'default', 'project_domain_name': 'Default', 'project_id': '2d25de0cc72346a3bcb30d2c7fbec9cf', 'project_name': 'tempest-ServersTestManualDisk-223813296', 'tenant_id': '2d25de0cc72346a3bcb30d2c7fbec9cf', 'tenant_name': 'tempest-ServersTestManualDisk-223813296', 'user_domain_id': 'default', 'user_domain_name': 'Default', 'user_id': '6b2d6d7fc4c8423eb9529b949a10030f', 'system': None}, Network: {'id': 'b0241b43-f5dc-4d96-8114-a3fa92132e1d', 'name': 'tempest-ServersTestManualDisk-789726476-network', 'tenant_id': '2d25de0cc72346a3bcb30d2c7fbec9cf', 'admin_state_up': True, 'mtu': 8950, 'status': 'ACTIVE', 'subnets': [], 'shared': False, 'project_id': '2d25de0cc72346a3bcb30d2c7fbec9cf', 'port_security_enabled': True, 'router:external': False, 'provider:network_type': 'vlan', 'provider:physical_network': 'default', 'provider:segmentation_id': 982, 'availability_zone_hints': [], 'availability_zones': [], 'ipv4_address_scope': None, 'ipv6_address_scope': None, 'description': '', 'tags': [], 'created_at': '2024-12-10T18:02:40Z', 'updated_at': '2024-12-10T18:02:40Z', 'revision_number': 1}, Subnet: {'id': '5389236d-72d1-424e-8027-fc7b3aac90df', 'name': 'tempest-ServersTestManualDisk-789726476-subnet', 'tenant_id': '2d25de0cc72346a3bcb30d2c7fbec9cf', 'network_id': 'b0241b43-f5dc-4d96-8114-a3fa92132e1d', 'ip_version': 4, 'subnetpool_id': None, 'enable_dhcp': True, 'ipv6_ra_mode': None, 'ipv6_address_mode': None, 'gateway_ip': '192.168.128.1', 'cidr': '192.168.128.0/28', 'allocation_pools': [{'start': '192.168.128.2', 'end': '192.168.128.14'}], 'host_routes': [], 'dns_nameservers': [], 'description': '', 'router:external': False, 'service_types': [], 'tags': [], 'created_at': '2024-12-10T18:02:41Z', 'updated_at': '2024-12-10T18:02:41Z', 'revision_number': 0, 'project_id': '2d25de0cc72346a3bcb30d2c7fbec9cf'}, Router: {'id': 'f6dffb33-b71d-4734-ab87-7bffa0af23b0', 'name': 'tempest-ServersTestManualDisk-789726476-router', 'tenant_id': '2d25de0cc72346a3bcb30d2c7fbec9cf', 'admin_state_up': True, 'status': 'ACTIVE', 'external_gateway_info': {'network_id': '317d2d59-ffda-43c3-bdee-d9af8118bcf9', 'external_fixed_ips': [{'subnet_id': '8010ab0d-c38d-4b56-8ea4-f9f6431e4f8f', 'ip_address': '10.180.180.226'}], 'enable_snat': True}, 'description': '', 'availability_zones': [], 'distributed': False, 'ha': False, 'availability_zone_hints': [], 'routes': [], 'flavor_id': None, 'tags': [], 'created_at': '2024-12-10T18:02:41Z', 'updated_at': '2024-12-10T18:02:42Z', 'revision_number': 2, 'project_id': '2d25de0cc72346a3bcb30d2c7fbec9cf'}
2024-12-10 18:02:44.443 65724 INFO tempest.lib.common.rest_client [req-5c255e9c-47a2-4d89-860d-6825d0af5ecb req-5c255e9c-47a2-4d89-860d-6825d0af5ecb ] Request (DeleteServersAdminTestJSON:test_delete_server_while_in_error_state): 200 GET http://10.180.1.21/compute/v2.1/servers/b07f2e3a-b026-4d69-83c4-66dfb049201e 0.523s
2024-12-10 18:02:44.460 65758 INFO tempest.lib.common.rest_client [req-2cf43ce2-5599-4add-9850-c0d966446fb1 req-2cf43ce2-5599-4add-9850-c0d966446fb1 ] Request (ServerActionsV293TestJSON:setUpClass): 200 GET http://10.180.1.21/volume/v3/volumes/b69d47ed-79fe-4cd5-80ff-1ff6e37ec333 0.053s
2024-12-10 18:02:44.533 65748 INFO tempest.lib.common.rest_client [req-3d6a77af-bd8e-4c10-ba3f-9c404190f7b1 req-3d6a77af-bd8e-4c10-ba3f-9c404190f7b1 ] Request (ServersTestManualDisk:setUpClass): 201 POST http://10.180.1.21/identity/v3/auth/tokens 0.125s
2024-12-10 18:02:44.582 65771 INFO tempest.lib.common.rest_client [req-413bf896-b099-452e-8ebd-15c183b63fee req-413bf896-b099-452e-8ebd-15c183b63fee ] Request (ImagesOneServerNegativeTestJSON:tearDown): 200 GET http://10.180.1.21/compute/v2.1/servers/b847fffb-ca62-48f5-a6c0-524fec06239d 0.660s
2024-12-10 18:02:44.589 65771 INFO tempest.common.waiters [-] State transition "ACTIVE/image_snapshot" ==> "ACTIVE/image_pending_upload" after 2 second wait
2024-12-10 18:02:44.691 65718 INFO tempest.lib.common.rest_client [req-472e0e8c-e601-4299-9506-0f9b1176ac41 req-472e0e8c-e601-4299-9506-0f9b1176ac41 ] Request (AttachInterfacesV270Test:tearDownClass): 200 GET http://10.180.1.21/compute/v2.1/servers/e0161e23-d28e-42e7-b30a-cc2b275cc96a 0.677s
2024-12-10 18:02:44.752 65732 INFO tempest.lib.common.rest_client [req-3ad0796d-004a-4d4b-9d9e-e6ab8a98896a req-3ad0796d-004a-4d4b-9d9e-e6ab8a98896a ] Request (ServerShowV254Test:test_rebuild_server): 200 GET http://10.180.1.21/compute/v2.1/servers/c4b4072a-6e9a-4e83-891e-8f25c3ffdc84 0.704s
