2024-12-10 18:04:14.312 65716 INFO tempest.lib.common.rest_client [req-665548b7-dd41-4d9d-b7c0-1dfc4cd32cba req-665548b7-dd41-4d9d-b7c0-1dfc4cd32cba ] Request (ServerDiagnosticsNegativeTest:tearDownClass): 200 GET http://10.180.1.21:9696/networking/v2.0/security-groups?tenant_id=69ec481aa58441b38ecab33ce0c46d96&name=default 0.052s
2024-12-10 18:04:14.401 65716 INFO tempest.lib.common.rest_client [req-13652e22-4fc2-4fd4-bc1b-7a214513ec42 req-13652e22-4fc2-4fd4-bc1b-7a214513ec42 ] Request (ServerDiagnosticsNegativeTest:tearDownClass): 204 DELETE http://10.180.1.21:9696/networking/v2.0/security-groups/f88ead59-d0c1-4cf4-b922-48b854e707cd 0.088s
2024-12-10 18:04:14.498 65716 INFO tempest.lib.common.rest_client [req-52b4d548-7901-49c1-9a5d-37f2f3a73020 req-52b4d548-7901-49c1-9a5d-37f2f3a73020 ] Request (ServerDiagnosticsNegativeTest:tearDownClass): 204 DELETE http://10.180.1.21/identity/v3/projects/69ec481aa58441b38ecab33ce0c46d96 0.097s
2024-12-10 18:04:14.568 65716 INFO tempest.lib.common.rest_client [req-c189c1c3-f25a-47a3-a51f-33a811e3eb55 req-c189c1c3-f25a-47a3-a51f-33a811e3eb55 ] Request (ListServersNegativeTestJSON:setUpClass): 201 POST http://10.180.1.21/identity/v3/auth/tokens 0.068s
2024-12-10 18:04:14.604 65716 INFO tempest.lib.common.rest_client [req-0a98466d-a1ce-47c4-bb90-d850d49d37f6 req-0a98466d-a1ce-47c4-bb90-d850d49d37f6 ] Request (ListServersNegativeTestJSON:setUpClass): 201 POST http://10.180.1.21/identity/v3/auth/tokens 0.032s
2024-12-10 18:04:14.631 65716 INFO tempest.lib.common.rest_client [req-64b8a05f-a89f-4ce2-8ab0-e3eb0cd5bf03 req-64b8a05f-a89f-4ce2-8ab0-e3eb0cd5bf03 ] Request (ListServersNegativeTestJSON:setUpClass): 200 GET http://10.180.1.21/identity/v3/domains?name=Default 0.027s
2024-12-10 18:04:14.631 65740 INFO tempest.lib.common.rest_client [req-9fb5a984-a537-4ee4-9eed-57f7ddda5bad req-9fb5a984-a537-4ee4-9eed-57f7ddda5bad ] Request (SecurityGroupsTestJSON:test_server_security_groups): 202 POST http://10.180.1.21/compute/v2.1/servers/f1ec63cb-168e-419b-b2c5-11d0757c718e/action 0.449s
2024-12-10 18:04:14.665 65716 INFO tempest.lib.common.rest_client [req-e453c148-43fc-41d0-a7bd-f91ee8da9702 req-e453c148-43fc-41d0-a7bd-f91ee8da9702 ] Request (ListServersNegativeTestJSON:setUpClass): 201 POST http://10.180.1.21/identity/v3/projects 0.034s
2024-12-10 18:04:14.708 65742 INFO tempest.lib.common.rest_client [req-2fb186ea-aaad-42f0-b050-431e1a04edff req-2fb186ea-aaad-42f0-b050-431e1a04edff ] Request (AttachInterfacesTestJSON:_run_cleanups): 200 GET http://10.180.1.21/compute/v2.1/servers/3ba3ab68-3aca-455a-8600-9508a11579c9 0.477s
2024-12-10 18:04:14.726 65708 INFO tempest.lib.common.rest_client [req-d108ba0e-38c0-4c4d-bbeb-f0b1b8068d4f req-d108ba0e-38c0-4c4d-bbeb-f0b1b8068d4f ] Request (ImagesOneServerTestJSON:test_create_image_specify_multibyte_character_image_name): 202 POST http://10.180.1.21/compute/v2.1/servers/90e88eb8-7d4a-4a76-b46f-105292f41ce0/action 0.520s
2024-12-10 18:04:14.740 65716 INFO tempest.lib.common.rest_client [req-3f1013e6-9867-4799-81bb-d65ccf925715 req-3f1013e6-9867-4799-81bb-d65ccf925715 ] Request (ListServersNegativeTestJSON:setUpClass): 201 POST http://10.180.1.21/identity/v3/users 0.074s
2024-12-10 18:04:14.760 65716 INFO tempest.lib.common.rest_client [req-e25bc2f6-2e23-4fbb-9183-b673569854c1 req-e25bc2f6-2e23-4fbb-9183-b673569854c1 ] Request (ListServersNegativeTestJSON:setUpClass): 200 GET http://10.180.1.21/identity/v3/roles 0.019s
2024-12-10 18:04:14.769 65757 INFO tempest.lib.common.rest_client [req-ae184785-e8bd-4821-bfa3-b02262614725 req-ae184785-e8bd-4821-bfa3-b02262614725 ] Request (ListServerFiltersTestJSON:tearDownClass): 200 GET http://10.180.1.21/compute/v2.1/servers/6014c827-bbb3-4419-bf0c-574989a6f943 0.486s
2024-12-10 18:04:14.787 65726 INFO tempest.lib.common.rest_client [req-4e6131db-e1c7-4be3-a539-bea68a980029 req-4e6131db-e1c7-4be3-a539-bea68a980029 ] Request (ServersAaction247Test:test_create_backup): 200 GET http://10.180.1.21/compute/v2.1/servers/0feb6a44-8f9a-4446-83f7-e56467d597f3 0.452s
2024-12-10 18:04:14.790 65716 INFO tempest.lib.common.rest_client [req-bedfe323-8b28-4583-94f4-f7fce6e7937d req-bedfe323-8b28-4583-94f4-f7fce6e7937d ] Request (ListServersNegativeTestJSON:setUpClass): 204 PUT http://10.180.1.21/identity/v3/projects/104d90f2d8234ffab5a6d626d0872594/users/b590221723a84851a1dd99a4a8ec0772/roles/13574f18d80f431e8d30a08442f7aae0 0.030s
2024-12-10 18:04:14.791 65716 INFO tempest.lib.common.dynamic_creds [-] Dynamic test user b590221723a84851a1dd99a4a8ec0772 is created with scope project and roles: ['member']
2024-12-10 18:04:14.791 65716 INFO tempest.lib.common.dynamic_creds [-] Acquired dynamic creds: credentials: Credentials: {'domain_id': 'default', 'domain_name': 'Default', 'username': 'tempest-ListServersNegativeTestJSON-637062268-project-member', 'project_domain_id': 'default', 'project_domain_name': 'Default', 'project_id': '104d90f2d8234ffab5a6d626d0872594', 'project_name': 'tempest-ListServersNegativeTestJSON-637062268', 'tenant_id': '104d90f2d8234ffab5a6d626d0872594', 'tenant_name': 'tempest-ListServersNegativeTestJSON-637062268', 'user_domain_id': 'default', 'user_domain_name': 'Default', 'user_id': 'b590221723a84851a1dd99a4a8ec0772', 'system': None}, Network: None, Subnet: None, Router: None
2024-12-10 18:04:14.829 65712 INFO tempest.lib.common.rest_client [req-e6a424b3-4b08-4ea3-8eb2-7858a7f87f33 req-e6a424b3-4b08-4ea3-8eb2-7858a7f87f33 ] Request (ServersTestJSON:setUpClass): 200 GET http://10.180.1.21/compute/v2.1/servers/019d17e0-8ee8-4586-8696-e903b5ea431b 0.442s
2024-12-10 18:04:14.859 65728 INFO paramiko.transport [-] Connected (version 2.0, client dropbear_2020.81)
2024-12-10 18:04:14.861 65710 INFO tempest.lib.common.rest_client [req-c019c43e-bc82-4518-b44b-be9ba17c62e7 req-c019c43e-bc82-4518-b44b-be9ba17c62e7 ] Request (ListImageFiltersTestJSON:tearDownClass): 200 GET http://10.180.1.21/compute/v2.1/servers/5801ddb7-fa0b-4c30-be71-afae4d7ce119 0.418s
2024-12-10 18:04:14.869 65716 INFO tempest.lib.common.rest_client [req-12b035f0-2ea4-46ff-ad9e-3b21faad4d85 req-12b035f0-2ea4-46ff-ad9e-3b21faad4d85 ] Request (ListServersNegativeTestJSON:setUpClass): 201 POST http://10.180.1.21/identity/v3/auth/tokens 0.077s
2024-12-10 18:04:14.888 65718 INFO tempest.lib.common.rest_client [req-74e5b9b9-5133-4d51-91ad-dbc537c8e5c6 req-74e5b9b9-5133-4d51-91ad-dbc537c8e5c6 ] Request (ServerShowV247Test:test_update_rebuild_list_server): 200 GET http://10.180.1.21/compute/v2.1/servers/5dc8f99f-e2c3-48b8-9601-0fe7fae90c0a 0.394s
2024-12-10 18:04:14.924 65771 INFO tempest.lib.common.rest_client [req-4bc7f7d9-08ce-4c82-bf17-dc6b3774dffe req-4bc7f7d9-08ce-4c82-bf17-dc6b3774dffe ] Request (ImagesOneServerNegativeTestJSON:_run_cleanups): 200 GET http://10.180.1.21/compute/v2.1/servers/42c7a76b-768f-444a-9372-f51ed6bc2524 0.350s
2024-12-10 18:04:14.967 65728 INFO paramiko.transport [-] Authentication (publickey) successful!
2024-12-10 18:04:14.967 65730 INFO tempest.lib.common.rest_client [req-9a7f8314-4488-42e9-8c74-398cda8fb2f1 req-9a7f8314-4488-42e9-8c74-398cda8fb2f1 ] Request (AttachVolumeNegativeTest:test_attach_attached_volume_to_different_server): 200 GET http://10.180.1.21/volume/v3/volumes/641aad2a-c9c1-4b3d-b888-0714811d065b 0.045s
2024-12-10 18:04:14.968 65728 INFO tempest.lib.common.ssh [-] ssh connection to cirros@10.180.180.234 successfully created
2024-12-10 18:04:14.974 65740 INFO tempest.lib.common.rest_client [req-ef8b3f80-22dc-4280-9833-af7df641af1b req-ef8b3f80-22dc-4280-9833-af7df641af1b ] Request (SecurityGroupsTestJSON:test_server_security_groups): 400 DELETE http://10.180.1.21/compute/v2.1/os-security-groups/4f09245a-903d-4b4d-9ed5-4b3564831824 0.343s
2024-12-10 18:04:14.994 65752 INFO tempest.lib.common.rest_client [req-b30d8ff3-1a7f-4413-8837-c933303de571 req-b30d8ff3-1a7f-4413-8837-c933303de571 ] Request (ServerAddressesTestJSON:tearDownClass): 200 GET http://10.180.1.21/compute/v2.1/servers/9e5fd757-c244-45b9-815d-7aa6de36ab95 0.342s
2024-12-10 18:04:15.035 65708 INFO tempest.lib.common.rest_client [req-a118be3c-2912-42d7-a82e-73a039c95849 req-a118be3c-2912-42d7-a82e-73a039c95849 ] Request (ImagesOneServerTestJSON:test_create_image_specify_multibyte_character_image_name): 200 GET http://10.180.1.21/compute/v2.1/images/64517a4e-0dc4-4c74-84fc-7c1ab77798ce 0.307s
2024-12-10 18:04:15.048 65760 INFO tempest.lib.common.rest_client [req-079a6c30-1c00-45f8-9be5-f6f4e0401ee7 req-079a6c30-1c00-45f8-9be5-f6f4e0401ee7 ] Request (VolumesAssistedSnapshotsTest:tearDownClass): 200 GET http://10.180.1.21/compute/v2.1/servers/8553d005-e6e3-452c-a7e1-84a479c28c34 0.337s
2024-12-10 18:04:15.105 65736 INFO tempest.lib.common.rest_client [req-9bb92769-305b-41e6-9d2e-432cdff5864e req-9bb92769-305b-41e6-9d2e-432cdff5864e ] Request (MultipleCreateTestJSON:test_multiple_create_with_reservation_return): 200 GET http://10.180.1.21/compute/v2.1/servers/e58622c1-bfb7-43f8-87bb-b6d7505044f7 0.346s
2024-12-10 18:04:15.111 65754 INFO tempest.lib.common.rest_client [req-dff25c27-e6bd-4b51-8d65-805ce6acf752 req-dff25c27-e6bd-4b51-8d65-805ce6acf752 ] Request (ServerMetadataNegativeTestJSON:tearDownClass): 200 GET http://10.180.1.21/compute/v2.1/servers/ed32836f-0827-4741-8a25-dc488c564917 0.290s
2024-12-10 18:04:15.165 65714 INFO tempest.lib.common.rest_client [req-79a21f5b-0af5-41f4-a853-faff88f2680e req-79a21f5b-0af5-41f4-a853-faff88f2680e ] Request (DeleteServersTestJSON:test_delete_active_server): 200 GET http://10.180.1.21/compute/v2.1/servers/462a23e1-0a6b-4be2-af22-392b7830244b 0.224s
2024-12-10 18:04:15.166 65732 INFO tempest.lib.common.rest_client [req-29332c89-b66d-4fac-bf50-d17f9f675748 req-29332c89-b66d-4fac-bf50-d17f9f675748 ] Request (AttachVolumeShelveTestJSON:test_attach_volume_shelved_or_offload_server): 200 GET http://10.180.1.21/compute/v2.1/servers/f19c1efd-c45f-4ff6-9c2b-1e2260e94b03 0.275s
2024-12-10 18:04:15.191 65716 INFO tempest.lib.common.rest_client [req-7b7b398c-960e-4009-9dc7-09f0803a83d0 req-7b7b398c-960e-4009-9dc7-09f0803a83d0 ] Request (ListServersNegativeTestJSON:setUpClass): 201 POST http://10.180.1.21:9696/networking/v2.0/networks 0.321s
2024-12-10 18:04:15.226 65724 INFO tempest.lib.common.rest_client [req-5a3f8dc4-cacf-4a2f-979d-954a9c5004c5 req-5a3f8dc4-cacf-4a2f-979d-954a9c5004c5 ] Request (TenantUsagesTestJSON:setUpClass): 200 GET http://10.180.1.21/compute/v2.1/servers/f1611627-200c-496c-9fe4-fd60aff8f5ae 0.281s
2024-12-10 18:04:15.280 65728 INFO tempest.lib.common.rest_client [req-3c48c5ea-614c-4000-a70e-1f6deb235461 req-3c48c5ea-614c-4000-a70e-1f6deb235461 ] Request (AttachInterfacesUnderV243Test:test_add_remove_fixed_ip): 200 GET http://10.180.1.21/compute/v2.1/servers/f38daa2e-be7c-4f6d-ab0c-119bc2dfde16/os-interface 0.312s
2024-12-10 18:04:15.293 65740 INFO tempest.lib.common.rest_client [req-de28621e-a36b-40de-939d-9df26e595587 req-de28621e-a36b-40de-939d-9df26e595587 ] Request (SecurityGroupsTestJSON:test_server_security_groups): 202 POST http://10.180.1.21/compute/v2.1/servers/f1ec63cb-168e-419b-b2c5-11d0757c718e/action 0.318s
2024-12-10 18:04:15.333 65734 INFO tempest.lib.common.rest_client [req-06a65cda-3764-4d25-8018-79c788f05929 req-06a65cda-3764-4d25-8018-79c788f05929 ] Request (FloatingIPsAssociationTestJSON:setUpClass): 200 GET http://10.180.1.21/compute/v2.1/servers/e87c3386-c911-45a2-a7ab-94687e722466 0.342s
2024-12-10 18:04:15.350 65750 INFO tempest.lib.common.rest_client [req-6a45b844-5090-4545-b664-2003cb58a821 req-6a45b844-5090-4545-b664-2003cb58a821 ] Request (VolumesAdminNegativeTest:test_update_attached_volume_with_nonexistent_volume_in_uri): 200 GET http://10.180.1.21/compute/v2.1/servers/e3149162-b99d-456b-9f81-f6209ee11fe4 0.349s
2024-12-10 18:04:15.376 65716 INFO tempest.lib.common.rest_client [req-73f23797-8c17-42aa-92a3-bdddc53e0234 req-73f23797-8c17-42aa-92a3-bdddc53e0234 ] Request (ListServersNegativeTestJSON:setUpClass): 201 POST http://10.180.1.21:9696/networking/v2.0/subnets 0.185s
2024-12-10 18:04:15.385 65766 INFO tempest.lib.common.rest_client [req-5dff4a6b-a537-4613-a453-34e5543266fb req-5dff4a6b-a537-4613-a453-34e5543266fb ] Request (MigrationsAdminTest:test_resize_server_revert_deleted_flavor): 200 GET http://10.180.1.21/compute/v2.1/servers/a3a0029e-76fe-4ba3-9bdc-247ea37f78df 0.336s
2024-12-10 18:04:15.393 65766 INFO tempest.common.waiters [-] State transition "BUILD/scheduling" ==> "BUILD/None" after 35 second wait
2024-12-10 18:04:15.405 65739 INFO tempest.lib.common.rest_client [req-0ea38136-178a-4471-a386-85b18f143186 req-0ea38136-178a-4471-a386-85b18f143186 ] Request (ServersTestFqdnHostnames:tearDownClass): 200 GET http://10.180.1.21/compute/v2.1/servers/3a81ac3b-b4f9-4d43-bdaf-70908fba19d2 0.249s
2024-12-10 18:04:15.411 65739 INFO tempest.common.waiters [-] State transition "ACTIVE/deleting" ==> "DELETED/None" after 4 second wait
2024-12-10 18:04:15.421 65768 INFO tempest.lib.common.rest_client [req-35b9d606-343a-4006-b9f8-fc3f5eef6784 req-35b9d606-343a-4006-b9f8-fc3f5eef6784 ] Request (ImagesTestJSON:test_create_image_from_suspended_server): 200 GET http://10.180.1.21/compute/v2.1/images/aedf1400-2612-4723-afa1-f59ed1562f40 0.236s
2024-12-10 18:04:15.472 65720 INFO tempest.lib.common.rest_client [req-4b8e9268-225f-4e53-8d8a-07d1b38d38eb req-4b8e9268-225f-4e53-8d8a-07d1b38d38eb ] Request (InstanceActionsV221TestJSON:test_get_list_deleted_instance_actions): 200 GET http://10.180.1.21/compute/v2.1/servers/db17ef0f-be04-4540-88c2-13c27f4bf4c7 0.232s
2024-12-10 18:04:15.478 65744 INFO tempest.lib.common.rest_client [req-d4a1bd37-756e-42aa-a5fe-2e04ecd53f20 req-d4a1bd37-756e-42aa-a5fe-2e04ecd53f20 ] Request (ServersAdminTestJSON:test_create_server_with_scheduling_hint): 200 GET http://10.180.1.21/compute/v2.1/servers/93767ef1-092f-405d-b393-6bec8e6c3615 0.215s
2024-12-10 18:04:15.479 65720 INFO tempest.common.waiters [-] State transition "ACTIVE/deleting" ==> "DELETED/None" after 4 second wait
2024-12-10 18:04:15.610 65740 INFO tempest.lib.common.rest_client [req-501953d7-3f09-4c0d-9537-e17d0522b0d7 req-501953d7-3f09-4c0d-9537-e17d0522b0d7 ] Request (SecurityGroupsTestJSON:test_server_security_groups): 200 GET http://10.180.1.21/compute/v2.1/servers/f1ec63cb-168e-419b-b2c5-11d0757c718e 0.317s
2024-12-10 18:04:15.612 65728 INFO tempest.lib.common.rest_client [req-886361a9-ba4d-4232-897b-c52ff0dce2ce req-886361a9-ba4d-4232-897b-c52ff0dce2ce ] Request (AttachInterfacesUnderV243Test:test_add_remove_fixed_ip): 200 GET http://10.180.1.21/compute/v2.1/servers/f38daa2e-be7c-4f6d-ab0c-119bc2dfde16/os-interface/6fe5f8ef-01ea-40bf-a3d7-27a5d77ecdeb 0.329s
2024-12-10 18:04:15.638 65728 INFO tempest.lib.common.rest_client [req-ca1dd34e-b98c-4a5e-8ebf-1e1f2610ab7f req-ca1dd34e-b98c-4a5e-8ebf-1e1f2610ab7f ] Request (AttachInterfacesUnderV243Test:test_add_remove_fixed_ip): 200 GET http://10.180.1.21/compute/v2.1/servers/f38daa2e-be7c-4f6d-ab0c-119bc2dfde16/ips 0.024s
2024-12-10 18:04:15.668 65728 INFO tempest.lib.common.rest_client [req-d2c24857-6cdd-4579-ae8d-47144993b281 req-d2c24857-6cdd-4579-ae8d-47144993b281 ] Request (AttachInterfacesUnderV243Test:test_add_remove_fixed_ip): 202 POST http://10.180.1.21/compute/v2.1/servers/f38daa2e-be7c-4f6d-ab0c-119bc2dfde16/action 0.028s
2024-12-10 18:04:15.701 65728 INFO tempest.lib.common.rest_client [req-5d0cc1fd-372e-47f2-8a84-74e996e21f8b req-5d0cc1fd-372e-47f2-8a84-74e996e21f8b ] Request (AttachInterfacesUnderV243Test:test_add_remove_fixed_ip): 200 GET http://10.180.1.21/compute/v2.1/servers/f38daa2e-be7c-4f6d-ab0c-119bc2dfde16/ips 0.033s
2024-12-10 18:04:15.790 65742 INFO tempest.lib.common.rest_client [req-4f9ec29e-129d-4e44-96de-3e2533d7f643 req-4f9ec29e-129d-4e44-96de-3e2533d7f643 ] Request (AttachInterfacesTestJSON:_run_cleanups): 200 GET http://10.180.1.21/compute/v2.1/servers/3ba3ab68-3aca-455a-8600-9508a11579c9 0.073s
2024-12-10 18:04:15.855 65757 INFO tempest.lib.common.rest_client [req-57c15831-3b27-40b6-9414-804ec4ffb7b2 req-57c15831-3b27-40b6-9414-804ec4ffb7b2 ] Request (ListServerFiltersTestJSON:tearDownClass): 200 GET http://10.180.1.21/compute/v2.1/servers/6014c827-bbb3-4419-bf0c-574989a6f943 0.078s
2024-12-10 18:04:15.866 65726 INFO tempest.lib.common.rest_client [req-58a92aee-7424-4c9f-ab77-c2f83538bd28 req-58a92aee-7424-4c9f-ab77-c2f83538bd28 ] Request (ServersAaction247Test:test_create_backup): 200 GET http://10.180.1.21/compute/v2.1/servers/0feb6a44-8f9a-4446-83f7-e56467d597f3 0.068s
2024-12-10 18:04:15.909 65712 INFO tempest.lib.common.rest_client [req-88ac79d4-e1f1-4475-9149-e795cbe1c78e req-88ac79d4-e1f1-4475-9149-e795cbe1c78e ] Request (ServersTestJSON:setUpClass): 200 GET http://10.180.1.21/compute/v2.1/servers/019d17e0-8ee8-4586-8696-e903b5ea431b 0.072s
2024-12-10 18:04:15.941 65710 INFO tempest.lib.common.rest_client [req-0f019ac6-f872-4d2d-af5c-69beed57e841 req-0f019ac6-f872-4d2d-af5c-69beed57e841 ] Request (ListImageFiltersTestJSON:tearDownClass): 200 GET http://10.180.1.21/compute/v2.1/servers/5801ddb7-fa0b-4c30-be71-afae4d7ce119 0.069s
2024-12-10 18:04:15.968 65718 INFO tempest.lib.common.rest_client [req-ec4d8948-e5c6-46fd-ae5b-38070104f7ec req-ec4d8948-e5c6-46fd-ae5b-38070104f7ec ] Request (ServerShowV247Test:test_update_rebuild_list_server): 200 GET http://10.180.1.21/compute/v2.1/servers/5dc8f99f-e2c3-48b8-9601-0fe7fae90c0a 0.066s
2024-12-10 18:04:15.976 65718 INFO tempest.common.waiters [-] State transition "BUILD/None" ==> "BUILD/networking" after 66 second wait
2024-12-10 18:04:15.993 65771 INFO tempest.lib.common.rest_client [req-da704798-92cd-46b8-9d01-c02941025cec req-da704798-92cd-46b8-9d01-c02941025cec ] Request (ImagesOneServerNegativeTestJSON:_run_cleanups): 200 GET http://10.180.1.21/compute/v2.1/servers/42c7a76b-768f-444a-9372-f51ed6bc2524 0.059s
2024-12-10 18:04:16.011 65730 INFO tempest.lib.common.rest_client [req-f0c2a3fe-233d-441a-bf49-d60b875feaa8 req-f0c2a3fe-233d-441a-bf49-d60b875feaa8 ] Request (AttachVolumeNegativeTest:test_attach_attached_volume_to_different_server): 200 GET http://10.180.1.21/volume/v3/volumes/641aad2a-c9c1-4b3d-b888-0714811d065b 0.037s
2024-12-10 18:04:16.065 65752 INFO tempest.lib.common.rest_client [req-92bf12b1-f97b-46f4-8395-df9ac5833ffd req-92bf12b1-f97b-46f4-8395-df9ac5833ffd ] Request (ServerAddressesTestJSON:tearDownClass): 200 GET http://10.180.1.21/compute/v2.1/servers/9e5fd757-c244-45b9-815d-7aa6de36ab95 0.059s
2024-12-10 18:04:16.083 65708 INFO tempest.lib.common.rest_client [req-09ff1104-8614-425c-abda-7c86d52a6e96 req-09ff1104-8614-425c-abda-7c86d52a6e96 ] Request (ImagesOneServerTestJSON:test_create_image_specify_multibyte_character_image_name): 200 GET http://10.180.1.21/compute/v2.1/images/64517a4e-0dc4-4c74-84fc-7c1ab77798ce 0.044s
2024-12-10 18:04:16.127 65716 INFO tempest.lib.common.rest_client [req-a0ca7dd0-070b-41db-af99-a39d69ce3ff0 req-a0ca7dd0-070b-41db-af99-a39d69ce3ff0 ] Request (ListServersNegativeTestJSON:setUpClass): 201 POST http://10.180.1.21:9696/networking/v2.0/routers 0.750s
2024-12-10 18:04:16.128 65760 INFO tempest.lib.common.rest_client [req-c596e8fe-dd2f-4dfd-b2ed-88067e568658 req-c596e8fe-dd2f-4dfd-b2ed-88067e568658 ] Request (VolumesAssistedSnapshotsTest:tearDownClass): 200 GET http://10.180.1.21/compute/v2.1/servers/8553d005-e6e3-452c-a7e1-84a479c28c34 0.071s
2024-12-10 18:04:16.183 65736 INFO tempest.lib.common.rest_client [req-27582303-0d8c-4198-a303-791a5b861091 req-27582303-0d8c-4198-a303-791a5b861091 ] Request (MultipleCreateTestJSON:test_multiple_create_with_reservation_return): 200 GET http://10.180.1.21/compute/v2.1/servers/e58622c1-bfb7-43f8-87bb-b6d7505044f7 0.071s
2024-12-10 18:04:16.185 65754 INFO tempest.lib.common.rest_client [req-64b0dc57-f3a5-4123-9c51-17575d739422 req-64b0dc57-f3a5-4123-9c51-17575d739422 ] Request (ServerMetadataNegativeTestJSON:tearDownClass): 200 GET http://10.180.1.21/compute/v2.1/servers/ed32836f-0827-4741-8a25-dc488c564917 0.066s
2024-12-10 18:04:16.252 65732 INFO tempest.lib.common.rest_client [req-197e369d-80e7-433b-b68b-d737046bb0a7 req-197e369d-80e7-433b-b68b-d737046bb0a7 ] Request (AttachVolumeShelveTestJSON:test_attach_volume_shelved_or_offload_server): 200 GET http://10.180.1.21/compute/v2.1/servers/f19c1efd-c45f-4ff6-9c2b-1e2260e94b03 0.075s
2024-12-10 18:04:16.259 65714 INFO tempest.lib.common.rest_client [req-be1bf4d3-a964-438b-b7a3-2355049cf1c6 req-be1bf4d3-a964-438b-b7a3-2355049cf1c6 ] Request (DeleteServersTestJSON:test_delete_active_server): 200 GET http://10.180.1.21/compute/v2.1/servers/462a23e1-0a6b-4be2-af22-392b7830244b 0.087s
2024-12-10 18:04:16.313 65724 INFO tempest.lib.common.rest_client [req-acdc503e-8a45-46b3-b2f3-44322efb8ef3 req-acdc503e-8a45-46b3-b2f3-44322efb8ef3 ] Request (TenantUsagesTestJSON:setUpClass): 200 GET http://10.180.1.21/compute/v2.1/servers/f1611627-200c-496c-9fe4-fd60aff8f5ae 0.081s
2024-12-10 18:04:16.430 65750 INFO tempest.lib.common.rest_client [req-3bf5d278-0b31-4ecb-925c-de8e4a0008c7 req-3bf5d278-0b31-4ecb-925c-de8e4a0008c7 ] Request (VolumesAdminNegativeTest:test_update_attached_volume_with_nonexistent_volume_in_uri): 200 GET http://10.180.1.21/compute/v2.1/servers/e3149162-b99d-456b-9f81-f6209ee11fe4 0.071s
2024-12-10 18:04:16.490 65766 INFO tempest.lib.common.rest_client [req-1ae30dc8-eedc-4045-99f7-1a8bd7025367 req-1ae30dc8-eedc-4045-99f7-1a8bd7025367 ] Request (MigrationsAdminTest:test_resize_server_revert_deleted_flavor): 200 GET http://10.180.1.21/compute/v2.1/servers/a3a0029e-76fe-4ba3-9bdc-247ea37f78df 0.092s
2024-12-10 18:04:16.554 65739 INFO tempest.lib.common.rest_client [req-fcdebf8b-c334-46b5-9ac5-d7aad2d6ed0a req-fcdebf8b-c334-46b5-9ac5-d7aad2d6ed0a ] Request (ServersTestFqdnHostnames:tearDownClass): 200 GET http://10.180.1.21/compute/v2.1/servers/3a81ac3b-b4f9-4d43-bdaf-70908fba19d2 0.142s
2024-12-10 18:04:16.570 65734 INFO tempest.lib.common.rest_client [req-cb8e6121-d29f-4df1-8738-87c9f9323ef0 req-cb8e6121-d29f-4df1-8738-87c9f9323ef0 ] Request (FloatingIPsAssociationTestJSON:setUpClass): 200 GET http://10.180.1.21/compute/v2.1/servers/e87c3386-c911-45a2-a7ab-94687e722466 0.228s
2024-12-10 18:04:16.594 65768 INFO tempest.lib.common.rest_client [req-2c3d527e-6c7b-4153-9215-4a422fe95484 req-2c3d527e-6c7b-4153-9215-4a422fe95484 ] Request (ImagesTestJSON:test_create_image_from_suspended_server): 200 GET http://10.180.1.21/compute/v2.1/images/aedf1400-2612-4723-afa1-f59ed1562f40 0.167s
2024-12-10 18:04:16.642 65720 INFO tempest.lib.common.rest_client [req-a9bb302a-36c5-4c87-b796-f8ce8b6c2725 req-a9bb302a-36c5-4c87-b796-f8ce8b6c2725 ] Request (InstanceActionsV221TestJSON:test_get_list_deleted_instance_actions): 200 GET http://10.180.1.21/compute/v2.1/servers/db17ef0f-be04-4540-88c2-13c27f4bf4c7 0.161s
2024-12-10 18:04:16.650 65744 INFO tempest.lib.common.rest_client [req-11069a37-8e83-46c0-9f53-59d8288438c8 req-11069a37-8e83-46c0-9f53-59d8288438c8 ] Request (ServersAdminTestJSON:test_create_server_with_scheduling_hint): 200 GET http://10.180.1.21/compute/v2.1/servers/93767ef1-092f-405d-b393-6bec8e6c3615 0.164s
2024-12-10 18:04:16.740 65728 INFO tempest.lib.common.rest_client [req-f5f9264e-3a8a-4715-85e8-85040197e375 req-f5f9264e-3a8a-4715-85e8-85040197e375 ] Request (AttachInterfacesUnderV243Test:test_add_remove_fixed_ip): 200 GET http://10.180.1.21/compute/v2.1/servers/f38daa2e-be7c-4f6d-ab0c-119bc2dfde16/ips 0.037s
2024-12-10 18:04:16.845 65740 INFO tempest.lib.common.rest_client [req-226b25c9-2494-470f-b74a-9d9367f1b37b req-226b25c9-2494-470f-b74a-9d9367f1b37b ] Request (SecurityGroupsTestJSON:test_server_security_groups): 200 GET http://10.180.1.21/compute/v2.1/servers/f1ec63cb-168e-419b-b2c5-11d0757c718e 0.228s
2024-12-10 18:04:16.894 65742 INFO tempest.lib.common.rest_client [req-00b89cdf-df31-48d5-9541-075dccaee388 req-00b89cdf-df31-48d5-9541-075dccaee388 ] Request (AttachInterfacesTestJSON:_run_cleanups): 200 GET http://10.180.1.21/compute/v2.1/servers/3ba3ab68-3aca-455a-8600-9508a11579c9 0.097s
2024-12-10 18:04:16.962 65757 INFO tempest.lib.common.rest_client [req-d0457604-a9be-4db9-9363-a9af70d31509 req-d0457604-a9be-4db9-9363-a9af70d31509 ] Request (ListServerFiltersTestJSON:tearDownClass): 200 GET http://10.180.1.21/compute/v2.1/servers/6014c827-bbb3-4419-bf0c-574989a6f943 0.098s
2024-12-10 18:04:16.965 65726 INFO tempest.lib.common.rest_client [req-76c90fab-6a33-48b0-9e8b-5baa85a5e754 req-76c90fab-6a33-48b0-9e8b-5baa85a5e754 ] Request (ServersAaction247Test:test_create_backup): 200 GET http://10.180.1.21/compute/v2.1/servers/0feb6a44-8f9a-4446-83f7-e56467d597f3 0.089s
2024-12-10 18:04:17.031 65710 INFO tempest.lib.common.rest_client [req-6b78b3a5-cae9-4f4d-b1a7-c4c34baecd3e req-6b78b3a5-cae9-4f4d-b1a7-c4c34baecd3e ] Request (ListImageFiltersTestJSON:tearDownClass): 200 GET http://10.180.1.21/compute/v2.1/servers/5801ddb7-fa0b-4c30-be71-afae4d7ce119 0.083s
2024-12-10 18:04:17.034 65712 INFO tempest.lib.common.rest_client [req-4f698964-180f-45e7-8dcc-cb18ec552789 req-4f698964-180f-45e7-8dcc-cb18ec552789 ] Request (ServersTestJSON:setUpClass): 200 GET http://10.180.1.21/compute/v2.1/servers/019d17e0-8ee8-4586-8696-e903b5ea431b 0.118s
2024-12-10 18:04:17.074 65730 INFO tempest.lib.common.rest_client [req-a6ce5e30-bec3-4921-9ace-c70bfc5580e5 req-a6ce5e30-bec3-4921-9ace-c70bfc5580e5 ] Request (AttachVolumeNegativeTest:test_attach_attached_volume_to_different_server): 200 GET http://10.180.1.21/volume/v3/volumes/641aad2a-c9c1-4b3d-b888-0714811d065b 0.054s
2024-12-10 18:04:17.100 65771 INFO tempest.lib.common.rest_client [req-30d80bd6-9c2e-4173-85fd-195d928db5c5 req-30d80bd6-9c2e-4173-85fd-195d928db5c5 ] Request (ImagesOneServerNegativeTestJSON:_run_cleanups): 200 GET http://10.180.1.21/compute/v2.1/servers/42c7a76b-768f-444a-9372-f51ed6bc2524 0.100s
2024-12-10 18:04:17.106 65718 INFO tempest.lib.common.rest_client [req-55ba17ba-8589-42e8-8769-1feb218d8f6e req-55ba17ba-8589-42e8-8769-1feb218d8f6e ] Request (ServerShowV247Test:test_update_rebuild_list_server): 200 GET http://10.180.1.21/compute/v2.1/servers/5dc8f99f-e2c3-48b8-9601-0fe7fae90c0a 0.128s
2024-12-10 18:04:17.123 65718 INFO tempest.common.waiters [-] State transition "BUILD/networking" ==> "BUILD/block_device_mapping" after 68 second wait
2024-12-10 18:04:17.155 65708 INFO tempest.lib.common.rest_client [req-3ac00afb-d375-4578-85f2-cb202c476350 req-3ac00afb-d375-4578-85f2-cb202c476350 ] Request (ImagesOneServerTestJSON:test_create_image_specify_multibyte_character_image_name): 200 GET http://10.180.1.21/compute/v2.1/images/64517a4e-0dc4-4c74-84fc-7c1ab77798ce 0.069s
2024-12-10 18:04:17.185 65752 INFO tempest.lib.common.rest_client [req-b627381a-28ad-4d74-9036-5033b2055daf req-b627381a-28ad-4d74-9036-5033b2055daf ] Request (ServerAddressesTestJSON:tearDownClass): 200 GET http://10.180.1.21/compute/v2.1/servers/9e5fd757-c244-45b9-815d-7aa6de36ab95 0.110s
2024-12-10 18:04:17.258 65760 INFO tempest.lib.common.rest_client [req-59ac6d00-a356-4b2c-a38c-5d3729f2a5a2 req-59ac6d00-a356-4b2c-a38c-5d3729f2a5a2 ] Request (VolumesAssistedSnapshotsTest:tearDownClass): 200 GET http://10.180.1.21/compute/v2.1/servers/8553d005-e6e3-452c-a7e1-84a479c28c34 0.122s
2024-12-10 18:04:17.258 65736 INFO tempest.lib.common.rest_client [req-792fdd79-cf50-41f3-8e1f-7e47c1199e0a req-792fdd79-cf50-41f3-8e1f-7e47c1199e0a ] Request (MultipleCreateTestJSON:test_multiple_create_with_reservation_return): 200 GET http://10.180.1.21/compute/v2.1/servers/e58622c1-bfb7-43f8-87bb-b6d7505044f7 0.068s
2024-12-10 18:04:17.322 65732 INFO tempest.lib.common.rest_client [req-58594d8a-6d99-44fd-a522-0236882bb510 req-58594d8a-6d99-44fd-a522-0236882bb510 ] Request (AttachVolumeShelveTestJSON:test_attach_volume_shelved_or_offload_server): 200 GET http://10.180.1.21/compute/v2.1/servers/f19c1efd-c45f-4ff6-9c2b-1e2260e94b03 0.060s
2024-12-10 18:04:17.329 65754 INFO tempest.lib.common.rest_client [req-882ae264-cf11-41bb-a2d5-c9359f98f4f3 req-882ae264-cf11-41bb-a2d5-c9359f98f4f3 ] Request (ServerMetadataNegativeTestJSON:tearDownClass): 200 GET http://10.180.1.21/compute/v2.1/servers/ed32836f-0827-4741-8a25-dc488c564917 0.136s
2024-12-10 18:04:17.375 65714 INFO tempest.lib.common.rest_client [req-6e06fc9a-a447-4c1b-a09d-0d18cb655427 req-6e06fc9a-a447-4c1b-a09d-0d18cb655427 ] Request (DeleteServersTestJSON:test_delete_active_server): 200 GET http://10.180.1.21/compute/v2.1/servers/462a23e1-0a6b-4be2-af22-392b7830244b 0.106s
2024-12-10 18:04:17.397 65724 INFO tempest.lib.common.rest_client [req-f31074e1-1ff6-47a0-bf5c-fe4d02709fa5 req-f31074e1-1ff6-47a0-bf5c-fe4d02709fa5 ] Request (TenantUsagesTestJSON:setUpClass): 200 GET http://10.180.1.21/compute/v2.1/servers/f1611627-200c-496c-9fe4-fd60aff8f5ae 0.075s
2024-12-10 18:04:17.495 65750 INFO tempest.lib.common.rest_client [req-9233add5-bab8-4cbe-8695-dd653a397f65 req-9233add5-bab8-4cbe-8695-dd653a397f65 ] Request (VolumesAdminNegativeTest:test_update_attached_volume_with_nonexistent_volume_in_uri): 200 GET http://10.180.1.21/compute/v2.1/servers/e3149162-b99d-456b-9f81-f6209ee11fe4 0.055s
2024-12-10 18:04:17.507 65716 INFO tempest.lib.common.rest_client [req-65d25852-efd2-4fcb-9149-bd559c485516 req-65d25852-efd2-4fcb-9149-bd559c485516 ] Request (ListServersNegativeTestJSON:setUpClass): 200 PUT http://10.180.1.21:9696/networking/v2.0/routers/07ef942e-3dfe-49cd-aa81-f4a04c6d7d23/add_router_interface 1.379s
2024-12-10 18:04:17.507 65716 INFO tempest.lib.common.dynamic_creds [-] Created isolated network resources for: credentials: Credentials: {'domain_id': 'default', 'domain_name': 'Default', 'username': 'tempest-ListServersNegativeTestJSON-637062268-project-member', 'project_domain_id': 'default', 'project_domain_name': 'Default', 'project_id': '104d90f2d8234ffab5a6d626d0872594', 'project_name': 'tempest-ListServersNegativeTestJSON-637062268', 'tenant_id': '104d90f2d8234ffab5a6d626d0872594', 'tenant_name': 'tempest-ListServersNegativeTestJSON-637062268', 'user_domain_id': 'default', 'user_domain_name': 'Default', 'user_id': 'b590221723a84851a1dd99a4a8ec0772', 'system': None}, Network: {'id': '1c7626ac-3476-4778-8b2e-0941696371b4', 'name': 'tempest-ListServersNegativeTestJSON-972717533-network', 'tenant_id': '104d90f2d8234ffab5a6d626d0872594', 'admin_state_up': True, 'mtu': 8950, 'status': 'ACTIVE', 'subnets': [], 'shared': False, 'project_id': '104d90f2d8234ffab5a6d626d0872594', 'port_security_enabled': True, 'router:external': False, 'provider:network_type': 'vlan', 'provider:physical_network': 'default', 'provider:segmentation_id': 207, 'availability_zone_hints': [], 'availability_zones': [], 'ipv4_address_scope': None, 'ipv6_address_scope': None, 'description': '', 'tags': [], 'created_at': '2024-12-10T18:04:15Z', 'updated_at': '2024-12-10T18:04:15Z', 'revision_number': 1}, Subnet: {'id': '1774de01-bfc7-4a3d-98b7-f9468d407b52', 'name': 'tempest-ListServersNegativeTestJSON-972717533-subnet', 'tenant_id': '104d90f2d8234ffab5a6d626d0872594', 'network_id': '1c7626ac-3476-4778-8b2e-0941696371b4', 'ip_version': 4, 'subnetpool_id': None, 'enable_dhcp': True, 'ipv6_ra_mode': None, 'ipv6_address_mode': None, 'gateway_ip': '192.168.128.1', 'cidr': '192.168.128.0/28', 'allocation_pools': [{'start': '192.168.128.2', 'end': '192.168.128.14'}], 'host_routes': [], 'dns_nameservers': [], 'description': '', 'router:external': False, 'service_types': [], 'tags': [], 'created_at': '2024-12-10T18:04:15Z', 'updated_at': '2024-12-10T18:04:15Z', 'revision_number': 0, 'project_id': '104d90f2d8234ffab5a6d626d0872594'}, Router: {'id': '07ef942e-3dfe-49cd-aa81-f4a04c6d7d23', 'name': 'tempest-ListServersNegativeTestJSON-972717533-router', 'tenant_id': '104d90f2d8234ffab5a6d626d0872594', 'admin_state_up': True, 'status': 'ACTIVE', 'external_gateway_info': {'network_id': '317d2d59-ffda-43c3-bdee-d9af8118bcf9', 'external_fixed_ips': [{'subnet_id': '8010ab0d-c38d-4b56-8ea4-f9f6431e4f8f', 'ip_address': '10.180.180.215'}], 'enable_snat': True}, 'description': '', 'availability_zones': [], 'distributed': False, 'ha': False, 'availability_zone_hints': [], 'routes': [], 'flavor_id': None, 'tags': [], 'created_at': '2024-12-10T18:04:15Z', 'updated_at': '2024-12-10T18:04:15Z', 'revision_number': 2, 'project_id': '104d90f2d8234ffab5a6d626d0872594'}
2024-12-10 18:04:17.559 65766 INFO tempest.lib.common.rest_client [req-6294125d-934b-415b-8e54-89ae04f6d996 req-6294125d-934b-415b-8e54-89ae04f6d996 ] Request (MigrationsAdminTest:test_resize_server_revert_deleted_flavor): 200 GET http://10.180.1.21/compute/v2.1/servers/a3a0029e-76fe-4ba3-9bdc-247ea37f78df 0.060s
2024-12-10 18:04:17.592 65716 INFO tempest.lib.common.rest_client [req-136f196b-eb6d-4c64-b1f9-337b1a7c5644 req-136f196b-eb6d-4c64-b1f9-337b1a7c5644 ] Request (ListServersNegativeTestJSON:setUpClass): 201 POST http://10.180.1.21/identity/v3/auth/tokens 0.081s
2024-12-10 18:04:17.624 65716 INFO tempest.lib.common.rest_client [req-1c7af181-bc9f-4375-ad5c-711f0c1a2d7c req-1c7af181-bc9f-4375-ad5c-711f0c1a2d7c ] Request (ListServersNegativeTestJSON:setUpClass): 201 POST http://10.180.1.21/identity/v3/auth/tokens 0.028s
2024-12-10 18:04:17.624 65716 INFO tempest.lib.common.fixed_network [-] (ListServersNegativeTestJSON:setUpClass) Found network {'id': '1c7626ac-3476-4778-8b2e-0941696371b4', 'name': 'tempest-ListServersNegativeTestJSON-972717533-network', 'tenant_id': '104d90f2d8234ffab5a6d626d0872594', 'admin_state_up': True, 'mtu': 8950, 'status': 'ACTIVE', 'subnets': [], 'shared': False, 'project_id': '104d90f2d8234ffab5a6d626d0872594', 'port_security_enabled': True, 'router:external': False, 'provider:network_type': 'vlan', 'provider:physical_network': 'default', 'provider:segmentation_id': 207, 'availability_zone_hints': [], 'availability_zones': [], 'ipv4_address_scope': None, 'ipv6_address_scope': None, 'description': '', 'tags': [], 'created_at': '2024-12-10T18:04:15Z', 'updated_at': '2024-12-10T18:04:15Z', 'revision_number': 1} available for tenant
2024-12-10 18:04:17.631 65739 INFO tempest.lib.common.rest_client [req-1aa7cd12-72e7-423f-92fa-8e0ab5fcb59f req-1aa7cd12-72e7-423f-92fa-8e0ab5fcb59f ] Request (ServersTestFqdnHostnames:tearDownClass): 200 GET http://10.180.1.21/compute/v2.1/servers/3a81ac3b-b4f9-4d43-bdaf-70908fba19d2 0.063s
2024-12-10 18:04:17.636 65734 INFO tempest.lib.common.rest_client [req-22343442-cc5c-43b6-9641-f3c5d8d1c3a1 req-22343442-cc5c-43b6-9641-f3c5d8d1c3a1 ] Request (FloatingIPsAssociationTestJSON:setUpClass): 200 GET http://10.180.1.21/compute/v2.1/servers/e87c3386-c911-45a2-a7ab-94687e722466 0.053s
2024-12-10 18:04:17.642 65734 INFO tempest.common.waiters [-] State transition "BUILD/scheduling" ==> "BUILD/None" after 16 second wait
2024-12-10 18:04:17.666 65768 INFO tempest.lib.common.rest_client [req-3d35cee4-56d5-4b25-9de9-3a37da4f7b2e req-3d35cee4-56d5-4b25-9de9-3a37da4f7b2e ] Request (ImagesTestJSON:test_create_image_from_suspended_server): 200 GET http://10.180.1.21/compute/v2.1/images/aedf1400-2612-4723-afa1-f59ed1562f40 0.065s
2024-12-10 18:04:17.749 65720 INFO tempest.lib.common.rest_client [req-17e5071c-dbbd-4ba6-92f4-ab9998543e4d req-17e5071c-dbbd-4ba6-92f4-ab9998543e4d ] Request (InstanceActionsV221TestJSON:test_get_list_deleted_instance_actions): 200 GET http://10.180.1.21/compute/v2.1/servers/db17ef0f-be04-4540-88c2-13c27f4bf4c7 0.099s
2024-12-10 18:04:17.813 65744 INFO tempest.lib.common.rest_client [req-8f1999bc-994b-4713-8d5c-14e0adcd1420 req-8f1999bc-994b-4713-8d5c-14e0adcd1420 ] Request (ServersAdminTestJSON:test_create_server_with_scheduling_hint): 200 GET http://10.180.1.21/compute/v2.1/servers/93767ef1-092f-405d-b393-6bec8e6c3615 0.155s
2024-12-10 18:04:17.842 65728 INFO tempest.lib.common.rest_client [req-95be8d75-3802-47ee-a4bf-16fcf92b16b9 req-95be8d75-3802-47ee-a4bf-16fcf92b16b9 ] Request (AttachInterfacesUnderV243Test:test_add_remove_fixed_ip): 200 GET http://10.180.1.21/compute/v2.1/servers/f38daa2e-be7c-4f6d-ab0c-119bc2dfde16/ips 0.100s
2024-12-10 18:04:17.958 65728 INFO tempest.lib.common.rest_client [req-466f2093-145c-461a-b800-aca8f932593b req-466f2093-145c-461a-b800-aca8f932593b ] Request (AttachInterfacesUnderV243Test:test_add_remove_fixed_ip): 200 GET http://10.180.1.21/compute/v2.1/servers/f38daa2e-be7c-4f6d-ab0c-119bc2dfde16 0.114s
2024-12-10 18:04:18.067 65740 INFO tempest.lib.common.rest_client [req-53359424-1e93-4036-b7cc-1686e7bdaeef req-53359424-1e93-4036-b7cc-1686e7bdaeef ] Request (SecurityGroupsTestJSON:test_server_security_groups): 200 GET http://10.180.1.21/compute/v2.1/servers/f1ec63cb-168e-419b-b2c5-11d0757c718e 0.215s
2024-12-10 18:04:18.073 65740 INFO tempest.common.waiters [-] State transition "HARD_REBOOT/rebooting_hard" ==> "HARD_REBOOT/reboot_pending_hard" after 3 second wait
2024-12-10 18:04:18.116 65730 INFO tempest.lib.common.rest_client [req-10280bbd-908a-4c85-aded-495ce08fe378 req-10280bbd-908a-4c85-aded-495ce08fe378 ] Request (AttachVolumeNegativeTest:test_attach_attached_volume_to_different_server): 200 GET http://10.180.1.21/volume/v3/volumes/641aad2a-c9c1-4b3d-b888-0714811d065b 0.036s
2024-12-10 18:04:18.140 65716 INFO tempest.lib.common.rest_client [req-f9dc9e68-533e-4a73-b8fa-e84743f93d48 req-f9dc9e68-533e-4a73-b8fa-e84743f93d48 ] Request (ListServersNegativeTestJSON:setUpClass): 202 POST http://10.180.1.21/compute/v2.1/servers 0.514s
2024-12-10 18:04:18.151 65742 INFO tempest.lib.common.rest_client [req-6f2da084-3a77-4fd5-9920-74ebd3c0c2af req-6f2da084-3a77-4fd5-9920-74ebd3c0c2af ] Request (AttachInterfacesTestJSON:_run_cleanups): 200 GET http://10.180.1.21/compute/v2.1/servers/3ba3ab68-3aca-455a-8600-9508a11579c9 0.249s
2024-12-10 18:04:18.183 65728 INFO tempest.lib.common.rest_client [req-9a5bc15c-1e9d-4bdc-8632-6991acf1cfd4 req-9a5bc15c-1e9d-4bdc-8632-6991acf1cfd4 ] Request (AttachInterfacesUnderV243Test:test_add_remove_fixed_ip): 202 POST http://10.180.1.21/compute/v2.1/servers/f38daa2e-be7c-4f6d-ab0c-119bc2dfde16/action 0.217s
2024-12-10 18:04:18.228 65726 INFO tempest.lib.common.rest_client [req-398a3759-2fad-4485-b6d9-cc41cef66dd2 req-398a3759-2fad-4485-b6d9-cc41cef66dd2 ] Request (ServersAaction247Test:test_create_backup): 200 GET http://10.180.1.21/compute/v2.1/servers/0feb6a44-8f9a-4446-83f7-e56467d597f3 0.254s
2024-12-10 18:04:18.255 65710 INFO tempest.lib.common.rest_client [req-712a452c-94a5-4906-a9b9-31ffe665ea9f req-712a452c-94a5-4906-a9b9-31ffe665ea9f ] Request (ListImageFiltersTestJSON:tearDownClass): 404 GET http://10.180.1.21/compute/v2.1/servers/5801ddb7-fa0b-4c30-be71-afae4d7ce119 0.216s
2024-12-10 18:04:18.260 65757 INFO tempest.lib.common.rest_client [req-b96d7a2b-1c9d-4370-bdc4-4ac070a724bb req-b96d7a2b-1c9d-4370-bdc4-4ac070a724bb ] Request (ListServerFiltersTestJSON:tearDownClass): 200 GET http://10.180.1.21/compute/v2.1/servers/6014c827-bbb3-4419-bf0c-574989a6f943 0.285s
2024-12-10 18:04:18.313 65712 INFO tempest.lib.common.rest_client [req-30e7247c-6256-41bb-91b3-e4a308a45fc0 req-30e7247c-6256-41bb-91b3-e4a308a45fc0 ] Request (ServersTestJSON:setUpClass): 200 GET http://10.180.1.21/compute/v2.1/servers/019d17e0-8ee8-4586-8696-e903b5ea431b 0.269s
2024-12-10 18:04:18.324 65771 INFO tempest.lib.common.rest_client [req-355e88a1-a588-4397-ae82-41c2b529838d req-355e88a1-a588-4397-ae82-41c2b529838d ] Request (ImagesOneServerNegativeTestJSON:_run_cleanups): 200 GET http://10.180.1.21/compute/v2.1/servers/42c7a76b-768f-444a-9372-f51ed6bc2524 0.215s
2024-12-10 18:04:18.362 65716 INFO tempest.lib.common.rest_client [req-5db2e559-e640-4ae2-a238-7e9954f51084 req-5db2e559-e640-4ae2-a238-7e9954f51084 ] Request (ListServersNegativeTestJSON:setUpClass): 200 GET http://10.180.1.21/compute/v2.1/servers 0.221s
2024-12-10 18:04:18.367 65748 WARNING tempest.lib.common.ssh [-] Failed to establish authenticated ssh connection to cirros@10.180.180.242 ([Errno None] Unable to connect to port 22 on 10.180.180.242). Number attempts: 6. Retry after 7 seconds.: paramiko.ssh_exception.NoValidConnectionsError: [Errno None] Unable to connect to port 22 on 10.180.180.242
2024-12-10 18:04:18.378 65718 INFO tempest.lib.common.rest_client [req-3c67e4d9-8b73-4259-bd96-41a8022c5b8e req-3c67e4d9-8b73-4259-bd96-41a8022c5b8e ] Request (ServerShowV247Test:test_update_rebuild_list_server): 200 GET http://10.180.1.21/compute/v2.1/servers/5dc8f99f-e2c3-48b8-9601-0fe7fae90c0a 0.252s
2024-12-10 18:04:18.386 65718 INFO tempest.common.waiters [-] State transition "BUILD/block_device_mapping" ==> "BUILD/spawning" after 69 second wait
2024-12-10 18:04:18.405 65708 INFO tempest.lib.common.rest_client [req-3ea253ce-f42d-4465-ae66-b6a4d9fef1b2 req-3ea253ce-f42d-4465-ae66-b6a4d9fef1b2 ] Request (ImagesOneServerTestJSON:test_create_image_specify_multibyte_character_image_name): 200 GET http://10.180.1.21/compute/v2.1/images/64517a4e-0dc4-4c74-84fc-7c1ab77798ce 0.246s
2024-12-10 18:04:18.412 65728 INFO tempest.lib.common.rest_client [req-2126128e-28dd-4505-a8d6-23d78dd02ac8 req-2126128e-28dd-4505-a8d6-23d78dd02ac8 ] Request (AttachInterfacesUnderV243Test:test_add_remove_fixed_ip): 200 GET http://10.180.1.21/compute/v2.1/servers/f38daa2e-be7c-4f6d-ab0c-119bc2dfde16/ips 0.229s
2024-12-10 18:04:18.467 65752 INFO tempest.lib.common.rest_client [req-f8426c4f-7e98-4edd-95e1-c13ee8aa95ba req-f8426c4f-7e98-4edd-95e1-c13ee8aa95ba ] Request (ServerAddressesTestJSON:tearDownClass): 200 GET http://10.180.1.21/compute/v2.1/servers/9e5fd757-c244-45b9-815d-7aa6de36ab95 0.270s
2024-12-10 18:04:18.493 65710 INFO tempest.lib.common.rest_client [req-902e3238-92de-4f91-bd4c-f0e1d6afc755 req-902e3238-92de-4f91-bd4c-f0e1d6afc755 ] Request (ListImageFiltersTestJSON:tearDownClass): 204 DELETE http://10.180.1.21/compute/v2.1/servers/af8a8b36-1bac-422b-9dc1-2b60d2e5f04c 0.238s
2024-12-10 18:04:18.524 65736 INFO tempest.lib.common.rest_client [req-0b3f6297-97f7-4635-8d0b-47be330c9a39 req-0b3f6297-97f7-4635-8d0b-47be330c9a39 ] Request (MultipleCreateTestJSON:test_multiple_create_with_reservation_return): 200 GET http://10.180.1.21/compute/v2.1/servers/e58622c1-bfb7-43f8-87bb-b6d7505044f7 0.255s
2024-12-10 18:04:18.560 65760 INFO tempest.lib.common.rest_client [req-c228b0be-bafc-4b7e-9a85-99a069856a59 req-c228b0be-bafc-4b7e-9a85-99a069856a59 ] Request (VolumesAssistedSnapshotsTest:tearDownClass): 200 GET http://10.180.1.21/compute/v2.1/servers/8553d005-e6e3-452c-a7e1-84a479c28c34 0.288s
2024-12-10 18:04:18.579 65732 INFO tempest.lib.common.rest_client [req-caca2a8d-df29-4ada-a6df-0233f9ea3f8a req-caca2a8d-df29-4ada-a6df-0233f9ea3f8a ] Request (AttachVolumeShelveTestJSON:test_attach_volume_shelved_or_offload_server): 200 GET http://10.180.1.21/compute/v2.1/servers/f19c1efd-c45f-4ff6-9c2b-1e2260e94b03 0.246s
2024-12-10 18:04:18.617 65716 INFO tempest.lib.common.rest_client [req-8ec354aa-61bd-475e-8c5b-b9d6bf929235 req-8ec354aa-61bd-475e-8c5b-b9d6bf929235 ] Request (ListServersNegativeTestJSON:setUpClass): 200 GET http://10.180.1.21/compute/v2.1/servers/516a3ed7-7c63-4c92-a710-900e06e429ff 0.252s
2024-12-10 18:04:18.632 65754 INFO tempest.lib.common.rest_client [req-844d1474-74e0-4292-9d8f-a3f5f99338bc req-844d1474-74e0-4292-9d8f-a3f5f99338bc ] Request (ServerMetadataNegativeTestJSON:tearDownClass): 200 GET http://10.180.1.21/compute/v2.1/servers/ed32836f-0827-4741-8a25-dc488c564917 0.294s
2024-12-10 18:04:18.666 65714 INFO tempest.lib.common.rest_client [req-4ee90219-75b6-4a35-87f7-e607cf68b470 req-4ee90219-75b6-4a35-87f7-e607cf68b470 ] Request (DeleteServersTestJSON:test_delete_active_server): 200 GET http://10.180.1.21/compute/v2.1/servers/462a23e1-0a6b-4be2-af22-392b7830244b 0.280s
2024-12-10 18:04:18.680 65724 INFO tempest.lib.common.rest_client [req-fe162afa-5d56-4cb5-a115-b3864ec835a3 req-fe162afa-5d56-4cb5-a115-b3864ec835a3 ] Request (TenantUsagesTestJSON:setUpClass): 200 GET http://10.180.1.21/compute/v2.1/servers/f1611627-200c-496c-9fe4-fd60aff8f5ae 0.276s
2024-12-10 18:04:18.730 65750 INFO tempest.lib.common.rest_client [req-df6038e9-cc41-4873-8ba6-5580266dcc58 req-df6038e9-cc41-4873-8ba6-5580266dcc58 ] Request (VolumesAdminNegativeTest:test_update_attached_volume_with_nonexistent_volume_in_uri): 200 GET http://10.180.1.21/compute/v2.1/servers/e3149162-b99d-456b-9f81-f6209ee11fe4 0.228s
2024-12-10 18:04:18.783 65766 INFO tempest.lib.common.rest_client [req-f9064ec2-670a-4344-a148-ce30d4b10122 req-f9064ec2-670a-4344-a148-ce30d4b10122 ] Request (MigrationsAdminTest:test_resize_server_revert_deleted_flavor): 200 GET http://10.180.1.21/compute/v2.1/servers/a3a0029e-76fe-4ba3-9bdc-247ea37f78df 0.217s
2024-12-10 18:04:18.809 65710 INFO tempest.lib.common.rest_client [req-6b03ddc9-ce62-4019-ab88-254f3817f821 req-6b03ddc9-ce62-4019-ab88-254f3817f821 ] Request (ListImageFiltersTestJSON:tearDownClass): 200 GET http://10.180.1.21/compute/v2.1/servers/af8a8b36-1bac-422b-9dc1-2b60d2e5f04c 0.315s
2024-12-10 18:04:18.852 65739 INFO tempest.lib.common.rest_client [req-3a793071-1b6c-46b5-86bd-73e0fb3b7145 req-3a793071-1b6c-46b5-86bd-73e0fb3b7145 ] Request (ServersTestFqdnHostnames:tearDownClass): 200 GET http://10.180.1.21/compute/v2.1/servers/3a81ac3b-b4f9-4d43-bdaf-70908fba19d2 0.215s
2024-12-10 18:04:18.868 65734 INFO tempest.lib.common.rest_client [req-06c1e6ad-907e-4400-87bc-f68664842821 req-06c1e6ad-907e-4400-87bc-f68664842821 ] Request (FloatingIPsAssociationTestJSON:setUpClass): 200 GET http://10.180.1.21/compute/v2.1/servers/e87c3386-c911-45a2-a7ab-94687e722466 0.224s
2024-12-10 18:04:18.897 65768 INFO tempest.lib.common.rest_client [req-033de72f-502b-4f22-9e5e-136b330e4d21 req-033de72f-502b-4f22-9e5e-136b330e4d21 ] Request (ImagesTestJSON:test_create_image_from_suspended_server): 200 GET http://10.180.1.21/compute/v2.1/images/aedf1400-2612-4723-afa1-f59ed1562f40 0.228s
2024-12-10 18:04:18.960 65744 INFO tempest.lib.common.rest_client [req-95b91b7c-195e-4132-809a-d35f9757f7b3 req-95b91b7c-195e-4132-809a-d35f9757f7b3 ] Request (ServersAdminTestJSON:test_create_server_with_scheduling_hint): 200 GET http://10.180.1.21/compute/v2.1/servers/93767ef1-092f-405d-b393-6bec8e6c3615 0.137s
2024-12-10 18:04:18.964 65720 INFO tempest.lib.common.rest_client [req-ece12f3e-23c8-4ccc-91ca-2338bbfc497c req-ece12f3e-23c8-4ccc-91ca-2338bbfc497c ] Request (InstanceActionsV221TestJSON:test_get_list_deleted_instance_actions): 200 GET http://10.180.1.21/compute/v2.1/servers/db17ef0f-be04-4540-88c2-13c27f4bf4c7 0.202s
2024-12-10 18:04:19.000 65768 INFO tempest.lib.common.rest_client [req-2f32c5e5-809f-4f00-99b4-2f2f5de43357 req-2f32c5e5-809f-4f00-99b4-2f2f5de43357 ] Request (ImagesTestJSON:test_create_image_from_suspended_server): 200 GET http://10.180.1.21/compute/v2.1/images/aedf1400-2612-4723-afa1-f59ed1562f40 0.099s
2024-12-10 18:04:19.025 65768 INFO tempest.lib.common.rest_client [req-ef8d4bcb-df26-42f4-86c2-5be123358402 req-ef8d4bcb-df26-42f4-86c2-5be123358402 ] Request (ImagesTestJSON:test_create_image_from_suspended_server): 200 GET http://10.180.1.21/image/v2/images/aedf1400-2612-4723-afa1-f59ed1562f40/tasks 0.020s
2024-12-10 18:04:19.156 65730 INFO tempest.lib.common.rest_client [req-34586ea2-f14a-4cba-a45f-0545aa220e63 req-34586ea2-f14a-4cba-a45f-0545aa220e63 ] Request (AttachVolumeNegativeTest:test_attach_attached_volume_to_different_server): 200 GET http://10.180.1.21/volume/v3/volumes/641aad2a-c9c1-4b3d-b888-0714811d065b 0.033s
2024-12-10 18:04:19.164 65768 INFO tempest.lib.common.rest_client [req-c59b6c7f-6d5d-4900-b45a-ccb9a686be74 req-c59b6c7f-6d5d-4900-b45a-ccb9a686be74 ] Request (ImagesTestJSON:_run_cleanups): 204 DELETE http://10.180.1.21/compute/v2.1/images/aedf1400-2612-4723-afa1-f59ed1562f40 0.138s
2024-12-10 18:04:19.227 65740 INFO tempest.lib.common.rest_client [req-4e19a82b-f777-492e-8236-2f2d43b2eb6b req-4e19a82b-f777-492e-8236-2f2d43b2eb6b ] Request (SecurityGroupsTestJSON:test_server_security_groups): 200 GET http://10.180.1.21/compute/v2.1/servers/f1ec63cb-168e-419b-b2c5-11d0757c718e 0.152s
2024-12-10 18:04:19.235 65740 INFO tempest.common.waiters [-] State transition "HARD_REBOOT/reboot_pending_hard" ==> "HARD_REBOOT/reboot_started_hard" after 4 second wait
2024-12-10 18:04:19.238 65742 INFO tempest.lib.common.rest_client [req-f974989b-28a7-456c-ab32-110eafc0b8ce req-f974989b-28a7-456c-ab32-110eafc0b8ce ] Request (AttachInterfacesTestJSON:_run_cleanups): 200 GET http://10.180.1.21/compute/v2.1/servers/3ba3ab68-3aca-455a-8600-9508a11579c9 0.079s
2024-12-10 18:04:19.311 65726 INFO tempest.lib.common.rest_client [req-fdcde378-6c6a-4f22-859b-e362a71d8850 req-fdcde378-6c6a-4f22-859b-e362a71d8850 ] Request (ServersAaction247Test:test_create_backup): 200 GET http://10.180.1.21/compute/v2.1/servers/0feb6a44-8f9a-4446-83f7-e56467d597f3 0.074s
2024-12-10 18:04:19.322 65768 INFO tempest.lib.common.rest_client [req-07641410-9e19-4e0b-8e34-d5fdec270209 req-07641410-9e19-4e0b-8e34-d5fdec270209 ] Request (ImagesTestJSON:_run_cleanups): 204 DELETE http://10.180.1.21/compute/v2.1/servers/cdec697b-1808-4f23-b40c-df3751bf4a44 0.157s
2024-12-10 18:04:19.379 65712 INFO tempest.lib.common.rest_client [req-bad7e8bb-6e81-406c-8dcb-6734a99513b1 req-bad7e8bb-6e81-406c-8dcb-6734a99513b1 ] Request (ServersTestJSON:setUpClass): 200 GET http://10.180.1.21/compute/v2.1/servers/019d17e0-8ee8-4586-8696-e903b5ea431b 0.058s
2024-12-10 18:04:19.390 65757 INFO tempest.lib.common.rest_client [req-be4db56e-828a-4094-b0bf-312a7c03da90 req-be4db56e-828a-4094-b0bf-312a7c03da90 ] Request (ListServerFiltersTestJSON:tearDownClass): 200 GET http://10.180.1.21/compute/v2.1/servers/6014c827-bbb3-4419-bf0c-574989a6f943 0.121s
2024-12-10 18:04:19.413 65768 INFO tempest.lib.common.rest_client [req-f6e5cca0-5007-40c4-9118-06f169554a97 req-f6e5cca0-5007-40c4-9118-06f169554a97 ] Request (ImagesTestJSON:test_create_server_from_snapshot): 201 POST http://10.180.1.21/identity/v3/auth/tokens 0.086s
