2024-12-10 18:03:30.539 65760 INFO tempest.lib.common.rest_client [req-3a4e404f-7a07-4a80-b672-eaae57adf4f6 req-3a4e404f-7a07-4a80-b672-eaae57adf4f6 ] Request (VolumesAssistedSnapshotsTest:test_volume_assisted_snapshot_create_delete): 200 POST http://10.180.1.21/compute/v2.1/os-assisted-volume-snapshots 0.226s
2024-12-10 18:03:30.590 65742 INFO tempest.lib.common.rest_client [req-8b113327-1fb3-4db1-9946-a7c75e362639 req-8b113327-1fb3-4db1-9946-a7c75e362639 ] Request (AttachInterfacesTestJSON:test_create_list_show_delete_interfaces_by_fixed_ip): 200 GET http://10.180.1.21/compute/v2.1/servers/3ba3ab68-3aca-455a-8600-9508a11579c9/os-interface/6e9482cb-e8c9-4411-93e7-52655ff74d52 0.217s
2024-12-10 18:03:30.593 65732 INFO tempest.lib.common.rest_client [req-409eea03-4724-4c91-84ec-6249d372bc49 req-409eea03-4724-4c91-84ec-6249d372bc49 ] Request (AttachVolumeShelveTestJSON:setUpClass): 201 POST http://10.180.1.21/identity/v3/users 0.061s
2024-12-10 18:03:30.613 65732 INFO tempest.lib.common.rest_client [req-c92d448a-003f-4a71-bc41-0951b0a489ff req-c92d448a-003f-4a71-bc41-0951b0a489ff ] Request (AttachVolumeShelveTestJSON:setUpClass): 200 GET http://10.180.1.21/identity/v3/roles 0.020s
2024-12-10 18:03:30.623 65710 INFO tempest.lib.common.rest_client [req-36aed6ea-619c-4405-9ce5-9668d11432f5 req-36aed6ea-619c-4405-9ce5-9668d11432f5 ] Request (ListImageFiltersTestJSON:tearDownClass): 200 GET http://10.180.1.21/compute/v2.1/servers/5801ddb7-fa0b-4c30-be71-afae4d7ce119 0.195s
2024-12-10 18:03:30.629 65710 INFO tempest.common.waiters [-] State transition "ACTIVE/deleting" ==> "DELETED/None" after 4 second wait
2024-12-10 18:03:30.643 65732 INFO tempest.lib.common.rest_client [req-47c2c9bb-e476-435d-a95d-dfb96b76892d req-47c2c9bb-e476-435d-a95d-dfb96b76892d ] Request (AttachVolumeShelveTestJSON:setUpClass): 204 PUT http://10.180.1.21/identity/v3/projects/8fa530d7d8bc477595a95c8b979c91c2/users/b2c63070062e4ba490136f07055fd3c0/roles/13574f18d80f431e8d30a08442f7aae0 0.029s
2024-12-10 18:03:30.644 65732 INFO tempest.lib.common.dynamic_creds [-] Dynamic test user b2c63070062e4ba490136f07055fd3c0 is created with scope project and roles: ['member']
2024-12-10 18:03:30.644 65732 INFO tempest.lib.common.dynamic_creds [-] Acquired dynamic creds: credentials: Credentials: {'domain_id': 'default', 'domain_name': 'Default', 'username': 'tempest-AttachVolumeShelveTestJSON-715907360-project-member', 'project_domain_id': 'default', 'project_domain_name': 'Default', 'project_id': '8fa530d7d8bc477595a95c8b979c91c2', 'project_name': 'tempest-AttachVolumeShelveTestJSON-715907360', 'tenant_id': '8fa530d7d8bc477595a95c8b979c91c2', 'tenant_name': 'tempest-AttachVolumeShelveTestJSON-715907360', 'user_domain_id': 'default', 'user_domain_name': 'Default', 'user_id': 'b2c63070062e4ba490136f07055fd3c0', 'system': None}, Network: None, Subnet: None, Router: None
2024-12-10 18:03:30.658 65716 INFO tempest.lib.common.rest_client [req-de9de59c-bb05-426e-9f61-1e9410079bf5 req-de9de59c-bb05-426e-9f61-1e9410079bf5 ] Request (ServerDiagnosticsNegativeTest:tearDownClass): 200 GET http://10.180.1.21/compute/v2.1/servers/62f90c9b-83f1-4a16-b238-6425e1f00310 0.209s
2024-12-10 18:03:30.688 65718 INFO tempest.lib.common.rest_client [req-ff0dcaed-dca0-4906-9ee4-1e59e12e9cbf req-ff0dcaed-dca0-4906-9ee4-1e59e12e9cbf ] Request (ServerShowV247Test:test_update_rebuild_list_server): 200 GET http://10.180.1.21/compute/v2.1/servers/5dc8f99f-e2c3-48b8-9601-0fe7fae90c0a 0.199s
2024-12-10 18:03:30.697 65742 INFO tempest.lib.common.rest_client [req-854f93da-feb0-42ec-8a2b-a16c36829d73 req-854f93da-feb0-42ec-8a2b-a16c36829d73 ] Request (AttachInterfacesTestJSON:test_create_list_show_delete_interfaces_by_fixed_ip): 200 GET http://10.180.1.21:9696/networking/v2.0/ports?network_id=29e26196-86b3-4c45-9500-89fe3211d9d8 0.105s
2024-12-10 18:03:30.699 65760 INFO tempest.lib.common.rest_client [req-d68275bf-0858-4057-bef8-e680b9c22bc2 req-d68275bf-0858-4057-bef8-e680b9c22bc2 ] Request (VolumesAssistedSnapshotsTest:test_volume_assisted_snapshot_create_delete): 204 DELETE http://10.180.1.21/compute/v2.1/os-assisted-volume-snapshots/None?delete_info=%7B%22volume_id%22%3A+%227453e6f9-2b91-496c-a9e2-9aeeb27cc0fb%22%7D 0.159s
2024-12-10 18:03:30.708 65732 INFO tempest.lib.common.rest_client [req-0a976e5f-78ba-43ad-afce-56773a880a54 req-0a976e5f-78ba-43ad-afce-56773a880a54 ] Request (AttachVolumeShelveTestJSON:setUpClass): 201 POST http://10.180.1.21/identity/v3/auth/tokens 0.063s
2024-12-10 18:03:30.723 65742 INFO tempest.lib.common.rest_client [req-ef23900d-e8df-47fb-8968-042be17c2476 req-ef23900d-e8df-47fb-8968-042be17c2476 ] Request (AttachInterfacesTestJSON:test_create_list_show_delete_interfaces_by_fixed_ip): 200 GET http://10.180.1.21:9696/networking/v2.0/subnets/2c399539-00c6-41d2-b137-d07a9f68cd49 0.025s
2024-12-10 18:03:30.737 65760 INFO tempest.lib.common.rest_client [req-71e994fa-0bff-4285-8dcd-53321ee330a3 req-71e994fa-0bff-4285-8dcd-53321ee330a3 ] Request (VolumesAssistedSnapshotsTest:_run_cleanups): 200 GET http://10.180.1.21/volume/v3/volumes/7453e6f9-2b91-496c-a9e2-9aeeb27cc0fb 0.038s
2024-12-10 18:03:30.751 65768 INFO tempest.lib.common.rest_client [req-a18cabcb-aa4c-4043-bf0c-37888ae226ca req-a18cabcb-aa4c-4043-bf0c-37888ae226ca ] Request (ImagesTestJSON:test_create_image_from_suspended_server): 200 GET http://10.180.1.21/compute/v2.1/servers/cdec697b-1808-4f23-b40c-df3751bf4a44 0.190s
2024-12-10 18:03:30.751 65712 INFO tempest.lib.common.rest_client [req-7c83c13c-f210-46ce-80ce-b14ebb077039 req-7c83c13c-f210-46ce-80ce-b14ebb077039 ] Request (ServersAdminNegativeTestJSON:tearDownClass): 200 GET http://10.180.1.21/compute/v2.1/servers/227a90d6-1651-45fb-bb34-c785a7a7ff49 0.212s
2024-12-10 18:03:30.818 65771 INFO tempest.lib.common.rest_client [req-67f9df77-53d3-4936-9611-f6d55a2d1a71 req-67f9df77-53d3-4936-9611-f6d55a2d1a71 ] Request (ImagesOneServerNegativeTestJSON:_run_cleanups): 200 GET http://10.180.1.21/compute/v2.1/servers/42c7a76b-768f-444a-9372-f51ed6bc2524 0.239s
2024-12-10 18:03:30.945 65752 INFO tempest.lib.common.rest_client [req-6cabdaeb-9a19-4224-87d5-6d688a291b9a req-6cabdaeb-9a19-4224-87d5-6d688a291b9a ] Request (ServerAddressesTestJSON:setUpClass): 200 GET http://10.180.1.21/compute/v2.1/servers/9e5fd757-c244-45b9-815d-7aa6de36ab95 0.230s
2024-12-10 18:03:30.999 65732 INFO tempest.lib.common.rest_client [req-7fb4db53-bb4a-424e-9b6d-7e6910249005 req-7fb4db53-bb4a-424e-9b6d-7e6910249005 ] Request (AttachVolumeShelveTestJSON:setUpClass): 201 POST http://10.180.1.21:9696/networking/v2.0/networks 0.291s
2024-12-10 18:03:31.071 65760 INFO tempest.lib.common.rest_client [req-7b98cced-7c21-4604-bf47-1986dd92bb36 req-7b98cced-7c21-4604-bf47-1986dd92bb36 ] Request (VolumesAssistedSnapshotsTest:_run_cleanups): 202 DELETE http://10.180.1.21/compute/v2.1/servers/8553d005-e6e3-452c-a7e1-84a479c28c34/os-volume_attachments/7453e6f9-2b91-496c-a9e2-9aeeb27cc0fb 0.327s
2024-12-10 18:03:31.134 65757 INFO tempest.lib.common.rest_client [req-0ddf2c02-913a-432e-9715-40bf924fe419 req-0ddf2c02-913a-432e-9715-40bf924fe419 ] Request (ListServerFiltersTestJSON:tearDownClass): 200 GET http://10.180.1.21/compute/v2.1/servers/261080a8-78d6-4506-96ef-d9175fe0017e 0.306s
2024-12-10 18:03:31.154 65732 INFO tempest.lib.common.rest_client [req-b5d9861b-d07c-4a5e-82b2-107ebbf39f20 req-b5d9861b-d07c-4a5e-82b2-107ebbf39f20 ] Request (AttachVolumeShelveTestJSON:setUpClass): 201 POST http://10.180.1.21:9696/networking/v2.0/subnets 0.155s
2024-12-10 18:03:31.184 65748 INFO tempest.lib.common.rest_client [req-21244ed8-08e9-4a60-854e-443fafa66e55 req-21244ed8-08e9-4a60-854e-443fafa66e55 ] Request (ServersTestManualDisk:setUpClass): 200 GET http://10.180.1.21/compute/v2.1/servers/5e003774-5b6d-4272-8685-189e967f63a1 0.288s
2024-12-10 18:03:31.209 65760 INFO tempest.lib.common.rest_client [req-83d59d5c-5e13-420c-ab24-314bc37682bd req-83d59d5c-5e13-420c-ab24-314bc37682bd ] Request (VolumesAssistedSnapshotsTest:_run_cleanups): 200 GET http://10.180.1.21/compute/v2.1/servers/8553d005-e6e3-452c-a7e1-84a479c28c34/os-volume_attachments 0.138s
2024-12-10 18:03:31.270 65736 INFO tempest.lib.common.rest_client [req-819126f6-9f83-42ab-ad43-634261407e9d req-819126f6-9f83-42ab-ad43-634261407e9d ] Request (MultipleCreateTestJSON:_run_cleanups): 200 GET http://10.180.1.21/compute/v2.1/servers/a545c73e-0194-49da-85bb-9106524e3081 0.190s
2024-12-10 18:03:31.396 65766 INFO tempest.lib.common.rest_client [req-bf267fc2-46ee-4a6c-8c4e-8e92cb7db1e3 req-bf267fc2-46ee-4a6c-8c4e-8e92cb7db1e3 ] Request (MigrationsAdminTest:test_list_migrations_in_flavor_resize_situation): 200 GET http://10.180.1.21/compute/v2.1/servers/aa2d2aa5-97cb-4c6b-a002-8dc69ed40276 0.292s
2024-12-10 18:03:31.443 65740 INFO tempest.lib.common.rest_client [req-3d336ea8-e562-4b46-ac9d-1862314e08eb req-3d336ea8-e562-4b46-ac9d-1862314e08eb ] Request (SecurityGroupsTestJSON:test_server_security_groups): 200 GET http://10.180.1.21/compute/v2.1/servers/f1ec63cb-168e-419b-b2c5-11d0757c718e 0.300s
2024-12-10 18:03:31.493 65724 INFO tempest.lib.common.rest_client [req-1d327129-70da-4dce-9f49-a29d5b7876e4 req-1d327129-70da-4dce-9f49-a29d5b7876e4 ] Request (DeleteServersAdminTestJSON:test_delete_server_while_in_error_state): 200 GET http://10.180.1.21/compute/v2.1/servers/b07f2e3a-b026-4d69-83c4-66dfb049201e 0.316s
2024-12-10 18:03:31.541 65750 INFO tempest.lib.common.rest_client [req-34d7fc75-eb16-4064-b652-78c60148d5d8 req-34d7fc75-eb16-4064-b652-78c60148d5d8 ] Request (VolumesAdminNegativeTest:test_update_attached_volume_with_nonexistent_volume_in_uri): 200 GET http://10.180.1.21/compute/v2.1/servers/e3149162-b99d-456b-9f81-f6209ee11fe4 0.358s
2024-12-10 18:03:31.772 65714 INFO tempest.lib.common.rest_client [req-694d45b0-4f5e-474f-96db-f090314e8518 req-694d45b0-4f5e-474f-96db-f090314e8518 ] Request (DeleteServersTestJSON:test_delete_active_server): 200 GET http://10.180.1.21/compute/v2.1/servers/462a23e1-0a6b-4be2-af22-392b7830244b 0.538s
2024-12-10 18:03:31.842 65734 INFO tempest.lib.common.rest_client [req-c4b328ea-7d34-4e28-9a65-62d8eb765a12 req-c4b328ea-7d34-4e28-9a65-62d8eb765a12 ] Request (ServerExternalEventsTest:tearDownClass): 200 GET http://10.180.1.21/compute/v2.1/servers/040543b1-db31-45db-8cbb-8fec5091cdb0 0.594s
2024-12-10 18:03:31.905 65708 INFO tempest.lib.common.rest_client [req-1aa3d5d9-6b08-4199-b414-4faa44e6bb0b req-1aa3d5d9-6b08-4199-b414-4faa44e6bb0b ] Request (ImagesOneServerTestJSON:setUpClass): 200 GET http://10.180.1.21/compute/v2.1/servers/90e88eb8-7d4a-4a76-b46f-105292f41ce0 0.607s
2024-12-10 18:03:31.954 65754 INFO tempest.lib.common.rest_client [req-dc6539f3-2013-4f05-b807-913c7d68d7e5 req-dc6539f3-2013-4f05-b807-913c7d68d7e5 ] Request (ServerMetadataNegativeTestJSON:setUpClass): 200 GET http://10.180.1.21/compute/v2.1/servers/ed32836f-0827-4741-8a25-dc488c564917 0.598s
2024-12-10 18:03:32.003 65744 INFO tempest.lib.common.rest_client [req-a226d666-3e5a-4e4c-963a-d5b2e44bd27a req-a226d666-3e5a-4e4c-963a-d5b2e44bd27a ] Request (ServersAdminTestJSON:test_create_server_with_scheduling_hint): 200 GET http://10.180.1.21/compute/v2.1/servers/93767ef1-092f-405d-b393-6bec8e6c3615 0.591s
2024-12-10 18:03:32.059 65758 INFO tempest.lib.common.rest_client [req-43b73ec8-11aa-4bd6-9b71-257ed4d3db0c req-43b73ec8-11aa-4bd6-9b71-257ed4d3db0c ] Request (ServerActionsV293TestJSON:setUpClass): 200 GET http://10.180.1.21/compute/v2.1/servers/6ca827e1-6be1-4f24-a56a-876454615e97 0.625s
2024-12-10 18:03:32.117 65720 INFO tempest.lib.common.rest_client [req-14065964-e1c4-4633-84f6-b057eae8a2aa req-14065964-e1c4-4633-84f6-b057eae8a2aa ] Request (InstanceActionsV221TestJSON:test_get_list_deleted_instance_actions): 200 GET http://10.180.1.21/compute/v2.1/servers/db17ef0f-be04-4540-88c2-13c27f4bf4c7 0.637s
2024-12-10 18:03:32.163 65732 INFO tempest.lib.common.rest_client [req-ae82eaa6-ce80-41bc-9f82-37f65ae98114 req-ae82eaa6-ce80-41bc-9f82-37f65ae98114 ] Request (AttachVolumeShelveTestJSON:setUpClass): 201 POST http://10.180.1.21:9696/networking/v2.0/routers 1.008s
2024-12-10 18:03:32.168 65726 INFO tempest.lib.common.rest_client [req-9a0caee5-d2f6-4625-8686-ed64578b717b req-9a0caee5-d2f6-4625-8686-ed64578b717b ] Request (ServersAaction247Test:test_create_backup): 200 GET http://10.180.1.21/compute/v2.1/servers/0feb6a44-8f9a-4446-83f7-e56467d597f3 0.631s
2024-12-10 18:03:32.227 65710 INFO tempest.lib.common.rest_client [req-e8385686-8358-40ae-b225-967f048011db req-e8385686-8358-40ae-b225-967f048011db ] Request (ListImageFiltersTestJSON:tearDownClass): 200 GET http://10.180.1.21/compute/v2.1/servers/5801ddb7-fa0b-4c30-be71-afae4d7ce119 0.595s
2024-12-10 18:03:32.281 65716 INFO tempest.lib.common.rest_client [req-298989df-0984-47b1-9ead-0c64b56a890c req-298989df-0984-47b1-9ead-0c64b56a890c ] Request (ServerDiagnosticsNegativeTest:tearDownClass): 200 GET http://10.180.1.21/compute/v2.1/servers/62f90c9b-83f1-4a16-b238-6425e1f00310 0.615s
2024-12-10 18:03:32.331 65718 INFO tempest.lib.common.rest_client [req-1c8e4c80-73d5-4674-8032-098be5d94d7e req-1c8e4c80-73d5-4674-8032-098be5d94d7e ] Request (ServerShowV247Test:test_update_rebuild_list_server): 200 GET http://10.180.1.21/compute/v2.1/servers/5dc8f99f-e2c3-48b8-9601-0fe7fae90c0a 0.632s
2024-12-10 18:03:32.389 65712 INFO tempest.lib.common.rest_client [req-18ba0e7f-a5ce-45e8-9dd0-af99346eed84 req-18ba0e7f-a5ce-45e8-9dd0-af99346eed84 ] Request (ServersAdminNegativeTestJSON:tearDownClass): 200 GET http://10.180.1.21/compute/v2.1/servers/227a90d6-1651-45fb-bb34-c785a7a7ff49 0.631s
2024-12-10 18:03:32.444 65768 INFO tempest.lib.common.rest_client [req-9da49627-06cb-4ec9-8b37-8bc8d4d580f4 req-9da49627-06cb-4ec9-8b37-8bc8d4d580f4 ] Request (ImagesTestJSON:test_create_image_from_suspended_server): 200 GET http://10.180.1.21/compute/v2.1/servers/cdec697b-1808-4f23-b40c-df3751bf4a44 0.682s
2024-12-10 18:03:32.491 65771 INFO tempest.lib.common.rest_client [req-a203b91f-9c67-4f41-a284-2d245bbaa6e8 req-a203b91f-9c67-4f41-a284-2d245bbaa6e8 ] Request (ImagesOneServerNegativeTestJSON:_run_cleanups): 200 GET http://10.180.1.21/compute/v2.1/servers/42c7a76b-768f-444a-9372-f51ed6bc2524 0.665s
2024-12-10 18:03:32.647 65752 INFO tempest.lib.common.rest_client [req-e48cce34-e307-487f-aab2-7f9c7150e92c req-e48cce34-e307-487f-aab2-7f9c7150e92c ] Request (ServerAddressesTestJSON:setUpClass): 200 GET http://10.180.1.21/compute/v2.1/servers/9e5fd757-c244-45b9-815d-7aa6de36ab95 0.694s
2024-12-10 18:03:32.713 65757 INFO tempest.lib.common.rest_client [req-f9f71ec7-5e88-4e01-9340-a918a6bfafdf req-f9f71ec7-5e88-4e01-9340-a918a6bfafdf ] Request (ListServerFiltersTestJSON:tearDownClass): 200 GET http://10.180.1.21/compute/v2.1/servers/261080a8-78d6-4506-96ef-d9175fe0017e 0.573s
2024-12-10 18:03:32.801 65748 INFO tempest.lib.common.rest_client [req-4749e49d-d3ce-41c8-9bea-17752c90fad7 req-4749e49d-d3ce-41c8-9bea-17752c90fad7 ] Request (ServersTestManualDisk:setUpClass): 200 GET http://10.180.1.21/compute/v2.1/servers/5e003774-5b6d-4272-8685-189e967f63a1 0.607s
2024-12-10 18:03:32.841 65760 INFO tempest.lib.common.rest_client [req-fa14ab03-a0dc-4c16-a84d-66660dea15c1 req-fa14ab03-a0dc-4c16-a84d-66660dea15c1 ] Request (VolumesAssistedSnapshotsTest:_run_cleanups): 200 GET http://10.180.1.21/compute/v2.1/servers/8553d005-e6e3-452c-a7e1-84a479c28c34/os-volume_attachments 0.629s
2024-12-10 18:03:32.919 65736 INFO tempest.lib.common.rest_client [req-15a38cbf-ab33-46c1-98f8-5a92e8d0187f req-15a38cbf-ab33-46c1-98f8-5a92e8d0187f ] Request (MultipleCreateTestJSON:_run_cleanups): 200 GET http://10.180.1.21/compute/v2.1/servers/a545c73e-0194-49da-85bb-9106524e3081 0.643s
2024-12-10 18:03:33.092 65766 INFO tempest.lib.common.rest_client [req-837c5741-f107-4ed9-948f-49ecb17a0014 req-837c5741-f107-4ed9-948f-49ecb17a0014 ] Request (MigrationsAdminTest:test_list_migrations_in_flavor_resize_situation): 200 GET http://10.180.1.21/compute/v2.1/servers/aa2d2aa5-97cb-4c6b-a002-8dc69ed40276 0.689s
2024-12-10 18:03:33.108 65766 INFO tempest.common.waiters [-] State transition "VERIFY_RESIZE/None" ==> "ACTIVE/None" after 43 second wait
2024-12-10 18:03:33.156 65740 INFO tempest.lib.common.rest_client [req-f011e558-dd1a-4e95-a8cc-b5ef93f39769 req-f011e558-dd1a-4e95-a8cc-b5ef93f39769 ] Request (SecurityGroupsTestJSON:test_server_security_groups): 200 GET http://10.180.1.21/compute/v2.1/servers/f1ec63cb-168e-419b-b2c5-11d0757c718e 0.706s
2024-12-10 18:03:33.219 65724 INFO tempest.lib.common.rest_client [req-7c3d9ec8-cddd-4d02-9293-a393c62a81b6 req-7c3d9ec8-cddd-4d02-9293-a393c62a81b6 ] Request (DeleteServersAdminTestJSON:test_delete_server_while_in_error_state): 200 GET http://10.180.1.21/compute/v2.1/servers/b07f2e3a-b026-4d69-83c4-66dfb049201e 0.719s
2024-12-10 18:03:33.278 65750 INFO tempest.lib.common.rest_client [req-ae93f15a-8273-4b08-a1fd-3889c0b646c0 req-ae93f15a-8273-4b08-a1fd-3889c0b646c0 ] Request (VolumesAdminNegativeTest:test_update_attached_volume_with_nonexistent_volume_in_uri): 200 GET http://10.180.1.21/compute/v2.1/servers/e3149162-b99d-456b-9f81-f6209ee11fe4 0.728s
2024-12-10 18:03:33.339 65714 INFO tempest.lib.common.rest_client [req-09dfb906-2903-4905-99ee-98adb75fbf7f req-09dfb906-2903-4905-99ee-98adb75fbf7f ] Request (DeleteServersTestJSON:test_delete_active_server): 200 GET http://10.180.1.21/compute/v2.1/servers/462a23e1-0a6b-4be2-af22-392b7830244b 0.560s
2024-12-10 18:03:33.410 65734 INFO tempest.lib.common.rest_client [req-372b13bc-cc04-422a-be25-8c8c1b82433b req-372b13bc-cc04-422a-be25-8c8c1b82433b ] Request (ServerExternalEventsTest:tearDownClass): 200 GET http://10.180.1.21/compute/v2.1/servers/040543b1-db31-45db-8cbb-8fec5091cdb0 0.558s
2024-12-10 18:03:33.451 65730 WARNING tempest.lib.common.ssh [-] Failed to establish authenticated ssh connection to cirros@10.180.180.141 ([Errno None] Unable to connect to port 22 on 10.180.180.141). Number attempts: 1. Retry after 2 seconds.: paramiko.ssh_exception.NoValidConnectionsError: [Errno None] Unable to connect to port 22 on 10.180.180.141
2024-12-10 18:03:33.480 65708 INFO tempest.lib.common.rest_client [req-7f480141-6458-4502-b014-6cec1aa76d08 req-7f480141-6458-4502-b014-6cec1aa76d08 ] Request (ImagesOneServerTestJSON:setUpClass): 200 GET http://10.180.1.21/compute/v2.1/servers/90e88eb8-7d4a-4a76-b46f-105292f41ce0 0.565s
2024-12-10 18:03:33.551 65754 INFO tempest.lib.common.rest_client [req-dfbff27c-6af4-438b-aca5-e78eb92e7cb4 req-dfbff27c-6af4-438b-aca5-e78eb92e7cb4 ] Request (ServerMetadataNegativeTestJSON:setUpClass): 200 GET http://10.180.1.21/compute/v2.1/servers/ed32836f-0827-4741-8a25-dc488c564917 0.589s
2024-12-10 18:03:33.575 65732 INFO tempest.lib.common.rest_client [req-61f35f91-ba0a-454f-bb9d-d3b3601fb0bc req-61f35f91-ba0a-454f-bb9d-d3b3601fb0bc ] Request (AttachVolumeShelveTestJSON:setUpClass): 200 PUT http://10.180.1.21:9696/networking/v2.0/routers/43efb8eb-05e9-4b3e-ad0a-eef64453b743/add_router_interface 1.411s
2024-12-10 18:03:33.575 65732 INFO tempest.lib.common.dynamic_creds [-] Created isolated network resources for: credentials: Credentials: {'domain_id': 'default', 'domain_name': 'Default', 'username': 'tempest-AttachVolumeShelveTestJSON-715907360-project-member', 'project_domain_id': 'default', 'project_domain_name': 'Default', 'project_id': '8fa530d7d8bc477595a95c8b979c91c2', 'project_name': 'tempest-AttachVolumeShelveTestJSON-715907360', 'tenant_id': '8fa530d7d8bc477595a95c8b979c91c2', 'tenant_name': 'tempest-AttachVolumeShelveTestJSON-715907360', 'user_domain_id': 'default', 'user_domain_name': 'Default', 'user_id': 'b2c63070062e4ba490136f07055fd3c0', 'system': None}, Network: {'id': '303fccb8-2412-42e5-9147-5767cb22d021', 'name': 'tempest-AttachVolumeShelveTestJSON-567054707-network', 'tenant_id': '8fa530d7d8bc477595a95c8b979c91c2', 'admin_state_up': True, 'mtu': 8950, 'status': 'ACTIVE', 'subnets': [], 'shared': False, 'project_id': '8fa530d7d8bc477595a95c8b979c91c2', 'port_security_enabled': True, 'router:external': False, 'provider:network_type': 'vlan', 'provider:physical_network': 'default', 'provider:segmentation_id': 176, 'availability_zone_hints': [], 'availability_zones': [], 'ipv4_address_scope': None, 'ipv6_address_scope': None, 'description': '', 'tags': [], 'created_at': '2024-12-10T18:03:30Z', 'updated_at': '2024-12-10T18:03:30Z', 'revision_number': 1}, Subnet: {'id': 'c8316a7c-0ebb-4c62-8cd2-0c6af78958dd', 'name': 'tempest-AttachVolumeShelveTestJSON-567054707-subnet', 'tenant_id': '8fa530d7d8bc477595a95c8b979c91c2', 'network_id': '303fccb8-2412-42e5-9147-5767cb22d021', 'ip_version': 4, 'subnetpool_id': None, 'enable_dhcp': True, 'ipv6_ra_mode': None, 'ipv6_address_mode': None, 'gateway_ip': '192.168.128.1', 'cidr': '192.168.128.0/28', 'allocation_pools': [{'start': '192.168.128.2', 'end': '192.168.128.14'}], 'host_routes': [], 'dns_nameservers': [], 'description': '', 'router:external': False, 'service_types': [], 'tags': [], 'created_at': '2024-12-10T18:03:31Z', 'updated_at': '2024-12-10T18:03:31Z', 'revision_number': 0, 'project_id': '8fa530d7d8bc477595a95c8b979c91c2'}, Router: {'id': '43efb8eb-05e9-4b3e-ad0a-eef64453b743', 'name': 'tempest-AttachVolumeShelveTestJSON-567054707-router', 'tenant_id': '8fa530d7d8bc477595a95c8b979c91c2', 'admin_state_up': True, 'status': 'ACTIVE', 'external_gateway_info': {'network_id': '317d2d59-ffda-43c3-bdee-d9af8118bcf9', 'external_fixed_ips': [{'subnet_id': '8010ab0d-c38d-4b56-8ea4-f9f6431e4f8f', 'ip_address': '10.180.180.220'}], 'enable_snat': True}, 'description': '', 'availability_zones': [], 'distributed': False, 'ha': False, 'availability_zone_hints': [], 'routes': [], 'flavor_id': None, 'tags': [], 'created_at': '2024-12-10T18:03:31Z', 'updated_at': '2024-12-10T18:03:31Z', 'revision_number': 2, 'project_id': '8fa530d7d8bc477595a95c8b979c91c2'}
2024-12-10 18:03:33.609 65744 INFO tempest.lib.common.rest_client [req-d7b1cfde-1240-4026-bd47-31ae073fe3af req-d7b1cfde-1240-4026-bd47-31ae073fe3af ] Request (ServersAdminTestJSON:test_create_server_with_scheduling_hint): 200 GET http://10.180.1.21/compute/v2.1/servers/93767ef1-092f-405d-b393-6bec8e6c3615 0.598s
2024-12-10 18:03:33.680 65758 INFO tempest.lib.common.rest_client [req-b34626e5-8eff-4284-b156-66d3e4555d63 req-b34626e5-8eff-4284-b156-66d3e4555d63 ] Request (ServerActionsV293TestJSON:setUpClass): 200 GET http://10.180.1.21/compute/v2.1/servers/6ca827e1-6be1-4f24-a56a-876454615e97 0.612s
2024-12-10 18:03:33.735 65732 INFO tempest.lib.common.rest_client [req-d7f186ca-cea7-4c7f-8d61-8fd801f323f1 req-d7f186ca-cea7-4c7f-8d61-8fd801f323f1 ] Request (AttachVolumeShelveTestJSON:setUpClass): 201 POST http://10.180.1.21/identity/v3/auth/tokens 0.155s
2024-12-10 18:03:33.794 65766 INFO tempest.lib.common.rest_client [req-67c21c3e-ced2-4057-8646-53a8fc729b8c req-67c21c3e-ced2-4057-8646-53a8fc729b8c ] Request (MigrationsAdminTest:test_list_migrations_in_flavor_resize_situation): 200 GET http://10.180.1.21/compute/v2.1/servers/aa2d2aa5-97cb-4c6b-a002-8dc69ed40276 0.686s
2024-12-10 18:03:33.859 65720 INFO tempest.lib.common.rest_client [req-3a682bad-f455-42fb-9fda-15b1c75bbbb7 req-3a682bad-f455-42fb-9fda-15b1c75bbbb7 ] Request (InstanceActionsV221TestJSON:test_get_list_deleted_instance_actions): 200 GET http://10.180.1.21/compute/v2.1/servers/db17ef0f-be04-4540-88c2-13c27f4bf4c7 0.733s
2024-12-10 18:03:33.910 65726 INFO tempest.lib.common.rest_client [req-49149b3e-6f8b-4561-9104-0a06052cc19f req-49149b3e-6f8b-4561-9104-0a06052cc19f ] Request (ServersAaction247Test:test_create_backup): 200 GET http://10.180.1.21/compute/v2.1/servers/0feb6a44-8f9a-4446-83f7-e56467d597f3 0.735s
2024-12-10 18:03:33.965 65710 INFO tempest.lib.common.rest_client [req-648fd5a9-0c41-4357-905a-677a605bd23e req-648fd5a9-0c41-4357-905a-677a605bd23e ] Request (ListImageFiltersTestJSON:tearDownClass): 200 GET http://10.180.1.21/compute/v2.1/servers/5801ddb7-fa0b-4c30-be71-afae4d7ce119 0.732s
2024-12-10 18:03:34.019 65716 INFO tempest.lib.common.rest_client [req-f52e909c-d68e-4afd-8d86-9971e11bbaba req-f52e909c-d68e-4afd-8d86-9971e11bbaba ] Request (ServerDiagnosticsNegativeTest:tearDownClass): 200 GET http://10.180.1.21/compute/v2.1/servers/62f90c9b-83f1-4a16-b238-6425e1f00310 0.729s
2024-12-10 18:03:34.069 65718 INFO tempest.lib.common.rest_client [req-2b5b8d78-716a-4244-8399-ab3e8f2043d8 req-2b5b8d78-716a-4244-8399-ab3e8f2043d8 ] Request (ServerShowV247Test:test_update_rebuild_list_server): 200 GET http://10.180.1.21/compute/v2.1/servers/5dc8f99f-e2c3-48b8-9601-0fe7fae90c0a 0.730s
2024-12-10 18:03:34.121 65712 INFO tempest.lib.common.rest_client [req-73dacb6c-8e87-4704-955c-45388f5a7f7f req-73dacb6c-8e87-4704-955c-45388f5a7f7f ] Request (ServersAdminNegativeTestJSON:tearDownClass): 200 GET http://10.180.1.21/compute/v2.1/servers/227a90d6-1651-45fb-bb34-c785a7a7ff49 0.724s
2024-12-10 18:03:34.163 65768 INFO tempest.lib.common.rest_client [req-0a9fef0b-593b-4f66-99a2-4512403f09ac req-0a9fef0b-593b-4f66-99a2-4512403f09ac ] Request (ImagesTestJSON:test_create_image_from_suspended_server): 200 GET http://10.180.1.21/compute/v2.1/servers/cdec697b-1808-4f23-b40c-df3751bf4a44 0.709s
2024-12-10 18:03:34.215 65771 INFO tempest.lib.common.rest_client [req-9a9ce453-4c4f-4aea-9f67-240bcc3c2373 req-9a9ce453-4c4f-4aea-9f67-240bcc3c2373 ] Request (ImagesOneServerNegativeTestJSON:_run_cleanups): 200 GET http://10.180.1.21/compute/v2.1/servers/42c7a76b-768f-444a-9372-f51ed6bc2524 0.712s
2024-12-10 18:03:34.217 65728 WARNING tempest.lib.common.ssh [-] Failed to establish authenticated ssh connection to cirros@10.180.180.234 ([Errno None] Unable to connect to port 22 on 10.180.180.234). Number attempts: 4. Retry after 5 seconds.: paramiko.ssh_exception.NoValidConnectionsError: [Errno None] Unable to connect to port 22 on 10.180.180.234
2024-12-10 18:03:34.310 65752 INFO tempest.lib.common.rest_client [req-8baaaf91-f8bb-4651-928d-f737405fd907 req-8baaaf91-f8bb-4651-928d-f737405fd907 ] Request (ServerAddressesTestJSON:setUpClass): 200 GET http://10.180.1.21/compute/v2.1/servers/9e5fd757-c244-45b9-815d-7aa6de36ab95 0.655s
2024-12-10 18:03:34.316 65752 INFO tempest.common.waiters [-] State transition "BUILD/spawning" ==> "ACTIVE/None" after 49 second wait
2024-12-10 18:03:34.360 65757 INFO tempest.lib.common.rest_client [req-ba81d470-b3b6-4a5d-a95e-331056a9095e req-ba81d470-b3b6-4a5d-a95e-331056a9095e ] Request (ListServerFiltersTestJSON:tearDownClass): 200 GET http://10.180.1.21/compute/v2.1/servers/261080a8-78d6-4506-96ef-d9175fe0017e 0.637s
2024-12-10 18:03:34.462 65732 INFO tempest.lib.common.rest_client [req-d1132619-46c1-41d2-921b-a2e37e98257d req-d1132619-46c1-41d2-921b-a2e37e98257d ] Request (ValidationResourcesFixture:setUp): 201 POST http://10.180.1.21/compute/v2.1/os-keypairs 0.725s
2024-12-10 18:03:34.489 65766 INFO tempest.lib.common.rest_client [req-5ae11fe0-d1f5-4ab2-af9b-bbb4b521c94a req-5ae11fe0-d1f5-4ab2-af9b-bbb4b521c94a ] Request (MigrationsAdminTest:test_list_migrations_in_flavor_resize_situation): 200 POST http://10.180.1.21/compute/v2.1/os-keypairs 0.687s
2024-12-10 18:03:34.546 65748 INFO tempest.lib.common.rest_client [req-df4b006e-4596-47dc-9228-d32496e43b1a req-df4b006e-4596-47dc-9228-d32496e43b1a ] Request (ServersTestManualDisk:setUpClass): 200 GET http://10.180.1.21/compute/v2.1/servers/5e003774-5b6d-4272-8685-189e967f63a1 0.735s
2024-12-10 18:03:34.580 65760 INFO tempest.lib.common.rest_client [req-f30fd538-44b7-4537-8015-8ae3911ed027 req-f30fd538-44b7-4537-8015-8ae3911ed027 ] Request (VolumesAssistedSnapshotsTest:_run_cleanups): 200 GET http://10.180.1.21/compute/v2.1/servers/8553d005-e6e3-452c-a7e1-84a479c28c34/os-volume_attachments 0.736s
2024-12-10 18:03:34.598 65732 INFO tempest.lib.common.rest_client [req-141a29ff-8bf4-4c4b-af17-db3c9a7a630a req-141a29ff-8bf4-4c4b-af17-db3c9a7a630a ] Request (ValidationResourcesFixture:setUp): 201 POST http://10.180.1.21:9696/networking/v2.0/security-groups 0.134s
2024-12-10 18:03:34.608 65760 INFO tempest.lib.common.rest_client [req-d130e7dc-7156-4815-8cad-ca3ecf8ea9c6 req-d130e7dc-7156-4815-8cad-ca3ecf8ea9c6 ] Request (VolumesAssistedSnapshotsTest:_run_cleanups): 200 GET http://10.180.1.21/volume/v3/volumes/7453e6f9-2b91-496c-a9e2-9aeeb27cc0fb 0.027s
2024-12-10 18:03:34.609 65766 INFO tempest.lib.common.rest_client [req-aa619d38-ae14-477c-a02c-be5a6592921e req-aa619d38-ae14-477c-a02c-be5a6592921e ] Request (MigrationsAdminTest:test_list_migrations_in_flavor_resize_situation): 201 POST http://10.180.1.21:9696/networking/v2.0/security-groups 0.119s
2024-12-10 18:03:34.615 65760 INFO tempest.common.waiters [-] volume 7453e6f9-2b91-496c-a9e2-9aeeb27cc0fb reached available after waiting for 0.615863 seconds
2024-12-10 18:03:34.651 65736 INFO tempest.lib.common.rest_client [req-0c24b98b-d529-4d75-ad30-60adfe6235e3 req-0c24b98b-d529-4d75-ad30-60adfe6235e3 ] Request (MultipleCreateTestJSON:_run_cleanups): 200 GET http://10.180.1.21/compute/v2.1/servers/a545c73e-0194-49da-85bb-9106524e3081 0.721s
2024-12-10 18:03:34.652 65760 INFO tempest.lib.common.rest_client [req-396085a5-24be-4ef5-bd0e-70a0074dda6d req-396085a5-24be-4ef5-bd0e-70a0074dda6d ] Request (VolumesAssistedSnapshotsTest:_run_cleanups): 202 DELETE http://10.180.1.21/volume/v3/volumes/7453e6f9-2b91-496c-a9e2-9aeeb27cc0fb 0.036s
2024-12-10 18:03:34.676 65760 INFO tempest.lib.common.rest_client [req-b0d0da01-0d0b-492f-befd-181cdecbe948 req-b0d0da01-0d0b-492f-befd-181cdecbe948 ] Request (VolumesAssistedSnapshotsTest:_run_cleanups): 200 GET http://10.180.1.21/volume/v3/volumes/7453e6f9-2b91-496c-a9e2-9aeeb27cc0fb 0.023s
2024-12-10 18:03:34.703 65766 INFO tempest.lib.common.rest_client [req-bf92829b-1146-4aba-aa4b-a0c4ca88e90c req-bf92829b-1146-4aba-aa4b-a0c4ca88e90c ] Request (MigrationsAdminTest:test_list_migrations_in_flavor_resize_situation): 201 POST http://10.180.1.21:9696/networking/v2.0/security-group-rules 0.093s
2024-12-10 18:03:34.708 65740 INFO tempest.lib.common.rest_client [req-3a0af2c4-42d3-41f6-afc2-03c37d33fb6d req-3a0af2c4-42d3-41f6-afc2-03c37d33fb6d ] Request (SecurityGroupsTestJSON:test_server_security_groups): 200 GET http://10.180.1.21/compute/v2.1/servers/f1ec63cb-168e-419b-b2c5-11d0757c718e 0.542s
2024-12-10 18:03:34.726 65732 INFO tempest.lib.common.rest_client [req-300a5e00-cd36-48d5-a0b4-97e44cbe6255 req-300a5e00-cd36-48d5-a0b4-97e44cbe6255 ] Request (ValidationResourcesFixture:setUp): 201 POST http://10.180.1.21:9696/networking/v2.0/security-group-rules 0.127s
2024-12-10 18:03:34.734 65724 INFO tempest.lib.common.rest_client [req-072f979d-3e98-4256-99e8-85dfbf615343 req-072f979d-3e98-4256-99e8-85dfbf615343 ] Request (DeleteServersAdminTestJSON:test_delete_server_while_in_error_state): 404 GET http://10.180.1.21/compute/v2.1/servers/b07f2e3a-b026-4d69-83c4-66dfb049201e 0.504s
2024-12-10 18:03:34.792 65750 INFO tempest.lib.common.rest_client [req-f423286c-8aea-4c5e-b9a0-6135b166d74a req-f423286c-8aea-4c5e-b9a0-6135b166d74a ] Request (VolumesAdminNegativeTest:test_update_attached_volume_with_nonexistent_volume_in_uri): 200 GET http://10.180.1.21/compute/v2.1/servers/e3149162-b99d-456b-9f81-f6209ee11fe4 0.505s
2024-12-10 18:03:34.820 65732 INFO tempest.lib.common.rest_client [req-ccb09ec6-863b-4456-903c-08697e5b3e7b req-ccb09ec6-863b-4456-903c-08697e5b3e7b ] Request (ValidationResourcesFixture:setUp): 201 POST http://10.180.1.21:9696/networking/v2.0/security-group-rules 0.094s
2024-12-10 18:03:34.826 65752 INFO tempest.lib.common.rest_client [req-88242e6c-95b2-40f6-904a-7792e208e089 req-88242e6c-95b2-40f6-904a-7792e208e089 ] Request (ServerAddressesTestJSON:test_list_server_addresses): 200 GET http://10.180.1.21/compute/v2.1/servers/9e5fd757-c244-45b9-815d-7aa6de36ab95/ips 0.509s
2024-12-10 18:03:34.890 65714 INFO tempest.lib.common.rest_client [req-8d8ad927-f40d-443a-910a-3f6c69b2f1b1 req-8d8ad927-f40d-443a-910a-3f6c69b2f1b1 ] Request (DeleteServersTestJSON:test_delete_active_server): 200 GET http://10.180.1.21/compute/v2.1/servers/462a23e1-0a6b-4be2-af22-392b7830244b 0.542s
2024-12-10 18:03:34.896 65766 INFO tempest.lib.common.rest_client [req-a015e594-b569-454c-a9f4-867564ace1d2 req-a015e594-b569-454c-a9f4-867564ace1d2 ] Request (MigrationsAdminTest:test_list_migrations_in_flavor_resize_situation): 201 POST http://10.180.1.21:9696/networking/v2.0/security-group-rules 0.192s
2024-12-10 18:03:34.964 65734 INFO tempest.lib.common.rest_client [req-141d30d1-a85b-424b-b524-8810bc3ac717 req-141d30d1-a85b-424b-b524-8810bc3ac717 ] Request (ServerExternalEventsTest:tearDownClass): 200 GET http://10.180.1.21/compute/v2.1/servers/040543b1-db31-45db-8cbb-8fec5091cdb0 0.548s
2024-12-10 18:03:35.018 65708 INFO tempest.lib.common.rest_client [req-72d87e89-b977-4fe6-bc92-72a0b024da6e req-72d87e89-b977-4fe6-bc92-72a0b024da6e ] Request (ImagesOneServerTestJSON:setUpClass): 200 GET http://10.180.1.21/compute/v2.1/servers/90e88eb8-7d4a-4a76-b46f-105292f41ce0 0.531s
2024-12-10 18:03:35.089 65754 INFO tempest.lib.common.rest_client [req-4557c54b-c6db-4230-bfd7-f3c4341a7804 req-4557c54b-c6db-4230-bfd7-f3c4341a7804 ] Request (ServerMetadataNegativeTestJSON:setUpClass): 200 GET http://10.180.1.21/compute/v2.1/servers/ed32836f-0827-4741-8a25-dc488c564917 0.531s
2024-12-10 18:03:35.147 65744 INFO tempest.lib.common.rest_client [req-522fecae-035a-4ebc-a12c-262c85bb943e req-522fecae-035a-4ebc-a12c-262c85bb943e ] Request (ServersAdminTestJSON:test_create_server_with_scheduling_hint): 200 GET http://10.180.1.21/compute/v2.1/servers/93767ef1-092f-405d-b393-6bec8e6c3615 0.531s
2024-12-10 18:03:35.200 65732 INFO tempest.lib.common.rest_client [req-e1012a09-54d9-4915-a852-14c432f47533 req-e1012a09-54d9-4915-a852-14c432f47533 ] Request (ValidationResourcesFixture:setUp): 201 POST http://10.180.1.21:9696/networking/v2.0/floatingips 0.379s
2024-12-10 18:03:35.210 65758 INFO tempest.lib.common.rest_client [req-fb219faf-a0ff-465c-8c9a-251001d29aa0 req-fb219faf-a0ff-465c-8c9a-251001d29aa0 ] Request (ServerActionsV293TestJSON:setUpClass): 200 GET http://10.180.1.21/compute/v2.1/servers/6ca827e1-6be1-4f24-a56a-876454615e97 0.513s
2024-12-10 18:03:35.226 65724 INFO tempest.lib.common.rest_client [req-8793f0f7-5f4b-4507-8a97-ba7968133fb0 req-8793f0f7-5f4b-4507-8a97-ba7968133fb0 ] Request (DeleteServersAdminTestJSON:tearDownClass): 404 DELETE http://10.180.1.21/compute/v2.1/servers/b07f2e3a-b026-4d69-83c4-66dfb049201e 0.490s
2024-12-10 18:03:35.247 65732 INFO tempest.lib.common.rest_client [req-187ac521-3c17-4110-ad53-6c9b198f3fcc req-187ac521-3c17-4110-ad53-6c9b198f3fcc ] Request (AttachVolumeShelveTestJSON:test_attach_volume_shelved_or_offload_server): 201 POST http://10.180.1.21/identity/v3/auth/tokens 0.044s
2024-12-10 18:03:35.247 65752 INFO tempest.lib.common.rest_client [req-49afbfed-0ca0-456f-bfc5-cd7806c0195e req-49afbfed-0ca0-456f-bfc5-cd7806c0195e ] Request (ServerAddressesTestJSON:test_list_server_addresses_by_network): 200 GET http://10.180.1.21/compute/v2.1/servers/9e5fd757-c244-45b9-815d-7aa6de36ab95/ips 0.419s
2024-12-10 18:03:35.248 65732 INFO tempest.lib.common.fixed_network [-] (AttachVolumeShelveTestJSON:test_attach_volume_shelved_or_offload_server) Found network {'id': '303fccb8-2412-42e5-9147-5767cb22d021', 'name': 'tempest-AttachVolumeShelveTestJSON-567054707-network', 'tenant_id': '8fa530d7d8bc477595a95c8b979c91c2', 'admin_state_up': True, 'mtu': 8950, 'status': 'ACTIVE', 'subnets': [], 'shared': False, 'project_id': '8fa530d7d8bc477595a95c8b979c91c2', 'port_security_enabled': True, 'router:external': False, 'provider:network_type': 'vlan', 'provider:physical_network': 'default', 'provider:segmentation_id': 176, 'availability_zone_hints': [], 'availability_zones': [], 'ipv4_address_scope': None, 'ipv6_address_scope': None, 'description': '', 'tags': [], 'created_at': '2024-12-10T18:03:30Z', 'updated_at': '2024-12-10T18:03:30Z', 'revision_number': 1} available for tenant
2024-12-10 18:03:35.301 65720 INFO tempest.lib.common.rest_client [req-152b15ff-643f-41a5-a49c-fc13aa96850c req-152b15ff-643f-41a5-a49c-fc13aa96850c ] Request (InstanceActionsV221TestJSON:test_get_list_deleted_instance_actions): 200 GET http://10.180.1.21/compute/v2.1/servers/db17ef0f-be04-4540-88c2-13c27f4bf4c7 0.431s
2024-12-10 18:03:35.354 65726 INFO tempest.lib.common.rest_client [req-b9db93ad-4086-4552-a5c0-b762aa474204 req-b9db93ad-4086-4552-a5c0-b762aa474204 ] Request (ServersAaction247Test:test_create_backup): 200 GET http://10.180.1.21/compute/v2.1/servers/0feb6a44-8f9a-4446-83f7-e56467d597f3 0.431s
2024-12-10 18:03:35.407 65710 INFO tempest.lib.common.rest_client [req-3b761244-8208-4512-90df-0a86108533a7 req-3b761244-8208-4512-90df-0a86108533a7 ] Request (ListImageFiltersTestJSON:tearDownClass): 200 GET http://10.180.1.21/compute/v2.1/servers/5801ddb7-fa0b-4c30-be71-afae4d7ce119 0.434s
2024-12-10 18:03:35.467 65716 INFO tempest.lib.common.rest_client [req-8bee4ba3-c848-4e20-812e-185c703e06d0 req-8bee4ba3-c848-4e20-812e-185c703e06d0 ] Request (ServerDiagnosticsNegativeTest:tearDownClass): 200 GET http://10.180.1.21/compute/v2.1/servers/62f90c9b-83f1-4a16-b238-6425e1f00310 0.440s
2024-12-10 18:03:35.495 65766 INFO tempest.lib.common.rest_client [req-ea7f4bd7-eef1-4248-9bbc-6448fe096b9a req-ea7f4bd7-eef1-4248-9bbc-6448fe096b9a ] Request (MigrationsAdminTest:test_list_migrations_in_flavor_resize_situation): 201 POST http://10.180.1.21:9696/networking/v2.0/floatingips 0.598s
2024-12-10 18:03:35.531 65718 INFO tempest.lib.common.rest_client [req-5575bee3-8b29-4ccd-ab2d-83df98094bb9 req-5575bee3-8b29-4ccd-ab2d-83df98094bb9 ] Request (ServerShowV247Test:test_update_rebuild_list_server): 200 GET http://10.180.1.21/compute/v2.1/servers/5dc8f99f-e2c3-48b8-9601-0fe7fae90c0a 0.453s
2024-12-10 18:03:35.585 65712 INFO tempest.lib.common.rest_client [req-7a87b009-37f2-4448-b0b5-335b55ffdefb req-7a87b009-37f2-4448-b0b5-335b55ffdefb ] Request (ServersAdminNegativeTestJSON:tearDownClass): 200 GET http://10.180.1.21/compute/v2.1/servers/227a90d6-1651-45fb-bb34-c785a7a7ff49 0.458s
2024-12-10 18:03:35.626 65768 INFO tempest.lib.common.rest_client [req-2340cc77-9f59-40b3-ba21-0bae359dc357 req-2340cc77-9f59-40b3-ba21-0bae359dc357 ] Request (ImagesTestJSON:test_create_image_from_suspended_server): 200 GET http://10.180.1.21/compute/v2.1/servers/cdec697b-1808-4f23-b40c-df3751bf4a44 0.453s
2024-12-10 18:03:35.671 65771 INFO tempest.lib.common.rest_client [req-0cc06279-2030-42af-bcfa-37966fd32c6c req-0cc06279-2030-42af-bcfa-37966fd32c6c ] Request (ImagesOneServerNegativeTestJSON:_run_cleanups): 200 GET http://10.180.1.21/compute/v2.1/servers/42c7a76b-768f-444a-9372-f51ed6bc2524 0.448s
2024-12-10 18:03:35.689 65724 INFO tempest.lib.common.rest_client [req-6c666fb7-2819-4da8-b13b-d603fbe56f2e req-6c666fb7-2819-4da8-b13b-d603fbe56f2e ] Request (DeleteServersAdminTestJSON:tearDownClass): 404 GET http://10.180.1.21/compute/v2.1/servers/b07f2e3a-b026-4d69-83c4-66dfb049201e 0.462s
2024-12-10 18:03:35.711 65760 INFO tempest.lib.common.rest_client [req-9d8d11c0-2805-49e7-ba0b-f3da6f59b4d9 req-9d8d11c0-2805-49e7-ba0b-f3da6f59b4d9 ] Request (VolumesAssistedSnapshotsTest:_run_cleanups): 200 GET http://10.180.1.21/volume/v3/volumes/7453e6f9-2b91-496c-a9e2-9aeeb27cc0fb 0.028s
2024-12-10 18:03:36.015 65732 INFO tempest.lib.common.rest_client [req-5b3ecaba-01c6-4890-9814-f30dce789853 req-5b3ecaba-01c6-4890-9814-f30dce789853 ] Request (AttachVolumeShelveTestJSON:test_attach_volume_shelved_or_offload_server): 202 POST http://10.180.1.21/compute/v2.1/servers 0.767s
2024-12-10 18:03:36.044 65752 INFO tempest.lib.common.rest_client [req-ada2592e-0041-4c07-afd6-f7e9af34d2ad req-ada2592e-0041-4c07-afd6-f7e9af34d2ad ] Request (ServerAddressesTestJSON:test_list_server_addresses_by_network): 200 GET http://10.180.1.21/compute/v2.1/servers/9e5fd757-c244-45b9-815d-7aa6de36ab95/ips/tempest-ServerAddressesTestJSON-1580994448-network 0.795s
2024-12-10 18:03:36.104 65757 INFO tempest.lib.common.rest_client [req-9b0f66d0-df52-49bf-a7b6-41cf2811424c req-9b0f66d0-df52-49bf-a7b6-41cf2811424c ] Request (ListServerFiltersTestJSON:tearDownClass): 200 GET http://10.180.1.21/compute/v2.1/servers/261080a8-78d6-4506-96ef-d9175fe0017e 0.736s
2024-12-10 18:03:36.116 65766 INFO tempest.lib.common.rest_client [req-0c08571e-0972-4209-a53a-199552d0ccb6 req-0c08571e-0972-4209-a53a-199552d0ccb6 ] Request (MigrationsAdminTest:test_list_migrations_in_flavor_resize_situation): 200 GET http://10.180.1.21/compute/v2.1/os-migrations 0.620s
2024-12-10 18:03:36.163 65748 INFO tempest.lib.common.rest_client [req-ebb027c6-ed4f-4cec-bf9c-108ec5f46d75 req-ebb027c6-ed4f-4cec-bf9c-108ec5f46d75 ] Request (ServersTestManualDisk:setUpClass): 200 GET http://10.180.1.21/compute/v2.1/servers/5e003774-5b6d-4272-8685-189e967f63a1 0.605s
2024-12-10 18:03:36.213 65736 INFO tempest.lib.common.rest_client [req-fe9a5ca1-5c7e-4db8-bdd3-749b07401f25 req-fe9a5ca1-5c7e-4db8-bdd3-749b07401f25 ] Request (MultipleCreateTestJSON:_run_cleanups): 200 GET http://10.180.1.21/compute/v2.1/servers/a545c73e-0194-49da-85bb-9106524e3081 0.552s
2024-12-10 18:03:36.229 65724 INFO tempest.lib.common.rest_client [req-c67e8318-ef4d-46de-bd66-77f7bf288ada req-c67e8318-ef4d-46de-bd66-77f7bf288ada ] Request (DeleteServersAdminTestJSON:tearDownClass): 404 DELETE http://10.180.1.21/compute/v2.1/servers/655d0482-59c4-41f6-856c-51e1b06002cf 0.540s
2024-12-10 18:03:36.272 65740 INFO tempest.lib.common.rest_client [req-726e96d0-b76c-4395-9905-24ac003736cb req-726e96d0-b76c-4395-9905-24ac003736cb ] Request (SecurityGroupsTestJSON:test_server_security_groups): 200 GET http://10.180.1.21/compute/v2.1/servers/f1ec63cb-168e-419b-b2c5-11d0757c718e 0.548s
2024-12-10 18:03:36.318 65750 INFO tempest.lib.common.rest_client [req-174a1833-ad3e-4f38-91a7-0a4fc46bcb5a req-174a1833-ad3e-4f38-91a7-0a4fc46bcb5a ] Request (VolumesAdminNegativeTest:test_update_attached_volume_with_nonexistent_volume_in_uri): 200 GET http://10.180.1.21/compute/v2.1/servers/e3149162-b99d-456b-9f81-f6209ee11fe4 0.518s
2024-12-10 18:03:36.366 65714 INFO tempest.lib.common.rest_client [req-0329c056-e938-426c-b07e-7061f1b05325 req-0329c056-e938-426c-b07e-7061f1b05325 ] Request (DeleteServersTestJSON:test_delete_active_server): 200 GET http://10.180.1.21/compute/v2.1/servers/462a23e1-0a6b-4be2-af22-392b7830244b 0.470s
2024-12-10 18:03:36.425 65734 INFO tempest.lib.common.rest_client [req-43236612-1c22-49c2-aedb-def9bc96c1fa req-43236612-1c22-49c2-aedb-def9bc96c1fa ] Request (ServerExternalEventsTest:tearDownClass): 200 GET http://10.180.1.21/compute/v2.1/servers/040543b1-db31-45db-8cbb-8fec5091cdb0 0.451s
2024-12-10 18:03:36.460 65732 INFO tempest.lib.common.rest_client [req-de9bb29a-d2e7-4d7d-8460-85eaafba247b req-de9bb29a-d2e7-4d7d-8460-85eaafba247b ] Request (AttachVolumeShelveTestJSON:test_attach_volume_shelved_or_offload_server): 200 GET http://10.180.1.21/compute/v2.1/servers/f19c1efd-c45f-4ff6-9c2b-1e2260e94b03 0.442s
2024-12-10 18:03:36.511 65708 INFO tempest.lib.common.rest_client [req-54d2e333-b12d-4861-b8be-cb3d2e40ed0d req-54d2e333-b12d-4861-b8be-cb3d2e40ed0d ] Request (ImagesOneServerTestJSON:setUpClass): 200 GET http://10.180.1.21/compute/v2.1/servers/90e88eb8-7d4a-4a76-b46f-105292f41ce0 0.484s
2024-12-10 18:03:36.577 65752 INFO tempest.lib.common.rest_client [req-b1afb638-a5a3-4e8e-886e-cb5d8a9b4a1d req-b1afb638-a5a3-4e8e-886e-cb5d8a9b4a1d ] Request (ServerAddressesTestJSON:tearDownClass): 204 DELETE http://10.180.1.21/compute/v2.1/servers/9e5fd757-c244-45b9-815d-7aa6de36ab95 0.527s
2024-12-10 18:03:36.641 65754 INFO tempest.lib.common.rest_client [req-0fd439e9-ed7d-4ab4-881e-9196f6c216ac req-0fd439e9-ed7d-4ab4-881e-9196f6c216ac ] Request (ServerMetadataNegativeTestJSON:setUpClass): 200 GET http://10.180.1.21/compute/v2.1/servers/ed32836f-0827-4741-8a25-dc488c564917 0.541s
2024-12-10 18:03:36.651 65766 INFO tempest.lib.common.rest_client [req-53d902e7-f22a-40e6-989b-16769b128098 req-53d902e7-f22a-40e6-989b-16769b128098 ] Request (MigrationsAdminTest:test_resize_server_revert_deleted_flavor): 200 GET http://10.180.1.21/compute/v2.1/flavors/42 0.531s
2024-12-10 18:03:36.712 65744 INFO tempest.lib.common.rest_client [req-242a275d-10a5-437c-86f7-c75732339ee7 req-242a275d-10a5-437c-86f7-c75732339ee7 ] Request (ServersAdminTestJSON:test_create_server_with_scheduling_hint): 200 GET http://10.180.1.21/compute/v2.1/servers/93767ef1-092f-405d-b393-6bec8e6c3615 0.558s
2024-12-10 18:03:36.723 65744 INFO tempest.common.waiters [-] State transition "BUILD/scheduling" ==> "BUILD/None" after 24 second wait
2024-12-10 18:03:36.754 65760 INFO tempest.lib.common.rest_client [req-ae615ae7-8f60-4797-b96a-e9bb806c68d8 req-ae615ae7-8f60-4797-b96a-e9bb806c68d8 ] Request (VolumesAssistedSnapshotsTest:_run_cleanups): 200 GET http://10.180.1.21/volume/v3/volumes/7453e6f9-2b91-496c-a9e2-9aeeb27cc0fb 0.036s
2024-12-10 18:03:36.778 65758 INFO tempest.lib.common.rest_client [req-42860b80-11a4-4007-9c01-f899ef743b54 req-42860b80-11a4-4007-9c01-f899ef743b54 ] Request (ServerActionsV293TestJSON:setUpClass): 200 GET http://10.180.1.21/compute/v2.1/servers/6ca827e1-6be1-4f24-a56a-876454615e97 0.558s
2024-12-10 18:03:36.797 65724 INFO tempest.lib.common.rest_client [req-600fa7e0-0bfd-4e66-9c8f-71b3ffaf8632 req-600fa7e0-0bfd-4e66-9c8f-71b3ffaf8632 ] Request (DeleteServersAdminTestJSON:tearDownClass): 404 GET http://10.180.1.21/compute/v2.1/servers/655d0482-59c4-41f6-856c-51e1b06002cf 0.568s
2024-12-10 18:03:36.847 65720 INFO tempest.lib.common.rest_client [req-0ff605d9-436b-4c1b-9d3b-3609f344be15 req-0ff605d9-436b-4c1b-9d3b-3609f344be15 ] Request (InstanceActionsV221TestJSON:test_get_list_deleted_instance_actions): 200 GET http://10.180.1.21/compute/v2.1/servers/db17ef0f-be04-4540-88c2-13c27f4bf4c7 0.534s
2024-12-10 18:03:36.867 65724 INFO tempest.lib.common.rest_client [req-90d9c080-dd1c-40ff-99de-af8bdfa47447 req-90d9c080-dd1c-40ff-99de-af8bdfa47447 ] Request (DeleteServersAdminTestJSON:tearDownClass): 204 DELETE http://10.180.1.21/identity/v3/users/8931d7b657374a23be6b52b9f52fdbd1 0.069s
2024-12-10 18:03:36.893 65726 INFO tempest.lib.common.rest_client [req-90378fe1-f548-4726-8066-1293737b9077 req-90378fe1-f548-4726-8066-1293737b9077 ] Request (ServersAaction247Test:test_create_backup): 200 GET http://10.180.1.21/compute/v2.1/servers/0feb6a44-8f9a-4446-83f7-e56467d597f3 0.531s
2024-12-10 18:03:36.941 65724 INFO tempest.lib.common.rest_client [req-bed756d1-a387-47ac-9bb9-054c03677159 req-bed756d1-a387-47ac-9bb9-054c03677159 ] Request (DeleteServersAdminTestJSON:tearDownClass): 204 DELETE http://10.180.1.21/identity/v3/users/ce7980515db54c6da44779cde1a7dd4f 0.073s
2024-12-10 18:03:36.941 65724 INFO tempest.lib.common.dynamic_creds [-] Deleting project and security group for project: 1ec936c134ad489bba36b170a778d8a9
2024-12-10 18:03:36.946 65710 INFO tempest.lib.common.rest_client [req-d5774ba2-a73f-4c79-8c99-edf78175b855 req-d5774ba2-a73f-4c79-8c99-edf78175b855 ] Request (ListImageFiltersTestJSON:tearDownClass): 200 GET http://10.180.1.21/compute/v2.1/servers/5801ddb7-fa0b-4c30-be71-afae4d7ce119 0.532s
2024-12-10 18:03:36.994 65724 INFO tempest.lib.common.rest_client [req-f52d6cb0-5a8c-4ad9-82fe-1704c47fa51f req-f52d6cb0-5a8c-4ad9-82fe-1704c47fa51f ] Request (DeleteServersAdminTestJSON:tearDownClass): 201 POST http://10.180.1.21/identity/v3/auth/tokens 0.053s
2024-12-10 18:03:36.996 65716 INFO tempest.lib.common.rest_client [req-4a4b7217-ef61-48b2-bf6e-7be3dc41136a req-4a4b7217-ef61-48b2-bf6e-7be3dc41136a ] Request (ServerDiagnosticsNegativeTest:tearDownClass): 200 GET http://10.180.1.21/compute/v2.1/servers/62f90c9b-83f1-4a16-b238-6425e1f00310 0.521s
2024-12-10 18:03:37.039 65718 INFO tempest.lib.common.rest_client [req-37a3c3fc-c1cf-4254-b532-1063ebc97427 req-37a3c3fc-c1cf-4254-b532-1063ebc97427 ] Request (ServerShowV247Test:test_update_rebuild_list_server): 200 GET http://10.180.1.21/compute/v2.1/servers/5dc8f99f-e2c3-48b8-9601-0fe7fae90c0a 0.498s
2024-12-10 18:03:37.074 65724 INFO tempest.lib.common.rest_client [req-0f786984-4bba-400a-b46d-fa088ea9468f req-0f786984-4bba-400a-b46d-fa088ea9468f ] Request (DeleteServersAdminTestJSON:tearDownClass): 200 GET http://10.180.1.21:9696/networking/v2.0/security-groups?tenant_id=1ec936c134ad489bba36b170a778d8a9&name=default 0.079s
2024-12-10 18:03:37.203 65752 INFO tempest.lib.common.rest_client [req-e2e57f43-4525-4776-b3f9-2b73ae18446e req-e2e57f43-4525-4776-b3f9-2b73ae18446e ] Request (ServerAddressesTestJSON:tearDownClass): 200 GET http://10.180.1.21/compute/v2.1/servers/9e5fd757-c244-45b9-815d-7aa6de36ab95 0.625s
2024-12-10 18:03:37.209 65724 INFO tempest.lib.common.rest_client [req-1ecf5e9f-f8ae-4527-95c7-a97189513653 req-1ecf5e9f-f8ae-4527-95c7-a97189513653 ] Request (DeleteServersAdminTestJSON:tearDownClass): 204 DELETE http://10.180.1.21:9696/networking/v2.0/security-groups/3e15f76a-f2e7-4854-8fe0-2c9d00abe6fd 0.135s
2024-12-10 18:03:37.263 65712 INFO tempest.lib.common.rest_client [req-354b5e6f-cf7e-4943-9404-547fc8b1e3aa req-354b5e6f-cf7e-4943-9404-547fc8b1e3aa ] Request (ServersAdminNegativeTestJSON:tearDownClass): 200 GET http://10.180.1.21/compute/v2.1/servers/227a90d6-1651-45fb-bb34-c785a7a7ff49 0.671s
2024-12-10 18:03:37.274 65724 INFO tempest.lib.common.rest_client [req-c33cba73-fca1-4f1f-a454-3898a0e249cf req-c33cba73-fca1-4f1f-a454-3898a0e249cf ] Request (DeleteServersAdminTestJSON:tearDownClass): 204 DELETE http://10.180.1.21/identity/v3/projects/1ec936c134ad489bba36b170a778d8a9 0.064s
2024-12-10 18:03:37.274 65724 INFO tempest.lib.common.dynamic_creds [-] Deleting project and security group for project: 03d5d511e64a45b2acc85c1c01e9d093
2024-12-10 18:03:37.321 65768 INFO tempest.lib.common.rest_client [req-30999575-c8f6-40ee-a73e-40bc7b4ded18 req-30999575-c8f6-40ee-a73e-40bc7b4ded18 ] Request (ImagesTestJSON:test_create_image_from_suspended_server): 200 GET http://10.180.1.21/compute/v2.1/servers/cdec697b-1808-4f23-b40c-df3751bf4a44 0.687s
