2024-12-10 18:03:14.443 65728 WARNING tempest.lib.common.ssh [-] Failed to establish authenticated ssh connection to cirros@10.180.180.234 ([Errno None] Unable to connect to port 22 on 10.180.180.234). Number attempts: 1. Retry after 2 seconds.: paramiko.ssh_exception.NoValidConnectionsError: [Errno None] Unable to connect to port 22 on 10.180.180.234
2024-12-10 18:03:14.466 65714 INFO tempest.lib.common.rest_client [req-54dfd2dd-0203-4ec3-9c27-9270ca40ab1a req-54dfd2dd-0203-4ec3-9c27-9270ca40ab1a ] Request (ServicesAdminTestJSON:setUpClass): 201 POST http://10.180.1.21/identity/v3/projects 0.026s
2024-12-10 18:03:14.509 65744 INFO tempest.lib.common.rest_client [req-9ed3a8b7-c434-4019-bff7-8691d0ab4b4d req-9ed3a8b7-c434-4019-bff7-8691d0ab4b4d ] Request (ServersAdminTestJSON:test_create_server_with_scheduling_hint): 200 GET http://10.180.1.21/compute/v2.1/servers/93767ef1-092f-405d-b393-6bec8e6c3615 0.053s
2024-12-10 18:03:14.524 65714 INFO tempest.lib.common.rest_client [req-62a4dd02-4b0c-40a4-b3c3-e94f3ad1c823 req-62a4dd02-4b0c-40a4-b3c3-e94f3ad1c823 ] Request (ServicesAdminTestJSON:setUpClass): 201 POST http://10.180.1.21/identity/v3/users 0.057s
2024-12-10 18:03:14.544 65714 INFO tempest.lib.common.rest_client [req-aa10704e-5e19-453e-8631-f4fa788b915c req-aa10704e-5e19-453e-8631-f4fa788b915c ] Request (ServicesAdminTestJSON:setUpClass): 200 GET http://10.180.1.21/identity/v3/roles 0.019s
2024-12-10 18:03:14.559 65758 INFO tempest.lib.common.rest_client [req-d070eb8d-7a6a-46c9-bfc6-b27f00e86d93 req-d070eb8d-7a6a-46c9-bfc6-b27f00e86d93 ] Request (ServerActionsV293TestJSON:setUpClass): 200 GET http://10.180.1.21/compute/v2.1/servers/6ca827e1-6be1-4f24-a56a-876454615e97 0.053s
2024-12-10 18:03:14.577 65714 INFO tempest.lib.common.rest_client [req-0edea2fa-9f04-4786-9e53-2128da02170c req-0edea2fa-9f04-4786-9e53-2128da02170c ] Request (ServicesAdminTestJSON:setUpClass): 204 PUT http://10.180.1.21/identity/v3/projects/1bf4b77b3a6f4814b8dd010ab23c3aa3/users/c182dcdb5a3e43338d06e9bb6a384197/roles/13574f18d80f431e8d30a08442f7aae0 0.033s
2024-12-10 18:03:14.578 65714 INFO tempest.lib.common.dynamic_creds [-] Dynamic test user c182dcdb5a3e43338d06e9bb6a384197 is created with scope project and roles: ['member']
2024-12-10 18:03:14.578 65714 INFO tempest.lib.common.dynamic_creds [-] Acquired dynamic creds: credentials: Credentials: {'domain_id': 'default', 'domain_name': 'Default', 'username': 'tempest-ServicesAdminTestJSON-1248164075-project-member', 'project_domain_id': 'default', 'project_domain_name': 'Default', 'project_id': '1bf4b77b3a6f4814b8dd010ab23c3aa3', 'project_name': 'tempest-ServicesAdminTestJSON-1248164075', 'tenant_id': '1bf4b77b3a6f4814b8dd010ab23c3aa3', 'tenant_name': 'tempest-ServicesAdminTestJSON-1248164075', 'user_domain_id': 'default', 'user_domain_name': 'Default', 'user_id': 'c182dcdb5a3e43338d06e9bb6a384197', 'system': None}, Network: None, Subnet: None, Router: None
2024-12-10 18:03:14.578 65714 INFO tempest.lib.common.dynamic_creds [-] Created isolated network resources for: credentials: Credentials: {'domain_id': 'default', 'domain_name': 'Default', 'username': 'tempest-ServicesAdminTestJSON-1248164075-project-member', 'project_domain_id': 'default', 'project_domain_name': 'Default', 'project_id': '1bf4b77b3a6f4814b8dd010ab23c3aa3', 'project_name': 'tempest-ServicesAdminTestJSON-1248164075', 'tenant_id': '1bf4b77b3a6f4814b8dd010ab23c3aa3', 'tenant_name': 'tempest-ServicesAdminTestJSON-1248164075', 'user_domain_id': 'default', 'user_domain_name': 'Default', 'user_id': 'c182dcdb5a3e43338d06e9bb6a384197', 'system': None}, Network: None, Subnet: None, Router: None
2024-12-10 18:03:14.609 65720 INFO tempest.lib.common.rest_client [req-ff3268cd-b1b7-46ea-98a8-8e3e67c0273f req-ff3268cd-b1b7-46ea-98a8-8e3e67c0273f ] Request (InstanceActionsV221TestJSON:test_get_list_deleted_instance_actions): 200 GET http://10.180.1.21/compute/v2.1/servers/db17ef0f-be04-4540-88c2-13c27f4bf4c7 0.059s
2024-12-10 18:03:14.620 65766 INFO tempest.lib.common.rest_client [req-ea5427a9-5e7c-4c47-befe-61030f63eaee req-ea5427a9-5e7c-4c47-befe-61030f63eaee ] Request (MigrationsAdminTest:test_list_migrations_in_flavor_resize_situation): 200 GET http://10.180.1.21/compute/v2.1/servers/aa2d2aa5-97cb-4c6b-a002-8dc69ed40276 0.129s
2024-12-10 18:03:14.640 65710 INFO tempest.lib.common.rest_client [req-6fc63603-1408-47c6-8b45-34014a25cb24 req-6fc63603-1408-47c6-8b45-34014a25cb24 ] Request (ListImageFiltersTestJSON:setUpClass): 200 GET http://10.180.1.21/compute/v2.1/images/d70c3cf1-2475-451c-9de6-be2a4e0e4a45 0.036s
2024-12-10 18:03:14.646 65714 INFO tempest.lib.common.rest_client [req-b1083bad-fc38-4acf-96e5-6333a854fad3 req-b1083bad-fc38-4acf-96e5-6333a854fad3 ] Request (ServicesAdminTestJSON:setUpClass): 201 POST http://10.180.1.21/identity/v3/auth/tokens 0.065s
2024-12-10 18:03:14.703 65714 INFO tempest.lib.common.rest_client [req-13d1c38e-8dd9-4018-ac8a-bb34e3fc1cbc req-13d1c38e-8dd9-4018-ac8a-bb34e3fc1cbc ] Request (ServicesAdminTestJSON:setUpClass): 201 POST http://10.180.1.21/identity/v3/projects 0.056s
2024-12-10 18:03:14.755 65734 INFO tempest.lib.common.rest_client [req-f9258cb1-2a2a-4a33-971f-a77f5e202e76 req-f9258cb1-2a2a-4a33-971f-a77f5e202e76 ] Request (ServerExternalEventsTest:test_create_server_external_events): 200 GET http://10.180.1.21/compute/v2.1/servers/040543b1-db31-45db-8cbb-8fec5091cdb0 0.130s
2024-12-10 18:03:14.756 65757 INFO tempest.lib.common.rest_client [req-c64745d5-51bd-4156-9bcd-3b6b253b1f7f req-c64745d5-51bd-4156-9bcd-3b6b253b1f7f ] Request (ListServerFiltersTestJSON:tearDownClass): 200 GET http://10.180.1.21/compute/v2.1/servers/6ff5367c-657e-486f-9c7a-8b8580cae366 0.066s
2024-12-10 18:03:14.765 65734 INFO tempest.common.waiters [-] State transition "BUILD/spawning" ==> "ACTIVE/None" after 53 second wait
2024-12-10 18:03:14.772 65714 INFO tempest.lib.common.rest_client [req-5def0e17-7c79-47c8-bce2-540f0754e08b req-5def0e17-7c79-47c8-bce2-540f0754e08b ] Request (ServicesAdminTestJSON:setUpClass): 201 POST http://10.180.1.21/identity/v3/users 0.068s
2024-12-10 18:03:14.791 65714 INFO tempest.lib.common.rest_client [req-5a3c3021-bbca-4d6f-8bab-fbe73c31d88e req-5a3c3021-bbca-4d6f-8bab-fbe73c31d88e ] Request (ServicesAdminTestJSON:setUpClass): 200 GET http://10.180.1.21/identity/v3/roles 0.018s
2024-12-10 18:03:14.820 65752 INFO tempest.lib.common.rest_client [req-5680839e-c034-4f52-8e73-84cae2c3919d req-5680839e-c034-4f52-8e73-84cae2c3919d ] Request (ServerAddressesTestJSON:setUpClass): 200 GET http://10.180.1.21/compute/v2.1/servers/9e5fd757-c244-45b9-815d-7aa6de36ab95 0.076s
2024-12-10 18:03:14.821 65714 INFO tempest.lib.common.rest_client [req-cf88d4a2-0a66-48af-9752-1b3d0891ddb8 req-cf88d4a2-0a66-48af-9752-1b3d0891ddb8 ] Request (ServicesAdminTestJSON:setUpClass): 204 PUT http://10.180.1.21/identity/v3/projects/8c68013d1a5f42c188688412c311a515/users/8e8faf0b69cd49d9991e93087bb8313e/roles/022eacb80b96452193116ce3a82db09c 0.028s
2024-12-10 18:03:14.878 65714 INFO tempest.lib.common.rest_client [req-ab279b49-c79a-47fe-bb8c-ce9147508a82 req-ab279b49-c79a-47fe-bb8c-ce9147508a82 ] Request (ServicesAdminTestJSON:setUpClass): 200 GET http://10.180.1.21/identity/v3/roles 0.056s
2024-12-10 18:03:14.894 65714 INFO tempest.lib.common.rest_client [req-d2187cb9-1a93-4800-9306-f5db2df4525c req-d2187cb9-1a93-4800-9306-f5db2df4525c ] Request (ServicesAdminTestJSON:setUpClass): 204 PUT http://10.180.1.21/identity/v3/projects/8c68013d1a5f42c188688412c311a515/users/8e8faf0b69cd49d9991e93087bb8313e/roles/022eacb80b96452193116ce3a82db09c 0.016s
2024-12-10 18:03:14.894 65714 INFO tempest.lib.common.dynamic_creds [-] Dynamic test user 8e8faf0b69cd49d9991e93087bb8313e is created with scope project and roles: ['admin']
2024-12-10 18:03:14.894 65714 INFO tempest.lib.common.dynamic_creds [-] Acquired dynamic creds: credentials: Credentials: {'domain_id': 'default', 'domain_name': 'Default', 'username': 'tempest-ServicesAdminTestJSON-1363514107-project-admin', 'project_domain_id': 'default', 'project_domain_name': 'Default', 'project_id': '8c68013d1a5f42c188688412c311a515', 'project_name': 'tempest-ServicesAdminTestJSON-1363514107', 'tenant_id': '8c68013d1a5f42c188688412c311a515', 'tenant_name': 'tempest-ServicesAdminTestJSON-1363514107', 'user_domain_id': 'default', 'user_domain_name': 'Default', 'user_id': '8e8faf0b69cd49d9991e93087bb8313e', 'system': None}, Network: None, Subnet: None, Router: None
2024-12-10 18:03:14.895 65714 INFO tempest.lib.common.dynamic_creds [-] Created isolated network resources for: credentials: Credentials: {'domain_id': 'default', 'domain_name': 'Default', 'username': 'tempest-ServicesAdminTestJSON-1363514107-project-admin', 'project_domain_id': 'default', 'project_domain_name': 'Default', 'project_id': '8c68013d1a5f42c188688412c311a515', 'project_name': 'tempest-ServicesAdminTestJSON-1363514107', 'tenant_id': '8c68013d1a5f42c188688412c311a515', 'tenant_name': 'tempest-ServicesAdminTestJSON-1363514107', 'user_domain_id': 'default', 'user_domain_name': 'Default', 'user_id': '8e8faf0b69cd49d9991e93087bb8313e', 'system': None}, Network: None, Subnet: None, Router: None
2024-12-10 18:03:14.945 65734 INFO tempest.lib.common.rest_client [req-8bb77dda-0e38-42ca-bb13-ebbfc8e30ba2 req-8bb77dda-0e38-42ca-bb13-ebbfc8e30ba2 ] Request (ServerExternalEventsTest:test_create_server_external_events): 200 POST http://10.180.1.21/compute/v2.1/os-server-external-events 0.178s
2024-12-10 18:03:14.961 65712 INFO tempest.lib.common.rest_client [req-c0329f52-52a2-4482-8451-4d48f52c969c req-c0329f52-52a2-4482-8451-4d48f52c969c ] Request (ServersAdminNegativeTestJSON:tearDownClass): 200 GET http://10.180.1.21/compute/v2.1/servers/227a90d6-1651-45fb-bb34-c785a7a7ff49 0.122s
2024-12-10 18:03:14.979 65714 INFO tempest.lib.common.rest_client [req-4b462612-f23f-411e-a38c-0c6425b1c008 req-4b462612-f23f-411e-a38c-0c6425b1c008 ] Request (ServicesAdminTestJSON:setUpClass): 201 POST http://10.180.1.21/identity/v3/auth/tokens 0.081s
2024-12-10 18:03:15.001 65718 INFO tempest.lib.common.rest_client [req-abd03221-f9e0-45ba-bf68-806709109d2f req-abd03221-f9e0-45ba-bf68-806709109d2f ] Request (ServerShowV247Test:test_update_rebuild_list_server): 200 GET http://10.180.1.21/compute/v2.1/servers/5dc8f99f-e2c3-48b8-9601-0fe7fae90c0a 0.160s
2024-12-10 18:03:15.011 65768 INFO tempest.lib.common.rest_client [req-72b8c34c-ffb7-49f3-b147-375f084bee4a req-72b8c34c-ffb7-49f3-b147-375f084bee4a ] Request (ImagesTestJSON:test_create_image_from_suspended_server): 200 GET http://10.180.1.21/compute/v2.1/servers/cdec697b-1808-4f23-b40c-df3751bf4a44 0.105s
2024-12-10 18:03:15.027 65750 INFO paramiko.transport [-] Connected (version 2.0, client dropbear_2020.81)
2024-12-10 18:03:15.066 65732 INFO tempest.lib.common.rest_client [req-c672077b-3b28-484c-b65d-946625b07751 req-c672077b-3b28-484c-b65d-946625b07751 ] Request (ServerShowV254Test:tearDownClass): 200 GET http://10.180.1.21/compute/v2.1/servers/c4b4072a-6e9a-4e83-891e-8f25c3ffdc84 0.139s
2024-12-10 18:03:15.097 65734 INFO tempest.lib.common.rest_client [req-be0dabeb-5261-4c01-b596-cc31582cda87 req-be0dabeb-5261-4c01-b596-cc31582cda87 ] Request (ServerExternalEventsTest:tearDownClass): 204 DELETE http://10.180.1.21/compute/v2.1/servers/040543b1-db31-45db-8cbb-8fec5091cdb0 0.150s
2024-12-10 18:03:15.138 65750 INFO paramiko.transport [-] Authentication (publickey) successful!
2024-12-10 18:03:15.139 65750 INFO tempest.lib.common.ssh [-] ssh connection to cirros@10.180.180.207 successfully created
2024-12-10 18:03:15.149 65714 INFO tempest.lib.common.rest_client [req-13c47b3a-ef4b-414c-9110-8ce912577c98 req-13c47b3a-ef4b-414c-9110-8ce912577c98 ] Request (ServicesAdminTestJSON:test_get_service_by_host_name): 200 GET http://10.180.1.21/compute/v2.1/os-services 0.168s
2024-12-10 18:03:15.158 65771 INFO tempest.lib.common.rest_client [req-630b42ae-8c40-40b3-a50f-8d282de769ff req-630b42ae-8c40-40b3-a50f-8d282de769ff ] Request (ImagesOneServerNegativeTestJSON:_run_cleanups): 200 GET http://10.180.1.21/compute/v2.1/servers/b847fffb-ca62-48f5-a6c0-524fec06239d 0.168s
2024-12-10 18:03:15.208 65748 INFO tempest.lib.common.rest_client [req-6480da23-ba99-4d48-b913-6a28dfdd0b2a req-6480da23-ba99-4d48-b913-6a28dfdd0b2a ] Request (ServersTestManualDisk:setUpClass): 200 GET http://10.180.1.21/compute/v2.1/servers/5e003774-5b6d-4272-8685-189e967f63a1 0.152s
2024-12-10 18:03:15.209 65726 INFO tempest.lib.common.rest_client [req-cb8ece05-f170-40b1-95d5-ccf48fcbea32 req-cb8ece05-f170-40b1-95d5-ccf48fcbea32 ] Request (InstanceActionsNegativeTestJSON:tearDownClass): 200 GET http://10.180.1.21/compute/v2.1/servers/d649ce4d-fdb3-42ab-b254-abab95dea9f4 0.181s
2024-12-10 18:03:15.254 65740 INFO tempest.lib.common.rest_client [req-7c9a4f92-dc46-4f09-b762-b3d5448a0a81 req-7c9a4f92-dc46-4f09-b762-b3d5448a0a81 ] Request (SecurityGroupsTestJSON:test_server_security_groups): 200 GET http://10.180.1.21/compute/v2.1/servers/f1ec63cb-168e-419b-b2c5-11d0757c718e 0.171s
2024-12-10 18:03:15.306 65750 INFO tempest.lib.common.rest_client [req-216466d3-34e5-4977-ba9d-2889594e0884 req-216466d3-34e5-4977-ba9d-2889594e0884 ] Request (VolumesAdminNegativeTest:test_update_attached_volume_with_nonexistent_volume_in_body): 202 POST http://10.180.1.21/volume/v3/volumes 0.166s
2024-12-10 18:03:15.309 65734 INFO tempest.lib.common.rest_client [req-ed9e393a-e46d-49f0-958a-811ae7e1df33 req-ed9e393a-e46d-49f0-958a-811ae7e1df33 ] Request (ServerExternalEventsTest:tearDownClass): 200 GET http://10.180.1.21/compute/v2.1/servers/040543b1-db31-45db-8cbb-8fec5091cdb0 0.210s
2024-12-10 18:03:15.310 65724 INFO tempest.lib.common.rest_client [req-d54a2c0d-a570-472c-af68-3f7756a8e2fa req-d54a2c0d-a570-472c-af68-3f7756a8e2fa ] Request (DeleteServersAdminTestJSON:test_delete_server_while_in_error_state): 200 GET http://10.180.1.21/compute/v2.1/servers/b07f2e3a-b026-4d69-83c4-66dfb049201e 0.194s
2024-12-10 18:03:15.329 65714 INFO tempest.lib.common.rest_client [req-05f054f5-2938-44ce-bf5a-5faa61b34ce2 req-05f054f5-2938-44ce-bf5a-5faa61b34ce2 ] Request (ServicesAdminTestJSON:test_get_service_by_host_name): 200 GET http://10.180.1.21/compute/v2.1/os-services?host=devstack 0.178s
2024-12-10 18:03:15.344 65750 INFO tempest.lib.common.rest_client [req-3a2106da-633f-4bc6-9da1-8825612410e8 req-3a2106da-633f-4bc6-9da1-8825612410e8 ] Request (VolumesAdminNegativeTest:test_update_attached_volume_with_nonexistent_volume_in_body): 200 GET http://10.180.1.21/volume/v3/volumes/5885fd2e-50ae-49c3-bb69-28f927e9f169 0.032s
2024-12-10 18:03:15.356 65714 INFO tempest.lib.common.rest_client [req-3a02b9fa-e832-4624-80a2-6b7f01e65a88 req-3a02b9fa-e832-4624-80a2-6b7f01e65a88 ] Request (ServicesAdminTestJSON:test_get_service_by_service_binary_name): 200 GET http://10.180.1.21/compute/v2.1/os-services?binary=nova-compute 0.024s
2024-12-10 18:03:15.385 65714 INFO tempest.lib.common.rest_client [req-3b4a1102-16f3-4082-9f9c-355be5c31869 req-3b4a1102-16f3-4082-9f9c-355be5c31869 ] Request (ServicesAdminTestJSON:test_list_services): 200 GET http://10.180.1.21/compute/v2.1/os-services 0.024s
2024-12-10 18:03:15.433 65716 INFO tempest.lib.common.rest_client [req-7b46a058-0f96-4ba6-bdda-9a70026bc8b3 req-7b46a058-0f96-4ba6-bdda-9a70026bc8b3 ] Request (ServerDiagnosticsNegativeTest:test_get_server_diagnostics_by_non_admin): 200 GET http://10.180.1.21/compute/v2.1/servers/62f90c9b-83f1-4a16-b238-6425e1f00310 0.108s
2024-12-10 18:03:15.442 65708 INFO tempest.lib.common.rest_client [req-e69fddcb-ff24-48ca-8a5b-079928bced81 req-e69fddcb-ff24-48ca-8a5b-079928bced81 ] Request (ImagesOneServerTestJSON:setUpClass): 200 GET http://10.180.1.21/compute/v2.1/servers/90e88eb8-7d4a-4a76-b46f-105292f41ce0 0.071s
2024-12-10 18:03:15.490 65730 INFO tempest.lib.common.rest_client [req-e2f07f1a-424f-4c74-87ce-62c7218a9282 req-e2f07f1a-424f-4c74-87ce-62c7218a9282 ] Request (AttachVolumeNegativeTest:test_attach_attached_volume_to_different_server): 200 GET http://10.180.1.21/compute/v2.1/servers/7dea9ef9-d226-466b-be5f-2bc40a829a5a 0.066s
2024-12-10 18:03:15.510 65714 INFO tempest.lib.common.rest_client [req-0352e80b-79fb-4ae9-918c-981bc0c86609 req-0352e80b-79fb-4ae9-918c-981bc0c86609 ] Request (ServicesAdminTestJSON:tearDownClass): 204 DELETE http://10.180.1.21/identity/v3/users/c182dcdb5a3e43338d06e9bb6a384197 0.122s
2024-12-10 18:03:15.540 65754 INFO tempest.lib.common.rest_client [req-112e218e-c533-4a08-a0a8-2b2f639657ae req-112e218e-c533-4a08-a0a8-2b2f639657ae ] Request (ServerMetadataNegativeTestJSON:setUpClass): 200 GET http://10.180.1.21/compute/v2.1/servers/ed32836f-0827-4741-8a25-dc488c564917 0.094s
2024-12-10 18:03:15.592 65744 INFO tempest.lib.common.rest_client [req-6848c087-1a73-4d97-8b6d-540a601db88e req-6848c087-1a73-4d97-8b6d-540a601db88e ] Request (ServersAdminTestJSON:test_create_server_with_scheduling_hint): 200 GET http://10.180.1.21/compute/v2.1/servers/93767ef1-092f-405d-b393-6bec8e6c3615 0.075s
2024-12-10 18:03:15.600 65714 INFO tempest.lib.common.rest_client [req-5aa9acae-29e1-43d9-bd7d-27ca7ff94561 req-5aa9acae-29e1-43d9-bd7d-27ca7ff94561 ] Request (ServicesAdminTestJSON:tearDownClass): 204 DELETE http://10.180.1.21/identity/v3/users/8e8faf0b69cd49d9991e93087bb8313e 0.089s
2024-12-10 18:03:15.600 65714 INFO tempest.lib.common.dynamic_creds [-] Deleting project and security group for project: 8c68013d1a5f42c188688412c311a515
2024-12-10 18:03:15.655 65758 INFO tempest.lib.common.rest_client [req-5279b24c-d06d-41ab-b5b9-61ec679976cf req-5279b24c-d06d-41ab-b5b9-61ec679976cf ] Request (ServerActionsV293TestJSON:setUpClass): 200 GET http://10.180.1.21/compute/v2.1/servers/6ca827e1-6be1-4f24-a56a-876454615e97 0.086s
2024-12-10 18:03:15.665 65714 INFO tempest.lib.common.rest_client [req-ea34a841-d1b8-403f-85cf-fd29d12cc995 req-ea34a841-d1b8-403f-85cf-fd29d12cc995 ] Request (ServicesAdminTestJSON:tearDownClass): 201 POST http://10.180.1.21/identity/v3/auth/tokens 0.065s
2024-12-10 18:03:15.672 65736 INFO tempest.lib.common.rest_client [req-11362028-5ddb-4e66-8a21-a812e5712838 req-11362028-5ddb-4e66-8a21-a812e5712838 ] Request (MultipleCreateTestJSON:test_multiple_create): 200 GET http://10.180.1.21/compute/v2.1/servers/42a81f1b-11c0-40e0-81c6-644d9ce792d0 0.296s
2024-12-10 18:03:15.716 65720 INFO tempest.lib.common.rest_client [req-5acef43c-eafe-47b3-a22e-9657e956fd33 req-5acef43c-eafe-47b3-a22e-9657e956fd33 ] Request (InstanceActionsV221TestJSON:test_get_list_deleted_instance_actions): 200 GET http://10.180.1.21/compute/v2.1/servers/db17ef0f-be04-4540-88c2-13c27f4bf4c7 0.098s
2024-12-10 18:03:15.752 65710 INFO tempest.lib.common.rest_client [req-c2da0b88-9952-4199-b8e6-686370a66045 req-c2da0b88-9952-4199-b8e6-686370a66045 ] Request (ListImageFiltersTestJSON:setUpClass): 200 GET http://10.180.1.21/compute/v2.1/images/d70c3cf1-2475-451c-9de6-be2a4e0e4a45 0.108s
2024-12-10 18:03:15.832 65757 INFO tempest.lib.common.rest_client [req-4c07d210-9bc3-4c50-9b56-1bb7e610b92f req-4c07d210-9bc3-4c50-9b56-1bb7e610b92f ] Request (ListServerFiltersTestJSON:tearDownClass): 200 GET http://10.180.1.21/compute/v2.1/servers/6ff5367c-657e-486f-9c7a-8b8580cae366 0.069s
2024-12-10 18:03:15.864 65766 INFO tempest.lib.common.rest_client [req-55d2eb2a-8c5d-471f-9922-b3c08b9ef2d6 req-55d2eb2a-8c5d-471f-9922-b3c08b9ef2d6 ] Request (MigrationsAdminTest:test_list_migrations_in_flavor_resize_situation): 200 GET http://10.180.1.21/compute/v2.1/servers/aa2d2aa5-97cb-4c6b-a002-8dc69ed40276 0.233s
2024-12-10 18:03:15.911 65752 INFO tempest.lib.common.rest_client [req-5a02cee4-43a4-42b8-9bae-c1522dd32a91 req-5a02cee4-43a4-42b8-9bae-c1522dd32a91 ] Request (ServerAddressesTestJSON:setUpClass): 200 GET http://10.180.1.21/compute/v2.1/servers/9e5fd757-c244-45b9-815d-7aa6de36ab95 0.085s
2024-12-10 18:03:15.956 65714 INFO tempest.lib.common.rest_client [req-9625fc35-1c76-478a-86aa-8580228b735e req-9625fc35-1c76-478a-86aa-8580228b735e ] Request (ServicesAdminTestJSON:tearDownClass): 200 GET http://10.180.1.21:9696/networking/v2.0/security-groups?tenant_id=8c68013d1a5f42c188688412c311a515&name=default 0.291s
2024-12-10 18:03:16.040 65739 WARNING tempest.lib.common.ssh [-] Failed to establish authenticated ssh connection to cirros@10.180.180.206 ([Errno None] Unable to connect to port 22 on 10.180.180.206). Number attempts: 6. Retry after 7 seconds.: paramiko.ssh_exception.NoValidConnectionsError: [Errno None] Unable to connect to port 22 on 10.180.180.206
2024-12-10 18:03:16.075 65718 INFO tempest.lib.common.rest_client [req-0a79c07e-6bf9-4487-a654-5933d7b5e8cb req-0a79c07e-6bf9-4487-a654-5933d7b5e8cb ] Request (ServerShowV247Test:test_update_rebuild_list_server): 200 GET http://10.180.1.21/compute/v2.1/servers/5dc8f99f-e2c3-48b8-9601-0fe7fae90c0a 0.064s
2024-12-10 18:03:16.121 65712 INFO tempest.lib.common.rest_client [req-b92392bc-261d-4f5c-b348-cf1f0309be52 req-b92392bc-261d-4f5c-b348-cf1f0309be52 ] Request (ServersAdminNegativeTestJSON:tearDownClass): 200 GET http://10.180.1.21/compute/v2.1/servers/227a90d6-1651-45fb-bb34-c785a7a7ff49 0.153s
2024-12-10 18:03:16.128 65768 INFO tempest.lib.common.rest_client [req-e57ea516-05d4-432e-a82f-f094668f01ca req-e57ea516-05d4-432e-a82f-f094668f01ca ] Request (ImagesTestJSON:test_create_image_from_suspended_server): 200 GET http://10.180.1.21/compute/v2.1/servers/cdec697b-1808-4f23-b40c-df3751bf4a44 0.108s
2024-12-10 18:03:16.132 65714 INFO tempest.lib.common.rest_client [req-a64704f1-3a29-4997-bc5a-8cccec8c6e0a req-a64704f1-3a29-4997-bc5a-8cccec8c6e0a ] Request (ServicesAdminTestJSON:tearDownClass): 204 DELETE http://10.180.1.21:9696/networking/v2.0/security-groups/00309fa2-e202-4ead-934d-cbeda47719c0 0.175s
2024-12-10 18:03:16.195 65732 INFO tempest.lib.common.rest_client [req-acfe3e91-5059-4b99-a48a-eda79f9e1cf3 req-acfe3e91-5059-4b99-a48a-eda79f9e1cf3 ] Request (ServerShowV254Test:tearDownClass): 200 GET http://10.180.1.21/compute/v2.1/servers/c4b4072a-6e9a-4e83-891e-8f25c3ffdc84 0.122s
2024-12-10 18:03:16.212 65714 INFO tempest.lib.common.rest_client [req-bc11f4c2-cc24-43fa-8b72-cd6374e93115 req-bc11f4c2-cc24-43fa-8b72-cd6374e93115 ] Request (ServicesAdminTestJSON:tearDownClass): 204 DELETE http://10.180.1.21/identity/v3/projects/8c68013d1a5f42c188688412c311a515 0.080s
2024-12-10 18:03:16.213 65714 INFO tempest.lib.common.dynamic_creds [-] Deleting project and security group for project: 1bf4b77b3a6f4814b8dd010ab23c3aa3
2024-12-10 18:03:16.241 65771 INFO tempest.lib.common.rest_client [req-ebf1486f-b5f5-4358-aa42-486c80b53e86 req-ebf1486f-b5f5-4358-aa42-486c80b53e86 ] Request (ImagesOneServerNegativeTestJSON:_run_cleanups): 200 GET http://10.180.1.21/compute/v2.1/servers/b847fffb-ca62-48f5-a6c0-524fec06239d 0.076s
2024-12-10 18:03:16.272 65748 INFO tempest.lib.common.rest_client [req-3a7aa81e-c33e-4630-8b41-9ac99864c9c2 req-3a7aa81e-c33e-4630-8b41-9ac99864c9c2 ] Request (ServersTestManualDisk:setUpClass): 200 GET http://10.180.1.21/compute/v2.1/servers/5e003774-5b6d-4272-8685-189e967f63a1 0.058s
2024-12-10 18:03:16.295 65726 INFO tempest.lib.common.rest_client [req-f0b0225c-3274-4ea1-b2d1-f4a130739a09 req-f0b0225c-3274-4ea1-b2d1-f4a130739a09 ] Request (InstanceActionsNegativeTestJSON:tearDownClass): 200 GET http://10.180.1.21/compute/v2.1/servers/d649ce4d-fdb3-42ab-b254-abab95dea9f4 0.077s
2024-12-10 18:03:16.323 65740 INFO tempest.lib.common.rest_client [req-e4fbfcce-8eab-4607-b2a6-4f2980b8526c req-e4fbfcce-8eab-4607-b2a6-4f2980b8526c ] Request (SecurityGroupsTestJSON:test_server_security_groups): 200 GET http://10.180.1.21/compute/v2.1/servers/f1ec63cb-168e-419b-b2c5-11d0757c718e 0.062s
2024-12-10 18:03:16.337 65714 INFO tempest.lib.common.rest_client [req-f758e7fd-4a57-4cc6-ab1a-03dcd62d5802 req-f758e7fd-4a57-4cc6-ab1a-03dcd62d5802 ] Request (ServicesAdminTestJSON:tearDownClass): 200 GET http://10.180.1.21:9696/networking/v2.0/security-groups?tenant_id=1bf4b77b3a6f4814b8dd010ab23c3aa3&name=default 0.124s
2024-12-10 18:03:16.378 65750 INFO tempest.lib.common.rest_client [req-ededc035-85f4-4c0a-9471-92c9a7bb66d1 req-ededc035-85f4-4c0a-9471-92c9a7bb66d1 ] Request (VolumesAdminNegativeTest:test_update_attached_volume_with_nonexistent_volume_in_body): 200 GET http://10.180.1.21/volume/v3/volumes/5885fd2e-50ae-49c3-bb69-28f927e9f169 0.027s
2024-12-10 18:03:16.380 65724 INFO tempest.lib.common.rest_client [req-b788195a-2184-4a2f-a9be-e31bc93ca3f5 req-b788195a-2184-4a2f-a9be-e31bc93ca3f5 ] Request (DeleteServersAdminTestJSON:test_delete_server_while_in_error_state): 200 GET http://10.180.1.21/compute/v2.1/servers/b07f2e3a-b026-4d69-83c4-66dfb049201e 0.063s
2024-12-10 18:03:16.383 65750 INFO tempest.common.waiters [-] volume 5885fd2e-50ae-49c3-bb69-28f927e9f169 reached available after waiting for 1.383753 seconds
2024-12-10 18:03:16.414 65734 INFO tempest.lib.common.rest_client [req-d4b6932b-e2d0-426e-a272-000d4aaa5975 req-d4b6932b-e2d0-426e-a272-000d4aaa5975 ] Request (ServerExternalEventsTest:tearDownClass): 200 GET http://10.180.1.21/compute/v2.1/servers/040543b1-db31-45db-8cbb-8fec5091cdb0 0.093s
2024-12-10 18:03:16.420 65714 INFO tempest.lib.common.rest_client [req-c624e748-d357-4d05-baef-eb9350201927 req-c624e748-d357-4d05-baef-eb9350201927 ] Request (ServicesAdminTestJSON:tearDownClass): 204 DELETE http://10.180.1.21:9696/networking/v2.0/security-groups/4c0b2d37-f7c8-404d-90ce-57f771a4ab7c 0.082s
2024-12-10 18:03:16.505 65714 INFO tempest.lib.common.rest_client [req-51dd329f-ef6a-4a7d-8fe4-2ae380cb5b89 req-51dd329f-ef6a-4a7d-8fe4-2ae380cb5b89 ] Request (ServicesAdminTestJSON:tearDownClass): 204 DELETE http://10.180.1.21/identity/v3/projects/1bf4b77b3a6f4814b8dd010ab23c3aa3 0.084s
2024-12-10 18:03:16.531 65716 INFO tempest.lib.common.rest_client [req-cfc899ea-38da-4d5e-965d-f735b94612d6 req-cfc899ea-38da-4d5e-965d-f735b94612d6 ] Request (ServerDiagnosticsNegativeTest:test_get_server_diagnostics_by_non_admin): 200 GET http://10.180.1.21/compute/v2.1/servers/62f90c9b-83f1-4a16-b238-6425e1f00310 0.090s
2024-12-10 18:03:16.558 65714 INFO tempest.lib.common.rest_client [req-2aa6b904-dca5-4d7d-bac4-8e47f067b1bc req-2aa6b904-dca5-4d7d-bac4-8e47f067b1bc ] Request (DeleteServersTestJSON:setUpClass): 201 POST http://10.180.1.21/identity/v3/auth/tokens 0.051s
2024-12-10 18:03:16.573 65708 INFO tempest.lib.common.rest_client [req-aa6d9c15-684f-4e3c-bade-825ab7681e76 req-aa6d9c15-684f-4e3c-bade-825ab7681e76 ] Request (ImagesOneServerTestJSON:setUpClass): 200 GET http://10.180.1.21/compute/v2.1/servers/90e88eb8-7d4a-4a76-b46f-105292f41ce0 0.120s
2024-12-10 18:03:16.586 65714 INFO tempest.lib.common.rest_client [req-7e4c51f1-e733-4dc9-aca4-440c69194f4a req-7e4c51f1-e733-4dc9-aca4-440c69194f4a ] Request (DeleteServersTestJSON:setUpClass): 201 POST http://10.180.1.21/identity/v3/auth/tokens 0.025s
2024-12-10 18:03:16.611 65714 INFO tempest.lib.common.rest_client [req-b6ac4a0f-e948-4c2f-98fd-9c5a32235fd7 req-b6ac4a0f-e948-4c2f-98fd-9c5a32235fd7 ] Request (DeleteServersTestJSON:setUpClass): 200 GET http://10.180.1.21/identity/v3/domains?name=Default 0.025s
2024-12-10 18:03:16.618 65730 INFO tempest.lib.common.rest_client [req-c118443c-5f18-4e66-9ef5-8c212b4160ef req-c118443c-5f18-4e66-9ef5-8c212b4160ef ] Request (AttachVolumeNegativeTest:test_attach_attached_volume_to_different_server): 200 GET http://10.180.1.21/compute/v2.1/servers/7dea9ef9-d226-466b-be5f-2bc40a829a5a 0.117s
2024-12-10 18:03:16.640 65714 INFO tempest.lib.common.rest_client [req-b7ee2adc-7c96-4e34-816e-ab790182d183 req-b7ee2adc-7c96-4e34-816e-ab790182d183 ] Request (DeleteServersTestJSON:setUpClass): 201 POST http://10.180.1.21/identity/v3/projects 0.029s
2024-12-10 18:03:16.664 65754 INFO tempest.lib.common.rest_client [req-c01e3334-64d3-4f00-b585-4e67eec346c9 req-c01e3334-64d3-4f00-b585-4e67eec346c9 ] Request (ServerMetadataNegativeTestJSON:setUpClass): 200 GET http://10.180.1.21/compute/v2.1/servers/ed32836f-0827-4741-8a25-dc488c564917 0.116s
2024-12-10 18:03:16.671 65754 INFO tempest.common.waiters [-] State transition "BUILD/scheduling" ==> "BUILD/None" after 15 second wait
2024-12-10 18:03:16.693 65714 INFO tempest.lib.common.rest_client [req-bc2ddf72-8d2a-45fa-9645-ecc04fe3305e req-bc2ddf72-8d2a-45fa-9645-ecc04fe3305e ] Request (DeleteServersTestJSON:setUpClass): 201 POST http://10.180.1.21/identity/v3/users 0.052s
2024-12-10 18:03:16.710 65714 INFO tempest.lib.common.rest_client [req-3b1e91dc-5c91-4cf8-b8da-5eea8c1f7b6f req-3b1e91dc-5c91-4cf8-b8da-5eea8c1f7b6f ] Request (DeleteServersTestJSON:setUpClass): 200 GET http://10.180.1.21/identity/v3/roles 0.016s
2024-12-10 18:03:16.713 65744 INFO tempest.lib.common.rest_client [req-69718845-bc48-4f66-8350-b165e3466eab req-69718845-bc48-4f66-8350-b165e3466eab ] Request (ServersAdminTestJSON:test_create_server_with_scheduling_hint): 200 GET http://10.180.1.21/compute/v2.1/servers/93767ef1-092f-405d-b393-6bec8e6c3615 0.114s
2024-12-10 18:03:16.735 65714 INFO tempest.lib.common.rest_client [req-c2cb4eb8-d406-4455-ac50-f1b91d91230e req-c2cb4eb8-d406-4455-ac50-f1b91d91230e ] Request (DeleteServersTestJSON:setUpClass): 204 PUT http://10.180.1.21/identity/v3/projects/17709cff940f4186b7319e0a3b05c7a8/users/0fa53e32b1a54fbaa16b5592e5d2de32/roles/13574f18d80f431e8d30a08442f7aae0 0.024s
2024-12-10 18:03:16.735 65714 INFO tempest.lib.common.dynamic_creds [-] Dynamic test user 0fa53e32b1a54fbaa16b5592e5d2de32 is created with scope project and roles: ['member']
2024-12-10 18:03:16.735 65714 INFO tempest.lib.common.dynamic_creds [-] Acquired dynamic creds: credentials: Credentials: {'domain_id': 'default', 'domain_name': 'Default', 'username': 'tempest-DeleteServersTestJSON-1603036777-project-member', 'project_domain_id': 'default', 'project_domain_name': 'Default', 'project_id': '17709cff940f4186b7319e0a3b05c7a8', 'project_name': 'tempest-DeleteServersTestJSON-1603036777', 'tenant_id': '17709cff940f4186b7319e0a3b05c7a8', 'tenant_name': 'tempest-DeleteServersTestJSON-1603036777', 'user_domain_id': 'default', 'user_domain_name': 'Default', 'user_id': '0fa53e32b1a54fbaa16b5592e5d2de32', 'system': None}, Network: None, Subnet: None, Router: None
2024-12-10 18:03:16.765 65758 INFO tempest.lib.common.rest_client [req-1efa6b71-8124-46b7-b84b-b824f14345d9 req-1efa6b71-8124-46b7-b84b-b824f14345d9 ] Request (ServerActionsV293TestJSON:setUpClass): 200 GET http://10.180.1.21/compute/v2.1/servers/6ca827e1-6be1-4f24-a56a-876454615e97 0.099s
2024-12-10 18:03:16.798 65714 INFO tempest.lib.common.rest_client [req-e627318e-cc1e-4b48-b908-624e4b416226 req-e627318e-cc1e-4b48-b908-624e4b416226 ] Request (DeleteServersTestJSON:setUpClass): 201 POST http://10.180.1.21/identity/v3/auth/tokens 0.063s
2024-12-10 18:03:16.886 65736 INFO tempest.lib.common.rest_client [req-58b0896c-8fa9-4589-95c0-1d84fe7e512a req-58b0896c-8fa9-4589-95c0-1d84fe7e512a ] Request (MultipleCreateTestJSON:test_multiple_create): 200 GET http://10.180.1.21/compute/v2.1/servers/42a81f1b-11c0-40e0-81c6-644d9ce792d0 0.205s
2024-12-10 18:03:16.958 65720 INFO tempest.lib.common.rest_client [req-3167cb7c-0588-4e60-9993-1bdb89bed561 req-3167cb7c-0588-4e60-9993-1bdb89bed561 ] Request (InstanceActionsV221TestJSON:test_get_list_deleted_instance_actions): 200 GET http://10.180.1.21/compute/v2.1/servers/db17ef0f-be04-4540-88c2-13c27f4bf4c7 0.233s
2024-12-10 18:03:16.995 65710 INFO tempest.lib.common.rest_client [req-e40647a7-e014-4667-9385-8dd1a8007a19 req-e40647a7-e014-4667-9385-8dd1a8007a19 ] Request (ListImageFiltersTestJSON:setUpClass): 200 GET http://10.180.1.21/compute/v2.1/images/d70c3cf1-2475-451c-9de6-be2a4e0e4a45 0.238s
2024-12-10 18:03:17.033 65714 INFO tempest.lib.common.rest_client [req-821e164a-8b2c-490f-a704-1a30781e8e25 req-821e164a-8b2c-490f-a704-1a30781e8e25 ] Request (DeleteServersTestJSON:setUpClass): 201 POST http://10.180.1.21:9696/networking/v2.0/networks 0.234s
2024-12-10 18:03:17.053 65757 INFO tempest.lib.common.rest_client [req-e1ac68fd-bb35-400f-8f06-3f293aa16c3e req-e1ac68fd-bb35-400f-8f06-3f293aa16c3e ] Request (ListServerFiltersTestJSON:tearDownClass): 200 GET http://10.180.1.21/compute/v2.1/servers/6ff5367c-657e-486f-9c7a-8b8580cae366 0.212s
2024-12-10 18:03:17.157 65766 INFO tempest.lib.common.rest_client [req-093cac56-4d58-4d26-b61b-e112f7015e2a req-093cac56-4d58-4d26-b61b-e112f7015e2a ] Request (MigrationsAdminTest:test_list_migrations_in_flavor_resize_situation): 200 GET http://10.180.1.21/compute/v2.1/servers/aa2d2aa5-97cb-4c6b-a002-8dc69ed40276 0.284s
2024-12-10 18:03:17.195 65714 INFO tempest.lib.common.rest_client [req-ef45dd19-9276-4189-9c79-47697a559896 req-ef45dd19-9276-4189-9c79-47697a559896 ] Request (DeleteServersTestJSON:setUpClass): 201 POST http://10.180.1.21:9696/networking/v2.0/subnets 0.162s
2024-12-10 18:03:17.220 65752 INFO tempest.lib.common.rest_client [req-feb5dc47-9364-411a-b009-3d39393f7811 req-feb5dc47-9364-411a-b009-3d39393f7811 ] Request (ServerAddressesTestJSON:setUpClass): 200 GET http://10.180.1.21/compute/v2.1/servers/9e5fd757-c244-45b9-815d-7aa6de36ab95 0.300s
2024-12-10 18:03:17.280 65718 INFO tempest.lib.common.rest_client [req-7fec1d10-2baa-4e97-9ce7-e0284f096e6c req-7fec1d10-2baa-4e97-9ce7-e0284f096e6c ] Request (ServerShowV247Test:test_update_rebuild_list_server): 200 GET http://10.180.1.21/compute/v2.1/servers/5dc8f99f-e2c3-48b8-9601-0fe7fae90c0a 0.194s
2024-12-10 18:03:17.345 65712 INFO tempest.lib.common.rest_client [req-fbd6214f-2b49-4777-91ab-448cc6aa9078 req-fbd6214f-2b49-4777-91ab-448cc6aa9078 ] Request (ServersAdminNegativeTestJSON:tearDownClass): 200 GET http://10.180.1.21/compute/v2.1/servers/227a90d6-1651-45fb-bb34-c785a7a7ff49 0.212s
2024-12-10 18:03:17.351 65712 INFO tempest.common.waiters [-] State transition "ACTIVE/deleting" ==> "DELETED/None" after 4 second wait
2024-12-10 18:03:17.399 65768 INFO tempest.lib.common.rest_client [req-f93a9af0-bb36-45ed-b3cd-bf368939d17b req-f93a9af0-bb36-45ed-b3cd-bf368939d17b ] Request (ImagesTestJSON:test_create_image_from_suspended_server): 200 GET http://10.180.1.21/compute/v2.1/servers/cdec697b-1808-4f23-b40c-df3751bf4a44 0.260s
2024-12-10 18:03:17.470 65732 INFO tempest.lib.common.rest_client [req-77ad755f-0fcf-4691-bc4c-7ac0eab65472 req-77ad755f-0fcf-4691-bc4c-7ac0eab65472 ] Request (ServerShowV254Test:tearDownClass): 200 GET http://10.180.1.21/compute/v2.1/servers/c4b4072a-6e9a-4e83-891e-8f25c3ffdc84 0.264s
2024-12-10 18:03:17.541 65771 INFO tempest.lib.common.rest_client [req-cd60eb8f-d977-4d5c-94eb-d8505a8058a9 req-cd60eb8f-d977-4d5c-94eb-d8505a8058a9 ] Request (ImagesOneServerNegativeTestJSON:_run_cleanups): 200 GET http://10.180.1.21/compute/v2.1/servers/b847fffb-ca62-48f5-a6c0-524fec06239d 0.293s
2024-12-10 18:03:17.613 65748 INFO tempest.lib.common.rest_client [req-1f0d7b9d-0b51-4cb1-b13a-1044c47e938a req-1f0d7b9d-0b51-4cb1-b13a-1044c47e938a ] Request (ServersTestManualDisk:setUpClass): 200 GET http://10.180.1.21/compute/v2.1/servers/5e003774-5b6d-4272-8685-189e967f63a1 0.333s
2024-12-10 18:03:17.690 65726 INFO tempest.lib.common.rest_client [req-4d5e1e29-8107-4e1d-b846-1a3e9f1721e0 req-4d5e1e29-8107-4e1d-b846-1a3e9f1721e0 ] Request (InstanceActionsNegativeTestJSON:tearDownClass): 200 GET http://10.180.1.21/compute/v2.1/servers/d649ce4d-fdb3-42ab-b254-abab95dea9f4 0.388s
2024-12-10 18:03:17.748 65740 INFO tempest.lib.common.rest_client [req-6452aece-b445-49fd-a958-0340732890c9 req-6452aece-b445-49fd-a958-0340732890c9 ] Request (SecurityGroupsTestJSON:test_server_security_groups): 200 GET http://10.180.1.21/compute/v2.1/servers/f1ec63cb-168e-419b-b2c5-11d0757c718e 0.416s
2024-12-10 18:03:17.838 65724 INFO tempest.lib.common.rest_client [req-0e9e3106-54da-4494-8bb5-a13724b07d3d req-0e9e3106-54da-4494-8bb5-a13724b07d3d ] Request (DeleteServersAdminTestJSON:test_delete_server_while_in_error_state): 200 GET http://10.180.1.21/compute/v2.1/servers/b07f2e3a-b026-4d69-83c4-66dfb049201e 0.451s
2024-12-10 18:03:17.905 65734 INFO tempest.lib.common.rest_client [req-649aeab6-dca0-4176-a60d-380386447f2d req-649aeab6-dca0-4176-a60d-380386447f2d ] Request (ServerExternalEventsTest:tearDownClass): 200 GET http://10.180.1.21/compute/v2.1/servers/040543b1-db31-45db-8cbb-8fec5091cdb0 0.482s
2024-12-10 18:03:18.039 65716 INFO tempest.lib.common.rest_client [req-b9a0729f-9209-4d8a-808b-a34604e24362 req-b9a0729f-9209-4d8a-808b-a34604e24362 ] Request (ServerDiagnosticsNegativeTest:test_get_server_diagnostics_by_non_admin): 200 GET http://10.180.1.21/compute/v2.1/servers/62f90c9b-83f1-4a16-b238-6425e1f00310 0.501s
2024-12-10 18:03:18.049 65750 INFO tempest.lib.common.rest_client [req-21ce62b6-cfce-43a9-90ea-9c4f2bba4f7d req-21ce62b6-cfce-43a9-90ea-9c4f2bba4f7d ] Request (VolumesAdminNegativeTest:test_update_attached_volume_with_nonexistent_volume_in_body): 200 POST http://10.180.1.21/compute/v2.1/servers/34a2f035-c271-406c-9834-9fdd25af0afd/os-volume_attachments 1.665s
2024-12-10 18:03:18.065 65714 INFO tempest.lib.common.rest_client [req-f1b2af6a-8280-45e1-9e2c-c8b6243eb782 req-f1b2af6a-8280-45e1-9e2c-c8b6243eb782 ] Request (DeleteServersTestJSON:setUpClass): 201 POST http://10.180.1.21:9696/networking/v2.0/routers 0.869s
2024-12-10 18:03:18.079 65750 INFO tempest.lib.common.rest_client [req-35ac0fc4-eb25-4676-a32e-5cf1d5005561 req-35ac0fc4-eb25-4676-a32e-5cf1d5005561 ] Request (VolumesAdminNegativeTest:test_update_attached_volume_with_nonexistent_volume_in_body): 200 GET http://10.180.1.21/volume/v3/volumes/5885fd2e-50ae-49c3-bb69-28f927e9f169 0.029s
2024-12-10 18:03:18.100 65708 INFO tempest.lib.common.rest_client [req-2d2a7643-ef2e-428c-bfdf-717f798e86a2 req-2d2a7643-ef2e-428c-bfdf-717f798e86a2 ] Request (ImagesOneServerTestJSON:setUpClass): 200 GET http://10.180.1.21/compute/v2.1/servers/90e88eb8-7d4a-4a76-b46f-105292f41ce0 0.520s
2024-12-10 18:03:18.149 65754 INFO tempest.lib.common.rest_client [req-e8d62174-febe-4df2-87a2-b91d51f08468 req-e8d62174-febe-4df2-87a2-b91d51f08468 ] Request (ServerMetadataNegativeTestJSON:setUpClass): 200 GET http://10.180.1.21/compute/v2.1/servers/ed32836f-0827-4741-8a25-dc488c564917 0.476s
2024-12-10 18:03:18.202 65744 INFO tempest.lib.common.rest_client [req-8ff8c0d3-1217-4927-9edb-3f427a0a747e req-8ff8c0d3-1217-4927-9edb-3f427a0a747e ] Request (ServersAdminTestJSON:test_create_server_with_scheduling_hint): 200 GET http://10.180.1.21/compute/v2.1/servers/93767ef1-092f-405d-b393-6bec8e6c3615 0.481s
2024-12-10 18:03:18.255 65758 INFO tempest.lib.common.rest_client [req-c033ed44-6830-41b5-b0c2-9c0b0e8491b8 req-c033ed44-6830-41b5-b0c2-9c0b0e8491b8 ] Request (ServerActionsV293TestJSON:setUpClass): 200 GET http://10.180.1.21/compute/v2.1/servers/6ca827e1-6be1-4f24-a56a-876454615e97 0.480s
2024-12-10 18:03:18.371 65736 INFO tempest.lib.common.rest_client [req-2d8974cf-4dc4-4ef6-9187-0fdc1a43e5d2 req-2d8974cf-4dc4-4ef6-9187-0fdc1a43e5d2 ] Request (MultipleCreateTestJSON:test_multiple_create): 200 GET http://10.180.1.21/compute/v2.1/servers/42a81f1b-11c0-40e0-81c6-644d9ce792d0 0.478s
2024-12-10 18:03:18.386 65736 INFO tempest.common.waiters [-] State transition "BUILD/spawning" ==> "ACTIVE/None" after 53 second wait
2024-12-10 18:03:18.425 65720 INFO tempest.lib.common.rest_client [req-3ff5c057-ef5a-4022-8914-baf20faa1d3a req-3ff5c057-ef5a-4022-8914-baf20faa1d3a ] Request (InstanceActionsV221TestJSON:test_get_list_deleted_instance_actions): 200 GET http://10.180.1.21/compute/v2.1/servers/db17ef0f-be04-4540-88c2-13c27f4bf4c7 0.458s
2024-12-10 18:03:18.454 65730 INFO tempest.lib.common.rest_client [req-14c5fab8-e22a-4e7b-8c00-c5a3a908ef27 req-14c5fab8-e22a-4e7b-8c00-c5a3a908ef27 ] Request (AttachVolumeNegativeTest:test_attach_attached_volume_to_different_server): 200 GET http://10.180.1.21/compute/v2.1/servers/7dea9ef9-d226-466b-be5f-2bc40a829a5a 0.829s
2024-12-10 18:03:18.463 65730 INFO tempest.common.waiters [-] State transition "BUILD/None" ==> "BUILD/block_device_mapping" after 44 second wait
2024-12-10 18:03:18.469 65710 INFO tempest.lib.common.rest_client [req-1d73750f-6783-49b6-b45a-375e7a5f2341 req-1d73750f-6783-49b6-b45a-375e7a5f2341 ] Request (ListImageFiltersTestJSON:setUpClass): 200 GET http://10.180.1.21/compute/v2.1/images/d70c3cf1-2475-451c-9de6-be2a4e0e4a45 0.469s
2024-12-10 18:03:18.512 65757 INFO tempest.lib.common.rest_client [req-1aa710d1-5f36-4058-b743-f808e1a28302 req-1aa710d1-5f36-4058-b743-f808e1a28302 ] Request (ListServerFiltersTestJSON:tearDownClass): 200 GET http://10.180.1.21/compute/v2.1/servers/6ff5367c-657e-486f-9c7a-8b8580cae366 0.450s
2024-12-10 18:03:18.530 65742 WARNING tempest.lib.common.ssh [-] Failed to establish authenticated ssh connection to cirros@10.180.180.179 ([Errno None] Unable to connect to port 22 on 10.180.180.179). Number attempts: 10. Retry after 11 seconds.: paramiko.ssh_exception.NoValidConnectionsError: [Errno None] Unable to connect to port 22 on 10.180.180.179
2024-12-10 18:03:18.569 65752 INFO tempest.lib.common.rest_client [req-fa3426f0-a054-493f-a792-d58ba61d6a63 req-fa3426f0-a054-493f-a792-d58ba61d6a63 ] Request (ServerAddressesTestJSON:setUpClass): 200 GET http://10.180.1.21/compute/v2.1/servers/9e5fd757-c244-45b9-815d-7aa6de36ab95 0.341s
2024-12-10 18:03:18.573 65766 INFO tempest.lib.common.rest_client [req-c7d3af8c-b0a8-44aa-acc7-8dc639877a36 req-c7d3af8c-b0a8-44aa-acc7-8dc639877a36 ] Request (MigrationsAdminTest:test_list_migrations_in_flavor_resize_situation): 200 GET http://10.180.1.21/compute/v2.1/servers/aa2d2aa5-97cb-4c6b-a002-8dc69ed40276 0.407s
2024-12-10 18:03:18.628 65718 INFO tempest.lib.common.rest_client [req-d3bc6ead-f2f4-48ab-b944-a201bdf0ca41 req-d3bc6ead-f2f4-48ab-b944-a201bdf0ca41 ] Request (ServerShowV247Test:test_update_rebuild_list_server): 200 GET http://10.180.1.21/compute/v2.1/servers/5dc8f99f-e2c3-48b8-9601-0fe7fae90c0a 0.336s
2024-12-10 18:03:18.645 65712 INFO tempest.lib.common.rest_client [req-2ee0d4a7-1376-4955-9f80-3c16ef78ceeb req-2ee0d4a7-1376-4955-9f80-3c16ef78ceeb ] Request (ServersAdminNegativeTestJSON:tearDownClass): 200 GET http://10.180.1.21/compute/v2.1/servers/227a90d6-1651-45fb-bb34-c785a7a7ff49 0.291s
2024-12-10 18:03:18.694 65768 INFO tempest.lib.common.rest_client [req-64afd092-5bb2-47fe-947c-35764257313c req-64afd092-5bb2-47fe-947c-35764257313c ] Request (ImagesTestJSON:test_create_image_from_suspended_server): 200 GET http://10.180.1.21/compute/v2.1/servers/cdec697b-1808-4f23-b40c-df3751bf4a44 0.283s
2024-12-10 18:03:18.759 65732 INFO tempest.lib.common.rest_client [req-ace95459-59f5-451d-9111-4e1a9b11cbae req-ace95459-59f5-451d-9111-4e1a9b11cbae ] Request (ServerShowV254Test:tearDownClass): 200 GET http://10.180.1.21/compute/v2.1/servers/c4b4072a-6e9a-4e83-891e-8f25c3ffdc84 0.281s
2024-12-10 18:03:18.802 65736 INFO tempest.lib.common.rest_client [req-93b09796-076d-473d-91eb-e7d2bfdbe177 req-93b09796-076d-473d-91eb-e7d2bfdbe177 ] Request (MultipleCreateTestJSON:test_multiple_create): 200 GET http://10.180.1.21/compute/v2.1/servers/a545c73e-0194-49da-85bb-9106524e3081 0.416s
2024-12-10 18:03:18.832 65771 INFO tempest.lib.common.rest_client [req-eada4048-ec85-405a-b9bb-dcf12b0aca2a req-eada4048-ec85-405a-b9bb-dcf12b0aca2a ] Request (ImagesOneServerNegativeTestJSON:_run_cleanups): 200 GET http://10.180.1.21/compute/v2.1/servers/b847fffb-ca62-48f5-a6c0-524fec06239d 0.277s
2024-12-10 18:03:18.876 65748 INFO tempest.lib.common.rest_client [req-3330f9bb-90f8-45b6-b934-5c8182b957e1 req-3330f9bb-90f8-45b6-b934-5c8182b957e1 ] Request (ServersTestManualDisk:setUpClass): 200 GET http://10.180.1.21/compute/v2.1/servers/5e003774-5b6d-4272-8685-189e967f63a1 0.252s
2024-12-10 18:03:18.889 65726 INFO tempest.lib.common.rest_client [req-b6e22a5b-aa20-4ff3-a036-bc8a828edf4c req-b6e22a5b-aa20-4ff3-a036-bc8a828edf4c ] Request (InstanceActionsNegativeTestJSON:tearDownClass): 200 GET http://10.180.1.21/compute/v2.1/servers/d649ce4d-fdb3-42ab-b254-abab95dea9f4 0.184s
2024-12-10 18:03:18.942 65740 INFO tempest.lib.common.rest_client [req-921eb0cb-fbad-42ff-b77a-b4a8753c3edd req-921eb0cb-fbad-42ff-b77a-b4a8753c3edd ] Request (SecurityGroupsTestJSON:test_server_security_groups): 200 GET http://10.180.1.21/compute/v2.1/servers/f1ec63cb-168e-419b-b2c5-11d0757c718e 0.182s
2024-12-10 18:03:18.972 65724 INFO tempest.lib.common.rest_client [req-b06593fb-d5cf-4a2b-9eb9-4c3fec4cb830 req-b06593fb-d5cf-4a2b-9eb9-4c3fec4cb830 ] Request (DeleteServersAdminTestJSON:test_delete_server_while_in_error_state): 200 GET http://10.180.1.21/compute/v2.1/servers/b07f2e3a-b026-4d69-83c4-66dfb049201e 0.127s
2024-12-10 18:03:19.006 65734 INFO tempest.lib.common.rest_client [req-a0460a6f-824d-481e-9e7e-68cd6f293116 req-a0460a6f-824d-481e-9e7e-68cd6f293116 ] Request (ServerExternalEventsTest:tearDownClass): 200 GET http://10.180.1.21/compute/v2.1/servers/040543b1-db31-45db-8cbb-8fec5091cdb0 0.093s
2024-12-10 18:03:19.013 65734 INFO tempest.common.waiters [-] State transition "ACTIVE/deleting" ==> "DELETED/None" after 4 second wait
2024-12-10 18:03:19.122 65750 INFO tempest.lib.common.rest_client [req-f2fcfdbf-4550-4757-bb62-00605dbcee83 req-f2fcfdbf-4550-4757-bb62-00605dbcee83 ] Request (VolumesAdminNegativeTest:test_update_attached_volume_with_nonexistent_volume_in_body): 200 GET http://10.180.1.21/volume/v3/volumes/5885fd2e-50ae-49c3-bb69-28f927e9f169 0.037s
2024-12-10 18:03:19.178 65708 INFO tempest.lib.common.rest_client [req-999fb7b1-2c41-4ef4-8b3a-941024fcdb76 req-999fb7b1-2c41-4ef4-8b3a-941024fcdb76 ] Request (ImagesOneServerTestJSON:setUpClass): 200 GET http://10.180.1.21/compute/v2.1/servers/90e88eb8-7d4a-4a76-b46f-105292f41ce0 0.071s
2024-12-10 18:03:19.210 65716 INFO tempest.lib.common.rest_client [req-3da632e0-8599-4e56-a292-fdb3addf8229 req-3da632e0-8599-4e56-a292-fdb3addf8229 ] Request (ServerDiagnosticsNegativeTest:test_get_server_diagnostics_by_non_admin): 200 GET http://10.180.1.21/compute/v2.1/servers/62f90c9b-83f1-4a16-b238-6425e1f00310 0.162s
2024-12-10 18:03:19.255 65754 INFO tempest.lib.common.rest_client [req-d57b4d55-1bf3-41e5-8a94-0147c12819a2 req-d57b4d55-1bf3-41e5-8a94-0147c12819a2 ] Request (ServerMetadataNegativeTestJSON:setUpClass): 200 GET http://10.180.1.21/compute/v2.1/servers/ed32836f-0827-4741-8a25-dc488c564917 0.098s
2024-12-10 18:03:19.277 65744 INFO tempest.lib.common.rest_client [req-2a3d2348-2df0-412b-96e3-a76464e2450b req-2a3d2348-2df0-412b-96e3-a76464e2450b ] Request (ServersAdminTestJSON:test_create_server_with_scheduling_hint): 200 GET http://10.180.1.21/compute/v2.1/servers/93767ef1-092f-405d-b393-6bec8e6c3615 0.069s
2024-12-10 18:03:19.346 65758 INFO tempest.lib.common.rest_client [req-1f8f3066-6d1e-4e11-9828-99949075f859 req-1f8f3066-6d1e-4e11-9828-99949075f859 ] Request (ServerActionsV293TestJSON:setUpClass): 200 GET http://10.180.1.21/compute/v2.1/servers/6ca827e1-6be1-4f24-a56a-876454615e97 0.077s
2024-12-10 18:03:19.397 65714 INFO tempest.lib.common.rest_client [req-09599b19-1c60-413b-9ab1-b3d9271bffc5 req-09599b19-1c60-413b-9ab1-b3d9271bffc5 ] Request (DeleteServersTestJSON:setUpClass): 200 PUT http://10.180.1.21:9696/networking/v2.0/routers/b448a142-4032-4b91-aa15-a37278e5c029/add_router_interface 1.331s
2024-12-10 18:03:19.397 65714 INFO tempest.lib.common.dynamic_creds [-] Created isolated network resources for: credentials: Credentials: {'domain_id': 'default', 'domain_name': 'Default', 'username': 'tempest-DeleteServersTestJSON-1603036777-project-member', 'project_domain_id': 'default', 'project_domain_name': 'Default', 'project_id': '17709cff940f4186b7319e0a3b05c7a8', 'project_name': 'tempest-DeleteServersTestJSON-1603036777', 'tenant_id': '17709cff940f4186b7319e0a3b05c7a8', 'tenant_name': 'tempest-DeleteServersTestJSON-1603036777', 'user_domain_id': 'default', 'user_domain_name': 'Default', 'user_id': '0fa53e32b1a54fbaa16b5592e5d2de32', 'system': None}, Network: {'id': 'ea79d3d9-7ea0-4b02-b523-1764cf85c545', 'name': 'tempest-DeleteServersTestJSON-610965850-network', 'tenant_id': '17709cff940f4186b7319e0a3b05c7a8', 'admin_state_up': True, 'mtu': 8950, 'status': 'ACTIVE', 'subnets': [], 'shared': False, 'project_id': '17709cff940f4186b7319e0a3b05c7a8', 'port_security_enabled': True, 'router:external': False, 'provider:network_type': 'vlan', 'provider:physical_network': 'default', 'provider:segmentation_id': 447, 'availability_zone_hints': [], 'availability_zones': [], 'ipv4_address_scope': None, 'ipv6_address_scope': None, 'description': '', 'tags': [], 'created_at': '2024-12-10T18:03:16Z', 'updated_at': '2024-12-10T18:03:16Z', 'revision_number': 1}, Subnet: {'id': 'd5e5ea86-5618-48d2-9d02-97aeb1897c00', 'name': 'tempest-DeleteServersTestJSON-610965850-subnet', 'tenant_id': '17709cff940f4186b7319e0a3b05c7a8', 'network_id': 'ea79d3d9-7ea0-4b02-b523-1764cf85c545', 'ip_version': 4, 'subnetpool_id': None, 'enable_dhcp': True, 'ipv6_ra_mode': None, 'ipv6_address_mode': None, 'gateway_ip': '192.168.128.1', 'cidr': '192.168.128.0/28', 'allocation_pools': [{'start': '192.168.128.2', 'end': '192.168.128.14'}], 'host_routes': [], 'dns_nameservers': [], 'description': '', 'router:external': False, 'service_types': [], 'tags': [], 'created_at': '2024-12-10T18:03:17Z', 'updated_at': '2024-12-10T18:03:17Z', 'revision_number': 0, 'project_id': '17709cff940f4186b7319e0a3b05c7a8'}, Router: {'id': 'b448a142-4032-4b91-aa15-a37278e5c029', 'name': 'tempest-DeleteServersTestJSON-610965850-router', 'tenant_id': '17709cff940f4186b7319e0a3b05c7a8', 'admin_state_up': True, 'status': 'ACTIVE', 'external_gateway_info': {'network_id': '317d2d59-ffda-43c3-bdee-d9af8118bcf9', 'external_fixed_ips': [{'subnet_id': '8010ab0d-c38d-4b56-8ea4-f9f6431e4f8f', 'ip_address': '10.180.180.173'}], 'enable_snat': True}, 'description': '', 'availability_zones': [], 'distributed': False, 'ha': False, 'availability_zone_hints': [], 'routes': [], 'flavor_id': None, 'tags': [], 'created_at': '2024-12-10T18:03:17Z', 'updated_at': '2024-12-10T18:03:17Z', 'revision_number': 2, 'project_id': '17709cff940f4186b7319e0a3b05c7a8'}
2024-12-10 18:03:19.501 65714 INFO tempest.lib.common.rest_client [req-921197ce-c75d-4048-a4b3-07f1119e4809 req-921197ce-c75d-4048-a4b3-07f1119e4809 ] Request (DeleteServersTestJSON:setUpClass): 201 POST http://10.180.1.21/identity/v3/auth/tokens 0.101s
