2024-12-10 18:02:18.470 65758 INFO tempest.lib.common.rest_client [req-a020e774-ef48-4e1e-9474-22204d4c08a4 req-a020e774-ef48-4e1e-9474-22204d4c08a4 ] Request (SecurityGroupRulesTestJSON:_run_cleanups): 202 DELETE http://10.180.1.21/compute/v2.1/os-security-group-rules/100c1bea-bec9-497a-a01c-e6ac5ef3a417 1.446s
2024-12-10 18:02:18.481 65734 INFO tempest.lib.common.rest_client [req-5e4d1c6d-e096-41ca-892c-9b8e54a599a6 req-5e4d1c6d-e096-41ca-892c-9b8e54a599a6 ] Request (ServerExternalEventsTest:setUpClass): 204 PUT http://10.180.1.21/identity/v3/projects/4ddc0cb785794c12b588736c37a733bc/users/bd7358409b064e1fb22d36cc2348df0b/roles/022eacb80b96452193116ce3a82db09c 0.100s
2024-12-10 18:02:18.546 65734 INFO tempest.lib.common.rest_client [req-1068da3c-f4c5-4443-b73c-6f58f5cba0c5 req-1068da3c-f4c5-4443-b73c-6f58f5cba0c5 ] Request (ServerExternalEventsTest:setUpClass): 200 GET http://10.180.1.21/identity/v3/roles 0.064s
2024-12-10 18:02:18.548 65754 INFO tempest.lib.common.rest_client [req-fae8853d-b277-4b77-b246-bddb085ff5ed req-fae8853d-b277-4b77-b246-bddb085ff5ed ] Request (ServerAddressesNegativeTestJSON:tearDownClass): 200 GET http://10.180.1.21/compute/v2.1/servers/e91e2c1c-b3fa-45fd-8d93-c7024a9bc5ae 1.421s
2024-12-10 18:02:18.570 65730 INFO tempest.lib.common.rest_client [req-53392c71-2d7c-4767-98be-0bd3de35616e req-53392c71-2d7c-4767-98be-0bd3de35616e ] Request (ServicesAdminNegativeTestJSON:tearDownClass): 204 DELETE http://10.180.1.21/identity/v3/users/f8e2ac7d760447ca99ae9d214e3f70e6 0.149s
2024-12-10 18:02:18.570 65730 INFO tempest.lib.common.dynamic_creds [-] Deleting project and security group for project: f12535585e874214af18412fd3807a11
2024-12-10 18:02:18.607 65734 INFO tempest.lib.common.rest_client [req-1e998147-eea3-443d-a9bf-adfd28f6fc46 req-1e998147-eea3-443d-a9bf-adfd28f6fc46 ] Request (ServerExternalEventsTest:setUpClass): 204 PUT http://10.180.1.21/identity/v3/projects/4ddc0cb785794c12b588736c37a733bc/users/bd7358409b064e1fb22d36cc2348df0b/roles/022eacb80b96452193116ce3a82db09c 0.060s
2024-12-10 18:02:18.607 65734 INFO tempest.lib.common.dynamic_creds [-] Dynamic test user bd7358409b064e1fb22d36cc2348df0b is created with scope project and roles: ['admin']
2024-12-10 18:02:18.607 65734 INFO tempest.lib.common.dynamic_creds [-] Acquired dynamic creds: credentials: Credentials: {'domain_id': 'default', 'domain_name': 'Default', 'username': 'tempest-ServerExternalEventsTest-1151118578-project-admin', 'project_domain_id': 'default', 'project_domain_name': 'Default', 'project_id': '4ddc0cb785794c12b588736c37a733bc', 'project_name': 'tempest-ServerExternalEventsTest-1151118578', 'tenant_id': '4ddc0cb785794c12b588736c37a733bc', 'tenant_name': 'tempest-ServerExternalEventsTest-1151118578', 'user_domain_id': 'default', 'user_domain_name': 'Default', 'user_id': 'bd7358409b064e1fb22d36cc2348df0b', 'system': None}, Network: None, Subnet: None, Router: None
2024-12-10 18:02:18.607 65734 INFO tempest.lib.common.dynamic_creds [-] Created isolated network resources for: credentials: Credentials: {'domain_id': 'default', 'domain_name': 'Default', 'username': 'tempest-ServerExternalEventsTest-1151118578-project-admin', 'project_domain_id': 'default', 'project_domain_name': 'Default', 'project_id': '4ddc0cb785794c12b588736c37a733bc', 'project_name': 'tempest-ServerExternalEventsTest-1151118578', 'tenant_id': '4ddc0cb785794c12b588736c37a733bc', 'tenant_name': 'tempest-ServerExternalEventsTest-1151118578', 'user_domain_id': 'default', 'user_domain_name': 'Default', 'user_id': 'bd7358409b064e1fb22d36cc2348df0b', 'system': None}, Network: None, Subnet: None, Router: None
2024-12-10 18:02:18.623 65730 INFO tempest.lib.common.rest_client [req-102acf19-a6a2-47d7-8e56-f3f3d3d0b087 req-102acf19-a6a2-47d7-8e56-f3f3d3d0b087 ] Request (ServicesAdminNegativeTestJSON:tearDownClass): 201 POST http://10.180.1.21/identity/v3/auth/tokens 0.053s
2024-12-10 18:02:18.699 65734 INFO tempest.lib.common.rest_client [req-ce2fbe62-e900-46f7-b07c-70cb635963e3 req-ce2fbe62-e900-46f7-b07c-70cb635963e3 ] Request (ServerExternalEventsTest:setUpClass): 201 POST http://10.180.1.21/identity/v3/auth/tokens 0.087s
2024-12-10 18:02:18.751 65766 INFO tempest.lib.common.rest_client [req-816eee2c-5815-4570-a525-98f4361e39cf req-816eee2c-5815-4570-a525-98f4361e39cf ] Request (MigrationsAdminTest:test_list_migrations_in_flavor_resize_situation): 200 GET http://10.180.1.21/compute/v2.1/servers/aa2d2aa5-97cb-4c6b-a002-8dc69ed40276 1.618s
2024-12-10 18:02:18.788 65734 INFO tempest.lib.common.rest_client [req-75b438ef-dd64-4a0c-8de2-cff2a47f8f3a req-75b438ef-dd64-4a0c-8de2-cff2a47f8f3a ] Request (ServerExternalEventsTest:setUpClass): 201 POST http://10.180.1.21/identity/v3/projects 0.089s
2024-12-10 18:02:18.856 65726 INFO tempest.lib.common.rest_client [req-d8b069df-2101-4ed3-800f-3c6d9fe89a89 req-d8b069df-2101-4ed3-800f-3c6d9fe89a89 ] Request (InstanceActionsNegativeTestJSON:setUpClass): 200 GET http://10.180.1.21/compute/v2.1/servers/d649ce4d-fdb3-42ab-b254-abab95dea9f4 1.630s
2024-12-10 18:02:18.864 65734 INFO tempest.lib.common.rest_client [req-90263860-de1b-4bb1-b63f-865a05a0b51d req-90263860-de1b-4bb1-b63f-865a05a0b51d ] Request (ServerExternalEventsTest:setUpClass): 201 POST http://10.180.1.21/identity/v3/users 0.075s
2024-12-10 18:02:18.895 65734 INFO tempest.lib.common.rest_client [req-74a613f2-b4de-4916-ae13-b3d1368242f7 req-74a613f2-b4de-4916-ae13-b3d1368242f7 ] Request (ServerExternalEventsTest:setUpClass): 200 GET http://10.180.1.21/identity/v3/roles 0.030s
2024-12-10 18:02:18.935 65734 INFO tempest.lib.common.rest_client [req-b75f4751-50da-4919-bdc6-98e83d86611d req-b75f4751-50da-4919-bdc6-98e83d86611d ] Request (ServerExternalEventsTest:setUpClass): 204 PUT http://10.180.1.21/identity/v3/projects/c34b805c9e56455c9c2349f68e48b4f2/users/61b12873b2224c3da682887dc4c7f6bb/roles/022eacb80b96452193116ce3a82db09c 0.040s
2024-12-10 18:02:18.956 65716 INFO tempest.lib.common.rest_client [req-fed28b44-0dd6-486b-895f-13ef04dc33d1 req-fed28b44-0dd6-486b-895f-13ef04dc33d1 ] Request (ServerDiagnosticsV248Test:tearDownClass): 200 GET http://10.180.1.21/compute/v2.1/servers/b7376628-2a4a-4ec8-8be2-48fc6ee95d73 1.696s
2024-12-10 18:02:18.964 65730 INFO tempest.lib.common.rest_client [req-bb6a6e69-3f41-4226-974e-2b65d7af2f95 req-bb6a6e69-3f41-4226-974e-2b65d7af2f95 ] Request (ServicesAdminNegativeTestJSON:tearDownClass): 200 GET http://10.180.1.21:9696/networking/v2.0/security-groups?tenant_id=f12535585e874214af18412fd3807a11&name=default 0.341s
2024-12-10 18:02:18.988 65734 INFO tempest.lib.common.rest_client [req-03e98b82-9af4-47d8-9b28-14febea8ced1 req-03e98b82-9af4-47d8-9b28-14febea8ced1 ] Request (ServerExternalEventsTest:setUpClass): 200 GET http://10.180.1.21/identity/v3/roles 0.052s
2024-12-10 18:02:19.006 65734 INFO tempest.lib.common.rest_client [req-db494fc7-fb4e-418d-ac95-72249c18dd90 req-db494fc7-fb4e-418d-ac95-72249c18dd90 ] Request (ServerExternalEventsTest:setUpClass): 204 PUT http://10.180.1.21/identity/v3/projects/c34b805c9e56455c9c2349f68e48b4f2/users/61b12873b2224c3da682887dc4c7f6bb/roles/093626614a4f4c5b9eb96a4973898c71 0.018s
2024-12-10 18:02:19.006 65734 INFO tempest.lib.common.dynamic_creds [-] Dynamic test user 61b12873b2224c3da682887dc4c7f6bb is created with scope project and roles: ['admin', 'service']
2024-12-10 18:02:19.007 65734 INFO tempest.lib.common.dynamic_creds [-] Acquired dynamic creds: credentials: Credentials: {'domain_id': 'default', 'domain_name': 'Default', 'username': 'tempest-ServerExternalEventsTest-753059625-project', 'project_domain_id': 'default', 'project_domain_name': 'Default', 'project_id': 'c34b805c9e56455c9c2349f68e48b4f2', 'project_name': 'tempest-ServerExternalEventsTest-753059625', 'tenant_id': 'c34b805c9e56455c9c2349f68e48b4f2', 'tenant_name': 'tempest-ServerExternalEventsTest-753059625', 'user_domain_id': 'default', 'user_domain_name': 'Default', 'user_id': '61b12873b2224c3da682887dc4c7f6bb', 'system': None}, Network: None, Subnet: None, Router: None
2024-12-10 18:02:19.007 65734 INFO tempest.lib.common.dynamic_creds [-] Created isolated network resources for: credentials: Credentials: {'domain_id': 'default', 'domain_name': 'Default', 'username': 'tempest-ServerExternalEventsTest-753059625-project', 'project_domain_id': 'default', 'project_domain_name': 'Default', 'project_id': 'c34b805c9e56455c9c2349f68e48b4f2', 'project_name': 'tempest-ServerExternalEventsTest-753059625', 'tenant_id': 'c34b805c9e56455c9c2349f68e48b4f2', 'tenant_name': 'tempest-ServerExternalEventsTest-753059625', 'user_domain_id': 'default', 'user_domain_name': 'Default', 'user_id': '61b12873b2224c3da682887dc4c7f6bb', 'system': None}, Network: None, Subnet: None, Router: None
2024-12-10 18:02:19.047 65752 INFO tempest.lib.common.rest_client [req-c3f182b1-f40f-45b6-8045-337566520b1b req-c3f182b1-f40f-45b6-8045-337566520b1b ] Request (FloatingIPDetailsTestJSON:setUpClass): 200 POST http://10.180.1.21/compute/v2.1/os-floating-ips 1.942s
2024-12-10 18:02:19.073 65730 INFO tempest.lib.common.rest_client [req-39be6b1b-6cf1-4e81-841d-a69e39c6e6e3 req-39be6b1b-6cf1-4e81-841d-a69e39c6e6e3 ] Request (ServicesAdminNegativeTestJSON:tearDownClass): 204 DELETE http://10.180.1.21:9696/networking/v2.0/security-groups/e42bf6b7-0414-4941-9547-69490eeb854c 0.109s
2024-12-10 18:02:19.084 65734 INFO tempest.lib.common.rest_client [req-e9e92350-0843-4c24-b2b5-06a1414befe3 req-e9e92350-0843-4c24-b2b5-06a1414befe3 ] Request (ServerExternalEventsTest:setUpClass): 201 POST http://10.180.1.21/identity/v3/auth/tokens 0.074s
2024-12-10 18:02:19.106 65746 INFO tempest.lib.common.rest_client [req-819ebe10-e3ae-45cc-9a59-921c4780cc51 req-819ebe10-e3ae-45cc-9a59-921c4780cc51 ] Request (VolumesTestJSON:setUpClass): 200 GET http://10.180.1.21/compute/v2.1/os-volumes/0528ae70-672b-401b-adf9-9c11af418172 1.688s
2024-12-10 18:02:19.131 65722 INFO tempest.lib.common.rest_client [req-a6b6456e-ecd6-41cc-87c1-fb37846c7c03 req-a6b6456e-ecd6-41cc-87c1-fb37846c7c03 ] Request (ImagesMetadataTestJSON:test_delete_image_metadata_item): 204 DELETE http://10.180.1.21/compute/v2.1/images/dff3e1fb-6c96-4e2e-863d-e00e1af2d49d/metadata/os_version 1.781s
2024-12-10 18:02:19.147 65734 INFO tempest.lib.common.rest_client [req-2e34add7-38cc-49d9-b18c-01d7da85f3a4 req-2e34add7-38cc-49d9-b18c-01d7da85f3a4 ] Request (ServerExternalEventsTest:test_create_server_external_events): 201 POST http://10.180.1.21/identity/v3/auth/tokens 0.056s
2024-12-10 18:02:19.147 65734 INFO tempest.lib.common.fixed_network [-] (ServerExternalEventsTest:test_create_server_external_events) Found network None available for tenant
2024-12-10 18:02:19.181 65730 INFO tempest.lib.common.rest_client [req-3d9b3630-701b-44e7-8d8c-ed5a0be1b7bc req-3d9b3630-701b-44e7-8d8c-ed5a0be1b7bc ] Request (ServicesAdminNegativeTestJSON:tearDownClass): 204 DELETE http://10.180.1.21/identity/v3/projects/f12535585e874214af18412fd3807a11 0.107s
2024-12-10 18:02:19.181 65730 INFO tempest.lib.common.dynamic_creds [-] Deleting project and security group for project: 5eb0bc2a817b4e8f85b11c07aebec70c
2024-12-10 18:02:19.221 65757 INFO tempest.lib.common.rest_client [req-86161532-e813-41a0-9986-6e71f750cffa req-86161532-e813-41a0-9986-6e71f750cffa ] Request (ListServerFiltersTestJSON:test_list_servers_filter_by_server_name): 200 GET http://10.180.1.21/compute/v2.1/servers?name=tempest-ListServerFiltersTestJSON-instance-1720473856 1.591s
2024-12-10 18:02:19.272 65718 INFO tempest.lib.common.rest_client [req-7b7b99de-74a1-4093-a073-a8b028eab76f req-7b7b99de-74a1-4093-a073-a8b028eab76f ] Request (AttachInterfacesV270Test:test_create_get_list_interfaces): 200 GET http://10.180.1.21/compute/v2.1/servers/e0161e23-d28e-42e7-b30a-cc2b275cc96a 1.793s
2024-12-10 18:02:19.272 65708 INFO tempest.lib.common.rest_client [req-e8b3deb2-14ff-4b64-ad74-fc641ffb09f3 req-e8b3deb2-14ff-4b64-ad74-fc641ffb09f3 ] Request (FlavorsAdminTestJSON:_run_cleanups): 202 DELETE http://10.180.1.21/compute/v2.1/flavors/625582876 1.474s
2024-12-10 18:02:19.284 65736 INFO tempest.lib.common.rest_client [req-5ab98aa1-ed77-47f9-a5a7-8b4a97a747c4 req-5ab98aa1-ed77-47f9-a5a7-8b4a97a747c4 ] Request (MultipleCreateTestJSON:setUpClass): 201 POST http://10.180.1.21:9696/networking/v2.0/routers 1.267s
2024-12-10 18:02:19.333 65771 INFO tempest.lib.common.rest_client [req-07dd4a73-b7f8-4386-9b80-d85d6a337241 req-07dd4a73-b7f8-4386-9b80-d85d6a337241 ] Request (ImagesOneServerNegativeTestJSON:setUpClass): 200 GET http://10.180.1.21/compute/v2.1/servers/b847fffb-ca62-48f5-a6c0-524fec06239d 1.520s
2024-12-10 18:02:19.341 65771 INFO tempest.common.waiters [-] State transition "BUILD/None" ==> "BUILD/networking" after 16 second wait
2024-12-10 18:02:19.350 65714 INFO tempest.lib.common.rest_client [req-2b16a5ae-d67a-4e28-ae52-ae64d6a20052 req-2b16a5ae-d67a-4e28-ae52-ae64d6a20052 ] Request (ServersAdmin275Test:test_rebuild_update_server_275): 200 GET http://10.180.1.21/compute/v2.1/servers/604627ec-7d6f-4c3d-b789-322f4b4ea1ae 1.445s
2024-12-10 18:02:19.356 65720 INFO tempest.lib.common.rest_client [req-464546a6-01b7-4e30-911b-e8f5eefc4777 req-464546a6-01b7-4e30-911b-e8f5eefc4777 ] Request (FloatingIPsAssociationNegativeTestJSON:test_associate_ip_to_server_without_passing_floating_ip): 400 POST http://10.180.1.21/compute/v2.1/servers/9459abc8-7efd-4c3a-8dd4-ecaec1e39b24/action 1.345s
2024-12-10 18:02:19.371 65748 INFO tempest.lib.common.rest_client [req-14b47d58-86c4-4b8d-ae2b-84173199b2ad req-14b47d58-86c4-4b8d-ae2b-84173199b2ad ] Request (HostsAdminNegativeTestJSON:test_startup_nonexistent_host): 404 GET http://10.180.1.21/compute/v2.1/os-hosts/nonexistent_hostname/startup 1.351s
2024-12-10 18:02:19.395 65739 INFO tempest.lib.common.rest_client [req-155df947-426c-4f08-b888-04fb004b64e8 req-155df947-426c-4f08-b888-04fb004b64e8 ] Request (ServersTestFqdnHostnames:test_create_server_with_fqdn_name): 200 GET http://10.180.1.21/compute/v2.1/servers/3a81ac3b-b4f9-4d43-bdaf-70908fba19d2 1.430s
2024-12-10 18:02:19.449 65730 INFO tempest.lib.common.rest_client [req-30118b47-225f-4ac6-8e74-c91529c6e067 req-30118b47-225f-4ac6-8e74-c91529c6e067 ] Request (ServicesAdminNegativeTestJSON:tearDownClass): 200 GET http://10.180.1.21:9696/networking/v2.0/security-groups?tenant_id=5eb0bc2a817b4e8f85b11c07aebec70c&name=default 0.267s
2024-12-10 18:02:19.457 65740 INFO tempest.lib.common.rest_client [req-2f4c7abb-44ef-4a88-ae0f-0fa3b2f87876 req-2f4c7abb-44ef-4a88-ae0f-0fa3b2f87876 ] Request (SecurityGroupsTestJSON:test_list_security_groups_by_server): 200 GET http://10.180.1.21/compute/v2.1/servers/7e95fc62-43f4-4f89-a62b-2cef6c997e2c 1.335s
2024-12-10 18:02:19.506 65728 INFO tempest.lib.common.rest_client [req-f3d4a8d8-6793-4939-ad1f-71c93337c94d req-f3d4a8d8-6793-4939-ad1f-71c93337c94d ] Request (AttachInterfacesUnderV243Test:test_add_remove_fixed_ip): 200 GET http://10.180.1.21/compute/v2.1/servers/f38daa2e-be7c-4f6d-ab0c-119bc2dfde16 1.317s
2024-12-10 18:02:19.682 65762 INFO tempest.lib.common.rest_client [req-15dd3efb-fb87-4bf1-b821-e7e1d3c412a1 req-15dd3efb-fb87-4bf1-b821-e7e1d3c412a1 ] Request (SecurityGroupRulesNegativeTestJSON:test_create_security_group_rule_with_invalid_port_range): 200 POST http://10.180.1.21/compute/v2.1/os-security-groups 1.602s
2024-12-10 18:02:19.687 65712 INFO tempest.lib.common.rest_client [req-014fc378-b238-4dfd-80de-26b21a19ab30 req-014fc378-b238-4dfd-80de-26b21a19ab30 ] Request (ServersAdminNegativeTestJSON:test_migrate_server_invalid_state): 200 GET http://10.180.1.21/compute/v2.1/servers/d5a4a0aa-fa7a-4600-ab6f-cc83857bffaa 1.217s
2024-12-10 18:02:19.703 65712 INFO tempest.common.waiters [-] State transition "BUILD/block_device_mapping" ==> "BUILD/spawning" after 26 second wait
2024-12-10 18:02:19.722 65750 WARNING tempest.lib.common.ssh [-] Failed to establish authenticated ssh connection to cirros@10.180.180.207 ([Errno None] Unable to connect to port 22 on 10.180.180.207). Number attempts: 2. Retry after 3 seconds.: paramiko.ssh_exception.NoValidConnectionsError: [Errno None] Unable to connect to port 22 on 10.180.180.207
2024-12-10 18:02:19.727 65730 INFO tempest.lib.common.rest_client [req-503cd6e1-30b3-4848-a7fb-f64aad9c009a req-503cd6e1-30b3-4848-a7fb-f64aad9c009a ] Request (ServicesAdminNegativeTestJSON:tearDownClass): 204 DELETE http://10.180.1.21:9696/networking/v2.0/security-groups/a8bd9970-63ee-41d2-9d97-a08e02c140a4 0.277s
2024-12-10 18:02:19.861 65710 INFO tempest.lib.common.rest_client [req-3b63cb60-d4fb-4106-b95a-0f0d28153d05 req-3b63cb60-d4fb-4106-b95a-0f0d28153d05 ] Request (ListImageFiltersTestJSON:setUpClass): 200 GET http://10.180.1.21/compute/v2.1/servers/5801ddb7-fa0b-4c30-be71-afae4d7ce119 1.085s
2024-12-10 18:02:19.869 65710 INFO tempest.common.waiters [-] State transition "BUILD/spawning" ==> "ACTIVE/None" after 37 second wait
2024-12-10 18:02:19.894 65730 INFO tempest.lib.common.rest_client [req-d4fe082c-ffff-453d-a35c-c116d1680707 req-d4fe082c-ffff-453d-a35c-c116d1680707 ] Request (ServicesAdminNegativeTestJSON:tearDownClass): 204 DELETE http://10.180.1.21/identity/v3/projects/5eb0bc2a817b4e8f85b11c07aebec70c 0.167s
2024-12-10 18:02:19.967 65730 INFO tempest.lib.common.rest_client [req-2b5b4a31-29b6-4e67-96b6-adfb4e1b4409 req-2b5b4a31-29b6-4e67-96b6-adfb4e1b4409 ] Request (ListImagesTestJSON:setUpClass): 201 POST http://10.180.1.21/identity/v3/auth/tokens 0.071s
2024-12-10 18:02:20.007 65730 INFO tempest.lib.common.rest_client [req-d2cdc8c3-8870-40d8-b40f-3d8ca6922a7c req-d2cdc8c3-8870-40d8-b40f-3d8ca6922a7c ] Request (ListImagesTestJSON:setUpClass): 201 POST http://10.180.1.21/identity/v3/auth/tokens 0.037s
2024-12-10 18:02:20.042 65768 INFO tempest.lib.common.rest_client [req-62d3286d-7a1a-4488-a830-2ef18abc71b0 req-62d3286d-7a1a-4488-a830-2ef18abc71b0 ] Request (ImagesTestJSON:test_create_image_from_stopped_server): 200 GET http://10.180.1.21/compute/v2.1/servers/3b027bd3-0eb6-4b61-8595-a0d649bfc9c4 1.108s
2024-12-10 18:02:20.043 65730 INFO tempest.lib.common.rest_client [req-bc9c7a56-2b00-4b1c-a810-9a72e549bc88 req-bc9c7a56-2b00-4b1c-a810-9a72e549bc88 ] Request (ListImagesTestJSON:setUpClass): 200 GET http://10.180.1.21/identity/v3/domains?name=Default 0.035s
2024-12-10 18:02:20.084 65730 INFO tempest.lib.common.rest_client [req-7a032a9c-55ad-43b8-ae26-f6c00a71d8ee req-7a032a9c-55ad-43b8-ae26-f6c00a71d8ee ] Request (ListImagesTestJSON:setUpClass): 201 POST http://10.180.1.21/identity/v3/projects 0.040s
2024-12-10 18:02:20.112 65758 INFO tempest.lib.common.rest_client [req-e610d249-4306-4455-8942-904f8a170082 req-e610d249-4306-4455-8942-904f8a170082 ] Request (SecurityGroupRulesTestJSON:tearDownClass): 202 DELETE http://10.180.1.21/compute/v2.1/os-security-groups/c095b247-d803-40e0-af81-3395b87ef1fe 1.638s
2024-12-10 18:02:20.114 65732 INFO tempest.lib.common.rest_client [req-8686dabb-e61e-4d01-aa7d-b68ac5d5c15c req-8686dabb-e61e-4d01-aa7d-b68ac5d5c15c ] Request (ServerShowV254Test:test_rebuild_server): 200 GET http://10.180.1.21/compute/v2.1/servers/c4b4072a-6e9a-4e83-891e-8f25c3ffdc84 1.117s
2024-12-10 18:02:20.153 65730 INFO tempest.lib.common.rest_client [req-4d980de6-2aa0-4a95-902a-a83fa1562fb3 req-4d980de6-2aa0-4a95-902a-a83fa1562fb3 ] Request (ListImagesTestJSON:setUpClass): 201 POST http://10.180.1.21/identity/v3/users 0.068s
2024-12-10 18:02:20.172 65744 INFO tempest.lib.common.rest_client [req-9f4fe6c6-5c24-44de-b974-e560ac4af1a3 req-9f4fe6c6-5c24-44de-b974-e560ac4af1a3 ] Request (ServersAdminTestJSON:setUpClass): 200 GET http://10.180.1.21/compute/v2.1/servers/33c80b8d-b98c-4687-b868-17262c39ec6b 1.094s
2024-12-10 18:02:20.188 65730 INFO tempest.lib.common.rest_client [req-c6a149ce-9984-4ee2-974a-c2c62c839bbd req-c6a149ce-9984-4ee2-974a-c2c62c839bbd ] Request (ListImagesTestJSON:setUpClass): 200 GET http://10.180.1.21/identity/v3/roles 0.034s
2024-12-10 18:02:20.221 65730 INFO tempest.lib.common.rest_client [req-d567b9e6-de96-4bb2-b576-e4d21cec182d req-d567b9e6-de96-4bb2-b576-e4d21cec182d ] Request (ListImagesTestJSON:setUpClass): 204 PUT http://10.180.1.21/identity/v3/projects/d75f34d4904746d48b2c53e463fa94cd/users/8df92b1bfb0844c0a25c80a915771c5f/roles/13574f18d80f431e8d30a08442f7aae0 0.033s
2024-12-10 18:02:20.222 65730 INFO tempest.lib.common.dynamic_creds [-] Dynamic test user 8df92b1bfb0844c0a25c80a915771c5f is created with scope project and roles: ['member']
2024-12-10 18:02:20.222 65730 INFO tempest.lib.common.dynamic_creds [-] Acquired dynamic creds: credentials: Credentials: {'domain_id': 'default', 'domain_name': 'Default', 'username': 'tempest-ListImagesTestJSON-864300011-project-member', 'project_domain_id': 'default', 'project_domain_name': 'Default', 'project_id': 'd75f34d4904746d48b2c53e463fa94cd', 'project_name': 'tempest-ListImagesTestJSON-864300011', 'tenant_id': 'd75f34d4904746d48b2c53e463fa94cd', 'tenant_name': 'tempest-ListImagesTestJSON-864300011', 'user_domain_id': 'default', 'user_domain_name': 'Default', 'user_id': '8df92b1bfb0844c0a25c80a915771c5f', 'system': None}, Network: None, Subnet: None, Router: None
2024-12-10 18:02:20.222 65730 INFO tempest.lib.common.dynamic_creds [-] Created isolated network resources for: credentials: Credentials: {'domain_id': 'default', 'domain_name': 'Default', 'username': 'tempest-ListImagesTestJSON-864300011-project-member', 'project_domain_id': 'default', 'project_domain_name': 'Default', 'project_id': 'd75f34d4904746d48b2c53e463fa94cd', 'project_name': 'tempest-ListImagesTestJSON-864300011', 'tenant_id': 'd75f34d4904746d48b2c53e463fa94cd', 'tenant_name': 'tempest-ListImagesTestJSON-864300011', 'user_domain_id': 'default', 'user_domain_name': 'Default', 'user_id': '8df92b1bfb0844c0a25c80a915771c5f', 'system': None}, Network: None, Subnet: None, Router: None
2024-12-10 18:02:20.231 65746 INFO tempest.lib.common.rest_client [req-1ed91ea2-7eb7-4c6f-9eae-1acf0d86a9d6 req-1ed91ea2-7eb7-4c6f-9eae-1acf0d86a9d6 ] Request (VolumesTestJSON:test_volume_list): 200 GET http://10.180.1.21/compute/v2.1/os-volumes 1.121s
2024-12-10 18:02:20.273 65722 INFO tempest.lib.common.rest_client [req-686f695d-fbcb-4eed-a705-de316657d094 req-686f695d-fbcb-4eed-a705-de316657d094 ] Request (ImagesMetadataTestJSON:test_delete_image_metadata_item): 200 GET http://10.180.1.21/compute/v2.1/images/dff3e1fb-6c96-4e2e-863d-e00e1af2d49d/metadata 1.142s
2024-12-10 18:02:20.305 65730 INFO tempest.lib.common.rest_client [req-a4b27a88-812e-4393-b23f-3e0951a3eacf req-a4b27a88-812e-4393-b23f-3e0951a3eacf ] Request (ListImagesTestJSON:setUpClass): 201 POST http://10.180.1.21/identity/v3/auth/tokens 0.080s
2024-12-10 18:02:20.326 65724 INFO tempest.lib.common.rest_client [req-a4784510-d15c-4dfa-9ac1-5958d0569814 req-a4784510-d15c-4dfa-9ac1-5958d0569814 ] Request (DeleteServersAdminTestJSON:test_delete_server_while_in_error_state): 200 GET http://10.180.1.21/compute/v2.1/servers/b07f2e3a-b026-4d69-83c4-66dfb049201e 1.183s
2024-12-10 18:02:20.627 65734 INFO tempest.lib.common.rest_client [req-8f1c890b-e848-462f-a278-d37ffa5c5fef req-8f1c890b-e848-462f-a278-d37ffa5c5fef ] Request (ServerExternalEventsTest:test_create_server_external_events): 202 POST http://10.180.1.21/compute/v2.1/servers 1.479s
2024-12-10 18:02:20.724 65757 INFO tempest.lib.common.rest_client [req-a30a26c1-e782-43e3-883e-211cfab26934 req-a30a26c1-e782-43e3-883e-211cfab26934 ] Request (ListServerFiltersTestJSON:test_list_servers_filter_by_shutoff_status): 202 POST http://10.180.1.21/compute/v2.1/servers/6014c827-bbb3-4419-bf0c-574989a6f943/action 1.499s
2024-12-10 18:02:20.746 65708 INFO tempest.lib.common.rest_client [req-eed0a830-b1c2-4d8e-b4ac-b83d29e7bf6a req-eed0a830-b1c2-4d8e-b4ac-b83d29e7bf6a ] Request (FlavorsAdminTestJSON:_run_cleanups): 200 GET http://10.180.1.21/compute/v2.1/flavors/detail 1.473s
2024-12-10 18:02:20.754 65760 WARNING tempest.lib.common.ssh [-] Failed to establish authenticated ssh connection to cirros@10.180.180.186 ([Errno None] Unable to connect to port 22 on 10.180.180.186). Number attempts: 1. Retry after 2 seconds.: paramiko.ssh_exception.NoValidConnectionsError: [Errno None] Unable to connect to port 22 on 10.180.180.186
2024-12-10 18:02:20.907 65720 INFO tempest.lib.common.rest_client [req-8143960a-41b3-4446-976b-6546b891be5f req-8143960a-41b3-4446-976b-6546b891be5f ] Request (FloatingIPsAssociationNegativeTestJSON:test_associate_nonexistent_floating_ip): 404 POST http://10.180.1.21/compute/v2.1/servers/9459abc8-7efd-4c3a-8dd4-ecaec1e39b24/action 1.549s
2024-12-10 18:02:20.915 65748 INFO tempest.lib.common.rest_client [req-2b02523e-8137-43e0-8ea1-0321012fb700 req-2b02523e-8137-43e0-8ea1-0321012fb700 ] Request (HostsAdminNegativeTestJSON:test_update_host_with_invalid_maintenance_mode): 400 PUT http://10.180.1.21/compute/v2.1/os-hosts/devstack 1.542s
2024-12-10 18:02:20.979 65754 INFO tempest.lib.common.rest_client [req-dd153b54-0f08-493d-8389-8244f31a31de req-dd153b54-0f08-493d-8389-8244f31a31de ] Request (ServerAddressesNegativeTestJSON:tearDownClass): 200 GET http://10.180.1.21/compute/v2.1/servers/e91e2c1c-b3fa-45fd-8d93-c7024a9bc5ae 1.420s
2024-12-10 18:02:20.987 65754 INFO tempest.common.waiters [-] State transition "ACTIVE/deleting" ==> "DELETED/None" after 4 second wait
2024-12-10 18:02:21.016 65762 INFO tempest.lib.common.rest_client [req-20c549d1-6c1b-4bf2-893a-040e955e7555 req-20c549d1-6c1b-4bf2-893a-040e955e7555 ] Request (SecurityGroupRulesNegativeTestJSON:test_create_security_group_rule_with_invalid_port_range): 400 POST http://10.180.1.21/compute/v2.1/os-security-group-rules 1.331s
2024-12-10 18:02:21.109 65766 INFO tempest.lib.common.rest_client [req-f5d6f097-eafd-4990-89cf-11279743c42e req-f5d6f097-eafd-4990-89cf-11279743c42e ] Request (MigrationsAdminTest:test_list_migrations_in_flavor_resize_situation): 200 GET http://10.180.1.21/compute/v2.1/servers/aa2d2aa5-97cb-4c6b-a002-8dc69ed40276 1.350s
2024-12-10 18:02:21.160 65726 INFO tempest.lib.common.rest_client [req-176e1da1-d032-4662-bc7f-c664c8916ec0 req-176e1da1-d032-4662-bc7f-c664c8916ec0 ] Request (InstanceActionsNegativeTestJSON:setUpClass): 200 GET http://10.180.1.21/compute/v2.1/servers/d649ce4d-fdb3-42ab-b254-abab95dea9f4 1.296s
2024-12-10 18:02:21.307 65710 INFO tempest.lib.common.rest_client [req-be926e7e-a39b-4472-8691-a6cc423ddacf req-be926e7e-a39b-4472-8691-a6cc423ddacf ] Request (ListImageFiltersTestJSON:setUpClass): 200 GET http://10.180.1.21/compute/v2.1/servers/af8a8b36-1bac-422b-9dc1-2b60d2e5f04c 1.437s
2024-12-10 18:02:21.321 65752 INFO tempest.lib.common.rest_client [req-c569b4a3-5cda-40a5-ab0f-fec15de3e0d3 req-c569b4a3-5cda-40a5-ab0f-fec15de3e0d3 ] Request (FloatingIPDetailsTestJSON:setUpClass): 200 POST http://10.180.1.21/compute/v2.1/os-floating-ips 2.272s
2024-12-10 18:02:21.378 65758 INFO tempest.lib.common.rest_client [req-fa168827-d9a4-4699-9f2a-97ae169b2eb7 req-fa168827-d9a4-4699-9f2a-97ae169b2eb7 ] Request (SecurityGroupRulesTestJSON:tearDownClass): 404 DELETE http://10.180.1.21/compute/v2.1/os-security-groups/bc9bef7b-5576-4ceb-a000-06469f18550b 1.266s
2024-12-10 18:02:21.380 65716 INFO tempest.lib.common.rest_client [req-1e04242a-5380-4f75-9d52-8206018176e1 req-1e04242a-5380-4f75-9d52-8206018176e1 ] Request (ServerDiagnosticsV248Test:tearDownClass): 200 GET http://10.180.1.21/compute/v2.1/servers/b7376628-2a4a-4ec8-8be2-48fc6ee95d73 1.413s
2024-12-10 18:02:21.401 65736 INFO tempest.lib.common.rest_client [req-f053c3c9-554e-44c2-b4f9-7294b2f36c33 req-f053c3c9-554e-44c2-b4f9-7294b2f36c33 ] Request (MultipleCreateTestJSON:setUpClass): 200 PUT http://10.180.1.21:9696/networking/v2.0/routers/4d6e5d7a-5e89-4eb5-9ca8-70d9d3da5382/add_router_interface 2.116s
2024-12-10 18:02:21.401 65736 INFO tempest.lib.common.dynamic_creds [-] Created isolated network resources for: credentials: Credentials: {'domain_id': 'default', 'domain_name': 'Default', 'username': 'tempest-MultipleCreateTestJSON-670556762-project-member', 'project_domain_id': 'default', 'project_domain_name': 'Default', 'project_id': '1761ed4ae8194170a68fca2e9b705fd2', 'project_name': 'tempest-MultipleCreateTestJSON-670556762', 'tenant_id': '1761ed4ae8194170a68fca2e9b705fd2', 'tenant_name': 'tempest-MultipleCreateTestJSON-670556762', 'user_domain_id': 'default', 'user_domain_name': 'Default', 'user_id': '923f246ebc1d4b459b20ebbd8d95f54e', 'system': None}, Network: {'id': '0d708225-5837-4870-b49a-c40be3899e70', 'name': 'tempest-MultipleCreateTestJSON-760647568-network', 'tenant_id': '1761ed4ae8194170a68fca2e9b705fd2', 'admin_state_up': True, 'mtu': 8950, 'status': 'ACTIVE', 'subnets': [], 'shared': False, 'project_id': '1761ed4ae8194170a68fca2e9b705fd2', 'port_security_enabled': True, 'router:external': False, 'provider:network_type': 'vlan', 'provider:physical_network': 'default', 'provider:segmentation_id': 114, 'availability_zone_hints': [], 'availability_zones': [], 'ipv4_address_scope': None, 'ipv6_address_scope': None, 'description': '', 'tags': [], 'created_at': '2024-12-10T18:02:17Z', 'updated_at': '2024-12-10T18:02:17Z', 'revision_number': 1}, Subnet: {'id': '63e152fb-b974-4a53-837e-7426237a2a00', 'name': 'tempest-MultipleCreateTestJSON-760647568-subnet', 'tenant_id': '1761ed4ae8194170a68fca2e9b705fd2', 'network_id': '0d708225-5837-4870-b49a-c40be3899e70', 'ip_version': 4, 'subnetpool_id': None, 'enable_dhcp': True, 'ipv6_ra_mode': None, 'ipv6_address_mode': None, 'gateway_ip': '192.168.128.1', 'cidr': '192.168.128.0/28', 'allocation_pools': [{'start': '192.168.128.2', 'end': '192.168.128.14'}], 'host_routes': [], 'dns_nameservers': [], 'description': '', 'router:external': False, 'service_types': [], 'tags': [], 'created_at': '2024-12-10T18:02:17Z', 'updated_at': '2024-12-10T18:02:17Z', 'revision_number': 0, 'project_id': '1761ed4ae8194170a68fca2e9b705fd2'}, Router: {'id': '4d6e5d7a-5e89-4eb5-9ca8-70d9d3da5382', 'name': 'tempest-MultipleCreateTestJSON-760647568-router', 'tenant_id': '1761ed4ae8194170a68fca2e9b705fd2', 'admin_state_up': True, 'status': 'ACTIVE', 'external_gateway_info': {'network_id': '317d2d59-ffda-43c3-bdee-d9af8118bcf9', 'external_fixed_ips': [{'subnet_id': '8010ab0d-c38d-4b56-8ea4-f9f6431e4f8f', 'ip_address': '10.180.180.158'}], 'enable_snat': True}, 'description': '', 'availability_zones': [], 'distributed': False, 'ha': False, 'availability_zone_hints': [], 'routes': [], 'flavor_id': None, 'tags': [], 'created_at': '2024-12-10T18:02:18Z', 'updated_at': '2024-12-10T18:02:18Z', 'revision_number': 2, 'project_id': '1761ed4ae8194170a68fca2e9b705fd2'}
2024-12-10 18:02:21.461 65746 INFO tempest.lib.common.rest_client [req-714f7bc9-9d9f-4c22-bff8-984c0d8fd7e9 req-714f7bc9-9d9f-4c22-bff8-984c0d8fd7e9 ] Request (VolumesTestJSON:test_volume_list_param_limit): 200 GET http://10.180.1.21/compute/v2.1/os-volumes?limit=2 1.221s
2024-12-10 18:02:21.493 65736 INFO tempest.lib.common.rest_client [req-d51b20d0-1a4c-4e64-aef3-52cb4a08f9ba req-d51b20d0-1a4c-4e64-aef3-52cb4a08f9ba ] Request (MultipleCreateTestJSON:setUpClass): 201 POST http://10.180.1.21/identity/v3/auth/tokens 0.088s
2024-12-10 18:02:21.542 65736 INFO tempest.lib.common.rest_client [req-f5360c1c-357d-4234-94bf-57aa893f4c61 req-f5360c1c-357d-4234-94bf-57aa893f4c61 ] Request (MultipleCreateTestJSON:test_multiple_create): 201 POST http://10.180.1.21/identity/v3/auth/tokens 0.040s
2024-12-10 18:02:21.542 65736 INFO tempest.lib.common.fixed_network [-] (MultipleCreateTestJSON:test_multiple_create) Found network {'id': '0d708225-5837-4870-b49a-c40be3899e70', 'name': 'tempest-MultipleCreateTestJSON-760647568-network', 'tenant_id': '1761ed4ae8194170a68fca2e9b705fd2', 'admin_state_up': True, 'mtu': 8950, 'status': 'ACTIVE', 'subnets': [], 'shared': False, 'project_id': '1761ed4ae8194170a68fca2e9b705fd2', 'port_security_enabled': True, 'router:external': False, 'provider:network_type': 'vlan', 'provider:physical_network': 'default', 'provider:segmentation_id': 114, 'availability_zone_hints': [], 'availability_zones': [], 'ipv4_address_scope': None, 'ipv6_address_scope': None, 'description': '', 'tags': [], 'created_at': '2024-12-10T18:02:17Z', 'updated_at': '2024-12-10T18:02:17Z', 'revision_number': 1} available for tenant
2024-12-10 18:02:21.632 65722 INFO tempest.lib.common.rest_client [req-1c576a90-7f8d-44bc-a26f-4c6bedb87ebb req-1c576a90-7f8d-44bc-a26f-4c6bedb87ebb ] Request (ImagesMetadataTestJSON:setUp): 200 PUT http://10.180.1.21/compute/v2.1/images/dff3e1fb-6c96-4e2e-863d-e00e1af2d49d/metadata 1.356s
2024-12-10 18:02:21.703 65730 INFO tempest.lib.common.rest_client [req-059ab2da-e98a-4177-9ab5-57305ff20889 req-059ab2da-e98a-4177-9ab5-57305ff20889 ] Request (ListImagesTestJSON:test_get_image): 200 GET http://10.180.1.21/compute/v2.1/images/b1d1a7b1-a8e5-4161-be14-870277fb97fb 1.397s
2024-12-10 18:02:21.724 65718 INFO tempest.lib.common.rest_client [req-e279cbba-316f-42e7-b88b-2e360761ce75 req-e279cbba-316f-42e7-b88b-2e360761ce75 ] Request (AttachInterfacesV270Test:test_create_get_list_interfaces): 200 GET http://10.180.1.21/compute/v2.1/servers/e0161e23-d28e-42e7-b30a-cc2b275cc96a 1.442s
2024-12-10 18:02:21.809 65714 INFO tempest.lib.common.rest_client [req-0ab69fac-b064-45ce-a06d-7d3b63075c70 req-0ab69fac-b064-45ce-a06d-7d3b63075c70 ] Request (ServersAdmin275Test:test_rebuild_update_server_275): 200 GET http://10.180.1.21/compute/v2.1/servers/604627ec-7d6f-4c3d-b789-322f4b4ea1ae 1.443s
2024-12-10 18:02:21.868 65771 INFO tempest.lib.common.rest_client [req-178f44c8-cb6c-4bab-a754-0fa686cb4735 req-178f44c8-cb6c-4bab-a754-0fa686cb4735 ] Request (ImagesOneServerNegativeTestJSON:setUpClass): 200 GET http://10.180.1.21/compute/v2.1/servers/b847fffb-ca62-48f5-a6c0-524fec06239d 1.525s
2024-12-10 18:02:21.875 65771 INFO tempest.common.waiters [-] State transition "BUILD/networking" ==> "BUILD/spawning" after 18 second wait
2024-12-10 18:02:21.882 65739 INFO tempest.lib.common.rest_client [req-1e88e044-370f-4401-ae36-5f13c10420ad req-1e88e044-370f-4401-ae36-5f13c10420ad ] Request (ServersTestFqdnHostnames:test_create_server_with_fqdn_name): 200 GET http://10.180.1.21/compute/v2.1/servers/3a81ac3b-b4f9-4d43-bdaf-70908fba19d2 1.472s
2024-12-10 18:02:21.891 65739 INFO tempest.common.waiters [-] State transition "BUILD/None" ==> "BUILD/networking" after 18 second wait
2024-12-10 18:02:21.925 65740 INFO tempest.lib.common.rest_client [req-10cc5494-aef5-4e1a-b053-166f1602f0bb req-10cc5494-aef5-4e1a-b053-166f1602f0bb ] Request (SecurityGroupsTestJSON:test_list_security_groups_by_server): 200 GET http://10.180.1.21/compute/v2.1/servers/7e95fc62-43f4-4f89-a62b-2cef6c997e2c 1.459s
2024-12-10 18:02:21.934 65740 INFO tempest.common.waiters [-] State transition "BUILD/scheduling" ==> "BUILD/None" after 9 second wait
2024-12-10 18:02:21.939 65728 INFO tempest.lib.common.rest_client [req-5b2e0180-23a4-4bc3-9ec6-275a4b38176e req-5b2e0180-23a4-4bc3-9ec6-275a4b38176e ] Request (AttachInterfacesUnderV243Test:test_add_remove_fixed_ip): 200 GET http://10.180.1.21/compute/v2.1/servers/f38daa2e-be7c-4f6d-ab0c-119bc2dfde16 1.425s
2024-12-10 18:02:21.983 65734 INFO tempest.lib.common.rest_client [req-f7fc7fb2-0b6b-4239-9479-0de71e336e08 req-f7fc7fb2-0b6b-4239-9479-0de71e336e08 ] Request (ServerExternalEventsTest:test_create_server_external_events): 200 GET http://10.180.1.21/compute/v2.1/servers/040543b1-db31-45db-8cbb-8fec5091cdb0 1.354s
2024-12-10 18:02:22.102 65712 INFO tempest.lib.common.rest_client [req-e5c99a13-f64f-49d2-a6b0-47c62e86cd37 req-e5c99a13-f64f-49d2-a6b0-47c62e86cd37 ] Request (ServersAdminNegativeTestJSON:test_migrate_server_invalid_state): 200 GET http://10.180.1.21/compute/v2.1/servers/d5a4a0aa-fa7a-4600-ab6f-cc83857bffaa 1.397s
2024-12-10 18:02:22.124 65708 INFO tempest.lib.common.rest_client [req-9e91529f-5cca-493e-ba75-1186ea033cf0 req-9e91529f-5cca-493e-ba75-1186ea033cf0 ] Request (FlavorsAdminTestJSON:_run_cleanups): 202 DELETE http://10.180.1.21/compute/v2.1/flavors/1149426760 1.371s
2024-12-10 18:02:22.130 65757 INFO tempest.lib.common.rest_client [req-f43acb89-4e49-4fd6-b29a-527361ee849e req-f43acb89-4e49-4fd6-b29a-527361ee849e ] Request (ListServerFiltersTestJSON:test_list_servers_filter_by_shutoff_status): 200 GET http://10.180.1.21/compute/v2.1/servers/6014c827-bbb3-4419-bf0c-574989a6f943 1.405s
2024-12-10 18:02:22.138 65748 INFO tempest.lib.common.rest_client [req-a90baa9c-1600-42d3-9754-7aedb9b197d2 req-a90baa9c-1600-42d3-9754-7aedb9b197d2 ] Request (HostsAdminNegativeTestJSON:test_update_host_with_invalid_status): 400 PUT http://10.180.1.21/compute/v2.1/os-hosts/devstack 1.222s
2024-12-10 18:02:22.164 65720 INFO tempest.lib.common.rest_client [req-4c1133db-8ed4-4994-8b3d-b0c23cbb6100 req-4c1133db-8ed4-4994-8b3d-b0c23cbb6100 ] Request (FloatingIPsAssociationNegativeTestJSON:test_dissociate_nonexistent_floating_ip): 404 POST http://10.180.1.21/compute/v2.1/servers/9459abc8-7efd-4c3a-8dd4-ecaec1e39b24/action 1.256s
2024-12-10 18:02:22.247 65762 INFO tempest.lib.common.rest_client [req-05776269-5fa1-4995-a7a1-4a529dcff667 req-05776269-5fa1-4995-a7a1-4a529dcff667 ] Request (SecurityGroupRulesNegativeTestJSON:test_create_security_group_rule_with_invalid_to_port): 200 POST http://10.180.1.21/compute/v2.1/os-security-groups 1.229s
2024-12-10 18:02:22.304 65732 INFO tempest.lib.common.rest_client [req-2af50393-68f4-419d-97bc-4a58f5ed0839 req-2af50393-68f4-419d-97bc-4a58f5ed0839 ] Request (ServerShowV254Test:test_rebuild_server): 200 GET http://10.180.1.21/compute/v2.1/servers/c4b4072a-6e9a-4e83-891e-8f25c3ffdc84 1.179s
2024-12-10 18:02:22.356 65744 INFO tempest.lib.common.rest_client [req-7726c126-d8c8-4185-afc2-e5b21a073e86 req-7726c126-d8c8-4185-afc2-e5b21a073e86 ] Request (ServersAdminTestJSON:setUpClass): 200 GET http://10.180.1.21/compute/v2.1/servers/33c80b8d-b98c-4687-b868-17262c39ec6b 1.174s
2024-12-10 18:02:22.372 65768 INFO tempest.lib.common.rest_client [req-2c34b463-9cf5-4ce5-8010-8025a107b240 req-2c34b463-9cf5-4ce5-8010-8025a107b240 ] Request (ImagesTestJSON:test_create_image_from_stopped_server): 200 GET http://10.180.1.21/compute/v2.1/servers/3b027bd3-0eb6-4b61-8595-a0d649bfc9c4 1.323s
2024-12-10 18:02:22.888 65752 INFO tempest.lib.common.rest_client [req-bb7e6e6c-509e-415b-8572-4c9842b50eda req-bb7e6e6c-509e-415b-8572-4c9842b50eda ] Request (FloatingIPDetailsTestJSON:test_get_floating_ip_details): 200 POST http://10.180.1.21/compute/v2.1/os-floating-ips 1.565s
2024-12-10 18:02:22.892 65710 INFO tempest.lib.common.rest_client [req-4fd3fc67-1ef8-4695-8700-1437d04612ba req-4fd3fc67-1ef8-4695-8700-1437d04612ba ] Request (ListImageFiltersTestJSON:setUpClass): 202 POST http://10.180.1.21/compute/v2.1/servers/af8a8b36-1bac-422b-9dc1-2b60d2e5f04c/action 1.577s
2024-12-10 18:02:22.942 65724 INFO tempest.lib.common.rest_client [req-7027e031-a890-4a62-af65-ccdafe0c6907 req-7027e031-a890-4a62-af65-ccdafe0c6907 ] Request (DeleteServersAdminTestJSON:test_delete_server_while_in_error_state): 200 GET http://10.180.1.21/compute/v2.1/servers/b07f2e3a-b026-4d69-83c4-66dfb049201e 1.608s
2024-12-10 18:02:22.989 65746 INFO tempest.lib.common.rest_client [req-e33a110f-04b8-4217-af58-8f9e15859ca5 req-e33a110f-04b8-4217-af58-8f9e15859ca5 ] Request (VolumesTestJSON:test_volume_list_param_offset_and_limit): 200 GET http://10.180.1.21/compute/v2.1/os-volumes 1.524s
2024-12-10 18:02:23.079 65758 INFO tempest.lib.common.rest_client [req-fa83982e-d6d7-40e8-8e70-a0c2f2ba44ca req-fa83982e-d6d7-40e8-8e70-a0c2f2ba44ca ] Request (SecurityGroupRulesTestJSON:tearDownClass): 202 DELETE http://10.180.1.21/compute/v2.1/os-security-groups/a5aff3e5-82e7-4a69-bf4f-5683b81e7588 1.700s
2024-12-10 18:02:23.119 65722 INFO tempest.lib.common.rest_client [req-a04c12a6-9710-4eef-82a2-190901071e25 req-a04c12a6-9710-4eef-82a2-190901071e25 ] Request (ImagesMetadataTestJSON:test_get_image_metadata_item): 200 GET http://10.180.1.21/compute/v2.1/images/dff3e1fb-6c96-4e2e-863d-e00e1af2d49d/metadata/os_distro 1.486s
2024-12-10 18:02:23.167 65730 INFO tempest.lib.common.rest_client [req-de88218a-aeb9-4142-b961-60a8bbcd5b40 req-de88218a-aeb9-4142-b961-60a8bbcd5b40 ] Request (ListImagesTestJSON:test_list_images): 200 GET http://10.180.1.21/compute/v2.1/images 1.457s
2024-12-10 18:02:23.231 65754 INFO tempest.lib.common.rest_client [req-ab04e7e6-3d3e-414f-9f57-fe096e861f61 req-ab04e7e6-3d3e-414f-9f57-fe096e861f61 ] Request (ServerAddressesNegativeTestJSON:tearDownClass): 200 GET http://10.180.1.21/compute/v2.1/servers/e91e2c1c-b3fa-45fd-8d93-c7024a9bc5ae 1.242s
2024-12-10 18:02:23.330 65766 INFO tempest.lib.common.rest_client [req-dfc50c7d-7f5b-4506-b331-44b8bbac2d9e req-dfc50c7d-7f5b-4506-b331-44b8bbac2d9e ] Request (MigrationsAdminTest:test_list_migrations_in_flavor_resize_situation): 200 GET http://10.180.1.21/compute/v2.1/servers/aa2d2aa5-97cb-4c6b-a002-8dc69ed40276 1.208s
2024-12-10 18:02:23.348 65708 INFO tempest.lib.common.rest_client [req-ffc80dca-dbf0-42f0-b17b-ac2f6528b023 req-ffc80dca-dbf0-42f0-b17b-ac2f6528b023 ] Request (FlavorsAdminTestJSON:_run_cleanups): 200 GET http://10.180.1.21/compute/v2.1/flavors/detail 1.224s
2024-12-10 18:02:23.354 65748 INFO tempest.lib.common.rest_client [req-19afb9c7-5da7-4767-805f-5850aad976e3 req-19afb9c7-5da7-4767-805f-5850aad976e3 ] Request (HostsAdminNegativeTestJSON:test_update_host_with_non_admin_user): 403 PUT http://10.180.1.21/compute/v2.1/os-hosts/devstack 1.215s
2024-12-10 18:02:23.427 65720 INFO tempest.lib.common.rest_client [req-5a65a54d-d06b-40f8-9c9e-cf1974eaedc9 req-5a65a54d-d06b-40f8-9c9e-cf1974eaedc9 ] Request (FloatingIPsAssociationNegativeTestJSON:tearDownClass): 204 DELETE http://10.180.1.21/compute/v2.1/servers/9459abc8-7efd-4c3a-8dd4-ecaec1e39b24 1.261s
2024-12-10 18:02:23.474 65726 INFO tempest.lib.common.rest_client [req-265e03cc-b90c-4262-acf6-173be6f75730 req-265e03cc-b90c-4262-acf6-173be6f75730 ] Request (InstanceActionsNegativeTestJSON:setUpClass): 200 GET http://10.180.1.21/compute/v2.1/servers/d649ce4d-fdb3-42ab-b254-abab95dea9f4 1.302s
2024-12-10 18:02:23.503 65762 INFO tempest.lib.common.rest_client [req-7a3772fd-e1c4-4b27-b088-a61752232ddb req-7a3772fd-e1c4-4b27-b088-a61752232ddb ] Request (SecurityGroupRulesNegativeTestJSON:test_create_security_group_rule_with_invalid_to_port): 400 POST http://10.180.1.21/compute/v2.1/os-security-group-rules 1.253s
2024-12-10 18:02:23.531 65736 INFO tempest.lib.common.rest_client [req-321f2eb7-f47c-41b3-91c1-b00d35fbe8be req-321f2eb7-f47c-41b3-91c1-b00d35fbe8be ] Request (MultipleCreateTestJSON:test_multiple_create): 202 POST http://10.180.1.21/compute/v2.1/servers 1.988s
2024-12-10 18:02:23.564 65716 INFO tempest.lib.common.rest_client [req-aed29e39-171c-4a12-82e2-49641f0cd845 req-aed29e39-171c-4a12-82e2-49641f0cd845 ] Request (ServerDiagnosticsV248Test:tearDownClass): 200 GET http://10.180.1.21/compute/v2.1/servers/b7376628-2a4a-4ec8-8be2-48fc6ee95d73 1.173s
2024-12-10 18:02:23.638 65714 INFO tempest.lib.common.rest_client [req-3aed49c8-cb49-4f75-8dd9-d3b78c1f34be req-3aed49c8-cb49-4f75-8dd9-d3b78c1f34be ] Request (ServersAdmin275Test:test_rebuild_update_server_275): 200 GET http://10.180.1.21/compute/v2.1/servers/604627ec-7d6f-4c3d-b789-322f4b4ea1ae 0.816s
2024-12-10 18:02:23.639 65718 INFO tempest.lib.common.rest_client [req-8709019a-2437-47e4-917a-09b1c3f1019b req-8709019a-2437-47e4-917a-09b1c3f1019b ] Request (AttachInterfacesV270Test:test_create_get_list_interfaces): 200 GET http://10.180.1.21/compute/v2.1/servers/e0161e23-d28e-42e7-b30a-cc2b275cc96a 0.902s
2024-12-10 18:02:23.648 65718 INFO tempest.common.waiters [-] State transition "BUILD/spawning" ==> "ACTIVE/None" after 38 second wait
2024-12-10 18:02:23.730 65752 INFO tempest.lib.common.rest_client [req-632ca915-291d-43d3-badc-5c9dc1b15056 req-632ca915-291d-43d3-badc-5c9dc1b15056 ] Request (FloatingIPDetailsTestJSON:test_get_floating_ip_details): 200 GET http://10.180.1.21/compute/v2.1/os-floating-ips/ded827e6-c370-4afa-968c-9a9993e66acd 0.839s
2024-12-10 18:02:23.776 65771 INFO tempest.lib.common.rest_client [req-41348a4e-0a68-40db-91cd-3c0568c0e640 req-41348a4e-0a68-40db-91cd-3c0568c0e640 ] Request (ImagesOneServerNegativeTestJSON:setUpClass): 200 GET http://10.180.1.21/compute/v2.1/servers/b847fffb-ca62-48f5-a6c0-524fec06239d 0.901s
2024-12-10 18:02:23.810 65710 INFO tempest.lib.common.rest_client [req-4dd952ed-ef52-4a4a-ba29-040ee2ed5946 req-4dd952ed-ef52-4a4a-ba29-040ee2ed5946 ] Request (ListImageFiltersTestJSON:setUpClass): 200 GET http://10.180.1.21/compute/v2.1/images/0bc6fcab-0263-4a20-8c7c-6e3138436cb3 0.915s
2024-12-10 18:02:23.858 65740 INFO tempest.lib.common.rest_client [req-b8b451c5-c18f-4dc7-b48e-376f9da283ea req-b8b451c5-c18f-4dc7-b48e-376f9da283ea ] Request (SecurityGroupsTestJSON:test_list_security_groups_by_server): 200 GET http://10.180.1.21/compute/v2.1/servers/7e95fc62-43f4-4f89-a62b-2cef6c997e2c 0.921s
2024-12-10 18:02:23.869 65739 INFO tempest.lib.common.rest_client [req-59eedd61-7d4f-49a6-ac03-9198d979200b req-59eedd61-7d4f-49a6-ac03-9198d979200b ] Request (ServersTestFqdnHostnames:test_create_server_with_fqdn_name): 200 GET http://10.180.1.21/compute/v2.1/servers/3a81ac3b-b4f9-4d43-bdaf-70908fba19d2 0.975s
2024-12-10 18:02:23.875 65739 INFO tempest.common.waiters [-] State transition "BUILD/networking" ==> "BUILD/spawning" after 20 second wait
2024-12-10 18:02:23.903 65746 INFO tempest.lib.common.rest_client [req-db6c1a4b-2f32-4322-97da-07bbdbb121ee req-db6c1a4b-2f32-4322-97da-07bbdbb121ee ] Request (VolumesTestJSON:test_volume_list_param_offset_and_limit): 200 GET http://10.180.1.21/compute/v2.1/os-volumes?offset=1&limit=1 0.910s
2024-12-10 18:02:23.904 65728 INFO tempest.lib.common.rest_client [req-29aff691-48bb-48d7-900f-87ef8d910a37 req-29aff691-48bb-48d7-900f-87ef8d910a37 ] Request (AttachInterfacesUnderV243Test:test_add_remove_fixed_ip): 200 GET http://10.180.1.21/compute/v2.1/servers/f38daa2e-be7c-4f6d-ab0c-119bc2dfde16 0.955s
2024-12-10 18:02:23.910 65728 INFO tempest.common.waiters [-] State transition "BUILD/scheduling" ==> "BUILD/None" after 11 second wait
2024-12-10 18:02:23.951 65734 INFO tempest.lib.common.rest_client [req-bc4403b1-225b-4027-b317-9687245bf6db req-bc4403b1-225b-4027-b317-9687245bf6db ] Request (ServerExternalEventsTest:test_create_server_external_events): 200 GET http://10.180.1.21/compute/v2.1/servers/040543b1-db31-45db-8cbb-8fec5091cdb0 0.956s
2024-12-10 18:02:24.026 65758 INFO tempest.lib.common.rest_client [req-32c60c1e-fef6-4b60-bffe-5b251907db8a req-32c60c1e-fef6-4b60-bffe-5b251907db8a ] Request (SecurityGroupRulesTestJSON:tearDownClass): 202 DELETE http://10.180.1.21/compute/v2.1/os-security-groups/702a86fb-801b-4b78-8291-8af391f2a47d 0.946s
2024-12-10 18:02:24.047 65712 INFO tempest.lib.common.rest_client [req-67ccb3b4-ae5f-4f5a-a620-cc6131a5849a req-67ccb3b4-ae5f-4f5a-a620-cc6131a5849a ] Request (ServersAdminNegativeTestJSON:test_migrate_server_invalid_state): 200 GET http://10.180.1.21/compute/v2.1/servers/d5a4a0aa-fa7a-4600-ab6f-cc83857bffaa 0.937s
2024-12-10 18:02:24.174 65757 INFO tempest.lib.common.rest_client [req-0e471ae6-745f-4782-a434-a397a27d91a2 req-0e471ae6-745f-4782-a434-a397a27d91a2 ] Request (ListServerFiltersTestJSON:test_list_servers_filter_by_shutoff_status): 200 GET http://10.180.1.21/compute/v2.1/servers/6014c827-bbb3-4419-bf0c-574989a6f943 1.037s
2024-12-10 18:02:24.177 65722 INFO tempest.lib.common.rest_client [req-7e722d69-edc0-44b3-832b-359ae8193132 req-7e722d69-edc0-44b3-832b-359ae8193132 ] Request (ImagesMetadataTestJSON:setUp): 200 PUT http://10.180.1.21/compute/v2.1/images/dff3e1fb-6c96-4e2e-863d-e00e1af2d49d/metadata 1.054s
2024-12-10 18:02:24.184 65757 INFO tempest.common.waiters [-] State transition "ACTIVE/powering-off" ==> "SHUTOFF/None" after 2 second wait
2024-12-10 18:02:24.233 65730 INFO tempest.lib.common.rest_client [req-8aa35c02-5a91-4ad0-b651-b3770e5a79cb req-8aa35c02-5a91-4ad0-b651-b3770e5a79cb ] Request (ListImagesTestJSON:test_list_images_with_detail): 200 GET http://10.180.1.21/compute/v2.1/images/detail 1.063s
2024-12-10 18:02:24.239 65732 INFO tempest.lib.common.rest_client [req-aa44c9dc-eb96-4482-8474-d4e7dcfbe1be req-aa44c9dc-eb96-4482-8474-d4e7dcfbe1be ] Request (ServerShowV254Test:test_rebuild_server): 200 GET http://10.180.1.21/compute/v2.1/servers/c4b4072a-6e9a-4e83-891e-8f25c3ffdc84 0.925s
2024-12-10 18:02:24.243 65748 INFO tempest.lib.common.rest_client [req-0004759d-2411-4bba-b347-e306722d661b req-0004759d-2411-4bba-b347-e306722d661b ] Request (HostsAdminNegativeTestJSON:test_update_host_without_param): 400 PUT http://10.180.1.21/compute/v2.1/os-hosts/devstack 0.887s
2024-12-10 18:02:24.251 65732 INFO tempest.common.waiters [-] State transition "BUILD/None" ==> "BUILD/networking" after 20 second wait
2024-12-10 18:02:24.261 65708 INFO tempest.lib.common.rest_client [req-a6c311ac-83b4-4de0-acf4-ee3e4458e38b req-a6c311ac-83b4-4de0-acf4-ee3e4458e38b ] Request (FlavorsAdminTestJSON:test_list_non_public_flavor): 200 POST http://10.180.1.21/compute/v2.1/flavors 0.907s
2024-12-10 18:02:24.313 65744 INFO tempest.lib.common.rest_client [req-8203b4fb-9dd4-41ee-b5df-7e5d807a85f6 req-8203b4fb-9dd4-41ee-b5df-7e5d807a85f6 ] Request (ServersAdminTestJSON:setUpClass): 200 GET http://10.180.1.21/compute/v2.1/servers/33c80b8d-b98c-4687-b868-17262c39ec6b 0.949s
2024-12-10 18:02:24.362 65730 INFO tempest.lib.common.rest_client [req-fb35b191-c12b-465a-8408-b248453af47a req-fb35b191-c12b-465a-8408-b248453af47a ] Request (ListImagesTestJSON:tearDownClass): 204 DELETE http://10.180.1.21/identity/v3/users/8df92b1bfb0844c0a25c80a915771c5f 0.123s
2024-12-10 18:02:24.362 65730 INFO tempest.lib.common.dynamic_creds [-] Deleting project and security group for project: d75f34d4904746d48b2c53e463fa94cd
2024-12-10 18:02:24.400 65768 INFO tempest.lib.common.rest_client [req-15fa9336-da71-4c58-895b-baeb4a137e77 req-15fa9336-da71-4c58-895b-baeb4a137e77 ] Request (ImagesTestJSON:test_create_image_from_stopped_server): 200 GET http://10.180.1.21/compute/v2.1/servers/3b027bd3-0eb6-4b61-8595-a0d649bfc9c4 1.021s
