2024-12-10 18:01:32.361 65748 INFO tempest.lib.common.rest_client [req-d62fb6a6-73af-4dde-9943-631b35844dcf req-d62fb6a6-73af-4dde-9943-631b35844dcf ] Request (FlavorsAccessNegativeTestJSON:_run_cleanups): 200 GET http://10.180.1.21/compute/v2.1/flavors/detail 1.414s
2024-12-10 18:01:32.378 65744 INFO tempest.lib.common.rest_client [req-51159293-cafe-4f64-bfc4-79e7b7031c18 req-51159293-cafe-4f64-bfc4-79e7b7031c18 ] Request (FlavorsExtraSpecsTestJSON:test_flavor_set_get_update_show_unset_keys): 200 GET http://10.180.1.21/compute/v2.1/flavors/499304835/os-extra_specs 1.385s
2024-12-10 18:01:32.385 65722 INFO tempest.lib.common.rest_client [req-f8a506f9-676d-4008-82d8-8d112076e6bf req-f8a506f9-676d-4008-82d8-8d112076e6bf ] Request (HypervisorAdminNegativeTestJSON:test_show_hypervisor_with_non_admin_user): 403 GET http://10.180.1.21/compute/v2.1/os-hypervisors/1 1.369s
2024-12-10 18:01:32.394 65746 INFO tempest.lib.common.rest_client [req-0d7b5ba0-6699-45eb-8f3c-5cc92556ed7d req-0d7b5ba0-6699-45eb-8f3c-5cc92556ed7d ] Request (FlavorsExtraSpecsNegativeTestJSON:test_flavor_unset_nonexistent_key): 404 DELETE http://10.180.1.21/compute/v2.1/flavors/1879778001/os-extra_specs/hw:cpu_thread_policy 1.376s
2024-12-10 18:01:32.405 65728 INFO tempest.lib.common.rest_client [req-5690e042-f743-42ad-83da-3a59182c3ae7 req-5690e042-f743-42ad-83da-3a59182c3ae7 ] Request (InstanceUsageAuditLogTestJSON:setUpClass): 201 POST http://10.180.1.21/identity/v3/users 0.182s
2024-12-10 18:01:32.417 65762 INFO tempest.lib.common.rest_client [req-0c62e669-c922-4064-af03-2f4bc2b00be2 req-0c62e669-c922-4064-af03-2f4bc2b00be2 ] Request (KeyPairsV22TestJSON:test_keypairs_create_list_delete): 201 POST http://10.180.1.21/compute/v2.1/os-keypairs 1.441s
2024-12-10 18:01:32.436 65710 INFO tempest.lib.common.rest_client [req-325590c9-08b6-4986-8284-f97b6bfa4fea req-325590c9-08b6-4986-8284-f97b6bfa4fea ] Request (ListImageFiltersTestJSON:setUpClass): 200 GET http://10.180.1.21/compute/v2.1/images/482addaa-d609-43e7-8dad-f867e7f2fccc 1.363s
2024-12-10 18:01:32.440 65714 INFO tempest.lib.common.rest_client [req-c2d7f5b0-f58c-4aa5-b252-a024e482fb57 req-c2d7f5b0-f58c-4aa5-b252-a024e482fb57 ] Request (HypervisorAdminNegativeUnderV252Test:test_show_servers_with_nonexistent_hypervisor): 404 GET http://10.180.1.21/compute/v2.1/os-hypervisors/32c3ec64-6ef2-4143-a029-e60105698fbb/servers 1.365s
2024-12-10 18:01:32.471 65760 INFO tempest.lib.common.rest_client [req-88bb59f0-e16a-4c07-8131-de4849a7d9ae req-88bb59f0-e16a-4c07-8131-de4849a7d9ae ] Request (VolumesAssistedSnapshotsTest:test_volume_assisted_snapshot_create_delete): 202 POST http://10.180.1.21/volume/v3/volumes 0.668s
2024-12-10 18:01:32.472 65739 INFO tempest.lib.common.rest_client [req-77a2a3ab-f4b9-4e4b-93b4-36a1f3f5c1ec req-77a2a3ab-f4b9-4e4b-93b4-36a1f3f5c1ec ] Request (FlavorsAccessTestJSON:_run_cleanups): 200 GET http://10.180.1.21/compute/v2.1/flavors/detail 1.378s
2024-12-10 18:01:32.480 65764 INFO tempest.lib.common.rest_client [req-fccc7079-db67-4e54-b86a-02459bbe1dfc req-fccc7079-db67-4e54-b86a-02459bbe1dfc ] Request (QuotasAdminTestJSON:tearDownClass): 204 DELETE http://10.180.1.21/identity/v3/users/2bbc409e7c004b60a802c6a265d09c40 0.258s
2024-12-10 18:01:32.545 65726 INFO tempest.lib.common.rest_client [req-3ad17cde-be91-45a6-b9e8-5ad9c7b1a947 req-3ad17cde-be91-45a6-b9e8-5ad9c7b1a947 ] Request (QuotasAdminTestV257:test_get_updated_quotas): 200 GET http://10.180.1.21/identity/v3/domains?name=Default 0.318s
2024-12-10 18:01:32.563 65760 INFO tempest.lib.common.rest_client [req-57c95868-c0a5-447b-9c85-64158f8692b9 req-57c95868-c0a5-447b-9c85-64158f8692b9 ] Request (VolumesAssistedSnapshotsTest:test_volume_assisted_snapshot_create_delete): 200 GET http://10.180.1.21/volume/v3/volumes/7453e6f9-2b91-496c-a9e2-9aeeb27cc0fb 0.085s
2024-12-10 18:01:32.572 65771 INFO tempest.lib.common.rest_client [req-4eeb99fa-3c4d-4597-a8e6-251a3fd9dbe8 req-4eeb99fa-3c4d-4597-a8e6-251a3fd9dbe8 ] Request (QuotasAdminTestV236:setUpClass): 200 GET http://10.180.1.21/identity/v3/roles 0.219s
2024-12-10 18:01:32.601 65728 INFO tempest.lib.common.rest_client [req-81b98718-2672-47d6-b64f-f98b9b77272d req-81b98718-2672-47d6-b64f-f98b9b77272d ] Request (InstanceUsageAuditLogTestJSON:setUpClass): 200 GET http://10.180.1.21/identity/v3/roles 0.194s
2024-12-10 18:01:32.638 65712 INFO tempest.lib.common.rest_client [req-da179141-6056-4361-9863-4d723562f00d req-da179141-6056-4361-9863-4d723562f00d ] Request (ServersAdminNegativeTestJSON:setUpClass): 200 GET http://10.180.1.21/compute/v2.1/servers/227a90d6-1651-45fb-bb34-c785a7a7ff49 1.510s
2024-12-10 18:01:32.645 65712 INFO tempest.common.waiters [-] State transition "BUILD/None" ==> "BUILD/spawning" after 8 second wait
2024-12-10 18:01:32.657 65714 INFO tempest.lib.common.rest_client [req-9a46f541-fb50-4f9d-9bf2-56fb9d48eac7 req-9a46f541-fb50-4f9d-9bf2-56fb9d48eac7 ] Request (HypervisorAdminNegativeUnderV252Test:tearDownClass): 204 DELETE http://10.180.1.21/identity/v3/users/73983cc473ee487db297cd98f264c185 0.215s
2024-12-10 18:01:32.657 65718 INFO tempest.lib.common.rest_client [req-42583247-95c6-4a8c-b46e-003d86fd2086 req-42583247-95c6-4a8c-b46e-003d86fd2086 ] Request (FlavorsV261TestJSON:tearDownClass): 200 GET http://10.180.1.21:9696/networking/v2.0/security-groups?tenant_id=9ce44059db5847b98f2942f818058605&name=default 0.418s
2024-12-10 18:01:32.676 65764 INFO tempest.lib.common.rest_client [req-3ee4c41d-ed55-4d2b-9a0f-2f31d0ed53b0 req-3ee4c41d-ed55-4d2b-9a0f-2f31d0ed53b0 ] Request (QuotasAdminTestJSON:tearDownClass): 204 DELETE http://10.180.1.21/identity/v3/users/3d40e9e8b0ca4e4e96dfe2314c5ee6d2 0.195s
2024-12-10 18:01:32.676 65764 INFO tempest.lib.common.dynamic_creds [-] Deleting project and security group for project: a89b4468bc204ebfa71192d0adc6eab3
2024-12-10 18:01:32.762 65726 INFO tempest.lib.common.rest_client [req-8048363c-ab8d-4a96-8f1c-5bf1f2c7a414 req-8048363c-ab8d-4a96-8f1c-5bf1f2c7a414 ] Request (QuotasAdminTestV257:test_get_updated_quotas): 201 POST http://10.180.1.21/identity/v3/projects 0.217s
2024-12-10 18:01:32.789 65718 INFO tempest.lib.common.rest_client [req-20e68fbc-a8f7-470d-b2ff-3a1dc91154eb req-20e68fbc-a8f7-470d-b2ff-3a1dc91154eb ] Request (FlavorsV261TestJSON:tearDownClass): 204 DELETE http://10.180.1.21:9696/networking/v2.0/security-groups/d10276d7-0cc5-40f6-a0bf-c3f72e452c48 0.132s
2024-12-10 18:01:32.825 65728 INFO tempest.lib.common.rest_client [req-24de7760-d433-4449-a8b4-004bc4f97b69 req-24de7760-d433-4449-a8b4-004bc4f97b69 ] Request (InstanceUsageAuditLogTestJSON:setUpClass): 204 PUT http://10.180.1.21/identity/v3/projects/264ca521314a4eabaca92f57cbc0fab0/users/cf1f0c788f974a5486f4474737d13e23/roles/022eacb80b96452193116ce3a82db09c 0.223s
2024-12-10 18:01:32.846 65771 INFO tempest.lib.common.rest_client [req-456e2687-477c-458a-a8df-659b7bfbfe28 req-456e2687-477c-458a-a8df-659b7bfbfe28 ] Request (QuotasAdminTestV236:setUpClass): 204 PUT http://10.180.1.21/identity/v3/projects/e51a6a36019e4b008432437e8d4aa908/users/edfba00129ba4d33bafbd064f957bfa3/roles/022eacb80b96452193116ce3a82db09c 0.273s
2024-12-10 18:01:32.943 65750 INFO tempest.lib.common.rest_client [req-7efb110b-bf13-463a-b56b-32b311b167b5 req-7efb110b-bf13-463a-b56b-32b311b167b5 ] Request (VolumesAdminNegativeTest:test_update_attached_volume_with_nonexistent_volume_in_body): 202 POST http://10.180.1.21/compute/v2.1/servers 1.767s
2024-12-10 18:01:32.958 65714 INFO tempest.lib.common.rest_client [req-ba89fbab-931d-4ff2-959c-8e07eeb7b213 req-ba89fbab-931d-4ff2-959c-8e07eeb7b213 ] Request (HypervisorAdminNegativeUnderV252Test:tearDownClass): 204 DELETE http://10.180.1.21/identity/v3/users/063126ab116845ce855ba777fdd1a1e5 0.300s
2024-12-10 18:01:32.958 65714 INFO tempest.lib.common.dynamic_creds [-] Deleting project and security group for project: 488d6d766d254c3b945fc3901cae4bd4
2024-12-10 18:01:32.960 65734 INFO tempest.lib.common.rest_client [req-d27aec0e-b6c0-4fda-aca5-2b243878f735 req-d27aec0e-b6c0-4fda-aca5-2b243878f735 ] Request (AggregatesAdminNegativeTestJSON:test_aggregate_add_host_as_user): 403 POST http://10.180.1.21/compute/v2.1/os-aggregates/2/action 1.784s
2024-12-10 18:01:33.004 65764 INFO tempest.lib.common.rest_client [req-7dfcbcaf-a2a5-459d-b0c5-9a160180cedc req-7dfcbcaf-a2a5-459d-b0c5-9a160180cedc ] Request (QuotasAdminTestJSON:tearDownClass): 201 POST http://10.180.1.21/identity/v3/auth/tokens 0.327s
2024-12-10 18:01:33.064 65724 INFO tempest.lib.common.rest_client [req-f6d9519a-1b4a-4a8d-acea-6c66404e0101 req-f6d9519a-1b4a-4a8d-acea-6c66404e0101 ] Request (DeleteServersAdminTestJSON:test_admin_delete_servers_of_others): 200 GET http://10.180.1.21/compute/v2.1/servers/655d0482-59c4-41f6-856c-51e1b06002cf 1.694s
2024-12-10 18:01:33.071 65726 INFO tempest.lib.common.rest_client [req-8ad8c9e0-5be8-4c4e-89ce-7fb1b2254abe req-8ad8c9e0-5be8-4c4e-89ce-7fb1b2254abe ] Request (QuotasAdminTestV257:test_get_updated_quotas): 200 GET http://10.180.1.21/identity/v3/domains?name=Default 0.309s
2024-12-10 18:01:33.102 65728 INFO tempest.lib.common.rest_client [req-8cb580f1-f41b-48f9-bd99-6a0ffbbddc6c req-8cb580f1-f41b-48f9-bd99-6a0ffbbddc6c ] Request (InstanceUsageAuditLogTestJSON:setUpClass): 200 GET http://10.180.1.21/identity/v3/roles 0.277s
2024-12-10 18:01:33.114 65754 INFO tempest.lib.common.rest_client [req-54df8f15-6180-4e39-9e85-f065d35602de req-54df8f15-6180-4e39-9e85-f065d35602de ] Request (ServerAddressesNegativeTestJSON:setUpClass): 201 POST http://10.180.1.21:9696/networking/v2.0/routers 1.423s
2024-12-10 18:01:33.119 65752 INFO tempest.lib.common.rest_client [req-b7d7c900-e2e9-4b77-bf4e-a63dd47cd47a req-b7d7c900-e2e9-4b77-bf4e-a63dd47cd47a ] Request (ServerDiagnosticsTest:test_get_server_diagnostics): 200 GET http://10.180.1.21/compute/v2.1/servers/d50ddb0d-24b8-4145-ba74-b43672c7a996 1.671s
2024-12-10 18:01:33.119 65720 INFO tempest.lib.common.rest_client [req-78b66391-d37d-4632-934f-c2368f135afa req-78b66391-d37d-4632-934f-c2368f135afa ] Request (FloatingIPsAssociationNegativeTestJSON:setUpClass): 200 GET http://10.180.1.21/compute/v2.1/servers/9459abc8-7efd-4c3a-8dd4-ecaec1e39b24 1.612s
2024-12-10 18:01:33.123 65771 INFO tempest.lib.common.rest_client [req-605d37b7-576e-4367-a505-600e0cbca255 req-605d37b7-576e-4367-a505-600e0cbca255 ] Request (QuotasAdminTestV236:setUpClass): 200 GET http://10.180.1.21/identity/v3/roles 0.276s
2024-12-10 18:01:33.139 65718 INFO tempest.lib.common.rest_client [req-967e227b-1b4c-47f4-878e-4d4ec24b09d4 req-967e227b-1b4c-47f4-878e-4d4ec24b09d4 ] Request (FlavorsV261TestJSON:tearDownClass): 204 DELETE http://10.180.1.21/identity/v3/projects/9ce44059db5847b98f2942f818058605 0.350s
2024-12-10 18:01:33.140 65718 INFO tempest.test [-] raised in UnshelveToHostMultiNodesTest.setUpClass. Invoking tearDownClass.
2024-12-10 18:01:33.147 65736 INFO tempest.lib.common.rest_client [req-06f29864-b9af-43e5-bd03-9df45d3d856d req-06f29864-b9af-43e5-bd03-9df45d3d856d ] Request (HostsAdminTestJSON:test_list_hosts_with_zone): 200 GET http://10.180.1.21/compute/v2.1/os-hosts?zone=internal 1.621s
2024-12-10 18:01:33.175 65716 INFO tempest.lib.common.rest_client [req-7739839e-d7d0-42a5-a90e-5c17b7acb8cd req-7739839e-d7d0-42a5-a90e-5c17b7acb8cd ] Request (ServerDiagnosticsV248Test:test_get_server_diagnostics): 200 GET http://10.180.1.21/compute/v2.1/servers/b7376628-2a4a-4ec8-8be2-48fc6ee95d73 1.632s
2024-12-10 18:01:33.178 65714 INFO tempest.lib.common.rest_client [req-353a9598-5043-454b-a619-58b231a00e51 req-353a9598-5043-454b-a619-58b231a00e51 ] Request (HypervisorAdminNegativeUnderV252Test:tearDownClass): 201 POST http://10.180.1.21/identity/v3/auth/tokens 0.220s
2024-12-10 18:01:33.180 65758 INFO tempest.lib.common.rest_client [req-89d2c58e-02de-4c1d-8b9b-9ac6945d0f43 req-89d2c58e-02de-4c1d-8b9b-9ac6945d0f43 ] Request (FloatingIPsTestJSON:_run_cleanups): 404 DELETE http://10.180.1.21/compute/v2.1/os-floating-ips/a4f25118-6b62-4ace-9d6e-d530624324c2 1.617s
2024-12-10 18:01:33.190 65716 INFO tempest.common.waiters [-] State transition "BUILD/None" ==> "BUILD/networking" after 8 second wait
2024-12-10 18:01:33.223 65728 INFO tempest.lib.common.rest_client [req-8c9f93c4-e79f-4728-97b4-7f7a8c9ea48e req-8c9f93c4-e79f-4728-97b4-7f7a8c9ea48e ] Request (InstanceUsageAuditLogTestJSON:setUpClass): 204 PUT http://10.180.1.21/identity/v3/projects/264ca521314a4eabaca92f57cbc0fab0/users/cf1f0c788f974a5486f4474737d13e23/roles/022eacb80b96452193116ce3a82db09c 0.120s
2024-12-10 18:01:33.223 65728 INFO tempest.lib.common.dynamic_creds [-] Dynamic test user cf1f0c788f974a5486f4474737d13e23 is created with scope project and roles: ['admin']
2024-12-10 18:01:33.223 65728 INFO tempest.lib.common.dynamic_creds [-] Acquired dynamic creds: credentials: Credentials: {'domain_id': 'default', 'domain_name': 'Default', 'username': 'tempest-InstanceUsageAuditLogTestJSON-96345276-project-admin', 'project_domain_id': 'default', 'project_domain_name': 'Default', 'project_id': '264ca521314a4eabaca92f57cbc0fab0', 'project_name': 'tempest-InstanceUsageAuditLogTestJSON-96345276', 'tenant_id': '264ca521314a4eabaca92f57cbc0fab0', 'tenant_name': 'tempest-InstanceUsageAuditLogTestJSON-96345276', 'user_domain_id': 'default', 'user_domain_name': 'Default', 'user_id': 'cf1f0c788f974a5486f4474737d13e23', 'system': None}, Network: None, Subnet: None, Router: None
2024-12-10 18:01:33.224 65728 INFO tempest.lib.common.dynamic_creds [-] Created isolated network resources for: credentials: Credentials: {'domain_id': 'default', 'domain_name': 'Default', 'username': 'tempest-InstanceUsageAuditLogTestJSON-96345276-project-admin', 'project_domain_id': 'default', 'project_domain_name': 'Default', 'project_id': '264ca521314a4eabaca92f57cbc0fab0', 'project_name': 'tempest-InstanceUsageAuditLogTestJSON-96345276', 'tenant_id': '264ca521314a4eabaca92f57cbc0fab0', 'tenant_name': 'tempest-InstanceUsageAuditLogTestJSON-96345276', 'user_domain_id': 'default', 'user_domain_name': 'Default', 'user_id': 'cf1f0c788f974a5486f4474737d13e23', 'system': None}, Network: None, Subnet: None, Router: None
2024-12-10 18:01:33.247 65742 INFO tempest.lib.common.rest_client [req-e81c9275-01a6-4494-b839-c1f2cbb07d72 req-e81c9275-01a6-4494-b839-c1f2cbb07d72 ] Request (AttachInterfacesTestJSON:test_create_list_show_delete_interfaces_by_fixed_ip): 200 GET http://10.180.1.21/compute/v2.1/servers/3ba3ab68-3aca-455a-8600-9508a11579c9 1.619s
2024-12-10 18:01:33.263 65766 INFO tempest.lib.common.rest_client [req-a0725b5d-ca9c-40b8-a7ba-2b23e5ac51d6 req-a0725b5d-ca9c-40b8-a7ba-2b23e5ac51d6 ] Request (MigrationsAdminTest:test_list_migrations_in_flavor_resize_situation): 200 GET http://10.180.1.21/compute/v2.1/servers/aa2d2aa5-97cb-4c6b-a002-8dc69ed40276 1.524s
2024-12-10 18:01:33.269 65768 INFO tempest.lib.common.rest_client [req-e4bffe53-ac01-4f08-8492-da3ad93ad719 req-e4bffe53-ac01-4f08-8492-da3ad93ad719 ] Request (HypervisorAdminTestJSON:test_get_hypervisor_show_details): 200 GET http://10.180.1.21/compute/v2.1/os-hypervisors/1 1.492s
2024-12-10 18:01:33.280 65718 INFO tempest.lib.common.rest_client [req-87b0aded-a328-42bc-9a61-976c4f624dc4 req-87b0aded-a328-42bc-9a61-976c4f624dc4 ] Request (AttachInterfacesV270Test:setUpClass): 201 POST http://10.180.1.21/identity/v3/auth/tokens 0.135s
2024-12-10 18:01:33.283 65771 INFO tempest.lib.common.rest_client [req-bca7f8e6-e97c-4efd-8fd7-3ce00dc53b69 req-bca7f8e6-e97c-4efd-8fd7-3ce00dc53b69 ] Request (QuotasAdminTestV236:setUpClass): 204 PUT http://10.180.1.21/identity/v3/projects/e51a6a36019e4b008432437e8d4aa908/users/edfba00129ba4d33bafbd064f957bfa3/roles/022eacb80b96452193116ce3a82db09c 0.159s
2024-12-10 18:01:33.283 65771 INFO tempest.lib.common.dynamic_creds [-] Dynamic test user edfba00129ba4d33bafbd064f957bfa3 is created with scope project and roles: ['admin']
2024-12-10 18:01:33.283 65771 INFO tempest.lib.common.dynamic_creds [-] Acquired dynamic creds: credentials: Credentials: {'domain_id': 'default', 'domain_name': 'Default', 'username': 'tempest-QuotasAdminTestV236-1396647126-project-admin', 'project_domain_id': 'default', 'project_domain_name': 'Default', 'project_id': 'e51a6a36019e4b008432437e8d4aa908', 'project_name': 'tempest-QuotasAdminTestV236-1396647126', 'tenant_id': 'e51a6a36019e4b008432437e8d4aa908', 'tenant_name': 'tempest-QuotasAdminTestV236-1396647126', 'user_domain_id': 'default', 'user_domain_name': 'Default', 'user_id': 'edfba00129ba4d33bafbd064f957bfa3', 'system': None}, Network: None, Subnet: None, Router: None
2024-12-10 18:01:33.283 65771 INFO tempest.lib.common.dynamic_creds [-] Created isolated network resources for: credentials: Credentials: {'domain_id': 'default', 'domain_name': 'Default', 'username': 'tempest-QuotasAdminTestV236-1396647126-project-admin', 'project_domain_id': 'default', 'project_domain_name': 'Default', 'project_id': 'e51a6a36019e4b008432437e8d4aa908', 'project_name': 'tempest-QuotasAdminTestV236-1396647126', 'tenant_id': 'e51a6a36019e4b008432437e8d4aa908', 'tenant_name': 'tempest-QuotasAdminTestV236-1396647126', 'user_domain_id': 'default', 'user_domain_name': 'Default', 'user_id': 'edfba00129ba4d33bafbd064f957bfa3', 'system': None}, Network: None, Subnet: None, Router: None
2024-12-10 18:01:33.286 65708 INFO tempest.lib.common.rest_client [req-90067660-cb53-40b6-a961-3b6a16b276d3 req-90067660-cb53-40b6-a961-3b6a16b276d3 ] Request (FlavorsAdminTestJSON:test_create_flavor_with_int_id): 200 POST http://10.180.1.21/compute/v2.1/flavors 1.031s
2024-12-10 18:01:33.308 65748 INFO tempest.lib.common.rest_client [req-a00c1601-73e9-4669-929f-31bdb5ccb8ac req-a00c1601-73e9-4669-929f-31bdb5ccb8ac ] Request (FlavorsAccessNegativeTestJSON:test_flavor_access_list_with_public_flavor): 200 POST http://10.180.1.21/compute/v2.1/flavors 0.930s
2024-12-10 18:01:33.333 65744 INFO tempest.lib.common.rest_client [req-d2f78b59-6acf-476b-b584-f5573734e985 req-d2f78b59-6acf-476b-b584-f5573734e985 ] Request (FlavorsExtraSpecsTestJSON:test_flavor_set_get_update_show_unset_keys): 200 PUT http://10.180.1.21/compute/v2.1/flavors/499304835/os-extra_specs/hw:numa_nodes 0.954s
2024-12-10 18:01:33.338 65722 INFO tempest.lib.common.rest_client [req-32fc7235-f77d-4b67-a5de-985c1311031b req-32fc7235-f77d-4b67-a5de-985c1311031b ] Request (HypervisorAdminNegativeTestJSON:test_show_nonexistent_hypervisor): 404 GET http://10.180.1.21/compute/v2.1/os-hypervisors/06183d13-57d0-4ae8-b314-eef174697830 0.949s
2024-12-10 18:01:33.344 65746 INFO tempest.lib.common.rest_client [req-dc93d048-7afd-4008-bc03-4c956364b9ce req-dc93d048-7afd-4008-bc03-4c956364b9ce ] Request (FlavorsExtraSpecsNegativeTestJSON:test_flavor_update_mismatch_key): 400 PUT http://10.180.1.21/compute/v2.1/flavors/1879778001/os-extra_specs/hw:numa_nodes 0.949s
2024-12-10 18:01:33.370 65728 INFO tempest.lib.common.rest_client [req-4c998f08-7d39-468e-9be7-8f1294d587ec req-4c998f08-7d39-468e-9be7-8f1294d587ec ] Request (InstanceUsageAuditLogTestJSON:setUpClass): 201 POST http://10.180.1.21/identity/v3/auth/tokens 0.141s
2024-12-10 18:01:33.387 65762 INFO tempest.lib.common.rest_client [req-57fe7bde-14ab-4096-a863-3ce8dbc1d982 req-57fe7bde-14ab-4096-a863-3ce8dbc1d982 ] Request (KeyPairsV22TestJSON:test_keypairs_create_list_delete): 201 POST http://10.180.1.21/compute/v2.1/os-keypairs 0.969s
2024-12-10 18:01:33.403 65739 INFO tempest.lib.common.rest_client [req-e304ea58-9a76-405b-8e55-75db148b237a req-e304ea58-9a76-405b-8e55-75db148b237a ] Request (FlavorsAccessTestJSON:test_flavor_access_list_with_private_flavor): 200 POST http://10.180.1.21/compute/v2.1/flavors 0.909s
2024-12-10 18:01:33.409 65718 INFO tempest.lib.common.rest_client [req-08a5257d-14bd-41e9-91eb-92f2f89e06f1 req-08a5257d-14bd-41e9-91eb-92f2f89e06f1 ] Request (AttachInterfacesV270Test:setUpClass): 201 POST http://10.180.1.21/identity/v3/auth/tokens 0.126s
2024-12-10 18:01:33.452 65764 INFO tempest.lib.common.rest_client [req-bfeb699d-b409-4f38-9071-239650bf05e0 req-bfeb699d-b409-4f38-9071-239650bf05e0 ] Request (QuotasAdminTestJSON:tearDownClass): 200 GET http://10.180.1.21:9696/networking/v2.0/security-groups?tenant_id=a89b4468bc204ebfa71192d0adc6eab3&name=default 0.447s
2024-12-10 18:01:33.460 65710 INFO tempest.lib.common.rest_client [req-f25f1c62-795a-4cb1-b7f3-cb5409917719 req-f25f1c62-795a-4cb1-b7f3-cb5409917719 ] Request (ListImageFiltersTestJSON:setUpClass): 201 POST http://10.180.1.21/image/v2/images 1.018s
2024-12-10 18:01:33.468 65750 INFO tempest.lib.common.rest_client [req-467f3347-abc0-4914-ae04-12513c9d6e5c req-467f3347-abc0-4914-ae04-12513c9d6e5c ] Request (VolumesAdminNegativeTest:test_update_attached_volume_with_nonexistent_volume_in_body): 200 GET http://10.180.1.21/compute/v2.1/servers/34a2f035-c271-406c-9834-9fdd25af0afd 0.521s
2024-12-10 18:01:33.494 65771 INFO tempest.lib.common.rest_client [req-9ad1d101-c059-4d3a-9349-708a27fa671d req-9ad1d101-c059-4d3a-9349-708a27fa671d ] Request (QuotasAdminTestV236:setUpClass): 201 POST http://10.180.1.21/identity/v3/auth/tokens 0.204s
2024-12-10 18:01:33.494 65771 WARNING tempest.lib.common.rest_client [-] Deprecated: "tenant_id" property is deprecated for removal, use "project_id" instead
2024-12-10 18:01:33.498 65734 INFO tempest.lib.common.rest_client [req-37d0c9c1-7b51-458a-bc55-20fb79005d59 req-37d0c9c1-7b51-458a-bc55-20fb79005d59 ] Request (AggregatesAdminNegativeTestJSON:_run_cleanups): 200 DELETE http://10.180.1.21/compute/v2.1/os-aggregates/2 0.537s
2024-12-10 18:01:33.512 65722 INFO tempest.lib.common.rest_client [req-1484f115-07c0-48af-a57c-2f84a02e6e85 req-1484f115-07c0-48af-a57c-2f84a02e6e85 ] Request (HypervisorAdminNegativeTestJSON:tearDownClass): 204 DELETE http://10.180.1.21/identity/v3/users/0ced39f5b3f6452294e91b0c1ad8678c 0.170s
2024-12-10 18:01:33.582 65718 INFO tempest.lib.common.rest_client [req-9baf8de7-0772-4c51-83b6-3227be0b5572 req-9baf8de7-0772-4c51-83b6-3227be0b5572 ] Request (AttachInterfacesV270Test:setUpClass): 200 GET http://10.180.1.21/identity/v3/domains?name=Default 0.172s
2024-12-10 18:01:33.682 65714 INFO tempest.lib.common.rest_client [req-fe3f02be-092c-4166-be20-7e1426e966ac req-fe3f02be-092c-4166-be20-7e1426e966ac ] Request (HypervisorAdminNegativeUnderV252Test:tearDownClass): 200 GET http://10.180.1.21:9696/networking/v2.0/security-groups?tenant_id=488d6d766d254c3b945fc3901cae4bd4&name=default 0.503s
2024-12-10 18:01:33.715 65740 INFO tempest.lib.common.rest_client [req-e660bd77-8dea-45d3-a50e-c361fba23818 req-e660bd77-8dea-45d3-a50e-c361fba23818 ] Request (QuotasAdminNegativeTest:test_create_server_when_cpu_quota_is_full): 200 PUT http://10.180.1.21/compute/v2.1/os-quota-sets/990d5d0089eb48faad043dc114ed2454 1.364s
2024-12-10 18:01:33.771 65760 INFO tempest.lib.common.rest_client [req-43a618e3-d91a-4c74-8244-90bec2ed3829 req-43a618e3-d91a-4c74-8244-90bec2ed3829 ] Request (VolumesAssistedSnapshotsTest:test_volume_assisted_snapshot_create_delete): 200 GET http://10.180.1.21/volume/v3/volumes/7453e6f9-2b91-496c-a9e2-9aeeb27cc0fb 0.192s
2024-12-10 18:01:33.777 65764 INFO tempest.lib.common.rest_client [req-a3684da9-9d80-4f85-86d4-10b47ce7220b req-a3684da9-9d80-4f85-86d4-10b47ce7220b ] Request (QuotasAdminTestJSON:tearDownClass): 204 DELETE http://10.180.1.21:9696/networking/v2.0/security-groups/ca25bf2f-bf19-4345-b5d1-88c455afb793 0.323s
2024-12-10 18:01:33.779 65760 INFO tempest.common.waiters [-] volume 7453e6f9-2b91-496c-a9e2-9aeeb27cc0fb reached available after waiting for 1.779262 seconds
2024-12-10 18:01:33.786 65722 INFO tempest.lib.common.rest_client [req-bdb72aa9-3791-493f-961a-51a71bd630f4 req-bdb72aa9-3791-493f-961a-51a71bd630f4 ] Request (HypervisorAdminNegativeTestJSON:tearDownClass): 204 DELETE http://10.180.1.21/identity/v3/users/ceed9ffb09bc4a14bace643b432a3f48 0.274s
2024-12-10 18:01:33.786 65722 INFO tempest.lib.common.dynamic_creds [-] Deleting project and security group for project: 96bcda83db854876a619e80cbd163811
2024-12-10 18:01:33.846 65736 INFO tempest.lib.common.rest_client [req-9aa8b409-cba9-4dfa-87e8-7dabd21da111 req-9aa8b409-cba9-4dfa-87e8-7dabd21da111 ] Request (HostsAdminTestJSON:test_show_host_detail): 200 GET http://10.180.1.21/compute/v2.1/os-hosts 0.696s
2024-12-10 18:01:33.853 65718 INFO tempest.lib.common.rest_client [req-aa45e284-af72-48ae-80c3-0d150815ac5d req-aa45e284-af72-48ae-80c3-0d150815ac5d ] Request (AttachInterfacesV270Test:setUpClass): 201 POST http://10.180.1.21/identity/v3/projects 0.268s
2024-12-10 18:01:33.868 65768 INFO tempest.lib.common.rest_client [req-1aa55dcc-1b2a-4fdd-87a4-93e0fd5698f0 req-1aa55dcc-1b2a-4fdd-87a4-93e0fd5698f0 ] Request (HypervisorAdminTestJSON:test_get_hypervisor_stats): 200 GET http://10.180.1.21/compute/v2.1/os-hypervisors/statistics 0.593s
2024-12-10 18:01:33.905 65708 INFO tempest.lib.common.rest_client [req-57e4ea5a-7004-4545-9dbd-c80c80a17b2b req-57e4ea5a-7004-4545-9dbd-c80c80a17b2b ] Request (FlavorsAdminTestJSON:_run_cleanups): 202 DELETE http://10.180.1.21/compute/v2.1/flavors/1211032930 0.616s
2024-12-10 18:01:33.908 65714 INFO tempest.lib.common.rest_client [req-4e00e0ff-2719-4f39-988b-fa7f03273e8f req-4e00e0ff-2719-4f39-988b-fa7f03273e8f ] Request (HypervisorAdminNegativeUnderV252Test:tearDownClass): 204 DELETE http://10.180.1.21:9696/networking/v2.0/security-groups/8a120bd2-ee48-4239-8b8e-b94892a182e0 0.225s
2024-12-10 18:01:33.919 65748 INFO tempest.lib.common.rest_client [req-66e9c71e-3c81-4272-abac-0bbb67c4cbc4 req-66e9c71e-3c81-4272-abac-0bbb67c4cbc4 ] Request (FlavorsAccessNegativeTestJSON:test_flavor_access_list_with_public_flavor): 404 GET http://10.180.1.21/compute/v2.1/flavors/1268395589/os-flavor-access 0.607s
2024-12-10 18:01:33.933 65740 INFO tempest.lib.common.rest_client [req-0a42640c-7fbb-467a-b0f8-03cc4c2ddeae req-0a42640c-7fbb-467a-b0f8-03cc4c2ddeae ] Request (QuotasAdminNegativeTest:test_create_server_when_cpu_quota_is_full): 201 POST http://10.180.1.21/identity/v3/auth/tokens 0.211s
2024-12-10 18:01:33.934 65740 INFO tempest.lib.common.fixed_network [-] (QuotasAdminNegativeTest:test_create_server_when_cpu_quota_is_full) Found network None available for tenant
2024-12-10 18:01:33.937 65744 INFO tempest.lib.common.rest_client [req-8a0ac463-23d7-4b86-b644-a028512c3f80 req-8a0ac463-23d7-4b86-b644-a028512c3f80 ] Request (FlavorsExtraSpecsTestJSON:test_flavor_set_get_update_show_unset_keys): 200 GET http://10.180.1.21/compute/v2.1/flavors/499304835/os-extra_specs 0.602s
2024-12-10 18:01:33.997 65722 INFO tempest.lib.common.rest_client [req-330d4a13-d873-4855-9e0b-55a4fea4a140 req-330d4a13-d873-4855-9e0b-55a4fea4a140 ] Request (HypervisorAdminNegativeTestJSON:tearDownClass): 201 POST http://10.180.1.21/identity/v3/auth/tokens 0.210s
2024-12-10 18:01:34.021 65718 INFO tempest.lib.common.rest_client [req-c2128c21-d9fc-4b02-888f-3dfa8577b063 req-c2128c21-d9fc-4b02-888f-3dfa8577b063 ] Request (AttachInterfacesV270Test:setUpClass): 201 POST http://10.180.1.21/identity/v3/users 0.168s
2024-12-10 18:01:34.027 65757 INFO tempest.lib.common.rest_client [req-9b6a4674-b9b7-4d38-b778-616fa45ff941 req-9b6a4674-b9b7-4d38-b778-616fa45ff941 ] Request (ListServerFiltersTestJSON:setUpClass): 200 GET http://10.180.1.21/compute/v2.1/servers/6ff5367c-657e-486f-9c7a-8b8580cae366 0.687s
2024-12-10 18:01:34.040 65746 INFO tempest.lib.common.rest_client [req-47b598a5-113a-4e6f-83a4-cbcda5fe71a7 req-47b598a5-113a-4e6f-83a4-cbcda5fe71a7 ] Request (FlavorsExtraSpecsNegativeTestJSON:test_flavor_update_more_key): 400 PUT http://10.180.1.21/compute/v2.1/flavors/1879778001/os-extra_specs/hw:numa_nodes 0.693s
2024-12-10 18:01:34.092 65764 INFO tempest.lib.common.rest_client [req-bfe200a5-af89-4112-b60e-40f9461c096b req-bfe200a5-af89-4112-b60e-40f9461c096b ] Request (QuotasAdminTestJSON:tearDownClass): 204 DELETE http://10.180.1.21/identity/v3/projects/a89b4468bc204ebfa71192d0adc6eab3 0.314s
2024-12-10 18:01:34.092 65764 INFO tempest.lib.common.dynamic_creds [-] Deleting project and security group for project: df214ea1a8a54c089ed6e934159a6060
2024-12-10 18:01:34.114 65768 INFO tempest.lib.common.rest_client [req-6b86822e-10af-4872-94a5-a66062e118a1 req-6b86822e-10af-4872-94a5-a66062e118a1 ] Request (HypervisorAdminTestJSON:tearDownClass): 204 DELETE http://10.180.1.21/identity/v3/users/fdf4d91409274f928b2e37fb0f5f2b6c 0.242s
2024-12-10 18:01:34.192 65718 INFO tempest.lib.common.rest_client [req-f0f17ac9-2a83-407f-832b-42a3c0552bbf req-f0f17ac9-2a83-407f-832b-42a3c0552bbf ] Request (AttachInterfacesV270Test:setUpClass): 200 GET http://10.180.1.21/identity/v3/roles 0.171s
2024-12-10 18:01:34.218 65714 INFO tempest.lib.common.rest_client [req-088f6135-3e31-416a-a704-df80d8cf96ec req-088f6135-3e31-416a-a704-df80d8cf96ec ] Request (HypervisorAdminNegativeUnderV252Test:tearDownClass): 204 DELETE http://10.180.1.21/identity/v3/projects/488d6d766d254c3b945fc3901cae4bd4 0.309s
2024-12-10 18:01:34.218 65714 INFO tempest.lib.common.dynamic_creds [-] Deleting project and security group for project: 1dd1a42915d54c81846bf213c2017976
2024-12-10 18:01:34.317 65768 INFO tempest.lib.common.rest_client [req-dca271e4-b619-458f-a1a5-53279d781e9e req-dca271e4-b619-458f-a1a5-53279d781e9e ] Request (HypervisorAdminTestJSON:tearDownClass): 204 DELETE http://10.180.1.21/identity/v3/users/7f13495c39194bb6a21f72a7b0d1717f 0.202s
2024-12-10 18:01:34.317 65768 INFO tempest.lib.common.dynamic_creds [-] Deleting project and security group for project: 734f182f8966418a9c97c396615bd9b9
2024-12-10 18:01:34.374 65728 INFO tempest.lib.common.rest_client [req-93397d0f-4b41-4e22-aad0-9bac12289e85 req-93397d0f-4b41-4e22-aad0-9bac12289e85 ] Request (InstanceUsageAuditLogTestJSON:test_get_instance_usage_audit_log): 200 GET http://10.180.1.21/compute/v2.1/os-instance_usage_audit_log/2024-12-10%2018%3A01%3A33 1.002s
2024-12-10 18:01:34.383 65762 INFO tempest.lib.common.rest_client [req-bf279c29-1de0-412c-856d-b95a33513e7d req-bf279c29-1de0-412c-856d-b95a33513e7d ] Request (KeyPairsV22TestJSON:test_keypairs_create_list_delete): 200 GET http://10.180.1.21/compute/v2.1/os-keypairs 0.994s
2024-12-10 18:01:34.393 65764 INFO tempest.lib.common.rest_client [req-0756cd8b-12e6-493a-8505-706b0efaa497 req-0756cd8b-12e6-493a-8505-706b0efaa497 ] Request (QuotasAdminTestJSON:tearDownClass): 200 GET http://10.180.1.21:9696/networking/v2.0/security-groups?tenant_id=df214ea1a8a54c089ed6e934159a6060&name=default 0.300s
2024-12-10 18:01:34.408 65739 INFO tempest.lib.common.rest_client [req-e2010a75-a0fa-4b5c-b192-8545f16ba8d6 req-e2010a75-a0fa-4b5c-b192-8545f16ba8d6 ] Request (FlavorsAccessTestJSON:test_flavor_access_list_with_private_flavor): 200 GET http://10.180.1.21/compute/v2.1/flavors/475511595/os-flavor-access 1.000s
2024-12-10 18:01:34.437 65734 INFO tempest.lib.common.rest_client [req-919e0fa6-6089-41d7-8558-eda04829010d req-919e0fa6-6089-41d7-8558-eda04829010d ] Request (AggregatesAdminNegativeTestJSON:test_aggregate_add_non_exist_host): 200 POST http://10.180.1.21/compute/v2.1/os-aggregates 0.937s
2024-12-10 18:01:34.437 65768 INFO tempest.lib.common.rest_client [req-cbb2c183-23d5-4423-a907-432910d13e70 req-cbb2c183-23d5-4423-a907-432910d13e70 ] Request (HypervisorAdminTestJSON:tearDownClass): 201 POST http://10.180.1.21/identity/v3/auth/tokens 0.120s
2024-12-10 18:01:34.443 65718 INFO tempest.lib.common.rest_client [req-11ddce31-5036-489c-9c39-85779a7ee4cd req-11ddce31-5036-489c-9c39-85779a7ee4cd ] Request (AttachInterfacesV270Test:setUpClass): 204 PUT http://10.180.1.21/identity/v3/projects/b2a01a7e1f4444c194ecf6eb5deb7243/users/168d9384ec27421d9cdb10e030ebd992/roles/13574f18d80f431e8d30a08442f7aae0 0.251s
2024-12-10 18:01:34.444 65718 INFO tempest.lib.common.dynamic_creds [-] Dynamic test user 168d9384ec27421d9cdb10e030ebd992 is created with scope project and roles: ['member']
2024-12-10 18:01:34.444 65718 INFO tempest.lib.common.dynamic_creds [-] Acquired dynamic creds: credentials: Credentials: {'domain_id': 'default', 'domain_name': 'Default', 'username': 'tempest-AttachInterfacesV270Test-616249122-project-member', 'project_domain_id': 'default', 'project_domain_name': 'Default', 'project_id': 'b2a01a7e1f4444c194ecf6eb5deb7243', 'project_name': 'tempest-AttachInterfacesV270Test-616249122', 'tenant_id': 'b2a01a7e1f4444c194ecf6eb5deb7243', 'tenant_name': 'tempest-AttachInterfacesV270Test-616249122', 'user_domain_id': 'default', 'user_domain_name': 'Default', 'user_id': '168d9384ec27421d9cdb10e030ebd992', 'system': None}, Network: None, Subnet: None, Router: None
2024-12-10 18:01:34.476 65726 INFO tempest.lib.common.rest_client [req-f60a0ff1-635b-4442-b804-c391477f304b req-f60a0ff1-635b-4442-b804-c391477f304b ] Request (QuotasAdminTestV257:test_get_updated_quotas): 200 PUT http://10.180.1.21/compute/v2.1/os-quota-sets/93169ed532f04098ab7afa4f657d12e6 1.404s
2024-12-10 18:01:34.500 65714 INFO tempest.lib.common.rest_client [req-b9fb3931-d722-461a-8d34-d5d41dc797fc req-b9fb3931-d722-461a-8d34-d5d41dc797fc ] Request (HypervisorAdminNegativeUnderV252Test:tearDownClass): 200 GET http://10.180.1.21:9696/networking/v2.0/security-groups?tenant_id=1dd1a42915d54c81846bf213c2017976&name=default 0.281s
2024-12-10 18:01:34.524 65718 INFO tempest.lib.common.rest_client [req-47e51478-307a-4743-b693-b28b5957b926 req-47e51478-307a-4743-b693-b28b5957b926 ] Request (AttachInterfacesV270Test:setUpClass): 201 POST http://10.180.1.21/identity/v3/auth/tokens 0.079s
2024-12-10 18:01:34.637 65722 INFO tempest.lib.common.rest_client [req-be79aaa6-1207-4172-9cec-ae0296078069 req-be79aaa6-1207-4172-9cec-ae0296078069 ] Request (HypervisorAdminNegativeTestJSON:tearDownClass): 200 GET http://10.180.1.21:9696/networking/v2.0/security-groups?tenant_id=96bcda83db854876a619e80cbd163811&name=default 0.640s
2024-12-10 18:01:34.650 65760 INFO tempest.lib.common.rest_client [req-7e733834-d82f-45ab-b63d-ba3998af8835 req-7e733834-d82f-45ab-b63d-ba3998af8835 ] Request (VolumesAssistedSnapshotsTest:test_volume_assisted_snapshot_create_delete): 200 POST http://10.180.1.21/compute/v2.1/os-keypairs 0.864s
2024-12-10 18:01:34.658 65714 INFO tempest.lib.common.rest_client [req-9357fecf-ddd0-4a6a-967e-c75a9ffec869 req-9357fecf-ddd0-4a6a-967e-c75a9ffec869 ] Request (HypervisorAdminNegativeUnderV252Test:tearDownClass): 204 DELETE http://10.180.1.21:9696/networking/v2.0/security-groups/67b004d7-2359-4d5b-9741-7747af6b1867 0.158s
2024-12-10 18:01:34.704 65736 INFO tempest.lib.common.rest_client [req-4047efaf-9dac-4e8d-8de3-c7a511e688a0 req-4047efaf-9dac-4e8d-8de3-c7a511e688a0 ] Request (HostsAdminTestJSON:test_show_host_detail): 200 GET http://10.180.1.21/compute/v2.1/os-hosts/cpu-1 0.857s
2024-12-10 18:01:34.715 65712 INFO tempest.lib.common.rest_client [req-e41d03c5-4287-4782-9ae6-522dc97c0b07 req-e41d03c5-4287-4782-9ae6-522dc97c0b07 ] Request (ServersAdminNegativeTestJSON:setUpClass): 200 GET http://10.180.1.21/compute/v2.1/servers/227a90d6-1651-45fb-bb34-c785a7a7ff49 1.068s
2024-12-10 18:01:34.716 65764 INFO tempest.lib.common.rest_client [req-27dc9789-7334-4612-9a51-b7985558458a req-27dc9789-7334-4612-9a51-b7985558458a ] Request (QuotasAdminTestJSON:tearDownClass): 204 DELETE http://10.180.1.21:9696/networking/v2.0/security-groups/4587f23e-2345-48c3-8e12-946894be17ea 0.322s
2024-12-10 18:01:34.739 65708 INFO tempest.lib.common.rest_client [req-ab43f6b9-1be7-4b49-ac05-943460d263e2 req-ab43f6b9-1be7-4b49-ac05-943460d263e2 ] Request (FlavorsAdminTestJSON:_run_cleanups): 200 GET http://10.180.1.21/compute/v2.1/flavors/detail 0.833s
2024-12-10 18:01:34.742 65748 INFO tempest.lib.common.rest_client [req-e4607d61-8023-4279-a795-23fc736cca82 req-e4607d61-8023-4279-a795-23fc736cca82 ] Request (FlavorsAccessNegativeTestJSON:_run_cleanups): 202 DELETE http://10.180.1.21/compute/v2.1/flavors/1268395589 0.822s
2024-12-10 18:01:34.764 65714 INFO tempest.lib.common.rest_client [req-6e0b43b7-21af-4877-9f3e-f28fd078e126 req-6e0b43b7-21af-4877-9f3e-f28fd078e126 ] Request (HypervisorAdminNegativeUnderV252Test:tearDownClass): 204 DELETE http://10.180.1.21/identity/v3/projects/1dd1a42915d54c81846bf213c2017976 0.105s
2024-12-10 18:01:34.776 65744 INFO tempest.lib.common.rest_client [req-c84a82af-0b29-4e08-9127-d71da3e08892 req-c84a82af-0b29-4e08-9127-d71da3e08892 ] Request (FlavorsExtraSpecsTestJSON:test_flavor_set_get_update_show_unset_keys): 200 DELETE http://10.180.1.21/compute/v2.1/flavors/499304835/os-extra_specs/hw:numa_nodes 0.838s
2024-12-10 18:01:34.791 65746 INFO tempest.lib.common.rest_client [req-48d60625-62b1-4663-8702-2fca1187e3f1 req-48d60625-62b1-4663-8702-2fca1187e3f1 ] Request (FlavorsExtraSpecsNegativeTestJSON:tearDownClass): 202 DELETE http://10.180.1.21/compute/v2.1/flavors/1879778001 0.749s
2024-12-10 18:01:34.857 65758 INFO tempest.lib.common.rest_client [req-7d9c93f6-1cd2-4c01-9ab8-da6239192d69 req-7d9c93f6-1cd2-4c01-9ab8-da6239192d69 ] Request (FloatingIPsTestJSON:tearDownClass): 200 PUT http://10.180.1.21:9696/networking/v2.0/routers/50c8ea90-adf6-4c57-88dd-746f7486526b/remove_router_interface 1.672s
2024-12-10 18:01:34.861 65722 INFO tempest.lib.common.rest_client [req-d1c97fd2-657a-4482-a6db-44c57d2c1d07 req-d1c97fd2-657a-4482-a6db-44c57d2c1d07 ] Request (HypervisorAdminNegativeTestJSON:tearDownClass): 204 DELETE http://10.180.1.21:9696/networking/v2.0/security-groups/35ff58a8-b742-4a80-967e-75e3fb1a02e0 0.223s
2024-12-10 18:01:34.869 65760 INFO tempest.lib.common.rest_client [req-df585fc8-a10c-4790-a69a-b23f00868441 req-df585fc8-a10c-4790-a69a-b23f00868441 ] Request (VolumesAssistedSnapshotsTest:test_volume_assisted_snapshot_create_delete): 201 POST http://10.180.1.21:9696/networking/v2.0/security-groups 0.217s
2024-12-10 18:01:34.881 65764 INFO tempest.lib.common.rest_client [req-54075302-ec74-4d0e-8a09-20deb35b2f05 req-54075302-ec74-4d0e-8a09-20deb35b2f05 ] Request (QuotasAdminTestJSON:tearDownClass): 204 DELETE http://10.180.1.21/identity/v3/projects/df214ea1a8a54c089ed6e934159a6060 0.164s
2024-12-10 18:01:34.885 65736 INFO tempest.lib.common.rest_client [req-b40e694e-3ad8-4045-9f0d-057c59ebed72 req-b40e694e-3ad8-4045-9f0d-057c59ebed72 ] Request (HostsAdminTestJSON:tearDownClass): 204 DELETE http://10.180.1.21/identity/v3/users/1f5968cc0afb426b9dcaef2ef5a190b3 0.178s
2024-12-10 18:01:34.896 65768 INFO tempest.lib.common.rest_client [req-5f5c6f3c-94e0-4555-8982-087bb20364ae req-5f5c6f3c-94e0-4555-8982-087bb20364ae ] Request (HypervisorAdminTestJSON:tearDownClass): 200 GET http://10.180.1.21:9696/networking/v2.0/security-groups?tenant_id=734f182f8966418a9c97c396615bd9b9&name=default 0.459s
2024-12-10 18:01:34.973 65714 INFO tempest.lib.common.rest_client [req-616b0962-57ae-444f-ae02-ac1b39067951 req-616b0962-57ae-444f-ae02-ac1b39067951 ] Request (ServersAdmin275Test:setUpClass): 201 POST http://10.180.1.21/identity/v3/auth/tokens 0.208s
2024-12-10 18:01:35.019 65724 INFO tempest.lib.common.rest_client [req-556d4c65-9bad-4e49-8714-881d257987ab req-556d4c65-9bad-4e49-8714-881d257987ab ] Request (DeleteServersAdminTestJSON:test_admin_delete_servers_of_others): 200 GET http://10.180.1.21/compute/v2.1/servers/655d0482-59c4-41f6-856c-51e1b06002cf 0.947s
2024-12-10 18:01:35.073 65768 INFO tempest.lib.common.rest_client [req-4803aa17-b261-4cd2-93c9-93996a54d7e3 req-4803aa17-b261-4cd2-93c9-93996a54d7e3 ] Request (HypervisorAdminTestJSON:tearDownClass): 204 DELETE http://10.180.1.21:9696/networking/v2.0/security-groups/7783aa3f-a1c3-40c0-b804-42d4b8b7e62d 0.176s
2024-12-10 18:01:35.111 65722 INFO tempest.lib.common.rest_client [req-8e3a6476-d79d-452c-899a-d48197006c53 req-8e3a6476-d79d-452c-899a-d48197006c53 ] Request (HypervisorAdminNegativeTestJSON:tearDownClass): 204 DELETE http://10.180.1.21/identity/v3/projects/96bcda83db854876a619e80cbd163811 0.245s
2024-12-10 18:01:35.111 65722 INFO tempest.lib.common.dynamic_creds [-] Deleting project and security group for project: 7c0d8584e5014cba95399a360ba18db6
2024-12-10 18:01:35.134 65764 INFO tempest.lib.common.rest_client [req-1a56a323-57c1-43d3-b44a-14a8f62023c4 req-1a56a323-57c1-43d3-b44a-14a8f62023c4 ] Request (QuotasSecurityGroupAdminNegativeTest:setUpClass): 201 POST http://10.180.1.21/identity/v3/auth/tokens 0.250s
2024-12-10 18:01:35.164 65714 INFO tempest.lib.common.rest_client [req-5468e849-e7e2-4adc-b307-9694ad887893 req-5468e849-e7e2-4adc-b307-9694ad887893 ] Request (ServersAdmin275Test:setUpClass): 201 POST http://10.180.1.21/identity/v3/auth/tokens 0.188s
2024-12-10 18:01:35.206 65736 INFO tempest.lib.common.rest_client [req-a189f3eb-a143-4655-87f2-5b826cd1b7b0 req-a189f3eb-a143-4655-87f2-5b826cd1b7b0 ] Request (HostsAdminTestJSON:tearDownClass): 204 DELETE http://10.180.1.21/identity/v3/users/aeda261666884a05958eb08d11cb803b 0.321s
2024-12-10 18:01:35.206 65736 INFO tempest.lib.common.dynamic_creds [-] Deleting project and security group for project: 563d9dcd5fa747ee8b603cbce4165015
2024-12-10 18:01:35.220 65768 INFO tempest.lib.common.rest_client [req-c246fb09-a1d9-4e80-8fc7-0d8521fb0cff req-c246fb09-a1d9-4e80-8fc7-0d8521fb0cff ] Request (HypervisorAdminTestJSON:tearDownClass): 204 DELETE http://10.180.1.21/identity/v3/projects/734f182f8966418a9c97c396615bd9b9 0.146s
2024-12-10 18:01:35.220 65768 INFO tempest.lib.common.dynamic_creds [-] Deleting project and security group for project: 84ad0ac1d83f45e48ded200bda884555
2024-12-10 18:01:35.240 65718 INFO tempest.lib.common.rest_client [req-5a255182-db90-46f8-85c3-cb176e7b8221 req-5a255182-db90-46f8-85c3-cb176e7b8221 ] Request (AttachInterfacesV270Test:setUpClass): 201 POST http://10.180.1.21:9696/networking/v2.0/networks 0.716s
2024-12-10 18:01:35.257 65760 INFO tempest.lib.common.rest_client [req-081f2fff-3a2a-478f-8228-3da78a03c9d4 req-081f2fff-3a2a-478f-8228-3da78a03c9d4 ] Request (VolumesAssistedSnapshotsTest:test_volume_assisted_snapshot_create_delete): 201 POST http://10.180.1.21:9696/networking/v2.0/security-group-rules 0.388s
2024-12-10 18:01:35.274 65764 INFO tempest.lib.common.rest_client [req-0f4c8828-f4f7-445c-98f7-36f45ab2f9ec req-0f4c8828-f4f7-445c-98f7-36f45ab2f9ec ] Request (QuotasSecurityGroupAdminNegativeTest:setUpClass): 201 POST http://10.180.1.21/identity/v3/auth/tokens 0.136s
2024-12-10 18:01:35.301 65740 INFO tempest.lib.common.rest_client [req-e5b6ccd9-7e19-473a-9610-ca8279ae9f05 req-e5b6ccd9-7e19-473a-9610-ca8279ae9f05 ] Request (QuotasAdminNegativeTest:test_create_server_when_cpu_quota_is_full): 403 POST http://10.180.1.21/compute/v2.1/servers 1.366s
2024-12-10 18:01:35.301 65714 INFO tempest.lib.common.rest_client [req-51467684-d41c-431b-b46e-5549f8a43ff0 req-51467684-d41c-431b-b46e-5549f8a43ff0 ] Request (ServersAdmin275Test:setUpClass): 200 GET http://10.180.1.21/identity/v3/domains?name=Default 0.137s
2024-12-10 18:01:35.302 65736 INFO tempest.lib.common.rest_client [req-51621dff-c68d-4b02-8b6f-1265218c8fa8 req-51621dff-c68d-4b02-8b6f-1265218c8fa8 ] Request (HostsAdminTestJSON:tearDownClass): 201 POST http://10.180.1.21/identity/v3/auth/tokens 0.095s
2024-12-10 18:01:35.326 65752 INFO tempest.lib.common.rest_client [req-e8fb0f8e-1647-4c39-b52f-7d7f9a3556e2 req-e8fb0f8e-1647-4c39-b52f-7d7f9a3556e2 ] Request (ServerDiagnosticsTest:test_get_server_diagnostics): 200 GET http://10.180.1.21/compute/v2.1/servers/d50ddb0d-24b8-4145-ba74-b43672c7a996 1.196s
2024-12-10 18:01:35.329 65764 INFO tempest.lib.common.rest_client [req-af0730da-acec-4c76-b8a6-18bb4147e711 req-af0730da-acec-4c76-b8a6-18bb4147e711 ] Request (QuotasSecurityGroupAdminNegativeTest:setUpClass): 200 GET http://10.180.1.21/identity/v3/domains?name=Default 0.055s
2024-12-10 18:01:35.359 65714 INFO tempest.lib.common.rest_client [req-b1f7f5cf-9c2e-4a48-ac84-76b448b88dcf req-b1f7f5cf-9c2e-4a48-ac84-76b448b88dcf ] Request (ServersAdmin275Test:setUpClass): 201 POST http://10.180.1.21/identity/v3/projects 0.057s
2024-12-10 18:01:35.371 65720 INFO tempest.lib.common.rest_client [req-b9fa2bec-3176-474a-8b97-153dcafba7b7 req-b9fa2bec-3176-474a-8b97-153dcafba7b7 ] Request (FloatingIPsAssociationNegativeTestJSON:setUpClass): 200 GET http://10.180.1.21/compute/v2.1/servers/9459abc8-7efd-4c3a-8dd4-ecaec1e39b24 1.239s
2024-12-10 18:01:35.420 65716 INFO tempest.lib.common.rest_client [req-65b3202f-43eb-496b-bb5c-35f4be5cdb01 req-65b3202f-43eb-496b-bb5c-35f4be5cdb01 ] Request (ServerDiagnosticsV248Test:test_get_server_diagnostics): 200 GET http://10.180.1.21/compute/v2.1/servers/b7376628-2a4a-4ec8-8be2-48fc6ee95d73 1.228s
2024-12-10 18:01:35.428 65716 INFO tempest.common.waiters [-] State transition "BUILD/networking" ==> "BUILD/spawning" after 10 second wait
2024-12-10 18:01:35.429 65764 INFO tempest.lib.common.rest_client [req-8849d6b3-02fe-4006-843d-03a75abcfe59 req-8849d6b3-02fe-4006-843d-03a75abcfe59 ] Request (QuotasSecurityGroupAdminNegativeTest:setUpClass): 201 POST http://10.180.1.21/identity/v3/projects 0.099s
2024-12-10 18:01:35.489 65714 INFO tempest.lib.common.rest_client [req-b5afe34d-929c-4549-838e-443c117f27aa req-b5afe34d-929c-4549-838e-443c117f27aa ] Request (ServersAdmin275Test:setUpClass): 201 POST http://10.180.1.21/identity/v3/users 0.129s
2024-12-10 18:01:35.511 65764 INFO tempest.lib.common.rest_client [req-1a3ca8e7-fd23-4222-9bf1-e8a44b7492e6 req-1a3ca8e7-fd23-4222-9bf1-e8a44b7492e6 ] Request (QuotasSecurityGroupAdminNegativeTest:setUpClass): 201 POST http://10.180.1.21/identity/v3/users 0.081s
2024-12-10 18:01:35.518 65714 INFO tempest.lib.common.rest_client [req-67307763-fdc6-44c8-8efb-e674d6657075 req-67307763-fdc6-44c8-8efb-e674d6657075 ] Request (ServersAdmin275Test:setUpClass): 200 GET http://10.180.1.21/identity/v3/roles 0.028s
2024-12-10 18:01:35.530 65764 INFO tempest.lib.common.rest_client [req-b0adc7d3-24be-4c40-bb43-a21aba3047c3 req-b0adc7d3-24be-4c40-bb43-a21aba3047c3 ] Request (QuotasSecurityGroupAdminNegativeTest:setUpClass): 200 GET http://10.180.1.21/identity/v3/roles 0.019s
2024-12-10 18:01:35.556 65766 INFO tempest.lib.common.rest_client [req-58fd454a-e1d8-42f6-8645-6776baa70471 req-58fd454a-e1d8-42f6-8645-6776baa70471 ] Request (MigrationsAdminTest:test_list_migrations_in_flavor_resize_situation): 200 GET http://10.180.1.21/compute/v2.1/servers/aa2d2aa5-97cb-4c6b-a002-8dc69ed40276 1.283s
2024-12-10 18:01:35.558 65714 INFO tempest.lib.common.rest_client [req-1c205633-092d-4235-88f8-f59e2abd26e2 req-1c205633-092d-4235-88f8-f59e2abd26e2 ] Request (ServersAdmin275Test:setUpClass): 204 PUT http://10.180.1.21/identity/v3/projects/f0ccd1a4e2b24f469d075faebf426816/users/38cf2137225845beba18fbb0a3db1654/roles/13574f18d80f431e8d30a08442f7aae0 0.039s
2024-12-10 18:01:35.559 65714 INFO tempest.lib.common.dynamic_creds [-] Dynamic test user 38cf2137225845beba18fbb0a3db1654 is created with scope project and roles: ['member']
2024-12-10 18:01:35.559 65714 INFO tempest.lib.common.dynamic_creds [-] Acquired dynamic creds: credentials: Credentials: {'domain_id': 'default', 'domain_name': 'Default', 'username': 'tempest-ServersAdmin275Test-662556674-project-member', 'project_domain_id': 'default', 'project_domain_name': 'Default', 'project_id': 'f0ccd1a4e2b24f469d075faebf426816', 'project_name': 'tempest-ServersAdmin275Test-662556674', 'tenant_id': 'f0ccd1a4e2b24f469d075faebf426816', 'tenant_name': 'tempest-ServersAdmin275Test-662556674', 'user_domain_id': 'default', 'user_domain_name': 'Default', 'user_id': '38cf2137225845beba18fbb0a3db1654', 'system': None}, Network: None, Subnet: None, Router: None
2024-12-10 18:01:35.559 65714 INFO tempest.lib.common.dynamic_creds [-] Created isolated network resources for: credentials: Credentials: {'domain_id': 'default', 'domain_name': 'Default', 'username': 'tempest-ServersAdmin275Test-662556674-project-member', 'project_domain_id': 'default', 'project_domain_name': 'Default', 'project_id': 'f0ccd1a4e2b24f469d075faebf426816', 'project_name': 'tempest-ServersAdmin275Test-662556674', 'tenant_id': 'f0ccd1a4e2b24f469d075faebf426816', 'tenant_name': 'tempest-ServersAdmin275Test-662556674', 'user_domain_id': 'default', 'user_domain_name': 'Default', 'user_id': '38cf2137225845beba18fbb0a3db1654', 'system': None}, Network: None, Subnet: None, Router: None
2024-12-10 18:01:35.570 65728 INFO tempest.lib.common.rest_client [req-b03a6353-9379-49e0-918c-05d0858242e3 req-b03a6353-9379-49e0-918c-05d0858242e3 ] Request (InstanceUsageAuditLogTestJSON:test_list_instance_usage_audit_logs): 200 GET http://10.180.1.21/compute/v2.1/os-instance_usage_audit_log 1.194s
2024-12-10 18:01:35.578 65722 INFO tempest.lib.common.rest_client [req-98d983a7-516b-4583-8caf-9f0256d71ab6 req-98d983a7-516b-4583-8caf-9f0256d71ab6 ] Request (HypervisorAdminNegativeTestJSON:tearDownClass): 200 GET http://10.180.1.21:9696/networking/v2.0/security-groups?tenant_id=7c0d8584e5014cba95399a360ba18db6&name=default 0.467s
2024-12-10 18:01:35.604 65762 INFO tempest.lib.common.rest_client [req-0bd46c68-3a57-4302-8142-3d585f0cb825 req-0bd46c68-3a57-4302-8142-3d585f0cb825 ] Request (KeyPairsV22TestJSON:_run_cleanups): 204 DELETE http://10.180.1.21/compute/v2.1/os-keypairs/tempest-KeyPairsV22TestJSON-keypair-1972052409 1.218s
2024-12-10 18:01:35.604 65754 INFO tempest.lib.common.rest_client [req-fa577bed-1e3d-4126-971c-2d3194f4da37 req-fa577bed-1e3d-4126-971c-2d3194f4da37 ] Request (ServerAddressesNegativeTestJSON:setUpClass): 200 PUT http://10.180.1.21:9696/networking/v2.0/routers/2ab77ccf-bbbf-42fd-955e-c84debccc254/add_router_interface 2.489s
