2024-12-10 18:01:29.543 65720 INFO tempest.lib.common.dynamic_creds [-] Created isolated network resources for: credentials: Credentials: {'domain_id': 'default', 'domain_name': 'Default', 'username': 'tempest-FloatingIPsAssociationNegativeTestJSON-237674156-project-member', 'project_domain_id': 'default', 'project_domain_name': 'Default', 'project_id': 'f7e2584d716f4ee9add05e9501bf3989', 'project_name': 'tempest-FloatingIPsAssociationNegativeTestJSON-237674156', 'tenant_id': 'f7e2584d716f4ee9add05e9501bf3989', 'tenant_name': 'tempest-FloatingIPsAssociationNegativeTestJSON-237674156', 'user_domain_id': 'default', 'user_domain_name': 'Default', 'user_id': '732c81352dae4fe0861044b35e1e13f2', 'system': None}, Network: {'id': 'b8b57dc5-a9bd-4170-9fd1-eb6b23904ed8', 'name': 'tempest-FloatingIPsAssociationNegativeTestJSON-4014778-network', 'tenant_id': 'f7e2584d716f4ee9add05e9501bf3989', 'admin_state_up': True, 'mtu': 8950, 'status': 'ACTIVE', 'subnets': [], 'shared': False, 'project_id': 'f7e2584d716f4ee9add05e9501bf3989', 'port_security_enabled': True, 'router:external': False, 'provider:network_type': 'vlan', 'provider:physical_network': 'default', 'provider:segmentation_id': 307, 'availability_zone_hints': [], 'availability_zones': [], 'ipv4_address_scope': None, 'ipv6_address_scope': None, 'description': '', 'tags': [], 'created_at': '2024-12-10T18:01:24Z', 'updated_at': '2024-12-10T18:01:24Z', 'revision_number': 1}, Subnet: {'id': '3a3d8914-52d3-460e-be2f-2fa5223f5693', 'name': 'tempest-FloatingIPsAssociationNegativeTestJSON-4014778-subnet', 'tenant_id': 'f7e2584d716f4ee9add05e9501bf3989', 'network_id': 'b8b57dc5-a9bd-4170-9fd1-eb6b23904ed8', 'ip_version': 4, 'subnetpool_id': None, 'enable_dhcp': True, 'ipv6_ra_mode': None, 'ipv6_address_mode': None, 'gateway_ip': '192.168.128.1', 'cidr': '192.168.128.0/28', 'allocation_pools': [{'start': '192.168.128.2', 'end': '192.168.128.14'}], 'host_routes': [], 'dns_nameservers': [], 'description': '', 'router:external': False, 'service_types': [], 'tags': [], 'created_at': '2024-12-10T18:01:25Z', 'updated_at': '2024-12-10T18:01:25Z', 'revision_number': 0, 'project_id': 'f7e2584d716f4ee9add05e9501bf3989'}, Router: {'id': '06090ea1-e59f-41e0-968d-ff8cfe23dfba', 'name': 'tempest-FloatingIPsAssociationNegativeTestJSON-4014778-router', 'tenant_id': 'f7e2584d716f4ee9add05e9501bf3989', 'admin_state_up': True, 'status': 'ACTIVE', 'external_gateway_info': {'network_id': '317d2d59-ffda-43c3-bdee-d9af8118bcf9', 'external_fixed_ips': [{'subnet_id': '8010ab0d-c38d-4b56-8ea4-f9f6431e4f8f', 'ip_address': '10.180.180.154'}], 'enable_snat': True}, 'description': '', 'availability_zones': [], 'distributed': False, 'ha': False, 'availability_zone_hints': [], 'routes': [], 'flavor_id': None, 'tags': [], 'created_at': '2024-12-10T18:01:25Z', 'updated_at': '2024-12-10T18:01:26Z', 'revision_number': 2, 'project_id': 'f7e2584d716f4ee9add05e9501bf3989'}
2024-12-10 18:01:29.549 65754 INFO tempest.lib.common.rest_client [req-ad5453aa-7b1f-496b-9ef0-c38e098ff399 req-ad5453aa-7b1f-496b-9ef0-c38e098ff399 ] Request (TenantUsagesNegativeTestJSON:tearDownClass): 200 GET http://10.180.1.21:9696/networking/v2.0/security-groups?tenant_id=c0424e58856c4a95aeb195c0efdd0f30&name=default 0.306s
2024-12-10 18:01:29.571 65750 INFO tempest.lib.common.rest_client [req-d61c9fdc-6e83-44c1-ae29-79c9f52593a0 req-d61c9fdc-6e83-44c1-ae29-79c9f52593a0 ] Request (VolumesAdminNegativeTest:test_update_attached_volume_with_nonexistent_volume_in_body): 201 POST http://10.180.1.21:9696/networking/v2.0/security-group-rules 0.299s
2024-12-10 18:01:29.614 65768 INFO tempest.lib.common.rest_client [req-9f6a5a61-b242-40b0-9c80-c46696713e06 req-9f6a5a61-b242-40b0-9c80-c46696713e06 ] Request (HypervisorAdminTestJSON:test_get_hypervisor_list): 200 GET http://10.180.1.21/compute/v2.1/os-hypervisors 1.113s
2024-12-10 18:01:29.647 65708 INFO tempest.lib.common.rest_client [req-7f27f4f5-7457-4df2-a620-8e6596df719f req-7f27f4f5-7457-4df2-a620-8e6596df719f ] Request (FlavorsAdminTestJSON:test_create_flavor_verify_entry_in_list_details): 200 GET http://10.180.1.21/compute/v2.1/flavors/detail 0.933s
2024-12-10 18:01:29.668 65720 INFO tempest.lib.common.rest_client [req-6737e9a4-83e3-4f69-99d2-968948aac55e req-6737e9a4-83e3-4f69-99d2-968948aac55e ] Request (FloatingIPsAssociationNegativeTestJSON:setUpClass): 201 POST http://10.180.1.21/identity/v3/auth/tokens 0.118s
2024-12-10 18:01:29.668 65740 INFO tempest.lib.common.rest_client [req-70296306-4037-4fe0-899c-4060589826ac req-70296306-4037-4fe0-899c-4060589826ac ] Request (HypervisorAdminV253TestBase:tearDownClass): 200 GET http://10.180.1.21:9696/networking/v2.0/security-groups?tenant_id=793b742e7b3d4da8b77ef99ff0030e37&name=default 0.388s
2024-12-10 18:01:29.715 65754 INFO tempest.lib.common.rest_client [req-bb85643c-98f7-4377-9c1d-f13f80cbbdc3 req-bb85643c-98f7-4377-9c1d-f13f80cbbdc3 ] Request (TenantUsagesNegativeTestJSON:tearDownClass): 204 DELETE http://10.180.1.21:9696/networking/v2.0/security-groups/46b1a482-4ff7-4c30-ad4c-3ea6992b30fa 0.166s
2024-12-10 18:01:29.755 65720 INFO tempest.lib.common.rest_client [req-954dd26c-8f9d-4d0d-abe4-f2891a6ad369 req-954dd26c-8f9d-4d0d-abe4-f2891a6ad369 ] Request (FloatingIPsAssociationNegativeTestJSON:setUpClass): 201 POST http://10.180.1.21/identity/v3/auth/tokens 0.081s
2024-12-10 18:01:29.756 65720 INFO tempest.lib.common.fixed_network [-] (FloatingIPsAssociationNegativeTestJSON:setUpClass) Found network {'id': 'b8b57dc5-a9bd-4170-9fd1-eb6b23904ed8', 'name': 'tempest-FloatingIPsAssociationNegativeTestJSON-4014778-network', 'tenant_id': 'f7e2584d716f4ee9add05e9501bf3989', 'admin_state_up': True, 'mtu': 8950, 'status': 'ACTIVE', 'subnets': [], 'shared': False, 'project_id': 'f7e2584d716f4ee9add05e9501bf3989', 'port_security_enabled': True, 'router:external': False, 'provider:network_type': 'vlan', 'provider:physical_network': 'default', 'provider:segmentation_id': 307, 'availability_zone_hints': [], 'availability_zones': [], 'ipv4_address_scope': None, 'ipv6_address_scope': None, 'description': '', 'tags': [], 'created_at': '2024-12-10T18:01:24Z', 'updated_at': '2024-12-10T18:01:24Z', 'revision_number': 1} available for tenant
2024-12-10 18:01:29.768 65748 INFO tempest.lib.common.rest_client [req-2889d0cb-76cc-44bc-9643-4037cf5d7baf req-2889d0cb-76cc-44bc-9643-4037cf5d7baf ] Request (FlavorsAccessNegativeTestJSON:_run_cleanups): 200 POST http://10.180.1.21/compute/v2.1/flavors/2065636093/action 1.018s
2024-12-10 18:01:29.789 65762 INFO tempest.lib.common.rest_client [req-b7a68b8d-dec2-4a63-a764-3406a62a9a70 req-b7a68b8d-dec2-4a63-a764-3406a62a9a70 ] Request (KeyPairsV22TestJSON:_run_cleanups): 204 DELETE http://10.180.1.21/compute/v2.1/os-keypairs/tempest-keypair-509350449 0.968s
2024-12-10 18:01:29.803 65744 INFO tempest.lib.common.rest_client [req-f3774d98-6c94-4c56-8654-87a5b8ec8b09 req-f3774d98-6c94-4c56-8654-87a5b8ec8b09 ] Request (FlavorsExtraSpecsTestJSON:test_flavor_non_admin_get_specific_key): 200 GET http://10.180.1.21/compute/v2.1/flavors/499304835/os-extra_specs/hw:numa_nodes 0.949s
2024-12-10 18:01:29.810 65771 INFO tempest.lib.common.rest_client [req-35ee3b96-1b45-4b53-b085-b5f4e22a009e req-35ee3b96-1b45-4b53-b085-b5f4e22a009e ] Request (HypervisorAdminUnderV252Test:tearDownClass): 200 GET http://10.180.1.21:9696/networking/v2.0/security-groups?tenant_id=fab13b438b394163a82695b816094c43&name=default 0.601s
2024-12-10 18:01:29.828 65739 INFO tempest.lib.common.rest_client [req-c22602cb-7da6-4925-ad69-efef7ecbfa8e req-c22602cb-7da6-4925-ad69-efef7ecbfa8e ] Request (FlavorsAccessTestJSON:test_flavor_access_add_remove): 200 GET http://10.180.1.21/compute/v2.1/flavors/detail 0.708s
2024-12-10 18:01:29.833 65722 INFO tempest.lib.common.rest_client [req-7959e04d-b380-42c6-bcc2-e88db2cbd5ef req-7959e04d-b380-42c6-bcc2-e88db2cbd5ef ] Request (HypervisorAdminNegativeTestJSON:test_get_nonexistent_hypervisor_uptime): 404 GET http://10.180.1.21/compute/v2.1/os-hypervisors/22ddbf49-ecba-4983-8dc6-8d1c09fc1f64/uptime 0.703s
2024-12-10 18:01:29.843 65754 INFO tempest.lib.common.rest_client [req-9a872c20-56c2-420e-9561-2157af098242 req-9a872c20-56c2-420e-9561-2157af098242 ] Request (TenantUsagesNegativeTestJSON:tearDownClass): 204 DELETE http://10.180.1.21/identity/v3/projects/c0424e58856c4a95aeb195c0efdd0f30 0.127s
2024-12-10 18:01:29.860 65746 INFO tempest.lib.common.rest_client [req-27420f57-385f-46e8-919d-8fa5ef10a1c7 req-27420f57-385f-46e8-919d-8fa5ef10a1c7 ] Request (FlavorsExtraSpecsNegativeTestJSON:test_flavor_non_admin_update_specific_key): 200 POST http://10.180.1.21/compute/v2.1/flavors/1879778001/os-extra_specs 0.724s
2024-12-10 18:01:29.873 65710 INFO tempest.lib.common.rest_client [req-71d00d4f-94c6-41b1-b160-86ac772def81 req-71d00d4f-94c6-41b1-b160-86ac772def81 ] Request (ListImageFiltersTestJSON:setUpClass): 204 PUT http://10.180.1.21/image/v2/images/482addaa-d609-43e7-8dad-f867e7f2fccc/file 0.954s
2024-12-10 18:01:29.877 65728 INFO tempest.lib.common.rest_client [req-8155b943-f20c-44ec-8cbb-82d9a6be7827 req-8155b943-f20c-44ec-8cbb-82d9a6be7827 ] Request (FlavorMetadataValidation:tearDownClass): 200 GET http://10.180.1.21:9696/networking/v2.0/security-groups?tenant_id=0f24b53cc89740adaef3be98560e2f72&name=default 0.563s
2024-12-10 18:01:29.884 65714 INFO tempest.lib.common.rest_client [req-ab58b63f-6b1a-488d-a0ed-fcaed730ffdd req-ab58b63f-6b1a-488d-a0ed-fcaed730ffdd ] Request (HypervisorAdminNegativeUnderV252Test:test_show_servers_with_non_admin_user): 200 GET http://10.180.1.21/compute/v2.1/os-hypervisors 0.733s
2024-12-10 18:01:29.898 65718 INFO tempest.lib.common.rest_client [req-a68371e7-4741-4614-8095-f1de4cdd6ad0 req-a68371e7-4741-4614-8095-f1de4cdd6ad0 ] Request (FlavorsV261TestJSON:_run_cleanups): 202 DELETE http://10.180.1.21/compute/v2.1/flavors/699111430 0.717s
2024-12-10 18:01:29.926 65754 INFO tempest.lib.common.rest_client [req-3474ba31-93ac-4580-9d4a-56131d3b65e6 req-3474ba31-93ac-4580-9d4a-56131d3b65e6 ] Request (ServerAddressesNegativeTestJSON:setUpClass): 201 POST http://10.180.1.21/identity/v3/auth/tokens 0.079s
2024-12-10 18:01:29.956 65754 INFO tempest.lib.common.rest_client [req-7d8000f7-4240-43a8-a8ae-f70ec1d64028 req-7d8000f7-4240-43a8-a8ae-f70ec1d64028 ] Request (ServerAddressesNegativeTestJSON:setUpClass): 201 POST http://10.180.1.21/identity/v3/auth/tokens 0.028s
2024-12-10 18:01:29.984 65740 INFO tempest.lib.common.rest_client [req-ed63c808-378d-410a-a9d3-909f69ba2218 req-ed63c808-378d-410a-a9d3-909f69ba2218 ] Request (HypervisorAdminV253TestBase:tearDownClass): 204 DELETE http://10.180.1.21:9696/networking/v2.0/security-groups/e9b47ae5-2af2-4d00-bcb4-392d8a6d8969 0.315s
2024-12-10 18:01:29.985 65754 INFO tempest.lib.common.rest_client [req-29a63e54-cbc9-4098-ad2a-cb2a14b4c0bd req-29a63e54-cbc9-4098-ad2a-cb2a14b4c0bd ] Request (ServerAddressesNegativeTestJSON:setUpClass): 200 GET http://10.180.1.21/identity/v3/domains?name=Default 0.028s
2024-12-10 18:01:30.022 65766 INFO tempest.lib.common.rest_client [req-0e0df295-6191-4a79-a1fe-1dd9ed63e658 req-0e0df295-6191-4a79-a1fe-1dd9ed63e658 ] Request (MigrationsAdminTest:test_list_migrations): 200 GET http://10.180.1.21/compute/v2.1/os-migrations 0.836s
2024-12-10 18:01:30.036 65754 INFO tempest.lib.common.rest_client [req-2f5464d4-bb46-40ad-a5be-0ab0bc6979cf req-2f5464d4-bb46-40ad-a5be-0ab0bc6979cf ] Request (ServerAddressesNegativeTestJSON:setUpClass): 201 POST http://10.180.1.21/identity/v3/projects 0.050s
2024-12-10 18:01:30.047 65734 INFO tempest.lib.common.rest_client [req-b1b9edda-09be-45c1-a6bf-61a14d7a4eb7 req-b1b9edda-09be-45c1-a6bf-61a14d7a4eb7 ] Request (AggregatesAdminNegativeTestJSON:_run_cleanups): 200 DELETE http://10.180.1.21/compute/v2.1/os-aggregates/1 0.746s
2024-12-10 18:01:30.063 65740 INFO tempest.lib.common.rest_client [req-cc3e4cf9-8deb-4c75-b7e5-c7a5cdc11fc2 req-cc3e4cf9-8deb-4c75-b7e5-c7a5cdc11fc2 ] Request (HypervisorAdminV253TestBase:tearDownClass): 204 DELETE http://10.180.1.21/identity/v3/projects/793b742e7b3d4da8b77ef99ff0030e37 0.078s
2024-12-10 18:01:30.110 65766 INFO tempest.lib.common.rest_client [req-f392d153-b42f-4fd5-85e3-9f853f02661b req-f392d153-b42f-4fd5-85e3-9f853f02661b ] Request (MigrationsAdminTest:test_list_migrations_in_flavor_resize_situation): 201 POST http://10.180.1.21/identity/v3/auth/tokens 0.078s
2024-12-10 18:01:30.111 65766 INFO tempest.lib.common.fixed_network [-] (MigrationsAdminTest:test_list_migrations_in_flavor_resize_situation) Found network None available for tenant
2024-12-10 18:01:30.115 65712 INFO tempest.lib.common.rest_client [req-bd3eae53-2bc4-448f-8900-072b14aaac12 req-bd3eae53-2bc4-448f-8900-072b14aaac12 ] Request (ServersAdminNegativeTestJSON:setUpClass): 200 GET http://10.180.1.21/compute/v2.1/servers/227a90d6-1651-45fb-bb34-c785a7a7ff49 0.797s
2024-12-10 18:01:30.125 65771 INFO tempest.lib.common.rest_client [req-6b5b97c3-96ef-4e5c-b15d-5d5123d4d043 req-6b5b97c3-96ef-4e5c-b15d-5d5123d4d043 ] Request (HypervisorAdminUnderV252Test:tearDownClass): 204 DELETE http://10.180.1.21:9696/networking/v2.0/security-groups/a52adfdd-ef82-47aa-b3c5-ad596f0718cb 0.314s
2024-12-10 18:01:30.168 65728 INFO tempest.lib.common.rest_client [req-5f2442fa-7e7f-4de3-a859-f6d709d43524 req-5f2442fa-7e7f-4de3-a859-f6d709d43524 ] Request (FlavorMetadataValidation:tearDownClass): 204 DELETE http://10.180.1.21:9696/networking/v2.0/security-groups/af27cbba-99e3-42f6-9ed3-23db15f68ac7 0.289s
2024-12-10 18:01:30.171 65740 INFO tempest.lib.common.rest_client [req-a4146920-f136-4812-80ab-57756adca012 req-a4146920-f136-4812-80ab-57756adca012 ] Request (QuotasAdminNegativeTest:setUpClass): 201 POST http://10.180.1.21/identity/v3/auth/tokens 0.104s
2024-12-10 18:01:30.203 65754 INFO tempest.lib.common.rest_client [req-a65ce1e1-908a-47b4-a143-931c471bd7d0 req-a65ce1e1-908a-47b4-a143-931c471bd7d0 ] Request (ServerAddressesNegativeTestJSON:setUpClass): 201 POST http://10.180.1.21/identity/v3/users 0.167s
2024-12-10 18:01:30.226 65758 INFO tempest.lib.common.rest_client [req-98d2fd29-d310-48d8-bf49-bfe81c3d7114 req-98d2fd29-d310-48d8-bf49-bfe81c3d7114 ] Request (FloatingIPsTestJSON:test_delete_floating_ip): 202 DELETE http://10.180.1.21/compute/v2.1/os-floating-ips/a4f25118-6b62-4ace-9d6e-d530624324c2 2.051s
2024-12-10 18:01:30.227 65771 INFO tempest.lib.common.rest_client [req-ec68993a-7716-487d-a6ff-b23e6bf8617a req-ec68993a-7716-487d-a6ff-b23e6bf8617a ] Request (HypervisorAdminUnderV252Test:tearDownClass): 204 DELETE http://10.180.1.21/identity/v3/projects/fab13b438b394163a82695b816094c43 0.102s
2024-12-10 18:01:30.227 65771 INFO tempest.lib.common.dynamic_creds [-] Deleting project and security group for project: 01200e1833b24b0fba760cb2801e0abb
2024-12-10 18:01:30.253 65740 INFO tempest.lib.common.rest_client [req-a2a5bf74-3576-43c3-b324-72e0377bf7c2 req-a2a5bf74-3576-43c3-b324-72e0377bf7c2 ] Request (QuotasAdminNegativeTest:setUpClass): 201 POST http://10.180.1.21/identity/v3/auth/tokens 0.079s
2024-12-10 18:01:30.276 65754 INFO tempest.lib.common.rest_client [req-2b586e65-1363-4fc4-9eb4-046eb2464b33 req-2b586e65-1363-4fc4-9eb4-046eb2464b33 ] Request (ServerAddressesNegativeTestJSON:setUpClass): 200 GET http://10.180.1.21/identity/v3/roles 0.072s
2024-12-10 18:01:30.316 65728 INFO tempest.lib.common.rest_client [req-888b926e-842a-4f01-ad72-01ba35b0f8ee req-888b926e-842a-4f01-ad72-01ba35b0f8ee ] Request (FlavorMetadataValidation:tearDownClass): 204 DELETE http://10.180.1.21/identity/v3/projects/0f24b53cc89740adaef3be98560e2f72 0.148s
2024-12-10 18:01:30.316 65728 INFO tempest.lib.common.dynamic_creds [-] Deleting project and security group for project: f458fc771bf74dccb96a18255782d6a3
2024-12-10 18:01:30.337 65740 INFO tempest.lib.common.rest_client [req-ceeabce2-1809-4816-ba4e-423492db1cb2 req-ceeabce2-1809-4816-ba4e-423492db1cb2 ] Request (QuotasAdminNegativeTest:setUpClass): 200 GET http://10.180.1.21/identity/v3/domains?name=Default 0.083s
2024-12-10 18:01:30.357 65724 INFO tempest.lib.common.rest_client [req-653d80e6-b225-4743-8a48-5a4891408b64 req-653d80e6-b225-4743-8a48-5a4891408b64 ] Request (DeleteServersAdminTestJSON:test_admin_delete_servers_of_others): 200 GET http://10.180.1.21/compute/v2.1/servers/655d0482-59c4-41f6-856c-51e1b06002cf 1.023s
2024-12-10 18:01:30.373 65740 INFO tempest.lib.common.rest_client [req-568823ed-4e5e-4c33-a6da-0937982c0289 req-568823ed-4e5e-4c33-a6da-0937982c0289 ] Request (QuotasAdminNegativeTest:setUpClass): 201 POST http://10.180.1.21/identity/v3/projects 0.036s
2024-12-10 18:01:30.387 65754 INFO tempest.lib.common.rest_client [req-d7cb59d1-bdaa-4b6a-bfe2-55e83fafa02d req-d7cb59d1-bdaa-4b6a-bfe2-55e83fafa02d ] Request (ServerAddressesNegativeTestJSON:setUpClass): 204 PUT http://10.180.1.21/identity/v3/projects/edfd6faf21f34f61a9f308d741051ba9/users/c389493e993f462688783851ca6145dc/roles/13574f18d80f431e8d30a08442f7aae0 0.110s
2024-12-10 18:01:30.387 65754 INFO tempest.lib.common.dynamic_creds [-] Dynamic test user c389493e993f462688783851ca6145dc is created with scope project and roles: ['member']
2024-12-10 18:01:30.387 65754 INFO tempest.lib.common.dynamic_creds [-] Acquired dynamic creds: credentials: Credentials: {'domain_id': 'default', 'domain_name': 'Default', 'username': 'tempest-ServerAddressesNegativeTestJSON-2127952591-project-member', 'project_domain_id': 'default', 'project_domain_name': 'Default', 'project_id': 'edfd6faf21f34f61a9f308d741051ba9', 'project_name': 'tempest-ServerAddressesNegativeTestJSON-2127952591', 'tenant_id': 'edfd6faf21f34f61a9f308d741051ba9', 'tenant_name': 'tempest-ServerAddressesNegativeTestJSON-2127952591', 'user_domain_id': 'default', 'user_domain_name': 'Default', 'user_id': 'c389493e993f462688783851ca6145dc', 'system': None}, Network: None, Subnet: None, Router: None
2024-12-10 18:01:30.436 65752 INFO tempest.lib.common.rest_client [req-b6cbbc9b-0b38-4db7-9afb-596b2bc2cb99 req-b6cbbc9b-0b38-4db7-9afb-596b2bc2cb99 ] Request (ServerDiagnosticsTest:test_get_server_diagnostics): 200 GET http://10.180.1.21/compute/v2.1/servers/d50ddb0d-24b8-4145-ba74-b43672c7a996 1.041s
2024-12-10 18:01:30.445 65752 INFO tempest.common.waiters [-] State transition "BUILD/networking" ==> "BUILD/spawning" after 7 second wait
2024-12-10 18:01:30.449 65754 INFO tempest.lib.common.rest_client [req-03c70779-cc8c-423a-b467-ea7a253506ba req-03c70779-cc8c-423a-b467-ea7a253506ba ] Request (ServerAddressesNegativeTestJSON:setUpClass): 201 POST http://10.180.1.21/identity/v3/auth/tokens 0.062s
2024-12-10 18:01:30.463 65740 INFO tempest.lib.common.rest_client [req-1ca115d5-6449-49f5-ace5-b9166cd0ff22 req-1ca115d5-6449-49f5-ace5-b9166cd0ff22 ] Request (QuotasAdminNegativeTest:setUpClass): 201 POST http://10.180.1.21/identity/v3/users 0.089s
2024-12-10 18:01:30.481 65740 INFO tempest.lib.common.rest_client [req-df872649-5e2d-47b7-9f88-40604d9c0edc req-df872649-5e2d-47b7-9f88-40604d9c0edc ] Request (QuotasAdminNegativeTest:setUpClass): 200 GET http://10.180.1.21/identity/v3/roles 0.018s
2024-12-10 18:01:30.507 65740 INFO tempest.lib.common.rest_client [req-8e5ed0b8-cd83-4a37-94d8-bc241f2b631e req-8e5ed0b8-cd83-4a37-94d8-bc241f2b631e ] Request (QuotasAdminNegativeTest:setUpClass): 204 PUT http://10.180.1.21/identity/v3/projects/990d5d0089eb48faad043dc114ed2454/users/7f9cc8cb52b84ca7a18c7a32099641fe/roles/13574f18d80f431e8d30a08442f7aae0 0.025s
2024-12-10 18:01:30.507 65740 INFO tempest.lib.common.dynamic_creds [-] Dynamic test user 7f9cc8cb52b84ca7a18c7a32099641fe is created with scope project and roles: ['member']
2024-12-10 18:01:30.507 65740 INFO tempest.lib.common.dynamic_creds [-] Acquired dynamic creds: credentials: Credentials: {'domain_id': 'default', 'domain_name': 'Default', 'username': 'tempest-QuotasAdminNegativeTest-1033117794-project-member', 'project_domain_id': 'default', 'project_domain_name': 'Default', 'project_id': '990d5d0089eb48faad043dc114ed2454', 'project_name': 'tempest-QuotasAdminNegativeTest-1033117794', 'tenant_id': '990d5d0089eb48faad043dc114ed2454', 'tenant_name': 'tempest-QuotasAdminNegativeTest-1033117794', 'user_domain_id': 'default', 'user_domain_name': 'Default', 'user_id': '7f9cc8cb52b84ca7a18c7a32099641fe', 'system': None}, Network: None, Subnet: None, Router: None
2024-12-10 18:01:30.507 65740 INFO tempest.lib.common.dynamic_creds [-] Created isolated network resources for: credentials: Credentials: {'domain_id': 'default', 'domain_name': 'Default', 'username': 'tempest-QuotasAdminNegativeTest-1033117794-project-member', 'project_domain_id': 'default', 'project_domain_name': 'Default', 'project_id': '990d5d0089eb48faad043dc114ed2454', 'project_name': 'tempest-QuotasAdminNegativeTest-1033117794', 'tenant_id': '990d5d0089eb48faad043dc114ed2454', 'tenant_name': 'tempest-QuotasAdminNegativeTest-1033117794', 'user_domain_id': 'default', 'user_domain_name': 'Default', 'user_id': '7f9cc8cb52b84ca7a18c7a32099641fe', 'system': None}, Network: None, Subnet: None, Router: None
2024-12-10 18:01:30.530 65716 INFO tempest.lib.common.rest_client [req-f75cb991-2bb3-454d-aed5-b2f260cd3e7a req-f75cb991-2bb3-454d-aed5-b2f260cd3e7a ] Request (ServerDiagnosticsV248Test:test_get_server_diagnostics): 200 GET http://10.180.1.21/compute/v2.1/servers/b7376628-2a4a-4ec8-8be2-48fc6ee95d73 1.114s
2024-12-10 18:01:30.574 65740 INFO tempest.lib.common.rest_client [req-18265419-5b40-4d2e-af88-97e505a1b919 req-18265419-5b40-4d2e-af88-97e505a1b919 ] Request (QuotasAdminNegativeTest:setUpClass): 201 POST http://10.180.1.21/identity/v3/auth/tokens 0.064s
2024-12-10 18:01:30.593 65771 INFO tempest.lib.common.rest_client [req-2edbaaf2-f2c6-4abf-92ee-f47586467651 req-2edbaaf2-f2c6-4abf-92ee-f47586467651 ] Request (HypervisorAdminUnderV252Test:tearDownClass): 200 GET http://10.180.1.21:9696/networking/v2.0/security-groups?tenant_id=01200e1833b24b0fba760cb2801e0abb&name=default 0.365s
2024-12-10 18:01:30.616 65742 INFO tempest.lib.common.rest_client [req-9c1c08fb-c618-4dec-adbe-a8cae1bef317 req-9c1c08fb-c618-4dec-adbe-a8cae1bef317 ] Request (AttachInterfacesTestJSON:test_create_list_show_delete_interfaces_by_fixed_ip): 200 GET http://10.180.1.21/compute/v2.1/servers/3ba3ab68-3aca-455a-8600-9508a11579c9 1.126s
2024-12-10 18:01:30.635 65740 INFO tempest.lib.common.rest_client [req-7b576cd0-429b-4e9e-a5ea-58a3deae2b0d req-7b576cd0-429b-4e9e-a5ea-58a3deae2b0d ] Request (QuotasAdminNegativeTest:setUpClass): 201 POST http://10.180.1.21/identity/v3/projects 0.060s
2024-12-10 18:01:30.687 65728 INFO tempest.lib.common.rest_client [req-9dc6c9e8-0547-4206-8910-c37f3f856a7f req-9dc6c9e8-0547-4206-8910-c37f3f856a7f ] Request (FlavorMetadataValidation:tearDownClass): 200 GET http://10.180.1.21:9696/networking/v2.0/security-groups?tenant_id=f458fc771bf74dccb96a18255782d6a3&name=default 0.369s
2024-12-10 18:01:30.702 65740 INFO tempest.lib.common.rest_client [req-e6e6169b-8075-4401-9fc3-f9c1dd7e10d4 req-e6e6169b-8075-4401-9fc3-f9c1dd7e10d4 ] Request (QuotasAdminNegativeTest:setUpClass): 201 POST http://10.180.1.21/identity/v3/users 0.067s
2024-12-10 18:01:30.719 65740 INFO tempest.lib.common.rest_client [req-979202b0-57fb-4a50-ba8b-9e652fe26571 req-979202b0-57fb-4a50-ba8b-9e652fe26571 ] Request (QuotasAdminNegativeTest:setUpClass): 200 GET http://10.180.1.21/identity/v3/roles 0.016s
2024-12-10 18:01:30.747 65740 INFO tempest.lib.common.rest_client [req-34a31ccb-f16d-42e9-bf81-84b1bdb47fe4 req-34a31ccb-f16d-42e9-bf81-84b1bdb47fe4 ] Request (QuotasAdminNegativeTest:setUpClass): 204 PUT http://10.180.1.21/identity/v3/projects/f9a271e79bf54abaa72457e84630e98f/users/45c852291bf6488d9a94856a9a0e0d35/roles/022eacb80b96452193116ce3a82db09c 0.026s
2024-12-10 18:01:30.799 65740 INFO tempest.lib.common.rest_client [req-dfb80237-2994-46c7-b6e5-286df8d8af51 req-dfb80237-2994-46c7-b6e5-286df8d8af51 ] Request (QuotasAdminNegativeTest:setUpClass): 200 GET http://10.180.1.21/identity/v3/roles 0.051s
2024-12-10 18:01:30.818 65740 INFO tempest.lib.common.rest_client [req-8ee60bb0-4f52-4447-b657-7cef01e57b7e req-8ee60bb0-4f52-4447-b657-7cef01e57b7e ] Request (QuotasAdminNegativeTest:setUpClass): 204 PUT http://10.180.1.21/identity/v3/projects/f9a271e79bf54abaa72457e84630e98f/users/45c852291bf6488d9a94856a9a0e0d35/roles/022eacb80b96452193116ce3a82db09c 0.019s
2024-12-10 18:01:30.819 65740 INFO tempest.lib.common.dynamic_creds [-] Dynamic test user 45c852291bf6488d9a94856a9a0e0d35 is created with scope project and roles: ['admin']
2024-12-10 18:01:30.819 65740 INFO tempest.lib.common.dynamic_creds [-] Acquired dynamic creds: credentials: Credentials: {'domain_id': 'default', 'domain_name': 'Default', 'username': 'tempest-QuotasAdminNegativeTest-1469730274-project-admin', 'project_domain_id': 'default', 'project_domain_name': 'Default', 'project_id': 'f9a271e79bf54abaa72457e84630e98f', 'project_name': 'tempest-QuotasAdminNegativeTest-1469730274', 'tenant_id': 'f9a271e79bf54abaa72457e84630e98f', 'tenant_name': 'tempest-QuotasAdminNegativeTest-1469730274', 'user_domain_id': 'default', 'user_domain_name': 'Default', 'user_id': '45c852291bf6488d9a94856a9a0e0d35', 'system': None}, Network: None, Subnet: None, Router: None
2024-12-10 18:01:30.819 65740 INFO tempest.lib.common.dynamic_creds [-] Created isolated network resources for: credentials: Credentials: {'domain_id': 'default', 'domain_name': 'Default', 'username': 'tempest-QuotasAdminNegativeTest-1469730274-project-admin', 'project_domain_id': 'default', 'project_domain_name': 'Default', 'project_id': 'f9a271e79bf54abaa72457e84630e98f', 'project_name': 'tempest-QuotasAdminNegativeTest-1469730274', 'tenant_id': 'f9a271e79bf54abaa72457e84630e98f', 'tenant_name': 'tempest-QuotasAdminNegativeTest-1469730274', 'user_domain_id': 'default', 'user_domain_name': 'Default', 'user_id': '45c852291bf6488d9a94856a9a0e0d35', 'system': None}, Network: None, Subnet: None, Router: None
2024-12-10 18:01:30.878 65764 INFO tempest.lib.common.rest_client [req-12b46127-f988-4892-9d08-8f7d89c401fe req-12b46127-f988-4892-9d08-8f7d89c401fe ] Request (QuotasAdminTestJSON:test_update_all_quota_resources_for_tenant): 200 PUT http://10.180.1.21/compute/v2.1/os-quota-sets/df214ea1a8a54c089ed6e934159a6060 1.382s
2024-12-10 18:01:30.884 65771 INFO tempest.lib.common.rest_client [req-d9faa70d-03ee-4ee2-8242-29c31c0b8f0c req-d9faa70d-03ee-4ee2-8242-29c31c0b8f0c ] Request (HypervisorAdminUnderV252Test:tearDownClass): 204 DELETE http://10.180.1.21:9696/networking/v2.0/security-groups/166b3db8-db58-4300-95fd-4a535284325c 0.291s
2024-12-10 18:01:30.899 65768 INFO tempest.lib.common.rest_client [req-c45ff249-aae6-4dc3-9f70-405275b9bdfd req-c45ff249-aae6-4dc3-9f70-405275b9bdfd ] Request (HypervisorAdminTestJSON:test_get_hypervisor_list_details): 200 GET http://10.180.1.21/compute/v2.1/os-hypervisors/detail 1.283s
2024-12-10 18:01:30.912 65740 INFO tempest.lib.common.rest_client [req-7a6cd131-f457-4b0b-adcf-be99e5e7d04c req-7a6cd131-f457-4b0b-adcf-be99e5e7d04c ] Request (QuotasAdminNegativeTest:setUpClass): 201 POST http://10.180.1.21/identity/v3/auth/tokens 0.088s
2024-12-10 18:01:30.913 65740 WARNING tempest.lib.common.rest_client [-] Deprecated: "tenant_id" property is deprecated for removal, use "project_id" instead
2024-12-10 18:01:30.921 65708 INFO tempest.lib.common.rest_client [req-600bf0a5-f019-4aa5-b07b-ed134a4b025a req-600bf0a5-f019-4aa5-b07b-ed134a4b025a ] Request (FlavorsAdminTestJSON:_run_cleanups): 202 DELETE http://10.180.1.21/compute/v2.1/flavors/1989546535 1.269s
2024-12-10 18:01:30.930 65757 INFO tempest.lib.common.rest_client [req-9f68ef73-30ea-4f0c-a041-92894c49eef9 req-9f68ef73-30ea-4f0c-a041-92894c49eef9 ] Request (ListServerFiltersTestJSON:setUpClass): 202 POST http://10.180.1.21/compute/v2.1/servers 1.522s
2024-12-10 18:01:30.947 65748 INFO tempest.lib.common.rest_client [req-0fde3f13-d208-4e81-98f3-824eba80f33e req-0fde3f13-d208-4e81-98f3-824eba80f33e ] Request (FlavorsAccessNegativeTestJSON:_run_cleanups): 202 DELETE http://10.180.1.21/compute/v2.1/flavors/2065636093 1.178s
2024-12-10 18:01:30.973 65762 INFO tempest.lib.common.rest_client [req-d49d7494-fb0d-4cfc-a8c5-375916a3a4a2 req-d49d7494-fb0d-4cfc-a8c5-375916a3a4a2 ] Request (KeyPairsV22TestJSON:test_keypairs_create_list_delete): 201 POST http://10.180.1.21/compute/v2.1/os-keypairs 1.183s
2024-12-10 18:01:30.992 65744 INFO tempest.lib.common.rest_client [req-9635cf79-0ae4-4cc7-96f0-38ccdceef39e req-9635cf79-0ae4-4cc7-96f0-38ccdceef39e ] Request (FlavorsExtraSpecsTestJSON:test_flavor_set_get_update_show_unset_keys): 200 POST http://10.180.1.21/compute/v2.1/flavors/499304835/os-extra_specs 1.187s
2024-12-10 18:01:31.013 65722 INFO tempest.lib.common.rest_client [req-2bbb0365-49af-43cf-9e65-9c14ee4a0a65 req-2bbb0365-49af-43cf-9e65-9c14ee4a0a65 ] Request (HypervisorAdminNegativeTestJSON:test_show_hypervisor_with_non_admin_user): 200 GET http://10.180.1.21/compute/v2.1/os-hypervisors 1.178s
2024-12-10 18:01:31.014 65771 INFO tempest.lib.common.rest_client [req-d11bf64e-30be-4857-855e-f0bddec4c7d4 req-d11bf64e-30be-4857-855e-f0bddec4c7d4 ] Request (HypervisorAdminUnderV252Test:tearDownClass): 204 DELETE http://10.180.1.21/identity/v3/projects/01200e1833b24b0fba760cb2801e0abb 0.129s
2024-12-10 18:01:31.016 65746 INFO tempest.lib.common.rest_client [req-7320056f-3f5f-4331-95a0-414d286b47ee req-7320056f-3f5f-4331-95a0-414d286b47ee ] Request (FlavorsExtraSpecsNegativeTestJSON:test_flavor_non_admin_update_specific_key): 403 PUT http://10.180.1.21/compute/v2.1/flavors/1879778001/os-extra_specs/hw:numa_nodes 1.155s
2024-12-10 18:01:31.037 65750 INFO tempest.lib.common.rest_client [req-444b65d0-cda6-4ce9-8202-6fb3837c6cc3 req-444b65d0-cda6-4ce9-8202-6fb3837c6cc3 ] Request (VolumesAdminNegativeTest:test_update_attached_volume_with_nonexistent_volume_in_body): 201 POST http://10.180.1.21:9696/networking/v2.0/floatingips 1.465s
2024-12-10 18:01:31.052 65728 INFO tempest.lib.common.rest_client [req-6606e610-9077-45c6-91fb-a83f35db522c req-6606e610-9077-45c6-91fb-a83f35db522c ] Request (FlavorMetadataValidation:tearDownClass): 204 DELETE http://10.180.1.21:9696/networking/v2.0/security-groups/e3ec8285-c523-4463-9101-0040a396fd55 0.364s
2024-12-10 18:01:31.067 65710 INFO tempest.lib.common.rest_client [req-305d6343-0ac4-4f42-963b-dd5441de6a90 req-305d6343-0ac4-4f42-963b-dd5441de6a90 ] Request (ListImageFiltersTestJSON:setUpClass): 200 GET http://10.180.1.21/compute/v2.1/images/482addaa-d609-43e7-8dad-f867e7f2fccc 1.194s
2024-12-10 18:01:31.073 65714 INFO tempest.lib.common.rest_client [req-b748fb01-e281-4800-9946-6d61c584a946 req-b748fb01-e281-4800-9946-6d61c584a946 ] Request (HypervisorAdminNegativeUnderV252Test:test_show_servers_with_non_admin_user): 403 GET http://10.180.1.21/compute/v2.1/os-hypervisors/1/servers 1.188s
2024-12-10 18:01:31.083 65771 INFO tempest.lib.common.rest_client [req-bdb23eaa-cb6d-42de-aae4-eb641c7264ac req-bdb23eaa-cb6d-42de-aae4-eb641c7264ac ] Request (QuotasAdminTestV236:setUpClass): 201 POST http://10.180.1.21/identity/v3/auth/tokens 0.065s
2024-12-10 18:01:31.093 65739 INFO tempest.lib.common.rest_client [req-d728122c-6e70-4ce4-8466-c5e06da821d1 req-d728122c-6e70-4ce4-8466-c5e06da821d1 ] Request (FlavorsAccessTestJSON:_run_cleanups): 202 DELETE http://10.180.1.21/compute/v2.1/flavors/788064594 1.198s
2024-12-10 18:01:31.128 65754 INFO tempest.lib.common.rest_client [req-a7e1cbd9-12f2-4076-8922-f2e8b2daf8cc req-a7e1cbd9-12f2-4076-8922-f2e8b2daf8cc ] Request (ServerAddressesNegativeTestJSON:setUpClass): 201 POST http://10.180.1.21:9696/networking/v2.0/networks 0.679s
2024-12-10 18:01:31.133 65718 INFO tempest.lib.common.rest_client [req-286bb8a8-1e97-4423-973d-911dd481cb0d req-286bb8a8-1e97-4423-973d-911dd481cb0d ] Request (FlavorsV261TestJSON:_run_cleanups): 200 GET http://10.180.1.21/compute/v2.1/flavors/detail 1.234s
2024-12-10 18:01:31.156 65728 INFO tempest.lib.common.rest_client [req-0eded697-7461-4d80-9ba2-1013d693459b req-0eded697-7461-4d80-9ba2-1013d693459b ] Request (FlavorMetadataValidation:tearDownClass): 204 DELETE http://10.180.1.21/identity/v3/projects/f458fc771bf74dccb96a18255782d6a3 0.103s
2024-12-10 18:01:31.175 65734 INFO tempest.lib.common.rest_client [req-946919e4-02f1-4a30-855d-851d930ab6b3 req-946919e4-02f1-4a30-855d-851d930ab6b3 ] Request (AggregatesAdminNegativeTestJSON:test_aggregate_add_host_as_user): 200 POST http://10.180.1.21/compute/v2.1/os-aggregates 1.068s
2024-12-10 18:01:31.175 65750 INFO tempest.lib.common.rest_client [req-f4b4f8fa-fdc6-471a-becc-12f04534e820 req-f4b4f8fa-fdc6-471a-becc-12f04534e820 ] Request (VolumesAdminNegativeTest:test_update_attached_volume_with_nonexistent_volume_in_body): 201 POST http://10.180.1.21/identity/v3/auth/tokens 0.133s
2024-12-10 18:01:31.175 65750 INFO tempest.lib.common.fixed_network [-] (VolumesAdminNegativeTest:test_update_attached_volume_with_nonexistent_volume_in_body) Found network {'id': 'c9baaac3-f3f3-41b5-a21f-46d447232245', 'name': 'tempest-VolumesAdminNegativeTest-1728130609-network', 'tenant_id': 'bb71101c7c354898b301a7f98e979be2', 'admin_state_up': True, 'mtu': 8950, 'status': 'ACTIVE', 'subnets': [], 'shared': False, 'project_id': 'bb71101c7c354898b301a7f98e979be2', 'port_security_enabled': True, 'router:external': False, 'provider:network_type': 'vlan', 'provider:physical_network': 'default', 'provider:segmentation_id': 73, 'availability_zone_hints': [], 'availability_zones': [], 'ipv4_address_scope': None, 'ipv6_address_scope': None, 'description': '', 'tags': [], 'created_at': '2024-12-10T18:01:17Z', 'updated_at': '2024-12-10T18:01:17Z', 'revision_number': 1} available for tenant
2024-12-10 18:01:31.224 65771 INFO tempest.lib.common.rest_client [req-96693ea7-26a0-4940-809e-45c2dbd6ebf0 req-96693ea7-26a0-4940-809e-45c2dbd6ebf0 ] Request (QuotasAdminTestV236:setUpClass): 201 POST http://10.180.1.21/identity/v3/auth/tokens 0.138s
2024-12-10 18:01:31.254 65728 INFO tempest.lib.common.rest_client [req-76ec2784-1cd7-4f36-96dc-37c469bb8c43 req-76ec2784-1cd7-4f36-96dc-37c469bb8c43 ] Request (InstanceUsageAuditLogTestJSON:setUpClass): 201 POST http://10.180.1.21/identity/v3/auth/tokens 0.097s
2024-12-10 18:01:31.335 65718 INFO tempest.lib.common.rest_client [req-4bec8306-1af4-4b7f-855d-059dd32b498b req-4bec8306-1af4-4b7f-855d-059dd32b498b ] Request (FlavorsV261TestJSON:tearDownClass): 204 DELETE http://10.180.1.21/identity/v3/users/c43fdc1abd5a4e9293feb74510a1b921 0.136s
2024-12-10 18:01:31.393 65728 INFO tempest.lib.common.rest_client [req-7f61112c-228f-409a-ab13-4bfd663d2902 req-7f61112c-228f-409a-ab13-4bfd663d2902 ] Request (InstanceUsageAuditLogTestJSON:setUpClass): 201 POST http://10.180.1.21/identity/v3/auth/tokens 0.136s
2024-12-10 18:01:31.415 65771 INFO tempest.lib.common.rest_client [req-5159187a-3665-4e50-aad4-1f0619a67320 req-5159187a-3665-4e50-aad4-1f0619a67320 ] Request (QuotasAdminTestV236:setUpClass): 200 GET http://10.180.1.21/identity/v3/domains?name=Default 0.190s
2024-12-10 18:01:31.441 65728 INFO tempest.lib.common.rest_client [req-cb418c8d-f583-4d08-be32-2d8dc5914742 req-cb418c8d-f583-4d08-be32-2d8dc5914742 ] Request (InstanceUsageAuditLogTestJSON:setUpClass): 200 GET http://10.180.1.21/identity/v3/domains?name=Default 0.048s
2024-12-10 18:01:31.453 65718 INFO tempest.lib.common.rest_client [req-8ccf951b-0444-4b6c-bca7-84ce433afb64 req-8ccf951b-0444-4b6c-bca7-84ce433afb64 ] Request (FlavorsV261TestJSON:tearDownClass): 204 DELETE http://10.180.1.21/identity/v3/users/2cd8b24e4bc844ae89ae97f7d5080125 0.118s
2024-12-10 18:01:31.453 65718 INFO tempest.lib.common.dynamic_creds [-] Deleting project and security group for project: 249e641cff9747d9a7321b474ae2083f
2024-12-10 18:01:31.505 65720 INFO tempest.lib.common.rest_client [req-b4cc2ed8-cb5f-45f4-8166-56416f33dd1a req-b4cc2ed8-cb5f-45f4-8166-56416f33dd1a ] Request (FloatingIPsAssociationNegativeTestJSON:setUpClass): 202 POST http://10.180.1.21/compute/v2.1/servers 1.749s
2024-12-10 18:01:31.517 65771 INFO tempest.lib.common.rest_client [req-0fa76171-7d68-46d3-ac07-02d369dd9b52 req-0fa76171-7d68-46d3-ac07-02d369dd9b52 ] Request (QuotasAdminTestV236:setUpClass): 201 POST http://10.180.1.21/identity/v3/projects 0.102s
2024-12-10 18:01:31.522 65728 INFO tempest.lib.common.rest_client [req-57af1ef9-b59a-4e0a-aa75-785cca68872a req-57af1ef9-b59a-4e0a-aa75-785cca68872a ] Request (InstanceUsageAuditLogTestJSON:setUpClass): 201 POST http://10.180.1.21/identity/v3/projects 0.080s
2024-12-10 18:01:31.525 65736 INFO tempest.lib.common.rest_client [req-aed849a0-5a91-4486-9233-66355c113d13 req-aed849a0-5a91-4486-9233-66355c113d13 ] Request (HostsAdminTestJSON:test_list_hosts_with_zone): 200 GET http://10.180.1.21/compute/v2.1/os-hosts 1.412s
2024-12-10 18:01:31.562 65758 INFO tempest.lib.common.rest_client [req-35f713ad-0138-4d70-8670-500d57b47c86 req-35f713ad-0138-4d70-8670-500d57b47c86 ] Request (FloatingIPsTestJSON:test_delete_floating_ip): 404 GET http://10.180.1.21/compute/v2.1/os-floating-ips/a4f25118-6b62-4ace-9d6e-d530624324c2 1.335s
2024-12-10 18:01:31.579 65771 INFO tempest.lib.common.rest_client [req-976bc98f-53f5-46a3-b7a6-99fcc8e040f2 req-976bc98f-53f5-46a3-b7a6-99fcc8e040f2 ] Request (QuotasAdminTestV236:setUpClass): 201 POST http://10.180.1.21/identity/v3/users 0.061s
2024-12-10 18:01:31.580 65760 INFO tempest.lib.common.rest_client [req-843f3c91-070c-4180-a376-c5072d2553b4 req-843f3c91-070c-4180-a376-c5072d2553b4 ] Request (VolumesAssistedSnapshotsTest:setUpClass): 200 PUT http://10.180.1.21:9696/networking/v2.0/routers/03ab0fb8-3be8-4c05-af26-a49e3f23e021/add_router_interface 2.412s
2024-12-10 18:01:31.581 65760 INFO tempest.lib.common.dynamic_creds [-] Created isolated network resources for: credentials: Credentials: {'domain_id': 'default', 'domain_name': 'Default', 'username': 'tempest-VolumesAssistedSnapshotsTest-1383507389-project', 'project_domain_id': 'default', 'project_domain_name': 'Default', 'project_id': 'd3e2d1320b3b46c386fe8c6fe3a258a6', 'project_name': 'tempest-VolumesAssistedSnapshotsTest-1383507389', 'tenant_id': 'd3e2d1320b3b46c386fe8c6fe3a258a6', 'tenant_name': 'tempest-VolumesAssistedSnapshotsTest-1383507389', 'user_domain_id': 'default', 'user_domain_name': 'Default', 'user_id': 'b87097bf3b5d4a19ac17c685f0dde243', 'system': None}, Network: {'id': 'c355e348-d091-43eb-9f62-186e0349d814', 'name': 'tempest-VolumesAssistedSnapshotsTest-1338931465-network', 'tenant_id': 'd3e2d1320b3b46c386fe8c6fe3a258a6', 'admin_state_up': True, 'mtu': 8950, 'status': 'ACTIVE', 'subnets': [], 'shared': False, 'project_id': 'd3e2d1320b3b46c386fe8c6fe3a258a6', 'port_security_enabled': True, 'router:external': False, 'provider:network_type': 'vlan', 'provider:physical_network': 'default', 'provider:segmentation_id': 577, 'availability_zone_hints': [], 'availability_zones': [], 'ipv4_address_scope': None, 'ipv6_address_scope': None, 'description': '', 'tags': [], 'created_at': '2024-12-10T18:01:26Z', 'updated_at': '2024-12-10T18:01:26Z', 'revision_number': 1}, Subnet: {'id': '32c81eea-47db-4f76-9a35-75fa7ea067d8', 'name': 'tempest-VolumesAssistedSnapshotsTest-1338931465-subnet', 'tenant_id': 'd3e2d1320b3b46c386fe8c6fe3a258a6', 'network_id': 'c355e348-d091-43eb-9f62-186e0349d814', 'ip_version': 4, 'subnetpool_id': None, 'enable_dhcp': True, 'ipv6_ra_mode': None, 'ipv6_address_mode': None, 'gateway_ip': '192.168.128.1', 'cidr': '192.168.128.0/28', 'allocation_pools': [{'start': '192.168.128.2', 'end': '192.168.128.14'}], 'host_routes': [], 'dns_nameservers': [], 'description': '', 'router:external': False, 'service_types': [], 'tags': [], 'created_at': '2024-12-10T18:01:26Z', 'updated_at': '2024-12-10T18:01:26Z', 'revision_number': 0, 'project_id': 'd3e2d1320b3b46c386fe8c6fe3a258a6'}, Router: {'id': '03ab0fb8-3be8-4c05-af26-a49e3f23e021', 'name': 'tempest-VolumesAssistedSnapshotsTest-1338931465-router', 'tenant_id': 'd3e2d1320b3b46c386fe8c6fe3a258a6', 'admin_state_up': True, 'status': 'ACTIVE', 'external_gateway_info': {'network_id': '317d2d59-ffda-43c3-bdee-d9af8118bcf9', 'external_fixed_ips': [{'subnet_id': '8010ab0d-c38d-4b56-8ea4-f9f6431e4f8f', 'ip_address': '10.180.180.218'}], 'enable_snat': True}, 'description': '', 'availability_zones': [], 'distributed': False, 'ha': False, 'availability_zone_hints': [], 'routes': [], 'flavor_id': None, 'tags': [], 'created_at': '2024-12-10T18:01:27Z', 'updated_at': '2024-12-10T18:01:28Z', 'revision_number': 2, 'project_id': 'd3e2d1320b3b46c386fe8c6fe3a258a6'}
2024-12-10 18:01:31.604 65728 INFO tempest.lib.common.rest_client [req-e89f8128-9a23-49a1-bd3b-a4593b88fa8b req-e89f8128-9a23-49a1-bd3b-a4593b88fa8b ] Request (InstanceUsageAuditLogTestJSON:setUpClass): 201 POST http://10.180.1.21/identity/v3/users 0.080s
2024-12-10 18:01:31.616 65718 INFO tempest.lib.common.rest_client [req-ff12e8fb-e1f6-4b93-afba-6ec9f568cdd8 req-ff12e8fb-e1f6-4b93-afba-6ec9f568cdd8 ] Request (FlavorsV261TestJSON:tearDownClass): 201 POST http://10.180.1.21/identity/v3/auth/tokens 0.162s
2024-12-10 18:01:31.647 65771 INFO tempest.lib.common.rest_client [req-7ef70fd2-9002-4abe-a21c-65812da94734 req-7ef70fd2-9002-4abe-a21c-65812da94734 ] Request (QuotasAdminTestV236:setUpClass): 200 GET http://10.180.1.21/identity/v3/roles 0.067s
2024-12-10 18:01:31.669 65728 INFO tempest.lib.common.rest_client [req-ebcbb682-3852-4565-a8f6-8ed2a1be53f2 req-ebcbb682-3852-4565-a8f6-8ed2a1be53f2 ] Request (InstanceUsageAuditLogTestJSON:setUpClass): 200 GET http://10.180.1.21/identity/v3/roles 0.064s
2024-12-10 18:01:31.690 65754 INFO tempest.lib.common.rest_client [req-5c0630e0-9cc0-4fdd-8cae-8fd180bfa363 req-5c0630e0-9cc0-4fdd-8cae-8fd180bfa363 ] Request (ServerAddressesNegativeTestJSON:setUpClass): 201 POST http://10.180.1.21:9696/networking/v2.0/subnets 0.561s
2024-12-10 18:01:31.738 65766 INFO tempest.lib.common.rest_client [req-cd658597-23cb-4dbd-88fa-b85ebe71f631 req-cd658597-23cb-4dbd-88fa-b85ebe71f631 ] Request (MigrationsAdminTest:test_list_migrations_in_flavor_resize_situation): 202 POST http://10.180.1.21/compute/v2.1/servers 1.626s
2024-12-10 18:01:31.751 65771 INFO tempest.lib.common.rest_client [req-1ed3bba5-2620-42cf-adaa-72b664bce064 req-1ed3bba5-2620-42cf-adaa-72b664bce064 ] Request (QuotasAdminTestV236:setUpClass): 204 PUT http://10.180.1.21/identity/v3/projects/69b97c00c50f44a89188f9bbdce8cac9/users/1aa1eb7efdfa403aa709132bd6139598/roles/13574f18d80f431e8d30a08442f7aae0 0.103s
2024-12-10 18:01:31.751 65771 INFO tempest.lib.common.dynamic_creds [-] Dynamic test user 1aa1eb7efdfa403aa709132bd6139598 is created with scope project and roles: ['member']
2024-12-10 18:01:31.751 65771 INFO tempest.lib.common.dynamic_creds [-] Acquired dynamic creds: credentials: Credentials: {'domain_id': 'default', 'domain_name': 'Default', 'username': 'tempest-QuotasAdminTestV236-1454343121-project-member', 'project_domain_id': 'default', 'project_domain_name': 'Default', 'project_id': '69b97c00c50f44a89188f9bbdce8cac9', 'project_name': 'tempest-QuotasAdminTestV236-1454343121', 'tenant_id': '69b97c00c50f44a89188f9bbdce8cac9', 'tenant_name': 'tempest-QuotasAdminTestV236-1454343121', 'user_domain_id': 'default', 'user_domain_name': 'Default', 'user_id': '1aa1eb7efdfa403aa709132bd6139598', 'system': None}, Network: None, Subnet: None, Router: None
2024-12-10 18:01:31.751 65771 INFO tempest.lib.common.dynamic_creds [-] Created isolated network resources for: credentials: Credentials: {'domain_id': 'default', 'domain_name': 'Default', 'username': 'tempest-QuotasAdminTestV236-1454343121-project-member', 'project_domain_id': 'default', 'project_domain_name': 'Default', 'project_id': '69b97c00c50f44a89188f9bbdce8cac9', 'project_name': 'tempest-QuotasAdminTestV236-1454343121', 'tenant_id': '69b97c00c50f44a89188f9bbdce8cac9', 'tenant_name': 'tempest-QuotasAdminTestV236-1454343121', 'user_domain_id': 'default', 'user_domain_name': 'Default', 'user_id': '1aa1eb7efdfa403aa709132bd6139598', 'system': None}, Network: None, Subnet: None, Router: None
2024-12-10 18:01:31.776 65768 INFO tempest.lib.common.rest_client [req-933cd255-43e9-462e-95e6-175ac4039d7b req-933cd255-43e9-462e-95e6-175ac4039d7b ] Request (HypervisorAdminTestJSON:test_get_hypervisor_show_details): 200 GET http://10.180.1.21/compute/v2.1/os-hypervisors 0.869s
2024-12-10 18:01:31.801 65760 INFO tempest.lib.common.rest_client [req-7da2811e-ba1e-4733-95b3-778bce546ce5 req-7da2811e-ba1e-4733-95b3-778bce546ce5 ] Request (VolumesAssistedSnapshotsTest:setUpClass): 201 POST http://10.180.1.21/identity/v3/auth/tokens 0.156s
2024-12-10 18:01:31.852 65728 INFO tempest.lib.common.rest_client [req-aea171a4-c005-4124-aadc-b77cb30a5967 req-aea171a4-c005-4124-aadc-b77cb30a5967 ] Request (InstanceUsageAuditLogTestJSON:setUpClass): 204 PUT http://10.180.1.21/identity/v3/projects/60bc76824489493081da9d0ac78ecc48/users/ce40b823483e4eec98473a92dbc81784/roles/13574f18d80f431e8d30a08442f7aae0 0.183s
2024-12-10 18:01:31.852 65728 INFO tempest.lib.common.dynamic_creds [-] Dynamic test user ce40b823483e4eec98473a92dbc81784 is created with scope project and roles: ['member']
2024-12-10 18:01:31.853 65728 INFO tempest.lib.common.dynamic_creds [-] Acquired dynamic creds: credentials: Credentials: {'domain_id': 'default', 'domain_name': 'Default', 'username': 'tempest-InstanceUsageAuditLogTestJSON-2053209098-project-member', 'project_domain_id': 'default', 'project_domain_name': 'Default', 'project_id': '60bc76824489493081da9d0ac78ecc48', 'project_name': 'tempest-InstanceUsageAuditLogTestJSON-2053209098', 'tenant_id': '60bc76824489493081da9d0ac78ecc48', 'tenant_name': 'tempest-InstanceUsageAuditLogTestJSON-2053209098', 'user_domain_id': 'default', 'user_domain_name': 'Default', 'user_id': 'ce40b823483e4eec98473a92dbc81784', 'system': None}, Network: None, Subnet: None, Router: None
2024-12-10 18:01:31.853 65728 INFO tempest.lib.common.dynamic_creds [-] Created isolated network resources for: credentials: Credentials: {'domain_id': 'default', 'domain_name': 'Default', 'username': 'tempest-InstanceUsageAuditLogTestJSON-2053209098-project-member', 'project_domain_id': 'default', 'project_domain_name': 'Default', 'project_id': '60bc76824489493081da9d0ac78ecc48', 'project_name': 'tempest-InstanceUsageAuditLogTestJSON-2053209098', 'tenant_id': '60bc76824489493081da9d0ac78ecc48', 'tenant_name': 'tempest-InstanceUsageAuditLogTestJSON-2053209098', 'user_domain_id': 'default', 'user_domain_name': 'Default', 'user_id': 'ce40b823483e4eec98473a92dbc81784', 'system': None}, Network: None, Subnet: None, Router: None
2024-12-10 18:01:31.890 65718 INFO tempest.lib.common.rest_client [req-4707978c-8d2d-4ee2-97fc-3197dd20cd5d req-4707978c-8d2d-4ee2-97fc-3197dd20cd5d ] Request (FlavorsV261TestJSON:tearDownClass): 200 GET http://10.180.1.21:9696/networking/v2.0/security-groups?tenant_id=249e641cff9747d9a7321b474ae2083f&name=default 0.274s
2024-12-10 18:01:31.913 65771 INFO tempest.lib.common.rest_client [req-81cfd135-9227-47e2-9793-20de1fe35777 req-81cfd135-9227-47e2-9793-20de1fe35777 ] Request (QuotasAdminTestV236:setUpClass): 201 POST http://10.180.1.21/identity/v3/auth/tokens 0.155s
2024-12-10 18:01:32.052 65718 INFO tempest.lib.common.rest_client [req-6358559d-9cab-460a-9532-5e3d6bc1510a req-6358559d-9cab-460a-9532-5e3d6bc1510a ] Request (FlavorsV261TestJSON:tearDownClass): 204 DELETE http://10.180.1.21:9696/networking/v2.0/security-groups/93c38a96-7f8c-4a39-bc7d-65487d0a0c16 0.161s
2024-12-10 18:01:32.062 65728 INFO tempest.lib.common.rest_client [req-3c154453-5900-4202-b776-e974bd9d8493 req-3c154453-5900-4202-b776-e974bd9d8493 ] Request (InstanceUsageAuditLogTestJSON:setUpClass): 201 POST http://10.180.1.21/identity/v3/auth/tokens 0.205s
2024-12-10 18:01:32.151 65771 INFO tempest.lib.common.rest_client [req-50990283-24f7-4ea8-b277-c0602595695c req-50990283-24f7-4ea8-b277-c0602595695c ] Request (QuotasAdminTestV236:setUpClass): 201 POST http://10.180.1.21/identity/v3/projects 0.237s
2024-12-10 18:01:32.218 65764 INFO tempest.lib.common.rest_client [req-87acaf7e-dac2-462a-8b12-cd185cb25bbf req-87acaf7e-dac2-462a-8b12-cd185cb25bbf ] Request (QuotasAdminTestJSON:_run_cleanups): 200 PUT http://10.180.1.21/compute/v2.1/os-quota-sets/df214ea1a8a54c089ed6e934159a6060 1.338s
2024-12-10 18:01:32.222 65728 INFO tempest.lib.common.rest_client [req-6c7622a7-4a56-4a3e-a6f0-a96890d6759a req-6c7622a7-4a56-4a3e-a6f0-a96890d6759a ] Request (InstanceUsageAuditLogTestJSON:setUpClass): 201 POST http://10.180.1.21/identity/v3/projects 0.159s
2024-12-10 18:01:32.238 65718 INFO tempest.lib.common.rest_client [req-a1cbff56-a5e9-429c-860d-706382e67d07 req-a1cbff56-a5e9-429c-860d-706382e67d07 ] Request (FlavorsV261TestJSON:tearDownClass): 204 DELETE http://10.180.1.21/identity/v3/projects/249e641cff9747d9a7321b474ae2083f 0.186s
2024-12-10 18:01:32.238 65718 INFO tempest.lib.common.dynamic_creds [-] Deleting project and security group for project: 9ce44059db5847b98f2942f818058605
2024-12-10 18:01:32.247 65708 INFO tempest.lib.common.rest_client [req-14d2e1f9-d87d-4551-9fb3-a34b67034516 req-14d2e1f9-d87d-4551-9fb3-a34b67034516 ] Request (FlavorsAdminTestJSON:_run_cleanups): 200 GET http://10.180.1.21/compute/v2.1/flavors/detail 1.325s
2024-12-10 18:01:32.325 65757 INFO tempest.lib.common.rest_client [req-271999f9-8a3e-44fa-87e6-2a2190c82ad9 req-271999f9-8a3e-44fa-87e6-2a2190c82ad9 ] Request (ListServerFiltersTestJSON:setUpClass): 200 GET http://10.180.1.21/compute/v2.1/servers/6ff5367c-657e-486f-9c7a-8b8580cae366 1.393s
2024-12-10 18:01:32.348 65740 INFO tempest.lib.common.rest_client [req-46bfb10d-0a0a-4e87-a77c-490746c95fce req-46bfb10d-0a0a-4e87-a77c-490746c95fce ] Request (QuotasAdminNegativeTest:test_create_server_when_cpu_quota_is_full): 200 GET http://10.180.1.21/compute/v2.1/os-quota-sets/990d5d0089eb48faad043dc114ed2454 1.435s
2024-12-10 18:01:32.352 65771 INFO tempest.lib.common.rest_client [req-d0bab4cd-2c7e-46f0-ba09-8742815eefa5 req-d0bab4cd-2c7e-46f0-ba09-8742815eefa5 ] Request (QuotasAdminTestV236:setUpClass): 201 POST http://10.180.1.21/identity/v3/users 0.201s
