2024-12-10 18:03:43.369 65716 INFO tempest.lib.common.rest_client [req-8b097bf1-4e33-4e70-91fd-79e40020a92d req-8b097bf1-4e33-4e70-91fd-79e40020a92d ] Request (ServerDiagnosticsNegativeTest:tearDownClass): 200 GET http://10.180.1.21/compute/v2.1/servers/62f90c9b-83f1-4a16-b238-6425e1f00310 0.058s
2024-12-10 18:03:43.402 65718 INFO tempest.lib.common.rest_client [req-a8bea494-fd84-42af-8879-0cf58099b696 req-a8bea494-fd84-42af-8879-0cf58099b696 ] Request (ServerShowV247Test:test_update_rebuild_list_server): 200 GET http://10.180.1.21/compute/v2.1/servers/5dc8f99f-e2c3-48b8-9601-0fe7fae90c0a 0.064s
2024-12-10 18:03:43.429 65752 INFO tempest.lib.common.rest_client [req-b6a080a8-3813-47ac-835e-cc63c19c25f8 req-b6a080a8-3813-47ac-835e-cc63c19c25f8 ] Request (ServerAddressesTestJSON:tearDownClass): 200 GET http://10.180.1.21/compute/v2.1/servers/9e5fd757-c244-45b9-815d-7aa6de36ab95 0.053s
2024-12-10 18:03:43.456 65712 INFO tempest.lib.common.rest_client [req-13cb6702-614e-41b6-87ca-37d91ab198d9 req-13cb6702-614e-41b6-87ca-37d91ab198d9 ] Request (ServersAdminNegativeTestJSON:tearDownClass): 200 GET http://10.180.1.21/compute/v2.1/servers/227a90d6-1651-45fb-bb34-c785a7a7ff49 0.062s
2024-12-10 18:03:43.488 65768 INFO tempest.lib.common.rest_client [req-7fbd3b44-4d48-4f55-a136-2526866bcfba req-7fbd3b44-4d48-4f55-a136-2526866bcfba ] Request (ImagesTestJSON:test_create_image_from_suspended_server): 200 GET http://10.180.1.21/compute/v2.1/servers/cdec697b-1808-4f23-b40c-df3751bf4a44 0.048s
2024-12-10 18:03:43.600 65771 INFO tempest.lib.common.rest_client [req-897f7211-3238-45c8-b1d5-a556906937a9 req-897f7211-3238-45c8-b1d5-a556906937a9 ] Request (ImagesOneServerNegativeTestJSON:_run_cleanups): 200 GET http://10.180.1.21/compute/v2.1/servers/42c7a76b-768f-444a-9372-f51ed6bc2524 0.047s
2024-12-10 18:03:43.639 65742 INFO tempest.lib.common.rest_client [req-ea9f98d9-9abd-4ed2-a8ca-1a848af64f61 req-ea9f98d9-9abd-4ed2-a8ca-1a848af64f61 ] Request (AttachInterfacesTestJSON:test_create_list_show_delete_interfaces_by_fixed_ip): 200 GET http://10.180.1.21/compute/v2.1/servers/3ba3ab68-3aca-455a-8600-9508a11579c9/os-interface 0.064s
2024-12-10 18:03:43.673 65757 INFO tempest.lib.common.rest_client [req-f33b2d5d-ea0a-4c94-afe7-83e1e96b5534 req-f33b2d5d-ea0a-4c94-afe7-83e1e96b5534 ] Request (ListServerFiltersTestJSON:tearDownClass): 200 GET http://10.180.1.21/compute/v2.1/servers/261080a8-78d6-4506-96ef-d9175fe0017e 0.060s
2024-12-10 18:03:43.877 65760 INFO tempest.lib.common.rest_client [req-6bb866eb-ba8f-4ea9-a309-f972662cf3e8 req-6bb866eb-ba8f-4ea9-a309-f972662cf3e8 ] Request (VolumesAssistedSnapshotsTest:tearDownClass): 200 GET http://10.180.1.21/compute/v2.1/servers/8553d005-e6e3-452c-a7e1-84a479c28c34 0.069s
2024-12-10 18:03:43.915 65740 INFO tempest.lib.common.rest_client [req-8fb31ed8-f920-47e9-b8fd-6bbfb8bf9b1f req-8fb31ed8-f920-47e9-b8fd-6bbfb8bf9b1f ] Request (SecurityGroupsTestJSON:test_server_security_groups): 200 GET http://10.180.1.21/compute/v2.1/servers/f1ec63cb-168e-419b-b2c5-11d0757c718e 0.061s
2024-12-10 18:03:43.972 65736 INFO tempest.lib.common.rest_client [req-c6ba7cc8-2258-4f82-a9f0-0cbb07db58c4 req-c6ba7cc8-2258-4f82-a9f0-0cbb07db58c4 ] Request (MultipleCreateTestJSON:_run_cleanups): 200 GET http://10.180.1.21/compute/v2.1/servers/a545c73e-0194-49da-85bb-9106524e3081 0.059s
2024-12-10 18:03:44.018 65750 INFO tempest.lib.common.rest_client [req-c48fcfd7-f962-4642-801a-1190a36cfbb2 req-c48fcfd7-f962-4642-801a-1190a36cfbb2 ] Request (VolumesAdminNegativeTest:test_update_attached_volume_with_nonexistent_volume_in_uri): 200 GET http://10.180.1.21/compute/v2.1/servers/e3149162-b99d-456b-9f81-f6209ee11fe4 0.057s
2024-12-10 18:03:44.049 65748 INFO tempest.lib.common.rest_client [req-1c103a2d-37bb-47df-856b-b7390e4da256 req-1c103a2d-37bb-47df-856b-b7390e4da256 ] Request (ServersTestManualDisk:setUpClass): 200 GET http://10.180.1.21/compute/v2.1/servers/5e003774-5b6d-4272-8685-189e967f63a1 0.127s
2024-12-10 18:03:44.066 65714 INFO tempest.lib.common.rest_client [req-453b6006-b91e-4600-9a38-17b3930ac0df req-453b6006-b91e-4600-9a38-17b3930ac0df ] Request (DeleteServersTestJSON:test_delete_active_server): 200 GET http://10.180.1.21/compute/v2.1/servers/462a23e1-0a6b-4be2-af22-392b7830244b 0.096s
2024-12-10 18:03:44.108 65732 INFO tempest.lib.common.rest_client [req-e38ade7c-eae2-4ce9-9697-e4c4fcf8af4b req-e38ade7c-eae2-4ce9-9697-e4c4fcf8af4b ] Request (AttachVolumeShelveTestJSON:test_attach_volume_shelved_or_offload_server): 200 GET http://10.180.1.21/compute/v2.1/servers/f19c1efd-c45f-4ff6-9c2b-1e2260e94b03 0.093s
2024-12-10 18:03:44.128 65734 INFO tempest.lib.common.rest_client [req-e402b102-2b90-4366-befa-47394d879bca req-e402b102-2b90-4366-befa-47394d879bca ] Request (ServerExternalEventsTest:tearDownClass): 200 GET http://10.180.1.21/compute/v2.1/servers/040543b1-db31-45db-8cbb-8fec5091cdb0 0.093s
2024-12-10 18:03:44.152 65724 INFO tempest.lib.common.rest_client [req-27e38814-f183-4380-b729-0d2697c90563 req-27e38814-f183-4380-b729-0d2697c90563 ] Request (TenantUsagesTestJSON:setUpClass): 200 GET http://10.180.1.21/compute/v2.1/servers/f1611627-200c-496c-9fe4-fd60aff8f5ae 0.087s
2024-12-10 18:03:44.194 65754 INFO tempest.lib.common.rest_client [req-7d282b06-fb36-4b59-b2b4-380d7659a5f0 req-7d282b06-fb36-4b59-b2b4-380d7659a5f0 ] Request (ServerMetadataNegativeTestJSON:setUpClass): 200 GET http://10.180.1.21/compute/v2.1/servers/ed32836f-0827-4741-8a25-dc488c564917 0.051s
2024-12-10 18:03:44.237 65744 INFO tempest.lib.common.rest_client [req-4d4e41b4-9b94-400e-b5ad-cbbb996e3bac req-4d4e41b4-9b94-400e-b5ad-cbbb996e3bac ] Request (ServersAdminTestJSON:test_create_server_with_scheduling_hint): 200 GET http://10.180.1.21/compute/v2.1/servers/93767ef1-092f-405d-b393-6bec8e6c3615 0.047s
2024-12-10 18:03:44.262 65708 INFO tempest.lib.common.rest_client [req-f344d701-b70d-4da3-bbdf-7ff3d8835f1f req-f344d701-b70d-4da3-bbdf-7ff3d8835f1f ] Request (ImagesOneServerTestJSON:setUpClass): 200 GET http://10.180.1.21/compute/v2.1/servers/90e88eb8-7d4a-4a76-b46f-105292f41ce0 0.090s
2024-12-10 18:03:44.268 65708 INFO tempest.common.waiters [-] State transition "BUILD/block_device_mapping" ==> "BUILD/spawning" after 52 second wait
2024-12-10 18:03:44.296 65720 INFO tempest.lib.common.rest_client [req-5d7956ec-ef63-4364-9040-9026d8cf5e63 req-5d7956ec-ef63-4364-9040-9026d8cf5e63 ] Request (InstanceActionsV221TestJSON:test_get_list_deleted_instance_actions): 200 GET http://10.180.1.21/compute/v2.1/servers/db17ef0f-be04-4540-88c2-13c27f4bf4c7 0.048s
2024-12-10 18:03:44.314 65758 INFO tempest.lib.common.rest_client [req-5de71d68-a8e3-4767-ac3c-7b9f055fd3de req-5de71d68-a8e3-4767-ac3c-7b9f055fd3de ] Request (ServerActionsV293TestJSON:setUpClass): 200 GET http://10.180.1.21/compute/v2.1/servers/6ca827e1-6be1-4f24-a56a-876454615e97 0.056s
2024-12-10 18:03:44.339 65766 INFO tempest.lib.common.rest_client [req-01480e5a-f4ad-41f0-a814-b2e4a4baae25 req-01480e5a-f4ad-41f0-a814-b2e4a4baae25 ] Request (MigrationsAdminTest:test_resize_server_revert_deleted_flavor): 200 GET http://10.180.1.21/compute/v2.1/servers/a3a0029e-76fe-4ba3-9bdc-247ea37f78df 0.048s
2024-12-10 18:03:44.364 65726 INFO tempest.lib.common.rest_client [req-6179b885-6056-4f7a-aa9c-22e465d87141 req-6179b885-6056-4f7a-aa9c-22e465d87141 ] Request (ServersAaction247Test:test_create_backup): 200 GET http://10.180.1.21/compute/v2.1/servers/0feb6a44-8f9a-4446-83f7-e56467d597f3 0.056s
2024-12-10 18:03:44.414 65710 INFO tempest.lib.common.rest_client [req-985fe234-4049-42ca-aedf-0461d2f6febb req-985fe234-4049-42ca-aedf-0461d2f6febb ] Request (ListImageFiltersTestJSON:tearDownClass): 200 GET http://10.180.1.21/compute/v2.1/servers/5801ddb7-fa0b-4c30-be71-afae4d7ce119 0.058s
2024-12-10 18:03:44.431 65716 INFO tempest.lib.common.rest_client [req-fbfde8d7-6b0d-4794-84c4-990554865013 req-fbfde8d7-6b0d-4794-84c4-990554865013 ] Request (ServerDiagnosticsNegativeTest:tearDownClass): 200 GET http://10.180.1.21/compute/v2.1/servers/62f90c9b-83f1-4a16-b238-6425e1f00310 0.056s
2024-12-10 18:03:44.478 65718 INFO tempest.lib.common.rest_client [req-a15c7971-7d69-4adc-9a51-57ef8acb1752 req-a15c7971-7d69-4adc-9a51-57ef8acb1752 ] Request (ServerShowV247Test:test_update_rebuild_list_server): 200 GET http://10.180.1.21/compute/v2.1/servers/5dc8f99f-e2c3-48b8-9601-0fe7fae90c0a 0.068s
2024-12-10 18:03:44.488 65752 INFO tempest.lib.common.rest_client [req-bc9bc637-7f89-4916-a372-941eed86fbcf req-bc9bc637-7f89-4916-a372-941eed86fbcf ] Request (ServerAddressesTestJSON:tearDownClass): 200 GET http://10.180.1.21/compute/v2.1/servers/9e5fd757-c244-45b9-815d-7aa6de36ab95 0.053s
2024-12-10 18:03:44.529 65712 INFO tempest.lib.common.rest_client [req-66e1a426-d1d1-42da-ba4d-905019ec06dc req-66e1a426-d1d1-42da-ba4d-905019ec06dc ] Request (ServersAdminNegativeTestJSON:tearDownClass): 200 GET http://10.180.1.21/compute/v2.1/servers/227a90d6-1651-45fb-bb34-c785a7a7ff49 0.067s
2024-12-10 18:03:44.541 65768 INFO tempest.lib.common.rest_client [req-d8e3f6a9-8059-4e7d-884e-676cd0fb7e7d req-d8e3f6a9-8059-4e7d-884e-676cd0fb7e7d ] Request (ImagesTestJSON:test_create_image_from_suspended_server): 200 GET http://10.180.1.21/compute/v2.1/servers/cdec697b-1808-4f23-b40c-df3751bf4a44 0.047s
2024-12-10 18:03:44.547 65768 INFO tempest.common.waiters [-] State transition "BUILD/None" ==> "BUILD/networking" after 50 second wait
2024-12-10 18:03:44.656 65771 INFO tempest.lib.common.rest_client [req-9b03290d-ceba-450d-a4a7-113e0b5a9ff6 req-9b03290d-ceba-450d-a4a7-113e0b5a9ff6 ] Request (ImagesOneServerNegativeTestJSON:_run_cleanups): 200 GET http://10.180.1.21/compute/v2.1/servers/42c7a76b-768f-444a-9372-f51ed6bc2524 0.049s
2024-12-10 18:03:44.736 65742 INFO tempest.lib.common.rest_client [req-0bec10d3-7217-41a7-8950-b8d15edaac98 req-0bec10d3-7217-41a7-8950-b8d15edaac98 ] Request (AttachInterfacesTestJSON:test_create_list_show_delete_interfaces_by_fixed_ip): 200 GET http://10.180.1.21/compute/v2.1/servers/3ba3ab68-3aca-455a-8600-9508a11579c9/os-interface 0.093s
2024-12-10 18:03:44.740 65757 INFO tempest.lib.common.rest_client [req-20cbbde8-3bb7-4022-b773-7a65e8dd0231 req-20cbbde8-3bb7-4022-b773-7a65e8dd0231 ] Request (ListServerFiltersTestJSON:tearDownClass): 200 GET http://10.180.1.21/compute/v2.1/servers/261080a8-78d6-4506-96ef-d9175fe0017e 0.060s
2024-12-10 18:03:44.944 65760 INFO tempest.lib.common.rest_client [req-9fe753ea-989e-41be-b940-2fb048dfa2ad req-9fe753ea-989e-41be-b940-2fb048dfa2ad ] Request (VolumesAssistedSnapshotsTest:tearDownClass): 200 GET http://10.180.1.21/compute/v2.1/servers/8553d005-e6e3-452c-a7e1-84a479c28c34 0.061s
2024-12-10 18:03:44.985 65740 INFO tempest.lib.common.rest_client [req-c63bddd3-9afc-4eae-b9fe-faa87b028363 req-c63bddd3-9afc-4eae-b9fe-faa87b028363 ] Request (SecurityGroupsTestJSON:test_server_security_groups): 200 GET http://10.180.1.21/compute/v2.1/servers/f1ec63cb-168e-419b-b2c5-11d0757c718e 0.062s
2024-12-10 18:03:45.034 65736 INFO tempest.lib.common.rest_client [req-0de44c8c-b358-476c-89df-c0abf00138f5 req-0de44c8c-b358-476c-89df-c0abf00138f5 ] Request (MultipleCreateTestJSON:_run_cleanups): 200 GET http://10.180.1.21/compute/v2.1/servers/a545c73e-0194-49da-85bb-9106524e3081 0.053s
2024-12-10 18:03:45.091 65750 INFO tempest.lib.common.rest_client [req-b5225d85-c9f7-4414-90d9-3c60724ef789 req-b5225d85-c9f7-4414-90d9-3c60724ef789 ] Request (VolumesAdminNegativeTest:test_update_attached_volume_with_nonexistent_volume_in_uri): 200 GET http://10.180.1.21/compute/v2.1/servers/e3149162-b99d-456b-9f81-f6209ee11fe4 0.064s
2024-12-10 18:03:45.149 65714 INFO tempest.lib.common.rest_client [req-f52622cb-52c7-43db-a5fe-950e927bb68c req-f52622cb-52c7-43db-a5fe-950e927bb68c ] Request (DeleteServersTestJSON:test_delete_active_server): 200 GET http://10.180.1.21/compute/v2.1/servers/462a23e1-0a6b-4be2-af22-392b7830244b 0.071s
2024-12-10 18:03:45.185 65748 INFO tempest.lib.common.rest_client [req-8458e548-714a-498e-97f2-330a7e782a0f req-8458e548-714a-498e-97f2-330a7e782a0f ] Request (ServersTestManualDisk:setUpClass): 200 GET http://10.180.1.21/compute/v2.1/servers/5e003774-5b6d-4272-8685-189e967f63a1 0.129s
2024-12-10 18:03:45.215 65732 INFO tempest.lib.common.rest_client [req-b729e24f-0995-43bb-8c47-c632a05d29c5 req-b729e24f-0995-43bb-8c47-c632a05d29c5 ] Request (AttachVolumeShelveTestJSON:test_attach_volume_shelved_or_offload_server): 200 GET http://10.180.1.21/compute/v2.1/servers/f19c1efd-c45f-4ff6-9c2b-1e2260e94b03 0.095s
2024-12-10 18:03:45.239 65734 INFO tempest.lib.common.rest_client [req-21c7d4e8-c4ea-46c1-bd90-96f4b3b0e8f3 req-21c7d4e8-c4ea-46c1-bd90-96f4b3b0e8f3 ] Request (ServerExternalEventsTest:tearDownClass): 200 GET http://10.180.1.21/compute/v2.1/servers/040543b1-db31-45db-8cbb-8fec5091cdb0 0.104s
2024-12-10 18:03:45.264 65724 INFO tempest.lib.common.rest_client [req-3b43a07c-fa3d-4219-9824-e381e5790d9b req-3b43a07c-fa3d-4219-9824-e381e5790d9b ] Request (TenantUsagesTestJSON:setUpClass): 200 GET http://10.180.1.21/compute/v2.1/servers/f1611627-200c-496c-9fe4-fd60aff8f5ae 0.104s
2024-12-10 18:03:45.290 65754 INFO tempest.lib.common.rest_client [req-d5c40854-0c2c-4d90-86d9-c6fc7d676d36 req-d5c40854-0c2c-4d90-86d9-c6fc7d676d36 ] Request (ServerMetadataNegativeTestJSON:setUpClass): 200 GET http://10.180.1.21/compute/v2.1/servers/ed32836f-0827-4741-8a25-dc488c564917 0.089s
2024-12-10 18:03:45.322 65744 INFO tempest.lib.common.rest_client [req-b563c74d-b90a-4a55-8d83-4771a115eca9 req-b563c74d-b90a-4a55-8d83-4771a115eca9 ] Request (ServersAdminTestJSON:test_create_server_with_scheduling_hint): 200 GET http://10.180.1.21/compute/v2.1/servers/93767ef1-092f-405d-b393-6bec8e6c3615 0.079s
2024-12-10 18:03:45.428 65708 INFO tempest.lib.common.rest_client [req-20dc690a-cad2-442c-99f6-4622ec74ccc9 req-20dc690a-cad2-442c-99f6-4622ec74ccc9 ] Request (ImagesOneServerTestJSON:setUpClass): 200 GET http://10.180.1.21/compute/v2.1/servers/90e88eb8-7d4a-4a76-b46f-105292f41ce0 0.159s
2024-12-10 18:03:45.487 65758 INFO tempest.lib.common.rest_client [req-8a9ff218-9148-466b-b51b-6b789af5fd5d req-8a9ff218-9148-466b-b51b-6b789af5fd5d ] Request (ServerActionsV293TestJSON:setUpClass): 200 GET http://10.180.1.21/compute/v2.1/servers/6ca827e1-6be1-4f24-a56a-876454615e97 0.163s
2024-12-10 18:03:45.536 65766 INFO tempest.lib.common.rest_client [req-cfcd0f23-de8b-4929-823f-d4d63613acd9 req-cfcd0f23-de8b-4929-823f-d4d63613acd9 ] Request (MigrationsAdminTest:test_resize_server_revert_deleted_flavor): 200 GET http://10.180.1.21/compute/v2.1/servers/a3a0029e-76fe-4ba3-9bdc-247ea37f78df 0.189s
2024-12-10 18:03:45.584 65726 INFO tempest.lib.common.rest_client [req-9f3a9e50-a17e-4526-a71d-1eeb8bc1eaee req-9f3a9e50-a17e-4526-a71d-1eeb8bc1eaee ] Request (ServersAaction247Test:test_create_backup): 200 GET http://10.180.1.21/compute/v2.1/servers/0feb6a44-8f9a-4446-83f7-e56467d597f3 0.211s
2024-12-10 18:03:45.587 65720 INFO tempest.lib.common.rest_client [req-af283e5a-caef-490b-bec2-5a0fbf3bad67 req-af283e5a-caef-490b-bec2-5a0fbf3bad67 ] Request (InstanceActionsV221TestJSON:test_get_list_deleted_instance_actions): 200 GET http://10.180.1.21/compute/v2.1/servers/db17ef0f-be04-4540-88c2-13c27f4bf4c7 0.284s
2024-12-10 18:03:45.610 65730 WARNING tempest.lib.common.ssh [-] Failed to establish authenticated ssh connection to cirros@10.180.180.141 ([Errno None] Unable to connect to port 22 on 10.180.180.141). Number attempts: 3. Retry after 4 seconds.: paramiko.ssh_exception.NoValidConnectionsError: [Errno None] Unable to connect to port 22 on 10.180.180.141
2024-12-10 18:03:45.639 65710 INFO tempest.lib.common.rest_client [req-4efff60f-c4aa-4c89-bf2a-f6c9c2289ab8 req-4efff60f-c4aa-4c89-bf2a-f6c9c2289ab8 ] Request (ListImageFiltersTestJSON:tearDownClass): 200 GET http://10.180.1.21/compute/v2.1/servers/5801ddb7-fa0b-4c30-be71-afae4d7ce119 0.216s
2024-12-10 18:03:45.646 65716 INFO tempest.lib.common.rest_client [req-4e4ae9c0-9811-4b6a-88cc-cdb4b326f157 req-4e4ae9c0-9811-4b6a-88cc-cdb4b326f157 ] Request (ServerDiagnosticsNegativeTest:tearDownClass): 200 GET http://10.180.1.21/compute/v2.1/servers/62f90c9b-83f1-4a16-b238-6425e1f00310 0.206s
2024-12-10 18:03:45.698 65718 INFO tempest.lib.common.rest_client [req-3d565f3e-fc34-4e3f-9344-9731b8d7ae51 req-3d565f3e-fc34-4e3f-9344-9731b8d7ae51 ] Request (ServerShowV247Test:test_update_rebuild_list_server): 200 GET http://10.180.1.21/compute/v2.1/servers/5dc8f99f-e2c3-48b8-9601-0fe7fae90c0a 0.207s
2024-12-10 18:03:45.706 65752 INFO tempest.lib.common.rest_client [req-089b327f-6aa3-4294-b867-5b284e04ef1b req-089b327f-6aa3-4294-b867-5b284e04ef1b ] Request (ServerAddressesTestJSON:tearDownClass): 200 GET http://10.180.1.21/compute/v2.1/servers/9e5fd757-c244-45b9-815d-7aa6de36ab95 0.211s
2024-12-10 18:03:45.762 65712 INFO tempest.lib.common.rest_client [req-a2c9b661-b721-4c3e-a6b2-bd6a260f79f8 req-a2c9b661-b721-4c3e-a6b2-bd6a260f79f8 ] Request (ServersAdminNegativeTestJSON:tearDownClass): 200 GET http://10.180.1.21/compute/v2.1/servers/227a90d6-1651-45fb-bb34-c785a7a7ff49 0.226s
2024-12-10 18:03:45.820 65771 INFO tempest.lib.common.rest_client [req-b19be388-d2c1-4cdf-b18c-aa9f137e4ec2 req-b19be388-d2c1-4cdf-b18c-aa9f137e4ec2 ] Request (ImagesOneServerNegativeTestJSON:_run_cleanups): 200 GET http://10.180.1.21/compute/v2.1/servers/42c7a76b-768f-444a-9372-f51ed6bc2524 0.155s
2024-12-10 18:03:45.875 65768 INFO tempest.lib.common.rest_client [req-111561e6-ded0-4d04-9aa2-9f1204a0e7aa req-111561e6-ded0-4d04-9aa2-9f1204a0e7aa ] Request (ImagesTestJSON:test_create_image_from_suspended_server): 200 GET http://10.180.1.21/compute/v2.1/servers/cdec697b-1808-4f23-b40c-df3751bf4a44 0.326s
2024-12-10 18:03:45.886 65768 INFO tempest.common.waiters [-] State transition "BUILD/networking" ==> "BUILD/block_device_mapping" after 51 second wait
2024-12-10 18:03:45.907 65742 INFO tempest.lib.common.rest_client [req-ea683e04-02a5-455a-94da-b329483359a6 req-ea683e04-02a5-455a-94da-b329483359a6 ] Request (AttachInterfacesTestJSON:test_create_list_show_delete_interfaces_by_fixed_ip): 200 GET http://10.180.1.21/compute/v2.1/servers/3ba3ab68-3aca-455a-8600-9508a11579c9/os-interface 0.167s
2024-12-10 18:03:45.933 65757 INFO tempest.lib.common.rest_client [req-f858a497-bf74-4628-8f31-1654af8dfb31 req-f858a497-bf74-4628-8f31-1654af8dfb31 ] Request (ListServerFiltersTestJSON:tearDownClass): 200 GET http://10.180.1.21/compute/v2.1/servers/261080a8-78d6-4506-96ef-d9175fe0017e 0.186s
2024-12-10 18:03:46.005 65760 INFO tempest.lib.common.rest_client [req-644f0fef-a708-4792-ba5d-b8dc55cdf7db req-644f0fef-a708-4792-ba5d-b8dc55cdf7db ] Request (VolumesAssistedSnapshotsTest:tearDownClass): 200 GET http://10.180.1.21/compute/v2.1/servers/8553d005-e6e3-452c-a7e1-84a479c28c34 0.054s
2024-12-10 18:03:46.046 65740 INFO tempest.lib.common.rest_client [req-e964b51e-29a8-419f-81c7-76c9efce0c24 req-e964b51e-29a8-419f-81c7-76c9efce0c24 ] Request (SecurityGroupsTestJSON:test_server_security_groups): 200 GET http://10.180.1.21/compute/v2.1/servers/f1ec63cb-168e-419b-b2c5-11d0757c718e 0.054s
2024-12-10 18:03:46.097 65736 INFO tempest.lib.common.rest_client [req-e0109272-0157-4e9b-88ef-ea02ef861437 req-e0109272-0157-4e9b-88ef-ea02ef861437 ] Request (MultipleCreateTestJSON:_run_cleanups): 200 GET http://10.180.1.21/compute/v2.1/servers/a545c73e-0194-49da-85bb-9106524e3081 0.056s
2024-12-10 18:03:46.148 65750 INFO tempest.lib.common.rest_client [req-057f10df-2c55-4681-b739-d18e1d778588 req-057f10df-2c55-4681-b739-d18e1d778588 ] Request (VolumesAdminNegativeTest:test_update_attached_volume_with_nonexistent_volume_in_uri): 200 GET http://10.180.1.21/compute/v2.1/servers/e3149162-b99d-456b-9f81-f6209ee11fe4 0.047s
2024-12-10 18:03:46.206 65714 INFO tempest.lib.common.rest_client [req-5232fecd-7b7c-42fa-a95d-4210b41df242 req-5232fecd-7b7c-42fa-a95d-4210b41df242 ] Request (DeleteServersTestJSON:test_delete_active_server): 200 GET http://10.180.1.21/compute/v2.1/servers/462a23e1-0a6b-4be2-af22-392b7830244b 0.049s
2024-12-10 18:03:46.280 65732 INFO tempest.lib.common.rest_client [req-f68fb617-24eb-4da1-bb91-2dfeadbdf094 req-f68fb617-24eb-4da1-bb91-2dfeadbdf094 ] Request (AttachVolumeShelveTestJSON:test_attach_volume_shelved_or_offload_server): 200 GET http://10.180.1.21/compute/v2.1/servers/f19c1efd-c45f-4ff6-9c2b-1e2260e94b03 0.055s
2024-12-10 18:03:46.349 65734 INFO tempest.lib.common.rest_client [req-b31801d7-b047-4778-abd9-d016aefb65e9 req-b31801d7-b047-4778-abd9-d016aefb65e9 ] Request (ServerExternalEventsTest:tearDownClass): 200 GET http://10.180.1.21/compute/v2.1/servers/040543b1-db31-45db-8cbb-8fec5091cdb0 0.102s
2024-12-10 18:03:46.376 65748 INFO tempest.lib.common.rest_client [req-0b80a48e-e6b3-4b99-8d43-468ae1eaa75e req-0b80a48e-e6b3-4b99-8d43-468ae1eaa75e ] Request (ServersTestManualDisk:setUpClass): 200 GET http://10.180.1.21/compute/v2.1/servers/5e003774-5b6d-4272-8685-189e967f63a1 0.184s
2024-12-10 18:03:46.401 65724 INFO tempest.lib.common.rest_client [req-b0ea7c9c-c39a-467a-83f7-50e1389ddb87 req-b0ea7c9c-c39a-467a-83f7-50e1389ddb87 ] Request (TenantUsagesTestJSON:setUpClass): 200 GET http://10.180.1.21/compute/v2.1/servers/f1611627-200c-496c-9fe4-fd60aff8f5ae 0.130s
2024-12-10 18:03:46.433 65754 INFO tempest.lib.common.rest_client [req-3f99f5ce-36b1-43c7-a12b-3dadb05d3462 req-3f99f5ce-36b1-43c7-a12b-3dadb05d3462 ] Request (ServerMetadataNegativeTestJSON:setUpClass): 200 GET http://10.180.1.21/compute/v2.1/servers/ed32836f-0827-4741-8a25-dc488c564917 0.135s
2024-12-10 18:03:46.447 65744 INFO tempest.lib.common.rest_client [req-83ebf6d4-f3ca-40f1-9a0c-0aa1ba6cf069 req-83ebf6d4-f3ca-40f1-9a0c-0aa1ba6cf069 ] Request (ServersAdminTestJSON:test_create_server_with_scheduling_hint): 200 GET http://10.180.1.21/compute/v2.1/servers/93767ef1-092f-405d-b393-6bec8e6c3615 0.117s
2024-12-10 18:03:46.522 65708 INFO tempest.lib.common.rest_client [req-0672f650-8025-4a96-89b5-690baf796c52 req-0672f650-8025-4a96-89b5-690baf796c52 ] Request (ImagesOneServerTestJSON:setUpClass): 200 GET http://10.180.1.21/compute/v2.1/servers/90e88eb8-7d4a-4a76-b46f-105292f41ce0 0.087s
2024-12-10 18:03:46.550 65758 INFO tempest.lib.common.rest_client [req-4f49d8f3-4062-485e-b73d-54ff757d0a27 req-4f49d8f3-4062-485e-b73d-54ff757d0a27 ] Request (ServerActionsV293TestJSON:setUpClass): 200 GET http://10.180.1.21/compute/v2.1/servers/6ca827e1-6be1-4f24-a56a-876454615e97 0.052s
2024-12-10 18:03:46.590 65766 INFO tempest.lib.common.rest_client [req-6c50dccd-b9c2-420c-8d08-186d6eae3bd4 req-6c50dccd-b9c2-420c-8d08-186d6eae3bd4 ] Request (MigrationsAdminTest:test_resize_server_revert_deleted_flavor): 200 GET http://10.180.1.21/compute/v2.1/servers/a3a0029e-76fe-4ba3-9bdc-247ea37f78df 0.046s
2024-12-10 18:03:46.644 65726 INFO tempest.lib.common.rest_client [req-2da67998-9763-4a37-870a-90982c91048a req-2da67998-9763-4a37-870a-90982c91048a ] Request (ServersAaction247Test:test_create_backup): 200 GET http://10.180.1.21/compute/v2.1/servers/0feb6a44-8f9a-4446-83f7-e56467d597f3 0.049s
2024-12-10 18:03:46.644 65720 INFO tempest.lib.common.rest_client [req-2e505fe9-5a94-4f6f-afc4-5f2ed49c50ae req-2e505fe9-5a94-4f6f-afc4-5f2ed49c50ae ] Request (InstanceActionsV221TestJSON:test_get_list_deleted_instance_actions): 200 GET http://10.180.1.21/compute/v2.1/servers/db17ef0f-be04-4540-88c2-13c27f4bf4c7 0.049s
2024-12-10 18:03:46.702 65710 INFO tempest.lib.common.rest_client [req-05e4e94c-018a-4231-9f4c-81a60c6592b2 req-05e4e94c-018a-4231-9f4c-81a60c6592b2 ] Request (ListImageFiltersTestJSON:tearDownClass): 200 GET http://10.180.1.21/compute/v2.1/servers/5801ddb7-fa0b-4c30-be71-afae4d7ce119 0.056s
2024-12-10 18:03:46.709 65716 INFO tempest.lib.common.rest_client [req-da3f7d80-8700-46bc-80bb-bd859ece911b req-da3f7d80-8700-46bc-80bb-bd859ece911b ] Request (ServerDiagnosticsNegativeTest:tearDownClass): 200 GET http://10.180.1.21/compute/v2.1/servers/62f90c9b-83f1-4a16-b238-6425e1f00310 0.055s
2024-12-10 18:03:46.761 65718 INFO tempest.lib.common.rest_client [req-e7cd116e-a032-485d-ab38-2bba29aea2ef req-e7cd116e-a032-485d-ab38-2bba29aea2ef ] Request (ServerShowV247Test:test_update_rebuild_list_server): 200 GET http://10.180.1.21/compute/v2.1/servers/5dc8f99f-e2c3-48b8-9601-0fe7fae90c0a 0.051s
2024-12-10 18:03:46.769 65752 INFO tempest.lib.common.rest_client [req-d5378def-9b01-4d16-b9ef-45190b9a1f99 req-d5378def-9b01-4d16-b9ef-45190b9a1f99 ] Request (ServerAddressesTestJSON:tearDownClass): 200 GET http://10.180.1.21/compute/v2.1/servers/9e5fd757-c244-45b9-815d-7aa6de36ab95 0.057s
2024-12-10 18:03:46.828 65712 INFO tempest.lib.common.rest_client [req-64012f2c-93b0-438d-911f-fbfce5f43729 req-64012f2c-93b0-438d-911f-fbfce5f43729 ] Request (ServersAdminNegativeTestJSON:tearDownClass): 200 GET http://10.180.1.21/compute/v2.1/servers/227a90d6-1651-45fb-bb34-c785a7a7ff49 0.056s
2024-12-10 18:03:46.875 65771 INFO tempest.lib.common.rest_client [req-6273fe24-75e6-43f1-89a9-c2ced5c7fc88 req-6273fe24-75e6-43f1-89a9-c2ced5c7fc88 ] Request (ImagesOneServerNegativeTestJSON:_run_cleanups): 200 GET http://10.180.1.21/compute/v2.1/servers/42c7a76b-768f-444a-9372-f51ed6bc2524 0.047s
2024-12-10 18:03:47.026 65768 INFO tempest.lib.common.rest_client [req-b41f05af-5925-4010-9866-df11b59ba4c2 req-b41f05af-5925-4010-9866-df11b59ba4c2 ] Request (ImagesTestJSON:test_create_image_from_suspended_server): 200 GET http://10.180.1.21/compute/v2.1/servers/cdec697b-1808-4f23-b40c-df3751bf4a44 0.138s
2024-12-10 18:03:47.032 65768 INFO tempest.common.waiters [-] State transition "BUILD/block_device_mapping" ==> "BUILD/spawning" after 53 second wait
2024-12-10 18:03:47.048 65742 INFO tempest.lib.common.rest_client [req-3182de4f-1251-470d-a566-5b5fb5a9ae6a req-3182de4f-1251-470d-a566-5b5fb5a9ae6a ] Request (AttachInterfacesTestJSON:test_create_list_show_delete_interfaces_by_fixed_ip): 200 GET http://10.180.1.21/compute/v2.1/servers/3ba3ab68-3aca-455a-8600-9508a11579c9/os-interface 0.137s
2024-12-10 18:03:47.085 65757 INFO tempest.lib.common.rest_client [req-1e00dce8-3dd0-4580-9693-ec59164ac737 req-1e00dce8-3dd0-4580-9693-ec59164ac737 ] Request (ListServerFiltersTestJSON:tearDownClass): 200 GET http://10.180.1.21/compute/v2.1/servers/261080a8-78d6-4506-96ef-d9175fe0017e 0.146s
2024-12-10 18:03:47.126 65760 INFO tempest.lib.common.rest_client [req-a9131a47-d0ab-405c-bfbd-dced77d47e01 req-a9131a47-d0ab-405c-bfbd-dced77d47e01 ] Request (VolumesAssistedSnapshotsTest:tearDownClass): 200 GET http://10.180.1.21/compute/v2.1/servers/8553d005-e6e3-452c-a7e1-84a479c28c34 0.111s
2024-12-10 18:03:47.136 65740 INFO tempest.lib.common.rest_client [req-7fa944db-9223-46f0-acc2-cf3bfe186dc9 req-7fa944db-9223-46f0-acc2-cf3bfe186dc9 ] Request (SecurityGroupsTestJSON:test_server_security_groups): 200 GET http://10.180.1.21/compute/v2.1/servers/f1ec63cb-168e-419b-b2c5-11d0757c718e 0.082s
2024-12-10 18:03:47.200 65736 INFO tempest.lib.common.rest_client [req-e057e1d0-c946-4cf5-a0da-74e1cd4c5a3d req-e057e1d0-c946-4cf5-a0da-74e1cd4c5a3d ] Request (MultipleCreateTestJSON:_run_cleanups): 200 GET http://10.180.1.21/compute/v2.1/servers/a545c73e-0194-49da-85bb-9106524e3081 0.095s
2024-12-10 18:03:47.214 65750 INFO tempest.lib.common.rest_client [req-585ffb17-24f1-47bf-bf1e-fb577d505c70 req-585ffb17-24f1-47bf-bf1e-fb577d505c70 ] Request (VolumesAdminNegativeTest:test_update_attached_volume_with_nonexistent_volume_in_uri): 200 GET http://10.180.1.21/compute/v2.1/servers/e3149162-b99d-456b-9f81-f6209ee11fe4 0.059s
2024-12-10 18:03:47.269 65714 INFO tempest.lib.common.rest_client [req-1a318023-f243-4985-a690-7175ccfcf391 req-1a318023-f243-4985-a690-7175ccfcf391 ] Request (DeleteServersTestJSON:test_delete_active_server): 200 GET http://10.180.1.21/compute/v2.1/servers/462a23e1-0a6b-4be2-af22-392b7830244b 0.056s
2024-12-10 18:03:47.342 65732 INFO tempest.lib.common.rest_client [req-e0b1276b-fd00-4358-96d1-c4a563ae3810 req-e0b1276b-fd00-4358-96d1-c4a563ae3810 ] Request (AttachVolumeShelveTestJSON:test_attach_volume_shelved_or_offload_server): 200 GET http://10.180.1.21/compute/v2.1/servers/f19c1efd-c45f-4ff6-9c2b-1e2260e94b03 0.052s
2024-12-10 18:03:47.415 65734 INFO tempest.lib.common.rest_client [req-b82aa07a-5493-4f2a-b3d4-36fbf13ad50b req-b82aa07a-5493-4f2a-b3d4-36fbf13ad50b ] Request (ServerExternalEventsTest:tearDownClass): 200 GET http://10.180.1.21/compute/v2.1/servers/040543b1-db31-45db-8cbb-8fec5091cdb0 0.058s
2024-12-10 18:03:47.462 65724 INFO tempest.lib.common.rest_client [req-58f95e3c-46eb-4db0-a5f2-dc732e55bbd8 req-58f95e3c-46eb-4db0-a5f2-dc732e55bbd8 ] Request (TenantUsagesTestJSON:setUpClass): 200 GET http://10.180.1.21/compute/v2.1/servers/f1611627-200c-496c-9fe4-fd60aff8f5ae 0.054s
2024-12-10 18:03:47.484 65748 INFO tempest.lib.common.rest_client [req-edfe2d8c-98d9-4283-b102-0fdbb9689de8 req-edfe2d8c-98d9-4283-b102-0fdbb9689de8 ] Request (ServersTestManualDisk:setUpClass): 200 GET http://10.180.1.21/compute/v2.1/servers/5e003774-5b6d-4272-8685-189e967f63a1 0.100s
2024-12-10 18:03:47.519 65754 INFO tempest.lib.common.rest_client [req-339a1f96-b313-4753-8132-93c634116340 req-339a1f96-b313-4753-8132-93c634116340 ] Request (ServerMetadataNegativeTestJSON:setUpClass): 200 GET http://10.180.1.21/compute/v2.1/servers/ed32836f-0827-4741-8a25-dc488c564917 0.079s
2024-12-10 18:03:47.551 65744 INFO tempest.lib.common.rest_client [req-ea2f1191-2833-4cc7-821a-4f66f3e17561 req-ea2f1191-2833-4cc7-821a-4f66f3e17561 ] Request (ServersAdminTestJSON:test_create_server_with_scheduling_hint): 200 GET http://10.180.1.21/compute/v2.1/servers/93767ef1-092f-405d-b393-6bec8e6c3615 0.097s
2024-12-10 18:03:47.628 65758 INFO tempest.lib.common.rest_client [req-bd6a66c0-cb21-4ec6-8617-844d350d8d28 req-bd6a66c0-cb21-4ec6-8617-844d350d8d28 ] Request (ServerActionsV293TestJSON:setUpClass): 200 GET http://10.180.1.21/compute/v2.1/servers/6ca827e1-6be1-4f24-a56a-876454615e97 0.068s
2024-12-10 18:03:47.637 65758 INFO tempest.common.waiters [-] State transition "BUILD/None" ==> "BUILD/networking" after 48 second wait
2024-12-10 18:03:47.649 65708 INFO tempest.lib.common.rest_client [req-6f04da08-a68b-4dfe-a41e-a3aa7a45ebba req-6f04da08-a68b-4dfe-a41e-a3aa7a45ebba ] Request (ImagesOneServerTestJSON:setUpClass): 200 GET http://10.180.1.21/compute/v2.1/servers/90e88eb8-7d4a-4a76-b46f-105292f41ce0 0.120s
2024-12-10 18:03:47.692 65766 INFO tempest.lib.common.rest_client [req-f8d26177-e824-49c8-a0f8-8a55816c65cf req-f8d26177-e824-49c8-a0f8-8a55816c65cf ] Request (MigrationsAdminTest:test_resize_server_revert_deleted_flavor): 200 GET http://10.180.1.21/compute/v2.1/servers/a3a0029e-76fe-4ba3-9bdc-247ea37f78df 0.095s
2024-12-10 18:03:47.699 65739 WARNING tempest.lib.common.ssh [-] Failed to establish authenticated ssh connection to cirros@10.180.180.206 ([Errno None] Unable to connect to port 22 on 10.180.180.206). Number attempts: 9. Retry after 10 seconds.: paramiko.ssh_exception.NoValidConnectionsError: [Errno None] Unable to connect to port 22 on 10.180.180.206
2024-12-10 18:03:47.717 65726 INFO tempest.lib.common.rest_client [req-d6ef17b0-8ed1-4c2a-ba0d-6260dddb2951 req-d6ef17b0-8ed1-4c2a-ba0d-6260dddb2951 ] Request (ServersAaction247Test:test_create_backup): 200 GET http://10.180.1.21/compute/v2.1/servers/0feb6a44-8f9a-4446-83f7-e56467d597f3 0.064s
2024-12-10 18:03:47.755 65720 INFO tempest.lib.common.rest_client [req-944fc7c1-43f9-4f7b-974a-52cbd26c275e req-944fc7c1-43f9-4f7b-974a-52cbd26c275e ] Request (InstanceActionsV221TestJSON:test_get_list_deleted_instance_actions): 200 GET http://10.180.1.21/compute/v2.1/servers/db17ef0f-be04-4540-88c2-13c27f4bf4c7 0.103s
2024-12-10 18:03:47.799 65710 INFO tempest.lib.common.rest_client [req-126639d8-deac-4d8a-9f39-91bb8037bd21 req-126639d8-deac-4d8a-9f39-91bb8037bd21 ] Request (ListImageFiltersTestJSON:tearDownClass): 200 GET http://10.180.1.21/compute/v2.1/servers/5801ddb7-fa0b-4c30-be71-afae4d7ce119 0.091s
2024-12-10 18:03:47.835 65716 INFO tempest.lib.common.rest_client [req-2088b65c-edff-4203-8822-30ecc6d24789 req-2088b65c-edff-4203-8822-30ecc6d24789 ] Request (ServerDiagnosticsNegativeTest:tearDownClass): 200 GET http://10.180.1.21/compute/v2.1/servers/62f90c9b-83f1-4a16-b238-6425e1f00310 0.118s
2024-12-10 18:03:47.852 65718 INFO tempest.lib.common.rest_client [req-d0402a5d-454c-46fc-9876-45dee840960a req-d0402a5d-454c-46fc-9876-45dee840960a ] Request (ServerShowV247Test:test_update_rebuild_list_server): 200 GET http://10.180.1.21/compute/v2.1/servers/5dc8f99f-e2c3-48b8-9601-0fe7fae90c0a 0.082s
2024-12-10 18:03:47.908 65712 INFO tempest.lib.common.rest_client [req-9ff7fce3-6c80-4cf2-b3cd-98b5fc910b37 req-9ff7fce3-6c80-4cf2-b3cd-98b5fc910b37 ] Request (ServersAdminNegativeTestJSON:tearDownClass): 200 GET http://10.180.1.21/compute/v2.1/servers/227a90d6-1651-45fb-bb34-c785a7a7ff49 0.069s
2024-12-10 18:03:47.908 65752 INFO tempest.lib.common.rest_client [req-f0fc33a7-c102-4f5d-a711-fce100460bba req-f0fc33a7-c102-4f5d-a711-fce100460bba ] Request (ServerAddressesTestJSON:tearDownClass): 200 GET http://10.180.1.21/compute/v2.1/servers/9e5fd757-c244-45b9-815d-7aa6de36ab95 0.129s
2024-12-10 18:03:47.959 65771 INFO tempest.lib.common.rest_client [req-05573918-085d-408e-8765-9df7f3f35e9d req-05573918-085d-408e-8765-9df7f3f35e9d ] Request (ImagesOneServerNegativeTestJSON:_run_cleanups): 200 GET http://10.180.1.21/compute/v2.1/servers/42c7a76b-768f-444a-9372-f51ed6bc2524 0.076s
2024-12-10 18:03:48.140 65742 INFO tempest.lib.common.rest_client [req-8f74579a-5bd1-4021-8677-77e47d0ffe27 req-8f74579a-5bd1-4021-8677-77e47d0ffe27 ] Request (AttachInterfacesTestJSON:test_create_list_show_delete_interfaces_by_fixed_ip): 200 GET http://10.180.1.21/compute/v2.1/servers/3ba3ab68-3aca-455a-8600-9508a11579c9/os-interface 0.090s
2024-12-10 18:03:48.158 65742 INFO tempest.lib.common.rest_client [req-37fedeef-b366-46fa-8bd7-6874632b36d3 req-37fedeef-b366-46fa-8bd7-6874632b36d3 ] Request (AttachInterfacesTestJSON:_run_cleanups): 404 DELETE http://10.180.1.21:9696/networking/v2.0/ports/16881d9c-ce3e-4597-becc-c79e87ba0be1 0.015s
2024-12-10 18:03:48.183 65768 INFO tempest.lib.common.rest_client [req-c737d56d-541d-4ee7-8b07-dcbe834b1e65 req-c737d56d-541d-4ee7-8b07-dcbe834b1e65 ] Request (ImagesTestJSON:test_create_image_from_suspended_server): 200 GET http://10.180.1.21/compute/v2.1/servers/cdec697b-1808-4f23-b40c-df3751bf4a44 0.150s
2024-12-10 18:03:48.202 65757 INFO tempest.lib.common.rest_client [req-6c838e7e-aa19-4e45-b17a-a902c28d473c req-6c838e7e-aa19-4e45-b17a-a902c28d473c ] Request (ListServerFiltersTestJSON:tearDownClass): 200 GET http://10.180.1.21/compute/v2.1/servers/261080a8-78d6-4506-96ef-d9175fe0017e 0.107s
2024-12-10 18:03:48.248 65760 INFO tempest.lib.common.rest_client [req-cee5322f-81f6-4fdb-9743-c0a726536ca1 req-cee5322f-81f6-4fdb-9743-c0a726536ca1 ] Request (VolumesAssistedSnapshotsTest:tearDownClass): 200 GET http://10.180.1.21/compute/v2.1/servers/8553d005-e6e3-452c-a7e1-84a479c28c34 0.111s
2024-12-10 18:03:48.258 65740 INFO tempest.lib.common.rest_client [req-d21e64be-8510-4905-847d-715be8b63a36 req-d21e64be-8510-4905-847d-715be8b63a36 ] Request (SecurityGroupsTestJSON:test_server_security_groups): 200 GET http://10.180.1.21/compute/v2.1/servers/f1ec63cb-168e-419b-b2c5-11d0757c718e 0.116s
2024-12-10 18:03:48.313 65736 INFO tempest.lib.common.rest_client [req-519969dc-7a3c-445b-955e-39fa7bdfb94b req-519969dc-7a3c-445b-955e-39fa7bdfb94b ] Request (MultipleCreateTestJSON:_run_cleanups): 200 GET http://10.180.1.21/compute/v2.1/servers/a545c73e-0194-49da-85bb-9106524e3081 0.105s
2024-12-10 18:03:48.323 65742 INFO tempest.lib.common.rest_client [req-825319cf-bc34-4635-b5ad-5e38516fd0bc req-825319cf-bc34-4635-b5ad-5e38516fd0bc ] Request (AttachInterfacesTestJSON:_run_cleanups): 204 DELETE http://10.180.1.21/compute/v2.1/servers/3ba3ab68-3aca-455a-8600-9508a11579c9 0.165s
2024-12-10 18:03:48.362 65750 INFO tempest.lib.common.rest_client [req-0cb8b249-ba91-4461-91c0-614531a447a2 req-0cb8b249-ba91-4461-91c0-614531a447a2 ] Request (VolumesAdminNegativeTest:test_update_attached_volume_with_nonexistent_volume_in_uri): 200 GET http://10.180.1.21/compute/v2.1/servers/e3149162-b99d-456b-9f81-f6209ee11fe4 0.141s
2024-12-10 18:03:48.384 65714 INFO tempest.lib.common.rest_client [req-54a14569-4617-4dc0-b75a-fb9b5b6c5d90 req-54a14569-4617-4dc0-b75a-fb9b5b6c5d90 ] Request (DeleteServersTestJSON:test_delete_active_server): 200 GET http://10.180.1.21/compute/v2.1/servers/462a23e1-0a6b-4be2-af22-392b7830244b 0.108s
2024-12-10 18:03:48.443 65732 INFO tempest.lib.common.rest_client [req-a039f045-0e92-4029-ada0-2248537320da req-a039f045-0e92-4029-ada0-2248537320da ] Request (AttachVolumeShelveTestJSON:test_attach_volume_shelved_or_offload_server): 200 GET http://10.180.1.21/compute/v2.1/servers/f19c1efd-c45f-4ff6-9c2b-1e2260e94b03 0.089s
2024-12-10 18:03:48.482 65742 INFO tempest.lib.common.rest_client [req-559f0261-211c-44c4-b69d-ab33f480394b req-559f0261-211c-44c4-b69d-ab33f480394b ] Request (AttachInterfacesTestJSON:_run_cleanups): 200 GET http://10.180.1.21/compute/v2.1/servers/3ba3ab68-3aca-455a-8600-9508a11579c9 0.158s
2024-12-10 18:03:48.502 65734 INFO tempest.lib.common.rest_client [req-2dd4b41c-5660-4fc3-bd82-f3209a24b606 req-2dd4b41c-5660-4fc3-bd82-f3209a24b606 ] Request (ServerExternalEventsTest:tearDownClass): 200 GET http://10.180.1.21/compute/v2.1/servers/040543b1-db31-45db-8cbb-8fec5091cdb0 0.079s
2024-12-10 18:03:48.539 65724 INFO tempest.lib.common.rest_client [req-4a528c37-4404-4889-a095-8f49eda48d8b req-4a528c37-4404-4889-a095-8f49eda48d8b ] Request (TenantUsagesTestJSON:setUpClass): 200 GET http://10.180.1.21/compute/v2.1/servers/f1611627-200c-496c-9fe4-fd60aff8f5ae 0.068s
2024-12-10 18:03:48.582 65754 INFO tempest.lib.common.rest_client [req-0438cc8c-5b0c-45fc-808e-e13685d34e9b req-0438cc8c-5b0c-45fc-808e-e13685d34e9b ] Request (ServerMetadataNegativeTestJSON:setUpClass): 200 GET http://10.180.1.21/compute/v2.1/servers/ed32836f-0827-4741-8a25-dc488c564917 0.051s
2024-12-10 18:03:48.599 65748 INFO tempest.lib.common.rest_client [req-17a28455-9caa-49eb-82e0-d52e520f1c5c req-17a28455-9caa-49eb-82e0-d52e520f1c5c ] Request (ServersTestManualDisk:setUpClass): 200 GET http://10.180.1.21/compute/v2.1/servers/5e003774-5b6d-4272-8685-189e967f63a1 0.107s
2024-12-10 18:03:48.605 65748 INFO tempest.common.waiters [-] State transition "BUILD/spawning" ==> "ACTIVE/None" after 60 second wait
2024-12-10 18:03:48.629 65744 INFO tempest.lib.common.rest_client [req-90497baa-0245-4027-a8e6-e670ea2594bf req-90497baa-0245-4027-a8e6-e670ea2594bf ] Request (ServersAdminTestJSON:test_create_server_with_scheduling_hint): 200 GET http://10.180.1.21/compute/v2.1/servers/93767ef1-092f-405d-b393-6bec8e6c3615 0.071s
2024-12-10 18:03:48.661 65748 INFO tempest.lib.common.rest_client [req-426c407c-7006-4612-a57a-08352fe67586 req-426c407c-7006-4612-a57a-08352fe67586 ] Request (ServersTestManualDisk:setUpClass): 200 GET http://10.180.1.21/compute/v2.1/servers/5e003774-5b6d-4272-8685-189e967f63a1/os-interface 0.056s
2024-12-10 18:03:48.770 65758 INFO tempest.lib.common.rest_client [req-a87a6aa3-a32b-4938-b8d5-4314920dba93 req-a87a6aa3-a32b-4938-b8d5-4314920dba93 ] Request (ServerActionsV293TestJSON:setUpClass): 200 GET http://10.180.1.21/compute/v2.1/servers/6ca827e1-6be1-4f24-a56a-876454615e97 0.132s
2024-12-10 18:03:48.780 65758 INFO tempest.common.waiters [-] State transition "BUILD/networking" ==> "BUILD/block_device_mapping" after 49 second wait
2024-12-10 18:03:48.829 65766 INFO tempest.lib.common.rest_client [req-9c51c354-f134-49db-b4af-4ae5c05da329 req-9c51c354-f134-49db-b4af-4ae5c05da329 ] Request (MigrationsAdminTest:test_resize_server_revert_deleted_flavor): 200 GET http://10.180.1.21/compute/v2.1/servers/a3a0029e-76fe-4ba3-9bdc-247ea37f78df 0.129s
2024-12-10 18:03:48.864 65708 INFO tempest.lib.common.rest_client [req-c44536a9-4e8b-43a1-9255-b66d97ed3169 req-c44536a9-4e8b-43a1-9255-b66d97ed3169 ] Request (ImagesOneServerTestJSON:setUpClass): 200 GET http://10.180.1.21/compute/v2.1/servers/90e88eb8-7d4a-4a76-b46f-105292f41ce0 0.208s
2024-12-10 18:03:48.888 65726 INFO tempest.lib.common.rest_client [req-e16b9b65-bebf-44bc-8615-3a4b7c333a9d req-e16b9b65-bebf-44bc-8615-3a4b7c333a9d ] Request (ServersAaction247Test:test_create_backup): 200 GET http://10.180.1.21/compute/v2.1/servers/0feb6a44-8f9a-4446-83f7-e56467d597f3 0.158s
2024-12-10 18:03:48.914 65720 INFO tempest.lib.common.rest_client [req-10a8fc4d-1da4-424c-872d-26e172f0a68a req-10a8fc4d-1da4-424c-872d-26e172f0a68a ] Request (InstanceActionsV221TestJSON:test_get_list_deleted_instance_actions): 200 GET http://10.180.1.21/compute/v2.1/servers/db17ef0f-be04-4540-88c2-13c27f4bf4c7 0.148s
2024-12-10 18:03:48.948 65710 INFO tempest.lib.common.rest_client [req-8676aac7-8ad1-4a63-97ff-8eeef0933662 req-8676aac7-8ad1-4a63-97ff-8eeef0933662 ] Request (ListImageFiltersTestJSON:tearDownClass): 200 GET http://10.180.1.21/compute/v2.1/servers/5801ddb7-fa0b-4c30-be71-afae4d7ce119 0.141s
2024-12-10 18:03:48.972 65716 INFO tempest.lib.common.rest_client [req-6cfafb44-5d90-49d4-94d8-69aa2570c628 req-6cfafb44-5d90-49d4-94d8-69aa2570c628 ] Request (ServerDiagnosticsNegativeTest:tearDownClass): 200 GET http://10.180.1.21/compute/v2.1/servers/62f90c9b-83f1-4a16-b238-6425e1f00310 0.129s
2024-12-10 18:03:49.001 65718 INFO tempest.lib.common.rest_client [req-bfeb1659-d05f-4533-899b-c66970d3d438 req-bfeb1659-d05f-4533-899b-c66970d3d438 ] Request (ServerShowV247Test:test_update_rebuild_list_server): 200 GET http://10.180.1.21/compute/v2.1/servers/5dc8f99f-e2c3-48b8-9601-0fe7fae90c0a 0.141s
2024-12-10 18:03:49.049 65712 INFO tempest.lib.common.rest_client [req-186a8464-7d10-47f2-9252-06ef768f15a8 req-186a8464-7d10-47f2-9252-06ef768f15a8 ] Request (ServersAdminNegativeTestJSON:tearDownClass): 200 GET http://10.180.1.21/compute/v2.1/servers/227a90d6-1651-45fb-bb34-c785a7a7ff49 0.133s
2024-12-10 18:03:49.114 65771 INFO tempest.lib.common.rest_client [req-79b55b51-2f6a-46b9-a89b-783f69ac7b89 req-79b55b51-2f6a-46b9-a89b-783f69ac7b89 ] Request (ImagesOneServerNegativeTestJSON:_run_cleanups): 200 GET http://10.180.1.21/compute/v2.1/servers/42c7a76b-768f-444a-9372-f51ed6bc2524 0.148s
2024-12-10 18:03:49.292 65748 INFO tempest.lib.common.rest_client [req-fcdaf034-0975-4b83-a592-cb6e2b0a50ed req-fcdaf034-0975-4b83-a592-cb6e2b0a50ed ] Request (ServersTestManualDisk:setUpClass): 200 PUT http://10.180.1.21:9696/networking/v2.0/floatingips/a4316c1e-a2f9-42cf-a3e2-92ec27ee37c6 0.628s
2024-12-10 18:03:49.303 65728 WARNING tempest.lib.common.ssh [-] Failed to establish authenticated ssh connection to cirros@10.180.180.234 ([Errno None] Unable to connect to port 22 on 10.180.180.234). Number attempts: 6. Retry after 7 seconds.: paramiko.ssh_exception.NoValidConnectionsError: [Errno None] Unable to connect to port 22 on 10.180.180.234
2024-12-10 18:03:49.309 65752 INFO tempest.lib.common.rest_client [req-cca6490d-2ccb-474a-bb7d-1d38a8a194cc req-cca6490d-2ccb-474a-bb7d-1d38a8a194cc ] Request (ServerAddressesTestJSON:tearDownClass): 200 GET http://10.180.1.21/compute/v2.1/servers/9e5fd757-c244-45b9-815d-7aa6de36ab95 0.394s
2024-12-10 18:03:49.315 65768 INFO tempest.lib.common.rest_client [req-f305b64f-54e9-403a-aad9-e9f9c92d9e4e req-f305b64f-54e9-403a-aad9-e9f9c92d9e4e ] Request (ImagesTestJSON:test_create_image_from_suspended_server): 200 GET http://10.180.1.21/compute/v2.1/servers/cdec697b-1808-4f23-b40c-df3751bf4a44 0.124s
2024-12-10 18:03:49.361 65757 INFO tempest.lib.common.rest_client [req-6989ea50-5c23-4519-8765-94e4d0067263 req-6989ea50-5c23-4519-8765-94e4d0067263 ] Request (ListServerFiltersTestJSON:tearDownClass): 200 GET http://10.180.1.21/compute/v2.1/servers/261080a8-78d6-4506-96ef-d9175fe0017e 0.151s
2024-12-10 18:03:49.369 65760 INFO tempest.lib.common.rest_client [req-dda2cbae-2cac-4c2e-9215-e784ace83737 req-dda2cbae-2cac-4c2e-9215-e784ace83737 ] Request (VolumesAssistedSnapshotsTest:tearDownClass): 200 GET http://10.180.1.21/compute/v2.1/servers/8553d005-e6e3-452c-a7e1-84a479c28c34 0.108s
2024-12-10 18:03:49.410 65740 INFO tempest.lib.common.rest_client [req-dbb265e3-ded5-465e-ac1d-e461041410ed req-dbb265e3-ded5-465e-ac1d-e461041410ed ] Request (SecurityGroupsTestJSON:test_server_security_groups): 200 GET http://10.180.1.21/compute/v2.1/servers/f1ec63cb-168e-419b-b2c5-11d0757c718e 0.138s
2024-12-10 18:03:49.471 65736 INFO tempest.lib.common.rest_client [req-1b0e5a5c-f29e-4dca-b20d-bdffdfe7e8f2 req-1b0e5a5c-f29e-4dca-b20d-bdffdfe7e8f2 ] Request (MultipleCreateTestJSON:_run_cleanups): 200 GET http://10.180.1.21/compute/v2.1/servers/a545c73e-0194-49da-85bb-9106524e3081 0.152s
2024-12-10 18:03:49.514 65748 INFO tempest.lib.common.rest_client [req-8ddcf6ba-1af0-48ad-ad38-abc20339ebc9 req-8ddcf6ba-1af0-48ad-ad38-abc20339ebc9 ] Request (ServersTestManualDisk:setUpClass): 200 GET http://10.180.1.21/compute/v2.1/servers/5e003774-5b6d-4272-8685-189e967f63a1 0.222s
2024-12-10 18:03:49.522 65750 INFO tempest.lib.common.rest_client [req-ac6de162-aa22-4ba6-9825-946e31b6b5e7 req-ac6de162-aa22-4ba6-9825-946e31b6b5e7 ] Request (VolumesAdminNegativeTest:test_update_attached_volume_with_nonexistent_volume_in_uri): 200 GET http://10.180.1.21/compute/v2.1/servers/e3149162-b99d-456b-9f81-f6209ee11fe4 0.153s
2024-12-10 18:03:49.523 65748 INFO tempest.lib.common.ssh [-] Creating ssh connection to '10.180.180.242:22' as 'cirros' with public key authentication
2024-12-10 18:03:49.574 65732 INFO tempest.lib.common.rest_client [req-82f0db04-000f-491d-92a9-de08fafa215b req-82f0db04-000f-491d-92a9-de08fafa215b ] Request (AttachVolumeShelveTestJSON:test_attach_volume_shelved_or_offload_server): 200 GET http://10.180.1.21/compute/v2.1/servers/f19c1efd-c45f-4ff6-9c2b-1e2260e94b03 0.113s
2024-12-10 18:03:49.578 65714 INFO tempest.lib.common.rest_client [req-3d2974f7-8d15-445a-8e75-a6183097c90e req-3d2974f7-8d15-445a-8e75-a6183097c90e ] Request (DeleteServersTestJSON:test_delete_active_server): 200 GET http://10.180.1.21/compute/v2.1/servers/462a23e1-0a6b-4be2-af22-392b7830244b 0.187s
2024-12-10 18:03:49.585 65714 INFO tempest.common.waiters [-] State transition "BUILD/scheduling" ==> "BUILD/None" after 29 second wait
2024-12-10 18:03:49.655 65734 INFO tempest.lib.common.rest_client [req-af0cf1d6-6392-4196-93ef-3cd038185c9d req-af0cf1d6-6392-4196-93ef-3cd038185c9d ] Request (ServerExternalEventsTest:tearDownClass): 200 GET http://10.180.1.21/compute/v2.1/servers/040543b1-db31-45db-8cbb-8fec5091cdb0 0.146s
2024-12-10 18:03:49.676 65742 INFO tempest.lib.common.rest_client [req-2f9c18c2-35b0-4fc2-8025-7db68b03e314 req-2f9c18c2-35b0-4fc2-8025-7db68b03e314 ] Request (AttachInterfacesTestJSON:_run_cleanups): 200 GET http://10.180.1.21/compute/v2.1/servers/3ba3ab68-3aca-455a-8600-9508a11579c9 0.187s
2024-12-10 18:03:49.721 65724 INFO tempest.lib.common.rest_client [req-c58c9b11-8d18-45f4-83e6-0405ca2498f4 req-c58c9b11-8d18-45f4-83e6-0405ca2498f4 ] Request (TenantUsagesTestJSON:setUpClass): 200 GET http://10.180.1.21/compute/v2.1/servers/f1611627-200c-496c-9fe4-fd60aff8f5ae 0.171s
2024-12-10 18:03:49.729 65754 INFO tempest.lib.common.rest_client [req-7258bad1-f345-4d26-ad94-4bd7ef160b0a req-7258bad1-f345-4d26-ad94-4bd7ef160b0a ] Request (ServerMetadataNegativeTestJSON:setUpClass): 200 GET http://10.180.1.21/compute/v2.1/servers/ed32836f-0827-4741-8a25-dc488c564917 0.140s
2024-12-10 18:03:49.790 65744 INFO tempest.lib.common.rest_client [req-79c819d2-d205-421a-a16f-52d058155e89 req-79c819d2-d205-421a-a16f-52d058155e89 ] Request (ServersAdminTestJSON:test_create_server_with_scheduling_hint): 200 GET http://10.180.1.21/compute/v2.1/servers/93767ef1-092f-405d-b393-6bec8e6c3615 0.155s
2024-12-10 18:03:49.894 65766 INFO tempest.lib.common.rest_client [req-b11b36bb-b8d8-499a-ac3f-962492ecf852 req-b11b36bb-b8d8-499a-ac3f-962492ecf852 ] Request (MigrationsAdminTest:test_resize_server_revert_deleted_flavor): 200 GET http://10.180.1.21/compute/v2.1/servers/a3a0029e-76fe-4ba3-9bdc-247ea37f78df 0.057s
2024-12-10 18:03:50.014 65708 INFO tempest.lib.common.rest_client [req-9d3a0347-c0e4-48a4-9978-c920424346db req-9d3a0347-c0e4-48a4-9978-c920424346db ] Request (ImagesOneServerTestJSON:setUpClass): 200 GET http://10.180.1.21/compute/v2.1/servers/90e88eb8-7d4a-4a76-b46f-105292f41ce0 0.135s
2024-12-10 18:03:50.066 65726 INFO tempest.lib.common.rest_client [req-db0a39c8-ff0c-4e7e-a36a-e46692943bf0 req-db0a39c8-ff0c-4e7e-a36a-e46692943bf0 ] Request (ServersAaction247Test:test_create_backup): 200 GET http://10.180.1.21/compute/v2.1/servers/0feb6a44-8f9a-4446-83f7-e56467d597f3 0.166s
2024-12-10 18:03:50.115 65720 INFO tempest.lib.common.rest_client [req-80172870-5036-4244-b71b-9c395d772670 req-80172870-5036-4244-b71b-9c395d772670 ] Request (InstanceActionsV221TestJSON:test_get_list_deleted_instance_actions): 200 GET http://10.180.1.21/compute/v2.1/servers/db17ef0f-be04-4540-88c2-13c27f4bf4c7 0.193s
2024-12-10 18:03:50.116 65730 WARNING tempest.lib.common.ssh [-] Failed to establish authenticated ssh connection to cirros@10.180.180.141 ([Errno None] Unable to connect to port 22 on 10.180.180.141). Number attempts: 4. Retry after 5 seconds.: paramiko.ssh_exception.NoValidConnectionsError: [Errno None] Unable to connect to port 22 on 10.180.180.141
2024-12-10 18:03:50.145 65758 INFO tempest.lib.common.rest_client [req-29951873-e088-4adf-ae8c-013eaab6d9c4 req-29951873-e088-4adf-ae8c-013eaab6d9c4 ] Request (ServerActionsV293TestJSON:setUpClass): 200 GET http://10.180.1.21/compute/v2.1/servers/6ca827e1-6be1-4f24-a56a-876454615e97 0.364s
2024-12-10 18:03:50.174 65710 INFO tempest.lib.common.rest_client [req-ca2a2696-0e04-44f3-8dd5-8ae03a683f89 req-ca2a2696-0e04-44f3-8dd5-8ae03a683f89 ] Request (ListImageFiltersTestJSON:tearDownClass): 200 GET http://10.180.1.21/compute/v2.1/servers/5801ddb7-fa0b-4c30-be71-afae4d7ce119 0.219s
2024-12-10 18:03:50.207 65716 INFO tempest.lib.common.rest_client [req-34075ef9-a2eb-421a-9147-e99f4baa8c0d req-34075ef9-a2eb-421a-9147-e99f4baa8c0d ] Request (ServerDiagnosticsNegativeTest:tearDownClass): 200 GET http://10.180.1.21/compute/v2.1/servers/62f90c9b-83f1-4a16-b238-6425e1f00310 0.226s
