2024-12-10 17:24:10.344 66271 INFO tempest.lib.common.rest_client [req-377df3ea-de20-4471-97b4-6f2bb99e7df1 req-377df3ea-de20-4471-97b4-6f2bb99e7df1 ] Request (FloatingIPsAssociationNegativeTestJSON:test_associate_ip_to_server_without_passing_floating_ip): 400 POST http://10.180.1.21/compute/v2.1/servers/862302e5-ad7e-40f3-a4a3-8c4a8035e1cf/action 0.532s
2024-12-10 17:24:10.385 66279 INFO tempest.lib.common.rest_client [req-b60648e6-74eb-4982-9aaa-f4946c1eea4c req-b60648e6-74eb-4982-9aaa-f4946c1eea4c ] Request (ListImageFiltersTestJSON:test_list_images_filter_by_type): 200 GET http://10.180.1.21/compute/v2.1/images?type=snapshot 0.496s
2024-12-10 17:24:10.391 66237 INFO tempest.lib.common.rest_client [req-1da8e5e9-d2d8-4a2a-b1d5-3432a1ae2609 req-1da8e5e9-d2d8-4a2a-b1d5-3432a1ae2609 ] Request (FloatingIPsAssociationTestJSON:setUpClass): 200 POST http://10.180.1.21/compute/v2.1/os-floating-ips 1.354s
2024-12-10 17:24:10.442 66275 INFO tempest.lib.common.rest_client [req-0c9452d3-8129-4bec-9997-a0574e12e835 req-0c9452d3-8129-4bec-9997-a0574e12e835 ] Request (ServersAdminNegativeTestJSON:tearDownClass): 200 GET http://10.180.1.21/compute/v2.1/servers/81920a24-f406-4923-98b7-cc0f3d0ccc8b 0.306s
2024-12-10 17:24:10.446 66249 INFO tempest.lib.common.rest_client [req-c6ff4f59-aa68-4e26-97f3-e9ffdde628f2 req-c6ff4f59-aa68-4e26-97f3-e9ffdde628f2 ] Request (ServersAdminTestJSON:test_create_server_with_scheduling_hint): 200 GET http://10.180.1.21/compute/v2.1/servers/8fa5fef6-8768-4e24-aab3-db56a10588c2 0.279s
2024-12-10 17:24:10.468 66237 INFO tempest.lib.common.rest_client [req-8e65e507-fd80-45bd-bb45-0d6bfd1552a5 req-8e65e507-fd80-45bd-bb45-0d6bfd1552a5 ] Request (FloatingIPsAssociationTestJSON:test_associate_already_associated_floating_ip): 201 POST http://10.180.1.21/identity/v3/auth/tokens 0.071s
2024-12-10 17:24:10.468 66237 INFO tempest.lib.common.fixed_network [-] (FloatingIPsAssociationTestJSON:test_associate_already_associated_floating_ip) Found network {'id': '02b17772-010b-4af3-8bd2-16531a9a8b54', 'name': 'tempest-FloatingIPsAssociationTestJSON-1224838679-network', 'tenant_id': '20f891cd9bb546b9bfe8095234165327', 'admin_state_up': True, 'mtu': 8950, 'status': 'ACTIVE', 'subnets': [], 'shared': False, 'project_id': '20f891cd9bb546b9bfe8095234165327', 'port_security_enabled': True, 'router:external': False, 'provider:network_type': 'vlan', 'provider:physical_network': 'default', 'provider:segmentation_id': 730, 'availability_zone_hints': [], 'availability_zones': [], 'ipv4_address_scope': None, 'ipv6_address_scope': None, 'description': '', 'tags': [], 'created_at': '2024-12-10T17:22:56Z', 'updated_at': '2024-12-10T17:22:56Z', 'revision_number': 1} available for tenant
2024-12-10 17:24:10.496 66259 INFO tempest.lib.common.rest_client [req-7822605c-727f-4592-99c0-45ae0f97a6f4 req-7822605c-727f-4592-99c0-45ae0f97a6f4 ] Request (ServersTestMultiNic:test_verify_multiple_nics_order): 200 GET http://10.180.1.21/compute/v2.1/servers/2d7b237e-f86d-42b1-ab04-320f0012a2d1 0.304s
2024-12-10 17:24:10.503 66253 INFO tempest.lib.common.rest_client [req-a84b887d-9cd4-4e6d-a60c-66ae49d4c468 req-a84b887d-9cd4-4e6d-a60c-66ae49d4c468 ] Request (ServersNegativeTestJSON:setUpClass): 200 GET http://10.180.1.21/compute/v2.1/servers/fba9040d-f904-44a1-8785-14d4696ea939 0.294s
2024-12-10 17:24:10.545 66235 INFO tempest.lib.common.rest_client [req-92d3ba95-5180-4a2b-aeed-02921c24c540 req-92d3ba95-5180-4a2b-aeed-02921c24c540 ] Request (ImagesOneServerNegativeTestJSON:_run_cleanups): 200 GET http://10.180.1.21/compute/v2.1/servers/d15a7e98-755b-4c5c-ba34-dc5fc3f8846d 0.286s
2024-12-10 17:24:10.559 66239 INFO tempest.lib.common.rest_client [req-2df040f9-82f3-463b-b390-ddd50dbe91a0 req-2df040f9-82f3-463b-b390-ddd50dbe91a0 ] Request (ImagesOneServerTestJSON:tearDownClass): 200 GET http://10.180.1.21/compute/v2.1/servers/746742ac-8d7a-466b-8bc0-043cb5422111 0.261s
2024-12-10 17:24:10.594 66227 INFO tempest.lib.common.rest_client [req-8ccba82a-e1db-4c8d-8919-67dc8f0ca373 req-8ccba82a-e1db-4c8d-8919-67dc8f0ca373 ] Request (InstanceActionsV221TestJSON:test_get_list_deleted_instance_actions): 200 GET http://10.180.1.21/compute/v2.1/servers/8bc4bb67-bc00-44c6-9c83-c0a1072142e6 0.279s
2024-12-10 17:24:10.644 66233 INFO tempest.lib.common.rest_client [req-f285bbb3-41fc-40a5-a99e-f8abbb6cf441 req-f285bbb3-41fc-40a5-a99e-f8abbb6cf441 ] Request (ListServerFiltersTestJSON:setUpClass): 200 GET http://10.180.1.21/compute/v2.1/servers/99cc8af3-5c18-4839-94db-996861e0c276 0.297s
2024-12-10 17:24:10.664 66271 INFO tempest.lib.common.rest_client [req-0c8b1b0e-4385-4750-84b0-30f4b452cde7 req-0c8b1b0e-4385-4750-84b0-30f4b452cde7 ] Request (FloatingIPsAssociationNegativeTestJSON:test_associate_nonexistent_floating_ip): 404 POST http://10.180.1.21/compute/v2.1/servers/862302e5-ad7e-40f3-a4a3-8c4a8035e1cf/action 0.319s
2024-12-10 17:24:10.699 66231 INFO tempest.lib.common.rest_client [req-a02ed397-b568-4712-8a5a-5952d1c77469 req-a02ed397-b568-4712-8a5a-5952d1c77469 ] Request (InstanceActionsNegativeTestJSON:tearDownClass): 200 GET http://10.180.1.21/compute/v2.1/servers/22a927ad-c2af-4814-b728-ec31b76a34d4 0.319s
2024-12-10 17:24:10.713 66279 INFO tempest.lib.common.rest_client [req-ca48117a-e190-484a-8b18-08f317341821 req-ca48117a-e190-484a-8b18-08f317341821 ] Request (ListImageFiltersTestJSON:test_list_images_limit_results): 200 GET http://10.180.1.21/compute/v2.1/images?limit=1 0.325s
2024-12-10 17:24:10.749 66255 INFO tempest.lib.common.rest_client [req-5160427f-ddb7-4cc5-ac7d-195b1058788e req-5160427f-ddb7-4cc5-ac7d-195b1058788e ] Request (ServersTestBootFromVolume:setUpClass): 200 GET http://10.180.1.21/compute/v2.1/servers/4e6b1296-9e19-4047-9c38-dc94c686d0cb 0.321s
2024-12-10 17:24:10.889 66247 INFO tempest.lib.common.rest_client [req-9b8700fd-7511-42ff-b9c2-52c5929d0e9c req-9b8700fd-7511-42ff-b9c2-52c5929d0e9c ] Request (VolumesAdminNegativeTest:test_update_attached_volume_with_nonexistent_volume_in_body): 200 GET http://10.180.1.21/compute/v2.1/servers/b853b581-ea46-4455-8cdb-6ea2f31c22be 0.408s
2024-12-10 17:24:10.921 66271 INFO tempest.lib.common.rest_client [req-c0016405-e8fc-4da6-83fb-d3a27d8b1566 req-c0016405-e8fc-4da6-83fb-d3a27d8b1566 ] Request (FloatingIPsAssociationNegativeTestJSON:test_dissociate_nonexistent_floating_ip): 404 POST http://10.180.1.21/compute/v2.1/servers/862302e5-ad7e-40f3-a4a3-8c4a8035e1cf/action 0.252s
2024-12-10 17:24:10.970 66279 INFO tempest.lib.common.rest_client [req-4b57e018-651a-45be-a65d-4edbfbab2802 req-4b57e018-651a-45be-a65d-4edbfbab2802 ] Request (ListImageFiltersTestJSON:test_list_images_with_detail_filter_by_changes_since): 200 GET http://10.180.1.21/compute/v2.1/images/detail?changes-since=2024-12-10T17%3A21%3A59Z 0.254s
2024-12-10 17:24:10.989 66237 INFO tempest.lib.common.rest_client [req-a3fd491d-1826-46a4-a2d1-1b7ca33c9f21 req-a3fd491d-1826-46a4-a2d1-1b7ca33c9f21 ] Request (FloatingIPsAssociationTestJSON:test_associate_already_associated_floating_ip): 202 POST http://10.180.1.21/compute/v2.1/servers 0.520s
2024-12-10 17:24:11.036 66279 INFO tempest.lib.common.rest_client [req-fbb5f726-de64-466b-92a2-58f64bdb64ce req-fbb5f726-de64-466b-92a2-58f64bdb64ce ] Request (ListImageFiltersTestJSON:test_list_images_with_detail_filter_by_name): 200 GET http://10.180.1.21/compute/v2.1/images/detail?name=tempest-ListImageFiltersTestJSON-image-1782102931 0.055s
2024-12-10 17:24:11.049 66271 INFO tempest.lib.common.rest_client [req-2655c380-e2fe-492d-8549-100d85158a9b req-2655c380-e2fe-492d-8549-100d85158a9b ] Request (FloatingIPsAssociationNegativeTestJSON:tearDownClass): 204 DELETE http://10.180.1.21/compute/v2.1/servers/862302e5-ad7e-40f3-a4a3-8c4a8035e1cf 0.127s
2024-12-10 17:24:11.092 66237 INFO tempest.lib.common.rest_client [req-baed15eb-083b-4843-bb89-57c5f9095a95 req-baed15eb-083b-4843-bb89-57c5f9095a95 ] Request (FloatingIPsAssociationTestJSON:test_associate_already_associated_floating_ip): 200 GET http://10.180.1.21/compute/v2.1/servers/272180b9-e79b-4714-b28b-470937509f42 0.101s
2024-12-10 17:24:11.144 66263 INFO tempest.lib.common.rest_client [req-4024a114-9abd-445d-af2f-00cf7a171a31 req-4024a114-9abd-445d-af2f-00cf7a171a31 ] Request (AttachVolumeTestJSON:test_attach_detach_volume): 200 GET http://10.180.1.21/compute/v2.1/servers/5124f7fb-1293-4964-98c4-426ecfce7d10 0.110s
2024-12-10 17:24:11.150 66225 INFO tempest.lib.common.rest_client [req-4c90dd90-0d24-47da-9770-7a79aa7a21ce req-4c90dd90-0d24-47da-9770-7a79aa7a21ce ] Request (MigrationsAdminTest:test_list_migrations_in_flavor_resize_situation): 200 GET http://10.180.1.21/compute/v2.1/servers/9b1306f9-4b0a-4116-8e79-271478f33490 0.164s
2024-12-10 17:24:11.184 66279 INFO tempest.lib.common.rest_client [req-3b19e447-4f95-4425-9a4f-492d9b510c9c req-3b19e447-4f95-4425-9a4f-492d9b510c9c ] Request (ListImageFiltersTestJSON:test_list_images_with_detail_filter_by_server_ref): 200 GET http://10.180.1.21/compute/v2.1/images/detail?server=http%3A%2F%2F10.180.1.21%2Fcompute%2Fv2.1%2Fservers%2Feff06e8a-8341-4d5e-b6dd-a585be4a21ea 0.144s
2024-12-10 17:24:11.257 66271 INFO tempest.lib.common.rest_client [req-5ab9daab-8d8d-41fe-a327-ec020214687c req-5ab9daab-8d8d-41fe-a327-ec020214687c ] Request (FloatingIPsAssociationNegativeTestJSON:tearDownClass): 200 GET http://10.180.1.21/compute/v2.1/servers/862302e5-ad7e-40f3-a4a3-8c4a8035e1cf 0.207s
2024-12-10 17:24:11.263 66261 INFO tempest.lib.common.rest_client [req-de4ea9a4-670b-4df4-aaa4-c003edd5528c req-de4ea9a4-670b-4df4-aaa4-c003edd5528c ] Request (DeleteServersAdminTestJSON:test_delete_server_while_in_error_state): 200 GET http://10.180.1.21/compute/v2.1/servers/8c10c573-de56-4c72-959a-65bf53b805a5 0.177s
2024-12-10 17:24:11.305 66273 INFO tempest.lib.common.rest_client [req-de5419f8-3d35-479b-b969-d95120bb2655 req-de5419f8-3d35-479b-b969-d95120bb2655 ] Request (ServerActionsV293TestJSON:setUpClass): 200 GET http://10.180.1.21/volume/v3/volumes/950dc879-aa21-4a03-88c5-e4e67d4e27c0 0.031s
2024-12-10 17:24:11.307 66279 INFO tempest.lib.common.rest_client [req-751a5bb1-a570-4674-acd8-34483b580faf req-751a5bb1-a570-4674-acd8-34483b580faf ] Request (ListImageFiltersTestJSON:test_list_images_with_detail_filter_by_server_ref): 200 GET http://10.180.1.21/compute/v2.1/images/detail?server=http%3A%2F%2F10.180.1.21%2Fcompute%2Fservers%2Feff06e8a-8341-4d5e-b6dd-a585be4a21ea 0.119s
2024-12-10 17:24:11.321 66288 INFO tempest.lib.common.rest_client [req-4dd5cd5d-0fef-41a0-bf1f-47f9038786b7 req-4dd5cd5d-0fef-41a0-bf1f-47f9038786b7 ] Request (ServersNegativeTestMultiTenantJSON:tearDownClass): 200 GET http://10.180.1.21/compute/v2.1/servers/87fa97a7-a8a5-4184-b52a-b02ad5468127 0.179s
2024-12-10 17:24:11.340 66265 INFO tempest.lib.common.rest_client [req-ba99af6f-3b0c-44d6-b6d3-dbc42df3a646 req-ba99af6f-3b0c-44d6-b6d3-dbc42df3a646 ] Request (ServerMetadataTestJSON:setUpClass): 200 PUT http://10.180.1.21:9696/networking/v2.0/routers/92c466d1-ec01-4a64-a42b-58a978455d6c/add_router_interface 0.997s
2024-12-10 17:24:11.340 66265 INFO tempest.lib.common.dynamic_creds [-] Created isolated network resources for: credentials: Credentials: {'domain_id': 'default', 'domain_name': 'Default', 'username': 'tempest-ServerMetadataTestJSON-331141426-project-member', 'project_domain_id': 'default', 'project_domain_name': 'Default', 'project_id': 'a54071d8478e49b4a519ace919960911', 'project_name': 'tempest-ServerMetadataTestJSON-331141426', 'tenant_id': 'a54071d8478e49b4a519ace919960911', 'tenant_name': 'tempest-ServerMetadataTestJSON-331141426', 'user_domain_id': 'default', 'user_domain_name': 'Default', 'user_id': '791c4d84105d4db48f37499dfedba84e', 'system': None}, Network: {'id': 'f71dc9ec-1bfa-4ee5-ba67-acf6156d0fa2', 'name': 'tempest-ServerMetadataTestJSON-692892777-network', 'tenant_id': 'a54071d8478e49b4a519ace919960911', 'admin_state_up': True, 'mtu': 8950, 'status': 'ACTIVE', 'subnets': [], 'shared': False, 'project_id': 'a54071d8478e49b4a519ace919960911', 'port_security_enabled': True, 'router:external': False, 'provider:network_type': 'vlan', 'provider:physical_network': 'default', 'provider:segmentation_id': 546, 'availability_zone_hints': [], 'availability_zones': [], 'ipv4_address_scope': None, 'ipv6_address_scope': None, 'description': '', 'tags': [], 'created_at': '2024-12-10T17:24:08Z', 'updated_at': '2024-12-10T17:24:08Z', 'revision_number': 1}, Subnet: {'id': 'fcded6f8-917c-4b8f-90df-e77102330254', 'name': 'tempest-ServerMetadataTestJSON-692892777-subnet', 'tenant_id': 'a54071d8478e49b4a519ace919960911', 'network_id': 'f71dc9ec-1bfa-4ee5-ba67-acf6156d0fa2', 'ip_version': 4, 'subnetpool_id': None, 'enable_dhcp': True, 'ipv6_ra_mode': None, 'ipv6_address_mode': None, 'gateway_ip': '192.168.128.1', 'cidr': '192.168.128.0/28', 'allocation_pools': [{'start': '192.168.128.2', 'end': '192.168.128.14'}], 'host_routes': [], 'dns_nameservers': [], 'description': '', 'router:external': False, 'service_types': [], 'tags': [], 'created_at': '2024-12-10T17:24:09Z', 'updated_at': '2024-12-10T17:24:09Z', 'revision_number': 0, 'project_id': 'a54071d8478e49b4a519ace919960911'}, Router: {'id': '92c466d1-ec01-4a64-a42b-58a978455d6c', 'name': 'tempest-ServerMetadataTestJSON-692892777-router', 'tenant_id': 'a54071d8478e49b4a519ace919960911', 'admin_state_up': True, 'status': 'ACTIVE', 'external_gateway_info': {'network_id': 'b9822408-7062-4404-858d-b4fe0c495481', 'external_fixed_ips': [{'subnet_id': '935b1629-c94b-47a3-96bd-73ead4bcd6c1', 'ip_address': '10.180.180.226'}], 'enable_snat': True}, 'description': '', 'availability_zones': [], 'distributed': False, 'ha': False, 'availability_zone_hints': [], 'routes': [], 'flavor_id': None, 'tags': [], 'created_at': '2024-12-10T17:24:09Z', 'updated_at': '2024-12-10T17:24:09Z', 'revision_number': 2, 'project_id': 'a54071d8478e49b4a519ace919960911'}
2024-12-10 17:24:11.369 66243 INFO tempest.lib.common.rest_client [req-52dfe245-0abb-4be0-b78a-bd180923657b req-52dfe245-0abb-4be0-b78a-bd180923657b ] Request (AttachVolumeNegativeTest:test_attach_attached_volume_to_different_server): 200 GET http://10.180.1.21/compute/v2.1/servers/1ca9c4f6-3202-4819-8d96-bd7ee4e0f23f 0.127s
2024-12-10 17:24:11.374 66229 INFO tempest.lib.common.rest_client [req-f2fd72d8-7eae-40ef-aa63-1e18f332c957 req-f2fd72d8-7eae-40ef-aa63-1e18f332c957 ] Request (ListServersNegativeTestJSON:setUpClass): 200 GET http://10.180.1.21/compute/v2.1/servers/42ac7d4b-135c-4dd6-a3f5-3bdf38e9086a 0.177s
2024-12-10 17:24:11.433 66279 INFO tempest.lib.common.rest_client [req-d65d3643-a53f-4510-9a54-063cf77e532b req-d65d3643-a53f-4510-9a54-063cf77e532b ] Request (ListImageFiltersTestJSON:test_list_images_with_detail_filter_by_status): 200 GET http://10.180.1.21/compute/v2.1/images/detail?status=ACTIVE 0.121s
2024-12-10 17:24:11.445 66265 INFO tempest.lib.common.rest_client [req-290e9479-89d5-4352-82a8-7e60dd08bd8b req-290e9479-89d5-4352-82a8-7e60dd08bd8b ] Request (ServerMetadataTestJSON:setUpClass): 201 POST http://10.180.1.21/identity/v3/auth/tokens 0.100s
2024-12-10 17:24:11.497 66279 INFO tempest.lib.common.rest_client [req-5d9fd2e0-3e2a-4872-ac7a-5397e98214c7 req-5d9fd2e0-3e2a-4872-ac7a-5397e98214c7 ] Request (ListImageFiltersTestJSON:test_list_images_with_detail_filter_by_type): 200 GET http://10.180.1.21/compute/v2.1/images/detail?type=snapshot 0.056s
2024-12-10 17:24:11.505 66265 INFO tempest.lib.common.rest_client [req-b9227f7c-22d3-4f58-bf0c-cdaa7a941731 req-b9227f7c-22d3-4f58-bf0c-cdaa7a941731 ] Request (ServerMetadataTestJSON:setUpClass): 201 POST http://10.180.1.21/identity/v3/auth/tokens 0.056s
2024-12-10 17:24:11.506 66265 INFO tempest.lib.common.fixed_network [-] (ServerMetadataTestJSON:setUpClass) Found network {'id': 'f71dc9ec-1bfa-4ee5-ba67-acf6156d0fa2', 'name': 'tempest-ServerMetadataTestJSON-692892777-network', 'tenant_id': 'a54071d8478e49b4a519ace919960911', 'admin_state_up': True, 'mtu': 8950, 'status': 'ACTIVE', 'subnets': [], 'shared': False, 'project_id': 'a54071d8478e49b4a519ace919960911', 'port_security_enabled': True, 'router:external': False, 'provider:network_type': 'vlan', 'provider:physical_network': 'default', 'provider:segmentation_id': 546, 'availability_zone_hints': [], 'availability_zones': [], 'ipv4_address_scope': None, 'ipv6_address_scope': None, 'description': '', 'tags': [], 'created_at': '2024-12-10T17:24:08Z', 'updated_at': '2024-12-10T17:24:08Z', 'revision_number': 1} available for tenant
2024-12-10 17:24:11.550 66252 INFO tempest.lib.common.rest_client [req-6c269b94-3d38-4fe1-8d14-b06ac22d0657 req-6c269b94-3d38-4fe1-8d14-b06ac22d0657 ] Request (AttachInterfacesV270Test:test_create_get_list_interfaces): 200 GET http://10.180.1.21/compute/v2.1/servers/581f9d48-dcb8-4a34-928b-64087a9f966b 0.203s
2024-12-10 17:24:11.597 66275 INFO tempest.lib.common.rest_client [req-27a3ecdd-83c8-463f-80a1-6c31254f081e req-27a3ecdd-83c8-463f-80a1-6c31254f081e ] Request (ServersAdminNegativeTestJSON:tearDownClass): 200 GET http://10.180.1.21/compute/v2.1/servers/81920a24-f406-4923-98b7-cc0f3d0ccc8b 0.145s
2024-12-10 17:24:11.617 66249 INFO tempest.lib.common.rest_client [req-759d8760-ea1d-4186-801b-38d36d0a3f70 req-759d8760-ea1d-4186-801b-38d36d0a3f70 ] Request (ServersAdminTestJSON:test_create_server_with_scheduling_hint): 200 GET http://10.180.1.21/compute/v2.1/servers/8fa5fef6-8768-4e24-aab3-db56a10588c2 0.162s
2024-12-10 17:24:11.635 66279 INFO tempest.lib.common.rest_client [req-95b44e33-a3aa-470c-b8c7-2ff611cc2c1f req-95b44e33-a3aa-470c-b8c7-2ff611cc2c1f ] Request (ListImageFiltersTestJSON:test_list_images_with_detail_filter_by_type): 200 GET http://10.180.1.21/compute/v2.1/images/41f1ad71-37f2-4e86-a900-da4965eba44f 0.133s
2024-12-10 17:24:11.674 66259 INFO tempest.lib.common.rest_client [req-d699f644-877f-4a45-98cd-f8a3119f87f2 req-d699f644-877f-4a45-98cd-f8a3119f87f2 ] Request (ServersTestMultiNic:test_verify_multiple_nics_order): 200 GET http://10.180.1.21/compute/v2.1/servers/2d7b237e-f86d-42b1-ab04-320f0012a2d1 0.170s
2024-12-10 17:24:11.730 66253 INFO tempest.lib.common.rest_client [req-3f10ed6a-77de-4e23-9c2f-f16d8263b1f6 req-3f10ed6a-77de-4e23-9c2f-f16d8263b1f6 ] Request (ServersNegativeTestJSON:setUpClass): 200 GET http://10.180.1.21/compute/v2.1/servers/fba9040d-f904-44a1-8785-14d4696ea939 0.219s
2024-12-10 17:24:11.781 66235 INFO tempest.lib.common.rest_client [req-77e4bb8a-2048-4ce9-8f72-a49afb0a4581 req-77e4bb8a-2048-4ce9-8f72-a49afb0a4581 ] Request (ImagesOneServerNegativeTestJSON:_run_cleanups): 200 GET http://10.180.1.21/compute/v2.1/servers/d15a7e98-755b-4c5c-ba34-dc5fc3f8846d 0.228s
2024-12-10 17:24:11.845 66239 INFO tempest.lib.common.rest_client [req-703e9870-b3f0-4109-8d13-cbbf4a511bf7 req-703e9870-b3f0-4109-8d13-cbbf4a511bf7 ] Request (ImagesOneServerTestJSON:tearDownClass): 200 GET http://10.180.1.21/compute/v2.1/servers/746742ac-8d7a-466b-8bc0-043cb5422111 0.278s
2024-12-10 17:24:11.900 66227 INFO tempest.lib.common.rest_client [req-fa5e8871-323d-480e-b9ff-96eb36164b0a req-fa5e8871-323d-480e-b9ff-96eb36164b0a ] Request (InstanceActionsV221TestJSON:test_get_list_deleted_instance_actions): 200 GET http://10.180.1.21/compute/v2.1/servers/8bc4bb67-bc00-44c6-9c83-c0a1072142e6 0.296s
2024-12-10 17:24:11.935 66279 INFO tempest.lib.common.rest_client [req-8508d639-36d1-4b90-af02-4f4792387841 req-8508d639-36d1-4b90-af02-4f4792387841 ] Request (ListImageFiltersTestJSON:test_list_images_with_detail_limit_results): 200 GET http://10.180.1.21/compute/v2.1/images/detail?limit=1 0.296s
2024-12-10 17:24:11.983 66233 INFO tempest.lib.common.rest_client [req-f4fe8efb-9c80-4ce0-8b05-51146439b807 req-f4fe8efb-9c80-4ce0-8b05-51146439b807 ] Request (ListServerFiltersTestJSON:setUpClass): 200 GET http://10.180.1.21/compute/v2.1/servers/99cc8af3-5c18-4839-94db-996861e0c276 0.332s
2024-12-10 17:24:12.037 66231 INFO tempest.lib.common.rest_client [req-b4be6c8c-5594-4efb-90da-ae95935ef18a req-b4be6c8c-5594-4efb-90da-ae95935ef18a ] Request (InstanceActionsNegativeTestJSON:tearDownClass): 200 GET http://10.180.1.21/compute/v2.1/servers/22a927ad-c2af-4814-b728-ec31b76a34d4 0.331s
2024-12-10 17:24:12.092 66255 INFO tempest.lib.common.rest_client [req-1c98724f-4774-4a27-8801-54d0f6639ea5 req-1c98724f-4774-4a27-8801-54d0f6639ea5 ] Request (ServersTestBootFromVolume:setUpClass): 200 GET http://10.180.1.21/compute/v2.1/servers/4e6b1296-9e19-4047-9c38-dc94c686d0cb 0.335s
2024-12-10 17:24:12.189 66247 INFO tempest.lib.common.rest_client [req-69dd497b-bb58-4510-850a-6de78e367b4b req-69dd497b-bb58-4510-850a-6de78e367b4b ] Request (VolumesAdminNegativeTest:test_update_attached_volume_with_nonexistent_volume_in_body): 200 GET http://10.180.1.21/compute/v2.1/servers/b853b581-ea46-4455-8cdb-6ea2f31c22be 0.294s
2024-12-10 17:24:12.295 66279 INFO tempest.lib.common.rest_client [req-91dcda1c-c715-4cf6-aaab-2dd19693d5c5 req-91dcda1c-c715-4cf6-aaab-2dd19693d5c5 ] Request (ListImageFiltersTestJSON:tearDownClass): 204 DELETE http://10.180.1.21/compute/v2.1/images/861a16f6-8868-469a-b39d-c225f8b1c8b3 0.355s
2024-12-10 17:24:12.341 66237 INFO tempest.lib.common.rest_client [req-57d16b31-a500-425c-971d-02b039ec01a2 req-57d16b31-a500-425c-971d-02b039ec01a2 ] Request (FloatingIPsAssociationTestJSON:test_associate_already_associated_floating_ip): 200 GET http://10.180.1.21/compute/v2.1/servers/272180b9-e79b-4714-b28b-470937509f42 0.241s
2024-12-10 17:24:12.345 66273 INFO tempest.lib.common.rest_client [req-503e1db0-ba18-403f-824c-981fb2231879 req-503e1db0-ba18-403f-824c-981fb2231879 ] Request (ServerActionsV293TestJSON:setUpClass): 200 GET http://10.180.1.21/volume/v3/volumes/950dc879-aa21-4a03-88c5-e4e67d4e27c0 0.033s
2024-12-10 17:24:12.357 66265 INFO tempest.lib.common.rest_client [req-e625f0d7-5e82-4d2d-9202-f7a2760fc08b req-e625f0d7-5e82-4d2d-9202-f7a2760fc08b ] Request (ServerMetadataTestJSON:setUpClass): 202 POST http://10.180.1.21/compute/v2.1/servers 0.850s
2024-12-10 17:24:12.391 66263 INFO tempest.lib.common.rest_client [req-b9c6801a-511d-4f36-a859-e8a0f1833123 req-b9c6801a-511d-4f36-a859-e8a0f1833123 ] Request (AttachVolumeTestJSON:test_attach_detach_volume): 200 GET http://10.180.1.21/compute/v2.1/servers/5124f7fb-1293-4964-98c4-426ecfce7d10 0.234s
2024-12-10 17:24:12.485 66225 INFO tempest.lib.common.rest_client [req-72bb7961-b31e-4bc4-84c7-c29c1f3c7608 req-72bb7961-b31e-4bc4-84c7-c29c1f3c7608 ] Request (MigrationsAdminTest:test_list_migrations_in_flavor_resize_situation): 200 GET http://10.180.1.21/compute/v2.1/servers/9b1306f9-4b0a-4116-8e79-271478f33490 0.322s
2024-12-10 17:24:12.488 66271 INFO tempest.lib.common.rest_client [req-505a98fc-359b-4584-814d-d6083c8f6f45 req-505a98fc-359b-4584-814d-d6083c8f6f45 ] Request (FloatingIPsAssociationNegativeTestJSON:tearDownClass): 200 GET http://10.180.1.21/compute/v2.1/servers/862302e5-ad7e-40f3-a4a3-8c4a8035e1cf 0.223s
2024-12-10 17:24:12.549 66261 INFO tempest.lib.common.rest_client [req-456b025c-ce42-4ea9-ba54-4bd80cca638c req-456b025c-ce42-4ea9-ba54-4bd80cca638c ] Request (DeleteServersAdminTestJSON:test_delete_server_while_in_error_state): 200 GET http://10.180.1.21/compute/v2.1/servers/8c10c573-de56-4c72-959a-65bf53b805a5 0.277s
2024-12-10 17:24:12.597 66279 INFO tempest.lib.common.rest_client [req-b859ace3-9959-4838-8353-2c363afb7331 req-b859ace3-9959-4838-8353-2c363afb7331 ] Request (ListImageFiltersTestJSON:tearDownClass): 204 DELETE http://10.180.1.21/compute/v2.1/images/053112fe-4ce6-4f19-9eda-3789f6f82242 0.302s
2024-12-10 17:24:12.603 66288 INFO tempest.lib.common.rest_client [req-c6ed7c9c-21d2-4f46-b946-5db5c2a34413 req-c6ed7c9c-21d2-4f46-b946-5db5c2a34413 ] Request (ServersNegativeTestMultiTenantJSON:tearDownClass): 200 GET http://10.180.1.21/compute/v2.1/servers/87fa97a7-a8a5-4184-b52a-b02ad5468127 0.273s
2024-12-10 17:24:12.633 66265 INFO tempest.lib.common.rest_client [req-2d05155f-1414-4e3e-8446-4e4f343472e4 req-2d05155f-1414-4e3e-8446-4e4f343472e4 ] Request (ServerMetadataTestJSON:setUpClass): 200 GET http://10.180.1.21/compute/v2.1/servers/41b1ce5d-a8ac-4b93-94a3-cf26367266d6 0.274s
2024-12-10 17:24:12.665 66243 INFO tempest.lib.common.rest_client [req-0d426e63-f722-4f2d-900d-2afb8fe73fd1 req-0d426e63-f722-4f2d-900d-2afb8fe73fd1 ] Request (AttachVolumeNegativeTest:test_attach_attached_volume_to_different_server): 200 GET http://10.180.1.21/compute/v2.1/servers/1ca9c4f6-3202-4819-8d96-bd7ee4e0f23f 0.284s
2024-12-10 17:24:12.691 66229 INFO tempest.lib.common.rest_client [req-d5006503-5d75-4be7-92e0-b4874f40944e req-d5006503-5d75-4be7-92e0-b4874f40944e ] Request (ListServersNegativeTestJSON:setUpClass): 200 GET http://10.180.1.21/compute/v2.1/servers/42ac7d4b-135c-4dd6-a3f5-3bdf38e9086a 0.307s
2024-12-10 17:24:12.787 66279 INFO tempest.lib.common.rest_client [req-414e981d-c0c7-4ce5-a856-de8354f41bf9 req-414e981d-c0c7-4ce5-a856-de8354f41bf9 ] Request (ListImageFiltersTestJSON:tearDownClass): 204 DELETE http://10.180.1.21/compute/v2.1/images/0da86208-107b-4969-bdcf-df764837b40e 0.189s
2024-12-10 17:24:12.854 66275 INFO tempest.lib.common.rest_client [req-a06b7b8a-6a94-4e2f-bb4c-91b6c66ef0f2 req-a06b7b8a-6a94-4e2f-bb4c-91b6c66ef0f2 ] Request (ServersAdminNegativeTestJSON:tearDownClass): 200 GET http://10.180.1.21/compute/v2.1/servers/81920a24-f406-4923-98b7-cc0f3d0ccc8b 0.250s
2024-12-10 17:24:12.878 66252 INFO tempest.lib.common.rest_client [req-831cc3e7-75d5-494d-9865-4c4af467e39c req-831cc3e7-75d5-494d-9865-4c4af467e39c ] Request (AttachInterfacesV270Test:test_create_get_list_interfaces): 200 GET http://10.180.1.21/compute/v2.1/servers/581f9d48-dcb8-4a34-928b-64087a9f966b 0.315s
2024-12-10 17:24:12.916 66249 INFO tempest.lib.common.rest_client [req-53b2e0a7-18b6-4458-b25b-0b13a546f2b5 req-53b2e0a7-18b6-4458-b25b-0b13a546f2b5 ] Request (ServersAdminTestJSON:test_create_server_with_scheduling_hint): 200 GET http://10.180.1.21/compute/v2.1/servers/8fa5fef6-8768-4e24-aab3-db56a10588c2 0.291s
2024-12-10 17:24:12.949 66259 INFO tempest.lib.common.rest_client [req-4e0b7fbc-3bc3-43de-a4c8-68314026c83b req-4e0b7fbc-3bc3-43de-a4c8-68314026c83b ] Request (ServersTestMultiNic:test_verify_multiple_nics_order): 200 GET http://10.180.1.21/compute/v2.1/servers/2d7b237e-f86d-42b1-ab04-320f0012a2d1 0.263s
2024-12-10 17:24:12.986 66253 INFO tempest.lib.common.rest_client [req-27039af4-50fd-4727-9d7e-ab32eee60f06 req-27039af4-50fd-4727-9d7e-ab32eee60f06 ] Request (ServersNegativeTestJSON:setUpClass): 200 GET http://10.180.1.21/compute/v2.1/servers/fba9040d-f904-44a1-8785-14d4696ea939 0.248s
2024-12-10 17:24:13.042 66279 INFO tempest.lib.common.rest_client [req-7aebafc2-90a4-4b66-b27d-740247095a91 req-7aebafc2-90a4-4b66-b27d-740247095a91 ] Request (ListImageFiltersTestJSON:tearDownClass): 204 DELETE http://10.180.1.21/compute/v2.1/servers/eff06e8a-8341-4d5e-b6dd-a585be4a21ea 0.255s
2024-12-10 17:24:13.043 66235 INFO tempest.lib.common.rest_client [req-828ca441-af46-4024-9fb4-dc4db0f21d3a req-828ca441-af46-4024-9fb4-dc4db0f21d3a ] Request (ImagesOneServerNegativeTestJSON:_run_cleanups): 200 GET http://10.180.1.21/compute/v2.1/servers/d15a7e98-755b-4c5c-ba34-dc5fc3f8846d 0.255s
2024-12-10 17:24:13.106 66227 INFO tempest.lib.common.rest_client [req-c344450f-0eb0-4353-89ac-cb50a9c6f688 req-c344450f-0eb0-4353-89ac-cb50a9c6f688 ] Request (InstanceActionsV221TestJSON:test_get_list_deleted_instance_actions): 200 GET http://10.180.1.21/compute/v2.1/servers/8bc4bb67-bc00-44c6-9c83-c0a1072142e6 0.198s
2024-12-10 17:24:13.109 66239 INFO tempest.lib.common.rest_client [req-5b7c77d7-35fd-4308-8f0e-8c0ff0334d96 req-5b7c77d7-35fd-4308-8f0e-8c0ff0334d96 ] Request (ImagesOneServerTestJSON:tearDownClass): 200 GET http://10.180.1.21/compute/v2.1/servers/746742ac-8d7a-466b-8bc0-043cb5422111 0.253s
2024-12-10 17:24:13.160 66233 INFO tempest.lib.common.rest_client [req-e4b524a3-1fea-464d-9489-00c4e673292a req-e4b524a3-1fea-464d-9489-00c4e673292a ] Request (ListServerFiltersTestJSON:setUpClass): 200 GET http://10.180.1.21/compute/v2.1/servers/99cc8af3-5c18-4839-94db-996861e0c276 0.168s
2024-12-10 17:24:13.215 66279 INFO tempest.lib.common.rest_client [req-a39c0631-7b44-435b-abfd-d83d43b2999e req-a39c0631-7b44-435b-abfd-d83d43b2999e ] Request (ListImageFiltersTestJSON:tearDownClass): 200 GET http://10.180.1.21/compute/v2.1/servers/eff06e8a-8341-4d5e-b6dd-a585be4a21ea 0.173s
2024-12-10 17:24:13.223 66231 INFO tempest.lib.common.rest_client [req-2fa009f6-fd20-4f96-9950-0ea023ebddca req-2fa009f6-fd20-4f96-9950-0ea023ebddca ] Request (InstanceActionsNegativeTestJSON:tearDownClass): 200 GET http://10.180.1.21/compute/v2.1/servers/22a927ad-c2af-4814-b728-ec31b76a34d4 0.175s
2024-12-10 17:24:13.274 66255 INFO tempest.lib.common.rest_client [req-0cc0a97e-45f5-4c32-8c0c-b5a3e81f29d9 req-0cc0a97e-45f5-4c32-8c0c-b5a3e81f29d9 ] Request (ServersTestBootFromVolume:setUpClass): 200 GET http://10.180.1.21/compute/v2.1/servers/4e6b1296-9e19-4047-9c38-dc94c686d0cb 0.172s
2024-12-10 17:24:13.385 66273 INFO tempest.lib.common.rest_client [req-ceb18d64-102c-4ef6-b954-4d28a6ec040c req-ceb18d64-102c-4ef6-b954-4d28a6ec040c ] Request (ServerActionsV293TestJSON:setUpClass): 200 GET http://10.180.1.21/volume/v3/volumes/950dc879-aa21-4a03-88c5-e4e67d4e27c0 0.030s
2024-12-10 17:24:13.394 66247 INFO tempest.lib.common.rest_client [req-554691e2-a89f-42fc-93ff-28d75022cf6f req-554691e2-a89f-42fc-93ff-28d75022cf6f ] Request (VolumesAdminNegativeTest:test_update_attached_volume_with_nonexistent_volume_in_body): 200 GET http://10.180.1.21/compute/v2.1/servers/b853b581-ea46-4455-8cdb-6ea2f31c22be 0.198s
2024-12-10 17:24:13.402 66247 INFO tempest.common.waiters [-] State transition "BUILD/spawning" ==> "ACTIVE/None" after 67 second wait
2024-12-10 17:24:13.408 66237 INFO tempest.lib.common.rest_client [req-01a617d3-5c89-47a3-b8a7-0fb36eefef06 req-01a617d3-5c89-47a3-b8a7-0fb36eefef06 ] Request (FloatingIPsAssociationTestJSON:test_associate_already_associated_floating_ip): 200 GET http://10.180.1.21/compute/v2.1/servers/272180b9-e79b-4714-b28b-470937509f42 0.060s
2024-12-10 17:24:13.441 66257 WARNING tempest.lib.common.ssh [-] Failed to establish authenticated ssh connection to cirros@10.180.180.153 ([Errno None] Unable to connect to port 22 on 10.180.180.153). Number attempts: 9. Retry after 10 seconds.: paramiko.ssh_exception.NoValidConnectionsError: [Errno None] Unable to connect to port 22 on 10.180.180.153
2024-12-10 17:24:13.457 66263 INFO tempest.lib.common.rest_client [req-e93cb4b3-1ffd-4c42-a057-c696384321b7 req-e93cb4b3-1ffd-4c42-a057-c696384321b7 ] Request (AttachVolumeTestJSON:test_attach_detach_volume): 200 GET http://10.180.1.21/compute/v2.1/servers/5124f7fb-1293-4964-98c4-426ecfce7d10 0.059s
2024-12-10 17:24:13.484 66247 INFO tempest.lib.common.rest_client [req-17721419-2b83-4b03-a73c-12b165e1591f req-17721419-2b83-4b03-a73c-12b165e1591f ] Request (VolumesAdminNegativeTest:test_update_attached_volume_with_nonexistent_volume_in_body): 200 GET http://10.180.1.21/compute/v2.1/servers/b853b581-ea46-4455-8cdb-6ea2f31c22be/os-interface 0.081s
2024-12-10 17:24:13.561 66271 INFO tempest.lib.common.rest_client [req-53679a98-ef35-414c-a4d0-35fd9dcacd5b req-53679a98-ef35-414c-a4d0-35fd9dcacd5b ] Request (FloatingIPsAssociationNegativeTestJSON:tearDownClass): 200 GET http://10.180.1.21/compute/v2.1/servers/862302e5-ad7e-40f3-a4a3-8c4a8035e1cf 0.066s
2024-12-10 17:24:13.611 66225 INFO tempest.lib.common.rest_client [req-50a9d580-e09c-4590-bb3b-aab4b961d2ac req-50a9d580-e09c-4590-bb3b-aab4b961d2ac ] Request (MigrationsAdminTest:test_list_migrations_in_flavor_resize_situation): 200 GET http://10.180.1.21/compute/v2.1/servers/9b1306f9-4b0a-4116-8e79-271478f33490 0.119s
2024-12-10 17:24:13.627 66261 INFO tempest.lib.common.rest_client [req-7901ae71-478c-4fce-971a-dec3393cbd14 req-7901ae71-478c-4fce-971a-dec3393cbd14 ] Request (DeleteServersAdminTestJSON:test_delete_server_while_in_error_state): 200 GET http://10.180.1.21/compute/v2.1/servers/8c10c573-de56-4c72-959a-65bf53b805a5 0.072s
2024-12-10 17:24:13.667 66288 INFO tempest.lib.common.rest_client [req-096ce889-dc82-413c-b161-bafdc57bd883 req-096ce889-dc82-413c-b161-bafdc57bd883 ] Request (ServersNegativeTestMultiTenantJSON:tearDownClass): 200 GET http://10.180.1.21/compute/v2.1/servers/87fa97a7-a8a5-4184-b52a-b02ad5468127 0.057s
2024-12-10 17:24:13.699 66265 INFO tempest.lib.common.rest_client [req-c44046cf-0b40-4275-824c-8cfec5597dde req-c44046cf-0b40-4275-824c-8cfec5597dde ] Request (ServerMetadataTestJSON:setUpClass): 200 GET http://10.180.1.21/compute/v2.1/servers/41b1ce5d-a8ac-4b93-94a3-cf26367266d6 0.059s
2024-12-10 17:24:13.726 66243 INFO tempest.lib.common.rest_client [req-ba4ca285-c603-4399-ada5-6ee1ba43245b req-ba4ca285-c603-4399-ada5-6ee1ba43245b ] Request (AttachVolumeNegativeTest:test_attach_attached_volume_to_different_server): 200 GET http://10.180.1.21/compute/v2.1/servers/1ca9c4f6-3202-4819-8d96-bd7ee4e0f23f 0.052s
2024-12-10 17:24:13.756 66229 INFO tempest.lib.common.rest_client [req-11ba5369-98c9-46df-8b8d-3970d15197c3 req-11ba5369-98c9-46df-8b8d-3970d15197c3 ] Request (ListServersNegativeTestJSON:setUpClass): 200 GET http://10.180.1.21/compute/v2.1/servers/42ac7d4b-135c-4dd6-a3f5-3bdf38e9086a 0.058s
2024-12-10 17:24:13.924 66275 INFO tempest.lib.common.rest_client [req-02a9b619-faf3-43e4-bc3b-cdd4e916602b req-02a9b619-faf3-43e4-bc3b-cdd4e916602b ] Request (ServersAdminNegativeTestJSON:tearDownClass): 200 GET http://10.180.1.21/compute/v2.1/servers/81920a24-f406-4923-98b7-cc0f3d0ccc8b 0.062s
2024-12-10 17:24:13.980 66249 INFO tempest.lib.common.rest_client [req-2d2a75fb-eec1-4afd-b04d-4ef50a1b9796 req-2d2a75fb-eec1-4afd-b04d-4ef50a1b9796 ] Request (ServersAdminTestJSON:test_create_server_with_scheduling_hint): 200 GET http://10.180.1.21/compute/v2.1/servers/8fa5fef6-8768-4e24-aab3-db56a10588c2 0.055s
2024-12-10 17:24:14.030 66247 INFO tempest.lib.common.rest_client [req-bb6ab72b-f039-4746-83cf-7d92cc2eab44 req-bb6ab72b-f039-4746-83cf-7d92cc2eab44 ] Request (VolumesAdminNegativeTest:test_update_attached_volume_with_nonexistent_volume_in_body): 200 PUT http://10.180.1.21:9696/networking/v2.0/floatingips/e580eac6-87d9-4aab-bc28-110b0866c8ca 0.544s
2024-12-10 17:24:14.031 66247 INFO tempest.lib.common.ssh [-] Creating ssh connection to '10.180.180.235:22' as 'cirros' with public key authentication
2024-12-10 17:24:14.032 66252 INFO tempest.lib.common.rest_client [req-c58410f8-98bc-4834-9aea-ffd3be3ec282 req-c58410f8-98bc-4834-9aea-ffd3be3ec282 ] Request (AttachInterfacesV270Test:test_create_get_list_interfaces): 200 GET http://10.180.1.21/compute/v2.1/servers/581f9d48-dcb8-4a34-928b-64087a9f966b 0.144s
2024-12-10 17:24:14.034 66259 INFO tempest.lib.common.rest_client [req-ba42deb3-ba60-489e-89fd-66737d95bb71 req-ba42deb3-ba60-489e-89fd-66737d95bb71 ] Request (ServersTestMultiNic:test_verify_multiple_nics_order): 200 GET http://10.180.1.21/compute/v2.1/servers/2d7b237e-f86d-42b1-ab04-320f0012a2d1 0.076s
2024-12-10 17:24:14.112 66235 INFO tempest.lib.common.rest_client [req-8b317cdf-d0b1-4d31-b4c8-9738697a157b req-8b317cdf-d0b1-4d31-b4c8-9738697a157b ] Request (ImagesOneServerNegativeTestJSON:_run_cleanups): 200 GET http://10.180.1.21/compute/v2.1/servers/d15a7e98-755b-4c5c-ba34-dc5fc3f8846d 0.051s
2024-12-10 17:24:14.166 66227 INFO tempest.lib.common.rest_client [req-b2bb09b4-9349-4950-a664-5bb0d964cf28 req-b2bb09b4-9349-4950-a664-5bb0d964cf28 ] Request (InstanceActionsV221TestJSON:test_get_list_deleted_instance_actions): 200 GET http://10.180.1.21/compute/v2.1/servers/8bc4bb67-bc00-44c6-9c83-c0a1072142e6 0.052s
2024-12-10 17:24:14.222 66239 INFO tempest.lib.common.rest_client [req-77300fa7-84b3-4b21-ac55-b8ebc142f4b4 req-77300fa7-84b3-4b21-ac55-b8ebc142f4b4 ] Request (ImagesOneServerTestJSON:tearDownClass): 200 GET http://10.180.1.21/compute/v2.1/servers/746742ac-8d7a-466b-8bc0-043cb5422111 0.104s
2024-12-10 17:24:14.270 66233 INFO tempest.lib.common.rest_client [req-ff2f6ca2-678a-4558-9f7c-f4b22021ac0d req-ff2f6ca2-678a-4558-9f7c-f4b22021ac0d ] Request (ListServerFiltersTestJSON:setUpClass): 200 GET http://10.180.1.21/compute/v2.1/servers/99cc8af3-5c18-4839-94db-996861e0c276 0.102s
2024-12-10 17:24:14.276 66253 INFO tempest.lib.common.rest_client [req-7011fc21-a868-428a-9f60-86251acf67e4 req-7011fc21-a868-428a-9f60-86251acf67e4 ] Request (ServersNegativeTestJSON:setUpClass): 200 GET http://10.180.1.21/compute/v2.1/servers/fba9040d-f904-44a1-8785-14d4696ea939 0.282s
2024-12-10 17:24:14.332 66231 INFO tempest.lib.common.rest_client [req-ebe1ca75-d2a9-4e1b-9d81-859192c02217 req-ebe1ca75-d2a9-4e1b-9d81-859192c02217 ] Request (InstanceActionsNegativeTestJSON:tearDownClass): 200 GET http://10.180.1.21/compute/v2.1/servers/22a927ad-c2af-4814-b728-ec31b76a34d4 0.102s
2024-12-10 17:24:14.368 66279 INFO tempest.lib.common.rest_client [req-e9f55488-af2d-4d83-85ed-02b82ded0bf3 req-e9f55488-af2d-4d83-85ed-02b82ded0bf3 ] Request (ListImageFiltersTestJSON:tearDownClass): 200 GET http://10.180.1.21/compute/v2.1/servers/eff06e8a-8341-4d5e-b6dd-a585be4a21ea 0.141s
2024-12-10 17:24:14.376 66255 INFO tempest.lib.common.rest_client [req-f062f06a-b7b3-4f8d-85ef-9eb46c4cf27a req-f062f06a-b7b3-4f8d-85ef-9eb46c4cf27a ] Request (ServersTestBootFromVolume:setUpClass): 200 GET http://10.180.1.21/compute/v2.1/servers/4e6b1296-9e19-4047-9c38-dc94c686d0cb 0.093s
2024-12-10 17:24:14.426 66273 INFO tempest.lib.common.rest_client [req-c7b9428f-545e-41e1-8f82-b5d067d9f313 req-c7b9428f-545e-41e1-8f82-b5d067d9f313 ] Request (ServerActionsV293TestJSON:setUpClass): 200 GET http://10.180.1.21/volume/v3/volumes/950dc879-aa21-4a03-88c5-e4e67d4e27c0 0.027s
2024-12-10 17:24:14.470 66237 INFO tempest.lib.common.rest_client [req-132b9713-89d5-420c-91f7-c4a7b6c7b9bf req-132b9713-89d5-420c-91f7-c4a7b6c7b9bf ] Request (FloatingIPsAssociationTestJSON:test_associate_already_associated_floating_ip): 200 GET http://10.180.1.21/compute/v2.1/servers/272180b9-e79b-4714-b28b-470937509f42 0.052s
2024-12-10 17:24:14.516 66263 INFO tempest.lib.common.rest_client [req-7cef2e21-5a5d-4201-80b0-3739b5e2345f req-7cef2e21-5a5d-4201-80b0-3739b5e2345f ] Request (AttachVolumeTestJSON:test_attach_detach_volume): 200 GET http://10.180.1.21/compute/v2.1/servers/5124f7fb-1293-4964-98c4-426ecfce7d10 0.052s
2024-12-10 17:24:14.635 66271 INFO tempest.lib.common.rest_client [req-0d235a40-d24b-4d99-870f-5f5af46bb83b req-0d235a40-d24b-4d99-870f-5f5af46bb83b ] Request (FloatingIPsAssociationNegativeTestJSON:tearDownClass): 200 GET http://10.180.1.21/compute/v2.1/servers/862302e5-ad7e-40f3-a4a3-8c4a8035e1cf 0.066s
2024-12-10 17:24:14.642 66271 INFO tempest.common.waiters [-] State transition "ACTIVE/deleting" ==> "DELETED/None" after 3 second wait
2024-12-10 17:24:14.700 66261 INFO tempest.lib.common.rest_client [req-8c8f4d4b-4a8d-41d9-ac50-cda4298e25ca req-8c8f4d4b-4a8d-41d9-ac50-cda4298e25ca ] Request (DeleteServersAdminTestJSON:test_delete_server_while_in_error_state): 200 GET http://10.180.1.21/compute/v2.1/servers/8c10c573-de56-4c72-959a-65bf53b805a5 0.065s
2024-12-10 17:24:14.775 66225 INFO tempest.lib.common.rest_client [req-723857b3-4930-44be-a13c-0fee0b22ba9d req-723857b3-4930-44be-a13c-0fee0b22ba9d ] Request (MigrationsAdminTest:test_list_migrations_in_flavor_resize_situation): 200 GET http://10.180.1.21/compute/v2.1/servers/9b1306f9-4b0a-4116-8e79-271478f33490 0.156s
2024-12-10 17:24:14.775 66288 INFO tempest.lib.common.rest_client [req-fa09e6e5-44a0-446a-8e11-e66c28f7ac62 req-fa09e6e5-44a0-446a-8e11-e66c28f7ac62 ] Request (ServersNegativeTestMultiTenantJSON:tearDownClass): 200 GET http://10.180.1.21/compute/v2.1/servers/87fa97a7-a8a5-4184-b52a-b02ad5468127 0.098s
2024-12-10 17:24:14.832 66243 INFO tempest.lib.common.rest_client [req-e3fd754a-c3a2-44df-b7bd-5bbe3e7a43e9 req-e3fd754a-c3a2-44df-b7bd-5bbe3e7a43e9 ] Request (AttachVolumeNegativeTest:test_attach_attached_volume_to_different_server): 200 GET http://10.180.1.21/compute/v2.1/servers/1ca9c4f6-3202-4819-8d96-bd7ee4e0f23f 0.098s
2024-12-10 17:24:14.840 66265 INFO tempest.lib.common.rest_client [req-93e7f7c1-c86a-4a88-992d-bfa069de0d53 req-93e7f7c1-c86a-4a88-992d-bfa069de0d53 ] Request (ServerMetadataTestJSON:setUpClass): 200 GET http://10.180.1.21/compute/v2.1/servers/41b1ce5d-a8ac-4b93-94a3-cf26367266d6 0.133s
2024-12-10 17:24:14.884 66229 INFO tempest.lib.common.rest_client [req-71ff67e5-a4ed-4f86-9cd7-68c3cb2408b5 req-71ff67e5-a4ed-4f86-9cd7-68c3cb2408b5 ] Request (ListServersNegativeTestJSON:setUpClass): 200 GET http://10.180.1.21/compute/v2.1/servers/42ac7d4b-135c-4dd6-a3f5-3bdf38e9086a 0.119s
2024-12-10 17:24:14.993 66275 INFO tempest.lib.common.rest_client [req-05836139-99da-4c1b-b587-40bd24c89e6c req-05836139-99da-4c1b-b587-40bd24c89e6c ] Request (ServersAdminNegativeTestJSON:tearDownClass): 200 GET http://10.180.1.21/compute/v2.1/servers/81920a24-f406-4923-98b7-cc0f3d0ccc8b 0.059s
2024-12-10 17:24:15.038 66249 INFO tempest.lib.common.rest_client [req-4c6fc2fb-82f7-4941-899e-7361cdc649e4 req-4c6fc2fb-82f7-4941-899e-7361cdc649e4 ] Request (ServersAdminTestJSON:test_create_server_with_scheduling_hint): 200 GET http://10.180.1.21/compute/v2.1/servers/8fa5fef6-8768-4e24-aab3-db56a10588c2 0.049s
2024-12-10 17:24:15.088 66259 INFO tempest.lib.common.rest_client [req-6c09e1af-0414-4dce-84e0-e84da5e36a57 req-6c09e1af-0414-4dce-84e0-e84da5e36a57 ] Request (ServersTestMultiNic:test_verify_multiple_nics_order): 200 GET http://10.180.1.21/compute/v2.1/servers/2d7b237e-f86d-42b1-ab04-320f0012a2d1 0.045s
2024-12-10 17:24:15.130 66252 INFO tempest.lib.common.rest_client [req-ccd87551-c92b-4965-8a9c-9b9bd7ed72a2 req-ccd87551-c92b-4965-8a9c-9b9bd7ed72a2 ] Request (AttachInterfacesV270Test:test_create_get_list_interfaces): 200 GET http://10.180.1.21/compute/v2.1/servers/581f9d48-dcb8-4a34-928b-64087a9f966b 0.089s
2024-12-10 17:24:15.164 66235 INFO tempest.lib.common.rest_client [req-4c158a4a-b6ae-47b1-aabd-5d5e757de482 req-4c158a4a-b6ae-47b1-aabd-5d5e757de482 ] Request (ImagesOneServerNegativeTestJSON:_run_cleanups): 200 GET http://10.180.1.21/compute/v2.1/servers/d15a7e98-755b-4c5c-ba34-dc5fc3f8846d 0.045s
2024-12-10 17:24:15.229 66227 INFO tempest.lib.common.rest_client [req-6b8a8e57-d178-45b1-8bc2-445eb503892c req-6b8a8e57-d178-45b1-8bc2-445eb503892c ] Request (InstanceActionsV221TestJSON:test_get_list_deleted_instance_actions): 200 GET http://10.180.1.21/compute/v2.1/servers/8bc4bb67-bc00-44c6-9c83-c0a1072142e6 0.053s
2024-12-10 17:24:15.291 66239 INFO tempest.lib.common.rest_client [req-33b5acbb-bb7a-4c7e-8f8e-ab003c159be1 req-33b5acbb-bb7a-4c7e-8f8e-ab003c159be1 ] Request (ImagesOneServerTestJSON:tearDownClass): 200 GET http://10.180.1.21/compute/v2.1/servers/746742ac-8d7a-466b-8bc0-043cb5422111 0.062s
2024-12-10 17:24:15.330 66233 INFO tempest.lib.common.rest_client [req-f13ed4da-f870-4957-a55e-2e67e269d9d5 req-f13ed4da-f870-4957-a55e-2e67e269d9d5 ] Request (ListServerFiltersTestJSON:setUpClass): 200 GET http://10.180.1.21/compute/v2.1/servers/99cc8af3-5c18-4839-94db-996861e0c276 0.052s
2024-12-10 17:24:15.336 66233 INFO tempest.common.waiters [-] State transition "BUILD/scheduling" ==> "BUILD/None" after 38 second wait
2024-12-10 17:24:15.336 66253 INFO tempest.lib.common.rest_client [req-6fb83dad-f78e-402a-adf9-1e9c4429c107 req-6fb83dad-f78e-402a-adf9-1e9c4429c107 ] Request (ServersNegativeTestJSON:setUpClass): 200 GET http://10.180.1.21/compute/v2.1/servers/fba9040d-f904-44a1-8785-14d4696ea939 0.054s
2024-12-10 17:24:15.393 66231 INFO tempest.lib.common.rest_client [req-7242e584-6358-4df0-b84a-c30643ff7b0c req-7242e584-6358-4df0-b84a-c30643ff7b0c ] Request (InstanceActionsNegativeTestJSON:tearDownClass): 200 GET http://10.180.1.21/compute/v2.1/servers/22a927ad-c2af-4814-b728-ec31b76a34d4 0.054s
2024-12-10 17:24:15.424 66279 INFO tempest.lib.common.rest_client [req-78efa103-c344-4c8f-aeb1-7981ac7362a6 req-78efa103-c344-4c8f-aeb1-7981ac7362a6 ] Request (ListImageFiltersTestJSON:tearDownClass): 200 GET http://10.180.1.21/compute/v2.1/servers/eff06e8a-8341-4d5e-b6dd-a585be4a21ea 0.049s
2024-12-10 17:24:15.443 66255 INFO tempest.lib.common.rest_client [req-01b0703a-2798-4a96-856f-6c5ddc701636 req-01b0703a-2798-4a96-856f-6c5ddc701636 ] Request (ServersTestBootFromVolume:setUpClass): 200 GET http://10.180.1.21/compute/v2.1/servers/4e6b1296-9e19-4047-9c38-dc94c686d0cb 0.061s
2024-12-10 17:24:15.460 66273 INFO tempest.lib.common.rest_client [req-ab8c489d-a83c-4664-907d-91389cffecf3 req-ab8c489d-a83c-4664-907d-91389cffecf3 ] Request (ServerActionsV293TestJSON:setUpClass): 200 GET http://10.180.1.21/volume/v3/volumes/950dc879-aa21-4a03-88c5-e4e67d4e27c0 0.027s
2024-12-10 17:24:15.527 66237 INFO tempest.lib.common.rest_client [req-d34b3bf0-12a6-4198-820b-422d40577f69 req-d34b3bf0-12a6-4198-820b-422d40577f69 ] Request (FloatingIPsAssociationTestJSON:test_associate_already_associated_floating_ip): 200 GET http://10.180.1.21/compute/v2.1/servers/272180b9-e79b-4714-b28b-470937509f42 0.049s
2024-12-10 17:24:15.570 66263 INFO tempest.lib.common.rest_client [req-f6cae27d-35e1-47fe-a1d7-ad54c571e879 req-f6cae27d-35e1-47fe-a1d7-ad54c571e879 ] Request (AttachVolumeTestJSON:test_attach_detach_volume): 200 GET http://10.180.1.21/compute/v2.1/servers/5124f7fb-1293-4964-98c4-426ecfce7d10 0.047s
2024-12-10 17:24:15.699 66271 INFO tempest.lib.common.rest_client [req-e9495ca1-4b24-4e4a-8e77-4c4197ad84d9 req-e9495ca1-4b24-4e4a-8e77-4c4197ad84d9 ] Request (FloatingIPsAssociationNegativeTestJSON:tearDownClass): 200 GET http://10.180.1.21/compute/v2.1/servers/862302e5-ad7e-40f3-a4a3-8c4a8035e1cf 0.056s
2024-12-10 17:24:15.766 66261 INFO tempest.lib.common.rest_client [req-172759ca-9386-4837-85d9-fe6057d8b38d req-172759ca-9386-4837-85d9-fe6057d8b38d ] Request (DeleteServersAdminTestJSON:test_delete_server_while_in_error_state): 200 GET http://10.180.1.21/compute/v2.1/servers/8c10c573-de56-4c72-959a-65bf53b805a5 0.058s
2024-12-10 17:24:15.809 66245 WARNING tempest.lib.common.ssh [-] Failed to establish authenticated ssh connection to cirros@10.180.180.191 ([Errno None] Unable to connect to port 22 on 10.180.180.191). Number attempts: 10. Retry after 11 seconds.: paramiko.ssh_exception.NoValidConnectionsError: [Errno None] Unable to connect to port 22 on 10.180.180.191
2024-12-10 17:24:15.849 66288 INFO tempest.lib.common.rest_client [req-bea9c5c4-5447-43ff-92c3-e5e005934e98 req-bea9c5c4-5447-43ff-92c3-e5e005934e98 ] Request (ServersNegativeTestMultiTenantJSON:tearDownClass): 200 GET http://10.180.1.21/compute/v2.1/servers/87fa97a7-a8a5-4184-b52a-b02ad5468127 0.057s
2024-12-10 17:24:15.892 66243 INFO tempest.lib.common.rest_client [req-ea7c1b38-144f-46f9-93e4-429344ab75e2 req-ea7c1b38-144f-46f9-93e4-429344ab75e2 ] Request (AttachVolumeNegativeTest:test_attach_attached_volume_to_different_server): 200 GET http://10.180.1.21/compute/v2.1/servers/1ca9c4f6-3202-4819-8d96-bd7ee4e0f23f 0.052s
2024-12-10 17:24:15.897 66225 INFO tempest.lib.common.rest_client [req-706e86ea-2334-48f0-b536-ca6a266f043d req-706e86ea-2334-48f0-b536-ca6a266f043d ] Request (MigrationsAdminTest:test_list_migrations_in_flavor_resize_situation): 200 GET http://10.180.1.21/compute/v2.1/servers/9b1306f9-4b0a-4116-8e79-271478f33490 0.113s
2024-12-10 17:24:15.934 66265 INFO tempest.lib.common.rest_client [req-f3995746-f62d-4421-8311-dc36e5efbc4c req-f3995746-f62d-4421-8311-dc36e5efbc4c ] Request (ServerMetadataTestJSON:setUpClass): 200 GET http://10.180.1.21/compute/v2.1/servers/41b1ce5d-a8ac-4b93-94a3-cf26367266d6 0.086s
2024-12-10 17:24:15.945 66229 INFO tempest.lib.common.rest_client [req-5a1a0f16-77a5-4dc8-b747-eb7c242f286a req-5a1a0f16-77a5-4dc8-b747-eb7c242f286a ] Request (ListServersNegativeTestJSON:setUpClass): 200 GET http://10.180.1.21/compute/v2.1/servers/42ac7d4b-135c-4dd6-a3f5-3bdf38e9086a 0.054s
2024-12-10 17:24:16.052 66275 INFO tempest.lib.common.rest_client [req-5f3d849b-4203-479a-aebb-6fbec5950087 req-5f3d849b-4203-479a-aebb-6fbec5950087 ] Request (ServersAdminNegativeTestJSON:tearDownClass): 200 GET http://10.180.1.21/compute/v2.1/servers/81920a24-f406-4923-98b7-cc0f3d0ccc8b 0.053s
2024-12-10 17:24:16.093 66249 INFO tempest.lib.common.rest_client [req-4f6cfffc-20cf-46e3-866c-7a52c67e2c9b req-4f6cfffc-20cf-46e3-866c-7a52c67e2c9b ] Request (ServersAdminTestJSON:test_create_server_with_scheduling_hint): 200 GET http://10.180.1.21/compute/v2.1/servers/8fa5fef6-8768-4e24-aab3-db56a10588c2 0.048s
2024-12-10 17:24:16.142 66259 INFO tempest.lib.common.rest_client [req-05da5cd9-ebda-49ad-b1ab-396a9ee88c2d req-05da5cd9-ebda-49ad-b1ab-396a9ee88c2d ] Request (ServersTestMultiNic:test_verify_multiple_nics_order): 200 GET http://10.180.1.21/compute/v2.1/servers/2d7b237e-f86d-42b1-ab04-320f0012a2d1 0.047s
2024-12-10 17:24:16.227 66235 INFO tempest.lib.common.rest_client [req-a9e00bc7-c18e-4bd3-9afc-bf3ddc01df99 req-a9e00bc7-c18e-4bd3-9afc-bf3ddc01df99 ] Request (ImagesOneServerNegativeTestJSON:_run_cleanups): 200 GET http://10.180.1.21/compute/v2.1/servers/d15a7e98-755b-4c5c-ba34-dc5fc3f8846d 0.055s
2024-12-10 17:24:16.233 66252 INFO tempest.lib.common.rest_client [req-f90ef936-17e0-4a4c-bea9-56e96183de10 req-f90ef936-17e0-4a4c-bea9-56e96183de10 ] Request (AttachInterfacesV270Test:test_create_get_list_interfaces): 200 GET http://10.180.1.21/compute/v2.1/servers/581f9d48-dcb8-4a34-928b-64087a9f966b 0.095s
2024-12-10 17:24:16.241 66252 INFO tempest.common.waiters [-] State transition "BUILD/spawning" ==> "ACTIVE/None" after 69 second wait
2024-12-10 17:24:16.287 66227 INFO tempest.lib.common.rest_client [req-2a456eb2-95be-459b-8e03-897da1d05ce7 req-2a456eb2-95be-459b-8e03-897da1d05ce7 ] Request (InstanceActionsV221TestJSON:test_get_list_deleted_instance_actions): 200 GET http://10.180.1.21/compute/v2.1/servers/8bc4bb67-bc00-44c6-9c83-c0a1072142e6 0.050s
2024-12-10 17:24:16.349 66239 INFO tempest.lib.common.rest_client [req-af1edcb3-c652-4af1-bcc1-02f56b2485a2 req-af1edcb3-c652-4af1-bcc1-02f56b2485a2 ] Request (ImagesOneServerTestJSON:tearDownClass): 200 GET http://10.180.1.21/compute/v2.1/servers/746742ac-8d7a-466b-8bc0-043cb5422111 0.051s
