2024-12-10 17:24:22.551 66271 INFO tempest.lib.common.rest_client [req-b3d33924-eb4e-49ac-be56-cbc086bc1495 req-b3d33924-eb4e-49ac-be56-cbc086bc1495 ] Request (FloatingIPsAssociationNegativeTestJSON:tearDownClass): 200 GET http://10.180.1.21/compute/v2.1/servers/862302e5-ad7e-40f3-a4a3-8c4a8035e1cf 0.327s
2024-12-10 17:24:22.557 66253 INFO tempest.lib.common.rest_client [req-c074e90c-7a0e-4b1d-af4e-e2a795fb400e req-c074e90c-7a0e-4b1d-af4e-e2a795fb400e ] Request (ServersNegativeTestJSON:setUpClass): 200 GET http://10.180.1.21/compute/v2.1/servers/fba9040d-f904-44a1-8785-14d4696ea939 0.357s
2024-12-10 17:24:22.565 66253 INFO tempest.common.waiters [-] State transition "BUILD/block_device_mapping" ==> "BUILD/spawning" after 71 second wait
2024-12-10 17:24:22.608 66273 INFO tempest.lib.common.rest_client [req-4adb1841-95cc-48c5-974d-406370255112 req-4adb1841-95cc-48c5-974d-406370255112 ] Request (ServerActionsV293TestJSON:setUpClass): 200 GET http://10.180.1.21/compute/v2.1/servers/a57c0638-e14b-4474-a6b4-7184d7e2a0fe 0.374s
2024-12-10 17:24:22.632 66288 INFO tempest.lib.common.rest_client [req-33433be5-57a7-4a0d-b4f1-9560e4363363 req-33433be5-57a7-4a0d-b4f1-9560e4363363 ] Request (ServersNegativeTestMultiTenantJSON:tearDownClass): 200 GET http://10.180.1.21/compute/v2.1/servers/87fa97a7-a8a5-4184-b52a-b02ad5468127 0.322s
2024-12-10 17:24:22.681 66243 INFO tempest.lib.common.rest_client [req-53491b27-fb63-4825-a6a7-4e3b095d2e43 req-53491b27-fb63-4825-a6a7-4e3b095d2e43 ] Request (AttachVolumeNegativeTest:test_attach_attached_volume_to_different_server): 200 GET http://10.180.1.21/compute/v2.1/servers/1ca9c4f6-3202-4819-8d96-bd7ee4e0f23f 0.343s
2024-12-10 17:24:22.682 66265 INFO tempest.lib.common.rest_client [req-bc212f12-76fa-4a36-9ccd-9e51e7ee7df9 req-bc212f12-76fa-4a36-9ccd-9e51e7ee7df9 ] Request (ServerMetadataTestJSON:setUpClass): 200 GET http://10.180.1.21/compute/v2.1/servers/41b1ce5d-a8ac-4b93-94a3-cf26367266d6 0.282s
2024-12-10 17:24:22.689 66243 INFO tempest.common.waiters [-] State transition "BUILD/None" ==> "BUILD/networking" after 61 second wait
2024-12-10 17:24:22.698 66239 INFO tempest.lib.common.rest_client [req-3d462b0e-55e4-4948-9b81-2663dca989e7 req-3d462b0e-55e4-4948-9b81-2663dca989e7 ] Request (ImagesOneServerTestJSON:tearDownClass): 204 DELETE http://10.180.1.21:9696/networking/v2.0/routers/6c77b3c2-2f87-4a8c-872a-11f1c0e211e2 0.795s
2024-12-10 17:24:22.740 66275 INFO tempest.lib.common.rest_client [req-54921fe9-3c37-4812-a600-38d5fd0f4716 req-54921fe9-3c37-4812-a600-38d5fd0f4716 ] Request (ServersAdminNegativeTestJSON:tearDownClass): 200 GET http://10.180.1.21/compute/v2.1/servers/81920a24-f406-4923-98b7-cc0f3d0ccc8b 0.093s
2024-12-10 17:24:22.751 66229 INFO tempest.lib.common.rest_client [req-3911fd1e-bb9f-4183-8dc6-f2c50fce0cba req-3911fd1e-bb9f-4183-8dc6-f2c50fce0cba ] Request (ListServersNegativeTestJSON:setUpClass): 200 GET http://10.180.1.21/compute/v2.1/servers/42ac7d4b-135c-4dd6-a3f5-3bdf38e9086a 0.277s
2024-12-10 17:24:22.795 66249 INFO tempest.lib.common.rest_client [req-992167d3-ff26-4ae4-b866-4e2d52cfeca4 req-992167d3-ff26-4ae4-b866-4e2d52cfeca4 ] Request (ServersAdminTestJSON:test_create_server_with_scheduling_hint): 200 GET http://10.180.1.21/compute/v2.1/servers/8fa5fef6-8768-4e24-aab3-db56a10588c2 0.111s
2024-12-10 17:24:22.832 66259 INFO tempest.lib.common.rest_client [req-8e042932-72e6-493e-af61-74c91f7d9128 req-8e042932-72e6-493e-af61-74c91f7d9128 ] Request (ServersTestMultiNic:test_verify_multiple_nics_order): 200 GET http://10.180.1.21/compute/v2.1/servers/2d7b237e-f86d-42b1-ab04-320f0012a2d1 0.086s
2024-12-10 17:24:22.867 66252 INFO tempest.lib.common.rest_client [req-5efb4955-08fc-4946-964a-390039a11e8b req-5efb4955-08fc-4946-964a-390039a11e8b ] Request (AttachInterfacesV270Test:tearDownClass): 200 GET http://10.180.1.21/compute/v2.1/servers/581f9d48-dcb8-4a34-928b-64087a9f966b 0.070s
2024-12-10 17:24:22.878 66252 INFO tempest.common.waiters [-] State transition "ACTIVE/deleting" ==> "DELETED/None" after 3 second wait
2024-12-10 17:24:22.928 66235 INFO tempest.lib.common.rest_client [req-625124b1-d000-427d-8528-433346d9abdb req-625124b1-d000-427d-8528-433346d9abdb ] Request (ImagesOneServerNegativeTestJSON:_run_cleanups): 200 GET http://10.180.1.21/compute/v2.1/servers/d15a7e98-755b-4c5c-ba34-dc5fc3f8846d 0.084s
2024-12-10 17:24:22.963 66261 INFO tempest.lib.common.rest_client [req-a2d8b0a9-9653-4474-9e6e-c75d65240b31 req-a2d8b0a9-9653-4474-9e6e-c75d65240b31 ] Request (DeleteServersTestJSON:setUpClass): 201 POST http://10.180.1.21:9696/networking/v2.0/routers 0.864s
2024-12-10 17:24:22.966 66227 INFO tempest.lib.common.rest_client [req-51cd3d69-4f0a-41a2-b2d3-f589e52f4537 req-51cd3d69-4f0a-41a2-b2d3-f589e52f4537 ] Request (InstanceActionsV221TestJSON:test_get_list_deleted_instance_actions): 200 GET http://10.180.1.21/compute/v2.1/servers/8bc4bb67-bc00-44c6-9c83-c0a1072142e6 0.060s
2024-12-10 17:24:22.992 66239 INFO tempest.lib.common.rest_client [req-7931a054-e364-46bf-9eb0-fff30519d098 req-7931a054-e364-46bf-9eb0-fff30519d098 ] Request (ImagesOneServerTestJSON:tearDownClass): 204 DELETE http://10.180.1.21:9696/networking/v2.0/subnets/6c190020-be78-40a7-954b-efe53dd013fc 0.294s
2024-12-10 17:24:23.030 66225 INFO tempest.lib.common.rest_client [req-4aa7d0a2-5b34-4ffc-8021-7356c384b701 req-4aa7d0a2-5b34-4ffc-8021-7356c384b701 ] Request (MigrationsAdminTest:test_resize_server_revert_deleted_flavor): 200 GET http://10.180.1.21/compute/v2.1/servers/b95b7656-70ac-4eaf-9934-4b4c50e78035 0.074s
2024-12-10 17:24:23.274 66233 INFO tempest.lib.common.rest_client [req-e4bb3605-e2b6-4f5b-a235-471d7547163c req-e4bb3605-e2b6-4f5b-a235-471d7547163c ] Request (ListServerFiltersTestJSON:setUpClass): 200 GET http://10.180.1.21/compute/v2.1/servers/99cc8af3-5c18-4839-94db-996861e0c276 0.065s
2024-12-10 17:24:23.369 66239 INFO tempest.lib.common.rest_client [req-362703c5-b7a0-4419-ab6d-13c5be178aa6 req-362703c5-b7a0-4419-ab6d-13c5be178aa6 ] Request (ImagesOneServerTestJSON:tearDownClass): 204 DELETE http://10.180.1.21:9696/networking/v2.0/networks/d05b1eab-223e-4ac8-a5e8-c795e6864f9a 0.377s
2024-12-10 17:24:23.400 66231 INFO tempest.lib.common.rest_client [req-dd1e9a56-93b9-42d2-8919-02eeb4760e82 req-dd1e9a56-93b9-42d2-8919-02eeb4760e82 ] Request (InstanceActionsNegativeTestJSON:tearDownClass): 200 GET http://10.180.1.21/compute/v2.1/servers/22a927ad-c2af-4814-b728-ec31b76a34d4 0.101s
2024-12-10 17:24:23.401 66279 INFO tempest.lib.common.rest_client [req-9fa8e171-9d54-40c4-8e8a-261bbc6719a6 req-9fa8e171-9d54-40c4-8e8a-261bbc6719a6 ] Request (ListImageFiltersTestJSON:tearDownClass): 200 GET http://10.180.1.21/compute/v2.1/servers/eff06e8a-8341-4d5e-b6dd-a585be4a21ea 0.087s
2024-12-10 17:24:23.470 66255 INFO tempest.lib.common.rest_client [req-157032b4-a9dd-4548-8948-a9eb1b27f845 req-157032b4-a9dd-4548-8948-a9eb1b27f845 ] Request (ServersTestBootFromVolume:setUpClass): 200 GET http://10.180.1.21/compute/v2.1/servers/4e6b1296-9e19-4047-9c38-dc94c686d0cb 0.109s
2024-12-10 17:24:23.471 66237 INFO tempest.lib.common.rest_client [req-01c82f62-6786-4f3f-8cc1-82016cba259b req-01c82f62-6786-4f3f-8cc1-82016cba259b ] Request (FloatingIPsAssociationTestJSON:test_associate_already_associated_floating_ip): 200 GET http://10.180.1.21/compute/v2.1/servers/272180b9-e79b-4714-b28b-470937509f42 0.101s
2024-12-10 17:24:23.501 66239 INFO tempest.lib.common.rest_client [req-82ce9d24-8f96-446b-a249-d338b58e365c req-82ce9d24-8f96-446b-a249-d338b58e365c ] Request (ImagesOneServerTestJSON:tearDownClass): 204 DELETE http://10.180.1.21/identity/v3/users/1aa728f92b2c472faecd39da428eef56 0.131s
2024-12-10 17:24:23.502 66239 INFO tempest.lib.common.dynamic_creds [-] Deleting project and security group for project: a2a338e9883940f99ab4136eb4d102ad
2024-12-10 17:24:23.548 66263 INFO tempest.lib.common.rest_client [req-2adddaba-1d11-460d-a700-40a89737f156 req-2adddaba-1d11-460d-a700-40a89737f156 ] Request (AttachVolumeTestJSON:test_attach_detach_volume): 200 GET http://10.180.1.21/compute/v2.1/servers/5124f7fb-1293-4964-98c4-426ecfce7d10 0.100s
2024-12-10 17:24:23.574 66239 INFO tempest.lib.common.rest_client [req-867caa25-d9c7-4e81-907a-1515da2673f6 req-867caa25-d9c7-4e81-907a-1515da2673f6 ] Request (ImagesOneServerTestJSON:tearDownClass): 200 GET http://10.180.1.21:9696/networking/v2.0/security-groups?tenant_id=a2a338e9883940f99ab4136eb4d102ad&name=default 0.072s
2024-12-10 17:24:23.637 66271 INFO tempest.lib.common.rest_client [req-395bd92c-53fa-46df-a2ff-ad1cc70be346 req-395bd92c-53fa-46df-a2ff-ad1cc70be346 ] Request (FloatingIPsAssociationNegativeTestJSON:tearDownClass): 200 GET http://10.180.1.21/compute/v2.1/servers/862302e5-ad7e-40f3-a4a3-8c4a8035e1cf 0.076s
2024-12-10 17:24:23.708 66253 INFO tempest.lib.common.rest_client [req-53358e4e-3c88-4196-86ab-36981892990d req-53358e4e-3c88-4196-86ab-36981892990d ] Request (ServersNegativeTestJSON:setUpClass): 200 GET http://10.180.1.21/compute/v2.1/servers/fba9040d-f904-44a1-8785-14d4696ea939 0.141s
2024-12-10 17:24:23.717 66273 INFO tempest.lib.common.rest_client [req-3ac58a3c-8cf0-4271-a052-5a5840f405ec req-3ac58a3c-8cf0-4271-a052-5a5840f405ec ] Request (ServerActionsV293TestJSON:setUpClass): 200 GET http://10.180.1.21/compute/v2.1/servers/a57c0638-e14b-4474-a6b4-7184d7e2a0fe 0.095s
2024-12-10 17:24:23.744 66239 INFO tempest.lib.common.rest_client [req-63885568-e6dd-495a-9446-fdb07ffa7457 req-63885568-e6dd-495a-9446-fdb07ffa7457 ] Request (ImagesOneServerTestJSON:tearDownClass): 204 DELETE http://10.180.1.21:9696/networking/v2.0/security-groups/c5f3cce0-9743-4414-a2e2-f6c3de6198ce 0.169s
2024-12-10 17:24:23.768 66288 INFO tempest.lib.common.rest_client [req-d7862275-faa4-461c-bf29-193f609b358e req-d7862275-faa4-461c-bf29-193f609b358e ] Request (ServersNegativeTestMultiTenantJSON:tearDownClass): 200 GET http://10.180.1.21/compute/v2.1/servers/87fa97a7-a8a5-4184-b52a-b02ad5468127 0.127s
2024-12-10 17:24:23.818 66265 INFO tempest.lib.common.rest_client [req-fddb52be-2565-4ca5-974a-43ce94f83e26 req-fddb52be-2565-4ca5-974a-43ce94f83e26 ] Request (ServerMetadataTestJSON:setUpClass): 200 GET http://10.180.1.21/compute/v2.1/servers/41b1ce5d-a8ac-4b93-94a3-cf26367266d6 0.123s
2024-12-10 17:24:23.858 66239 INFO tempest.lib.common.rest_client [req-ad532594-568c-498a-9fa6-badf2f5846b8 req-ad532594-568c-498a-9fa6-badf2f5846b8 ] Request (ImagesOneServerTestJSON:tearDownClass): 204 DELETE http://10.180.1.21/identity/v3/projects/a2a338e9883940f99ab4136eb4d102ad 0.114s
2024-12-10 17:24:23.859 66239 INFO tempest.test [-] raised in ServerPersonalityTestJSON.setUpClass. Invoking tearDownClass.
2024-12-10 17:24:23.860 66239 INFO tempest.test [-] raised in ServerBootFromVolumeStableRescueTest.setUpClass. Invoking tearDownClass.
2024-12-10 17:24:23.861 66239 INFO tempest.test [-] raised in ServerStableDeviceRescueTestIDE.setUpClass. Invoking tearDownClass.
2024-12-10 17:24:23.895 66275 INFO tempest.lib.common.rest_client [req-d8b1fb1b-0bfa-4e51-a77e-6536e55dbb5a req-d8b1fb1b-0bfa-4e51-a77e-6536e55dbb5a ] Request (ServersAdminNegativeTestJSON:tearDownClass): 200 GET http://10.180.1.21/compute/v2.1/servers/81920a24-f406-4923-98b7-cc0f3d0ccc8b 0.144s
2024-12-10 17:24:23.898 66243 INFO tempest.lib.common.rest_client [req-06896c1c-8e5c-4adb-b058-d6fbecacaf53 req-06896c1c-8e5c-4adb-b058-d6fbecacaf53 ] Request (AttachVolumeNegativeTest:test_attach_attached_volume_to_different_server): 200 GET http://10.180.1.21/compute/v2.1/servers/1ca9c4f6-3202-4819-8d96-bd7ee4e0f23f 0.208s
2024-12-10 17:24:23.908 66243 INFO tempest.common.waiters [-] State transition "BUILD/networking" ==> "BUILD/block_device_mapping" after 62 second wait
2024-12-10 17:24:23.911 66261 INFO tempest.lib.common.rest_client [req-2b40e6c3-ccc9-4047-9cb0-67e1a92e920b req-2b40e6c3-ccc9-4047-9cb0-67e1a92e920b ] Request (DeleteServersTestJSON:setUpClass): 200 PUT http://10.180.1.21:9696/networking/v2.0/routers/fdbf64af-06a4-41dc-b6b5-2a35a76b27b8/add_router_interface 0.948s
2024-12-10 17:24:23.911 66261 INFO tempest.lib.common.dynamic_creds [-] Created isolated network resources for: credentials: Credentials: {'domain_id': 'default', 'domain_name': 'Default', 'username': 'tempest-DeleteServersTestJSON-708693933-project-member', 'project_domain_id': 'default', 'project_domain_name': 'Default', 'project_id': 'efc8039a70b34a269d3aed1ecb558b7e', 'project_name': 'tempest-DeleteServersTestJSON-708693933', 'tenant_id': 'efc8039a70b34a269d3aed1ecb558b7e', 'tenant_name': 'tempest-DeleteServersTestJSON-708693933', 'user_domain_id': 'default', 'user_domain_name': 'Default', 'user_id': '0da2fdb3c81747698f971951c5e0068b', 'system': None}, Network: {'id': '66b15acd-3115-40bf-875e-5291cf68cada', 'name': 'tempest-DeleteServersTestJSON-1077982422-network', 'tenant_id': 'efc8039a70b34a269d3aed1ecb558b7e', 'admin_state_up': True, 'mtu': 8950, 'status': 'ACTIVE', 'subnets': [], 'shared': False, 'project_id': 'efc8039a70b34a269d3aed1ecb558b7e', 'port_security_enabled': True, 'router:external': False, 'provider:network_type': 'vlan', 'provider:physical_network': 'default', 'provider:segmentation_id': 347, 'availability_zone_hints': [], 'availability_zones': [], 'ipv4_address_scope': None, 'ipv6_address_scope': None, 'description': '', 'tags': [], 'created_at': '2024-12-10T17:24:21Z', 'updated_at': '2024-12-10T17:24:21Z', 'revision_number': 1}, Subnet: {'id': 'a477c8bb-8e8f-479d-b885-d006f6bb3208', 'name': 'tempest-DeleteServersTestJSON-1077982422-subnet', 'tenant_id': 'efc8039a70b34a269d3aed1ecb558b7e', 'network_id': '66b15acd-3115-40bf-875e-5291cf68cada', 'ip_version': 4, 'subnetpool_id': None, 'enable_dhcp': True, 'ipv6_ra_mode': None, 'ipv6_address_mode': None, 'gateway_ip': '192.168.128.1', 'cidr': '192.168.128.0/28', 'allocation_pools': [{'start': '192.168.128.2', 'end': '192.168.128.14'}], 'host_routes': [], 'dns_nameservers': [], 'description': '', 'router:external': False, 'service_types': [], 'tags': [], 'created_at': '2024-12-10T17:24:21Z', 'updated_at': '2024-12-10T17:24:21Z', 'revision_number': 0, 'project_id': 'efc8039a70b34a269d3aed1ecb558b7e'}, Router: {'id': 'fdbf64af-06a4-41dc-b6b5-2a35a76b27b8', 'name': 'tempest-DeleteServersTestJSON-1077982422-router', 'tenant_id': 'efc8039a70b34a269d3aed1ecb558b7e', 'admin_state_up': True, 'status': 'ACTIVE', 'external_gateway_info': {'network_id': 'b9822408-7062-4404-858d-b4fe0c495481', 'external_fixed_ips': [{'subnet_id': '935b1629-c94b-47a3-96bd-73ead4bcd6c1', 'ip_address': '10.180.180.197'}], 'enable_snat': True}, 'description': '', 'availability_zones': [], 'distributed': False, 'ha': False, 'availability_zone_hints': [], 'routes': [], 'flavor_id': None, 'tags': [], 'created_at': '2024-12-10T17:24:22Z', 'updated_at': '2024-12-10T17:24:22Z', 'revision_number': 2, 'project_id': 'efc8039a70b34a269d3aed1ecb558b7e'}
2024-12-10 17:24:23.958 66249 INFO tempest.lib.common.rest_client [req-6c533b8e-6273-4fac-8504-402fe6364bd3 req-6c533b8e-6273-4fac-8504-402fe6364bd3 ] Request (ServersAdminTestJSON:test_create_server_with_scheduling_hint): 200 GET http://10.180.1.21/compute/v2.1/servers/8fa5fef6-8768-4e24-aab3-db56a10588c2 0.156s
2024-12-10 17:24:23.967 66229 INFO tempest.lib.common.rest_client [req-6cbd2f86-46ce-45ab-a761-26662413c7f4 req-6cbd2f86-46ce-45ab-a761-26662413c7f4 ] Request (ListServersNegativeTestJSON:setUpClass): 200 GET http://10.180.1.21/compute/v2.1/servers/42ac7d4b-135c-4dd6-a3f5-3bdf38e9086a 0.203s
2024-12-10 17:24:24.009 66261 INFO tempest.lib.common.rest_client [req-5343705d-7aab-4f9d-9596-0d9337a6e6b1 req-5343705d-7aab-4f9d-9596-0d9337a6e6b1 ] Request (DeleteServersTestJSON:setUpClass): 201 POST http://10.180.1.21/identity/v3/auth/tokens 0.095s
2024-12-10 17:24:24.014 66259 INFO tempest.lib.common.rest_client [req-d059be85-5594-4847-ba89-b140077c74aa req-d059be85-5594-4847-ba89-b140077c74aa ] Request (ServersTestMultiNic:test_verify_multiple_nics_order): 200 GET http://10.180.1.21/compute/v2.1/servers/2d7b237e-f86d-42b1-ab04-320f0012a2d1 0.175s
2024-12-10 17:24:24.045 66252 INFO tempest.lib.common.rest_client [req-c058100c-2872-46d7-b81a-25992cf9c18d req-c058100c-2872-46d7-b81a-25992cf9c18d ] Request (AttachInterfacesV270Test:tearDownClass): 200 GET http://10.180.1.21/compute/v2.1/servers/581f9d48-dcb8-4a34-928b-64087a9f966b 0.166s
2024-12-10 17:24:24.050 66261 INFO tempest.lib.common.rest_client [req-8d5eb9a9-dd7e-4cf2-bc68-d0942c3741d4 req-8d5eb9a9-dd7e-4cf2-bc68-d0942c3741d4 ] Request (DeleteServersTestJSON:test_delete_active_server): 201 POST http://10.180.1.21/identity/v3/auth/tokens 0.033s
2024-12-10 17:24:24.050 66261 INFO tempest.lib.common.fixed_network [-] (DeleteServersTestJSON:test_delete_active_server) Found network {'id': '66b15acd-3115-40bf-875e-5291cf68cada', 'name': 'tempest-DeleteServersTestJSON-1077982422-network', 'tenant_id': 'efc8039a70b34a269d3aed1ecb558b7e', 'admin_state_up': True, 'mtu': 8950, 'status': 'ACTIVE', 'subnets': [], 'shared': False, 'project_id': 'efc8039a70b34a269d3aed1ecb558b7e', 'port_security_enabled': True, 'router:external': False, 'provider:network_type': 'vlan', 'provider:physical_network': 'default', 'provider:segmentation_id': 347, 'availability_zone_hints': [], 'availability_zones': [], 'ipv4_address_scope': None, 'ipv6_address_scope': None, 'description': '', 'tags': [], 'created_at': '2024-12-10T17:24:21Z', 'updated_at': '2024-12-10T17:24:21Z', 'revision_number': 1} available for tenant
2024-12-10 17:24:24.073 66235 INFO tempest.lib.common.rest_client [req-3ac3466f-0861-4daf-875a-7e6d8ead66f7 req-3ac3466f-0861-4daf-875a-7e6d8ead66f7 ] Request (ImagesOneServerNegativeTestJSON:_run_cleanups): 200 GET http://10.180.1.21/compute/v2.1/servers/d15a7e98-755b-4c5c-ba34-dc5fc3f8846d 0.139s
2024-12-10 17:24:24.103 66227 INFO tempest.lib.common.rest_client [req-10381f1c-8e3e-47ae-a67f-cfdaa2e1ae36 req-10381f1c-8e3e-47ae-a67f-cfdaa2e1ae36 ] Request (InstanceActionsV221TestJSON:test_get_list_deleted_instance_actions): 200 GET http://10.180.1.21/compute/v2.1/servers/8bc4bb67-bc00-44c6-9c83-c0a1072142e6 0.120s
2024-12-10 17:24:24.128 66225 INFO tempest.lib.common.rest_client [req-0bf1937c-3b38-4598-99d5-00aebe223c66 req-0bf1937c-3b38-4598-99d5-00aebe223c66 ] Request (MigrationsAdminTest:test_resize_server_revert_deleted_flavor): 200 GET http://10.180.1.21/compute/v2.1/servers/b95b7656-70ac-4eaf-9934-4b4c50e78035 0.089s
2024-12-10 17:24:24.332 66233 INFO tempest.lib.common.rest_client [req-24aaece8-6d09-477c-9aca-37b835661a7e req-24aaece8-6d09-477c-9aca-37b835661a7e ] Request (ListServerFiltersTestJSON:setUpClass): 200 GET http://10.180.1.21/compute/v2.1/servers/99cc8af3-5c18-4839-94db-996861e0c276 0.051s
2024-12-10 17:24:24.467 66261 INFO tempest.lib.common.rest_client [req-4b98e193-d2ba-47b3-9944-823e057c6351 req-4b98e193-d2ba-47b3-9944-823e057c6351 ] Request (DeleteServersTestJSON:test_delete_active_server): 202 POST http://10.180.1.21/compute/v2.1/servers 0.416s
2024-12-10 17:24:24.476 66231 INFO tempest.lib.common.rest_client [req-4e59eb30-cc7c-462b-a38b-c02e15ba636a req-4e59eb30-cc7c-462b-a38b-c02e15ba636a ] Request (InstanceActionsNegativeTestJSON:tearDownClass): 200 GET http://10.180.1.21/compute/v2.1/servers/22a927ad-c2af-4814-b728-ec31b76a34d4 0.068s
2024-12-10 17:24:24.517 66279 INFO tempest.lib.common.rest_client [req-557fa2b3-7cc1-4b47-a35e-b0c2573e7a05 req-557fa2b3-7cc1-4b47-a35e-b0c2573e7a05 ] Request (ListImageFiltersTestJSON:tearDownClass): 200 GET http://10.180.1.21/compute/v2.1/servers/eff06e8a-8341-4d5e-b6dd-a585be4a21ea 0.105s
2024-12-10 17:24:24.521 66261 INFO tempest.lib.common.rest_client [req-4467a83a-ff58-4aec-a1cb-6fc2a6a2e817 req-4467a83a-ff58-4aec-a1cb-6fc2a6a2e817 ] Request (DeleteServersTestJSON:test_delete_active_server): 200 GET http://10.180.1.21/compute/v2.1/servers/c4e96403-895c-479d-bfb2-274a87446bf9 0.053s
2024-12-10 17:24:24.568 66237 INFO tempest.lib.common.rest_client [req-1ae3ae95-f006-49cf-b67d-3304c7fabb90 req-1ae3ae95-f006-49cf-b67d-3304c7fabb90 ] Request (FloatingIPsAssociationTestJSON:test_associate_already_associated_floating_ip): 200 GET http://10.180.1.21/compute/v2.1/servers/272180b9-e79b-4714-b28b-470937509f42 0.087s
2024-12-10 17:24:24.569 66255 INFO tempest.lib.common.rest_client [req-da09bb2d-7c80-4620-979f-e9522c2cb335 req-da09bb2d-7c80-4620-979f-e9522c2cb335 ] Request (ServersTestBootFromVolume:setUpClass): 200 GET http://10.180.1.21/compute/v2.1/servers/4e6b1296-9e19-4047-9c38-dc94c686d0cb 0.087s
2024-12-10 17:24:24.615 66263 INFO tempest.lib.common.rest_client [req-29e0a237-29ef-4a12-8e99-72d5645cc0e0 req-29e0a237-29ef-4a12-8e99-72d5645cc0e0 ] Request (AttachVolumeTestJSON:test_attach_detach_volume): 200 GET http://10.180.1.21/compute/v2.1/servers/5124f7fb-1293-4964-98c4-426ecfce7d10 0.061s
2024-12-10 17:24:24.705 66271 INFO tempest.lib.common.rest_client [req-4210177d-9861-4a46-bb33-f878f20113cb req-4210177d-9861-4a46-bb33-f878f20113cb ] Request (FloatingIPsAssociationNegativeTestJSON:tearDownClass): 200 GET http://10.180.1.21/compute/v2.1/servers/862302e5-ad7e-40f3-a4a3-8c4a8035e1cf 0.055s
2024-12-10 17:24:24.792 66273 INFO tempest.lib.common.rest_client [req-46ea8281-861e-41d9-b488-091516ad8db6 req-46ea8281-861e-41d9-b488-091516ad8db6 ] Request (ServerActionsV293TestJSON:setUpClass): 200 GET http://10.180.1.21/compute/v2.1/servers/a57c0638-e14b-4474-a6b4-7184d7e2a0fe 0.059s
2024-12-10 17:24:24.821 66253 INFO tempest.lib.common.rest_client [req-b7674e80-a03d-4a76-bbbd-6cb44a3c32bd req-b7674e80-a03d-4a76-bbbd-6cb44a3c32bd ] Request (ServersNegativeTestJSON:setUpClass): 200 GET http://10.180.1.21/compute/v2.1/servers/fba9040d-f904-44a1-8785-14d4696ea939 0.104s
2024-12-10 17:24:24.848 66288 INFO tempest.lib.common.rest_client [req-8d2691b3-809e-4828-9d6f-a5f0532896ba req-8d2691b3-809e-4828-9d6f-a5f0532896ba ] Request (ServersNegativeTestMultiTenantJSON:tearDownClass): 200 GET http://10.180.1.21/compute/v2.1/servers/87fa97a7-a8a5-4184-b52a-b02ad5468127 0.069s
2024-12-10 17:24:24.871 66265 INFO tempest.lib.common.rest_client [req-b10dcb58-0fc4-4abe-b347-37bdda0cf8f2 req-b10dcb58-0fc4-4abe-b347-37bdda0cf8f2 ] Request (ServerMetadataTestJSON:setUpClass): 200 GET http://10.180.1.21/compute/v2.1/servers/41b1ce5d-a8ac-4b93-94a3-cf26367266d6 0.046s
2024-12-10 17:24:24.998 66275 INFO tempest.lib.common.rest_client [req-e80bb3dd-6ae2-4657-af3a-979a6e65283a req-e80bb3dd-6ae2-4657-af3a-979a6e65283a ] Request (ServersAdminNegativeTestJSON:tearDownClass): 200 GET http://10.180.1.21/compute/v2.1/servers/81920a24-f406-4923-98b7-cc0f3d0ccc8b 0.092s
2024-12-10 17:24:25.054 66249 INFO tempest.lib.common.rest_client [req-467ab7c9-e2db-4b4c-9d6c-24dde6ceecde req-467ab7c9-e2db-4b4c-9d6c-24dde6ceecde ] Request (ServersAdminTestJSON:test_create_server_with_scheduling_hint): 200 GET http://10.180.1.21/compute/v2.1/servers/8fa5fef6-8768-4e24-aab3-db56a10588c2 0.079s
2024-12-10 17:24:25.069 66243 INFO tempest.lib.common.rest_client [req-f1e9c3a9-6408-4869-8f2f-1bda843a8654 req-f1e9c3a9-6408-4869-8f2f-1bda843a8654 ] Request (AttachVolumeNegativeTest:test_attach_attached_volume_to_different_server): 200 GET http://10.180.1.21/compute/v2.1/servers/1ca9c4f6-3202-4819-8d96-bd7ee4e0f23f 0.159s
2024-12-10 17:24:25.078 66243 INFO tempest.common.waiters [-] State transition "BUILD/block_device_mapping" ==> "BUILD/spawning" after 64 second wait
2024-12-10 17:24:25.116 66229 INFO tempest.lib.common.rest_client [req-5fef2e22-db83-4ee9-9d7a-4b689bfbc7dd req-5fef2e22-db83-4ee9-9d7a-4b689bfbc7dd ] Request (ListServersNegativeTestJSON:setUpClass): 200 GET http://10.180.1.21/compute/v2.1/servers/42ac7d4b-135c-4dd6-a3f5-3bdf38e9086a 0.141s
2024-12-10 17:24:25.119 66259 INFO tempest.lib.common.rest_client [req-85fe0e8a-fb24-40a6-8184-7a188c5c30b0 req-85fe0e8a-fb24-40a6-8184-7a188c5c30b0 ] Request (ServersTestMultiNic:test_verify_multiple_nics_order): 200 GET http://10.180.1.21/compute/v2.1/servers/2d7b237e-f86d-42b1-ab04-320f0012a2d1 0.097s
2024-12-10 17:24:25.181 66252 INFO tempest.lib.common.rest_client [req-7b2393de-0024-431b-8f5e-49d40b0becea req-7b2393de-0024-431b-8f5e-49d40b0becea ] Request (AttachInterfacesV270Test:tearDownClass): 200 GET http://10.180.1.21/compute/v2.1/servers/581f9d48-dcb8-4a34-928b-64087a9f966b 0.125s
2024-12-10 17:24:25.192 66235 INFO tempest.lib.common.rest_client [req-4eeef774-fe80-419e-ba67-6dce8c03770e req-4eeef774-fe80-419e-ba67-6dce8c03770e ] Request (ImagesOneServerNegativeTestJSON:_run_cleanups): 200 GET http://10.180.1.21/compute/v2.1/servers/d15a7e98-755b-4c5c-ba34-dc5fc3f8846d 0.111s
2024-12-10 17:24:25.230 66227 INFO tempest.lib.common.rest_client [req-d1375ab5-e705-4092-8134-c34c13beeea2 req-d1375ab5-e705-4092-8134-c34c13beeea2 ] Request (InstanceActionsV221TestJSON:test_get_list_deleted_instance_actions): 200 GET http://10.180.1.21/compute/v2.1/servers/8bc4bb67-bc00-44c6-9c83-c0a1072142e6 0.116s
2024-12-10 17:24:25.237 66227 INFO tempest.common.waiters [-] State transition "BUILD/None" ==> "BUILD/networking" after 64 second wait
2024-12-10 17:24:25.251 66225 INFO tempest.lib.common.rest_client [req-751f7e9d-a4fe-463c-ab35-182ab963279c req-751f7e9d-a4fe-463c-ab35-182ab963279c ] Request (MigrationsAdminTest:test_resize_server_revert_deleted_flavor): 200 GET http://10.180.1.21/compute/v2.1/servers/b95b7656-70ac-4eaf-9934-4b4c50e78035 0.115s
2024-12-10 17:24:25.387 66233 INFO tempest.lib.common.rest_client [req-af60e5b0-cfb1-43fe-a44e-fb0ddbbe17af req-af60e5b0-cfb1-43fe-a44e-fb0ddbbe17af ] Request (ListServerFiltersTestJSON:setUpClass): 200 GET http://10.180.1.21/compute/v2.1/servers/99cc8af3-5c18-4839-94db-996861e0c276 0.047s
2024-12-10 17:24:25.557 66231 INFO tempest.lib.common.rest_client [req-91ff2350-3cb3-4a8c-a2f7-4e3abdcd45ff req-91ff2350-3cb3-4a8c-a2f7-4e3abdcd45ff ] Request (InstanceActionsNegativeTestJSON:tearDownClass): 200 GET http://10.180.1.21/compute/v2.1/servers/22a927ad-c2af-4814-b728-ec31b76a34d4 0.069s
2024-12-10 17:24:25.594 66279 INFO tempest.lib.common.rest_client [req-75ba7c35-c8fa-4e6f-96fe-aa27d307e55e req-75ba7c35-c8fa-4e6f-96fe-aa27d307e55e ] Request (ListImageFiltersTestJSON:tearDownClass): 200 GET http://10.180.1.21/compute/v2.1/servers/eff06e8a-8341-4d5e-b6dd-a585be4a21ea 0.070s
2024-12-10 17:24:25.610 66261 INFO tempest.lib.common.rest_client [req-4ae22625-6ac4-4969-a5a9-e744cd52b3be req-4ae22625-6ac4-4969-a5a9-e744cd52b3be ] Request (DeleteServersTestJSON:test_delete_active_server): 200 GET http://10.180.1.21/compute/v2.1/servers/c4e96403-895c-479d-bfb2-274a87446bf9 0.082s
2024-12-10 17:24:25.666 66255 INFO tempest.lib.common.rest_client [req-f8d20466-02e1-42fa-91a7-d8f25cba93f1 req-f8d20466-02e1-42fa-91a7-d8f25cba93f1 ] Request (ServersTestBootFromVolume:setUpClass): 200 GET http://10.180.1.21/compute/v2.1/servers/4e6b1296-9e19-4047-9c38-dc94c686d0cb 0.090s
2024-12-10 17:24:25.666 66237 INFO tempest.lib.common.rest_client [req-3b68299e-e3b3-48ac-943c-54e5db3f07bf req-3b68299e-e3b3-48ac-943c-54e5db3f07bf ] Request (FloatingIPsAssociationTestJSON:test_associate_already_associated_floating_ip): 200 GET http://10.180.1.21/compute/v2.1/servers/272180b9-e79b-4714-b28b-470937509f42 0.091s
2024-12-10 17:24:25.714 66263 INFO tempest.lib.common.rest_client [req-f329fa29-d5b9-4e55-a6a0-696fd492051c req-f329fa29-d5b9-4e55-a6a0-696fd492051c ] Request (AttachVolumeTestJSON:test_attach_detach_volume): 200 GET http://10.180.1.21/compute/v2.1/servers/5124f7fb-1293-4964-98c4-426ecfce7d10 0.093s
2024-12-10 17:24:25.795 66271 INFO tempest.lib.common.rest_client [req-8574c294-7c97-49b6-bae5-b39c60f6c1ed req-8574c294-7c97-49b6-bae5-b39c60f6c1ed ] Request (FloatingIPsAssociationNegativeTestJSON:tearDownClass): 200 GET http://10.180.1.21/compute/v2.1/servers/862302e5-ad7e-40f3-a4a3-8c4a8035e1cf 0.084s
2024-12-10 17:24:25.860 66273 INFO tempest.lib.common.rest_client [req-a4895b00-f8a5-41fe-b7fc-ccfeba57e3f4 req-a4895b00-f8a5-41fe-b7fc-ccfeba57e3f4 ] Request (ServerActionsV293TestJSON:setUpClass): 200 GET http://10.180.1.21/compute/v2.1/servers/a57c0638-e14b-4474-a6b4-7184d7e2a0fe 0.059s
2024-12-10 17:24:25.908 66288 INFO tempest.lib.common.rest_client [req-d250ab02-9672-4272-bbb6-532ee90c6e2e req-d250ab02-9672-4272-bbb6-532ee90c6e2e ] Request (ServersNegativeTestMultiTenantJSON:tearDownClass): 200 GET http://10.180.1.21/compute/v2.1/servers/87fa97a7-a8a5-4184-b52a-b02ad5468127 0.054s
2024-12-10 17:24:25.949 66265 INFO tempest.lib.common.rest_client [req-a26555f5-6b95-4bd1-91b0-8d2e1f80fc75 req-a26555f5-6b95-4bd1-91b0-8d2e1f80fc75 ] Request (ServerMetadataTestJSON:setUpClass): 200 GET http://10.180.1.21/compute/v2.1/servers/41b1ce5d-a8ac-4b93-94a3-cf26367266d6 0.068s
2024-12-10 17:24:25.951 66253 INFO tempest.lib.common.rest_client [req-27260ce7-9606-4d4b-a05d-3c29c6910b8a req-27260ce7-9606-4d4b-a05d-3c29c6910b8a ] Request (ServersNegativeTestJSON:setUpClass): 200 GET http://10.180.1.21/compute/v2.1/servers/fba9040d-f904-44a1-8785-14d4696ea939 0.123s
2024-12-10 17:24:26.085 66275 INFO tempest.lib.common.rest_client [req-eeff5ed0-3de2-4428-8e02-54a2c1c5de4c req-eeff5ed0-3de2-4428-8e02-54a2c1c5de4c ] Request (ServersAdminNegativeTestJSON:tearDownClass): 200 GET http://10.180.1.21/compute/v2.1/servers/81920a24-f406-4923-98b7-cc0f3d0ccc8b 0.073s
2024-12-10 17:24:26.120 66249 INFO tempest.lib.common.rest_client [req-76ad3829-e949-4b1f-928a-422424ada4e4 req-76ad3829-e949-4b1f-928a-422424ada4e4 ] Request (ServersAdminTestJSON:test_create_server_with_scheduling_hint): 200 GET http://10.180.1.21/compute/v2.1/servers/8fa5fef6-8768-4e24-aab3-db56a10588c2 0.059s
2024-12-10 17:24:26.184 66243 INFO tempest.lib.common.rest_client [req-8af30b4a-7854-4a51-969c-9285dae2381e req-8af30b4a-7854-4a51-969c-9285dae2381e ] Request (AttachVolumeNegativeTest:test_attach_attached_volume_to_different_server): 200 GET http://10.180.1.21/compute/v2.1/servers/1ca9c4f6-3202-4819-8d96-bd7ee4e0f23f 0.105s
2024-12-10 17:24:26.199 66229 INFO tempest.lib.common.rest_client [req-fda14c78-3dfc-41bb-981b-5cdafbf4daa2 req-fda14c78-3dfc-41bb-981b-5cdafbf4daa2 ] Request (ListServersNegativeTestJSON:setUpClass): 200 GET http://10.180.1.21/compute/v2.1/servers/42ac7d4b-135c-4dd6-a3f5-3bdf38e9086a 0.075s
2024-12-10 17:24:26.230 66259 INFO tempest.lib.common.rest_client [req-bf1d8ca5-dad8-4c69-adb8-c239c3f7e386 req-bf1d8ca5-dad8-4c69-adb8-c239c3f7e386 ] Request (ServersTestMultiNic:test_verify_multiple_nics_order): 200 GET http://10.180.1.21/compute/v2.1/servers/2d7b237e-f86d-42b1-ab04-320f0012a2d1 0.097s
2024-12-10 17:24:26.261 66252 INFO tempest.lib.common.rest_client [req-9d2bd4ae-4908-4365-813a-2562b9f38771 req-9d2bd4ae-4908-4365-813a-2562b9f38771 ] Request (AttachInterfacesV270Test:tearDownClass): 200 GET http://10.180.1.21/compute/v2.1/servers/581f9d48-dcb8-4a34-928b-64087a9f966b 0.072s
2024-12-10 17:24:26.277 66235 INFO tempest.lib.common.rest_client [req-78694d34-d6ba-4dc2-907b-3de2273c00b6 req-78694d34-d6ba-4dc2-907b-3de2273c00b6 ] Request (ImagesOneServerNegativeTestJSON:_run_cleanups): 200 GET http://10.180.1.21/compute/v2.1/servers/d15a7e98-755b-4c5c-ba34-dc5fc3f8846d 0.071s
2024-12-10 17:24:26.328 66225 INFO tempest.lib.common.rest_client [req-5c23317e-1e7c-4bff-b14d-749e20d5719d req-5c23317e-1e7c-4bff-b14d-749e20d5719d ] Request (MigrationsAdminTest:test_resize_server_revert_deleted_flavor): 200 GET http://10.180.1.21/compute/v2.1/servers/b95b7656-70ac-4eaf-9934-4b4c50e78035 0.068s
2024-12-10 17:24:26.382 66227 INFO tempest.lib.common.rest_client [req-381948a4-32d8-46be-bf6c-5b92c8ef8dfa req-381948a4-32d8-46be-bf6c-5b92c8ef8dfa ] Request (InstanceActionsV221TestJSON:test_get_list_deleted_instance_actions): 200 GET http://10.180.1.21/compute/v2.1/servers/8bc4bb67-bc00-44c6-9c83-c0a1072142e6 0.144s
2024-12-10 17:24:26.389 66227 INFO tempest.common.waiters [-] State transition "BUILD/networking" ==> "BUILD/block_device_mapping" after 65 second wait
2024-12-10 17:24:26.440 66233 INFO tempest.lib.common.rest_client [req-30615f76-905e-4599-a07c-62ae5ee32bc1 req-30615f76-905e-4599-a07c-62ae5ee32bc1 ] Request (ListServerFiltersTestJSON:setUpClass): 200 GET http://10.180.1.21/compute/v2.1/servers/99cc8af3-5c18-4839-94db-996861e0c276 0.047s
2024-12-10 17:24:26.628 66231 INFO tempest.lib.common.rest_client [req-e859ec3c-3aa0-4412-95e8-ecd3b7363aab req-e859ec3c-3aa0-4412-95e8-ecd3b7363aab ] Request (InstanceActionsNegativeTestJSON:tearDownClass): 200 GET http://10.180.1.21/compute/v2.1/servers/22a927ad-c2af-4814-b728-ec31b76a34d4 0.063s
2024-12-10 17:24:26.659 66279 INFO tempest.lib.common.rest_client [req-10e4a51d-95a7-4c70-a2a9-d5a00ed71fb7 req-10e4a51d-95a7-4c70-a2a9-d5a00ed71fb7 ] Request (ListImageFiltersTestJSON:tearDownClass): 200 GET http://10.180.1.21/compute/v2.1/servers/eff06e8a-8341-4d5e-b6dd-a585be4a21ea 0.057s
2024-12-10 17:24:26.673 66261 INFO tempest.lib.common.rest_client [req-1228793e-4f68-472b-bdae-f457c0d2e320 req-1228793e-4f68-472b-bdae-f457c0d2e320 ] Request (DeleteServersTestJSON:test_delete_active_server): 200 GET http://10.180.1.21/compute/v2.1/servers/c4e96403-895c-479d-bfb2-274a87446bf9 0.053s
2024-12-10 17:24:26.720 66237 INFO tempest.lib.common.rest_client [req-cf4bdb63-74fc-4832-bd75-4d9ef21177a7 req-cf4bdb63-74fc-4832-bd75-4d9ef21177a7 ] Request (FloatingIPsAssociationTestJSON:test_associate_already_associated_floating_ip): 200 GET http://10.180.1.21/compute/v2.1/servers/272180b9-e79b-4714-b28b-470937509f42 0.046s
2024-12-10 17:24:26.721 66255 INFO tempest.lib.common.rest_client [req-d66d0535-77a6-489b-9be5-2a7320e21752 req-d66d0535-77a6-489b-9be5-2a7320e21752 ] Request (ServersTestBootFromVolume:setUpClass): 200 GET http://10.180.1.21/compute/v2.1/servers/4e6b1296-9e19-4047-9c38-dc94c686d0cb 0.048s
2024-12-10 17:24:26.768 66263 INFO tempest.lib.common.rest_client [req-77601c17-b2a1-45c3-955c-938a100a3644 req-77601c17-b2a1-45c3-955c-938a100a3644 ] Request (AttachVolumeTestJSON:test_attach_detach_volume): 200 GET http://10.180.1.21/compute/v2.1/servers/5124f7fb-1293-4964-98c4-426ecfce7d10 0.047s
2024-12-10 17:24:26.863 66271 INFO tempest.lib.common.rest_client [req-a51ab48f-d870-4d6b-999b-e005a2f2199f req-a51ab48f-d870-4d6b-999b-e005a2f2199f ] Request (FloatingIPsAssociationNegativeTestJSON:tearDownClass): 200 GET http://10.180.1.21/compute/v2.1/servers/862302e5-ad7e-40f3-a4a3-8c4a8035e1cf 0.059s
2024-12-10 17:24:26.930 66273 INFO tempest.lib.common.rest_client [req-cf14cc6b-1236-4a88-beb1-ac6a0e1287f1 req-cf14cc6b-1236-4a88-beb1-ac6a0e1287f1 ] Request (ServerActionsV293TestJSON:setUpClass): 200 GET http://10.180.1.21/compute/v2.1/servers/a57c0638-e14b-4474-a6b4-7184d7e2a0fe 0.061s
2024-12-10 17:24:26.975 66288 INFO tempest.lib.common.rest_client [req-7a12501d-bf27-4958-bb1d-208f379fdb1b req-7a12501d-bf27-4958-bb1d-208f379fdb1b ] Request (ServersNegativeTestMultiTenantJSON:tearDownClass): 200 GET http://10.180.1.21/compute/v2.1/servers/87fa97a7-a8a5-4184-b52a-b02ad5468127 0.059s
2024-12-10 17:24:27.008 66265 INFO tempest.lib.common.rest_client [req-f46a8be7-bd40-4c41-abc0-7fcc3226b70d req-f46a8be7-bd40-4c41-abc0-7fcc3226b70d ] Request (ServerMetadataTestJSON:setUpClass): 200 GET http://10.180.1.21/compute/v2.1/servers/41b1ce5d-a8ac-4b93-94a3-cf26367266d6 0.052s
2024-12-10 17:24:27.010 66257 WARNING tempest.lib.common.ssh [-] Failed to establish authenticated ssh connection to cirros@10.180.180.153 ([Errno None] Unable to connect to port 22 on 10.180.180.153). Number attempts: 10. Retry after 11 seconds.: paramiko.ssh_exception.NoValidConnectionsError: [Errno None] Unable to connect to port 22 on 10.180.180.153
2024-12-10 17:24:27.089 66253 INFO tempest.lib.common.rest_client [req-1ffc1848-630d-489e-8edc-86fc8f397690 req-1ffc1848-630d-489e-8edc-86fc8f397690 ] Request (ServersNegativeTestJSON:setUpClass): 200 GET http://10.180.1.21/compute/v2.1/servers/fba9040d-f904-44a1-8785-14d4696ea939 0.131s
2024-12-10 17:24:27.153 66275 INFO tempest.lib.common.rest_client [req-a13f7f05-e92f-4035-9f40-888e07792b6a req-a13f7f05-e92f-4035-9f40-888e07792b6a ] Request (ServersAdminNegativeTestJSON:tearDownClass): 200 GET http://10.180.1.21/compute/v2.1/servers/81920a24-f406-4923-98b7-cc0f3d0ccc8b 0.061s
2024-12-10 17:24:27.191 66249 INFO tempest.lib.common.rest_client [req-77a9cf48-1dbd-44e1-9826-a0918d673940 req-77a9cf48-1dbd-44e1-9826-a0918d673940 ] Request (ServersAdminTestJSON:test_create_server_with_scheduling_hint): 200 GET http://10.180.1.21/compute/v2.1/servers/8fa5fef6-8768-4e24-aab3-db56a10588c2 0.065s
2024-12-10 17:24:27.272 66229 INFO tempest.lib.common.rest_client [req-74d7238f-a87f-4716-9cc4-abe97621f6b3 req-74d7238f-a87f-4716-9cc4-abe97621f6b3 ] Request (ListServersNegativeTestJSON:setUpClass): 200 GET http://10.180.1.21/compute/v2.1/servers/42ac7d4b-135c-4dd6-a3f5-3bdf38e9086a 0.066s
2024-12-10 17:24:27.324 66259 INFO tempest.lib.common.rest_client [req-d82d14b6-a71d-41b4-af20-2fd801379dce req-d82d14b6-a71d-41b4-af20-2fd801379dce ] Request (ServersTestMultiNic:test_verify_multiple_nics_order): 200 GET http://10.180.1.21/compute/v2.1/servers/2d7b237e-f86d-42b1-ab04-320f0012a2d1 0.087s
2024-12-10 17:24:27.357 66243 INFO tempest.lib.common.rest_client [req-028e696c-2585-4059-8b7a-587d344775ac req-028e696c-2585-4059-8b7a-587d344775ac ] Request (AttachVolumeNegativeTest:test_attach_attached_volume_to_different_server): 200 GET http://10.180.1.21/compute/v2.1/servers/1ca9c4f6-3202-4819-8d96-bd7ee4e0f23f 0.166s
2024-12-10 17:24:27.396 66252 INFO tempest.lib.common.rest_client [req-0b60052d-b960-4463-b237-925526e2bb7c req-0b60052d-b960-4463-b237-925526e2bb7c ] Request (AttachInterfacesV270Test:tearDownClass): 200 GET http://10.180.1.21/compute/v2.1/servers/581f9d48-dcb8-4a34-928b-64087a9f966b 0.124s
2024-12-10 17:24:27.415 66235 INFO tempest.lib.common.rest_client [req-386dff21-7441-4564-90fc-a333f2c94c07 req-386dff21-7441-4564-90fc-a333f2c94c07 ] Request (ImagesOneServerNegativeTestJSON:_run_cleanups): 200 GET http://10.180.1.21/compute/v2.1/servers/d15a7e98-755b-4c5c-ba34-dc5fc3f8846d 0.131s
2024-12-10 17:24:27.446 66225 INFO tempest.lib.common.rest_client [req-96270ac3-a0ab-498a-bacc-913cb035c639 req-96270ac3-a0ab-498a-bacc-913cb035c639 ] Request (MigrationsAdminTest:test_resize_server_revert_deleted_flavor): 200 GET http://10.180.1.21/compute/v2.1/servers/b95b7656-70ac-4eaf-9934-4b4c50e78035 0.107s
2024-12-10 17:24:27.500 66233 INFO tempest.lib.common.rest_client [req-972549aa-7a05-445c-90f8-502bc3509539 req-972549aa-7a05-445c-90f8-502bc3509539 ] Request (ListServerFiltersTestJSON:setUpClass): 200 GET http://10.180.1.21/compute/v2.1/servers/99cc8af3-5c18-4839-94db-996861e0c276 0.053s
2024-12-10 17:24:27.616 66227 INFO tempest.lib.common.rest_client [req-9c8e5e98-d973-4256-89a8-656cfe8cae88 req-9c8e5e98-d973-4256-89a8-656cfe8cae88 ] Request (InstanceActionsV221TestJSON:test_get_list_deleted_instance_actions): 200 GET http://10.180.1.21/compute/v2.1/servers/8bc4bb67-bc00-44c6-9c83-c0a1072142e6 0.226s
2024-12-10 17:24:27.624 66227 INFO tempest.common.waiters [-] State transition "BUILD/block_device_mapping" ==> "BUILD/spawning" after 66 second wait
2024-12-10 17:24:27.711 66231 INFO tempest.lib.common.rest_client [req-79743051-ef5f-4587-bafe-aaeeb80ae12f req-79743051-ef5f-4587-bafe-aaeeb80ae12f ] Request (InstanceActionsNegativeTestJSON:tearDownClass): 200 GET http://10.180.1.21/compute/v2.1/servers/22a927ad-c2af-4814-b728-ec31b76a34d4 0.077s
2024-12-10 17:24:27.737 66279 INFO tempest.lib.common.rest_client [req-cb0e4ad5-46e8-46cc-bfd9-93caa953f78b req-cb0e4ad5-46e8-46cc-bfd9-93caa953f78b ] Request (ListImageFiltersTestJSON:tearDownClass): 200 GET http://10.180.1.21/compute/v2.1/servers/eff06e8a-8341-4d5e-b6dd-a585be4a21ea 0.070s
2024-12-10 17:24:27.775 66261 INFO tempest.lib.common.rest_client [req-21172c69-1563-4b11-989d-1042f8545e7c req-21172c69-1563-4b11-989d-1042f8545e7c ] Request (DeleteServersTestJSON:test_delete_active_server): 200 GET http://10.180.1.21/compute/v2.1/servers/c4e96403-895c-479d-bfb2-274a87446bf9 0.095s
2024-12-10 17:24:27.779 66247 WARNING tempest.lib.common.ssh [-] Failed to establish authenticated ssh connection to cirros@10.180.180.235 ([Errno None] Unable to connect to port 22 on 10.180.180.235). Number attempts: 3. Retry after 4 seconds.: paramiko.ssh_exception.NoValidConnectionsError: [Errno None] Unable to connect to port 22 on 10.180.180.235
2024-12-10 17:24:27.792 66237 INFO tempest.lib.common.rest_client [req-377e1e22-e49e-4ce1-84cc-27ea407046ce req-377e1e22-e49e-4ce1-84cc-27ea407046ce ] Request (FloatingIPsAssociationTestJSON:test_associate_already_associated_floating_ip): 200 GET http://10.180.1.21/compute/v2.1/servers/272180b9-e79b-4714-b28b-470937509f42 0.063s
2024-12-10 17:24:27.829 66255 INFO tempest.lib.common.rest_client [req-f0f076c5-b786-4fd2-8955-f60b3f8c87ae req-f0f076c5-b786-4fd2-8955-f60b3f8c87ae ] Request (ServersTestBootFromVolume:setUpClass): 200 GET http://10.180.1.21/compute/v2.1/servers/4e6b1296-9e19-4047-9c38-dc94c686d0cb 0.100s
2024-12-10 17:24:27.839 66263 INFO tempest.lib.common.rest_client [req-3a438c4c-1b19-443b-a28c-8d5a05628ec5 req-3a438c4c-1b19-443b-a28c-8d5a05628ec5 ] Request (AttachVolumeTestJSON:test_attach_detach_volume): 200 GET http://10.180.1.21/compute/v2.1/servers/5124f7fb-1293-4964-98c4-426ecfce7d10 0.064s
2024-12-10 17:24:27.925 66271 INFO tempest.lib.common.rest_client [req-ed2478c2-4ee4-40e7-a14c-bc37c42a297c req-ed2478c2-4ee4-40e7-a14c-bc37c42a297c ] Request (FloatingIPsAssociationNegativeTestJSON:tearDownClass): 200 GET http://10.180.1.21/compute/v2.1/servers/862302e5-ad7e-40f3-a4a3-8c4a8035e1cf 0.055s
2024-12-10 17:24:27.992 66273 INFO tempest.lib.common.rest_client [req-68dca6b9-29ec-456a-b9c1-96d2e9705a95 req-68dca6b9-29ec-456a-b9c1-96d2e9705a95 ] Request (ServerActionsV293TestJSON:setUpClass): 200 GET http://10.180.1.21/compute/v2.1/servers/a57c0638-e14b-4474-a6b4-7184d7e2a0fe 0.053s
2024-12-10 17:24:28.040 66288 INFO tempest.lib.common.rest_client [req-7c57c53d-2328-4687-867f-9178183d1ea8 req-7c57c53d-2328-4687-867f-9178183d1ea8 ] Request (ServersNegativeTestMultiTenantJSON:tearDownClass): 200 GET http://10.180.1.21/compute/v2.1/servers/87fa97a7-a8a5-4184-b52a-b02ad5468127 0.058s
2024-12-10 17:24:28.065 66265 INFO tempest.lib.common.rest_client [req-bbb700f4-8baf-4931-9deb-86b2dca2ef7e req-bbb700f4-8baf-4931-9deb-86b2dca2ef7e ] Request (ServerMetadataTestJSON:setUpClass): 200 GET http://10.180.1.21/compute/v2.1/servers/41b1ce5d-a8ac-4b93-94a3-cf26367266d6 0.050s
2024-12-10 17:24:28.214 66275 INFO tempest.lib.common.rest_client [req-08957e71-d788-465f-b6f8-47ce823d25c7 req-08957e71-d788-465f-b6f8-47ce823d25c7 ] Request (ServersAdminNegativeTestJSON:tearDownClass): 200 GET http://10.180.1.21/compute/v2.1/servers/81920a24-f406-4923-98b7-cc0f3d0ccc8b 0.055s
2024-12-10 17:24:28.257 66249 INFO tempest.lib.common.rest_client [req-a4aa06de-77f4-4656-bb88-bfe0406634c2 req-a4aa06de-77f4-4656-bb88-bfe0406634c2 ] Request (ServersAdminTestJSON:test_create_server_with_scheduling_hint): 200 GET http://10.180.1.21/compute/v2.1/servers/8fa5fef6-8768-4e24-aab3-db56a10588c2 0.055s
2024-12-10 17:24:28.283 66253 INFO tempest.lib.common.rest_client [req-076e83e4-2c1b-48d8-bb65-4e808ab63d17 req-076e83e4-2c1b-48d8-bb65-4e808ab63d17 ] Request (ServersNegativeTestJSON:setUpClass): 200 GET http://10.180.1.21/compute/v2.1/servers/fba9040d-f904-44a1-8785-14d4696ea939 0.186s
2024-12-10 17:24:28.344 66229 INFO tempest.lib.common.rest_client [req-3455b9f5-23c5-441f-849d-0df1eebcd704 req-3455b9f5-23c5-441f-849d-0df1eebcd704 ] Request (ListServersNegativeTestJSON:setUpClass): 200 GET http://10.180.1.21/compute/v2.1/servers/42ac7d4b-135c-4dd6-a3f5-3bdf38e9086a 0.062s
2024-12-10 17:24:28.495 66243 INFO tempest.lib.common.rest_client [req-2010df50-d7fb-42da-8778-64b8923ba577 req-2010df50-d7fb-42da-8778-64b8923ba577 ] Request (AttachVolumeNegativeTest:test_attach_attached_volume_to_different_server): 200 GET http://10.180.1.21/compute/v2.1/servers/1ca9c4f6-3202-4819-8d96-bd7ee4e0f23f 0.125s
2024-12-10 17:24:28.529 66259 INFO tempest.lib.common.rest_client [req-2bbaf3de-098c-403b-82ae-6a7cf83b0a9a req-2bbaf3de-098c-403b-82ae-6a7cf83b0a9a ] Request (ServersTestMultiNic:test_verify_multiple_nics_order): 200 GET http://10.180.1.21/compute/v2.1/servers/2d7b237e-f86d-42b1-ab04-320f0012a2d1 0.198s
2024-12-10 17:24:28.537 66259 INFO tempest.common.waiters [-] State transition "BUILD/None" ==> "BUILD/networking" after 64 second wait
2024-12-10 17:24:28.568 66252 INFO tempest.lib.common.rest_client [req-e25e0933-e9a6-4f68-bcff-268860ebfa9f req-e25e0933-e9a6-4f68-bcff-268860ebfa9f ] Request (AttachInterfacesV270Test:tearDownClass): 200 GET http://10.180.1.21/compute/v2.1/servers/581f9d48-dcb8-4a34-928b-64087a9f966b 0.163s
2024-12-10 17:24:28.590 66235 INFO tempest.lib.common.rest_client [req-c37bc51c-300a-4020-8c9d-5092987bec35 req-c37bc51c-300a-4020-8c9d-5092987bec35 ] Request (ImagesOneServerNegativeTestJSON:_run_cleanups): 200 GET http://10.180.1.21/compute/v2.1/servers/d15a7e98-755b-4c5c-ba34-dc5fc3f8846d 0.168s
2024-12-10 17:24:28.613 66225 INFO tempest.lib.common.rest_client [req-7e886fdd-e533-4557-a02e-7737a4625471 req-7e886fdd-e533-4557-a02e-7737a4625471 ] Request (MigrationsAdminTest:test_resize_server_revert_deleted_flavor): 200 GET http://10.180.1.21/compute/v2.1/servers/b95b7656-70ac-4eaf-9934-4b4c50e78035 0.159s
2024-12-10 17:24:28.647 66233 INFO tempest.lib.common.rest_client [req-3766e438-bf70-4a63-8c18-715bbe2ba469 req-3766e438-bf70-4a63-8c18-715bbe2ba469 ] Request (ListServerFiltersTestJSON:setUpClass): 200 GET http://10.180.1.21/compute/v2.1/servers/99cc8af3-5c18-4839-94db-996861e0c276 0.135s
2024-12-10 17:24:28.761 66227 INFO tempest.lib.common.rest_client [req-6046e93e-2087-4f75-a8bb-1ee0c23318f1 req-6046e93e-2087-4f75-a8bb-1ee0c23318f1 ] Request (InstanceActionsV221TestJSON:test_get_list_deleted_instance_actions): 200 GET http://10.180.1.21/compute/v2.1/servers/8bc4bb67-bc00-44c6-9c83-c0a1072142e6 0.136s
2024-12-10 17:24:28.798 66231 INFO tempest.lib.common.rest_client [req-617c1d94-c6f4-4dfa-ba14-1cce198bf28e req-617c1d94-c6f4-4dfa-ba14-1cce198bf28e ] Request (InstanceActionsNegativeTestJSON:tearDownClass): 200 GET http://10.180.1.21/compute/v2.1/servers/22a927ad-c2af-4814-b728-ec31b76a34d4 0.079s
2024-12-10 17:24:28.833 66279 INFO tempest.lib.common.rest_client [req-1bb8c85b-8b26-4e1d-89c6-b213ab1ad9e8 req-1bb8c85b-8b26-4e1d-89c6-b213ab1ad9e8 ] Request (ListImageFiltersTestJSON:tearDownClass): 200 GET http://10.180.1.21/compute/v2.1/servers/eff06e8a-8341-4d5e-b6dd-a585be4a21ea 0.089s
2024-12-10 17:24:28.860 66261 INFO tempest.lib.common.rest_client [req-5e8c7f10-3f99-4e33-966d-621b62263791 req-5e8c7f10-3f99-4e33-966d-621b62263791 ] Request (DeleteServersTestJSON:test_delete_active_server): 200 GET http://10.180.1.21/compute/v2.1/servers/c4e96403-895c-479d-bfb2-274a87446bf9 0.077s
2024-12-10 17:24:28.884 66237 INFO tempest.lib.common.rest_client [req-6c1b8451-bd16-42bf-9b71-30ba7e3dcb78 req-6c1b8451-bd16-42bf-9b71-30ba7e3dcb78 ] Request (FloatingIPsAssociationTestJSON:test_associate_already_associated_floating_ip): 200 GET http://10.180.1.21/compute/v2.1/servers/272180b9-e79b-4714-b28b-470937509f42 0.084s
2024-12-10 17:24:28.926 66255 INFO tempest.lib.common.rest_client [req-3d19dd63-459d-4432-92f6-38797b8376df req-3d19dd63-459d-4432-92f6-38797b8376df ] Request (ServersTestBootFromVolume:setUpClass): 200 GET http://10.180.1.21/compute/v2.1/servers/4e6b1296-9e19-4047-9c38-dc94c686d0cb 0.089s
2024-12-10 17:24:28.935 66263 INFO tempest.lib.common.rest_client [req-96493343-6baf-4c98-841f-7a10cb871b17 req-96493343-6baf-4c98-841f-7a10cb871b17 ] Request (AttachVolumeTestJSON:test_attach_detach_volume): 200 GET http://10.180.1.21/compute/v2.1/servers/5124f7fb-1293-4964-98c4-426ecfce7d10 0.090s
2024-12-10 17:24:29.007 66271 INFO tempest.lib.common.rest_client [req-201b4078-0d20-4a6b-af95-c33e85baaa26 req-201b4078-0d20-4a6b-af95-c33e85baaa26 ] Request (FloatingIPsAssociationNegativeTestJSON:tearDownClass): 200 GET http://10.180.1.21/compute/v2.1/servers/862302e5-ad7e-40f3-a4a3-8c4a8035e1cf 0.074s
2024-12-10 17:24:29.062 66273 INFO tempest.lib.common.rest_client [req-ba177df9-6788-4062-a076-9198f5bf48ea req-ba177df9-6788-4062-a076-9198f5bf48ea ] Request (ServerActionsV293TestJSON:setUpClass): 200 GET http://10.180.1.21/compute/v2.1/servers/a57c0638-e14b-4474-a6b4-7184d7e2a0fe 0.059s
2024-12-10 17:24:29.121 66288 INFO tempest.lib.common.rest_client [req-12c89b4a-bb55-414e-8f49-9ed480e4a8b2 req-12c89b4a-bb55-414e-8f49-9ed480e4a8b2 ] Request (ServersNegativeTestMultiTenantJSON:tearDownClass): 200 GET http://10.180.1.21/compute/v2.1/servers/87fa97a7-a8a5-4184-b52a-b02ad5468127 0.074s
2024-12-10 17:24:29.133 66265 INFO tempest.lib.common.rest_client [req-84bf94ef-9d3f-4fda-8aaa-c8f4f4a65318 req-84bf94ef-9d3f-4fda-8aaa-c8f4f4a65318 ] Request (ServerMetadataTestJSON:setUpClass): 200 GET http://10.180.1.21/compute/v2.1/servers/41b1ce5d-a8ac-4b93-94a3-cf26367266d6 0.059s
2024-12-10 17:24:29.275 66275 INFO tempest.lib.common.rest_client [req-de9c6a6b-e48f-4174-a34e-ac17864e4d9d req-de9c6a6b-e48f-4174-a34e-ac17864e4d9d ] Request (ServersAdminNegativeTestJSON:tearDownClass): 200 GET http://10.180.1.21/compute/v2.1/servers/81920a24-f406-4923-98b7-cc0f3d0ccc8b 0.053s
2024-12-10 17:24:29.311 66249 INFO tempest.lib.common.rest_client [req-1fc7681a-f470-4a3a-8172-02a03dc1c9d9 req-1fc7681a-f470-4a3a-8172-02a03dc1c9d9 ] Request (ServersAdminTestJSON:test_create_server_with_scheduling_hint): 200 GET http://10.180.1.21/compute/v2.1/servers/8fa5fef6-8768-4e24-aab3-db56a10588c2 0.046s
2024-12-10 17:24:29.377 66253 INFO tempest.lib.common.rest_client [req-4cfb7429-4bda-4eb8-a6b1-cc7b52ad6b57 req-4cfb7429-4bda-4eb8-a6b1-cc7b52ad6b57 ] Request (ServersNegativeTestJSON:setUpClass): 200 GET http://10.180.1.21/compute/v2.1/servers/fba9040d-f904-44a1-8785-14d4696ea939 0.087s
2024-12-10 17:24:29.408 66229 INFO tempest.lib.common.rest_client [req-b95acb53-060b-4d5e-a64c-c0c734ab52fc req-b95acb53-060b-4d5e-a64c-c0c734ab52fc ] Request (ListServersNegativeTestJSON:setUpClass): 200 GET http://10.180.1.21/compute/v2.1/servers/42ac7d4b-135c-4dd6-a3f5-3bdf38e9086a 0.054s
