2024-12-10 17:24:42.136 66249 INFO tempest.lib.common.rest_client [req-1f63375d-0801-447b-848b-8086cfe194b4 req-1f63375d-0801-447b-848b-8086cfe194b4 ] Request (ServersAdminTestJSON:test_create_server_with_scheduling_hint): 200 GET http://10.180.1.21/compute/v2.1/servers/8fa5fef6-8768-4e24-aab3-db56a10588c2 0.185s
2024-12-10 17:24:42.144 66249 INFO tempest.common.waiters [-] State transition "BUILD/spawning" ==> "ACTIVE/None" after 75 second wait
2024-12-10 17:24:42.219 66249 INFO tempest.lib.common.rest_client [req-99f159d7-fe4c-4a11-8334-631070855a86 req-99f159d7-fe4c-4a11-8334-631070855a86 ] Request (ServersAdminTestJSON:test_inject_network_info): 201 POST http://10.180.1.21/identity/v3/auth/tokens 0.066s
2024-12-10 17:24:42.219 66249 INFO tempest.lib.common.fixed_network [-] (ServersAdminTestJSON:test_inject_network_info) Found network {'id': '7ca969c9-8da7-4f0b-87d4-353f8fb43051', 'name': 'tempest-ServersAdminTestJSON-1647389200-network', 'tenant_id': 'de74a055696b4dd69b88d08b52d327d1', 'admin_state_up': True, 'mtu': 8950, 'status': 'ACTIVE', 'subnets': [], 'shared': False, 'project_id': 'de74a055696b4dd69b88d08b52d327d1', 'port_security_enabled': True, 'router:external': False, 'provider:network_type': 'vlan', 'provider:physical_network': 'default', 'provider:segmentation_id': 985, 'availability_zone_hints': [], 'availability_zones': [], 'ipv4_address_scope': None, 'ipv6_address_scope': None, 'description': '', 'tags': [], 'created_at': '2024-12-10T17:22:18Z', 'updated_at': '2024-12-10T17:22:18Z', 'revision_number': 1} available for tenant
2024-12-10 17:24:42.317 66235 INFO tempest.lib.common.rest_client [req-5d16c05e-d2da-48d3-a548-d241dee4b29e req-5d16c05e-d2da-48d3-a548-d241dee4b29e ] Request (ImagesOneServerNegativeTestJSON:_run_cleanups): 200 GET http://10.180.1.21/compute/v2.1/servers/d15a7e98-755b-4c5c-ba34-dc5fc3f8846d 0.195s
2024-12-10 17:24:42.394 66237 INFO tempest.lib.common.rest_client [req-aa628304-b5b3-43fe-bdb8-fa2aeffe7693 req-aa628304-b5b3-43fe-bdb8-fa2aeffe7693 ] Request (FloatingIPsAssociationTestJSON:test_associate_already_associated_floating_ip): 200 GET http://10.180.1.21/compute/v2.1/servers/272180b9-e79b-4714-b28b-470937509f42 0.194s
2024-12-10 17:24:42.538 66231 INFO tempest.lib.common.rest_client [req-754fc0f0-8f30-44e5-9739-8b149f0b8dbf req-754fc0f0-8f30-44e5-9739-8b149f0b8dbf ] Request (ServersTestJSON:test_create_server_specify_multibyte_character_name): 202 POST http://10.180.1.21/compute/v2.1/servers 0.457s
2024-12-10 17:24:42.602 66271 INFO tempest.lib.common.rest_client [req-dd952cef-002a-4a7f-9da5-f6f395a04d6b req-dd952cef-002a-4a7f-9da5-f6f395a04d6b ] Request (FloatingIPsAssociationNegativeTestJSON:tearDownClass): 200 PUT http://10.180.1.21:9696/networking/v2.0/routers/6a3a3f34-a0d2-4707-8b1f-a4904cde7ba8/remove_router_interface 1.099s
2024-12-10 17:24:42.648 66279 INFO tempest.lib.common.rest_client [req-ac3dc593-60a0-4c4b-9ae0-5ee1abbadf36 req-ac3dc593-60a0-4c4b-9ae0-5ee1abbadf36 ] Request (ListImageFiltersTestJSON:tearDownClass): 200 GET http://10.180.1.21/compute/v2.1/servers/eff06e8a-8341-4d5e-b6dd-a585be4a21ea 0.374s
2024-12-10 17:24:42.721 66255 INFO tempest.lib.common.rest_client [req-9fe16c3c-4fab-4fd3-af80-6856e31a0591 req-9fe16c3c-4fab-4fd3-af80-6856e31a0591 ] Request (ServersTestBootFromVolume:setUpClass): 200 GET http://10.180.1.21/compute/v2.1/servers/4e6b1296-9e19-4047-9c38-dc94c686d0cb 0.382s
2024-12-10 17:24:42.786 66261 INFO tempest.lib.common.rest_client [req-e0d33b9b-62da-49e6-8380-6ea3776cec6c req-e0d33b9b-62da-49e6-8380-6ea3776cec6c ] Request (DeleteServersTestJSON:test_delete_active_server): 200 GET http://10.180.1.21/compute/v2.1/servers/c4e96403-895c-479d-bfb2-274a87446bf9 0.394s
2024-12-10 17:24:42.837 66263 INFO tempest.lib.common.rest_client [req-18b3a39e-21df-405f-ad9f-ef621d1df73f req-18b3a39e-21df-405f-ad9f-ef621d1df73f ] Request (AttachVolumeTestJSON:test_attach_detach_volume): 200 GET http://10.180.1.21/compute/v2.1/servers/5124f7fb-1293-4964-98c4-426ecfce7d10 0.387s
2024-12-10 17:24:42.870 66249 INFO tempest.lib.common.rest_client [req-12b384e4-1d12-42fb-b97d-e07478f79a13 req-12b384e4-1d12-42fb-b97d-e07478f79a13 ] Request (ServersAdminTestJSON:test_inject_network_info): 202 POST http://10.180.1.21/compute/v2.1/servers 0.650s
2024-12-10 17:24:42.900 66253 INFO tempest.lib.common.rest_client [req-faac8467-fed5-42a1-b2ca-19cf8c32e744 req-faac8467-fed5-42a1-b2ca-19cf8c32e744 ] Request (ServersNegativeTestJSON:setUpClass): 200 GET http://10.180.1.21/compute/v2.1/servers/192c3a5d-3a23-4f78-8dc7-a256b6d9381d 0.423s
2024-12-10 17:24:42.945 66231 INFO tempest.lib.common.rest_client [req-15c92926-92e3-40c4-9e26-d56a89c7d1d5 req-15c92926-92e3-40c4-9e26-d56a89c7d1d5 ] Request (ServersTestJSON:test_create_server_specify_multibyte_character_name): 200 GET http://10.180.1.21/compute/v2.1/servers/765f3232-f3f9-4d9b-92f2-fb6603f2a90a 0.403s
2024-12-10 17:24:42.948 66273 INFO tempest.lib.common.rest_client [req-13b62e8a-2b5a-4a32-bb77-08293511fe90 req-13b62e8a-2b5a-4a32-bb77-08293511fe90 ] Request (ServerActionsV293TestJSON:setUpClass): 200 GET http://10.180.1.21/compute/v2.1/servers/a57c0638-e14b-4474-a6b4-7184d7e2a0fe 0.413s
2024-12-10 17:24:43.004 66275 INFO tempest.lib.common.rest_client [req-ea37e98d-27ff-4c95-b07a-9187522b837e req-ea37e98d-27ff-4c95-b07a-9187522b837e ] Request (ImagesTestJSON:test_create_image_from_stopped_server): 200 GET http://10.180.1.21/compute/v2.1/servers/6ce88b93-aa42-4f34-81fa-6c09c23ace81 0.437s
2024-12-10 17:24:43.016 66229 INFO tempest.lib.common.rest_client [req-30681300-77a3-4209-82dc-3e30abd513aa req-30681300-77a3-4209-82dc-3e30abd513aa ] Request (ListServersNegativeTestJSON:tearDownClass): 200 GET http://10.180.1.21/compute/v2.1/servers/eebcad60-4b8a-4fa0-b846-b65972c4c69c 0.423s
2024-12-10 17:24:43.082 66271 INFO tempest.lib.common.rest_client [req-3c693491-f107-4cf7-83a9-25dbcd90e647 req-3c693491-f107-4cf7-83a9-25dbcd90e647 ] Request (FloatingIPsAssociationNegativeTestJSON:tearDownClass): 204 DELETE http://10.180.1.21:9696/networking/v2.0/routers/6a3a3f34-a0d2-4707-8b1f-a4904cde7ba8 0.480s
2024-12-10 17:24:43.083 66265 INFO tempest.lib.common.rest_client [req-e13487ba-5aa1-4619-9f76-d74e2051d79a req-e13487ba-5aa1-4619-9f76-d74e2051d79a ] Request (ServerMetadataTestJSON:setUpClass): 200 GET http://10.180.1.21/compute/v2.1/servers/41b1ce5d-a8ac-4b93-94a3-cf26367266d6 0.446s
2024-12-10 17:24:43.099 66252 INFO tempest.lib.common.rest_client [req-80d86d93-0400-4e47-bb8a-77e945ee9f89 req-80d86d93-0400-4e47-bb8a-77e945ee9f89 ] Request (AttachInterfacesV270Test:tearDownClass): 200 GET http://10.180.1.21/compute/v2.1/servers/581f9d48-dcb8-4a34-928b-64087a9f966b 0.363s
2024-12-10 17:24:43.172 66233 INFO tempest.lib.common.rest_client [req-e7a46636-ce9a-4680-a66a-ff57d75e1d1f req-e7a46636-ce9a-4680-a66a-ff57d75e1d1f ] Request (ListServerFiltersTestJSON:setUpClass): 200 GET http://10.180.1.21/compute/v2.1/servers/99cc8af3-5c18-4839-94db-996861e0c276 0.382s
2024-12-10 17:24:43.267 66225 INFO tempest.lib.common.rest_client [req-7ec1f551-849f-4009-a942-3f06154ffe35 req-7ec1f551-849f-4009-a942-3f06154ffe35 ] Request (MigrationsAdminTest:test_resize_server_revert_deleted_flavor): 200 GET http://10.180.1.21/compute/v2.1/servers/b95b7656-70ac-4eaf-9934-4b4c50e78035 0.410s
2024-12-10 17:24:43.276 66225 INFO tempest.common.waiters [-] State transition "BUILD/scheduling" ==> "BUILD/None" after 24 second wait
2024-12-10 17:24:43.291 66271 INFO tempest.lib.common.rest_client [req-9cbf0c05-08a4-4d97-95e0-330f0fd54f0e req-9cbf0c05-08a4-4d97-95e0-330f0fd54f0e ] Request (FloatingIPsAssociationNegativeTestJSON:tearDownClass): 204 DELETE http://10.180.1.21:9696/networking/v2.0/subnets/43bad0f3-48ec-4a0a-84e8-8ab66d55c415 0.209s
2024-12-10 17:24:43.325 66249 INFO tempest.lib.common.rest_client [req-96c7459f-42a1-42c2-bd81-c90e91b1ef28 req-96c7459f-42a1-42c2-bd81-c90e91b1ef28 ] Request (ServersAdminTestJSON:test_inject_network_info): 200 GET http://10.180.1.21/compute/v2.1/servers/63785911-ea55-4aeb-9ba2-6cea5ddd9cae 0.453s
2024-12-10 17:24:43.384 66259 INFO tempest.lib.common.rest_client [req-f7cc12f2-d658-43b0-93aa-2ec80818b178 req-f7cc12f2-d658-43b0-93aa-2ec80818b178 ] Request (ServersTestMultiNic:test_verify_multiple_nics_order): 200 GET http://10.180.1.21/compute/v2.1/servers/2d7b237e-f86d-42b1-ab04-320f0012a2d1 0.542s
2024-12-10 17:24:43.408 66227 INFO tempest.lib.common.rest_client [req-750a1e5b-c7e5-4399-9c21-bd1d46c107aa req-750a1e5b-c7e5-4399-9c21-bd1d46c107aa ] Request (InstanceActionsV221TestJSON:test_get_list_deleted_instance_actions): 200 GET http://10.180.1.21/compute/v2.1/servers/8bc4bb67-bc00-44c6-9c83-c0a1072142e6 0.481s
2024-12-10 17:24:43.460 66243 WARNING tempest.lib.common.ssh [-] Failed to establish authenticated ssh connection to cirros@10.180.180.243 ([Errno None] Unable to connect to port 22 on 10.180.180.243). Number attempts: 2. Retry after 3 seconds.: paramiko.ssh_exception.NoValidConnectionsError: [Errno None] Unable to connect to port 22 on 10.180.180.243
2024-12-10 17:24:43.470 66237 INFO tempest.lib.common.rest_client [req-a143a7e1-3a53-4bc7-b3be-abb02a0952c5 req-a143a7e1-3a53-4bc7-b3be-abb02a0952c5 ] Request (FloatingIPsAssociationTestJSON:test_associate_already_associated_floating_ip): 200 GET http://10.180.1.21/compute/v2.1/servers/272180b9-e79b-4714-b28b-470937509f42 0.067s
2024-12-10 17:24:43.542 66235 INFO tempest.lib.common.rest_client [req-1c30abcd-e936-498a-a1c6-9d1979bde99a req-1c30abcd-e936-498a-a1c6-9d1979bde99a ] Request (ImagesOneServerNegativeTestJSON:_run_cleanups): 200 GET http://10.180.1.21/compute/v2.1/servers/d15a7e98-755b-4c5c-ba34-dc5fc3f8846d 0.217s
2024-12-10 17:24:43.637 66271 INFO tempest.lib.common.rest_client [req-d4b640a3-1f19-4913-be9c-4069b0071476 req-d4b640a3-1f19-4913-be9c-4069b0071476 ] Request (FloatingIPsAssociationNegativeTestJSON:tearDownClass): 204 DELETE http://10.180.1.21:9696/networking/v2.0/networks/c5f8653d-b207-4631-8f20-252c17df44b3 0.345s
2024-12-10 17:24:43.735 66279 INFO tempest.lib.common.rest_client [req-0df6a048-20fa-43c5-af05-5ecafa0325e8 req-0df6a048-20fa-43c5-af05-5ecafa0325e8 ] Request (ListImageFiltersTestJSON:tearDownClass): 200 GET http://10.180.1.21/compute/v2.1/servers/eff06e8a-8341-4d5e-b6dd-a585be4a21ea 0.072s
2024-12-10 17:24:43.746 66271 INFO tempest.lib.common.rest_client [req-67166bbd-10c3-4d19-80c7-9cee18de2586 req-67166bbd-10c3-4d19-80c7-9cee18de2586 ] Request (FloatingIPsAssociationNegativeTestJSON:tearDownClass): 204 DELETE http://10.180.1.21/identity/v3/users/853980bba4924061a44660dcf51b8d2f 0.108s
2024-12-10 17:24:43.747 66271 INFO tempest.lib.common.dynamic_creds [-] Deleting project and security group for project: 1a056927390f4ff2a0305bd7e8ad5f3c
2024-12-10 17:24:43.786 66255 INFO tempest.lib.common.rest_client [req-078fed96-4122-47cc-ae91-e3a7437b38ed req-078fed96-4122-47cc-ae91-e3a7437b38ed ] Request (ServersTestBootFromVolume:setUpClass): 200 GET http://10.180.1.21/compute/v2.1/servers/4e6b1296-9e19-4047-9c38-dc94c686d0cb 0.055s
2024-12-10 17:24:43.790 66271 INFO tempest.lib.common.rest_client [req-c7506464-9d09-426e-8292-8fcc824ebba7 req-c7506464-9d09-426e-8292-8fcc824ebba7 ] Request (FloatingIPsAssociationNegativeTestJSON:tearDownClass): 200 GET http://10.180.1.21:9696/networking/v2.0/security-groups?tenant_id=1a056927390f4ff2a0305bd7e8ad5f3c&name=default 0.043s
2024-12-10 17:24:43.844 66261 INFO tempest.lib.common.rest_client [req-7c558314-771e-446b-98d9-9038d69a8757 req-7c558314-771e-446b-98d9-9038d69a8757 ] Request (DeleteServersTestJSON:test_delete_active_server): 200 GET http://10.180.1.21/compute/v2.1/servers/c4e96403-895c-479d-bfb2-274a87446bf9 0.050s
2024-12-10 17:24:43.867 66271 INFO tempest.lib.common.rest_client [req-5fa9cbea-8c78-4d33-9b98-e9a3b6ff0392 req-5fa9cbea-8c78-4d33-9b98-e9a3b6ff0392 ] Request (FloatingIPsAssociationNegativeTestJSON:tearDownClass): 204 DELETE http://10.180.1.21:9696/networking/v2.0/security-groups/41521fa1-3dbf-4488-95a2-3dd5ac1ce72c 0.077s
2024-12-10 17:24:43.896 66263 INFO tempest.lib.common.rest_client [req-b1075c9b-8aff-404b-aef3-c61ae381479d req-b1075c9b-8aff-404b-aef3-c61ae381479d ] Request (AttachVolumeTestJSON:test_attach_detach_volume): 200 GET http://10.180.1.21/compute/v2.1/servers/5124f7fb-1293-4964-98c4-426ecfce7d10 0.050s
2024-12-10 17:24:43.970 66247 WARNING tempest.lib.common.ssh [-] Failed to establish authenticated ssh connection to cirros@10.180.180.235 ([Errno None] Unable to connect to port 22 on 10.180.180.235). Number attempts: 5. Retry after 6 seconds.: paramiko.ssh_exception.NoValidConnectionsError: [Errno None] Unable to connect to port 22 on 10.180.180.235
2024-12-10 17:24:43.972 66253 INFO tempest.lib.common.rest_client [req-88030308-c61f-4304-96a2-973fafb15921 req-88030308-c61f-4304-96a2-973fafb15921 ] Request (ServersNegativeTestJSON:setUpClass): 200 GET http://10.180.1.21/compute/v2.1/servers/192c3a5d-3a23-4f78-8dc7-a256b6d9381d 0.057s
2024-12-10 17:24:43.974 66271 INFO tempest.lib.common.rest_client [req-9bcfa06a-6442-45af-a620-421443a9931f req-9bcfa06a-6442-45af-a620-421443a9931f ] Request (FloatingIPsAssociationNegativeTestJSON:tearDownClass): 204 DELETE http://10.180.1.21/identity/v3/projects/1a056927390f4ff2a0305bd7e8ad5f3c 0.106s
2024-12-10 17:24:44.006 66231 INFO tempest.lib.common.rest_client [req-4db958f2-c877-4fd4-80a0-a4d1a9311428 req-4db958f2-c877-4fd4-80a0-a4d1a9311428 ] Request (ServersTestJSON:test_create_server_specify_multibyte_character_name): 200 GET http://10.180.1.21/compute/v2.1/servers/765f3232-f3f9-4d9b-92f2-fb6603f2a90a 0.053s
2024-12-10 17:24:44.027 66273 INFO tempest.lib.common.rest_client [req-45eefd97-cd1e-42dd-b48e-a4d4447635a7 req-45eefd97-cd1e-42dd-b48e-a4d4447635a7 ] Request (ServerActionsV293TestJSON:setUpClass): 200 GET http://10.180.1.21/compute/v2.1/servers/a57c0638-e14b-4474-a6b4-7184d7e2a0fe 0.064s
2024-12-10 17:24:44.042 66271 INFO tempest.lib.common.rest_client [req-9e77a47d-cb75-4c85-97c3-4fb042da9afb req-9e77a47d-cb75-4c85-97c3-4fb042da9afb ] Request (FloatingIPDetailsNegativeTestJSON:setUpClass): 201 POST http://10.180.1.21/identity/v3/auth/tokens 0.066s
2024-12-10 17:24:44.074 66275 INFO tempest.lib.common.rest_client [req-254bdb40-a377-495d-b9ea-829e93da83cd req-254bdb40-a377-495d-b9ea-829e93da83cd ] Request (ImagesTestJSON:test_create_image_from_stopped_server): 200 GET http://10.180.1.21/compute/v2.1/servers/6ce88b93-aa42-4f34-81fa-6c09c23ace81 0.061s
2024-12-10 17:24:44.075 66271 INFO tempest.lib.common.rest_client [req-5f9255e3-1b9e-42a9-9305-9482d0ff226f req-5f9255e3-1b9e-42a9-9305-9482d0ff226f ] Request (FloatingIPDetailsNegativeTestJSON:setUpClass): 201 POST http://10.180.1.21/identity/v3/auth/tokens 0.030s
2024-12-10 17:24:44.086 66229 INFO tempest.lib.common.rest_client [req-5800742d-6aa8-4882-bf99-57e69f5a996f req-5800742d-6aa8-4882-bf99-57e69f5a996f ] Request (ListServersNegativeTestJSON:tearDownClass): 200 GET http://10.180.1.21/compute/v2.1/servers/eebcad60-4b8a-4fa0-b846-b65972c4c69c 0.063s
2024-12-10 17:24:44.100 66271 INFO tempest.lib.common.rest_client [req-94af6f44-dc55-48e4-b5bb-71b6f0dd62c6 req-94af6f44-dc55-48e4-b5bb-71b6f0dd62c6 ] Request (FloatingIPDetailsNegativeTestJSON:setUpClass): 200 GET http://10.180.1.21/identity/v3/domains?name=Default 0.025s
2024-12-10 17:24:44.136 66271 INFO tempest.lib.common.rest_client [req-adea0b05-31ba-4192-9d30-b34e13c762b4 req-adea0b05-31ba-4192-9d30-b34e13c762b4 ] Request (FloatingIPDetailsNegativeTestJSON:setUpClass): 201 POST http://10.180.1.21/identity/v3/projects 0.035s
2024-12-10 17:24:44.148 66265 INFO tempest.lib.common.rest_client [req-32bc05ac-7d0e-41de-b26f-36672534aeb7 req-32bc05ac-7d0e-41de-b26f-36672534aeb7 ] Request (ServerMetadataTestJSON:setUpClass): 200 GET http://10.180.1.21/compute/v2.1/servers/41b1ce5d-a8ac-4b93-94a3-cf26367266d6 0.056s
2024-12-10 17:24:44.185 66252 INFO tempest.lib.common.rest_client [req-5cc05478-5703-4cf5-a1e1-15d9b7a937a0 req-5cc05478-5703-4cf5-a1e1-15d9b7a937a0 ] Request (AttachInterfacesV270Test:tearDownClass): 200 GET http://10.180.1.21/compute/v2.1/servers/581f9d48-dcb8-4a34-928b-64087a9f966b 0.068s
2024-12-10 17:24:44.211 66271 INFO tempest.lib.common.rest_client [req-b2e327e9-f5dd-4b3e-943f-2f7199a21aee req-b2e327e9-f5dd-4b3e-943f-2f7199a21aee ] Request (FloatingIPDetailsNegativeTestJSON:setUpClass): 201 POST http://10.180.1.21/identity/v3/users 0.075s
2024-12-10 17:24:44.229 66271 INFO tempest.lib.common.rest_client [req-8ed005c0-e24f-46ae-93ee-e2e324f01783 req-8ed005c0-e24f-46ae-93ee-e2e324f01783 ] Request (FloatingIPDetailsNegativeTestJSON:setUpClass): 200 GET http://10.180.1.21/identity/v3/roles 0.017s
2024-12-10 17:24:44.258 66271 INFO tempest.lib.common.rest_client [req-9b8389b1-7e6e-4b14-a27a-d15215cc71fb req-9b8389b1-7e6e-4b14-a27a-d15215cc71fb ] Request (FloatingIPDetailsNegativeTestJSON:setUpClass): 204 PUT http://10.180.1.21/identity/v3/projects/37a34206c0f94678954295d6f29c90bd/users/3d10da07e67d473c83b087554dc7ebae/roles/fd41285c58de43a5a122e038f945495a 0.028s
2024-12-10 17:24:44.258 66271 INFO tempest.lib.common.dynamic_creds [-] Dynamic test user 3d10da07e67d473c83b087554dc7ebae is created with scope project and roles: ['member']
2024-12-10 17:24:44.258 66271 INFO tempest.lib.common.dynamic_creds [-] Acquired dynamic creds: credentials: Credentials: {'domain_id': 'default', 'domain_name': 'Default', 'username': 'tempest-FloatingIPDetailsNegativeTestJSON-1642587156-project-member', 'project_domain_id': 'default', 'project_domain_name': 'Default', 'project_id': '37a34206c0f94678954295d6f29c90bd', 'project_name': 'tempest-FloatingIPDetailsNegativeTestJSON-1642587156', 'tenant_id': '37a34206c0f94678954295d6f29c90bd', 'tenant_name': 'tempest-FloatingIPDetailsNegativeTestJSON-1642587156', 'user_domain_id': 'default', 'user_domain_name': 'Default', 'user_id': '3d10da07e67d473c83b087554dc7ebae', 'system': None}, Network: None, Subnet: None, Router: None
2024-12-10 17:24:44.322 66271 INFO tempest.lib.common.rest_client [req-d25a322c-9dce-4c25-9bd4-04c8c811d4fb req-d25a322c-9dce-4c25-9bd4-04c8c811d4fb ] Request (FloatingIPDetailsNegativeTestJSON:setUpClass): 201 POST http://10.180.1.21/identity/v3/auth/tokens 0.063s
2024-12-10 17:24:44.333 66225 INFO tempest.lib.common.rest_client [req-5e318296-623c-401d-aa5b-c283aa4702c9 req-5e318296-623c-401d-aa5b-c283aa4702c9 ] Request (MigrationsAdminTest:test_resize_server_revert_deleted_flavor): 200 GET http://10.180.1.21/compute/v2.1/servers/b95b7656-70ac-4eaf-9934-4b4c50e78035 0.056s
2024-12-10 17:24:44.380 66233 INFO tempest.lib.common.rest_client [req-431c0c65-0c49-40a0-afee-431d45a61c61 req-431c0c65-0c49-40a0-afee-431d45a61c61 ] Request (ListServerFiltersTestJSON:setUpClass): 200 GET http://10.180.1.21/compute/v2.1/servers/99cc8af3-5c18-4839-94db-996861e0c276 0.200s
2024-12-10 17:24:44.383 66249 INFO tempest.lib.common.rest_client [req-f39c3520-0ac5-4f59-b381-166ac9d91447 req-f39c3520-0ac5-4f59-b381-166ac9d91447 ] Request (ServersAdminTestJSON:test_inject_network_info): 200 GET http://10.180.1.21/compute/v2.1/servers/63785911-ea55-4aeb-9ba2-6cea5ddd9cae 0.048s
2024-12-10 17:24:44.390 66233 INFO tempest.common.waiters [-] State transition "BUILD/None" ==> "BUILD/networking" after 67 second wait
2024-12-10 17:24:44.509 66227 INFO tempest.lib.common.rest_client [req-00f875cc-595d-40e8-a56c-3ddda5fce901 req-00f875cc-595d-40e8-a56c-3ddda5fce901 ] Request (InstanceActionsV221TestJSON:test_get_list_deleted_instance_actions): 200 GET http://10.180.1.21/compute/v2.1/servers/8bc4bb67-bc00-44c6-9c83-c0a1072142e6 0.089s
2024-12-10 17:24:44.552 66259 INFO tempest.lib.common.rest_client [req-809f68a9-dc51-4011-960c-27f555dd8485 req-809f68a9-dc51-4011-960c-27f555dd8485 ] Request (ServersTestMultiNic:test_verify_multiple_nics_order): 200 GET http://10.180.1.21/compute/v2.1/servers/2d7b237e-f86d-42b1-ab04-320f0012a2d1 0.160s
2024-12-10 17:24:44.583 66237 INFO tempest.lib.common.rest_client [req-ce0182a4-a8cb-465b-a4b3-6394bf6cfa87 req-ce0182a4-a8cb-465b-a4b3-6394bf6cfa87 ] Request (FloatingIPsAssociationTestJSON:test_associate_already_associated_floating_ip): 200 GET http://10.180.1.21/compute/v2.1/servers/272180b9-e79b-4714-b28b-470937509f42 0.102s
2024-12-10 17:24:44.688 66271 INFO tempest.lib.common.rest_client [req-7c56c843-959b-40f6-9584-8ed032ce9fe0 req-7c56c843-959b-40f6-9584-8ed032ce9fe0 ] Request (FloatingIPDetailsNegativeTestJSON:setUpClass): 201 POST http://10.180.1.21:9696/networking/v2.0/networks 0.366s
2024-12-10 17:24:44.723 66235 INFO tempest.lib.common.rest_client [req-b66448bd-f76f-4e14-b93c-8f5655bd8b4a req-b66448bd-f76f-4e14-b93c-8f5655bd8b4a ] Request (ImagesOneServerNegativeTestJSON:_run_cleanups): 200 GET http://10.180.1.21/compute/v2.1/servers/d15a7e98-755b-4c5c-ba34-dc5fc3f8846d 0.173s
2024-12-10 17:24:44.808 66279 INFO tempest.lib.common.rest_client [req-f8449c81-119e-4963-9e36-e914a6abba22 req-f8449c81-119e-4963-9e36-e914a6abba22 ] Request (ListImageFiltersTestJSON:tearDownClass): 200 GET http://10.180.1.21/compute/v2.1/servers/eff06e8a-8341-4d5e-b6dd-a585be4a21ea 0.064s
2024-12-10 17:24:44.844 66255 INFO tempest.lib.common.rest_client [req-02128480-d92a-4703-9d38-582c94929a84 req-02128480-d92a-4703-9d38-582c94929a84 ] Request (ServersTestBootFromVolume:setUpClass): 200 GET http://10.180.1.21/compute/v2.1/servers/4e6b1296-9e19-4047-9c38-dc94c686d0cb 0.049s
2024-12-10 17:24:44.862 66271 INFO tempest.lib.common.rest_client [req-448e573b-8b4a-4a9a-b951-06fed94fc8c2 req-448e573b-8b4a-4a9a-b951-06fed94fc8c2 ] Request (FloatingIPDetailsNegativeTestJSON:setUpClass): 201 POST http://10.180.1.21:9696/networking/v2.0/subnets 0.173s
2024-12-10 17:24:44.898 66261 INFO tempest.lib.common.rest_client [req-49d8b76f-550a-4519-9f01-43336de5deb6 req-49d8b76f-550a-4519-9f01-43336de5deb6 ] Request (DeleteServersTestJSON:test_delete_active_server): 200 GET http://10.180.1.21/compute/v2.1/servers/c4e96403-895c-479d-bfb2-274a87446bf9 0.047s
2024-12-10 17:24:44.962 66263 INFO tempest.lib.common.rest_client [req-487872a0-c5ca-4f52-93b0-17d9b74544a5 req-487872a0-c5ca-4f52-93b0-17d9b74544a5 ] Request (AttachVolumeTestJSON:test_attach_detach_volume): 200 GET http://10.180.1.21/compute/v2.1/servers/5124f7fb-1293-4964-98c4-426ecfce7d10 0.057s
2024-12-10 17:24:45.031 66253 INFO tempest.lib.common.rest_client [req-95804a14-380c-45de-b314-e5dd246d9436 req-95804a14-380c-45de-b314-e5dd246d9436 ] Request (ServersNegativeTestJSON:setUpClass): 200 GET http://10.180.1.21/compute/v2.1/servers/192c3a5d-3a23-4f78-8dc7-a256b6d9381d 0.052s
2024-12-10 17:24:45.074 66231 INFO tempest.lib.common.rest_client [req-5c11fb76-f9cd-4a41-aa4a-9edb41aa7a4a req-5c11fb76-f9cd-4a41-aa4a-9edb41aa7a4a ] Request (ServersTestJSON:test_create_server_specify_multibyte_character_name): 200 GET http://10.180.1.21/compute/v2.1/servers/765f3232-f3f9-4d9b-92f2-fb6603f2a90a 0.060s
2024-12-10 17:24:45.091 66273 INFO tempest.lib.common.rest_client [req-0ef4810e-e6c5-4b05-9101-aa6150466f8d req-0ef4810e-e6c5-4b05-9101-aa6150466f8d ] Request (ServerActionsV293TestJSON:setUpClass): 200 GET http://10.180.1.21/compute/v2.1/servers/a57c0638-e14b-4474-a6b4-7184d7e2a0fe 0.054s
2024-12-10 17:24:45.143 66275 INFO tempest.lib.common.rest_client [req-b7b3e948-e287-4678-9a9d-8df095ce4fd8 req-b7b3e948-e287-4678-9a9d-8df095ce4fd8 ] Request (ImagesTestJSON:test_create_image_from_stopped_server): 200 GET http://10.180.1.21/compute/v2.1/servers/6ce88b93-aa42-4f34-81fa-6c09c23ace81 0.058s
2024-12-10 17:24:45.152 66229 INFO tempest.lib.common.rest_client [req-f9d95647-ab15-47a7-8c83-39d611a1b2f0 req-f9d95647-ab15-47a7-8c83-39d611a1b2f0 ] Request (ListServersNegativeTestJSON:tearDownClass): 200 GET http://10.180.1.21/compute/v2.1/servers/eebcad60-4b8a-4fa0-b846-b65972c4c69c 0.058s
2024-12-10 17:24:45.215 66265 INFO tempest.lib.common.rest_client [req-d8f5dec8-20be-4cb6-bdf3-31751eb293c4 req-d8f5dec8-20be-4cb6-bdf3-31751eb293c4 ] Request (ServerMetadataTestJSON:setUpClass): 200 GET http://10.180.1.21/compute/v2.1/servers/41b1ce5d-a8ac-4b93-94a3-cf26367266d6 0.060s
2024-12-10 17:24:45.269 66252 INFO tempest.lib.common.rest_client [req-705b0b1b-9f58-423d-a927-a50954057e25 req-705b0b1b-9f58-423d-a927-a50954057e25 ] Request (AttachInterfacesV270Test:tearDownClass): 200 GET http://10.180.1.21/compute/v2.1/servers/581f9d48-dcb8-4a34-928b-64087a9f966b 0.069s
2024-12-10 17:24:45.405 66225 INFO tempest.lib.common.rest_client [req-31cd6d7d-4ef0-435b-9675-9568aec123dd req-31cd6d7d-4ef0-435b-9675-9568aec123dd ] Request (MigrationsAdminTest:test_resize_server_revert_deleted_flavor): 200 GET http://10.180.1.21/compute/v2.1/servers/b95b7656-70ac-4eaf-9934-4b4c50e78035 0.064s
2024-12-10 17:24:45.462 66249 INFO tempest.lib.common.rest_client [req-198a0f69-a9db-4e20-833a-316fed46b6af req-198a0f69-a9db-4e20-833a-316fed46b6af ] Request (ServersAdminTestJSON:test_inject_network_info): 200 GET http://10.180.1.21/compute/v2.1/servers/63785911-ea55-4aeb-9ba2-6cea5ddd9cae 0.073s
2024-12-10 17:24:45.546 66233 INFO tempest.lib.common.rest_client [req-ad87ed86-de3d-42c5-a9ef-6294cc018d3b req-ad87ed86-de3d-42c5-a9ef-6294cc018d3b ] Request (ListServerFiltersTestJSON:setUpClass): 200 GET http://10.180.1.21/compute/v2.1/servers/99cc8af3-5c18-4839-94db-996861e0c276 0.155s
2024-12-10 17:24:45.555 66233 INFO tempest.common.waiters [-] State transition "BUILD/networking" ==> "BUILD/spawning" after 68 second wait
2024-12-10 17:24:45.608 66227 INFO tempest.lib.common.rest_client [req-7273f2fe-70e1-4191-8cd0-1b1a9a1e4844 req-7273f2fe-70e1-4191-8cd0-1b1a9a1e4844 ] Request (InstanceActionsV221TestJSON:test_get_list_deleted_instance_actions): 200 GET http://10.180.1.21/compute/v2.1/servers/8bc4bb67-bc00-44c6-9c83-c0a1072142e6 0.090s
2024-12-10 17:24:45.632 66271 INFO tempest.lib.common.rest_client [req-7783f958-b74a-4214-905d-2be5c1f2869a req-7783f958-b74a-4214-905d-2be5c1f2869a ] Request (FloatingIPDetailsNegativeTestJSON:setUpClass): 201 POST http://10.180.1.21:9696/networking/v2.0/routers 0.770s
2024-12-10 17:24:45.788 66259 INFO tempest.lib.common.rest_client [req-74259e93-4387-42ad-8c9b-1a22ece451b9 req-74259e93-4387-42ad-8c9b-1a22ece451b9 ] Request (ServersTestMultiNic:test_verify_multiple_nics_order): 200 GET http://10.180.1.21/compute/v2.1/servers/2d7b237e-f86d-42b1-ab04-320f0012a2d1 0.223s
2024-12-10 17:24:45.881 66237 INFO tempest.lib.common.rest_client [req-916cb128-d07a-4b1f-8910-14f234d3d7fb req-916cb128-d07a-4b1f-8910-14f234d3d7fb ] Request (FloatingIPsAssociationTestJSON:test_associate_already_associated_floating_ip): 200 GET http://10.180.1.21/compute/v2.1/servers/272180b9-e79b-4714-b28b-470937509f42 0.290s
2024-12-10 17:24:45.903 66279 INFO tempest.lib.common.rest_client [req-f031623b-e08f-4c98-bdc0-996f4ec40db6 req-f031623b-e08f-4c98-bdc0-996f4ec40db6 ] Request (ListImageFiltersTestJSON:tearDownClass): 404 GET http://10.180.1.21/compute/v2.1/servers/eff06e8a-8341-4d5e-b6dd-a585be4a21ea 0.085s
2024-12-10 17:24:45.908 66235 INFO tempest.lib.common.rest_client [req-b0b569cc-5362-4d75-a071-d274f8c523ab req-b0b569cc-5362-4d75-a071-d274f8c523ab ] Request (ImagesOneServerNegativeTestJSON:_run_cleanups): 200 GET http://10.180.1.21/compute/v2.1/servers/d15a7e98-755b-4c5c-ba34-dc5fc3f8846d 0.175s
2024-12-10 17:24:45.914 66235 INFO tempest.common.waiters [-] State transition "BUILD/spawning" ==> "ACTIVE/None" after 73 second wait
2024-12-10 17:24:45.956 66255 INFO tempest.lib.common.rest_client [req-4c15821a-906b-4626-9fe2-81a61e091cb8 req-4c15821a-906b-4626-9fe2-81a61e091cb8 ] Request (ServersTestBootFromVolume:setUpClass): 200 GET http://10.180.1.21/compute/v2.1/servers/4e6b1296-9e19-4047-9c38-dc94c686d0cb 0.105s
2024-12-10 17:24:45.996 66279 INFO tempest.lib.common.rest_client [req-f7bf9b91-fdb8-4f35-ac39-cd137e5b7e2e req-f7bf9b91-fdb8-4f35-ac39-cd137e5b7e2e ] Request (ListImageFiltersTestJSON:tearDownClass): 204 DELETE http://10.180.1.21/compute/v2.1/servers/4438e230-0589-48ae-8848-d1f8414efa61 0.093s
2024-12-10 17:24:46.013 66261 INFO tempest.lib.common.rest_client [req-9100218e-0180-480c-97d3-6d0d4518e55a req-9100218e-0180-480c-97d3-6d0d4518e55a ] Request (DeleteServersTestJSON:test_delete_active_server): 200 GET http://10.180.1.21/compute/v2.1/servers/c4e96403-895c-479d-bfb2-274a87446bf9 0.108s
2024-12-10 17:24:46.017 66245 WARNING tempest.lib.common.ssh [-] Failed to establish authenticated ssh connection to cirros@10.180.180.191 ([Errno None] Unable to connect to port 22 on 10.180.180.191). Number attempts: 12. Retry after 13 seconds.: paramiko.ssh_exception.NoValidConnectionsError: [Errno None] Unable to connect to port 22 on 10.180.180.191
2024-12-10 17:24:46.094 66263 INFO tempest.lib.common.rest_client [req-f3ae1668-2658-4485-99e2-d2efd5ac4564 req-f3ae1668-2658-4485-99e2-d2efd5ac4564 ] Request (AttachVolumeTestJSON:test_attach_detach_volume): 200 GET http://10.180.1.21/compute/v2.1/servers/5124f7fb-1293-4964-98c4-426ecfce7d10 0.125s
2024-12-10 17:24:46.098 66235 INFO tempest.lib.common.rest_client [req-a8f690f3-2804-42ef-8d2e-6d9a9157661a req-a8f690f3-2804-42ef-8d2e-6d9a9157661a ] Request (ImagesOneServerNegativeTestJSON:setUp): 200 GET http://10.180.1.21/compute/v2.1/servers/d15a7e98-755b-4c5c-ba34-dc5fc3f8846d 0.182s
2024-12-10 17:24:46.151 66253 INFO tempest.lib.common.rest_client [req-23e59f61-562b-4b62-b1d8-db0b6c629757 req-23e59f61-562b-4b62-b1d8-db0b6c629757 ] Request (ServersNegativeTestJSON:setUpClass): 200 GET http://10.180.1.21/compute/v2.1/servers/192c3a5d-3a23-4f78-8dc7-a256b6d9381d 0.111s
2024-12-10 17:24:46.201 66231 INFO tempest.lib.common.rest_client [req-c56f8616-15ed-41ef-ac47-5bb2491045bd req-c56f8616-15ed-41ef-ac47-5bb2491045bd ] Request (ServersTestJSON:test_create_server_specify_multibyte_character_name): 200 GET http://10.180.1.21/compute/v2.1/servers/765f3232-f3f9-4d9b-92f2-fb6603f2a90a 0.120s
2024-12-10 17:24:46.261 66273 INFO tempest.lib.common.rest_client [req-dc84f333-9834-4b6a-9281-ac720999c706 req-dc84f333-9834-4b6a-9281-ac720999c706 ] Request (ServerActionsV293TestJSON:setUpClass): 200 GET http://10.180.1.21/compute/v2.1/servers/a57c0638-e14b-4474-a6b4-7184d7e2a0fe 0.158s
2024-12-10 17:24:46.288 66279 INFO tempest.lib.common.rest_client [req-bdf3cd53-78d8-449e-9956-62c550c70666 req-bdf3cd53-78d8-449e-9956-62c550c70666 ] Request (ListImageFiltersTestJSON:tearDownClass): 200 GET http://10.180.1.21/compute/v2.1/servers/4438e230-0589-48ae-8848-d1f8414efa61 0.291s
2024-12-10 17:24:46.352 66275 INFO tempest.lib.common.rest_client [req-5a97247a-8506-43c7-8f93-7e81ab39eea3 req-5a97247a-8506-43c7-8f93-7e81ab39eea3 ] Request (ImagesTestJSON:test_create_image_from_stopped_server): 200 GET http://10.180.1.21/compute/v2.1/servers/6ce88b93-aa42-4f34-81fa-6c09c23ace81 0.194s
2024-12-10 17:24:46.423 66229 INFO tempest.lib.common.rest_client [req-da61d2ce-b155-49bd-b37e-99f10fb5365f req-da61d2ce-b155-49bd-b37e-99f10fb5365f ] Request (ListServersNegativeTestJSON:tearDownClass): 200 GET http://10.180.1.21/compute/v2.1/servers/eebcad60-4b8a-4fa0-b846-b65972c4c69c 0.258s
2024-12-10 17:24:46.498 66265 INFO tempest.lib.common.rest_client [req-d1cc443a-3995-418e-aabf-25b7c5dd8f20 req-d1cc443a-3995-418e-aabf-25b7c5dd8f20 ] Request (ServerMetadataTestJSON:setUpClass): 200 GET http://10.180.1.21/compute/v2.1/servers/41b1ce5d-a8ac-4b93-94a3-cf26367266d6 0.275s
2024-12-10 17:24:46.581 66252 INFO tempest.lib.common.rest_client [req-979ac0dd-b725-44ee-99d5-5201660434bd req-979ac0dd-b725-44ee-99d5-5201660434bd ] Request (AttachInterfacesV270Test:tearDownClass): 200 GET http://10.180.1.21/compute/v2.1/servers/581f9d48-dcb8-4a34-928b-64087a9f966b 0.302s
2024-12-10 17:24:46.637 66225 INFO tempest.lib.common.rest_client [req-8374734a-1f56-453e-a8c3-27c79487af5c req-8374734a-1f56-453e-a8c3-27c79487af5c ] Request (MigrationsAdminTest:test_resize_server_revert_deleted_flavor): 200 GET http://10.180.1.21/compute/v2.1/servers/b95b7656-70ac-4eaf-9934-4b4c50e78035 0.225s
2024-12-10 17:24:46.700 66249 INFO tempest.lib.common.rest_client [req-111e5704-123d-4939-b023-8ff4a758a205 req-111e5704-123d-4939-b023-8ff4a758a205 ] Request (ServersAdminTestJSON:test_inject_network_info): 200 GET http://10.180.1.21/compute/v2.1/servers/63785911-ea55-4aeb-9ba2-6cea5ddd9cae 0.227s
2024-12-10 17:24:46.795 66235 INFO tempest.lib.common.rest_client [req-d18b5f8a-064c-4506-b969-893eabaffe83 req-d18b5f8a-064c-4506-b969-893eabaffe83 ] Request (ImagesOneServerNegativeTestJSON:test_delete_image_that_is_not_yet_active): 202 POST http://10.180.1.21/compute/v2.1/servers/d15a7e98-755b-4c5c-ba34-dc5fc3f8846d/action 0.684s
2024-12-10 17:24:46.864 66227 INFO tempest.lib.common.rest_client [req-c4f8dbab-e9bd-4c7f-a90e-2de6c4eef835 req-c4f8dbab-e9bd-4c7f-a90e-2de6c4eef835 ] Request (InstanceActionsV221TestJSON:test_get_list_deleted_instance_actions): 200 GET http://10.180.1.21/compute/v2.1/servers/8bc4bb67-bc00-44c6-9c83-c0a1072142e6 0.246s
2024-12-10 17:24:46.882 66233 INFO tempest.lib.common.rest_client [req-c7b962e8-ee3f-437b-b00c-b0cc37d2112e req-c7b962e8-ee3f-437b-b00c-b0cc37d2112e ] Request (ListServerFiltersTestJSON:setUpClass): 200 GET http://10.180.1.21/compute/v2.1/servers/99cc8af3-5c18-4839-94db-996861e0c276 0.325s
2024-12-10 17:24:46.963 66235 INFO tempest.lib.common.rest_client [req-203f4a4d-0111-49e6-968a-9550077bf6ac req-203f4a4d-0111-49e6-968a-9550077bf6ac ] Request (ImagesOneServerNegativeTestJSON:test_delete_image_that_is_not_yet_active): 204 DELETE http://10.180.1.21/compute/v2.1/images/8a08122b-fd79-46eb-87fc-1e873beb9fe3 0.167s
2024-12-10 17:24:47.017 66237 INFO tempest.lib.common.rest_client [req-00c53f1c-c427-4f36-9517-295ae2a46060 req-00c53f1c-c427-4f36-9517-295ae2a46060 ] Request (FloatingIPsAssociationTestJSON:test_associate_already_associated_floating_ip): 200 GET http://10.180.1.21/compute/v2.1/servers/272180b9-e79b-4714-b28b-470937509f42 0.124s
2024-12-10 17:24:47.019 66259 INFO tempest.lib.common.rest_client [req-ea1f7a64-bfd0-4630-8865-572356109fe5 req-ea1f7a64-bfd0-4630-8865-572356109fe5 ] Request (ServersTestMultiNic:test_verify_multiple_nics_order): 200 GET http://10.180.1.21/compute/v2.1/servers/2d7b237e-f86d-42b1-ab04-320f0012a2d1 0.221s
2024-12-10 17:24:47.027 66259 INFO tempest.common.waiters [-] State transition "BUILD/spawning" ==> "ACTIVE/None" after 83 second wait
2024-12-10 17:24:47.046 66235 INFO tempest.lib.common.rest_client [req-29b754e8-af9d-4804-8dc6-87bbd25f913d req-29b754e8-af9d-4804-8dc6-87bbd25f913d ] Request (ImagesOneServerNegativeTestJSON:test_delete_image_that_is_not_yet_active): 404 GET http://10.180.1.21/compute/v2.1/images/8a08122b-fd79-46eb-87fc-1e873beb9fe3 0.082s
2024-12-10 17:24:47.081 66255 INFO tempest.lib.common.rest_client [req-d35715d9-49dd-42b6-9055-b6a54c6d6fdd req-d35715d9-49dd-42b6-9055-b6a54c6d6fdd ] Request (ServersTestBootFromVolume:setUpClass): 200 GET http://10.180.1.21/compute/v2.1/servers/4e6b1296-9e19-4047-9c38-dc94c686d0cb 0.116s
2024-12-10 17:24:47.082 66271 INFO tempest.lib.common.rest_client [req-4be38f65-ddfa-4074-a130-5173c04b1209 req-4be38f65-ddfa-4074-a130-5173c04b1209 ] Request (FloatingIPDetailsNegativeTestJSON:setUpClass): 200 PUT http://10.180.1.21:9696/networking/v2.0/routers/9dfaae45-4e21-4c54-a76d-b5b922befa3b/add_router_interface 1.450s
2024-12-10 17:24:47.085 66271 INFO tempest.lib.common.dynamic_creds [-] Created isolated network resources for: credentials: Credentials: {'domain_id': 'default', 'domain_name': 'Default', 'username': 'tempest-FloatingIPDetailsNegativeTestJSON-1642587156-project-member', 'project_domain_id': 'default', 'project_domain_name': 'Default', 'project_id': '37a34206c0f94678954295d6f29c90bd', 'project_name': 'tempest-FloatingIPDetailsNegativeTestJSON-1642587156', 'tenant_id': '37a34206c0f94678954295d6f29c90bd', 'tenant_name': 'tempest-FloatingIPDetailsNegativeTestJSON-1642587156', 'user_domain_id': 'default', 'user_domain_name': 'Default', 'user_id': '3d10da07e67d473c83b087554dc7ebae', 'system': None}, Network: {'id': '392a0b18-6ba3-496a-8424-a8fa8030a6b4', 'name': 'tempest-FloatingIPDetailsNegativeTestJSON-744158012-network', 'tenant_id': '37a34206c0f94678954295d6f29c90bd', 'admin_state_up': True, 'mtu': 8950, 'status': 'ACTIVE', 'subnets': [], 'shared': False, 'project_id': '37a34206c0f94678954295d6f29c90bd', 'port_security_enabled': True, 'router:external': False, 'provider:network_type': 'vlan', 'provider:physical_network': 'default', 'provider:segmentation_id': 86, 'availability_zone_hints': [], 'availability_zones': [], 'ipv4_address_scope': None, 'ipv6_address_scope': None, 'description': '', 'tags': [], 'created_at': '2024-12-10T17:24:44Z', 'updated_at': '2024-12-10T17:24:44Z', 'revision_number': 1}, Subnet: {'id': '81c7104b-c6f9-4cbb-9434-37cdc7f4adce', 'name': 'tempest-FloatingIPDetailsNegativeTestJSON-744158012-subnet', 'tenant_id': '37a34206c0f94678954295d6f29c90bd', 'network_id': '392a0b18-6ba3-496a-8424-a8fa8030a6b4', 'ip_version': 4, 'subnetpool_id': None, 'enable_dhcp': True, 'ipv6_ra_mode': None, 'ipv6_address_mode': None, 'gateway_ip': '192.168.128.1', 'cidr': '192.168.128.0/28', 'allocation_pools': [{'start': '192.168.128.2', 'end': '192.168.128.14'}], 'host_routes': [], 'dns_nameservers': [], 'description': '', 'router:external': False, 'service_types': [], 'tags': [], 'created_at': '2024-12-10T17:24:44Z', 'updated_at': '2024-12-10T17:24:44Z', 'revision_number': 0, 'project_id': '37a34206c0f94678954295d6f29c90bd'}, Router: {'id': '9dfaae45-4e21-4c54-a76d-b5b922befa3b', 'name': 'tempest-FloatingIPDetailsNegativeTestJSON-744158012-router', 'tenant_id': '37a34206c0f94678954295d6f29c90bd', 'admin_state_up': True, 'status': 'ACTIVE', 'external_gateway_info': {'network_id': 'b9822408-7062-4404-858d-b4fe0c495481', 'external_fixed_ips': [{'subnet_id': '935b1629-c94b-47a3-96bd-73ead4bcd6c1', 'ip_address': '10.180.180.164'}], 'enable_snat': True}, 'description': '', 'availability_zones': [], 'distributed': False, 'ha': False, 'availability_zone_hints': [], 'routes': [], 'flavor_id': None, 'tags': [], 'created_at': '2024-12-10T17:24:44Z', 'updated_at': '2024-12-10T17:24:45Z', 'revision_number': 2, 'project_id': '37a34206c0f94678954295d6f29c90bd'}
2024-12-10 17:24:47.112 66259 INFO tempest.lib.common.rest_client [req-a6675bd4-5eb8-40f6-9f10-59c4399e8903 req-a6675bd4-5eb8-40f6-9f10-59c4399e8903 ] Request (ServersTestMultiNic:test_verify_multiple_nics_order): 200 GET http://10.180.1.21/compute/v2.1/servers/2d7b237e-f86d-42b1-ab04-320f0012a2d1/ips 0.084s
2024-12-10 17:24:47.114 66261 INFO tempest.lib.common.rest_client [req-bb4817f0-6c83-4fd5-9aa4-76cb6a6e1f0c req-bb4817f0-6c83-4fd5-9aa4-76cb6a6e1f0c ] Request (DeleteServersTestJSON:test_delete_active_server): 200 GET http://10.180.1.21/compute/v2.1/servers/c4e96403-895c-479d-bfb2-274a87446bf9 0.091s
2024-12-10 17:24:47.184 66263 INFO tempest.lib.common.rest_client [req-baa6fcc7-809c-4a39-b7ba-4c337a6f4521 req-baa6fcc7-809c-4a39-b7ba-4c337a6f4521 ] Request (AttachVolumeTestJSON:test_attach_detach_volume): 200 GET http://10.180.1.21/compute/v2.1/servers/5124f7fb-1293-4964-98c4-426ecfce7d10 0.078s
2024-12-10 17:24:47.190 66271 INFO tempest.lib.common.rest_client [req-66ef4123-e403-42cf-899b-c5cece3b303b req-66ef4123-e403-42cf-899b-c5cece3b303b ] Request (FloatingIPDetailsNegativeTestJSON:setUpClass): 201 POST http://10.180.1.21/identity/v3/auth/tokens 0.099s
2024-12-10 17:24:47.273 66235 INFO tempest.lib.common.rest_client [req-a0291690-face-4177-a3ae-8c35d72372cc req-a0291690-face-4177-a3ae-8c35d72372cc ] Request (ImagesOneServerNegativeTestJSON:tearDown): 200 GET http://10.180.1.21/compute/v2.1/servers/d15a7e98-755b-4c5c-ba34-dc5fc3f8846d 0.226s
2024-12-10 17:24:47.284 66259 INFO tempest.lib.common.rest_client [req-3569c0d7-4c7d-497a-a9e9-6e2fc165b2d2 req-3569c0d7-4c7d-497a-a9e9-6e2fc165b2d2 ] Request (ServersTestMultiNic:_run_cleanups): 204 DELETE http://10.180.1.21/compute/v2.1/servers/2d7b237e-f86d-42b1-ab04-320f0012a2d1 0.171s
2024-12-10 17:24:47.327 66253 INFO tempest.lib.common.rest_client [req-3b7eb5ef-348b-44c1-9220-a26df529120a req-3b7eb5ef-348b-44c1-9220-a26df529120a ] Request (ServersNegativeTestJSON:setUpClass): 200 GET http://10.180.1.21/compute/v2.1/servers/192c3a5d-3a23-4f78-8dc7-a256b6d9381d 0.166s
2024-12-10 17:24:47.382 66231 INFO tempest.lib.common.rest_client [req-8c05e4d4-9b9e-4d4b-b573-3f17ec536763 req-8c05e4d4-9b9e-4d4b-b573-3f17ec536763 ] Request (ServersTestJSON:test_create_server_specify_multibyte_character_name): 200 GET http://10.180.1.21/compute/v2.1/servers/765f3232-f3f9-4d9b-92f2-fb6603f2a90a 0.172s
2024-12-10 17:24:47.383 66271 INFO tempest.lib.common.rest_client [req-ffafa096-0e79-4053-801b-0f12eba9956d req-ffafa096-0e79-4053-801b-0f12eba9956d ] Request (FloatingIPDetailsNegativeTestJSON:test_get_nonexistent_floating_ip_details): 404 GET http://10.180.1.21/compute/v2.1/os-floating-ips/54858b83-503a-443d-ae65-7908d0a75252 0.191s
2024-12-10 17:24:47.440 66273 INFO tempest.lib.common.rest_client [req-f5f38cb3-893d-45c8-9166-bfa22ba9eaa8 req-f5f38cb3-893d-45c8-9166-bfa22ba9eaa8 ] Request (ServerActionsV293TestJSON:setUpClass): 200 GET http://10.180.1.21/compute/v2.1/servers/a57c0638-e14b-4474-a6b4-7184d7e2a0fe 0.170s
2024-12-10 17:24:47.453 66273 INFO tempest.common.waiters [-] State transition "BUILD/scheduling" ==> "BUILD/None" after 25 second wait
2024-12-10 17:24:47.537 66259 INFO tempest.lib.common.rest_client [req-bca8fbc5-6e29-4cfb-a23e-b15d2ad363f8 req-bca8fbc5-6e29-4cfb-a23e-b15d2ad363f8 ] Request (ServersTestMultiNic:_run_cleanups): 200 GET http://10.180.1.21/compute/v2.1/servers/2d7b237e-f86d-42b1-ab04-320f0012a2d1 0.253s
2024-12-10 17:24:47.543 66279 INFO tempest.lib.common.rest_client [req-ea22ef60-3254-437b-92dc-6f1319d8fc09 req-ea22ef60-3254-437b-92dc-6f1319d8fc09 ] Request (ListImageFiltersTestJSON:tearDownClass): 200 GET http://10.180.1.21/compute/v2.1/servers/4438e230-0589-48ae-8848-d1f8414efa61 0.248s
2024-12-10 17:24:47.592 66275 INFO tempest.lib.common.rest_client [req-0c6e583f-d75e-468c-8ad2-bac15fd34b35 req-0c6e583f-d75e-468c-8ad2-bac15fd34b35 ] Request (ImagesTestJSON:test_create_image_from_stopped_server): 200 GET http://10.180.1.21/compute/v2.1/servers/6ce88b93-aa42-4f34-81fa-6c09c23ace81 0.230s
2024-12-10 17:24:47.606 66229 INFO tempest.lib.common.rest_client [req-da23f553-864a-4696-83d3-ad19f9d4a4f1 req-da23f553-864a-4696-83d3-ad19f9d4a4f1 ] Request (ListServersNegativeTestJSON:tearDownClass): 200 GET http://10.180.1.21/compute/v2.1/servers/eebcad60-4b8a-4fa0-b846-b65972c4c69c 0.175s
2024-12-10 17:24:47.647 66265 INFO tempest.lib.common.rest_client [req-ddd7d757-7a9b-4482-934e-959cb1d16d41 req-ddd7d757-7a9b-4482-934e-959cb1d16d41 ] Request (ServerMetadataTestJSON:setUpClass): 200 GET http://10.180.1.21/compute/v2.1/servers/41b1ce5d-a8ac-4b93-94a3-cf26367266d6 0.141s
2024-12-10 17:24:47.670 66252 INFO tempest.lib.common.rest_client [req-33e53a52-b276-42e8-b467-236a279d0415 req-33e53a52-b276-42e8-b467-236a279d0415 ] Request (AttachInterfacesV270Test:tearDownClass): 200 GET http://10.180.1.21/compute/v2.1/servers/581f9d48-dcb8-4a34-928b-64087a9f966b 0.080s
2024-12-10 17:24:47.772 66249 INFO tempest.lib.common.rest_client [req-124c528a-447d-4e60-8d22-3e58414761aa req-124c528a-447d-4e60-8d22-3e58414761aa ] Request (ServersAdminTestJSON:test_inject_network_info): 200 GET http://10.180.1.21/compute/v2.1/servers/63785911-ea55-4aeb-9ba2-6cea5ddd9cae 0.055s
2024-12-10 17:24:47.903 66225 INFO tempest.lib.common.rest_client [req-62f9e315-8515-4f75-99cd-c8ab5cadeb91 req-62f9e315-8515-4f75-99cd-c8ab5cadeb91 ] Request (MigrationsAdminTest:test_resize_server_revert_deleted_flavor): 200 GET http://10.180.1.21/compute/v2.1/servers/b95b7656-70ac-4eaf-9934-4b4c50e78035 0.256s
2024-12-10 17:24:47.964 66227 INFO tempest.lib.common.rest_client [req-f7f4a3c6-2aff-4304-b2b4-977f44e58aa1 req-f7f4a3c6-2aff-4304-b2b4-977f44e58aa1 ] Request (InstanceActionsV221TestJSON:test_get_list_deleted_instance_actions): 200 GET http://10.180.1.21/compute/v2.1/servers/8bc4bb67-bc00-44c6-9c83-c0a1072142e6 0.087s
2024-12-10 17:24:48.079 66237 INFO tempest.lib.common.rest_client [req-fbc206c9-4119-4bbe-a764-9bc455356f92 req-fbc206c9-4119-4bbe-a764-9bc455356f92 ] Request (FloatingIPsAssociationTestJSON:test_associate_already_associated_floating_ip): 200 GET http://10.180.1.21/compute/v2.1/servers/272180b9-e79b-4714-b28b-470937509f42 0.053s
2024-12-10 17:24:48.085 66233 INFO tempest.lib.common.rest_client [req-fa59fab6-a0dc-402b-92be-304bebf8f465 req-fa59fab6-a0dc-402b-92be-304bebf8f465 ] Request (ListServerFiltersTestJSON:setUpClass): 200 GET http://10.180.1.21/compute/v2.1/servers/99cc8af3-5c18-4839-94db-996861e0c276 0.188s
2024-12-10 17:24:48.169 66255 INFO tempest.lib.common.rest_client [req-054f9ffa-55cc-40f0-9b04-10730d7dfb22 req-054f9ffa-55cc-40f0-9b04-10730d7dfb22 ] Request (ServersTestBootFromVolume:setUpClass): 200 GET http://10.180.1.21/compute/v2.1/servers/4e6b1296-9e19-4047-9c38-dc94c686d0cb 0.080s
2024-12-10 17:24:48.183 66261 INFO tempest.lib.common.rest_client [req-f3fc0818-83b8-4c43-a240-3fe74b0fcaca req-f3fc0818-83b8-4c43-a240-3fe74b0fcaca ] Request (DeleteServersTestJSON:test_delete_active_server): 200 GET http://10.180.1.21/compute/v2.1/servers/c4e96403-895c-479d-bfb2-274a87446bf9 0.061s
2024-12-10 17:24:48.265 66263 INFO tempest.lib.common.rest_client [req-cf5a5350-a36c-4e78-8920-c1e3844e0c52 req-cf5a5350-a36c-4e78-8920-c1e3844e0c52 ] Request (AttachVolumeTestJSON:test_attach_detach_volume): 200 GET http://10.180.1.21/compute/v2.1/servers/5124f7fb-1293-4964-98c4-426ecfce7d10 0.072s
2024-12-10 17:24:48.407 66253 INFO tempest.lib.common.rest_client [req-c0196524-7f92-4a6f-b395-48884140d5f8 req-c0196524-7f92-4a6f-b395-48884140d5f8 ] Request (ServersNegativeTestJSON:setUpClass): 200 GET http://10.180.1.21/compute/v2.1/servers/192c3a5d-3a23-4f78-8dc7-a256b6d9381d 0.072s
2024-12-10 17:24:48.413 66235 INFO tempest.lib.common.rest_client [req-b8f086bf-ef1a-44e8-9776-c59c36786d23 req-b8f086bf-ef1a-44e8-9776-c59c36786d23 ] Request (ImagesOneServerNegativeTestJSON:tearDown): 200 GET http://10.180.1.21/compute/v2.1/servers/d15a7e98-755b-4c5c-ba34-dc5fc3f8846d 0.122s
2024-12-10 17:24:48.420 66235 INFO tempest.common.waiters [-] State transition "ACTIVE/image_snapshot_pending" ==> "ACTIVE/image_snapshot" after 1 second wait
2024-12-10 17:24:48.473 66231 INFO tempest.lib.common.rest_client [req-5f7b1069-d6e1-456d-859a-6643fa8ebb06 req-5f7b1069-d6e1-456d-859a-6643fa8ebb06 ] Request (ServersTestJSON:test_create_server_specify_multibyte_character_name): 200 GET http://10.180.1.21/compute/v2.1/servers/765f3232-f3f9-4d9b-92f2-fb6603f2a90a 0.083s
2024-12-10 17:24:48.541 66273 INFO tempest.lib.common.rest_client [req-d25922ff-1945-4939-a70b-d11080008ec1 req-d25922ff-1945-4939-a70b-d11080008ec1 ] Request (ServerActionsV293TestJSON:setUpClass): 200 GET http://10.180.1.21/compute/v2.1/servers/a57c0638-e14b-4474-a6b4-7184d7e2a0fe 0.086s
2024-12-10 17:24:48.623 66279 INFO tempest.lib.common.rest_client [req-e51b74f6-b38b-45ad-91ab-8c456668a9d0 req-e51b74f6-b38b-45ad-91ab-8c456668a9d0 ] Request (ListImageFiltersTestJSON:tearDownClass): 200 GET http://10.180.1.21/compute/v2.1/servers/4438e230-0589-48ae-8848-d1f8414efa61 0.069s
2024-12-10 17:24:48.676 66275 INFO tempest.lib.common.rest_client [req-8904b0c7-2e34-47bb-bae6-a54f1160ac00 req-8904b0c7-2e34-47bb-bae6-a54f1160ac00 ] Request (ImagesTestJSON:test_create_image_from_stopped_server): 200 GET http://10.180.1.21/compute/v2.1/servers/6ce88b93-aa42-4f34-81fa-6c09c23ace81 0.072s
2024-12-10 17:24:48.742 66229 INFO tempest.lib.common.rest_client [req-dd7add88-b493-4db1-ad38-198b27ea162f req-dd7add88-b493-4db1-ad38-198b27ea162f ] Request (ListServersNegativeTestJSON:tearDownClass): 200 GET http://10.180.1.21/compute/v2.1/servers/eebcad60-4b8a-4fa0-b846-b65972c4c69c 0.128s
2024-12-10 17:24:48.745 66259 INFO tempest.lib.common.rest_client [req-17850af2-05d9-4a83-9e3a-2d01792b9899 req-17850af2-05d9-4a83-9e3a-2d01792b9899 ] Request (ServersTestMultiNic:_run_cleanups): 200 GET http://10.180.1.21/compute/v2.1/servers/2d7b237e-f86d-42b1-ab04-320f0012a2d1 0.201s
2024-12-10 17:24:48.769 66271 INFO tempest.lib.common.rest_client [req-84e64faf-ee9c-41dd-a83a-fd8d9b07e7b7 req-84e64faf-ee9c-41dd-a83a-fd8d9b07e7b7 ] Request (FloatingIPDetailsNegativeTestJSON:tearDownClass): 200 PUT http://10.180.1.21:9696/networking/v2.0/routers/9dfaae45-4e21-4c54-a76d-b5b922befa3b/remove_router_interface 1.381s
2024-12-10 17:24:48.800 66265 INFO tempest.lib.common.rest_client [req-854d4833-f6c2-4602-955c-9715bd4fb2db req-854d4833-f6c2-4602-955c-9715bd4fb2db ] Request (ServerMetadataTestJSON:setUpClass): 200 GET http://10.180.1.21/compute/v2.1/servers/41b1ce5d-a8ac-4b93-94a3-cf26367266d6 0.135s
2024-12-10 17:24:48.848 66252 INFO tempest.lib.common.rest_client [req-ed667ac1-22a8-4783-b8c2-90136a79e471 req-ed667ac1-22a8-4783-b8c2-90136a79e471 ] Request (AttachInterfacesV270Test:tearDownClass): 200 GET http://10.180.1.21/compute/v2.1/servers/581f9d48-dcb8-4a34-928b-64087a9f966b 0.162s
2024-12-10 17:24:48.852 66249 INFO tempest.lib.common.rest_client [req-8b0d6f1c-2e5f-4e9c-8df7-3671d6d243b7 req-8b0d6f1c-2e5f-4e9c-8df7-3671d6d243b7 ] Request (ServersAdminTestJSON:test_inject_network_info): 200 GET http://10.180.1.21/compute/v2.1/servers/63785911-ea55-4aeb-9ba2-6cea5ddd9cae 0.073s
2024-12-10 17:24:49.001 66225 INFO tempest.lib.common.rest_client [req-7fa00aac-0c5e-4c02-80e2-87099b5c35e9 req-7fa00aac-0c5e-4c02-80e2-87099b5c35e9 ] Request (MigrationsAdminTest:test_resize_server_revert_deleted_flavor): 200 GET http://10.180.1.21/compute/v2.1/servers/b95b7656-70ac-4eaf-9934-4b4c50e78035 0.088s
2024-12-10 17:24:49.067 66227 INFO tempest.lib.common.rest_client [req-c511f5c5-ff47-48b2-8352-1d4fe25f5000 req-c511f5c5-ff47-48b2-8352-1d4fe25f5000 ] Request (InstanceActionsV221TestJSON:test_get_list_deleted_instance_actions): 200 GET http://10.180.1.21/compute/v2.1/servers/8bc4bb67-bc00-44c6-9c83-c0a1072142e6 0.093s
