2024-12-10 17:24:36.213 66279 INFO tempest.lib.common.rest_client [req-eff6b841-9458-45db-8cc5-687962432fa7 req-eff6b841-9458-45db-8cc5-687962432fa7 ] Request (ListImageFiltersTestJSON:tearDownClass): 200 GET http://10.180.1.21/compute/v2.1/servers/eff06e8a-8341-4d5e-b6dd-a585be4a21ea 0.084s
2024-12-10 17:24:36.260 66243 INFO tempest.lib.common.rest_client [req-d7544e64-2fa7-4c53-9cbc-3c82dfb15bed req-d7544e64-2fa7-4c53-9cbc-3c82dfb15bed ] Request (AttachVolumeNegativeTest:test_attach_attached_volume_to_different_server): 200 PUT http://10.180.1.21:9696/networking/v2.0/floatingips/92e4090f-f460-472b-80b3-84f8d3c4467f 1.207s
2024-12-10 17:24:36.261 66243 INFO tempest.lib.common.ssh [-] Creating ssh connection to '10.180.180.243:22' as 'cirros' with public key authentication
2024-12-10 17:24:36.298 66237 INFO tempest.lib.common.rest_client [req-83946666-a051-45c3-b713-ef273a71f783 req-83946666-a051-45c3-b713-ef273a71f783 ] Request (FloatingIPsAssociationTestJSON:test_associate_already_associated_floating_ip): 200 GET http://10.180.1.21/compute/v2.1/servers/272180b9-e79b-4714-b28b-470937509f42 0.106s
2024-12-10 17:24:36.307 66237 INFO tempest.common.waiters [-] State transition "BUILD/scheduling" ==> "BUILD/None" after 25 second wait
2024-12-10 17:24:36.325 66231 INFO tempest.lib.common.rest_client [req-ea97658e-bcc9-4818-80df-e3bfd4c21038 req-ea97658e-bcc9-4818-80df-e3bfd4c21038 ] Request (InstanceActionsNegativeTestJSON:tearDownClass): 200 GET http://10.180.1.21:9696/networking/v2.0/security-groups?tenant_id=b519161d82f9457eaebe7ea8a533b454&name=default 0.123s
2024-12-10 17:24:36.385 66255 INFO tempest.lib.common.rest_client [req-adff44d5-b017-4cb2-856b-f5c3b87e9a36 req-adff44d5-b017-4cb2-856b-f5c3b87e9a36 ] Request (ServersTestBootFromVolume:setUpClass): 200 GET http://10.180.1.21/compute/v2.1/servers/4e6b1296-9e19-4047-9c38-dc94c686d0cb 0.119s
2024-12-10 17:24:36.447 66259 INFO tempest.lib.common.rest_client [req-5bee96b6-cb3c-432a-883c-54656cc54b07 req-5bee96b6-cb3c-432a-883c-54656cc54b07 ] Request (ServersTestMultiNic:test_verify_multiple_nics_order): 200 GET http://10.180.1.21/compute/v2.1/servers/2d7b237e-f86d-42b1-ab04-320f0012a2d1 0.235s
2024-12-10 17:24:36.471 66261 INFO tempest.lib.common.rest_client [req-aceee7f3-5655-436b-9b46-9fdac4960cdc req-aceee7f3-5655-436b-9b46-9fdac4960cdc ] Request (DeleteServersTestJSON:test_delete_active_server): 200 GET http://10.180.1.21/compute/v2.1/servers/c4e96403-895c-479d-bfb2-274a87446bf9 0.156s
2024-12-10 17:24:36.541 66263 INFO tempest.lib.common.rest_client [req-97c727d6-7fcb-411e-bf90-8f6875c5a5d5 req-97c727d6-7fcb-411e-bf90-8f6875c5a5d5 ] Request (AttachVolumeTestJSON:test_attach_detach_volume): 200 GET http://10.180.1.21/compute/v2.1/servers/5124f7fb-1293-4964-98c4-426ecfce7d10 0.162s
2024-12-10 17:24:36.549 66253 INFO tempest.lib.common.rest_client [req-be666989-d210-48a0-b918-75c272e01ccb req-be666989-d210-48a0-b918-75c272e01ccb ] Request (ServersNegativeTestJSON:setUpClass): 200 GET http://10.180.1.21/compute/v2.1/servers/192c3a5d-3a23-4f78-8dc7-a256b6d9381d 0.111s
2024-12-10 17:24:36.598 66231 INFO tempest.lib.common.rest_client [req-2884b768-46c9-46dd-bdb4-7d291efe3799 req-2884b768-46c9-46dd-bdb4-7d291efe3799 ] Request (InstanceActionsNegativeTestJSON:tearDownClass): 204 DELETE http://10.180.1.21:9696/networking/v2.0/security-groups/f0b5db13-1728-4a2f-9987-94026260bedc 0.273s
2024-12-10 17:24:36.600 66275 INFO tempest.lib.common.rest_client [req-90adc48f-f04e-4195-92a4-27ebdc722508 req-90adc48f-f04e-4195-92a4-27ebdc722508 ] Request (ImagesTestJSON:setUpClass): 201 POST http://10.180.1.21:9696/networking/v2.0/networks 0.636s
2024-12-10 17:24:36.701 66227 INFO tempest.lib.common.rest_client [req-83b8c117-1af8-4783-a57a-d7c8bd590bac req-83b8c117-1af8-4783-a57a-d7c8bd590bac ] Request (InstanceActionsV221TestJSON:test_get_list_deleted_instance_actions): 200 GET http://10.180.1.21/compute/v2.1/servers/8bc4bb67-bc00-44c6-9c83-c0a1072142e6 0.165s
2024-12-10 17:24:36.710 66227 INFO tempest.common.waiters [-] State transition "BUILD/spawning" ==> "ACTIVE/None" after 75 second wait
2024-12-10 17:24:36.712 66231 INFO tempest.lib.common.rest_client [req-4e4e9dc7-c11a-41a9-acf8-975e13315c19 req-4e4e9dc7-c11a-41a9-acf8-975e13315c19 ] Request (InstanceActionsNegativeTestJSON:tearDownClass): 204 DELETE http://10.180.1.21/identity/v3/projects/b519161d82f9457eaebe7ea8a533b454 0.114s
2024-12-10 17:24:36.734 66271 INFO tempest.lib.common.rest_client [req-26f60314-b9ff-49e5-865c-9a1e3cb1ebb1 req-26f60314-b9ff-49e5-865c-9a1e3cb1ebb1 ] Request (FloatingIPsAssociationNegativeTestJSON:tearDownClass): 200 GET http://10.180.1.21/compute/v2.1/servers/862302e5-ad7e-40f3-a4a3-8c4a8035e1cf 0.104s
2024-12-10 17:24:36.789 66231 INFO tempest.lib.common.rest_client [req-060692d1-eada-484a-be8d-56e5a6330961 req-060692d1-eada-484a-be8d-56e5a6330961 ] Request (ServersTestJSON:setUpClass): 201 POST http://10.180.1.21/identity/v3/auth/tokens 0.074s
2024-12-10 17:24:36.810 66227 INFO tempest.lib.common.rest_client [req-14783218-2eb0-436b-89cf-58c86562e2ca req-14783218-2eb0-436b-89cf-58c86562e2ca ] Request (InstanceActionsV221TestJSON:test_get_list_deleted_instance_actions): 204 DELETE http://10.180.1.21/compute/v2.1/servers/8bc4bb67-bc00-44c6-9c83-c0a1072142e6 0.098s
2024-12-10 17:24:36.839 66231 INFO tempest.lib.common.rest_client [req-ab3e466d-947c-476f-9fa0-6d4cbcc7803d req-ab3e466d-947c-476f-9fa0-6d4cbcc7803d ] Request (ServersTestJSON:setUpClass): 201 POST http://10.180.1.21/identity/v3/auth/tokens 0.047s
2024-12-10 17:24:36.853 66273 INFO tempest.lib.common.rest_client [req-03141e27-68d7-47a6-b31e-0922d97223c1 req-03141e27-68d7-47a6-b31e-0922d97223c1 ] Request (ServerActionsV293TestJSON:setUpClass): 200 GET http://10.180.1.21/compute/v2.1/servers/a57c0638-e14b-4474-a6b4-7184d7e2a0fe 0.123s
2024-12-10 17:24:36.873 66231 INFO tempest.lib.common.rest_client [req-f7880ec1-5df5-44db-88e6-8374da30ccc1 req-f7880ec1-5df5-44db-88e6-8374da30ccc1 ] Request (ServersTestJSON:setUpClass): 200 GET http://10.180.1.21/identity/v3/domains?name=Default 0.034s
2024-12-10 17:24:36.881 66229 INFO tempest.lib.common.rest_client [req-42e2014c-24cb-4ce1-9d2a-53ec5b90b4c6 req-42e2014c-24cb-4ce1-9d2a-53ec5b90b4c6 ] Request (ListServersNegativeTestJSON:tearDownClass): 200 GET http://10.180.1.21/compute/v2.1/servers/eebcad60-4b8a-4fa0-b846-b65972c4c69c 0.136s
2024-12-10 17:24:36.890 66229 INFO tempest.common.waiters [-] State transition "ACTIVE/deleting" ==> "DELETED/None" after 4 second wait
2024-12-10 17:24:36.901 66231 INFO tempest.lib.common.rest_client [req-dcd730c3-c126-4dd9-89d1-3d5ac6129949 req-dcd730c3-c126-4dd9-89d1-3d5ac6129949 ] Request (ServersTestJSON:setUpClass): 201 POST http://10.180.1.21/identity/v3/projects 0.027s
2024-12-10 17:24:36.931 66265 INFO tempest.lib.common.rest_client [req-39d5e5c6-56dd-4af8-bb84-4eb6f8705076 req-39d5e5c6-56dd-4af8-bb84-4eb6f8705076 ] Request (ServerMetadataTestJSON:setUpClass): 200 GET http://10.180.1.21/compute/v2.1/servers/41b1ce5d-a8ac-4b93-94a3-cf26367266d6 0.142s
2024-12-10 17:24:36.969 66231 INFO tempest.lib.common.rest_client [req-99fa539a-7a23-45b5-866a-08a73b82767c req-99fa539a-7a23-45b5-866a-08a73b82767c ] Request (ServersTestJSON:setUpClass): 201 POST http://10.180.1.21/identity/v3/users 0.067s
2024-12-10 17:24:36.988 66231 INFO tempest.lib.common.rest_client [req-6eda9970-1eb4-4414-a437-e183d493f0fb req-6eda9970-1eb4-4414-a437-e183d493f0fb ] Request (ServersTestJSON:setUpClass): 200 GET http://10.180.1.21/identity/v3/roles 0.018s
2024-12-10 17:24:37.002 66227 INFO tempest.lib.common.rest_client [req-a9730192-d25e-4095-bb7e-9ddb7f20aa02 req-a9730192-d25e-4095-bb7e-9ddb7f20aa02 ] Request (InstanceActionsV221TestJSON:test_get_list_deleted_instance_actions): 200 GET http://10.180.1.21/compute/v2.1/servers/8bc4bb67-bc00-44c6-9c83-c0a1072142e6 0.192s
2024-12-10 17:24:37.013 66252 INFO tempest.lib.common.rest_client [req-d31a064c-bf7b-4064-87b6-a73a6639992b req-d31a064c-bf7b-4064-87b6-a73a6639992b ] Request (AttachInterfacesV270Test:tearDownClass): 200 GET http://10.180.1.21/compute/v2.1/servers/581f9d48-dcb8-4a34-928b-64087a9f966b 0.152s
2024-12-10 17:24:37.025 66231 INFO tempest.lib.common.rest_client [req-359d2d09-ad3b-4557-ae70-4b831d303c66 req-359d2d09-ad3b-4557-ae70-4b831d303c66 ] Request (ServersTestJSON:setUpClass): 204 PUT http://10.180.1.21/identity/v3/projects/c33733e0599840618625ecb3e6bb6029/users/20a91144677b4efba8ab91acd53d1c04/roles/fd41285c58de43a5a122e038f945495a 0.037s
2024-12-10 17:24:37.025 66231 INFO tempest.lib.common.dynamic_creds [-] Dynamic test user 20a91144677b4efba8ab91acd53d1c04 is created with scope project and roles: ['member']
2024-12-10 17:24:37.025 66231 INFO tempest.lib.common.dynamic_creds [-] Acquired dynamic creds: credentials: Credentials: {'domain_id': 'default', 'domain_name': 'Default', 'username': 'tempest-ServersTestJSON-1972465365-project-member', 'project_domain_id': 'default', 'project_domain_name': 'Default', 'project_id': 'c33733e0599840618625ecb3e6bb6029', 'project_name': 'tempest-ServersTestJSON-1972465365', 'tenant_id': 'c33733e0599840618625ecb3e6bb6029', 'tenant_name': 'tempest-ServersTestJSON-1972465365', 'user_domain_id': 'default', 'user_domain_name': 'Default', 'user_id': '20a91144677b4efba8ab91acd53d1c04', 'system': None}, Network: None, Subnet: None, Router: None
2024-12-10 17:24:37.060 66225 INFO tempest.lib.common.rest_client [req-ff4572db-97d8-47e5-a3ec-05cdb092ff84 req-ff4572db-97d8-47e5-a3ec-05cdb092ff84 ] Request (MigrationsAdminTest:test_resize_server_revert_deleted_flavor): 200 GET http://10.180.1.21/compute/v2.1/servers/b95b7656-70ac-4eaf-9934-4b4c50e78035 0.143s
2024-12-10 17:24:37.089 66231 INFO tempest.lib.common.rest_client [req-f23896be-2481-4872-8609-2187bcdd1930 req-f23896be-2481-4872-8609-2187bcdd1930 ] Request (ServersTestJSON:setUpClass): 201 POST http://10.180.1.21/identity/v3/auth/tokens 0.064s
2024-12-10 17:24:37.131 66233 INFO tempest.lib.common.rest_client [req-1659a749-1ace-47af-8f16-66faa6cfe793 req-1659a749-1ace-47af-8f16-66faa6cfe793 ] Request (ListServerFiltersTestJSON:setUpClass): 200 GET http://10.180.1.21/compute/v2.1/servers/99cc8af3-5c18-4839-94db-996861e0c276 0.055s
2024-12-10 17:24:37.202 66288 INFO tempest.lib.common.rest_client [req-4e614395-6fd6-49b8-9e86-fb7c231e43b2 req-4e614395-6fd6-49b8-9e86-fb7c231e43b2 ] Request (ServersNegativeTestMultiTenantJSON:tearDownClass): 204 DELETE http://10.180.1.21:9696/networking/v2.0/routers/89f78a31-9798-48a4-b271-7e3304bd47d2 1.109s
2024-12-10 17:24:37.263 66275 INFO tempest.lib.common.rest_client [req-1a4f9fed-0564-4840-a018-fea74eea6e1f req-1a4f9fed-0564-4840-a018-fea74eea6e1f ] Request (ImagesTestJSON:setUpClass): 201 POST http://10.180.1.21:9696/networking/v2.0/subnets 0.662s
2024-12-10 17:24:37.352 66235 INFO tempest.lib.common.rest_client [req-678c81c5-8a32-48dd-b648-b357168d254c req-678c81c5-8a32-48dd-b648-b357168d254c ] Request (ImagesOneServerNegativeTestJSON:_run_cleanups): 200 GET http://10.180.1.21/compute/v2.1/servers/d15a7e98-755b-4c5c-ba34-dc5fc3f8846d 0.274s
2024-12-10 17:24:37.397 66249 INFO tempest.lib.common.rest_client [req-f9723b88-2b28-4d52-af5e-d72d50cb5fd2 req-f9723b88-2b28-4d52-af5e-d72d50cb5fd2 ] Request (ServersAdminTestJSON:test_create_server_with_scheduling_hint): 200 GET http://10.180.1.21/compute/v2.1/servers/8fa5fef6-8768-4e24-aab3-db56a10588c2 0.403s
2024-12-10 17:24:37.441 66279 INFO tempest.lib.common.rest_client [req-6228e5c8-9935-45e2-89be-535f0661c7f2 req-6228e5c8-9935-45e2-89be-535f0661c7f2 ] Request (ListImageFiltersTestJSON:tearDownClass): 200 GET http://10.180.1.21/compute/v2.1/servers/eff06e8a-8341-4d5e-b6dd-a585be4a21ea 0.217s
2024-12-10 17:24:37.486 66237 INFO tempest.lib.common.rest_client [req-1119d282-4d19-4935-80d5-a8bb2b3a66aa req-1119d282-4d19-4935-80d5-a8bb2b3a66aa ] Request (FloatingIPsAssociationTestJSON:test_associate_already_associated_floating_ip): 200 GET http://10.180.1.21/compute/v2.1/servers/272180b9-e79b-4714-b28b-470937509f42 0.177s
2024-12-10 17:24:37.527 66255 INFO tempest.lib.common.rest_client [req-ac40468c-e166-4a26-902b-feb65e0d25c7 req-ac40468c-e166-4a26-902b-feb65e0d25c7 ] Request (ServersTestBootFromVolume:setUpClass): 200 GET http://10.180.1.21/compute/v2.1/servers/4e6b1296-9e19-4047-9c38-dc94c686d0cb 0.135s
2024-12-10 17:24:37.660 66288 INFO tempest.lib.common.rest_client [req-2717f9a0-db90-4d16-8d65-890bf8ba390a req-2717f9a0-db90-4d16-8d65-890bf8ba390a ] Request (ServersNegativeTestMultiTenantJSON:tearDownClass): 204 DELETE http://10.180.1.21:9696/networking/v2.0/subnets/60c4cca5-bcb1-40ef-973f-0bc56d727ae8 0.458s
2024-12-10 17:24:37.793 66231 INFO tempest.lib.common.rest_client [req-59eb4f2c-4f2f-4823-a0f8-a82945a78499 req-59eb4f2c-4f2f-4823-a0f8-a82945a78499 ] Request (ServersTestJSON:setUpClass): 201 POST http://10.180.1.21:9696/networking/v2.0/networks 0.704s
2024-12-10 17:24:37.843 66261 INFO tempest.lib.common.rest_client [req-7a328705-e297-496d-aee3-a90eb4877702 req-7a328705-e297-496d-aee3-a90eb4877702 ] Request (DeleteServersTestJSON:test_delete_active_server): 200 GET http://10.180.1.21/compute/v2.1/servers/c4e96403-895c-479d-bfb2-274a87446bf9 0.360s
2024-12-10 17:24:37.905 66263 INFO tempest.lib.common.rest_client [req-387f445f-1bc9-48ef-bf22-4692fedd3ce0 req-387f445f-1bc9-48ef-bf22-4692fedd3ce0 ] Request (AttachVolumeTestJSON:test_attach_detach_volume): 200 GET http://10.180.1.21/compute/v2.1/servers/5124f7fb-1293-4964-98c4-426ecfce7d10 0.353s
2024-12-10 17:24:37.957 66259 INFO tempest.lib.common.rest_client [req-e28ac461-730f-4244-ba2b-0ba518f79f8f req-e28ac461-730f-4244-ba2b-0ba518f79f8f ] Request (ServersTestMultiNic:test_verify_multiple_nics_order): 200 GET http://10.180.1.21/compute/v2.1/servers/2d7b237e-f86d-42b1-ab04-320f0012a2d1 0.500s
2024-12-10 17:24:37.975 66253 INFO tempest.lib.common.rest_client [req-c3380f33-6890-48a1-967d-1e0145b09cdb req-c3380f33-6890-48a1-967d-1e0145b09cdb ] Request (ServersNegativeTestJSON:setUpClass): 200 GET http://10.180.1.21/compute/v2.1/servers/192c3a5d-3a23-4f78-8dc7-a256b6d9381d 0.415s
2024-12-10 17:24:38.035 66273 INFO tempest.lib.common.rest_client [req-32dd6c54-a40a-4117-af69-77acc2016834 req-32dd6c54-a40a-4117-af69-77acc2016834 ] Request (ServerActionsV293TestJSON:setUpClass): 200 GET http://10.180.1.21/compute/v2.1/servers/a57c0638-e14b-4474-a6b4-7184d7e2a0fe 0.172s
2024-12-10 17:24:38.056 66271 INFO tempest.lib.common.rest_client [req-cdd067d4-dc5d-4e71-be39-fc62417309c5 req-cdd067d4-dc5d-4e71-be39-fc62417309c5 ] Request (FloatingIPsAssociationNegativeTestJSON:tearDownClass): 200 GET http://10.180.1.21/compute/v2.1/servers/862302e5-ad7e-40f3-a4a3-8c4a8035e1cf 0.312s
2024-12-10 17:24:38.103 66229 INFO tempest.lib.common.rest_client [req-842fad1a-ad8f-4837-8260-5df6725216c9 req-842fad1a-ad8f-4837-8260-5df6725216c9 ] Request (ListServersNegativeTestJSON:tearDownClass): 200 GET http://10.180.1.21/compute/v2.1/servers/eebcad60-4b8a-4fa0-b846-b65972c4c69c 0.211s
2024-12-10 17:24:38.132 66231 INFO tempest.lib.common.rest_client [req-c7adc447-db38-425d-9eeb-5bc92de9b61e req-c7adc447-db38-425d-9eeb-5bc92de9b61e ] Request (ServersTestJSON:setUpClass): 201 POST http://10.180.1.21:9696/networking/v2.0/subnets 0.338s
2024-12-10 17:24:38.150 66265 INFO tempest.lib.common.rest_client [req-c3c5fd56-8c58-4699-b3b6-eaba25f00703 req-c3c5fd56-8c58-4699-b3b6-eaba25f00703 ] Request (ServerMetadataTestJSON:setUpClass): 200 GET http://10.180.1.21/compute/v2.1/servers/41b1ce5d-a8ac-4b93-94a3-cf26367266d6 0.212s
2024-12-10 17:24:38.158 66265 INFO tempest.common.waiters [-] State transition "BUILD/scheduling" ==> "BUILD/None" after 26 second wait
2024-12-10 17:24:38.236 66252 INFO tempest.lib.common.rest_client [req-d41712f8-14b3-41bf-859d-3ec0cfb1eaf8 req-d41712f8-14b3-41bf-859d-3ec0cfb1eaf8 ] Request (AttachInterfacesV270Test:tearDownClass): 200 GET http://10.180.1.21/compute/v2.1/servers/581f9d48-dcb8-4a34-928b-64087a9f966b 0.209s
2024-12-10 17:24:38.256 66227 INFO tempest.lib.common.rest_client [req-00318ab6-bca6-4bd4-a3a8-363ebedb84e2 req-00318ab6-bca6-4bd4-a3a8-363ebedb84e2 ] Request (InstanceActionsV221TestJSON:test_get_list_deleted_instance_actions): 200 GET http://10.180.1.21/compute/v2.1/servers/8bc4bb67-bc00-44c6-9c83-c0a1072142e6 0.244s
2024-12-10 17:24:38.313 66233 INFO tempest.lib.common.rest_client [req-3dd2a92a-666c-4d5d-8a7f-2d687265edcc req-3dd2a92a-666c-4d5d-8a7f-2d687265edcc ] Request (ListServerFiltersTestJSON:setUpClass): 200 GET http://10.180.1.21/compute/v2.1/servers/99cc8af3-5c18-4839-94db-996861e0c276 0.171s
2024-12-10 17:24:38.320 66225 INFO tempest.lib.common.rest_client [req-1b6ef4cc-b1af-48c1-aad4-67c65f60dd8e req-1b6ef4cc-b1af-48c1-aad4-67c65f60dd8e ] Request (MigrationsAdminTest:test_resize_server_revert_deleted_flavor): 200 GET http://10.180.1.21/compute/v2.1/servers/b95b7656-70ac-4eaf-9934-4b4c50e78035 0.251s
2024-12-10 17:24:38.401 66288 INFO tempest.lib.common.rest_client [req-5f58ef02-2458-467d-9196-023993eaad4e req-5f58ef02-2458-467d-9196-023993eaad4e ] Request (ServersNegativeTestMultiTenantJSON:tearDownClass): 204 DELETE http://10.180.1.21:9696/networking/v2.0/networks/27f5289e-a0cd-40cb-9cd2-89d240aac4c0 0.741s
2024-12-10 17:24:38.507 66235 INFO tempest.lib.common.rest_client [req-958bde48-abed-4f65-9ee9-fe9ac4247ac0 req-958bde48-abed-4f65-9ee9-fe9ac4247ac0 ] Request (ImagesOneServerNegativeTestJSON:_run_cleanups): 200 GET http://10.180.1.21/compute/v2.1/servers/d15a7e98-755b-4c5c-ba34-dc5fc3f8846d 0.139s
2024-12-10 17:24:38.511 66288 INFO tempest.lib.common.rest_client [req-57acb991-c2b4-4cab-bced-def9b1077773 req-57acb991-c2b4-4cab-bced-def9b1077773 ] Request (ServersNegativeTestMultiTenantJSON:tearDownClass): 204 DELETE http://10.180.1.21/identity/v3/users/54247dac79134e97952bbfe10d02115d 0.109s
2024-12-10 17:24:38.548 66249 INFO tempest.lib.common.rest_client [req-c7c2fa0d-3de4-4203-bfc6-890ad625de10 req-c7c2fa0d-3de4-4203-bfc6-890ad625de10 ] Request (ServersAdminTestJSON:test_create_server_with_scheduling_hint): 200 GET http://10.180.1.21/compute/v2.1/servers/8fa5fef6-8768-4e24-aab3-db56a10588c2 0.141s
2024-12-10 17:24:38.591 66275 INFO tempest.lib.common.rest_client [req-e3ef6dc0-8d1a-4b92-be7e-a505ad46a576 req-e3ef6dc0-8d1a-4b92-be7e-a505ad46a576 ] Request (ImagesTestJSON:setUpClass): 201 POST http://10.180.1.21:9696/networking/v2.0/routers 1.328s
2024-12-10 17:24:38.599 66279 INFO tempest.lib.common.rest_client [req-408c87a1-4728-4e63-9735-c32a4af13816 req-408c87a1-4728-4e63-9735-c32a4af13816 ] Request (ListImageFiltersTestJSON:tearDownClass): 200 GET http://10.180.1.21/compute/v2.1/servers/eff06e8a-8341-4d5e-b6dd-a585be4a21ea 0.145s
2024-12-10 17:24:38.632 66237 INFO tempest.lib.common.rest_client [req-cc88d178-5df4-4806-9258-110695f38dea req-cc88d178-5df4-4806-9258-110695f38dea ] Request (FloatingIPsAssociationTestJSON:test_associate_already_associated_floating_ip): 200 GET http://10.180.1.21/compute/v2.1/servers/272180b9-e79b-4714-b28b-470937509f42 0.138s
2024-12-10 17:24:38.648 66288 INFO tempest.lib.common.rest_client [req-5390ef05-00ac-48de-80de-a55ee1db2a3f req-5390ef05-00ac-48de-80de-a55ee1db2a3f ] Request (ServersNegativeTestMultiTenantJSON:tearDownClass): 204 DELETE http://10.180.1.21/identity/v3/users/ab66b82d1a75417480da7627248f0245 0.137s
2024-12-10 17:24:38.648 66288 INFO tempest.lib.common.dynamic_creds [-] Deleting project and security group for project: f0fdc72daa4944d4862f4fb179bb2798
2024-12-10 17:24:38.669 66255 INFO tempest.lib.common.rest_client [req-f9bb7115-e64b-41a8-972a-a3acbcfb133e req-f9bb7115-e64b-41a8-972a-a3acbcfb133e ] Request (ServersTestBootFromVolume:setUpClass): 200 GET http://10.180.1.21/compute/v2.1/servers/4e6b1296-9e19-4047-9c38-dc94c686d0cb 0.132s
2024-12-10 17:24:38.720 66288 INFO tempest.lib.common.rest_client [req-0725aab7-9478-463d-bded-be6820f5d9e1 req-0725aab7-9478-463d-bded-be6820f5d9e1 ] Request (ServersNegativeTestMultiTenantJSON:tearDownClass): 200 GET http://10.180.1.21:9696/networking/v2.0/security-groups?tenant_id=f0fdc72daa4944d4862f4fb179bb2798&name=default 0.071s
2024-12-10 17:24:38.850 66288 INFO tempest.lib.common.rest_client [req-06321fe1-d799-41fe-a336-e1b55ca6c1ab req-06321fe1-d799-41fe-a336-e1b55ca6c1ab ] Request (ServersNegativeTestMultiTenantJSON:tearDownClass): 204 DELETE http://10.180.1.21:9696/networking/v2.0/security-groups/e570d18c-b48f-4368-a09c-a7eed958ab2f 0.130s
2024-12-10 17:24:38.932 66261 INFO tempest.lib.common.rest_client [req-7b2a027f-a805-4e41-8d06-e82377e6e32e req-7b2a027f-a805-4e41-8d06-e82377e6e32e ] Request (DeleteServersTestJSON:test_delete_active_server): 200 GET http://10.180.1.21/compute/v2.1/servers/c4e96403-895c-479d-bfb2-274a87446bf9 0.079s
2024-12-10 17:24:38.974 66288 INFO tempest.lib.common.rest_client [req-88d158ac-40ce-4175-bb81-f542ee574594 req-88d158ac-40ce-4175-bb81-f542ee574594 ] Request (ServersNegativeTestMultiTenantJSON:tearDownClass): 204 DELETE http://10.180.1.21/identity/v3/projects/f0fdc72daa4944d4862f4fb179bb2798 0.122s
2024-12-10 17:24:38.974 66288 INFO tempest.lib.common.dynamic_creds [-] Deleting project and security group for project: 06d0bb56c7cc4beb9e53cc65fd6063b0
2024-12-10 17:24:38.981 66263 INFO tempest.lib.common.rest_client [req-9f5ed76f-dd4c-4cd7-8c19-5b92ccf7881e req-9f5ed76f-dd4c-4cd7-8c19-5b92ccf7881e ] Request (AttachVolumeTestJSON:test_attach_detach_volume): 200 GET http://10.180.1.21/compute/v2.1/servers/5124f7fb-1293-4964-98c4-426ecfce7d10 0.069s
2024-12-10 17:24:39.041 66288 INFO tempest.lib.common.rest_client [req-a26cdacc-9c36-45a0-af19-bef508266dcc req-a26cdacc-9c36-45a0-af19-bef508266dcc ] Request (ServersNegativeTestMultiTenantJSON:tearDownClass): 200 GET http://10.180.1.21:9696/networking/v2.0/security-groups?tenant_id=06d0bb56c7cc4beb9e53cc65fd6063b0&name=default 0.067s
2024-12-10 17:24:39.071 66253 INFO tempest.lib.common.rest_client [req-48d3fa3f-1e98-45a6-bf62-a2f6475c573d req-48d3fa3f-1e98-45a6-bf62-a2f6475c573d ] Request (ServersNegativeTestJSON:setUpClass): 200 GET http://10.180.1.21/compute/v2.1/servers/192c3a5d-3a23-4f78-8dc7-a256b6d9381d 0.088s
2024-12-10 17:24:39.147 66273 INFO tempest.lib.common.rest_client [req-47017e01-34b4-40fe-a180-c289fa69b229 req-47017e01-34b4-40fe-a180-c289fa69b229 ] Request (ServerActionsV293TestJSON:setUpClass): 200 GET http://10.180.1.21/compute/v2.1/servers/a57c0638-e14b-4474-a6b4-7184d7e2a0fe 0.097s
2024-12-10 17:24:39.244 66271 INFO tempest.lib.common.rest_client [req-ae7ec6a0-f350-4352-a774-b324ebe76d88 req-ae7ec6a0-f350-4352-a774-b324ebe76d88 ] Request (FloatingIPsAssociationNegativeTestJSON:tearDownClass): 200 GET http://10.180.1.21/compute/v2.1/servers/862302e5-ad7e-40f3-a4a3-8c4a8035e1cf 0.178s
2024-12-10 17:24:39.271 66288 INFO tempest.lib.common.rest_client [req-a6a236e9-a1cf-4dc5-9581-f8e47c9f8c92 req-a6a236e9-a1cf-4dc5-9581-f8e47c9f8c92 ] Request (ServersNegativeTestMultiTenantJSON:tearDownClass): 204 DELETE http://10.180.1.21:9696/networking/v2.0/security-groups/f79ca507-480c-4c28-af61-5d31a43b9449 0.229s
2024-12-10 17:24:39.308 66259 INFO tempest.lib.common.rest_client [req-2c0f2343-6f5b-4bd8-b00f-7e8b841e0a0a req-2c0f2343-6f5b-4bd8-b00f-7e8b841e0a0a ] Request (ServersTestMultiNic:test_verify_multiple_nics_order): 200 GET http://10.180.1.21/compute/v2.1/servers/2d7b237e-f86d-42b1-ab04-320f0012a2d1 0.343s
2024-12-10 17:24:39.357 66229 INFO tempest.lib.common.rest_client [req-e4a558be-1c14-47e6-989d-5cf4dc320940 req-e4a558be-1c14-47e6-989d-5cf4dc320940 ] Request (ListServersNegativeTestJSON:tearDownClass): 200 GET http://10.180.1.21/compute/v2.1/servers/eebcad60-4b8a-4fa0-b846-b65972c4c69c 0.241s
2024-12-10 17:24:39.379 66265 INFO tempest.lib.common.rest_client [req-55e5874e-e8a2-4624-9523-bc446b399c4c req-55e5874e-e8a2-4624-9523-bc446b399c4c ] Request (ServerMetadataTestJSON:setUpClass): 200 GET http://10.180.1.21/compute/v2.1/servers/41b1ce5d-a8ac-4b93-94a3-cf26367266d6 0.220s
2024-12-10 17:24:39.409 66288 INFO tempest.lib.common.rest_client [req-83477922-58d0-4a26-8081-4439e700da3c req-83477922-58d0-4a26-8081-4439e700da3c ] Request (ServersNegativeTestMultiTenantJSON:tearDownClass): 204 DELETE http://10.180.1.21/identity/v3/projects/06d0bb56c7cc4beb9e53cc65fd6063b0 0.138s
2024-12-10 17:24:39.441 66252 INFO tempest.lib.common.rest_client [req-f6884e41-63c8-4eb9-8d82-2b3376df1490 req-f6884e41-63c8-4eb9-8d82-2b3376df1490 ] Request (AttachInterfacesV270Test:tearDownClass): 200 GET http://10.180.1.21/compute/v2.1/servers/581f9d48-dcb8-4a34-928b-64087a9f966b 0.192s
2024-12-10 17:24:39.552 66233 INFO tempest.lib.common.rest_client [req-72f6c3cf-5370-4f51-a466-d34e8991159c req-72f6c3cf-5370-4f51-a466-d34e8991159c ] Request (ListServerFiltersTestJSON:setUpClass): 200 GET http://10.180.1.21/compute/v2.1/servers/99cc8af3-5c18-4839-94db-996861e0c276 0.229s
2024-12-10 17:24:39.614 66225 INFO tempest.lib.common.rest_client [req-9a0404ac-ce17-473f-98a1-ec71fd232244 req-9a0404ac-ce17-473f-98a1-ec71fd232244 ] Request (MigrationsAdminTest:test_resize_server_revert_deleted_flavor): 200 GET http://10.180.1.21/compute/v2.1/servers/b95b7656-70ac-4eaf-9934-4b4c50e78035 0.281s
2024-12-10 17:24:39.694 66227 INFO tempest.lib.common.rest_client [req-8403817e-13ac-42e8-bf63-d38285b9ebc3 req-8403817e-13ac-42e8-bf63-d38285b9ebc3 ] Request (InstanceActionsV221TestJSON:test_get_list_deleted_instance_actions): 200 GET http://10.180.1.21/compute/v2.1/servers/8bc4bb67-bc00-44c6-9c83-c0a1072142e6 0.428s
2024-12-10 17:24:39.717 66231 INFO tempest.lib.common.rest_client [req-3e1af6bf-11b8-4d66-9c5e-314b4600cf18 req-3e1af6bf-11b8-4d66-9c5e-314b4600cf18 ] Request (ServersTestJSON:setUpClass): 201 POST http://10.180.1.21:9696/networking/v2.0/routers 1.584s
2024-12-10 17:24:39.831 66235 INFO tempest.lib.common.rest_client [req-f9a5bf6d-f8ec-4c82-83df-7a5ddfc6d60f req-f9a5bf6d-f8ec-4c82-83df-7a5ddfc6d60f ] Request (ImagesOneServerNegativeTestJSON:_run_cleanups): 200 GET http://10.180.1.21/compute/v2.1/servers/d15a7e98-755b-4c5c-ba34-dc5fc3f8846d 0.313s
2024-12-10 17:24:39.832 66249 INFO tempest.lib.common.rest_client [req-a1c2432c-9dd6-4349-ae8a-03c59d543e84 req-a1c2432c-9dd6-4349-ae8a-03c59d543e84 ] Request (ServersAdminTestJSON:test_create_server_with_scheduling_hint): 200 GET http://10.180.1.21/compute/v2.1/servers/8fa5fef6-8768-4e24-aab3-db56a10588c2 0.273s
2024-12-10 17:24:39.915 66237 INFO tempest.lib.common.rest_client [req-4a2a81e8-9df0-4eb6-bb7a-e785e6f41a39 req-4a2a81e8-9df0-4eb6-bb7a-e785e6f41a39 ] Request (FloatingIPsAssociationTestJSON:test_associate_already_associated_floating_ip): 200 GET http://10.180.1.21/compute/v2.1/servers/272180b9-e79b-4714-b28b-470937509f42 0.271s
2024-12-10 17:24:39.921 66279 INFO tempest.lib.common.rest_client [req-e9bd69ea-97b0-4b61-b198-959bf1613392 req-e9bd69ea-97b0-4b61-b198-959bf1613392 ] Request (ListImageFiltersTestJSON:tearDownClass): 200 GET http://10.180.1.21/compute/v2.1/servers/eff06e8a-8341-4d5e-b6dd-a585be4a21ea 0.316s
2024-12-10 17:24:39.986 66255 INFO tempest.lib.common.rest_client [req-b155f30a-161f-464f-ac4b-ea5fec2ce6ed req-b155f30a-161f-464f-ac4b-ea5fec2ce6ed ] Request (ServersTestBootFromVolume:setUpClass): 200 GET http://10.180.1.21/compute/v2.1/servers/4e6b1296-9e19-4047-9c38-dc94c686d0cb 0.309s
2024-12-10 17:24:40.007 66261 INFO tempest.lib.common.rest_client [req-9c3faa3e-2551-4ed9-8501-52ce002c6762 req-9c3faa3e-2551-4ed9-8501-52ce002c6762 ] Request (DeleteServersTestJSON:test_delete_active_server): 200 GET http://10.180.1.21/compute/v2.1/servers/c4e96403-895c-479d-bfb2-274a87446bf9 0.066s
2024-12-10 17:24:40.076 66263 INFO tempest.lib.common.rest_client [req-c7dd467c-a8f2-454a-b8da-d9e937d60193 req-c7dd467c-a8f2-454a-b8da-d9e937d60193 ] Request (AttachVolumeTestJSON:test_attach_detach_volume): 200 GET http://10.180.1.21/compute/v2.1/servers/5124f7fb-1293-4964-98c4-426ecfce7d10 0.079s
2024-12-10 17:24:40.155 66253 INFO tempest.lib.common.rest_client [req-541d3630-c0ca-4678-a6ba-0534776895ed req-541d3630-c0ca-4678-a6ba-0534776895ed ] Request (ServersNegativeTestJSON:setUpClass): 200 GET http://10.180.1.21/compute/v2.1/servers/192c3a5d-3a23-4f78-8dc7-a256b6d9381d 0.075s
2024-12-10 17:24:40.243 66273 INFO tempest.lib.common.rest_client [req-7d12003d-499e-43d9-9d74-9ac6ddb9b13a req-7d12003d-499e-43d9-9d74-9ac6ddb9b13a ] Request (ServerActionsV293TestJSON:setUpClass): 200 GET http://10.180.1.21/compute/v2.1/servers/a57c0638-e14b-4474-a6b4-7184d7e2a0fe 0.083s
2024-12-10 17:24:40.323 66271 INFO tempest.lib.common.rest_client [req-4c69be2c-d3bf-41e1-9273-668a5b996bbc req-4c69be2c-d3bf-41e1-9273-668a5b996bbc ] Request (FloatingIPsAssociationNegativeTestJSON:tearDownClass): 200 GET http://10.180.1.21/compute/v2.1/servers/862302e5-ad7e-40f3-a4a3-8c4a8035e1cf 0.064s
2024-12-10 17:24:40.382 66275 INFO tempest.lib.common.rest_client [req-00abd70e-9789-4175-8ac4-db61b999be64 req-00abd70e-9789-4175-8ac4-db61b999be64 ] Request (ImagesTestJSON:setUpClass): 200 PUT http://10.180.1.21:9696/networking/v2.0/routers/5b24b33f-dbdc-41a5-8dd8-e167f08541ba/add_router_interface 1.790s
2024-12-10 17:24:40.382 66275 INFO tempest.lib.common.dynamic_creds [-] Created isolated network resources for: credentials: Credentials: {'domain_id': 'default', 'domain_name': 'Default', 'username': 'tempest-ImagesTestJSON-256849719-project-member', 'project_domain_id': 'default', 'project_domain_name': 'Default', 'project_id': '2d5cb4b4799b4b8b99648e718dbc0254', 'project_name': 'tempest-ImagesTestJSON-256849719', 'tenant_id': '2d5cb4b4799b4b8b99648e718dbc0254', 'tenant_name': 'tempest-ImagesTestJSON-256849719', 'user_domain_id': 'default', 'user_domain_name': 'Default', 'user_id': '43ab498375eb47a3923ac10343c11d34', 'system': None}, Network: {'id': 'c3008d10-e30b-4ec3-bdcf-a6eb5fc754ce', 'name': 'tempest-ImagesTestJSON-2018586182-network', 'tenant_id': '2d5cb4b4799b4b8b99648e718dbc0254', 'admin_state_up': True, 'mtu': 8950, 'status': 'ACTIVE', 'subnets': [], 'shared': False, 'project_id': '2d5cb4b4799b4b8b99648e718dbc0254', 'port_security_enabled': True, 'router:external': False, 'provider:network_type': 'vlan', 'provider:physical_network': 'default', 'provider:segmentation_id': 353, 'availability_zone_hints': [], 'availability_zones': [], 'ipv4_address_scope': None, 'ipv6_address_scope': None, 'description': '', 'tags': [], 'created_at': '2024-12-10T17:24:36Z', 'updated_at': '2024-12-10T17:24:36Z', 'revision_number': 1}, Subnet: {'id': '095c9bbd-690e-4a60-a10d-ed731179550e', 'name': 'tempest-ImagesTestJSON-2018586182-subnet', 'tenant_id': '2d5cb4b4799b4b8b99648e718dbc0254', 'network_id': 'c3008d10-e30b-4ec3-bdcf-a6eb5fc754ce', 'ip_version': 4, 'subnetpool_id': None, 'enable_dhcp': True, 'ipv6_ra_mode': None, 'ipv6_address_mode': None, 'gateway_ip': '192.168.128.1', 'cidr': '192.168.128.0/28', 'allocation_pools': [{'start': '192.168.128.2', 'end': '192.168.128.14'}], 'host_routes': [], 'dns_nameservers': [], 'description': '', 'router:external': False, 'service_types': [], 'tags': [], 'created_at': '2024-12-10T17:24:36Z', 'updated_at': '2024-12-10T17:24:36Z', 'revision_number': 0, 'project_id': '2d5cb4b4799b4b8b99648e718dbc0254'}, Router: {'id': '5b24b33f-dbdc-41a5-8dd8-e167f08541ba', 'name': 'tempest-ImagesTestJSON-2018586182-router', 'tenant_id': '2d5cb4b4799b4b8b99648e718dbc0254', 'admin_state_up': True, 'status': 'ACTIVE', 'external_gateway_info': {'network_id': 'b9822408-7062-4404-858d-b4fe0c495481', 'external_fixed_ips': [{'subnet_id': '935b1629-c94b-47a3-96bd-73ead4bcd6c1', 'ip_address': '10.180.180.180'}], 'enable_snat': True}, 'description': '', 'availability_zones': [], 'distributed': False, 'ha': False, 'availability_zone_hints': [], 'routes': [], 'flavor_id': None, 'tags': [], 'created_at': '2024-12-10T17:24:37Z', 'updated_at': '2024-12-10T17:24:38Z', 'revision_number': 2, 'project_id': '2d5cb4b4799b4b8b99648e718dbc0254'}
2024-12-10 17:24:40.387 66243 WARNING tempest.lib.common.ssh [-] Failed to establish authenticated ssh connection to cirros@10.180.180.243 ([Errno None] Unable to connect to port 22 on 10.180.180.243). Number attempts: 1. Retry after 2 seconds.: paramiko.ssh_exception.NoValidConnectionsError: [Errno None] Unable to connect to port 22 on 10.180.180.243
2024-12-10 17:24:40.465 66229 INFO tempest.lib.common.rest_client [req-6af6eeed-8d25-4b30-92d2-4063fdbc4acc req-6af6eeed-8d25-4b30-92d2-4063fdbc4acc ] Request (ListServersNegativeTestJSON:tearDownClass): 200 GET http://10.180.1.21/compute/v2.1/servers/eebcad60-4b8a-4fa0-b846-b65972c4c69c 0.096s
2024-12-10 17:24:40.512 66275 INFO tempest.lib.common.rest_client [req-954f8ce8-c548-47a7-83ac-27a490f5ef76 req-954f8ce8-c548-47a7-83ac-27a490f5ef76 ] Request (ImagesTestJSON:setUpClass): 201 POST http://10.180.1.21/identity/v3/auth/tokens 0.126s
2024-12-10 17:24:40.539 66265 INFO tempest.lib.common.rest_client [req-b50aa4fd-c1b3-484e-bff4-a81719f02026 req-b50aa4fd-c1b3-484e-bff4-a81719f02026 ] Request (ServerMetadataTestJSON:setUpClass): 200 GET http://10.180.1.21/compute/v2.1/servers/41b1ce5d-a8ac-4b93-94a3-cf26367266d6 0.147s
2024-12-10 17:24:40.557 66275 INFO tempest.lib.common.rest_client [req-7c292729-aa38-4f43-a6b7-0c54e256ec63 req-7c292729-aa38-4f43-a6b7-0c54e256ec63 ] Request (ImagesTestJSON:test_create_image_from_stopped_server): 201 POST http://10.180.1.21/identity/v3/auth/tokens 0.041s
2024-12-10 17:24:40.558 66275 INFO tempest.lib.common.fixed_network [-] (ImagesTestJSON:test_create_image_from_stopped_server) Found network {'id': 'c3008d10-e30b-4ec3-bdcf-a6eb5fc754ce', 'name': 'tempest-ImagesTestJSON-2018586182-network', 'tenant_id': '2d5cb4b4799b4b8b99648e718dbc0254', 'admin_state_up': True, 'mtu': 8950, 'status': 'ACTIVE', 'subnets': [], 'shared': False, 'project_id': '2d5cb4b4799b4b8b99648e718dbc0254', 'port_security_enabled': True, 'router:external': False, 'provider:network_type': 'vlan', 'provider:physical_network': 'default', 'provider:segmentation_id': 353, 'availability_zone_hints': [], 'availability_zones': [], 'ipv4_address_scope': None, 'ipv6_address_scope': None, 'description': '', 'tags': [], 'created_at': '2024-12-10T17:24:36Z', 'updated_at': '2024-12-10T17:24:36Z', 'revision_number': 1} available for tenant
2024-12-10 17:24:40.623 66259 INFO tempest.lib.common.rest_client [req-c6b96e11-9f5c-432e-b101-ce165d058a7f req-c6b96e11-9f5c-432e-b101-ce165d058a7f ] Request (ServersTestMultiNic:test_verify_multiple_nics_order): 200 GET http://10.180.1.21/compute/v2.1/servers/2d7b237e-f86d-42b1-ab04-320f0012a2d1 0.304s
2024-12-10 17:24:40.641 66252 INFO tempest.lib.common.rest_client [req-724bd9a0-71d6-4c91-a75f-162e1664b44e req-724bd9a0-71d6-4c91-a75f-162e1664b44e ] Request (AttachInterfacesV270Test:tearDownClass): 200 GET http://10.180.1.21/compute/v2.1/servers/581f9d48-dcb8-4a34-928b-64087a9f966b 0.186s
2024-12-10 17:24:40.696 66233 INFO tempest.lib.common.rest_client [req-657519de-cf15-4c16-b8a8-37fca5ef63d3 req-657519de-cf15-4c16-b8a8-37fca5ef63d3 ] Request (ListServerFiltersTestJSON:setUpClass): 200 GET http://10.180.1.21/compute/v2.1/servers/99cc8af3-5c18-4839-94db-996861e0c276 0.126s
2024-12-10 17:24:40.753 66225 INFO tempest.lib.common.rest_client [req-04b92453-0e18-4769-914c-481b7ef824e8 req-04b92453-0e18-4769-914c-481b7ef824e8 ] Request (MigrationsAdminTest:test_resize_server_revert_deleted_flavor): 200 GET http://10.180.1.21/compute/v2.1/servers/b95b7656-70ac-4eaf-9934-4b4c50e78035 0.129s
2024-12-10 17:24:40.814 66227 INFO tempest.lib.common.rest_client [req-6ec9280c-cc45-4e4c-8faf-c087e717f3b6 req-6ec9280c-cc45-4e4c-8faf-c087e717f3b6 ] Request (InstanceActionsV221TestJSON:test_get_list_deleted_instance_actions): 200 GET http://10.180.1.21/compute/v2.1/servers/8bc4bb67-bc00-44c6-9c83-c0a1072142e6 0.110s
2024-12-10 17:24:40.944 66249 INFO tempest.lib.common.rest_client [req-f8128a69-9bbb-4e7f-964e-e3bfc9b33c0e req-f8128a69-9bbb-4e7f-964e-e3bfc9b33c0e ] Request (ServersAdminTestJSON:test_create_server_with_scheduling_hint): 200 GET http://10.180.1.21/compute/v2.1/servers/8fa5fef6-8768-4e24-aab3-db56a10588c2 0.105s
2024-12-10 17:24:41.114 66235 INFO tempest.lib.common.rest_client [req-46c7ab9d-c49f-4774-87cb-cfa235f5850d req-46c7ab9d-c49f-4774-87cb-cfa235f5850d ] Request (ImagesOneServerNegativeTestJSON:_run_cleanups): 200 GET http://10.180.1.21/compute/v2.1/servers/d15a7e98-755b-4c5c-ba34-dc5fc3f8846d 0.270s
2024-12-10 17:24:41.186 66237 INFO tempest.lib.common.rest_client [req-d4728141-0016-4887-9059-ee1384eeb66b req-d4728141-0016-4887-9059-ee1384eeb66b ] Request (FloatingIPsAssociationTestJSON:test_associate_already_associated_floating_ip): 200 GET http://10.180.1.21/compute/v2.1/servers/272180b9-e79b-4714-b28b-470937509f42 0.263s
2024-12-10 17:24:41.261 66241 WARNING tempest.lib.common.ssh [-] Failed to establish authenticated ssh connection to cirros@10.180.180.134 ([Errno None] Unable to connect to port 22 on 10.180.180.134). Number attempts: 10. Retry after 11 seconds.: paramiko.ssh_exception.NoValidConnectionsError: [Errno None] Unable to connect to port 22 on 10.180.180.134
2024-12-10 17:24:41.266 66279 INFO tempest.lib.common.rest_client [req-6b0ae535-e1c5-4235-be5a-c86ad73eef92 req-6b0ae535-e1c5-4235-be5a-c86ad73eef92 ] Request (ListImageFiltersTestJSON:tearDownClass): 200 GET http://10.180.1.21/compute/v2.1/servers/eff06e8a-8341-4d5e-b6dd-a585be4a21ea 0.332s
2024-12-10 17:24:41.327 66255 INFO tempest.lib.common.rest_client [req-bc39c835-5658-4e54-b7f3-2ea88617cf64 req-bc39c835-5658-4e54-b7f3-2ea88617cf64 ] Request (ServersTestBootFromVolume:setUpClass): 200 GET http://10.180.1.21/compute/v2.1/servers/4e6b1296-9e19-4047-9c38-dc94c686d0cb 0.332s
2024-12-10 17:24:41.380 66261 INFO tempest.lib.common.rest_client [req-9e8d9b1c-5595-494f-924c-b48cd7e5d109 req-9e8d9b1c-5595-494f-924c-b48cd7e5d109 ] Request (DeleteServersTestJSON:test_delete_active_server): 200 GET http://10.180.1.21/compute/v2.1/servers/c4e96403-895c-479d-bfb2-274a87446bf9 0.361s
2024-12-10 17:24:41.385 66275 INFO tempest.lib.common.rest_client [req-42b36a95-4cce-4ae9-94a1-4a70d1972f1a req-42b36a95-4cce-4ae9-94a1-4a70d1972f1a ] Request (ImagesTestJSON:test_create_image_from_stopped_server): 202 POST http://10.180.1.21/compute/v2.1/servers 0.827s
2024-12-10 17:24:41.441 66263 INFO tempest.lib.common.rest_client [req-5ea6a5af-4570-4606-b7d3-dba57877f722 req-5ea6a5af-4570-4606-b7d3-dba57877f722 ] Request (AttachVolumeTestJSON:test_attach_detach_volume): 200 GET http://10.180.1.21/compute/v2.1/servers/5124f7fb-1293-4964-98c4-426ecfce7d10 0.351s
2024-12-10 17:24:41.466 66253 INFO tempest.lib.common.rest_client [req-aed0dc63-ec32-4bd9-9505-47ab97aa7012 req-aed0dc63-ec32-4bd9-9505-47ab97aa7012 ] Request (ServersNegativeTestJSON:setUpClass): 200 GET http://10.180.1.21/compute/v2.1/servers/192c3a5d-3a23-4f78-8dc7-a256b6d9381d 0.303s
2024-12-10 17:24:41.502 66271 INFO tempest.lib.common.rest_client [req-bf8b8476-0b3e-42b3-8299-69cfcf928e12 req-bf8b8476-0b3e-42b3-8299-69cfcf928e12 ] Request (FloatingIPsAssociationNegativeTestJSON:tearDownClass): 404 GET http://10.180.1.21/compute/v2.1/servers/862302e5-ad7e-40f3-a4a3-8c4a8035e1cf 0.173s
2024-12-10 17:24:41.521 66273 INFO tempest.lib.common.rest_client [req-474c02b1-35f0-4b60-8d04-96214e5b7e4b req-474c02b1-35f0-4b60-8d04-96214e5b7e4b ] Request (ServerActionsV293TestJSON:setUpClass): 200 GET http://10.180.1.21/compute/v2.1/servers/a57c0638-e14b-4474-a6b4-7184d7e2a0fe 0.269s
2024-12-10 17:24:41.559 66275 INFO tempest.lib.common.rest_client [req-e760929e-b518-4beb-8a86-da573c7fa26a req-e760929e-b518-4beb-8a86-da573c7fa26a ] Request (ImagesTestJSON:test_create_image_from_stopped_server): 200 GET http://10.180.1.21/compute/v2.1/servers/6ce88b93-aa42-4f34-81fa-6c09c23ace81 0.172s
2024-12-10 17:24:41.585 66229 INFO tempest.lib.common.rest_client [req-e18b0845-411e-4534-b434-5497f5b8a9c4 req-e18b0845-411e-4534-b434-5497f5b8a9c4 ] Request (ListServersNegativeTestJSON:tearDownClass): 200 GET http://10.180.1.21/compute/v2.1/servers/eebcad60-4b8a-4fa0-b846-b65972c4c69c 0.108s
2024-12-10 17:24:41.601 66257 WARNING tempest.lib.common.ssh [-] Failed to establish authenticated ssh connection to cirros@10.180.180.153 ([Errno None] Unable to connect to port 22 on 10.180.180.153). Number attempts: 11. Retry after 12 seconds.: paramiko.ssh_exception.NoValidConnectionsError: [Errno None] Unable to connect to port 22 on 10.180.180.153
2024-12-10 17:24:41.615 66231 INFO tempest.lib.common.rest_client [req-4551c80c-c921-4f7c-b6aa-0cc1c966f31b req-4551c80c-c921-4f7c-b6aa-0cc1c966f31b ] Request (ServersTestJSON:setUpClass): 200 PUT http://10.180.1.21:9696/networking/v2.0/routers/595d9e67-449b-4397-a468-86ac4fefe6bd/add_router_interface 1.897s
2024-12-10 17:24:41.615 66231 INFO tempest.lib.common.dynamic_creds [-] Created isolated network resources for: credentials: Credentials: {'domain_id': 'default', 'domain_name': 'Default', 'username': 'tempest-ServersTestJSON-1972465365-project-member', 'project_domain_id': 'default', 'project_domain_name': 'Default', 'project_id': 'c33733e0599840618625ecb3e6bb6029', 'project_name': 'tempest-ServersTestJSON-1972465365', 'tenant_id': 'c33733e0599840618625ecb3e6bb6029', 'tenant_name': 'tempest-ServersTestJSON-1972465365', 'user_domain_id': 'default', 'user_domain_name': 'Default', 'user_id': '20a91144677b4efba8ab91acd53d1c04', 'system': None}, Network: {'id': 'e6a7cdc5-1c82-4ca0-b706-7a1271a32962', 'name': 'tempest-ServersTestJSON-818015886-network', 'tenant_id': 'c33733e0599840618625ecb3e6bb6029', 'admin_state_up': True, 'mtu': 8950, 'status': 'ACTIVE', 'subnets': [], 'shared': False, 'project_id': 'c33733e0599840618625ecb3e6bb6029', 'port_security_enabled': True, 'router:external': False, 'provider:network_type': 'vlan', 'provider:physical_network': 'default', 'provider:segmentation_id': 30, 'availability_zone_hints': [], 'availability_zones': [], 'ipv4_address_scope': None, 'ipv6_address_scope': None, 'description': '', 'tags': [], 'created_at': '2024-12-10T17:24:37Z', 'updated_at': '2024-12-10T17:24:37Z', 'revision_number': 1}, Subnet: {'id': '5f57aecb-a6a7-435c-a7d1-e2dd3e1b2c82', 'name': 'tempest-ServersTestJSON-818015886-subnet', 'tenant_id': 'c33733e0599840618625ecb3e6bb6029', 'network_id': 'e6a7cdc5-1c82-4ca0-b706-7a1271a32962', 'ip_version': 4, 'subnetpool_id': None, 'enable_dhcp': True, 'ipv6_ra_mode': None, 'ipv6_address_mode': None, 'gateway_ip': '192.168.128.1', 'cidr': '192.168.128.0/28', 'allocation_pools': [{'start': '192.168.128.2', 'end': '192.168.128.14'}], 'host_routes': [], 'dns_nameservers': [], 'description': '', 'router:external': False, 'service_types': [], 'tags': [], 'created_at': '2024-12-10T17:24:37Z', 'updated_at': '2024-12-10T17:24:37Z', 'revision_number': 0, 'project_id': 'c33733e0599840618625ecb3e6bb6029'}, Router: {'id': '595d9e67-449b-4397-a468-86ac4fefe6bd', 'name': 'tempest-ServersTestJSON-818015886-router', 'tenant_id': 'c33733e0599840618625ecb3e6bb6029', 'admin_state_up': True, 'status': 'ACTIVE', 'external_gateway_info': {'network_id': 'b9822408-7062-4404-858d-b4fe0c495481', 'external_fixed_ips': [{'subnet_id': '935b1629-c94b-47a3-96bd-73ead4bcd6c1', 'ip_address': '10.180.180.161'}], 'enable_snat': True}, 'description': '', 'availability_zones': [], 'distributed': False, 'ha': False, 'availability_zone_hints': [], 'routes': [], 'flavor_id': None, 'tags': [], 'created_at': '2024-12-10T17:24:38Z', 'updated_at': '2024-12-10T17:24:38Z', 'revision_number': 2, 'project_id': 'c33733e0599840618625ecb3e6bb6029'}
2024-12-10 17:24:41.630 66265 INFO tempest.lib.common.rest_client [req-ffccf3e9-cdd6-4004-9e39-49905211774a req-ffccf3e9-cdd6-4004-9e39-49905211774a ] Request (ServerMetadataTestJSON:setUpClass): 200 GET http://10.180.1.21/compute/v2.1/servers/41b1ce5d-a8ac-4b93-94a3-cf26367266d6 0.079s
2024-12-10 17:24:41.716 66231 INFO tempest.lib.common.rest_client [req-e1a0155b-e881-446d-a253-4825017cf605 req-e1a0155b-e881-446d-a253-4825017cf605 ] Request (ServersTestJSON:setUpClass): 201 POST http://10.180.1.21/identity/v3/auth/tokens 0.095s
2024-12-10 17:24:41.726 66252 INFO tempest.lib.common.rest_client [req-80d6e537-76d5-47ec-9839-d8f031648239 req-80d6e537-76d5-47ec-9839-d8f031648239 ] Request (AttachInterfacesV270Test:tearDownClass): 200 GET http://10.180.1.21/compute/v2.1/servers/581f9d48-dcb8-4a34-928b-64087a9f966b 0.075s
2024-12-10 17:24:41.779 66233 INFO tempest.lib.common.rest_client [req-aa7f969c-3427-4a1f-a575-35f632dfd946 req-aa7f969c-3427-4a1f-a575-35f632dfd946 ] Request (ListServerFiltersTestJSON:setUpClass): 200 GET http://10.180.1.21/compute/v2.1/servers/99cc8af3-5c18-4839-94db-996861e0c276 0.074s
2024-12-10 17:24:41.793 66231 INFO tempest.lib.common.rest_client [req-9b6ee594-c56f-4787-b26e-bfd1cf359c2c req-9b6ee594-c56f-4787-b26e-bfd1cf359c2c ] Request (ServersTestJSON:setUpClass): 200 GET http://10.180.1.21/identity/v3/projects/c33733e0599840618625ecb3e6bb6029 0.076s
2024-12-10 17:24:41.793 66231 INFO tempest.lib.common.dynamic_creds [-] Using the existing project c33733e0599840618625ecb3e6bb6029 for scope project and roles: ['reader']
2024-12-10 17:24:41.834 66259 INFO tempest.lib.common.rest_client [req-42d0baea-a976-4691-916b-a391a1609d46 req-42d0baea-a976-4691-916b-a391a1609d46 ] Request (ServersTestMultiNic:test_verify_multiple_nics_order): 200 GET http://10.180.1.21/compute/v2.1/servers/2d7b237e-f86d-42b1-ab04-320f0012a2d1 0.200s
2024-12-10 17:24:41.835 66231 INFO tempest.lib.common.rest_client [req-0f8a51e1-87b6-4d94-8db0-ec5e99ef0588 req-0f8a51e1-87b6-4d94-8db0-ec5e99ef0588 ] Request (ServersTestJSON:setUpClass): 201 POST http://10.180.1.21/identity/v3/users 0.042s
2024-12-10 17:24:41.845 66225 INFO tempest.lib.common.rest_client [req-a545f934-10de-49cb-acba-1533a132aa46 req-a545f934-10de-49cb-acba-1533a132aa46 ] Request (MigrationsAdminTest:test_resize_server_revert_deleted_flavor): 200 GET http://10.180.1.21/compute/v2.1/servers/b95b7656-70ac-4eaf-9934-4b4c50e78035 0.085s
2024-12-10 17:24:41.871 66231 INFO tempest.lib.common.rest_client [req-808efbce-a94e-43c1-83aa-9a2ab64171e2 req-808efbce-a94e-43c1-83aa-9a2ab64171e2 ] Request (ServersTestJSON:setUpClass): 200 GET http://10.180.1.21/identity/v3/roles 0.035s
2024-12-10 17:24:41.912 66231 INFO tempest.lib.common.rest_client [req-73336d61-8c8f-4671-a0eb-7c82af80957f req-73336d61-8c8f-4671-a0eb-7c82af80957f ] Request (ServersTestJSON:setUpClass): 204 PUT http://10.180.1.21/identity/v3/projects/c33733e0599840618625ecb3e6bb6029/users/adf35e6c93b54997904cc09231f7b913/roles/8a3e61c2910b498a82ab2d162fe1cb8e 0.041s
2024-12-10 17:24:41.913 66231 INFO tempest.lib.common.dynamic_creds [-] Dynamic test user adf35e6c93b54997904cc09231f7b913 is created with scope project and roles: ['reader']
2024-12-10 17:24:41.913 66231 INFO tempest.lib.common.dynamic_creds [-] Acquired dynamic creds: credentials: Credentials: {'domain_id': 'default', 'domain_name': 'Default', 'username': 'tempest-ServersTestJSON-1972465365-project-reader', 'project_domain_id': 'default', 'project_domain_name': 'Default', 'project_id': 'c33733e0599840618625ecb3e6bb6029', 'project_name': 'tempest-ServersTestJSON-1972465365', 'tenant_id': 'c33733e0599840618625ecb3e6bb6029', 'tenant_name': 'tempest-ServersTestJSON-1972465365', 'user_domain_id': 'default', 'user_domain_name': 'Default', 'user_id': 'adf35e6c93b54997904cc09231f7b913', 'system': None}, Network: None, Subnet: None, Router: None
2024-12-10 17:24:41.913 66231 INFO tempest.lib.common.dynamic_creds [-] Network resources are not created for requested scope: project and credentials: Credentials: {'domain_id': 'default', 'domain_name': 'Default', 'username': 'tempest-ServersTestJSON-1972465365-project-reader', 'project_domain_id': 'default', 'project_domain_name': 'Default', 'project_id': 'c33733e0599840618625ecb3e6bb6029', 'project_name': 'tempest-ServersTestJSON-1972465365', 'tenant_id': 'c33733e0599840618625ecb3e6bb6029', 'tenant_name': 'tempest-ServersTestJSON-1972465365', 'user_domain_id': 'default', 'user_domain_name': 'Default', 'user_id': 'adf35e6c93b54997904cc09231f7b913', 'system': None}, Network: None, Subnet: None, Router: None
2024-12-10 17:24:41.917 66227 INFO tempest.lib.common.rest_client [req-0719b8f4-163c-4f8e-8b5b-9bf63c7fa205 req-0719b8f4-163c-4f8e-8b5b-9bf63c7fa205 ] Request (InstanceActionsV221TestJSON:test_get_list_deleted_instance_actions): 200 GET http://10.180.1.21/compute/v2.1/servers/8bc4bb67-bc00-44c6-9c83-c0a1072142e6 0.095s
2024-12-10 17:24:41.926 66227 INFO tempest.common.waiters [-] State transition "ACTIVE/deleting" ==> "DELETED/None" after 4 second wait
2024-12-10 17:24:42.011 66231 INFO tempest.lib.common.rest_client [req-5931c4f4-51b8-48bd-81df-dbe876c55961 req-5931c4f4-51b8-48bd-81df-dbe876c55961 ] Request (ServersTestJSON:setUpClass): 201 POST http://10.180.1.21/identity/v3/auth/tokens 0.092s
2024-12-10 17:24:42.080 66231 INFO tempest.lib.common.rest_client [req-66a2ab6b-9928-4a11-8d13-bed754367357 req-66a2ab6b-9928-4a11-8d13-bed754367357 ] Request (ServersTestJSON:test_create_server_specify_multibyte_character_name): 201 POST http://10.180.1.21/identity/v3/auth/tokens 0.063s
2024-12-10 17:24:42.081 66231 INFO tempest.lib.common.fixed_network [-] (ServersTestJSON:test_create_server_specify_multibyte_character_name) Found network {'id': 'e6a7cdc5-1c82-4ca0-b706-7a1271a32962', 'name': 'tempest-ServersTestJSON-818015886-network', 'tenant_id': 'c33733e0599840618625ecb3e6bb6029', 'admin_state_up': True, 'mtu': 8950, 'status': 'ACTIVE', 'subnets': [], 'shared': False, 'project_id': 'c33733e0599840618625ecb3e6bb6029', 'port_security_enabled': True, 'router:external': False, 'provider:network_type': 'vlan', 'provider:physical_network': 'default', 'provider:segmentation_id': 30, 'availability_zone_hints': [], 'availability_zones': [], 'ipv4_address_scope': None, 'ipv6_address_scope': None, 'description': '', 'tags': [], 'created_at': '2024-12-10T17:24:37Z', 'updated_at': '2024-12-10T17:24:37Z', 'revision_number': 1} available for tenant
