2024-12-10 17:24:49.165 66237 INFO tempest.lib.common.rest_client [req-a14542cb-50f6-476d-86dc-37ebb8cc3953 req-a14542cb-50f6-476d-86dc-37ebb8cc3953 ] Request (FloatingIPsAssociationTestJSON:test_associate_already_associated_floating_ip): 200 GET http://10.180.1.21/compute/v2.1/servers/272180b9-e79b-4714-b28b-470937509f42 0.078s
2024-12-10 17:24:49.256 66255 INFO tempest.lib.common.rest_client [req-90c13cb4-c0b1-4baa-b276-280c01ff783a req-90c13cb4-c0b1-4baa-b276-280c01ff783a ] Request (ServersTestBootFromVolume:setUpClass): 200 GET http://10.180.1.21/compute/v2.1/servers/4e6b1296-9e19-4047-9c38-dc94c686d0cb 0.080s
2024-12-10 17:24:49.264 66255 INFO tempest.common.waiters [-] State transition "BUILD/None" ==> "BUILD/networking" after 70 second wait
2024-12-10 17:24:49.269 66233 INFO tempest.lib.common.rest_client [req-2ea3ebbf-5b21-434c-9a40-98f435d36d26 req-2ea3ebbf-5b21-434c-9a40-98f435d36d26 ] Request (ListServerFiltersTestJSON:setUpClass): 200 GET http://10.180.1.21/compute/v2.1/servers/99cc8af3-5c18-4839-94db-996861e0c276 0.176s
2024-12-10 17:24:49.325 66261 INFO tempest.lib.common.rest_client [req-d42c1bc3-6a97-4b86-83dc-3f8f61e210c7 req-d42c1bc3-6a97-4b86-83dc-3f8f61e210c7 ] Request (DeleteServersTestJSON:test_delete_active_server): 200 GET http://10.180.1.21/compute/v2.1/servers/c4e96403-895c-479d-bfb2-274a87446bf9 0.134s
2024-12-10 17:24:49.333 66263 INFO tempest.lib.common.rest_client [req-7df2dbf2-014c-4a1d-a7e1-01ace781d37b req-7df2dbf2-014c-4a1d-a7e1-01ace781d37b ] Request (AttachVolumeTestJSON:test_attach_detach_volume): 200 GET http://10.180.1.21/compute/v2.1/servers/5124f7fb-1293-4964-98c4-426ecfce7d10 0.058s
2024-12-10 17:24:49.333 66261 INFO tempest.common.waiters [-] State transition "BUILD/scheduling" ==> "BUILD/None" after 25 second wait
2024-12-10 17:24:49.345 66277 WARNING tempest.lib.common.ssh [-] Failed to establish authenticated ssh connection to cirros@10.180.180.233 ([Errno None] Unable to connect to port 22 on 10.180.180.233). Number attempts: 12. Retry after 13 seconds.: paramiko.ssh_exception.NoValidConnectionsError: [Errno None] Unable to connect to port 22 on 10.180.180.233
2024-12-10 17:24:49.436 66271 INFO tempest.lib.common.rest_client [req-77dc943c-1843-4398-a727-d43943b91a5f req-77dc943c-1843-4398-a727-d43943b91a5f ] Request (FloatingIPDetailsNegativeTestJSON:tearDownClass): 204 DELETE http://10.180.1.21:9696/networking/v2.0/routers/9dfaae45-4e21-4c54-a76d-b5b922befa3b 0.667s
2024-12-10 17:24:49.501 66253 INFO tempest.lib.common.rest_client [req-c46f5bc2-5a13-4fe2-9447-19d6fab55176 req-c46f5bc2-5a13-4fe2-9447-19d6fab55176 ] Request (ServersNegativeTestJSON:setUpClass): 200 GET http://10.180.1.21/compute/v2.1/servers/192c3a5d-3a23-4f78-8dc7-a256b6d9381d 0.085s
2024-12-10 17:24:49.569 66231 INFO tempest.lib.common.rest_client [req-4827fa6e-9a14-4ffd-98cf-ab945135a8a6 req-4827fa6e-9a14-4ffd-98cf-ab945135a8a6 ] Request (ServersTestJSON:test_create_server_specify_multibyte_character_name): 200 GET http://10.180.1.21/compute/v2.1/servers/765f3232-f3f9-4d9b-92f2-fb6603f2a90a 0.086s
2024-12-10 17:24:49.626 66235 INFO tempest.lib.common.rest_client [req-f9ac70eb-0b51-4add-8305-5faf3c6f3a76 req-f9ac70eb-0b51-4add-8305-5faf3c6f3a76 ] Request (ImagesOneServerNegativeTestJSON:tearDown): 200 GET http://10.180.1.21/compute/v2.1/servers/d15a7e98-755b-4c5c-ba34-dc5fc3f8846d 0.205s
2024-12-10 17:24:49.636 66235 INFO tempest.common.waiters [-] State transition "ACTIVE/image_snapshot" ==> "ACTIVE/image_pending_upload" after 2 second wait
2024-12-10 17:24:49.640 66273 INFO tempest.lib.common.rest_client [req-758e5924-74e8-481b-a269-0a835c63e325 req-758e5924-74e8-481b-a269-0a835c63e325 ] Request (ServerActionsV293TestJSON:setUpClass): 200 GET http://10.180.1.21/compute/v2.1/servers/a57c0638-e14b-4474-a6b4-7184d7e2a0fe 0.089s
2024-12-10 17:24:49.718 66279 INFO tempest.lib.common.rest_client [req-a7691ab3-ba1f-452f-814b-116d7fc022f5 req-a7691ab3-ba1f-452f-814b-116d7fc022f5 ] Request (ListImageFiltersTestJSON:tearDownClass): 200 GET http://10.180.1.21/compute/v2.1/servers/4438e230-0589-48ae-8848-d1f8414efa61 0.085s
2024-12-10 17:24:49.720 66271 INFO tempest.lib.common.rest_client [req-c2596d3f-bb38-4f53-9ba5-fb9192074ef2 req-c2596d3f-bb38-4f53-9ba5-fb9192074ef2 ] Request (FloatingIPDetailsNegativeTestJSON:tearDownClass): 204 DELETE http://10.180.1.21:9696/networking/v2.0/subnets/81c7104b-c6f9-4cbb-9434-37cdc7f4adce 0.283s
2024-12-10 17:24:49.726 66279 INFO tempest.common.waiters [-] State transition "ACTIVE/deleting" ==> "DELETED/None" after 3 second wait
2024-12-10 17:24:49.751 66275 INFO tempest.lib.common.rest_client [req-8cd72cb6-bde3-4046-a72a-f4a12596f214 req-8cd72cb6-bde3-4046-a72a-f4a12596f214 ] Request (ImagesTestJSON:test_create_image_from_stopped_server): 200 GET http://10.180.1.21/compute/v2.1/servers/6ce88b93-aa42-4f34-81fa-6c09c23ace81 0.066s
2024-12-10 17:24:49.822 66259 INFO tempest.lib.common.rest_client [req-d0627f01-343c-4af5-a94f-b5a3a6ded6e1 req-d0627f01-343c-4af5-a94f-b5a3a6ded6e1 ] Request (ServersTestMultiNic:_run_cleanups): 200 GET http://10.180.1.21/compute/v2.1/servers/2d7b237e-f86d-42b1-ab04-320f0012a2d1 0.070s
2024-12-10 17:24:49.834 66229 INFO tempest.lib.common.rest_client [req-fbe095f2-5875-4ca5-a45d-b61a705b3c4a req-fbe095f2-5875-4ca5-a45d-b61a705b3c4a ] Request (ListServersNegativeTestJSON:tearDownClass): 200 GET http://10.180.1.21/compute/v2.1/servers/eebcad60-4b8a-4fa0-b846-b65972c4c69c 0.082s
2024-12-10 17:24:49.890 66265 INFO tempest.lib.common.rest_client [req-95f28808-a3cc-4024-bdc6-b36518aca638 req-95f28808-a3cc-4024-bdc6-b36518aca638 ] Request (ServerMetadataTestJSON:setUpClass): 200 GET http://10.180.1.21/compute/v2.1/servers/41b1ce5d-a8ac-4b93-94a3-cf26367266d6 0.081s
2024-12-10 17:24:49.925 66252 INFO tempest.lib.common.rest_client [req-0fb6720a-a08c-4417-8c72-440c391f53b8 req-0fb6720a-a08c-4417-8c72-440c391f53b8 ] Request (AttachInterfacesV270Test:tearDownClass): 200 GET http://10.180.1.21/compute/v2.1/servers/581f9d48-dcb8-4a34-928b-64087a9f966b 0.069s
2024-12-10 17:24:49.947 66249 INFO tempest.lib.common.rest_client [req-5dda3662-1678-4f79-8d74-3769b09a5fd5 req-5dda3662-1678-4f79-8d74-3769b09a5fd5 ] Request (ServersAdminTestJSON:test_inject_network_info): 200 GET http://10.180.1.21/compute/v2.1/servers/63785911-ea55-4aeb-9ba2-6cea5ddd9cae 0.086s
2024-12-10 17:24:50.039 66271 INFO tempest.lib.common.rest_client [req-d5ad2d6f-783b-46ed-9456-83ef72bcad23 req-d5ad2d6f-783b-46ed-9456-83ef72bcad23 ] Request (FloatingIPDetailsNegativeTestJSON:tearDownClass): 204 DELETE http://10.180.1.21:9696/networking/v2.0/networks/392a0b18-6ba3-496a-8424-a8fa8030a6b4 0.318s
2024-12-10 17:24:50.051 66285 WARNING tempest.lib.common.ssh [-] Failed to establish authenticated ssh connection to cirros@10.180.180.129 ([Errno None] Unable to connect to port 22 on 10.180.180.129). Number attempts: 13. Retry after 14 seconds.: paramiko.ssh_exception.NoValidConnectionsError: [Errno None] Unable to connect to port 22 on 10.180.180.129
2024-12-10 17:24:50.051 66243 WARNING tempest.lib.common.ssh [-] Failed to establish authenticated ssh connection to cirros@10.180.180.243 ([Errno None] Unable to connect to port 22 on 10.180.180.243). Number attempts: 3. Retry after 4 seconds.: paramiko.ssh_exception.NoValidConnectionsError: [Errno None] Unable to connect to port 22 on 10.180.180.243
2024-12-10 17:24:50.076 66225 INFO tempest.lib.common.rest_client [req-d810f574-92c8-43ed-8264-2eedbb8d42cf req-d810f574-92c8-43ed-8264-2eedbb8d42cf ] Request (MigrationsAdminTest:test_resize_server_revert_deleted_flavor): 200 GET http://10.180.1.21/compute/v2.1/servers/b95b7656-70ac-4eaf-9934-4b4c50e78035 0.060s
2024-12-10 17:24:50.129 66271 INFO tempest.lib.common.rest_client [req-12584394-38f5-4a04-9809-f49a1ab4e052 req-12584394-38f5-4a04-9809-f49a1ab4e052 ] Request (FloatingIPDetailsNegativeTestJSON:tearDownClass): 204 DELETE http://10.180.1.21/identity/v3/users/3d10da07e67d473c83b087554dc7ebae 0.090s
2024-12-10 17:24:50.129 66271 INFO tempest.lib.common.dynamic_creds [-] Deleting project and security group for project: 37a34206c0f94678954295d6f29c90bd
2024-12-10 17:24:50.168 66227 INFO tempest.lib.common.rest_client [req-aba4d43a-5e1a-456c-a895-10258ab6d0ef req-aba4d43a-5e1a-456c-a895-10258ab6d0ef ] Request (InstanceActionsV221TestJSON:test_get_list_deleted_instance_actions): 200 GET http://10.180.1.21/compute/v2.1/servers/8bc4bb67-bc00-44c6-9c83-c0a1072142e6 0.089s
2024-12-10 17:24:50.180 66271 INFO tempest.lib.common.rest_client [req-2dc6fa0f-e707-4fb1-9887-c88659da9412 req-2dc6fa0f-e707-4fb1-9887-c88659da9412 ] Request (FloatingIPDetailsNegativeTestJSON:tearDownClass): 200 GET http://10.180.1.21:9696/networking/v2.0/security-groups?tenant_id=37a34206c0f94678954295d6f29c90bd&name=default 0.050s
2024-12-10 17:24:50.225 66237 INFO tempest.lib.common.rest_client [req-7a354a55-b162-4647-bd02-578f58d7ebc3 req-7a354a55-b162-4647-bd02-578f58d7ebc3 ] Request (FloatingIPsAssociationTestJSON:test_associate_already_associated_floating_ip): 200 GET http://10.180.1.21/compute/v2.1/servers/272180b9-e79b-4714-b28b-470937509f42 0.050s
2024-12-10 17:24:50.258 66271 INFO tempest.lib.common.rest_client [req-94df7ea1-0822-4cf6-b235-a08942994546 req-94df7ea1-0822-4cf6-b235-a08942994546 ] Request (FloatingIPDetailsNegativeTestJSON:tearDownClass): 204 DELETE http://10.180.1.21:9696/networking/v2.0/security-groups/c78a6bda-b76b-4853-b90c-20818c0929d3 0.077s
2024-12-10 17:24:50.345 66271 INFO tempest.lib.common.rest_client [req-92024c24-1412-40e7-9ed3-2584965e16ca req-92024c24-1412-40e7-9ed3-2584965e16ca ] Request (FloatingIPDetailsNegativeTestJSON:tearDownClass): 204 DELETE http://10.180.1.21/identity/v3/projects/37a34206c0f94678954295d6f29c90bd 0.087s
2024-12-10 17:24:50.383 66233 INFO tempest.lib.common.rest_client [req-b2d5eaff-a67a-4ffd-81bf-32b63953d2d7 req-b2d5eaff-a67a-4ffd-81bf-32b63953d2d7 ] Request (ListServerFiltersTestJSON:setUpClass): 200 GET http://10.180.1.21/compute/v2.1/servers/99cc8af3-5c18-4839-94db-996861e0c276 0.104s
2024-12-10 17:24:50.396 66255 INFO tempest.lib.common.rest_client [req-b5992e2b-9fa7-4e92-b09a-11cf3b9e937e req-b5992e2b-9fa7-4e92-b09a-11cf3b9e937e ] Request (ServersTestBootFromVolume:setUpClass): 200 GET http://10.180.1.21/compute/v2.1/servers/4e6b1296-9e19-4047-9c38-dc94c686d0cb 0.131s
2024-12-10 17:24:50.403 66255 INFO tempest.common.waiters [-] State transition "BUILD/networking" ==> "BUILD/block_device_mapping" after 71 second wait
2024-12-10 17:24:50.405 66271 INFO tempest.lib.common.rest_client [req-811e258d-ea17-4d03-a0ed-7a659594700f req-811e258d-ea17-4d03-a0ed-7a659594700f ] Request (ServerShowV247Test:setUpClass): 201 POST http://10.180.1.21/identity/v3/auth/tokens 0.058s
2024-12-10 17:24:50.434 66261 INFO tempest.lib.common.rest_client [req-145c9152-3feb-43fe-bd59-74edc5e15de2 req-145c9152-3feb-43fe-bd59-74edc5e15de2 ] Request (DeleteServersTestJSON:test_delete_active_server): 200 GET http://10.180.1.21/compute/v2.1/servers/c4e96403-895c-479d-bfb2-274a87446bf9 0.099s
2024-12-10 17:24:50.436 66271 INFO tempest.lib.common.rest_client [req-67c37ab0-24a9-48d2-876b-9631792676b9 req-67c37ab0-24a9-48d2-876b-9631792676b9 ] Request (ServerShowV247Test:setUpClass): 201 POST http://10.180.1.21/identity/v3/auth/tokens 0.029s
2024-12-10 17:24:50.442 66263 INFO tempest.lib.common.rest_client [req-29d4e6c2-a1c8-435b-8fb7-91d3c9148ad8 req-29d4e6c2-a1c8-435b-8fb7-91d3c9148ad8 ] Request (AttachVolumeTestJSON:test_attach_detach_volume): 200 GET http://10.180.1.21/compute/v2.1/servers/5124f7fb-1293-4964-98c4-426ecfce7d10 0.101s
2024-12-10 17:24:50.462 66271 INFO tempest.lib.common.rest_client [req-0edd3dec-33a7-4fe1-94a6-17042d28ad25 req-0edd3dec-33a7-4fe1-94a6-17042d28ad25 ] Request (ServerShowV247Test:setUpClass): 200 GET http://10.180.1.21/identity/v3/domains?name=Default 0.025s
2024-12-10 17:24:50.495 66271 INFO tempest.lib.common.rest_client [req-0eea2195-9783-4b11-b9cb-80edd1f4123d req-0eea2195-9783-4b11-b9cb-80edd1f4123d ] Request (ServerShowV247Test:setUpClass): 201 POST http://10.180.1.21/identity/v3/projects 0.032s
2024-12-10 17:24:50.562 66271 INFO tempest.lib.common.rest_client [req-5db8532d-b535-4d45-8177-ac29abf4ea63 req-5db8532d-b535-4d45-8177-ac29abf4ea63 ] Request (ServerShowV247Test:setUpClass): 201 POST http://10.180.1.21/identity/v3/users 0.067s
2024-12-10 17:24:50.577 66253 INFO tempest.lib.common.rest_client [req-0c35db33-f704-405e-8989-4023f1c9bd41 req-0c35db33-f704-405e-8989-4023f1c9bd41 ] Request (ServersNegativeTestJSON:setUpClass): 200 GET http://10.180.1.21/compute/v2.1/servers/192c3a5d-3a23-4f78-8dc7-a256b6d9381d 0.066s
2024-12-10 17:24:50.580 66271 INFO tempest.lib.common.rest_client [req-a2e15c96-9ae5-4f12-ad59-29f01f259c86 req-a2e15c96-9ae5-4f12-ad59-29f01f259c86 ] Request (ServerShowV247Test:setUpClass): 200 GET http://10.180.1.21/identity/v3/roles 0.017s
2024-12-10 17:24:50.609 66271 INFO tempest.lib.common.rest_client [req-03339e5b-3c84-46a5-9f5f-c106f7a56c28 req-03339e5b-3c84-46a5-9f5f-c106f7a56c28 ] Request (ServerShowV247Test:setUpClass): 204 PUT http://10.180.1.21/identity/v3/projects/bd433f5f7e2d4ab7a38cedc3b86a106e/users/6ab6c0d24237496a8721ac03e7b1b199/roles/fd41285c58de43a5a122e038f945495a 0.028s
2024-12-10 17:24:50.609 66271 INFO tempest.lib.common.dynamic_creds [-] Dynamic test user 6ab6c0d24237496a8721ac03e7b1b199 is created with scope project and roles: ['member']
2024-12-10 17:24:50.609 66271 INFO tempest.lib.common.dynamic_creds [-] Acquired dynamic creds: credentials: Credentials: {'domain_id': 'default', 'domain_name': 'Default', 'username': 'tempest-ServerShowV247Test-1477613391-project-member', 'project_domain_id': 'default', 'project_domain_name': 'Default', 'project_id': 'bd433f5f7e2d4ab7a38cedc3b86a106e', 'project_name': 'tempest-ServerShowV247Test-1477613391', 'tenant_id': 'bd433f5f7e2d4ab7a38cedc3b86a106e', 'tenant_name': 'tempest-ServerShowV247Test-1477613391', 'user_domain_id': 'default', 'user_domain_name': 'Default', 'user_id': '6ab6c0d24237496a8721ac03e7b1b199', 'system': None}, Network: None, Subnet: None, Router: None
2024-12-10 17:24:50.609 66271 INFO tempest.lib.common.dynamic_creds [-] Created isolated network resources for: credentials: Credentials: {'domain_id': 'default', 'domain_name': 'Default', 'username': 'tempest-ServerShowV247Test-1477613391-project-member', 'project_domain_id': 'default', 'project_domain_name': 'Default', 'project_id': 'bd433f5f7e2d4ab7a38cedc3b86a106e', 'project_name': 'tempest-ServerShowV247Test-1477613391', 'tenant_id': 'bd433f5f7e2d4ab7a38cedc3b86a106e', 'tenant_name': 'tempest-ServerShowV247Test-1477613391', 'user_domain_id': 'default', 'user_domain_name': 'Default', 'user_id': '6ab6c0d24237496a8721ac03e7b1b199', 'system': None}, Network: None, Subnet: None, Router: None
2024-12-10 17:24:50.631 66231 INFO tempest.lib.common.rest_client [req-93dbe933-fa32-41e2-aa49-d80ce056bf69 req-93dbe933-fa32-41e2-aa49-d80ce056bf69 ] Request (ServersTestJSON:test_create_server_specify_multibyte_character_name): 200 GET http://10.180.1.21/compute/v2.1/servers/765f3232-f3f9-4d9b-92f2-fb6603f2a90a 0.054s
2024-12-10 17:24:50.699 66271 INFO tempest.lib.common.rest_client [req-81392621-604c-4bc2-be83-1344a14f9ea9 req-81392621-604c-4bc2-be83-1344a14f9ea9 ] Request (ServerShowV247Test:setUpClass): 201 POST http://10.180.1.21/identity/v3/auth/tokens 0.082s
2024-12-10 17:24:50.734 66273 INFO tempest.lib.common.rest_client [req-95fbafb7-d78f-4724-a186-a2462b663424 req-95fbafb7-d78f-4724-a186-a2462b663424 ] Request (ServerActionsV293TestJSON:setUpClass): 200 GET http://10.180.1.21/compute/v2.1/servers/a57c0638-e14b-4474-a6b4-7184d7e2a0fe 0.080s
2024-12-10 17:24:50.754 66271 INFO tempest.lib.common.rest_client [req-021967c5-066c-45a6-b113-a61af910df42 req-021967c5-066c-45a6-b113-a61af910df42 ] Request (ServerShowV247Test:setUpClass): 200 GET http://10.180.1.21/identity/v3/projects/bd433f5f7e2d4ab7a38cedc3b86a106e 0.054s
2024-12-10 17:24:50.754 66271 INFO tempest.lib.common.dynamic_creds [-] Using the existing project bd433f5f7e2d4ab7a38cedc3b86a106e for scope project and roles: ['reader']
2024-12-10 17:24:50.763 66235 INFO tempest.lib.common.rest_client [req-713fc2a5-201a-4035-b9c3-2fda3b572ad6 req-713fc2a5-201a-4035-b9c3-2fda3b572ad6 ] Request (ImagesOneServerNegativeTestJSON:tearDown): 200 GET http://10.180.1.21/compute/v2.1/servers/d15a7e98-755b-4c5c-ba34-dc5fc3f8846d 0.126s
2024-12-10 17:24:50.770 66235 INFO tempest.common.waiters [-] State transition "ACTIVE/image_pending_upload" ==> "ACTIVE/image_uploading" after 3 second wait
2024-12-10 17:24:50.783 66271 INFO tempest.lib.common.rest_client [req-74a84cda-ce33-4c66-8035-ea50bc57baf7 req-74a84cda-ce33-4c66-8035-ea50bc57baf7 ] Request (ServerShowV247Test:setUpClass): 201 POST http://10.180.1.21/identity/v3/users 0.028s
2024-12-10 17:24:50.800 66279 INFO tempest.lib.common.rest_client [req-b7e12b79-9e53-4957-8afb-b8b3df2faf0d req-b7e12b79-9e53-4957-8afb-b8b3df2faf0d ] Request (ListImageFiltersTestJSON:tearDownClass): 200 GET http://10.180.1.21/compute/v2.1/servers/4438e230-0589-48ae-8848-d1f8414efa61 0.073s
2024-12-10 17:24:50.802 66271 INFO tempest.lib.common.rest_client [req-8d2d222f-d6f1-4acc-af76-0765ba468127 req-8d2d222f-d6f1-4acc-af76-0765ba468127 ] Request (ServerShowV247Test:setUpClass): 200 GET http://10.180.1.21/identity/v3/roles 0.018s
2024-12-10 17:24:50.818 66275 INFO tempest.lib.common.rest_client [req-1313a93e-1726-4e37-b261-f2c70704c65b req-1313a93e-1726-4e37-b261-f2c70704c65b ] Request (ImagesTestJSON:test_create_image_from_stopped_server): 200 GET http://10.180.1.21/compute/v2.1/servers/6ce88b93-aa42-4f34-81fa-6c09c23ace81 0.056s
2024-12-10 17:24:50.833 66271 INFO tempest.lib.common.rest_client [req-2e6a2b46-d27e-42b8-bc9a-76eea6b490ac req-2e6a2b46-d27e-42b8-bc9a-76eea6b490ac ] Request (ServerShowV247Test:setUpClass): 204 PUT http://10.180.1.21/identity/v3/projects/bd433f5f7e2d4ab7a38cedc3b86a106e/users/5d6732d8802a4d5a988aeb9478c1bc44/roles/8a3e61c2910b498a82ab2d162fe1cb8e 0.030s
2024-12-10 17:24:50.833 66271 INFO tempest.lib.common.dynamic_creds [-] Dynamic test user 5d6732d8802a4d5a988aeb9478c1bc44 is created with scope project and roles: ['reader']
2024-12-10 17:24:50.833 66271 INFO tempest.lib.common.dynamic_creds [-] Acquired dynamic creds: credentials: Credentials: {'domain_id': 'default', 'domain_name': 'Default', 'username': 'tempest-ServerShowV247Test-1477613391-project-reader', 'project_domain_id': 'default', 'project_domain_name': 'Default', 'project_id': 'bd433f5f7e2d4ab7a38cedc3b86a106e', 'project_name': 'tempest-ServerShowV247Test-1477613391', 'tenant_id': 'bd433f5f7e2d4ab7a38cedc3b86a106e', 'tenant_name': 'tempest-ServerShowV247Test-1477613391', 'user_domain_id': 'default', 'user_domain_name': 'Default', 'user_id': '5d6732d8802a4d5a988aeb9478c1bc44', 'system': None}, Network: None, Subnet: None, Router: None
2024-12-10 17:24:50.833 66271 INFO tempest.lib.common.dynamic_creds [-] Network resources are not created for requested scope: project and credentials: Credentials: {'domain_id': 'default', 'domain_name': 'Default', 'username': 'tempest-ServerShowV247Test-1477613391-project-reader', 'project_domain_id': 'default', 'project_domain_name': 'Default', 'project_id': 'bd433f5f7e2d4ab7a38cedc3b86a106e', 'project_name': 'tempest-ServerShowV247Test-1477613391', 'tenant_id': 'bd433f5f7e2d4ab7a38cedc3b86a106e', 'tenant_name': 'tempest-ServerShowV247Test-1477613391', 'user_domain_id': 'default', 'user_domain_name': 'Default', 'user_id': '5d6732d8802a4d5a988aeb9478c1bc44', 'system': None}, Network: None, Subnet: None, Router: None
2024-12-10 17:24:50.897 66259 INFO tempest.lib.common.rest_client [req-94c883b0-ef28-4022-8011-44480ce7e9bc req-94c883b0-ef28-4022-8011-44480ce7e9bc ] Request (ServersTestMultiNic:_run_cleanups): 200 GET http://10.180.1.21/compute/v2.1/servers/2d7b237e-f86d-42b1-ab04-320f0012a2d1 0.065s
2024-12-10 17:24:50.903 66271 INFO tempest.lib.common.rest_client [req-d14a3b9c-e384-4150-bd49-e4711554e81c req-d14a3b9c-e384-4150-bd49-e4711554e81c ] Request (ServerShowV247Test:setUpClass): 201 POST http://10.180.1.21/identity/v3/auth/tokens 0.067s
2024-12-10 17:24:50.909 66259 INFO tempest.common.waiters [-] State transition "ACTIVE/deleting" ==> "DELETED/None" after 3 second wait
2024-12-10 17:24:50.918 66229 INFO tempest.lib.common.rest_client [req-f83dc9d8-ffb6-4e4c-8113-f9a93ed0fb09 req-f83dc9d8-ffb6-4e4c-8113-f9a93ed0fb09 ] Request (ListServersNegativeTestJSON:tearDownClass): 200 GET http://10.180.1.21/compute/v2.1/servers/eebcad60-4b8a-4fa0-b846-b65972c4c69c 0.073s
2024-12-10 17:24:50.953 66265 INFO tempest.lib.common.rest_client [req-7ba6b2ac-433a-4a59-bae6-835fed2eeef7 req-7ba6b2ac-433a-4a59-bae6-835fed2eeef7 ] Request (ServerMetadataTestJSON:setUpClass): 200 GET http://10.180.1.21/compute/v2.1/servers/41b1ce5d-a8ac-4b93-94a3-cf26367266d6 0.054s
2024-12-10 17:24:50.957 66271 INFO tempest.lib.common.rest_client [req-83b4cf79-97db-4c60-a98a-a97b8ea9f0b2 req-83b4cf79-97db-4c60-a98a-a97b8ea9f0b2 ] Request (ServerShowV247Test:test_show_server): 201 POST http://10.180.1.21/identity/v3/auth/tokens 0.050s
2024-12-10 17:24:50.958 66271 INFO tempest.lib.common.fixed_network [-] (ServerShowV247Test:test_show_server) Found network None available for tenant
2024-12-10 17:24:50.960 66252 INFO tempest.lib.common.rest_client [req-225deed0-af54-4a50-bf57-775d3959332e req-225deed0-af54-4a50-bf57-775d3959332e ] Request (AttachInterfacesV270Test:tearDownClass): 404 GET http://10.180.1.21/compute/v2.1/servers/581f9d48-dcb8-4a34-928b-64087a9f966b 0.024s
2024-12-10 17:24:51.008 66249 INFO tempest.lib.common.rest_client [req-512e2aea-6e6d-4f7c-84d4-199dca575c51 req-512e2aea-6e6d-4f7c-84d4-199dca575c51 ] Request (ServersAdminTestJSON:test_inject_network_info): 200 GET http://10.180.1.21/compute/v2.1/servers/63785911-ea55-4aeb-9ba2-6cea5ddd9cae 0.053s
2024-12-10 17:24:51.139 66225 INFO tempest.lib.common.rest_client [req-b3594ff3-b3d7-4592-bec9-aa73f6c4785b req-b3594ff3-b3d7-4592-bec9-aa73f6c4785b ] Request (MigrationsAdminTest:test_resize_server_revert_deleted_flavor): 200 GET http://10.180.1.21/compute/v2.1/servers/b95b7656-70ac-4eaf-9934-4b4c50e78035 0.056s
2024-12-10 17:24:51.164 66271 INFO tempest.lib.common.rest_client [req-c2f94a4e-4dff-4812-8b2f-0294913d2068 req-c2f94a4e-4dff-4812-8b2f-0294913d2068 ] Request (ServerShowV247Test:test_show_server): 202 POST http://10.180.1.21/compute/v2.1/servers 0.205s
2024-12-10 17:24:51.270 66227 INFO tempest.lib.common.rest_client [req-ca8d9806-14df-48ae-926c-4c4ba157847e req-ca8d9806-14df-48ae-926c-4c4ba157847e ] Request (InstanceActionsV221TestJSON:test_get_list_deleted_instance_actions): 200 GET http://10.180.1.21/compute/v2.1/servers/8bc4bb67-bc00-44c6-9c83-c0a1072142e6 0.094s
2024-12-10 17:24:51.278 66271 INFO tempest.lib.common.rest_client [req-9572a9be-008b-4d74-9ee2-5327fbdfe33b req-9572a9be-008b-4d74-9ee2-5327fbdfe33b ] Request (ServerShowV247Test:test_show_server): 200 GET http://10.180.1.21/compute/v2.1/servers/dc196e68-b725-43a1-9848-e84d1b138245 0.113s
2024-12-10 17:24:51.325 66271 INFO tempest.lib.common.rest_client [req-9cbd1c64-2f1b-487f-9aaa-41b4dac1b4ae req-9cbd1c64-2f1b-487f-9aaa-41b4dac1b4ae ] Request (ServerShowV247Test:test_update_rebuild_list_server): 201 POST http://10.180.1.21/identity/v3/auth/tokens 0.030s
2024-12-10 17:24:51.325 66271 INFO tempest.lib.common.fixed_network [-] (ServerShowV247Test:test_update_rebuild_list_server) Found network None available for tenant
2024-12-10 17:24:51.338 66237 INFO tempest.lib.common.rest_client [req-6e26de42-1169-4d03-8acd-88bfa9313e55 req-6e26de42-1169-4d03-8acd-88bfa9313e55 ] Request (FloatingIPsAssociationTestJSON:test_associate_already_associated_floating_ip): 200 GET http://10.180.1.21/compute/v2.1/servers/272180b9-e79b-4714-b28b-470937509f42 0.106s
2024-12-10 17:24:51.484 66271 INFO tempest.lib.common.rest_client [req-87331e00-af0e-4f7f-bc18-b75a6bbf4921 req-87331e00-af0e-4f7f-bc18-b75a6bbf4921 ] Request (ServerShowV247Test:test_update_rebuild_list_server): 202 POST http://10.180.1.21/compute/v2.1/servers 0.158s
2024-12-10 17:24:51.539 66233 INFO tempest.lib.common.rest_client [req-a75c8914-f5af-49d6-82fd-089ccbe8af6e req-a75c8914-f5af-49d6-82fd-089ccbe8af6e ] Request (ListServerFiltersTestJSON:setUpClass): 200 GET http://10.180.1.21/compute/v2.1/servers/99cc8af3-5c18-4839-94db-996861e0c276 0.149s
2024-12-10 17:24:51.613 66261 INFO tempest.lib.common.rest_client [req-7499102f-e65e-4ca8-8463-4edd3abfb178 req-7499102f-e65e-4ca8-8463-4edd3abfb178 ] Request (DeleteServersTestJSON:test_delete_active_server): 200 GET http://10.180.1.21/compute/v2.1/servers/c4e96403-895c-479d-bfb2-274a87446bf9 0.171s
2024-12-10 17:24:51.646 66255 INFO tempest.lib.common.rest_client [req-345ec1c5-6003-445e-ad68-69684d2ffe2c req-345ec1c5-6003-445e-ad68-69684d2ffe2c ] Request (ServersTestBootFromVolume:setUpClass): 200 GET http://10.180.1.21/compute/v2.1/servers/4e6b1296-9e19-4047-9c38-dc94c686d0cb 0.242s
2024-12-10 17:24:51.653 66255 INFO tempest.common.waiters [-] State transition "BUILD/block_device_mapping" ==> "BUILD/spawning" after 72 second wait
2024-12-10 17:24:51.676 66263 INFO tempest.lib.common.rest_client [req-520b9311-197a-4991-973f-37269e78a163 req-520b9311-197a-4991-973f-37269e78a163 ] Request (AttachVolumeTestJSON:test_attach_detach_volume): 200 GET http://10.180.1.21/compute/v2.1/servers/5124f7fb-1293-4964-98c4-426ecfce7d10 0.226s
2024-12-10 17:24:51.681 66271 INFO tempest.lib.common.rest_client [req-865cea06-b149-4641-a9a3-aecb0bfe7f0e req-865cea06-b149-4641-a9a3-aecb0bfe7f0e ] Request (ServerShowV247Test:test_update_rebuild_list_server): 200 PUT http://10.180.1.21/compute/v2.1/servers/fb33135a-073d-4d80-9833-5b29afae1cc6 0.194s
2024-12-10 17:24:51.731 66253 INFO tempest.lib.common.rest_client [req-4a9c3f27-cda5-4d9a-81f4-5fa026f21c37 req-4a9c3f27-cda5-4d9a-81f4-5fa026f21c37 ] Request (ServersNegativeTestJSON:setUpClass): 200 GET http://10.180.1.21/compute/v2.1/servers/192c3a5d-3a23-4f78-8dc7-a256b6d9381d 0.144s
2024-12-10 17:24:51.741 66231 INFO tempest.lib.common.rest_client [req-7f6d69cc-7cd3-4c99-b8bd-4a272b5c16f5 req-7f6d69cc-7cd3-4c99-b8bd-4a272b5c16f5 ] Request (ServersTestJSON:test_create_server_specify_multibyte_character_name): 200 GET http://10.180.1.21/compute/v2.1/servers/765f3232-f3f9-4d9b-92f2-fb6603f2a90a 0.100s
2024-12-10 17:24:51.741 66253 INFO tempest.common.waiters [-] State transition "BUILD/scheduling" ==> "BUILD/None" after 20 second wait
2024-12-10 17:24:51.774 66271 INFO tempest.lib.common.rest_client [req-ca124dcf-eacf-4e8d-8fb6-6b0ab29871cc req-ca124dcf-eacf-4e8d-8fb6-6b0ab29871cc ] Request (ServerShowV247Test:test_update_rebuild_list_server): 200 GET http://10.180.1.21/compute/v2.1/servers/fb33135a-073d-4d80-9833-5b29afae1cc6 0.087s
2024-12-10 17:24:51.817 66273 INFO tempest.lib.common.rest_client [req-05e1cfdc-bae0-4bf7-83e5-572560ec0326 req-05e1cfdc-bae0-4bf7-83e5-572560ec0326 ] Request (ServerActionsV293TestJSON:setUpClass): 200 GET http://10.180.1.21/compute/v2.1/servers/a57c0638-e14b-4474-a6b4-7184d7e2a0fe 0.074s
2024-12-10 17:24:51.878 66279 INFO tempest.lib.common.rest_client [req-903f0772-4929-4cd1-a267-4678f0dff715 req-903f0772-4929-4cd1-a267-4678f0dff715 ] Request (ListImageFiltersTestJSON:tearDownClass): 200 GET http://10.180.1.21/compute/v2.1/servers/4438e230-0589-48ae-8848-d1f8414efa61 0.068s
2024-12-10 17:24:51.878 66235 INFO tempest.lib.common.rest_client [req-bc895391-4805-414c-abb9-af2c6c271872 req-bc895391-4805-414c-abb9-af2c6c271872 ] Request (ImagesOneServerNegativeTestJSON:tearDown): 200 GET http://10.180.1.21/compute/v2.1/servers/d15a7e98-755b-4c5c-ba34-dc5fc3f8846d 0.104s
2024-12-10 17:24:51.886 66252 INFO tempest.lib.common.rest_client [req-4ad4a7b5-cd8d-4203-9086-69890dff7287 req-4ad4a7b5-cd8d-4203-9086-69890dff7287 ] Request (AttachInterfacesV270Test:tearDownClass): 200 PUT http://10.180.1.21:9696/networking/v2.0/routers/30ccffa1-d0a3-41f7-b612-1cc6345aefe5/remove_router_interface 0.925s
2024-12-10 17:24:51.935 66275 INFO tempest.lib.common.rest_client [req-c1bb56b5-de80-4617-9f82-1ab9392340ae req-c1bb56b5-de80-4617-9f82-1ab9392340ae ] Request (ImagesTestJSON:test_create_image_from_stopped_server): 200 GET http://10.180.1.21/compute/v2.1/servers/6ce88b93-aa42-4f34-81fa-6c09c23ace81 0.108s
2024-12-10 17:24:51.943 66275 INFO tempest.common.waiters [-] State transition "BUILD/scheduling" ==> "BUILD/None" after 10 second wait
2024-12-10 17:24:51.971 66259 INFO tempest.lib.common.rest_client [req-2e8e972b-0b33-44ce-b4ec-065b8dc200b2 req-2e8e972b-0b33-44ce-b4ec-065b8dc200b2 ] Request (ServersTestMultiNic:_run_cleanups): 200 GET http://10.180.1.21/compute/v2.1/servers/2d7b237e-f86d-42b1-ab04-320f0012a2d1 0.061s
2024-12-10 17:24:52.026 66265 INFO tempest.lib.common.rest_client [req-c5e154ea-ad28-47f8-8236-b725e07b97f6 req-c5e154ea-ad28-47f8-8236-b725e07b97f6 ] Request (ServerMetadataTestJSON:setUpClass): 200 GET http://10.180.1.21/compute/v2.1/servers/41b1ce5d-a8ac-4b93-94a3-cf26367266d6 0.066s
2024-12-10 17:24:52.081 66249 INFO tempest.lib.common.rest_client [req-974e11e3-dc30-49e2-8733-3819df2b01ee req-974e11e3-dc30-49e2-8733-3819df2b01ee ] Request (ServersAdminTestJSON:test_inject_network_info): 200 GET http://10.180.1.21/compute/v2.1/servers/63785911-ea55-4aeb-9ba2-6cea5ddd9cae 0.066s
2024-12-10 17:24:52.210 66229 INFO tempest.lib.common.rest_client [req-2d906a55-edd1-4804-997a-9c962ee555e7 req-2d906a55-edd1-4804-997a-9c962ee555e7 ] Request (ListServersNegativeTestJSON:tearDownClass): 200 GET http://10.180.1.21/compute/v2.1/servers/eebcad60-4b8a-4fa0-b846-b65972c4c69c 0.284s
2024-12-10 17:24:52.215 66225 INFO tempest.lib.common.rest_client [req-7c237831-2a1d-4ce8-9425-4dba26ef4c0e req-7c237831-2a1d-4ce8-9425-4dba26ef4c0e ] Request (MigrationsAdminTest:test_resize_server_revert_deleted_flavor): 200 GET http://10.180.1.21/compute/v2.1/servers/b95b7656-70ac-4eaf-9934-4b4c50e78035 0.066s
2024-12-10 17:24:52.356 66227 INFO tempest.lib.common.rest_client [req-db1a4576-1f7a-4735-8759-ac2f0728a581 req-db1a4576-1f7a-4735-8759-ac2f0728a581 ] Request (InstanceActionsV221TestJSON:test_get_list_deleted_instance_actions): 200 GET http://10.180.1.21/compute/v2.1/servers/8bc4bb67-bc00-44c6-9c83-c0a1072142e6 0.071s
2024-12-10 17:24:52.397 66237 INFO tempest.lib.common.rest_client [req-1dcae79d-fa33-4c40-9536-2536131a32e1 req-1dcae79d-fa33-4c40-9536-2536131a32e1 ] Request (FloatingIPsAssociationTestJSON:test_associate_already_associated_floating_ip): 200 GET http://10.180.1.21/compute/v2.1/servers/272180b9-e79b-4714-b28b-470937509f42 0.052s
2024-12-10 17:24:52.481 66252 INFO tempest.lib.common.rest_client [req-96dc3236-9d86-4d71-b8e5-ec96b57ccde2 req-96dc3236-9d86-4d71-b8e5-ec96b57ccde2 ] Request (AttachInterfacesV270Test:tearDownClass): 204 DELETE http://10.180.1.21:9696/networking/v2.0/routers/30ccffa1-d0a3-41f7-b612-1cc6345aefe5 0.595s
2024-12-10 17:24:52.621 66252 INFO tempest.lib.common.rest_client [req-75b18f49-bd9a-4af3-ae7c-a1b269d3dcc8 req-75b18f49-bd9a-4af3-ae7c-a1b269d3dcc8 ] Request (AttachInterfacesV270Test:tearDownClass): 204 DELETE http://10.180.1.21:9696/networking/v2.0/subnets/5152dd69-88ae-4a3e-b20b-d70754a9177f 0.139s
2024-12-10 17:24:52.688 66261 INFO tempest.lib.common.rest_client [req-bb61ef59-9902-4b1c-b4ad-087688937c0a req-bb61ef59-9902-4b1c-b4ad-087688937c0a ] Request (DeleteServersTestJSON:test_delete_active_server): 200 GET http://10.180.1.21/compute/v2.1/servers/c4e96403-895c-479d-bfb2-274a87446bf9 0.066s
2024-12-10 17:24:52.695 66233 INFO tempest.lib.common.rest_client [req-427a2ded-ee7b-476a-aafd-8a1944005f3f req-427a2ded-ee7b-476a-aafd-8a1944005f3f ] Request (ListServerFiltersTestJSON:setUpClass): 200 GET http://10.180.1.21/compute/v2.1/servers/99cc8af3-5c18-4839-94db-996861e0c276 0.149s
2024-12-10 17:24:52.740 66263 INFO tempest.lib.common.rest_client [req-9d782433-b202-46f6-82a5-cf50c2ba9274 req-9d782433-b202-46f6-82a5-cf50c2ba9274 ] Request (AttachVolumeTestJSON:test_attach_detach_volume): 200 GET http://10.180.1.21/compute/v2.1/servers/5124f7fb-1293-4964-98c4-426ecfce7d10 0.055s
2024-12-10 17:24:52.776 66241 WARNING tempest.lib.common.ssh [-] Failed to establish authenticated ssh connection to cirros@10.180.180.134 ([Errno None] Unable to connect to port 22 on 10.180.180.134). Number attempts: 11. Retry after 12 seconds.: paramiko.ssh_exception.NoValidConnectionsError: [Errno None] Unable to connect to port 22 on 10.180.180.134
2024-12-10 17:24:52.793 66253 INFO tempest.lib.common.rest_client [req-5bb3a58c-0eb2-4124-b3df-aece6e546cd4 req-5bb3a58c-0eb2-4124-b3df-aece6e546cd4 ] Request (ServersNegativeTestJSON:setUpClass): 200 GET http://10.180.1.21/compute/v2.1/servers/192c3a5d-3a23-4f78-8dc7-a256b6d9381d 0.048s
2024-12-10 17:24:52.837 66231 INFO tempest.lib.common.rest_client [req-7f8fd6f5-a0a7-48cc-9401-09e4b63c854d req-7f8fd6f5-a0a7-48cc-9401-09e4b63c854d ] Request (ServersTestJSON:test_create_server_specify_multibyte_character_name): 200 GET http://10.180.1.21/compute/v2.1/servers/765f3232-f3f9-4d9b-92f2-fb6603f2a90a 0.081s
2024-12-10 17:24:52.874 66255 INFO tempest.lib.common.rest_client [req-44089472-6aa0-4657-9559-0e05e1eeafdf req-44089472-6aa0-4657-9559-0e05e1eeafdf ] Request (ServersTestBootFromVolume:setUpClass): 200 GET http://10.180.1.21/compute/v2.1/servers/4e6b1296-9e19-4047-9c38-dc94c686d0cb 0.220s
2024-12-10 17:24:52.887 66271 INFO tempest.lib.common.rest_client [req-69c43603-1b36-44d8-9cff-cbd4ec608619 req-69c43603-1b36-44d8-9cff-cbd4ec608619 ] Request (ServerShowV247Test:test_update_rebuild_list_server): 200 GET http://10.180.1.21/compute/v2.1/servers/fb33135a-073d-4d80-9833-5b29afae1cc6 0.104s
2024-12-10 17:24:52.926 66252 INFO tempest.lib.common.rest_client [req-26117cb6-8fd9-42b8-8e39-2b8d0ee9ee70 req-26117cb6-8fd9-42b8-8e39-2b8d0ee9ee70 ] Request (AttachInterfacesV270Test:tearDownClass): 204 DELETE http://10.180.1.21:9696/networking/v2.0/networks/22aea27d-d369-450e-9765-2000279770bc 0.305s
2024-12-10 17:24:52.936 66273 INFO tempest.lib.common.rest_client [req-cf30b65f-0631-4f8c-9dc8-6275892a28db req-cf30b65f-0631-4f8c-9dc8-6275892a28db ] Request (ServerActionsV293TestJSON:setUpClass): 200 GET http://10.180.1.21/compute/v2.1/servers/a57c0638-e14b-4474-a6b4-7184d7e2a0fe 0.107s
2024-12-10 17:24:52.998 66279 INFO tempest.lib.common.rest_client [req-77843731-eb66-4d67-865c-809021a2301a req-77843731-eb66-4d67-865c-809021a2301a ] Request (ListImageFiltersTestJSON:tearDownClass): 200 GET http://10.180.1.21/compute/v2.1/servers/4438e230-0589-48ae-8848-d1f8414efa61 0.107s
2024-12-10 17:24:53.020 66235 INFO tempest.lib.common.rest_client [req-780b58d7-cc90-4b7f-82b1-600f9721725e req-780b58d7-cc90-4b7f-82b1-600f9721725e ] Request (ImagesOneServerNegativeTestJSON:tearDown): 200 GET http://10.180.1.21/compute/v2.1/servers/d15a7e98-755b-4c5c-ba34-dc5fc3f8846d 0.132s
2024-12-10 17:24:53.042 66252 INFO tempest.lib.common.rest_client [req-54e6d610-f2e4-4ee3-8f9c-d3b428918cb3 req-54e6d610-f2e4-4ee3-8f9c-d3b428918cb3 ] Request (AttachInterfacesV270Test:tearDownClass): 204 DELETE http://10.180.1.21/identity/v3/users/6c54dc9a58e546038e03377176e94a85 0.115s
2024-12-10 17:24:53.042 66252 INFO tempest.lib.common.dynamic_creds [-] Deleting project and security group for project: d688e8df7eb848858ff5dc4203ee0550
2024-12-10 17:24:53.052 66275 INFO tempest.lib.common.rest_client [req-7f373d3e-4ac5-41e0-a771-4edfe737e06f req-7f373d3e-4ac5-41e0-a771-4edfe737e06f ] Request (ImagesTestJSON:test_create_image_from_stopped_server): 200 GET http://10.180.1.21/compute/v2.1/servers/6ce88b93-aa42-4f34-81fa-6c09c23ace81 0.108s
2024-12-10 17:24:53.076 66259 INFO tempest.lib.common.rest_client [req-160f4541-469b-4e53-b25b-cb9f1147540c req-160f4541-469b-4e53-b25b-cb9f1147540c ] Request (ServersTestMultiNic:_run_cleanups): 200 GET http://10.180.1.21/compute/v2.1/servers/2d7b237e-f86d-42b1-ab04-320f0012a2d1 0.094s
2024-12-10 17:24:53.082 66252 INFO tempest.lib.common.rest_client [req-3d958eb3-6de8-40ee-9cfc-b03ed74e95ca req-3d958eb3-6de8-40ee-9cfc-b03ed74e95ca ] Request (AttachInterfacesV270Test:tearDownClass): 200 GET http://10.180.1.21:9696/networking/v2.0/security-groups?tenant_id=d688e8df7eb848858ff5dc4203ee0550&name=default 0.039s
2024-12-10 17:24:53.116 66265 INFO tempest.lib.common.rest_client [req-0d5bcc0b-ad22-4264-935b-ed2c208a6f14 req-0d5bcc0b-ad22-4264-935b-ed2c208a6f14 ] Request (ServerMetadataTestJSON:setUpClass): 200 GET http://10.180.1.21/compute/v2.1/servers/41b1ce5d-a8ac-4b93-94a3-cf26367266d6 0.078s
2024-12-10 17:24:53.138 66249 INFO tempest.lib.common.rest_client [req-9c42ac46-1761-46a1-8302-e2ad4d6f6a3d req-9c42ac46-1761-46a1-8302-e2ad4d6f6a3d ] Request (ServersAdminTestJSON:test_inject_network_info): 200 GET http://10.180.1.21/compute/v2.1/servers/63785911-ea55-4aeb-9ba2-6cea5ddd9cae 0.049s
2024-12-10 17:24:53.171 66252 INFO tempest.lib.common.rest_client [req-9d5b8eb5-cf38-4969-8018-046808de4ce7 req-9d5b8eb5-cf38-4969-8018-046808de4ce7 ] Request (AttachInterfacesV270Test:tearDownClass): 204 DELETE http://10.180.1.21:9696/networking/v2.0/security-groups/a1121c05-37bc-417b-8bac-72078cc5a91f 0.089s
2024-12-10 17:24:53.252 66252 INFO tempest.lib.common.rest_client [req-5de6efe4-057a-4e3c-bcb9-befaca0d18cc req-5de6efe4-057a-4e3c-bcb9-befaca0d18cc ] Request (AttachInterfacesV270Test:tearDownClass): 204 DELETE http://10.180.1.21/identity/v3/projects/d688e8df7eb848858ff5dc4203ee0550 0.080s
2024-12-10 17:24:53.274 66225 INFO tempest.lib.common.rest_client [req-c497338c-05c0-435b-988a-a6bb01f58505 req-c497338c-05c0-435b-988a-a6bb01f58505 ] Request (MigrationsAdminTest:test_resize_server_revert_deleted_flavor): 200 GET http://10.180.1.21/compute/v2.1/servers/b95b7656-70ac-4eaf-9934-4b4c50e78035 0.051s
2024-12-10 17:24:53.275 66229 INFO tempest.lib.common.rest_client [req-433d26ef-dd64-40ff-a122-cf5c71ab8091 req-433d26ef-dd64-40ff-a122-cf5c71ab8091 ] Request (ListServersNegativeTestJSON:tearDownClass): 200 GET http://10.180.1.21/compute/v2.1/servers/eebcad60-4b8a-4fa0-b846-b65972c4c69c 0.056s
2024-12-10 17:24:53.307 66252 INFO tempest.lib.common.rest_client [req-04c0e7c2-53bc-4c89-9703-a3a13029b982 req-04c0e7c2-53bc-4c89-9703-a3a13029b982 ] Request (MultipleCreateTestJSON:setUpClass): 201 POST http://10.180.1.21/identity/v3/auth/tokens 0.053s
2024-12-10 17:24:53.337 66252 INFO tempest.lib.common.rest_client [req-29cbb770-f148-4b32-b4d7-1888f1154d20 req-29cbb770-f148-4b32-b4d7-1888f1154d20 ] Request (MultipleCreateTestJSON:setUpClass): 201 POST http://10.180.1.21/identity/v3/auth/tokens 0.026s
2024-12-10 17:24:53.361 66252 INFO tempest.lib.common.rest_client [req-809cf0d7-3da0-425d-a0d2-0dbb73f2b75e req-809cf0d7-3da0-425d-a0d2-0dbb73f2b75e ] Request (MultipleCreateTestJSON:setUpClass): 200 GET http://10.180.1.21/identity/v3/domains?name=Default 0.024s
2024-12-10 17:24:53.392 66252 INFO tempest.lib.common.rest_client [req-4343fd97-55bf-4224-b0dd-0cc098fcddf3 req-4343fd97-55bf-4224-b0dd-0cc098fcddf3 ] Request (MultipleCreateTestJSON:setUpClass): 201 POST http://10.180.1.21/identity/v3/projects 0.029s
2024-12-10 17:24:53.428 66227 INFO tempest.lib.common.rest_client [req-4d2e2403-521d-45f6-96ef-dbd12a863c87 req-4d2e2403-521d-45f6-96ef-dbd12a863c87 ] Request (InstanceActionsV221TestJSON:test_get_list_deleted_instance_actions): 200 GET http://10.180.1.21/compute/v2.1/servers/8bc4bb67-bc00-44c6-9c83-c0a1072142e6 0.064s
2024-12-10 17:24:53.452 66252 INFO tempest.lib.common.rest_client [req-1d7083bd-13c2-420b-887c-911112d9e620 req-1d7083bd-13c2-420b-887c-911112d9e620 ] Request (MultipleCreateTestJSON:setUpClass): 201 POST http://10.180.1.21/identity/v3/users 0.060s
2024-12-10 17:24:53.459 66237 INFO tempest.lib.common.rest_client [req-43833116-35d2-47d3-b6ea-bdfb6eb3281b req-43833116-35d2-47d3-b6ea-bdfb6eb3281b ] Request (FloatingIPsAssociationTestJSON:test_associate_already_associated_floating_ip): 200 GET http://10.180.1.21/compute/v2.1/servers/272180b9-e79b-4714-b28b-470937509f42 0.055s
2024-12-10 17:24:53.474 66252 INFO tempest.lib.common.rest_client [req-abca15e7-bc55-41e9-a6d6-22a0a7b59725 req-abca15e7-bc55-41e9-a6d6-22a0a7b59725 ] Request (MultipleCreateTestJSON:setUpClass): 200 GET http://10.180.1.21/identity/v3/roles 0.021s
2024-12-10 17:24:53.511 66252 INFO tempest.lib.common.rest_client [req-f7734e04-85cf-4dd1-9520-70b4a9e81a64 req-f7734e04-85cf-4dd1-9520-70b4a9e81a64 ] Request (MultipleCreateTestJSON:setUpClass): 204 PUT http://10.180.1.21/identity/v3/projects/790de76ab96a4e70a18619744dba096c/users/eb119f2cb29446108035492d78b47b1a/roles/fd41285c58de43a5a122e038f945495a 0.036s
2024-12-10 17:24:53.511 66252 INFO tempest.lib.common.dynamic_creds [-] Dynamic test user eb119f2cb29446108035492d78b47b1a is created with scope project and roles: ['member']
2024-12-10 17:24:53.511 66252 INFO tempest.lib.common.dynamic_creds [-] Acquired dynamic creds: credentials: Credentials: {'domain_id': 'default', 'domain_name': 'Default', 'username': 'tempest-MultipleCreateTestJSON-280669152-project-member', 'project_domain_id': 'default', 'project_domain_name': 'Default', 'project_id': '790de76ab96a4e70a18619744dba096c', 'project_name': 'tempest-MultipleCreateTestJSON-280669152', 'tenant_id': '790de76ab96a4e70a18619744dba096c', 'tenant_name': 'tempest-MultipleCreateTestJSON-280669152', 'user_domain_id': 'default', 'user_domain_name': 'Default', 'user_id': 'eb119f2cb29446108035492d78b47b1a', 'system': None}, Network: None, Subnet: None, Router: None
2024-12-10 17:24:53.569 66247 WARNING tempest.lib.common.ssh [-] Failed to establish authenticated ssh connection to cirros@10.180.180.235 ([Errno None] Unable to connect to port 22 on 10.180.180.235). Number attempts: 6. Retry after 7 seconds.: paramiko.ssh_exception.NoValidConnectionsError: [Errno None] Unable to connect to port 22 on 10.180.180.235
2024-12-10 17:24:53.574 66252 INFO tempest.lib.common.rest_client [req-4413290c-9aaa-4613-ab53-46e0ce6732fb req-4413290c-9aaa-4613-ab53-46e0ce6732fb ] Request (MultipleCreateTestJSON:setUpClass): 201 POST http://10.180.1.21/identity/v3/auth/tokens 0.063s
2024-12-10 17:24:53.753 66261 INFO tempest.lib.common.rest_client [req-beab252a-4b9b-4954-819e-35c541453db4 req-beab252a-4b9b-4954-819e-35c541453db4 ] Request (DeleteServersTestJSON:test_delete_active_server): 200 GET http://10.180.1.21/compute/v2.1/servers/c4e96403-895c-479d-bfb2-274a87446bf9 0.058s
2024-12-10 17:24:53.816 66263 INFO tempest.lib.common.rest_client [req-ec636a9c-2bb3-4535-a754-1fbab129a3e9 req-ec636a9c-2bb3-4535-a754-1fbab129a3e9 ] Request (AttachVolumeTestJSON:test_attach_detach_volume): 200 GET http://10.180.1.21/compute/v2.1/servers/5124f7fb-1293-4964-98c4-426ecfce7d10 0.068s
2024-12-10 17:24:53.823 66263 INFO tempest.common.waiters [-] State transition "BUILD/None" ==> "BUILD/networking" after 63 second wait
2024-12-10 17:24:53.875 66253 INFO tempest.lib.common.rest_client [req-9a438afd-9f93-4120-8a15-bd60a45730af req-9a438afd-9f93-4120-8a15-bd60a45730af ] Request (ServersNegativeTestJSON:setUpClass): 200 GET http://10.180.1.21/compute/v2.1/servers/192c3a5d-3a23-4f78-8dc7-a256b6d9381d 0.074s
2024-12-10 17:24:53.927 66231 INFO tempest.lib.common.rest_client [req-0413a07e-3404-411b-961f-c1474c6827e2 req-0413a07e-3404-411b-961f-c1474c6827e2 ] Request (ServersTestJSON:test_create_server_specify_multibyte_character_name): 200 GET http://10.180.1.21/compute/v2.1/servers/765f3232-f3f9-4d9b-92f2-fb6603f2a90a 0.083s
2024-12-10 17:24:53.973 66233 INFO tempest.lib.common.rest_client [req-b9a6ac7a-64dc-406a-882b-33a984d37df7 req-b9a6ac7a-64dc-406a-882b-33a984d37df7 ] Request (ListServerFiltersTestJSON:setUpClass): 200 GET http://10.180.1.21/compute/v2.1/servers/99cc8af3-5c18-4839-94db-996861e0c276 0.270s
2024-12-10 17:24:54.001 66252 INFO tempest.lib.common.rest_client [req-94090725-3ff8-4227-950f-f958ce305852 req-94090725-3ff8-4227-950f-f958ce305852 ] Request (MultipleCreateTestJSON:setUpClass): 201 POST http://10.180.1.21:9696/networking/v2.0/networks 0.426s
2024-12-10 17:24:54.029 66271 INFO tempest.lib.common.rest_client [req-c9bc2f9a-b759-421b-8478-7e86a8bb1360 req-c9bc2f9a-b759-421b-8478-7e86a8bb1360 ] Request (ServerShowV247Test:test_update_rebuild_list_server): 200 GET http://10.180.1.21/compute/v2.1/servers/fb33135a-073d-4d80-9833-5b29afae1cc6 0.133s
2024-12-10 17:24:54.060 66255 INFO tempest.lib.common.rest_client [req-910a8258-d20f-4a19-9eac-58846282b981 req-910a8258-d20f-4a19-9eac-58846282b981 ] Request (ServersTestBootFromVolume:setUpClass): 200 GET http://10.180.1.21/compute/v2.1/servers/4e6b1296-9e19-4047-9c38-dc94c686d0cb 0.179s
2024-12-10 17:24:54.089 66273 INFO tempest.lib.common.rest_client [req-415a7abf-760c-4080-afce-d0b9adb30aef req-415a7abf-760c-4080-afce-d0b9adb30aef ] Request (ServerActionsV293TestJSON:setUpClass): 200 GET http://10.180.1.21/compute/v2.1/servers/a57c0638-e14b-4474-a6b4-7184d7e2a0fe 0.143s
2024-12-10 17:24:54.127 66279 INFO tempest.lib.common.rest_client [req-a54d2ce5-aced-456a-8f8b-5c9b82c8d1f7 req-a54d2ce5-aced-456a-8f8b-5c9b82c8d1f7 ] Request (ListImageFiltersTestJSON:tearDownClass): 200 GET http://10.180.1.21/compute/v2.1/servers/4438e230-0589-48ae-8848-d1f8414efa61 0.122s
2024-12-10 17:24:54.184 66275 INFO tempest.lib.common.rest_client [req-5110b78d-a979-4cb1-9d03-7da880bd49de req-5110b78d-a979-4cb1-9d03-7da880bd49de ] Request (ImagesTestJSON:test_create_image_from_stopped_server): 200 GET http://10.180.1.21/compute/v2.1/servers/6ce88b93-aa42-4f34-81fa-6c09c23ace81 0.124s
2024-12-10 17:24:54.252 66235 INFO tempest.lib.common.rest_client [req-6a42cbfe-f9c3-4acf-97e6-496a4ba9f134 req-6a42cbfe-f9c3-4acf-97e6-496a4ba9f134 ] Request (ImagesOneServerNegativeTestJSON:tearDown): 200 GET http://10.180.1.21/compute/v2.1/servers/d15a7e98-755b-4c5c-ba34-dc5fc3f8846d 0.225s
2024-12-10 17:24:54.260 66252 INFO tempest.lib.common.rest_client [req-5cfa8d33-1f6c-4d9a-9adc-105c41f49de0 req-5cfa8d33-1f6c-4d9a-9adc-105c41f49de0 ] Request (MultipleCreateTestJSON:setUpClass): 201 POST http://10.180.1.21:9696/networking/v2.0/subnets 0.259s
2024-12-10 17:24:54.263 66259 INFO tempest.lib.common.rest_client [req-bbd7c935-785c-48d0-816c-8250eede4d02 req-bbd7c935-785c-48d0-816c-8250eede4d02 ] Request (ServersTestMultiNic:_run_cleanups): 200 GET http://10.180.1.21/compute/v2.1/servers/2d7b237e-f86d-42b1-ab04-320f0012a2d1 0.178s
2024-12-10 17:24:54.316 66265 INFO tempest.lib.common.rest_client [req-5624c49b-6865-43d1-ac60-13f84d884455 req-5624c49b-6865-43d1-ac60-13f84d884455 ] Request (ServerMetadataTestJSON:setUpClass): 200 GET http://10.180.1.21/compute/v2.1/servers/41b1ce5d-a8ac-4b93-94a3-cf26367266d6 0.192s
2024-12-10 17:24:54.322 66249 INFO tempest.lib.common.rest_client [req-2072bc95-a3eb-4b54-adc9-8ceb376bcbd0 req-2072bc95-a3eb-4b54-adc9-8ceb376bcbd0 ] Request (ServersAdminTestJSON:test_inject_network_info): 200 GET http://10.180.1.21/compute/v2.1/servers/63785911-ea55-4aeb-9ba2-6cea5ddd9cae 0.177s
2024-12-10 17:24:54.373 66225 INFO tempest.lib.common.rest_client [req-33b8a174-9cfd-4c0b-a754-ccdfd62c5291 req-33b8a174-9cfd-4c0b-a754-ccdfd62c5291 ] Request (MigrationsAdminTest:test_resize_server_revert_deleted_flavor): 200 GET http://10.180.1.21/compute/v2.1/servers/b95b7656-70ac-4eaf-9934-4b4c50e78035 0.092s
2024-12-10 17:24:54.383 66229 INFO tempest.lib.common.rest_client [req-335cd232-19f1-4819-8825-aae5827ff02f req-335cd232-19f1-4819-8825-aae5827ff02f ] Request (ListServersNegativeTestJSON:tearDownClass): 200 GET http://10.180.1.21/compute/v2.1/servers/eebcad60-4b8a-4fa0-b846-b65972c4c69c 0.101s
2024-12-10 17:24:54.520 66227 INFO tempest.lib.common.rest_client [req-647ecb6b-a4b4-4d92-b4c9-1ea8728f7879 req-647ecb6b-a4b4-4d92-b4c9-1ea8728f7879 ] Request (InstanceActionsV221TestJSON:test_get_list_deleted_instance_actions): 200 GET http://10.180.1.21/compute/v2.1/servers/8bc4bb67-bc00-44c6-9c83-c0a1072142e6 0.078s
2024-12-10 17:24:54.531 66237 INFO tempest.lib.common.rest_client [req-77d9ccdb-82d9-424d-bb47-3b2aa0883e0e req-77d9ccdb-82d9-424d-bb47-3b2aa0883e0e ] Request (FloatingIPsAssociationTestJSON:test_associate_already_associated_floating_ip): 200 GET http://10.180.1.21/compute/v2.1/servers/272180b9-e79b-4714-b28b-470937509f42 0.064s
2024-12-10 17:24:54.903 66261 INFO tempest.lib.common.rest_client [req-724d17ec-64f2-4ee9-b0f4-399af3965f36 req-724d17ec-64f2-4ee9-b0f4-399af3965f36 ] Request (DeleteServersTestJSON:test_delete_active_server): 200 GET http://10.180.1.21/compute/v2.1/servers/c4e96403-895c-479d-bfb2-274a87446bf9 0.144s
2024-12-10 17:24:54.953 66253 INFO tempest.lib.common.rest_client [req-f43b0a9a-c4bc-4244-b065-71a2003b328b req-f43b0a9a-c4bc-4244-b065-71a2003b328b ] Request (ServersNegativeTestJSON:setUpClass): 200 GET http://10.180.1.21/compute/v2.1/servers/192c3a5d-3a23-4f78-8dc7-a256b6d9381d 0.067s
2024-12-10 17:24:54.972 66263 INFO tempest.lib.common.rest_client [req-ca836b64-655c-4d26-98d9-344a524dbeb9 req-ca836b64-655c-4d26-98d9-344a524dbeb9 ] Request (AttachVolumeTestJSON:test_attach_detach_volume): 200 GET http://10.180.1.21/compute/v2.1/servers/5124f7fb-1293-4964-98c4-426ecfce7d10 0.148s
2024-12-10 17:24:54.978 66263 INFO tempest.common.waiters [-] State transition "BUILD/networking" ==> "BUILD/spawning" after 64 second wait
2024-12-10 17:24:55.009 66231 INFO tempest.lib.common.rest_client [req-14f55056-b597-453e-aa87-5b6457c51381 req-14f55056-b597-453e-aa87-5b6457c51381 ] Request (ServersTestJSON:test_create_server_specify_multibyte_character_name): 200 GET http://10.180.1.21/compute/v2.1/servers/765f3232-f3f9-4d9b-92f2-fb6603f2a90a 0.073s
2024-12-10 17:24:55.082 66233 INFO tempest.lib.common.rest_client [req-749fbe1d-7c85-4002-afe1-cc5b95154a80 req-749fbe1d-7c85-4002-afe1-cc5b95154a80 ] Request (ListServerFiltersTestJSON:setUpClass): 200 GET http://10.180.1.21/compute/v2.1/servers/99cc8af3-5c18-4839-94db-996861e0c276 0.101s
2024-12-10 17:24:55.089 66233 INFO tempest.common.waiters [-] State transition "BUILD/spawning" ==> "ACTIVE/None" after 78 second wait
