2024-12-10 17:23:00.355 66271 INFO tempest.lib.common.rest_client [req-6dd8ae30-223c-4e9d-9c42-dcc3dba25fba req-6dd8ae30-223c-4e9d-9c42-dcc3dba25fba ] Request (FloatingIPsAssociationNegativeTestJSON:setUpClass): 200 PUT http://10.180.1.21:9696/networking/v2.0/routers/6a3a3f34-a0d2-4707-8b1f-a4904cde7ba8/add_router_interface 3.816s
2024-12-10 17:23:00.356 66271 INFO tempest.lib.common.dynamic_creds [-] Created isolated network resources for: credentials: Credentials: {'domain_id': 'default', 'domain_name': 'Default', 'username': 'tempest-FloatingIPsAssociationNegativeTestJSON-1868147525-project-member', 'project_domain_id': 'default', 'project_domain_name': 'Default', 'project_id': '1a056927390f4ff2a0305bd7e8ad5f3c', 'project_name': 'tempest-FloatingIPsAssociationNegativeTestJSON-1868147525', 'tenant_id': '1a056927390f4ff2a0305bd7e8ad5f3c', 'tenant_name': 'tempest-FloatingIPsAssociationNegativeTestJSON-1868147525', 'user_domain_id': 'default', 'user_domain_name': 'Default', 'user_id': '853980bba4924061a44660dcf51b8d2f', 'system': None}, Network: {'id': 'c5f8653d-b207-4631-8f20-252c17df44b3', 'name': 'tempest-FloatingIPsAssociationNegativeTestJSON-2063892400-network', 'tenant_id': '1a056927390f4ff2a0305bd7e8ad5f3c', 'admin_state_up': True, 'mtu': 8950, 'status': 'ACTIVE', 'subnets': [], 'shared': False, 'project_id': '1a056927390f4ff2a0305bd7e8ad5f3c', 'port_security_enabled': True, 'router:external': False, 'provider:network_type': 'vlan', 'provider:physical_network': 'default', 'provider:segmentation_id': 60, 'availability_zone_hints': [], 'availability_zones': [], 'ipv4_address_scope': None, 'ipv6_address_scope': None, 'description': '', 'tags': [], 'created_at': '2024-12-10T17:22:53Z', 'updated_at': '2024-12-10T17:22:53Z', 'revision_number': 1}, Subnet: {'id': '43bad0f3-48ec-4a0a-84e8-8ab66d55c415', 'name': 'tempest-FloatingIPsAssociationNegativeTestJSON-2063892400-subnet', 'tenant_id': '1a056927390f4ff2a0305bd7e8ad5f3c', 'network_id': 'c5f8653d-b207-4631-8f20-252c17df44b3', 'ip_version': 4, 'subnetpool_id': None, 'enable_dhcp': True, 'ipv6_ra_mode': None, 'ipv6_address_mode': None, 'gateway_ip': '192.168.128.1', 'cidr': '192.168.128.0/28', 'allocation_pools': [{'start': '192.168.128.2', 'end': '192.168.128.14'}], 'host_routes': [], 'dns_nameservers': [], 'description': '', 'router:external': False, 'service_types': [], 'tags': [], 'created_at': '2024-12-10T17:22:54Z', 'updated_at': '2024-12-10T17:22:54Z', 'revision_number': 0, 'project_id': '1a056927390f4ff2a0305bd7e8ad5f3c'}, Router: {'id': '6a3a3f34-a0d2-4707-8b1f-a4904cde7ba8', 'name': 'tempest-FloatingIPsAssociationNegativeTestJSON-2063892400-router', 'tenant_id': '1a056927390f4ff2a0305bd7e8ad5f3c', 'admin_state_up': True, 'status': 'ACTIVE', 'external_gateway_info': {'network_id': 'b9822408-7062-4404-858d-b4fe0c495481', 'external_fixed_ips': [{'subnet_id': '935b1629-c94b-47a3-96bd-73ead4bcd6c1', 'ip_address': '10.180.180.152'}], 'enable_snat': True}, 'description': '', 'availability_zones': [], 'distributed': False, 'ha': False, 'availability_zone_hints': [], 'routes': [], 'flavor_id': None, 'tags': [], 'created_at': '2024-12-10T17:22:54Z', 'updated_at': '2024-12-10T17:22:55Z', 'revision_number': 2, 'project_id': '1a056927390f4ff2a0305bd7e8ad5f3c'}
2024-12-10 17:23:00.387 66235 INFO tempest.lib.common.rest_client [req-c64c6dcc-f92d-479b-a560-07bb0ed8b1be req-c64c6dcc-f92d-479b-a560-07bb0ed8b1be ] Request (ImagesOneServerNegativeTestJSON:_run_cleanups): 200 GET http://10.180.1.21/compute/v2.1/servers/ef3346b1-ce09-4616-bdf4-200ea31efd01 0.681s
2024-12-10 17:23:00.449 66255 INFO tempest.lib.common.rest_client [req-e5521d73-6e4d-427b-81c1-88f73d79c7ba req-e5521d73-6e4d-427b-81c1-88f73d79c7ba ] Request (FlavorsExtraSpecsTestJSON:tearDownClass): 204 DELETE http://10.180.1.21/identity/v3/users/f533376f78e148e7b24c09edf2c76b24 0.173s
2024-12-10 17:23:00.468 66271 INFO tempest.lib.common.rest_client [req-c48b70b8-aedb-4efc-88db-bfb2e321da8c req-c48b70b8-aedb-4efc-88db-bfb2e321da8c ] Request (FloatingIPsAssociationNegativeTestJSON:setUpClass): 201 POST http://10.180.1.21/identity/v3/auth/tokens 0.108s
2024-12-10 17:23:00.476 66288 INFO tempest.lib.common.rest_client [req-9b5613b8-669a-49f6-b207-1c77a0938166 req-9b5613b8-669a-49f6-b207-1c77a0938166 ] Request (ServersNegativeTestMultiTenantJSON:setUpClass): 200 GET http://10.180.1.21/compute/v2.1/servers/87fa97a7-a8a5-4184-b52a-b02ad5468127 0.685s
2024-12-10 17:23:00.484 66267 INFO tempest.lib.common.rest_client [req-5cf67533-f91a-40cd-901a-dad84cc87ab6 req-5cf67533-f91a-40cd-901a-dad84cc87ab6 ] Request (SecurityGroupRulesTestJSON:test_security_group_rules_list): 200 POST http://10.180.1.21/compute/v2.1/os-security-groups 0.831s
2024-12-10 17:23:00.517 66252 INFO tempest.lib.common.rest_client [req-cc4ffc68-d449-4f23-b05e-c481446bf308 req-cc4ffc68-d449-4f23-b05e-c481446bf308 ] Request (ServerDiagnosticsV248Test:tearDownClass): 204 DELETE http://10.180.1.21:9696/networking/v2.0/security-groups/a556bae7-4a56-40fe-8def-36f3a376a99c 0.206s
2024-12-10 17:23:00.546 66271 INFO tempest.lib.common.rest_client [req-8bab3a7a-fdcb-4ae4-9292-3ef8d320c493 req-8bab3a7a-fdcb-4ae4-9292-3ef8d320c493 ] Request (FloatingIPsAssociationNegativeTestJSON:setUpClass): 201 POST http://10.180.1.21/identity/v3/auth/tokens 0.074s
2024-12-10 17:23:00.546 66271 INFO tempest.lib.common.fixed_network [-] (FloatingIPsAssociationNegativeTestJSON:setUpClass) Found network {'id': 'c5f8653d-b207-4631-8f20-252c17df44b3', 'name': 'tempest-FloatingIPsAssociationNegativeTestJSON-2063892400-network', 'tenant_id': '1a056927390f4ff2a0305bd7e8ad5f3c', 'admin_state_up': True, 'mtu': 8950, 'status': 'ACTIVE', 'subnets': [], 'shared': False, 'project_id': '1a056927390f4ff2a0305bd7e8ad5f3c', 'port_security_enabled': True, 'router:external': False, 'provider:network_type': 'vlan', 'provider:physical_network': 'default', 'provider:segmentation_id': 60, 'availability_zone_hints': [], 'availability_zones': [], 'ipv4_address_scope': None, 'ipv6_address_scope': None, 'description': '', 'tags': [], 'created_at': '2024-12-10T17:22:53Z', 'updated_at': '2024-12-10T17:22:53Z', 'revision_number': 1} available for tenant
2024-12-10 17:23:00.565 66275 INFO tempest.lib.common.rest_client [req-1c7024e1-768b-4e9b-9fdd-8fabbf80b5dc req-1c7024e1-768b-4e9b-9fdd-8fabbf80b5dc ] Request (ServersAdminNegativeTestJSON:test_migrate_server_invalid_state): 200 GET http://10.180.1.21/compute/v2.1/servers/f3a579de-1f29-4b67-8dc8-07ea37267001 0.603s
2024-12-10 17:23:00.588 66227 INFO tempest.lib.common.rest_client [req-9823bf3e-ba54-4e70-be31-dbcb64e4c89d req-9823bf3e-ba54-4e70-be31-dbcb64e4c89d ] Request (HypervisorAdminV228Test:test_get_list_hypervisor_details): 200 GET http://10.180.1.21/compute/v2.1/os-hypervisors/1 0.621s
2024-12-10 17:23:00.588 66263 INFO tempest.lib.common.rest_client [req-133f795c-c76a-45dd-90d0-dc827fda7145 req-133f795c-c76a-45dd-90d0-dc827fda7145 ] Request (ServersAdmin275Test:_run_cleanups): 200 GET http://10.180.1.21/compute/v2.1/servers/13706c85-c23e-47cd-a7d8-2e902c11a7fb 0.678s
2024-12-10 17:23:00.592 66255 INFO tempest.lib.common.rest_client [req-dc489c99-79e1-4995-aa8c-e0ad5898bda8 req-dc489c99-79e1-4995-aa8c-e0ad5898bda8 ] Request (FlavorsExtraSpecsTestJSON:tearDownClass): 204 DELETE http://10.180.1.21/identity/v3/users/07e7b1b58bf94111bdc98e860811f5f2 0.142s
2024-12-10 17:23:00.593 66255 INFO tempest.lib.common.dynamic_creds [-] Deleting project and security group for project: 8b41efa307b945c19325b8a7746e5025
2024-12-10 17:23:00.607 66263 INFO tempest.common.waiters [-] State transition "REBUILD/rebuilding" ==> "REBUILD/rebuild_block_device_mapping" after 2 second wait
2024-12-10 17:23:00.650 66252 INFO tempest.lib.common.rest_client [req-c39e29da-5526-45be-be7a-a1e696d56de6 req-c39e29da-5526-45be-be7a-a1e696d56de6 ] Request (ServerDiagnosticsV248Test:tearDownClass): 204 DELETE http://10.180.1.21/identity/v3/projects/04d01e133a664cb49e2c97188d2a0161 0.133s
2024-12-10 17:23:00.674 66255 INFO tempest.lib.common.rest_client [req-a7b7eb73-15c1-4c5c-80e5-dfb5a2421d4e req-a7b7eb73-15c1-4c5c-80e5-dfb5a2421d4e ] Request (FlavorsExtraSpecsTestJSON:tearDownClass): 201 POST http://10.180.1.21/identity/v3/auth/tokens 0.081s
2024-12-10 17:23:00.705 66252 INFO tempest.lib.common.rest_client [req-9502bfce-1fee-4db1-b824-e9754bb18c0c req-9502bfce-1fee-4db1-b824-e9754bb18c0c ] Request (AttachInterfacesV270Test:setUpClass): 201 POST http://10.180.1.21/identity/v3/auth/tokens 0.053s
2024-12-10 17:23:00.762 66227 INFO tempest.lib.common.rest_client [req-ee13c46f-538d-4d48-883f-d65f153a9314 req-ee13c46f-538d-4d48-883f-d65f153a9314 ] Request (HypervisorAdminV228Test:tearDownClass): 204 DELETE http://10.180.1.21/identity/v3/users/d03157dc26b54ae0a180079fca7bbb3e 0.168s
2024-12-10 17:23:00.769 66239 INFO tempest.lib.common.rest_client [req-24b1e794-9cc5-46d5-88e6-0fd9f16c0cfd req-24b1e794-9cc5-46d5-88e6-0fd9f16c0cfd ] Request (ImagesOneServerTestJSON:setUpClass): 200 GET http://10.180.1.21/compute/v2.1/servers/746742ac-8d7a-466b-8bc0-043cb5422111 0.736s
2024-12-10 17:23:00.807 66243 INFO tempest.lib.common.rest_client [req-11c0335a-6beb-41b6-9b37-7f8a8ffd33e3 req-11c0335a-6beb-41b6-9b37-7f8a8ffd33e3 ] Request (SecurityGroupRulesNegativeTestJSON:test_create_security_group_rule_with_invalid_ip_protocol): 400 POST http://10.180.1.21/compute/v2.1/os-security-group-rules 0.672s
2024-12-10 17:23:00.818 66225 INFO tempest.lib.common.rest_client [req-5cd3ef5c-cb2d-476b-a833-aff682b00bab req-5cd3ef5c-cb2d-476b-a833-aff682b00bab ] Request (MigrationsAdminTest:test_list_migrations_in_flavor_resize_situation): 200 GET http://10.180.1.21/compute/v2.1/servers/9b1306f9-4b0a-4116-8e79-271478f33490 0.714s
2024-12-10 17:23:00.828 66284 INFO tempest.lib.common.rest_client [req-b52db2fb-9377-45a3-94d3-2b77d97073b2 req-b52db2fb-9377-45a3-94d3-2b77d97073b2 ] Request (ServerShowV257Test:tearDownClass): 404 GET http://10.180.1.21/compute/v2.1/servers/cce038d4-dc9a-4fae-8348-1c2f674b79e3 0.650s
2024-12-10 17:23:00.831 66252 INFO tempest.lib.common.rest_client [req-c5ec9bac-c2bd-40d8-9572-e7d6ebd7028f req-c5ec9bac-c2bd-40d8-9572-e7d6ebd7028f ] Request (AttachInterfacesV270Test:setUpClass): 201 POST http://10.180.1.21/identity/v3/auth/tokens 0.122s
2024-12-10 17:23:00.846 66253 INFO tempest.lib.common.rest_client [req-607afaf2-50d3-4f61-a0c5-ed18e0a56c29 req-607afaf2-50d3-4f61-a0c5-ed18e0a56c29 ] Request (ImagesNegativeTestJSON:tearDownClass): 404 DELETE http://10.180.1.21/compute/v2.1/servers/8adfd26f-1012-4e52-9371-e9d3f654046c 0.598s
2024-12-10 17:23:00.929 66284 INFO tempest.lib.common.rest_client [req-41c79923-b581-4bad-a4de-1447bb43069b req-41c79923-b581-4bad-a4de-1447bb43069b ] Request (ServerShowV257Test:tearDownClass): 204 DELETE http://10.180.1.21/identity/v3/users/0b6c80aec80c4bb1b58ebd42fab07e25 0.100s
2024-12-10 17:23:00.929 66284 INFO tempest.lib.common.dynamic_creds [-] Deleting project and security group for project: 2f5ca7cfd4844ac88d69a0f5efe12375
2024-12-10 17:23:00.929 66229 INFO tempest.lib.common.rest_client [req-452c9f67-de99-4080-a0b9-19923c8e1938 req-452c9f67-de99-4080-a0b9-19923c8e1938 ] Request (ListServersNegativeTestJSON:setUpClass): 200 GET http://10.180.1.21/compute/v2.1/servers/42ac7d4b-135c-4dd6-a3f5-3bdf38e9086a 0.487s
2024-12-10 17:23:00.940 66229 INFO tempest.common.waiters [-] State transition "BUILD/scheduling" ==> "BUILD/None" after 7 second wait
2024-12-10 17:23:00.946 66227 INFO tempest.lib.common.rest_client [req-3dc9ff77-2269-428b-964f-313476f9adc3 req-3dc9ff77-2269-428b-964f-313476f9adc3 ] Request (HypervisorAdminV228Test:tearDownClass): 204 DELETE http://10.180.1.21/identity/v3/users/fff140a7cfc643a4b1db67f11d3a4c76 0.184s
2024-12-10 17:23:00.946 66227 INFO tempest.lib.common.dynamic_creds [-] Deleting project and security group for project: 9cc3e7f04ccf4c25825f946859c9355e
2024-12-10 17:23:00.997 66279 INFO tempest.lib.common.rest_client [req-f7741cb4-4e02-4b94-9c05-6f071428e84d req-f7741cb4-4e02-4b94-9c05-6f071428e84d ] Request (ListImageFiltersTestJSON:setUpClass): 200 GET http://10.180.1.21/compute/v2.1/servers/eff06e8a-8341-4d5e-b6dd-a585be4a21ea 0.675s
2024-12-10 17:23:01.005 66265 INFO tempest.lib.common.rest_client [req-5e419436-1460-47bc-9ee4-90eca66dcf8e req-5e419436-1460-47bc-9ee4-90eca66dcf8e ] Request (ServersAaction247Test:test_create_backup): 200 GET http://10.180.1.21/compute/v2.1/servers/86a0579f-211c-42bc-925a-e30aaca4e0f5 0.553s
2024-12-10 17:23:01.010 66284 INFO tempest.lib.common.rest_client [req-df67debd-2c24-4b11-83c8-cb4f3d3fba77 req-df67debd-2c24-4b11-83c8-cb4f3d3fba77 ] Request (ServerShowV257Test:tearDownClass): 201 POST http://10.180.1.21/identity/v3/auth/tokens 0.081s
2024-12-10 17:23:01.026 66252 INFO tempest.lib.common.rest_client [req-370a5611-de13-4f27-932d-fb29a9e803b2 req-370a5611-de13-4f27-932d-fb29a9e803b2 ] Request (AttachInterfacesV270Test:setUpClass): 200 GET http://10.180.1.21/identity/v3/domains?name=Default 0.194s
2024-12-10 17:23:01.057 66227 INFO tempest.lib.common.rest_client [req-06131637-5e25-4b78-bd35-d3c2809cd084 req-06131637-5e25-4b78-bd35-d3c2809cd084 ] Request (HypervisorAdminV228Test:tearDownClass): 201 POST http://10.180.1.21/identity/v3/auth/tokens 0.111s
2024-12-10 17:23:01.065 66255 INFO tempest.lib.common.rest_client [req-63e2e45f-e928-4c8a-af8e-a602dd3dcc10 req-63e2e45f-e928-4c8a-af8e-a602dd3dcc10 ] Request (FlavorsExtraSpecsTestJSON:tearDownClass): 200 GET http://10.180.1.21:9696/networking/v2.0/security-groups?tenant_id=8b41efa307b945c19325b8a7746e5025&name=default 0.390s
2024-12-10 17:23:01.106 66252 INFO tempest.lib.common.rest_client [req-22950727-f51f-4a90-8986-154b284c2e4b req-22950727-f51f-4a90-8986-154b284c2e4b ] Request (AttachInterfacesV270Test:setUpClass): 201 POST http://10.180.1.21/identity/v3/projects 0.080s
2024-12-10 17:23:01.181 66255 INFO tempest.lib.common.rest_client [req-051ec0bb-76bb-4e1f-9ea6-1ee62cae4db3 req-051ec0bb-76bb-4e1f-9ea6-1ee62cae4db3 ] Request (FlavorsExtraSpecsTestJSON:tearDownClass): 204 DELETE http://10.180.1.21:9696/networking/v2.0/security-groups/b16c6f33-21c5-408d-a6f2-7e89122dd96e 0.116s
2024-12-10 17:23:01.228 66252 INFO tempest.lib.common.rest_client [req-3e40a9cb-5a55-498b-8834-3e830e86cc9c req-3e40a9cb-5a55-498b-8834-3e830e86cc9c ] Request (AttachInterfacesV270Test:setUpClass): 201 POST http://10.180.1.21/identity/v3/users 0.121s
2024-12-10 17:23:01.245 66267 INFO tempest.lib.common.rest_client [req-bcf532b7-7a3f-4111-aa73-08522b8da2d8 req-bcf532b7-7a3f-4111-aa73-08522b8da2d8 ] Request (SecurityGroupRulesTestJSON:test_security_group_rules_list): 200 POST http://10.180.1.21/compute/v2.1/os-security-group-rules 0.757s
2024-12-10 17:23:01.260 66252 INFO tempest.lib.common.rest_client [req-70c76b21-2047-4645-95bd-e098269c8535 req-70c76b21-2047-4645-95bd-e098269c8535 ] Request (AttachInterfacesV270Test:setUpClass): 200 GET http://10.180.1.21/identity/v3/roles 0.031s
2024-12-10 17:23:01.291 66255 INFO tempest.lib.common.rest_client [req-c686785d-9feb-468f-b12d-daabf6e0889d req-c686785d-9feb-468f-b12d-daabf6e0889d ] Request (FlavorsExtraSpecsTestJSON:tearDownClass): 204 DELETE http://10.180.1.21/identity/v3/projects/8b41efa307b945c19325b8a7746e5025 0.109s
2024-12-10 17:23:01.291 66255 INFO tempest.lib.common.dynamic_creds [-] Deleting project and security group for project: 08804bc8314841b885ffe13c798b9ef8
2024-12-10 17:23:01.332 66252 INFO tempest.lib.common.rest_client [req-f296ce0a-7321-4820-9d22-e38e84a5ac30 req-f296ce0a-7321-4820-9d22-e38e84a5ac30 ] Request (AttachInterfacesV270Test:setUpClass): 204 PUT http://10.180.1.21/identity/v3/projects/d688e8df7eb848858ff5dc4203ee0550/users/6c54dc9a58e546038e03377176e94a85/roles/fd41285c58de43a5a122e038f945495a 0.071s
2024-12-10 17:23:01.332 66252 INFO tempest.lib.common.dynamic_creds [-] Dynamic test user 6c54dc9a58e546038e03377176e94a85 is created with scope project and roles: ['member']
2024-12-10 17:23:01.332 66252 INFO tempest.lib.common.dynamic_creds [-] Acquired dynamic creds: credentials: Credentials: {'domain_id': 'default', 'domain_name': 'Default', 'username': 'tempest-AttachInterfacesV270Test-460133642-project-member', 'project_domain_id': 'default', 'project_domain_name': 'Default', 'project_id': 'd688e8df7eb848858ff5dc4203ee0550', 'project_name': 'tempest-AttachInterfacesV270Test-460133642', 'tenant_id': 'd688e8df7eb848858ff5dc4203ee0550', 'tenant_name': 'tempest-AttachInterfacesV270Test-460133642', 'user_domain_id': 'default', 'user_domain_name': 'Default', 'user_id': '6c54dc9a58e546038e03377176e94a85', 'system': None}, Network: None, Subnet: None, Router: None
2024-12-10 17:23:01.348 66241 INFO tempest.lib.common.rest_client [req-0527c3e4-3ffc-4031-992d-7a40ef0e7c5d req-0527c3e4-3ffc-4031-992d-7a40ef0e7c5d ] Request (ServersTestFqdnHostnames:test_create_server_with_fqdn_name): 200 GET http://10.180.1.21/compute/v2.1/servers/754e64ec-b6fa-49d8-9de6-ef38918378fd 0.600s
2024-12-10 17:23:01.368 66284 INFO tempest.lib.common.rest_client [req-6a465aab-6946-403a-9634-d51e3ef00e78 req-6a465aab-6946-403a-9634-d51e3ef00e78 ] Request (ServerShowV257Test:tearDownClass): 200 GET http://10.180.1.21:9696/networking/v2.0/security-groups?tenant_id=2f5ca7cfd4844ac88d69a0f5efe12375&name=default 0.357s
2024-12-10 17:23:01.396 66252 INFO tempest.lib.common.rest_client [req-f02c9fc1-99b6-46fe-88c1-df620364665f req-f02c9fc1-99b6-46fe-88c1-df620364665f ] Request (AttachInterfacesV270Test:setUpClass): 201 POST http://10.180.1.21/identity/v3/auth/tokens 0.064s
2024-12-10 17:23:01.543 66284 INFO tempest.lib.common.rest_client [req-e80e35ac-f0b1-4c69-8d44-384cd03d50c8 req-e80e35ac-f0b1-4c69-8d44-384cd03d50c8 ] Request (ServerShowV257Test:tearDownClass): 204 DELETE http://10.180.1.21:9696/networking/v2.0/security-groups/98ab1135-72c3-4b9d-b1d3-986ef14943b8 0.175s
2024-12-10 17:23:01.580 66243 INFO tempest.lib.common.rest_client [req-589fa7c8-5394-4244-bc02-cc89c2143e24 req-589fa7c8-5394-4244-bc02-cc89c2143e24 ] Request (SecurityGroupRulesNegativeTestJSON:test_create_security_group_rule_with_invalid_port_range): 200 POST http://10.180.1.21/compute/v2.1/os-security-groups 0.771s
2024-12-10 17:23:01.617 66284 INFO tempest.lib.common.rest_client [req-1a41271c-a4ea-47a8-b48b-452a4e2c9223 req-1a41271c-a4ea-47a8-b48b-452a4e2c9223 ] Request (ServerShowV257Test:tearDownClass): 204 DELETE http://10.180.1.21/identity/v3/projects/2f5ca7cfd4844ac88d69a0f5efe12375 0.074s
2024-12-10 17:23:01.675 66259 INFO tempest.lib.common.rest_client [req-f6fc3115-a34a-4f83-8b95-ded06a747b28 req-f6fc3115-a34a-4f83-8b95-ded06a747b28 ] Request (ServersTestMultiNic:_run_cleanups): 200 GET http://10.180.1.21/compute/v2.1/servers/961c3a87-7f53-4764-b8a4-40a408a30f90 0.861s
2024-12-10 17:23:01.695 66253 INFO tempest.lib.common.rest_client [req-5920effc-d0c1-44f6-90ab-b562143adc93 req-5920effc-d0c1-44f6-90ab-b562143adc93 ] Request (ImagesNegativeTestJSON:tearDownClass): 404 GET http://10.180.1.21/compute/v2.1/servers/8adfd26f-1012-4e52-9371-e9d3f654046c 0.848s
2024-12-10 17:23:01.696 66227 INFO tempest.lib.common.rest_client [req-7f8aa517-7c92-4fda-a8e2-ae73b862922c req-7f8aa517-7c92-4fda-a8e2-ae73b862922c ] Request (HypervisorAdminV228Test:tearDownClass): 200 GET http://10.180.1.21:9696/networking/v2.0/security-groups?tenant_id=9cc3e7f04ccf4c25825f946859c9355e&name=default 0.638s
2024-12-10 17:23:01.701 66245 WARNING tempest.lib.common.ssh [-] Failed to establish authenticated ssh connection to cirros@10.180.180.191 ([Errno None] Unable to connect to port 22 on 10.180.180.191). Number attempts: 3. Retry after 4 seconds.: paramiko.ssh_exception.NoValidConnectionsError: [Errno None] Unable to connect to port 22 on 10.180.180.191
2024-12-10 17:23:01.709 66284 INFO tempest.lib.common.rest_client [req-ad3220cc-edd4-4083-8581-5a5f6341d153 req-ad3220cc-edd4-4083-8581-5a5f6341d153 ] Request (VolumesNegativeTest:setUpClass): 201 POST http://10.180.1.21/identity/v3/auth/tokens 0.090s
2024-12-10 17:23:01.747 66284 INFO tempest.lib.common.rest_client [req-acfe25bd-4286-4b34-bbcb-51a6487a24da req-acfe25bd-4286-4b34-bbcb-51a6487a24da ] Request (VolumesNegativeTest:setUpClass): 201 POST http://10.180.1.21/identity/v3/auth/tokens 0.034s
2024-12-10 17:23:01.769 66255 INFO tempest.lib.common.rest_client [req-133a1b9c-0d96-4b78-a5f0-8b7d57736bbd req-133a1b9c-0d96-4b78-a5f0-8b7d57736bbd ] Request (FlavorsExtraSpecsTestJSON:tearDownClass): 200 GET http://10.180.1.21:9696/networking/v2.0/security-groups?tenant_id=08804bc8314841b885ffe13c798b9ef8&name=default 0.477s
2024-12-10 17:23:01.780 66284 INFO tempest.lib.common.rest_client [req-5dad6ebf-1b97-4d49-903a-8cf52335bf34 req-5dad6ebf-1b97-4d49-903a-8cf52335bf34 ] Request (VolumesNegativeTest:setUpClass): 200 GET http://10.180.1.21/identity/v3/domains?name=Default 0.032s
2024-12-10 17:23:01.784 66261 INFO tempest.lib.common.rest_client [req-03607f33-555c-49df-a84c-996fe4711341 req-03607f33-555c-49df-a84c-996fe4711341 ] Request (DeleteServersAdminTestJSON:test_delete_server_while_in_error_state): 200 GET http://10.180.1.21/compute/v2.1/servers/8c10c573-de56-4c72-959a-65bf53b805a5 0.745s
2024-12-10 17:23:01.816 66284 INFO tempest.lib.common.rest_client [req-fc781082-41d7-4acc-9d7e-f3cb2ba74480 req-fc781082-41d7-4acc-9d7e-f3cb2ba74480 ] Request (VolumesNegativeTest:setUpClass): 201 POST http://10.180.1.21/identity/v3/projects 0.035s
2024-12-10 17:23:01.850 66273 INFO tempest.lib.common.rest_client [req-272c2915-47ee-4cdc-a2db-69ad8e20e578 req-272c2915-47ee-4cdc-a2db-69ad8e20e578 ] Request (ServerExternalEventsTest:test_create_server_external_events): 200 GET http://10.180.1.21/compute/v2.1/servers/459d5a17-182b-4284-b464-57d342981031 0.742s
2024-12-10 17:23:01.878 66284 INFO tempest.lib.common.rest_client [req-4d2041a3-462b-4675-8300-d3fefdbf4f58 req-4d2041a3-462b-4675-8300-d3fefdbf4f58 ] Request (VolumesNegativeTest:setUpClass): 201 POST http://10.180.1.21/identity/v3/users 0.061s
2024-12-10 17:23:01.904 66284 INFO tempest.lib.common.rest_client [req-9f9588c4-1848-44b3-bfed-5b12d7e1835c req-9f9588c4-1848-44b3-bfed-5b12d7e1835c ] Request (VolumesNegativeTest:setUpClass): 200 GET http://10.180.1.21/identity/v3/roles 0.025s
2024-12-10 17:23:01.915 66252 INFO tempest.lib.common.rest_client [req-62da46fc-7c3a-46a1-8b6d-06dc808d42a8 req-62da46fc-7c3a-46a1-8b6d-06dc808d42a8 ] Request (AttachInterfacesV270Test:setUpClass): 201 POST http://10.180.1.21:9696/networking/v2.0/networks 0.518s
2024-12-10 17:23:01.930 66249 INFO tempest.lib.common.rest_client [req-a04b0204-f7f0-431a-9d2a-f9d9dc91e00f req-a04b0204-f7f0-431a-9d2a-f9d9dc91e00f ] Request (ServersAdminTestJSON:setUpClass): 200 GET http://10.180.1.21/compute/v2.1/servers/14b4518e-044a-451a-845d-fa3742e5b3e2 0.754s
2024-12-10 17:23:01.933 66284 INFO tempest.lib.common.rest_client [req-64941f66-c055-42c4-8c0f-7f88d8f6096b req-64941f66-c055-42c4-8c0f-7f88d8f6096b ] Request (VolumesNegativeTest:setUpClass): 204 PUT http://10.180.1.21/identity/v3/projects/b54faadc837c4fed8e060a37cb76af2a/users/4083cc6913db4cdeb82bba5986c87683/roles/fd41285c58de43a5a122e038f945495a 0.028s
2024-12-10 17:23:01.933 66284 INFO tempest.lib.common.dynamic_creds [-] Dynamic test user 4083cc6913db4cdeb82bba5986c87683 is created with scope project and roles: ['member']
2024-12-10 17:23:01.933 66284 INFO tempest.lib.common.dynamic_creds [-] Acquired dynamic creds: credentials: Credentials: {'domain_id': 'default', 'domain_name': 'Default', 'username': 'tempest-VolumesNegativeTest-1135338140-project-member', 'project_domain_id': 'default', 'project_domain_name': 'Default', 'project_id': 'b54faadc837c4fed8e060a37cb76af2a', 'project_name': 'tempest-VolumesNegativeTest-1135338140', 'tenant_id': 'b54faadc837c4fed8e060a37cb76af2a', 'tenant_name': 'tempest-VolumesNegativeTest-1135338140', 'user_domain_id': 'default', 'user_domain_name': 'Default', 'user_id': '4083cc6913db4cdeb82bba5986c87683', 'system': None}, Network: None, Subnet: None, Router: None
2024-12-10 17:23:01.934 66284 INFO tempest.lib.common.dynamic_creds [-] Created isolated network resources for: credentials: Credentials: {'domain_id': 'default', 'domain_name': 'Default', 'username': 'tempest-VolumesNegativeTest-1135338140-project-member', 'project_domain_id': 'default', 'project_domain_name': 'Default', 'project_id': 'b54faadc837c4fed8e060a37cb76af2a', 'project_name': 'tempest-VolumesNegativeTest-1135338140', 'tenant_id': 'b54faadc837c4fed8e060a37cb76af2a', 'tenant_name': 'tempest-VolumesNegativeTest-1135338140', 'user_domain_id': 'default', 'user_domain_name': 'Default', 'user_id': '4083cc6913db4cdeb82bba5986c87683', 'system': None}, Network: None, Subnet: None, Router: None
2024-12-10 17:23:02.012 66284 INFO tempest.lib.common.rest_client [req-f875afaa-1a2e-4be6-b899-eae4fd321ab8 req-f875afaa-1a2e-4be6-b899-eae4fd321ab8 ] Request (VolumesNegativeTest:setUpClass): 201 POST http://10.180.1.21/identity/v3/auth/tokens 0.075s
2024-12-10 17:23:02.026 66233 INFO tempest.lib.common.rest_client [req-a1c7ee06-37dd-4235-941b-9e873a46ec49 req-a1c7ee06-37dd-4235-941b-9e873a46ec49 ] Request (ServerDiagnosticsNegativeTest:tearDownClass): 200 GET http://10.180.1.21/compute/v2.1/servers/6d290634-67e7-4fb4-9a88-3da6eca34d4b 0.792s
2024-12-10 17:23:02.083 66255 INFO tempest.lib.common.rest_client [req-d6ea6513-8e90-487f-9d18-8184a1d72212 req-d6ea6513-8e90-487f-9d18-8184a1d72212 ] Request (FlavorsExtraSpecsTestJSON:tearDownClass): 204 DELETE http://10.180.1.21:9696/networking/v2.0/security-groups/e04f3f60-1973-4840-a536-25eb0a8c4029 0.313s
2024-12-10 17:23:02.086 66271 INFO tempest.lib.common.rest_client [req-e3481ae4-b1e0-4a7d-9f33-cd2b848f7408 req-e3481ae4-b1e0-4a7d-9f33-cd2b848f7408 ] Request (FloatingIPsAssociationNegativeTestJSON:setUpClass): 202 POST http://10.180.1.21/compute/v2.1/servers 1.539s
2024-12-10 17:23:02.102 66227 INFO tempest.lib.common.rest_client [req-110736b5-d1dd-4286-8c8e-08c5edc63e32 req-110736b5-d1dd-4286-8c8e-08c5edc63e32 ] Request (HypervisorAdminV228Test:tearDownClass): 204 DELETE http://10.180.1.21:9696/networking/v2.0/security-groups/87019933-c4f3-40b6-92b2-19aff7e7af9d 0.405s
2024-12-10 17:23:02.168 66231 INFO tempest.lib.common.rest_client [req-08f00b5d-062c-4b6e-9f8c-8fdbf6cc6f58 req-08f00b5d-062c-4b6e-9f8c-8fdbf6cc6f58 ] Request (InstanceActionsNegativeTestJSON:setUpClass): 200 GET http://10.180.1.21/compute/v2.1/servers/22a927ad-c2af-4814-b728-ec31b76a34d4 0.914s
2024-12-10 17:23:02.197 66255 INFO tempest.lib.common.rest_client [req-3d317a6c-babd-4a44-bddb-09162b4865df req-3d317a6c-babd-4a44-bddb-09162b4865df ] Request (FlavorsExtraSpecsTestJSON:tearDownClass): 204 DELETE http://10.180.1.21/identity/v3/projects/08804bc8314841b885ffe13c798b9ef8 0.114s
2024-12-10 17:23:02.243 66255 INFO tempest.lib.common.rest_client [req-4355bb71-5da1-4491-943e-1c50c279ebf4 req-4355bb71-5da1-4491-943e-1c50c279ebf4 ] Request (KeyPairsNegativeTestJSON:setUpClass): 201 POST http://10.180.1.21/identity/v3/auth/tokens 0.043s
2024-12-10 17:23:02.282 66235 INFO tempest.lib.common.rest_client [req-40bd45f6-314b-4743-ace9-57396282c4b4 req-40bd45f6-314b-4743-ace9-57396282c4b4 ] Request (ImagesOneServerNegativeTestJSON:_run_cleanups): 200 GET http://10.180.1.21/compute/v2.1/servers/ef3346b1-ce09-4616-bdf4-200ea31efd01 0.885s
2024-12-10 17:23:02.285 66227 INFO tempest.lib.common.rest_client [req-bf4eda2d-08b4-47c7-b938-4ce1cd1d622c req-bf4eda2d-08b4-47c7-b938-4ce1cd1d622c ] Request (HypervisorAdminV228Test:tearDownClass): 204 DELETE http://10.180.1.21/identity/v3/projects/9cc3e7f04ccf4c25825f946859c9355e 0.183s
2024-12-10 17:23:02.286 66227 INFO tempest.lib.common.dynamic_creds [-] Deleting project and security group for project: ac865ab88b8049e9ae2c91d955ae54fb
2024-12-10 17:23:02.328 66255 INFO tempest.lib.common.rest_client [req-04b2014a-7f1b-4590-a2aa-0fa99c5f34ee req-04b2014a-7f1b-4590-a2aa-0fa99c5f34ee ] Request (KeyPairsNegativeTestJSON:setUpClass): 201 POST http://10.180.1.21/identity/v3/auth/tokens 0.083s
2024-12-10 17:23:02.330 66267 INFO tempest.lib.common.rest_client [req-5a0f23bd-3709-435d-9901-3aa574838271 req-5a0f23bd-3709-435d-9901-3aa574838271 ] Request (SecurityGroupRulesTestJSON:test_security_group_rules_list): 200 POST http://10.180.1.21/compute/v2.1/os-security-group-rules 1.081s
2024-12-10 17:23:02.359 66288 INFO tempest.lib.common.rest_client [req-200434bc-7280-4e28-9444-1e64e83fc46a req-200434bc-7280-4e28-9444-1e64e83fc46a ] Request (ServersNegativeTestMultiTenantJSON:setUpClass): 200 GET http://10.180.1.21/compute/v2.1/servers/87fa97a7-a8a5-4184-b52a-b02ad5468127 0.870s
2024-12-10 17:23:02.365 66255 INFO tempest.lib.common.rest_client [req-b540ec80-f39a-4aaf-b7a4-79d49dac0589 req-b540ec80-f39a-4aaf-b7a4-79d49dac0589 ] Request (KeyPairsNegativeTestJSON:setUpClass): 200 GET http://10.180.1.21/identity/v3/domains?name=Default 0.036s
2024-12-10 17:23:02.395 66252 INFO tempest.lib.common.rest_client [req-cd433c9c-cedf-4573-9795-2b65bbd78bb7 req-cd433c9c-cedf-4573-9795-2b65bbd78bb7 ] Request (AttachInterfacesV270Test:setUpClass): 201 POST http://10.180.1.21:9696/networking/v2.0/subnets 0.479s
2024-12-10 17:23:02.399 66255 INFO tempest.lib.common.rest_client [req-24b711c9-e15c-48c4-917b-8aeaf9a24271 req-24b711c9-e15c-48c4-917b-8aeaf9a24271 ] Request (KeyPairsNegativeTestJSON:setUpClass): 201 POST http://10.180.1.21/identity/v3/projects 0.033s
2024-12-10 17:23:02.417 66275 INFO tempest.lib.common.rest_client [req-7adca559-0c17-47dc-b364-45e58925da6b req-7adca559-0c17-47dc-b364-45e58925da6b ] Request (ServersAdminNegativeTestJSON:test_migrate_server_invalid_state): 200 GET http://10.180.1.21/compute/v2.1/servers/f3a579de-1f29-4b67-8dc8-07ea37267001 0.844s
2024-12-10 17:23:02.470 66255 INFO tempest.lib.common.rest_client [req-702b8d9d-82ac-4dde-a645-0ec082905d8e req-702b8d9d-82ac-4dde-a645-0ec082905d8e ] Request (KeyPairsNegativeTestJSON:setUpClass): 201 POST http://10.180.1.21/identity/v3/users 0.071s
2024-12-10 17:23:02.491 66255 INFO tempest.lib.common.rest_client [req-981836ba-8dca-4530-b15a-629cb84c5ba6 req-981836ba-8dca-4530-b15a-629cb84c5ba6 ] Request (KeyPairsNegativeTestJSON:setUpClass): 200 GET http://10.180.1.21/identity/v3/roles 0.020s
2024-12-10 17:23:02.494 66263 INFO tempest.lib.common.rest_client [req-ab157de6-cfa2-4d7a-84dd-5af0ac895ee5 req-ab157de6-cfa2-4d7a-84dd-5af0ac895ee5 ] Request (ServersAdmin275Test:_run_cleanups): 200 GET http://10.180.1.21/compute/v2.1/servers/13706c85-c23e-47cd-a7d8-2e902c11a7fb 0.885s
2024-12-10 17:23:02.507 66263 INFO tempest.common.waiters [-] State transition "REBUILD/rebuild_block_device_mapping" ==> "REBUILD/rebuild_spawning" after 4 second wait
2024-12-10 17:23:02.521 66255 INFO tempest.lib.common.rest_client [req-6db99c0d-ee03-4ca8-b0a6-2defc27785c4 req-6db99c0d-ee03-4ca8-b0a6-2defc27785c4 ] Request (KeyPairsNegativeTestJSON:setUpClass): 204 PUT http://10.180.1.21/identity/v3/projects/849aa556d2c74ad9807f161fe8f1164e/users/28ffcdd4700c46429cd796b22f2b33d1/roles/fd41285c58de43a5a122e038f945495a 0.029s
2024-12-10 17:23:02.521 66255 INFO tempest.lib.common.dynamic_creds [-] Dynamic test user 28ffcdd4700c46429cd796b22f2b33d1 is created with scope project and roles: ['member']
2024-12-10 17:23:02.521 66255 INFO tempest.lib.common.dynamic_creds [-] Acquired dynamic creds: credentials: Credentials: {'domain_id': 'default', 'domain_name': 'Default', 'username': 'tempest-KeyPairsNegativeTestJSON-1704258230-project-member', 'project_domain_id': 'default', 'project_domain_name': 'Default', 'project_id': '849aa556d2c74ad9807f161fe8f1164e', 'project_name': 'tempest-KeyPairsNegativeTestJSON-1704258230', 'tenant_id': '849aa556d2c74ad9807f161fe8f1164e', 'tenant_name': 'tempest-KeyPairsNegativeTestJSON-1704258230', 'user_domain_id': 'default', 'user_domain_name': 'Default', 'user_id': '28ffcdd4700c46429cd796b22f2b33d1', 'system': None}, Network: None, Subnet: None, Router: None
2024-12-10 17:23:02.521 66255 INFO tempest.lib.common.dynamic_creds [-] Created isolated network resources for: credentials: Credentials: {'domain_id': 'default', 'domain_name': 'Default', 'username': 'tempest-KeyPairsNegativeTestJSON-1704258230-project-member', 'project_domain_id': 'default', 'project_domain_name': 'Default', 'project_id': '849aa556d2c74ad9807f161fe8f1164e', 'project_name': 'tempest-KeyPairsNegativeTestJSON-1704258230', 'tenant_id': '849aa556d2c74ad9807f161fe8f1164e', 'tenant_name': 'tempest-KeyPairsNegativeTestJSON-1704258230', 'user_domain_id': 'default', 'user_domain_name': 'Default', 'user_id': '28ffcdd4700c46429cd796b22f2b33d1', 'system': None}, Network: None, Subnet: None, Router: None
2024-12-10 17:23:02.603 66255 INFO tempest.lib.common.rest_client [req-24482405-db98-4b0c-9980-1b635dc4de82 req-24482405-db98-4b0c-9980-1b635dc4de82 ] Request (KeyPairsNegativeTestJSON:setUpClass): 201 POST http://10.180.1.21/identity/v3/auth/tokens 0.077s
2024-12-10 17:23:02.607 66239 INFO tempest.lib.common.rest_client [req-4d936f59-38c8-4fdf-a2b0-fa085175d1df req-4d936f59-38c8-4fdf-a2b0-fa085175d1df ] Request (ImagesOneServerTestJSON:setUpClass): 200 GET http://10.180.1.21/compute/v2.1/servers/746742ac-8d7a-466b-8bc0-043cb5422111 0.828s
2024-12-10 17:23:02.664 66243 INFO tempest.lib.common.rest_client [req-79b5f73f-f4b1-4127-a24e-f70e12dc07ab req-79b5f73f-f4b1-4127-a24e-f70e12dc07ab ] Request (SecurityGroupRulesNegativeTestJSON:test_create_security_group_rule_with_invalid_port_range): 400 POST http://10.180.1.21/compute/v2.1/os-security-group-rules 1.081s
2024-12-10 17:23:02.748 66229 INFO tempest.lib.common.rest_client [req-0c1a9bdf-34f9-434e-910a-84dfb10d38dc req-0c1a9bdf-34f9-434e-910a-84dfb10d38dc ] Request (ListServersNegativeTestJSON:setUpClass): 200 GET http://10.180.1.21/compute/v2.1/servers/42ac7d4b-135c-4dd6-a3f5-3bdf38e9086a 0.807s
2024-12-10 17:23:02.808 66225 INFO tempest.lib.common.rest_client [req-3d05acf9-f594-412f-90e3-21290e946398 req-3d05acf9-f594-412f-90e3-21290e946398 ] Request (MigrationsAdminTest:test_list_migrations_in_flavor_resize_situation): 200 GET http://10.180.1.21/compute/v2.1/servers/9b1306f9-4b0a-4116-8e79-271478f33490 0.977s
2024-12-10 17:23:02.904 66253 INFO tempest.lib.common.rest_client [req-215a88f6-a0e5-4829-ac95-2fb3af2ce77b req-215a88f6-a0e5-4829-ac95-2fb3af2ce77b ] Request (ImagesNegativeTestJSON:tearDownClass): 200 PUT http://10.180.1.21:9696/networking/v2.0/routers/a4b92535-78ab-458d-b035-9f86aa7cfeb9/remove_router_interface 1.208s
2024-12-10 17:23:02.910 66227 INFO tempest.lib.common.rest_client [req-95ce1187-7259-4a8e-80de-bab37fe6c4db req-95ce1187-7259-4a8e-80de-bab37fe6c4db ] Request (HypervisorAdminV228Test:tearDownClass): 200 GET http://10.180.1.21:9696/networking/v2.0/security-groups?tenant_id=ac865ab88b8049e9ae2c91d955ae54fb&name=default 0.624s
2024-12-10 17:23:02.912 66284 INFO tempest.lib.common.rest_client [req-46fe5656-1788-48cd-85fa-88266c3da65c req-46fe5656-1788-48cd-85fa-88266c3da65c ] Request (VolumesNegativeTest:test_create_volume_with_invalid_size): 400 POST http://10.180.1.21/compute/v2.1/os-volumes 0.898s
2024-12-10 17:23:02.957 66237 INFO tempest.lib.common.rest_client [req-ad3babbc-024e-4d3c-b6bd-09d69be6b82e req-ad3babbc-024e-4d3c-b6bd-09d69be6b82e ] Request (FloatingIPsAssociationTestJSON:setUpClass): 200 PUT http://10.180.1.21:9696/networking/v2.0/routers/14f689c0-2c21-47fe-a898-f0cae61c83ce/add_router_interface 3.384s
2024-12-10 17:23:02.957 66237 INFO tempest.lib.common.dynamic_creds [-] Created isolated network resources for: credentials: Credentials: {'domain_id': 'default', 'domain_name': 'Default', 'username': 'tempest-FloatingIPsAssociationTestJSON-669159493-project-member', 'project_domain_id': 'default', 'project_domain_name': 'Default', 'project_id': '20f891cd9bb546b9bfe8095234165327', 'project_name': 'tempest-FloatingIPsAssociationTestJSON-669159493', 'tenant_id': '20f891cd9bb546b9bfe8095234165327', 'tenant_name': 'tempest-FloatingIPsAssociationTestJSON-669159493', 'user_domain_id': 'default', 'user_domain_name': 'Default', 'user_id': '080894c6e46d4686b5bfd67e5eddbe2e', 'system': None}, Network: {'id': '02b17772-010b-4af3-8bd2-16531a9a8b54', 'name': 'tempest-FloatingIPsAssociationTestJSON-1224838679-network', 'tenant_id': '20f891cd9bb546b9bfe8095234165327', 'admin_state_up': True, 'mtu': 8950, 'status': 'ACTIVE', 'subnets': [], 'shared': False, 'project_id': '20f891cd9bb546b9bfe8095234165327', 'port_security_enabled': True, 'router:external': False, 'provider:network_type': 'vlan', 'provider:physical_network': 'default', 'provider:segmentation_id': 730, 'availability_zone_hints': [], 'availability_zones': [], 'ipv4_address_scope': None, 'ipv6_address_scope': None, 'description': '', 'tags': [], 'created_at': '2024-12-10T17:22:56Z', 'updated_at': '2024-12-10T17:22:56Z', 'revision_number': 1}, Subnet: {'id': '52aadf7f-c6a8-449a-9b41-817a756a5304', 'name': 'tempest-FloatingIPsAssociationTestJSON-1224838679-subnet', 'tenant_id': '20f891cd9bb546b9bfe8095234165327', 'network_id': '02b17772-010b-4af3-8bd2-16531a9a8b54', 'ip_version': 4, 'subnetpool_id': None, 'enable_dhcp': True, 'ipv6_ra_mode': None, 'ipv6_address_mode': None, 'gateway_ip': '192.168.128.1', 'cidr': '192.168.128.0/28', 'allocation_pools': [{'start': '192.168.128.2', 'end': '192.168.128.14'}], 'host_routes': [], 'dns_nameservers': [], 'description': '', 'router:external': False, 'service_types': [], 'tags': [], 'created_at': '2024-12-10T17:22:56Z', 'updated_at': '2024-12-10T17:22:56Z', 'revision_number': 0, 'project_id': '20f891cd9bb546b9bfe8095234165327'}, Router: {'id': '14f689c0-2c21-47fe-a898-f0cae61c83ce', 'name': 'tempest-FloatingIPsAssociationTestJSON-1224838679-router', 'tenant_id': '20f891cd9bb546b9bfe8095234165327', 'admin_state_up': True, 'status': 'ACTIVE', 'external_gateway_info': {'network_id': 'b9822408-7062-4404-858d-b4fe0c495481', 'external_fixed_ips': [{'subnet_id': '935b1629-c94b-47a3-96bd-73ead4bcd6c1', 'ip_address': '10.180.180.176'}], 'enable_snat': True}, 'description': '', 'availability_zones': [], 'distributed': False, 'ha': False, 'availability_zone_hints': [], 'routes': [], 'flavor_id': None, 'tags': [], 'created_at': '2024-12-10T17:22:56Z', 'updated_at': '2024-12-10T17:22:58Z', 'revision_number': 2, 'project_id': '20f891cd9bb546b9bfe8095234165327'}
2024-12-10 17:23:02.978 66265 INFO tempest.lib.common.rest_client [req-47a04645-d5c4-4f25-b2ce-077a413ea275 req-47a04645-d5c4-4f25-b2ce-077a413ea275 ] Request (ServersAaction247Test:test_create_backup): 200 GET http://10.180.1.21/compute/v2.1/servers/86a0579f-211c-42bc-925a-e30aaca4e0f5 0.959s
2024-12-10 17:23:02.994 66247 INFO tempest.lib.common.rest_client [req-02ab3331-c846-4c0e-af43-65e2bf707816 req-02ab3331-c846-4c0e-af43-65e2bf707816 ] Request (VolumesAdminNegativeTest:setUpClass): 200 PUT http://10.180.1.21:9696/networking/v2.0/routers/0a042f3d-2f09-4a05-95fc-bae3936b365f/add_router_interface 3.378s
2024-12-10 17:23:02.995 66247 INFO tempest.lib.common.dynamic_creds [-] Created isolated network resources for: credentials: Credentials: {'domain_id': 'default', 'domain_name': 'Default', 'username': 'tempest-VolumesAdminNegativeTest-624585698-project-admin', 'project_domain_id': 'default', 'project_domain_name': 'Default', 'project_id': 'b9aaa09cba2643eaa11e8a37234efdd0', 'project_name': 'tempest-VolumesAdminNegativeTest-624585698', 'tenant_id': 'b9aaa09cba2643eaa11e8a37234efdd0', 'tenant_name': 'tempest-VolumesAdminNegativeTest-624585698', 'user_domain_id': 'default', 'user_domain_name': 'Default', 'user_id': '288d13a617ab4bc5aeee309fbb85a95f', 'system': None}, Network: {'id': 'ba9492b8-9a51-4be8-b7ca-6b99ea540d71', 'name': 'tempest-VolumesAdminNegativeTest-396141714-network', 'tenant_id': 'b9aaa09cba2643eaa11e8a37234efdd0', 'admin_state_up': True, 'mtu': 8950, 'status': 'ACTIVE', 'subnets': [], 'shared': False, 'project_id': 'b9aaa09cba2643eaa11e8a37234efdd0', 'port_security_enabled': True, 'router:external': False, 'provider:network_type': 'vlan', 'provider:physical_network': 'default', 'provider:segmentation_id': 176, 'availability_zone_hints': [], 'availability_zones': [], 'ipv4_address_scope': None, 'ipv6_address_scope': None, 'description': '', 'tags': [], 'created_at': '2024-12-10T17:22:56Z', 'updated_at': '2024-12-10T17:22:56Z', 'revision_number': 1}, Subnet: {'id': '3ff6c8a6-6a44-441f-91ce-62919b92c83e', 'name': 'tempest-VolumesAdminNegativeTest-396141714-subnet', 'tenant_id': 'b9aaa09cba2643eaa11e8a37234efdd0', 'network_id': 'ba9492b8-9a51-4be8-b7ca-6b99ea540d71', 'ip_version': 4, 'subnetpool_id': None, 'enable_dhcp': True, 'ipv6_ra_mode': None, 'ipv6_address_mode': None, 'gateway_ip': '192.168.128.1', 'cidr': '192.168.128.0/28', 'allocation_pools': [{'start': '192.168.128.2', 'end': '192.168.128.14'}], 'host_routes': [], 'dns_nameservers': [], 'description': '', 'router:external': False, 'service_types': [], 'tags': [], 'created_at': '2024-12-10T17:22:56Z', 'updated_at': '2024-12-10T17:22:56Z', 'revision_number': 0, 'project_id': 'b9aaa09cba2643eaa11e8a37234efdd0'}, Router: {'id': '0a042f3d-2f09-4a05-95fc-bae3936b365f', 'name': 'tempest-VolumesAdminNegativeTest-396141714-router', 'tenant_id': 'b9aaa09cba2643eaa11e8a37234efdd0', 'admin_state_up': True, 'status': 'ACTIVE', 'external_gateway_info': {'network_id': 'b9822408-7062-4404-858d-b4fe0c495481', 'external_fixed_ips': [{'subnet_id': '935b1629-c94b-47a3-96bd-73ead4bcd6c1', 'ip_address': '10.180.180.244'}], 'enable_snat': True}, 'description': '', 'availability_zones': [], 'distributed': False, 'ha': False, 'availability_zone_hints': [], 'routes': [], 'flavor_id': None, 'tags': [], 'created_at': '2024-12-10T17:22:57Z', 'updated_at': '2024-12-10T17:22:58Z', 'revision_number': 2, 'project_id': 'b9aaa09cba2643eaa11e8a37234efdd0'}
2024-12-10 17:23:03.049 66237 INFO tempest.lib.common.rest_client [req-74ab6709-9cc2-475b-81eb-66ca2bcd9a8e req-74ab6709-9cc2-475b-81eb-66ca2bcd9a8e ] Request (FloatingIPsAssociationTestJSON:setUpClass): 201 POST http://10.180.1.21/identity/v3/auth/tokens 0.089s
2024-12-10 17:23:03.058 66271 INFO tempest.lib.common.rest_client [req-cd084b4b-8dd0-4b16-ba27-ef6b54c7ac99 req-cd084b4b-8dd0-4b16-ba27-ef6b54c7ac99 ] Request (FloatingIPsAssociationNegativeTestJSON:setUpClass): 200 GET http://10.180.1.21/compute/v2.1/servers/862302e5-ad7e-40f3-a4a3-8c4a8035e1cf 0.970s
2024-12-10 17:23:03.077 66279 INFO tempest.lib.common.rest_client [req-0eef3a9f-7089-4944-b05b-63fe090336ec req-0eef3a9f-7089-4944-b05b-63fe090336ec ] Request (ListImageFiltersTestJSON:setUpClass): 200 GET http://10.180.1.21/compute/v2.1/servers/eff06e8a-8341-4d5e-b6dd-a585be4a21ea 1.068s
2024-12-10 17:23:03.091 66237 INFO tempest.lib.common.rest_client [req-959759cb-5b87-4834-beee-afa823f7df1c req-959759cb-5b87-4834-beee-afa823f7df1c ] Request (FloatingIPsAssociationTestJSON:setUpClass): 201 POST http://10.180.1.21/identity/v3/auth/tokens 0.037s
2024-12-10 17:23:03.091 66237 INFO tempest.lib.common.fixed_network [-] (FloatingIPsAssociationTestJSON:setUpClass) Found network {'id': '02b17772-010b-4af3-8bd2-16531a9a8b54', 'name': 'tempest-FloatingIPsAssociationTestJSON-1224838679-network', 'tenant_id': '20f891cd9bb546b9bfe8095234165327', 'admin_state_up': True, 'mtu': 8950, 'status': 'ACTIVE', 'subnets': [], 'shared': False, 'project_id': '20f891cd9bb546b9bfe8095234165327', 'port_security_enabled': True, 'router:external': False, 'provider:network_type': 'vlan', 'provider:physical_network': 'default', 'provider:segmentation_id': 730, 'availability_zone_hints': [], 'availability_zones': [], 'ipv4_address_scope': None, 'ipv6_address_scope': None, 'description': '', 'tags': [], 'created_at': '2024-12-10T17:22:56Z', 'updated_at': '2024-12-10T17:22:56Z', 'revision_number': 1} available for tenant
2024-12-10 17:23:03.096 66247 INFO tempest.lib.common.rest_client [req-f127f9e6-8139-4d16-ae4e-344c61f019d0 req-f127f9e6-8139-4d16-ae4e-344c61f019d0 ] Request (VolumesAdminNegativeTest:setUpClass): 201 POST http://10.180.1.21/identity/v3/auth/tokens 0.097s
2024-12-10 17:23:03.125 66227 INFO tempest.lib.common.rest_client [req-4b67a78e-57b4-4f15-ac6b-57b428f781a6 req-4b67a78e-57b4-4f15-ac6b-57b428f781a6 ] Request (HypervisorAdminV228Test:tearDownClass): 204 DELETE http://10.180.1.21:9696/networking/v2.0/security-groups/b3a369e5-05ce-4f39-bcad-0f580cabc3de 0.214s
2024-12-10 17:23:03.129 66267 INFO tempest.lib.common.rest_client [req-b72afa97-dd33-4b5c-9238-19fc155ac03d req-b72afa97-dd33-4b5c-9238-19fc155ac03d ] Request (SecurityGroupRulesTestJSON:test_security_group_rules_list): 200 GET http://10.180.1.21/compute/v2.1/os-security-groups/1911cacc-bd74-4e00-bc76-eb8eadd7eb02 0.797s
2024-12-10 17:23:03.156 66241 INFO tempest.lib.common.rest_client [req-b4d2c7bb-616d-4dd5-b77a-431b0006d1b9 req-b4d2c7bb-616d-4dd5-b77a-431b0006d1b9 ] Request (ServersTestFqdnHostnames:test_create_server_with_fqdn_name): 200 GET http://10.180.1.21/compute/v2.1/servers/754e64ec-b6fa-49d8-9de6-ef38918378fd 0.800s
2024-12-10 17:23:03.174 66255 INFO tempest.lib.common.rest_client [req-006da3cb-e199-4270-857a-513f51c3bb9c req-006da3cb-e199-4270-857a-513f51c3bb9c ] Request (KeyPairsNegativeTestJSON:test_create_keypair_invalid_name): 400 POST http://10.180.1.21/compute/v2.1/os-keypairs 0.570s
2024-12-10 17:23:03.234 66257 WARNING tempest.lib.common.ssh [-] Failed to establish authenticated ssh connection to cirros@10.180.180.153 ([Errno None] Unable to connect to port 22 on 10.180.180.153). Number attempts: 1. Retry after 2 seconds.: paramiko.ssh_exception.NoValidConnectionsError: [Errno None] Unable to connect to port 22 on 10.180.180.153
2024-12-10 17:23:03.266 66227 INFO tempest.lib.common.rest_client [req-cdd7c5a7-b71a-4e4f-a543-4ced7e0f683b req-cdd7c5a7-b71a-4e4f-a543-4ced7e0f683b ] Request (HypervisorAdminV228Test:tearDownClass): 204 DELETE http://10.180.1.21/identity/v3/projects/ac865ab88b8049e9ae2c91d955ae54fb 0.140s
2024-12-10 17:23:03.267 66259 INFO tempest.lib.common.rest_client [req-c059e600-641a-4d6e-a1d2-2e482c014f02 req-c059e600-641a-4d6e-a1d2-2e482c014f02 ] Request (ServersTestMultiNic:_run_cleanups): 200 GET http://10.180.1.21/compute/v2.1/servers/961c3a87-7f53-4764-b8a4-40a408a30f90 0.584s
2024-12-10 17:23:03.334 66261 INFO tempest.lib.common.rest_client [req-5052ff23-4ec1-4db0-895e-e7383040d14e req-5052ff23-4ec1-4db0-895e-e7383040d14e ] Request (DeleteServersAdminTestJSON:test_delete_server_while_in_error_state): 200 GET http://10.180.1.21/compute/v2.1/servers/8c10c573-de56-4c72-959a-65bf53b805a5 0.539s
2024-12-10 17:23:03.359 66227 INFO tempest.lib.common.rest_client [req-b9f59c76-6ccd-4b20-af21-3202312f0175 req-b9f59c76-6ccd-4b20-af21-3202312f0175 ] Request (FlavorsV2TestJSON:setUpClass): 201 POST http://10.180.1.21/identity/v3/auth/tokens 0.092s
2024-12-10 17:23:03.411 66273 INFO tempest.lib.common.rest_client [req-3623fa9d-753d-4681-803e-2778b4ae01fe req-3623fa9d-753d-4681-803e-2778b4ae01fe ] Request (ServerExternalEventsTest:test_create_server_external_events): 200 GET http://10.180.1.21/compute/v2.1/servers/459d5a17-182b-4284-b464-57d342981031 0.552s
2024-12-10 17:23:03.418 66273 INFO tempest.common.waiters [-] State transition "BUILD/None" ==> "BUILD/networking" after 31 second wait
2024-12-10 17:23:03.424 66284 INFO tempest.lib.common.rest_client [req-212d524f-5910-4332-9746-8d2498f47af6 req-212d524f-5910-4332-9746-8d2498f47af6 ] Request (VolumesNegativeTest:test_create_volume_with_size_zero): 400 POST http://10.180.1.21/compute/v2.1/os-volumes 0.511s
2024-12-10 17:23:03.426 66227 INFO tempest.lib.common.rest_client [req-3b1d56a3-4355-45d3-a1a8-e8c4d8735b2e req-3b1d56a3-4355-45d3-a1a8-e8c4d8735b2e ] Request (FlavorsV2TestJSON:setUpClass): 201 POST http://10.180.1.21/identity/v3/auth/tokens 0.062s
2024-12-10 17:23:03.487 66227 INFO tempest.lib.common.rest_client [req-f9c3b0dc-7d54-411a-886d-986ecaa089a1 req-f9c3b0dc-7d54-411a-886d-986ecaa089a1 ] Request (FlavorsV2TestJSON:setUpClass): 200 GET http://10.180.1.21/identity/v3/domains?name=Default 0.060s
2024-12-10 17:23:03.508 66249 INFO tempest.lib.common.rest_client [req-d31a6953-cb0a-4ef5-8ef6-fc4c697c6c41 req-d31a6953-cb0a-4ef5-8ef6-fc4c697c6c41 ] Request (ServersAdminTestJSON:setUpClass): 200 GET http://10.180.1.21/compute/v2.1/servers/14b4518e-044a-451a-845d-fa3742e5b3e2 0.569s
2024-12-10 17:23:03.541 66227 INFO tempest.lib.common.rest_client [req-23505008-17ef-4225-94a2-6b96fd7c95a3 req-23505008-17ef-4225-94a2-6b96fd7c95a3 ] Request (FlavorsV2TestJSON:setUpClass): 201 POST http://10.180.1.21/identity/v3/projects 0.051s
2024-12-10 17:23:03.553 66243 INFO tempest.lib.common.rest_client [req-b3eae983-701f-41d0-bc43-80622c131c2b req-b3eae983-701f-41d0-bc43-80622c131c2b ] Request (SecurityGroupRulesNegativeTestJSON:test_create_security_group_rule_with_invalid_to_port): 200 POST http://10.180.1.21/compute/v2.1/os-security-groups 0.887s
2024-12-10 17:23:03.569 66253 INFO tempest.lib.common.rest_client [req-fc4982a8-3f3c-47ac-a723-504cd6b25bd6 req-fc4982a8-3f3c-47ac-a723-504cd6b25bd6 ] Request (ImagesNegativeTestJSON:tearDownClass): 204 DELETE http://10.180.1.21:9696/networking/v2.0/routers/a4b92535-78ab-458d-b035-9f86aa7cfeb9 0.665s
2024-12-10 17:23:03.625 66233 INFO tempest.lib.common.rest_client [req-2d8a007b-231e-4f51-ba5f-462a17e3e8eb req-2d8a007b-231e-4f51-ba5f-462a17e3e8eb ] Request (ServerDiagnosticsNegativeTest:tearDownClass): 200 GET http://10.180.1.21/compute/v2.1/servers/6d290634-67e7-4fb4-9a88-3da6eca34d4b 0.591s
2024-12-10 17:23:03.644 66227 INFO tempest.lib.common.rest_client [req-66c5b0f4-d54b-4e35-9c44-30a60983ae88 req-66c5b0f4-d54b-4e35-9c44-30a60983ae88 ] Request (FlavorsV2TestJSON:setUpClass): 201 POST http://10.180.1.21/identity/v3/users 0.103s
2024-12-10 17:23:03.738 66227 INFO tempest.lib.common.rest_client [req-8d145f2b-69f2-4a93-8624-4216027d5110 req-8d145f2b-69f2-4a93-8624-4216027d5110 ] Request (FlavorsV2TestJSON:setUpClass): 200 GET http://10.180.1.21/identity/v3/roles 0.093s
