2025-01-24 15:32:13.599 69056 INFO tempest.lib.common.fixed_network [-] (AttachInterfacesV270Test:test_create_get_list_interfaces) Found network {'id': '81e0c1fe-9263-4d76-a2f2-8680c2335767', 'name': 'tempest-AttachInterfacesV270Test-1416388469-network', 'tenant_id': '6086e299ee2b4fc2bdd6bc5b8c40b0d6', 'admin_state_up': True, 'mtu': 8950, 'status': 'ACTIVE', 'subnets': [], 'shared': False, 'project_id': '6086e299ee2b4fc2bdd6bc5b8c40b0d6', 'port_security_enabled': True, 'router:external': False, 'provider:network_type': 'vlan', 'provider:physical_network': 'default', 'provider:segmentation_id': 40, 'availability_zone_hints': [], 'availability_zones': [], 'ipv4_address_scope': None, 'ipv6_address_scope': None, 'description': '', 'tags': [], 'created_at': '2025-01-24T15:32:08Z', 'updated_at': '2025-01-24T15:32:08Z', 'revision_number': 1} available for tenant
2025-01-24 15:32:13.628 69050 INFO tempest.lib.common.rest_client [req-be0a98f2-a529-4371-b981-351b4f76d08a req-be0a98f2-a529-4371-b981-351b4f76d08a ] Request (DeleteServersAdminTestJSON:test_delete_server_while_in_error_state): 200 GET http://10.180.1.21/compute/v2.1/servers/b4d8b42a-7534-4161-ad3f-5c4ce1f230ef 0.936s
2025-01-24 15:32:13.646 69016 INFO tempest.lib.common.rest_client [req-93d2e84a-966d-485f-9faf-0f230f63c26b req-93d2e84a-966d-485f-9faf-0f230f63c26b ] Request (ImagesTestJSON:test_create_image_from_stopped_server): 404 GET http://10.180.1.21/compute/v2.1/servers/87864ac1-0447-488b-8c13-f26bd5263e16 0.940s
2025-01-24 15:32:13.724 68998 INFO tempest.lib.common.rest_client [req-ee2d968b-80e4-4e32-84e8-2c60b7a40add req-ee2d968b-80e4-4e32-84e8-2c60b7a40add ] Request (SecurityGroupRulesTestJSON:test_security_group_rules_delete_when_peer_group_deleted): 200 POST http://10.180.1.21/compute/v2.1/os-security-groups 1.171s
2025-01-24 15:32:13.729 69016 INFO tempest.lib.common.rest_client [req-6482db85-9947-4324-8318-ff3c9834c719 req-6482db85-9947-4324-8318-ff3c9834c719 ] Request (ImagesTestJSON:test_create_image_from_suspended_server): 201 POST http://10.180.1.21/identity/v3/auth/tokens 0.075s
2025-01-24 15:32:13.729 69016 INFO tempest.lib.common.fixed_network [-] (ImagesTestJSON:test_create_image_from_suspended_server) Found network {'id': 'cf770cb7-0156-4fa8-aeb8-fae24e099d60', 'name': 'tempest-ImagesTestJSON-717066405-network', 'tenant_id': 'd0ca8f8bea65431d837090d9b61f604c', 'admin_state_up': True, 'mtu': 8950, 'status': 'ACTIVE', 'subnets': [], 'shared': False, 'project_id': 'd0ca8f8bea65431d837090d9b61f604c', 'port_security_enabled': True, 'router:external': False, 'provider:network_type': 'vlan', 'provider:physical_network': 'default', 'provider:segmentation_id': 749, 'availability_zone_hints': [], 'availability_zones': [], 'ipv4_address_scope': None, 'ipv6_address_scope': None, 'description': '', 'tags': [], 'created_at': '2025-01-24T15:31:29Z', 'updated_at': '2025-01-24T15:31:29Z', 'revision_number': 1} available for tenant
2025-01-24 15:32:13.790 69004 INFO tempest.lib.common.rest_client [req-3e69256f-ef14-4880-a08c-22ef2fc2e194 req-3e69256f-ef14-4880-a08c-22ef2fc2e194 ] Request (ImagesOneServerTestJSON:setUpClass): 200 GET http://10.180.1.21/compute/v2.1/servers/61627148-c2e9-4f24-939d-29c71d68f3b4 1.034s
2025-01-24 15:32:13.796 69030 INFO tempest.lib.common.rest_client [req-d9bef420-993d-4d11-a148-6933c40c7cc6 req-d9bef420-993d-4d11-a148-6933c40c7cc6 ] Request (ServerTagsTestJSON:setUpClass): 201 POST http://10.180.1.21:9696/networking/v2.0/subnets 0.274s
2025-01-24 15:32:13.849 69036 INFO tempest.lib.common.rest_client [req-a28787c1-aa3e-4162-811b-4656e32d772c req-a28787c1-aa3e-4162-811b-4656e32d772c ] Request (VolumesAssistedSnapshotsTest:test_volume_assisted_snapshot_create_delete): 200 GET http://10.180.1.21/compute/v2.1/servers/24c339d4-b5a0-4832-bfcc-7e9561bf6555 1.013s
2025-01-24 15:32:13.898 69058 INFO tempest.lib.common.rest_client [req-89b372d4-cd67-43eb-976d-de13fc0831c3 req-89b372d4-cd67-43eb-976d-de13fc0831c3 ] Request (MigrationsAdminTest:test_resize_server_revert_deleted_flavor): 200 GET http://10.180.1.21/compute/v2.1/servers/a94df31d-4d92-43cd-951d-4541d724b4db 0.971s
2025-01-24 15:32:13.923 69052 INFO tempest.lib.common.rest_client [req-898b5a9f-0c5b-4e82-8b08-85bd82a15acc req-898b5a9f-0c5b-4e82-8b08-85bd82a15acc ] Request (ServerActionsV293TestJSON:setUpClass): 200 GET http://10.180.1.21/volume/v3/volumes/d54b5bfa-2b6e-4e0b-8ed7-edaa378b0cec 0.033s
2025-01-24 15:32:13.953 69013 INFO tempest.lib.common.rest_client [req-ff1d5bf6-e270-407e-a5eb-2289d129b9a2 req-ff1d5bf6-e270-407e-a5eb-2289d129b9a2 ] Request (ServersWithSpecificFlavorTestJSON:test_verify_created_server_ephemeral_disk): 200 GET http://10.180.1.21/compute/v2.1/servers/f118de3c-5922-4fd6-b0ce-2fe45c4bd458 0.971s
2025-01-24 15:32:14.012 69038 INFO tempest.lib.common.rest_client [req-f4330665-c14c-4ebc-bda2-ce74080085eb req-f4330665-c14c-4ebc-bda2-ce74080085eb ] Request (ServersTestJSON:setUpClass): 200 GET http://10.180.1.21/compute/v2.1/servers/40446072-d32f-48fd-969c-804d6ba39090 1.011s
2025-01-24 15:32:14.024 69024 INFO tempest.lib.common.rest_client [req-627dcc00-380a-402f-bfcc-0b855374a88b req-627dcc00-380a-402f-bfcc-0b855374a88b ] Request (AttachInterfacesUnderV243Test:test_add_remove_fixed_ip): 202 POST http://10.180.1.21/compute/v2.1/servers 1.270s
2025-01-24 15:32:14.077 69046 INFO tempest.lib.common.rest_client [req-8ebd4774-d70d-4e6e-aeff-dd0e7f90a88e req-8ebd4774-d70d-4e6e-aeff-dd0e7f90a88e ] Request (ServersAdmin275Test:_run_cleanups): 200 GET http://10.180.1.21/compute/v2.1/servers/2122166f-a3aa-46a2-bf27-8845d23773d2 0.988s
2025-01-24 15:32:14.104 69020 INFO tempest.lib.common.rest_client [req-ae3cfc9d-3d17-4a81-8f1d-2036352523d2 req-ae3cfc9d-3d17-4a81-8f1d-2036352523d2 ] Request (FlavorsAdminTestJSON:test_list_public_flavor_with_other_user): 200 GET http://10.180.1.21/compute/v2.1/flavors/detail 0.793s
2025-01-24 15:32:14.146 69014 INFO tempest.lib.common.rest_client [req-85384f5e-e826-41d5-a53e-40fd9e4c36d6 req-85384f5e-e826-41d5-a53e-40fd9e4c36d6 ] Request (ServerDiagnosticsV248Test:tearDownClass): 204 DELETE http://10.180.1.21/compute/v2.1/servers/85ad8aa3-cc41-4dd5-b3ac-f9964f28388a 0.966s
2025-01-24 15:32:14.172 69044 INFO tempest.lib.common.rest_client [req-8af31a2b-9ec2-48cc-b366-10c0d547cc2e req-8af31a2b-9ec2-48cc-b366-10c0d547cc2e ] Request (TenantUsagesTestJSON:setUpClass): 200 GET http://10.180.1.21/compute/v2.1/servers/693ea57c-e30f-4a4b-9744-df2d7e1b7085 0.844s
2025-01-24 15:32:14.209 68996 INFO tempest.lib.common.rest_client [req-ab846f77-3d4b-47bf-9818-ded346c55a14 req-ab846f77-3d4b-47bf-9818-ded346c55a14 ] Request (DeleteServersTestJSON:test_delete_active_server): 200 GET http://10.180.1.21/compute/v2.1/servers/4e245e30-2604-4710-bfdb-b35a8aa503a3 0.793s
2025-01-24 15:32:14.227 69040 INFO tempest.lib.common.rest_client [req-3da11628-3b6c-42bf-8e32-0048154fa87f req-3da11628-3b6c-42bf-8e32-0048154fa87f ] Request (FloatingIPsAssociationNegativeTestJSON:setUpClass): 200 GET http://10.180.1.21/compute/v2.1/servers/c1e4358e-6197-486f-8790-207819e793cd 0.752s
2025-01-24 15:32:14.250 69010 INFO tempest.lib.common.rest_client [req-556702e4-eeaa-43d8-8d1c-2d31c9b128a5 req-556702e4-eeaa-43d8-8d1c-2d31c9b128a5 ] Request (ImagesMetadataTestJSON:test_update_image_metadata): 200 GET http://10.180.1.21/compute/v2.1/images/235b7e3d-75c9-4c0c-ba1a-3c98b8cbb6fd/metadata 0.760s
2025-01-24 15:32:14.306 69048 INFO tempest.lib.common.rest_client [req-a3944b85-acc4-4678-8d4c-3f4aef3d53fa req-a3944b85-acc4-4678-8d4c-3f4aef3d53fa ] Request (ServerDiskConfigTestJSON:test_rebuild_server_with_auto_disk_config): 200 GET http://10.180.1.21/compute/v2.1/servers/b4d44a1b-4e7a-44e4-9fae-78a76fd0ac92 0.672s
2025-01-24 15:32:14.310 69010 INFO tempest.lib.common.rest_client [req-18861c21-2d19-4ee3-aced-04ae687ba8ac req-18861c21-2d19-4ee3-aced-04ae687ba8ac ] Request (ImagesMetadataTestJSON:tearDownClass): 204 DELETE http://10.180.1.21/image/v2/images/235b7e3d-75c9-4c0c-ba1a-3c98b8cbb6fd 0.056s
2025-01-24 15:32:14.392 69010 INFO tempest.lib.common.rest_client [req-f350b1b7-980b-4bbf-b46c-34c3c49bb479 req-f350b1b7-980b-4bbf-b46c-34c3c49bb479 ] Request (ImagesMetadataTestJSON:tearDownClass): 204 DELETE http://10.180.1.21/identity/v3/users/1104eb67ab8448b7a1291f70009f8f7f 0.081s
2025-01-24 15:32:14.392 69010 INFO tempest.lib.common.dynamic_creds [-] Deleting project and security group for project: 7fa84eb3e8f2430ebb2c64a6f2313d60
2025-01-24 15:32:14.452 68998 INFO tempest.lib.common.rest_client [req-00457dd2-b017-4023-9532-aed1c43b31a7 req-00457dd2-b017-4023-9532-aed1c43b31a7 ] Request (SecurityGroupRulesTestJSON:test_security_group_rules_delete_when_peer_group_deleted): 200 POST http://10.180.1.21/compute/v2.1/os-security-groups 0.724s
2025-01-24 15:32:14.459 69010 INFO tempest.lib.common.rest_client [req-4678680b-70f4-44ab-beea-23d3e210d414 req-4678680b-70f4-44ab-beea-23d3e210d414 ] Request (ImagesMetadataTestJSON:tearDownClass): 201 POST http://10.180.1.21/identity/v3/auth/tokens 0.066s
2025-01-24 15:32:14.497 69022 INFO tempest.lib.common.rest_client [req-2e7c0406-dd50-4cd3-a921-994fbc8004a6 req-2e7c0406-dd50-4cd3-a921-994fbc8004a6 ] Request (ServersTestBootFromVolume:setUpClass): 200 GET http://10.180.1.21/volume/v3/volumes/d39633f9-eeed-462f-bea7-c645cb9ab6e2 0.034s
2025-01-24 15:32:14.739 69016 INFO tempest.lib.common.rest_client [req-d30882c9-b488-4fb8-8458-f02badaf7243 req-d30882c9-b488-4fb8-8458-f02badaf7243 ] Request (ImagesTestJSON:test_create_image_from_suspended_server): 202 POST http://10.180.1.21/compute/v2.1/servers 1.010s
2025-01-24 15:32:14.741 69010 INFO tempest.lib.common.rest_client [req-da81ce1d-71f2-412e-a31c-991ca49e1810 req-da81ce1d-71f2-412e-a31c-991ca49e1810 ] Request (ImagesMetadataTestJSON:tearDownClass): 200 GET http://10.180.1.21:9696/networking/v2.0/security-groups?tenant_id=7fa84eb3e8f2430ebb2c64a6f2313d60&name=default 0.282s
2025-01-24 15:32:14.820 69056 INFO tempest.lib.common.rest_client [req-24a58ca2-a212-4c79-9ea3-6b385ff50c14 req-24a58ca2-a212-4c79-9ea3-6b385ff50c14 ] Request (AttachInterfacesV270Test:test_create_get_list_interfaces): 202 POST http://10.180.1.21/compute/v2.1/servers 1.221s
2025-01-24 15:32:14.824 69028 INFO tempest.lib.common.rest_client [req-0727c36d-ec40-468f-8687-db91b006009d req-0727c36d-ec40-468f-8687-db91b006009d ] Request (ListImageFiltersTestJSON:setUpClass): 200 GET http://10.180.1.21/compute/v2.1/servers/de59e831-7c95-4054-8bf3-91cc496bfee7 0.853s
2025-01-24 15:32:14.896 69010 INFO tempest.lib.common.rest_client [req-264c74d9-3791-4187-8f07-d9b3d2daf953 req-264c74d9-3791-4187-8f07-d9b3d2daf953 ] Request (ImagesMetadataTestJSON:tearDownClass): 204 DELETE http://10.180.1.21:9696/networking/v2.0/security-groups/0a197a5c-9859-41c1-b4e4-abdefc41309e 0.154s
2025-01-24 15:32:14.903 69026 INFO tempest.lib.common.rest_client [req-707548f3-e1dc-41d1-a416-0ac26db9bc67 req-707548f3-e1dc-41d1-a416-0ac26db9bc67 ] Request (ServerActionsTestOtherA:setUpClass): 200 GET http://10.180.1.21/compute/v2.1/servers/bc228fb4-8d69-4dbe-8130-09f8c1e5ffcb 0.843s
2025-01-24 15:32:14.925 69020 INFO tempest.lib.common.rest_client [req-6d803964-0118-444c-8f07-c1165b780cb2 req-6d803964-0118-444c-8f07-c1165b780cb2 ] Request (FlavorsAdminTestJSON:_run_cleanups): 202 DELETE http://10.180.1.21/compute/v2.1/flavors/757987900 0.816s
2025-01-24 15:32:14.964 69024 INFO tempest.lib.common.rest_client [req-817a55dc-31ad-404d-8ce1-94f4d758570c req-817a55dc-31ad-404d-8ce1-94f4d758570c ] Request (AttachInterfacesUnderV243Test:test_add_remove_fixed_ip): 200 GET http://10.180.1.21/compute/v2.1/servers/a2f08306-adb8-49fe-8eb0-6a2aec307a44 0.938s
2025-01-24 15:32:14.973 69052 INFO tempest.lib.common.rest_client [req-3a47b9bd-5792-4d75-9ab6-a71cde71c292 req-3a47b9bd-5792-4d75-9ab6-a71cde71c292 ] Request (ServerActionsV293TestJSON:setUpClass): 200 GET http://10.180.1.21/volume/v3/volumes/d54b5bfa-2b6e-4e0b-8ed7-edaa378b0cec 0.040s
2025-01-24 15:32:14.981 69000 INFO tempest.lib.common.rest_client [req-9e76d3a0-cad3-4189-9a3b-10c0027db443 req-9e76d3a0-cad3-4189-9a3b-10c0027db443 ] Request (VolumesAdminNegativeTest:test_update_attached_volume_with_nonexistent_volume_in_uri): 200 GET http://10.180.1.21/compute/v2.1/servers/8280b3aa-6912-4e82-b02b-2f4d225e8248 0.849s
2025-01-24 15:32:14.983 69010 INFO tempest.lib.common.rest_client [req-6338eccf-01a4-4ba2-b0ef-ced93439cd8b req-6338eccf-01a4-4ba2-b0ef-ced93439cd8b ] Request (ImagesMetadataTestJSON:tearDownClass): 204 DELETE http://10.180.1.21/identity/v3/projects/7fa84eb3e8f2430ebb2c64a6f2313d60 0.087s
2025-01-24 15:32:15.008 69030 INFO tempest.lib.common.rest_client [req-f3c2a095-c8a0-4923-82f6-598d7e7f5489 req-f3c2a095-c8a0-4923-82f6-598d7e7f5489 ] Request (ServerTagsTestJSON:setUpClass): 201 POST http://10.180.1.21:9696/networking/v2.0/routers 1.211s
2025-01-24 15:32:15.024 69014 INFO tempest.lib.common.rest_client [req-0c05fbe8-eaea-4a47-8965-636b83937d16 req-0c05fbe8-eaea-4a47-8965-636b83937d16 ] Request (ServerDiagnosticsV248Test:tearDownClass): 200 GET http://10.180.1.21/compute/v2.1/servers/85ad8aa3-cc41-4dd5-b3ac-f9964f28388a 0.878s
2025-01-24 15:32:15.047 69042 INFO tempest.lib.common.rest_client [req-5503ed6f-6537-4b0b-a57b-b87ce3087848 req-5503ed6f-6537-4b0b-a57b-b87ce3087848 ] Request (MultipleCreateTestJSON:test_multiple_create): 200 GET http://10.180.1.21/compute/v2.1/servers/513e1208-ad02-4d68-a993-edc5ff9493c4 0.849s
2025-01-24 15:32:15.066 69010 INFO tempest.lib.common.rest_client [req-76a2b452-c1c7-4790-96e6-c53ab205ea23 req-76a2b452-c1c7-4790-96e6-c53ab205ea23 ] Request (KeyPairsV2TestJSON:setUpClass): 201 POST http://10.180.1.21/identity/v3/auth/tokens 0.080s
2025-01-24 15:32:15.082 69008 INFO tempest.lib.common.rest_client [req-6de340f1-d764-4842-9441-e3240baa8520 req-6de340f1-d764-4842-9441-e3240baa8520 ] Request (ServerDiagnosticsNegativeTest:test_get_server_diagnostics_by_non_admin): 200 GET http://10.180.1.21/compute/v2.1/servers/095b8e7c-f874-47a6-9fd7-b1c2ad7c034f 0.810s
2025-01-24 15:32:15.113 69010 INFO tempest.lib.common.rest_client [req-95dced6f-fb84-4455-9663-1bae74dc6c64 req-95dced6f-fb84-4455-9663-1bae74dc6c64 ] Request (KeyPairsV2TestJSON:setUpClass): 201 POST http://10.180.1.21/identity/v3/auth/tokens 0.039s
2025-01-24 15:32:15.148 69010 INFO tempest.lib.common.rest_client [req-f0db6f7b-f445-42f8-9b9a-c710f3c0c8cd req-f0db6f7b-f445-42f8-9b9a-c710f3c0c8cd ] Request (KeyPairsV2TestJSON:setUpClass): 200 GET http://10.180.1.21/identity/v3/domains?name=Default 0.034s
2025-01-24 15:32:15.178 69010 INFO tempest.lib.common.rest_client [req-123ad9c0-884d-4b90-a5af-c9a56dd2ef28 req-123ad9c0-884d-4b90-a5af-c9a56dd2ef28 ] Request (KeyPairsV2TestJSON:setUpClass): 201 POST http://10.180.1.21/identity/v3/projects 0.030s
2025-01-24 15:32:15.231 68998 INFO tempest.lib.common.rest_client [req-28ce8933-60a0-4e5d-a667-7ef72eecd8c4 req-28ce8933-60a0-4e5d-a667-7ef72eecd8c4 ] Request (SecurityGroupRulesTestJSON:test_security_group_rules_delete_when_peer_group_deleted): 200 POST http://10.180.1.21/compute/v2.1/os-security-group-rules 0.776s
2025-01-24 15:32:15.235 69034 INFO tempest.lib.common.rest_client [req-0dc9a473-b838-472c-ba7a-41c71c1b51c2 req-0dc9a473-b838-472c-ba7a-41c71c1b51c2 ] Request (AttachInterfacesTestJSON:test_create_list_show_delete_interfaces_by_fixed_ip): 200 GET http://10.180.1.21/compute/v2.1/servers/3b9a024a-940a-4dfd-bfe7-5131bb5c0e17 0.820s
2025-01-24 15:32:15.249 69010 INFO tempest.lib.common.rest_client [req-a8e17bf1-affc-457d-b7e9-3b54baf7f0b7 req-a8e17bf1-affc-457d-b7e9-3b54baf7f0b7 ] Request (KeyPairsV2TestJSON:setUpClass): 201 POST http://10.180.1.21/identity/v3/users 0.071s
2025-01-24 15:32:15.280 69010 INFO tempest.lib.common.rest_client [req-db58c96d-b025-447a-bbd8-c9fa4c118618 req-db58c96d-b025-447a-bbd8-c9fa4c118618 ] Request (KeyPairsV2TestJSON:setUpClass): 200 GET http://10.180.1.21/identity/v3/roles 0.030s
2025-01-24 15:32:15.301 69002 INFO tempest.lib.common.rest_client [req-baca2b5b-1f15-4e03-abf6-ebad77b3cf13 req-baca2b5b-1f15-4e03-abf6-ebad77b3cf13 ] Request (FloatingIPsAssociationTestJSON:setUpClass): 200 GET http://10.180.1.21/compute/v2.1/servers/eace2956-4a9e-4a15-af05-a0f6301fe8ad 0.825s
2025-01-24 15:32:15.313 69010 INFO tempest.lib.common.rest_client [req-b619762e-b4b7-4e1a-8a46-233e10fdd632 req-b619762e-b4b7-4e1a-8a46-233e10fdd632 ] Request (KeyPairsV2TestJSON:setUpClass): 204 PUT http://10.180.1.21/identity/v3/projects/8390e695e92a47289df2e62548d17587/users/2bc5ec404cff44a2a64db9473797dc5b/roles/d928ee8036414a2e851e55930c94292a 0.032s
2025-01-24 15:32:15.313 69010 INFO tempest.lib.common.dynamic_creds [-] Dynamic test user 2bc5ec404cff44a2a64db9473797dc5b is created with scope project and roles: ['member']
2025-01-24 15:32:15.313 69010 INFO tempest.lib.common.dynamic_creds [-] Acquired dynamic creds: credentials: Credentials: {'domain_id': 'default', 'domain_name': 'Default', 'username': 'tempest-KeyPairsV2TestJSON-1975469166-project-member', 'project_domain_id': 'default', 'project_domain_name': 'Default', 'project_id': '8390e695e92a47289df2e62548d17587', 'project_name': 'tempest-KeyPairsV2TestJSON-1975469166', 'tenant_id': '8390e695e92a47289df2e62548d17587', 'tenant_name': 'tempest-KeyPairsV2TestJSON-1975469166', 'user_domain_id': 'default', 'user_domain_name': 'Default', 'user_id': '2bc5ec404cff44a2a64db9473797dc5b', 'system': None}, Network: None, Subnet: None, Router: None
2025-01-24 15:32:15.313 69010 INFO tempest.lib.common.dynamic_creds [-] Created isolated network resources for: credentials: Credentials: {'domain_id': 'default', 'domain_name': 'Default', 'username': 'tempest-KeyPairsV2TestJSON-1975469166-project-member', 'project_domain_id': 'default', 'project_domain_name': 'Default', 'project_id': '8390e695e92a47289df2e62548d17587', 'project_name': 'tempest-KeyPairsV2TestJSON-1975469166', 'tenant_id': '8390e695e92a47289df2e62548d17587', 'tenant_name': 'tempest-KeyPairsV2TestJSON-1975469166', 'user_domain_id': 'default', 'user_domain_name': 'Default', 'user_id': '2bc5ec404cff44a2a64db9473797dc5b', 'system': None}, Network: None, Subnet: None, Router: None
2025-01-24 15:32:15.326 69006 INFO tempest.lib.common.rest_client [req-19bccf23-9f05-4e6b-a6d9-b26ca0dc0209 req-19bccf23-9f05-4e6b-a6d9-b26ca0dc0209 ] Request (ServersAdminTestJSON:setUpClass): 200 GET http://10.180.1.21/compute/v2.1/servers/a9a7457b-f069-4007-9ca4-b6bd273f9948 0.773s
2025-01-24 15:32:15.357 69018 INFO tempest.lib.common.rest_client [req-24a7fc65-fc8e-4f7d-8d82-43def046bdda req-24a7fc65-fc8e-4f7d-8d82-43def046bdda ] Request (ServerDiagnosticsTest:test_get_server_diagnostics): 200 GET http://10.180.1.21/compute/v2.1/servers/3ca6ed88-80aa-4409-a7e5-235ffd4d00b6 0.779s
2025-01-24 15:32:15.389 69050 INFO tempest.lib.common.rest_client [req-f53c162f-566d-4c28-85ab-e70bb367930e req-f53c162f-566d-4c28-85ab-e70bb367930e ] Request (DeleteServersAdminTestJSON:test_delete_server_while_in_error_state): 200 GET http://10.180.1.21/compute/v2.1/servers/b4d8b42a-7534-4161-ad3f-5c4ce1f230ef 0.750s
2025-01-24 15:32:15.406 69010 INFO tempest.lib.common.rest_client [req-3486d6b0-8265-4234-9cc6-238dd7571c95 req-3486d6b0-8265-4234-9cc6-238dd7571c95 ] Request (KeyPairsV2TestJSON:setUpClass): 201 POST http://10.180.1.21/identity/v3/auth/tokens 0.089s
2025-01-24 15:32:15.422 69016 INFO tempest.lib.common.rest_client [req-db4725cf-10a2-4226-aa34-da0a61906e8b req-db4725cf-10a2-4226-aa34-da0a61906e8b ] Request (ImagesTestJSON:test_create_image_from_suspended_server): 200 GET http://10.180.1.21/compute/v2.1/servers/a497e6f2-688f-4829-b012-b562ebee02b3 0.681s
2025-01-24 15:32:15.450 69004 INFO tempest.lib.common.rest_client [req-77463439-efa6-44a6-9d8f-b97ac1242498 req-77463439-efa6-44a6-9d8f-b97ac1242498 ] Request (ImagesOneServerTestJSON:setUpClass): 200 GET http://10.180.1.21/compute/v2.1/servers/61627148-c2e9-4f24-939d-29c71d68f3b4 0.650s
2025-01-24 15:32:15.475 69056 INFO tempest.lib.common.rest_client [req-0fc8b978-ec0d-4bce-a244-3571c01f9ef0 req-0fc8b978-ec0d-4bce-a244-3571c01f9ef0 ] Request (AttachInterfacesV270Test:test_create_get_list_interfaces): 200 GET http://10.180.1.21/compute/v2.1/servers/487c7020-7988-4574-8ca6-e3eaa42bcc6b 0.652s
2025-01-24 15:32:15.508 69036 INFO tempest.lib.common.rest_client [req-a0cf6275-b027-47e2-8f14-c2da0dbc16c6 req-a0cf6275-b027-47e2-8f14-c2da0dbc16c6 ] Request (VolumesAssistedSnapshotsTest:test_volume_assisted_snapshot_create_delete): 200 GET http://10.180.1.21/compute/v2.1/servers/24c339d4-b5a0-4832-bfcc-7e9561bf6555 0.647s
2025-01-24 15:32:15.520 69036 INFO tempest.common.waiters [-] State transition "BUILD/spawning" ==> "BUILD/scheduling" after 37 second wait
2025-01-24 15:32:15.539 69020 INFO tempest.lib.common.rest_client [req-30f6ee97-0bf6-4efd-9c87-7de26a6000c7 req-30f6ee97-0bf6-4efd-9c87-7de26a6000c7 ] Request (FlavorsAdminTestJSON:_run_cleanups): 200 GET http://10.180.1.21/compute/v2.1/flavors/detail 0.612s
2025-01-24 15:32:15.539 69058 INFO tempest.lib.common.rest_client [req-5ee39ca0-d673-4169-889a-af1ae0ca26dc req-5ee39ca0-d673-4169-889a-af1ae0ca26dc ] Request (MigrationsAdminTest:test_resize_server_revert_deleted_flavor): 200 GET http://10.180.1.21/compute/v2.1/servers/a94df31d-4d92-43cd-951d-4541d724b4db 0.624s
2025-01-24 15:32:15.548 69022 INFO tempest.lib.common.rest_client [req-79fbd107-3660-4f1b-a657-c724ee8c1767 req-79fbd107-3660-4f1b-a657-c724ee8c1767 ] Request (ServersTestBootFromVolume:setUpClass): 200 GET http://10.180.1.21/volume/v3/volumes/d39633f9-eeed-462f-bea7-c645cb9ab6e2 0.044s
2025-01-24 15:32:15.556 69022 INFO tempest.common.waiters [-] volume d39633f9-eeed-462f-bea7-c645cb9ab6e2 reached available after waiting for 21.556641 seconds
2025-01-24 15:32:15.597 69013 INFO tempest.lib.common.rest_client [req-e9a9fb10-18c1-4407-9bb8-c984ad8fe0e6 req-e9a9fb10-18c1-4407-9bb8-c984ad8fe0e6 ] Request (ServersWithSpecificFlavorTestJSON:test_verify_created_server_ephemeral_disk): 200 GET http://10.180.1.21/compute/v2.1/servers/f118de3c-5922-4fd6-b0ce-2fe45c4bd458 0.628s
2025-01-24 15:32:15.607 69038 INFO tempest.lib.common.rest_client [req-182b84ad-9017-4410-9dec-eb7f1bb53c6a req-182b84ad-9017-4410-9dec-eb7f1bb53c6a ] Request (ServersTestJSON:setUpClass): 200 GET http://10.180.1.21/compute/v2.1/servers/40446072-d32f-48fd-969c-804d6ba39090 0.579s
2025-01-24 15:32:15.676 69044 INFO tempest.lib.common.rest_client [req-3c7f9150-4199-4ea4-bb70-1d0f0419f316 req-3c7f9150-4199-4ea4-bb70-1d0f0419f316 ] Request (TenantUsagesTestJSON:setUpClass): 200 GET http://10.180.1.21/compute/v2.1/servers/693ea57c-e30f-4a4b-9744-df2d7e1b7085 0.489s
2025-01-24 15:32:15.681 69020 INFO tempest.lib.common.rest_client [req-156ab95a-b349-4f59-b5fd-dc4369b3c18f req-156ab95a-b349-4f59-b5fd-dc4369b3c18f ] Request (FlavorsAdminTestJSON:tearDownClass): 204 DELETE http://10.180.1.21/identity/v3/users/ec6bbae474fe48fb8bea37c73ad9ea43 0.132s
2025-01-24 15:32:15.696 69046 INFO tempest.lib.common.rest_client [req-09b8de8e-8015-48a6-9875-629e43bda627 req-09b8de8e-8015-48a6-9875-629e43bda627 ] Request (ServersAdmin275Test:_run_cleanups): 200 GET http://10.180.1.21/compute/v2.1/servers/2122166f-a3aa-46a2-bf27-8845d23773d2 0.604s
2025-01-24 15:32:15.735 68996 INFO tempest.lib.common.rest_client [req-167f87bc-d4bd-46f8-81a7-5d1185d71d12 req-167f87bc-d4bd-46f8-81a7-5d1185d71d12 ] Request (DeleteServersTestJSON:test_delete_active_server): 200 GET http://10.180.1.21/compute/v2.1/servers/4e245e30-2604-4710-bfdb-b35a8aa503a3 0.517s
2025-01-24 15:32:15.782 69020 INFO tempest.lib.common.rest_client [req-57f9d2c1-0ab9-4e29-a50c-ed2dba598f1b req-57f9d2c1-0ab9-4e29-a50c-ed2dba598f1b ] Request (FlavorsAdminTestJSON:tearDownClass): 204 DELETE http://10.180.1.21/identity/v3/users/1e818525650b44d9baff225f792ed127 0.100s
2025-01-24 15:32:15.782 69020 INFO tempest.lib.common.dynamic_creds [-] Deleting project and security group for project: 653976337b864e57bd567c4e40836842
2025-01-24 15:32:15.802 69040 INFO tempest.lib.common.rest_client [req-a6b0bf91-2f33-4e9e-b5a2-600cf4a0fff5 req-a6b0bf91-2f33-4e9e-b5a2-600cf4a0fff5 ] Request (FloatingIPsAssociationNegativeTestJSON:setUpClass): 200 GET http://10.180.1.21/compute/v2.1/servers/c1e4358e-6197-486f-8790-207819e793cd 0.560s
2025-01-24 15:32:15.843 69020 INFO tempest.lib.common.rest_client [req-19fd1959-af3f-4702-ae9d-1fe19be57375 req-19fd1959-af3f-4702-ae9d-1fe19be57375 ] Request (FlavorsAdminTestJSON:tearDownClass): 201 POST http://10.180.1.21/identity/v3/auth/tokens 0.061s
2025-01-24 15:32:15.862 69048 INFO tempest.lib.common.rest_client [req-cd8ff19c-f11e-47d6-8b3d-f544fe8af5f7 req-cd8ff19c-f11e-47d6-8b3d-f544fe8af5f7 ] Request (ServerDiskConfigTestJSON:test_rebuild_server_with_auto_disk_config): 200 GET http://10.180.1.21/compute/v2.1/servers/b4d44a1b-4e7a-44e4-9fae-78a76fd0ac92 0.545s
2025-01-24 15:32:16.004 68998 INFO tempest.lib.common.rest_client [req-4aae11a4-c2ba-4561-a568-04f74e14765d req-4aae11a4-c2ba-4561-a568-04f74e14765d ] Request (SecurityGroupRulesTestJSON:test_security_group_rules_delete_when_peer_group_deleted): 202 DELETE http://10.180.1.21/compute/v2.1/os-security-groups/32780a33-2152-4b71-a762-e5f54f1b49d2 0.770s
2025-01-24 15:32:16.023 69052 INFO tempest.lib.common.rest_client [req-be8d8361-9daf-4b8d-bd2b-bffdb01b9ad0 req-be8d8361-9daf-4b8d-bd2b-bffdb01b9ad0 ] Request (ServerActionsV293TestJSON:setUpClass): 200 GET http://10.180.1.21/volume/v3/volumes/d54b5bfa-2b6e-4e0b-8ed7-edaa378b0cec 0.038s
2025-01-24 15:32:16.042 69010 INFO tempest.lib.common.rest_client [req-0581dc90-47d4-458f-8ef7-d0bbd60e0868 req-0581dc90-47d4-458f-8ef7-d0bbd60e0868 ] Request (KeyPairsV2TestJSON:test_get_keypair_detail): 200 POST http://10.180.1.21/compute/v2.1/os-keypairs 0.635s
2025-01-24 15:32:16.126 69028 INFO tempest.lib.common.rest_client [req-14ed7a0f-8659-496a-91f0-23dd69d912ae req-14ed7a0f-8659-496a-91f0-23dd69d912ae ] Request (ListImageFiltersTestJSON:setUpClass): 200 GET http://10.180.1.21/compute/v2.1/servers/de59e831-7c95-4054-8bf3-91cc496bfee7 0.294s
2025-01-24 15:32:16.187 69026 INFO tempest.lib.common.rest_client [req-8d18b3a6-ac46-420e-9f20-6f89f9c6a6dd req-8d18b3a6-ac46-420e-9f20-6f89f9c6a6dd ] Request (ServerActionsTestOtherA:setUpClass): 200 GET http://10.180.1.21/compute/v2.1/servers/bc228fb4-8d69-4dbe-8130-09f8c1e5ffcb 0.271s
2025-01-24 15:32:16.231 69020 INFO tempest.lib.common.rest_client [req-55bdf32c-3601-4bc9-b327-7b53ea180888 req-55bdf32c-3601-4bc9-b327-7b53ea180888 ] Request (FlavorsAdminTestJSON:tearDownClass): 200 GET http://10.180.1.21:9696/networking/v2.0/security-groups?tenant_id=653976337b864e57bd567c4e40836842&name=default 0.387s
2025-01-24 15:32:16.251 69024 INFO tempest.lib.common.rest_client [req-eeb37add-1cf3-479e-9e17-bd6b1b44057f req-eeb37add-1cf3-479e-9e17-bd6b1b44057f ] Request (AttachInterfacesUnderV243Test:test_add_remove_fixed_ip): 200 GET http://10.180.1.21/compute/v2.1/servers/a2f08306-adb8-49fe-8eb0-6a2aec307a44 0.276s
2025-01-24 15:32:16.315 69000 INFO tempest.lib.common.rest_client [req-ca6cb8fc-881e-42c5-b6e8-faab0c9eac59 req-ca6cb8fc-881e-42c5-b6e8-faab0c9eac59 ] Request (VolumesAdminNegativeTest:test_update_attached_volume_with_nonexistent_volume_in_uri): 200 GET http://10.180.1.21/compute/v2.1/servers/8280b3aa-6912-4e82-b02b-2f4d225e8248 0.324s
2025-01-24 15:32:16.361 68998 INFO tempest.lib.common.rest_client [req-c89c4dc5-df17-4a84-b94d-cd1048b15093 req-c89c4dc5-df17-4a84-b94d-cd1048b15093 ] Request (SecurityGroupRulesTestJSON:test_security_group_rules_delete_when_peer_group_deleted): 200 GET http://10.180.1.21/compute/v2.1/os-security-groups/dc944668-fb1b-4f04-a049-d419c282feec 0.357s
2025-01-24 15:32:16.392 69020 INFO tempest.lib.common.rest_client [req-6cf9a56d-01fd-43cc-a56b-e23726d58154 req-6cf9a56d-01fd-43cc-a56b-e23726d58154 ] Request (FlavorsAdminTestJSON:tearDownClass): 204 DELETE http://10.180.1.21:9696/networking/v2.0/security-groups/7cf5c6f8-431f-4000-9785-e7cd1ce9c7e9 0.160s
2025-01-24 15:32:16.437 69014 INFO tempest.lib.common.rest_client [req-9a5e6eaf-2541-4872-a1be-0d986b741671 req-9a5e6eaf-2541-4872-a1be-0d986b741671 ] Request (ServerDiagnosticsV248Test:tearDownClass): 200 GET http://10.180.1.21/compute/v2.1/servers/85ad8aa3-cc41-4dd5-b3ac-f9964f28388a 0.402s
2025-01-24 15:32:16.449 69010 INFO tempest.lib.common.rest_client [req-98d6b246-cd55-4934-a86b-9083ffe54b13 req-98d6b246-cd55-4934-a86b-9083ffe54b13 ] Request (KeyPairsV2TestJSON:test_get_keypair_detail): 200 GET http://10.180.1.21/compute/v2.1/os-keypairs/tempest-keypair-1803658681 0.404s
2025-01-24 15:32:16.489 69020 INFO tempest.lib.common.rest_client [req-f5adb2c9-b27c-4797-b86e-d6e24aaf5cf8 req-f5adb2c9-b27c-4797-b86e-d6e24aaf5cf8 ] Request (FlavorsAdminTestJSON:tearDownClass): 204 DELETE http://10.180.1.21/identity/v3/projects/653976337b864e57bd567c4e40836842 0.097s
2025-01-24 15:32:16.490 69020 INFO tempest.lib.common.dynamic_creds [-] Deleting project and security group for project: 50b157cd06804e4e994cd045a6707cd3
2025-01-24 15:32:16.524 69042 INFO tempest.lib.common.rest_client [req-775df9e5-a63b-4d2c-b62b-e16fd21c238c req-775df9e5-a63b-4d2c-b62b-e16fd21c238c ] Request (MultipleCreateTestJSON:test_multiple_create): 200 GET http://10.180.1.21/compute/v2.1/servers/513e1208-ad02-4d68-a993-edc5ff9493c4 0.469s
2025-01-24 15:32:16.584 69008 INFO tempest.lib.common.rest_client [req-5e7efe34-f925-49ee-aac4-5f56c80dd31a req-5e7efe34-f925-49ee-aac4-5f56c80dd31a ] Request (ServerDiagnosticsNegativeTest:test_get_server_diagnostics_by_non_admin): 200 GET http://10.180.1.21/compute/v2.1/servers/095b8e7c-f874-47a6-9fd7-b1c2ad7c034f 0.488s
2025-01-24 15:32:16.593 69030 INFO tempest.lib.common.rest_client [req-b1d748a0-a8f8-46db-92a0-f485bef0321a req-b1d748a0-a8f8-46db-92a0-f485bef0321a ] Request (ServerTagsTestJSON:setUpClass): 200 PUT http://10.180.1.21:9696/networking/v2.0/routers/d1cf0005-7a5c-4f80-be10-121b2112cb93/add_router_interface 1.584s
2025-01-24 15:32:16.593 69030 INFO tempest.lib.common.dynamic_creds [-] Created isolated network resources for: credentials: Credentials: {'domain_id': 'default', 'domain_name': 'Default', 'username': 'tempest-ServerTagsTestJSON-1812689362-project-member', 'project_domain_id': 'default', 'project_domain_name': 'Default', 'project_id': '0ca32cd17a97461bb2c9c489fc08ff80', 'project_name': 'tempest-ServerTagsTestJSON-1812689362', 'tenant_id': '0ca32cd17a97461bb2c9c489fc08ff80', 'tenant_name': 'tempest-ServerTagsTestJSON-1812689362', 'user_domain_id': 'default', 'user_domain_name': 'Default', 'user_id': '1956cc870bb84c11873fc64084f9e5a9', 'system': None}, Network: {'id': '203c35d9-0dfb-46d3-abd3-17bf5ef4b7c4', 'name': 'tempest-ServerTagsTestJSON-236516893-network', 'tenant_id': '0ca32cd17a97461bb2c9c489fc08ff80', 'admin_state_up': True, 'mtu': 8950, 'status': 'ACTIVE', 'subnets': [], 'shared': False, 'project_id': '0ca32cd17a97461bb2c9c489fc08ff80', 'port_security_enabled': True, 'router:external': False, 'provider:network_type': 'vlan', 'provider:physical_network': 'default', 'provider:segmentation_id': 684, 'availability_zone_hints': [], 'availability_zones': [], 'ipv4_address_scope': None, 'ipv6_address_scope': None, 'description': '', 'tags': [], 'created_at': '2025-01-24T15:32:13Z', 'updated_at': '2025-01-24T15:32:13Z', 'revision_number': 1}, Subnet: {'id': '8a9dbddc-8a14-4b7e-963b-a4015f7ad0a5', 'name': 'tempest-ServerTagsTestJSON-236516893-subnet', 'tenant_id': '0ca32cd17a97461bb2c9c489fc08ff80', 'network_id': '203c35d9-0dfb-46d3-abd3-17bf5ef4b7c4', 'ip_version': 4, 'subnetpool_id': None, 'enable_dhcp': True, 'ipv6_ra_mode': None, 'ipv6_address_mode': None, 'gateway_ip': '192.168.128.1', 'cidr': '192.168.128.0/28', 'allocation_pools': [{'start': '192.168.128.2', 'end': '192.168.128.14'}], 'host_routes': [], 'dns_nameservers': [], 'description': '', 'router:external': False, 'service_types': [], 'tags': [], 'created_at': '2025-01-24T15:32:13Z', 'updated_at': '2025-01-24T15:32:13Z', 'revision_number': 0, 'project_id': '0ca32cd17a97461bb2c9c489fc08ff80'}, Router: {'id': 'd1cf0005-7a5c-4f80-be10-121b2112cb93', 'name': 'tempest-ServerTagsTestJSON-236516893-router', 'tenant_id': '0ca32cd17a97461bb2c9c489fc08ff80', 'admin_state_up': True, 'status': 'ACTIVE', 'external_gateway_info': {'network_id': 'a3d0cf32-0889-447f-bdc9-b677880197df', 'external_fixed_ips': [{'subnet_id': '766f2c20-e594-4035-875b-d7e2a17f3e35', 'ip_address': '10.180.180.143'}], 'enable_snat': True}, 'description': '', 'availability_zones': [], 'distributed': False, 'ha': False, 'availability_zone_hints': [], 'routes': [], 'flavor_id': None, 'tags': [], 'created_at': '2025-01-24T15:32:13Z', 'updated_at': '2025-01-24T15:32:14Z', 'revision_number': 2, 'project_id': '0ca32cd17a97461bb2c9c489fc08ff80'}
2025-01-24 15:32:16.649 69034 INFO tempest.lib.common.rest_client [req-056492c7-d8a1-4579-8d27-2b57ee3c8b03 req-056492c7-d8a1-4579-8d27-2b57ee3c8b03 ] Request (AttachInterfacesTestJSON:test_create_list_show_delete_interfaces_by_fixed_ip): 200 GET http://10.180.1.21/compute/v2.1/servers/3b9a024a-940a-4dfd-bfe7-5131bb5c0e17 0.404s
2025-01-24 15:32:16.686 69030 INFO tempest.lib.common.rest_client [req-6b003ca7-3808-4795-8803-6116535b57c1 req-6b003ca7-3808-4795-8803-6116535b57c1 ] Request (ServerTagsTestJSON:setUpClass): 201 POST http://10.180.1.21/identity/v3/auth/tokens 0.089s
2025-01-24 15:32:16.700 69020 INFO tempest.lib.common.rest_client [req-48083a18-1463-457b-b21b-45f7d84c6213 req-48083a18-1463-457b-b21b-45f7d84c6213 ] Request (FlavorsAdminTestJSON:tearDownClass): 200 GET http://10.180.1.21:9696/networking/v2.0/security-groups?tenant_id=50b157cd06804e4e994cd045a6707cd3&name=default 0.210s
2025-01-24 15:32:16.703 69002 INFO tempest.lib.common.rest_client [req-b726d758-624c-4aae-807a-c6ce642b4728 req-b726d758-624c-4aae-807a-c6ce642b4728 ] Request (FloatingIPsAssociationTestJSON:setUpClass): 200 GET http://10.180.1.21/compute/v2.1/servers/eace2956-4a9e-4a15-af05-a0f6301fe8ad 0.393s
2025-01-24 15:32:16.725 69030 INFO tempest.lib.common.rest_client [req-84b3a2df-d3f7-4654-b16b-7d77deb168ba req-84b3a2df-d3f7-4654-b16b-7d77deb168ba ] Request (ServerTagsTestJSON:setUpClass): 201 POST http://10.180.1.21/identity/v3/auth/tokens 0.035s
2025-01-24 15:32:16.726 69030 INFO tempest.lib.common.fixed_network [-] (ServerTagsTestJSON:setUpClass) Found network {'id': '203c35d9-0dfb-46d3-abd3-17bf5ef4b7c4', 'name': 'tempest-ServerTagsTestJSON-236516893-network', 'tenant_id': '0ca32cd17a97461bb2c9c489fc08ff80', 'admin_state_up': True, 'mtu': 8950, 'status': 'ACTIVE', 'subnets': [], 'shared': False, 'project_id': '0ca32cd17a97461bb2c9c489fc08ff80', 'port_security_enabled': True, 'router:external': False, 'provider:network_type': 'vlan', 'provider:physical_network': 'default', 'provider:segmentation_id': 684, 'availability_zone_hints': [], 'availability_zones': [], 'ipv4_address_scope': None, 'ipv6_address_scope': None, 'description': '', 'tags': [], 'created_at': '2025-01-24T15:32:13Z', 'updated_at': '2025-01-24T15:32:13Z', 'revision_number': 1} available for tenant
2025-01-24 15:32:16.729 69022 INFO tempest.lib.common.rest_client [req-3187342d-cffb-442e-a8ad-2a8a22073037 req-3187342d-cffb-442e-a8ad-2a8a22073037 ] Request (ServersTestBootFromVolume:setUpClass): 202 POST http://10.180.1.21/compute/v2.1/servers 1.172s
2025-01-24 15:32:16.755 69006 INFO tempest.lib.common.rest_client [req-7b2dbce7-8d18-448b-bac8-7f84d3f52421 req-7b2dbce7-8d18-448b-bac8-7f84d3f52421 ] Request (ServersAdminTestJSON:setUpClass): 200 GET http://10.180.1.21/compute/v2.1/servers/a9a7457b-f069-4007-9ca4-b6bd273f9948 0.421s
2025-01-24 15:32:16.807 69018 INFO tempest.lib.common.rest_client [req-df8e64a8-96e2-4073-889a-c796493e48fb req-df8e64a8-96e2-4073-889a-c796493e48fb ] Request (ServerDiagnosticsTest:test_get_server_diagnostics): 200 GET http://10.180.1.21/compute/v2.1/servers/3ca6ed88-80aa-4409-a7e5-235ffd4d00b6 0.437s
2025-01-24 15:32:16.828 69020 INFO tempest.lib.common.rest_client [req-1a2870d3-2e22-4bcd-9135-3fc3e29a8f98 req-1a2870d3-2e22-4bcd-9135-3fc3e29a8f98 ] Request (FlavorsAdminTestJSON:tearDownClass): 204 DELETE http://10.180.1.21:9696/networking/v2.0/security-groups/b344e8b1-4301-46f2-94fc-40b416579da0 0.127s
2025-01-24 15:32:16.860 69050 INFO tempest.lib.common.rest_client [req-8a41c7c4-2ad9-41d4-a985-f68baa233186 req-8a41c7c4-2ad9-41d4-a985-f68baa233186 ] Request (DeleteServersAdminTestJSON:test_delete_server_while_in_error_state): 200 GET http://10.180.1.21/compute/v2.1/servers/b4d8b42a-7534-4161-ad3f-5c4ce1f230ef 0.457s
2025-01-24 15:32:16.901 68998 INFO tempest.lib.common.rest_client [req-98938706-49f1-4430-aed4-e4a599e3917c req-98938706-49f1-4430-aed4-e4a599e3917c ] Request (SecurityGroupRulesTestJSON:test_security_group_rules_list): 200 POST http://10.180.1.21/compute/v2.1/os-security-groups 0.534s
2025-01-24 15:32:16.928 69010 INFO tempest.lib.common.rest_client [req-123b8803-3406-4d8e-9183-3aec6c35a71c req-123b8803-3406-4d8e-9183-3aec6c35a71c ] Request (KeyPairsV2TestJSON:_run_cleanups): 202 DELETE http://10.180.1.21/compute/v2.1/os-keypairs/tempest-keypair-1803658681 0.476s
2025-01-24 15:32:16.931 69016 INFO tempest.lib.common.rest_client [req-28fd4793-23b2-4572-b475-7a126f287600 req-28fd4793-23b2-4572-b475-7a126f287600 ] Request (ImagesTestJSON:test_create_image_from_suspended_server): 200 GET http://10.180.1.21/compute/v2.1/servers/a497e6f2-688f-4829-b012-b562ebee02b3 0.499s
2025-01-24 15:32:16.970 69020 INFO tempest.lib.common.rest_client [req-759f8119-451b-44ef-b2d9-2b7dee4e93f1 req-759f8119-451b-44ef-b2d9-2b7dee4e93f1 ] Request (FlavorsAdminTestJSON:tearDownClass): 204 DELETE http://10.180.1.21/identity/v3/projects/50b157cd06804e4e994cd045a6707cd3 0.142s
2025-01-24 15:32:16.971 69020 INFO tempest.test [-] raised in UnshelveToHostMultiNodesTest.setUpClass. Invoking tearDownClass.
2025-01-24 15:32:17.005 69004 INFO tempest.lib.common.rest_client [req-81214234-dbe3-47ca-b3e2-ddd313bd5019 req-81214234-dbe3-47ca-b3e2-ddd313bd5019 ] Request (ImagesOneServerTestJSON:setUpClass): 200 GET http://10.180.1.21/compute/v2.1/servers/61627148-c2e9-4f24-939d-29c71d68f3b4 0.547s
2025-01-24 15:32:17.013 69056 INFO tempest.lib.common.rest_client [req-7bd297e5-1fc0-4b4d-819c-a6fa11d17fe6 req-7bd297e5-1fc0-4b4d-819c-a6fa11d17fe6 ] Request (AttachInterfacesV270Test:test_create_get_list_interfaces): 200 GET http://10.180.1.21/compute/v2.1/servers/487c7020-7988-4574-8ca6-e3eaa42bcc6b 0.524s
2025-01-24 15:32:17.062 69020 INFO tempest.lib.common.rest_client [req-2c0e623a-a64c-4ac5-9d2a-acd89a71ff71 req-2c0e623a-a64c-4ac5-9d2a-acd89a71ff71 ] Request (SecurityGroupsNegativeTestJSON:setUpClass): 201 POST http://10.180.1.21/identity/v3/auth/tokens 0.088s
2025-01-24 15:32:17.068 69052 INFO tempest.lib.common.rest_client [req-f68c0181-10e1-4668-b6d0-f6e31600cb16 req-f68c0181-10e1-4668-b6d0-f6e31600cb16 ] Request (ServerActionsV293TestJSON:setUpClass): 200 GET http://10.180.1.21/volume/v3/volumes/d54b5bfa-2b6e-4e0b-8ed7-edaa378b0cec 0.032s
2025-01-24 15:32:17.084 69058 INFO tempest.lib.common.rest_client [req-7f7e5251-8274-415d-827b-b9c5e2acd26c req-7f7e5251-8274-415d-827b-b9c5e2acd26c ] Request (MigrationsAdminTest:test_resize_server_revert_deleted_flavor): 200 GET http://10.180.1.21/compute/v2.1/servers/a94df31d-4d92-43cd-951d-4541d724b4db 0.537s
2025-01-24 15:32:17.085 69036 INFO tempest.lib.common.rest_client [req-74c8b74e-fdc4-4f6a-a790-be708d6c2442 req-74c8b74e-fdc4-4f6a-a790-be708d6c2442 ] Request (VolumesAssistedSnapshotsTest:test_volume_assisted_snapshot_create_delete): 200 GET http://10.180.1.21/compute/v2.1/servers/24c339d4-b5a0-4832-bfcc-7e9561bf6555 0.564s
2025-01-24 15:32:17.100 69036 INFO tempest.common.waiters [-] State transition "BUILD/scheduling" ==> "ERROR/None" after 39 second wait
2025-01-24 15:32:17.103 69020 INFO tempest.lib.common.rest_client [req-9b3488da-0d11-4d48-8aaf-e852476f248d req-9b3488da-0d11-4d48-8aaf-e852476f248d ] Request (SecurityGroupsNegativeTestJSON:setUpClass): 201 POST http://10.180.1.21/identity/v3/auth/tokens 0.038s
2025-01-24 15:32:17.136 69020 INFO tempest.lib.common.rest_client [req-7139da05-580a-4e79-8aea-54bf79804502 req-7139da05-580a-4e79-8aea-54bf79804502 ] Request (SecurityGroupsNegativeTestJSON:setUpClass): 200 GET http://10.180.1.21/identity/v3/domains?name=Default 0.033s
2025-01-24 15:32:17.144 69013 INFO tempest.lib.common.rest_client [req-0fc16a61-cb77-4b01-99fc-e3edf71730bd req-0fc16a61-cb77-4b01-99fc-e3edf71730bd ] Request (ServersWithSpecificFlavorTestJSON:test_verify_created_server_ephemeral_disk): 200 GET http://10.180.1.21/compute/v2.1/servers/f118de3c-5922-4fd6-b0ce-2fe45c4bd458 0.534s
2025-01-24 15:32:17.153 69038 INFO tempest.lib.common.rest_client [req-761244f5-2eb0-4553-a6e2-25c441617fa9 req-761244f5-2eb0-4553-a6e2-25c441617fa9 ] Request (ServersTestJSON:setUpClass): 200 GET http://10.180.1.21/compute/v2.1/servers/40446072-d32f-48fd-969c-804d6ba39090 0.536s
2025-01-24 15:32:17.175 69020 INFO tempest.lib.common.rest_client [req-a7398a27-94f7-4d04-9696-3dda2c63c426 req-a7398a27-94f7-4d04-9696-3dda2c63c426 ] Request (SecurityGroupsNegativeTestJSON:setUpClass): 201 POST http://10.180.1.21/identity/v3/projects 0.038s
2025-01-24 15:32:17.218 69044 INFO tempest.lib.common.rest_client [req-3e07a734-f0a9-4185-88cf-a2764ec237fb req-3e07a734-f0a9-4185-88cf-a2764ec237fb ] Request (TenantUsagesTestJSON:setUpClass): 200 GET http://10.180.1.21/compute/v2.1/servers/693ea57c-e30f-4a4b-9744-df2d7e1b7085 0.530s
2025-01-24 15:32:17.218 69046 INFO tempest.lib.common.rest_client [req-96f395d4-bf89-42cd-ac79-5be1e84dca94 req-96f395d4-bf89-42cd-ac79-5be1e84dca94 ] Request (ServersAdmin275Test:_run_cleanups): 200 GET http://10.180.1.21/compute/v2.1/servers/2122166f-a3aa-46a2-bf27-8845d23773d2 0.511s
2025-01-24 15:32:17.263 69020 INFO tempest.lib.common.rest_client [req-c5b6ed4e-36ab-4226-94eb-c020ee49fd10 req-c5b6ed4e-36ab-4226-94eb-c020ee49fd10 ] Request (SecurityGroupsNegativeTestJSON:setUpClass): 201 POST http://10.180.1.21/identity/v3/users 0.088s
2025-01-24 15:32:17.264 69022 INFO tempest.lib.common.rest_client [req-ea3504ba-ed93-404e-85e9-b14f42898012 req-ea3504ba-ed93-404e-85e9-b14f42898012 ] Request (ServersTestBootFromVolume:setUpClass): 200 GET http://10.180.1.21/compute/v2.1/servers/e436dad5-1d89-4804-bbe7-b6578f019a85 0.534s
2025-01-24 15:32:17.288 69020 INFO tempest.lib.common.rest_client [req-190cd577-8520-4b24-a44f-dcb4a5673cec req-190cd577-8520-4b24-a44f-dcb4a5673cec ] Request (SecurityGroupsNegativeTestJSON:setUpClass): 200 GET http://10.180.1.21/identity/v3/roles 0.024s
2025-01-24 15:32:17.322 69020 INFO tempest.lib.common.rest_client [req-8bdab960-92ba-4c3f-b1ef-8d3d81b48268 req-8bdab960-92ba-4c3f-b1ef-8d3d81b48268 ] Request (SecurityGroupsNegativeTestJSON:setUpClass): 204 PUT http://10.180.1.21/identity/v3/projects/fe0b38dfc25c40299da64e97b07b4f0f/users/9386395e034d47e181611d0991627036/roles/d928ee8036414a2e851e55930c94292a 0.033s
2025-01-24 15:32:17.322 69020 INFO tempest.lib.common.dynamic_creds [-] Dynamic test user 9386395e034d47e181611d0991627036 is created with scope project and roles: ['member']
2025-01-24 15:32:17.323 68996 INFO tempest.lib.common.rest_client [req-45c59f1b-9f24-4d48-a9b8-6b427bc48d9b req-45c59f1b-9f24-4d48-a9b8-6b427bc48d9b ] Request (DeleteServersTestJSON:test_delete_active_server): 200 GET http://10.180.1.21/compute/v2.1/servers/4e245e30-2604-4710-bfdb-b35a8aa503a3 0.579s
2025-01-24 15:32:17.322 69020 INFO tempest.lib.common.dynamic_creds [-] Acquired dynamic creds: credentials: Credentials: {'domain_id': 'default', 'domain_name': 'Default', 'username': 'tempest-SecurityGroupsNegativeTestJSON-187022437-project-member', 'project_domain_id': 'default', 'project_domain_name': 'Default', 'project_id': 'fe0b38dfc25c40299da64e97b07b4f0f', 'project_name': 'tempest-SecurityGroupsNegativeTestJSON-187022437', 'tenant_id': 'fe0b38dfc25c40299da64e97b07b4f0f', 'tenant_name': 'tempest-SecurityGroupsNegativeTestJSON-187022437', 'user_domain_id': 'default', 'user_domain_name': 'Default', 'user_id': '9386395e034d47e181611d0991627036', 'system': None}, Network: None, Subnet: None, Router: None
2025-01-24 15:32:17.391 69020 INFO tempest.lib.common.rest_client [req-6d4d94e9-b03a-4761-90b6-e1916f081f39 req-6d4d94e9-b03a-4761-90b6-e1916f081f39 ] Request (SecurityGroupsNegativeTestJSON:setUpClass): 201 POST http://10.180.1.21/identity/v3/auth/tokens 0.065s
2025-01-24 15:32:17.406 69040 INFO tempest.lib.common.rest_client [req-48dd5b5a-af14-40f6-878d-a456b8a6e972 req-48dd5b5a-af14-40f6-878d-a456b8a6e972 ] Request (FloatingIPsAssociationNegativeTestJSON:setUpClass): 200 GET http://10.180.1.21/compute/v2.1/servers/c1e4358e-6197-486f-8790-207819e793cd 0.595s
2025-01-24 15:32:17.451 69048 INFO tempest.lib.common.rest_client [req-dd61ad55-8580-46c7-bcea-d1409f3f0d15 req-dd61ad55-8580-46c7-bcea-d1409f3f0d15 ] Request (ServerDiskConfigTestJSON:test_rebuild_server_with_auto_disk_config): 200 GET http://10.180.1.21/compute/v2.1/servers/b4d44a1b-4e7a-44e4-9fae-78a76fd0ac92 0.579s
2025-01-24 15:32:17.627 68998 INFO tempest.lib.common.rest_client [req-8bb0e323-a865-4f8c-a05a-f6ad30187f58 req-8bb0e323-a865-4f8c-a05a-f6ad30187f58 ] Request (SecurityGroupRulesTestJSON:test_security_group_rules_list): 200 POST http://10.180.1.21/compute/v2.1/os-security-group-rules 0.722s
2025-01-24 15:32:17.663 69010 INFO tempest.lib.common.rest_client [req-727e7541-ad46-4574-bb49-27f5a71ea433 req-727e7541-ad46-4574-bb49-27f5a71ea433 ] Request (KeyPairsV2TestJSON:test_keypair_create_delete): 200 POST http://10.180.1.21/compute/v2.1/os-keypairs 0.732s
2025-01-24 15:32:17.670 69030 INFO tempest.lib.common.rest_client [req-a6396481-f25c-48e8-932b-e5778290ee88 req-a6396481-f25c-48e8-932b-e5778290ee88 ] Request (ServerTagsTestJSON:setUpClass): 202 POST http://10.180.1.21/compute/v2.1/servers 0.943s
2025-01-24 15:32:17.733 69020 INFO tempest.lib.common.rest_client [req-d4077708-5d25-41f9-a900-8b00367fb143 req-d4077708-5d25-41f9-a900-8b00367fb143 ] Request (SecurityGroupsNegativeTestJSON:setUpClass): 201 POST http://10.180.1.21:9696/networking/v2.0/networks 0.341s
2025-01-24 15:32:17.749 69028 INFO tempest.lib.common.rest_client [req-2c861ed3-ead4-4c63-85e3-4b206a818c67 req-2c861ed3-ead4-4c63-85e3-4b206a818c67 ] Request (ListImageFiltersTestJSON:setUpClass): 200 GET http://10.180.1.21/compute/v2.1/servers/de59e831-7c95-4054-8bf3-91cc496bfee7 0.614s
2025-01-24 15:32:17.805 69026 INFO tempest.lib.common.rest_client [req-2885e83f-89de-472c-88bd-2fbbf6a6203b req-2885e83f-89de-472c-88bd-2fbbf6a6203b ] Request (ServerActionsTestOtherA:setUpClass): 200 GET http://10.180.1.21/compute/v2.1/servers/bc228fb4-8d69-4dbe-8130-09f8c1e5ffcb 0.608s
2025-01-24 15:32:17.860 69024 INFO tempest.lib.common.rest_client [req-cf86660a-f271-439e-b784-133b96a1e70d req-cf86660a-f271-439e-b784-133b96a1e70d ] Request (AttachInterfacesUnderV243Test:test_add_remove_fixed_ip): 200 GET http://10.180.1.21/compute/v2.1/servers/a2f08306-adb8-49fe-8eb0-6a2aec307a44 0.598s
2025-01-24 15:32:17.931 69000 INFO tempest.lib.common.rest_client [req-73917c45-28f5-4418-a74b-0af98a11d758 req-73917c45-28f5-4418-a74b-0af98a11d758 ] Request (VolumesAdminNegativeTest:test_update_attached_volume_with_nonexistent_volume_in_uri): 200 GET http://10.180.1.21/compute/v2.1/servers/8280b3aa-6912-4e82-b02b-2f4d225e8248 0.608s
2025-01-24 15:32:17.938 69036 INFO tempest.lib.common.rest_client [req-c0f2f84f-3e1a-4c57-9735-cc42fbad84a9 req-c0f2f84f-3e1a-4c57-9735-cc42fbad84a9 ] Request (VolumesAssistedSnapshotsTest:test_volume_assisted_snapshot_create_delete): 204 DELETE http://10.180.1.21/compute/v2.1/servers/24c339d4-b5a0-4832-bfcc-7e9561bf6555 0.838s
2025-01-24 15:32:17.946 69020 INFO tempest.lib.common.rest_client [req-06b82972-441a-4f40-ba67-457dbdcf8d57 req-06b82972-441a-4f40-ba67-457dbdcf8d57 ] Request (SecurityGroupsNegativeTestJSON:setUpClass): 201 POST http://10.180.1.21:9696/networking/v2.0/subnets 0.212s
2025-01-24 15:32:17.998 69042 INFO tempest.lib.common.rest_client [req-7e613223-d9a6-41d8-bcd8-dc3dea97c918 req-7e613223-d9a6-41d8-bcd8-dc3dea97c918 ] Request (MultipleCreateTestJSON:test_multiple_create): 200 GET http://10.180.1.21/compute/v2.1/servers/513e1208-ad02-4d68-a993-edc5ff9493c4 0.464s
2025-01-24 15:32:18.007 69014 INFO tempest.lib.common.rest_client [req-9ad37e57-ff2f-4a22-91e4-2f7ffb137c9c req-9ad37e57-ff2f-4a22-91e4-2f7ffb137c9c ] Request (ServerDiagnosticsV248Test:tearDownClass): 200 GET http://10.180.1.21/compute/v2.1/servers/85ad8aa3-cc41-4dd5-b3ac-f9964f28388a 0.558s
2025-01-24 15:32:18.010 69042 INFO tempest.common.waiters [-] State transition "BUILD/None" ==> "BUILD/networking" after 30 second wait
2025-01-24 15:32:18.075 69008 INFO tempest.lib.common.rest_client [req-ffbea6d5-6c85-40c9-8284-ae44c7e15242 req-ffbea6d5-6c85-40c9-8284-ae44c7e15242 ] Request (ServerDiagnosticsNegativeTest:test_get_server_diagnostics_by_non_admin): 200 GET http://10.180.1.21/compute/v2.1/servers/095b8e7c-f874-47a6-9fd7-b1c2ad7c034f 0.478s
2025-01-24 15:32:18.127 69052 INFO tempest.lib.common.rest_client [req-3cb31410-4b66-44bb-9809-14ceb8d28f91 req-3cb31410-4b66-44bb-9809-14ceb8d28f91 ] Request (ServerActionsV293TestJSON:setUpClass): 200 GET http://10.180.1.21/volume/v3/volumes/d54b5bfa-2b6e-4e0b-8ed7-edaa378b0cec 0.050s
2025-01-24 15:32:18.148 69034 INFO tempest.lib.common.rest_client [req-c5eb2d48-28a9-4adc-bcc8-389090006dd0 req-c5eb2d48-28a9-4adc-bcc8-389090006dd0 ] Request (AttachInterfacesTestJSON:test_create_list_show_delete_interfaces_by_fixed_ip): 200 GET http://10.180.1.21/compute/v2.1/servers/3b9a024a-940a-4dfd-bfe7-5131bb5c0e17 0.488s
2025-01-24 15:32:18.189 69010 INFO tempest.lib.common.rest_client [req-6af1ad7e-ce51-49cb-b903-ff7ceb3dd892 req-6af1ad7e-ce51-49cb-b903-ff7ceb3dd892 ] Request (KeyPairsV2TestJSON:_run_cleanups): 202 DELETE http://10.180.1.21/compute/v2.1/os-keypairs/tempest-keypair-1872860464 0.525s
2025-01-24 15:32:18.194 68998 INFO tempest.lib.common.rest_client [req-6af384e6-e2c3-4788-84d2-7ac27916b498 req-6af384e6-e2c3-4788-84d2-7ac27916b498 ] Request (SecurityGroupRulesTestJSON:test_security_group_rules_list): 200 POST http://10.180.1.21/compute/v2.1/os-security-group-rules 0.562s
