2025-01-24 15:32:44.940 69018 INFO tempest.lib.common.rest_client [req-b300d30d-9087-4eab-bf0f-b7cca17e5e5f req-b300d30d-9087-4eab-bf0f-b7cca17e5e5f ] Request (ServerDiagnosticsTest:test_get_server_diagnostics): 200 GET http://10.180.1.21/compute/v2.1/servers/3ca6ed88-80aa-4409-a7e5-235ffd4d00b6 0.216s
2025-01-24 15:32:44.957 69016 INFO tempest.lib.common.rest_client [req-450836b9-31bf-455f-bdbe-750588f967cf req-450836b9-31bf-455f-bdbe-750588f967cf ] Request (ImagesTestJSON:test_create_image_from_suspended_server): 200 GET http://10.180.1.21/compute/v2.1/servers/a497e6f2-688f-4829-b012-b562ebee02b3 0.185s
2025-01-24 15:32:45.001 69056 INFO tempest.lib.common.rest_client [req-18ae43ba-9d10-49bd-ab6c-ddc848cc17fb req-18ae43ba-9d10-49bd-ab6c-ddc848cc17fb ] Request (AttachInterfacesV270Test:test_create_get_list_interfaces): 200 GET http://10.180.1.21/compute/v2.1/servers/487c7020-7988-4574-8ca6-e3eaa42bcc6b 0.205s
2025-01-24 15:32:45.009 69004 INFO tempest.lib.common.rest_client [req-9e02b7a4-6c79-471c-9ef4-c3cdbd4b319d req-9e02b7a4-6c79-471c-9ef4-c3cdbd4b319d ] Request (ImagesOneServerTestJSON:setUpClass): 200 GET http://10.180.1.21/compute/v2.1/servers/61627148-c2e9-4f24-939d-29c71d68f3b4 0.150s
2025-01-24 15:32:45.059 69050 INFO tempest.lib.common.rest_client [req-fe6bb15c-0e91-4758-98fa-eb4d48992b98 req-fe6bb15c-0e91-4758-98fa-eb4d48992b98 ] Request (DeleteServersAdminTestJSON:test_delete_server_while_in_error_state): 200 GET http://10.180.1.21/compute/v2.1/servers/b4d8b42a-7534-4161-ad3f-5c4ce1f230ef 0.139s
2025-01-24 15:32:45.070 69038 INFO tempest.lib.common.rest_client [req-c6078a65-135f-43a6-bbc3-6e7d0380bb70 req-c6078a65-135f-43a6-bbc3-6e7d0380bb70 ] Request (ServersTestJSON:setUpClass): 200 GET http://10.180.1.21/compute/v2.1/servers/40446072-d32f-48fd-969c-804d6ba39090 0.087s
2025-01-24 15:32:45.179 69058 INFO tempest.lib.common.rest_client [req-fb19f513-8051-46f7-a336-520816c77c22 req-fb19f513-8051-46f7-a336-520816c77c22 ] Request (MigrationsAdminTest:test_resize_server_revert_deleted_flavor): 200 GET http://10.180.1.21/compute/v2.1/servers/a94df31d-4d92-43cd-951d-4541d724b4db 0.070s
2025-01-24 15:32:45.190 69058 INFO tempest.common.waiters [-] State transition "BUILD/scheduling" ==> "BUILD/None" after 45 second wait
2025-01-24 15:32:45.239 69010 INFO tempest.lib.common.rest_client [req-3a11c984-b926-4a52-b95d-faa3a31c0cb5 req-3a11c984-b926-4a52-b95d-faa3a31c0cb5 ] Request (ServerPasswordTestJSON:setUpClass): 200 GET http://10.180.1.21/compute/v2.1/servers/f969e755-0e04-4e83-8787-67778a01c650 0.069s
2025-01-24 15:32:45.276 68998 INFO tempest.lib.common.rest_client [req-f18927d1-6a2e-42d1-87be-17a2e1285564 req-f18927d1-6a2e-42d1-87be-17a2e1285564 ] Request (ServerAddressesTestJSON:setUpClass): 200 GET http://10.180.1.21/compute/v2.1/servers/ebe70002-567d-4d67-ae7b-7f109da67c33 0.239s
2025-01-24 15:32:45.293 69040 INFO tempest.lib.common.rest_client [req-89acbb99-af3e-4713-b1bc-796e7a9ee460 req-89acbb99-af3e-4713-b1bc-796e7a9ee460 ] Request (FloatingIPsAssociationNegativeTestJSON:setUpClass): 200 GET http://10.180.1.21/compute/v2.1/servers/c1e4358e-6197-486f-8790-207819e793cd 0.071s
2025-01-24 15:32:45.354 69052 INFO tempest.lib.common.rest_client [req-468c8d38-758c-4e20-9c3f-123522466932 req-468c8d38-758c-4e20-9c3f-123522466932 ] Request (ServerActionsV293TestJSON:setUpClass): 200 GET http://10.180.1.21/compute/v2.1/servers/8f132093-06cd-4088-b9c8-697a9f2c7673 0.061s
2025-01-24 15:32:45.402 69013 INFO tempest.lib.common.rest_client [req-e0775f45-efce-43ef-87b9-c6d62d4d1e3d req-e0775f45-efce-43ef-87b9-c6d62d4d1e3d ] Request (ServersWithSpecificFlavorTestJSON:tearDownClass): 200 PUT http://10.180.1.21:9696/networking/v2.0/routers/dfd2ac3f-8c2e-43eb-89b0-5632cb9bbf15/remove_router_interface 1.060s
2025-01-24 15:32:45.404 68996 INFO tempest.lib.common.rest_client [req-4c8e4890-9df7-4fff-84de-9d68c644a726 req-4c8e4890-9df7-4fff-84de-9d68c644a726 ] Request (DeleteServersTestJSON:test_delete_active_server): 200 GET http://10.180.1.21/compute/v2.1/servers/4e245e30-2604-4710-bfdb-b35a8aa503a3 0.054s
2025-01-24 15:32:45.454 69028 INFO tempest.lib.common.rest_client [req-629411f9-1aff-448a-b7cd-c6fbf6e58c6e req-629411f9-1aff-448a-b7cd-c6fbf6e58c6e ] Request (ListImageFiltersTestJSON:setUpClass): 200 GET http://10.180.1.21/compute/v2.1/servers/de59e831-7c95-4054-8bf3-91cc496bfee7 0.089s
2025-01-24 15:32:45.483 69026 INFO tempest.lib.common.rest_client [req-162547f4-5b72-4196-a60b-76e57e6c1709 req-162547f4-5b72-4196-a60b-76e57e6c1709 ] Request (ServerActionsTestOtherA:setUpClass): 200 GET http://10.180.1.21/compute/v2.1/servers/bc228fb4-8d69-4dbe-8130-09f8c1e5ffcb 0.087s
2025-01-24 15:32:45.541 69024 INFO tempest.lib.common.rest_client [req-7b2ff3a0-a3e0-42bb-b1af-e2870bd90819 req-7b2ff3a0-a3e0-42bb-b1af-e2870bd90819 ] Request (AttachInterfacesUnderV243Test:test_add_remove_fixed_ip): 200 GET http://10.180.1.21/compute/v2.1/servers/a2f08306-adb8-49fe-8eb0-6a2aec307a44 0.075s
2025-01-24 15:32:45.549 69036 INFO tempest.lib.common.rest_client [req-3ca123f5-e80a-4387-9a78-a011df64ec27 req-3ca123f5-e80a-4387-9a78-a011df64ec27 ] Request (ServerShowV257Test:test_rebuild_server): 200 GET http://10.180.1.21/compute/v2.1/servers/357fa971-d349-48cf-9b92-769353a96331 0.098s
2025-01-24 15:32:45.601 69044 INFO tempest.lib.common.rest_client [req-59c90291-a42f-49cb-9e3b-ebff38ffbc8f req-59c90291-a42f-49cb-9e3b-ebff38ffbc8f ] Request (ServerAddressesNegativeTestJSON:setUpClass): 200 GET http://10.180.1.21/compute/v2.1/servers/a557f91e-2d8f-43b0-85f5-fc6f99de391c 0.090s
2025-01-24 15:32:45.606 69022 INFO tempest.lib.common.rest_client [req-f6276ead-ab27-4a05-b533-1f688bd3b959 req-f6276ead-ab27-4a05-b533-1f688bd3b959 ] Request (ServersTestBootFromVolume:setUpClass): 200 GET http://10.180.1.21/compute/v2.1/servers/e436dad5-1d89-4804-bbe7-b6578f019a85 0.090s
2025-01-24 15:32:45.650 69000 INFO tempest.lib.common.rest_client [req-25c4b4af-4d20-4149-974b-8c0af74d796c req-25c4b4af-4d20-4149-974b-8c0af74d796c ] Request (VolumesAdminNegativeTest:test_update_attached_volume_with_nonexistent_volume_in_uri): 200 GET http://10.180.1.21/compute/v2.1/servers/8280b3aa-6912-4e82-b02b-2f4d225e8248 0.081s
2025-01-24 15:32:45.663 69008 INFO tempest.lib.common.rest_client [req-2c992cf7-b6c2-447b-a933-fcd0c35869de req-2c992cf7-b6c2-447b-a933-fcd0c35869de ] Request (ServerDiagnosticsNegativeTest:test_get_server_diagnostics_by_non_admin): 200 GET http://10.180.1.21/compute/v2.1/servers/095b8e7c-f874-47a6-9fd7-b1c2ad7c034f 0.081s
2025-01-24 15:32:45.706 69042 INFO tempest.lib.common.rest_client [req-e632f324-9846-4140-b7ea-8d07eb3c8d1d req-e632f324-9846-4140-b7ea-8d07eb3c8d1d ] Request (MultipleCreateTestJSON:test_multiple_create): 200 GET http://10.180.1.21/compute/v2.1/servers/513e1208-ad02-4d68-a993-edc5ff9493c4 0.081s
2025-01-24 15:32:45.710 69048 INFO tempest.lib.common.rest_client [req-26359ef6-fb32-42c3-83bd-fbdb5f3b400d req-26359ef6-fb32-42c3-83bd-fbdb5f3b400d ] Request (ServerDiskConfigTestJSON:test_rebuild_server_with_auto_disk_config): 200 GET http://10.180.1.21/compute/v2.1/servers/b4d44a1b-4e7a-44e4-9fae-78a76fd0ac92 0.067s
2025-01-24 15:32:45.751 69034 INFO tempest.lib.common.rest_client [req-4fc5aafb-e514-4e47-a22d-c16d97bf15d7 req-4fc5aafb-e514-4e47-a22d-c16d97bf15d7 ] Request (AttachInterfacesTestJSON:test_create_list_show_delete_interfaces_by_fixed_ip): 200 GET http://10.180.1.21/compute/v2.1/servers/3b9a024a-940a-4dfd-bfe7-5131bb5c0e17 0.068s
2025-01-24 15:32:45.772 69020 INFO tempest.lib.common.rest_client [req-a1214cfb-9ff3-4197-8170-e92422ef4333 req-a1214cfb-9ff3-4197-8170-e92422ef4333 ] Request (InstanceActionsNegativeTestJSON:setUpClass): 200 GET http://10.180.1.21/compute/v2.1/servers/ed457063-e608-41c0-b919-bd417529b3b9 0.066s
2025-01-24 15:32:45.830 69013 INFO tempest.lib.common.rest_client [req-449511b7-d026-4750-95f4-dafac910cfce req-449511b7-d026-4750-95f4-dafac910cfce ] Request (ServersWithSpecificFlavorTestJSON:tearDownClass): 204 DELETE http://10.180.1.21:9696/networking/v2.0/routers/dfd2ac3f-8c2e-43eb-89b0-5632cb9bbf15 0.427s
2025-01-24 15:32:45.846 69046 INFO tempest.lib.common.rest_client [req-155b6b7b-97f1-42e4-a424-9652bebc0118 req-155b6b7b-97f1-42e4-a424-9652bebc0118 ] Request (ServersAdmin275Test:tearDownClass): 200 GET http://10.180.1.21/compute/v2.1/servers/2122166f-a3aa-46a2-bf27-8845d23773d2 0.064s
2025-01-24 15:32:45.878 69002 INFO tempest.lib.common.rest_client [req-c9b7f6c1-919b-4119-be49-db4520ec320a req-c9b7f6c1-919b-4119-be49-db4520ec320a ] Request (FloatingIPsAssociationTestJSON:setUpClass): 200 GET http://10.180.1.21/compute/v2.1/servers/eace2956-4a9e-4a15-af05-a0f6301fe8ad 0.056s
2025-01-24 15:32:45.893 69006 INFO tempest.lib.common.rest_client [req-9e9b0907-a9c6-4579-9699-a12c517efc17 req-9e9b0907-a9c6-4579-9699-a12c517efc17 ] Request (ServersAdminTestJSON:setUpClass): 200 GET http://10.180.1.21/compute/v2.1/servers/a9a7457b-f069-4007-9ca4-b6bd273f9948 0.061s
2025-01-24 15:32:45.945 69030 INFO tempest.lib.common.rest_client [req-d7766194-1313-4b17-bcf3-e19cf3f820c5 req-d7766194-1313-4b17-bcf3-e19cf3f820c5 ] Request (ServerTagsTestJSON:setUpClass): 200 GET http://10.180.1.21/compute/v2.1/servers/684c94ee-8f17-42cc-848d-b175a8e7f560 0.054s
2025-01-24 15:32:45.961 69013 INFO tempest.lib.common.rest_client [req-8a520f78-7b5b-4987-9f6e-ceb468e3cee5 req-8a520f78-7b5b-4987-9f6e-ceb468e3cee5 ] Request (ServersWithSpecificFlavorTestJSON:tearDownClass): 204 DELETE http://10.180.1.21:9696/networking/v2.0/subnets/b8e7c573-c5df-4a64-840e-062c4395e3f6 0.130s
2025-01-24 15:32:45.973 69014 INFO tempest.lib.common.rest_client [req-6bedaeac-e3ad-4f89-8fdc-d7778973e6d2 req-6bedaeac-e3ad-4f89-8fdc-d7778973e6d2 ] Request (ServerDiagnosticsV248Test:tearDownClass): 200 GET http://10.180.1.21/compute/v2.1/servers/85ad8aa3-cc41-4dd5-b3ac-f9964f28388a 0.073s
2025-01-24 15:32:46.010 69018 INFO tempest.lib.common.rest_client [req-1deaa1b3-2267-4fc2-b1fd-ad217e4095cb req-1deaa1b3-2267-4fc2-b1fd-ad217e4095cb ] Request (ServerDiagnosticsTest:test_get_server_diagnostics): 200 GET http://10.180.1.21/compute/v2.1/servers/3ca6ed88-80aa-4409-a7e5-235ffd4d00b6 0.058s
2025-01-24 15:32:46.031 69016 INFO tempest.lib.common.rest_client [req-567362a0-3cee-404c-b6a1-ec73a5bc29bc req-567362a0-3cee-404c-b6a1-ec73a5bc29bc ] Request (ImagesTestJSON:test_create_image_from_suspended_server): 200 GET http://10.180.1.21/compute/v2.1/servers/a497e6f2-688f-4829-b012-b562ebee02b3 0.063s
2025-01-24 15:32:46.077 69056 INFO tempest.lib.common.rest_client [req-0e31d752-6c03-44df-9bd1-7d437788fbb0 req-0e31d752-6c03-44df-9bd1-7d437788fbb0 ] Request (AttachInterfacesV270Test:test_create_get_list_interfaces): 200 GET http://10.180.1.21/compute/v2.1/servers/487c7020-7988-4574-8ca6-e3eaa42bcc6b 0.064s
2025-01-24 15:32:46.077 69004 INFO tempest.lib.common.rest_client [req-4e3744da-2345-45b0-a426-a04a0d83aac9 req-4e3744da-2345-45b0-a426-a04a0d83aac9 ] Request (ImagesOneServerTestJSON:setUpClass): 200 GET http://10.180.1.21/compute/v2.1/servers/61627148-c2e9-4f24-939d-29c71d68f3b4 0.056s
2025-01-24 15:32:46.138 69050 INFO tempest.lib.common.rest_client [req-0017ba80-bbc0-4a63-8e42-1b919af748f0 req-0017ba80-bbc0-4a63-8e42-1b919af748f0 ] Request (DeleteServersAdminTestJSON:test_delete_server_while_in_error_state): 200 GET http://10.180.1.21/compute/v2.1/servers/b4d8b42a-7534-4161-ad3f-5c4ce1f230ef 0.070s
2025-01-24 15:32:46.142 69038 INFO tempest.lib.common.rest_client [req-bde9de50-ee33-4436-9a1a-34b18274cee5 req-bde9de50-ee33-4436-9a1a-34b18274cee5 ] Request (ServersTestJSON:setUpClass): 200 GET http://10.180.1.21/compute/v2.1/servers/40446072-d32f-48fd-969c-804d6ba39090 0.065s
2025-01-24 15:32:46.229 69013 INFO tempest.lib.common.rest_client [req-a1c27418-d710-4c4b-bfe7-4f87e09b0907 req-a1c27418-d710-4c4b-bfe7-4f87e09b0907 ] Request (ServersWithSpecificFlavorTestJSON:tearDownClass): 204 DELETE http://10.180.1.21:9696/networking/v2.0/networks/e48858e6-b9e1-43d7-807d-96e31c5832d3 0.267s
2025-01-24 15:32:46.249 69058 INFO tempest.lib.common.rest_client [req-f5a133d1-bacd-47c3-9f9b-876dbfa597ea req-f5a133d1-bacd-47c3-9f9b-876dbfa597ea ] Request (MigrationsAdminTest:test_resize_server_revert_deleted_flavor): 200 GET http://10.180.1.21/compute/v2.1/servers/a94df31d-4d92-43cd-951d-4541d724b4db 0.058s
2025-01-24 15:32:46.296 69010 INFO tempest.lib.common.rest_client [req-e2cf5fc0-1202-498d-911b-04e530872f71 req-e2cf5fc0-1202-498d-911b-04e530872f71 ] Request (ServerPasswordTestJSON:setUpClass): 200 GET http://10.180.1.21/compute/v2.1/servers/f969e755-0e04-4e83-8787-67778a01c650 0.050s
2025-01-24 15:32:46.303 69013 INFO tempest.lib.common.rest_client [req-266b4168-fa97-4ee1-a612-ac6905886dbb req-266b4168-fa97-4ee1-a612-ac6905886dbb ] Request (ServersWithSpecificFlavorTestJSON:tearDownClass): 204 DELETE http://10.180.1.21/identity/v3/users/01053fa7b6e8442dbb96e4a795f392bd 0.074s
2025-01-24 15:32:46.337 68998 INFO tempest.lib.common.rest_client [req-d7201646-c98a-4ea9-872b-9dd65e35d0df req-d7201646-c98a-4ea9-872b-9dd65e35d0df ] Request (ServerAddressesTestJSON:setUpClass): 200 GET http://10.180.1.21/compute/v2.1/servers/ebe70002-567d-4d67-ae7b-7f109da67c33 0.052s
2025-01-24 15:32:46.348 69040 INFO tempest.lib.common.rest_client [req-aa14da6e-080d-4084-ae42-a8bc400af555 req-aa14da6e-080d-4084-ae42-a8bc400af555 ] Request (FloatingIPsAssociationNegativeTestJSON:setUpClass): 200 GET http://10.180.1.21/compute/v2.1/servers/c1e4358e-6197-486f-8790-207819e793cd 0.046s
2025-01-24 15:32:46.382 69013 INFO tempest.lib.common.rest_client [req-4133bae2-1397-4f1b-b36c-c4935e8fc67f req-4133bae2-1397-4f1b-b36c-c4935e8fc67f ] Request (ServersWithSpecificFlavorTestJSON:tearDownClass): 204 DELETE http://10.180.1.21/identity/v3/users/0a97696216de417b89882fbcd15b8d04 0.078s
2025-01-24 15:32:46.382 69013 INFO tempest.lib.common.dynamic_creds [-] Deleting project and security group for project: 26e8aec06fe440168889a511da75180f
2025-01-24 15:32:46.421 69052 INFO tempest.lib.common.rest_client [req-4ded42d8-4234-4a69-be14-075e1ab8a548 req-4ded42d8-4234-4a69-be14-075e1ab8a548 ] Request (ServerActionsV293TestJSON:setUpClass): 200 GET http://10.180.1.21/compute/v2.1/servers/8f132093-06cd-4088-b9c8-697a9f2c7673 0.054s
2025-01-24 15:32:46.422 69013 INFO tempest.lib.common.rest_client [req-ef62992d-251e-4c61-a82c-c15975e58c50 req-ef62992d-251e-4c61-a82c-c15975e58c50 ] Request (ServersWithSpecificFlavorTestJSON:tearDownClass): 200 GET http://10.180.1.21:9696/networking/v2.0/security-groups?tenant_id=26e8aec06fe440168889a511da75180f&name=default 0.039s
2025-01-24 15:32:46.464 68996 INFO tempest.lib.common.rest_client [req-b7ebb02a-0872-496d-8780-d988844910ad req-b7ebb02a-0872-496d-8780-d988844910ad ] Request (DeleteServersTestJSON:test_delete_active_server): 200 GET http://10.180.1.21/compute/v2.1/servers/4e245e30-2604-4710-bfdb-b35a8aa503a3 0.047s
2025-01-24 15:32:46.493 69013 INFO tempest.lib.common.rest_client [req-44324bbb-ff4d-48a6-9be1-1982ff38df5c req-44324bbb-ff4d-48a6-9be1-1982ff38df5c ] Request (ServersWithSpecificFlavorTestJSON:tearDownClass): 204 DELETE http://10.180.1.21:9696/networking/v2.0/security-groups/c2c38076-b85f-4f1c-ab10-5eaf5068a6b3 0.070s
2025-01-24 15:32:46.516 69028 INFO tempest.lib.common.rest_client [req-30d2254d-c9f4-4716-9442-7e9717c45b8d req-30d2254d-c9f4-4716-9442-7e9717c45b8d ] Request (ListImageFiltersTestJSON:setUpClass): 200 GET http://10.180.1.21/compute/v2.1/servers/de59e831-7c95-4054-8bf3-91cc496bfee7 0.046s
2025-01-24 15:32:46.540 69026 INFO tempest.lib.common.rest_client [req-196236fd-4df9-499f-b1f3-8efee51e2c66 req-196236fd-4df9-499f-b1f3-8efee51e2c66 ] Request (ServerActionsTestOtherA:setUpClass): 200 GET http://10.180.1.21/compute/v2.1/servers/bc228fb4-8d69-4dbe-8130-09f8c1e5ffcb 0.045s
2025-01-24 15:32:46.573 69013 INFO tempest.lib.common.rest_client [req-cd202ef2-4444-47be-9d4a-4125f9f8190d req-cd202ef2-4444-47be-9d4a-4125f9f8190d ] Request (ServersWithSpecificFlavorTestJSON:tearDownClass): 204 DELETE http://10.180.1.21/identity/v3/projects/26e8aec06fe440168889a511da75180f 0.080s
2025-01-24 15:32:46.573 69013 INFO tempest.lib.common.dynamic_creds [-] Deleting project and security group for project: f912026af4764f9e942dda78febe34c2
2025-01-24 15:32:46.602 69024 INFO tempest.lib.common.rest_client [req-7fc14a76-99cb-453d-bb9d-414c8d2d029f req-7fc14a76-99cb-453d-bb9d-414c8d2d029f ] Request (AttachInterfacesUnderV243Test:test_add_remove_fixed_ip): 200 GET http://10.180.1.21/compute/v2.1/servers/a2f08306-adb8-49fe-8eb0-6a2aec307a44 0.053s
2025-01-24 15:32:46.611 69013 INFO tempest.lib.common.rest_client [req-c4c562a6-7aff-4305-b074-190433c6e34c req-c4c562a6-7aff-4305-b074-190433c6e34c ] Request (ServersWithSpecificFlavorTestJSON:tearDownClass): 200 GET http://10.180.1.21:9696/networking/v2.0/security-groups?tenant_id=f912026af4764f9e942dda78febe34c2&name=default 0.037s
2025-01-24 15:32:46.617 69036 INFO tempest.lib.common.rest_client [req-529383e1-c047-4810-9e7e-28a6d5038c21 req-529383e1-c047-4810-9e7e-28a6d5038c21 ] Request (ServerShowV257Test:test_rebuild_server): 200 GET http://10.180.1.21/compute/v2.1/servers/357fa971-d349-48cf-9b92-769353a96331 0.057s
2025-01-24 15:32:46.658 69044 INFO tempest.lib.common.rest_client [req-a48915be-4d53-4078-9558-6016fe325fc2 req-a48915be-4d53-4078-9558-6016fe325fc2 ] Request (ServerAddressesNegativeTestJSON:setUpClass): 200 GET http://10.180.1.21/compute/v2.1/servers/a557f91e-2d8f-43b0-85f5-fc6f99de391c 0.049s
2025-01-24 15:32:46.676 69022 INFO tempest.lib.common.rest_client [req-6f1cbac7-450c-4a39-b9b8-84fa3706e6be req-6f1cbac7-450c-4a39-b9b8-84fa3706e6be ] Request (ServersTestBootFromVolume:setUpClass): 200 GET http://10.180.1.21/compute/v2.1/servers/e436dad5-1d89-4804-bbe7-b6578f019a85 0.061s
2025-01-24 15:32:46.713 69000 INFO tempest.lib.common.rest_client [req-3694de37-bd49-4cb0-968c-4c20a8d58d21 req-3694de37-bd49-4cb0-968c-4c20a8d58d21 ] Request (VolumesAdminNegativeTest:test_update_attached_volume_with_nonexistent_volume_in_uri): 200 GET http://10.180.1.21/compute/v2.1/servers/8280b3aa-6912-4e82-b02b-2f4d225e8248 0.052s
2025-01-24 15:32:46.737 69008 INFO tempest.lib.common.rest_client [req-f16a1870-790c-433c-984d-38c972a26afe req-f16a1870-790c-433c-984d-38c972a26afe ] Request (ServerDiagnosticsNegativeTest:test_get_server_diagnostics_by_non_admin): 200 GET http://10.180.1.21/compute/v2.1/servers/095b8e7c-f874-47a6-9fd7-b1c2ad7c034f 0.065s
2025-01-24 15:32:46.767 69013 INFO tempest.lib.common.rest_client [req-a18aca30-047d-448b-a891-4a38df7eb816 req-a18aca30-047d-448b-a891-4a38df7eb816 ] Request (ServersWithSpecificFlavorTestJSON:tearDownClass): 204 DELETE http://10.180.1.21:9696/networking/v2.0/security-groups/081ffc88-4df4-41bc-8f95-8b719f2c78b2 0.156s
2025-01-24 15:32:46.769 69042 INFO tempest.lib.common.rest_client [req-74b9c9b0-e03a-44ac-b9df-12a68df4f530 req-74b9c9b0-e03a-44ac-b9df-12a68df4f530 ] Request (MultipleCreateTestJSON:test_multiple_create): 200 GET http://10.180.1.21/compute/v2.1/servers/513e1208-ad02-4d68-a993-edc5ff9493c4 0.055s
2025-01-24 15:32:46.786 69048 INFO tempest.lib.common.rest_client [req-7b5f333e-d447-415d-8ce4-83104960e7a0 req-7b5f333e-d447-415d-8ce4-83104960e7a0 ] Request (ServerDiskConfigTestJSON:test_rebuild_server_with_auto_disk_config): 200 GET http://10.180.1.21/compute/v2.1/servers/b4d44a1b-4e7a-44e4-9fae-78a76fd0ac92 0.068s
2025-01-24 15:32:46.814 69034 INFO tempest.lib.common.rest_client [req-71189007-7fb5-4180-8ae3-a16cbc5657a1 req-71189007-7fb5-4180-8ae3-a16cbc5657a1 ] Request (AttachInterfacesTestJSON:test_create_list_show_delete_interfaces_by_fixed_ip): 200 GET http://10.180.1.21/compute/v2.1/servers/3b9a024a-940a-4dfd-bfe7-5131bb5c0e17 0.054s
2025-01-24 15:32:46.830 69020 INFO tempest.lib.common.rest_client [req-12ad0667-c2b8-4729-b27c-eebbe4189ca7 req-12ad0667-c2b8-4729-b27c-eebbe4189ca7 ] Request (InstanceActionsNegativeTestJSON:setUpClass): 200 GET http://10.180.1.21/compute/v2.1/servers/ed457063-e608-41c0-b919-bd417529b3b9 0.050s
2025-01-24 15:32:46.846 69013 INFO tempest.lib.common.rest_client [req-34ac8844-3956-408e-8788-0acc80bd1f96 req-34ac8844-3956-408e-8788-0acc80bd1f96 ] Request (ServersWithSpecificFlavorTestJSON:tearDownClass): 204 DELETE http://10.180.1.21/identity/v3/projects/f912026af4764f9e942dda78febe34c2 0.078s
2025-01-24 15:32:46.898 69013 INFO tempest.lib.common.rest_client [req-a5916da7-1caa-4656-b9b1-4d20ebf5aa01 req-a5916da7-1caa-4656-b9b1-4d20ebf5aa01 ] Request (ImagesOneServerNegativeTestJSON:setUpClass): 201 POST http://10.180.1.21/identity/v3/auth/tokens 0.050s
2025-01-24 15:32:46.914 69046 INFO tempest.lib.common.rest_client [req-82f8f6a9-35a9-4226-a833-456177fdfb9d req-82f8f6a9-35a9-4226-a833-456177fdfb9d ] Request (ServersAdmin275Test:tearDownClass): 200 GET http://10.180.1.21/compute/v2.1/servers/2122166f-a3aa-46a2-bf27-8845d23773d2 0.056s
2025-01-24 15:32:46.927 69013 INFO tempest.lib.common.rest_client [req-fdf94a4b-c613-4927-9e79-827c50c2368c req-fdf94a4b-c613-4927-9e79-827c50c2368c ] Request (ImagesOneServerNegativeTestJSON:setUpClass): 201 POST http://10.180.1.21/identity/v3/auth/tokens 0.026s
2025-01-24 15:32:46.932 69002 INFO tempest.lib.common.rest_client [req-60c3604a-e71f-4efc-b0c3-25e2234074ab req-60c3604a-e71f-4efc-b0c3-25e2234074ab ] Request (FloatingIPsAssociationTestJSON:setUpClass): 200 GET http://10.180.1.21/compute/v2.1/servers/eace2956-4a9e-4a15-af05-a0f6301fe8ad 0.047s
2025-01-24 15:32:46.949 69013 INFO tempest.lib.common.rest_client [req-c9a00435-de01-4992-9a00-483fbfaab9ef req-c9a00435-de01-4992-9a00-483fbfaab9ef ] Request (ImagesOneServerNegativeTestJSON:setUpClass): 200 GET http://10.180.1.21/identity/v3/domains?name=Default 0.022s
2025-01-24 15:32:46.956 69006 INFO tempest.lib.common.rest_client [req-113209ab-8abe-4af5-a4f2-ed2a49565e33 req-113209ab-8abe-4af5-a4f2-ed2a49565e33 ] Request (ServersAdminTestJSON:setUpClass): 200 GET http://10.180.1.21/compute/v2.1/servers/a9a7457b-f069-4007-9ca4-b6bd273f9948 0.053s
2025-01-24 15:32:46.976 69013 INFO tempest.lib.common.rest_client [req-b61ee4c2-8177-4795-8ff0-36bdf1a441a5 req-b61ee4c2-8177-4795-8ff0-36bdf1a441a5 ] Request (ImagesOneServerNegativeTestJSON:setUpClass): 201 POST http://10.180.1.21/identity/v3/projects 0.027s
2025-01-24 15:32:47.006 69030 INFO tempest.lib.common.rest_client [req-690e3a87-688f-47af-a1b2-cc6e7c4ecb9a req-690e3a87-688f-47af-a1b2-cc6e7c4ecb9a ] Request (ServerTagsTestJSON:setUpClass): 200 GET http://10.180.1.21/compute/v2.1/servers/684c94ee-8f17-42cc-848d-b175a8e7f560 0.047s
2025-01-24 15:32:47.026 69013 INFO tempest.lib.common.rest_client [req-ff070760-4213-458e-9d5b-6238407cd4fb req-ff070760-4213-458e-9d5b-6238407cd4fb ] Request (ImagesOneServerNegativeTestJSON:setUpClass): 201 POST http://10.180.1.21/identity/v3/users 0.049s
2025-01-24 15:32:47.036 69014 INFO tempest.lib.common.rest_client [req-b94a3a48-8c9c-4225-b7fa-eb2e40720aa6 req-b94a3a48-8c9c-4225-b7fa-eb2e40720aa6 ] Request (ServerDiagnosticsV248Test:tearDownClass): 200 GET http://10.180.1.21/compute/v2.1/servers/85ad8aa3-cc41-4dd5-b3ac-f9964f28388a 0.053s
2025-01-24 15:32:47.046 69013 INFO tempest.lib.common.rest_client [req-a6d89ef3-2ab3-4692-925f-5097bee1895d req-a6d89ef3-2ab3-4692-925f-5097bee1895d ] Request (ImagesOneServerNegativeTestJSON:setUpClass): 200 GET http://10.180.1.21/identity/v3/roles 0.020s
2025-01-24 15:32:47.064 69018 INFO tempest.lib.common.rest_client [req-109e7f9c-0299-4502-b96e-5599e7b4dbbd req-109e7f9c-0299-4502-b96e-5599e7b4dbbd ] Request (ServerDiagnosticsTest:test_get_server_diagnostics): 200 GET http://10.180.1.21/compute/v2.1/servers/3ca6ed88-80aa-4409-a7e5-235ffd4d00b6 0.045s
2025-01-24 15:32:47.071 69013 INFO tempest.lib.common.rest_client [req-2074968d-b55b-4b80-8765-31d6f2beedb4 req-2074968d-b55b-4b80-8765-31d6f2beedb4 ] Request (ImagesOneServerNegativeTestJSON:setUpClass): 204 PUT http://10.180.1.21/identity/v3/projects/2be207c1524e4000ad196f35a8a9150f/users/d2cf40aa0da143e8acbb23e34c5a89eb/roles/d928ee8036414a2e851e55930c94292a 0.024s
2025-01-24 15:32:47.071 69013 INFO tempest.lib.common.dynamic_creds [-] Dynamic test user d2cf40aa0da143e8acbb23e34c5a89eb is created with scope project and roles: ['member']
2025-01-24 15:32:47.071 69013 INFO tempest.lib.common.dynamic_creds [-] Acquired dynamic creds: credentials: Credentials: {'domain_id': 'default', 'domain_name': 'Default', 'username': 'tempest-ImagesOneServerNegativeTestJSON-754080057-project-member', 'project_domain_id': 'default', 'project_domain_name': 'Default', 'project_id': '2be207c1524e4000ad196f35a8a9150f', 'project_name': 'tempest-ImagesOneServerNegativeTestJSON-754080057', 'tenant_id': '2be207c1524e4000ad196f35a8a9150f', 'tenant_name': 'tempest-ImagesOneServerNegativeTestJSON-754080057', 'user_domain_id': 'default', 'user_domain_name': 'Default', 'user_id': 'd2cf40aa0da143e8acbb23e34c5a89eb', 'system': None}, Network: None, Subnet: None, Router: None
2025-01-24 15:32:47.088 69016 INFO tempest.lib.common.rest_client [req-87a0aea3-d4e4-4ac0-82af-fdac5bcd1039 req-87a0aea3-d4e4-4ac0-82af-fdac5bcd1039 ] Request (ImagesTestJSON:test_create_image_from_suspended_server): 200 GET http://10.180.1.21/compute/v2.1/servers/a497e6f2-688f-4829-b012-b562ebee02b3 0.045s
2025-01-24 15:32:47.126 69013 INFO tempest.lib.common.rest_client [req-3bb08522-dd20-46b6-a4c4-8cb830d648a9 req-3bb08522-dd20-46b6-a4c4-8cb830d648a9 ] Request (ImagesOneServerNegativeTestJSON:setUpClass): 201 POST http://10.180.1.21/identity/v3/auth/tokens 0.054s
2025-01-24 15:32:47.140 69004 INFO tempest.lib.common.rest_client [req-925d74c7-2829-4a18-a5d7-13d2761464c4 req-925d74c7-2829-4a18-a5d7-13d2761464c4 ] Request (ImagesOneServerTestJSON:setUpClass): 200 GET http://10.180.1.21/compute/v2.1/servers/61627148-c2e9-4f24-939d-29c71d68f3b4 0.051s
2025-01-24 15:32:47.145 69056 INFO tempest.lib.common.rest_client [req-8b077e4d-6dca-40ee-9aaf-b62fdd575d36 req-8b077e4d-6dca-40ee-9aaf-b62fdd575d36 ] Request (AttachInterfacesV270Test:test_create_get_list_interfaces): 200 GET http://10.180.1.21/compute/v2.1/servers/487c7020-7988-4574-8ca6-e3eaa42bcc6b 0.053s
2025-01-24 15:32:47.205 69038 INFO tempest.lib.common.rest_client [req-c6a283c6-7ba4-4577-8e8a-e26d7496bc8e req-c6a283c6-7ba4-4577-8e8a-e26d7496bc8e ] Request (ServersTestJSON:setUpClass): 200 GET http://10.180.1.21/compute/v2.1/servers/40446072-d32f-48fd-969c-804d6ba39090 0.053s
2025-01-24 15:32:47.219 69050 INFO tempest.lib.common.rest_client [req-a79d7a20-aab5-44ca-97ae-82ca6af3b5b4 req-a79d7a20-aab5-44ca-97ae-82ca6af3b5b4 ] Request (DeleteServersAdminTestJSON:test_delete_server_while_in_error_state): 200 GET http://10.180.1.21/compute/v2.1/servers/b4d8b42a-7534-4161-ad3f-5c4ce1f230ef 0.072s
2025-01-24 15:32:47.306 69058 INFO tempest.lib.common.rest_client [req-36059046-471c-4fa5-86d7-da5a7a99b2ee req-36059046-471c-4fa5-86d7-da5a7a99b2ee ] Request (MigrationsAdminTest:test_resize_server_revert_deleted_flavor): 200 GET http://10.180.1.21/compute/v2.1/servers/a94df31d-4d92-43cd-951d-4541d724b4db 0.050s
2025-01-24 15:32:47.378 69010 INFO tempest.lib.common.rest_client [req-f76a328b-8d80-403e-8158-3247a9bb2f5b req-f76a328b-8d80-403e-8158-3247a9bb2f5b ] Request (ServerPasswordTestJSON:setUpClass): 200 GET http://10.180.1.21/compute/v2.1/servers/f969e755-0e04-4e83-8787-67778a01c650 0.074s
2025-01-24 15:32:47.403 68998 INFO tempest.lib.common.rest_client [req-c2aecb44-e0b5-44c2-a6c3-4bbc489246d0 req-c2aecb44-e0b5-44c2-a6c3-4bbc489246d0 ] Request (ServerAddressesTestJSON:setUpClass): 200 GET http://10.180.1.21/compute/v2.1/servers/ebe70002-567d-4d67-ae7b-7f109da67c33 0.058s
2025-01-24 15:32:47.429 69013 INFO tempest.lib.common.rest_client [req-ebcaeefe-55e1-4390-9fb5-28c7214d4e93 req-ebcaeefe-55e1-4390-9fb5-28c7214d4e93 ] Request (ImagesOneServerNegativeTestJSON:setUpClass): 201 POST http://10.180.1.21:9696/networking/v2.0/networks 0.302s
2025-01-24 15:32:47.436 69040 INFO tempest.lib.common.rest_client [req-6607af18-be70-45cf-9d38-0db1c655a158 req-6607af18-be70-45cf-9d38-0db1c655a158 ] Request (FloatingIPsAssociationNegativeTestJSON:setUpClass): 200 GET http://10.180.1.21/compute/v2.1/servers/c1e4358e-6197-486f-8790-207819e793cd 0.080s
2025-01-24 15:32:47.490 69052 INFO tempest.lib.common.rest_client [req-5be66ae9-54b4-49df-8dbd-0ba03f7933f5 req-5be66ae9-54b4-49df-8dbd-0ba03f7933f5 ] Request (ServerActionsV293TestJSON:setUpClass): 200 GET http://10.180.1.21/compute/v2.1/servers/8f132093-06cd-4088-b9c8-697a9f2c7673 0.060s
2025-01-24 15:32:47.519 68996 INFO tempest.lib.common.rest_client [req-04ed04a7-265d-469c-a3ed-8425d88ed822 req-04ed04a7-265d-469c-a3ed-8425d88ed822 ] Request (DeleteServersTestJSON:test_delete_active_server): 200 GET http://10.180.1.21/compute/v2.1/servers/4e245e30-2604-4710-bfdb-b35a8aa503a3 0.048s
2025-01-24 15:32:47.576 69028 INFO tempest.lib.common.rest_client [req-bb168dc9-dc36-4de9-85c3-4718197473bd req-bb168dc9-dc36-4de9-85c3-4718197473bd ] Request (ListImageFiltersTestJSON:setUpClass): 200 GET http://10.180.1.21/compute/v2.1/servers/de59e831-7c95-4054-8bf3-91cc496bfee7 0.051s
2025-01-24 15:32:47.596 69026 INFO tempest.lib.common.rest_client [req-b0f6d18d-ae7c-4558-83e4-cb951ae64208 req-b0f6d18d-ae7c-4558-83e4-cb951ae64208 ] Request (ServerActionsTestOtherA:setUpClass): 200 GET http://10.180.1.21/compute/v2.1/servers/bc228fb4-8d69-4dbe-8130-09f8c1e5ffcb 0.047s
2025-01-24 15:32:47.598 69013 INFO tempest.lib.common.rest_client [req-7bc2d22d-23f1-4118-a793-75c7087fcc8e req-7bc2d22d-23f1-4118-a793-75c7087fcc8e ] Request (ImagesOneServerNegativeTestJSON:setUpClass): 201 POST http://10.180.1.21:9696/networking/v2.0/subnets 0.168s
2025-01-24 15:32:47.662 69024 INFO tempest.lib.common.rest_client [req-04236c5d-14b2-40a4-9999-cf473b36c44c req-04236c5d-14b2-40a4-9999-cf473b36c44c ] Request (AttachInterfacesUnderV243Test:test_add_remove_fixed_ip): 200 GET http://10.180.1.21/compute/v2.1/servers/a2f08306-adb8-49fe-8eb0-6a2aec307a44 0.051s
2025-01-24 15:32:47.683 69036 INFO tempest.lib.common.rest_client [req-060cea06-e330-4c89-b5af-05e9deb34dc8 req-060cea06-e330-4c89-b5af-05e9deb34dc8 ] Request (ServerShowV257Test:test_rebuild_server): 200 GET http://10.180.1.21/compute/v2.1/servers/357fa971-d349-48cf-9b92-769353a96331 0.056s
2025-01-24 15:32:47.730 69044 INFO tempest.lib.common.rest_client [req-ab8c4ced-22d4-4c78-9619-3b5dd2b6ab91 req-ab8c4ced-22d4-4c78-9619-3b5dd2b6ab91 ] Request (ServerAddressesNegativeTestJSON:setUpClass): 200 GET http://10.180.1.21/compute/v2.1/servers/a557f91e-2d8f-43b0-85f5-fc6f99de391c 0.064s
2025-01-24 15:32:47.758 69022 INFO tempest.lib.common.rest_client [req-a72825e6-aec9-4232-be08-18f96d24e101 req-a72825e6-aec9-4232-be08-18f96d24e101 ] Request (ServersTestBootFromVolume:setUpClass): 200 GET http://10.180.1.21/compute/v2.1/servers/e436dad5-1d89-4804-bbe7-b6578f019a85 0.075s
2025-01-24 15:32:47.803 69008 INFO tempest.lib.common.rest_client [req-56615a9c-86d5-41b6-ab5a-12a6b98a8b0e req-56615a9c-86d5-41b6-ab5a-12a6b98a8b0e ] Request (ServerDiagnosticsNegativeTest:test_get_server_diagnostics_by_non_admin): 200 GET http://10.180.1.21/compute/v2.1/servers/095b8e7c-f874-47a6-9fd7-b1c2ad7c034f 0.058s
2025-01-24 15:32:47.814 69000 INFO tempest.lib.common.rest_client [req-dcbeb4f5-be7e-4a2c-9255-5fed71b51420 req-dcbeb4f5-be7e-4a2c-9255-5fed71b51420 ] Request (VolumesAdminNegativeTest:test_update_attached_volume_with_nonexistent_volume_in_uri): 200 GET http://10.180.1.21/compute/v2.1/servers/8280b3aa-6912-4e82-b02b-2f4d225e8248 0.092s
2025-01-24 15:32:47.856 69042 INFO tempest.lib.common.rest_client [req-2587df74-196d-48da-b10c-b403bc3b9941 req-2587df74-196d-48da-b10c-b403bc3b9941 ] Request (MultipleCreateTestJSON:test_multiple_create): 200 GET http://10.180.1.21/compute/v2.1/servers/513e1208-ad02-4d68-a993-edc5ff9493c4 0.079s
2025-01-24 15:32:47.866 69048 INFO tempest.lib.common.rest_client [req-f83ac9a5-125c-427f-8337-3377446ca869 req-f83ac9a5-125c-427f-8337-3377446ca869 ] Request (ServerDiskConfigTestJSON:test_rebuild_server_with_auto_disk_config): 200 GET http://10.180.1.21/compute/v2.1/servers/b4d44a1b-4e7a-44e4-9fae-78a76fd0ac92 0.071s
2025-01-24 15:32:47.904 69034 INFO tempest.lib.common.rest_client [req-56315738-fcea-4f04-8a53-c5e95290ccc2 req-56315738-fcea-4f04-8a53-c5e95290ccc2 ] Request (AttachInterfacesTestJSON:test_create_list_show_delete_interfaces_by_fixed_ip): 200 GET http://10.180.1.21/compute/v2.1/servers/3b9a024a-940a-4dfd-bfe7-5131bb5c0e17 0.083s
2025-01-24 15:32:47.914 69020 INFO tempest.lib.common.rest_client [req-10a5c4e5-eb3d-4aaf-bbd9-a35cbdcc52ea req-10a5c4e5-eb3d-4aaf-bbd9-a35cbdcc52ea ] Request (InstanceActionsNegativeTestJSON:setUpClass): 200 GET http://10.180.1.21/compute/v2.1/servers/ed457063-e608-41c0-b919-bd417529b3b9 0.077s
2025-01-24 15:32:48.002 69002 INFO tempest.lib.common.rest_client [req-03774624-359a-484a-a42b-f1584f3a81df req-03774624-359a-484a-a42b-f1584f3a81df ] Request (FloatingIPsAssociationTestJSON:setUpClass): 200 GET http://10.180.1.21/compute/v2.1/servers/eace2956-4a9e-4a15-af05-a0f6301fe8ad 0.063s
2025-01-24 15:32:48.003 69046 INFO tempest.lib.common.rest_client [req-6ae744cf-c123-4a44-94b4-d11c4a043422 req-6ae744cf-c123-4a44-94b4-d11c4a043422 ] Request (ServersAdmin275Test:tearDownClass): 200 GET http://10.180.1.21/compute/v2.1/servers/2122166f-a3aa-46a2-bf27-8845d23773d2 0.079s
2025-01-24 15:32:48.062 69006 INFO tempest.lib.common.rest_client [req-f4ecf88d-22cd-4de1-9e06-9489a2956246 req-f4ecf88d-22cd-4de1-9e06-9489a2956246 ] Request (ServersAdminTestJSON:setUpClass): 200 GET http://10.180.1.21/compute/v2.1/servers/a9a7457b-f069-4007-9ca4-b6bd273f9948 0.097s
2025-01-24 15:32:48.067 69030 INFO tempest.lib.common.rest_client [req-037eba49-8967-4980-af33-cb6c26169b72 req-037eba49-8967-4980-af33-cb6c26169b72 ] Request (ServerTagsTestJSON:setUpClass): 200 GET http://10.180.1.21/compute/v2.1/servers/684c94ee-8f17-42cc-848d-b175a8e7f560 0.052s
2025-01-24 15:32:48.130 69014 INFO tempest.lib.common.rest_client [req-cfbb3b53-7f77-4719-9261-d3ad5c7f6883 req-cfbb3b53-7f77-4719-9261-d3ad5c7f6883 ] Request (ServerDiagnosticsV248Test:tearDownClass): 200 GET http://10.180.1.21/compute/v2.1/servers/85ad8aa3-cc41-4dd5-b3ac-f9964f28388a 0.084s
2025-01-24 15:32:48.137 69018 INFO tempest.lib.common.rest_client [req-b9d4e4b1-1483-4528-be12-f1ca8f7ee5d8 req-b9d4e4b1-1483-4528-be12-f1ca8f7ee5d8 ] Request (ServerDiagnosticsTest:test_get_server_diagnostics): 200 GET http://10.180.1.21/compute/v2.1/servers/3ca6ed88-80aa-4409-a7e5-235ffd4d00b6 0.065s
2025-01-24 15:32:48.145 69018 INFO tempest.common.waiters [-] State transition "BUILD/spawning" ==> "ERROR/None" after 64 second wait
2025-01-24 15:32:48.184 69016 INFO tempest.lib.common.rest_client [req-e1909168-e1c7-498e-a7ea-76730f57e777 req-e1909168-e1c7-498e-a7ea-76730f57e777 ] Request (ImagesTestJSON:test_create_image_from_suspended_server): 200 GET http://10.180.1.21/compute/v2.1/servers/a497e6f2-688f-4829-b012-b562ebee02b3 0.089s
2025-01-24 15:32:48.239 69004 INFO tempest.lib.common.rest_client [req-e91b760e-ed0e-44e3-b608-958bbe9723dc req-e91b760e-ed0e-44e3-b608-958bbe9723dc ] Request (ImagesOneServerTestJSON:setUpClass): 200 GET http://10.180.1.21/compute/v2.1/servers/61627148-c2e9-4f24-939d-29c71d68f3b4 0.089s
2025-01-24 15:32:48.282 69056 INFO tempest.lib.common.rest_client [req-85ad5c3c-b308-4257-9f3e-d79a65b307c7 req-85ad5c3c-b308-4257-9f3e-d79a65b307c7 ] Request (AttachInterfacesV270Test:test_create_get_list_interfaces): 200 GET http://10.180.1.21/compute/v2.1/servers/487c7020-7988-4574-8ca6-e3eaa42bcc6b 0.123s
2025-01-24 15:32:48.318 69018 INFO tempest.lib.common.rest_client [req-a9bd7c12-1003-496e-a859-0b7be38ce8ed req-a9bd7c12-1003-496e-a859-0b7be38ce8ed ] Request (ServerDiagnosticsTest:test_get_server_diagnostics): 204 DELETE http://10.180.1.21/compute/v2.1/servers/3ca6ed88-80aa-4409-a7e5-235ffd4d00b6 0.173s
2025-01-24 15:32:48.330 69038 INFO tempest.lib.common.rest_client [req-716cef8f-d25f-424c-8a0a-4cf7bd056bee req-716cef8f-d25f-424c-8a0a-4cf7bd056bee ] Request (ServersTestJSON:setUpClass): 200 GET http://10.180.1.21/compute/v2.1/servers/40446072-d32f-48fd-969c-804d6ba39090 0.116s
2025-01-24 15:32:48.361 69050 INFO tempest.lib.common.rest_client [req-517ea327-cd48-4979-b5dd-36fe1fc52649 req-517ea327-cd48-4979-b5dd-36fe1fc52649 ] Request (DeleteServersAdminTestJSON:test_delete_server_while_in_error_state): 200 GET http://10.180.1.21/compute/v2.1/servers/b4d8b42a-7534-4161-ad3f-5c4ce1f230ef 0.133s
2025-01-24 15:32:48.378 69018 INFO tempest.lib.common.rest_client [req-ed236aae-f423-40a0-aa06-b073cc1666c7 req-ed236aae-f423-40a0-aa06-b073cc1666c7 ] Request (ServerDiagnosticsTest:test_get_server_diagnostics): 404 GET http://10.180.1.21/compute/v2.1/servers/3ca6ed88-80aa-4409-a7e5-235ffd4d00b6 0.060s
2025-01-24 15:32:48.382 69058 INFO tempest.lib.common.rest_client [req-4645f65b-3670-491b-bede-803ab80da169 req-4645f65b-3670-491b-bede-803ab80da169 ] Request (MigrationsAdminTest:test_resize_server_revert_deleted_flavor): 200 GET http://10.180.1.21/compute/v2.1/servers/a94df31d-4d92-43cd-951d-4541d724b4db 0.069s
2025-01-24 15:32:48.411 69013 INFO tempest.lib.common.rest_client [req-b56ba13e-7ec4-4e41-9adb-d577ee9198e0 req-b56ba13e-7ec4-4e41-9adb-d577ee9198e0 ] Request (ImagesOneServerNegativeTestJSON:setUpClass): 201 POST http://10.180.1.21:9696/networking/v2.0/routers 0.813s
2025-01-24 15:32:48.439 69010 INFO tempest.lib.common.rest_client [req-636524a6-f70c-4db4-847a-9bf9d150f87e req-636524a6-f70c-4db4-847a-9bf9d150f87e ] Request (ServerPasswordTestJSON:setUpClass): 200 GET http://10.180.1.21/compute/v2.1/servers/f969e755-0e04-4e83-8787-67778a01c650 0.048s
2025-01-24 15:32:48.457 69018 INFO tempest.lib.common.rest_client [req-0f4f742f-9d53-4038-892d-7eb41b95b5ec req-0f4f742f-9d53-4038-892d-7eb41b95b5ec ] Request (ServerDiagnosticsTest:tearDownClass): 204 DELETE http://10.180.1.21/identity/v3/users/d868d76a385745e0a047a4eaeb6dcdba 0.076s
2025-01-24 15:32:48.467 68998 INFO tempest.lib.common.rest_client [req-93e499bb-d9cb-4cf3-a2a5-a3bd0f20de4f req-93e499bb-d9cb-4cf3-a2a5-a3bd0f20de4f ] Request (ServerAddressesTestJSON:setUpClass): 200 GET http://10.180.1.21/compute/v2.1/servers/ebe70002-567d-4d67-ae7b-7f109da67c33 0.056s
2025-01-24 15:32:48.496 69040 INFO tempest.lib.common.rest_client [req-81316ca9-007a-4fa5-ab7b-c88f7c9aea07 req-81316ca9-007a-4fa5-ab7b-c88f7c9aea07 ] Request (FloatingIPsAssociationNegativeTestJSON:setUpClass): 200 GET http://10.180.1.21/compute/v2.1/servers/c1e4358e-6197-486f-8790-207819e793cd 0.052s
2025-01-24 15:32:48.553 69018 INFO tempest.lib.common.rest_client [req-c673cd5b-4902-456f-bb62-24c6149d4227 req-c673cd5b-4902-456f-bb62-24c6149d4227 ] Request (ServerDiagnosticsTest:tearDownClass): 204 DELETE http://10.180.1.21/identity/v3/users/dbfca6cd59d749d6b5eba7d2712d956b 0.095s
2025-01-24 15:32:48.553 69018 INFO tempest.lib.common.dynamic_creds [-] Deleting project and security group for project: 5dd24658fae74a75b58c484104e79b8d
2025-01-24 15:32:48.575 69052 INFO tempest.lib.common.rest_client [req-703ac705-b972-4cf3-8a1c-c398c0f33275 req-703ac705-b972-4cf3-8a1c-c398c0f33275 ] Request (ServerActionsV293TestJSON:setUpClass): 200 GET http://10.180.1.21/compute/v2.1/servers/8f132093-06cd-4088-b9c8-697a9f2c7673 0.072s
2025-01-24 15:32:48.585 68996 INFO tempest.lib.common.rest_client [req-40584170-c8ac-43e5-ab06-6cb65296aaed req-40584170-c8ac-43e5-ab06-6cb65296aaed ] Request (DeleteServersTestJSON:test_delete_active_server): 200 GET http://10.180.1.21/compute/v2.1/servers/4e245e30-2604-4710-bfdb-b35a8aa503a3 0.059s
2025-01-24 15:32:48.618 69018 INFO tempest.lib.common.rest_client [req-4f0b5a71-6375-47f1-a6c1-a7d066fd5c92 req-4f0b5a71-6375-47f1-a6c1-a7d066fd5c92 ] Request (ServerDiagnosticsTest:tearDownClass): 201 POST http://10.180.1.21/identity/v3/auth/tokens 0.064s
2025-01-24 15:32:48.645 69028 INFO tempest.lib.common.rest_client [req-687a8d89-5dc1-430d-9a8e-aefbf9d4ce34 req-687a8d89-5dc1-430d-9a8e-aefbf9d4ce34 ] Request (ListImageFiltersTestJSON:setUpClass): 200 GET http://10.180.1.21/compute/v2.1/servers/de59e831-7c95-4054-8bf3-91cc496bfee7 0.059s
2025-01-24 15:32:48.656 69026 INFO tempest.lib.common.rest_client [req-bf4c584b-a318-4059-a566-4ba986efd229 req-bf4c584b-a318-4059-a566-4ba986efd229 ] Request (ServerActionsTestOtherA:setUpClass): 200 GET http://10.180.1.21/compute/v2.1/servers/bc228fb4-8d69-4dbe-8130-09f8c1e5ffcb 0.052s
2025-01-24 15:32:48.748 69024 INFO tempest.lib.common.rest_client [req-036c14e4-1306-41e9-8eb5-198d22660ff2 req-036c14e4-1306-41e9-8eb5-198d22660ff2 ] Request (AttachInterfacesUnderV243Test:test_add_remove_fixed_ip): 200 GET http://10.180.1.21/compute/v2.1/servers/a2f08306-adb8-49fe-8eb0-6a2aec307a44 0.076s
2025-01-24 15:32:48.752 69036 INFO tempest.lib.common.rest_client [req-96ad3b57-0c5d-4abe-aa34-860fbe8435d4 req-96ad3b57-0c5d-4abe-aa34-860fbe8435d4 ] Request (ServerShowV257Test:test_rebuild_server): 200 GET http://10.180.1.21/compute/v2.1/servers/357fa971-d349-48cf-9b92-769353a96331 0.057s
2025-01-24 15:32:48.776 69018 INFO tempest.lib.common.rest_client [req-83790c9e-81d9-44a6-a026-6e72556b2a85 req-83790c9e-81d9-44a6-a026-6e72556b2a85 ] Request (ServerDiagnosticsTest:tearDownClass): 200 GET http://10.180.1.21:9696/networking/v2.0/security-groups?tenant_id=5dd24658fae74a75b58c484104e79b8d&name=default 0.157s
2025-01-24 15:32:48.811 69044 INFO tempest.lib.common.rest_client [req-0bee9830-9f3b-4522-8d23-037a8a26b3ba req-0bee9830-9f3b-4522-8d23-037a8a26b3ba ] Request (ServerAddressesNegativeTestJSON:setUpClass): 200 GET http://10.180.1.21/compute/v2.1/servers/a557f91e-2d8f-43b0-85f5-fc6f99de391c 0.071s
2025-01-24 15:32:48.825 69022 INFO tempest.lib.common.rest_client [req-400f1c1a-2fbb-4e21-93d3-cf582dc3705d req-400f1c1a-2fbb-4e21-93d3-cf582dc3705d ] Request (ServersTestBootFromVolume:setUpClass): 200 GET http://10.180.1.21/compute/v2.1/servers/e436dad5-1d89-4804-bbe7-b6578f019a85 0.058s
2025-01-24 15:32:48.873 69008 INFO tempest.lib.common.rest_client [req-0ca7cbe7-72d4-40e1-a894-150066e10d5c req-0ca7cbe7-72d4-40e1-a894-150066e10d5c ] Request (ServerDiagnosticsNegativeTest:test_get_server_diagnostics_by_non_admin): 200 GET http://10.180.1.21/compute/v2.1/servers/095b8e7c-f874-47a6-9fd7-b1c2ad7c034f 0.057s
2025-01-24 15:32:48.876 69000 INFO tempest.lib.common.rest_client [req-642e96cd-5782-4e24-ac1b-ea4466967d17 req-642e96cd-5782-4e24-ac1b-ea4466967d17 ] Request (VolumesAdminNegativeTest:test_update_attached_volume_with_nonexistent_volume_in_uri): 200 GET http://10.180.1.21/compute/v2.1/servers/8280b3aa-6912-4e82-b02b-2f4d225e8248 0.051s
2025-01-24 15:32:48.879 69018 INFO tempest.lib.common.rest_client [req-488becac-f944-40a9-a315-4f9105b642f5 req-488becac-f944-40a9-a315-4f9105b642f5 ] Request (ServerDiagnosticsTest:tearDownClass): 204 DELETE http://10.180.1.21:9696/networking/v2.0/security-groups/bd4f443f-ed60-48c9-a24c-8501b4cdc0e1 0.102s
2025-01-24 15:32:48.924 69042 INFO tempest.lib.common.rest_client [req-9b45f7c2-cd1b-484b-9f15-85d0deccf599 req-9b45f7c2-cd1b-484b-9f15-85d0deccf599 ] Request (MultipleCreateTestJSON:test_multiple_create): 200 GET http://10.180.1.21/compute/v2.1/servers/513e1208-ad02-4d68-a993-edc5ff9493c4 0.057s
2025-01-24 15:32:48.931 69048 INFO tempest.lib.common.rest_client [req-7232743d-9f7b-4b23-b3a3-c428cb60b9bd req-7232743d-9f7b-4b23-b3a3-c428cb60b9bd ] Request (ServerDiskConfigTestJSON:test_rebuild_server_with_auto_disk_config): 200 GET http://10.180.1.21/compute/v2.1/servers/b4d44a1b-4e7a-44e4-9fae-78a76fd0ac92 0.057s
2025-01-24 15:32:48.948 69018 INFO tempest.lib.common.rest_client [req-cd03895e-5736-4a3b-836d-d6e4f7382dc6 req-cd03895e-5736-4a3b-836d-d6e4f7382dc6 ] Request (ServerDiagnosticsTest:tearDownClass): 204 DELETE http://10.180.1.21/identity/v3/projects/5dd24658fae74a75b58c484104e79b8d 0.068s
2025-01-24 15:32:48.948 69018 INFO tempest.lib.common.dynamic_creds [-] Deleting project and security group for project: 79a44ca9b6b84407b35ceb0f303b3a1b
2025-01-24 15:32:48.968 69034 INFO tempest.lib.common.rest_client [req-1ebb7586-2fc9-454b-9f16-dae50c48cf75 req-1ebb7586-2fc9-454b-9f16-dae50c48cf75 ] Request (AttachInterfacesTestJSON:test_create_list_show_delete_interfaces_by_fixed_ip): 200 GET http://10.180.1.21/compute/v2.1/servers/3b9a024a-940a-4dfd-bfe7-5131bb5c0e17 0.055s
2025-01-24 15:32:48.984 69020 INFO tempest.lib.common.rest_client [req-6aa1a79f-1ea8-497c-b6eb-aa38fcf53c4f req-6aa1a79f-1ea8-497c-b6eb-aa38fcf53c4f ] Request (InstanceActionsNegativeTestJSON:setUpClass): 200 GET http://10.180.1.21/compute/v2.1/servers/ed457063-e608-41c0-b919-bd417529b3b9 0.062s
2025-01-24 15:32:49.003 69018 INFO tempest.lib.common.rest_client [req-16018928-c5d7-485d-a8d4-9cec9ea85b40 req-16018928-c5d7-485d-a8d4-9cec9ea85b40 ] Request (ServerDiagnosticsTest:tearDownClass): 200 GET http://10.180.1.21:9696/networking/v2.0/security-groups?tenant_id=79a44ca9b6b84407b35ceb0f303b3a1b&name=default 0.055s
2025-01-24 15:32:49.063 69002 INFO tempest.lib.common.rest_client [req-4efceee3-ef02-4a42-84dd-af6d6f9cc799 req-4efceee3-ef02-4a42-84dd-af6d6f9cc799 ] Request (FloatingIPsAssociationTestJSON:setUpClass): 200 GET http://10.180.1.21/compute/v2.1/servers/eace2956-4a9e-4a15-af05-a0f6301fe8ad 0.053s
2025-01-24 15:32:49.079 69046 INFO tempest.lib.common.rest_client [req-0e3b0b4e-3c30-480c-affd-d6a5f53f099e req-0e3b0b4e-3c30-480c-affd-d6a5f53f099e ] Request (ServersAdmin275Test:tearDownClass): 200 GET http://10.180.1.21/compute/v2.1/servers/2122166f-a3aa-46a2-bf27-8845d23773d2 0.065s
2025-01-24 15:32:49.092 69018 INFO tempest.lib.common.rest_client [req-16383100-4842-4435-8118-7dd35b64d0b5 req-16383100-4842-4435-8118-7dd35b64d0b5 ] Request (ServerDiagnosticsTest:tearDownClass): 204 DELETE http://10.180.1.21:9696/networking/v2.0/security-groups/527f478b-f1a9-4210-92f1-801095f4f5de 0.089s
2025-01-24 15:32:49.123 69006 INFO tempest.lib.common.rest_client [req-444d7e4e-5ed7-4d04-9265-81a822ae78cb req-444d7e4e-5ed7-4d04-9265-81a822ae78cb ] Request (ServersAdminTestJSON:setUpClass): 200 GET http://10.180.1.21/compute/v2.1/servers/a9a7457b-f069-4007-9ca4-b6bd273f9948 0.054s
2025-01-24 15:32:49.142 69030 INFO tempest.lib.common.rest_client [req-5e958da7-ff9a-406a-b526-ad2c8f6a4eff req-5e958da7-ff9a-406a-b526-ad2c8f6a4eff ] Request (ServerTagsTestJSON:setUpClass): 200 GET http://10.180.1.21/compute/v2.1/servers/684c94ee-8f17-42cc-848d-b175a8e7f560 0.065s
2025-01-24 15:32:49.183 69018 INFO tempest.lib.common.rest_client [req-aac9295a-4f6b-4614-959f-822fe7db3090 req-aac9295a-4f6b-4614-959f-822fe7db3090 ] Request (ServerDiagnosticsTest:tearDownClass): 204 DELETE http://10.180.1.21/identity/v3/projects/79a44ca9b6b84407b35ceb0f303b3a1b 0.089s
2025-01-24 15:32:49.217 69014 INFO tempest.lib.common.rest_client [req-c6fe7fec-35b9-4aad-8a6e-15589aca3a66 req-c6fe7fec-35b9-4aad-8a6e-15589aca3a66 ] Request (ServerDiagnosticsV248Test:tearDownClass): 200 GET http://10.180.1.21/compute/v2.1/servers/85ad8aa3-cc41-4dd5-b3ac-f9964f28388a 0.073s
2025-01-24 15:32:49.261 69018 INFO tempest.lib.common.rest_client [req-c698c805-81f2-45eb-97b3-a75c59cee384 req-c698c805-81f2-45eb-97b3-a75c59cee384 ] Request (ServerExternalEventsTest:setUpClass): 201 POST http://10.180.1.21/identity/v3/auth/tokens 0.076s
2025-01-24 15:32:49.269 69016 INFO tempest.lib.common.rest_client [req-904e5f08-315e-44bb-9a4c-85998e3543f3 req-904e5f08-315e-44bb-9a4c-85998e3543f3 ] Request (ImagesTestJSON:test_create_image_from_suspended_server): 200 GET http://10.180.1.21/compute/v2.1/servers/a497e6f2-688f-4829-b012-b562ebee02b3 0.077s
2025-01-24 15:32:49.294 69018 INFO tempest.lib.common.rest_client [req-2d4a7321-3429-41a5-87cd-e7a093161547 req-2d4a7321-3429-41a5-87cd-e7a093161547 ] Request (ServerExternalEventsTest:setUpClass): 201 POST http://10.180.1.21/identity/v3/auth/tokens 0.029s
2025-01-24 15:32:49.295 69004 INFO tempest.lib.common.rest_client [req-c71bd7ec-1ded-4219-b1c2-08f2f7cdf2b1 req-c71bd7ec-1ded-4219-b1c2-08f2f7cdf2b1 ] Request (ImagesOneServerTestJSON:setUpClass): 200 GET http://10.180.1.21/compute/v2.1/servers/61627148-c2e9-4f24-939d-29c71d68f3b4 0.047s
2025-01-24 15:32:49.319 69018 INFO tempest.lib.common.rest_client [req-aadc86b9-4116-4916-9a35-dfbfcba058ba req-aadc86b9-4116-4916-9a35-dfbfcba058ba ] Request (ServerExternalEventsTest:setUpClass): 200 GET http://10.180.1.21/identity/v3/domains?name=Default 0.025s
2025-01-24 15:32:49.345 69018 INFO tempest.lib.common.rest_client [req-781c830e-1f64-403d-9805-c8bbf9b58b77 req-781c830e-1f64-403d-9805-c8bbf9b58b77 ] Request (ServerExternalEventsTest:setUpClass): 201 POST http://10.180.1.21/identity/v3/projects 0.025s
2025-01-24 15:32:49.350 69056 INFO tempest.lib.common.rest_client [req-a6396ba2-c3de-4270-8d90-613eb5b567cb req-a6396ba2-c3de-4270-8d90-613eb5b567cb ] Request (AttachInterfacesV270Test:test_create_get_list_interfaces): 200 GET http://10.180.1.21/compute/v2.1/servers/487c7020-7988-4574-8ca6-e3eaa42bcc6b 0.057s
2025-01-24 15:32:49.368 69013 INFO tempest.lib.common.rest_client [req-dc219ec1-21c6-4b86-a8e2-24e058e14e15 req-dc219ec1-21c6-4b86-a8e2-24e058e14e15 ] Request (ImagesOneServerNegativeTestJSON:setUpClass): 200 PUT http://10.180.1.21:9696/networking/v2.0/routers/54b36d4c-1c4d-4c29-affb-2ddd6d3e604c/add_router_interface 0.956s
