2025-01-24 15:33:28.948 69002 INFO tempest.lib.common.rest_client [req-5560ae24-d065-42a0-b077-2725a6b1fd50 req-5560ae24-d065-42a0-b077-2725a6b1fd50 ] Request (ServersTestFqdnHostnames:test_create_server_with_fqdn_name): 200 GET http://10.180.1.21/compute/v2.1/servers/2ff8e5db-f0d7-4b7f-920f-68de2ed9e896 0.047s
2025-01-24 15:33:28.983 69004 INFO tempest.lib.common.rest_client [req-1856728e-6834-43a0-b914-7f970fbd0c83 req-1856728e-6834-43a0-b914-7f970fbd0c83 ] Request (ServerMetadataNegativeTestJSON:setUpClass): 200 GET http://10.180.1.21/compute/v2.1/servers/23087325-12b7-4b33-b458-10e6dbc08166 0.050s
2025-01-24 15:33:29.035 69040 INFO tempest.lib.common.rest_client [req-180022ce-8f68-4ffc-bffb-8c0a7a2867ca req-180022ce-8f68-4ffc-bffb-8c0a7a2867ca ] Request (FloatingIPsAssociationNegativeTestJSON:setUpClass): 200 GET http://10.180.1.21/compute/v2.1/servers/c1e4358e-6197-486f-8790-207819e793cd 0.048s
2025-01-24 15:33:29.037 69052 INFO tempest.lib.common.rest_client [req-cfcddc63-62fd-4cc3-a9fd-8b5f4a6fadef req-cfcddc63-62fd-4cc3-a9fd-8b5f4a6fadef ] Request (ServerActionsV293TestJSON:setUpClass): 200 GET http://10.180.1.21/compute/v2.1/servers/8f132093-06cd-4088-b9c8-697a9f2c7673 0.046s
2025-01-24 15:33:29.075 69026 INFO tempest.lib.common.rest_client [req-58059171-22cf-4e22-b868-6c89dba42cf4 req-58059171-22cf-4e22-b868-6c89dba42cf4 ] Request (ServerActionsTestOtherA:setUpClass): 200 GET http://10.180.1.21/compute/v2.1/servers/bc228fb4-8d69-4dbe-8130-09f8c1e5ffcb 0.050s
2025-01-24 15:33:29.094 69024 INFO tempest.lib.common.rest_client [req-87163b2d-c968-485d-8dd4-1d7205ed7402 req-87163b2d-c968-485d-8dd4-1d7205ed7402 ] Request (AttachInterfacesUnderV243Test:test_add_remove_fixed_ip): 200 GET http://10.180.1.21/compute/v2.1/servers/a2f08306-adb8-49fe-8eb0-6a2aec307a44 0.044s
2025-01-24 15:33:29.129 69058 INFO tempest.lib.common.rest_client [req-58e9efa9-89e2-4ac4-99e7-9a311fcfe9c0 req-58e9efa9-89e2-4ac4-99e7-9a311fcfe9c0 ] Request (MigrationsAdminTest:test_resize_server_revert_deleted_flavor): 200 GET http://10.180.1.21/compute/v2.1/servers/a94df31d-4d92-43cd-951d-4541d724b4db 0.042s
2025-01-24 15:33:29.156 69044 INFO tempest.lib.common.rest_client [req-5d5ba7af-4438-4f05-8210-94ad0a13a5b1 req-5d5ba7af-4438-4f05-8210-94ad0a13a5b1 ] Request (ServerAddressesNegativeTestJSON:setUpClass): 200 GET http://10.180.1.21/compute/v2.1/servers/a557f91e-2d8f-43b0-85f5-fc6f99de391c 0.044s
2025-01-24 15:33:29.187 69018 INFO tempest.lib.common.rest_client [req-b359ad61-857b-4a05-bb85-45d34d17b3bc req-b359ad61-857b-4a05-bb85-45d34d17b3bc ] Request (ServerExternalEventsTest:test_create_server_external_events): 200 GET http://10.180.1.21/compute/v2.1/servers/8fd2b6cf-3eea-4f7d-9ad5-23fd179c8a20 0.044s
2025-01-24 15:33:29.310 69042 INFO tempest.lib.common.rest_client [req-b89ebc1e-9232-4c0d-bf6b-6974ab72cbf3 req-b89ebc1e-9232-4c0d-bf6b-6974ab72cbf3 ] Request (MultipleCreateTestJSON:test_multiple_create_with_reservation_return): 200 GET http://10.180.1.21/compute/v2.1/servers/52d71232-bb12-4cb7-a808-ba515cba0c7e 0.046s
2025-01-24 15:33:29.312 69000 INFO tempest.lib.common.rest_client [req-52651840-ec0d-4e8d-894a-6d7c9ac1ccca req-52651840-ec0d-4e8d-894a-6d7c9ac1ccca ] Request (VolumesAdminNegativeTest:test_update_attached_volume_with_nonexistent_volume_in_uri): 200 GET http://10.180.1.21/compute/v2.1/servers/8280b3aa-6912-4e82-b02b-2f4d225e8248 0.045s
2025-01-24 15:33:29.362 69008 INFO tempest.lib.common.rest_client [req-f054fba8-ecc8-4219-b057-39e5e2d3a389 req-f054fba8-ecc8-4219-b057-39e5e2d3a389 ] Request (ServerDiagnosticsNegativeTest:test_get_server_diagnostics_by_non_admin): 200 GET http://10.180.1.21/compute/v2.1/servers/095b8e7c-f874-47a6-9fd7-b1c2ad7c034f 0.045s
2025-01-24 15:33:29.397 69022 INFO tempest.lib.common.rest_client [req-1a24a473-fe55-4906-941b-a448da42c1b0 req-1a24a473-fe55-4906-941b-a448da42c1b0 ] Request (ServersTestBootFromVolume:setUpClass): 200 GET http://10.180.1.21/compute/v2.1/servers/e436dad5-1d89-4804-bbe7-b6578f019a85 0.047s
2025-01-24 15:33:29.402 68996 INFO tempest.lib.common.rest_client [req-65fb1f95-8adc-4328-90b5-3c535b151e31 req-65fb1f95-8adc-4328-90b5-3c535b151e31 ] Request (DeleteServersTestJSON:test_delete_active_server): 200 GET http://10.180.1.21/compute/v2.1/servers/4e245e30-2604-4710-bfdb-b35a8aa503a3 0.041s
2025-01-24 15:33:29.446 69013 INFO tempest.lib.common.rest_client [req-ff39fcec-99fd-4e56-a955-6d13f6d53cc9 req-ff39fcec-99fd-4e56-a955-6d13f6d53cc9 ] Request (ImagesOneServerNegativeTestJSON:setUpClass): 200 GET http://10.180.1.21/compute/v2.1/servers/5ccfd29a-e5e9-4d02-b2f0-63f3d63a4438 0.044s
2025-01-24 15:33:29.483 69036 INFO tempest.lib.common.rest_client [req-5684a2c7-62b5-4876-a570-1d953b87721e req-5684a2c7-62b5-4876-a570-1d953b87721e ] Request (ServerShowV257Test:test_rebuild_server): 200 GET http://10.180.1.21/compute/v2.1/servers/357fa971-d349-48cf-9b92-769353a96331 0.046s
2025-01-24 15:33:29.513 69020 INFO tempest.lib.common.rest_client [req-4393ad01-31ba-4184-8121-339b809f3072 req-4393ad01-31ba-4184-8121-339b809f3072 ] Request (InstanceActionsNegativeTestJSON:setUpClass): 200 GET http://10.180.1.21/compute/v2.1/servers/ed457063-e608-41c0-b919-bd417529b3b9 0.045s
2025-01-24 15:33:29.553 69006 INFO tempest.lib.common.rest_client [req-03e4a66f-e42a-4c1d-b0c6-95bd6172cb89 req-03e4a66f-e42a-4c1d-b0c6-95bd6172cb89 ] Request (ServersAdminTestJSON:setUpClass): 200 GET http://10.180.1.21/compute/v2.1/servers/a9a7457b-f069-4007-9ca4-b6bd273f9948 0.042s
2025-01-24 15:33:29.554 69048 INFO tempest.lib.common.rest_client [req-70bd2b21-a5ca-4c55-9d3d-2baf4c644935 req-70bd2b21-a5ca-4c55-9d3d-2baf4c644935 ] Request (ServerDiskConfigTestJSON:test_rebuild_server_with_auto_disk_config): 200 GET http://10.180.1.21/compute/v2.1/servers/b4d44a1b-4e7a-44e4-9fae-78a76fd0ac92 0.041s
2025-01-24 15:33:29.560 69006 INFO tempest.common.waiters [-] State transition "BUILD/spawning" ==> "BUILD/scheduling" after 98 second wait
2025-01-24 15:33:29.594 69034 INFO tempest.lib.common.rest_client [req-bbeddfb7-e9f7-4ec2-9f91-2a1f39e4503c req-bbeddfb7-e9f7-4ec2-9f91-2a1f39e4503c ] Request (AttachInterfacesTestJSON:test_create_list_show_delete_interfaces_by_fixed_ip): 200 GET http://10.180.1.21/compute/v2.1/servers/3b9a024a-940a-4dfd-bfe7-5131bb5c0e17 0.043s
2025-01-24 15:33:29.667 69030 INFO tempest.lib.common.rest_client [req-4ee4823a-9330-4488-adb3-5b29ac51ce28 req-4ee4823a-9330-4488-adb3-5b29ac51ce28 ] Request (ServerTagsTestJSON:setUpClass): 200 GET http://10.180.1.21/compute/v2.1/servers/684c94ee-8f17-42cc-848d-b175a8e7f560 0.049s
2025-01-24 15:33:29.709 69056 INFO tempest.lib.common.rest_client [req-b6da2dc2-6e68-44e1-acf9-597bb7dd627c req-b6da2dc2-6e68-44e1-acf9-597bb7dd627c ] Request (AttachInterfacesV270Test:test_create_get_list_interfaces): 200 GET http://10.180.1.21/compute/v2.1/servers/487c7020-7988-4574-8ca6-e3eaa42bcc6b 0.048s
2025-01-24 15:33:29.732 69038 INFO tempest.lib.common.rest_client [req-37236182-a101-440a-81c3-c94e7104bd48 req-37236182-a101-440a-81c3-c94e7104bd48 ] Request (ServersTestJSON:setUpClass): 200 GET http://10.180.1.21/compute/v2.1/servers/40446072-d32f-48fd-969c-804d6ba39090 0.046s
2025-01-24 15:33:29.853 69046 INFO tempest.lib.common.rest_client [req-34e1caee-5e35-4940-a9a6-e68b7f2f0f22 req-34e1caee-5e35-4940-a9a6-e68b7f2f0f22 ] Request (ServersNegativeTestMultiTenantJSON:setUpClass): 200 GET http://10.180.1.21/compute/v2.1/servers/8a7d2d06-8b83-4222-a3b1-30fde73fabf5 0.047s
2025-01-24 15:33:29.883 69016 INFO tempest.lib.common.rest_client [req-914ec317-ec5c-4c16-8043-95801217444f req-914ec317-ec5c-4c16-8043-95801217444f ] Request (ImagesTestJSON:test_create_image_from_suspended_server): 200 GET http://10.180.1.21/compute/v2.1/servers/a497e6f2-688f-4829-b012-b562ebee02b3 0.047s
2025-01-24 15:33:29.898 69050 INFO tempest.lib.common.rest_client [req-b7b47507-e53d-42f7-b112-37d353fd30c4 req-b7b47507-e53d-42f7-b112-37d353fd30c4 ] Request (DeleteServersAdminTestJSON:test_delete_server_while_in_error_state): 200 GET http://10.180.1.21/compute/v2.1/servers/b4d8b42a-7534-4161-ad3f-5c4ce1f230ef 0.047s
2025-01-24 15:33:29.935 68998 INFO tempest.lib.common.rest_client [req-cff192af-c372-47b5-bf1d-5a2ad4cd38ee req-cff192af-c372-47b5-bf1d-5a2ad4cd38ee ] Request (ServerAddressesTestJSON:setUpClass): 200 GET http://10.180.1.21/compute/v2.1/servers/ebe70002-567d-4d67-ae7b-7f109da67c33 0.046s
2025-01-24 15:33:29.942 69010 INFO tempest.lib.common.rest_client [req-1d3a6d7e-e217-4b32-837f-a4b932b79172 req-1d3a6d7e-e217-4b32-837f-a4b932b79172 ] Request (ServerPasswordTestJSON:setUpClass): 200 GET http://10.180.1.21/compute/v2.1/servers/f969e755-0e04-4e83-8787-67778a01c650 0.050s
2025-01-24 15:33:29.979 69028 INFO tempest.lib.common.rest_client [req-11dc6818-23b7-4536-9b35-39bd7e86379b req-11dc6818-23b7-4536-9b35-39bd7e86379b ] Request (SecurityGroupsTestJSON:test_list_security_groups_by_server): 200 GET http://10.180.1.21/compute/v2.1/servers/629ee994-5915-40ee-81d9-ce4bf88566fe 0.043s
2025-01-24 15:33:30.000 69002 INFO tempest.lib.common.rest_client [req-65db9ca3-e19f-4a9a-90fe-77a11bac6545 req-65db9ca3-e19f-4a9a-90fe-77a11bac6545 ] Request (ServersTestFqdnHostnames:test_create_server_with_fqdn_name): 200 GET http://10.180.1.21/compute/v2.1/servers/2ff8e5db-f0d7-4b7f-920f-68de2ed9e896 0.044s
2025-01-24 15:33:30.035 69004 INFO tempest.lib.common.rest_client [req-d0970410-c7e2-4d14-a295-5619175c661a req-d0970410-c7e2-4d14-a295-5619175c661a ] Request (ServerMetadataNegativeTestJSON:setUpClass): 200 GET http://10.180.1.21/compute/v2.1/servers/23087325-12b7-4b33-b458-10e6dbc08166 0.044s
2025-01-24 15:33:30.087 69040 INFO tempest.lib.common.rest_client [req-389cd21d-c1f6-4818-9059-a5255ec74892 req-389cd21d-c1f6-4818-9059-a5255ec74892 ] Request (FloatingIPsAssociationNegativeTestJSON:setUpClass): 200 GET http://10.180.1.21/compute/v2.1/servers/c1e4358e-6197-486f-8790-207819e793cd 0.045s
2025-01-24 15:33:30.093 69052 INFO tempest.lib.common.rest_client [req-44e29d16-d8bf-4529-8ee7-9d56e88dfc58 req-44e29d16-d8bf-4529-8ee7-9d56e88dfc58 ] Request (ServerActionsV293TestJSON:setUpClass): 200 GET http://10.180.1.21/compute/v2.1/servers/8f132093-06cd-4088-b9c8-697a9f2c7673 0.046s
2025-01-24 15:33:30.126 69026 INFO tempest.lib.common.rest_client [req-7d22e4f6-92f7-4031-a4c7-5fd9e05eb790 req-7d22e4f6-92f7-4031-a4c7-5fd9e05eb790 ] Request (ServerActionsTestOtherA:setUpClass): 200 GET http://10.180.1.21/compute/v2.1/servers/bc228fb4-8d69-4dbe-8130-09f8c1e5ffcb 0.043s
2025-01-24 15:33:30.146 69024 INFO tempest.lib.common.rest_client [req-676a1d0e-fc8c-438d-b67e-67ecc0f11672 req-676a1d0e-fc8c-438d-b67e-67ecc0f11672 ] Request (AttachInterfacesUnderV243Test:test_add_remove_fixed_ip): 200 GET http://10.180.1.21/compute/v2.1/servers/a2f08306-adb8-49fe-8eb0-6a2aec307a44 0.044s
2025-01-24 15:33:30.182 69058 INFO tempest.lib.common.rest_client [req-8a8b8e0c-314f-431e-a111-a2cad34fd4ec req-8a8b8e0c-314f-431e-a111-a2cad34fd4ec ] Request (MigrationsAdminTest:test_resize_server_revert_deleted_flavor): 200 GET http://10.180.1.21/compute/v2.1/servers/a94df31d-4d92-43cd-951d-4541d724b4db 0.045s
2025-01-24 15:33:30.215 69044 INFO tempest.lib.common.rest_client [req-15e3f631-0077-450f-b7a0-6334e93be2c5 req-15e3f631-0077-450f-b7a0-6334e93be2c5 ] Request (ServerAddressesNegativeTestJSON:setUpClass): 200 GET http://10.180.1.21/compute/v2.1/servers/a557f91e-2d8f-43b0-85f5-fc6f99de391c 0.050s
2025-01-24 15:33:30.243 69018 INFO tempest.lib.common.rest_client [req-dc555265-020f-46a6-b1e4-917d941f4a11 req-dc555265-020f-46a6-b1e4-917d941f4a11 ] Request (ServerExternalEventsTest:test_create_server_external_events): 200 GET http://10.180.1.21/compute/v2.1/servers/8fd2b6cf-3eea-4f7d-9ad5-23fd179c8a20 0.049s
2025-01-24 15:33:30.367 69042 INFO tempest.lib.common.rest_client [req-2c3ac4b1-85f0-4e3a-81c6-a6a5e72c6d63 req-2c3ac4b1-85f0-4e3a-81c6-a6a5e72c6d63 ] Request (MultipleCreateTestJSON:test_multiple_create_with_reservation_return): 200 GET http://10.180.1.21/compute/v2.1/servers/52d71232-bb12-4cb7-a808-ba515cba0c7e 0.048s
2025-01-24 15:33:30.369 69000 INFO tempest.lib.common.rest_client [req-265a27b3-69d9-4151-b1d7-0179e90247bb req-265a27b3-69d9-4151-b1d7-0179e90247bb ] Request (VolumesAdminNegativeTest:test_update_attached_volume_with_nonexistent_volume_in_uri): 200 GET http://10.180.1.21/compute/v2.1/servers/8280b3aa-6912-4e82-b02b-2f4d225e8248 0.049s
2025-01-24 15:33:30.414 69008 INFO tempest.lib.common.rest_client [req-d8da71a7-5c40-4da6-a2bf-18cde77c736f req-d8da71a7-5c40-4da6-a2bf-18cde77c736f ] Request (ServerDiagnosticsNegativeTest:test_get_server_diagnostics_by_non_admin): 200 GET http://10.180.1.21/compute/v2.1/servers/095b8e7c-f874-47a6-9fd7-b1c2ad7c034f 0.044s
2025-01-24 15:33:30.451 69022 INFO tempest.lib.common.rest_client [req-c9cb1258-26f3-4477-962d-4229f7fb9f20 req-c9cb1258-26f3-4477-962d-4229f7fb9f20 ] Request (ServersTestBootFromVolume:setUpClass): 200 GET http://10.180.1.21/compute/v2.1/servers/e436dad5-1d89-4804-bbe7-b6578f019a85 0.046s
2025-01-24 15:33:30.453 68996 INFO tempest.lib.common.rest_client [req-46674db1-f123-49d4-9a7e-8e1f15087156 req-46674db1-f123-49d4-9a7e-8e1f15087156 ] Request (DeleteServersTestJSON:test_delete_active_server): 200 GET http://10.180.1.21/compute/v2.1/servers/4e245e30-2604-4710-bfdb-b35a8aa503a3 0.043s
2025-01-24 15:33:30.495 69013 INFO tempest.lib.common.rest_client [req-8d4b59b3-637f-443b-851a-a9825c5156f3 req-8d4b59b3-637f-443b-851a-a9825c5156f3 ] Request (ImagesOneServerNegativeTestJSON:setUpClass): 200 GET http://10.180.1.21/compute/v2.1/servers/5ccfd29a-e5e9-4d02-b2f0-63f3d63a4438 0.042s
2025-01-24 15:33:30.539 69036 INFO tempest.lib.common.rest_client [req-2828070d-d67a-49ac-bf62-95d4c5bb251a req-2828070d-d67a-49ac-bf62-95d4c5bb251a ] Request (ServerShowV257Test:test_rebuild_server): 200 GET http://10.180.1.21/compute/v2.1/servers/357fa971-d349-48cf-9b92-769353a96331 0.047s
2025-01-24 15:33:30.563 69020 INFO tempest.lib.common.rest_client [req-68f5ed71-a30d-4e0c-b67c-91e887435308 req-68f5ed71-a30d-4e0c-b67c-91e887435308 ] Request (InstanceActionsNegativeTestJSON:setUpClass): 200 GET http://10.180.1.21/compute/v2.1/servers/ed457063-e608-41c0-b919-bd417529b3b9 0.043s
2025-01-24 15:33:30.607 69048 INFO tempest.lib.common.rest_client [req-c6adce94-1792-4b8e-90de-628f36300385 req-c6adce94-1792-4b8e-90de-628f36300385 ] Request (ServerDiskConfigTestJSON:test_rebuild_server_with_auto_disk_config): 200 GET http://10.180.1.21/compute/v2.1/servers/b4d44a1b-4e7a-44e4-9fae-78a76fd0ac92 0.045s
2025-01-24 15:33:30.613 69006 INFO tempest.lib.common.rest_client [req-94b5b230-ad43-433f-8fa1-a5f854ae5f67 req-94b5b230-ad43-433f-8fa1-a5f854ae5f67 ] Request (ServersAdminTestJSON:setUpClass): 200 GET http://10.180.1.21/compute/v2.1/servers/a9a7457b-f069-4007-9ca4-b6bd273f9948 0.051s
2025-01-24 15:33:30.619 69006 INFO tempest.common.waiters [-] State transition "BUILD/scheduling" ==> "ERROR/None" after 99 second wait
2025-01-24 15:33:30.648 69034 INFO tempest.lib.common.rest_client [req-7917d170-9fc7-4fdb-8a6f-f527a9df532d req-7917d170-9fc7-4fdb-8a6f-f527a9df532d ] Request (AttachInterfacesTestJSON:test_create_list_show_delete_interfaces_by_fixed_ip): 200 GET http://10.180.1.21/compute/v2.1/servers/3b9a024a-940a-4dfd-bfe7-5131bb5c0e17 0.046s
2025-01-24 15:33:30.722 69030 INFO tempest.lib.common.rest_client [req-51f9c627-09a1-4443-982e-833632c87029 req-51f9c627-09a1-4443-982e-833632c87029 ] Request (ServerTagsTestJSON:setUpClass): 200 GET http://10.180.1.21/compute/v2.1/servers/684c94ee-8f17-42cc-848d-b175a8e7f560 0.045s
2025-01-24 15:33:30.765 69056 INFO tempest.lib.common.rest_client [req-fcb5fb6d-e46e-4b3b-84d4-975b37746234 req-fcb5fb6d-e46e-4b3b-84d4-975b37746234 ] Request (AttachInterfacesV270Test:test_create_get_list_interfaces): 200 GET http://10.180.1.21/compute/v2.1/servers/487c7020-7988-4574-8ca6-e3eaa42bcc6b 0.046s
2025-01-24 15:33:30.768 69006 INFO tempest.lib.common.rest_client [req-f5f7b057-7b3e-4d8b-a9fd-2fb25bf09d69 req-f5f7b057-7b3e-4d8b-a9fd-2fb25bf09d69 ] Request (ServersAdminTestJSON:setUpClass): 204 DELETE http://10.180.1.21/compute/v2.1/servers/a9a7457b-f069-4007-9ca4-b6bd273f9948 0.148s
2025-01-24 15:33:30.787 69006 INFO tempest.lib.common.rest_client [req-12e2d061-d33b-42f0-bc28-d053190ef172 req-12e2d061-d33b-42f0-bc28-d053190ef172 ] Request (ServersAdminTestJSON:setUpClass): 404 GET http://10.180.1.21/compute/v2.1/servers/a9a7457b-f069-4007-9ca4-b6bd273f9948 0.019s
2025-01-24 15:33:30.788 69006 INFO tempest.test [-] raised in ServersAdminTestJSON.setUpClass. Invoking tearDownClass.
2025-01-24 15:33:30.806 69038 INFO tempest.lib.common.rest_client [req-e0d9b02a-8d77-43ad-9edc-116c15bd6cdb req-e0d9b02a-8d77-43ad-9edc-116c15bd6cdb ] Request (ServersTestJSON:setUpClass): 200 GET http://10.180.1.21/compute/v2.1/servers/40446072-d32f-48fd-969c-804d6ba39090 0.066s
2025-01-24 15:33:30.906 69046 INFO tempest.lib.common.rest_client [req-18bfa8d9-877f-48c2-96d6-1f41524d3ddb req-18bfa8d9-877f-48c2-96d6-1f41524d3ddb ] Request (ServersNegativeTestMultiTenantJSON:setUpClass): 200 GET http://10.180.1.21/compute/v2.1/servers/8a7d2d06-8b83-4222-a3b1-30fde73fabf5 0.045s
2025-01-24 15:33:30.931 69006 INFO tempest.lib.common.rest_client [req-f37b48c8-e1e3-4165-9a0d-7b207efd3920 req-f37b48c8-e1e3-4165-9a0d-7b207efd3920 ] Request (ServersAdminTestJSON:tearDownClass): 204 DELETE http://10.180.1.21/compute/v2.1/servers/a0000f34-f9dd-4a01-a743-f5cf13a57e08 0.143s
2025-01-24 15:33:30.949 69016 INFO tempest.lib.common.rest_client [req-426f3d79-3163-4b98-8a8b-96b79f928b4d req-426f3d79-3163-4b98-8a8b-96b79f928b4d ] Request (ImagesTestJSON:test_create_image_from_suspended_server): 200 GET http://10.180.1.21/compute/v2.1/servers/a497e6f2-688f-4829-b012-b562ebee02b3 0.059s
2025-01-24 15:33:30.967 69006 INFO tempest.lib.common.rest_client [req-7f2e67f2-058a-45bf-871f-8d0ec952fe75 req-7f2e67f2-058a-45bf-871f-8d0ec952fe75 ] Request (ServersAdminTestJSON:tearDownClass): 404 GET http://10.180.1.21/compute/v2.1/servers/a0000f34-f9dd-4a01-a743-f5cf13a57e08 0.036s
2025-01-24 15:33:30.977 69050 INFO tempest.lib.common.rest_client [req-0601eb1f-f8fe-4fb5-af68-a1faf7c872fb req-0601eb1f-f8fe-4fb5-af68-a1faf7c872fb ] Request (DeleteServersAdminTestJSON:test_delete_server_while_in_error_state): 200 GET http://10.180.1.21/compute/v2.1/servers/b4d8b42a-7534-4161-ad3f-5c4ce1f230ef 0.071s
2025-01-24 15:33:31.018 68998 INFO tempest.lib.common.rest_client [req-d810265b-8622-49cb-9755-7ccf4d58b016 req-d810265b-8622-49cb-9755-7ccf4d58b016 ] Request (ServerAddressesTestJSON:setUpClass): 200 GET http://10.180.1.21/compute/v2.1/servers/ebe70002-567d-4d67-ae7b-7f109da67c33 0.075s
2025-01-24 15:33:31.030 69010 INFO tempest.lib.common.rest_client [req-9529c0f8-ceb2-44d5-a59e-09ddaf105225 req-9529c0f8-ceb2-44d5-a59e-09ddaf105225 ] Request (ServerPasswordTestJSON:setUpClass): 200 GET http://10.180.1.21/compute/v2.1/servers/f969e755-0e04-4e83-8787-67778a01c650 0.080s
2025-01-24 15:33:31.068 69028 INFO tempest.lib.common.rest_client [req-6cf6a4bd-ee1b-4055-ac74-eeb8b88be039 req-6cf6a4bd-ee1b-4055-ac74-eeb8b88be039 ] Request (SecurityGroupsTestJSON:test_list_security_groups_by_server): 200 GET http://10.180.1.21/compute/v2.1/servers/629ee994-5915-40ee-81d9-ce4bf88566fe 0.082s
2025-01-24 15:33:31.077 69002 INFO tempest.lib.common.rest_client [req-a51faed6-0227-475b-9245-ff9dc2c8adbc req-a51faed6-0227-475b-9245-ff9dc2c8adbc ] Request (ServersTestFqdnHostnames:test_create_server_with_fqdn_name): 200 GET http://10.180.1.21/compute/v2.1/servers/2ff8e5db-f0d7-4b7f-920f-68de2ed9e896 0.066s
2025-01-24 15:33:31.115 69004 INFO tempest.lib.common.rest_client [req-cd6fd8be-3e47-416a-b158-33cdceb16709 req-cd6fd8be-3e47-416a-b158-33cdceb16709 ] Request (ServerMetadataNegativeTestJSON:setUpClass): 200 GET http://10.180.1.21/compute/v2.1/servers/23087325-12b7-4b33-b458-10e6dbc08166 0.072s
2025-01-24 15:33:31.140 69040 INFO tempest.lib.common.rest_client [req-121c4e0a-ad76-4c76-9656-e2d0e747d370 req-121c4e0a-ad76-4c76-9656-e2d0e747d370 ] Request (FloatingIPsAssociationNegativeTestJSON:setUpClass): 200 GET http://10.180.1.21/compute/v2.1/servers/c1e4358e-6197-486f-8790-207819e793cd 0.046s
2025-01-24 15:33:31.172 69052 INFO tempest.lib.common.rest_client [req-758cb61f-45fd-4d6c-ab26-e8889d6c2c75 req-758cb61f-45fd-4d6c-ab26-e8889d6c2c75 ] Request (ServerActionsV293TestJSON:setUpClass): 200 GET http://10.180.1.21/compute/v2.1/servers/8f132093-06cd-4088-b9c8-697a9f2c7673 0.069s
2025-01-24 15:33:31.187 69026 INFO tempest.lib.common.rest_client [req-6bc89599-1221-4d0f-9879-b2ede39477dc req-6bc89599-1221-4d0f-9879-b2ede39477dc ] Request (ServerActionsTestOtherA:setUpClass): 200 GET http://10.180.1.21/compute/v2.1/servers/bc228fb4-8d69-4dbe-8130-09f8c1e5ffcb 0.051s
2025-01-24 15:33:31.194 69026 INFO tempest.common.waiters [-] State transition "BUILD/scheduling" ==> "BUILD/None" after 78 second wait
2025-01-24 15:33:31.232 69024 INFO tempest.lib.common.rest_client [req-f7dc8082-d240-4b91-960b-ec67cf455312 req-f7dc8082-d240-4b91-960b-ec67cf455312 ] Request (AttachInterfacesUnderV243Test:test_add_remove_fixed_ip): 200 GET http://10.180.1.21/compute/v2.1/servers/a2f08306-adb8-49fe-8eb0-6a2aec307a44 0.078s
2025-01-24 15:33:31.237 69058 INFO tempest.lib.common.rest_client [req-f1f3e625-664e-4a67-a450-a17facf2a79f req-f1f3e625-664e-4a67-a450-a17facf2a79f ] Request (MigrationsAdminTest:test_resize_server_revert_deleted_flavor): 200 GET http://10.180.1.21/compute/v2.1/servers/a94df31d-4d92-43cd-951d-4541d724b4db 0.047s
2025-01-24 15:33:31.287 69044 INFO tempest.lib.common.rest_client [req-2122304d-31ad-4e1a-9928-ce3f49638980 req-2122304d-31ad-4e1a-9928-ce3f49638980 ] Request (ServerAddressesNegativeTestJSON:setUpClass): 200 GET http://10.180.1.21/compute/v2.1/servers/a557f91e-2d8f-43b0-85f5-fc6f99de391c 0.064s
2025-01-24 15:33:31.297 69018 INFO tempest.lib.common.rest_client [req-edda9ac0-7dde-44aa-9729-daf949bb37b7 req-edda9ac0-7dde-44aa-9729-daf949bb37b7 ] Request (ServerExternalEventsTest:test_create_server_external_events): 200 GET http://10.180.1.21/compute/v2.1/servers/8fd2b6cf-3eea-4f7d-9ad5-23fd179c8a20 0.046s
2025-01-24 15:33:31.423 69000 INFO tempest.lib.common.rest_client [req-590ba93d-06e9-450f-aa55-ef8ec5962777 req-590ba93d-06e9-450f-aa55-ef8ec5962777 ] Request (VolumesAdminNegativeTest:test_update_attached_volume_with_nonexistent_volume_in_uri): 200 GET http://10.180.1.21/compute/v2.1/servers/8280b3aa-6912-4e82-b02b-2f4d225e8248 0.046s
2025-01-24 15:33:31.427 69042 INFO tempest.lib.common.rest_client [req-a0304f55-e77e-41ab-9a72-09851395998f req-a0304f55-e77e-41ab-9a72-09851395998f ] Request (MultipleCreateTestJSON:test_multiple_create_with_reservation_return): 200 GET http://10.180.1.21/compute/v2.1/servers/52d71232-bb12-4cb7-a808-ba515cba0c7e 0.052s
2025-01-24 15:33:31.470 69008 INFO tempest.lib.common.rest_client [req-43ce44a3-482d-4bd7-aae0-7bac6d096db2 req-43ce44a3-482d-4bd7-aae0-7bac6d096db2 ] Request (ServerDiagnosticsNegativeTest:test_get_server_diagnostics_by_non_admin): 200 GET http://10.180.1.21/compute/v2.1/servers/095b8e7c-f874-47a6-9fd7-b1c2ad7c034f 0.048s
2025-01-24 15:33:31.508 69022 INFO tempest.lib.common.rest_client [req-895bba28-0cea-4559-963a-be9a4b835df5 req-895bba28-0cea-4559-963a-be9a4b835df5 ] Request (ServersTestBootFromVolume:setUpClass): 200 GET http://10.180.1.21/compute/v2.1/servers/e436dad5-1d89-4804-bbe7-b6578f019a85 0.050s
2025-01-24 15:33:31.524 68996 INFO tempest.lib.common.rest_client [req-d55cbf02-8bff-43b2-831d-b22de3884baf req-d55cbf02-8bff-43b2-831d-b22de3884baf ] Request (DeleteServersTestJSON:test_delete_active_server): 200 GET http://10.180.1.21/compute/v2.1/servers/4e245e30-2604-4710-bfdb-b35a8aa503a3 0.063s
2025-01-24 15:33:31.555 69013 INFO tempest.lib.common.rest_client [req-b29607fc-39a9-4a1d-88cf-6bd8648b2761 req-b29607fc-39a9-4a1d-88cf-6bd8648b2761 ] Request (ImagesOneServerNegativeTestJSON:setUpClass): 200 GET http://10.180.1.21/compute/v2.1/servers/5ccfd29a-e5e9-4d02-b2f0-63f3d63a4438 0.052s
2025-01-24 15:33:31.612 69036 INFO tempest.lib.common.rest_client [req-5ea624cf-eef2-4ca1-9cfd-fccab0182c2e req-5ea624cf-eef2-4ca1-9cfd-fccab0182c2e ] Request (ServerShowV257Test:test_rebuild_server): 200 GET http://10.180.1.21/compute/v2.1/servers/357fa971-d349-48cf-9b92-769353a96331 0.064s
2025-01-24 15:33:31.624 69020 INFO tempest.lib.common.rest_client [req-9eefe5fc-973d-4139-b048-efab498cc601 req-9eefe5fc-973d-4139-b048-efab498cc601 ] Request (InstanceActionsNegativeTestJSON:setUpClass): 200 GET http://10.180.1.21/compute/v2.1/servers/ed457063-e608-41c0-b919-bd417529b3b9 0.053s
2025-01-24 15:33:31.667 69048 INFO tempest.lib.common.rest_client [req-ca71be11-49be-47ac-9382-e055e351b8a1 req-ca71be11-49be-47ac-9382-e055e351b8a1 ] Request (ServerDiskConfigTestJSON:test_rebuild_server_with_auto_disk_config): 200 GET http://10.180.1.21/compute/v2.1/servers/b4d44a1b-4e7a-44e4-9fae-78a76fd0ac92 0.052s
2025-01-24 15:33:31.710 69034 INFO tempest.lib.common.rest_client [req-5a5462a6-840b-4175-beac-11219cc088ae req-5a5462a6-840b-4175-beac-11219cc088ae ] Request (AttachInterfacesTestJSON:test_create_list_show_delete_interfaces_by_fixed_ip): 200 GET http://10.180.1.21/compute/v2.1/servers/3b9a024a-940a-4dfd-bfe7-5131bb5c0e17 0.054s
2025-01-24 15:33:31.723 69006 INFO tempest.lib.common.rest_client [req-9b756892-77be-4c3d-8692-ae1e0e3126f1 req-9b756892-77be-4c3d-8692-ae1e0e3126f1 ] Request (ServersAdminTestJSON:tearDownClass): 200 PUT http://10.180.1.21:9696/networking/v2.0/routers/b282a33b-38a0-4f1f-b5bc-9974a5adce57/remove_router_interface 0.755s
2025-01-24 15:33:31.783 69030 INFO tempest.lib.common.rest_client [req-d4cbc842-fb38-4be5-945a-49a4a95f6010 req-d4cbc842-fb38-4be5-945a-49a4a95f6010 ] Request (ServerTagsTestJSON:setUpClass): 200 GET http://10.180.1.21/compute/v2.1/servers/684c94ee-8f17-42cc-848d-b175a8e7f560 0.051s
2025-01-24 15:33:31.861 69038 INFO tempest.lib.common.rest_client [req-9a61ee90-f5a3-4257-9ebb-274fa7684604 req-9a61ee90-f5a3-4257-9ebb-274fa7684604 ] Request (ServersTestJSON:setUpClass): 200 GET http://10.180.1.21/compute/v2.1/servers/40446072-d32f-48fd-969c-804d6ba39090 0.048s
2025-01-24 15:33:31.951 69056 INFO tempest.lib.common.rest_client [req-8f5f36e6-7683-475f-91bf-b6a357f341f5 req-8f5f36e6-7683-475f-91bf-b6a357f341f5 ] Request (AttachInterfacesV270Test:test_create_get_list_interfaces): 200 GET http://10.180.1.21/compute/v2.1/servers/487c7020-7988-4574-8ca6-e3eaa42bcc6b 0.176s
2025-01-24 15:33:31.967 69046 INFO tempest.lib.common.rest_client [req-f3280589-d38a-432c-b90e-2fd17ce8ed8a req-f3280589-d38a-432c-b90e-2fd17ce8ed8a ] Request (ServersNegativeTestMultiTenantJSON:setUpClass): 200 GET http://10.180.1.21/compute/v2.1/servers/8a7d2d06-8b83-4222-a3b1-30fde73fabf5 0.053s
2025-01-24 15:33:32.010 69016 INFO tempest.lib.common.rest_client [req-0b516bbd-723a-4fb9-bc6f-31a6cfb2bb86 req-0b516bbd-723a-4fb9-bc6f-31a6cfb2bb86 ] Request (ImagesTestJSON:test_create_image_from_suspended_server): 200 GET http://10.180.1.21/compute/v2.1/servers/a497e6f2-688f-4829-b012-b562ebee02b3 0.053s
2025-01-24 15:33:32.046 69050 INFO tempest.lib.common.rest_client [req-79971d86-b8a5-43c1-80ab-8428d2310849 req-79971d86-b8a5-43c1-80ab-8428d2310849 ] Request (DeleteServersAdminTestJSON:test_delete_server_while_in_error_state): 200 GET http://10.180.1.21/compute/v2.1/servers/b4d8b42a-7534-4161-ad3f-5c4ce1f230ef 0.061s
2025-01-24 15:33:32.053 69050 INFO tempest.common.waiters [-] State transition "BUILD/spawning" ==> "ERROR/None" after 101 second wait
2025-01-24 15:33:32.091 69010 INFO tempest.lib.common.rest_client [req-9c24ca62-ec8f-474c-9171-52c360f0f651 req-9c24ca62-ec8f-474c-9171-52c360f0f651 ] Request (ServerPasswordTestJSON:setUpClass): 200 GET http://10.180.1.21/compute/v2.1/servers/f969e755-0e04-4e83-8787-67778a01c650 0.053s
2025-01-24 15:33:32.093 68998 INFO tempest.lib.common.rest_client [req-7bf1bc85-9d8b-48b8-937a-2a2b3195a87b req-7bf1bc85-9d8b-48b8-937a-2a2b3195a87b ] Request (ServerAddressesTestJSON:setUpClass): 200 GET http://10.180.1.21/compute/v2.1/servers/ebe70002-567d-4d67-ae7b-7f109da67c33 0.058s
2025-01-24 15:33:32.137 69028 INFO tempest.lib.common.rest_client [req-082e45b2-c0bc-4964-a243-2deee5303027 req-082e45b2-c0bc-4964-a243-2deee5303027 ] Request (SecurityGroupsTestJSON:test_list_security_groups_by_server): 200 GET http://10.180.1.21/compute/v2.1/servers/629ee994-5915-40ee-81d9-ce4bf88566fe 0.061s
2025-01-24 15:33:32.202 69002 INFO tempest.lib.common.rest_client [req-4b8070e6-6813-45e6-a2ce-a7603b950760 req-4b8070e6-6813-45e6-a2ce-a7603b950760 ] Request (ServersTestFqdnHostnames:test_create_server_with_fqdn_name): 200 GET http://10.180.1.21/compute/v2.1/servers/2ff8e5db-f0d7-4b7f-920f-68de2ed9e896 0.117s
2025-01-24 15:33:32.243 69006 INFO tempest.lib.common.rest_client [req-ecd80146-b23e-475a-95c1-155c5c195f68 req-ecd80146-b23e-475a-95c1-155c5c195f68 ] Request (ServersAdminTestJSON:tearDownClass): 204 DELETE http://10.180.1.21:9696/networking/v2.0/routers/b282a33b-38a0-4f1f-b5bc-9974a5adce57 0.519s
2025-01-24 15:33:32.248 69004 INFO tempest.lib.common.rest_client [req-f5c3d1bc-ce6f-4119-b956-3d96f07fc840 req-f5c3d1bc-ce6f-4119-b956-3d96f07fc840 ] Request (ServerMetadataNegativeTestJSON:setUpClass): 200 GET http://10.180.1.21/compute/v2.1/servers/23087325-12b7-4b33-b458-10e6dbc08166 0.125s
2025-01-24 15:33:32.267 69050 INFO tempest.lib.common.rest_client [req-54475df7-d4c1-4db6-9bd7-667f9ee9e455 req-54475df7-d4c1-4db6-9bd7-667f9ee9e455 ] Request (DeleteServersAdminTestJSON:test_delete_server_while_in_error_state): 204 DELETE http://10.180.1.21/compute/v2.1/servers/b4d8b42a-7534-4161-ad3f-5c4ce1f230ef 0.213s
2025-01-24 15:33:32.297 69040 INFO tempest.lib.common.rest_client [req-5044fea8-77e5-455e-9239-3a3d47555467 req-5044fea8-77e5-455e-9239-3a3d47555467 ] Request (FloatingIPsAssociationNegativeTestJSON:setUpClass): 200 GET http://10.180.1.21/compute/v2.1/servers/c1e4358e-6197-486f-8790-207819e793cd 0.149s
2025-01-24 15:33:32.325 69052 INFO tempest.lib.common.rest_client [req-63ee4858-23f2-4ed5-9010-553f87e730b7 req-63ee4858-23f2-4ed5-9010-553f87e730b7 ] Request (ServerActionsV293TestJSON:setUpClass): 200 GET http://10.180.1.21/compute/v2.1/servers/8f132093-06cd-4088-b9c8-697a9f2c7673 0.142s
2025-01-24 15:33:32.345 69026 INFO tempest.lib.common.rest_client [req-985195b0-c219-4c41-99be-21cc1c7319ae req-985195b0-c219-4c41-99be-21cc1c7319ae ] Request (ServerActionsTestOtherA:setUpClass): 200 GET http://10.180.1.21/compute/v2.1/servers/bc228fb4-8d69-4dbe-8130-09f8c1e5ffcb 0.150s
2025-01-24 15:33:32.372 69024 INFO tempest.lib.common.rest_client [req-a93440fd-54f2-4f34-a097-b32b19e212ab req-a93440fd-54f2-4f34-a097-b32b19e212ab ] Request (AttachInterfacesUnderV243Test:test_add_remove_fixed_ip): 200 GET http://10.180.1.21/compute/v2.1/servers/a2f08306-adb8-49fe-8eb0-6a2aec307a44 0.132s
2025-01-24 15:33:32.386 69006 INFO tempest.lib.common.rest_client [req-e69eb288-c8ab-4e0f-9b0b-19947b5ef003 req-e69eb288-c8ab-4e0f-9b0b-19947b5ef003 ] Request (ServersAdminTestJSON:tearDownClass): 204 DELETE http://10.180.1.21:9696/networking/v2.0/subnets/694c61a8-aa23-4b5f-ac6b-43e1e869ad05 0.142s
2025-01-24 15:33:32.391 69058 INFO tempest.lib.common.rest_client [req-ad92ede9-e93a-4a93-ab88-2e4519ef7ba2 req-ad92ede9-e93a-4a93-ab88-2e4519ef7ba2 ] Request (MigrationsAdminTest:test_resize_server_revert_deleted_flavor): 200 GET http://10.180.1.21/compute/v2.1/servers/a94df31d-4d92-43cd-951d-4541d724b4db 0.147s
2025-01-24 15:33:32.392 69050 INFO tempest.lib.common.rest_client [req-357fb15b-1acc-4fb0-902b-49cb5a4795ac req-357fb15b-1acc-4fb0-902b-49cb5a4795ac ] Request (DeleteServersAdminTestJSON:test_delete_server_while_in_error_state): 404 GET http://10.180.1.21/compute/v2.1/servers/b4d8b42a-7534-4161-ad3f-5c4ce1f230ef 0.125s
2025-01-24 15:33:32.433 69044 INFO tempest.lib.common.rest_client [req-d8b1687b-1a94-4632-8914-5dc863d37a3f req-d8b1687b-1a94-4632-8914-5dc863d37a3f ] Request (ServerAddressesNegativeTestJSON:setUpClass): 200 GET http://10.180.1.21/compute/v2.1/servers/a557f91e-2d8f-43b0-85f5-fc6f99de391c 0.139s
2025-01-24 15:33:32.438 69018 INFO tempest.lib.common.rest_client [req-dee52a8d-8d2e-4ac6-84fd-d1c04c3068b9 req-dee52a8d-8d2e-4ac6-84fd-d1c04c3068b9 ] Request (ServerExternalEventsTest:test_create_server_external_events): 200 GET http://10.180.1.21/compute/v2.1/servers/8fd2b6cf-3eea-4f7d-9ad5-23fd179c8a20 0.134s
2025-01-24 15:33:32.486 69000 INFO tempest.lib.common.rest_client [req-20847f6f-f5b9-4779-931f-41c5ab9da303 req-20847f6f-f5b9-4779-931f-41c5ab9da303 ] Request (VolumesAdminNegativeTest:test_update_attached_volume_with_nonexistent_volume_in_uri): 200 GET http://10.180.1.21/compute/v2.1/servers/8280b3aa-6912-4e82-b02b-2f4d225e8248 0.054s
2025-01-24 15:33:32.489 69050 INFO tempest.lib.common.rest_client [req-996bdd9f-30d3-484b-ad21-73474a1fb71f req-996bdd9f-30d3-484b-ad21-73474a1fb71f ] Request (DeleteServersAdminTestJSON:tearDownClass): 204 DELETE http://10.180.1.21/identity/v3/users/28b25387b4f2411aa1c3cac187c3259f 0.093s
2025-01-24 15:33:32.489 69042 INFO tempest.lib.common.rest_client [req-fb07e939-6ab0-4196-9a9a-59266ee4fe66 req-fb07e939-6ab0-4196-9a9a-59266ee4fe66 ] Request (MultipleCreateTestJSON:test_multiple_create_with_reservation_return): 200 GET http://10.180.1.21/compute/v2.1/servers/52d71232-bb12-4cb7-a808-ba515cba0c7e 0.054s
2025-01-24 15:33:32.535 69008 INFO tempest.lib.common.rest_client [req-6a39e305-d13d-4440-80ef-5cf0dd8ec575 req-6a39e305-d13d-4440-80ef-5cf0dd8ec575 ] Request (ServerDiagnosticsNegativeTest:test_get_server_diagnostics_by_non_admin): 200 GET http://10.180.1.21/compute/v2.1/servers/095b8e7c-f874-47a6-9fd7-b1c2ad7c034f 0.057s
2025-01-24 15:33:32.573 69022 INFO tempest.lib.common.rest_client [req-e9bbadbd-d186-41a6-b553-fb6bdaa323cb req-e9bbadbd-d186-41a6-b553-fb6bdaa323cb ] Request (ServersTestBootFromVolume:setUpClass): 200 GET http://10.180.1.21/compute/v2.1/servers/e436dad5-1d89-4804-bbe7-b6578f019a85 0.058s
2025-01-24 15:33:32.585 68996 INFO tempest.lib.common.rest_client [req-4fb2f03b-d5ff-4bdf-9717-ff6453f13839 req-4fb2f03b-d5ff-4bdf-9717-ff6453f13839 ] Request (DeleteServersTestJSON:test_delete_active_server): 200 GET http://10.180.1.21/compute/v2.1/servers/4e245e30-2604-4710-bfdb-b35a8aa503a3 0.053s
2025-01-24 15:33:32.629 69050 INFO tempest.lib.common.rest_client [req-ceb06878-7d01-4070-8a66-493a9c1322a9 req-ceb06878-7d01-4070-8a66-493a9c1322a9 ] Request (DeleteServersAdminTestJSON:tearDownClass): 204 DELETE http://10.180.1.21/identity/v3/users/a2e4ae8823204d4f8ede47e80af5424a 0.140s
2025-01-24 15:33:32.629 69050 INFO tempest.lib.common.dynamic_creds [-] Deleting project and security group for project: 3718e9ffd6b94c5696668dfb88ccb2bb
2025-01-24 15:33:32.631 69013 INFO tempest.lib.common.rest_client [req-c9cc8923-a3a2-486e-a1b2-ac8667bad330 req-c9cc8923-a3a2-486e-a1b2-ac8667bad330 ] Request (ImagesOneServerNegativeTestJSON:setUpClass): 200 GET http://10.180.1.21/compute/v2.1/servers/5ccfd29a-e5e9-4d02-b2f0-63f3d63a4438 0.069s
2025-01-24 15:33:32.659 69006 INFO tempest.lib.common.rest_client [req-cf38ef66-f9e9-4da5-be73-06e6cff73f00 req-cf38ef66-f9e9-4da5-be73-06e6cff73f00 ] Request (ServersAdminTestJSON:tearDownClass): 204 DELETE http://10.180.1.21:9696/networking/v2.0/networks/72358c57-728c-4b43-95d8-303fa0995213 0.273s
2025-01-24 15:33:32.685 69036 INFO tempest.lib.common.rest_client [req-8d1f49f2-60dc-4745-a03c-885e5dac75b6 req-8d1f49f2-60dc-4745-a03c-885e5dac75b6 ] Request (ServerShowV257Test:test_rebuild_server): 200 GET http://10.180.1.21/compute/v2.1/servers/357fa971-d349-48cf-9b92-769353a96331 0.062s
2025-01-24 15:33:32.691 69020 INFO tempest.lib.common.rest_client [req-b8c233a8-0c1d-4786-957b-28b5e5687c2d req-b8c233a8-0c1d-4786-957b-28b5e5687c2d ] Request (InstanceActionsNegativeTestJSON:setUpClass): 200 GET http://10.180.1.21/compute/v2.1/servers/ed457063-e608-41c0-b919-bd417529b3b9 0.060s
2025-01-24 15:33:32.699 69050 INFO tempest.lib.common.rest_client [req-a5570656-e806-464e-b816-e9c264a1c608 req-a5570656-e806-464e-b816-e9c264a1c608 ] Request (DeleteServersAdminTestJSON:tearDownClass): 201 POST http://10.180.1.21/identity/v3/auth/tokens 0.070s
2025-01-24 15:33:32.745 69048 INFO tempest.lib.common.rest_client [req-cf273342-0d11-4cc5-bd4c-6256630fd4a7 req-cf273342-0d11-4cc5-bd4c-6256630fd4a7 ] Request (ServerDiskConfigTestJSON:test_rebuild_server_with_auto_disk_config): 200 GET http://10.180.1.21/compute/v2.1/servers/b4d44a1b-4e7a-44e4-9fae-78a76fd0ac92 0.070s
2025-01-24 15:33:32.767 69034 INFO tempest.lib.common.rest_client [req-dd22fe07-cfab-4919-945b-421cf4890b1a req-dd22fe07-cfab-4919-945b-421cf4890b1a ] Request (AttachInterfacesTestJSON:test_create_list_show_delete_interfaces_by_fixed_ip): 200 GET http://10.180.1.21/compute/v2.1/servers/3b9a024a-940a-4dfd-bfe7-5131bb5c0e17 0.050s
2025-01-24 15:33:32.851 69030 INFO tempest.lib.common.rest_client [req-563882c2-a2c4-4f23-8eea-332e802278fb req-563882c2-a2c4-4f23-8eea-332e802278fb ] Request (ServerTagsTestJSON:setUpClass): 200 GET http://10.180.1.21/compute/v2.1/servers/684c94ee-8f17-42cc-848d-b175a8e7f560 0.059s
2025-01-24 15:33:32.877 69050 INFO tempest.lib.common.rest_client [req-3b6a3cdc-3e8a-4268-8dc6-ca47eeb3d97e req-3b6a3cdc-3e8a-4268-8dc6-ca47eeb3d97e ] Request (DeleteServersAdminTestJSON:tearDownClass): 200 GET http://10.180.1.21:9696/networking/v2.0/security-groups?tenant_id=3718e9ffd6b94c5696668dfb88ccb2bb&name=default 0.177s
2025-01-24 15:33:32.923 69038 INFO tempest.lib.common.rest_client [req-ca44c439-b1fc-4376-8ba0-47a785aa4192 req-ca44c439-b1fc-4376-8ba0-47a785aa4192 ] Request (ServersTestJSON:setUpClass): 200 GET http://10.180.1.21/compute/v2.1/servers/40446072-d32f-48fd-969c-804d6ba39090 0.054s
2025-01-24 15:33:32.946 69050 INFO tempest.lib.common.rest_client [req-42e819d2-7357-4425-95cc-5d3a1b9f85de req-42e819d2-7357-4425-95cc-5d3a1b9f85de ] Request (DeleteServersAdminTestJSON:tearDownClass): 204 DELETE http://10.180.1.21:9696/networking/v2.0/security-groups/053f6b2e-9752-4842-acb0-6edd99ab1515 0.069s
2025-01-24 15:33:33.003 69050 INFO tempest.lib.common.rest_client [req-18e4a92a-60c0-4219-b984-68cb5f951d52 req-18e4a92a-60c0-4219-b984-68cb5f951d52 ] Request (DeleteServersAdminTestJSON:tearDownClass): 204 DELETE http://10.180.1.21/identity/v3/projects/3718e9ffd6b94c5696668dfb88ccb2bb 0.056s
2025-01-24 15:33:33.004 69050 INFO tempest.lib.common.dynamic_creds [-] Deleting project and security group for project: 59a3e0c83b5246228f8fa592eb80965a
2025-01-24 15:33:33.011 69056 INFO tempest.lib.common.rest_client [req-f2be01ee-ecba-474e-a473-ad3a25fe671b req-f2be01ee-ecba-474e-a473-ad3a25fe671b ] Request (AttachInterfacesV270Test:test_create_get_list_interfaces): 200 GET http://10.180.1.21/compute/v2.1/servers/487c7020-7988-4574-8ca6-e3eaa42bcc6b 0.049s
2025-01-24 15:33:33.025 69046 INFO tempest.lib.common.rest_client [req-88230490-fec7-4028-9a97-3bc076fe4d4e req-88230490-fec7-4028-9a97-3bc076fe4d4e ] Request (ServersNegativeTestMultiTenantJSON:setUpClass): 200 GET http://10.180.1.21/compute/v2.1/servers/8a7d2d06-8b83-4222-a3b1-30fde73fabf5 0.050s
2025-01-24 15:33:33.031 69050 INFO tempest.lib.common.rest_client [req-4134f4b1-d72d-4feb-be98-d1de0dee704a req-4134f4b1-d72d-4feb-be98-d1de0dee704a ] Request (DeleteServersAdminTestJSON:tearDownClass): 200 GET http://10.180.1.21:9696/networking/v2.0/security-groups?tenant_id=59a3e0c83b5246228f8fa592eb80965a&name=default 0.027s
2025-01-24 15:33:33.069 69016 INFO tempest.lib.common.rest_client [req-5391474c-26bd-48a0-86c5-1d74a47c7390 req-5391474c-26bd-48a0-86c5-1d74a47c7390 ] Request (ImagesTestJSON:test_create_image_from_suspended_server): 200 GET http://10.180.1.21/compute/v2.1/servers/a497e6f2-688f-4829-b012-b562ebee02b3 0.051s
2025-01-24 15:33:33.117 69050 INFO tempest.lib.common.rest_client [req-252f9438-634c-4695-8deb-6bef2620ecfd req-252f9438-634c-4695-8deb-6bef2620ecfd ] Request (DeleteServersAdminTestJSON:tearDownClass): 204 DELETE http://10.180.1.21:9696/networking/v2.0/security-groups/8c032c43-519c-4c95-bfd3-6ef21ebee580 0.085s
2025-01-24 15:33:33.161 68998 INFO tempest.lib.common.rest_client [req-498704af-42d4-45a6-a918-3d8b500e4feb req-498704af-42d4-45a6-a918-3d8b500e4feb ] Request (ServerAddressesTestJSON:setUpClass): 200 GET http://10.180.1.21/compute/v2.1/servers/ebe70002-567d-4d67-ae7b-7f109da67c33 0.059s
2025-01-24 15:33:33.165 69010 INFO tempest.lib.common.rest_client [req-4e0b0e49-e339-4e78-a19e-a5f6f9fb08a0 req-4e0b0e49-e339-4e78-a19e-a5f6f9fb08a0 ] Request (ServerPasswordTestJSON:setUpClass): 200 GET http://10.180.1.21/compute/v2.1/servers/f969e755-0e04-4e83-8787-67778a01c650 0.065s
2025-01-24 15:33:33.217 69050 INFO tempest.lib.common.rest_client [req-2865cbb9-4d1a-4780-9740-484afbad1d59 req-2865cbb9-4d1a-4780-9740-484afbad1d59 ] Request (DeleteServersAdminTestJSON:tearDownClass): 204 DELETE http://10.180.1.21/identity/v3/projects/59a3e0c83b5246228f8fa592eb80965a 0.100s
2025-01-24 15:33:33.224 69028 INFO tempest.lib.common.rest_client [req-a52c4ec5-b203-4304-a66f-994c5693d063 req-a52c4ec5-b203-4304-a66f-994c5693d063 ] Request (SecurityGroupsTestJSON:test_list_security_groups_by_server): 200 GET http://10.180.1.21/compute/v2.1/servers/629ee994-5915-40ee-81d9-ce4bf88566fe 0.077s
2025-01-24 15:33:33.265 69002 INFO tempest.lib.common.rest_client [req-9c57389b-f321-4abd-9339-f2658b978068 req-9c57389b-f321-4abd-9339-f2658b978068 ] Request (ServersTestFqdnHostnames:test_create_server_with_fqdn_name): 200 GET http://10.180.1.21/compute/v2.1/servers/2ff8e5db-f0d7-4b7f-920f-68de2ed9e896 0.055s
2025-01-24 15:33:33.272 69050 INFO tempest.lib.common.rest_client [req-8992b9d8-7265-4532-a3e5-c6fd38512090 req-8992b9d8-7265-4532-a3e5-c6fd38512090 ] Request (ListServerFiltersTestJSON:setUpClass): 201 POST http://10.180.1.21/identity/v3/auth/tokens 0.053s
2025-01-24 15:33:33.299 69050 INFO tempest.lib.common.rest_client [req-15f16ab0-3c7d-4b01-b505-fbd8d122650b req-15f16ab0-3c7d-4b01-b505-fbd8d122650b ] Request (ListServerFiltersTestJSON:setUpClass): 201 POST http://10.180.1.21/identity/v3/auth/tokens 0.025s
2025-01-24 15:33:33.305 69004 INFO tempest.lib.common.rest_client [req-4ade1129-bf78-43f1-9e84-55e7d4c039df req-4ade1129-bf78-43f1-9e84-55e7d4c039df ] Request (ServerMetadataNegativeTestJSON:setUpClass): 200 GET http://10.180.1.21/compute/v2.1/servers/23087325-12b7-4b33-b458-10e6dbc08166 0.050s
2025-01-24 15:33:33.322 69050 INFO tempest.lib.common.rest_client [req-a5f57ddd-18e1-4123-93d5-c6219faf425c req-a5f57ddd-18e1-4123-93d5-c6219faf425c ] Request (ListServerFiltersTestJSON:setUpClass): 200 GET http://10.180.1.21/identity/v3/domains?name=Default 0.022s
2025-01-24 15:33:33.347 69050 INFO tempest.lib.common.rest_client [req-899c4c80-b992-4a46-828d-84a5171d437e req-899c4c80-b992-4a46-828d-84a5171d437e ] Request (ListServerFiltersTestJSON:setUpClass): 201 POST http://10.180.1.21/identity/v3/projects 0.024s
2025-01-24 15:33:33.356 69006 INFO tempest.lib.common.rest_client [req-aa657fac-e57c-4949-9095-f3695f9179a3 req-aa657fac-e57c-4949-9095-f3695f9179a3 ] Request (ServersAdminTestJSON:tearDownClass): 200 PUT http://10.180.1.21:9696/networking/v2.0/routers/1a227673-36ec-487f-a74e-39cf569effe7/remove_router_interface 0.696s
2025-01-24 15:33:33.365 69040 INFO tempest.lib.common.rest_client [req-99dfea12-9711-4392-b8ea-48d57795d6d9 req-99dfea12-9711-4392-b8ea-48d57795d6d9 ] Request (FloatingIPsAssociationNegativeTestJSON:setUpClass): 200 GET http://10.180.1.21/compute/v2.1/servers/c1e4358e-6197-486f-8790-207819e793cd 0.058s
2025-01-24 15:33:33.401 69050 INFO tempest.lib.common.rest_client [req-9d4d9b57-3ae1-48ee-96ae-a6cd68c1c509 req-9d4d9b57-3ae1-48ee-96ae-a6cd68c1c509 ] Request (ListServerFiltersTestJSON:setUpClass): 201 POST http://10.180.1.21/identity/v3/users 0.054s
2025-01-24 15:33:33.405 69052 INFO tempest.lib.common.rest_client [req-7ae6dda5-e4fc-44d7-acda-35ee49b00050 req-7ae6dda5-e4fc-44d7-acda-35ee49b00050 ] Request (ServerActionsV293TestJSON:setUpClass): 200 GET http://10.180.1.21/compute/v2.1/servers/8f132093-06cd-4088-b9c8-697a9f2c7673 0.070s
2025-01-24 15:33:33.408 69026 INFO tempest.lib.common.rest_client [req-3393b520-913a-424e-a1ec-2678068222bb req-3393b520-913a-424e-a1ec-2678068222bb ] Request (ServerActionsTestOtherA:setUpClass): 200 GET http://10.180.1.21/compute/v2.1/servers/bc228fb4-8d69-4dbe-8130-09f8c1e5ffcb 0.055s
2025-01-24 15:33:33.430 69050 INFO tempest.lib.common.rest_client [req-a30ca20b-b678-4335-b9ec-0b34063413bd req-a30ca20b-b678-4335-b9ec-0b34063413bd ] Request (ListServerFiltersTestJSON:setUpClass): 200 GET http://10.180.1.21/identity/v3/roles 0.029s
2025-01-24 15:33:33.453 69058 INFO tempest.lib.common.rest_client [req-d60e6076-61ab-43fd-9dab-3784a652b196 req-d60e6076-61ab-43fd-9dab-3784a652b196 ] Request (MigrationsAdminTest:test_resize_server_revert_deleted_flavor): 200 GET http://10.180.1.21/compute/v2.1/servers/a94df31d-4d92-43cd-951d-4541d724b4db 0.055s
2025-01-24 15:33:33.458 69050 INFO tempest.lib.common.rest_client [req-6aaccae3-9a60-4562-a9a8-353e7989ac02 req-6aaccae3-9a60-4562-a9a8-353e7989ac02 ] Request (ListServerFiltersTestJSON:setUpClass): 204 PUT http://10.180.1.21/identity/v3/projects/2b358ec71a7643b18b1cfa0fb1c77e17/users/24f9c9d1c01f4a9fba6d058205b45517/roles/d928ee8036414a2e851e55930c94292a 0.027s
2025-01-24 15:33:33.458 69050 INFO tempest.lib.common.dynamic_creds [-] Dynamic test user 24f9c9d1c01f4a9fba6d058205b45517 is created with scope project and roles: ['member']
2025-01-24 15:33:33.458 69050 INFO tempest.lib.common.dynamic_creds [-] Acquired dynamic creds: credentials: Credentials: {'domain_id': 'default', 'domain_name': 'Default', 'username': 'tempest-ListServerFiltersTestJSON-1338001093-project-member', 'project_domain_id': 'default', 'project_domain_name': 'Default', 'project_id': '2b358ec71a7643b18b1cfa0fb1c77e17', 'project_name': 'tempest-ListServerFiltersTestJSON-1338001093', 'tenant_id': '2b358ec71a7643b18b1cfa0fb1c77e17', 'tenant_name': 'tempest-ListServerFiltersTestJSON-1338001093', 'user_domain_id': 'default', 'user_domain_name': 'Default', 'user_id': '24f9c9d1c01f4a9fba6d058205b45517', 'system': None}, Network: None, Subnet: None, Router: None
2025-01-24 15:33:33.469 69024 INFO tempest.lib.common.rest_client [req-f824450b-c7e5-4ba3-9d9c-b6ca4cb3cf12 req-f824450b-c7e5-4ba3-9d9c-b6ca4cb3cf12 ] Request (AttachInterfacesUnderV243Test:test_add_remove_fixed_ip): 200 GET http://10.180.1.21/compute/v2.1/servers/a2f08306-adb8-49fe-8eb0-6a2aec307a44 0.088s
2025-01-24 15:33:33.476 69024 INFO tempest.common.waiters [-] State transition "BUILD/scheduling" ==> "BUILD/None" after 79 second wait
2025-01-24 15:33:33.500 69044 INFO tempest.lib.common.rest_client [req-be97e4eb-da10-4248-b2cd-6ef5c612c93b req-be97e4eb-da10-4248-b2cd-6ef5c612c93b ] Request (ServerAddressesNegativeTestJSON:setUpClass): 200 GET http://10.180.1.21/compute/v2.1/servers/a557f91e-2d8f-43b0-85f5-fc6f99de391c 0.059s
2025-01-24 15:33:33.519 69018 INFO tempest.lib.common.rest_client [req-db0aae35-b8cf-4617-b853-d8640ca5c5ed req-db0aae35-b8cf-4617-b853-d8640ca5c5ed ] Request (ServerExternalEventsTest:test_create_server_external_events): 200 GET http://10.180.1.21/compute/v2.1/servers/8fd2b6cf-3eea-4f7d-9ad5-23fd179c8a20 0.073s
2025-01-24 15:33:33.521 69050 INFO tempest.lib.common.rest_client [req-6ba781cf-899f-4748-aa0d-4cb85c85e0af req-6ba781cf-899f-4748-aa0d-4cb85c85e0af ] Request (ListServerFiltersTestJSON:setUpClass): 201 POST http://10.180.1.21/identity/v3/auth/tokens 0.063s
2025-01-24 15:33:33.549 69000 INFO tempest.lib.common.rest_client [req-ed1ae412-ef1a-43fc-a3f0-df4c5eb4ae57 req-ed1ae412-ef1a-43fc-a3f0-df4c5eb4ae57 ] Request (VolumesAdminNegativeTest:test_update_attached_volume_with_nonexistent_volume_in_uri): 200 GET http://10.180.1.21/compute/v2.1/servers/8280b3aa-6912-4e82-b02b-2f4d225e8248 0.056s
2025-01-24 15:33:33.572 69042 INFO tempest.lib.common.rest_client [req-474f09ba-e797-4751-872e-420174344332 req-474f09ba-e797-4751-872e-420174344332 ] Request (MultipleCreateTestJSON:test_multiple_create_with_reservation_return): 200 GET http://10.180.1.21/compute/v2.1/servers/52d71232-bb12-4cb7-a808-ba515cba0c7e 0.075s
2025-01-24 15:33:33.595 69008 INFO tempest.lib.common.rest_client [req-ec98b908-98d5-4011-8ef0-b794b3ca1d5e req-ec98b908-98d5-4011-8ef0-b794b3ca1d5e ] Request (ServerDiagnosticsNegativeTest:test_get_server_diagnostics_by_non_admin): 200 GET http://10.180.1.21/compute/v2.1/servers/095b8e7c-f874-47a6-9fd7-b1c2ad7c034f 0.049s
2025-01-24 15:33:33.640 68996 INFO tempest.lib.common.rest_client [req-240e1803-b5b0-48ae-b286-335a1a89fdfb req-240e1803-b5b0-48ae-b286-335a1a89fdfb ] Request (DeleteServersTestJSON:test_delete_active_server): 200 GET http://10.180.1.21/compute/v2.1/servers/4e245e30-2604-4710-bfdb-b35a8aa503a3 0.046s
2025-01-24 15:33:33.656 69022 INFO tempest.lib.common.rest_client [req-38d26035-85fe-4f2c-ae09-f14d8f4e9fdd req-38d26035-85fe-4f2c-ae09-f14d8f4e9fdd ] Request (ServersTestBootFromVolume:setUpClass): 200 GET http://10.180.1.21/compute/v2.1/servers/e436dad5-1d89-4804-bbe7-b6578f019a85 0.075s
2025-01-24 15:33:33.687 69013 INFO tempest.lib.common.rest_client [req-49df4477-be73-47c3-a4a8-08382b49aa8c req-49df4477-be73-47c3-a4a8-08382b49aa8c ] Request (ImagesOneServerNegativeTestJSON:setUpClass): 200 GET http://10.180.1.21/compute/v2.1/servers/5ccfd29a-e5e9-4d02-b2f0-63f3d63a4438 0.048s
2025-01-24 15:33:33.746 69020 INFO tempest.lib.common.rest_client [req-e2dc5a47-fa91-4f43-bd16-13026297c50c req-e2dc5a47-fa91-4f43-bd16-13026297c50c ] Request (InstanceActionsNegativeTestJSON:setUpClass): 200 GET http://10.180.1.21/compute/v2.1/servers/ed457063-e608-41c0-b919-bd417529b3b9 0.045s
2025-01-24 15:33:33.771 69036 INFO tempest.lib.common.rest_client [req-e4748a87-3eb2-482b-ae14-5155b0cc8c5f req-e4748a87-3eb2-482b-ae14-5155b0cc8c5f ] Request (ServerShowV257Test:test_rebuild_server): 200 GET http://10.180.1.21/compute/v2.1/servers/357fa971-d349-48cf-9b92-769353a96331 0.070s
