2025-01-24 15:31:21.615 69036 INFO tempest.lib.common.dynamic_creds [-] Acquired dynamic creds: credentials: Credentials: {'domain_id': 'default', 'domain_name': 'Default', 'username': 'tempest-VolumesAssistedSnapshotsTest-921999199-project-admin', 'project_domain_id': 'default', 'project_domain_name': 'Default', 'project_id': '4c6c3a2f1c8b4fbeb901862ea8917513', 'project_name': 'tempest-VolumesAssistedSnapshotsTest-921999199', 'tenant_id': '4c6c3a2f1c8b4fbeb901862ea8917513', 'tenant_name': 'tempest-VolumesAssistedSnapshotsTest-921999199', 'user_domain_id': 'default', 'user_domain_name': 'Default', 'user_id': '3cd5ae445837488c962e134f5fdd82bc', 'system': None}, Network: None, Subnet: None, Router: None
2025-01-24 15:31:21.662 69056 INFO tempest.lib.common.rest_client [req-dc530df1-818d-44aa-9d11-a4c4d3404424 req-dc530df1-818d-44aa-9d11-a4c4d3404424 ] Request (FlavorsAccessNegativeTestJSON:setUpClass): 200 GET http://10.180.1.21/identity/v3/roles 0.169s
2025-01-24 15:31:21.689 69034 INFO tempest.lib.common.rest_client [req-b56e1e77-144a-4035-811a-360e045372de req-b56e1e77-144a-4035-811a-360e045372de ] Request (SecurityGroupsTestAdminJSON:setUpClass): 201 POST http://10.180.1.21/identity/v3/projects 0.141s
2025-01-24 15:31:21.733 69038 INFO tempest.lib.common.rest_client [req-53c48f68-b99a-4914-b260-a4d1c36d48bb req-53c48f68-b99a-4914-b260-a4d1c36d48bb ] Request (HypervisorAdminV228Test:test_get_list_hypervisor_details): 200 GET http://10.180.1.21/compute/v2.1/os-hypervisors 1.603s
2025-01-24 15:31:21.832 69030 INFO tempest.lib.common.rest_client [req-9d0e96d7-5918-477b-aaae-b10333ce879a req-9d0e96d7-5918-477b-aaae-b10333ce879a ] Request (ServerActionsTestOtherB:setUpClass): 201 POST http://10.180.1.21:9696/networking/v2.0/networks 0.468s
2025-01-24 15:31:21.835 69056 INFO tempest.lib.common.rest_client [req-16466d7f-ddc2-4e46-90ad-1b1225d039db req-16466d7f-ddc2-4e46-90ad-1b1225d039db ] Request (FlavorsAccessNegativeTestJSON:setUpClass): 204 PUT http://10.180.1.21/identity/v3/projects/f2476db65a1640b2bd44afdceb15e954/users/abd3cea9516c4dbc8ebd92eba6ea85d5/roles/d928ee8036414a2e851e55930c94292a 0.172s
2025-01-24 15:31:21.835 69056 INFO tempest.lib.common.dynamic_creds [-] Dynamic test user abd3cea9516c4dbc8ebd92eba6ea85d5 is created with scope project and roles: ['member']
2025-01-24 15:31:21.835 69056 INFO tempest.lib.common.dynamic_creds [-] Acquired dynamic creds: credentials: Credentials: {'domain_id': 'default', 'domain_name': 'Default', 'username': 'tempest-FlavorsAccessNegativeTestJSON-1467389112-project-member', 'project_domain_id': 'default', 'project_domain_name': 'Default', 'project_id': 'f2476db65a1640b2bd44afdceb15e954', 'project_name': 'tempest-FlavorsAccessNegativeTestJSON-1467389112', 'tenant_id': 'f2476db65a1640b2bd44afdceb15e954', 'tenant_name': 'tempest-FlavorsAccessNegativeTestJSON-1467389112', 'user_domain_id': 'default', 'user_domain_name': 'Default', 'user_id': 'abd3cea9516c4dbc8ebd92eba6ea85d5', 'system': None}, Network: None, Subnet: None, Router: None
2025-01-24 15:31:21.835 69056 INFO tempest.lib.common.dynamic_creds [-] Created isolated network resources for: credentials: Credentials: {'domain_id': 'default', 'domain_name': 'Default', 'username': 'tempest-FlavorsAccessNegativeTestJSON-1467389112-project-member', 'project_domain_id': 'default', 'project_domain_name': 'Default', 'project_id': 'f2476db65a1640b2bd44afdceb15e954', 'project_name': 'tempest-FlavorsAccessNegativeTestJSON-1467389112', 'tenant_id': 'f2476db65a1640b2bd44afdceb15e954', 'tenant_name': 'tempest-FlavorsAccessNegativeTestJSON-1467389112', 'user_domain_id': 'default', 'user_domain_name': 'Default', 'user_id': 'abd3cea9516c4dbc8ebd92eba6ea85d5', 'system': None}, Network: None, Subnet: None, Router: None
2025-01-24 15:31:21.884 69013 INFO tempest.lib.common.rest_client [req-b029c701-142f-4063-af31-2587b704f336 req-b029c701-142f-4063-af31-2587b704f336 ] Request (ServersWithSpecificFlavorTestJSON:setUpClass): 201 POST http://10.180.1.21:9696/networking/v2.0/subnets 0.276s
2025-01-24 15:31:21.891 69034 INFO tempest.lib.common.rest_client [req-2f4ad8df-25aa-4737-b38a-b32e32bbc628 req-2f4ad8df-25aa-4737-b38a-b32e32bbc628 ] Request (SecurityGroupsTestAdminJSON:setUpClass): 201 POST http://10.180.1.21/identity/v3/users 0.201s
2025-01-24 15:31:21.926 69008 INFO tempest.lib.common.rest_client [req-4525dd4b-618a-4ff0-b965-9f2326d608b7 req-4525dd4b-618a-4ff0-b965-9f2326d608b7 ] Request (AggregatesAdminNegativeTestJSON:_run_cleanups): 200 POST http://10.180.1.21/compute/v2.1/os-aggregates/1/action 2.226s
2025-01-24 15:31:21.945 69036 INFO tempest.lib.common.rest_client [req-b835a0b9-0a55-41b5-8cf6-6d78ebec6c5d req-b835a0b9-0a55-41b5-8cf6-6d78ebec6c5d ] Request (VolumesAssistedSnapshotsTest:setUpClass): 201 POST http://10.180.1.21:9696/networking/v2.0/networks 0.328s
2025-01-24 15:31:21.950 69048 INFO tempest.lib.common.rest_client [req-37f40bdd-44a6-45fd-8ddd-59030a1db57f req-37f40bdd-44a6-45fd-8ddd-59030a1db57f ] Request (HostsAdminTestJSON:test_list_hosts): 200 GET http://10.180.1.21/compute/v2.1/os-hosts 1.648s
2025-01-24 15:31:21.956 69056 INFO tempest.lib.common.rest_client [req-7f1af9b6-c936-4e93-b7ca-4d03a2ae6214 req-7f1af9b6-c936-4e93-b7ca-4d03a2ae6214 ] Request (FlavorsAccessNegativeTestJSON:setUpClass): 201 POST http://10.180.1.21/identity/v3/auth/tokens 0.118s
2025-01-24 15:31:21.956 69024 INFO tempest.lib.common.rest_client [req-b06d51d7-9581-4fe6-a0b4-36d43acf0e9e req-b06d51d7-9581-4fe6-a0b4-36d43acf0e9e ] Request (FlavorsExtraSpecsTestJSON:test_flavor_non_admin_get_all_keys): 200 POST http://10.180.1.21/compute/v2.1/flavors/311876326/os-extra_specs 1.620s
2025-01-24 15:31:21.957 69056 WARNING tempest.lib.common.rest_client [-] Deprecated: "tenant_id" property is deprecated for removal, use "project_id" instead
2025-01-24 15:31:21.976 69034 INFO tempest.lib.common.rest_client [req-4a5a78c4-18b4-435b-a06e-1e160d66203f req-4a5a78c4-18b4-435b-a06e-1e160d66203f ] Request (SecurityGroupsTestAdminJSON:setUpClass): 200 GET http://10.180.1.21/identity/v3/roles 0.084s
2025-01-24 15:31:22.021 69054 INFO tempest.lib.common.rest_client [req-fe7e7ee0-8740-4b4f-b40f-74ca4064d381 req-fe7e7ee0-8740-4b4f-b40f-74ca4064d381 ] Request (NetworksTest:tearDownClass): 200 GET http://10.180.1.21:9696/networking/v2.0/security-groups?tenant_id=5b50e206daf84c0cbf2fc869bf853f38&name=default 0.449s
2025-01-24 15:31:22.032 69000 INFO tempest.lib.common.rest_client [req-16a18bc2-145e-41d3-a3cc-7c60e6eb9ba4 req-16a18bc2-145e-41d3-a3cc-7c60e6eb9ba4 ] Request (VolumesAdminNegativeTest:setUpClass): 200 PUT http://10.180.1.21:9696/networking/v2.0/routers/cc4ee4d8-5596-4cba-9b26-3fb013421eca/add_router_interface 1.048s
2025-01-24 15:31:22.033 69000 INFO tempest.lib.common.dynamic_creds [-] Created isolated network resources for: credentials: Credentials: {'domain_id': 'default', 'domain_name': 'Default', 'username': 'tempest-VolumesAdminNegativeTest-1905660074-project-admin', 'project_domain_id': 'default', 'project_domain_name': 'Default', 'project_id': '138ed2590a5d4f9db3415247d3891d4e', 'project_name': 'tempest-VolumesAdminNegativeTest-1905660074', 'tenant_id': '138ed2590a5d4f9db3415247d3891d4e', 'tenant_name': 'tempest-VolumesAdminNegativeTest-1905660074', 'user_domain_id': 'default', 'user_domain_name': 'Default', 'user_id': 'f4f41dce1bc2442cb7b33ffaaa9c8f3f', 'system': None}, Network: {'id': 'b085f36f-f631-4f13-ab60-0114fd86b9fc', 'name': 'tempest-VolumesAdminNegativeTest-1373081505-network', 'tenant_id': '138ed2590a5d4f9db3415247d3891d4e', 'admin_state_up': True, 'mtu': 8950, 'status': 'ACTIVE', 'subnets': [], 'shared': False, 'project_id': '138ed2590a5d4f9db3415247d3891d4e', 'port_security_enabled': True, 'router:external': False, 'provider:network_type': 'vlan', 'provider:physical_network': 'default', 'provider:segmentation_id': 659, 'availability_zone_hints': [], 'availability_zones': [], 'ipv4_address_scope': None, 'ipv6_address_scope': None, 'description': '', 'tags': [], 'created_at': '2025-01-24T15:31:20Z', 'updated_at': '2025-01-24T15:31:20Z', 'revision_number': 1}, Subnet: {'id': '753d4f69-a66b-4d66-aeff-b96829b1373f', 'name': 'tempest-VolumesAdminNegativeTest-1373081505-subnet', 'tenant_id': '138ed2590a5d4f9db3415247d3891d4e', 'network_id': 'b085f36f-f631-4f13-ab60-0114fd86b9fc', 'ip_version': 4, 'subnetpool_id': None, 'enable_dhcp': True, 'ipv6_ra_mode': None, 'ipv6_address_mode': None, 'gateway_ip': '192.168.128.1', 'cidr': '192.168.128.0/28', 'allocation_pools': [{'start': '192.168.128.2', 'end': '192.168.128.14'}], 'host_routes': [], 'dns_nameservers': [], 'description': '', 'router:external': False, 'service_types': [], 'tags': [], 'created_at': '2025-01-24T15:31:20Z', 'updated_at': '2025-01-24T15:31:20Z', 'revision_number': 0, 'project_id': '138ed2590a5d4f9db3415247d3891d4e'}, Router: {'id': 'cc4ee4d8-5596-4cba-9b26-3fb013421eca', 'name': 'tempest-VolumesAdminNegativeTest-1373081505-router', 'tenant_id': '138ed2590a5d4f9db3415247d3891d4e', 'admin_state_up': True, 'status': 'ACTIVE', 'external_gateway_info': {'network_id': 'a3d0cf32-0889-447f-bdc9-b677880197df', 'external_fixed_ips': [{'subnet_id': '766f2c20-e594-4035-875b-d7e2a17f3e35', 'ip_address': '10.180.180.233'}], 'enable_snat': True}, 'description': '', 'availability_zones': [], 'distributed': False, 'ha': False, 'availability_zone_hints': [], 'routes': [], 'flavor_id': None, 'tags': [], 'created_at': '2025-01-24T15:31:20Z', 'updated_at': '2025-01-24T15:31:20Z', 'revision_number': 2, 'project_id': '138ed2590a5d4f9db3415247d3891d4e'}
2025-01-24 15:31:22.065 68998 INFO tempest.lib.common.rest_client [req-085faccd-de72-4c65-959e-49e128a9874b req-085faccd-de72-4c65-959e-49e128a9874b ] Request (InstanceUsageAuditLogNegativeTestJSON:test_get_instance_usage_audit_logs_with_invalid_time): 400 GET http://10.180.1.21/compute/v2.1/os-instance_usage_audit_log/invalid_time 1.707s
2025-01-24 15:31:22.079 69014 INFO tempest.lib.common.rest_client [req-6c6133ac-2322-44ef-a775-23dd6ec98086 req-6c6133ac-2322-44ef-a775-23dd6ec98086 ] Request (AZAdminNegativeTestJSON:test_get_availability_zone_list_detail_with_non_admin_user): 403 GET http://10.180.1.21/compute/v2.1/os-availability-zone/detail 1.606s
2025-01-24 15:31:22.104 69034 INFO tempest.lib.common.rest_client [req-61754c77-b202-4052-a816-77b0c55fffe6 req-61754c77-b202-4052-a816-77b0c55fffe6 ] Request (SecurityGroupsTestAdminJSON:setUpClass): 204 PUT http://10.180.1.21/identity/v3/projects/170eb1a3317d48389f928776b7eaf223/users/38650c47bc3c40b88284ca8b5194871d/roles/58473addf4e2491387c3d6bcd47b541e 0.127s
2025-01-24 15:31:22.196 69054 INFO tempest.lib.common.rest_client [req-57e0c213-89bc-4b66-bbb4-89482fc49e64 req-57e0c213-89bc-4b66-bbb4-89482fc49e64 ] Request (NetworksTest:tearDownClass): 204 DELETE http://10.180.1.21:9696/networking/v2.0/security-groups/9ef4f317-369a-4a7f-85cb-385fd2105911 0.174s
2025-01-24 15:31:22.217 69018 INFO tempest.lib.common.rest_client [req-58bc78b6-9673-483e-b1be-40041276190c req-58bc78b6-9673-483e-b1be-40041276190c ] Request (FlavorsAccessTestJSON:test_flavor_access_add_remove): 200 POST http://10.180.1.21/compute/v2.1/flavors 1.684s
2025-01-24 15:31:22.250 69030 INFO tempest.lib.common.rest_client [req-f3900057-0205-4526-9f6c-5625bd89b30e req-f3900057-0205-4526-9f6c-5625bd89b30e ] Request (ServerActionsTestOtherB:setUpClass): 201 POST http://10.180.1.21:9696/networking/v2.0/subnets 0.417s
2025-01-24 15:31:22.261 69002 INFO tempest.lib.common.rest_client [req-7ea02197-7345-4c37-bc27-04ddffc58b65 req-7ea02197-7345-4c37-bc27-04ddffc58b65 ] Request (AZAdminV2TestJSON:test_get_availability_zone_list): 200 GET http://10.180.1.21/compute/v2.1/os-availability-zone 1.669s
2025-01-24 15:31:22.289 69036 INFO tempest.lib.common.rest_client [req-d3c4580b-7bbf-4546-8c89-49cb4f9824a7 req-d3c4580b-7bbf-4546-8c89-49cb4f9824a7 ] Request (VolumesAssistedSnapshotsTest:setUpClass): 201 POST http://10.180.1.21:9696/networking/v2.0/subnets 0.344s
2025-01-24 15:31:22.301 69000 INFO tempest.lib.common.rest_client [req-1d443833-3c1c-4d5e-9b6f-f07f9f8aa0dc req-1d443833-3c1c-4d5e-9b6f-f07f9f8aa0dc ] Request (VolumesAdminNegativeTest:setUpClass): 201 POST http://10.180.1.21/identity/v3/auth/tokens 0.210s
2025-01-24 15:31:22.320 69014 INFO tempest.lib.common.rest_client [req-2ee7f316-6fb7-4e16-b3c3-f810de451262 req-2ee7f316-6fb7-4e16-b3c3-f810de451262 ] Request (AZAdminNegativeTestJSON:tearDownClass): 204 DELETE http://10.180.1.21/identity/v3/users/df72f588c57d4d5cbefdcb8cf01c131c 0.231s
2025-01-24 15:31:22.343 69034 INFO tempest.lib.common.rest_client [req-a21936c6-41ea-429d-8aa7-6fa58e8520fa req-a21936c6-41ea-429d-8aa7-6fa58e8520fa ] Request (SecurityGroupsTestAdminJSON:setUpClass): 200 GET http://10.180.1.21/identity/v3/roles 0.238s
2025-01-24 15:31:22.444 69054 INFO tempest.lib.common.rest_client [req-a3e48079-83d2-4041-8894-d2ab61c8373e req-a3e48079-83d2-4041-8894-d2ab61c8373e ] Request (NetworksTest:tearDownClass): 204 DELETE http://10.180.1.21/identity/v3/projects/5b50e206daf84c0cbf2fc869bf853f38 0.248s
2025-01-24 15:31:22.444 69054 INFO tempest.lib.common.dynamic_creds [-] Deleting project and security group for project: 315dea865b4648a5b125a446b5d47d84
2025-01-24 15:31:22.549 69052 INFO tempest.lib.common.rest_client [req-d260429c-a4f8-4c78-a939-30f954c41b29 req-d260429c-a4f8-4c78-a939-30f954c41b29 ] Request (HostsAdminNegativeTestJSON:setUpClass): 200 GET http://10.180.1.21/compute/v2.1/os-hosts 1.908s
2025-01-24 15:31:22.564 69006 INFO tempest.lib.common.rest_client [req-f999d947-2cb6-4d39-a4ac-9bb48f6dfb9c req-f999d947-2cb6-4d39-a4ac-9bb48f6dfb9c ] Request (FlavorsV255TestJSON:test_crud_flavor): 200 POST http://10.180.1.21/compute/v2.1/flavors 1.910s
2025-01-24 15:31:22.580 69034 INFO tempest.lib.common.rest_client [req-1f558259-8133-485b-8ce3-db302d12a6a0 req-1f558259-8133-485b-8ce3-db302d12a6a0 ] Request (SecurityGroupsTestAdminJSON:setUpClass): 204 PUT http://10.180.1.21/identity/v3/projects/170eb1a3317d48389f928776b7eaf223/users/38650c47bc3c40b88284ca8b5194871d/roles/58473addf4e2491387c3d6bcd47b541e 0.237s
2025-01-24 15:31:22.581 69034 INFO tempest.lib.common.dynamic_creds [-] Dynamic test user 38650c47bc3c40b88284ca8b5194871d is created with scope project and roles: ['admin']
2025-01-24 15:31:22.581 69034 INFO tempest.lib.common.dynamic_creds [-] Acquired dynamic creds: credentials: Credentials: {'domain_id': 'default', 'domain_name': 'Default', 'username': 'tempest-SecurityGroupsTestAdminJSON-1504350481-project-admin', 'project_domain_id': 'default', 'project_domain_name': 'Default', 'project_id': '170eb1a3317d48389f928776b7eaf223', 'project_name': 'tempest-SecurityGroupsTestAdminJSON-1504350481', 'tenant_id': '170eb1a3317d48389f928776b7eaf223', 'tenant_name': 'tempest-SecurityGroupsTestAdminJSON-1504350481', 'user_domain_id': 'default', 'user_domain_name': 'Default', 'user_id': '38650c47bc3c40b88284ca8b5194871d', 'system': None}, Network: None, Subnet: None, Router: None
2025-01-24 15:31:22.581 69034 INFO tempest.lib.common.dynamic_creds [-] Created isolated network resources for: credentials: Credentials: {'domain_id': 'default', 'domain_name': 'Default', 'username': 'tempest-SecurityGroupsTestAdminJSON-1504350481-project-admin', 'project_domain_id': 'default', 'project_domain_name': 'Default', 'project_id': '170eb1a3317d48389f928776b7eaf223', 'project_name': 'tempest-SecurityGroupsTestAdminJSON-1504350481', 'tenant_id': '170eb1a3317d48389f928776b7eaf223', 'tenant_name': 'tempest-SecurityGroupsTestAdminJSON-1504350481', 'user_domain_id': 'default', 'user_domain_name': 'Default', 'user_id': '38650c47bc3c40b88284ca8b5194871d', 'system': None}, Network: None, Subnet: None, Router: None
2025-01-24 15:31:22.610 69054 INFO tempest.lib.common.rest_client [req-74ca234e-03b7-4d1f-a0fe-94bcb2cd4dd3 req-74ca234e-03b7-4d1f-a0fe-94bcb2cd4dd3 ] Request (NetworksTest:tearDownClass): 200 GET http://10.180.1.21:9696/networking/v2.0/security-groups?tenant_id=315dea865b4648a5b125a446b5d47d84&name=default 0.163s
2025-01-24 15:31:22.615 69014 INFO tempest.lib.common.rest_client [req-9616c2b4-298c-4f8f-89ea-dfd3e56241b5 req-9616c2b4-298c-4f8f-89ea-dfd3e56241b5 ] Request (AZAdminNegativeTestJSON:tearDownClass): 204 DELETE http://10.180.1.21/identity/v3/users/92e42e8ed1a148959fbca5ffa985a22f 0.295s
2025-01-24 15:31:22.616 69014 INFO tempest.lib.common.dynamic_creds [-] Deleting project and security group for project: 4e089c8d828748a293936adbf66cdd94
2025-01-24 15:31:22.740 69028 INFO tempest.lib.common.rest_client [req-8b8c83b2-a2ad-45bc-a24c-b7c690d0b1fb req-8b8c83b2-a2ad-45bc-a24c-b7c690d0b1fb ] Request (ListImageFiltersTestJSON:setUpClass): 204 PUT http://10.180.1.21/image/v2/images/fc23a7c6-8d4b-46e1-8f6e-1d7282703e07/file 2.019s
2025-01-24 15:31:22.752 69046 INFO tempest.lib.common.rest_client [req-7563a49e-1cb8-4365-aa60-7c1efc1d298d req-7563a49e-1cb8-4365-aa60-7c1efc1d298d ] Request (HypervisorAdminNegativeUnderV252Test:test_search_hypervisor_with_non_admin_user): 200 GET http://10.180.1.21/compute/v2.1/os-hypervisors 2.039s
2025-01-24 15:31:22.768 69026 INFO tempest.lib.common.rest_client [req-f6de8fd9-030c-4bcd-9635-8d07682849af req-f6de8fd9-030c-4bcd-9635-8d07682849af ] Request (HypervisorAdminTestJSON:test_get_hypervisor_list): 200 GET http://10.180.1.21/compute/v2.1/os-hypervisors 2.050s
2025-01-24 15:31:22.774 69054 INFO tempest.lib.common.rest_client [req-b6894d88-9c1e-4ce6-aa9c-d24767ddfe84 req-b6894d88-9c1e-4ce6-aa9c-d24767ddfe84 ] Request (NetworksTest:tearDownClass): 204 DELETE http://10.180.1.21:9696/networking/v2.0/security-groups/e9dc0374-c672-4436-8df1-1e0b6c2bd7f5 0.164s
2025-01-24 15:31:22.799 69034 INFO tempest.lib.common.rest_client [req-19efe1cf-3b90-4b74-8466-9bbc718c68d6 req-19efe1cf-3b90-4b74-8466-9bbc718c68d6 ] Request (SecurityGroupsTestAdminJSON:setUpClass): 201 POST http://10.180.1.21/identity/v3/auth/tokens 0.215s
2025-01-24 15:31:22.806 69014 INFO tempest.lib.common.rest_client [req-3712c17c-e2f9-4358-ad6a-f360659a5083 req-3712c17c-e2f9-4358-ad6a-f360659a5083 ] Request (AZAdminNegativeTestJSON:tearDownClass): 201 POST http://10.180.1.21/identity/v3/auth/tokens 0.190s
2025-01-24 15:31:22.869 69020 INFO tempest.lib.common.rest_client [req-f5838004-3c3c-4dbd-ad11-004dddbc402a req-f5838004-3c3c-4dbd-ad11-004dddbc402a ] Request (FlavorsAdminTestJSON:test_create_flavor_using_string_ram): 200 POST http://10.180.1.21/compute/v2.1/flavors 2.016s
2025-01-24 15:31:22.874 69042 INFO tempest.lib.common.rest_client [req-ea13a156-ff19-4324-b31d-689156fb40d8 req-ea13a156-ff19-4324-b31d-689156fb40d8 ] Request (InstanceUsageAuditLogTestJSON:test_get_instance_usage_audit_log): 200 GET http://10.180.1.21/compute/v2.1/os-instance_usage_audit_log/2025-01-24%2015%3A31%3A20 2.101s
2025-01-24 15:31:22.912 69054 INFO tempest.lib.common.rest_client [req-06dc2c19-a22e-4f58-b957-9539964b5edc req-06dc2c19-a22e-4f58-b957-9539964b5edc ] Request (NetworksTest:tearDownClass): 204 DELETE http://10.180.1.21/identity/v3/projects/315dea865b4648a5b125a446b5d47d84 0.137s
2025-01-24 15:31:22.969 69054 INFO tempest.lib.common.rest_client [req-0dc946d8-9fd0-412d-b10b-a3076f7785f5 req-0dc946d8-9fd0-412d-b10b-a3076f7785f5 ] Request (QuotasAdminTestJSON:setUpClass): 201 POST http://10.180.1.21/identity/v3/auth/tokens 0.055s
2025-01-24 15:31:22.987 69058 INFO tempest.lib.common.rest_client [req-6e608dd2-dad3-4dfa-beac-cc925338ef7a req-6e608dd2-dad3-4dfa-beac-cc925338ef7a ] Request (MigrationsAdminTest:test_list_migrations): 200 GET http://10.180.1.21/compute/v2.1/os-migrations 2.011s
2025-01-24 15:31:23.007 69054 INFO tempest.lib.common.rest_client [req-d426c0fd-c229-4cc2-8093-65244eae633d req-d426c0fd-c229-4cc2-8093-65244eae633d ] Request (QuotasAdminTestJSON:setUpClass): 201 POST http://10.180.1.21/identity/v3/auth/tokens 0.036s
2025-01-24 15:31:23.020 69036 INFO tempest.lib.common.rest_client [req-769bead3-7a6c-449e-9503-134b0f07c0a4 req-769bead3-7a6c-449e-9503-134b0f07c0a4 ] Request (VolumesAssistedSnapshotsTest:setUpClass): 201 POST http://10.180.1.21:9696/networking/v2.0/routers 0.730s
2025-01-24 15:31:23.039 69016 INFO tempest.lib.common.rest_client [req-d2d65057-94ab-406a-8be7-c1324869eb62 req-d2d65057-94ab-406a-8be7-c1324869eb62 ] Request (QuotaClassesAdminTestJSON:test_update_default_quotas): 200 PUT http://10.180.1.21/compute/v2.1/os-quota-class-sets/default 2.113s
2025-01-24 15:31:23.075 69054 INFO tempest.lib.common.rest_client [req-12de26d8-0a38-4ae2-bb0d-9b685f797381 req-12de26d8-0a38-4ae2-bb0d-9b685f797381 ] Request (QuotasAdminTestJSON:setUpClass): 200 GET http://10.180.1.21/identity/v3/domains?name=Default 0.067s
2025-01-24 15:31:23.088 69058 INFO tempest.lib.common.rest_client [req-f049b16c-1e7d-4789-99cf-d60e7a7ecb64 req-f049b16c-1e7d-4789-99cf-d60e7a7ecb64 ] Request (MigrationsAdminTest:test_list_migrations_in_flavor_resize_situation): 201 POST http://10.180.1.21/identity/v3/auth/tokens 0.092s
2025-01-24 15:31:23.089 69058 INFO tempest.lib.common.fixed_network [-] (MigrationsAdminTest:test_list_migrations_in_flavor_resize_situation) Found network None available for tenant
2025-01-24 15:31:23.119 69014 INFO tempest.lib.common.rest_client [req-62021a4e-4e9d-4030-b5b6-9accf8d076ec req-62021a4e-4e9d-4030-b5b6-9accf8d076ec ] Request (AZAdminNegativeTestJSON:tearDownClass): 200 GET http://10.180.1.21:9696/networking/v2.0/security-groups?tenant_id=4e089c8d828748a293936adbf66cdd94&name=default 0.313s
2025-01-24 15:31:23.125 69013 INFO tempest.lib.common.rest_client [req-4583977e-0a90-4c8e-ba00-bf53e6d7c8f9 req-4583977e-0a90-4c8e-ba00-bf53e6d7c8f9 ] Request (ServersWithSpecificFlavorTestJSON:setUpClass): 201 POST http://10.180.1.21:9696/networking/v2.0/routers 1.240s
2025-01-24 15:31:23.126 69054 INFO tempest.lib.common.rest_client [req-554c0597-ab99-419b-a33c-17452ca1ca20 req-554c0597-ab99-419b-a33c-17452ca1ca20 ] Request (QuotasAdminTestJSON:setUpClass): 201 POST http://10.180.1.21/identity/v3/projects 0.050s
2025-01-24 15:31:23.185 69054 INFO tempest.lib.common.rest_client [req-a3894300-6568-4d5e-aeb6-21facf5d9b6d req-a3894300-6568-4d5e-aeb6-21facf5d9b6d ] Request (QuotasAdminTestJSON:setUpClass): 201 POST http://10.180.1.21/identity/v3/users 0.059s
2025-01-24 15:31:23.207 69054 INFO tempest.lib.common.rest_client [req-1e7858b8-6344-465e-9c79-03a1d6b8c03d req-1e7858b8-6344-465e-9c79-03a1d6b8c03d ] Request (QuotasAdminTestJSON:setUpClass): 200 GET http://10.180.1.21/identity/v3/roles 0.020s
2025-01-24 15:31:23.230 69054 INFO tempest.lib.common.rest_client [req-3e48d67c-73e5-4d2f-bf42-5fb79b1b4592 req-3e48d67c-73e5-4d2f-bf42-5fb79b1b4592 ] Request (QuotasAdminTestJSON:setUpClass): 204 PUT http://10.180.1.21/identity/v3/projects/3f7ff4dd8bbf4c34bd18af4b08c430c2/users/6831d289a9b64c35905e9c8d82917f43/roles/d928ee8036414a2e851e55930c94292a 0.022s
2025-01-24 15:31:23.230 69054 INFO tempest.lib.common.dynamic_creds [-] Dynamic test user 6831d289a9b64c35905e9c8d82917f43 is created with scope project and roles: ['member']
2025-01-24 15:31:23.230 69054 INFO tempest.lib.common.dynamic_creds [-] Acquired dynamic creds: credentials: Credentials: {'domain_id': 'default', 'domain_name': 'Default', 'username': 'tempest-QuotasAdminTestJSON-1167229865-project-member', 'project_domain_id': 'default', 'project_domain_name': 'Default', 'project_id': '3f7ff4dd8bbf4c34bd18af4b08c430c2', 'project_name': 'tempest-QuotasAdminTestJSON-1167229865', 'tenant_id': '3f7ff4dd8bbf4c34bd18af4b08c430c2', 'tenant_name': 'tempest-QuotasAdminTestJSON-1167229865', 'user_domain_id': 'default', 'user_domain_name': 'Default', 'user_id': '6831d289a9b64c35905e9c8d82917f43', 'system': None}, Network: None, Subnet: None, Router: None
2025-01-24 15:31:23.230 69054 INFO tempest.lib.common.dynamic_creds [-] Created isolated network resources for: credentials: Credentials: {'domain_id': 'default', 'domain_name': 'Default', 'username': 'tempest-QuotasAdminTestJSON-1167229865-project-member', 'project_domain_id': 'default', 'project_domain_name': 'Default', 'project_id': '3f7ff4dd8bbf4c34bd18af4b08c430c2', 'project_name': 'tempest-QuotasAdminTestJSON-1167229865', 'tenant_id': '3f7ff4dd8bbf4c34bd18af4b08c430c2', 'tenant_name': 'tempest-QuotasAdminTestJSON-1167229865', 'user_domain_id': 'default', 'user_domain_name': 'Default', 'user_id': '6831d289a9b64c35905e9c8d82917f43', 'system': None}, Network: None, Subnet: None, Router: None
2025-01-24 15:31:23.294 69054 INFO tempest.lib.common.rest_client [req-0be5695a-be2c-4ad4-bba4-9b016dcb530b req-0be5695a-be2c-4ad4-bba4-9b016dcb530b ] Request (QuotasAdminTestJSON:setUpClass): 201 POST http://10.180.1.21/identity/v3/auth/tokens 0.060s
2025-01-24 15:31:23.355 69054 INFO tempest.lib.common.rest_client [req-49f10a59-4f56-45ed-8b09-f1bdb8381eb2 req-49f10a59-4f56-45ed-8b09-f1bdb8381eb2 ] Request (QuotasAdminTestJSON:setUpClass): 201 POST http://10.180.1.21/identity/v3/projects 0.060s
2025-01-24 15:31:23.426 69054 INFO tempest.lib.common.rest_client [req-23f81e9d-66b1-44bc-82bd-f76ad862a199 req-23f81e9d-66b1-44bc-82bd-f76ad862a199 ] Request (QuotasAdminTestJSON:setUpClass): 201 POST http://10.180.1.21/identity/v3/users 0.070s
2025-01-24 15:31:23.430 69014 INFO tempest.lib.common.rest_client [req-a4615082-1df2-45e7-9929-f6c27e9ed23a req-a4615082-1df2-45e7-9929-f6c27e9ed23a ] Request (AZAdminNegativeTestJSON:tearDownClass): 204 DELETE http://10.180.1.21:9696/networking/v2.0/security-groups/63c4f786-8b1e-44d1-91df-6a5e7b315be2 0.310s
2025-01-24 15:31:23.455 69054 INFO tempest.lib.common.rest_client [req-1a2c06e0-eb57-47bb-b2c4-65e0522a4965 req-1a2c06e0-eb57-47bb-b2c4-65e0522a4965 ] Request (QuotasAdminTestJSON:setUpClass): 200 GET http://10.180.1.21/identity/v3/roles 0.029s
2025-01-24 15:31:23.466 69030 INFO tempest.lib.common.rest_client [req-4ca2554c-a2b3-48f3-83fb-add7a482cd2b req-4ca2554c-a2b3-48f3-83fb-add7a482cd2b ] Request (ServerActionsTestOtherB:setUpClass): 201 POST http://10.180.1.21:9696/networking/v2.0/routers 1.215s
2025-01-24 15:31:23.482 69040 INFO tempest.lib.common.rest_client [req-ab3e1a8e-c714-4ffb-ac49-7447d3b3d722 req-ab3e1a8e-c714-4ffb-ac49-7447d3b3d722 ] Request (ServersAdminNegativeTestJSON:setUpClass): 202 POST http://10.180.1.21/compute/v2.1/servers 2.369s
2025-01-24 15:31:23.494 69054 INFO tempest.lib.common.rest_client [req-5a65a238-de8c-43ea-a62c-a6c644a56bed req-5a65a238-de8c-43ea-a62c-a6c644a56bed ] Request (QuotasAdminTestJSON:setUpClass): 204 PUT http://10.180.1.21/identity/v3/projects/3856a342ec7f4861a0bf8a4e4f4714d3/users/eb7c890c123346a590fc095f36168e9f/roles/58473addf4e2491387c3d6bcd47b541e 0.038s
2025-01-24 15:31:23.496 69050 INFO tempest.lib.common.rest_client [req-523ec0f7-a25d-4f34-8c65-ffc46a649a7f req-523ec0f7-a25d-4f34-8c65-ffc46a649a7f ] Request (DeleteServersAdminTestJSON:test_admin_delete_servers_of_others): 202 POST http://10.180.1.21/compute/v2.1/servers 2.455s
2025-01-24 15:31:23.510 69044 INFO tempest.lib.common.rest_client [req-7fef4143-5f00-4ef8-83db-95cb49d73513 req-7fef4143-5f00-4ef8-83db-95cb49d73513 ] Request (ServicesAdminNegativeV253TestJSON:test_disable_service_with_invalid_service_id): 404 PUT http://10.180.1.21/compute/v2.1/os-services/76dfc6bd-0092-41ff-9202-08e0c2ba59a9 2.336s
2025-01-24 15:31:23.534 68996 INFO tempest.lib.common.rest_client [req-511576ad-6efb-463b-b4ba-0f6cb61a0e74 req-511576ad-6efb-463b-b4ba-0f6cb61a0e74 ] Request (FlavorsV2TestJSON:test_list_flavors_detailed_filter_by_min_disk): 200 GET http://10.180.1.21/compute/v2.1/flavors/detail?minDisk=2 2.344s
2025-01-24 15:31:23.559 69022 INFO tempest.lib.common.rest_client [req-c1aeb99e-4b95-49f0-8218-7e2e4c28590b req-c1aeb99e-4b95-49f0-8218-7e2e4c28590b ] Request (FlavorsV261TestJSON:test_crud_flavor): 200 PUT http://10.180.1.21/compute/v2.1/flavors/1045927341 2.335s
2025-01-24 15:31:23.568 69014 INFO tempest.lib.common.rest_client [req-c2d88ea4-ccca-4fd2-8c52-479a2b407a6c req-c2d88ea4-ccca-4fd2-8c52-479a2b407a6c ] Request (AZAdminNegativeTestJSON:tearDownClass): 204 DELETE http://10.180.1.21/identity/v3/projects/4e089c8d828748a293936adbf66cdd94 0.137s
2025-01-24 15:31:23.568 69014 INFO tempest.lib.common.dynamic_creds [-] Deleting project and security group for project: 9dacfd44b02842e7a9b34e236a732fa9
2025-01-24 15:31:23.580 69038 INFO tempest.lib.common.rest_client [req-e698d0fa-620b-45d6-ac1c-28bff4e6aa11 req-e698d0fa-620b-45d6-ac1c-28bff4e6aa11 ] Request (HypervisorAdminV228Test:test_get_list_hypervisor_details): 200 GET http://10.180.1.21/compute/v2.1/os-hypervisors/1 1.846s
2025-01-24 15:31:23.590 69054 INFO tempest.lib.common.rest_client [req-95318249-20e8-47d5-b019-36de28bef1d6 req-95318249-20e8-47d5-b019-36de28bef1d6 ] Request (QuotasAdminTestJSON:setUpClass): 200 GET http://10.180.1.21/identity/v3/roles 0.095s
2025-01-24 15:31:23.610 69008 INFO tempest.lib.common.rest_client [req-792d0e73-dca1-4169-bee9-2fbf3534ae4d req-792d0e73-dca1-4169-bee9-2fbf3534ae4d ] Request (AggregatesAdminNegativeTestJSON:_run_cleanups): 200 DELETE http://10.180.1.21/compute/v2.1/os-aggregates/1 1.682s
2025-01-24 15:31:23.682 69054 INFO tempest.lib.common.rest_client [req-f4ea13a9-518c-4ff1-9fdd-da17d1f3d68a req-f4ea13a9-518c-4ff1-9fdd-da17d1f3d68a ] Request (QuotasAdminTestJSON:setUpClass): 204 PUT http://10.180.1.21/identity/v3/projects/3856a342ec7f4861a0bf8a4e4f4714d3/users/eb7c890c123346a590fc095f36168e9f/roles/58473addf4e2491387c3d6bcd47b541e 0.091s
2025-01-24 15:31:23.682 69054 INFO tempest.lib.common.dynamic_creds [-] Dynamic test user eb7c890c123346a590fc095f36168e9f is created with scope project and roles: ['admin']
2025-01-24 15:31:23.682 69054 INFO tempest.lib.common.dynamic_creds [-] Acquired dynamic creds: credentials: Credentials: {'domain_id': 'default', 'domain_name': 'Default', 'username': 'tempest-QuotasAdminTestJSON-851611161-project-admin', 'project_domain_id': 'default', 'project_domain_name': 'Default', 'project_id': '3856a342ec7f4861a0bf8a4e4f4714d3', 'project_name': 'tempest-QuotasAdminTestJSON-851611161', 'tenant_id': '3856a342ec7f4861a0bf8a4e4f4714d3', 'tenant_name': 'tempest-QuotasAdminTestJSON-851611161', 'user_domain_id': 'default', 'user_domain_name': 'Default', 'user_id': 'eb7c890c123346a590fc095f36168e9f', 'system': None}, Network: None, Subnet: None, Router: None
2025-01-24 15:31:23.683 69054 INFO tempest.lib.common.dynamic_creds [-] Created isolated network resources for: credentials: Credentials: {'domain_id': 'default', 'domain_name': 'Default', 'username': 'tempest-QuotasAdminTestJSON-851611161-project-admin', 'project_domain_id': 'default', 'project_domain_name': 'Default', 'project_id': '3856a342ec7f4861a0bf8a4e4f4714d3', 'project_name': 'tempest-QuotasAdminTestJSON-851611161', 'tenant_id': '3856a342ec7f4861a0bf8a4e4f4714d3', 'tenant_name': 'tempest-QuotasAdminTestJSON-851611161', 'user_domain_id': 'default', 'user_domain_name': 'Default', 'user_id': 'eb7c890c123346a590fc095f36168e9f', 'system': None}, Network: None, Subnet: None, Router: None
2025-01-24 15:31:23.685 69010 INFO tempest.lib.common.rest_client [req-4cff45fa-f1eb-4dbb-8925-1ca964dc83b5 req-4cff45fa-f1eb-4dbb-8925-1ca964dc83b5 ] Request (FlavorsExtraSpecsNegativeTestJSON:test_flavor_get_nonexistent_key): 404 GET http://10.180.1.21/compute/v2.1/flavors/1664168358/os-extra_specs/hw:cpu_thread_policy 2.164s
2025-01-24 15:31:23.736 69014 INFO tempest.lib.common.rest_client [req-6591e9d2-b5ab-4754-b9b8-6e77ae73e638 req-6591e9d2-b5ab-4754-b9b8-6e77ae73e638 ] Request (AZAdminNegativeTestJSON:tearDownClass): 200 GET http://10.180.1.21:9696/networking/v2.0/security-groups?tenant_id=9dacfd44b02842e7a9b34e236a732fa9&name=default 0.167s
2025-01-24 15:31:23.803 69024 INFO tempest.lib.common.rest_client [req-50295f0b-839e-45c7-b4aa-6557ac12d633 req-50295f0b-839e-45c7-b4aa-6557ac12d633 ] Request (FlavorsExtraSpecsTestJSON:test_flavor_non_admin_get_all_keys): 200 GET http://10.180.1.21/compute/v2.1/flavors/311876326/os-extra_specs 1.846s
2025-01-24 15:31:23.828 69048 INFO tempest.lib.common.rest_client [req-aefe7da1-3358-4232-93e7-813aa7c0072c req-aefe7da1-3358-4232-93e7-813aa7c0072c ] Request (HostsAdminTestJSON:test_list_hosts_with_a_blank_zone): 200 GET http://10.180.1.21/compute/v2.1/os-hosts?zone= 1.867s
2025-01-24 15:31:23.834 69038 INFO tempest.lib.common.rest_client [req-6002b7c9-048f-4b35-8e46-97c70b86a143 req-6002b7c9-048f-4b35-8e46-97c70b86a143 ] Request (HypervisorAdminV228Test:tearDownClass): 204 DELETE http://10.180.1.21/identity/v3/users/8eff738eeb604b139a9058e978c913b9 0.239s
2025-01-24 15:31:23.911 69056 INFO tempest.lib.common.rest_client [req-693439fa-ab1a-4509-8a88-09d090aaea0c req-693439fa-ab1a-4509-8a88-09d090aaea0c ] Request (FlavorsAccessNegativeTestJSON:test_add_flavor_access_duplicate): 200 POST http://10.180.1.21/compute/v2.1/flavors 1.953s
2025-01-24 15:31:23.918 69054 INFO tempest.lib.common.rest_client [req-d863a866-192c-471e-b0db-6ac9ac45049f req-d863a866-192c-471e-b0db-6ac9ac45049f ] Request (QuotasAdminTestJSON:setUpClass): 201 POST http://10.180.1.21/identity/v3/auth/tokens 0.228s
2025-01-24 15:31:23.918 69054 WARNING tempest.lib.common.rest_client [-] Deprecated: "tenant_id" property is deprecated for removal, use "project_id" instead
2025-01-24 15:31:23.934 69014 INFO tempest.lib.common.rest_client [req-212b692f-1eae-4156-9d2d-2a916b336b0c req-212b692f-1eae-4156-9d2d-2a916b336b0c ] Request (AZAdminNegativeTestJSON:tearDownClass): 204 DELETE http://10.180.1.21:9696/networking/v2.0/security-groups/782105ee-374a-4af7-a7d5-539ddd680f21 0.198s
2025-01-24 15:31:23.985 68998 INFO tempest.lib.common.rest_client [req-10627d6f-ce66-49ad-bebc-d97d9ad05d40 req-10627d6f-ce66-49ad-bebc-d97d9ad05d40 ] Request (InstanceUsageAuditLogNegativeTestJSON:test_instance_usage_audit_logs_with_nonadmin_user): 403 GET http://10.180.1.21/compute/v2.1/os-instance_usage_audit_log 1.914s
2025-01-24 15:31:24.008 69002 INFO tempest.lib.common.rest_client [req-0ada3dbb-58d4-4b69-955f-d1c778c6e69a req-0ada3dbb-58d4-4b69-955f-d1c778c6e69a ] Request (AZAdminV2TestJSON:test_get_availability_zone_list_detail): 200 GET http://10.180.1.21/compute/v2.1/os-availability-zone/detail 1.739s
2025-01-24 15:31:24.017 69038 INFO tempest.lib.common.rest_client [req-3cf3a2f1-4ed4-42e8-84ca-e034fe358a4e req-3cf3a2f1-4ed4-42e8-84ca-e034fe358a4e ] Request (HypervisorAdminV228Test:tearDownClass): 204 DELETE http://10.180.1.21/identity/v3/users/d5a6cb7a7c0d436daaac877ce81ea000 0.183s
2025-01-24 15:31:24.018 69038 INFO tempest.lib.common.dynamic_creds [-] Deleting project and security group for project: 07a91e22328d4ca18b07619a91bb92cb
2025-01-24 15:31:24.066 69014 INFO tempest.lib.common.rest_client [req-075fb0ec-3ec8-4a09-be0c-8cac11dffbb0 req-075fb0ec-3ec8-4a09-be0c-8cac11dffbb0 ] Request (AZAdminNegativeTestJSON:tearDownClass): 204 DELETE http://10.180.1.21/identity/v3/projects/9dacfd44b02842e7a9b34e236a732fa9 0.132s
2025-01-24 15:31:24.190 69018 INFO tempest.lib.common.rest_client [req-547643f7-70b3-429d-8c73-a0c8738682e1 req-547643f7-70b3-429d-8c73-a0c8738682e1 ] Request (FlavorsAccessTestJSON:test_flavor_access_add_remove): 200 POST http://10.180.1.21/compute/v2.1/flavors/24384056/action 1.971s
2025-01-24 15:31:24.205 69000 INFO tempest.lib.common.rest_client [req-fc2b83b4-f2d4-425f-8405-437747e4250d req-fc2b83b4-f2d4-425f-8405-437747e4250d ] Request (VolumesAdminNegativeTest:test_update_attached_volume_with_nonexistent_volume_in_body): 200 POST http://10.180.1.21/compute/v2.1/os-keypairs 1.901s
2025-01-24 15:31:24.219 69038 INFO tempest.lib.common.rest_client [req-78d66c7a-8a42-4861-b7e0-972ef79fb7e8 req-78d66c7a-8a42-4861-b7e0-972ef79fb7e8 ] Request (HypervisorAdminV228Test:tearDownClass): 201 POST http://10.180.1.21/identity/v3/auth/tokens 0.201s
2025-01-24 15:31:24.247 69014 INFO tempest.lib.common.rest_client [req-d3b115aa-53bb-497c-acd3-29f277c56848 req-d3b115aa-53bb-497c-acd3-29f277c56848 ] Request (HypervisorAdminV253TestBase:setUpClass): 201 POST http://10.180.1.21/identity/v3/auth/tokens 0.179s
2025-01-24 15:31:24.277 69002 INFO tempest.lib.common.rest_client [req-a84e9d0e-9b17-409b-a020-095ef7a9bca6 req-a84e9d0e-9b17-409b-a020-095ef7a9bca6 ] Request (AZAdminV2TestJSON:tearDownClass): 204 DELETE http://10.180.1.21/identity/v3/users/14bf6011f09d483391ced16f01a011bf 0.264s
2025-01-24 15:31:24.354 69052 INFO tempest.lib.common.rest_client [req-e29b388f-711f-44f3-8554-f34f76b24ffe req-e29b388f-711f-44f3-8554-f34f76b24ffe ] Request (HostsAdminNegativeTestJSON:test_list_hosts_with_non_admin_user): 403 GET http://10.180.1.21/compute/v2.1/os-hosts 1.801s
2025-01-24 15:31:24.396 69028 INFO tempest.lib.common.rest_client [req-8cf78332-3bd6-41d4-b567-d67913a8d7cb req-8cf78332-3bd6-41d4-b567-d67913a8d7cb ] Request (ListImageFiltersTestJSON:setUpClass): 200 GET http://10.180.1.21/compute/v2.1/images/fc23a7c6-8d4b-46e1-8f6e-1d7282703e07 1.655s
2025-01-24 15:31:24.401 69006 INFO tempest.lib.common.rest_client [req-6b5db2bf-83bd-4cb6-aa15-8aa2e0d612c0 req-6b5db2bf-83bd-4cb6-aa15-8aa2e0d612c0 ] Request (FlavorsV255TestJSON:test_crud_flavor): 200 GET http://10.180.1.21/compute/v2.1/flavors/1536016506 1.834s
2025-01-24 15:31:24.423 69026 INFO tempest.lib.common.rest_client [req-023325c0-d4e7-4da3-88e0-066b7ffb2707 req-023325c0-d4e7-4da3-88e0-066b7ffb2707 ] Request (HypervisorAdminTestJSON:test_get_hypervisor_list_details): 200 GET http://10.180.1.21/compute/v2.1/os-hypervisors/detail 1.646s
2025-01-24 15:31:24.426 69000 INFO tempest.lib.common.rest_client [req-6e7c0b28-58d0-4c44-aa2b-d175e93b6e0c req-6e7c0b28-58d0-4c44-aa2b-d175e93b6e0c ] Request (VolumesAdminNegativeTest:test_update_attached_volume_with_nonexistent_volume_in_body): 201 POST http://10.180.1.21:9696/networking/v2.0/security-groups 0.219s
2025-01-24 15:31:24.429 69014 INFO tempest.lib.common.rest_client [req-3637d928-5b95-4aae-9819-1ece4da7b26d req-3637d928-5b95-4aae-9819-1ece4da7b26d ] Request (HypervisorAdminV253TestBase:setUpClass): 201 POST http://10.180.1.21/identity/v3/auth/tokens 0.180s
2025-01-24 15:31:24.490 69002 INFO tempest.lib.common.rest_client [req-6602ef0c-ad1c-4d40-900f-b2076ea8fdf4 req-6602ef0c-ad1c-4d40-900f-b2076ea8fdf4 ] Request (AZAdminV2TestJSON:tearDownClass): 204 DELETE http://10.180.1.21/identity/v3/users/5cfc5cf2586d4bffb09c177f7f0eca16 0.212s
2025-01-24 15:31:24.491 69002 INFO tempest.lib.common.dynamic_creds [-] Deleting project and security group for project: 20b156366da945abba0c4612cb98e308
2025-01-24 15:31:24.556 69046 INFO tempest.lib.common.rest_client [req-1e4da4b4-5c45-48a8-a77e-a7e574a8ad52 req-1e4da4b4-5c45-48a8-a77e-a7e574a8ad52 ] Request (HypervisorAdminNegativeUnderV252Test:test_search_hypervisor_with_non_admin_user): 403 GET http://10.180.1.21/compute/v2.1/os-hypervisors/domain-c8.fc996f14-c53b-4953-92e3-bdfa48f5cc28/search 1.802s
2025-01-24 15:31:24.575 69020 INFO tempest.lib.common.rest_client [req-b3955466-1b4f-478e-a0da-4686a77511db req-b3955466-1b4f-478e-a0da-4686a77511db ] Request (FlavorsAdminTestJSON:_run_cleanups): 202 DELETE http://10.180.1.21/compute/v2.1/flavors/377228145 1.703s
2025-01-24 15:31:24.591 69036 INFO tempest.lib.common.rest_client [req-849575e8-8d79-495f-9d05-22d246f129a7 req-849575e8-8d79-495f-9d05-22d246f129a7 ] Request (VolumesAssistedSnapshotsTest:setUpClass): 200 PUT http://10.180.1.21:9696/networking/v2.0/routers/dba872c5-8f85-434f-a120-ee04fc1385d6/add_router_interface 1.570s
2025-01-24 15:31:24.591 69036 INFO tempest.lib.common.dynamic_creds [-] Created isolated network resources for: credentials: Credentials: {'domain_id': 'default', 'domain_name': 'Default', 'username': 'tempest-VolumesAssistedSnapshotsTest-921999199-project-admin', 'project_domain_id': 'default', 'project_domain_name': 'Default', 'project_id': '4c6c3a2f1c8b4fbeb901862ea8917513', 'project_name': 'tempest-VolumesAssistedSnapshotsTest-921999199', 'tenant_id': '4c6c3a2f1c8b4fbeb901862ea8917513', 'tenant_name': 'tempest-VolumesAssistedSnapshotsTest-921999199', 'user_domain_id': 'default', 'user_domain_name': 'Default', 'user_id': '3cd5ae445837488c962e134f5fdd82bc', 'system': None}, Network: {'id': '7c167b4f-686c-4e57-8f4e-197e473926e9', 'name': 'tempest-VolumesAssistedSnapshotsTest-623005640-network', 'tenant_id': '4c6c3a2f1c8b4fbeb901862ea8917513', 'admin_state_up': True, 'mtu': 8950, 'status': 'ACTIVE', 'subnets': [], 'shared': False, 'project_id': '4c6c3a2f1c8b4fbeb901862ea8917513', 'port_security_enabled': True, 'router:external': False, 'provider:network_type': 'vlan', 'provider:physical_network': 'default', 'provider:segmentation_id': 392, 'availability_zone_hints': [], 'availability_zones': [], 'ipv4_address_scope': None, 'ipv6_address_scope': None, 'description': '', 'tags': [], 'created_at': '2025-01-24T15:31:21Z', 'updated_at': '2025-01-24T15:31:21Z', 'revision_number': 1}, Subnet: {'id': 'bc6e611e-7301-4f48-9fc5-544af3f2f355', 'name': 'tempest-VolumesAssistedSnapshotsTest-623005640-subnet', 'tenant_id': '4c6c3a2f1c8b4fbeb901862ea8917513', 'network_id': '7c167b4f-686c-4e57-8f4e-197e473926e9', 'ip_version': 4, 'subnetpool_id': None, 'enable_dhcp': True, 'ipv6_ra_mode': None, 'ipv6_address_mode': None, 'gateway_ip': '192.168.128.1', 'cidr': '192.168.128.0/28', 'allocation_pools': [{'start': '192.168.128.2', 'end': '192.168.128.14'}], 'host_routes': [], 'dns_nameservers': [], 'description': '', 'router:external': False, 'service_types': [], 'tags': [], 'created_at': '2025-01-24T15:31:22Z', 'updated_at': '2025-01-24T15:31:22Z', 'revision_number': 0, 'project_id': '4c6c3a2f1c8b4fbeb901862ea8917513'}, Router: {'id': 'dba872c5-8f85-434f-a120-ee04fc1385d6', 'name': 'tempest-VolumesAssistedSnapshotsTest-623005640-router', 'tenant_id': '4c6c3a2f1c8b4fbeb901862ea8917513', 'admin_state_up': True, 'status': 'ACTIVE', 'external_gateway_info': {'network_id': 'a3d0cf32-0889-447f-bdc9-b677880197df', 'external_fixed_ips': [{'subnet_id': '766f2c20-e594-4035-875b-d7e2a17f3e35', 'ip_address': '10.180.180.240'}], 'enable_snat': True}, 'description': '', 'availability_zones': [], 'distributed': False, 'ha': False, 'availability_zone_hints': [], 'routes': [], 'flavor_id': None, 'tags': [], 'created_at': '2025-01-24T15:31:22Z', 'updated_at': '2025-01-24T15:31:22Z', 'revision_number': 2, 'project_id': '4c6c3a2f1c8b4fbeb901862ea8917513'}
2025-01-24 15:31:24.599 69042 INFO tempest.lib.common.rest_client [req-2ad58c8a-58be-45a6-9e14-a5edb85f78e8 req-2ad58c8a-58be-45a6-9e14-a5edb85f78e8 ] Request (InstanceUsageAuditLogTestJSON:test_list_instance_usage_audit_logs): 200 GET http://10.180.1.21/compute/v2.1/os-instance_usage_audit_log 1.717s
2025-01-24 15:31:24.619 69016 INFO tempest.lib.common.rest_client [req-0f359c17-3151-4185-b929-aa7079f7365f req-0f359c17-3151-4185-b929-aa7079f7365f ] Request (QuotaClassesAdminTestJSON:test_update_default_quotas): 200 GET http://10.180.1.21/compute/v2.1/os-quota-class-sets/default 1.578s
2025-01-24 15:31:24.636 69000 INFO tempest.lib.common.rest_client [req-c20cfe0e-e1dc-4b49-bc0a-5bdc0d292bc2 req-c20cfe0e-e1dc-4b49-bc0a-5bdc0d292bc2 ] Request (VolumesAdminNegativeTest:test_update_attached_volume_with_nonexistent_volume_in_body): 201 POST http://10.180.1.21:9696/networking/v2.0/security-group-rules 0.209s
2025-01-24 15:31:24.651 69014 INFO tempest.lib.common.rest_client [req-471fd7c4-3d51-46b7-9acc-91ec8781d74c req-471fd7c4-3d51-46b7-9acc-91ec8781d74c ] Request (HypervisorAdminV253TestBase:setUpClass): 200 GET http://10.180.1.21/identity/v3/domains?name=Default 0.221s
2025-01-24 15:31:24.671 69002 INFO tempest.lib.common.rest_client [req-8efb08d8-b141-4a51-bf3c-4b2d1d428027 req-8efb08d8-b141-4a51-bf3c-4b2d1d428027 ] Request (AZAdminV2TestJSON:tearDownClass): 201 POST http://10.180.1.21/identity/v3/auth/tokens 0.180s
2025-01-24 15:31:24.714 69042 INFO tempest.lib.common.rest_client [req-e0612240-a3ef-4860-b3e4-4e110b0dc095 req-e0612240-a3ef-4860-b3e4-4e110b0dc095 ] Request (InstanceUsageAuditLogTestJSON:tearDownClass): 204 DELETE http://10.180.1.21/identity/v3/users/a519ad737d854e6aaf8e04ad6cbe8e12 0.110s
2025-01-24 15:31:24.718 69038 INFO tempest.lib.common.rest_client [req-06155966-cc68-4b64-9bae-df919b9b8f27 req-06155966-cc68-4b64-9bae-df919b9b8f27 ] Request (HypervisorAdminV228Test:tearDownClass): 200 GET http://10.180.1.21:9696/networking/v2.0/security-groups?tenant_id=07a91e22328d4ca18b07619a91bb92cb&name=default 0.498s
2025-01-24 15:31:24.745 69013 INFO tempest.lib.common.rest_client [req-f174830b-6a3c-4150-bb10-404ed72dda3e req-f174830b-6a3c-4150-bb10-404ed72dda3e ] Request (ServersWithSpecificFlavorTestJSON:setUpClass): 200 PUT http://10.180.1.21:9696/networking/v2.0/routers/dfd2ac3f-8c2e-43eb-89b0-5632cb9bbf15/add_router_interface 1.620s
2025-01-24 15:31:24.745 69013 INFO tempest.lib.common.dynamic_creds [-] Created isolated network resources for: credentials: Credentials: {'domain_id': 'default', 'domain_name': 'Default', 'username': 'tempest-ServersWithSpecificFlavorTestJSON-787670557-project-admin', 'project_domain_id': 'default', 'project_domain_name': 'Default', 'project_id': 'f912026af4764f9e942dda78febe34c2', 'project_name': 'tempest-ServersWithSpecificFlavorTestJSON-787670557', 'tenant_id': 'f912026af4764f9e942dda78febe34c2', 'tenant_name': 'tempest-ServersWithSpecificFlavorTestJSON-787670557', 'user_domain_id': 'default', 'user_domain_name': 'Default', 'user_id': '0a97696216de417b89882fbcd15b8d04', 'system': None}, Network: {'id': 'e48858e6-b9e1-43d7-807d-96e31c5832d3', 'name': 'tempest-ServersWithSpecificFlavorTestJSON-46844734-network', 'tenant_id': 'f912026af4764f9e942dda78febe34c2', 'admin_state_up': True, 'mtu': 8950, 'status': 'ACTIVE', 'subnets': [], 'shared': False, 'project_id': 'f912026af4764f9e942dda78febe34c2', 'port_security_enabled': True, 'router:external': False, 'provider:network_type': 'vlan', 'provider:physical_network': 'default', 'provider:segmentation_id': 940, 'availability_zone_hints': [], 'availability_zones': [], 'ipv4_address_scope': None, 'ipv6_address_scope': None, 'description': '', 'tags': [], 'created_at': '2025-01-24T15:31:21Z', 'updated_at': '2025-01-24T15:31:21Z', 'revision_number': 1}, Subnet: {'id': 'b8e7c573-c5df-4a64-840e-062c4395e3f6', 'name': 'tempest-ServersWithSpecificFlavorTestJSON-46844734-subnet', 'tenant_id': 'f912026af4764f9e942dda78febe34c2', 'network_id': 'e48858e6-b9e1-43d7-807d-96e31c5832d3', 'ip_version': 4, 'subnetpool_id': None, 'enable_dhcp': True, 'ipv6_ra_mode': None, 'ipv6_address_mode': None, 'gateway_ip': '192.168.128.1', 'cidr': '192.168.128.0/28', 'allocation_pools': [{'start': '192.168.128.2', 'end': '192.168.128.14'}], 'host_routes': [], 'dns_nameservers': [], 'description': '', 'router:external': False, 'service_types': [], 'tags': [], 'created_at': '2025-01-24T15:31:21Z', 'updated_at': '2025-01-24T15:31:21Z', 'revision_number': 0, 'project_id': 'f912026af4764f9e942dda78febe34c2'}, Router: {'id': 'dfd2ac3f-8c2e-43eb-89b0-5632cb9bbf15', 'name': 'tempest-ServersWithSpecificFlavorTestJSON-46844734-router', 'tenant_id': 'f912026af4764f9e942dda78febe34c2', 'admin_state_up': True, 'status': 'ACTIVE', 'external_gateway_info': {'network_id': 'a3d0cf32-0889-447f-bdc9-b677880197df', 'external_fixed_ips': [{'subnet_id': '766f2c20-e594-4035-875b-d7e2a17f3e35', 'ip_address': '10.180.180.223'}], 'enable_snat': True}, 'description': '', 'availability_zones': [], 'distributed': False, 'ha': False, 'availability_zone_hints': [], 'routes': [], 'flavor_id': None, 'tags': [], 'created_at': '2025-01-24T15:31:21Z', 'updated_at': '2025-01-24T15:31:22Z', 'revision_number': 2, 'project_id': 'f912026af4764f9e942dda78febe34c2'}
2025-01-24 15:31:24.788 69036 INFO tempest.lib.common.rest_client [req-ced330d0-3514-40be-aaf0-320ce3c2a37e req-ced330d0-3514-40be-aaf0-320ce3c2a37e ] Request (VolumesAssistedSnapshotsTest:setUpClass): 201 POST http://10.180.1.21/identity/v3/auth/tokens 0.141s
2025-01-24 15:31:24.806 69014 INFO tempest.lib.common.rest_client [req-eab37caa-67f8-409c-9e81-539d526fed6a req-eab37caa-67f8-409c-9e81-539d526fed6a ] Request (HypervisorAdminV253TestBase:setUpClass): 201 POST http://10.180.1.21/identity/v3/projects 0.154s
2025-01-24 15:31:24.826 69000 INFO tempest.lib.common.rest_client [req-2efa3cc0-e64b-4956-8276-f9dfe8053221 req-2efa3cc0-e64b-4956-8276-f9dfe8053221 ] Request (VolumesAdminNegativeTest:test_update_attached_volume_with_nonexistent_volume_in_body): 201 POST http://10.180.1.21:9696/networking/v2.0/security-group-rules 0.189s
2025-01-24 15:31:24.864 69030 INFO tempest.lib.common.rest_client [req-0d2fcbb4-ed19-4fb8-afa2-7e2fbc1f4690 req-0d2fcbb4-ed19-4fb8-afa2-7e2fbc1f4690 ] Request (ServerActionsTestOtherB:setUpClass): 200 PUT http://10.180.1.21:9696/networking/v2.0/routers/0e5f2fc0-c004-4d47-8c40-e27079bacecc/add_router_interface 1.397s
