2024-12-10 18:35:54.078 65842 INFO tempest.lib.common.dynamic_creds [-] Dynamic test user 762189907eae4eee9c429f1036e33342 is created with scope project and roles: ['member']
2024-12-10 18:35:54.079 65842 INFO tempest.lib.common.dynamic_creds [-] Acquired dynamic creds: credentials: Credentials: {'domain_id': 'default', 'domain_name': 'Default', 'username': 'tempest-TenantUsagesNegativeTestJSON-1456420261-project-member', 'project_domain_id': 'default', 'project_domain_name': 'Default', 'project_id': '09e8836f34fc4f14a2c4ca341eabaf81', 'project_name': 'tempest-TenantUsagesNegativeTestJSON-1456420261', 'tenant_id': '09e8836f34fc4f14a2c4ca341eabaf81', 'tenant_name': 'tempest-TenantUsagesNegativeTestJSON-1456420261', 'user_domain_id': 'default', 'user_domain_name': 'Default', 'user_id': '762189907eae4eee9c429f1036e33342', 'system': None}, Network: None, Subnet: None, Router: None
2024-12-10 18:35:54.079 65842 INFO tempest.lib.common.dynamic_creds [-] Created isolated network resources for: credentials: Credentials: {'domain_id': 'default', 'domain_name': 'Default', 'username': 'tempest-TenantUsagesNegativeTestJSON-1456420261-project-member', 'project_domain_id': 'default', 'project_domain_name': 'Default', 'project_id': '09e8836f34fc4f14a2c4ca341eabaf81', 'project_name': 'tempest-TenantUsagesNegativeTestJSON-1456420261', 'tenant_id': '09e8836f34fc4f14a2c4ca341eabaf81', 'tenant_name': 'tempest-TenantUsagesNegativeTestJSON-1456420261', 'user_domain_id': 'default', 'user_domain_name': 'Default', 'user_id': '762189907eae4eee9c429f1036e33342', 'system': None}, Network: None, Subnet: None, Router: None
2024-12-10 18:35:54.090 65804 INFO tempest.lib.common.rest_client [req-46ee5b1f-9519-49f7-b04b-04f795d78f6b req-46ee5b1f-9519-49f7-b04b-04f795d78f6b ] Request (MigrationsAdminTest:test_list_migrations_in_flavor_resize_situation): 200 GET http://10.180.1.21/compute/v2.1/servers/696da7d0-08b4-410c-8caa-300c12d02359 0.732s
2024-12-10 18:35:54.126 65818 INFO tempest.lib.common.rest_client [req-c0b1ffb4-79af-4f8b-95c2-fcfb6c521d0c req-c0b1ffb4-79af-4f8b-95c2-fcfb6c521d0c ] Request (AggregatesAdminNegativeTestJSON:tearDownClass): 200 GET http://10.180.1.21:9696/networking/v2.0/security-groups?tenant_id=75e676708fe04b7c8b925d1bb72df6ae&name=default 0.164s
2024-12-10 18:35:54.149 65808 INFO tempest.lib.common.rest_client [req-eb84c9d4-f40b-40ed-b3b7-ca66570b06b7 req-eb84c9d4-f40b-40ed-b3b7-ca66570b06b7 ] Request (ServersAdmin275Test:setUpClass): 201 POST http://10.180.1.21/identity/v3/auth/tokens 0.092s
2024-12-10 18:35:54.182 65802 INFO tempest.lib.common.rest_client [req-1f07eba7-efc4-4b05-a678-c5c78b45c1c0 req-1f07eba7-efc4-4b05-a678-c5c78b45c1c0 ] Request (SecurityGroupRulesTestJSON:tearDownClass): 202 DELETE http://10.180.1.21/compute/v2.1/os-security-groups/f29c05d4-c7ad-45b5-b966-a76c29902f16 0.740s
2024-12-10 18:35:54.225 65808 INFO tempest.lib.common.rest_client [req-bf06891f-c17f-42b6-b412-0de1b1020bd7 req-bf06891f-c17f-42b6-b412-0de1b1020bd7 ] Request (ServersAdmin275Test:test_rebuild_update_server_275): 201 POST http://10.180.1.21/identity/v3/auth/tokens 0.072s
2024-12-10 18:35:54.226 65808 INFO tempest.lib.common.fixed_network [-] (ServersAdmin275Test:test_rebuild_update_server_275) Found network None available for tenant
2024-12-10 18:35:54.230 65842 INFO tempest.lib.common.rest_client [req-63463506-2c2d-464c-862c-110e28a21662 req-63463506-2c2d-464c-862c-110e28a21662 ] Request (TenantUsagesNegativeTestJSON:setUpClass): 201 POST http://10.180.1.21/identity/v3/auth/tokens 0.144s
2024-12-10 18:35:54.269 65842 INFO tempest.lib.common.rest_client [req-dcc1dcfa-9962-400c-87b8-882df74b1617 req-dcc1dcfa-9962-400c-87b8-882df74b1617 ] Request (TenantUsagesNegativeTestJSON:setUpClass): 201 POST http://10.180.1.21/identity/v3/projects 0.038s
2024-12-10 18:35:54.321 65818 INFO tempest.lib.common.rest_client [req-2fef5b1b-a8db-4eab-a124-7d5c6f049d3b req-2fef5b1b-a8db-4eab-a124-7d5c6f049d3b ] Request (AggregatesAdminNegativeTestJSON:tearDownClass): 204 DELETE http://10.180.1.21:9696/networking/v2.0/security-groups/0fdc15e5-6d06-4fbd-9c6c-aef2698182aa 0.191s
2024-12-10 18:35:54.339 65784 INFO tempest.lib.common.rest_client [req-62d2caee-90f7-44f4-a893-7006a24b08b3 req-62d2caee-90f7-44f4-a893-7006a24b08b3 ] Request (QuotasAdminTestJSON:tearDownClass): 200 GET http://10.180.1.21:9696/networking/v2.0/security-groups?tenant_id=5d424e0b534f46768d6171d1fa12adbd&name=default 0.301s
2024-12-10 18:35:54.341 65842 INFO tempest.lib.common.rest_client [req-0a03e926-7e63-4817-ae86-75fea20b62cf req-0a03e926-7e63-4817-ae86-75fea20b62cf ] Request (TenantUsagesNegativeTestJSON:setUpClass): 201 POST http://10.180.1.21/identity/v3/users 0.071s
2024-12-10 18:35:54.344 65826 INFO tempest.lib.common.rest_client [req-af345bc5-255c-4055-b6be-b52388a19d52 req-af345bc5-255c-4055-b6be-b52388a19d52 ] Request (ImagesOneServerNegativeTestJSON:tearDown): 200 GET http://10.180.1.21/compute/v2.1/servers/e99f977d-19dd-430c-acd6-56d1b45b3fb3 0.702s
2024-12-10 18:35:54.362 65842 INFO tempest.lib.common.rest_client [req-f74be07e-bdf3-44f8-8a8a-59bc6efc4541 req-f74be07e-bdf3-44f8-8a8a-59bc6efc4541 ] Request (TenantUsagesNegativeTestJSON:setUpClass): 200 GET http://10.180.1.21/identity/v3/roles 0.019s
2024-12-10 18:35:54.364 65782 INFO tempest.lib.common.rest_client [req-8a740bf3-74c3-4e3c-8ac3-3f7597186294 req-8a740bf3-74c3-4e3c-8ac3-3f7597186294 ] Request (FlavorsExtraSpecsTestJSON:test_flavor_set_get_update_show_unset_keys): 200 DELETE http://10.180.1.21/compute/v2.1/flavors/1684257403/os-extra_specs/hw:cpu_policy 0.606s
2024-12-10 18:35:54.364 65838 INFO tempest.lib.common.rest_client [req-3ec23fdb-c42e-4828-a86b-383c9833327b req-3ec23fdb-c42e-4828-a86b-383c9833327b ] Request (FloatingIPsAssociationNegativeTestJSON:test_associate_nonexistent_floating_ip): 404 POST http://10.180.1.21/compute/v2.1/servers/f437e292-8c5d-48ee-bfcc-22c9fb85b587/action 0.642s
2024-12-10 18:35:54.394 65842 INFO tempest.lib.common.rest_client [req-979f3d51-1425-4351-9845-03dc59a68c8e req-979f3d51-1425-4351-9845-03dc59a68c8e ] Request (TenantUsagesNegativeTestJSON:setUpClass): 204 PUT http://10.180.1.21/identity/v3/projects/d72bc652b02d48378ba1806d82349810/users/f33c244c42cb41d4a8226536a32ae6ba/roles/7abb070fee114312910f5528d0ef2eef 0.032s
2024-12-10 18:35:54.409 65814 INFO tempest.lib.common.rest_client [req-dadec39f-7a9d-44c9-9621-eb8194c9f096 req-dadec39f-7a9d-44c9-9621-eb8194c9f096 ] Request (FlavorsAdminTestJSON:_run_cleanups): 200 GET http://10.180.1.21/compute/v2.1/flavors/detail 0.640s
2024-12-10 18:35:54.413 65818 INFO tempest.lib.common.rest_client [req-9f7ac6e1-b8d9-4850-ac5b-2957015bb5e9 req-9f7ac6e1-b8d9-4850-ac5b-2957015bb5e9 ] Request (AggregatesAdminNegativeTestJSON:tearDownClass): 204 DELETE http://10.180.1.21/identity/v3/projects/75e676708fe04b7c8b925d1bb72df6ae 0.091s
2024-12-10 18:35:54.414 65818 INFO tempest.test [-] raised in UnshelveToHostMultiNodesTest.setUpClass. Invoking tearDownClass.
2024-12-10 18:35:54.449 65818 INFO tempest.lib.common.rest_client [req-3bb70bcb-fec9-4164-b730-36661cd31710 req-3bb70bcb-fec9-4164-b730-36661cd31710 ] Request (ImagesOneServerTestJSON:setUpClass): 201 POST http://10.180.1.21/identity/v3/auth/tokens 0.030s
2024-12-10 18:35:54.457 65842 INFO tempest.lib.common.rest_client [req-1becc58d-8497-4e15-bebe-a94982249d51 req-1becc58d-8497-4e15-bebe-a94982249d51 ] Request (TenantUsagesNegativeTestJSON:setUpClass): 200 GET http://10.180.1.21/identity/v3/roles 0.062s
2024-12-10 18:35:54.466 65784 INFO tempest.lib.common.rest_client [req-530d4f20-c659-4d81-a3f2-d9fedeb62514 req-530d4f20-c659-4d81-a3f2-d9fedeb62514 ] Request (QuotasAdminTestJSON:tearDownClass): 204 DELETE http://10.180.1.21:9696/networking/v2.0/security-groups/412bd5f1-0697-4de5-8bd7-48bc728029a3 0.126s
2024-12-10 18:35:54.467 65790 INFO tempest.lib.common.rest_client [req-5a245a34-122a-44cb-8cd2-e1ae5032bb40 req-5a245a34-122a-44cb-8cd2-e1ae5032bb40 ] Request (ServerMetadataTestJSON:tearDownClass): 204 DELETE http://10.180.1.21/compute/v2.1/servers/7f4aef75-01ae-48db-9d32-e403e24b8f35 0.660s
2024-12-10 18:35:54.468 65812 INFO tempest.lib.common.rest_client [req-ba49a9cb-3bfb-49e1-8580-7cfe086bfef4 req-ba49a9cb-3bfb-49e1-8580-7cfe086bfef4 ] Request (ServersTestBootFromVolume:setUpClass): 201 POST http://10.180.1.21:9696/networking/v2.0/routers 1.039s
2024-12-10 18:35:54.492 65842 INFO tempest.lib.common.rest_client [req-5e0b3baf-194b-4477-8339-c2172a54e44b req-5e0b3baf-194b-4477-8339-c2172a54e44b ] Request (TenantUsagesNegativeTestJSON:setUpClass): 204 PUT http://10.180.1.21/identity/v3/projects/d72bc652b02d48378ba1806d82349810/users/f33c244c42cb41d4a8226536a32ae6ba/roles/7abb070fee114312910f5528d0ef2eef 0.034s
2024-12-10 18:35:54.492 65842 INFO tempest.lib.common.dynamic_creds [-] Dynamic test user f33c244c42cb41d4a8226536a32ae6ba is created with scope project and roles: ['admin']
2024-12-10 18:35:54.493 65842 INFO tempest.lib.common.dynamic_creds [-] Acquired dynamic creds: credentials: Credentials: {'domain_id': 'default', 'domain_name': 'Default', 'username': 'tempest-TenantUsagesNegativeTestJSON-161762952-project-admin', 'project_domain_id': 'default', 'project_domain_name': 'Default', 'project_id': 'd72bc652b02d48378ba1806d82349810', 'project_name': 'tempest-TenantUsagesNegativeTestJSON-161762952', 'tenant_id': 'd72bc652b02d48378ba1806d82349810', 'tenant_name': 'tempest-TenantUsagesNegativeTestJSON-161762952', 'user_domain_id': 'default', 'user_domain_name': 'Default', 'user_id': 'f33c244c42cb41d4a8226536a32ae6ba', 'system': None}, Network: None, Subnet: None, Router: None
2024-12-10 18:35:54.493 65842 INFO tempest.lib.common.dynamic_creds [-] Created isolated network resources for: credentials: Credentials: {'domain_id': 'default', 'domain_name': 'Default', 'username': 'tempest-TenantUsagesNegativeTestJSON-161762952-project-admin', 'project_domain_id': 'default', 'project_domain_name': 'Default', 'project_id': 'd72bc652b02d48378ba1806d82349810', 'project_name': 'tempest-TenantUsagesNegativeTestJSON-161762952', 'tenant_id': 'd72bc652b02d48378ba1806d82349810', 'tenant_name': 'tempest-TenantUsagesNegativeTestJSON-161762952', 'user_domain_id': 'default', 'user_domain_name': 'Default', 'user_id': 'f33c244c42cb41d4a8226536a32ae6ba', 'system': None}, Network: None, Subnet: None, Router: None
2024-12-10 18:35:54.494 65818 INFO tempest.lib.common.rest_client [req-363cc9f9-36de-45d5-a968-2a3ec3a8c13f req-363cc9f9-36de-45d5-a968-2a3ec3a8c13f ] Request (ImagesOneServerTestJSON:setUpClass): 201 POST http://10.180.1.21/identity/v3/auth/tokens 0.042s
2024-12-10 18:35:54.513 65810 INFO tempest.lib.common.rest_client [req-deae207d-77e3-4b82-a95f-c1b918665119 req-deae207d-77e3-4b82-a95f-c1b918665119 ] Request (TenantUsagesTestJSON:tearDownClass): 204 DELETE http://10.180.1.21/compute/v2.1/servers/1e145f1e-c52a-466a-b38f-2a819ed8b72c 0.649s
2024-12-10 18:35:54.557 65818 INFO tempest.lib.common.rest_client [req-27ac660e-9860-4de4-9093-0406ea6d4f19 req-27ac660e-9860-4de4-9093-0406ea6d4f19 ] Request (ImagesOneServerTestJSON:setUpClass): 200 GET http://10.180.1.21/identity/v3/domains?name=Default 0.062s
2024-12-10 18:35:54.586 65784 INFO tempest.lib.common.rest_client [req-b415591a-8f03-454b-9b33-d307c2f0bfff req-b415591a-8f03-454b-9b33-d307c2f0bfff ] Request (QuotasAdminTestJSON:tearDownClass): 204 DELETE http://10.180.1.21/identity/v3/projects/5d424e0b534f46768d6171d1fa12adbd 0.120s
2024-12-10 18:35:54.586 65784 INFO tempest.lib.common.dynamic_creds [-] Deleting project and security group for project: 36aa294781974f0dbdd24a7f08f6f9a9
2024-12-10 18:35:54.609 65794 INFO tempest.lib.common.rest_client [req-7a9b4853-5abc-491c-ac93-eeea473b2f0d req-7a9b4853-5abc-491c-ac93-eeea473b2f0d ] Request (ServerDiagnosticsNegativeTest:test_get_server_diagnostics_by_non_admin): 200 GET http://10.180.1.21/compute/v2.1/servers/58c47bed-3cb6-41c5-a33f-62c72683c596 0.729s
2024-12-10 18:35:54.618 65794 INFO tempest.common.waiters [-] State transition "BUILD/spawning" ==> "ACTIVE/None" after 27 second wait
2024-12-10 18:35:54.635 65842 INFO tempest.lib.common.rest_client [req-35340385-d800-4e4d-9696-aa4601cce89a req-35340385-d800-4e4d-9696-aa4601cce89a ] Request (TenantUsagesNegativeTestJSON:setUpClass): 201 POST http://10.180.1.21/identity/v3/auth/tokens 0.140s
2024-12-10 18:35:54.657 65818 INFO tempest.lib.common.rest_client [req-9ec85c49-d734-40f6-a88f-84f79f1b9f4c req-9ec85c49-d734-40f6-a88f-84f79f1b9f4c ] Request (ImagesOneServerTestJSON:setUpClass): 201 POST http://10.180.1.21/identity/v3/projects 0.099s
2024-12-10 18:35:54.662 65800 INFO tempest.lib.common.rest_client [req-73d40843-a2ee-4395-af16-8842380e8446 req-73d40843-a2ee-4395-af16-8842380e8446 ] Request (FloatingIPsAssociationTestJSON:setUpClass): 200 GET http://10.180.1.21/compute/v2.1/servers/3276a0d1-4289-46cc-a4b8-e31f2cc51447 0.708s
2024-12-10 18:35:54.727 65818 INFO tempest.lib.common.rest_client [req-4a4e459b-017d-4d7b-8c2c-49003bbee6b8 req-4a4e459b-017d-4d7b-8c2c-49003bbee6b8 ] Request (ImagesOneServerTestJSON:setUpClass): 201 POST http://10.180.1.21/identity/v3/users 0.069s
2024-12-10 18:35:54.728 65824 INFO tempest.lib.common.rest_client [req-45d7f8bf-7eda-47d6-8b50-aa412ecbdfeb req-45d7f8bf-7eda-47d6-8b50-aa412ecbdfeb ] Request (DeleteServersAdminTestJSON:test_delete_server_while_in_error_state): 200 GET http://10.180.1.21/compute/v2.1/servers/faf90bec-502d-4133-9fe7-73782e8cb80b 0.661s
2024-12-10 18:35:54.746 65806 INFO tempest.lib.common.rest_client [req-73209056-a23f-453c-aaa7-98dc0bdb0162 req-73209056-a23f-453c-aaa7-98dc0bdb0162 ] Request (ImagesMetadataTestJSON:test_set_image_metadata): 200 PUT http://10.180.1.21/compute/v2.1/images/727250fb-234b-41e5-999f-380cac3f98e8/metadata 0.814s
2024-12-10 18:35:54.751 65784 INFO tempest.lib.common.rest_client [req-bf71a02b-061d-4b9b-84bb-a79313a29bab req-bf71a02b-061d-4b9b-84bb-a79313a29bab ] Request (QuotasAdminTestJSON:tearDownClass): 200 GET http://10.180.1.21:9696/networking/v2.0/security-groups?tenant_id=36aa294781974f0dbdd24a7f08f6f9a9&name=default 0.165s
2024-12-10 18:35:54.756 65818 INFO tempest.lib.common.rest_client [req-173fccc0-adad-45b4-9084-c6c80e6eec82 req-173fccc0-adad-45b4-9084-c6c80e6eec82 ] Request (ImagesOneServerTestJSON:setUpClass): 200 GET http://10.180.1.21/identity/v3/roles 0.028s
2024-12-10 18:35:54.783 65818 INFO tempest.lib.common.rest_client [req-5eaa2499-866e-4e00-850c-e09007f7e7db req-5eaa2499-866e-4e00-850c-e09007f7e7db ] Request (ImagesOneServerTestJSON:setUpClass): 204 PUT http://10.180.1.21/identity/v3/projects/1ce1ea1293b648f48c5e384b66125eec/users/a6c80b4ed3314582b23b7a64cb846353/roles/f89e994360ae46ff98b886c104123a87 0.027s
2024-12-10 18:35:54.783 65818 INFO tempest.lib.common.dynamic_creds [-] Dynamic test user a6c80b4ed3314582b23b7a64cb846353 is created with scope project and roles: ['member']
2024-12-10 18:35:54.783 65818 INFO tempest.lib.common.dynamic_creds [-] Acquired dynamic creds: credentials: Credentials: {'domain_id': 'default', 'domain_name': 'Default', 'username': 'tempest-ImagesOneServerTestJSON-1937255092-project-member', 'project_domain_id': 'default', 'project_domain_name': 'Default', 'project_id': '1ce1ea1293b648f48c5e384b66125eec', 'project_name': 'tempest-ImagesOneServerTestJSON-1937255092', 'tenant_id': '1ce1ea1293b648f48c5e384b66125eec', 'tenant_name': 'tempest-ImagesOneServerTestJSON-1937255092', 'user_domain_id': 'default', 'user_domain_name': 'Default', 'user_id': 'a6c80b4ed3314582b23b7a64cb846353', 'system': None}, Network: None, Subnet: None, Router: None
2024-12-10 18:35:54.825 65836 INFO tempest.lib.common.rest_client [req-3e8232fb-db0a-4422-ae35-fe2f5f438d60 req-3e8232fb-db0a-4422-ae35-fe2f5f438d60 ] Request (AttachInterfacesV270Test:test_create_get_list_interfaces): 200 GET http://10.180.1.21/compute/v2.1/servers/b705803c-92c3-48fe-a310-82866b074b71 0.624s
2024-12-10 18:35:54.860 65818 INFO tempest.lib.common.rest_client [req-b6bdf16a-84ad-4f48-999d-af6ac3197658 req-b6bdf16a-84ad-4f48-999d-af6ac3197658 ] Request (ImagesOneServerTestJSON:setUpClass): 201 POST http://10.180.1.21/identity/v3/auth/tokens 0.076s
2024-12-10 18:35:54.911 65802 INFO tempest.lib.common.rest_client [req-86d42e5f-375a-4524-ada6-94ef85174bd3 req-86d42e5f-375a-4524-ada6-94ef85174bd3 ] Request (SecurityGroupRulesTestJSON:tearDownClass): 202 DELETE http://10.180.1.21/compute/v2.1/os-security-groups/0735daf4-2acf-46fa-986c-cc7e23c4c8fe 0.728s
2024-12-10 18:35:54.915 65784 INFO tempest.lib.common.rest_client [req-f6084bfd-7e93-41ee-86c5-efc1104cf591 req-f6084bfd-7e93-41ee-86c5-efc1104cf591 ] Request (QuotasAdminTestJSON:tearDownClass): 204 DELETE http://10.180.1.21:9696/networking/v2.0/security-groups/65f95ffa-0ba8-414e-a19c-6f7264c45a0d 0.164s
2024-12-10 18:35:54.953 65786 WARNING tempest.lib.common.ssh [-] Failed to establish authenticated ssh connection to cirros@10.180.180.215 ([Errno None] Unable to connect to port 22 on 10.180.180.215). Number attempts: 4. Retry after 5 seconds.: paramiko.ssh_exception.NoValidConnectionsError: [Errno None] Unable to connect to port 22 on 10.180.180.215
2024-12-10 18:35:55.015 65820 INFO tempest.lib.common.rest_client [req-34e7e504-e67b-40c6-98ae-fd7292d4b81a req-34e7e504-e67b-40c6-98ae-fd7292d4b81a ] Request (ServersAaction247Test:tearDownClass): 200 GET http://10.180.1.21/compute/v2.1/servers/a8a5eb9c-f316-4281-bf70-d7b340ab5a6f 0.786s
2024-12-10 18:35:55.021 65796 WARNING tempest.lib.common.ssh [-] Failed to establish authenticated ssh connection to cirros@10.180.180.208 ([Errno None] Unable to connect to port 22 on 10.180.180.208). Number attempts: 2. Retry after 3 seconds.: paramiko.ssh_exception.NoValidConnectionsError: [Errno None] Unable to connect to port 22 on 10.180.180.208
2024-12-10 18:35:55.051 65784 INFO tempest.lib.common.rest_client [req-be7ef92e-71f1-47fd-addc-e0c22a6897fe req-be7ef92e-71f1-47fd-addc-e0c22a6897fe ] Request (QuotasAdminTestJSON:tearDownClass): 204 DELETE http://10.180.1.21/identity/v3/projects/36aa294781974f0dbdd24a7f08f6f9a9 0.135s
2024-12-10 18:35:55.099 65828 INFO tempest.lib.common.rest_client [req-36c739ef-e00c-4edc-a2ee-89f381575244 req-36c739ef-e00c-4edc-a2ee-89f381575244 ] Request (ServersTestJSON:setUpClass): 200 GET http://10.180.1.21/compute/v2.1/servers/3cb22d44-9c97-42a3-8fcc-0b5c86b811e7 0.785s
2024-12-10 18:35:55.110 65828 INFO tempest.common.waiters [-] State transition "BUILD/None" ==> "BUILD/networking" after 23 second wait
2024-12-10 18:35:55.128 65808 INFO tempest.lib.common.rest_client [req-ac143157-f422-477f-96ab-1f37e2ab43db req-ac143157-f422-477f-96ab-1f37e2ab43db ] Request (ServersAdmin275Test:test_rebuild_update_server_275): 202 POST http://10.180.1.21/compute/v2.1/servers 0.901s
2024-12-10 18:35:55.144 65838 INFO tempest.lib.common.rest_client [req-7d045e83-791a-498a-be6b-e365114cd598 req-7d045e83-791a-498a-be6b-e365114cd598 ] Request (FloatingIPsAssociationNegativeTestJSON:test_dissociate_nonexistent_floating_ip): 404 POST http://10.180.1.21/compute/v2.1/servers/f437e292-8c5d-48ee-bfcc-22c9fb85b587/action 0.778s
2024-12-10 18:35:55.146 65782 INFO tempest.lib.common.rest_client [req-6605cca4-32e2-4ed1-83c0-4cdae2e3d3bc req-6605cca4-32e2-4ed1-83c0-4cdae2e3d3bc ] Request (FlavorsExtraSpecsTestJSON:test_flavor_set_get_update_show_unset_keys): 200 GET http://10.180.1.21/compute/v2.1/flavors/1684257403/os-extra_specs 0.781s
2024-12-10 18:35:55.161 65784 INFO tempest.lib.common.rest_client [req-3c0e2286-4f49-4c7c-8491-dea8f449ea1f req-3c0e2286-4f49-4c7c-8491-dea8f449ea1f ] Request (SecurityGroupsTestAdminJSON:setUpClass): 201 POST http://10.180.1.21/identity/v3/auth/tokens 0.108s
2024-12-10 18:35:55.168 65814 INFO tempest.lib.common.rest_client [req-59c5f7be-de47-4794-8f56-6cc272acff9f req-59c5f7be-de47-4794-8f56-6cc272acff9f ] Request (FlavorsAdminTestJSON:test_list_non_public_flavor): 200 POST http://10.180.1.21/compute/v2.1/flavors 0.750s
2024-12-10 18:35:55.222 65784 INFO tempest.lib.common.rest_client [req-3fcebaa1-110a-4513-aea5-490c46ae6b38 req-3fcebaa1-110a-4513-aea5-490c46ae6b38 ] Request (SecurityGroupsTestAdminJSON:setUpClass): 201 POST http://10.180.1.21/identity/v3/auth/tokens 0.058s
2024-12-10 18:35:55.256 65784 INFO tempest.lib.common.rest_client [req-276e90c1-bd09-4f4d-90b3-753fa0faace4 req-276e90c1-bd09-4f4d-90b3-753fa0faace4 ] Request (SecurityGroupsTestAdminJSON:setUpClass): 200 GET http://10.180.1.21/identity/v3/domains?name=Default 0.034s
2024-12-10 18:35:55.292 65784 INFO tempest.lib.common.rest_client [req-6d4fbb48-e58e-45fd-8bf0-0e3c524b54dd req-6d4fbb48-e58e-45fd-8bf0-0e3c524b54dd ] Request (SecurityGroupsTestAdminJSON:setUpClass): 201 POST http://10.180.1.21/identity/v3/projects 0.035s
2024-12-10 18:35:55.358 65784 INFO tempest.lib.common.rest_client [req-713bb22a-647a-498c-b4d6-7256b7a2f505 req-713bb22a-647a-498c-b4d6-7256b7a2f505 ] Request (SecurityGroupsTestAdminJSON:setUpClass): 201 POST http://10.180.1.21/identity/v3/users 0.066s
2024-12-10 18:35:55.387 65784 INFO tempest.lib.common.rest_client [req-f5123f5b-5140-41fe-b480-8faa3a11264c req-f5123f5b-5140-41fe-b480-8faa3a11264c ] Request (SecurityGroupsTestAdminJSON:setUpClass): 200 GET http://10.180.1.21/identity/v3/roles 0.028s
2024-12-10 18:35:55.427 65784 INFO tempest.lib.common.rest_client [req-44f91702-73dd-4439-8b22-9a936be8d76a req-44f91702-73dd-4439-8b22-9a936be8d76a ] Request (SecurityGroupsTestAdminJSON:setUpClass): 204 PUT http://10.180.1.21/identity/v3/projects/76b4c2e198f64b538ae577136bfc7c8f/users/40c6bdbd102e45f6b45207155c1476f7/roles/f89e994360ae46ff98b886c104123a87 0.039s
2024-12-10 18:35:55.427 65784 INFO tempest.lib.common.dynamic_creds [-] Dynamic test user 40c6bdbd102e45f6b45207155c1476f7 is created with scope project and roles: ['member']
2024-12-10 18:35:55.427 65784 INFO tempest.lib.common.dynamic_creds [-] Acquired dynamic creds: credentials: Credentials: {'domain_id': 'default', 'domain_name': 'Default', 'username': 'tempest-SecurityGroupsTestAdminJSON-1072452631-project-member', 'project_domain_id': 'default', 'project_domain_name': 'Default', 'project_id': '76b4c2e198f64b538ae577136bfc7c8f', 'project_name': 'tempest-SecurityGroupsTestAdminJSON-1072452631', 'tenant_id': '76b4c2e198f64b538ae577136bfc7c8f', 'tenant_name': 'tempest-SecurityGroupsTestAdminJSON-1072452631', 'user_domain_id': 'default', 'user_domain_name': 'Default', 'user_id': '40c6bdbd102e45f6b45207155c1476f7', 'system': None}, Network: None, Subnet: None, Router: None
2024-12-10 18:35:55.427 65784 INFO tempest.lib.common.dynamic_creds [-] Created isolated network resources for: credentials: Credentials: {'domain_id': 'default', 'domain_name': 'Default', 'username': 'tempest-SecurityGroupsTestAdminJSON-1072452631-project-member', 'project_domain_id': 'default', 'project_domain_name': 'Default', 'project_id': '76b4c2e198f64b538ae577136bfc7c8f', 'project_name': 'tempest-SecurityGroupsTestAdminJSON-1072452631', 'tenant_id': '76b4c2e198f64b538ae577136bfc7c8f', 'tenant_name': 'tempest-SecurityGroupsTestAdminJSON-1072452631', 'user_domain_id': 'default', 'user_domain_name': 'Default', 'user_id': '40c6bdbd102e45f6b45207155c1476f7', 'system': None}, Network: None, Subnet: None, Router: None
2024-12-10 18:35:55.435 65810 INFO tempest.lib.common.rest_client [req-831b6218-bb84-495a-a8ae-8747a5a8d815 req-831b6218-bb84-495a-a8ae-8747a5a8d815 ] Request (TenantUsagesTestJSON:tearDownClass): 200 GET http://10.180.1.21/compute/v2.1/servers/1e145f1e-c52a-466a-b38f-2a819ed8b72c 0.921s
2024-12-10 18:35:55.515 65784 INFO tempest.lib.common.rest_client [req-0b7bcc0b-75e6-47e7-99ef-3b98de1afc61 req-0b7bcc0b-75e6-47e7-99ef-3b98de1afc61 ] Request (SecurityGroupsTestAdminJSON:setUpClass): 201 POST http://10.180.1.21/identity/v3/auth/tokens 0.081s
2024-12-10 18:35:55.546 65790 INFO tempest.lib.common.rest_client [req-9f7ba92e-de1f-4410-ae14-ee290eb5b8a8 req-9f7ba92e-de1f-4410-ae14-ee290eb5b8a8 ] Request (ServerMetadataTestJSON:tearDownClass): 200 GET http://10.180.1.21/compute/v2.1/servers/7f4aef75-01ae-48db-9d32-e403e24b8f35 1.079s
2024-12-10 18:35:55.578 65794 INFO tempest.lib.common.rest_client [req-a9c67767-7581-4549-93d4-8b9c12b5991e req-a9c67767-7581-4549-93d4-8b9c12b5991e ] Request (ServerDiagnosticsNegativeTest:test_get_server_diagnostics_by_non_admin): 403 GET http://10.180.1.21/compute/v2.1/servers/58c47bed-3cb6-41c5-a33f-62c72683c596/diagnostics 0.959s
2024-12-10 18:35:55.579 65818 INFO tempest.lib.common.rest_client [req-db3eb928-5b84-438c-b231-99d420b346a3 req-db3eb928-5b84-438c-b231-99d420b346a3 ] Request (ImagesOneServerTestJSON:setUpClass): 201 POST http://10.180.1.21:9696/networking/v2.0/networks 0.719s
2024-12-10 18:35:55.604 65784 INFO tempest.lib.common.rest_client [req-45c668ca-11d5-49dc-9fe7-9ba57db392cf req-45c668ca-11d5-49dc-9fe7-9ba57db392cf ] Request (SecurityGroupsTestAdminJSON:setUpClass): 201 POST http://10.180.1.21/identity/v3/projects 0.088s
2024-12-10 18:35:55.634 65792 INFO tempest.lib.common.rest_client [req-2057e3dc-1ec7-4737-a5ef-cf582fba7ea6 req-2057e3dc-1ec7-4737-a5ef-cf582fba7ea6 ] Request (SecurityGroupsTestJSON:test_list_security_groups_by_server): 200 GET http://10.180.1.21/compute/v2.1/servers/0de5b87a-1fc9-472b-b8ba-1bf897e08a18 1.052s
2024-12-10 18:35:55.645 65792 INFO tempest.common.waiters [-] State transition "BUILD/spawning" ==> "ACTIVE/None" after 27 second wait
2024-12-10 18:35:55.652 65812 INFO tempest.lib.common.rest_client [req-8d6b87a3-27f2-4fc6-8baa-01ee0affdc00 req-8d6b87a3-27f2-4fc6-8baa-01ee0affdc00 ] Request (ServersTestBootFromVolume:setUpClass): 200 PUT http://10.180.1.21:9696/networking/v2.0/routers/1fe898fa-4b53-4874-9a69-e111a670d925/add_router_interface 1.183s
2024-12-10 18:35:55.652 65812 INFO tempest.lib.common.dynamic_creds [-] Created isolated network resources for: credentials: Credentials: {'domain_id': 'default', 'domain_name': 'Default', 'username': 'tempest-ServersTestBootFromVolume-1449942751-project-member', 'project_domain_id': 'default', 'project_domain_name': 'Default', 'project_id': '37b0855db8c246b78343b69514c52f41', 'project_name': 'tempest-ServersTestBootFromVolume-1449942751', 'tenant_id': '37b0855db8c246b78343b69514c52f41', 'tenant_name': 'tempest-ServersTestBootFromVolume-1449942751', 'user_domain_id': 'default', 'user_domain_name': 'Default', 'user_id': '2711a1382b3546298b15f0b3d79bf351', 'system': None}, Network: {'id': '91938012-cb96-453b-a3fb-29a86e808525', 'name': 'tempest-ServersTestBootFromVolume-1846417784-network', 'tenant_id': '37b0855db8c246b78343b69514c52f41', 'admin_state_up': True, 'mtu': 8950, 'status': 'ACTIVE', 'subnets': [], 'shared': False, 'project_id': '37b0855db8c246b78343b69514c52f41', 'port_security_enabled': True, 'router:external': False, 'provider:network_type': 'vlan', 'provider:physical_network': 'default', 'provider:segmentation_id': 567, 'availability_zone_hints': [], 'availability_zones': [], 'ipv4_address_scope': None, 'ipv6_address_scope': None, 'description': '', 'tags': [], 'created_at': '2024-12-10T18:35:52Z', 'updated_at': '2024-12-10T18:35:52Z', 'revision_number': 1}, Subnet: {'id': 'c7fefa51-3fe7-412b-af52-0d3cf1b2b784', 'name': 'tempest-ServersTestBootFromVolume-1846417784-subnet', 'tenant_id': '37b0855db8c246b78343b69514c52f41', 'network_id': '91938012-cb96-453b-a3fb-29a86e808525', 'ip_version': 4, 'subnetpool_id': None, 'enable_dhcp': True, 'ipv6_ra_mode': None, 'ipv6_address_mode': None, 'gateway_ip': '192.168.128.1', 'cidr': '192.168.128.0/28', 'allocation_pools': [{'start': '192.168.128.2', 'end': '192.168.128.14'}], 'host_routes': [], 'dns_nameservers': [], 'description': '', 'router:external': False, 'service_types': [], 'tags': [], 'created_at': '2024-12-10T18:35:53Z', 'updated_at': '2024-12-10T18:35:53Z', 'revision_number': 0, 'project_id': '37b0855db8c246b78343b69514c52f41'}, Router: {'id': '1fe898fa-4b53-4874-9a69-e111a670d925', 'name': 'tempest-ServersTestBootFromVolume-1846417784-router', 'tenant_id': '37b0855db8c246b78343b69514c52f41', 'admin_state_up': True, 'status': 'ACTIVE', 'external_gateway_info': {'network_id': 'f1363a83-59c2-4e55-a671-9bae59d187e9', 'external_fixed_ips': [{'subnet_id': '7a595f0a-8be8-493a-865f-d4abc3ead673', 'ip_address': '10.180.180.234'}], 'enable_snat': True}, 'description': '', 'availability_zones': [], 'distributed': False, 'ha': False, 'availability_zone_hints': [], 'routes': [], 'flavor_id': None, 'tags': [], 'created_at': '2024-12-10T18:35:53Z', 'updated_at': '2024-12-10T18:35:53Z', 'revision_number': 2, 'project_id': '37b0855db8c246b78343b69514c52f41'}
2024-12-10 18:35:55.660 65784 INFO tempest.lib.common.rest_client [req-0ec39118-645d-477b-a696-510605f7b8c2 req-0ec39118-645d-477b-a696-510605f7b8c2 ] Request (SecurityGroupsTestAdminJSON:setUpClass): 201 POST http://10.180.1.21/identity/v3/users 0.056s
2024-12-10 18:35:55.739 65812 INFO tempest.lib.common.rest_client [req-a794bb9c-c836-4175-a5af-1c2dc98fcd94 req-a794bb9c-c836-4175-a5af-1c2dc98fcd94 ] Request (ServersTestBootFromVolume:setUpClass): 201 POST http://10.180.1.21/identity/v3/auth/tokens 0.082s
2024-12-10 18:35:55.755 65784 INFO tempest.lib.common.rest_client [req-0a6a3ab8-33e4-4c8a-8382-fe206463a722 req-0a6a3ab8-33e4-4c8a-8382-fe206463a722 ] Request (SecurityGroupsTestAdminJSON:setUpClass): 200 GET http://10.180.1.21/identity/v3/roles 0.094s
2024-12-10 18:35:55.767 65842 INFO tempest.lib.common.rest_client [req-7ede3bd3-3cc7-46c9-91eb-bc5a2dc864bf req-7ede3bd3-3cc7-46c9-91eb-bc5a2dc864bf ] Request (TenantUsagesNegativeTestJSON:test_get_usage_tenant_with_empty_tenant_id): 404 GET http://10.180.1.21/compute/v2.1/os-simple-tenant-usage/?start=2024-12-09T18%3A35%3A54.636664&end=2024-12-11T18%3A35%3A54.636664 1.130s
2024-12-10 18:35:55.768 65842 WARNING tempest.lib.common.rest_client [-] Deprecated: "tenant_id" property is deprecated for removal, use "project_id" instead
2024-12-10 18:35:55.787 65784 INFO tempest.lib.common.rest_client [req-5376eb0e-3a08-4b54-b5d1-2d1645370a12 req-5376eb0e-3a08-4b54-b5d1-2d1645370a12 ] Request (SecurityGroupsTestAdminJSON:setUpClass): 204 PUT http://10.180.1.21/identity/v3/projects/f8ef47043a5e496aa867b7df04d6d768/users/e0bc16c1dd5443eb9064db5c2011bf80/roles/7abb070fee114312910f5528d0ef2eef 0.032s
2024-12-10 18:35:55.812 65834 INFO tempest.lib.common.rest_client [req-d86b4b26-077e-46e8-8e2a-c07d577093bd req-d86b4b26-077e-46e8-8e2a-c07d577093bd ] Request (ServersAdminNegativeTestJSON:test_migrate_server_invalid_state): 200 GET http://10.180.1.21/compute/v2.1/servers/49936510-b3a0-4857-8482-23b9fea9d76d 1.113s
2024-12-10 18:35:55.822 65834 INFO tempest.common.waiters [-] State transition "BUILD/spawning" ==> "ACTIVE/None" after 27 second wait
2024-12-10 18:35:55.844 65806 INFO tempest.lib.common.rest_client [req-c146855f-b359-42e1-bcf7-6d94ca4d36e9 req-c146855f-b359-42e1-bcf7-6d94ca4d36e9 ] Request (ImagesMetadataTestJSON:test_set_image_metadata): 200 GET http://10.180.1.21/compute/v2.1/images/727250fb-234b-41e5-999f-380cac3f98e8/metadata 1.097s
2024-12-10 18:35:55.854 65784 INFO tempest.lib.common.rest_client [req-da16c565-cef4-49b2-b9ac-68443a47be5e req-da16c565-cef4-49b2-b9ac-68443a47be5e ] Request (SecurityGroupsTestAdminJSON:setUpClass): 200 GET http://10.180.1.21/identity/v3/roles 0.067s
2024-12-10 18:35:55.880 65784 INFO tempest.lib.common.rest_client [req-2765fe19-93f0-41e9-9269-93a4848f780c req-2765fe19-93f0-41e9-9269-93a4848f780c ] Request (SecurityGroupsTestAdminJSON:setUpClass): 204 PUT http://10.180.1.21/identity/v3/projects/f8ef47043a5e496aa867b7df04d6d768/users/e0bc16c1dd5443eb9064db5c2011bf80/roles/7abb070fee114312910f5528d0ef2eef 0.025s
2024-12-10 18:35:55.880 65784 INFO tempest.lib.common.dynamic_creds [-] Dynamic test user e0bc16c1dd5443eb9064db5c2011bf80 is created with scope project and roles: ['admin']
2024-12-10 18:35:55.880 65784 INFO tempest.lib.common.dynamic_creds [-] Acquired dynamic creds: credentials: Credentials: {'domain_id': 'default', 'domain_name': 'Default', 'username': 'tempest-SecurityGroupsTestAdminJSON-1739798322-project-admin', 'project_domain_id': 'default', 'project_domain_name': 'Default', 'project_id': 'f8ef47043a5e496aa867b7df04d6d768', 'project_name': 'tempest-SecurityGroupsTestAdminJSON-1739798322', 'tenant_id': 'f8ef47043a5e496aa867b7df04d6d768', 'tenant_name': 'tempest-SecurityGroupsTestAdminJSON-1739798322', 'user_domain_id': 'default', 'user_domain_name': 'Default', 'user_id': 'e0bc16c1dd5443eb9064db5c2011bf80', 'system': None}, Network: None, Subnet: None, Router: None
2024-12-10 18:35:55.880 65784 INFO tempest.lib.common.dynamic_creds [-] Created isolated network resources for: credentials: Credentials: {'domain_id': 'default', 'domain_name': 'Default', 'username': 'tempest-SecurityGroupsTestAdminJSON-1739798322-project-admin', 'project_domain_id': 'default', 'project_domain_name': 'Default', 'project_id': 'f8ef47043a5e496aa867b7df04d6d768', 'project_name': 'tempest-SecurityGroupsTestAdminJSON-1739798322', 'tenant_id': 'f8ef47043a5e496aa867b7df04d6d768', 'tenant_name': 'tempest-SecurityGroupsTestAdminJSON-1739798322', 'user_domain_id': 'default', 'user_domain_name': 'Default', 'user_id': 'e0bc16c1dd5443eb9064db5c2011bf80', 'system': None}, Network: None, Subnet: None, Router: None
2024-12-10 18:35:55.913 65788 INFO tempest.lib.common.rest_client [req-e5dd7130-ca25-4b2e-8350-c41fd514e0b7 req-e5dd7130-ca25-4b2e-8350-c41fd514e0b7 ] Request (AttachInterfacesTestJSON:test_create_list_show_delete_interfaces_by_fixed_ip): 200 GET http://10.180.1.21/compute/v2.1/servers/ef40065e-f1e4-4d9d-81b9-bc1344ad1bec 1.157s
2024-12-10 18:35:55.976 65784 INFO tempest.lib.common.rest_client [req-00d48fa5-2eaa-4821-8742-961410c0424d req-00d48fa5-2eaa-4821-8742-961410c0424d ] Request (SecurityGroupsTestAdminJSON:setUpClass): 201 POST http://10.180.1.21/identity/v3/auth/tokens 0.088s
2024-12-10 18:35:55.989 65818 INFO tempest.lib.common.rest_client [req-e73a00b6-b18c-4e89-8634-2ec9ab9d4525 req-e73a00b6-b18c-4e89-8634-2ec9ab9d4525 ] Request (ImagesOneServerTestJSON:setUpClass): 201 POST http://10.180.1.21:9696/networking/v2.0/subnets 0.409s
2024-12-10 18:35:56.040 65830 INFO tempest.lib.common.rest_client [req-e3136e65-5e95-466b-8ebb-eb91afeb4ea8 req-e3136e65-5e95-466b-8ebb-eb91afeb4ea8 ] Request (ServersTestFqdnHostnames:test_create_server_with_fqdn_name): 200 GET http://10.180.1.21/compute/v2.1/servers/8e504d19-5c4c-4708-afff-595d9bd15f73 1.320s
2024-12-10 18:35:56.125 65822 INFO tempest.lib.common.rest_client [req-f08a8d21-abcc-468b-8622-627da447b834 req-f08a8d21-abcc-468b-8622-627da447b834 ] Request (VolumesAdminNegativeTest:test_update_attached_volume_with_nonexistent_volume_in_body): 200 GET http://10.180.1.21/compute/v2.1/servers/b6dbe299-8ebe-4d58-a260-1f9bfed1deb8 1.194s
2024-12-10 18:35:56.158 65802 INFO tempest.lib.common.rest_client [req-fce7383d-cdb1-476c-ad8a-d21abcb089d7 req-fce7383d-cdb1-476c-ad8a-d21abcb089d7 ] Request (SecurityGroupRulesTestJSON:tearDownClass): 202 DELETE http://10.180.1.21/compute/v2.1/os-security-groups/9b2dbfaf-d559-4c63-b68d-3b073a8d1f60 1.246s
2024-12-10 18:35:56.256 65808 INFO tempest.lib.common.rest_client [req-94df8129-efb2-4df8-b8f7-19add99539ed req-94df8129-efb2-4df8-b8f7-19add99539ed ] Request (ServersAdmin275Test:test_rebuild_update_server_275): 200 PUT http://10.180.1.21/compute/v2.1/servers/a9d69a9c-b72d-43f1-9714-e0225089f9b0 1.126s
2024-12-10 18:35:56.274 65804 INFO tempest.lib.common.rest_client [req-9b91cef0-b680-4fcb-b057-6265eabe7264 req-9b91cef0-b680-4fcb-b057-6265eabe7264 ] Request (MigrationsAdminTest:test_list_migrations_in_flavor_resize_situation): 200 GET http://10.180.1.21/compute/v2.1/servers/696da7d0-08b4-410c-8caa-300c12d02359 1.172s
2024-12-10 18:35:56.281 65804 INFO tempest.common.waiters [-] State transition "RESIZE/resize_migrating" ==> "RESIZE/resize_migrated" after 27 second wait
2024-12-10 18:35:56.301 65782 INFO tempest.lib.common.rest_client [req-e42464e5-7511-489f-a029-4913eeeb8cc3 req-e42464e5-7511-489f-a029-4913eeeb8cc3 ] Request (FlavorsExtraSpecsTestJSON:tearDownClass): 202 DELETE http://10.180.1.21/compute/v2.1/flavors/1684257403 1.153s
2024-12-10 18:35:56.323 65814 INFO tempest.lib.common.rest_client [req-559454ea-82a3-40b8-a643-049fa821c32a req-559454ea-82a3-40b8-a643-049fa821c32a ] Request (FlavorsAdminTestJSON:test_list_non_public_flavor): 200 GET http://10.180.1.21/compute/v2.1/flavors/detail 1.153s
2024-12-10 18:35:56.345 65838 INFO tempest.lib.common.rest_client [req-4c8525aa-e197-47d9-97a3-94641a68d3c9 req-4c8525aa-e197-47d9-97a3-94641a68d3c9 ] Request (FloatingIPsAssociationNegativeTestJSON:tearDownClass): 204 DELETE http://10.180.1.21/compute/v2.1/servers/f437e292-8c5d-48ee-bfcc-22c9fb85b587 1.199s
2024-12-10 18:35:56.420 65794 INFO tempest.lib.common.rest_client [req-a5f7051a-9bdd-40f4-8a75-aeb7b33675bd req-a5f7051a-9bdd-40f4-8a75-aeb7b33675bd ] Request (ServerDiagnosticsNegativeTest:tearDownClass): 204 DELETE http://10.180.1.21/compute/v2.1/servers/58c47bed-3cb6-41c5-a33f-62c72683c596 0.840s
2024-12-10 18:35:56.422 65826 INFO tempest.lib.common.rest_client [req-c484522c-2984-44cf-a872-5e6a6b1b040d req-c484522c-2984-44cf-a872-5e6a6b1b040d ] Request (ImagesOneServerNegativeTestJSON:tearDown): 200 GET http://10.180.1.21/compute/v2.1/servers/e99f977d-19dd-430c-acd6-56d1b45b3fb3 1.066s
2024-12-10 18:35:56.495 65800 INFO tempest.lib.common.rest_client [req-c8f00706-21cd-4ebe-b9ac-7516a8bda852 req-c8f00706-21cd-4ebe-b9ac-7516a8bda852 ] Request (FloatingIPsAssociationTestJSON:setUpClass): 200 GET http://10.180.1.21/compute/v2.1/servers/3276a0d1-4289-46cc-a4b8-e31f2cc51447 0.826s
2024-12-10 18:35:56.559 65824 INFO tempest.lib.common.rest_client [req-1034db8d-9635-44f9-8019-29f2626c0a9f req-1034db8d-9635-44f9-8019-29f2626c0a9f ] Request (DeleteServersAdminTestJSON:test_delete_server_while_in_error_state): 200 GET http://10.180.1.21/compute/v2.1/servers/faf90bec-502d-4133-9fe7-73782e8cb80b 0.822s
2024-12-10 18:35:56.715 65818 INFO tempest.lib.common.rest_client [req-c562a28b-d842-43dc-ac6c-a81c4bc9ba0f req-c562a28b-d842-43dc-ac6c-a81c4bc9ba0f ] Request (ImagesOneServerTestJSON:setUpClass): 201 POST http://10.180.1.21:9696/networking/v2.0/routers 0.726s
2024-12-10 18:35:56.716 65812 INFO tempest.lib.common.rest_client [req-8d5afef8-212c-4742-8b55-e2ecdd2fb1da req-8d5afef8-212c-4742-8b55-e2ecdd2fb1da ] Request (ServersTestBootFromVolume:setUpClass): 200 POST http://10.180.1.21/compute/v2.1/os-keypairs 0.975s
2024-12-10 18:35:56.725 65842 INFO tempest.lib.common.rest_client [req-8425c0fb-2f44-412e-a82c-7a5ac8bacd89 req-8425c0fb-2f44-412e-a82c-7a5ac8bacd89 ] Request (TenantUsagesNegativeTestJSON:test_get_usage_tenant_with_invalid_date): 400 GET http://10.180.1.21/compute/v2.1/os-simple-tenant-usage/09e8836f34fc4f14a2c4ca341eabaf81?start=2024-12-11T18%3A35%3A54.636664&end=2024-12-09T18%3A35%3A54.636664 0.957s
2024-12-10 18:35:56.822 65834 INFO tempest.lib.common.rest_client [req-d347b175-5155-49e4-b2b4-7a1f820db1a2 req-d347b175-5155-49e4-b2b4-7a1f820db1a2 ] Request (ServersAdminNegativeTestJSON:test_migrate_server_invalid_state): 202 POST http://10.180.1.21/compute/v2.1/servers/49936510-b3a0-4857-8482-23b9fea9d76d/action 0.999s
2024-12-10 18:35:56.851 65792 INFO tempest.lib.common.rest_client [req-6caafc16-154b-4c76-a8ad-b6ed69ea5c1c req-6caafc16-154b-4c76-a8ad-b6ed69ea5c1c ] Request (SecurityGroupsTestJSON:test_list_security_groups_by_server): 202 POST http://10.180.1.21/compute/v2.1/servers/0de5b87a-1fc9-472b-b8ba-1bf897e08a18/action 1.206s
2024-12-10 18:35:56.881 65836 INFO tempest.lib.common.rest_client [req-df1fb1d0-9287-4bd2-97a3-f15475f1d722 req-df1fb1d0-9287-4bd2-97a3-f15475f1d722 ] Request (AttachInterfacesV270Test:test_create_get_list_interfaces): 200 GET http://10.180.1.21/compute/v2.1/servers/b705803c-92c3-48fe-a310-82866b074b71 1.040s
2024-12-10 18:35:56.884 65812 INFO tempest.lib.common.rest_client [req-b1dfe673-de73-4b28-ad8e-a7947e070e25 req-b1dfe673-de73-4b28-ad8e-a7947e070e25 ] Request (ServersTestBootFromVolume:setUpClass): 201 POST http://10.180.1.21:9696/networking/v2.0/security-groups 0.167s
2024-12-10 18:35:56.999 65812 INFO tempest.lib.common.rest_client [req-ec35cc6c-0583-4ad5-b429-8c90fa3f8351 req-ec35cc6c-0583-4ad5-b429-8c90fa3f8351 ] Request (ServersTestBootFromVolume:setUpClass): 201 POST http://10.180.1.21:9696/networking/v2.0/security-group-rules 0.113s
2024-12-10 18:35:57.150 65812 INFO tempest.lib.common.rest_client [req-c33b64a5-ba54-4ee4-807d-200afb05476e req-c33b64a5-ba54-4ee4-807d-200afb05476e ] Request (ServersTestBootFromVolume:setUpClass): 201 POST http://10.180.1.21:9696/networking/v2.0/security-group-rules 0.151s
2024-12-10 18:35:57.150 65806 INFO tempest.lib.common.rest_client [req-51460b52-74f4-4991-b3a3-ea6f5684680b req-51460b52-74f4-4991-b3a3-ea6f5684680b ] Request (ImagesMetadataTestJSON:setUp): 200 PUT http://10.180.1.21/compute/v2.1/images/727250fb-234b-41e5-999f-380cac3f98e8/metadata 1.300s
2024-12-10 18:35:57.231 65784 INFO tempest.lib.common.rest_client [req-43496d27-81d8-4a2e-91b0-a643a7a38ad4 req-43496d27-81d8-4a2e-91b0-a643a7a38ad4 ] Request (SecurityGroupsTestAdminJSON:test_list_security_groups_list_all_tenants_filter): 200 POST http://10.180.1.21/compute/v2.1/os-security-groups 1.253s
2024-12-10 18:35:57.245 65820 INFO tempest.lib.common.rest_client [req-fee14f42-b461-40b0-a9e1-0f34db9662e5 req-fee14f42-b461-40b0-a9e1-0f34db9662e5 ] Request (ServersAaction247Test:tearDownClass): 200 GET http://10.180.1.21/compute/v2.1/servers/a8a5eb9c-f316-4281-bf70-d7b340ab5a6f 1.220s
2024-12-10 18:35:57.451 65802 INFO tempest.lib.common.rest_client [req-d90c5d97-41fb-42ab-a4c4-af057b6fd32b req-d90c5d97-41fb-42ab-a4c4-af057b6fd32b ] Request (SecurityGroupRulesTestJSON:tearDownClass): 202 DELETE http://10.180.1.21/compute/v2.1/os-security-groups/99768419-56d9-4717-8560-3ee39a49edc5 1.293s
2024-12-10 18:35:57.489 65828 INFO tempest.lib.common.rest_client [req-5224fe26-b5bb-4460-8b35-aa8a20dad21d req-5224fe26-b5bb-4460-8b35-aa8a20dad21d ] Request (ServersTestJSON:setUpClass): 200 GET http://10.180.1.21/compute/v2.1/servers/3cb22d44-9c97-42a3-8fcc-0b5c86b811e7 1.376s
2024-12-10 18:35:57.497 65828 INFO tempest.common.waiters [-] State transition "BUILD/networking" ==> "BUILD/spawning" after 25 second wait
2024-12-10 18:35:57.516 65782 INFO tempest.lib.common.rest_client [req-94447cd2-bddd-47b8-b6c8-c9430a7edd14 req-94447cd2-bddd-47b8-b6c8-c9430a7edd14 ] Request (FlavorsExtraSpecsTestJSON:tearDownClass): 200 GET http://10.180.1.21/compute/v2.1/flavors/detail 1.214s
2024-12-10 18:35:57.517 65808 INFO tempest.lib.common.rest_client [req-0f358bcb-9411-45eb-b244-2426e0ee81cb req-0f358bcb-9411-45eb-b244-2426e0ee81cb ] Request (ServersAdmin275Test:test_rebuild_update_server_275): 200 GET http://10.180.1.21/compute/v2.1/servers/a9d69a9c-b72d-43f1-9714-e0225089f9b0 1.251s
2024-12-10 18:35:57.542 65814 INFO tempest.lib.common.rest_client [req-eebd831e-2e49-4eec-830b-2b50bda0ae76 req-eebd831e-2e49-4eec-830b-2b50bda0ae76 ] Request (FlavorsAdminTestJSON:test_list_non_public_flavor): 200 GET http://10.180.1.21/compute/v2.1/flavors/detail 1.214s
2024-12-10 18:35:57.678 65782 INFO tempest.lib.common.rest_client [req-b2794653-5a91-4564-9207-2f1433ee30c8 req-b2794653-5a91-4564-9207-2f1433ee30c8 ] Request (FlavorsExtraSpecsTestJSON:tearDownClass): 204 DELETE http://10.180.1.21/identity/v3/users/53a15044230f42a28c128dae485625ed 0.154s
2024-12-10 18:35:57.723 65838 INFO tempest.lib.common.rest_client [req-9fee9b90-8600-4a8f-99ce-eaf3022703d5 req-9fee9b90-8600-4a8f-99ce-eaf3022703d5 ] Request (FloatingIPsAssociationNegativeTestJSON:tearDownClass): 200 GET http://10.180.1.21/compute/v2.1/servers/f437e292-8c5d-48ee-bfcc-22c9fb85b587 1.377s
2024-12-10 18:35:57.777 65782 INFO tempest.lib.common.rest_client [req-d0390ca2-1f45-453b-ac07-915884fad81f req-d0390ca2-1f45-453b-ac07-915884fad81f ] Request (FlavorsExtraSpecsTestJSON:tearDownClass): 204 DELETE http://10.180.1.21/identity/v3/users/179af1e226bd41a09a71b6d5d744d1f0 0.099s
2024-12-10 18:35:57.778 65782 INFO tempest.lib.common.dynamic_creds [-] Deleting project and security group for project: a6679802965c407194fb34c9fe4f2304
2024-12-10 18:35:57.816 65794 INFO tempest.lib.common.rest_client [req-e82b9f7e-e12f-41d4-bd9d-5bfc08b83460 req-e82b9f7e-e12f-41d4-bd9d-5bfc08b83460 ] Request (ServerDiagnosticsNegativeTest:tearDownClass): 200 GET http://10.180.1.21/compute/v2.1/servers/58c47bed-3cb6-41c5-a33f-62c72683c596 1.395s
2024-12-10 18:35:57.856 65782 INFO tempest.lib.common.rest_client [req-efc34e0b-8fc8-4318-aba1-d998741bf897 req-efc34e0b-8fc8-4318-aba1-d998741bf897 ] Request (FlavorsExtraSpecsTestJSON:tearDownClass): 201 POST http://10.180.1.21/identity/v3/auth/tokens 0.078s
2024-12-10 18:35:58.091 65810 INFO tempest.lib.common.rest_client [req-e764edc9-7925-45b8-82dd-064c9766a9f6 req-e764edc9-7925-45b8-82dd-064c9766a9f6 ] Request (TenantUsagesTestJSON:tearDownClass): 200 GET http://10.180.1.21/compute/v2.1/servers/1e145f1e-c52a-466a-b38f-2a819ed8b72c 1.646s
2024-12-10 18:35:58.217 65842 INFO tempest.lib.common.rest_client [req-035991f7-2bde-424c-afe9-d30d2210d8a9 req-035991f7-2bde-424c-afe9-d30d2210d8a9 ] Request (TenantUsagesNegativeTestJSON:test_list_usage_all_tenants_with_non_admin_user): 403 GET http://10.180.1.21/compute/v2.1/os-simple-tenant-usage?start=2024-12-09T18%3A35%3A54.636664&end=2024-12-11T18%3A35%3A54.636664&detailed=1 1.490s
2024-12-10 18:35:58.225 65790 INFO tempest.lib.common.rest_client [req-9693e4b6-dd2d-4040-a127-ccd53fe49360 req-9693e4b6-dd2d-4040-a127-ccd53fe49360 ] Request (ServerMetadataTestJSON:tearDownClass): 200 GET http://10.180.1.21/compute/v2.1/servers/7f4aef75-01ae-48db-9d32-e403e24b8f35 1.668s
2024-12-10 18:35:58.323 65842 INFO tempest.lib.common.rest_client [req-03b32701-044e-4393-b28a-f26f305c6c75 req-03b32701-044e-4393-b28a-f26f305c6c75 ] Request (TenantUsagesNegativeTestJSON:tearDownClass): 204 DELETE http://10.180.1.21/identity/v3/users/762189907eae4eee9c429f1036e33342 0.104s
2024-12-10 18:35:58.399 65812 INFO tempest.lib.common.rest_client [req-1e1790f6-0fd8-425f-8be2-31c68545b798 req-1e1790f6-0fd8-425f-8be2-31c68545b798 ] Request (ServersTestBootFromVolume:setUpClass): 201 POST http://10.180.1.21:9696/networking/v2.0/floatingips 1.248s
2024-12-10 18:35:58.434 65842 INFO tempest.lib.common.rest_client [req-8df5d6dd-7174-4733-8866-070eb5185512 req-8df5d6dd-7174-4733-8866-070eb5185512 ] Request (TenantUsagesNegativeTestJSON:tearDownClass): 204 DELETE http://10.180.1.21/identity/v3/users/f33c244c42cb41d4a8226536a32ae6ba 0.110s
2024-12-10 18:35:58.435 65842 INFO tempest.lib.common.dynamic_creds [-] Deleting project and security group for project: 09e8836f34fc4f14a2c4ca341eabaf81
2024-12-10 18:35:58.452 65782 INFO tempest.lib.common.rest_client [req-06c61da9-707d-4406-8b2e-72db3bd3b418 req-06c61da9-707d-4406-8b2e-72db3bd3b418 ] Request (FlavorsExtraSpecsTestJSON:tearDownClass): 200 GET http://10.180.1.21:9696/networking/v2.0/security-groups?tenant_id=a6679802965c407194fb34c9fe4f2304&name=default 0.595s
2024-12-10 18:35:58.470 65812 INFO tempest.lib.common.rest_client [req-dd6d2d19-03ed-49c7-8e5e-0954dab65e09 req-dd6d2d19-03ed-49c7-8e5e-0954dab65e09 ] Request (ServersTestBootFromVolume:setUpClass): 201 POST http://10.180.1.21/identity/v3/auth/tokens 0.068s
2024-12-10 18:35:58.470 65812 INFO tempest.lib.common.fixed_network [-] (ServersTestBootFromVolume:setUpClass) Found network {'id': '91938012-cb96-453b-a3fb-29a86e808525', 'name': 'tempest-ServersTestBootFromVolume-1846417784-network', 'tenant_id': '37b0855db8c246b78343b69514c52f41', 'admin_state_up': True, 'mtu': 8950, 'status': 'ACTIVE', 'subnets': [], 'shared': False, 'project_id': '37b0855db8c246b78343b69514c52f41', 'port_security_enabled': True, 'router:external': False, 'provider:network_type': 'vlan', 'provider:physical_network': 'default', 'provider:segmentation_id': 567, 'availability_zone_hints': [], 'availability_zones': [], 'ipv4_address_scope': None, 'ipv6_address_scope': None, 'description': '', 'tags': [], 'created_at': '2024-12-10T18:35:52Z', 'updated_at': '2024-12-10T18:35:52Z', 'revision_number': 1} available for tenant
2024-12-10 18:35:58.503 65842 INFO tempest.lib.common.rest_client [req-b0bfb288-301e-4d8d-b2b0-55cb94d91e48 req-b0bfb288-301e-4d8d-b2b0-55cb94d91e48 ] Request (TenantUsagesNegativeTestJSON:tearDownClass): 201 POST http://10.180.1.21/identity/v3/auth/tokens 0.068s
2024-12-10 18:35:58.915 65812 INFO tempest.lib.common.rest_client [req-c70649ff-3e9a-4e56-a3e8-41b8c4bea2c1 req-c70649ff-3e9a-4e56-a3e8-41b8c4bea2c1 ] Request (ServersTestBootFromVolume:setUpClass): 202 POST http://10.180.1.21/volume/v3/volumes 0.444s
2024-12-10 18:35:58.925 65834 INFO tempest.lib.common.rest_client [req-8056844f-1b49-4145-94e9-9695c2cd2860 req-8056844f-1b49-4145-94e9-9695c2cd2860 ] Request (ServersAdminNegativeTestJSON:test_migrate_server_invalid_state): 200 GET http://10.180.1.21/compute/v2.1/servers/49936510-b3a0-4857-8482-23b9fea9d76d 2.103s
2024-12-10 18:35:58.925 65782 INFO tempest.lib.common.rest_client [req-3b7eea90-a7ec-491a-92e1-fefdb635480b req-3b7eea90-a7ec-491a-92e1-fefdb635480b ] Request (FlavorsExtraSpecsTestJSON:tearDownClass): 204 DELETE http://10.180.1.21:9696/networking/v2.0/security-groups/c6586a3a-0789-472b-9b13-19e766a9315a 0.473s
2024-12-10 18:35:58.963 65812 INFO tempest.lib.common.rest_client [req-a8f5ab9d-cc6b-40bc-b563-abadc78dc3d4 req-a8f5ab9d-cc6b-40bc-b563-abadc78dc3d4 ] Request (ServersTestBootFromVolume:setUpClass): 200 GET http://10.180.1.21/volume/v3/volumes/4c2bafe4-bf1f-4b96-a296-29b71cc39cfd 0.037s
2024-12-10 18:35:59.014 65788 INFO tempest.lib.common.rest_client [req-285f3a5b-048f-4a08-81ba-9a335d7a903d req-285f3a5b-048f-4a08-81ba-9a335d7a903d ] Request (AttachInterfacesTestJSON:test_create_list_show_delete_interfaces_by_fixed_ip): 200 GET http://10.180.1.21/compute/v2.1/servers/ef40065e-f1e4-4d9d-81b9-bc1344ad1bec 2.092s
