2024-12-10 18:36:03.596 65820 INFO tempest.lib.common.dynamic_creds [-] Created isolated network resources for: credentials: Credentials: {'domain_id': 'default', 'domain_name': 'Default', 'username': 'tempest-VolumesTestJSON-704639071-project-member', 'project_domain_id': 'default', 'project_domain_name': 'Default', 'project_id': '000444bfebaa453abf701b62e531c150', 'project_name': 'tempest-VolumesTestJSON-704639071', 'tenant_id': '000444bfebaa453abf701b62e531c150', 'tenant_name': 'tempest-VolumesTestJSON-704639071', 'user_domain_id': 'default', 'user_domain_name': 'Default', 'user_id': '87770d30382b452f97fb6ef9a25e1905', 'system': None}, Network: None, Subnet: None, Router: None
2024-12-10 18:36:03.639 65822 INFO tempest.lib.common.rest_client [req-2833ffc8-cdbe-467e-a4b5-25abd4627653 req-2833ffc8-cdbe-467e-a4b5-25abd4627653 ] Request (VolumesAdminNegativeTest:test_update_attached_volume_with_nonexistent_volume_in_body): 200 GET http://10.180.1.21/compute/v2.1/servers/b6dbe299-8ebe-4d58-a260-1f9bfed1deb8 0.952s
2024-12-10 18:36:03.684 65820 INFO tempest.lib.common.rest_client [req-b55fba72-66cf-4726-8c4d-26b505e9ce1f req-b55fba72-66cf-4726-8c4d-26b505e9ce1f ] Request (VolumesTestJSON:setUpClass): 201 POST http://10.180.1.21/identity/v3/auth/tokens 0.085s
2024-12-10 18:36:03.761 65802 INFO tempest.lib.common.rest_client [req-209fd23d-1c88-4d6c-a7bb-a7d2cf4d2b0c req-209fd23d-1c88-4d6c-a7bb-a7d2cf4d2b0c ] Request (SecurityGroupRulesNegativeTestJSON:setUpClass): 201 POST http://10.180.1.21:9696/networking/v2.0/routers 1.470s
2024-12-10 18:36:03.954 65820 INFO tempest.lib.common.rest_client [req-eee888e0-4837-45e1-a91a-880c4a262bef req-eee888e0-4837-45e1-a91a-880c4a262bef ] Request (VolumesTestJSON:setUpClass): 202 POST http://10.180.1.21/volume/v3/volumes 0.268s
2024-12-10 18:36:03.999 65820 INFO tempest.lib.common.rest_client [req-c72d2a5e-5375-4688-a373-5da14b3578ee req-c72d2a5e-5375-4688-a373-5da14b3578ee ] Request (VolumesTestJSON:setUpClass): 200 GET http://10.180.1.21/volume/v3/volumes/5a24f6da-37ec-4d7d-89e3-a9b64f417e1f 0.039s
2024-12-10 18:36:04.119 65792 INFO tempest.lib.common.rest_client [req-89eed260-9e55-4ac8-a055-13af12521175 req-89eed260-9e55-4ac8-a055-13af12521175 ] Request (SecurityGroupsTestJSON:test_security_group_create_get_delete): 202 DELETE http://10.180.1.21/compute/v2.1/os-security-groups/2443b389-e8b0-45a4-a70d-4ff4b5b25c82 1.091s
2024-12-10 18:36:04.217 65812 INFO tempest.lib.common.rest_client [req-8dacf809-f49a-4c4a-94c2-53439cbb58a1 req-8dacf809-f49a-4c4a-94c2-53439cbb58a1 ] Request (ServersTestBootFromVolume:setUpClass): 200 GET http://10.180.1.21/volume/v3/volumes/4c2bafe4-bf1f-4b96-a296-29b71cc39cfd 0.033s
2024-12-10 18:36:04.553 65804 INFO tempest.lib.common.rest_client [req-cef1f1d9-9c73-45dd-9f68-318228e4ddcf req-cef1f1d9-9c73-45dd-9f68-318228e4ddcf ] Request (MigrationsAdminTest:test_list_migrations_in_flavor_resize_situation): 200 GET http://10.180.1.21/compute/v2.1/servers/696da7d0-08b4-410c-8caa-300c12d02359 1.416s
2024-12-10 18:36:04.565 65804 INFO tempest.common.waiters [-] State transition "RESIZE/resize_finish" ==> "VERIFY_RESIZE/None" after 35 second wait
2024-12-10 18:36:04.590 65842 INFO tempest.lib.common.rest_client [req-e21353e9-d2a6-410b-88a9-a6768170cb4f req-e21353e9-d2a6-410b-88a9-a6768170cb4f ] Request (FloatingIPDetailsNegativeTestJSON:setUpClass): 200 PUT http://10.180.1.21:9696/networking/v2.0/routers/856fbc6f-2698-41a4-949f-1e9d99002631/add_router_interface 1.898s
2024-12-10 18:36:04.590 65842 INFO tempest.lib.common.dynamic_creds [-] Created isolated network resources for: credentials: Credentials: {'domain_id': 'default', 'domain_name': 'Default', 'username': 'tempest-FloatingIPDetailsNegativeTestJSON-153982410-project-member', 'project_domain_id': 'default', 'project_domain_name': 'Default', 'project_id': '52265dedc58f46188a95a6fe51241e5f', 'project_name': 'tempest-FloatingIPDetailsNegativeTestJSON-153982410', 'tenant_id': '52265dedc58f46188a95a6fe51241e5f', 'tenant_name': 'tempest-FloatingIPDetailsNegativeTestJSON-153982410', 'user_domain_id': 'default', 'user_domain_name': 'Default', 'user_id': 'c733a109188c4ad697431d4524d68d00', 'system': None}, Network: {'id': '3010d859-6de3-4ffb-9efd-4bd16f5c0481', 'name': 'tempest-FloatingIPDetailsNegativeTestJSON-417279821-network', 'tenant_id': '52265dedc58f46188a95a6fe51241e5f', 'admin_state_up': True, 'mtu': 8950, 'status': 'ACTIVE', 'subnets': [], 'shared': False, 'project_id': '52265dedc58f46188a95a6fe51241e5f', 'port_security_enabled': True, 'router:external': False, 'provider:network_type': 'vlan', 'provider:physical_network': 'default', 'provider:segmentation_id': 380, 'availability_zone_hints': [], 'availability_zones': [], 'ipv4_address_scope': None, 'ipv6_address_scope': None, 'description': '', 'tags': [], 'created_at': '2024-12-10T18:36:00Z', 'updated_at': '2024-12-10T18:36:01Z', 'revision_number': 1}, Subnet: {'id': '9fa2e85f-7775-4636-bc92-28e3ca51088b', 'name': 'tempest-FloatingIPDetailsNegativeTestJSON-417279821-subnet', 'tenant_id': '52265dedc58f46188a95a6fe51241e5f', 'network_id': '3010d859-6de3-4ffb-9efd-4bd16f5c0481', 'ip_version': 4, 'subnetpool_id': None, 'enable_dhcp': True, 'ipv6_ra_mode': None, 'ipv6_address_mode': None, 'gateway_ip': '192.168.128.1', 'cidr': '192.168.128.0/28', 'allocation_pools': [{'start': '192.168.128.2', 'end': '192.168.128.14'}], 'host_routes': [], 'dns_nameservers': [], 'description': '', 'router:external': False, 'service_types': [], 'tags': [], 'created_at': '2024-12-10T18:36:01Z', 'updated_at': '2024-12-10T18:36:01Z', 'revision_number': 0, 'project_id': '52265dedc58f46188a95a6fe51241e5f'}, Router: {'id': '856fbc6f-2698-41a4-949f-1e9d99002631', 'name': 'tempest-FloatingIPDetailsNegativeTestJSON-417279821-router', 'tenant_id': '52265dedc58f46188a95a6fe51241e5f', 'admin_state_up': True, 'status': 'ACTIVE', 'external_gateway_info': {'network_id': 'f1363a83-59c2-4e55-a671-9bae59d187e9', 'external_fixed_ips': [{'subnet_id': '7a595f0a-8be8-493a-865f-d4abc3ead673', 'ip_address': '10.180.180.163'}], 'enable_snat': True}, 'description': '', 'availability_zones': [], 'distributed': False, 'ha': False, 'availability_zone_hints': [], 'routes': [], 'flavor_id': None, 'tags': [], 'created_at': '2024-12-10T18:36:01Z', 'updated_at': '2024-12-10T18:36:02Z', 'revision_number': 2, 'project_id': '52265dedc58f46188a95a6fe51241e5f'}
2024-12-10 18:36:04.632 65800 INFO tempest.lib.common.rest_client [req-3ceabbcd-0fd5-4339-a574-f16d89760ca4 req-3ceabbcd-0fd5-4339-a574-f16d89760ca4 ] Request (FloatingIPsAssociationTestJSON:setUpClass): 200 GET http://10.180.1.21/compute/v2.1/servers/3276a0d1-4289-46cc-a4b8-e31f2cc51447 1.470s
2024-12-10 18:36:04.669 65782 INFO tempest.lib.common.rest_client [req-97585bf4-d653-4b09-adcb-9bb69cc09204 req-97585bf4-d653-4b09-adcb-9bb69cc09204 ] Request (FlavorsV261TestJSON:test_crud_flavor): 200 PUT http://10.180.1.21/compute/v2.1/flavors/1518517362 1.483s
2024-12-10 18:36:04.690 65842 INFO tempest.lib.common.rest_client [req-5ea6551b-31e7-4460-8fb1-d5a255bc9238 req-5ea6551b-31e7-4460-8fb1-d5a255bc9238 ] Request (FloatingIPDetailsNegativeTestJSON:setUpClass): 201 POST http://10.180.1.21/identity/v3/auth/tokens 0.096s
2024-12-10 18:36:04.781 65830 INFO tempest.lib.common.rest_client [req-101b9afd-bf25-4b17-be12-a8e985c75351 req-101b9afd-bf25-4b17-be12-a8e985c75351 ] Request (ServersTestFqdnHostnames:test_create_server_with_fqdn_name): 200 PUT http://10.180.1.21:9696/networking/v2.0/floatingips/62a29f4e-3e9f-4f21-998d-1a7c42d8ae2e 1.727s
2024-12-10 18:36:04.783 65830 INFO tempest.lib.common.ssh [-] Creating ssh connection to '10.180.180.213:22' as 'cirros' with public key authentication
2024-12-10 18:36:04.861 65824 INFO tempest.lib.common.rest_client [req-d7e4b6f2-ceb2-4e3d-a174-60a6005e404e req-d7e4b6f2-ceb2-4e3d-a174-60a6005e404e ] Request (DeleteServersAdminTestJSON:test_delete_server_while_in_error_state): 200 GET http://10.180.1.21/compute/v2.1/servers/faf90bec-502d-4133-9fe7-73782e8cb80b 1.652s
2024-12-10 18:36:04.868 65824 INFO tempest.common.waiters [-] State transition "BUILD/None" ==> "BUILD/spawning" after 27 second wait
2024-12-10 18:36:04.880 65814 INFO tempest.lib.common.rest_client [req-59024188-c575-4830-8d3f-1e7a1cac9b3d req-59024188-c575-4830-8d3f-1e7a1cac9b3d ] Request (FlavorsAdminTestJSON:_run_cleanups): 202 DELETE http://10.180.1.21/compute/v2.1/flavors/868866655 1.661s
2024-12-10 18:36:04.947 65818 INFO tempest.lib.common.rest_client [req-f25b9d41-fe36-4a4b-8d4a-fcbed03912a7 req-f25b9d41-fe36-4a4b-8d4a-fcbed03912a7 ] Request (ImagesOneServerTestJSON:setUpClass): 200 GET http://10.180.1.21/compute/v2.1/servers/630b8565-3e2b-4ff4-81e6-c0065de576c2 1.720s
2024-12-10 18:36:04.954 65818 INFO tempest.common.waiters [-] State transition "BUILD/scheduling" ==> "BUILD/None" after 2 second wait
2024-12-10 18:36:04.984 65806 INFO tempest.lib.common.rest_client [req-9bdfcd8e-e6f3-4df2-9ffd-b53672d7125f req-9bdfcd8e-e6f3-4df2-9ffd-b53672d7125f ] Request (ImagesMetadataTestJSON:test_update_image_metadata): 200 GET http://10.180.1.21/compute/v2.1/images/727250fb-234b-41e5-999f-380cac3f98e8/metadata 1.700s
2024-12-10 18:36:05.033 65802 INFO tempest.lib.common.rest_client [req-5342b5d0-17c3-4fce-ac0f-08232f6f9a2f req-5342b5d0-17c3-4fce-ac0f-08232f6f9a2f ] Request (SecurityGroupRulesNegativeTestJSON:setUpClass): 200 PUT http://10.180.1.21:9696/networking/v2.0/routers/8338b1b9-475b-41bf-830f-5bf4ea48690e/add_router_interface 1.271s
2024-12-10 18:36:05.034 65802 INFO tempest.lib.common.dynamic_creds [-] Created isolated network resources for: credentials: Credentials: {'domain_id': 'default', 'domain_name': 'Default', 'username': 'tempest-SecurityGroupRulesNegativeTestJSON-451930911-project-member', 'project_domain_id': 'default', 'project_domain_name': 'Default', 'project_id': '66d29ba7d2d046dd8a187a2a1edae00f', 'project_name': 'tempest-SecurityGroupRulesNegativeTestJSON-451930911', 'tenant_id': '66d29ba7d2d046dd8a187a2a1edae00f', 'tenant_name': 'tempest-SecurityGroupRulesNegativeTestJSON-451930911', 'user_domain_id': 'default', 'user_domain_name': 'Default', 'user_id': 'e54d146059c84c88a718f9837c225aca', 'system': None}, Network: {'id': '7c99e3f5-35ec-4916-8cc9-f6a32363c3cf', 'name': 'tempest-SecurityGroupRulesNegativeTestJSON-820511407-network', 'tenant_id': '66d29ba7d2d046dd8a187a2a1edae00f', 'admin_state_up': True, 'mtu': 8950, 'status': 'ACTIVE', 'subnets': [], 'shared': False, 'project_id': '66d29ba7d2d046dd8a187a2a1edae00f', 'port_security_enabled': True, 'router:external': False, 'provider:network_type': 'vlan', 'provider:physical_network': 'default', 'provider:segmentation_id': 234, 'availability_zone_hints': [], 'availability_zones': [], 'ipv4_address_scope': None, 'ipv6_address_scope': None, 'description': '', 'tags': [], 'created_at': '2024-12-10T18:36:01Z', 'updated_at': '2024-12-10T18:36:01Z', 'revision_number': 1}, Subnet: {'id': '2b343f23-c3e1-49cb-8af8-9292e6b77291', 'name': 'tempest-SecurityGroupRulesNegativeTestJSON-820511407-subnet', 'tenant_id': '66d29ba7d2d046dd8a187a2a1edae00f', 'network_id': '7c99e3f5-35ec-4916-8cc9-f6a32363c3cf', 'ip_version': 4, 'subnetpool_id': None, 'enable_dhcp': True, 'ipv6_ra_mode': None, 'ipv6_address_mode': None, 'gateway_ip': '192.168.128.1', 'cidr': '192.168.128.0/28', 'allocation_pools': [{'start': '192.168.128.2', 'end': '192.168.128.14'}], 'host_routes': [], 'dns_nameservers': [], 'description': '', 'router:external': False, 'service_types': [], 'tags': [], 'created_at': '2024-12-10T18:36:02Z', 'updated_at': '2024-12-10T18:36:02Z', 'revision_number': 0, 'project_id': '66d29ba7d2d046dd8a187a2a1edae00f'}, Router: {'id': '8338b1b9-475b-41bf-830f-5bf4ea48690e', 'name': 'tempest-SecurityGroupRulesNegativeTestJSON-820511407-router', 'tenant_id': '66d29ba7d2d046dd8a187a2a1edae00f', 'admin_state_up': True, 'status': 'ACTIVE', 'external_gateway_info': {'network_id': 'f1363a83-59c2-4e55-a671-9bae59d187e9', 'external_fixed_ips': [{'subnet_id': '7a595f0a-8be8-493a-865f-d4abc3ead673', 'ip_address': '10.180.180.247'}], 'enable_snat': True}, 'description': '', 'availability_zones': [], 'distributed': False, 'ha': False, 'availability_zone_hints': [], 'routes': [], 'flavor_id': None, 'tags': [], 'created_at': '2024-12-10T18:36:02Z', 'updated_at': '2024-12-10T18:36:03Z', 'revision_number': 2, 'project_id': '66d29ba7d2d046dd8a187a2a1edae00f'}
2024-12-10 18:36:05.064 65820 INFO tempest.lib.common.rest_client [req-c732ac92-09ad-49d1-af84-d0a9e8828072 req-c732ac92-09ad-49d1-af84-d0a9e8828072 ] Request (VolumesTestJSON:setUpClass): 200 GET http://10.180.1.21/volume/v3/volumes/5a24f6da-37ec-4d7d-89e3-a9b64f417e1f 0.056s
2024-12-10 18:36:05.076 65820 INFO tempest.common.waiters [-] volume 5a24f6da-37ec-4d7d-89e3-a9b64f417e1f reached available after waiting for 1.076453 seconds
2024-12-10 18:36:05.102 65806 INFO tempest.lib.common.rest_client [req-2197259f-4c13-407d-86dc-bd257f628732 req-2197259f-4c13-407d-86dc-bd257f628732 ] Request (ImagesMetadataTestJSON:tearDownClass): 204 DELETE http://10.180.1.21/image/v2/images/727250fb-234b-41e5-999f-380cac3f98e8 0.116s
2024-12-10 18:36:05.135 65836 INFO tempest.lib.common.rest_client [req-c6e9dc75-aa2b-450a-afd9-8754595da482 req-c6e9dc75-aa2b-450a-afd9-8754595da482 ] Request (AttachInterfacesV270Test:test_create_get_list_interfaces): 200 GET http://10.180.1.21/compute/v2.1/servers/b705803c-92c3-48fe-a310-82866b074b71 1.816s
2024-12-10 18:36:05.137 65834 INFO tempest.lib.common.rest_client [req-4a2f769a-07b1-4b6d-b22b-66be55b5fdc2 req-4a2f769a-07b1-4b6d-b22b-66be55b5fdc2 ] Request (ServersAdminNegativeTestJSON:test_reset_state_server_invalid_type): 400 POST http://10.180.1.21/compute/v2.1/servers/551079c8-66e3-419f-b535-699af2b6ab5f/action 1.808s
2024-12-10 18:36:05.161 65802 INFO tempest.lib.common.rest_client [req-77db9d87-3b83-41ea-ab6e-6033a49a39df req-77db9d87-3b83-41ea-ab6e-6033a49a39df ] Request (SecurityGroupRulesNegativeTestJSON:setUpClass): 201 POST http://10.180.1.21/identity/v3/auth/tokens 0.118s
2024-12-10 18:36:05.240 65806 INFO tempest.lib.common.rest_client [req-0f98ef0b-1bc8-477b-af4c-1ff352e83f29 req-0f98ef0b-1bc8-477b-af4c-1ff352e83f29 ] Request (ImagesMetadataTestJSON:tearDownClass): 204 DELETE http://10.180.1.21/identity/v3/users/aa92a8c65125491db11f651354cd09b5 0.138s
2024-12-10 18:36:05.241 65806 INFO tempest.lib.common.dynamic_creds [-] Deleting project and security group for project: 3e7fb4cdfee340b9981b641882e3896b
2024-12-10 18:36:05.245 65808 INFO tempest.lib.common.rest_client [req-b7b5b8df-6c9c-4f95-ade5-1759319f8407 req-b7b5b8df-6c9c-4f95-ade5-1759319f8407 ] Request (ServersAdmin275Test:test_rebuild_update_server_275): 200 GET http://10.180.1.21/compute/v2.1/servers/a9d69a9c-b72d-43f1-9714-e0225089f9b0 1.854s
2024-12-10 18:36:05.269 65812 INFO tempest.lib.common.rest_client [req-14543469-438d-45e8-a965-7177565c6f19 req-14543469-438d-45e8-a965-7177565c6f19 ] Request (ServersTestBootFromVolume:setUpClass): 200 GET http://10.180.1.21/volume/v3/volumes/4c2bafe4-bf1f-4b96-a296-29b71cc39cfd 0.043s
2024-12-10 18:36:05.330 65806 INFO tempest.lib.common.rest_client [req-fbc7b63c-5a9b-433d-a4e4-aaf1ec6f62ae req-fbc7b63c-5a9b-433d-a4e4-aaf1ec6f62ae ] Request (ImagesMetadataTestJSON:tearDownClass): 201 POST http://10.180.1.21/identity/v3/auth/tokens 0.088s
2024-12-10 18:36:05.422 65828 INFO tempest.lib.common.rest_client [req-a5b8c954-7acb-4eb6-9aa1-315661044b47 req-a5b8c954-7acb-4eb6-9aa1-315661044b47 ] Request (ServersTestJSON:setUpClass): 200 GET http://10.180.1.21/compute/v2.1/servers/3cb22d44-9c97-42a3-8fcc-0b5c86b811e7 1.848s
2024-12-10 18:36:05.494 65826 INFO tempest.lib.common.rest_client [req-501eeab5-6cef-42aa-ac2e-bf5ef6531456 req-501eeab5-6cef-42aa-ac2e-bf5ef6531456 ] Request (ImagesOneServerNegativeTestJSON:_run_cleanups): 200 GET http://10.180.1.21/compute/v2.1/servers/e99f977d-19dd-430c-acd6-56d1b45b3fb3 1.895s
2024-12-10 18:36:05.560 65806 INFO tempest.lib.common.rest_client [req-8c7828aa-6fa9-480f-8d8d-c4296209ea82 req-8c7828aa-6fa9-480f-8d8d-c4296209ea82 ] Request (ImagesMetadataTestJSON:tearDownClass): 200 GET http://10.180.1.21:9696/networking/v2.0/security-groups?tenant_id=3e7fb4cdfee340b9981b641882e3896b&name=default 0.229s
2024-12-10 18:36:05.561 65838 INFO tempest.lib.common.rest_client [req-217c09a2-3a54-4ffb-8f78-566516bc663e req-217c09a2-3a54-4ffb-8f78-566516bc663e ] Request (FloatingIPsAssociationNegativeTestJSON:tearDownClass): 200 GET http://10.180.1.21/compute/v2.1/servers/f437e292-8c5d-48ee-bfcc-22c9fb85b587 1.895s
2024-12-10 18:36:05.620 65794 INFO tempest.lib.common.rest_client [req-3415c7b1-2c47-4d9a-91d2-3c8dd8bc0d01 req-3415c7b1-2c47-4d9a-91d2-3c8dd8bc0d01 ] Request (ServerDiagnosticsNegativeTest:tearDownClass): 200 GET http://10.180.1.21/compute/v2.1/servers/58c47bed-3cb6-41c5-a33f-62c72683c596 1.941s
2024-12-10 18:36:05.661 65806 INFO tempest.lib.common.rest_client [req-db2dbbc5-8bcf-4a76-a5ba-24fd55ff405b req-db2dbbc5-8bcf-4a76-a5ba-24fd55ff405b ] Request (ImagesMetadataTestJSON:tearDownClass): 204 DELETE http://10.180.1.21:9696/networking/v2.0/security-groups/21f322f3-91df-4000-aec2-83ef402f9945 0.099s
2024-12-10 18:36:05.680 65810 INFO tempest.lib.common.rest_client [req-81b58bef-0c6c-4633-93f2-bc9112f7b502 req-81b58bef-0c6c-4633-93f2-bc9112f7b502 ] Request (TenantUsagesTestJSON:tearDownClass): 200 GET http://10.180.1.21/compute/v2.1/servers/1e145f1e-c52a-466a-b38f-2a819ed8b72c 1.929s
2024-12-10 18:36:05.722 65806 INFO tempest.lib.common.rest_client [req-74a1b000-6606-4380-99e1-e0cc428d2806 req-74a1b000-6606-4380-99e1-e0cc428d2806 ] Request (ImagesMetadataTestJSON:tearDownClass): 204 DELETE http://10.180.1.21/identity/v3/projects/3e7fb4cdfee340b9981b641882e3896b 0.060s
2024-12-10 18:36:05.742 65790 INFO tempest.lib.common.rest_client [req-563c5b0e-d2e3-4fe5-8731-667c53fa49c0 req-563c5b0e-d2e3-4fe5-8731-667c53fa49c0 ] Request (ServerMetadataTestJSON:tearDownClass): 200 GET http://10.180.1.21/compute/v2.1/servers/7f4aef75-01ae-48db-9d32-e403e24b8f35 1.983s
2024-12-10 18:36:05.768 65792 INFO tempest.lib.common.rest_client [req-887ccf26-07f7-4b73-807a-bee210699d6b req-887ccf26-07f7-4b73-807a-bee210699d6b ] Request (SecurityGroupsTestJSON:test_security_group_create_get_delete): 404 GET http://10.180.1.21/compute/v2.1/os-security-groups/2443b389-e8b0-45a4-a70d-4ff4b5b25c82 1.648s
2024-12-10 18:36:05.792 65806 INFO tempest.lib.common.rest_client [req-a42ffcf0-1578-4202-9dc6-f13f6f3e8a76 req-a42ffcf0-1578-4202-9dc6-f13f6f3e8a76 ] Request (AttachInterfacesUnderV243Test:setUpClass): 201 POST http://10.180.1.21/identity/v3/auth/tokens 0.068s
2024-12-10 18:36:05.821 65806 INFO tempest.lib.common.rest_client [req-6a63aa0f-e718-42f6-aba8-6fbf5984f984 req-6a63aa0f-e718-42f6-aba8-6fbf5984f984 ] Request (AttachInterfacesUnderV243Test:setUpClass): 201 POST http://10.180.1.21/identity/v3/auth/tokens 0.026s
2024-12-10 18:36:05.821 65788 INFO tempest.lib.common.rest_client [req-c98e80dd-18ae-4674-86c9-62729857f3f3 req-c98e80dd-18ae-4674-86c9-62729857f3f3 ] Request (AttachInterfacesTestJSON:test_create_list_show_delete_interfaces_by_fixed_ip): 200 GET http://10.180.1.21/compute/v2.1/servers/ef40065e-f1e4-4d9d-81b9-bc1344ad1bec 1.514s
2024-12-10 18:36:05.848 65806 INFO tempest.lib.common.rest_client [req-d97c002d-fd98-4edc-b004-1ac68262f508 req-d97c002d-fd98-4edc-b004-1ac68262f508 ] Request (AttachInterfacesUnderV243Test:setUpClass): 200 GET http://10.180.1.21/identity/v3/domains?name=Default 0.027s
2024-12-10 18:36:05.877 65806 INFO tempest.lib.common.rest_client [req-a5b11a7b-251b-4b28-ae5f-c4ef0fcaa11d req-a5b11a7b-251b-4b28-ae5f-c4ef0fcaa11d ] Request (AttachInterfacesUnderV243Test:setUpClass): 201 POST http://10.180.1.21/identity/v3/projects 0.028s
2024-12-10 18:36:05.884 65804 INFO tempest.lib.common.rest_client [req-2ddb47e9-e5e1-423b-8546-a26ca5173f7f req-2ddb47e9-e5e1-423b-8546-a26ca5173f7f ] Request (MigrationsAdminTest:test_list_migrations_in_flavor_resize_situation): 204 POST http://10.180.1.21/compute/v2.1/servers/696da7d0-08b4-410c-8caa-300c12d02359/action 1.319s
2024-12-10 18:36:05.941 65806 INFO tempest.lib.common.rest_client [req-97085566-913e-415e-8884-14ab136815c9 req-97085566-913e-415e-8884-14ab136815c9 ] Request (AttachInterfacesUnderV243Test:setUpClass): 201 POST http://10.180.1.21/identity/v3/users 0.064s
2024-12-10 18:36:05.961 65806 INFO tempest.lib.common.rest_client [req-3d3ca525-b8f6-4520-af4b-8e86511816f8 req-3d3ca525-b8f6-4520-af4b-8e86511816f8 ] Request (AttachInterfacesUnderV243Test:setUpClass): 200 GET http://10.180.1.21/identity/v3/roles 0.020s
2024-12-10 18:36:05.994 65806 INFO tempest.lib.common.rest_client [req-1f9dd114-713a-4817-8145-7201faf6fba7 req-1f9dd114-713a-4817-8145-7201faf6fba7 ] Request (AttachInterfacesUnderV243Test:setUpClass): 204 PUT http://10.180.1.21/identity/v3/projects/6e01bbb8fa524d699e0326071e75f75b/users/6131520a2efb4e5b8dc65c8d348f31b3/roles/f89e994360ae46ff98b886c104123a87 0.032s
2024-12-10 18:36:05.995 65806 INFO tempest.lib.common.dynamic_creds [-] Dynamic test user 6131520a2efb4e5b8dc65c8d348f31b3 is created with scope project and roles: ['member']
2024-12-10 18:36:05.995 65806 INFO tempest.lib.common.dynamic_creds [-] Acquired dynamic creds: credentials: Credentials: {'domain_id': 'default', 'domain_name': 'Default', 'username': 'tempest-AttachInterfacesUnderV243Test-631891903-project-member', 'project_domain_id': 'default', 'project_domain_name': 'Default', 'project_id': '6e01bbb8fa524d699e0326071e75f75b', 'project_name': 'tempest-AttachInterfacesUnderV243Test-631891903', 'tenant_id': '6e01bbb8fa524d699e0326071e75f75b', 'tenant_name': 'tempest-AttachInterfacesUnderV243Test-631891903', 'user_domain_id': 'default', 'user_domain_name': 'Default', 'user_id': '6131520a2efb4e5b8dc65c8d348f31b3', 'system': None}, Network: None, Subnet: None, Router: None
2024-12-10 18:36:06.055 65806 INFO tempest.lib.common.rest_client [req-4aaaf1a0-7fde-4d09-876b-40ba0a8d12f0 req-4aaaf1a0-7fde-4d09-876b-40ba0a8d12f0 ] Request (AttachInterfacesUnderV243Test:setUpClass): 201 POST http://10.180.1.21/identity/v3/auth/tokens 0.060s
2024-12-10 18:36:06.262 65822 INFO tempest.lib.common.rest_client [req-505c9cc2-bce1-40da-947b-7eb04f6c4682 req-505c9cc2-bce1-40da-947b-7eb04f6c4682 ] Request (VolumesAdminNegativeTest:test_update_attached_volume_with_nonexistent_volume_in_body): 200 GET http://10.180.1.21/compute/v2.1/servers/b6dbe299-8ebe-4d58-a260-1f9bfed1deb8 1.612s
2024-12-10 18:36:06.295 65782 INFO tempest.lib.common.rest_client [req-1365b102-94ee-4d34-aa40-93dc147766cc req-1365b102-94ee-4d34-aa40-93dc147766cc ] Request (FlavorsV261TestJSON:test_crud_flavor): 200 GET http://10.180.1.21/compute/v2.1/flavors/detail 1.623s
2024-12-10 18:36:06.318 65812 INFO tempest.lib.common.rest_client [req-b53e67b6-a6e8-4c84-893a-e80c4f6c0c8c req-b53e67b6-a6e8-4c84-893a-e80c4f6c0c8c ] Request (ServersTestBootFromVolume:setUpClass): 200 GET http://10.180.1.21/volume/v3/volumes/4c2bafe4-bf1f-4b96-a296-29b71cc39cfd 0.037s
2024-12-10 18:36:06.412 65806 INFO tempest.lib.common.rest_client [req-7ef598d0-fb6f-45d7-9f8a-42c33c536678 req-7ef598d0-fb6f-45d7-9f8a-42c33c536678 ] Request (AttachInterfacesUnderV243Test:setUpClass): 201 POST http://10.180.1.21:9696/networking/v2.0/networks 0.357s
2024-12-10 18:36:06.417 65842 INFO tempest.lib.common.rest_client [req-665d4533-48fe-439c-a209-5a4cc90b3fe2 req-665d4533-48fe-439c-a209-5a4cc90b3fe2 ] Request (FloatingIPDetailsNegativeTestJSON:test_get_nonexistent_floating_ip_details): 404 GET http://10.180.1.21/compute/v2.1/os-floating-ips/b1ca755c-2cb7-46da-b3d4-514279a8ca41 1.726s
2024-12-10 18:36:06.447 65814 INFO tempest.lib.common.rest_client [req-9e15b4f8-138b-4ad9-b391-32c81e7bf286 req-9e15b4f8-138b-4ad9-b391-32c81e7bf286 ] Request (FlavorsAdminTestJSON:_run_cleanups): 200 GET http://10.180.1.21/compute/v2.1/flavors/detail 1.566s
2024-12-10 18:36:06.481 65820 INFO tempest.lib.common.rest_client [req-2b9f8ad7-7833-49e9-b870-14d48b24895e req-2b9f8ad7-7833-49e9-b870-14d48b24895e ] Request (VolumesTestJSON:setUpClass): 200 GET http://10.180.1.21/compute/v2.1/os-volumes/5a24f6da-37ec-4d7d-89e3-a9b64f417e1f 1.405s
2024-12-10 18:36:06.489 65834 INFO tempest.lib.common.rest_client [req-fb8f46be-fcba-4ca3-9149-8488d1bda78e req-fb8f46be-fcba-4ca3-9149-8488d1bda78e ] Request (ServersAdminNegativeTestJSON:test_reset_state_server_nonexistent_server): 404 POST http://10.180.1.21/compute/v2.1/servers/999/action 1.350s
2024-12-10 18:36:06.563 65814 INFO tempest.lib.common.rest_client [req-79045e91-40f1-4e82-91dc-917590ef3f8e req-79045e91-40f1-4e82-91dc-917590ef3f8e ] Request (FlavorsAdminTestJSON:tearDownClass): 204 DELETE http://10.180.1.21/identity/v3/users/03a805eca1544e90902a39ac7aa83832 0.108s
2024-12-10 18:36:06.645 65820 INFO tempest.lib.common.rest_client [req-2958ddd8-e519-440c-b25c-a2fd0b9eedaa req-2958ddd8-e519-440c-b25c-a2fd0b9eedaa ] Request (VolumesTestJSON:setUpClass): 202 POST http://10.180.1.21/volume/v3/volumes 0.162s
2024-12-10 18:36:06.692 65820 INFO tempest.lib.common.rest_client [req-f908eebb-3521-4378-94d1-443f4899ab80 req-f908eebb-3521-4378-94d1-443f4899ab80 ] Request (VolumesTestJSON:setUpClass): 200 GET http://10.180.1.21/volume/v3/volumes/e8cf3293-5f9d-4518-962d-b6e2ffa56a7b 0.040s
2024-12-10 18:36:06.707 65814 INFO tempest.lib.common.rest_client [req-eaeed54b-d071-4702-989b-9d5ac248bd73 req-eaeed54b-d071-4702-989b-9d5ac248bd73 ] Request (FlavorsAdminTestJSON:tearDownClass): 204 DELETE http://10.180.1.21/identity/v3/users/f93a3bb89bf54d3ca6d51e2154b5dc70 0.143s
2024-12-10 18:36:06.707 65814 INFO tempest.lib.common.dynamic_creds [-] Deleting project and security group for project: 1d019cba75fc41e9803b614d0aaba009
2024-12-10 18:36:06.808 65814 INFO tempest.lib.common.rest_client [req-8326cc49-a170-4bdc-84db-b98ec3c13467 req-8326cc49-a170-4bdc-84db-b98ec3c13467 ] Request (FlavorsAdminTestJSON:tearDownClass): 201 POST http://10.180.1.21/identity/v3/auth/tokens 0.100s
2024-12-10 18:36:06.942 65806 INFO tempest.lib.common.rest_client [req-c11a16cb-514c-4d97-9159-d18f2f367f79 req-c11a16cb-514c-4d97-9159-d18f2f367f79 ] Request (AttachInterfacesUnderV243Test:setUpClass): 201 POST http://10.180.1.21:9696/networking/v2.0/subnets 0.529s
2024-12-10 18:36:07.021 65802 INFO tempest.lib.common.rest_client [req-cc17a947-652c-4637-80b4-ab26dc46a6a1 req-cc17a947-652c-4637-80b4-ab26dc46a6a1 ] Request (SecurityGroupRulesNegativeTestJSON:test_create_security_group_rule_duplicate): 200 POST http://10.180.1.21/compute/v2.1/os-security-groups 1.859s
2024-12-10 18:36:07.164 65814 INFO tempest.lib.common.rest_client [req-26f7fe8d-44d4-49b9-858c-d4bc45005b58 req-26f7fe8d-44d4-49b9-858c-d4bc45005b58 ] Request (FlavorsAdminTestJSON:tearDownClass): 200 GET http://10.180.1.21:9696/networking/v2.0/security-groups?tenant_id=1d019cba75fc41e9803b614d0aaba009&name=default 0.355s
2024-12-10 18:36:07.167 65800 INFO tempest.lib.common.rest_client [req-1307db9b-95c5-47d1-907e-837ce3615463 req-1307db9b-95c5-47d1-907e-837ce3615463 ] Request (FloatingIPsAssociationTestJSON:setUpClass): 200 GET http://10.180.1.21/compute/v2.1/servers/3276a0d1-4289-46cc-a4b8-e31f2cc51447 1.519s
2024-12-10 18:36:07.312 65814 INFO tempest.lib.common.rest_client [req-aaa2e523-353e-4e1e-9971-b5b612a839f9 req-aaa2e523-353e-4e1e-9971-b5b612a839f9 ] Request (FlavorsAdminTestJSON:tearDownClass): 204 DELETE http://10.180.1.21:9696/networking/v2.0/security-groups/fbe294ee-4cf9-4d1f-a447-0050b3fbede4 0.148s
2024-12-10 18:36:07.371 65812 INFO tempest.lib.common.rest_client [req-5e37348c-6dcd-4b62-93e3-a64e56d3efc8 req-5e37348c-6dcd-4b62-93e3-a64e56d3efc8 ] Request (ServersTestBootFromVolume:setUpClass): 200 GET http://10.180.1.21/volume/v3/volumes/4c2bafe4-bf1f-4b96-a296-29b71cc39cfd 0.044s
2024-12-10 18:36:07.387 65814 INFO tempest.lib.common.rest_client [req-52cc1557-afaa-4dda-8d5b-b5d9789567ac req-52cc1557-afaa-4dda-8d5b-b5d9789567ac ] Request (FlavorsAdminTestJSON:tearDownClass): 204 DELETE http://10.180.1.21/identity/v3/projects/1d019cba75fc41e9803b614d0aaba009 0.075s
2024-12-10 18:36:07.388 65814 INFO tempest.lib.common.dynamic_creds [-] Deleting project and security group for project: ef0e71fee3a246d38fcc72c6708b8df4
2024-12-10 18:36:07.627 65792 INFO tempest.lib.common.rest_client [req-9d5474a3-51e2-4771-81ba-fb399a1ac907 req-9d5474a3-51e2-4771-81ba-fb399a1ac907 ] Request (SecurityGroupsTestJSON:test_security_groups_create_list_delete): 200 POST http://10.180.1.21/compute/v2.1/os-security-groups 1.857s
2024-12-10 18:36:07.710 65814 INFO tempest.lib.common.rest_client [req-ff774cb3-b952-4921-8968-3d498de699e0 req-ff774cb3-b952-4921-8968-3d498de699e0 ] Request (FlavorsAdminTestJSON:tearDownClass): 200 GET http://10.180.1.21:9696/networking/v2.0/security-groups?tenant_id=ef0e71fee3a246d38fcc72c6708b8df4&name=default 0.322s
2024-12-10 18:36:07.756 65820 INFO tempest.lib.common.rest_client [req-17e2ac63-5da2-43ff-b114-26260125db75 req-17e2ac63-5da2-43ff-b114-26260125db75 ] Request (VolumesTestJSON:setUpClass): 200 GET http://10.180.1.21/volume/v3/volumes/e8cf3293-5f9d-4518-962d-b6e2ffa56a7b 0.057s
2024-12-10 18:36:07.761 65820 INFO tempest.common.waiters [-] volume e8cf3293-5f9d-4518-962d-b6e2ffa56a7b reached available after waiting for 1.761842 seconds
2024-12-10 18:36:07.868 65784 INFO tempest.lib.common.rest_client [req-bb5deb11-b049-4052-a3b6-8811cc06ce6e req-bb5deb11-b049-4052-a3b6-8811cc06ce6e ] Request (SecurityGroupsTestAdminJSON:test_list_security_groups_list_all_tenants_filter): 200 GET http://10.180.1.21/compute/v2.1/os-security-groups?all_tenants=true 5.471s
2024-12-10 18:36:07.878 65814 INFO tempest.lib.common.rest_client [req-14578d63-8f6a-4d8d-9433-708c9a28729c req-14578d63-8f6a-4d8d-9433-708c9a28729c ] Request (FlavorsAdminTestJSON:tearDownClass): 204 DELETE http://10.180.1.21:9696/networking/v2.0/security-groups/f67467bb-3e45-4f4d-9fc8-496d6815f13e 0.168s
2024-12-10 18:36:07.923 65824 INFO tempest.lib.common.rest_client [req-0596e7d5-5403-4b45-a415-15d9fa3f0e3a req-0596e7d5-5403-4b45-a415-15d9fa3f0e3a ] Request (DeleteServersAdminTestJSON:test_delete_server_while_in_error_state): 200 GET http://10.180.1.21/compute/v2.1/servers/faf90bec-502d-4133-9fe7-73782e8cb80b 2.054s
2024-12-10 18:36:07.938 65842 INFO tempest.lib.common.rest_client [req-7245fb0b-0278-4336-8165-3ae4982ba2eb req-7245fb0b-0278-4336-8165-3ae4982ba2eb ] Request (FloatingIPDetailsNegativeTestJSON:tearDownClass): 200 PUT http://10.180.1.21:9696/networking/v2.0/routers/856fbc6f-2698-41a4-949f-1e9d99002631/remove_router_interface 1.518s
2024-12-10 18:36:07.982 65814 INFO tempest.lib.common.rest_client [req-cdba8977-347a-41ea-931e-0e35eedab691 req-cdba8977-347a-41ea-931e-0e35eedab691 ] Request (FlavorsAdminTestJSON:tearDownClass): 204 DELETE http://10.180.1.21/identity/v3/projects/ef0e71fee3a246d38fcc72c6708b8df4 0.104s
2024-12-10 18:36:08.004 65818 INFO tempest.lib.common.rest_client [req-31af1994-3920-4e6a-aa5f-685ee84278eb req-31af1994-3920-4e6a-aa5f-685ee84278eb ] Request (ImagesOneServerTestJSON:setUpClass): 200 GET http://10.180.1.21/compute/v2.1/servers/630b8565-3e2b-4ff4-81e6-c0065de576c2 2.049s
2024-12-10 18:36:08.043 65804 INFO tempest.lib.common.rest_client [req-6d8f6049-f81a-45e9-89c6-6804fd17d8be req-6d8f6049-f81a-45e9-89c6-6804fd17d8be ] Request (MigrationsAdminTest:test_list_migrations_in_flavor_resize_situation): 200 GET http://10.180.1.21/compute/v2.1/servers/696da7d0-08b4-410c-8caa-300c12d02359 2.158s
2024-12-10 18:36:08.077 65814 INFO tempest.lib.common.rest_client [req-f4929c62-0ad0-4bc4-97e4-635359399cc9 req-f4929c62-0ad0-4bc4-97e4-635359399cc9 ] Request (ImagesMetadataNegativeTestJSON:setUpClass): 201 POST http://10.180.1.21/identity/v3/auth/tokens 0.093s
2024-12-10 18:36:08.112 65814 INFO tempest.lib.common.rest_client [req-cb968688-275a-4876-8fe9-e644f33bb652 req-cb968688-275a-4876-8fe9-e644f33bb652 ] Request (ImagesMetadataNegativeTestJSON:setUpClass): 201 POST http://10.180.1.21/identity/v3/auth/tokens 0.033s
2024-12-10 18:36:08.137 65808 INFO tempest.lib.common.rest_client [req-05cbcd12-0a6c-4e81-9491-9b09c6a605b0 req-05cbcd12-0a6c-4e81-9491-9b09c6a605b0 ] Request (ServersAdmin275Test:test_rebuild_update_server_275): 200 GET http://10.180.1.21/compute/v2.1/servers/a9d69a9c-b72d-43f1-9714-e0225089f9b0 1.877s
2024-12-10 18:36:08.139 65814 INFO tempest.lib.common.rest_client [req-9947f91f-efbd-4988-9d6b-e4ab70ee229f req-9947f91f-efbd-4988-9d6b-e4ab70ee229f ] Request (ImagesMetadataNegativeTestJSON:setUpClass): 200 GET http://10.180.1.21/identity/v3/domains?name=Default 0.027s
2024-12-10 18:36:08.159 65782 INFO tempest.lib.common.rest_client [req-01aaccf4-263f-4929-af63-87637fe3876d req-01aaccf4-263f-4929-af63-87637fe3876d ] Request (FlavorsV261TestJSON:test_crud_flavor): 200 GET http://10.180.1.21/compute/v2.1/flavors 1.859s
2024-12-10 18:36:08.193 65814 INFO tempest.lib.common.rest_client [req-ddb072ad-a562-4354-bd04-2059fe5264df req-ddb072ad-a562-4354-bd04-2059fe5264df ] Request (ImagesMetadataNegativeTestJSON:setUpClass): 201 POST http://10.180.1.21/identity/v3/projects 0.053s
2024-12-10 18:36:08.259 65814 INFO tempest.lib.common.rest_client [req-415ce350-f7f3-426f-a149-d41ed8c4ce8b req-415ce350-f7f3-426f-a149-d41ed8c4ce8b ] Request (ImagesMetadataNegativeTestJSON:setUpClass): 201 POST http://10.180.1.21/identity/v3/users 0.063s
2024-12-10 18:36:08.277 65814 INFO tempest.lib.common.rest_client [req-7729ec21-9e09-4768-80d3-4fbe2b419a0d req-7729ec21-9e09-4768-80d3-4fbe2b419a0d ] Request (ImagesMetadataNegativeTestJSON:setUpClass): 200 GET http://10.180.1.21/identity/v3/roles 0.018s
2024-12-10 18:36:08.305 65836 INFO tempest.lib.common.rest_client [req-73d20ff3-b621-4835-9658-32482a1b8097 req-73d20ff3-b621-4835-9658-32482a1b8097 ] Request (AttachInterfacesV270Test:test_create_get_list_interfaces): 200 GET http://10.180.1.21/compute/v2.1/servers/b705803c-92c3-48fe-a310-82866b074b71 2.160s
2024-12-10 18:36:08.313 65842 INFO tempest.lib.common.rest_client [req-1412f57c-c884-481e-b48a-6f464b6bf222 req-1412f57c-c884-481e-b48a-6f464b6bf222 ] Request (FloatingIPDetailsNegativeTestJSON:tearDownClass): 204 DELETE http://10.180.1.21:9696/networking/v2.0/routers/856fbc6f-2698-41a4-949f-1e9d99002631 0.373s
2024-12-10 18:36:08.317 65814 INFO tempest.lib.common.rest_client [req-7fcfb70b-06f1-4bf3-a92c-73c53fb5c679 req-7fcfb70b-06f1-4bf3-a92c-73c53fb5c679 ] Request (ImagesMetadataNegativeTestJSON:setUpClass): 204 PUT http://10.180.1.21/identity/v3/projects/452c47183d5a45b2bf7c6b514af093e8/users/0d23b486ca234efebd8d19dc78ea8fa0/roles/f89e994360ae46ff98b886c104123a87 0.039s
2024-12-10 18:36:08.317 65836 INFO tempest.common.waiters [-] State transition "BUILD/None" ==> "BUILD/spawning" after 24 second wait
2024-12-10 18:36:08.317 65814 INFO tempest.lib.common.dynamic_creds [-] Dynamic test user 0d23b486ca234efebd8d19dc78ea8fa0 is created with scope project and roles: ['member']
2024-12-10 18:36:08.317 65814 INFO tempest.lib.common.dynamic_creds [-] Acquired dynamic creds: credentials: Credentials: {'domain_id': 'default', 'domain_name': 'Default', 'username': 'tempest-ImagesMetadataNegativeTestJSON-586192047-project-member', 'project_domain_id': 'default', 'project_domain_name': 'Default', 'project_id': '452c47183d5a45b2bf7c6b514af093e8', 'project_name': 'tempest-ImagesMetadataNegativeTestJSON-586192047', 'tenant_id': '452c47183d5a45b2bf7c6b514af093e8', 'tenant_name': 'tempest-ImagesMetadataNegativeTestJSON-586192047', 'user_domain_id': 'default', 'user_domain_name': 'Default', 'user_id': '0d23b486ca234efebd8d19dc78ea8fa0', 'system': None}, Network: None, Subnet: None, Router: None
2024-12-10 18:36:08.318 65814 INFO tempest.lib.common.dynamic_creds [-] Created isolated network resources for: credentials: Credentials: {'domain_id': 'default', 'domain_name': 'Default', 'username': 'tempest-ImagesMetadataNegativeTestJSON-586192047-project-member', 'project_domain_id': 'default', 'project_domain_name': 'Default', 'project_id': '452c47183d5a45b2bf7c6b514af093e8', 'project_name': 'tempest-ImagesMetadataNegativeTestJSON-586192047', 'tenant_id': '452c47183d5a45b2bf7c6b514af093e8', 'tenant_name': 'tempest-ImagesMetadataNegativeTestJSON-586192047', 'user_domain_id': 'default', 'user_domain_name': 'Default', 'user_id': '0d23b486ca234efebd8d19dc78ea8fa0', 'system': None}, Network: None, Subnet: None, Router: None
2024-12-10 18:36:08.402 65814 INFO tempest.lib.common.rest_client [req-258c74b6-a813-4f4f-a35c-9ff2f15b782d req-258c74b6-a813-4f4f-a35c-9ff2f15b782d ] Request (ImagesMetadataNegativeTestJSON:setUpClass): 201 POST http://10.180.1.21/identity/v3/auth/tokens 0.079s
2024-12-10 18:36:08.408 65812 INFO tempest.lib.common.rest_client [req-eaac96ac-4d4d-424e-9ec9-d9eba4034c53 req-eaac96ac-4d4d-424e-9ec9-d9eba4034c53 ] Request (ServersTestBootFromVolume:setUpClass): 200 GET http://10.180.1.21/volume/v3/volumes/4c2bafe4-bf1f-4b96-a296-29b71cc39cfd 0.030s
2024-12-10 18:36:08.439 65834 INFO tempest.lib.common.rest_client [req-2fd03259-ca5d-4ba3-9524-c099373e1218 req-2fd03259-ca5d-4ba3-9524-c099373e1218 ] Request (ServersAdminNegativeTestJSON:test_resize_server_using_overlimit_ram): 200 GET http://10.180.1.21/compute/v2.1/os-quota-sets/61b98dbed7b544f9a15dc7e3ef7fbcd8 1.947s
2024-12-10 18:36:08.454 65828 INFO tempest.lib.common.rest_client [req-74299100-48fd-45ce-89b8-596a58214072 req-74299100-48fd-45ce-89b8-596a58214072 ] Request (ServersTestJSON:setUpClass): 200 GET http://10.180.1.21/compute/v2.1/servers/3cb22d44-9c97-42a3-8fcc-0b5c86b811e7 2.024s
2024-12-10 18:36:08.480 65842 INFO tempest.lib.common.rest_client [req-2418176d-c0df-4266-9d44-3a79229e3db9 req-2418176d-c0df-4266-9d44-3a79229e3db9 ] Request (FloatingIPDetailsNegativeTestJSON:tearDownClass): 204 DELETE http://10.180.1.21:9696/networking/v2.0/subnets/9fa2e85f-7775-4636-bc92-28e3ca51088b 0.166s
2024-12-10 18:36:08.508 65826 INFO tempest.lib.common.rest_client [req-84efef2b-94d5-472e-89c7-ab047a4556ad req-84efef2b-94d5-472e-89c7-ab047a4556ad ] Request (ImagesOneServerNegativeTestJSON:_run_cleanups): 200 GET http://10.180.1.21/compute/v2.1/servers/e99f977d-19dd-430c-acd6-56d1b45b3fb3 2.006s
2024-12-10 18:36:08.514 65826 INFO tempest.common.waiters [-] State transition "ACTIVE/deleting" ==> "DELETED/None" after 6 second wait
2024-12-10 18:36:08.531 65838 INFO tempest.lib.common.rest_client [req-c0edcba0-ed98-457c-a124-3ceef38a8fde req-c0edcba0-ed98-457c-a124-3ceef38a8fde ] Request (FloatingIPsAssociationNegativeTestJSON:tearDownClass): 200 GET http://10.180.1.21/compute/v2.1/servers/f437e292-8c5d-48ee-bfcc-22c9fb85b587 1.959s
2024-12-10 18:36:08.603 65794 INFO tempest.lib.common.rest_client [req-0db4f7e1-9c3d-49ec-91b2-daefbfca52e2 req-0db4f7e1-9c3d-49ec-91b2-daefbfca52e2 ] Request (ServerDiagnosticsNegativeTest:tearDownClass): 200 GET http://10.180.1.21/compute/v2.1/servers/58c47bed-3cb6-41c5-a33f-62c72683c596 1.975s
2024-12-10 18:36:08.607 65810 INFO tempest.lib.common.rest_client [req-e8553762-557b-41c9-a047-f32d5f413cfe req-e8553762-557b-41c9-a047-f32d5f413cfe ] Request (TenantUsagesTestJSON:tearDownClass): 200 GET http://10.180.1.21/compute/v2.1/servers/1e145f1e-c52a-466a-b38f-2a819ed8b72c 1.921s
2024-12-10 18:36:08.672 65788 INFO tempest.lib.common.rest_client [req-a2d2239f-c8e2-440c-8c67-6a59d4ad6fb9 req-a2d2239f-c8e2-440c-8c67-6a59d4ad6fb9 ] Request (AttachInterfacesTestJSON:test_create_list_show_delete_interfaces_by_fixed_ip): 200 GET http://10.180.1.21/compute/v2.1/servers/ef40065e-f1e4-4d9d-81b9-bc1344ad1bec 1.839s
2024-12-10 18:36:08.673 65790 INFO tempest.lib.common.rest_client [req-18a71e82-92ad-4226-9314-62d360263e20 req-18a71e82-92ad-4226-9314-62d360263e20 ] Request (ServerMetadataTestJSON:tearDownClass): 200 GET http://10.180.1.21/compute/v2.1/servers/7f4aef75-01ae-48db-9d32-e403e24b8f35 1.923s
2024-12-10 18:36:08.681 65788 INFO tempest.common.waiters [-] State transition "BUILD/None" ==> "BUILD/networking" after 24 second wait
2024-12-10 18:36:08.776 65842 INFO tempest.lib.common.rest_client [req-fb1e8568-d83e-4b25-9d6d-c99314f337db req-fb1e8568-d83e-4b25-9d6d-c99314f337db ] Request (FloatingIPDetailsNegativeTestJSON:tearDownClass): 204 DELETE http://10.180.1.21:9696/networking/v2.0/networks/3010d859-6de3-4ffb-9efd-4bd16f5c0481 0.295s
2024-12-10 18:36:08.777 65844 WARNING tempest.lib.common.ssh [-] Failed to establish authenticated ssh connection to cirros@10.180.180.185 ([Errno None] Unable to connect to port 22 on 10.180.180.185). Number attempts: 5. Retry after 6 seconds.: paramiko.ssh_exception.NoValidConnectionsError: [Errno None] Unable to connect to port 22 on 10.180.180.185
2024-12-10 18:36:08.879 65842 INFO tempest.lib.common.rest_client [req-867cd24f-8394-4369-94f9-4241cefb3e31 req-867cd24f-8394-4369-94f9-4241cefb3e31 ] Request (FloatingIPDetailsNegativeTestJSON:tearDownClass): 204 DELETE http://10.180.1.21/identity/v3/users/c733a109188c4ad697431d4524d68d00 0.102s
2024-12-10 18:36:08.879 65842 INFO tempest.lib.common.dynamic_creds [-] Deleting project and security group for project: 52265dedc58f46188a95a6fe51241e5f
2024-12-10 18:36:08.883 65806 INFO tempest.lib.common.rest_client [req-e3467ef7-1ddf-435c-9e7b-2ded988ca8e6 req-e3467ef7-1ddf-435c-9e7b-2ded988ca8e6 ] Request (AttachInterfacesUnderV243Test:setUpClass): 201 POST http://10.180.1.21:9696/networking/v2.0/routers 1.939s
2024-12-10 18:36:08.909 65830 WARNING tempest.lib.common.ssh [-] Failed to establish authenticated ssh connection to cirros@10.180.180.213 ([Errno None] Unable to connect to port 22 on 10.180.180.213). Number attempts: 1. Retry after 2 seconds.: paramiko.ssh_exception.NoValidConnectionsError: [Errno None] Unable to connect to port 22 on 10.180.180.213
2024-12-10 18:36:08.951 65842 INFO tempest.lib.common.rest_client [req-896b3107-8724-4bfd-989d-8e208cf2c971 req-896b3107-8724-4bfd-989d-8e208cf2c971 ] Request (FloatingIPDetailsNegativeTestJSON:tearDownClass): 200 GET http://10.180.1.21:9696/networking/v2.0/security-groups?tenant_id=52265dedc58f46188a95a6fe51241e5f&name=default 0.071s
2024-12-10 18:36:08.997 65802 INFO tempest.lib.common.rest_client [req-2dab0d2c-f593-40df-929b-853c52b15a9f req-2dab0d2c-f593-40df-929b-853c52b15a9f ] Request (SecurityGroupRulesNegativeTestJSON:test_create_security_group_rule_duplicate): 200 POST http://10.180.1.21/compute/v2.1/os-security-group-rules 1.968s
2024-12-10 18:36:09.002 65822 INFO tempest.lib.common.rest_client [req-26d3f570-32f8-450a-9c04-f215a06e1293 req-26d3f570-32f8-450a-9c04-f215a06e1293 ] Request (VolumesAdminNegativeTest:test_update_attached_volume_with_nonexistent_volume_in_body): 200 GET http://10.180.1.21/compute/v2.1/servers/b6dbe299-8ebe-4d58-a260-1f9bfed1deb8 1.726s
2024-12-10 18:36:09.085 65820 INFO tempest.lib.common.rest_client [req-51ec56ea-abc7-44c5-bc52-4fc21c35e12a req-51ec56ea-abc7-44c5-bc52-4fc21c35e12a ] Request (VolumesTestJSON:setUpClass): 200 GET http://10.180.1.21/compute/v2.1/os-volumes/e8cf3293-5f9d-4518-962d-b6e2ffa56a7b 1.323s
2024-12-10 18:36:09.150 65842 INFO tempest.lib.common.rest_client [req-bf002537-c52d-4bfc-8fab-39aad54f030c req-bf002537-c52d-4bfc-8fab-39aad54f030c ] Request (FloatingIPDetailsNegativeTestJSON:tearDownClass): 204 DELETE http://10.180.1.21:9696/networking/v2.0/security-groups/1f0b719d-a67c-46d8-bc96-0752cdc1569a 0.199s
2024-12-10 18:36:09.227 65796 WARNING tempest.lib.common.ssh [-] Failed to establish authenticated ssh connection to cirros@10.180.180.208 ([Errno None] Unable to connect to port 22 on 10.180.180.208). Number attempts: 4. Retry after 5 seconds.: paramiko.ssh_exception.NoValidConnectionsError: [Errno None] Unable to connect to port 22 on 10.180.180.208
2024-12-10 18:36:09.247 65820 INFO tempest.lib.common.rest_client [req-a7453897-b403-4536-9063-67bcc8271b15 req-a7453897-b403-4536-9063-67bcc8271b15 ] Request (VolumesTestJSON:setUpClass): 202 POST http://10.180.1.21/volume/v3/volumes 0.159s
2024-12-10 18:36:09.297 65820 INFO tempest.lib.common.rest_client [req-7567a354-d804-4ec0-9a10-8c8dcdb77173 req-7567a354-d804-4ec0-9a10-8c8dcdb77173 ] Request (VolumesTestJSON:setUpClass): 200 GET http://10.180.1.21/volume/v3/volumes/e6bfa250-a2e6-467a-96a1-8283c77fdc00 0.043s
2024-12-10 18:36:09.321 65842 INFO tempest.lib.common.rest_client [req-239aed3a-223d-49d3-9e94-2a0610d87608 req-239aed3a-223d-49d3-9e94-2a0610d87608 ] Request (FloatingIPDetailsNegativeTestJSON:tearDownClass): 204 DELETE http://10.180.1.21/identity/v3/projects/52265dedc58f46188a95a6fe51241e5f 0.170s
2024-12-10 18:36:09.404 65842 INFO tempest.lib.common.rest_client [req-5ae439a6-344e-469e-b69a-23dad94e6037 req-5ae439a6-344e-469e-b69a-23dad94e6037 ] Request (ServerMetadataNegativeTestJSON:setUpClass): 201 POST http://10.180.1.21/identity/v3/auth/tokens 0.081s
2024-12-10 18:36:09.442 65842 INFO tempest.lib.common.rest_client [req-056aa27d-e76f-4bdd-81c6-c446a1a83288 req-056aa27d-e76f-4bdd-81c6-c446a1a83288 ] Request (ServerMetadataNegativeTestJSON:setUpClass): 201 POST http://10.180.1.21/identity/v3/auth/tokens 0.035s
2024-12-10 18:36:09.450 65812 INFO tempest.lib.common.rest_client [req-8c437679-6259-40de-9ad8-50a5fda79179 req-8c437679-6259-40de-9ad8-50a5fda79179 ] Request (ServersTestBootFromVolume:setUpClass): 200 GET http://10.180.1.21/volume/v3/volumes/4c2bafe4-bf1f-4b96-a296-29b71cc39cfd 0.035s
2024-12-10 18:36:09.476 65842 INFO tempest.lib.common.rest_client [req-11d4740f-70d6-47c6-9ed7-47e90321ab3a req-11d4740f-70d6-47c6-9ed7-47e90321ab3a ] Request (ServerMetadataNegativeTestJSON:setUpClass): 200 GET http://10.180.1.21/identity/v3/domains?name=Default 0.034s
2024-12-10 18:36:09.490 65792 INFO tempest.lib.common.rest_client [req-a10038d2-665a-4a19-afed-4cf7da4a673b req-a10038d2-665a-4a19-afed-4cf7da4a673b ] Request (SecurityGroupsTestJSON:test_security_groups_create_list_delete): 200 POST http://10.180.1.21/compute/v2.1/os-security-groups 1.859s
2024-12-10 18:36:09.517 65782 INFO tempest.lib.common.rest_client [req-3ad265dd-cccf-4672-8d46-2051de8e1ff3 req-3ad265dd-cccf-4672-8d46-2051de8e1ff3 ] Request (FlavorsV261TestJSON:_run_cleanups): 202 DELETE http://10.180.1.21/compute/v2.1/flavors/1518517362 1.354s
2024-12-10 18:36:09.519 65842 INFO tempest.lib.common.rest_client [req-b61d63a8-f302-46cc-aafe-7beaa0b38ff9 req-b61d63a8-f302-46cc-aafe-7beaa0b38ff9 ] Request (ServerMetadataNegativeTestJSON:setUpClass): 201 POST http://10.180.1.21/identity/v3/projects 0.042s
2024-12-10 18:36:09.552 65784 INFO tempest.lib.common.rest_client [req-f6e1f2a4-cd00-465d-b7a8-67bec12e6105 req-f6e1f2a4-cd00-465d-b7a8-67bec12e6105 ] Request (SecurityGroupsTestAdminJSON:test_list_security_groups_list_all_tenants_filter): 200 GET http://10.180.1.21/compute/v2.1/os-security-groups?all_tenants=true 1.672s
2024-12-10 18:36:09.604 65842 INFO tempest.lib.common.rest_client [req-c31baad1-34a2-46d7-8df5-c3986aa20e1c req-c31baad1-34a2-46d7-8df5-c3986aa20e1c ] Request (ServerMetadataNegativeTestJSON:setUpClass): 201 POST http://10.180.1.21/identity/v3/users 0.085s
2024-12-10 18:36:09.605 65800 INFO tempest.lib.common.rest_client [req-ff447b10-549e-43a2-8ce0-b115f5ab1573 req-ff447b10-549e-43a2-8ce0-b115f5ab1573 ] Request (FloatingIPsAssociationTestJSON:setUpClass): 200 GET http://10.180.1.21/compute/v2.1/servers/3276a0d1-4289-46cc-a4b8-e31f2cc51447 1.428s
2024-12-10 18:36:09.627 65842 INFO tempest.lib.common.rest_client [req-5c1928ab-92b6-421f-9099-2887aa2eecdd req-5c1928ab-92b6-421f-9099-2887aa2eecdd ] Request (ServerMetadataNegativeTestJSON:setUpClass): 200 GET http://10.180.1.21/identity/v3/roles 0.022s
2024-12-10 18:36:09.629 65834 INFO tempest.lib.common.rest_client [req-014fa1db-90d2-400e-9ca2-fdbffcb4c3b8 req-014fa1db-90d2-400e-9ca2-fdbffcb4c3b8 ] Request (ServersAdminNegativeTestJSON:test_resize_server_using_overlimit_ram): 200 POST http://10.180.1.21/compute/v2.1/flavors 1.188s
2024-12-10 18:36:09.662 65842 INFO tempest.lib.common.rest_client [req-56136b02-98c0-4275-b5f4-732316b12292 req-56136b02-98c0-4275-b5f4-732316b12292 ] Request (ServerMetadataNegativeTestJSON:setUpClass): 204 PUT http://10.180.1.21/identity/v3/projects/d72d62e90dbe408b81188067fe38d3d7/users/250f57a9363444ccad8d759340080839/roles/f89e994360ae46ff98b886c104123a87 0.035s
2024-12-10 18:36:09.663 65842 INFO tempest.lib.common.dynamic_creds [-] Dynamic test user 250f57a9363444ccad8d759340080839 is created with scope project and roles: ['member']
2024-12-10 18:36:09.663 65842 INFO tempest.lib.common.dynamic_creds [-] Acquired dynamic creds: credentials: Credentials: {'domain_id': 'default', 'domain_name': 'Default', 'username': 'tempest-ServerMetadataNegativeTestJSON-898597176-project-member', 'project_domain_id': 'default', 'project_domain_name': 'Default', 'project_id': 'd72d62e90dbe408b81188067fe38d3d7', 'project_name': 'tempest-ServerMetadataNegativeTestJSON-898597176', 'tenant_id': 'd72d62e90dbe408b81188067fe38d3d7', 'tenant_name': 'tempest-ServerMetadataNegativeTestJSON-898597176', 'user_domain_id': 'default', 'user_domain_name': 'Default', 'user_id': '250f57a9363444ccad8d759340080839', 'system': None}, Network: None, Subnet: None, Router: None
2024-12-10 18:36:09.710 65814 INFO tempest.lib.common.rest_client [req-a89e224a-f50e-4ba8-88d1-e85f362f3462 req-a89e224a-f50e-4ba8-88d1-e85f362f3462 ] Request (ImagesMetadataNegativeTestJSON:test_delete_nonexistent_image_metadata_item): 404 DELETE http://10.180.1.21/compute/v2.1/images/b5aaa9e2-7a8e-4fb9-823e-f165d96dec0f/metadata/os_distro 1.306s
2024-12-10 18:36:09.746 65842 INFO tempest.lib.common.rest_client [req-99f69be8-e8c0-44e9-9d32-09b653efddfd req-99f69be8-e8c0-44e9-9d32-09b653efddfd ] Request (ServerMetadataNegativeTestJSON:setUpClass): 201 POST http://10.180.1.21/identity/v3/auth/tokens 0.083s
2024-12-10 18:36:09.793 65802 INFO tempest.lib.common.rest_client [req-4bcbc0f6-05df-4cdf-8bc7-2d94805111e3 req-4bcbc0f6-05df-4cdf-8bc7-2d94805111e3 ] Request (SecurityGroupRulesNegativeTestJSON:test_create_security_group_rule_duplicate): 400 POST http://10.180.1.21/compute/v2.1/os-security-group-rules 0.794s
