2024-12-10 18:34:42.697 65830 WARNING oslo_config.cfg [-] Deprecated: Option "import_image" from group "image-feature-enabled" is deprecated for removal (Issue with image import in WSGI mode was fixed in Victoria, and this feature works in any deployment architecture now.). Its value may be silently ignored in the future.
2024-12-10 18:34:42.697 65830 WARNING oslo_config.cfg [-] Deprecated: Option "os_glance_reserved" from group "image-feature-enabled" is deprecated for removal (os_glance namespace is always reserved since Wallaby). Its value may be silently ignored in the future.
2024-12-10 18:34:42.708 65840 WARNING oslo_config.cfg [-] Deprecated: Option "auth_version" from group "identity" is deprecated for removal (Identity v2 API was removed and v3 is the only available identity API version now). Its value may be silently ignored in the future.
2024-12-10 18:34:42.709 65840 WARNING oslo_config.cfg [-] Deprecated: Option "access_rules" from group "identity-feature-enabled" is deprecated for removal (Access rules for application credentials is a default feature since Train). Its value may be silently ignored in the future.
2024-12-10 18:34:42.710 65840 WARNING oslo_config.cfg [-] Deprecated: Option "import_image" from group "image-feature-enabled" is deprecated for removal (Issue with image import in WSGI mode was fixed in Victoria, and this feature works in any deployment architecture now.). Its value may be silently ignored in the future.
2024-12-10 18:34:42.710 65840 WARNING oslo_config.cfg [-] Deprecated: Option "os_glance_reserved" from group "image-feature-enabled" is deprecated for removal (os_glance namespace is always reserved since Wallaby). Its value may be silently ignored in the future.
2024-12-10 18:34:42.743 65796 INFO tempest.lib.common.rest_client [req-2c2b47f4-14b6-4599-8993-c6fdfed4c4c2 req-2c2b47f4-14b6-4599-8993-c6fdfed4c4c2 ] Request (HypervisorAdminV228Test:test_get_list_hypervisor_details): 200 GET http://10.180.1.21/compute/v2.1/os-hypervisors 0.185s
2024-12-10 18:34:42.782 65792 INFO tempest.lib.common.rest_client [req-a024d395-c4aa-40b1-a919-54e4389334b8 req-a024d395-c4aa-40b1-a919-54e4389334b8 ] Request (HypervisorAdminV253TestBase:setUpClass): 201 POST http://10.180.1.21/identity/v3/auth/tokens 0.047s
2024-12-10 18:34:42.798 65796 INFO tempest.lib.common.rest_client [req-e87662dd-4ff0-44af-b969-a949d3860cca req-e87662dd-4ff0-44af-b969-a949d3860cca ] Request (HypervisorAdminV228Test:test_get_list_hypervisor_details): 200 GET http://10.180.1.21/compute/v2.1/os-hypervisors/1 0.053s
2024-12-10 18:34:42.857 65792 INFO tempest.lib.common.rest_client [req-27166237-1741-4348-938b-5f6089949709 req-27166237-1741-4348-938b-5f6089949709 ] Request (HypervisorAdminV253TestBase:setUpClass): 201 POST http://10.180.1.21/identity/v3/auth/tokens 0.048s
2024-12-10 18:34:42.889 65792 INFO tempest.lib.common.rest_client [req-0bd25a3b-2c9a-47ca-8d96-3ea79a87d20d req-0bd25a3b-2c9a-47ca-8d96-3ea79a87d20d ] Request (HypervisorAdminV253TestBase:setUpClass): 200 GET http://10.180.1.21/identity/v3/domains?name=Default 0.031s
2024-12-10 18:34:42.941 65808 INFO tempest.lib.common.rest_client [req-2457ee95-aa35-4f35-8921-67862d3d5feb req-2457ee95-aa35-4f35-8921-67862d3d5feb ] Request (HypervisorAdminUnderV252Test:setUpClass): 201 POST http://10.180.1.21/identity/v3/auth/tokens 0.045s
2024-12-10 18:34:42.965 65792 INFO tempest.lib.common.rest_client [req-0038ad75-d211-46a7-83e2-f1814068bf2b req-0038ad75-d211-46a7-83e2-f1814068bf2b ] Request (HypervisorAdminV253TestBase:setUpClass): 201 POST http://10.180.1.21/identity/v3/projects 0.036s
2024-12-10 18:34:42.969 65786 INFO tempest.lib.common.rest_client [req-78bc58a4-c589-4162-b7d7-2c7d0f908c71 req-78bc58a4-c589-4162-b7d7-2c7d0f908c71 ] Request (VolumesAssistedSnapshotsTest:setUpClass): 201 POST http://10.180.1.21:9696/networking/v2.0/networks 0.278s
2024-12-10 18:34:43.015 65822 INFO tempest.lib.common.rest_client [req-0073bb61-ca82-4622-a16e-f2264f4ce8d3 req-0073bb61-ca82-4622-a16e-f2264f4ce8d3 ] Request (FlavorsAccessTestJSON:setUpClass): 201 POST http://10.180.1.21/identity/v3/auth/tokens 0.082s
2024-12-10 18:34:43.027 65808 INFO tempest.lib.common.rest_client [req-f920c889-ed40-4caf-8787-46be1e291c0b req-f920c889-ed40-4caf-8787-46be1e291c0b ] Request (HypervisorAdminUnderV252Test:setUpClass): 201 POST http://10.180.1.21/identity/v3/auth/tokens 0.066s
2024-12-10 18:34:43.045 65790 INFO tempest.lib.common.rest_client [req-921926e9-3175-4a78-8961-476a5e3d413f req-921926e9-3175-4a78-8961-476a5e3d413f ] Request (ServicesAdminNegativeV253TestJSON:setUpClass): 201 POST http://10.180.1.21/identity/v3/auth/tokens 0.063s
2024-12-10 18:34:43.045 65792 INFO tempest.lib.common.rest_client [req-59ab2621-86d1-4d88-9711-a0433ebe751d req-59ab2621-86d1-4d88-9711-a0433ebe751d ] Request (HypervisorAdminV253TestBase:setUpClass): 201 POST http://10.180.1.21/identity/v3/users 0.079s
2024-12-10 18:34:43.063 65808 INFO tempest.lib.common.rest_client [req-15c0a7ba-a2ca-4359-83c8-f35f1ffb6fee req-15c0a7ba-a2ca-4359-83c8-f35f1ffb6fee ] Request (HypervisorAdminUnderV252Test:setUpClass): 200 GET http://10.180.1.21/identity/v3/domains?name=Default 0.035s
2024-12-10 18:34:43.078 65792 INFO tempest.lib.common.rest_client [req-d0117261-07e4-422b-ba06-65ab01989057 req-d0117261-07e4-422b-ba06-65ab01989057 ] Request (HypervisorAdminV253TestBase:setUpClass): 200 GET http://10.180.1.21/identity/v3/roles 0.032s
2024-12-10 18:34:43.085 65790 INFO tempest.lib.common.rest_client [req-11fcf139-ef48-4182-a2e5-92ab670c590c req-11fcf139-ef48-4182-a2e5-92ab670c590c ] Request (ServicesAdminNegativeV253TestJSON:setUpClass): 201 POST http://10.180.1.21/identity/v3/auth/tokens 0.033s
2024-12-10 18:34:43.122 65808 INFO tempest.lib.common.rest_client [req-22832a23-7fbc-428a-a79c-e409d466106e req-22832a23-7fbc-428a-a79c-e409d466106e ] Request (HypervisorAdminUnderV252Test:setUpClass): 201 POST http://10.180.1.21/identity/v3/projects 0.056s
2024-12-10 18:34:43.124 65792 INFO tempest.lib.common.rest_client [req-6ae0e6b3-cd5d-44b3-a28d-21d52824b5da req-6ae0e6b3-cd5d-44b3-a28d-21d52824b5da ] Request (HypervisorAdminV253TestBase:setUpClass): 204 PUT http://10.180.1.21/identity/v3/projects/72b7a36cd8ba4b9db6f2888df4eb8df4/users/1e78825960a24ed0a71815112277b304/roles/f89e994360ae46ff98b886c104123a87 0.045s
2024-12-10 18:34:43.124 65792 INFO tempest.lib.common.dynamic_creds [-] Dynamic test user 1e78825960a24ed0a71815112277b304 is created with scope project and roles: ['member']
2024-12-10 18:34:43.125 65792 INFO tempest.lib.common.dynamic_creds [-] Acquired dynamic creds: credentials: Credentials: {'domain_id': 'default', 'domain_name': 'Default', 'username': 'tempest-HypervisorAdminV253TestBase-431113936-project-member', 'project_domain_id': 'default', 'project_domain_name': 'Default', 'project_id': '72b7a36cd8ba4b9db6f2888df4eb8df4', 'project_name': 'tempest-HypervisorAdminV253TestBase-431113936', 'tenant_id': '72b7a36cd8ba4b9db6f2888df4eb8df4', 'tenant_name': 'tempest-HypervisorAdminV253TestBase-431113936', 'user_domain_id': 'default', 'user_domain_name': 'Default', 'user_id': '1e78825960a24ed0a71815112277b304', 'system': None}, Network: None, Subnet: None, Router: None
2024-12-10 18:34:43.125 65792 INFO tempest.lib.common.dynamic_creds [-] Created isolated network resources for: credentials: Credentials: {'domain_id': 'default', 'domain_name': 'Default', 'username': 'tempest-HypervisorAdminV253TestBase-431113936-project-member', 'project_domain_id': 'default', 'project_domain_name': 'Default', 'project_id': '72b7a36cd8ba4b9db6f2888df4eb8df4', 'project_name': 'tempest-HypervisorAdminV253TestBase-431113936', 'tenant_id': '72b7a36cd8ba4b9db6f2888df4eb8df4', 'tenant_name': 'tempest-HypervisorAdminV253TestBase-431113936', 'user_domain_id': 'default', 'user_domain_name': 'Default', 'user_id': '1e78825960a24ed0a71815112277b304', 'system': None}, Network: None, Subnet: None, Router: None
2024-12-10 18:34:43.170 65786 INFO tempest.lib.common.rest_client [req-66bf75b7-fb76-4d0a-9982-a56c9c3eb1c3 req-66bf75b7-fb76-4d0a-9982-a56c9c3eb1c3 ] Request (VolumesAssistedSnapshotsTest:setUpClass): 201 POST http://10.180.1.21:9696/networking/v2.0/subnets 0.201s
2024-12-10 18:34:43.181 65826 INFO tempest.lib.common.rest_client [req-90727ba1-3aaf-4417-b0c9-b0190a1f9ea1 req-90727ba1-3aaf-4417-b0c9-b0190a1f9ea1 ] Request (ServicesAdminTestJSON:setUpClass): 201 POST http://10.180.1.21/identity/v3/auth/tokens 0.093s
2024-12-10 18:34:43.192 65790 INFO tempest.lib.common.rest_client [req-a024bbdd-e31d-4351-9c73-d948de5b8715 req-a024bbdd-e31d-4351-9c73-d948de5b8715 ] Request (ServicesAdminNegativeV253TestJSON:setUpClass): 200 GET http://10.180.1.21/identity/v3/domains?name=Default 0.106s
2024-12-10 18:34:43.209 65822 INFO tempest.lib.common.rest_client [req-2a61503b-c4b0-44ad-8b84-a02e0d39a076 req-2a61503b-c4b0-44ad-8b84-a02e0d39a076 ] Request (FlavorsAccessTestJSON:setUpClass): 201 POST http://10.180.1.21/identity/v3/auth/tokens 0.117s
2024-12-10 18:34:43.223 65808 INFO tempest.lib.common.rest_client [req-2bd40b00-f66a-47f3-bca9-90faa67875b3 req-2bd40b00-f66a-47f3-bca9-90faa67875b3 ] Request (HypervisorAdminUnderV252Test:setUpClass): 201 POST http://10.180.1.21/identity/v3/users 0.100s
2024-12-10 18:34:43.266 65796 INFO tempest.lib.common.rest_client [req-be196186-82fa-4cce-ab3d-9b37fea60494 req-be196186-82fa-4cce-ab3d-9b37fea60494 ] Request (HypervisorAdminV228Test:tearDownClass): 204 DELETE http://10.180.1.21/identity/v3/users/55aa4d3ff92649f1a371f66b6e3e6d2a 0.140s
2024-12-10 18:34:43.300 65792 INFO tempest.lib.common.rest_client [req-1d9d8d1a-6fb8-4eec-882c-ba919940f3b5 req-1d9d8d1a-6fb8-4eec-882c-ba919940f3b5 ] Request (HypervisorAdminV253TestBase:setUpClass): 201 POST http://10.180.1.21/identity/v3/auth/tokens 0.147s
2024-12-10 18:34:43.327 65826 INFO tempest.lib.common.rest_client [req-fac9d63d-a543-4b9e-a28f-49fcdee39a9a req-fac9d63d-a543-4b9e-a28f-49fcdee39a9a ] Request (ServicesAdminTestJSON:setUpClass): 201 POST http://10.180.1.21/identity/v3/auth/tokens 0.138s
2024-12-10 18:34:43.365 65790 INFO tempest.lib.common.rest_client [req-10ef3596-64d4-483a-a08f-776984aeea1b req-10ef3596-64d4-483a-a08f-776984aeea1b ] Request (ServicesAdminNegativeV253TestJSON:setUpClass): 201 POST http://10.180.1.21/identity/v3/projects 0.163s
2024-12-10 18:34:43.370 65822 INFO tempest.lib.common.rest_client [req-a4452f88-54f6-40a9-9d4f-5180e1e12ce3 req-a4452f88-54f6-40a9-9d4f-5180e1e12ce3 ] Request (FlavorsAccessTestJSON:setUpClass): 200 GET http://10.180.1.21/identity/v3/domains?name=Default 0.152s
2024-12-10 18:34:43.378 65808 INFO tempest.lib.common.rest_client [req-1119810e-7bc6-4bb7-a15f-b583ec534a9d req-1119810e-7bc6-4bb7-a15f-b583ec534a9d ] Request (HypervisorAdminUnderV252Test:setUpClass): 200 GET http://10.180.1.21/identity/v3/roles 0.154s
2024-12-10 18:34:43.421 65842 INFO tempest.lib.common.rest_client [req-212f8d69-e7bf-4431-b4b9-629cf18a7a8d req-212f8d69-e7bf-4431-b4b9-629cf18a7a8d ] Request (ServerDiagnosticsV248Test:setUpClass): 201 POST http://10.180.1.21/identity/v3/auth/tokens 0.157s
2024-12-10 18:34:43.457 65796 INFO tempest.lib.common.rest_client [req-de94122d-8cb4-470a-b0f6-c299e2822657 req-de94122d-8cb4-470a-b0f6-c299e2822657 ] Request (HypervisorAdminV228Test:tearDownClass): 204 DELETE http://10.180.1.21/identity/v3/users/f19c3084a0d141a78ab2f49668c2620a 0.191s
2024-12-10 18:34:43.457 65796 INFO tempest.lib.common.dynamic_creds [-] Deleting project and security group for project: defb59a471a149bfbbe62bff25746cf6
2024-12-10 18:34:43.478 65792 INFO tempest.lib.common.rest_client [req-03339994-4cd2-4d25-b8ff-75ab9008ec15 req-03339994-4cd2-4d25-b8ff-75ab9008ec15 ] Request (HypervisorAdminV253TestBase:setUpClass): 201 POST http://10.180.1.21/identity/v3/projects 0.178s
2024-12-10 18:34:43.528 65826 INFO tempest.lib.common.rest_client [req-d0da7ea0-1d67-4170-a79d-6c37797a9d61 req-d0da7ea0-1d67-4170-a79d-6c37797a9d61 ] Request (ServicesAdminTestJSON:setUpClass): 200 GET http://10.180.1.21/identity/v3/domains?name=Default 0.198s
2024-12-10 18:34:43.534 65790 INFO tempest.lib.common.rest_client [req-2b76c614-0fd3-4d4b-8997-866b7033dee4 req-2b76c614-0fd3-4d4b-8997-866b7033dee4 ] Request (ServicesAdminNegativeV253TestJSON:setUpClass): 201 POST http://10.180.1.21/identity/v3/users 0.166s
2024-12-10 18:34:43.555 65836 INFO tempest.lib.common.rest_client [req-e1214c3d-012d-485a-9dd8-63d6ca6aaa05 req-e1214c3d-012d-485a-9dd8-63d6ca6aaa05 ] Request (AZAdminV2TestJSON:setUpClass): 201 POST http://10.180.1.21/identity/v3/auth/tokens 0.180s
2024-12-10 18:34:43.560 65822 INFO tempest.lib.common.rest_client [req-5e4bc88f-74cc-4d21-861e-dff0a48506ad req-5e4bc88f-74cc-4d21-861e-dff0a48506ad ] Request (FlavorsAccessTestJSON:setUpClass): 201 POST http://10.180.1.21/identity/v3/projects 0.182s
2024-12-10 18:34:43.614 65794 INFO tempest.test [-] raised in LiveMigrationTest.setUpClass. Invoking tearDownClass.
2024-12-10 18:34:43.616 65808 INFO tempest.lib.common.rest_client [req-82adbe76-dd82-44d0-928f-4fe1124ce5e6 req-82adbe76-dd82-44d0-928f-4fe1124ce5e6 ] Request (HypervisorAdminUnderV252Test:setUpClass): 204 PUT http://10.180.1.21/identity/v3/projects/3732800996e649a28505d77d7c5d1b4f/users/108b4940347742eaa7c9fcc38fc8cccd/roles/f89e994360ae46ff98b886c104123a87 0.237s
2024-12-10 18:34:43.616 65808 INFO tempest.lib.common.dynamic_creds [-] Dynamic test user 108b4940347742eaa7c9fcc38fc8cccd is created with scope project and roles: ['member']
2024-12-10 18:34:43.616 65808 INFO tempest.lib.common.dynamic_creds [-] Acquired dynamic creds: credentials: Credentials: {'domain_id': 'default', 'domain_name': 'Default', 'username': 'tempest-HypervisorAdminUnderV252Test-821345895-project-member', 'project_domain_id': 'default', 'project_domain_name': 'Default', 'project_id': '3732800996e649a28505d77d7c5d1b4f', 'project_name': 'tempest-HypervisorAdminUnderV252Test-821345895', 'tenant_id': '3732800996e649a28505d77d7c5d1b4f', 'tenant_name': 'tempest-HypervisorAdminUnderV252Test-821345895', 'user_domain_id': 'default', 'user_domain_name': 'Default', 'user_id': '108b4940347742eaa7c9fcc38fc8cccd', 'system': None}, Network: None, Subnet: None, Router: None
2024-12-10 18:34:43.617 65812 INFO tempest.lib.common.rest_client [req-b8cdd0d7-1315-4db8-b0aa-193312932550 req-b8cdd0d7-1315-4db8-b0aa-193312932550 ] Request (FlavorsV255TestJSON:setUpClass): 201 POST http://10.180.1.21/identity/v3/auth/tokens 0.230s
2024-12-10 18:34:43.621 65808 INFO tempest.lib.common.dynamic_creds [-] Created isolated network resources for: credentials: Credentials: {'domain_id': 'default', 'domain_name': 'Default', 'username': 'tempest-HypervisorAdminUnderV252Test-821345895-project-member', 'project_domain_id': 'default', 'project_domain_name': 'Default', 'project_id': '3732800996e649a28505d77d7c5d1b4f', 'project_name': 'tempest-HypervisorAdminUnderV252Test-821345895', 'tenant_id': '3732800996e649a28505d77d7c5d1b4f', 'tenant_name': 'tempest-HypervisorAdminUnderV252Test-821345895', 'user_domain_id': 'default', 'user_domain_name': 'Default', 'user_id': '108b4940347742eaa7c9fcc38fc8cccd', 'system': None}, Network: None, Subnet: None, Router: None
2024-12-10 18:34:43.681 65842 INFO tempest.lib.common.rest_client [req-fb89e59f-a807-4bd6-8d25-c284d16e2a09 req-fb89e59f-a807-4bd6-8d25-c284d16e2a09 ] Request (ServerDiagnosticsV248Test:setUpClass): 201 POST http://10.180.1.21/identity/v3/auth/tokens 0.251s
2024-12-10 18:34:43.702 65784 INFO tempest.lib.common.rest_client [req-b1ae62c4-0d02-48f6-9882-a467372d18e7 req-b1ae62c4-0d02-48f6-9882-a467372d18e7 ] Request (QuotasAdminTestJSON:setUpClass): 201 POST http://10.180.1.21/identity/v3/auth/tokens 0.264s
2024-12-10 18:34:43.729 65796 INFO tempest.lib.common.rest_client [req-20524390-f0f9-49cf-b7c8-e96ca6db7153 req-20524390-f0f9-49cf-b7c8-e96ca6db7153 ] Request (HypervisorAdminV228Test:tearDownClass): 201 POST http://10.180.1.21/identity/v3/auth/tokens 0.272s
2024-12-10 18:34:43.755 65788 INFO tempest.lib.common.rest_client [req-205e2e4e-f67b-496a-aff0-e0a1cf7a1d97 req-205e2e4e-f67b-496a-aff0-e0a1cf7a1d97 ] Request (QuotaClassesAdminTestJSON:setUpClass): 201 POST http://10.180.1.21/identity/v3/auth/tokens 0.311s
2024-12-10 18:34:43.768 65806 INFO tempest.lib.common.rest_client [req-bf53a3b5-52f6-4e50-b20a-d99a193e8637 req-bf53a3b5-52f6-4e50-b20a-d99a193e8637 ] Request (FlavorsV2NegativeTest:setUpClass): 201 POST http://10.180.1.21/identity/v3/auth/tokens 0.364s
2024-12-10 18:34:43.772 65792 INFO tempest.lib.common.rest_client [req-0a8848b7-ec6c-4f0c-ad29-919cdfbc7aaa req-0a8848b7-ec6c-4f0c-ad29-919cdfbc7aaa ] Request (HypervisorAdminV253TestBase:setUpClass): 201 POST http://10.180.1.21/identity/v3/users 0.293s
2024-12-10 18:34:43.795 65782 INFO tempest.lib.common.rest_client [req-80cfb319-0c02-40a1-95aa-99f6f79ffa89 req-80cfb319-0c02-40a1-95aa-99f6f79ffa89 ] Request (FlavorsAccessNegativeTestJSON:setUpClass): 201 POST http://10.180.1.21/identity/v3/auth/tokens 0.281s
2024-12-10 18:34:43.798 65832 INFO tempest.lib.common.rest_client [req-7093cb16-7339-4b62-bd74-a87d0ad40d2d req-7093cb16-7339-4b62-bd74-a87d0ad40d2d ] Request (QuotasSecurityGroupAdminNegativeTest:setUpClass): 201 POST http://10.180.1.21/identity/v3/auth/tokens 0.308s
2024-12-10 18:34:43.799 65790 INFO tempest.lib.common.rest_client [req-ac495e38-2c67-4653-ac62-f2c0f3fb5c3f req-ac495e38-2c67-4653-ac62-f2c0f3fb5c3f ] Request (ServicesAdminNegativeV253TestJSON:setUpClass): 200 GET http://10.180.1.21/identity/v3/roles 0.265s
2024-12-10 18:34:43.817 65786 INFO tempest.lib.common.rest_client [req-eb301c57-3f95-46b9-94ec-908c914b8d01 req-eb301c57-3f95-46b9-94ec-908c914b8d01 ] Request (VolumesAssistedSnapshotsTest:setUpClass): 201 POST http://10.180.1.21:9696/networking/v2.0/routers 0.646s
2024-12-10 18:34:43.825 65826 INFO tempest.lib.common.rest_client [req-0b965627-9a7c-499d-ae9e-33b47527a6e3 req-0b965627-9a7c-499d-ae9e-33b47527a6e3 ] Request (ServicesAdminTestJSON:setUpClass): 201 POST http://10.180.1.21/identity/v3/projects 0.287s
2024-12-10 18:34:43.834 65822 INFO tempest.lib.common.rest_client [req-eb72e00b-c11a-48f6-af71-5b7de7dee2b8 req-eb72e00b-c11a-48f6-af71-5b7de7dee2b8 ] Request (FlavorsAccessTestJSON:setUpClass): 201 POST http://10.180.1.21/identity/v3/users 0.271s
2024-12-10 18:34:43.879 65836 INFO tempest.lib.common.rest_client [req-c3962777-8296-4425-b4cd-019747304f31 req-c3962777-8296-4425-b4cd-019747304f31 ] Request (AZAdminV2TestJSON:setUpClass): 201 POST http://10.180.1.21/identity/v3/auth/tokens 0.314s
2024-12-10 18:34:43.896 65814 INFO tempest.lib.common.rest_client [req-0376ddf9-d52c-487b-8905-8282af4006e5 req-0376ddf9-d52c-487b-8905-8282af4006e5 ] Request (FlavorsAdminTestJSON:setUpClass): 201 POST http://10.180.1.21/identity/v3/auth/tokens 0.333s
2024-12-10 18:34:43.908 65812 INFO tempest.lib.common.rest_client [req-680954bf-5473-4aa7-8e9a-ce8671a66e63 req-680954bf-5473-4aa7-8e9a-ce8671a66e63 ] Request (FlavorsV255TestJSON:setUpClass): 201 POST http://10.180.1.21/identity/v3/auth/tokens 0.277s
2024-12-10 18:34:43.918 65794 INFO tempest.lib.common.rest_client [req-c5c6df9f-52fb-4e63-a64d-c280a62941e9 req-c5c6df9f-52fb-4e63-a64d-c280a62941e9 ] Request (QuotasAdminNegativeTest:setUpClass): 201 POST http://10.180.1.21/identity/v3/auth/tokens 0.284s
2024-12-10 18:34:43.927 65816 INFO tempest.test [-] raised in TestVolumeSwap.setUpClass. Invoking tearDownClass.
2024-12-10 18:34:43.933 65816 INFO tempest.test [-] raised in UpdateMultiattachVolumeNegativeTest.setUpClass. Invoking tearDownClass.
2024-12-10 18:34:43.944 65804 INFO tempest.lib.common.rest_client [req-be0b3e22-6a02-4512-b717-3028a8688017 req-be0b3e22-6a02-4512-b717-3028a8688017 ] Request (MigrationsAdminTest:setUpClass): 201 POST http://10.180.1.21/identity/v3/auth/tokens 0.284s
2024-12-10 18:34:43.965 65820 INFO tempest.lib.common.rest_client [req-11ca3528-3c27-4398-871a-2726753c1019 req-11ca3528-3c27-4398-871a-2726753c1019 ] Request (HypervisorAdminTestJSON:setUpClass): 201 POST http://10.180.1.21/identity/v3/auth/tokens 0.290s
2024-12-10 18:34:43.974 65808 INFO tempest.lib.common.rest_client [req-601f50aa-723d-4acd-b719-fb547a7864bd req-601f50aa-723d-4acd-b719-fb547a7864bd ] Request (HypervisorAdminUnderV252Test:setUpClass): 201 POST http://10.180.1.21/identity/v3/auth/tokens 0.338s
2024-12-10 18:34:43.991 65842 INFO tempest.lib.common.rest_client [req-94f48679-d8a7-49f2-8827-a9a6521e0921 req-94f48679-d8a7-49f2-8827-a9a6521e0921 ] Request (ServerDiagnosticsV248Test:setUpClass): 200 GET http://10.180.1.21/identity/v3/domains?name=Default 0.309s
2024-12-10 18:34:43.993 65838 INFO tempest.lib.common.rest_client [req-1dcee703-a1b5-4154-9517-ada85583db00 req-1dcee703-a1b5-4154-9517-ada85583db00 ] Request (FlavorMetadataValidation:setUpClass): 201 POST http://10.180.1.21/identity/v3/auth/tokens 0.309s
2024-12-10 18:34:44.013 65802 INFO tempest.lib.common.rest_client [req-0eecda9c-0bda-43e7-b048-f70f37e11722 req-0eecda9c-0bda-43e7-b048-f70f37e11722 ] Request (QuotaClassesAdmin257Test:setUpClass): 201 POST http://10.180.1.21/identity/v3/auth/tokens 0.312s
2024-12-10 18:34:44.013 65844 INFO tempest.lib.common.rest_client [req-13719f13-0b96-466f-afe4-dc6817739108 req-13719f13-0b96-466f-afe4-dc6817739108 ] Request (ServersWithSpecificFlavorTestJSON:setUpClass): 201 POST http://10.180.1.21/identity/v3/auth/tokens 0.294s
2024-12-10 18:34:44.035 65784 INFO tempest.lib.common.rest_client [req-82459161-db0e-4b0b-a33e-844ff7ae9b51 req-82459161-db0e-4b0b-a33e-844ff7ae9b51 ] Request (QuotasAdminTestJSON:setUpClass): 201 POST http://10.180.1.21/identity/v3/auth/tokens 0.311s
2024-12-10 18:34:44.038 65800 INFO tempest.lib.common.rest_client [req-b8326983-98b0-4b89-942f-acea4fcf53d2 req-b8326983-98b0-4b89-942f-acea4fcf53d2 ] Request (ServicesAdminNegativeTestJSON:setUpClass): 201 POST http://10.180.1.21/identity/v3/auth/tokens 0.316s
2024-12-10 18:34:44.060 65788 INFO tempest.lib.common.rest_client [req-fd66227e-e76d-4bbb-b776-bd24e3be903a req-fd66227e-e76d-4bbb-b776-bd24e3be903a ] Request (QuotaClassesAdminTestJSON:setUpClass): 201 POST http://10.180.1.21/identity/v3/auth/tokens 0.290s
2024-12-10 18:34:44.072 65792 INFO tempest.lib.common.rest_client [req-05986ebc-5f3e-4455-b77e-7abab02d5c11 req-05986ebc-5f3e-4455-b77e-7abab02d5c11 ] Request (HypervisorAdminV253TestBase:setUpClass): 200 GET http://10.180.1.21/identity/v3/roles 0.300s
2024-12-10 18:34:44.094 65840 INFO tempest.lib.common.rest_client [req-0faa036e-47b2-4724-8278-1f9926687d68 req-0faa036e-47b2-4724-8278-1f9926687d68 ] Request (HypervisorAdminNegativeUnderV252Test:setUpClass): 201 POST http://10.180.1.21/identity/v3/auth/tokens 0.321s
2024-12-10 18:34:44.100 65806 INFO tempest.lib.common.rest_client [req-d53a4227-369f-4a1b-a582-648063f5e70e req-d53a4227-369f-4a1b-a582-648063f5e70e ] Request (FlavorsV2NegativeTest:setUpClass): 201 POST http://10.180.1.21/identity/v3/auth/tokens 0.317s
2024-12-10 18:34:44.116 65782 INFO tempest.lib.common.rest_client [req-eea204f8-b175-4481-bcbd-9d5a2c0ed70c req-eea204f8-b175-4481-bcbd-9d5a2c0ed70c ] Request (FlavorsAccessNegativeTestJSON:setUpClass): 201 POST http://10.180.1.21/identity/v3/auth/tokens 0.312s
2024-12-10 18:34:44.127 65790 INFO tempest.lib.common.rest_client [req-179e52be-28a8-4a60-b064-cc0688afb83b req-179e52be-28a8-4a60-b064-cc0688afb83b ] Request (ServicesAdminNegativeV253TestJSON:setUpClass): 204 PUT http://10.180.1.21/identity/v3/projects/93978dbf6a714ecfb4c2d8bceca5216f/users/3f51e5aab1d34bc19503d7c9aba16fb8/roles/f89e994360ae46ff98b886c104123a87 0.327s
2024-12-10 18:34:44.127 65790 INFO tempest.lib.common.dynamic_creds [-] Dynamic test user 3f51e5aab1d34bc19503d7c9aba16fb8 is created with scope project and roles: ['member']
2024-12-10 18:34:44.127 65790 INFO tempest.lib.common.dynamic_creds [-] Acquired dynamic creds: credentials: Credentials: {'domain_id': 'default', 'domain_name': 'Default', 'username': 'tempest-ServicesAdminNegativeV253TestJSON-930630689-project-member', 'project_domain_id': 'default', 'project_domain_name': 'Default', 'project_id': '93978dbf6a714ecfb4c2d8bceca5216f', 'project_name': 'tempest-ServicesAdminNegativeV253TestJSON-930630689', 'tenant_id': '93978dbf6a714ecfb4c2d8bceca5216f', 'tenant_name': 'tempest-ServicesAdminNegativeV253TestJSON-930630689', 'user_domain_id': 'default', 'user_domain_name': 'Default', 'user_id': '3f51e5aab1d34bc19503d7c9aba16fb8', 'system': None}, Network: None, Subnet: None, Router: None
2024-12-10 18:34:44.128 65790 INFO tempest.lib.common.dynamic_creds [-] Created isolated network resources for: credentials: Credentials: {'domain_id': 'default', 'domain_name': 'Default', 'username': 'tempest-ServicesAdminNegativeV253TestJSON-930630689-project-member', 'project_domain_id': 'default', 'project_domain_name': 'Default', 'project_id': '93978dbf6a714ecfb4c2d8bceca5216f', 'project_name': 'tempest-ServicesAdminNegativeV253TestJSON-930630689', 'tenant_id': '93978dbf6a714ecfb4c2d8bceca5216f', 'tenant_name': 'tempest-ServicesAdminNegativeV253TestJSON-930630689', 'user_domain_id': 'default', 'user_domain_name': 'Default', 'user_id': '3f51e5aab1d34bc19503d7c9aba16fb8', 'system': None}, Network: None, Subnet: None, Router: None
2024-12-10 18:34:44.165 65832 INFO tempest.lib.common.rest_client [req-c246b8ee-3b4d-4058-8c45-bc6cc122ac22 req-c246b8ee-3b4d-4058-8c45-bc6cc122ac22 ] Request (QuotasSecurityGroupAdminNegativeTest:setUpClass): 201 POST http://10.180.1.21/identity/v3/auth/tokens 0.347s
2024-12-10 18:34:44.180 65826 INFO tempest.lib.common.rest_client [req-00aec618-699e-4a52-83e5-f9bda179f7ed req-00aec618-699e-4a52-83e5-f9bda179f7ed ] Request (ServicesAdminTestJSON:setUpClass): 201 POST http://10.180.1.21/identity/v3/users 0.350s
2024-12-10 18:34:44.181 65822 INFO tempest.lib.common.rest_client [req-faf7db49-b052-4265-94d8-2361508b4db1 req-faf7db49-b052-4265-94d8-2361508b4db1 ] Request (FlavorsAccessTestJSON:setUpClass): 200 GET http://10.180.1.21/identity/v3/roles 0.346s
2024-12-10 18:34:44.206 65796 INFO tempest.lib.common.rest_client [req-b814a216-f096-43d2-a403-b069fcbbf90f req-b814a216-f096-43d2-a403-b069fcbbf90f ] Request (HypervisorAdminV228Test:tearDownClass): 200 GET http://10.180.1.21:9696/networking/v2.0/security-groups?tenant_id=defb59a471a149bfbbe62bff25746cf6&name=default 0.476s
2024-12-10 18:34:44.207 65828 INFO tempest.lib.common.rest_client [req-ba8b643f-5c5b-45bb-b833-8bfc2e07f0af req-ba8b643f-5c5b-45bb-b833-8bfc2e07f0af ] Request (InstanceUsageAuditLogTestJSON:setUpClass): 201 POST http://10.180.1.21/identity/v3/auth/tokens 0.374s
2024-12-10 18:34:44.207 65834 INFO tempest.lib.common.rest_client [req-7a6ea8fa-647f-492a-a678-a44c211edd04 req-7a6ea8fa-647f-492a-a678-a44c211edd04 ] Request (ServersAdminNegativeTestJSON:setUpClass): 201 POST http://10.180.1.21/identity/v3/auth/tokens 0.368s
2024-12-10 18:34:44.230 65824 INFO tempest.lib.common.rest_client [req-536d502b-2cc9-4f8b-a97b-c10a18d2e852 req-536d502b-2cc9-4f8b-a97b-c10a18d2e852 ] Request (DeleteServersAdminTestJSON:setUpClass): 201 POST http://10.180.1.21/identity/v3/auth/tokens 0.375s
2024-12-10 18:34:44.234 65818 INFO tempest.lib.common.rest_client [req-458a6aa5-4ffb-48a8-81ae-09919f7c8abd req-458a6aa5-4ffb-48a8-81ae-09919f7c8abd ] Request (AggregatesAdminNegativeTestJSON:setUpClass): 201 POST http://10.180.1.21/identity/v3/auth/tokens 0.376s
2024-12-10 18:34:44.252 65830 INFO tempest.lib.common.rest_client [req-e60ecd44-2036-41d9-804f-e90d16a91b6f req-e60ecd44-2036-41d9-804f-e90d16a91b6f ] Request (FlavorsExtraSpecsNegativeTestJSON:setUpClass): 201 POST http://10.180.1.21/identity/v3/auth/tokens 0.398s
2024-12-10 18:34:44.257 65798 INFO tempest.lib.common.rest_client [req-0ba3c500-6c9b-4bb8-af55-7beb3c189838 req-0ba3c500-6c9b-4bb8-af55-7beb3c189838 ] Request (AZAdminNegativeTestJSON:setUpClass): 201 POST http://10.180.1.21/identity/v3/auth/tokens 0.389s
2024-12-10 18:34:44.272 65836 INFO tempest.lib.common.rest_client [req-e678c662-1138-4282-ac48-58720ce0e046 req-e678c662-1138-4282-ac48-58720ce0e046 ] Request (AZAdminV2TestJSON:setUpClass): 200 GET http://10.180.1.21/identity/v3/domains?name=Default 0.392s
2024-12-10 18:34:44.279 65810 INFO tempest.lib.common.rest_client [req-24b76930-ddd8-4563-b18a-278420cc32c4 req-24b76930-ddd8-4563-b18a-278420cc32c4 ] Request (HostsAdminNegativeTestJSON:setUpClass): 201 POST http://10.180.1.21/identity/v3/auth/tokens 0.396s
2024-12-10 18:34:44.294 65814 INFO tempest.lib.common.rest_client [req-40e28e9c-04f8-40fd-a512-9334e79fb63b req-40e28e9c-04f8-40fd-a512-9334e79fb63b ] Request (FlavorsAdminTestJSON:setUpClass): 201 POST http://10.180.1.21/identity/v3/auth/tokens 0.393s
2024-12-10 18:34:44.297 65796 INFO tempest.lib.common.rest_client [req-abb0d720-e0ff-419e-a21c-e31cdb0e0a1e req-abb0d720-e0ff-419e-a21c-e31cdb0e0a1e ] Request (HypervisorAdminV228Test:tearDownClass): 204 DELETE http://10.180.1.21:9696/networking/v2.0/security-groups/50cbd1de-523d-481a-b5c4-54311000bc8f 0.091s
2024-12-10 18:34:44.302 65812 INFO tempest.lib.common.rest_client [req-52546b03-3457-4263-9167-48f959138aad req-52546b03-3457-4263-9167-48f959138aad ] Request (FlavorsV255TestJSON:setUpClass): 200 GET http://10.180.1.21/identity/v3/domains?name=Default 0.393s
2024-12-10 18:34:44.314 65794 INFO tempest.lib.common.rest_client [req-a9316c45-1886-4045-9da5-c38a48f25281 req-a9316c45-1886-4045-9da5-c38a48f25281 ] Request (QuotasAdminNegativeTest:setUpClass): 201 POST http://10.180.1.21/identity/v3/auth/tokens 0.393s
2024-12-10 18:34:44.322 65816 INFO tempest.lib.common.rest_client [req-cb1f1024-4c42-4365-b8f7-0fa600e13372 req-cb1f1024-4c42-4365-b8f7-0fa600e13372 ] Request (AbsoluteLimitsNegativeTestJSON:setUpClass): 201 POST http://10.180.1.21/identity/v3/auth/tokens 0.387s
2024-12-10 18:34:44.334 65804 INFO tempest.lib.common.rest_client [req-af274e62-3c57-4793-849c-acf1bb6510cd req-af274e62-3c57-4793-849c-acf1bb6510cd ] Request (MigrationsAdminTest:setUpClass): 201 POST http://10.180.1.21/identity/v3/auth/tokens 0.384s
2024-12-10 18:34:44.343 65820 INFO tempest.lib.common.rest_client [req-e9015687-40d5-41a6-9df9-eb6bf0a1079c req-e9015687-40d5-41a6-9df9-eb6bf0a1079c ] Request (HypervisorAdminTestJSON:setUpClass): 201 POST http://10.180.1.21/identity/v3/auth/tokens 0.373s
2024-12-10 18:34:44.356 65808 INFO tempest.lib.common.rest_client [req-f77733fe-82db-4ba8-9b5f-a9c0b2c30709 req-f77733fe-82db-4ba8-9b5f-a9c0b2c30709 ] Request (HypervisorAdminUnderV252Test:setUpClass): 201 POST http://10.180.1.21/identity/v3/projects 0.381s
2024-12-10 18:34:44.364 65842 INFO tempest.lib.common.rest_client [req-77795923-205e-4ed5-a56b-a772959493d5 req-77795923-205e-4ed5-a56b-a772959493d5 ] Request (ServerDiagnosticsV248Test:setUpClass): 201 POST http://10.180.1.21/identity/v3/projects 0.371s
2024-12-10 18:34:44.403 65838 INFO tempest.lib.common.rest_client [req-12b4ecaf-8a46-46cd-91dc-3d039b958e49 req-12b4ecaf-8a46-46cd-91dc-3d039b958e49 ] Request (FlavorMetadataValidation:setUpClass): 201 POST http://10.180.1.21/identity/v3/auth/tokens 0.406s
2024-12-10 18:34:44.412 65802 INFO tempest.lib.common.rest_client [req-5fa2708a-2e64-4e9a-aabb-abc94f5ff62d req-5fa2708a-2e64-4e9a-aabb-abc94f5ff62d ] Request (QuotaClassesAdmin257Test:setUpClass): 201 POST http://10.180.1.21/identity/v3/auth/tokens 0.395s
2024-12-10 18:34:44.423 65844 INFO tempest.lib.common.rest_client [req-d026cf43-276c-4792-8c66-95ebf8748c61 req-d026cf43-276c-4792-8c66-95ebf8748c61 ] Request (ServersWithSpecificFlavorTestJSON:setUpClass): 201 POST http://10.180.1.21/identity/v3/auth/tokens 0.405s
2024-12-10 18:34:44.431 65784 INFO tempest.lib.common.rest_client [req-0980e5f5-cc5c-4ed6-9404-193bb4358399 req-0980e5f5-cc5c-4ed6-9404-193bb4358399 ] Request (QuotasAdminTestJSON:setUpClass): 200 GET http://10.180.1.21/identity/v3/domains?name=Default 0.395s
2024-12-10 18:34:44.446 65800 INFO tempest.lib.common.rest_client [req-a370d48e-429e-440f-adab-a41f6c619605 req-a370d48e-429e-440f-adab-a41f6c619605 ] Request (ServicesAdminNegativeTestJSON:setUpClass): 201 POST http://10.180.1.21/identity/v3/auth/tokens 0.404s
2024-12-10 18:34:44.453 65788 INFO tempest.lib.common.rest_client [req-4abd60b2-ed98-4d03-a123-a506feffb8b8 req-4abd60b2-ed98-4d03-a123-a506feffb8b8 ] Request (QuotaClassesAdminTestJSON:setUpClass): 200 GET http://10.180.1.21/identity/v3/domains?name=Default 0.393s
2024-12-10 18:34:44.465 65792 INFO tempest.lib.common.rest_client [req-f84df979-cdd4-4189-999c-671d89f31196 req-f84df979-cdd4-4189-999c-671d89f31196 ] Request (HypervisorAdminV253TestBase:setUpClass): 204 PUT http://10.180.1.21/identity/v3/projects/2141a36b27ad47faab6e9023e2e23933/users/7ee3f0d1dca8470f9fd1bd256a4d10b6/roles/7abb070fee114312910f5528d0ef2eef 0.392s
2024-12-10 18:34:44.499 65840 INFO tempest.lib.common.rest_client [req-4c3eb63f-82e6-469b-9536-fe8834d6a594 req-4c3eb63f-82e6-469b-9536-fe8834d6a594 ] Request (HypervisorAdminNegativeUnderV252Test:setUpClass): 201 POST http://10.180.1.21/identity/v3/auth/tokens 0.399s
2024-12-10 18:34:44.508 65806 INFO tempest.lib.common.rest_client [req-c2c06094-8b25-4cdb-b5e9-99c81ab06eba req-c2c06094-8b25-4cdb-b5e9-99c81ab06eba ] Request (FlavorsV2NegativeTest:setUpClass): 200 GET http://10.180.1.21/identity/v3/domains?name=Default 0.407s
2024-12-10 18:34:44.517 65782 INFO tempest.lib.common.rest_client [req-0feff662-c209-4630-88fd-019bae87c538 req-0feff662-c209-4630-88fd-019bae87c538 ] Request (FlavorsAccessNegativeTestJSON:setUpClass): 200 GET http://10.180.1.21/identity/v3/domains?name=Default 0.401s
2024-12-10 18:34:44.536 65832 INFO tempest.lib.common.rest_client [req-d825d6d3-7cf6-4cbf-9403-6a866675d7a0 req-d825d6d3-7cf6-4cbf-9403-6a866675d7a0 ] Request (QuotasSecurityGroupAdminNegativeTest:setUpClass): 200 GET http://10.180.1.21/identity/v3/domains?name=Default 0.370s
2024-12-10 18:34:44.547 65826 INFO tempest.lib.common.rest_client [req-3d800c87-a8b5-4ca0-b8fa-381cd8fc721f req-3d800c87-a8b5-4ca0-b8fa-381cd8fc721f ] Request (ServicesAdminTestJSON:setUpClass): 200 GET http://10.180.1.21/identity/v3/roles 0.366s
2024-12-10 18:34:44.561 65790 INFO tempest.lib.common.rest_client [req-742d2344-eeb4-4c59-a341-7789de589847 req-742d2344-eeb4-4c59-a341-7789de589847 ] Request (ServicesAdminNegativeV253TestJSON:setUpClass): 201 POST http://10.180.1.21/identity/v3/auth/tokens 0.429s
2024-12-10 18:34:44.566 65822 INFO tempest.lib.common.rest_client [req-107e561f-b81f-4788-908b-516505e0207e req-107e561f-b81f-4788-908b-516505e0207e ] Request (FlavorsAccessTestJSON:setUpClass): 204 PUT http://10.180.1.21/identity/v3/projects/75c953568a6f41bea632b0c7c8a39f10/users/5dbb038cd5cd422da80a49f74bd20e78/roles/f89e994360ae46ff98b886c104123a87 0.384s
2024-12-10 18:34:44.566 65822 INFO tempest.lib.common.dynamic_creds [-] Dynamic test user 5dbb038cd5cd422da80a49f74bd20e78 is created with scope project and roles: ['member']
2024-12-10 18:34:44.566 65822 INFO tempest.lib.common.dynamic_creds [-] Acquired dynamic creds: credentials: Credentials: {'domain_id': 'default', 'domain_name': 'Default', 'username': 'tempest-FlavorsAccessTestJSON-209468365-project-member', 'project_domain_id': 'default', 'project_domain_name': 'Default', 'project_id': '75c953568a6f41bea632b0c7c8a39f10', 'project_name': 'tempest-FlavorsAccessTestJSON-209468365', 'tenant_id': '75c953568a6f41bea632b0c7c8a39f10', 'tenant_name': 'tempest-FlavorsAccessTestJSON-209468365', 'user_domain_id': 'default', 'user_domain_name': 'Default', 'user_id': '5dbb038cd5cd422da80a49f74bd20e78', 'system': None}, Network: None, Subnet: None, Router: None
2024-12-10 18:34:44.566 65822 INFO tempest.lib.common.dynamic_creds [-] Created isolated network resources for: credentials: Credentials: {'domain_id': 'default', 'domain_name': 'Default', 'username': 'tempest-FlavorsAccessTestJSON-209468365-project-member', 'project_domain_id': 'default', 'project_domain_name': 'Default', 'project_id': '75c953568a6f41bea632b0c7c8a39f10', 'project_name': 'tempest-FlavorsAccessTestJSON-209468365', 'tenant_id': '75c953568a6f41bea632b0c7c8a39f10', 'tenant_name': 'tempest-FlavorsAccessTestJSON-209468365', 'user_domain_id': 'default', 'user_domain_name': 'Default', 'user_id': '5dbb038cd5cd422da80a49f74bd20e78', 'system': None}, Network: None, Subnet: None, Router: None
2024-12-10 18:34:44.605 65834 INFO tempest.lib.common.rest_client [req-16b5c301-8cf5-4299-83ec-3470c2666772 req-16b5c301-8cf5-4299-83ec-3470c2666772 ] Request (ServersAdminNegativeTestJSON:setUpClass): 201 POST http://10.180.1.21/identity/v3/auth/tokens 0.394s
2024-12-10 18:34:44.611 65828 INFO tempest.lib.common.rest_client [req-c0c97cad-055b-46a8-8a3f-1ce40ecc4f73 req-c0c97cad-055b-46a8-8a3f-1ce40ecc4f73 ] Request (InstanceUsageAuditLogTestJSON:setUpClass): 201 POST http://10.180.1.21/identity/v3/auth/tokens 0.398s
2024-12-10 18:34:44.625 65824 INFO tempest.lib.common.rest_client [req-6d7b68d3-7d63-4fb5-9784-8e73652bb7b0 req-6d7b68d3-7d63-4fb5-9784-8e73652bb7b0 ] Request (DeleteServersAdminTestJSON:setUpClass): 201 POST http://10.180.1.21/identity/v3/auth/tokens 0.390s
2024-12-10 18:34:44.631 65818 INFO tempest.lib.common.rest_client [req-871ce78e-167e-4710-b9e2-270bc18e80cb req-871ce78e-167e-4710-b9e2-270bc18e80cb ] Request (AggregatesAdminNegativeTestJSON:setUpClass): 201 POST http://10.180.1.21/identity/v3/auth/tokens 0.392s
2024-12-10 18:34:44.645 65830 INFO tempest.lib.common.rest_client [req-604db497-799f-4599-a440-fba37bd031a7 req-604db497-799f-4599-a440-fba37bd031a7 ] Request (FlavorsExtraSpecsNegativeTestJSON:setUpClass): 201 POST http://10.180.1.21/identity/v3/auth/tokens 0.389s
2024-12-10 18:34:44.651 65798 INFO tempest.lib.common.rest_client [req-9f3b90a9-34da-4053-bf82-7d79f387de97 req-9f3b90a9-34da-4053-bf82-7d79f387de97 ] Request (AZAdminNegativeTestJSON:setUpClass): 201 POST http://10.180.1.21/identity/v3/auth/tokens 0.390s
2024-12-10 18:34:44.665 65836 INFO tempest.lib.common.rest_client [req-6f197e1e-37a0-4c49-9d7f-e52816894a4d req-6f197e1e-37a0-4c49-9d7f-e52816894a4d ] Request (AZAdminV2TestJSON:setUpClass): 201 POST http://10.180.1.21/identity/v3/projects 0.391s
2024-12-10 18:34:44.701 65786 INFO tempest.lib.common.rest_client [req-12017600-0325-426a-a4f8-88d8835d7707 req-12017600-0325-426a-a4f8-88d8835d7707 ] Request (VolumesAssistedSnapshotsTest:setUpClass): 200 PUT http://10.180.1.21:9696/networking/v2.0/routers/473871ea-4c3b-4678-90df-eeb403b1ff98/add_router_interface 0.883s
2024-12-10 18:34:44.701 65786 INFO tempest.lib.common.dynamic_creds [-] Created isolated network resources for: credentials: Credentials: {'domain_id': 'default', 'domain_name': 'Default', 'username': 'tempest-VolumesAssistedSnapshotsTest-358430172-project-member', 'project_domain_id': 'default', 'project_domain_name': 'Default', 'project_id': '1eeb1be5da144b97a523aef16a870107', 'project_name': 'tempest-VolumesAssistedSnapshotsTest-358430172', 'tenant_id': '1eeb1be5da144b97a523aef16a870107', 'tenant_name': 'tempest-VolumesAssistedSnapshotsTest-358430172', 'user_domain_id': 'default', 'user_domain_name': 'Default', 'user_id': '9c94c45e54924387b6c04c6964f61e54', 'system': None}, Network: {'id': '344f7d12-e0ba-410f-87ee-4870e24416e3', 'name': 'tempest-VolumesAssistedSnapshotsTest-1559229058-network', 'tenant_id': '1eeb1be5da144b97a523aef16a870107', 'admin_state_up': True, 'mtu': 8950, 'status': 'ACTIVE', 'subnets': [], 'shared': False, 'project_id': '1eeb1be5da144b97a523aef16a870107', 'port_security_enabled': True, 'router:external': False, 'provider:network_type': 'vlan', 'provider:physical_network': 'default', 'provider:segmentation_id': 280, 'availability_zone_hints': [], 'availability_zones': [], 'ipv4_address_scope': None, 'ipv6_address_scope': None, 'description': '', 'tags': [], 'created_at': '2024-12-10T18:34:42Z', 'updated_at': '2024-12-10T18:34:42Z', 'revision_number': 1}, Subnet: {'id': 'bc073594-25aa-48bc-ae58-2db8f8dae8ab', 'name': 'tempest-VolumesAssistedSnapshotsTest-1559229058-subnet', 'tenant_id': '1eeb1be5da144b97a523aef16a870107', 'network_id': '344f7d12-e0ba-410f-87ee-4870e24416e3', 'ip_version': 4, 'subnetpool_id': None, 'enable_dhcp': True, 'ipv6_ra_mode': None, 'ipv6_address_mode': None, 'gateway_ip': '192.168.128.1', 'cidr': '192.168.128.0/28', 'allocation_pools': [{'start': '192.168.128.2', 'end': '192.168.128.14'}], 'host_routes': [], 'dns_nameservers': [], 'description': '', 'router:external': False, 'service_types': [], 'tags': [], 'created_at': '2024-12-10T18:34:43Z', 'updated_at': '2024-12-10T18:34:43Z', 'revision_number': 0, 'project_id': '1eeb1be5da144b97a523aef16a870107'}, Router: {'id': '473871ea-4c3b-4678-90df-eeb403b1ff98', 'name': 'tempest-VolumesAssistedSnapshotsTest-1559229058-router', 'tenant_id': '1eeb1be5da144b97a523aef16a870107', 'admin_state_up': True, 'status': 'ACTIVE', 'external_gateway_info': {'network_id': 'f1363a83-59c2-4e55-a671-9bae59d187e9', 'external_fixed_ips': [{'subnet_id': '7a595f0a-8be8-493a-865f-d4abc3ead673', 'ip_address': '10.180.180.174'}], 'enable_snat': True}, 'description': '', 'availability_zones': [], 'distributed': False, 'ha': False, 'availability_zone_hints': [], 'routes': [], 'flavor_id': None, 'tags': [], 'created_at': '2024-12-10T18:34:43Z', 'updated_at': '2024-12-10T18:34:43Z', 'revision_number': 2, 'project_id': '1eeb1be5da144b97a523aef16a870107'}
2024-12-10 18:34:44.707 65810 INFO tempest.lib.common.rest_client [req-45dc575f-9c5d-49f5-8f1c-a0fbab3d1e1c req-45dc575f-9c5d-49f5-8f1c-a0fbab3d1e1c ] Request (HostsAdminNegativeTestJSON:setUpClass): 201 POST http://10.180.1.21/identity/v3/auth/tokens 0.423s
2024-12-10 18:34:44.714 65814 INFO tempest.lib.common.rest_client [req-50c0f93a-863d-4cbc-9a5b-c299c4877429 req-50c0f93a-863d-4cbc-9a5b-c299c4877429 ] Request (FlavorsAdminTestJSON:setUpClass): 200 GET http://10.180.1.21/identity/v3/domains?name=Default 0.420s
2024-12-10 18:34:44.734 65812 INFO tempest.lib.common.rest_client [req-5b1a42c5-f731-402f-af9d-2af6e7635a79 req-5b1a42c5-f731-402f-af9d-2af6e7635a79 ] Request (FlavorsV255TestJSON:setUpClass): 201 POST http://10.180.1.21/identity/v3/projects 0.429s
2024-12-10 18:34:44.767 65796 INFO tempest.lib.common.rest_client [req-86accb0b-ff62-4d66-a2ff-fcc7a41c0a1d req-86accb0b-ff62-4d66-a2ff-fcc7a41c0a1d ] Request (HypervisorAdminV228Test:tearDownClass): 204 DELETE http://10.180.1.21/identity/v3/projects/defb59a471a149bfbbe62bff25746cf6 0.470s
2024-12-10 18:34:44.767 65796 INFO tempest.lib.common.dynamic_creds [-] Deleting project and security group for project: 47f3529f0a084ffe8df425ef50fb21cf
2024-12-10 18:34:44.815 65794 INFO tempest.lib.common.rest_client [req-0efb18c6-8d58-40da-87fc-6626c088c788 req-0efb18c6-8d58-40da-87fc-6626c088c788 ] Request (QuotasAdminNegativeTest:setUpClass): 200 GET http://10.180.1.21/identity/v3/domains?name=Default 0.500s
2024-12-10 18:34:44.828 65816 INFO tempest.lib.common.rest_client [req-16b980f7-b656-4adf-b2b2-53c0b976107e req-16b980f7-b656-4adf-b2b2-53c0b976107e ] Request (AbsoluteLimitsNegativeTestJSON:setUpClass): 201 POST http://10.180.1.21/identity/v3/auth/tokens 0.504s
2024-12-10 18:34:44.842 65804 INFO tempest.lib.common.rest_client [req-bda956ba-aa5a-4c6b-a269-f7af98f8c1e8 req-bda956ba-aa5a-4c6b-a269-f7af98f8c1e8 ] Request (MigrationsAdminTest:setUpClass): 200 GET http://10.180.1.21/identity/v3/domains?name=Default 0.507s
2024-12-10 18:34:44.849 65820 INFO tempest.lib.common.rest_client [req-42f55b2b-7ea6-444a-a9da-8588a0a81cbd req-42f55b2b-7ea6-444a-a9da-8588a0a81cbd ] Request (HypervisorAdminTestJSON:setUpClass): 200 GET http://10.180.1.21/identity/v3/domains?name=Default 0.506s
2024-12-10 18:34:44.868 65796 INFO tempest.lib.common.rest_client [req-9b4bd9ee-a3a3-4f99-b0da-b7ad59cad1b9 req-9b4bd9ee-a3a3-4f99-b0da-b7ad59cad1b9 ] Request (HypervisorAdminV228Test:tearDownClass): 200 GET http://10.180.1.21:9696/networking/v2.0/security-groups?tenant_id=47f3529f0a084ffe8df425ef50fb21cf&name=default 0.100s
2024-12-10 18:34:44.870 65808 INFO tempest.lib.common.rest_client [req-c06b5cfa-3ec7-478b-9d59-ebd45ce49249 req-c06b5cfa-3ec7-478b-9d59-ebd45ce49249 ] Request (HypervisorAdminUnderV252Test:setUpClass): 201 POST http://10.180.1.21/identity/v3/users 0.514s
2024-12-10 18:34:44.872 65842 INFO tempest.lib.common.rest_client [req-708df5bc-3a86-4537-8ff8-efe4a9f45a18 req-708df5bc-3a86-4537-8ff8-efe4a9f45a18 ] Request (ServerDiagnosticsV248Test:setUpClass): 201 POST http://10.180.1.21/identity/v3/users 0.508s
2024-12-10 18:34:44.895 65838 INFO tempest.lib.common.rest_client [req-7e3d7e41-b2d1-468a-b8b0-61f47af01a01 req-7e3d7e41-b2d1-468a-b8b0-61f47af01a01 ] Request (FlavorMetadataValidation:setUpClass): 200 GET http://10.180.1.21/identity/v3/domains?name=Default 0.490s
2024-12-10 18:34:44.895 65802 INFO tempest.lib.common.rest_client [req-03d0286e-a87f-44c0-920c-4230e0f9058e req-03d0286e-a87f-44c0-920c-4230e0f9058e ] Request (QuotaClassesAdmin257Test:setUpClass): 200 GET http://10.180.1.21/identity/v3/domains?name=Default 0.481s
2024-12-10 18:34:44.924 65844 INFO tempest.lib.common.rest_client [req-fc386eab-4de5-47b6-a0df-ddac7e756371 req-fc386eab-4de5-47b6-a0df-ddac7e756371 ] Request (ServersWithSpecificFlavorTestJSON:setUpClass): 200 GET http://10.180.1.21/identity/v3/domains?name=Default 0.500s
2024-12-10 18:34:44.928 65784 INFO tempest.lib.common.rest_client [req-0e14f084-81a8-45b8-971e-2f32efa501e2 req-0e14f084-81a8-45b8-971e-2f32efa501e2 ] Request (QuotasAdminTestJSON:setUpClass): 201 POST http://10.180.1.21/identity/v3/projects 0.495s
2024-12-10 18:34:44.960 65796 INFO tempest.lib.common.rest_client [req-faff9a83-7fb9-421f-9b29-056ca26e81b8 req-faff9a83-7fb9-421f-9b29-056ca26e81b8 ] Request (HypervisorAdminV228Test:tearDownClass): 204 DELETE http://10.180.1.21:9696/networking/v2.0/security-groups/fb6202c2-34f0-428d-9e77-50eee11877d8 0.092s
2024-12-10 18:34:44.986 65800 INFO tempest.lib.common.rest_client [req-7f9ec830-32e8-4185-91fb-2cd8c7184b26 req-7f9ec830-32e8-4185-91fb-2cd8c7184b26 ] Request (ServicesAdminNegativeTestJSON:setUpClass): 200 GET http://10.180.1.21/identity/v3/domains?name=Default 0.539s
2024-12-10 18:34:45.008 65792 INFO tempest.lib.common.rest_client [req-9f383cf6-2720-4765-a339-cbede8159c3e req-9f383cf6-2720-4765-a339-cbede8159c3e ] Request (HypervisorAdminV253TestBase:setUpClass): 200 GET http://10.180.1.21/identity/v3/roles 0.542s
2024-12-10 18:34:45.008 65788 INFO tempest.lib.common.rest_client [req-0b5074ad-2fc0-483c-90d8-9e4d3206e4f4 req-0b5074ad-2fc0-483c-90d8-9e4d3206e4f4 ] Request (QuotaClassesAdminTestJSON:setUpClass): 201 POST http://10.180.1.21/identity/v3/projects 0.552s
2024-12-10 18:34:45.066 65840 INFO tempest.lib.common.rest_client [req-e79843ec-5b34-4f03-96c4-96f4e682858c req-e79843ec-5b34-4f03-96c4-96f4e682858c ] Request (HypervisorAdminNegativeUnderV252Test:setUpClass): 200 GET http://10.180.1.21/identity/v3/domains?name=Default 0.567s
2024-12-10 18:34:45.070 65806 INFO tempest.lib.common.rest_client [req-6f857e3b-d523-47d0-98b3-90395ba25c12 req-6f857e3b-d523-47d0-98b3-90395ba25c12 ] Request (FlavorsV2NegativeTest:setUpClass): 201 POST http://10.180.1.21/identity/v3/projects 0.560s
2024-12-10 18:34:45.125 65782 INFO tempest.lib.common.rest_client [req-fd0bfdd2-ef6a-4316-9226-11d30f5fe8ff req-fd0bfdd2-ef6a-4316-9226-11d30f5fe8ff ] Request (FlavorsAccessNegativeTestJSON:setUpClass): 201 POST http://10.180.1.21/identity/v3/projects 0.605s
2024-12-10 18:34:45.128 65832 INFO tempest.lib.common.rest_client [req-1fbffb65-ca73-46f8-b82d-4fb596b33d75 req-1fbffb65-ca73-46f8-b82d-4fb596b33d75 ] Request (QuotasSecurityGroupAdminNegativeTest:setUpClass): 201 POST http://10.180.1.21/identity/v3/projects 0.590s
2024-12-10 18:34:45.181 65826 INFO tempest.lib.common.rest_client [req-dbe81bcf-4e36-4521-8267-ca37365195f1 req-dbe81bcf-4e36-4521-8267-ca37365195f1 ] Request (ServicesAdminTestJSON:setUpClass): 204 PUT http://10.180.1.21/identity/v3/projects/25f7336e4fdf42fbb88ecf5b49bde5b4/users/f7c972ae34d84953a4de0fc631316106/roles/f89e994360ae46ff98b886c104123a87 0.634s
2024-12-10 18:34:45.182 65826 INFO tempest.lib.common.dynamic_creds [-] Dynamic test user f7c972ae34d84953a4de0fc631316106 is created with scope project and roles: ['member']
2024-12-10 18:34:45.182 65826 INFO tempest.lib.common.dynamic_creds [-] Acquired dynamic creds: credentials: Credentials: {'domain_id': 'default', 'domain_name': 'Default', 'username': 'tempest-ServicesAdminTestJSON-540566601-project-member', 'project_domain_id': 'default', 'project_domain_name': 'Default', 'project_id': '25f7336e4fdf42fbb88ecf5b49bde5b4', 'project_name': 'tempest-ServicesAdminTestJSON-540566601', 'tenant_id': '25f7336e4fdf42fbb88ecf5b49bde5b4', 'tenant_name': 'tempest-ServicesAdminTestJSON-540566601', 'user_domain_id': 'default', 'user_domain_name': 'Default', 'user_id': 'f7c972ae34d84953a4de0fc631316106', 'system': None}, Network: None, Subnet: None, Router: None
2024-12-10 18:34:45.182 65826 INFO tempest.lib.common.dynamic_creds [-] Created isolated network resources for: credentials: Credentials: {'domain_id': 'default', 'domain_name': 'Default', 'username': 'tempest-ServicesAdminTestJSON-540566601-project-member', 'project_domain_id': 'default', 'project_domain_name': 'Default', 'project_id': '25f7336e4fdf42fbb88ecf5b49bde5b4', 'project_name': 'tempest-ServicesAdminTestJSON-540566601', 'tenant_id': '25f7336e4fdf42fbb88ecf5b49bde5b4', 'tenant_name': 'tempest-ServicesAdminTestJSON-540566601', 'user_domain_id': 'default', 'user_domain_name': 'Default', 'user_id': 'f7c972ae34d84953a4de0fc631316106', 'system': None}, Network: None, Subnet: None, Router: None
2024-12-10 18:34:45.187 65790 INFO tempest.lib.common.rest_client [req-b071bec5-ab0b-4131-bb0b-160c01cca36e req-b071bec5-ab0b-4131-bb0b-160c01cca36e ] Request (ServicesAdminNegativeV253TestJSON:setUpClass): 201 POST http://10.180.1.21/identity/v3/projects 0.625s
2024-12-10 18:34:45.235 65834 INFO tempest.lib.common.rest_client [req-b31aaad5-b648-4b25-a2b8-94ca0986ac9b req-b31aaad5-b648-4b25-a2b8-94ca0986ac9b ] Request (ServersAdminNegativeTestJSON:setUpClass): 200 GET http://10.180.1.21/identity/v3/domains?name=Default 0.629s
