2024-12-10 18:34:59.921 65790 INFO tempest.lib.common.fixed_network [-] (ServerMetadataTestJSON:setUpClass) Found network {'id': 'dce10113-9c99-4b7c-9677-6b8326a486ff', 'name': 'tempest-ServerMetadataTestJSON-1213857337-network', 'tenant_id': '8574ae8c106c4f3987ac6c3ac86dee52', 'admin_state_up': True, 'mtu': 8950, 'status': 'ACTIVE', 'subnets': [], 'shared': False, 'project_id': '8574ae8c106c4f3987ac6c3ac86dee52', 'port_security_enabled': True, 'router:external': False, 'provider:network_type': 'vlan', 'provider:physical_network': 'default', 'provider:segmentation_id': 957, 'availability_zone_hints': [], 'availability_zones': [], 'ipv4_address_scope': None, 'ipv6_address_scope': None, 'description': '', 'tags': [], 'created_at': '2024-12-10T18:34:56Z', 'updated_at': '2024-12-10T18:34:56Z', 'revision_number': 1} available for tenant
2024-12-10 18:34:59.937 65842 INFO tempest.lib.common.rest_client [req-41b43f89-d57a-4a93-9a11-babbea4b2d15 req-41b43f89-d57a-4a93-9a11-babbea4b2d15 ] Request (ServerDiagnosticsV248Test:test_get_server_diagnostics): 200 GET http://10.180.1.21/compute/v2.1/servers/ef611a51-9d90-4ebc-a6f6-0d039149be49 1.555s
2024-12-10 18:34:59.947 65842 INFO tempest.common.waiters [-] State transition "BUILD/None" ==> "BUILD/networking" after 2 second wait
2024-12-10 18:34:59.970 65822 INFO tempest.lib.common.rest_client [req-0cf7ca77-b522-49fa-97e0-ed1f7adf06a9 req-0cf7ca77-b522-49fa-97e0-ed1f7adf06a9 ] Request (FlavorsAccessTestJSON:test_flavor_access_add_remove): 200 GET http://10.180.1.21/compute/v2.1/flavors/detail 1.491s
2024-12-10 18:34:59.986 65828 INFO tempest.lib.common.rest_client [req-79b4cef8-1d52-4c20-bd71-93224ca71d4a req-79b4cef8-1d52-4c20-bd71-93224ca71d4a ] Request (InstanceUsageAuditLogTestJSON:tearDownClass): 204 DELETE http://10.180.1.21/identity/v3/projects/c79a15800e4447cc9271bb8c7d020fd3 0.116s
2024-12-10 18:34:59.986 65828 INFO tempest.lib.common.dynamic_creds [-] Deleting project and security group for project: 72d532cb4cba4e26ade2f8dd8582aaad
2024-12-10 18:35:00.023 65792 INFO tempest.lib.common.rest_client [req-6f978fd8-340f-4026-ae10-54376dc97382 req-6f978fd8-340f-4026-ae10-54376dc97382 ] Request (KeyPairsNegativeTestJSON:test_create_keypair_when_public_key_bits_exceeds_maximum): 400 POST http://10.180.1.21/compute/v2.1/os-keypairs 1.381s
2024-12-10 18:35:00.047 65826 INFO tempest.lib.common.rest_client [req-7e231a11-3c82-4118-854f-ad0ec0782919 req-7e231a11-3c82-4118-854f-ad0ec0782919 ] Request (ImagesOneServerNegativeTestJSON:setUpClass): 200 GET http://10.180.1.21/identity/v3/roles 0.170s
2024-12-10 18:35:00.055 65798 INFO tempest.lib.common.rest_client [req-a51e518c-36bd-43ea-80dd-08d02588584c req-a51e518c-36bd-43ea-80dd-08d02588584c ] Request (KeyPairsV210TestJSON:setUpClass): 204 PUT http://10.180.1.21/identity/v3/projects/5cd967b88a3d4f089a72f4016ea76bf7/users/c2e54fb862b24efcae260a36fe257dac/roles/7abb070fee114312910f5528d0ef2eef 0.173s
2024-12-10 18:35:00.100 65836 INFO tempest.lib.common.rest_client [req-6e57dec0-04a5-40bd-9fd1-40ecaab38636 req-6e57dec0-04a5-40bd-9fd1-40ecaab38636 ] Request (HostsAdminTestJSON:setUpClass): 204 PUT http://10.180.1.21/identity/v3/projects/1cc1af4696534d068c88bce975f802e9/users/8e93a0e26a6b4dd687f32c8bef2e3b27/roles/7abb070fee114312910f5528d0ef2eef 0.204s
2024-12-10 18:35:00.101 65836 INFO tempest.lib.common.dynamic_creds [-] Dynamic test user 8e93a0e26a6b4dd687f32c8bef2e3b27 is created with scope project and roles: ['admin']
2024-12-10 18:35:00.101 65836 INFO tempest.lib.common.dynamic_creds [-] Acquired dynamic creds: credentials: Credentials: {'domain_id': 'default', 'domain_name': 'Default', 'username': 'tempest-HostsAdminTestJSON-1395582944-project-admin', 'project_domain_id': 'default', 'project_domain_name': 'Default', 'project_id': '1cc1af4696534d068c88bce975f802e9', 'project_name': 'tempest-HostsAdminTestJSON-1395582944', 'tenant_id': '1cc1af4696534d068c88bce975f802e9', 'tenant_name': 'tempest-HostsAdminTestJSON-1395582944', 'user_domain_id': 'default', 'user_domain_name': 'Default', 'user_id': '8e93a0e26a6b4dd687f32c8bef2e3b27', 'system': None}, Network: None, Subnet: None, Router: None
2024-12-10 18:35:00.101 65836 INFO tempest.lib.common.dynamic_creds [-] Created isolated network resources for: credentials: Credentials: {'domain_id': 'default', 'domain_name': 'Default', 'username': 'tempest-HostsAdminTestJSON-1395582944-project-admin', 'project_domain_id': 'default', 'project_domain_name': 'Default', 'project_id': '1cc1af4696534d068c88bce975f802e9', 'project_name': 'tempest-HostsAdminTestJSON-1395582944', 'tenant_id': '1cc1af4696534d068c88bce975f802e9', 'tenant_name': 'tempest-HostsAdminTestJSON-1395582944', 'user_domain_id': 'default', 'user_domain_name': 'Default', 'user_id': '8e93a0e26a6b4dd687f32c8bef2e3b27', 'system': None}, Network: None, Subnet: None, Router: None
2024-12-10 18:35:00.112 65806 INFO tempest.lib.common.rest_client [req-b1ce67b5-eaba-425f-b792-3d544797c255 req-b1ce67b5-eaba-425f-b792-3d544797c255 ] Request (FloatingIPDetailsTestJSON:setUpClass): 200 GET http://10.180.1.21/identity/v3/domains?name=Default 0.212s
2024-12-10 18:35:00.144 65828 INFO tempest.lib.common.rest_client [req-71c90637-da49-4421-b920-85dfc9f7fc81 req-71c90637-da49-4421-b920-85dfc9f7fc81 ] Request (InstanceUsageAuditLogTestJSON:tearDownClass): 200 GET http://10.180.1.21:9696/networking/v2.0/security-groups?tenant_id=72d532cb4cba4e26ade2f8dd8582aaad&name=default 0.158s
2024-12-10 18:35:00.165 65798 INFO tempest.lib.common.rest_client [req-c61e9813-3a09-442a-a82f-eb52697dcde1 req-c61e9813-3a09-442a-a82f-eb52697dcde1 ] Request (KeyPairsV210TestJSON:setUpClass): 200 GET http://10.180.1.21/identity/v3/roles 0.109s
2024-12-10 18:35:00.165 65826 INFO tempest.lib.common.rest_client [req-79ae3efb-7ef2-432e-95d7-3d9dfe946c52 req-79ae3efb-7ef2-432e-95d7-3d9dfe946c52 ] Request (ImagesOneServerNegativeTestJSON:setUpClass): 204 PUT http://10.180.1.21/identity/v3/projects/2673dfd2fa8e4e0fa5e848697e894357/users/fbc4a6de5c684082b760a57cc9dab0f8/roles/f89e994360ae46ff98b886c104123a87 0.117s
2024-12-10 18:35:00.165 65826 INFO tempest.lib.common.dynamic_creds [-] Dynamic test user fbc4a6de5c684082b760a57cc9dab0f8 is created with scope project and roles: ['member']
2024-12-10 18:35:00.165 65826 INFO tempest.lib.common.dynamic_creds [-] Acquired dynamic creds: credentials: Credentials: {'domain_id': 'default', 'domain_name': 'Default', 'username': 'tempest-ImagesOneServerNegativeTestJSON-710147897-project-member', 'project_domain_id': 'default', 'project_domain_name': 'Default', 'project_id': '2673dfd2fa8e4e0fa5e848697e894357', 'project_name': 'tempest-ImagesOneServerNegativeTestJSON-710147897', 'tenant_id': '2673dfd2fa8e4e0fa5e848697e894357', 'tenant_name': 'tempest-ImagesOneServerNegativeTestJSON-710147897', 'user_domain_id': 'default', 'user_domain_name': 'Default', 'user_id': 'fbc4a6de5c684082b760a57cc9dab0f8', 'system': None}, Network: None, Subnet: None, Router: None
2024-12-10 18:35:00.211 65794 INFO tempest.lib.common.rest_client [req-f468e40b-5160-4373-8fa6-a800a41d47d1 req-f468e40b-5160-4373-8fa6-a800a41d47d1 ] Request (QuotasAdminNegativeTest:test_create_server_when_cpu_quota_is_full): 403 POST http://10.180.1.21/compute/v2.1/servers 1.939s
2024-12-10 18:35:00.237 65800 INFO tempest.lib.common.rest_client [req-e6d8cbb5-c18f-48ff-be66-c6938cf02415 req-e6d8cbb5-c18f-48ff-be66-c6938cf02415 ] Request (ServicesAdminNegativeTestJSON:test_get_service_by_invalid_service_and_valid_host): 200 GET http://10.180.1.21/compute/v2.1/os-services 1.523s
2024-12-10 18:35:00.239 65836 INFO tempest.lib.common.rest_client [req-3e2bc567-2a7b-44ff-b5d3-2af532867247 req-3e2bc567-2a7b-44ff-b5d3-2af532867247 ] Request (HostsAdminTestJSON:setUpClass): 201 POST http://10.180.1.21/identity/v3/auth/tokens 0.133s
2024-12-10 18:35:00.241 65806 INFO tempest.lib.common.rest_client [req-06ea7261-54b4-4f96-909b-1851aa46451b req-06ea7261-54b4-4f96-909b-1851aa46451b ] Request (FloatingIPDetailsTestJSON:setUpClass): 201 POST http://10.180.1.21/identity/v3/projects 0.128s
2024-12-10 18:35:00.247 65840 INFO tempest.lib.common.rest_client [req-f75fc023-fa26-430f-b2f6-fedc2a09d63d req-f75fc023-fa26-430f-b2f6-fedc2a09d63d ] Request (HypervisorAdminNegativeUnderV252Test:test_search_nonexistent_hypervisor): 404 GET http://10.180.1.21/compute/v2.1/os-hypervisors/nonexistent_hypervisor_name/search 1.506s
2024-12-10 18:35:00.252 65830 INFO tempest.lib.common.rest_client [req-c95c80b1-f7e1-445f-bf03-87e0dd920cb6 req-c95c80b1-f7e1-445f-bf03-87e0dd920cb6 ] Request (FlavorsExtraSpecsNegativeTestJSON:test_flavor_non_admin_set_keys): 403 POST http://10.180.1.21/compute/v2.1/flavors/1041295195/os-extra_specs 1.297s
2024-12-10 18:35:00.256 65828 INFO tempest.lib.common.rest_client [req-8ce754ed-6ce1-4d1c-82ed-4f98630dfa4d req-8ce754ed-6ce1-4d1c-82ed-4f98630dfa4d ] Request (InstanceUsageAuditLogTestJSON:tearDownClass): 204 DELETE http://10.180.1.21:9696/networking/v2.0/security-groups/3b0c4930-2ac4-4f08-a662-5075b41f2a16 0.111s
2024-12-10 18:35:00.274 65812 INFO tempest.lib.common.rest_client [req-82946142-84d9-44d2-bf25-6d59eb4ab4ab req-82946142-84d9-44d2-bf25-6d59eb4ab4ab ] Request (FlavorsV255TestJSON:test_crud_flavor): 200 GET http://10.180.1.21/compute/v2.1/flavors/detail 1.192s
2024-12-10 18:35:00.279 65810 INFO tempest.lib.common.rest_client [req-a709a63d-5096-454c-be90-ef858dd52078 req-a709a63d-5096-454c-be90-ef858dd52078 ] Request (HostsAdminNegativeTestJSON:test_reboot_host_with_non_admin_user): 403 GET http://10.180.1.21/compute/v2.1/os-hosts/devstack/reboot 1.158s
2024-12-10 18:35:00.288 65798 INFO tempest.lib.common.rest_client [req-ca33dc0b-d8cf-423a-b4cb-7c495b768a52 req-ca33dc0b-d8cf-423a-b4cb-7c495b768a52 ] Request (KeyPairsV210TestJSON:setUpClass): 204 PUT http://10.180.1.21/identity/v3/projects/5cd967b88a3d4f089a72f4016ea76bf7/users/c2e54fb862b24efcae260a36fe257dac/roles/7abb070fee114312910f5528d0ef2eef 0.123s
2024-12-10 18:35:00.288 65798 INFO tempest.lib.common.dynamic_creds [-] Dynamic test user c2e54fb862b24efcae260a36fe257dac is created with scope project and roles: ['admin']
2024-12-10 18:35:00.288 65798 INFO tempest.lib.common.dynamic_creds [-] Acquired dynamic creds: credentials: Credentials: {'domain_id': 'default', 'domain_name': 'Default', 'username': 'tempest-KeyPairsV210TestJSON-136008905-project-admin', 'project_domain_id': 'default', 'project_domain_name': 'Default', 'project_id': '5cd967b88a3d4f089a72f4016ea76bf7', 'project_name': 'tempest-KeyPairsV210TestJSON-136008905', 'tenant_id': '5cd967b88a3d4f089a72f4016ea76bf7', 'tenant_name': 'tempest-KeyPairsV210TestJSON-136008905', 'user_domain_id': 'default', 'user_domain_name': 'Default', 'user_id': 'c2e54fb862b24efcae260a36fe257dac', 'system': None}, Network: None, Subnet: None, Router: None
2024-12-10 18:35:00.288 65798 INFO tempest.lib.common.dynamic_creds [-] Created isolated network resources for: credentials: Credentials: {'domain_id': 'default', 'domain_name': 'Default', 'username': 'tempest-KeyPairsV210TestJSON-136008905-project-admin', 'project_domain_id': 'default', 'project_domain_name': 'Default', 'project_id': '5cd967b88a3d4f089a72f4016ea76bf7', 'project_name': 'tempest-KeyPairsV210TestJSON-136008905', 'tenant_id': '5cd967b88a3d4f089a72f4016ea76bf7', 'tenant_name': 'tempest-KeyPairsV210TestJSON-136008905', 'user_domain_id': 'default', 'user_domain_name': 'Default', 'user_id': 'c2e54fb862b24efcae260a36fe257dac', 'system': None}, Network: None, Subnet: None, Router: None
2024-12-10 18:35:00.294 65826 INFO tempest.lib.common.rest_client [req-418114ea-87a9-4086-8c56-100ae4460323 req-418114ea-87a9-4086-8c56-100ae4460323 ] Request (ImagesOneServerNegativeTestJSON:setUpClass): 201 POST http://10.180.1.21/identity/v3/auth/tokens 0.128s
2024-12-10 18:35:00.325 65796 INFO tempest.lib.common.rest_client [req-99f05002-a04d-4c56-b465-96abf7a9dc37 req-99f05002-a04d-4c56-b465-96abf7a9dc37 ] Request (FloatingIPsNegativeTestJSON:test_delete_nonexistent_floating_ip): 404 DELETE http://10.180.1.21/compute/v2.1/os-floating-ips/c0febae0-3504-4cf1-8706-0080441f0c56 1.176s
2024-12-10 18:35:00.349 65806 INFO tempest.lib.common.rest_client [req-8c2acb7a-68c4-4450-8d5c-f9f7c02c4e29 req-8c2acb7a-68c4-4450-8d5c-f9f7c02c4e29 ] Request (FloatingIPDetailsTestJSON:setUpClass): 201 POST http://10.180.1.21/identity/v3/users 0.107s
2024-12-10 18:35:00.352 65814 INFO tempest.lib.common.rest_client [req-256216e3-3169-461d-8fd3-6353c3615fb2 req-256216e3-3169-461d-8fd3-6353c3615fb2 ] Request (FlavorsAdminTestJSON:test_create_flavor_verify_entry_in_list_details): 200 POST http://10.180.1.21/compute/v2.1/flavors 1.175s
2024-12-10 18:35:00.401 65828 INFO tempest.lib.common.rest_client [req-b49a709e-fb16-41cb-864a-acf0aae60877 req-b49a709e-fb16-41cb-864a-acf0aae60877 ] Request (InstanceUsageAuditLogTestJSON:tearDownClass): 204 DELETE http://10.180.1.21/identity/v3/projects/72d532cb4cba4e26ade2f8dd8582aaad 0.145s
2024-12-10 18:35:00.415 65798 INFO tempest.lib.common.rest_client [req-55be132d-2fec-438f-bf19-631818d6e4f8 req-55be132d-2fec-438f-bf19-631818d6e4f8 ] Request (KeyPairsV210TestJSON:setUpClass): 201 POST http://10.180.1.21/identity/v3/auth/tokens 0.123s
2024-12-10 18:35:00.473 65806 INFO tempest.lib.common.rest_client [req-01426ead-01f1-4928-87fd-36c7b0c201c5 req-01426ead-01f1-4928-87fd-36c7b0c201c5 ] Request (FloatingIPDetailsTestJSON:setUpClass): 200 GET http://10.180.1.21/identity/v3/roles 0.124s
2024-12-10 18:35:00.515 65828 INFO tempest.lib.common.rest_client [req-1fd13d9c-cb3b-4b42-a4ab-a834a0e19a3f req-1fd13d9c-cb3b-4b42-a4ab-a834a0e19a3f ] Request (QuotasAdminTestV257:setUpClass): 201 POST http://10.180.1.21/identity/v3/auth/tokens 0.112s
2024-12-10 18:35:00.545 65806 INFO tempest.lib.common.rest_client [req-3827ffcc-537d-407f-97bf-464c73669648 req-3827ffcc-537d-407f-97bf-464c73669648 ] Request (FloatingIPDetailsTestJSON:setUpClass): 204 PUT http://10.180.1.21/identity/v3/projects/269507864af642d88b20de6ccbdd2927/users/dbef7707680249c391045074970643ae/roles/f89e994360ae46ff98b886c104123a87 0.071s
2024-12-10 18:35:00.546 65806 INFO tempest.lib.common.dynamic_creds [-] Dynamic test user dbef7707680249c391045074970643ae is created with scope project and roles: ['member']
2024-12-10 18:35:00.546 65806 INFO tempest.lib.common.dynamic_creds [-] Acquired dynamic creds: credentials: Credentials: {'domain_id': 'default', 'domain_name': 'Default', 'username': 'tempest-FloatingIPDetailsTestJSON-2021858968-project-member', 'project_domain_id': 'default', 'project_domain_name': 'Default', 'project_id': '269507864af642d88b20de6ccbdd2927', 'project_name': 'tempest-FloatingIPDetailsTestJSON-2021858968', 'tenant_id': '269507864af642d88b20de6ccbdd2927', 'tenant_name': 'tempest-FloatingIPDetailsTestJSON-2021858968', 'user_domain_id': 'default', 'user_domain_name': 'Default', 'user_id': 'dbef7707680249c391045074970643ae', 'system': None}, Network: None, Subnet: None, Router: None
2024-12-10 18:35:00.622 65786 INFO tempest.lib.common.rest_client [req-a24c84ef-211c-461e-b881-9545b0ce835c req-a24c84ef-211c-461e-b881-9545b0ce835c ] Request (VolumesAssistedSnapshotsTest:test_volume_assisted_snapshot_create_delete): 200 POST http://10.180.1.21/compute/v2.1/os-keypairs 1.383s
2024-12-10 18:35:00.639 65828 INFO tempest.lib.common.rest_client [req-cb0356ac-65fa-4f3e-b91b-447b9266dbf4 req-cb0356ac-65fa-4f3e-b91b-447b9266dbf4 ] Request (QuotasAdminTestV257:setUpClass): 201 POST http://10.180.1.21/identity/v3/auth/tokens 0.121s
2024-12-10 18:35:00.662 65806 INFO tempest.lib.common.rest_client [req-1236cce6-49a2-4092-88f4-974b26585be4 req-1236cce6-49a2-4092-88f4-974b26585be4 ] Request (FloatingIPDetailsTestJSON:setUpClass): 201 POST http://10.180.1.21/identity/v3/auth/tokens 0.116s
2024-12-10 18:35:00.716 65828 INFO tempest.lib.common.rest_client [req-896b68af-81c0-4229-b090-9dd481662845 req-896b68af-81c0-4229-b090-9dd481662845 ] Request (QuotasAdminTestV257:setUpClass): 200 GET http://10.180.1.21/identity/v3/domains?name=Default 0.077s
2024-12-10 18:35:00.748 65844 INFO tempest.lib.common.rest_client [req-fe2443d6-d565-46d9-9057-935dcea299c3 req-fe2443d6-d565-46d9-9057-935dcea299c3 ] Request (ServersWithSpecificFlavorTestJSON:test_verify_created_server_ephemeral_disk): 200 POST http://10.180.1.21/compute/v2.1/flavors 1.326s
2024-12-10 18:35:00.753 65828 INFO tempest.lib.common.rest_client [req-48f8e2b9-1e41-47e6-8ba0-c53e18c68076 req-48f8e2b9-1e41-47e6-8ba0-c53e18c68076 ] Request (QuotasAdminTestV257:setUpClass): 201 POST http://10.180.1.21/identity/v3/projects 0.036s
2024-12-10 18:35:00.771 65818 INFO tempest.lib.common.rest_client [req-9bd02001-b04a-4093-8d04-364d8e196d14 req-9bd02001-b04a-4093-8d04-364d8e196d14 ] Request (AggregatesAdminNegativeTestJSON:test_aggregate_add_existent_host): 200 POST http://10.180.1.21/compute/v2.1/os-aggregates/1/action 2.057s
2024-12-10 18:35:00.777 65786 INFO tempest.lib.common.rest_client [req-1ddd2087-583b-42b4-ade2-7078c4c6faad req-1ddd2087-583b-42b4-ade2-7078c4c6faad ] Request (VolumesAssistedSnapshotsTest:test_volume_assisted_snapshot_create_delete): 201 POST http://10.180.1.21:9696/networking/v2.0/security-groups 0.154s
2024-12-10 18:35:00.781 65826 INFO tempest.lib.common.rest_client [req-e2f36110-383f-4bda-a081-638720a4fcec req-e2f36110-383f-4bda-a081-638720a4fcec ] Request (ImagesOneServerNegativeTestJSON:setUpClass): 201 POST http://10.180.1.21:9696/networking/v2.0/networks 0.486s
2024-12-10 18:35:00.816 65828 INFO tempest.lib.common.rest_client [req-6f2ce689-638e-4c86-9545-9f4006765bb1 req-6f2ce689-638e-4c86-9545-9f4006765bb1 ] Request (QuotasAdminTestV257:setUpClass): 201 POST http://10.180.1.21/identity/v3/users 0.062s
2024-12-10 18:35:00.832 65828 INFO tempest.lib.common.rest_client [req-3533308a-2ae4-4b32-a1fb-9d8523043dfb req-3533308a-2ae4-4b32-a1fb-9d8523043dfb ] Request (QuotasAdminTestV257:setUpClass): 200 GET http://10.180.1.21/identity/v3/roles 0.015s
2024-12-10 18:35:00.845 65788 INFO tempest.lib.common.rest_client [req-710f9fea-98ba-44ac-8a75-7a5943c964ef req-710f9fea-98ba-44ac-8a75-7a5943c964ef ] Request (QuotaClassesAdminTestJSON:_run_cleanups): 200 PUT http://10.180.1.21/compute/v2.1/os-quota-class-sets/default 1.364s
2024-12-10 18:35:00.858 65828 INFO tempest.lib.common.rest_client [req-3a0ae5f1-c10b-4716-939f-bd3a4b8527bb req-3a0ae5f1-c10b-4716-939f-bd3a4b8527bb ] Request (QuotasAdminTestV257:setUpClass): 204 PUT http://10.180.1.21/identity/v3/projects/0369854d8a0d42fa81c334de7c17be41/users/dc3871466a0a4e0ea01f57d9c94c9cde/roles/f89e994360ae46ff98b886c104123a87 0.026s
2024-12-10 18:35:00.858 65828 INFO tempest.lib.common.dynamic_creds [-] Dynamic test user dc3871466a0a4e0ea01f57d9c94c9cde is created with scope project and roles: ['member']
2024-12-10 18:35:00.859 65828 INFO tempest.lib.common.dynamic_creds [-] Acquired dynamic creds: credentials: Credentials: {'domain_id': 'default', 'domain_name': 'Default', 'username': 'tempest-QuotasAdminTestV257-1493395714-project-member', 'project_domain_id': 'default', 'project_domain_name': 'Default', 'project_id': '0369854d8a0d42fa81c334de7c17be41', 'project_name': 'tempest-QuotasAdminTestV257-1493395714', 'tenant_id': '0369854d8a0d42fa81c334de7c17be41', 'tenant_name': 'tempest-QuotasAdminTestV257-1493395714', 'user_domain_id': 'default', 'user_domain_name': 'Default', 'user_id': 'dc3871466a0a4e0ea01f57d9c94c9cde', 'system': None}, Network: None, Subnet: None, Router: None
2024-12-10 18:35:00.859 65828 INFO tempest.lib.common.dynamic_creds [-] Created isolated network resources for: credentials: Credentials: {'domain_id': 'default', 'domain_name': 'Default', 'username': 'tempest-QuotasAdminTestV257-1493395714-project-member', 'project_domain_id': 'default', 'project_domain_name': 'Default', 'project_id': '0369854d8a0d42fa81c334de7c17be41', 'project_name': 'tempest-QuotasAdminTestV257-1493395714', 'tenant_id': '0369854d8a0d42fa81c334de7c17be41', 'tenant_name': 'tempest-QuotasAdminTestV257-1493395714', 'user_domain_id': 'default', 'user_domain_name': 'Default', 'user_id': 'dc3871466a0a4e0ea01f57d9c94c9cde', 'system': None}, Network: None, Subnet: None, Router: None
2024-12-10 18:35:00.927 65832 INFO tempest.lib.common.rest_client [req-83b51abb-f9d9-4514-9b7a-40c70be97717 req-83b51abb-f9d9-4514-9b7a-40c70be97717 ] Request (ListImagesTestJSON:test_list_images): 200 GET http://10.180.1.21/compute/v2.1/images 1.462s
2024-12-10 18:35:00.960 65828 INFO tempest.lib.common.rest_client [req-133c477f-3542-4fe4-92d3-96fa68f36f3d req-133c477f-3542-4fe4-92d3-96fa68f36f3d ] Request (QuotasAdminTestV257:setUpClass): 201 POST http://10.180.1.21/identity/v3/auth/tokens 0.099s
2024-12-10 18:35:00.961 65826 INFO tempest.lib.common.rest_client [req-53d42f58-2100-47b4-8e9f-b1567cb770e3 req-53d42f58-2100-47b4-8e9f-b1567cb770e3 ] Request (ImagesOneServerNegativeTestJSON:setUpClass): 201 POST http://10.180.1.21:9696/networking/v2.0/subnets 0.180s
2024-12-10 18:35:00.994 65782 INFO tempest.lib.common.rest_client [req-8ab6703c-33ed-44a5-8938-25b5f69e009e req-8ab6703c-33ed-44a5-8938-25b5f69e009e ] Request (FlavorsAccessNegativeTestJSON:test_add_flavor_access_duplicate): 409 POST http://10.180.1.21/compute/v2.1/flavors/14338807/action 1.235s
2024-12-10 18:35:01.016 65820 INFO tempest.lib.common.rest_client [req-50d0e7b2-f2fe-4047-bf80-fd80be7a7c2a req-50d0e7b2-f2fe-4047-bf80-fd80be7a7c2a ] Request (HypervisorAdminTestJSON:test_get_hypervisor_show_details): 200 GET http://10.180.1.21/compute/v2.1/os-hypervisors/1 1.229s
2024-12-10 18:35:01.049 65838 INFO tempest.lib.common.rest_client [req-58ff7038-622e-4bda-b517-382811c8f9b2 req-58ff7038-622e-4bda-b517-382811c8f9b2 ] Request (FlavorMetadataValidation:_run_cleanups): 200 GET http://10.180.1.21/compute/v2.1/flavors/detail 1.174s
2024-12-10 18:35:01.054 65828 INFO tempest.lib.common.rest_client [req-acc6148b-df43-4611-808e-a7897002b166 req-acc6148b-df43-4611-808e-a7897002b166 ] Request (QuotasAdminTestV257:setUpClass): 201 POST http://10.180.1.21/identity/v3/projects 0.093s
2024-12-10 18:35:01.059 65808 INFO tempest.lib.common.rest_client [req-ca565163-39c9-4b6c-8e3f-356cb314d650 req-ca565163-39c9-4b6c-8e3f-356cb314d650 ] Request (ServerDiagnosticsTest:test_get_server_diagnostics): 200 GET http://10.180.1.21/compute/v2.1/servers/cd066677-1192-41e9-97af-6aa356622a11 1.297s
2024-12-10 18:35:01.099 65822 INFO tempest.lib.common.rest_client [req-a17d2f72-0511-4fd5-b4a9-2e9360658617 req-a17d2f72-0511-4fd5-b4a9-2e9360658617 ] Request (FlavorsAccessTestJSON:_run_cleanups): 202 DELETE http://10.180.1.21/compute/v2.1/flavors/846005376 1.122s
2024-12-10 18:35:01.118 65786 INFO tempest.lib.common.rest_client [req-b484cef1-70be-497d-b105-e7fac64970f9 req-b484cef1-70be-497d-b105-e7fac64970f9 ] Request (VolumesAssistedSnapshotsTest:test_volume_assisted_snapshot_create_delete): 201 POST http://10.180.1.21:9696/networking/v2.0/security-group-rules 0.340s
2024-12-10 18:35:01.147 65788 INFO tempest.lib.common.rest_client [req-8d48c8ea-1260-42bd-bdcc-88f80392c3eb req-8d48c8ea-1260-42bd-bdcc-88f80392c3eb ] Request (QuotaClassesAdminTestJSON:tearDownClass): 204 DELETE http://10.180.1.21/identity/v3/users/c4be3438c9264791b6a91fed4a15620e 0.241s
2024-12-10 18:35:01.160 65792 INFO tempest.lib.common.rest_client [req-d831c069-adb6-488c-b5f4-e77f19dd7365 req-d831c069-adb6-488c-b5f4-e77f19dd7365 ] Request (KeyPairsNegativeTestJSON:test_create_keypair_with_duplicate_name): 200 POST http://10.180.1.21/compute/v2.1/os-keypairs 1.134s
2024-12-10 18:35:01.239 65828 INFO tempest.lib.common.rest_client [req-1e6b3784-24c3-42bd-9a86-b7b5fc4a92fc req-1e6b3784-24c3-42bd-9a86-b7b5fc4a92fc ] Request (QuotasAdminTestV257:setUpClass): 201 POST http://10.180.1.21/identity/v3/users 0.184s
2024-12-10 18:35:01.271 65834 INFO tempest.lib.common.rest_client [req-10c6dc43-12a6-44a5-bd62-a4fb537bd525 req-10c6dc43-12a6-44a5-bd62-a4fb537bd525 ] Request (ServersAdminNegativeTestJSON:setUpClass): 200 GET http://10.180.1.21/compute/v2.1/servers/551079c8-66e3-419f-b535-699af2b6ab5f 1.218s
2024-12-10 18:35:01.307 65838 INFO tempest.lib.common.rest_client [req-3c44e0b7-e330-4b6f-a37f-010cbf3ac210 req-3c44e0b7-e330-4b6f-a37f-010cbf3ac210 ] Request (FlavorMetadataValidation:tearDownClass): 204 DELETE http://10.180.1.21/identity/v3/users/543adb9e42ac48c2865ef51d294eaaa2 0.180s
2024-12-10 18:35:01.357 65828 INFO tempest.lib.common.rest_client [req-00f6bdf3-2a0a-4807-8f0c-2be2f9bed9dc req-00f6bdf3-2a0a-4807-8f0c-2be2f9bed9dc ] Request (QuotasAdminTestV257:setUpClass): 200 GET http://10.180.1.21/identity/v3/roles 0.118s
2024-12-10 18:35:01.387 65788 INFO tempest.lib.common.rest_client [req-2c1f1e8c-147d-4808-9710-732f485f29c1 req-2c1f1e8c-147d-4808-9710-732f485f29c1 ] Request (QuotaClassesAdminTestJSON:tearDownClass): 204 DELETE http://10.180.1.21/identity/v3/users/670b840d58594054bfe837558fa4fcde 0.239s
2024-12-10 18:35:01.387 65788 INFO tempest.lib.common.dynamic_creds [-] Deleting project and security group for project: cb44cad7ce624d7eb2b955567dd358d0
2024-12-10 18:35:01.421 65786 INFO tempest.lib.common.rest_client [req-bb4a4dc7-b86b-47a2-b550-e8fe0c7c3075 req-bb4a4dc7-b86b-47a2-b550-e8fe0c7c3075 ] Request (VolumesAssistedSnapshotsTest:test_volume_assisted_snapshot_create_delete): 201 POST http://10.180.1.21:9696/networking/v2.0/security-group-rules 0.302s
2024-12-10 18:35:01.425 65806 INFO tempest.lib.common.rest_client [req-03d90baa-e7a1-458b-9f15-8de52d57b3c3 req-03d90baa-e7a1-458b-9f15-8de52d57b3c3 ] Request (FloatingIPDetailsTestJSON:setUpClass): 201 POST http://10.180.1.21:9696/networking/v2.0/networks 0.763s
2024-12-10 18:35:01.497 65838 INFO tempest.lib.common.rest_client [req-9c578f11-9b8b-4f1f-8f7e-486b9e02336d req-9c578f11-9b8b-4f1f-8f7e-486b9e02336d ] Request (FlavorMetadataValidation:tearDownClass): 204 DELETE http://10.180.1.21/identity/v3/users/1e4f646516d54707a15cb1db3154046b 0.190s
2024-12-10 18:35:01.497 65838 INFO tempest.lib.common.dynamic_creds [-] Deleting project and security group for project: 807ddcaa783749699fdd161ab08abc7c
2024-12-10 18:35:01.522 65828 INFO tempest.lib.common.rest_client [req-9a30c8b2-a145-4993-9f76-9d1ab5401565 req-9a30c8b2-a145-4993-9f76-9d1ab5401565 ] Request (QuotasAdminTestV257:setUpClass): 204 PUT http://10.180.1.21/identity/v3/projects/6fbe4983b8984395b34ece0e9b208196/users/4dc00603c88f492fba0ce860bf2d2187/roles/7abb070fee114312910f5528d0ef2eef 0.164s
2024-12-10 18:35:01.570 65788 INFO tempest.lib.common.rest_client [req-14c790fb-f825-4af5-95c6-2dee9085ad2b req-14c790fb-f825-4af5-95c6-2dee9085ad2b ] Request (QuotaClassesAdminTestJSON:tearDownClass): 201 POST http://10.180.1.21/identity/v3/auth/tokens 0.182s
2024-12-10 18:35:01.592 65838 INFO tempest.lib.common.rest_client [req-987c9604-63bb-4108-974e-44386a77e78e req-987c9604-63bb-4108-974e-44386a77e78e ] Request (FlavorMetadataValidation:tearDownClass): 201 POST http://10.180.1.21/identity/v3/auth/tokens 0.094s
2024-12-10 18:35:01.610 65828 INFO tempest.lib.common.rest_client [req-e024158c-82d8-43ba-af1d-d55c156abec5 req-e024158c-82d8-43ba-af1d-d55c156abec5 ] Request (QuotasAdminTestV257:setUpClass): 200 GET http://10.180.1.21/identity/v3/roles 0.088s
2024-12-10 18:35:01.618 65796 INFO tempest.lib.common.rest_client [req-c378316b-f328-4803-a98d-e0c6c4088c44 req-c378316b-f328-4803-a98d-e0c6c4088c44 ] Request (FloatingIPsNegativeTestJSON:tearDownClass): 200 PUT http://10.180.1.21:9696/networking/v2.0/routers/ef9f54fe-7c57-4179-b302-3f7ce80eaafd/remove_router_interface 1.291s
2024-12-10 18:35:01.673 65828 INFO tempest.lib.common.rest_client [req-10aee35a-f13a-445b-81f3-e482f4de2a85 req-10aee35a-f13a-445b-81f3-e482f4de2a85 ] Request (QuotasAdminTestV257:setUpClass): 204 PUT http://10.180.1.21/identity/v3/projects/6fbe4983b8984395b34ece0e9b208196/users/4dc00603c88f492fba0ce860bf2d2187/roles/7abb070fee114312910f5528d0ef2eef 0.062s
2024-12-10 18:35:01.673 65828 INFO tempest.lib.common.dynamic_creds [-] Dynamic test user 4dc00603c88f492fba0ce860bf2d2187 is created with scope project and roles: ['admin']
2024-12-10 18:35:01.673 65828 INFO tempest.lib.common.dynamic_creds [-] Acquired dynamic creds: credentials: Credentials: {'domain_id': 'default', 'domain_name': 'Default', 'username': 'tempest-QuotasAdminTestV257-2005746108-project-admin', 'project_domain_id': 'default', 'project_domain_name': 'Default', 'project_id': '6fbe4983b8984395b34ece0e9b208196', 'project_name': 'tempest-QuotasAdminTestV257-2005746108', 'tenant_id': '6fbe4983b8984395b34ece0e9b208196', 'tenant_name': 'tempest-QuotasAdminTestV257-2005746108', 'user_domain_id': 'default', 'user_domain_name': 'Default', 'user_id': '4dc00603c88f492fba0ce860bf2d2187', 'system': None}, Network: None, Subnet: None, Router: None
2024-12-10 18:35:01.673 65828 INFO tempest.lib.common.dynamic_creds [-] Created isolated network resources for: credentials: Credentials: {'domain_id': 'default', 'domain_name': 'Default', 'username': 'tempest-QuotasAdminTestV257-2005746108-project-admin', 'project_domain_id': 'default', 'project_domain_name': 'Default', 'project_id': '6fbe4983b8984395b34ece0e9b208196', 'project_name': 'tempest-QuotasAdminTestV257-2005746108', 'tenant_id': '6fbe4983b8984395b34ece0e9b208196', 'tenant_name': 'tempest-QuotasAdminTestV257-2005746108', 'user_domain_id': 'default', 'user_domain_name': 'Default', 'user_id': '4dc00603c88f492fba0ce860bf2d2187', 'system': None}, Network: None, Subnet: None, Router: None
2024-12-10 18:35:01.694 65794 INFO tempest.lib.common.rest_client [req-cae4d09c-0879-401e-a329-888b8a84fb83 req-cae4d09c-0879-401e-a329-888b8a84fb83 ] Request (QuotasAdminNegativeTest:_run_cleanups): 200 PUT http://10.180.1.21/compute/v2.1/os-quota-sets/2e53c7c2ab3c4458af425ca8f163e263 1.483s
2024-12-10 18:35:01.726 65800 INFO tempest.lib.common.rest_client [req-a8b21b9d-c499-4ea9-ab88-3e89e6c4c125 req-a8b21b9d-c499-4ea9-ab88-3e89e6c4c125 ] Request (ServicesAdminNegativeTestJSON:test_get_service_by_invalid_service_and_valid_host): 200 GET http://10.180.1.21/compute/v2.1/os-services?host=devstack&binary=xxx 1.487s
2024-12-10 18:35:01.762 65828 INFO tempest.lib.common.rest_client [req-a0f7a50e-a50f-4fc3-a9e4-34751e2f477a req-a0f7a50e-a50f-4fc3-a9e4-34751e2f477a ] Request (QuotasAdminTestV257:setUpClass): 201 POST http://10.180.1.21/identity/v3/auth/tokens 0.085s
2024-12-10 18:35:01.764 65828 WARNING tempest.lib.common.rest_client [-] Deprecated: "tenant_id" property is deprecated for removal, use "project_id" instead
2024-12-10 18:35:01.805 65836 INFO tempest.lib.common.rest_client [req-981aa56c-fc3e-4644-9b50-779f4959ffad req-981aa56c-fc3e-4644-9b50-779f4959ffad ] Request (HostsAdminTestJSON:test_list_hosts): 200 GET http://10.180.1.21/compute/v2.1/os-hosts 1.565s
2024-12-10 18:35:01.828 65840 INFO tempest.lib.common.rest_client [req-cb1e2fcf-67b1-4bf8-becf-6fdb639712ea req-cb1e2fcf-67b1-4bf8-becf-6fdb639712ea ] Request (HypervisorAdminNegativeUnderV252Test:test_show_servers_with_non_admin_user): 200 GET http://10.180.1.21/compute/v2.1/os-hypervisors 1.579s
2024-12-10 18:35:01.853 65830 INFO tempest.lib.common.rest_client [req-0498cd86-8cf2-40ea-9c76-8ffd07402431 req-0498cd86-8cf2-40ea-9c76-8ffd07402431 ] Request (FlavorsExtraSpecsNegativeTestJSON:test_flavor_non_admin_unset_keys): 200 POST http://10.180.1.21/compute/v2.1/flavors/1041295195/os-extra_specs 1.599s
2024-12-10 18:35:01.865 65810 INFO tempest.lib.common.rest_client [req-3bcefe4c-581f-4b73-86d4-14a3faf37d28 req-3bcefe4c-581f-4b73-86d4-14a3faf37d28 ] Request (HostsAdminNegativeTestJSON:test_reboot_nonexistent_host): 404 GET http://10.180.1.21/compute/v2.1/os-hosts/nonexistent_hostname/reboot 1.584s
2024-12-10 18:35:01.890 65812 INFO tempest.lib.common.rest_client [req-ff5050f4-08c9-4c63-a890-a789ce0eb805 req-ff5050f4-08c9-4c63-a890-a789ce0eb805 ] Request (FlavorsV255TestJSON:test_crud_flavor): 200 GET http://10.180.1.21/compute/v2.1/flavors 1.607s
2024-12-10 18:35:01.915 65814 INFO tempest.lib.common.rest_client [req-54d5541e-f11c-46c5-9aad-e8a60e2e08b0 req-54d5541e-f11c-46c5-9aad-e8a60e2e08b0 ] Request (FlavorsAdminTestJSON:test_create_flavor_verify_entry_in_list_details): 200 GET http://10.180.1.21/compute/v2.1/flavors/detail 1.557s
2024-12-10 18:35:01.960 65806 INFO tempest.lib.common.rest_client [req-17b5a177-74c8-422b-8e99-9fda6a77bf93 req-17b5a177-74c8-422b-8e99-9fda6a77bf93 ] Request (FloatingIPDetailsTestJSON:setUpClass): 201 POST http://10.180.1.21:9696/networking/v2.0/subnets 0.532s
2024-12-10 18:35:01.963 65838 INFO tempest.lib.common.rest_client [req-2534f451-129a-44ab-b31c-b91a0e407f9c req-2534f451-129a-44ab-b31c-b91a0e407f9c ] Request (FlavorMetadataValidation:tearDownClass): 200 GET http://10.180.1.21:9696/networking/v2.0/security-groups?tenant_id=807ddcaa783749699fdd161ab08abc7c&name=default 0.371s
2024-12-10 18:35:01.969 65788 INFO tempest.lib.common.rest_client [req-dd2f895a-b5c6-471f-bebe-b2555ce9b8bb req-dd2f895a-b5c6-471f-bebe-b2555ce9b8bb ] Request (QuotaClassesAdminTestJSON:tearDownClass): 200 GET http://10.180.1.21:9696/networking/v2.0/security-groups?tenant_id=cb44cad7ce624d7eb2b955567dd358d0&name=default 0.398s
2024-12-10 18:35:02.062 65798 INFO tempest.lib.common.rest_client [req-76aebcb9-b2a9-48e5-97b1-adc239e0d1e4 req-76aebcb9-b2a9-48e5-97b1-adc239e0d1e4 ] Request (KeyPairsV210TestJSON:test_admin_manage_keypairs_for_other_users): 201 POST http://10.180.1.21/compute/v2.1/os-keypairs 1.644s
2024-12-10 18:35:02.079 65844 INFO tempest.lib.common.rest_client [req-2def634a-df36-4bae-a751-8bb0ca0e666e req-2def634a-df36-4bae-a751-8bb0ca0e666e ] Request (ServersWithSpecificFlavorTestJSON:test_verify_created_server_ephemeral_disk): 200 GET http://10.180.1.21/compute/v2.1/flavors/42/os-extra_specs 1.328s
2024-12-10 18:35:02.134 65818 INFO tempest.lib.common.rest_client [req-8c99510e-f5fd-48a5-945f-d8c3b228b5a7 req-8c99510e-f5fd-48a5-945f-d8c3b228b5a7 ] Request (AggregatesAdminNegativeTestJSON:test_aggregate_add_existent_host): 409 POST http://10.180.1.21/compute/v2.1/os-aggregates/1/action 1.360s
2024-12-10 18:35:02.205 65790 INFO tempest.lib.common.rest_client [req-e22f78e0-ff32-4cfa-92f6-960a0a7c5935 req-e22f78e0-ff32-4cfa-92f6-960a0a7c5935 ] Request (ServerMetadataTestJSON:setUpClass): 202 POST http://10.180.1.21/compute/v2.1/servers 2.283s
2024-12-10 18:35:02.213 65804 INFO tempest.lib.common.rest_client [req-c17b2762-5a2a-4d00-8025-f9e52b8eaad0 req-c17b2762-5a2a-4d00-8025-f9e52b8eaad0 ] Request (MigrationsAdminTest:test_list_migrations_in_flavor_resize_situation): 200 GET http://10.180.1.21/compute/v2.1/servers/696da7d0-08b4-410c-8caa-300c12d02359 1.370s
2024-12-10 18:35:02.222 65788 INFO tempest.lib.common.rest_client [req-1fccbf4b-b41c-42f3-a07a-471a280c9d83 req-1fccbf4b-b41c-42f3-a07a-471a280c9d83 ] Request (QuotaClassesAdminTestJSON:tearDownClass): 204 DELETE http://10.180.1.21:9696/networking/v2.0/security-groups/4539b062-f7ef-4c57-9e1b-d2245de6cffe 0.252s
2024-12-10 18:35:02.284 65838 INFO tempest.lib.common.rest_client [req-7d48c311-fc7f-4094-973a-05f4058308d7 req-7d48c311-fc7f-4094-973a-05f4058308d7 ] Request (FlavorMetadataValidation:tearDownClass): 204 DELETE http://10.180.1.21:9696/networking/v2.0/security-groups/a701612b-fb05-4d77-8a55-e43a14c2285b 0.319s
2024-12-10 18:35:02.303 65826 INFO tempest.lib.common.rest_client [req-1407b55a-2965-4518-8ec2-b9224a5f0266 req-1407b55a-2965-4518-8ec2-b9224a5f0266 ] Request (ImagesOneServerNegativeTestJSON:setUpClass): 201 POST http://10.180.1.21:9696/networking/v2.0/routers 1.342s
2024-12-10 18:35:02.305 65824 INFO tempest.lib.common.rest_client [req-44c8ac26-b881-41b4-bed6-840607b05067 req-44c8ac26-b881-41b4-bed6-840607b05067 ] Request (DeleteServersAdminTestJSON:test_admin_delete_servers_of_others): 200 GET http://10.180.1.21/compute/v2.1/servers/9decb798-4e82-48b3-bf94-64cf18faa3d4 1.444s
2024-12-10 18:35:02.325 65802 INFO tempest.lib.common.rest_client [req-e4e79f70-2bcc-42d7-b970-da03072237c7 req-e4e79f70-2bcc-42d7-b970-da03072237c7 ] Request (QuotaClassesAdmin257Test:test_update_default_quotas): 200 GET http://10.180.1.21/compute/v2.1/os-quota-class-sets/default 1.414s
2024-12-10 18:35:02.359 65832 INFO tempest.lib.common.rest_client [req-a6b58771-9649-403f-829f-21fcdff3341a req-a6b58771-9649-403f-829f-21fcdff3341a ] Request (ListImagesTestJSON:test_list_images_with_detail): 200 GET http://10.180.1.21/compute/v2.1/images/detail 1.426s
2024-12-10 18:35:02.361 65788 INFO tempest.lib.common.rest_client [req-96bd48e4-3585-4d88-8d12-5e291ddba6d5 req-96bd48e4-3585-4d88-8d12-5e291ddba6d5 ] Request (QuotaClassesAdminTestJSON:tearDownClass): 204 DELETE http://10.180.1.21/identity/v3/projects/cb44cad7ce624d7eb2b955567dd358d0 0.138s
2024-12-10 18:35:02.361 65788 INFO tempest.lib.common.dynamic_creds [-] Deleting project and security group for project: 6308b951455549378e163663c1a32e4e
2024-12-10 18:35:02.401 65838 INFO tempest.lib.common.rest_client [req-2439d5ef-49a3-4015-a09d-f3ead1150a3c req-2439d5ef-49a3-4015-a09d-f3ead1150a3c ] Request (FlavorMetadataValidation:tearDownClass): 204 DELETE http://10.180.1.21/identity/v3/projects/807ddcaa783749699fdd161ab08abc7c 0.116s
2024-12-10 18:35:02.401 65838 INFO tempest.lib.common.dynamic_creds [-] Deleting project and security group for project: 4dd4a19858a14a52a11feedecc58e7d8
2024-12-10 18:35:02.487 65842 INFO tempest.lib.common.rest_client [req-d74667ef-b5f0-4cda-955c-4260fc6db4c2 req-d74667ef-b5f0-4cda-955c-4260fc6db4c2 ] Request (ServerDiagnosticsV248Test:test_get_server_diagnostics): 200 GET http://10.180.1.21/compute/v2.1/servers/ef611a51-9d90-4ebc-a6f6-0d039149be49 1.539s
2024-12-10 18:35:02.498 65842 INFO tempest.common.waiters [-] State transition "BUILD/networking" ==> "BUILD/spawning" after 5 second wait
2024-12-10 18:35:02.499 65820 INFO tempest.lib.common.rest_client [req-20d47d9e-a175-4d7d-a820-613b35278ad0 req-20d47d9e-a175-4d7d-a820-613b35278ad0 ] Request (HypervisorAdminTestJSON:test_get_hypervisor_stats): 200 GET http://10.180.1.21/compute/v2.1/os-hypervisors/statistics 1.475s
2024-12-10 18:35:02.499 65832 INFO tempest.lib.common.rest_client [req-bea86304-a546-46f5-bd69-ce9e119913b5 req-bea86304-a546-46f5-bd69-ce9e119913b5 ] Request (ListImagesTestJSON:tearDownClass): 204 DELETE http://10.180.1.21/identity/v3/users/b4b2ed44e3e046ae8b7c2d85bfb0279f 0.132s
2024-12-10 18:35:02.499 65832 INFO tempest.lib.common.dynamic_creds [-] Deleting project and security group for project: 1b2b28f23b794313b14be663f3b574c4
2024-12-10 18:35:02.523 65822 INFO tempest.lib.common.rest_client [req-480ee104-57b2-4808-bb5d-0d60a61035ef req-480ee104-57b2-4808-bb5d-0d60a61035ef ] Request (FlavorsAccessTestJSON:_run_cleanups): 200 GET http://10.180.1.21/compute/v2.1/flavors/detail 1.423s
2024-12-10 18:35:02.541 65782 INFO tempest.lib.common.rest_client [req-84ffd453-98f5-426a-b67d-d2bca67c87a5 req-84ffd453-98f5-426a-b67d-d2bca67c87a5 ] Request (FlavorsAccessNegativeTestJSON:_run_cleanups): 200 POST http://10.180.1.21/compute/v2.1/flavors/14338807/action 1.546s
2024-12-10 18:35:02.558 65792 INFO tempest.lib.common.rest_client [req-608b9dd7-dd44-4a65-b857-5372d461fdae req-608b9dd7-dd44-4a65-b857-5372d461fdae ] Request (KeyPairsNegativeTestJSON:test_create_keypair_with_duplicate_name): 409 POST http://10.180.1.21/compute/v2.1/os-keypairs 1.396s
2024-12-10 18:35:02.569 65832 INFO tempest.lib.common.rest_client [req-c9da0309-fc84-4a7b-bac6-472140c02dce req-c9da0309-fc84-4a7b-bac6-472140c02dce ] Request (ListImagesTestJSON:tearDownClass): 201 POST http://10.180.1.21/identity/v3/auth/tokens 0.069s
2024-12-10 18:35:02.581 65800 INFO tempest.lib.common.rest_client [req-1ad0a478-cfe9-4563-bd84-f7d36de95d2f req-1ad0a478-cfe9-4563-bd84-f7d36de95d2f ] Request (ServicesAdminNegativeTestJSON:test_get_service_with_valid_service_and_invalid_host): 200 GET http://10.180.1.21/compute/v2.1/os-services 0.851s
2024-12-10 18:35:02.585 65786 INFO tempest.lib.common.rest_client [req-bfd5c9f1-3ced-48fb-b28c-6a9095f2a0f0 req-bfd5c9f1-3ced-48fb-b28c-6a9095f2a0f0 ] Request (VolumesAssistedSnapshotsTest:test_volume_assisted_snapshot_create_delete): 201 POST http://10.180.1.21:9696/networking/v2.0/floatingips 1.163s
2024-12-10 18:35:02.599 65836 INFO tempest.lib.common.rest_client [req-9658b545-699f-449a-9c5e-6cac5feb7384 req-9658b545-699f-449a-9c5e-6cac5feb7384 ] Request (HostsAdminTestJSON:test_list_hosts_with_a_blank_zone): 200 GET http://10.180.1.21/compute/v2.1/os-hosts?zone= 0.792s
2024-12-10 18:35:02.609 65830 INFO tempest.lib.common.rest_client [req-98c075e2-4eac-42fd-96ca-4f26a6ba16f7 req-98c075e2-4eac-42fd-96ca-4f26a6ba16f7 ] Request (FlavorsExtraSpecsNegativeTestJSON:test_flavor_non_admin_unset_keys): 403 DELETE http://10.180.1.21/compute/v2.1/flavors/1041295195/os-extra_specs/hw:numa_nodes 0.755s
2024-12-10 18:35:02.610 65840 INFO tempest.lib.common.rest_client [req-b53100b4-1196-4bd0-8149-e37f6da8bec1 req-b53100b4-1196-4bd0-8149-e37f6da8bec1 ] Request (HypervisorAdminNegativeUnderV252Test:test_show_servers_with_non_admin_user): 403 GET http://10.180.1.21/compute/v2.1/os-hypervisors/1/servers 0.781s
2024-12-10 18:35:02.618 65820 INFO tempest.lib.common.rest_client [req-fa36856a-a7eb-4282-8c6c-0d6e5ba8d4c3 req-fa36856a-a7eb-4282-8c6c-0d6e5ba8d4c3 ] Request (HypervisorAdminTestJSON:tearDownClass): 204 DELETE http://10.180.1.21/identity/v3/users/c1ab0e2ff86845b8b5cbba3413976eb7 0.117s
2024-12-10 18:35:02.618 65810 INFO tempest.lib.common.rest_client [req-2d361d11-10e9-4472-85ef-c81313c0f84d req-2d361d11-10e9-4472-85ef-c81313c0f84d ] Request (HostsAdminNegativeTestJSON:test_show_host_detail_with_non_admin_user): 403 GET http://10.180.1.21/compute/v2.1/os-hosts/devstack 0.752s
2024-12-10 18:35:02.630 65812 INFO tempest.lib.common.rest_client [req-5eca475b-bd42-4de4-bef5-f208bc50c96a req-5eca475b-bd42-4de4-bef5-f208bc50c96a ] Request (FlavorsV255TestJSON:_run_cleanups): 202 DELETE http://10.180.1.21/compute/v2.1/flavors/609526505 0.737s
2024-12-10 18:35:02.646 65814 INFO tempest.lib.common.rest_client [req-3d110049-a571-41df-baef-af84bd3d118e req-3d110049-a571-41df-baef-af84bd3d118e ] Request (FlavorsAdminTestJSON:_run_cleanups): 202 DELETE http://10.180.1.21/compute/v2.1/flavors/510972533 0.726s
2024-12-10 18:35:02.670 65798 INFO tempest.lib.common.rest_client [req-5870815b-f602-4969-9312-804c31d229ab req-5870815b-f602-4969-9312-804c31d229ab ] Request (KeyPairsV210TestJSON:test_admin_manage_keypairs_for_other_users): 201 POST http://10.180.1.21/compute/v2.1/os-keypairs 0.606s
2024-12-10 18:35:02.728 65794 INFO tempest.lib.common.rest_client [req-360e9685-d5b3-4a71-b28b-fa1df2f2b312 req-360e9685-d5b3-4a71-b28b-fa1df2f2b312 ] Request (QuotasAdminNegativeTest:test_create_server_when_instances_quota_is_full): 200 GET http://10.180.1.21/compute/v2.1/os-quota-sets/2e53c7c2ab3c4458af425ca8f163e263 1.031s
2024-12-10 18:35:02.744 65796 INFO tempest.lib.common.rest_client [req-c059fa9f-325d-45ea-b2b6-37759cfde445 req-c059fa9f-325d-45ea-b2b6-37759cfde445 ] Request (FloatingIPsNegativeTestJSON:tearDownClass): 204 DELETE http://10.180.1.21:9696/networking/v2.0/routers/ef9f54fe-7c57-4179-b302-3f7ce80eaafd 1.126s
2024-12-10 18:35:02.759 65786 INFO tempest.lib.common.rest_client [req-86580040-2a1e-4da7-8eef-54f11eb1ba72 req-86580040-2a1e-4da7-8eef-54f11eb1ba72 ] Request (VolumesAssistedSnapshotsTest:test_volume_assisted_snapshot_create_delete): 201 POST http://10.180.1.21/identity/v3/auth/tokens 0.168s
2024-12-10 18:35:02.759 65844 INFO tempest.lib.common.rest_client [req-2ecd96de-f5a6-4d0e-870d-45524449de07 req-2ecd96de-f5a6-4d0e-870d-45524449de07 ] Request (ServersWithSpecificFlavorTestJSON:test_verify_created_server_ephemeral_disk): 200 POST http://10.180.1.21/compute/v2.1/flavors/1264266697/os-extra_specs 0.679s
2024-12-10 18:35:02.759 65786 INFO tempest.lib.common.fixed_network [-] (VolumesAssistedSnapshotsTest:test_volume_assisted_snapshot_create_delete) Found network {'id': '344f7d12-e0ba-410f-87ee-4870e24416e3', 'name': 'tempest-VolumesAssistedSnapshotsTest-1559229058-network', 'tenant_id': '1eeb1be5da144b97a523aef16a870107', 'admin_state_up': True, 'mtu': 8950, 'status': 'ACTIVE', 'subnets': [], 'shared': False, 'project_id': '1eeb1be5da144b97a523aef16a870107', 'port_security_enabled': True, 'router:external': False, 'provider:network_type': 'vlan', 'provider:physical_network': 'default', 'provider:segmentation_id': 280, 'availability_zone_hints': [], 'availability_zones': [], 'ipv4_address_scope': None, 'ipv6_address_scope': None, 'description': '', 'tags': [], 'created_at': '2024-12-10T18:34:42Z', 'updated_at': '2024-12-10T18:34:42Z', 'revision_number': 1} available for tenant
2024-12-10 18:35:02.775 65808 INFO tempest.lib.common.rest_client [req-5e368f09-bdd6-41f6-ae95-a0cea19ac059 req-5e368f09-bdd6-41f6-ae95-a0cea19ac059 ] Request (ServerDiagnosticsTest:test_get_server_diagnostics): 200 GET http://10.180.1.21/compute/v2.1/servers/cd066677-1192-41e9-97af-6aa356622a11 0.704s
2024-12-10 18:35:02.788 65808 INFO tempest.common.waiters [-] State transition "BUILD/scheduling" ==> "BUILD/None" after 1 second wait
2024-12-10 18:35:02.825 65820 INFO tempest.lib.common.rest_client [req-51f562af-1a20-4a01-aa77-5563f44203db req-51f562af-1a20-4a01-aa77-5563f44203db ] Request (HypervisorAdminTestJSON:tearDownClass): 204 DELETE http://10.180.1.21/identity/v3/users/ef899bbf39cd45179cd82280f53b6796 0.205s
2024-12-10 18:35:02.825 65820 INFO tempest.lib.common.dynamic_creds [-] Deleting project and security group for project: 20f1a900f6fe4801bf976d295557fad5
2024-12-10 18:35:02.855 65790 INFO tempest.lib.common.rest_client [req-9886e0b1-5e15-4e43-80c2-1fefe801daea req-9886e0b1-5e15-4e43-80c2-1fefe801daea ] Request (ServerMetadataTestJSON:setUpClass): 200 GET http://10.180.1.21/compute/v2.1/servers/7f4aef75-01ae-48db-9d32-e403e24b8f35 0.645s
2024-12-10 18:35:02.877 65818 INFO tempest.lib.common.rest_client [req-42a05e23-6459-4a2a-98fa-077f42e599e5 req-42a05e23-6459-4a2a-98fa-077f42e599e5 ] Request (AggregatesAdminNegativeTestJSON:_run_cleanups): 200 POST http://10.180.1.21/compute/v2.1/os-aggregates/1/action 0.743s
2024-12-10 18:35:02.897 65820 INFO tempest.lib.common.rest_client [req-3d4d217f-a34c-4a95-a8d1-e63f36ff2c4e req-3d4d217f-a34c-4a95-a8d1-e63f36ff2c4e ] Request (HypervisorAdminTestJSON:tearDownClass): 201 POST http://10.180.1.21/identity/v3/auth/tokens 0.072s
2024-12-10 18:35:02.943 65834 INFO tempest.lib.common.rest_client [req-8878dae2-e008-41b9-9c05-a80c423b2e7c req-8878dae2-e008-41b9-9c05-a80c423b2e7c ] Request (ServersAdminNegativeTestJSON:setUpClass): 200 GET http://10.180.1.21/compute/v2.1/servers/551079c8-66e3-419f-b535-699af2b6ab5f 0.662s
2024-12-10 18:35:02.944 65802 INFO tempest.lib.common.rest_client [req-c9c478f9-bf0b-42f8-bc91-207d49498a45 req-c9c478f9-bf0b-42f8-bc91-207d49498a45 ] Request (QuotaClassesAdmin257Test:test_update_default_quotas): 200 PUT http://10.180.1.21/compute/v2.1/os-quota-class-sets/default 0.616s
2024-12-10 18:35:02.951 65834 INFO tempest.common.waiters [-] State transition "BUILD/None" ==> "BUILD/spawning" after 3 second wait
2024-12-10 18:35:02.963 65792 INFO tempest.lib.common.rest_client [req-c6a8adab-a9da-4a65-b090-f90b44c51e21 req-c6a8adab-a9da-4a65-b090-f90b44c51e21 ] Request (KeyPairsNegativeTestJSON:test_create_keypair_with_duplicate_name): 202 DELETE http://10.180.1.21/compute/v2.1/os-keypairs/tempest-keypair-1845820620 0.404s
2024-12-10 18:35:02.971 65782 INFO tempest.lib.common.rest_client [req-40f2de5c-4ded-4ae8-b92d-c0c4b02decaa req-40f2de5c-4ded-4ae8-b92d-c0c4b02decaa ] Request (FlavorsAccessNegativeTestJSON:_run_cleanups): 202 DELETE http://10.180.1.21/compute/v2.1/flavors/14338807 0.428s
2024-12-10 18:35:02.982 65822 INFO tempest.lib.common.rest_client [req-6ce7a03f-e22b-48ff-b3ff-1f01fe4c7210 req-6ce7a03f-e22b-48ff-b3ff-1f01fe4c7210 ] Request (FlavorsAccessTestJSON:test_flavor_access_list_with_private_flavor): 200 POST http://10.180.1.21/compute/v2.1/flavors 0.395s
2024-12-10 18:35:02.985 65796 INFO tempest.lib.common.rest_client [req-78ff1be7-dca6-4a81-ad54-0c1b7ff927a6 req-78ff1be7-dca6-4a81-ad54-0c1b7ff927a6 ] Request (FloatingIPsNegativeTestJSON:tearDownClass): 204 DELETE http://10.180.1.21:9696/networking/v2.0/subnets/14533ecd-44f4-4a15-bb8f-276d952eb51b 0.240s
2024-12-10 18:35:02.986 65788 INFO tempest.lib.common.rest_client [req-02772925-8454-415e-9aef-3768cd43b685 req-02772925-8454-415e-9aef-3768cd43b685 ] Request (QuotaClassesAdminTestJSON:tearDownClass): 200 GET http://10.180.1.21:9696/networking/v2.0/security-groups?tenant_id=6308b951455549378e163663c1a32e4e&name=default 0.624s
2024-12-10 18:35:02.996 65800 INFO tempest.lib.common.rest_client [req-c615fa2b-d65d-4663-9b6f-9f730599ad2d req-c615fa2b-d65d-4663-9b6f-9f730599ad2d ] Request (ServicesAdminNegativeTestJSON:test_get_service_with_valid_service_and_invalid_host): 200 GET http://10.180.1.21/compute/v2.1/os-services?host=xxx&binary=nova-scheduler 0.410s
2024-12-10 18:35:03.007 65836 INFO tempest.lib.common.rest_client [req-ce5ab6b7-2ddd-4ad9-911b-9da764be47ac req-ce5ab6b7-2ddd-4ad9-911b-9da764be47ac ] Request (HostsAdminTestJSON:test_list_hosts_with_nonexistent_zone): 200 GET http://10.180.1.21/compute/v2.1/os-hosts?zone=xxx 0.405s
2024-12-10 18:35:03.015 65830 INFO tempest.lib.common.rest_client [req-70a90c9b-8beb-4cb5-b6be-2ea8a4c4e2c0 req-70a90c9b-8beb-4cb5-b6be-2ea8a4c4e2c0 ] Request (FlavorsExtraSpecsNegativeTestJSON:test_flavor_non_admin_update_specific_key): 200 POST http://10.180.1.21/compute/v2.1/flavors/1041295195/os-extra_specs 0.405s
2024-12-10 18:35:03.023 65840 INFO tempest.lib.common.rest_client [req-3b59eec6-0d13-479a-a073-c524810b87d5 req-3b59eec6-0d13-479a-a073-c524810b87d5 ] Request (HypervisorAdminNegativeUnderV252Test:test_show_servers_with_nonexistent_hypervisor): 404 GET http://10.180.1.21/compute/v2.1/os-hypervisors/5695ecbf-c113-4648-9c81-92471ec8d938/servers 0.411s
2024-12-10 18:35:03.026 65838 INFO tempest.lib.common.rest_client [req-875b4921-2d93-4a53-b087-22b0ea51a9a3 req-875b4921-2d93-4a53-b087-22b0ea51a9a3 ] Request (FlavorMetadataValidation:tearDownClass): 200 GET http://10.180.1.21:9696/networking/v2.0/security-groups?tenant_id=4dd4a19858a14a52a11feedecc58e7d8&name=default 0.624s
