2024-12-10 18:36:42.903 65804 INFO tempest.lib.common.rest_client [req-16f39b45-8cb9-4d8c-a079-a64009cd187a req-16f39b45-8cb9-4d8c-a079-a64009cd187a ] Request (MigrationsAdminTest:test_list_migrations_in_flavor_resize_situation): 201 POST http://10.180.1.21:9696/networking/v2.0/floatingips 0.394s
2024-12-10 18:36:42.942 65784 INFO tempest.lib.common.rest_client [req-a1e3d7a5-a056-44e5-ad0f-d5e580e2980b req-a1e3d7a5-a056-44e5-ad0f-d5e580e2980b ] Request (ServerActionsTestJSON:setUpClass): 200 GET http://10.180.1.21/compute/v2.1/servers/95fc471b-7992-4fd8-97b6-67fc434e05f1 0.055s
2024-12-10 18:36:42.961 65818 INFO tempest.lib.common.rest_client [req-1ff7050e-bf5d-482d-9531-7f54ba7a77c0 req-1ff7050e-bf5d-482d-9531-7f54ba7a77c0 ] Request (ImagesOneServerTestJSON:setUpClass): 200 GET http://10.180.1.21/compute/v2.1/servers/630b8565-3e2b-4ff4-81e6-c0065de576c2 0.133s
2024-12-10 18:36:42.967 65818 INFO tempest.common.waiters [-] State transition "BUILD/spawning" ==> "ACTIVE/None" after 40 second wait
2024-12-10 18:36:42.972 65804 INFO tempest.lib.common.rest_client [req-95372fa5-9a14-418a-858b-faccceb29cbe req-95372fa5-9a14-418a-858b-faccceb29cbe ] Request (MigrationsAdminTest:test_list_migrations_in_flavor_resize_situation): 200 GET http://10.180.1.21/compute/v2.1/os-migrations 0.068s
2024-12-10 18:36:42.992 65834 INFO tempest.lib.common.rest_client [req-543e3ea0-1e1e-46a3-a95f-30d9cbd01bd9 req-543e3ea0-1e1e-46a3-a95f-30d9cbd01bd9 ] Request (ServersAdminNegativeTestJSON:tearDownClass): 200 GET http://10.180.1.21/compute/v2.1/servers/49936510-b3a0-4857-8482-23b9fea9d76d 0.094s
2024-12-10 18:36:43.017 65814 INFO tempest.lib.common.rest_client [req-d595f506-f5f3-4799-925b-eba95d8e9b9d req-d595f506-f5f3-4799-925b-eba95d8e9b9d ] Request (ServerShowV247Test:test_update_rebuild_list_server): 200 GET http://10.180.1.21/compute/v2.1/servers/a3b8132e-c67e-4b1b-8a70-07edb9b0e4ec 0.070s
2024-12-10 18:36:43.043 65800 INFO tempest.lib.common.rest_client [req-ccc68afd-5c97-47da-87eb-28580360a170 req-ccc68afd-5c97-47da-87eb-28580360a170 ] Request (FloatingIPsAssociationTestJSON:test_associate_already_associated_floating_ip): 200 GET http://10.180.1.21/compute/v2.1/servers/1b43ec55-9ec1-440c-8129-57810fd538fa 0.086s
2024-12-10 18:36:43.058 65804 INFO tempest.lib.common.rest_client [req-da0481cb-c71f-456d-8917-5314c617d850 req-da0481cb-c71f-456d-8917-5314c617d850 ] Request (MigrationsAdminTest:test_resize_server_revert_deleted_flavor): 200 GET http://10.180.1.21/compute/v2.1/flavors/42 0.082s
2024-12-10 18:36:43.110 65838 INFO tempest.lib.common.rest_client [req-f829ee80-5798-436f-9e6d-7d3c2e7a6c1d req-f829ee80-5798-436f-9e6d-7d3c2e7a6c1d ] Request (ServersTestJSON:test_create_server_specify_multibyte_character_name): 200 GET http://10.180.1.21/compute/v2.1/servers/5beb982b-a0f9-4574-90ef-8fed1a7a935b 0.097s
2024-12-10 18:36:43.126 65804 INFO tempest.lib.common.rest_client [req-080141d0-ae02-49b0-98c2-ed8064c03503 req-080141d0-ae02-49b0-98c2-ed8064c03503 ] Request (MigrationsAdminTest:test_resize_server_revert_deleted_flavor): 200 POST http://10.180.1.21/compute/v2.1/flavors 0.065s
2024-12-10 18:36:43.171 65790 INFO tempest.lib.common.rest_client [req-ae543d13-36a3-4912-8589-45ccafcfe22e req-ae543d13-36a3-4912-8589-45ccafcfe22e ] Request (ServerRescueTestJSONUnderV235:setUpClass): 200 GET http://10.180.1.21/compute/v2.1/servers/c1b58810-0afe-4dcf-a87d-86f3f844976f 0.101s
2024-12-10 18:36:43.220 65792 INFO tempest.lib.common.rest_client [req-c22610f3-a1d9-4b95-bdc3-feead54b8eb3 req-c22610f3-a1d9-4b95-bdc3-feead54b8eb3 ] Request (SecurityGroupsTestJSON:test_server_security_groups): 200 GET http://10.180.1.21/compute/v2.1/servers/94c964d6-91c1-474d-adb2-c0605a7ebe1b 0.118s
2024-12-10 18:36:43.230 65804 INFO tempest.lib.common.rest_client [req-e0816f60-eccb-49f7-928f-de6555078011 req-e0816f60-eccb-49f7-928f-de6555078011 ] Request (MigrationsAdminTest:test_resize_server_revert_deleted_flavor): 200 GET http://10.180.1.21/compute/v2.1/flavors/42/os-extra_specs 0.103s
2024-12-10 18:36:43.281 65794 INFO tempest.lib.common.rest_client [req-03d920f0-fc74-4829-8a17-db316b771b03 req-03d920f0-fc74-4829-8a17-db316b771b03 ] Request (ServersTestMultiNic:test_verify_duplicate_network_nics): 200 GET http://10.180.1.21/compute/v2.1/servers/02daa7bf-ce78-4756-af53-05cb9286a802 0.133s
2024-12-10 18:36:43.340 65808 INFO tempest.lib.common.rest_client [req-2291a1fd-3cc0-4efc-88a8-bb35d1b7726f req-2291a1fd-3cc0-4efc-88a8-bb35d1b7726f ] Request (ServersAdmin275Test:_run_cleanups): 200 GET http://10.180.1.21/compute/v2.1/servers/a9d69a9c-b72d-43f1-9714-e0225089f9b0 0.136s
2024-12-10 18:36:43.364 65804 INFO tempest.lib.common.rest_client [req-8f96a360-917b-4a72-9f2c-0b3bbf89b6d9 req-8f96a360-917b-4a72-9f2c-0b3bbf89b6d9 ] Request (MigrationsAdminTest:test_resize_server_revert_deleted_flavor): 200 POST http://10.180.1.21/compute/v2.1/flavors/d8258dad-5ef1-42bb-b361-9d95fb014b8e/os-extra_specs 0.132s
2024-12-10 18:36:43.414 65806 INFO tempest.lib.common.rest_client [req-5e114457-d7db-4419-bcc9-171e85de427a req-5e114457-d7db-4419-bcc9-171e85de427a ] Request (AttachInterfacesUnderV243Test:test_add_remove_fixed_ip): 200 GET http://10.180.1.21/compute/v2.1/servers/acc4c843-d33b-43ee-986a-74480aecac2a 0.174s
2024-12-10 18:36:43.423 65804 INFO tempest.lib.common.rest_client [req-c101a591-2c39-430d-ad13-77aedc834029 req-c101a591-2c39-430d-ad13-77aedc834029 ] Request (MigrationsAdminTest:test_resize_server_revert_deleted_flavor): 201 POST http://10.180.1.21/identity/v3/auth/tokens 0.055s
2024-12-10 18:36:43.424 65804 INFO tempest.lib.common.fixed_network [-] (MigrationsAdminTest:test_resize_server_revert_deleted_flavor) Found network None available for tenant
2024-12-10 18:36:43.467 65818 INFO tempest.lib.common.rest_client [req-fd97610a-d382-4fa8-a933-52b7c7468dc9 req-fd97610a-d382-4fa8-a933-52b7c7468dc9 ] Request (ImagesOneServerTestJSON:test_create_delete_image): 202 POST http://10.180.1.21/compute/v2.1/servers/630b8565-3e2b-4ff4-81e6-c0065de576c2/action 0.499s
2024-12-10 18:36:43.476 65836 INFO tempest.lib.common.rest_client [req-e67d5bc3-15ee-44d1-82ee-95331f164cb1 req-e67d5bc3-15ee-44d1-82ee-95331f164cb1 ] Request (AttachInterfacesV270Test:tearDownClass): 200 GET http://10.180.1.21/compute/v2.1/servers/b705803c-92c3-48fe-a310-82866b074b71 0.182s
2024-12-10 18:36:43.532 65824 INFO tempest.lib.common.rest_client [req-2350bf04-3aeb-4442-b485-e6c74ec81d69 req-2350bf04-3aeb-4442-b485-e6c74ec81d69 ] Request (DeleteServersAdminTestJSON:test_delete_server_while_in_error_state): 200 GET http://10.180.1.21/compute/v2.1/servers/faf90bec-502d-4133-9fe7-73782e8cb80b 0.217s
2024-12-10 18:36:43.533 65782 INFO tempest.lib.common.rest_client [req-c75f0982-a189-429c-8d15-5a41e4bf60f9 req-c75f0982-a189-429c-8d15-5a41e4bf60f9 ] Request (ServerDiskConfigTestJSON:test_rebuild_server_with_auto_disk_config): 200 GET http://10.180.1.21/compute/v2.1/servers/d86669ba-373c-4006-8608-2ebfcb45e0b0 0.180s
2024-12-10 18:36:43.562 65818 INFO tempest.lib.common.rest_client [req-aa22baa5-5033-431b-a883-61b79f0a8725 req-aa22baa5-5033-431b-a883-61b79f0a8725 ] Request (ImagesOneServerTestJSON:test_create_delete_image): 200 GET http://10.180.1.21/compute/v2.1/images/10ee7535-abe7-424f-aacf-dd61a73fbd2d 0.094s
2024-12-10 18:36:43.675 65842 INFO tempest.lib.common.rest_client [req-ddb011c7-9bae-49ad-ac7e-e730edcbf897 req-ddb011c7-9bae-49ad-ac7e-e730edcbf897 ] Request (ServerMetadataNegativeTestJSON:setUpClass): 200 GET http://10.180.1.21/compute/v2.1/servers/22b638d0-62c8-4b5e-80d1-cfe9222c8514 0.051s
2024-12-10 18:36:43.747 65802 INFO tempest.lib.common.rest_client [req-96523cb9-a02a-483e-85ea-a620b3cc0bc8 req-96523cb9-a02a-483e-85ea-a620b3cc0bc8 ] Request (ServerPasswordTestJSON:setUpClass): 200 GET http://10.180.1.21/compute/v2.1/servers/bca34046-3056-46e7-8152-33ec01343a62 0.048s
2024-12-10 18:36:43.750 65804 INFO tempest.lib.common.rest_client [req-4e0cec17-6460-4658-b2a7-5b3f6c2be7ba req-4e0cec17-6460-4658-b2a7-5b3f6c2be7ba ] Request (MigrationsAdminTest:test_resize_server_revert_deleted_flavor): 202 POST http://10.180.1.21/compute/v2.1/servers 0.326s
2024-12-10 18:36:43.786 65804 INFO tempest.lib.common.rest_client [req-dc34be98-ad9f-4ffc-bd86-7d99db117f1e req-dc34be98-ad9f-4ffc-bd86-7d99db117f1e ] Request (MigrationsAdminTest:test_resize_server_revert_deleted_flavor): 200 GET http://10.180.1.21/compute/v2.1/servers/3077f487-850e-41fe-89c8-62bd24f19ecd 0.035s
2024-12-10 18:36:43.815 65826 INFO tempest.lib.common.rest_client [req-3ede7d51-f021-4db1-bb1d-7326ba24eae5 req-3ede7d51-f021-4db1-bb1d-7326ba24eae5 ] Request (ImagesOneServerNegativeTestJSON:_run_cleanups): 200 GET http://10.180.1.21/compute/v2.1/servers/7c74398e-b88a-436a-8305-f63141199288 0.045s
2024-12-10 18:36:43.853 65810 INFO tempest.lib.common.rest_client [req-38a21783-3f02-4baf-aacd-6d1512c3bd51 req-38a21783-3f02-4baf-aacd-6d1512c3bd51 ] Request (DeleteServersTestJSON:test_delete_active_server): 200 GET http://10.180.1.21/compute/v2.1/servers/bd3ab6eb-d09f-48fa-bf77-679e86fd3909 0.044s
2024-12-10 18:36:43.943 65812 INFO tempest.lib.common.rest_client [req-6c85feb6-67ca-4df8-8469-351ef246d9bb req-6c85feb6-67ca-4df8-8469-351ef246d9bb ] Request (ServersTestBootFromVolume:setUpClass): 200 GET http://10.180.1.21/compute/v2.1/servers/f81d0096-ce67-4d01-8c1f-db803fe86de9 0.045s
2024-12-10 18:36:43.995 65784 INFO tempest.lib.common.rest_client [req-9fbe573f-a0dc-4a6d-8b43-cdde9e6ad335 req-9fbe573f-a0dc-4a6d-8b43-cdde9e6ad335 ] Request (ServerActionsTestJSON:setUpClass): 200 GET http://10.180.1.21/compute/v2.1/servers/95fc471b-7992-4fd8-97b6-67fc434e05f1 0.047s
2024-12-10 18:36:44.055 65834 INFO tempest.lib.common.rest_client [req-34ce1064-90c4-4cf7-add0-2639345f7fbf req-34ce1064-90c4-4cf7-add0-2639345f7fbf ] Request (ServersAdminNegativeTestJSON:tearDownClass): 200 GET http://10.180.1.21/compute/v2.1/servers/49936510-b3a0-4857-8482-23b9fea9d76d 0.055s
2024-12-10 18:36:44.074 65814 INFO tempest.lib.common.rest_client [req-f8b0d337-41f7-4707-a297-3c0a00e68297 req-f8b0d337-41f7-4707-a297-3c0a00e68297 ] Request (ServerShowV247Test:test_update_rebuild_list_server): 200 GET http://10.180.1.21/compute/v2.1/servers/a3b8132e-c67e-4b1b-8a70-07edb9b0e4ec 0.048s
2024-12-10 18:36:44.101 65800 INFO tempest.lib.common.rest_client [req-89d1e8c1-935d-4747-9f2b-a5d6def0517a req-89d1e8c1-935d-4747-9f2b-a5d6def0517a ] Request (FloatingIPsAssociationTestJSON:test_associate_already_associated_floating_ip): 200 GET http://10.180.1.21/compute/v2.1/servers/1b43ec55-9ec1-440c-8129-57810fd538fa 0.051s
2024-12-10 18:36:44.165 65838 INFO tempest.lib.common.rest_client [req-57b8dc6a-6e49-4111-a52d-078a15bce63b req-57b8dc6a-6e49-4111-a52d-078a15bce63b ] Request (ServersTestJSON:test_create_server_specify_multibyte_character_name): 200 GET http://10.180.1.21/compute/v2.1/servers/5beb982b-a0f9-4574-90ef-8fed1a7a935b 0.047s
2024-12-10 18:36:44.169 65822 WARNING tempest.lib.common.ssh [-] Failed to establish authenticated ssh connection to cirros@10.180.180.245 ([Errno None] Unable to connect to port 22 on 10.180.180.245). Number attempts: 5. Retry after 6 seconds.: paramiko.ssh_exception.NoValidConnectionsError: [Errno None] Unable to connect to port 22 on 10.180.180.245
2024-12-10 18:36:44.171 65838 INFO tempest.common.waiters [-] State transition "BUILD/scheduling" ==> "BUILD/None" after 13 second wait
2024-12-10 18:36:44.224 65790 INFO tempest.lib.common.rest_client [req-3a527694-0d0f-4183-bfec-37b30a1547bf req-3a527694-0d0f-4183-bfec-37b30a1547bf ] Request (ServerRescueTestJSONUnderV235:setUpClass): 200 GET http://10.180.1.21/compute/v2.1/servers/c1b58810-0afe-4dcf-a87d-86f3f844976f 0.047s
2024-12-10 18:36:44.282 65792 INFO tempest.lib.common.rest_client [req-aae6dd24-0df6-4980-ae72-4133fb76df07 req-aae6dd24-0df6-4980-ae72-4133fb76df07 ] Request (SecurityGroupsTestJSON:test_server_security_groups): 200 GET http://10.180.1.21/compute/v2.1/servers/94c964d6-91c1-474d-adb2-c0605a7ebe1b 0.054s
2024-12-10 18:36:44.336 65794 INFO tempest.lib.common.rest_client [req-ef472a92-a52f-408e-bba8-c5dbe1ac1bdc req-ef472a92-a52f-408e-bba8-c5dbe1ac1bdc ] Request (ServersTestMultiNic:test_verify_duplicate_network_nics): 200 GET http://10.180.1.21/compute/v2.1/servers/02daa7bf-ce78-4756-af53-05cb9286a802 0.048s
2024-12-10 18:36:44.361 65830 WARNING tempest.lib.common.ssh [-] Failed to establish authenticated ssh connection to cirros@10.180.180.213 ([Errno None] Unable to connect to port 22 on 10.180.180.213). Number attempts: 6. Retry after 7 seconds.: paramiko.ssh_exception.NoValidConnectionsError: [Errno None] Unable to connect to port 22 on 10.180.180.213
2024-12-10 18:36:44.403 65808 INFO tempest.lib.common.rest_client [req-86e061a8-ac1e-4b06-b142-e0f9cb95c6cd req-86e061a8-ac1e-4b06-b142-e0f9cb95c6cd ] Request (ServersAdmin275Test:_run_cleanups): 200 GET http://10.180.1.21/compute/v2.1/servers/a9d69a9c-b72d-43f1-9714-e0225089f9b0 0.054s
2024-12-10 18:36:44.476 65806 INFO tempest.lib.common.rest_client [req-9663148c-8ae0-40c1-a206-0ab9380bd37f req-9663148c-8ae0-40c1-a206-0ab9380bd37f ] Request (AttachInterfacesUnderV243Test:test_add_remove_fixed_ip): 200 GET http://10.180.1.21/compute/v2.1/servers/acc4c843-d33b-43ee-986a-74480aecac2a 0.052s
2024-12-10 18:36:44.551 65836 INFO tempest.lib.common.rest_client [req-200ef328-5641-4e5c-ab96-d333d4fbaa84 req-200ef328-5641-4e5c-ab96-d333d4fbaa84 ] Request (AttachInterfacesV270Test:tearDownClass): 200 GET http://10.180.1.21/compute/v2.1/servers/b705803c-92c3-48fe-a310-82866b074b71 0.064s
2024-12-10 18:36:44.601 65824 INFO tempest.lib.common.rest_client [req-115dae6f-bae2-4422-8c90-6b91b24f194c req-115dae6f-bae2-4422-8c90-6b91b24f194c ] Request (DeleteServersAdminTestJSON:test_delete_server_while_in_error_state): 200 GET http://10.180.1.21/compute/v2.1/servers/faf90bec-502d-4133-9fe7-73782e8cb80b 0.063s
2024-12-10 18:36:44.613 65782 INFO tempest.lib.common.rest_client [req-6f846ef0-c5c3-4df0-96e2-4a2f9f86eb37 req-6f846ef0-c5c3-4df0-96e2-4a2f9f86eb37 ] Request (ServerDiskConfigTestJSON:test_rebuild_server_with_auto_disk_config): 200 GET http://10.180.1.21/compute/v2.1/servers/d86669ba-373c-4006-8608-2ebfcb45e0b0 0.072s
2024-12-10 18:36:44.644 65818 INFO tempest.lib.common.rest_client [req-2adfb943-7c8e-4e91-894f-d4a2d1e4d913 req-2adfb943-7c8e-4e91-894f-d4a2d1e4d913 ] Request (ImagesOneServerTestJSON:test_create_delete_image): 200 GET http://10.180.1.21/compute/v2.1/images/10ee7535-abe7-424f-aacf-dd61a73fbd2d 0.077s
2024-12-10 18:36:44.732 65842 INFO tempest.lib.common.rest_client [req-671ac34d-6435-4aad-809c-fba4006fdc74 req-671ac34d-6435-4aad-809c-fba4006fdc74 ] Request (ServerMetadataNegativeTestJSON:setUpClass): 200 GET http://10.180.1.21/compute/v2.1/servers/22b638d0-62c8-4b5e-80d1-cfe9222c8514 0.049s
2024-12-10 18:36:44.807 65802 INFO tempest.lib.common.rest_client [req-230ae325-81ee-4281-8f7a-9475410e86bc req-230ae325-81ee-4281-8f7a-9475410e86bc ] Request (ServerPasswordTestJSON:setUpClass): 200 GET http://10.180.1.21/compute/v2.1/servers/bca34046-3056-46e7-8152-33ec01343a62 0.053s
2024-12-10 18:36:44.861 65804 INFO tempest.lib.common.rest_client [req-09843925-032b-4fd3-acea-db84073e84fc req-09843925-032b-4fd3-acea-db84073e84fc ] Request (MigrationsAdminTest:test_resize_server_revert_deleted_flavor): 200 GET http://10.180.1.21/compute/v2.1/servers/3077f487-850e-41fe-89c8-62bd24f19ecd 0.066s
2024-12-10 18:36:44.873 65826 INFO tempest.lib.common.rest_client [req-948d47dd-ecee-4e80-a9de-94059ed6c64a req-948d47dd-ecee-4e80-a9de-94059ed6c64a ] Request (ImagesOneServerNegativeTestJSON:_run_cleanups): 200 GET http://10.180.1.21/compute/v2.1/servers/7c74398e-b88a-436a-8305-f63141199288 0.051s
2024-12-10 18:36:44.921 65810 INFO tempest.lib.common.rest_client [req-32820602-7fad-4452-9c75-22b4a7e1b141 req-32820602-7fad-4452-9c75-22b4a7e1b141 ] Request (DeleteServersTestJSON:test_delete_active_server): 200 GET http://10.180.1.21/compute/v2.1/servers/bd3ab6eb-d09f-48fa-bf77-679e86fd3909 0.061s
2024-12-10 18:36:44.999 65812 INFO tempest.lib.common.rest_client [req-6192f7e4-fb94-45aa-a1f2-5b12f76ea80c req-6192f7e4-fb94-45aa-a1f2-5b12f76ea80c ] Request (ServersTestBootFromVolume:setUpClass): 200 GET http://10.180.1.21/compute/v2.1/servers/f81d0096-ce67-4d01-8c1f-db803fe86de9 0.051s
2024-12-10 18:36:45.058 65784 INFO tempest.lib.common.rest_client [req-c24c6309-4676-43a0-b38c-4dd53d41918f req-c24c6309-4676-43a0-b38c-4dd53d41918f ] Request (ServerActionsTestJSON:setUpClass): 200 GET http://10.180.1.21/compute/v2.1/servers/95fc471b-7992-4fd8-97b6-67fc434e05f1 0.056s
2024-12-10 18:36:45.132 65834 INFO tempest.lib.common.rest_client [req-78fe2490-1cca-40df-8142-83691f05dbb7 req-78fe2490-1cca-40df-8142-83691f05dbb7 ] Request (ServersAdminNegativeTestJSON:tearDownClass): 200 GET http://10.180.1.21/compute/v2.1/servers/49936510-b3a0-4857-8482-23b9fea9d76d 0.070s
2024-12-10 18:36:45.139 65814 INFO tempest.lib.common.rest_client [req-91170b7f-ab12-4956-9165-2d71dec5f873 req-91170b7f-ab12-4956-9165-2d71dec5f873 ] Request (ServerShowV247Test:test_update_rebuild_list_server): 200 GET http://10.180.1.21/compute/v2.1/servers/a3b8132e-c67e-4b1b-8a70-07edb9b0e4ec 0.056s
2024-12-10 18:36:45.175 65800 INFO tempest.lib.common.rest_client [req-0b6434cd-8e42-4461-9576-8eac55a88bad req-0b6434cd-8e42-4461-9576-8eac55a88bad ] Request (FloatingIPsAssociationTestJSON:test_associate_already_associated_floating_ip): 200 GET http://10.180.1.21/compute/v2.1/servers/1b43ec55-9ec1-440c-8129-57810fd538fa 0.067s
2024-12-10 18:36:45.222 65838 INFO tempest.lib.common.rest_client [req-b8a9e56b-731a-4797-bd56-92c8b2882423 req-b8a9e56b-731a-4797-bd56-92c8b2882423 ] Request (ServersTestJSON:test_create_server_specify_multibyte_character_name): 200 GET http://10.180.1.21/compute/v2.1/servers/5beb982b-a0f9-4574-90ef-8fed1a7a935b 0.050s
2024-12-10 18:36:45.281 65790 INFO tempest.lib.common.rest_client [req-7b780972-ecfe-4929-bd3f-18a5429e1041 req-7b780972-ecfe-4929-bd3f-18a5429e1041 ] Request (ServerRescueTestJSONUnderV235:setUpClass): 200 GET http://10.180.1.21/compute/v2.1/servers/c1b58810-0afe-4dcf-a87d-86f3f844976f 0.048s
2024-12-10 18:36:45.336 65792 INFO tempest.lib.common.rest_client [req-ff48b580-9d86-40e5-b8a3-eb20f1733310 req-ff48b580-9d86-40e5-b8a3-eb20f1733310 ] Request (SecurityGroupsTestJSON:test_server_security_groups): 200 GET http://10.180.1.21/compute/v2.1/servers/94c964d6-91c1-474d-adb2-c0605a7ebe1b 0.047s
2024-12-10 18:36:45.390 65794 INFO tempest.lib.common.rest_client [req-033c73ef-a38a-4560-86f2-7a02adc988a6 req-033c73ef-a38a-4560-86f2-7a02adc988a6 ] Request (ServersTestMultiNic:test_verify_duplicate_network_nics): 200 GET http://10.180.1.21/compute/v2.1/servers/02daa7bf-ce78-4756-af53-05cb9286a802 0.046s
2024-12-10 18:36:45.459 65808 INFO tempest.lib.common.rest_client [req-fb27c1f0-6f88-496c-ad68-214a6344f5a8 req-fb27c1f0-6f88-496c-ad68-214a6344f5a8 ] Request (ServersAdmin275Test:_run_cleanups): 200 GET http://10.180.1.21/compute/v2.1/servers/a9d69a9c-b72d-43f1-9714-e0225089f9b0 0.047s
2024-12-10 18:36:45.467 65808 INFO tempest.common.waiters [-] State transition "REBUILD/rebuild_spawning" ==> "ACTIVE/None" after 10 second wait
2024-12-10 18:36:45.529 65806 INFO tempest.lib.common.rest_client [req-e4f29440-b43b-4005-8ce9-f1fd4f7d912c req-e4f29440-b43b-4005-8ce9-f1fd4f7d912c ] Request (AttachInterfacesUnderV243Test:test_add_remove_fixed_ip): 200 GET http://10.180.1.21/compute/v2.1/servers/acc4c843-d33b-43ee-986a-74480aecac2a 0.046s
2024-12-10 18:36:45.532 65808 INFO tempest.lib.common.rest_client [req-c11b8e58-d73a-44e5-a8c6-d39a17209098 req-c11b8e58-d73a-44e5-a8c6-d39a17209098 ] Request (ServersAdmin275Test:tearDownClass): 204 DELETE http://10.180.1.21/compute/v2.1/servers/a9d69a9c-b72d-43f1-9714-e0225089f9b0 0.063s
2024-12-10 18:36:45.582 65808 INFO tempest.lib.common.rest_client [req-34030444-0040-4413-8abd-83ee22bfa20d req-34030444-0040-4413-8abd-83ee22bfa20d ] Request (ServersAdmin275Test:tearDownClass): 200 GET http://10.180.1.21/compute/v2.1/servers/a9d69a9c-b72d-43f1-9714-e0225089f9b0 0.050s
2024-12-10 18:36:45.616 65836 INFO tempest.lib.common.rest_client [req-8199e447-2ed9-4ccd-9a56-028a5fb31ec5 req-8199e447-2ed9-4ccd-9a56-028a5fb31ec5 ] Request (AttachInterfacesV270Test:tearDownClass): 200 GET http://10.180.1.21/compute/v2.1/servers/b705803c-92c3-48fe-a310-82866b074b71 0.056s
2024-12-10 18:36:45.673 65824 INFO tempest.lib.common.rest_client [req-d3925128-52df-4517-a7b7-e60c825bd644 req-d3925128-52df-4517-a7b7-e60c825bd644 ] Request (DeleteServersAdminTestJSON:test_delete_server_while_in_error_state): 200 GET http://10.180.1.21/compute/v2.1/servers/faf90bec-502d-4133-9fe7-73782e8cb80b 0.062s
2024-12-10 18:36:45.674 65782 INFO tempest.lib.common.rest_client [req-45a89104-5a8d-4f7d-816e-bcd43e7b0644 req-45a89104-5a8d-4f7d-816e-bcd43e7b0644 ] Request (ServerDiskConfigTestJSON:test_rebuild_server_with_auto_disk_config): 200 GET http://10.180.1.21/compute/v2.1/servers/d86669ba-373c-4006-8608-2ebfcb45e0b0 0.053s
2024-12-10 18:36:45.700 65818 INFO tempest.lib.common.rest_client [req-96221ab8-1e7d-42a8-bf1e-4ce156542fb6 req-96221ab8-1e7d-42a8-bf1e-4ce156542fb6 ] Request (ImagesOneServerTestJSON:test_create_delete_image): 200 GET http://10.180.1.21/compute/v2.1/images/10ee7535-abe7-424f-aacf-dd61a73fbd2d 0.050s
2024-12-10 18:36:45.785 65842 INFO tempest.lib.common.rest_client [req-b318d41e-eb13-4264-a8b2-4a04cddec8d6 req-b318d41e-eb13-4264-a8b2-4a04cddec8d6 ] Request (ServerMetadataNegativeTestJSON:setUpClass): 200 GET http://10.180.1.21/compute/v2.1/servers/22b638d0-62c8-4b5e-80d1-cfe9222c8514 0.046s
2024-12-10 18:36:45.859 65802 INFO tempest.lib.common.rest_client [req-754ededf-ca0b-4879-b96d-0983a0b1d756 req-754ededf-ca0b-4879-b96d-0983a0b1d756 ] Request (ServerPasswordTestJSON:setUpClass): 200 GET http://10.180.1.21/compute/v2.1/servers/bca34046-3056-46e7-8152-33ec01343a62 0.044s
2024-12-10 18:36:45.921 65804 INFO tempest.lib.common.rest_client [req-8f265e50-f5e6-43b7-813c-4e1e1b221543 req-8f265e50-f5e6-43b7-813c-4e1e1b221543 ] Request (MigrationsAdminTest:test_resize_server_revert_deleted_flavor): 200 GET http://10.180.1.21/compute/v2.1/servers/3077f487-850e-41fe-89c8-62bd24f19ecd 0.050s
2024-12-10 18:36:45.926 65826 INFO tempest.lib.common.rest_client [req-b771165c-48e1-471d-84ef-0117c79a12b9 req-b771165c-48e1-471d-84ef-0117c79a12b9 ] Request (ImagesOneServerNegativeTestJSON:_run_cleanups): 200 GET http://10.180.1.21/compute/v2.1/servers/7c74398e-b88a-436a-8305-f63141199288 0.045s
2024-12-10 18:36:45.972 65810 INFO tempest.lib.common.rest_client [req-fabdf59c-b42f-43bf-92dd-8b039d7f4063 req-fabdf59c-b42f-43bf-92dd-8b039d7f4063 ] Request (DeleteServersTestJSON:test_delete_active_server): 200 GET http://10.180.1.21/compute/v2.1/servers/bd3ab6eb-d09f-48fa-bf77-679e86fd3909 0.044s
2024-12-10 18:36:46.055 65812 INFO tempest.lib.common.rest_client [req-504781dd-4e2e-43d2-8921-38c5b42d23c1 req-504781dd-4e2e-43d2-8921-38c5b42d23c1 ] Request (ServersTestBootFromVolume:setUpClass): 200 GET http://10.180.1.21/compute/v2.1/servers/f81d0096-ce67-4d01-8c1f-db803fe86de9 0.047s
2024-12-10 18:36:46.113 65784 INFO tempest.lib.common.rest_client [req-85ca04f4-2429-41fe-8cea-39811f2b0340 req-85ca04f4-2429-41fe-8cea-39811f2b0340 ] Request (ServerActionsTestJSON:setUpClass): 200 GET http://10.180.1.21/compute/v2.1/servers/95fc471b-7992-4fd8-97b6-67fc434e05f1 0.047s
2024-12-10 18:36:46.195 65834 INFO tempest.lib.common.rest_client [req-f2b0db32-1cbe-4db2-89ee-2084254ec3fe req-f2b0db32-1cbe-4db2-89ee-2084254ec3fe ] Request (ServersAdminNegativeTestJSON:tearDownClass): 200 GET http://10.180.1.21/compute/v2.1/servers/49936510-b3a0-4857-8482-23b9fea9d76d 0.056s
2024-12-10 18:36:46.203 65814 INFO tempest.lib.common.rest_client [req-193a6bf3-ebd3-48de-8235-b53165f616eb req-193a6bf3-ebd3-48de-8235-b53165f616eb ] Request (ServerShowV247Test:test_update_rebuild_list_server): 200 GET http://10.180.1.21/compute/v2.1/servers/a3b8132e-c67e-4b1b-8a70-07edb9b0e4ec 0.056s
2024-12-10 18:36:46.238 65800 INFO tempest.lib.common.rest_client [req-faace7a0-15a6-455f-b27b-d651a08c23bc req-faace7a0-15a6-455f-b27b-d651a08c23bc ] Request (FloatingIPsAssociationTestJSON:test_associate_already_associated_floating_ip): 200 GET http://10.180.1.21/compute/v2.1/servers/1b43ec55-9ec1-440c-8129-57810fd538fa 0.056s
2024-12-10 18:36:46.277 65838 INFO tempest.lib.common.rest_client [req-9bddd56a-9229-4e3e-9189-d1dd3bd062de req-9bddd56a-9229-4e3e-9189-d1dd3bd062de ] Request (ServersTestJSON:test_create_server_specify_multibyte_character_name): 200 GET http://10.180.1.21/compute/v2.1/servers/5beb982b-a0f9-4574-90ef-8fed1a7a935b 0.049s
2024-12-10 18:36:46.343 65790 INFO tempest.lib.common.rest_client [req-1c83a20a-431b-4151-be35-0dd858539765 req-1c83a20a-431b-4151-be35-0dd858539765 ] Request (ServerRescueTestJSONUnderV235:setUpClass): 200 GET http://10.180.1.21/compute/v2.1/servers/c1b58810-0afe-4dcf-a87d-86f3f844976f 0.053s
2024-12-10 18:36:46.394 65792 INFO tempest.lib.common.rest_client [req-fdda689d-55a1-4412-84bf-1e656a4d5a50 req-fdda689d-55a1-4412-84bf-1e656a4d5a50 ] Request (SecurityGroupsTestJSON:test_server_security_groups): 200 GET http://10.180.1.21/compute/v2.1/servers/94c964d6-91c1-474d-adb2-c0605a7ebe1b 0.051s
2024-12-10 18:36:46.450 65794 INFO tempest.lib.common.rest_client [req-d8743bde-c352-480e-91be-56f74afb2c8a req-d8743bde-c352-480e-91be-56f74afb2c8a ] Request (ServersTestMultiNic:test_verify_duplicate_network_nics): 200 GET http://10.180.1.21/compute/v2.1/servers/02daa7bf-ce78-4756-af53-05cb9286a802 0.054s
2024-12-10 18:36:46.654 65808 INFO tempest.lib.common.rest_client [req-598855e9-d0b1-46d3-b446-f235c385ba40 req-598855e9-d0b1-46d3-b446-f235c385ba40 ] Request (ServersAdmin275Test:tearDownClass): 200 GET http://10.180.1.21/compute/v2.1/servers/a9d69a9c-b72d-43f1-9714-e0225089f9b0 0.062s
2024-12-10 18:36:46.668 65788 WARNING tempest.lib.common.ssh [-] Failed to establish authenticated ssh connection to cirros@10.180.180.162 ([Errno None] Unable to connect to port 22 on 10.180.180.162). Number attempts: 4. Retry after 5 seconds.: paramiko.ssh_exception.NoValidConnectionsError: [Errno None] Unable to connect to port 22 on 10.180.180.162
2024-12-10 18:36:46.711 65836 INFO tempest.lib.common.rest_client [req-6a0682f2-e1f4-474b-96b9-5916b315ad2a req-6a0682f2-e1f4-474b-96b9-5916b315ad2a ] Request (AttachInterfacesV270Test:tearDownClass): 200 GET http://10.180.1.21/compute/v2.1/servers/b705803c-92c3-48fe-a310-82866b074b71 0.087s
2024-12-10 18:36:46.774 65824 INFO tempest.lib.common.rest_client [req-bcc7fac0-bbc7-4988-a970-d97aac930ec1 req-bcc7fac0-bbc7-4988-a970-d97aac930ec1 ] Request (DeleteServersAdminTestJSON:test_delete_server_while_in_error_state): 200 GET http://10.180.1.21/compute/v2.1/servers/faf90bec-502d-4133-9fe7-73782e8cb80b 0.094s
2024-12-10 18:36:46.788 65806 INFO tempest.lib.common.rest_client [req-09ac9e8f-96c4-4b55-bffa-9239139f6022 req-09ac9e8f-96c4-4b55-bffa-9239139f6022 ] Request (AttachInterfacesUnderV243Test:test_add_remove_fixed_ip): 200 GET http://10.180.1.21/compute/v2.1/servers/acc4c843-d33b-43ee-986a-74480aecac2a 0.252s
2024-12-10 18:36:46.795 65806 INFO tempest.common.waiters [-] State transition "BUILD/None" ==> "BUILD/networking" after 30 second wait
2024-12-10 18:36:46.820 65818 INFO tempest.lib.common.rest_client [req-9fd511db-6208-4a60-b742-1ba2f7aeca3a req-9fd511db-6208-4a60-b742-1ba2f7aeca3a ] Request (ImagesOneServerTestJSON:test_create_delete_image): 200 GET http://10.180.1.21/compute/v2.1/images/10ee7535-abe7-424f-aacf-dd61a73fbd2d 0.117s
2024-12-10 18:36:46.827 65782 INFO tempest.lib.common.rest_client [req-e76c8197-43f3-4afb-8d0b-5591622ff241 req-e76c8197-43f3-4afb-8d0b-5591622ff241 ] Request (ServerDiskConfigTestJSON:test_rebuild_server_with_auto_disk_config): 200 GET http://10.180.1.21/compute/v2.1/servers/d86669ba-373c-4006-8608-2ebfcb45e0b0 0.146s
2024-12-10 18:36:46.875 65842 INFO tempest.lib.common.rest_client [req-9ff767d7-605f-4f3b-8bbb-56b940a476c4 req-9ff767d7-605f-4f3b-8bbb-56b940a476c4 ] Request (ServerMetadataNegativeTestJSON:setUpClass): 200 GET http://10.180.1.21/compute/v2.1/servers/22b638d0-62c8-4b5e-80d1-cfe9222c8514 0.083s
2024-12-10 18:36:46.918 65802 INFO tempest.lib.common.rest_client [req-16baf1a3-1d95-4899-b42b-bc563ba2c90c req-16baf1a3-1d95-4899-b42b-bc563ba2c90c ] Request (ServerPasswordTestJSON:setUpClass): 200 GET http://10.180.1.21/compute/v2.1/servers/bca34046-3056-46e7-8152-33ec01343a62 0.054s
2024-12-10 18:36:46.984 65804 INFO tempest.lib.common.rest_client [req-7c85b58c-20e7-4698-9a46-d51e9c4787ad req-7c85b58c-20e7-4698-9a46-d51e9c4787ad ] Request (MigrationsAdminTest:test_resize_server_revert_deleted_flavor): 200 GET http://10.180.1.21/compute/v2.1/servers/3077f487-850e-41fe-89c8-62bd24f19ecd 0.057s
2024-12-10 18:36:46.990 65826 INFO tempest.lib.common.rest_client [req-c2d1c719-e979-4feb-bffb-40963560f98c req-c2d1c719-e979-4feb-bffb-40963560f98c ] Request (ImagesOneServerNegativeTestJSON:_run_cleanups): 200 GET http://10.180.1.21/compute/v2.1/servers/7c74398e-b88a-436a-8305-f63141199288 0.057s
2024-12-10 18:36:47.031 65810 INFO tempest.lib.common.rest_client [req-ae909aa3-24ec-4852-95fd-8948c2147282 req-ae909aa3-24ec-4852-95fd-8948c2147282 ] Request (DeleteServersTestJSON:test_delete_active_server): 200 GET http://10.180.1.21/compute/v2.1/servers/bd3ab6eb-d09f-48fa-bf77-679e86fd3909 0.052s
2024-12-10 18:36:47.117 65812 INFO tempest.lib.common.rest_client [req-be62a46b-8e6d-4c78-bd79-fec9590c6dac req-be62a46b-8e6d-4c78-bd79-fec9590c6dac ] Request (ServersTestBootFromVolume:setUpClass): 200 GET http://10.180.1.21/compute/v2.1/servers/f81d0096-ce67-4d01-8c1f-db803fe86de9 0.055s
2024-12-10 18:36:47.173 65784 INFO tempest.lib.common.rest_client [req-3d40666c-ffa4-41e8-8d6a-a0fe1c75b9db req-3d40666c-ffa4-41e8-8d6a-a0fe1c75b9db ] Request (ServerActionsTestJSON:setUpClass): 200 GET http://10.180.1.21/compute/v2.1/servers/95fc471b-7992-4fd8-97b6-67fc434e05f1 0.053s
2024-12-10 18:36:47.276 65834 INFO tempest.lib.common.rest_client [req-fdcdf946-ad96-41c9-88b5-2c1796887b5c req-fdcdf946-ad96-41c9-88b5-2c1796887b5c ] Request (ServersAdminNegativeTestJSON:tearDownClass): 200 GET http://10.180.1.21/compute/v2.1/servers/49936510-b3a0-4857-8482-23b9fea9d76d 0.074s
2024-12-10 18:36:47.278 65814 INFO tempest.lib.common.rest_client [req-03db49eb-1e0e-4895-afb8-88e5f2a7b7d3 req-03db49eb-1e0e-4895-afb8-88e5f2a7b7d3 ] Request (ServerShowV247Test:test_update_rebuild_list_server): 200 GET http://10.180.1.21/compute/v2.1/servers/a3b8132e-c67e-4b1b-8a70-07edb9b0e4ec 0.067s
2024-12-10 18:36:47.323 65800 INFO tempest.lib.common.rest_client [req-20bd8f2f-80e4-401a-9789-91224316b491 req-20bd8f2f-80e4-401a-9789-91224316b491 ] Request (FloatingIPsAssociationTestJSON:test_associate_already_associated_floating_ip): 200 GET http://10.180.1.21/compute/v2.1/servers/1b43ec55-9ec1-440c-8129-57810fd538fa 0.077s
2024-12-10 18:36:47.335 65838 INFO tempest.lib.common.rest_client [req-60a4aaff-c1f2-4806-a5b1-0b3484a67faf req-60a4aaff-c1f2-4806-a5b1-0b3484a67faf ] Request (ServersTestJSON:test_create_server_specify_multibyte_character_name): 200 GET http://10.180.1.21/compute/v2.1/servers/5beb982b-a0f9-4574-90ef-8fed1a7a935b 0.051s
2024-12-10 18:36:47.398 65790 INFO tempest.lib.common.rest_client [req-4e01e8fb-baf4-4f59-9974-b52767d6b0bd req-4e01e8fb-baf4-4f59-9974-b52767d6b0bd ] Request (ServerRescueTestJSONUnderV235:setUpClass): 200 GET http://10.180.1.21/compute/v2.1/servers/c1b58810-0afe-4dcf-a87d-86f3f844976f 0.047s
2024-12-10 18:36:47.446 65792 INFO tempest.lib.common.rest_client [req-f66e1bdd-4b3a-4390-8ce3-cf38f42f4acb req-f66e1bdd-4b3a-4390-8ce3-cf38f42f4acb ] Request (SecurityGroupsTestJSON:test_server_security_groups): 200 GET http://10.180.1.21/compute/v2.1/servers/94c964d6-91c1-474d-adb2-c0605a7ebe1b 0.045s
2024-12-10 18:36:47.505 65794 INFO tempest.lib.common.rest_client [req-ea446d66-71af-47d6-9d67-b781e2be8ba3 req-ea446d66-71af-47d6-9d67-b781e2be8ba3 ] Request (ServersTestMultiNic:test_verify_duplicate_network_nics): 200 GET http://10.180.1.21/compute/v2.1/servers/02daa7bf-ce78-4756-af53-05cb9286a802 0.048s
2024-12-10 18:36:47.716 65808 INFO tempest.lib.common.rest_client [req-8dbed3b7-99cd-4813-91a6-cb2e3318175f req-8dbed3b7-99cd-4813-91a6-cb2e3318175f ] Request (ServersAdmin275Test:tearDownClass): 200 GET http://10.180.1.21/compute/v2.1/servers/a9d69a9c-b72d-43f1-9714-e0225089f9b0 0.052s
2024-12-10 18:36:47.778 65836 INFO tempest.lib.common.rest_client [req-85c5d907-da2b-4e46-999a-b364174ae76c req-85c5d907-da2b-4e46-999a-b364174ae76c ] Request (AttachInterfacesV270Test:tearDownClass): 200 GET http://10.180.1.21/compute/v2.1/servers/b705803c-92c3-48fe-a310-82866b074b71 0.058s
2024-12-10 18:36:47.843 65824 INFO tempest.lib.common.rest_client [req-f910617c-73df-425b-adef-5d6a62fa403d req-f910617c-73df-425b-adef-5d6a62fa403d ] Request (DeleteServersAdminTestJSON:test_delete_server_while_in_error_state): 200 GET http://10.180.1.21/compute/v2.1/servers/faf90bec-502d-4133-9fe7-73782e8cb80b 0.061s
2024-12-10 18:36:47.873 65818 INFO tempest.lib.common.rest_client [req-76d17e01-b9a3-485a-9e0d-f78d5f9c8474 req-76d17e01-b9a3-485a-9e0d-f78d5f9c8474 ] Request (ImagesOneServerTestJSON:test_create_delete_image): 200 GET http://10.180.1.21/compute/v2.1/images/10ee7535-abe7-424f-aacf-dd61a73fbd2d 0.049s
2024-12-10 18:36:47.881 65786 WARNING tempest.lib.common.ssh [-] Failed to establish authenticated ssh connection to cirros@10.180.180.215 ([Errno None] Unable to connect to port 22 on 10.180.180.215). Number attempts: 9. Retry after 10 seconds.: paramiko.ssh_exception.NoValidConnectionsError: [Errno None] Unable to connect to port 22 on 10.180.180.215
2024-12-10 18:36:47.893 65806 INFO tempest.lib.common.rest_client [req-58df3ad5-2c94-4c39-93be-55cad2fbc7e5 req-58df3ad5-2c94-4c39-93be-55cad2fbc7e5 ] Request (AttachInterfacesUnderV243Test:test_add_remove_fixed_ip): 200 GET http://10.180.1.21/compute/v2.1/servers/acc4c843-d33b-43ee-986a-74480aecac2a 0.096s
2024-12-10 18:36:47.899 65806 INFO tempest.common.waiters [-] State transition "BUILD/networking" ==> "BUILD/spawning" after 31 second wait
2024-12-10 18:36:47.918 65782 INFO tempest.lib.common.rest_client [req-3ce4d58a-b376-4367-b178-ec3ba5d0f2ec req-3ce4d58a-b376-4367-b178-ec3ba5d0f2ec ] Request (ServerDiskConfigTestJSON:test_rebuild_server_with_auto_disk_config): 200 GET http://10.180.1.21/compute/v2.1/servers/d86669ba-373c-4006-8608-2ebfcb45e0b0 0.078s
2024-12-10 18:36:47.938 65842 INFO tempest.lib.common.rest_client [req-1099f3d8-d39f-4907-b3c6-8c0d99be314c req-1099f3d8-d39f-4907-b3c6-8c0d99be314c ] Request (ServerMetadataNegativeTestJSON:setUpClass): 200 GET http://10.180.1.21/compute/v2.1/servers/22b638d0-62c8-4b5e-80d1-cfe9222c8514 0.056s
2024-12-10 18:36:47.973 65802 INFO tempest.lib.common.rest_client [req-3cf59479-2b81-4898-b05b-18cd9d1b820a req-3cf59479-2b81-4898-b05b-18cd9d1b820a ] Request (ServerPasswordTestJSON:setUpClass): 200 GET http://10.180.1.21/compute/v2.1/servers/bca34046-3056-46e7-8152-33ec01343a62 0.048s
2024-12-10 18:36:48.048 65804 INFO tempest.lib.common.rest_client [req-01a5e57c-2f0c-444b-9288-d73fa5075816 req-01a5e57c-2f0c-444b-9288-d73fa5075816 ] Request (MigrationsAdminTest:test_resize_server_revert_deleted_flavor): 200 GET http://10.180.1.21/compute/v2.1/servers/3077f487-850e-41fe-89c8-62bd24f19ecd 0.057s
2024-12-10 18:36:48.055 65826 INFO tempest.lib.common.rest_client [req-c911361f-b3c4-41f8-8467-77a9c28ed17f req-c911361f-b3c4-41f8-8467-77a9c28ed17f ] Request (ImagesOneServerNegativeTestJSON:_run_cleanups): 200 GET http://10.180.1.21/compute/v2.1/servers/7c74398e-b88a-436a-8305-f63141199288 0.057s
2024-12-10 18:36:48.094 65810 INFO tempest.lib.common.rest_client [req-5120c79f-323c-4e22-ab80-cb7e730dcb3a req-5120c79f-323c-4e22-ab80-cb7e730dcb3a ] Request (DeleteServersTestJSON:test_delete_active_server): 200 GET http://10.180.1.21/compute/v2.1/servers/bd3ab6eb-d09f-48fa-bf77-679e86fd3909 0.054s
2024-12-10 18:36:48.174 65812 INFO tempest.lib.common.rest_client [req-0c8b9d54-6ce7-463c-beb7-e45821d56bda req-0c8b9d54-6ce7-463c-beb7-e45821d56bda ] Request (ServersTestBootFromVolume:setUpClass): 200 GET http://10.180.1.21/compute/v2.1/servers/f81d0096-ce67-4d01-8c1f-db803fe86de9 0.051s
2024-12-10 18:36:48.227 65784 INFO tempest.lib.common.rest_client [req-275068ee-9065-41d0-87be-5cd333335e01 req-275068ee-9065-41d0-87be-5cd333335e01 ] Request (ServerActionsTestJSON:setUpClass): 200 GET http://10.180.1.21/compute/v2.1/servers/95fc471b-7992-4fd8-97b6-67fc434e05f1 0.047s
2024-12-10 18:36:48.351 65814 INFO tempest.lib.common.rest_client [req-f5e6eb15-4fff-46b2-b608-e42c1db4d415 req-f5e6eb15-4fff-46b2-b608-e42c1db4d415 ] Request (ServerShowV247Test:test_update_rebuild_list_server): 200 GET http://10.180.1.21/compute/v2.1/servers/a3b8132e-c67e-4b1b-8a70-07edb9b0e4ec 0.063s
2024-12-10 18:36:48.357 65834 INFO tempest.lib.common.rest_client [req-f5180bd2-453d-4140-984f-74eeb75d702b req-f5180bd2-453d-4140-984f-74eeb75d702b ] Request (ServersAdminNegativeTestJSON:tearDownClass): 200 GET http://10.180.1.21/compute/v2.1/servers/49936510-b3a0-4857-8482-23b9fea9d76d 0.074s
2024-12-10 18:36:48.395 65800 INFO tempest.lib.common.rest_client [req-e7dde792-5734-40c3-bd74-cfb38b5e0705 req-e7dde792-5734-40c3-bd74-cfb38b5e0705 ] Request (FloatingIPsAssociationTestJSON:test_associate_already_associated_floating_ip): 200 GET http://10.180.1.21/compute/v2.1/servers/1b43ec55-9ec1-440c-8129-57810fd538fa 0.064s
2024-12-10 18:36:48.405 65838 INFO tempest.lib.common.rest_client [req-db0ad0a2-2503-4a53-a798-ab3cbf1c81ec req-db0ad0a2-2503-4a53-a798-ab3cbf1c81ec ] Request (ServersTestJSON:test_create_server_specify_multibyte_character_name): 200 GET http://10.180.1.21/compute/v2.1/servers/5beb982b-a0f9-4574-90ef-8fed1a7a935b 0.062s
2024-12-10 18:36:48.453 65790 INFO tempest.lib.common.rest_client [req-d0a49251-1f13-497e-a9db-25c1e9c50e98 req-d0a49251-1f13-497e-a9db-25c1e9c50e98 ] Request (ServerRescueTestJSONUnderV235:setUpClass): 200 GET http://10.180.1.21/compute/v2.1/servers/c1b58810-0afe-4dcf-a87d-86f3f844976f 0.048s
2024-12-10 18:36:48.498 65792 INFO tempest.lib.common.rest_client [req-236ae36d-6da4-4d30-ba67-d030ffbcfcab req-236ae36d-6da4-4d30-ba67-d030ffbcfcab ] Request (SecurityGroupsTestJSON:test_server_security_groups): 200 GET http://10.180.1.21/compute/v2.1/servers/94c964d6-91c1-474d-adb2-c0605a7ebe1b 0.045s
2024-12-10 18:36:48.556 65794 INFO tempest.lib.common.rest_client [req-f6b29617-84ff-4a9d-a1df-684e637645e7 req-f6b29617-84ff-4a9d-a1df-684e637645e7 ] Request (ServersTestMultiNic:test_verify_duplicate_network_nics): 200 GET http://10.180.1.21/compute/v2.1/servers/02daa7bf-ce78-4756-af53-05cb9286a802 0.043s
2024-12-10 18:36:48.775 65808 INFO tempest.lib.common.rest_client [req-cb526583-5881-49d6-b1e5-7c1d54babc14 req-cb526583-5881-49d6-b1e5-7c1d54babc14 ] Request (ServersAdmin275Test:tearDownClass): 200 GET http://10.180.1.21/compute/v2.1/servers/a9d69a9c-b72d-43f1-9714-e0225089f9b0 0.050s
2024-12-10 18:36:48.849 65836 INFO tempest.lib.common.rest_client [req-f06cc4c8-b8ce-4f39-8759-c19b48973a57 req-f06cc4c8-b8ce-4f39-8759-c19b48973a57 ] Request (AttachInterfacesV270Test:tearDownClass): 200 GET http://10.180.1.21/compute/v2.1/servers/b705803c-92c3-48fe-a310-82866b074b71 0.062s
2024-12-10 18:36:48.905 65824 INFO tempest.lib.common.rest_client [req-575e06cd-f7b0-4998-89e6-62bb016fe1a2 req-575e06cd-f7b0-4998-89e6-62bb016fe1a2 ] Request (DeleteServersAdminTestJSON:test_delete_server_while_in_error_state): 200 GET http://10.180.1.21/compute/v2.1/servers/faf90bec-502d-4133-9fe7-73782e8cb80b 0.055s
2024-12-10 18:36:48.907 65818 INFO tempest.lib.common.rest_client [req-fe1b649d-7466-4a00-87b9-493592a8cc93 req-fe1b649d-7466-4a00-87b9-493592a8cc93 ] Request (ImagesOneServerTestJSON:test_create_delete_image): 200 GET http://10.180.1.21/compute/v2.1/images/10ee7535-abe7-424f-aacf-dd61a73fbd2d 0.031s
2024-12-10 18:36:48.992 65782 INFO tempest.lib.common.rest_client [req-622d844f-02ca-4084-b567-74c449bc7ee2 req-622d844f-02ca-4084-b567-74c449bc7ee2 ] Request (ServerDiskConfigTestJSON:test_rebuild_server_with_auto_disk_config): 200 GET http://10.180.1.21/compute/v2.1/servers/d86669ba-373c-4006-8608-2ebfcb45e0b0 0.067s
2024-12-10 18:36:49.046 65842 INFO tempest.lib.common.rest_client [req-02474a7b-a7d4-466d-a5f1-644065fda05a req-02474a7b-a7d4-466d-a5f1-644065fda05a ] Request (ServerMetadataNegativeTestJSON:setUpClass): 200 GET http://10.180.1.21/compute/v2.1/servers/22b638d0-62c8-4b5e-80d1-cfe9222c8514 0.101s
2024-12-10 18:36:49.052 65806 INFO tempest.lib.common.rest_client [req-ec6fc8a6-4dc0-4c0c-ad1e-980e627c387e req-ec6fc8a6-4dc0-4c0c-ad1e-980e627c387e ] Request (AttachInterfacesUnderV243Test:test_add_remove_fixed_ip): 200 GET http://10.180.1.21/compute/v2.1/servers/acc4c843-d33b-43ee-986a-74480aecac2a 0.151s
2024-12-10 18:36:49.052 65842 INFO tempest.common.waiters [-] State transition "BUILD/None" ==> "BUILD/networking" after 33 second wait
2024-12-10 18:36:49.107 65802 INFO tempest.lib.common.rest_client [req-b2597056-70fb-4da9-97bc-47ac9c2a1eaa req-b2597056-70fb-4da9-97bc-47ac9c2a1eaa ] Request (ServerPasswordTestJSON:setUpClass): 200 GET http://10.180.1.21/compute/v2.1/servers/bca34046-3056-46e7-8152-33ec01343a62 0.128s
2024-12-10 18:36:49.112 65804 INFO tempest.lib.common.rest_client [req-eaaec8f1-e956-4297-9444-148f7c69daaa req-eaaec8f1-e956-4297-9444-148f7c69daaa ] Request (MigrationsAdminTest:test_resize_server_revert_deleted_flavor): 200 GET http://10.180.1.21/compute/v2.1/servers/3077f487-850e-41fe-89c8-62bd24f19ecd 0.057s
2024-12-10 18:36:49.167 65826 INFO tempest.lib.common.rest_client [req-9350ed3d-0b00-4cbc-8fad-49f76a5604c6 req-9350ed3d-0b00-4cbc-8fad-49f76a5604c6 ] Request (ImagesOneServerNegativeTestJSON:_run_cleanups): 200 GET http://10.180.1.21/compute/v2.1/servers/7c74398e-b88a-436a-8305-f63141199288 0.104s
2024-12-10 18:36:49.170 65810 INFO tempest.lib.common.rest_client [req-4682fbf6-4515-4e8e-a962-ebb778dc698b req-4682fbf6-4515-4e8e-a962-ebb778dc698b ] Request (DeleteServersTestJSON:test_delete_active_server): 200 GET http://10.180.1.21/compute/v2.1/servers/bd3ab6eb-d09f-48fa-bf77-679e86fd3909 0.069s
2024-12-10 18:36:49.236 65812 INFO tempest.lib.common.rest_client [req-924fc480-47db-44f4-a255-e7e5aae59b2d req-924fc480-47db-44f4-a255-e7e5aae59b2d ] Request (ServersTestBootFromVolume:setUpClass): 200 GET http://10.180.1.21/compute/v2.1/servers/f81d0096-ce67-4d01-8c1f-db803fe86de9 0.055s
2024-12-10 18:36:49.280 65784 INFO tempest.lib.common.rest_client [req-98b2554c-77e5-48da-ae38-42e142507d70 req-98b2554c-77e5-48da-ae38-42e142507d70 ] Request (ServerActionsTestJSON:setUpClass): 200 GET http://10.180.1.21/compute/v2.1/servers/95fc471b-7992-4fd8-97b6-67fc434e05f1 0.046s
2024-12-10 18:36:49.430 65814 INFO tempest.lib.common.rest_client [req-2d7e24d0-c124-49c9-8fd6-cd67acad1108 req-2d7e24d0-c124-49c9-8fd6-cd67acad1108 ] Request (ServerShowV247Test:test_update_rebuild_list_server): 200 GET http://10.180.1.21/compute/v2.1/servers/a3b8132e-c67e-4b1b-8a70-07edb9b0e4ec 0.071s
2024-12-10 18:36:49.546 65796 WARNING tempest.lib.common.ssh [-] Failed to establish authenticated ssh connection to cirros@10.180.180.208 ([Errno None] Unable to connect to port 22 on 10.180.180.208). Number attempts: 8. Retry after 9 seconds.: paramiko.ssh_exception.NoValidConnectionsError: [Errno None] Unable to connect to port 22 on 10.180.180.208
2024-12-10 18:36:49.639 65834 INFO tempest.lib.common.rest_client [req-ef1adf39-faa2-4d36-b9a3-8de4b36f9aee req-ef1adf39-faa2-4d36-b9a3-8de4b36f9aee ] Request (ServersAdminNegativeTestJSON:tearDownClass): 200 GET http://10.180.1.21/compute/v2.1/servers/49936510-b3a0-4857-8482-23b9fea9d76d 0.275s
2024-12-10 18:36:49.657 65800 INFO tempest.lib.common.rest_client [req-b97651fc-bf1a-46d0-8daa-7253de8b850f req-b97651fc-bf1a-46d0-8daa-7253de8b850f ] Request (FloatingIPsAssociationTestJSON:test_associate_already_associated_floating_ip): 200 GET http://10.180.1.21/compute/v2.1/servers/1b43ec55-9ec1-440c-8129-57810fd538fa 0.253s
2024-12-10 18:36:49.698 65838 INFO tempest.lib.common.rest_client [req-e6e70dae-f688-4d81-94d4-d5e2aa8f0e3d req-e6e70dae-f688-4d81-94d4-d5e2aa8f0e3d ] Request (ServersTestJSON:test_create_server_specify_multibyte_character_name): 200 GET http://10.180.1.21/compute/v2.1/servers/5beb982b-a0f9-4574-90ef-8fed1a7a935b 0.286s
2024-12-10 18:36:49.718 65790 INFO tempest.lib.common.rest_client [req-ca043ccf-85f6-47fe-916c-0dd3e5a309ee req-ca043ccf-85f6-47fe-916c-0dd3e5a309ee ] Request (ServerRescueTestJSONUnderV235:setUpClass): 200 GET http://10.180.1.21/compute/v2.1/servers/c1b58810-0afe-4dcf-a87d-86f3f844976f 0.257s
2024-12-10 18:36:49.748 65792 INFO tempest.lib.common.rest_client [req-87f9c246-0a64-4bfe-98ac-35f335e42f69 req-87f9c246-0a64-4bfe-98ac-35f335e42f69 ] Request (SecurityGroupsTestJSON:test_server_security_groups): 200 GET http://10.180.1.21/compute/v2.1/servers/94c964d6-91c1-474d-adb2-c0605a7ebe1b 0.243s
2024-12-10 18:36:49.772 65794 INFO tempest.lib.common.rest_client [req-88f5ca6d-3deb-4c6d-9973-70e0a0e6b659 req-88f5ca6d-3deb-4c6d-9973-70e0a0e6b659 ] Request (ServersTestMultiNic:test_verify_duplicate_network_nics): 200 GET http://10.180.1.21/compute/v2.1/servers/02daa7bf-ce78-4756-af53-05cb9286a802 0.209s
2024-12-10 18:36:49.847 65808 INFO tempest.lib.common.rest_client [req-4bd20f98-4a66-44de-ae0e-9191a8a33cc9 req-4bd20f98-4a66-44de-ae0e-9191a8a33cc9 ] Request (ServersAdmin275Test:tearDownClass): 200 GET http://10.180.1.21/compute/v2.1/servers/a9d69a9c-b72d-43f1-9714-e0225089f9b0 0.063s
2024-12-10 18:36:49.855 65808 INFO tempest.common.waiters [-] State transition "ACTIVE/deleting" ==> "DELETED/None" after 4 second wait
2024-12-10 18:36:49.913 65836 INFO tempest.lib.common.rest_client [req-2b142ffb-5e9f-46f5-a731-05d6f0dc8b8c req-2b142ffb-5e9f-46f5-a731-05d6f0dc8b8c ] Request (AttachInterfacesV270Test:tearDownClass): 200 GET http://10.180.1.21/compute/v2.1/servers/b705803c-92c3-48fe-a310-82866b074b71 0.054s
2024-12-10 18:36:49.944 65818 INFO tempest.lib.common.rest_client [req-eb6855e8-371b-4ecf-88f5-841e0c7e9a19 req-eb6855e8-371b-4ecf-88f5-841e0c7e9a19 ] Request (ImagesOneServerTestJSON:test_create_delete_image): 200 GET http://10.180.1.21/compute/v2.1/images/10ee7535-abe7-424f-aacf-dd61a73fbd2d 0.033s
2024-12-10 18:36:49.964 65824 INFO tempest.lib.common.rest_client [req-40999a0e-9a3e-42f3-8f32-09a51f789103 req-40999a0e-9a3e-42f3-8f32-09a51f789103 ] Request (DeleteServersAdminTestJSON:test_delete_server_while_in_error_state): 200 GET http://10.180.1.21/compute/v2.1/servers/faf90bec-502d-4133-9fe7-73782e8cb80b 0.053s
2024-12-10 18:36:50.051 65782 INFO tempest.lib.common.rest_client [req-4e0fc056-52cf-4ceb-a71d-ee29c97d7c9d req-4e0fc056-52cf-4ceb-a71d-ee29c97d7c9d ] Request (ServerDiskConfigTestJSON:test_rebuild_server_with_auto_disk_config): 200 GET http://10.180.1.21/compute/v2.1/servers/d86669ba-373c-4006-8608-2ebfcb45e0b0 0.052s
2024-12-10 18:36:50.198 65806 INFO tempest.lib.common.rest_client [req-5babb321-9277-400e-8a28-573e82ad6402 req-5babb321-9277-400e-8a28-573e82ad6402 ] Request (AttachInterfacesUnderV243Test:test_add_remove_fixed_ip): 200 GET http://10.180.1.21/compute/v2.1/servers/acc4c843-d33b-43ee-986a-74480aecac2a 0.139s
2024-12-10 18:36:50.249 65802 INFO tempest.lib.common.rest_client [req-3d20e4e6-90d7-49f7-bdb8-f499a00e979f req-3d20e4e6-90d7-49f7-bdb8-f499a00e979f ] Request (ServerPasswordTestJSON:setUpClass): 200 GET http://10.180.1.21/compute/v2.1/servers/bca34046-3056-46e7-8152-33ec01343a62 0.135s
2024-12-10 18:36:50.250 65842 INFO tempest.lib.common.rest_client [req-4ae3f297-e8d8-4d28-a11d-23f4509e6fba req-4ae3f297-e8d8-4d28-a11d-23f4509e6fba ] Request (ServerMetadataNegativeTestJSON:setUpClass): 200 GET http://10.180.1.21/compute/v2.1/servers/22b638d0-62c8-4b5e-80d1-cfe9222c8514 0.197s
2024-12-10 18:36:50.260 65842 INFO tempest.common.waiters [-] State transition "BUILD/networking" ==> "BUILD/spawning" after 34 second wait
2024-12-10 18:36:50.305 65804 INFO tempest.lib.common.rest_client [req-7e7d26a1-a68a-4207-b770-8bd831ad8b51 req-7e7d26a1-a68a-4207-b770-8bd831ad8b51 ] Request (MigrationsAdminTest:test_resize_server_revert_deleted_flavor): 200 GET http://10.180.1.21/compute/v2.1/servers/3077f487-850e-41fe-89c8-62bd24f19ecd 0.185s
2024-12-10 18:36:50.327 65826 INFO tempest.lib.common.rest_client [req-89c0de6d-c0f0-4ed6-b32e-8b1a50fb5370 req-89c0de6d-c0f0-4ed6-b32e-8b1a50fb5370 ] Request (ImagesOneServerNegativeTestJSON:_run_cleanups): 200 GET http://10.180.1.21/compute/v2.1/servers/7c74398e-b88a-436a-8305-f63141199288 0.154s
2024-12-10 18:36:50.379 65810 INFO tempest.lib.common.rest_client [req-6f5b54a3-9306-431a-8957-539e547f2515 req-6f5b54a3-9306-431a-8957-539e547f2515 ] Request (DeleteServersTestJSON:test_delete_active_server): 200 GET http://10.180.1.21/compute/v2.1/servers/bd3ab6eb-d09f-48fa-bf77-679e86fd3909 0.200s
2024-12-10 18:36:50.385 65812 INFO tempest.lib.common.rest_client [req-b9d57381-d1f3-44f0-a8e4-fa5f19d0b232 req-b9d57381-d1f3-44f0-a8e4-fa5f19d0b232 ] Request (ServersTestBootFromVolume:setUpClass): 200 GET http://10.180.1.21/compute/v2.1/servers/f81d0096-ce67-4d01-8c1f-db803fe86de9 0.140s
2024-12-10 18:36:50.426 65784 INFO tempest.lib.common.rest_client [req-1ae5c6d2-03af-4abb-bfe0-7d41800f7581 req-1ae5c6d2-03af-4abb-bfe0-7d41800f7581 ] Request (ServerActionsTestJSON:setUpClass): 200 GET http://10.180.1.21/compute/v2.1/servers/95fc471b-7992-4fd8-97b6-67fc434e05f1 0.139s
2024-12-10 18:36:50.500 65814 INFO tempest.lib.common.rest_client [req-dfae4a42-9e9e-4c52-99c7-70fb60551b51 req-dfae4a42-9e9e-4c52-99c7-70fb60551b51 ] Request (ServerShowV247Test:test_update_rebuild_list_server): 200 GET http://10.180.1.21/compute/v2.1/servers/a3b8132e-c67e-4b1b-8a70-07edb9b0e4ec 0.055s
2024-12-10 18:36:50.705 65834 INFO tempest.lib.common.rest_client [req-791d68e1-6ff9-4011-97fe-99335bb80f44 req-791d68e1-6ff9-4011-97fe-99335bb80f44 ] Request (ServersAdminNegativeTestJSON:tearDownClass): 200 GET http://10.180.1.21/compute/v2.1/servers/49936510-b3a0-4857-8482-23b9fea9d76d 0.059s
