2024-12-10 18:35:03.033 65810 INFO tempest.lib.common.rest_client [req-f1d85688-2801-44d0-98e8-f9ccae15a0b0 req-f1d85688-2801-44d0-98e8-f9ccae15a0b0 ] Request (HostsAdminNegativeTestJSON:test_show_host_detail_with_nonexistent_hostname): 404 GET http://10.180.1.21/compute/v2.1/os-hosts/nonexistent_hostname 0.412s
2024-12-10 18:35:03.039 65832 INFO tempest.lib.common.rest_client [req-abd6d652-22e9-4bfd-b7ef-82ddfdd55662 req-abd6d652-22e9-4bfd-b7ef-82ddfdd55662 ] Request (ListImagesTestJSON:tearDownClass): 200 GET http://10.180.1.21:9696/networking/v2.0/security-groups?tenant_id=1b2b28f23b794313b14be663f3b574c4&name=default 0.470s
2024-12-10 18:35:03.055 65812 INFO tempest.lib.common.rest_client [req-ee0436ef-7436-4dac-b2aa-b5f3a1421269 req-ee0436ef-7436-4dac-b2aa-b5f3a1421269 ] Request (FlavorsV255TestJSON:_run_cleanups): 200 GET http://10.180.1.21/compute/v2.1/flavors/detail 0.424s
2024-12-10 18:35:03.059 65814 INFO tempest.lib.common.rest_client [req-cd482cd4-59cc-40f7-8ed4-341e3b0872ad req-cd482cd4-59cc-40f7-8ed4-341e3b0872ad ] Request (FlavorsAdminTestJSON:_run_cleanups): 200 GET http://10.180.1.21/compute/v2.1/flavors/detail 0.412s
2024-12-10 18:35:03.065 65798 INFO tempest.lib.common.rest_client [req-b4eed1aa-4510-444a-84ca-6199379053d4 req-b4eed1aa-4510-444a-84ca-6199379053d4 ] Request (KeyPairsV210TestJSON:test_admin_manage_keypairs_for_other_users): 200 GET http://10.180.1.21/compute/v2.1/os-keypairs/tempest-keypair-777400291?user_id=7fb1d10a773c4ed4852289f487528776 0.391s
2024-12-10 18:35:03.079 65844 INFO tempest.lib.common.rest_client [req-634dffd2-8c91-4488-8f77-40c3ef16d55d req-634dffd2-8c91-4488-8f77-40c3ef16d55d ] Request (ServersWithSpecificFlavorTestJSON:test_verify_created_server_ephemeral_disk): 200 POST http://10.180.1.21/compute/v2.1/flavors 0.319s
2024-12-10 18:35:03.108 65840 INFO tempest.lib.common.rest_client [req-90a928ef-1f6e-4fda-a58b-ff4de48620c9 req-90a928ef-1f6e-4fda-a58b-ff4de48620c9 ] Request (HypervisorAdminNegativeUnderV252Test:tearDownClass): 204 DELETE http://10.180.1.21/identity/v3/users/3858630276514cbda524aa5366615066 0.083s
2024-12-10 18:35:03.209 65840 INFO tempest.lib.common.rest_client [req-f72f8995-e5e5-43a6-a5c9-d46f78fb2fda req-f72f8995-e5e5-43a6-a5c9-d46f78fb2fda ] Request (HypervisorAdminNegativeUnderV252Test:tearDownClass): 204 DELETE http://10.180.1.21/identity/v3/users/7ce33200cc304b229083af8aa41b36f9 0.100s
2024-12-10 18:35:03.209 65840 INFO tempest.lib.common.dynamic_creds [-] Deleting project and security group for project: 48487a3b659c499f82dd441eb0f31f18
2024-12-10 18:35:03.245 65794 INFO tempest.lib.common.rest_client [req-a458cbea-1a91-4089-8104-bd6f9227f6b5 req-a458cbea-1a91-4089-8104-bd6f9227f6b5 ] Request (QuotasAdminNegativeTest:test_create_server_when_instances_quota_is_full): 200 PUT http://10.180.1.21/compute/v2.1/os-quota-sets/2e53c7c2ab3c4458af425ca8f163e263 0.511s
2024-12-10 18:35:03.271 65818 INFO tempest.lib.common.rest_client [req-242f9da0-2391-4af9-a4c9-0e8a1436608b req-242f9da0-2391-4af9-a4c9-0e8a1436608b ] Request (AggregatesAdminNegativeTestJSON:_run_cleanups): 200 DELETE http://10.180.1.21/compute/v2.1/os-aggregates/1 0.390s
2024-12-10 18:35:03.279 65840 INFO tempest.lib.common.rest_client [req-4ecb84eb-2803-4f94-9a4c-10b532c40993 req-4ecb84eb-2803-4f94-9a4c-10b532c40993 ] Request (HypervisorAdminNegativeUnderV252Test:tearDownClass): 201 POST http://10.180.1.21/identity/v3/auth/tokens 0.070s
2024-12-10 18:35:03.288 65802 INFO tempest.lib.common.rest_client [req-3c9eed6a-e5c0-4bc2-9603-a69a37f19537 req-3c9eed6a-e5c0-4bc2-9603-a69a37f19537 ] Request (QuotaClassesAdmin257Test:test_update_default_quotas): 200 GET http://10.180.1.21/compute/v2.1/os-quota-class-sets/default 0.342s
2024-12-10 18:35:03.293 65792 INFO tempest.lib.common.rest_client [req-91b89ea1-5228-4048-8038-6c8384921ac0 req-91b89ea1-5228-4048-8038-6c8384921ac0 ] Request (KeyPairsNegativeTestJSON:test_create_keypair_with_empty_name_string): 400 POST http://10.180.1.21/compute/v2.1/os-keypairs 0.328s
2024-12-10 18:35:03.305 65812 INFO tempest.lib.common.rest_client [req-1a786ee8-8291-4894-a675-285be74b2b0e req-1a786ee8-8291-4894-a675-285be74b2b0e ] Request (FlavorsV255TestJSON:tearDownClass): 204 DELETE http://10.180.1.21/identity/v3/users/57da84270fad4d2285468a83e86147cf 0.195s
2024-12-10 18:35:03.319 65782 INFO tempest.lib.common.rest_client [req-2badf832-b181-4474-b454-b5692dd21e80 req-2badf832-b181-4474-b454-b5692dd21e80 ] Request (FlavorsAccessNegativeTestJSON:_run_cleanups): 200 GET http://10.180.1.21/compute/v2.1/flavors/detail 0.347s
2024-12-10 18:35:03.329 65788 INFO tempest.lib.common.rest_client [req-fb1d9d53-9ec4-40cb-bb1a-66cf3661621d req-fb1d9d53-9ec4-40cb-bb1a-66cf3661621d ] Request (QuotaClassesAdminTestJSON:tearDownClass): 204 DELETE http://10.180.1.21:9696/networking/v2.0/security-groups/6ab376cb-e1b1-4842-97c7-60c149adfa28 0.339s
2024-12-10 18:35:03.334 65822 INFO tempest.lib.common.rest_client [req-8ea84f2d-7806-48cf-9f1f-4814b23b8511 req-8ea84f2d-7806-48cf-9f1f-4814b23b8511 ] Request (FlavorsAccessTestJSON:test_flavor_access_list_with_private_flavor): 200 GET http://10.180.1.21/compute/v2.1/flavors/1661885930/os-flavor-access 0.349s
2024-12-10 18:35:03.340 65838 INFO tempest.lib.common.rest_client [req-7e30e7cc-7ac4-4b0c-891e-180d65e9ad61 req-7e30e7cc-7ac4-4b0c-891e-180d65e9ad61 ] Request (FlavorMetadataValidation:tearDownClass): 204 DELETE http://10.180.1.21:9696/networking/v2.0/security-groups/cec7f11d-4d6f-4167-81c2-7486b5ce5c4c 0.312s
2024-12-10 18:35:03.343 65794 INFO tempest.lib.common.rest_client [req-81d00e1f-5d1e-4c5c-8964-293d5a116825 req-81d00e1f-5d1e-4c5c-8964-293d5a116825 ] Request (QuotasAdminNegativeTest:test_create_server_when_instances_quota_is_full): 201 POST http://10.180.1.21/identity/v3/auth/tokens 0.091s
2024-12-10 18:35:03.345 65794 INFO tempest.lib.common.fixed_network [-] (QuotasAdminNegativeTest:test_create_server_when_instances_quota_is_full) Found network None available for tenant
2024-12-10 18:35:03.358 65832 INFO tempest.lib.common.rest_client [req-8b319fdd-61ed-4db7-86ee-de254a37233b req-8b319fdd-61ed-4db7-86ee-de254a37233b ] Request (ListImagesTestJSON:tearDownClass): 204 DELETE http://10.180.1.21:9696/networking/v2.0/security-groups/4d2f8705-7886-48de-b0d0-461880183a50 0.318s
2024-12-10 18:35:03.377 65820 INFO tempest.lib.common.rest_client [req-a955e645-01d7-4bec-8a39-fdba35ccee89 req-a955e645-01d7-4bec-8a39-fdba35ccee89 ] Request (HypervisorAdminTestJSON:tearDownClass): 200 GET http://10.180.1.21:9696/networking/v2.0/security-groups?tenant_id=20f1a900f6fe4801bf976d295557fad5&name=default 0.480s
2024-12-10 18:35:03.425 65812 INFO tempest.lib.common.rest_client [req-77aadf01-b8cb-4969-9a37-6c7db00bcfa0 req-77aadf01-b8cb-4969-9a37-6c7db00bcfa0 ] Request (FlavorsV255TestJSON:tearDownClass): 204 DELETE http://10.180.1.21/identity/v3/users/d6258fdf4d4443edba5589662e45b996 0.120s
2024-12-10 18:35:03.425 65812 INFO tempest.lib.common.dynamic_creds [-] Deleting project and security group for project: 26c814756f5e4a008552558aaad86d9f
2024-12-10 18:35:03.504 65788 INFO tempest.lib.common.rest_client [req-67d1ac8e-8c02-47a5-98ba-a09ebc4b70e4 req-67d1ac8e-8c02-47a5-98ba-a09ebc4b70e4 ] Request (QuotaClassesAdminTestJSON:tearDownClass): 204 DELETE http://10.180.1.21/identity/v3/projects/6308b951455549378e163663c1a32e4e 0.175s
2024-12-10 18:35:03.566 65800 INFO tempest.lib.common.rest_client [req-eb59d071-10f7-40f3-8371-4501fba5039b req-eb59d071-10f7-40f3-8371-4501fba5039b ] Request (ServicesAdminNegativeTestJSON:test_list_services_with_non_admin_user): 403 GET http://10.180.1.21/compute/v2.1/os-services 0.562s
2024-12-10 18:35:03.574 65830 INFO tempest.lib.common.rest_client [req-82ca04fb-9b0d-49d7-8707-c770ee4800c6 req-82ca04fb-9b0d-49d7-8707-c770ee4800c6 ] Request (FlavorsExtraSpecsNegativeTestJSON:test_flavor_non_admin_update_specific_key): 403 PUT http://10.180.1.21/compute/v2.1/flavors/1041295195/os-extra_specs/hw:numa_nodes 0.557s
2024-12-10 18:35:03.579 65820 INFO tempest.lib.common.rest_client [req-0a9f24f1-ad3b-4737-91e5-fec3f24e10a6 req-0a9f24f1-ad3b-4737-91e5-fec3f24e10a6 ] Request (HypervisorAdminTestJSON:tearDownClass): 204 DELETE http://10.180.1.21:9696/networking/v2.0/security-groups/6cf3173e-f918-4242-be22-ee62a3fb9bb8 0.201s
2024-12-10 18:35:03.581 65810 INFO tempest.lib.common.rest_client [req-2dc39854-9eb6-4d03-8f74-0f3f2c285206 req-2dc39854-9eb6-4d03-8f74-0f3f2c285206 ] Request (HostsAdminNegativeTestJSON:test_shutdown_host_with_non_admin_user): 403 GET http://10.180.1.21/compute/v2.1/os-hosts/devstack/shutdown 0.546s
2024-12-10 18:35:03.592 65840 INFO tempest.lib.common.rest_client [req-de9287b3-4386-4229-96bd-345ac231435e req-de9287b3-4386-4229-96bd-345ac231435e ] Request (HypervisorAdminNegativeUnderV252Test:tearDownClass): 200 GET http://10.180.1.21:9696/networking/v2.0/security-groups?tenant_id=48487a3b659c499f82dd441eb0f31f18&name=default 0.312s
2024-12-10 18:35:03.597 65814 INFO tempest.lib.common.rest_client [req-e1e3abc0-a3ad-4f83-8e78-5aafc2f3ab86 req-e1e3abc0-a3ad-4f83-8e78-5aafc2f3ab86 ] Request (FlavorsAdminTestJSON:test_create_flavor_with_int_id): 200 POST http://10.180.1.21/compute/v2.1/flavors 0.532s
2024-12-10 18:35:03.597 65838 INFO tempest.lib.common.rest_client [req-df9ffa34-5cf7-4ede-94d2-b5311836e709 req-df9ffa34-5cf7-4ede-94d2-b5311836e709 ] Request (FlavorMetadataValidation:tearDownClass): 204 DELETE http://10.180.1.21/identity/v3/projects/4dd4a19858a14a52a11feedecc58e7d8 0.257s
2024-12-10 18:35:03.620 65812 INFO tempest.lib.common.rest_client [req-3a6f5d7d-47f2-4365-b6b7-00ab896b4906 req-3a6f5d7d-47f2-4365-b6b7-00ab896b4906 ] Request (FlavorsV255TestJSON:tearDownClass): 201 POST http://10.180.1.21/identity/v3/auth/tokens 0.195s
2024-12-10 18:35:03.628 65798 INFO tempest.lib.common.rest_client [req-4630a73e-1afc-4eae-ab32-71e6cdeff1d3 req-4630a73e-1afc-4eae-ab32-71e6cdeff1d3 ] Request (KeyPairsV210TestJSON:test_admin_manage_keypairs_for_other_users): 201 POST http://10.180.1.21/compute/v2.1/os-keypairs 0.560s
2024-12-10 18:35:03.639 65844 INFO tempest.lib.common.rest_client [req-bec46bb1-bd2a-4bfa-ade5-b13ed246a827 req-bec46bb1-bd2a-4bfa-ade5-b13ed246a827 ] Request (ServersWithSpecificFlavorTestJSON:test_verify_created_server_ephemeral_disk): 200 GET http://10.180.1.21/compute/v2.1/flavors/42/os-extra_specs 0.557s
2024-12-10 18:35:03.653 65832 INFO tempest.lib.common.rest_client [req-a2d114d8-d1f0-4c82-a7fa-68e3c1b9e6da req-a2d114d8-d1f0-4c82-a7fa-68e3c1b9e6da ] Request (ListImagesTestJSON:tearDownClass): 204 DELETE http://10.180.1.21/identity/v3/projects/1b2b28f23b794313b14be663f3b574c4 0.295s
2024-12-10 18:35:03.677 65788 INFO tempest.lib.common.rest_client [req-00147cd8-40e5-4565-8818-fe9cd8be6b49 req-00147cd8-40e5-4565-8818-fe9cd8be6b49 ] Request (SecurityGroupsNegativeTestJSON:setUpClass): 201 POST http://10.180.1.21/identity/v3/auth/tokens 0.170s
2024-12-10 18:35:03.701 65806 INFO tempest.lib.common.rest_client [req-ae65833e-aef2-45b4-9611-5b82ce39ac84 req-ae65833e-aef2-45b4-9611-5b82ce39ac84 ] Request (FloatingIPDetailsTestJSON:setUpClass): 201 POST http://10.180.1.21:9696/networking/v2.0/routers 1.740s
2024-12-10 18:35:03.711 65804 INFO tempest.lib.common.rest_client [req-616e021d-4400-4de2-a7f1-e9b9e02f3380 req-616e021d-4400-4de2-a7f1-e9b9e02f3380 ] Request (MigrationsAdminTest:test_list_migrations_in_flavor_resize_situation): 200 GET http://10.180.1.21/compute/v2.1/servers/696da7d0-08b4-410c-8caa-300c12d02359 0.485s
2024-12-10 18:35:03.758 65796 INFO tempest.lib.common.rest_client [req-0a551001-36b0-4775-9caa-986b3e547123 req-0a551001-36b0-4775-9caa-986b3e547123 ] Request (FloatingIPsNegativeTestJSON:tearDownClass): 204 DELETE http://10.180.1.21:9696/networking/v2.0/networks/d93a5e9d-5a91-45bf-9183-a9dd60f0de4e 0.772s
2024-12-10 18:35:03.761 65802 INFO tempest.lib.common.rest_client [req-13a49782-e97d-4198-90d8-0a6e2326c735 req-13a49782-e97d-4198-90d8-0a6e2326c735 ] Request (QuotaClassesAdmin257Test:_run_cleanups): 200 PUT http://10.180.1.21/compute/v2.1/os-quota-class-sets/default 0.470s
2024-12-10 18:35:03.768 65800 INFO tempest.lib.common.rest_client [req-9210cc34-8e9b-4bb5-a539-b6ff701b196b req-9210cc34-8e9b-4bb5-a539-b6ff701b196b ] Request (ServicesAdminNegativeTestJSON:tearDownClass): 204 DELETE http://10.180.1.21/identity/v3/users/6a9fa02b4436406a94708118497f96a9 0.200s
2024-12-10 18:35:03.793 65792 INFO tempest.lib.common.rest_client [req-07dbbd7d-b3d3-4a30-869b-d93526e357bc req-07dbbd7d-b3d3-4a30-869b-d93526e357bc ] Request (KeyPairsNegativeTestJSON:test_create_keypair_with_empty_public_key): 400 POST http://10.180.1.21/compute/v2.1/os-keypairs 0.499s
2024-12-10 18:35:03.804 65840 INFO tempest.lib.common.rest_client [req-03236633-75ff-45fe-8bad-68ff2067db5f req-03236633-75ff-45fe-8bad-68ff2067db5f ] Request (HypervisorAdminNegativeUnderV252Test:tearDownClass): 204 DELETE http://10.180.1.21:9696/networking/v2.0/security-groups/1b0f0c9d-bbf6-494e-841c-87536ec375a2 0.212s
2024-12-10 18:35:03.817 65836 INFO tempest.lib.common.rest_client [req-94cc919b-4604-44a5-a29a-908fa4cfa7be req-94cc919b-4604-44a5-a29a-908fa4cfa7be ] Request (HostsAdminTestJSON:test_list_hosts_with_zone): 200 GET http://10.180.1.21/compute/v2.1/os-hosts 0.521s
2024-12-10 18:35:03.836 65838 INFO tempest.lib.common.rest_client [req-27e28212-c04e-409a-b279-93e51cc1ec4c req-27e28212-c04e-409a-b279-93e51cc1ec4c ] Request (FloatingIPsAssociationNegativeTestJSON:setUpClass): 201 POST http://10.180.1.21/identity/v3/auth/tokens 0.236s
2024-12-10 18:35:03.863 65820 INFO tempest.lib.common.rest_client [req-6ffb567f-ffb7-4d24-87c0-96dc21721016 req-6ffb567f-ffb7-4d24-87c0-96dc21721016 ] Request (HypervisorAdminTestJSON:tearDownClass): 204 DELETE http://10.180.1.21/identity/v3/projects/20f1a900f6fe4801bf976d295557fad5 0.283s
2024-12-10 18:35:03.863 65820 INFO tempest.lib.common.dynamic_creds [-] Deleting project and security group for project: 08ad9e36f9d24e3684fcbff513e36024
2024-12-10 18:35:03.904 65824 INFO tempest.lib.common.rest_client [req-c68a770e-bd26-41af-88d0-e2f0a7d2f285 req-c68a770e-bd26-41af-88d0-e2f0a7d2f285 ] Request (DeleteServersAdminTestJSON:test_admin_delete_servers_of_others): 200 GET http://10.180.1.21/compute/v2.1/servers/9decb798-4e82-48b3-bf94-64cf18faa3d4 0.589s
2024-12-10 18:35:03.915 65824 INFO tempest.common.waiters [-] State transition "BUILD/None" ==> "BUILD/networking" after 4 second wait
2024-12-10 18:35:03.939 65818 INFO tempest.lib.common.rest_client [req-a0a9e507-50e8-4c82-ae07-40f6e5f5e72a req-a0a9e507-50e8-4c82-ae07-40f6e5f5e72a ] Request (AggregatesAdminNegativeTestJSON:test_aggregate_add_host_as_user): 200 POST http://10.180.1.21/compute/v2.1/os-aggregates 0.613s
2024-12-10 18:35:03.944 65832 INFO tempest.lib.common.rest_client [req-c493de99-1b09-415a-8125-63e704b74a43 req-c493de99-1b09-415a-8125-63e704b74a43 ] Request (ServerTagsTestJSON:setUpClass): 201 POST http://10.180.1.21/identity/v3/auth/tokens 0.289s
2024-12-10 18:35:03.964 65822 INFO tempest.lib.common.rest_client [req-12637b6f-473d-4b78-a504-f3732ea9c5b6 req-12637b6f-473d-4b78-a504-f3732ea9c5b6 ] Request (FlavorsAccessTestJSON:_run_cleanups): 202 DELETE http://10.180.1.21/compute/v2.1/flavors/1661885930 0.629s
2024-12-10 18:35:03.983 65782 INFO tempest.lib.common.rest_client [req-ac947b7d-0de8-427b-8f10-ec2104932e3f req-ac947b7d-0de8-427b-8f10-ec2104932e3f ] Request (FlavorsAccessNegativeTestJSON:test_flavor_access_list_with_public_flavor): 200 POST http://10.180.1.21/compute/v2.1/flavors 0.646s
2024-12-10 18:35:03.985 65788 INFO tempest.lib.common.rest_client [req-ab59c24d-ee6c-4091-ab8a-8e1b85f5a7da req-ab59c24d-ee6c-4091-ab8a-8e1b85f5a7da ] Request (SecurityGroupsNegativeTestJSON:setUpClass): 201 POST http://10.180.1.21/identity/v3/auth/tokens 0.306s
2024-12-10 18:35:04.155 65796 INFO tempest.lib.common.rest_client [req-72422a8a-c52f-4921-a2ac-9439ac0e646a req-72422a8a-c52f-4921-a2ac-9439ac0e646a ] Request (FloatingIPsNegativeTestJSON:tearDownClass): 204 DELETE http://10.180.1.21/identity/v3/users/9a0e3d82753e4f1ba7aa0fb606ac023a 0.397s
2024-12-10 18:35:04.155 65796 INFO tempest.lib.common.dynamic_creds [-] Deleting project and security group for project: 266f895d178b4df2b7a89e0b3a152541
2024-12-10 18:35:04.180 65800 INFO tempest.lib.common.rest_client [req-04fafc90-b907-4366-8ae9-03a3a4a59e55 req-04fafc90-b907-4366-8ae9-03a3a4a59e55 ] Request (ServicesAdminNegativeTestJSON:tearDownClass): 204 DELETE http://10.180.1.21/identity/v3/users/900d1cfb31a04fab9ed7181b4da02ef0 0.412s
2024-12-10 18:35:04.180 65800 INFO tempest.lib.common.dynamic_creds [-] Deleting project and security group for project: 91bc5581d8164a7db50dc10a07674521
2024-12-10 18:35:04.219 65796 INFO tempest.lib.common.rest_client [req-164fe0d0-a2a4-4ef6-8569-d06f288ed258 req-164fe0d0-a2a4-4ef6-8569-d06f288ed258 ] Request (FloatingIPsNegativeTestJSON:tearDownClass): 200 GET http://10.180.1.21:9696/networking/v2.0/security-groups?tenant_id=266f895d178b4df2b7a89e0b3a152541&name=default 0.063s
2024-12-10 18:35:04.273 65840 INFO tempest.lib.common.rest_client [req-28be1197-924a-4035-b002-8cbc9fe563fa req-28be1197-924a-4035-b002-8cbc9fe563fa ] Request (HypervisorAdminNegativeUnderV252Test:tearDownClass): 204 DELETE http://10.180.1.21/identity/v3/projects/48487a3b659c499f82dd441eb0f31f18 0.467s
2024-12-10 18:35:04.274 65840 INFO tempest.lib.common.dynamic_creds [-] Deleting project and security group for project: 9acf009fb4fa4e99be12fdef969b0a69
2024-12-10 18:35:04.301 65802 INFO tempest.lib.common.rest_client [req-2188abe8-a331-4127-b327-b975a74027ec req-2188abe8-a331-4127-b327-b975a74027ec ] Request (QuotaClassesAdmin257Test:tearDownClass): 204 DELETE http://10.180.1.21/identity/v3/users/0fbb4e9ecdeb4b269288fa5031ce4ca8 0.474s
2024-12-10 18:35:04.339 65820 INFO tempest.lib.common.rest_client [req-ac4ff8f2-d0d9-4aeb-955a-36464de36ba5 req-ac4ff8f2-d0d9-4aeb-955a-36464de36ba5 ] Request (HypervisorAdminTestJSON:tearDownClass): 200 GET http://10.180.1.21:9696/networking/v2.0/security-groups?tenant_id=08ad9e36f9d24e3684fcbff513e36024&name=default 0.476s
2024-12-10 18:35:04.355 65838 INFO tempest.lib.common.rest_client [req-d53ac8a2-b2e2-4281-a905-1a1c7545f6e5 req-d53ac8a2-b2e2-4281-a905-1a1c7545f6e5 ] Request (FloatingIPsAssociationNegativeTestJSON:setUpClass): 201 POST http://10.180.1.21/identity/v3/auth/tokens 0.516s
2024-12-10 18:35:04.366 65828 INFO tempest.lib.common.rest_client [req-74ece026-bea1-41c3-9dd9-ffd3fd22640c req-74ece026-bea1-41c3-9dd9-ffd3fd22640c ] Request (QuotasAdminTestV257:test_get_updated_quotas): 200 GET http://10.180.1.21/identity/v3/domains?name=Default 0.537s
2024-12-10 18:35:04.385 65832 INFO tempest.lib.common.rest_client [req-58e6662f-ea79-44b2-9ee8-df687b83c7b1 req-58e6662f-ea79-44b2-9ee8-df687b83c7b1 ] Request (ServerTagsTestJSON:setUpClass): 201 POST http://10.180.1.21/identity/v3/auth/tokens 0.434s
2024-12-10 18:35:04.392 65788 INFO tempest.lib.common.rest_client [req-12f98876-e5e1-4983-8398-75119f7efe6b req-12f98876-e5e1-4983-8398-75119f7efe6b ] Request (SecurityGroupsNegativeTestJSON:setUpClass): 200 GET http://10.180.1.21/identity/v3/domains?name=Default 0.406s
2024-12-10 18:35:04.468 65800 INFO tempest.lib.common.rest_client [req-afc5b387-2267-4586-aa64-98639f03be34 req-afc5b387-2267-4586-aa64-98639f03be34 ] Request (ServicesAdminNegativeTestJSON:tearDownClass): 201 POST http://10.180.1.21/identity/v3/auth/tokens 0.287s
2024-12-10 18:35:04.512 65838 INFO tempest.lib.common.rest_client [req-162bbb27-0bab-4380-aba6-c05922f0b624 req-162bbb27-0bab-4380-aba6-c05922f0b624 ] Request (FloatingIPsAssociationNegativeTestJSON:setUpClass): 200 GET http://10.180.1.21/identity/v3/domains?name=Default 0.156s
2024-12-10 18:35:04.528 65796 INFO tempest.lib.common.rest_client [req-65e643c9-3dd0-4007-b5e8-7a8de8029afa req-65e643c9-3dd0-4007-b5e8-7a8de8029afa ] Request (FloatingIPsNegativeTestJSON:tearDownClass): 204 DELETE http://10.180.1.21:9696/networking/v2.0/security-groups/71af5eb7-c585-46e2-bf84-c20783f6f8cf 0.309s
2024-12-10 18:35:04.533 65794 INFO tempest.lib.common.rest_client [req-6f63a873-e6df-465e-b522-09aa5907c32c req-6f63a873-e6df-465e-b522-09aa5907c32c ] Request (QuotasAdminNegativeTest:test_create_server_when_instances_quota_is_full): 403 POST http://10.180.1.21/compute/v2.1/servers 1.188s
2024-12-10 18:35:04.550 65802 INFO tempest.lib.common.rest_client [req-c953b1d3-a314-4a72-9ebf-09d3d335b290 req-c953b1d3-a314-4a72-9ebf-09d3d335b290 ] Request (QuotaClassesAdmin257Test:tearDownClass): 204 DELETE http://10.180.1.21/identity/v3/users/c569da69e746460ab00524463195e4bd 0.249s
2024-12-10 18:35:04.551 65802 INFO tempest.lib.common.dynamic_creds [-] Deleting project and security group for project: 763a4273bf564083820201a85da5794b
2024-12-10 18:35:04.577 65828 INFO tempest.lib.common.rest_client [req-79e90fed-7780-43bf-84a7-f297d6822d6e req-79e90fed-7780-43bf-84a7-f297d6822d6e ] Request (QuotasAdminTestV257:test_get_updated_quotas): 201 POST http://10.180.1.21/identity/v3/projects 0.210s
2024-12-10 18:35:04.633 65788 INFO tempest.lib.common.rest_client [req-9ca6761d-f5ac-4984-a6e0-07b9eb151677 req-9ca6761d-f5ac-4984-a6e0-07b9eb151677 ] Request (SecurityGroupsNegativeTestJSON:setUpClass): 201 POST http://10.180.1.21/identity/v3/projects 0.240s
2024-12-10 18:35:04.639 65832 INFO tempest.lib.common.rest_client [req-c88ef555-be05-4fba-ac94-c73bb6d138cf req-c88ef555-be05-4fba-ac94-c73bb6d138cf ] Request (ServerTagsTestJSON:setUpClass): 200 GET http://10.180.1.21/identity/v3/domains?name=Default 0.253s
2024-12-10 18:35:04.682 65812 INFO tempest.lib.common.rest_client [req-fd14514e-6eb6-4705-a991-82765e848174 req-fd14514e-6eb6-4705-a991-82765e848174 ] Request (FlavorsV255TestJSON:tearDownClass): 200 GET http://10.180.1.21:9696/networking/v2.0/security-groups?tenant_id=26c814756f5e4a008552558aaad86d9f&name=default 1.061s
2024-12-10 18:35:04.713 65840 INFO tempest.lib.common.rest_client [req-1f24ba7c-00c8-48db-b123-3e7be11ed352 req-1f24ba7c-00c8-48db-b123-3e7be11ed352 ] Request (HypervisorAdminNegativeUnderV252Test:tearDownClass): 200 GET http://10.180.1.21:9696/networking/v2.0/security-groups?tenant_id=9acf009fb4fa4e99be12fdef969b0a69&name=default 0.439s
2024-12-10 18:35:04.755 65838 INFO tempest.lib.common.rest_client [req-47e6f08b-fc65-48a3-bda2-016269b6b6f5 req-47e6f08b-fc65-48a3-bda2-016269b6b6f5 ] Request (FloatingIPsAssociationNegativeTestJSON:setUpClass): 201 POST http://10.180.1.21/identity/v3/projects 0.242s
2024-12-10 18:35:04.803 65796 INFO tempest.lib.common.rest_client [req-60d5a05d-af47-41d4-bb7d-9db7f3fae2d9 req-60d5a05d-af47-41d4-bb7d-9db7f3fae2d9 ] Request (FloatingIPsNegativeTestJSON:tearDownClass): 204 DELETE http://10.180.1.21/identity/v3/projects/266f895d178b4df2b7a89e0b3a152541 0.274s
2024-12-10 18:35:04.806 65842 INFO tempest.lib.common.rest_client [req-81808485-951e-44a1-88b2-dcd05c3660af req-81808485-951e-44a1-88b2-dcd05c3660af ] Request (ServerDiagnosticsV248Test:test_get_server_diagnostics): 200 GET http://10.180.1.21/compute/v2.1/servers/ef611a51-9d90-4ebc-a6f6-0d039149be49 1.307s
2024-12-10 18:35:04.824 65830 INFO tempest.lib.common.rest_client [req-28a44a34-edbd-4c59-a6ad-1fd71138037e req-28a44a34-edbd-4c59-a6ad-1fd71138037e ] Request (FlavorsExtraSpecsNegativeTestJSON:test_flavor_unset_nonexistent_key): 404 DELETE http://10.180.1.21/compute/v2.1/flavors/1041295195/os-extra_specs/hw:cpu_thread_policy 1.249s
2024-12-10 18:35:04.827 65802 INFO tempest.lib.common.rest_client [req-887d4032-3deb-4b6b-a9b5-eea4d2abff80 req-887d4032-3deb-4b6b-a9b5-eea4d2abff80 ] Request (QuotaClassesAdmin257Test:tearDownClass): 201 POST http://10.180.1.21/identity/v3/auth/tokens 0.276s
2024-12-10 18:35:04.837 65810 INFO tempest.lib.common.rest_client [req-14a7efc5-3210-4e10-9965-f2298ea28492 req-14a7efc5-3210-4e10-9965-f2298ea28492 ] Request (HostsAdminNegativeTestJSON:test_shutdown_nonexistent_host): 404 GET http://10.180.1.21/compute/v2.1/os-hosts/nonexistent_hostname/shutdown 1.255s
2024-12-10 18:35:04.854 65814 INFO tempest.lib.common.rest_client [req-42d35d47-5312-402b-89d0-33fab7909ace req-42d35d47-5312-402b-89d0-33fab7909ace ] Request (FlavorsAdminTestJSON:_run_cleanups): 202 DELETE http://10.180.1.21/compute/v2.1/flavors/1630182797 1.255s
2024-12-10 18:35:04.859 65788 INFO tempest.lib.common.rest_client [req-56fa918d-aea2-47b4-b395-7a20c4ebef4e req-56fa918d-aea2-47b4-b395-7a20c4ebef4e ] Request (SecurityGroupsNegativeTestJSON:setUpClass): 201 POST http://10.180.1.21/identity/v3/users 0.225s
2024-12-10 18:35:04.863 65798 INFO tempest.lib.common.rest_client [req-35ce8d76-c3ac-4f55-b2e4-6d0a46f18feb req-35ce8d76-c3ac-4f55-b2e4-6d0a46f18feb ] Request (KeyPairsV210TestJSON:test_admin_manage_keypairs_for_other_users): 200 GET http://10.180.1.21/compute/v2.1/os-keypairs?user_id=7fb1d10a773c4ed4852289f487528776 1.233s
2024-12-10 18:35:04.875 65828 INFO tempest.lib.common.rest_client [req-02c5717a-441d-4a3b-b714-10260c29a94d req-02c5717a-441d-4a3b-b714-10260c29a94d ] Request (QuotasAdminTestV257:test_get_updated_quotas): 200 GET http://10.180.1.21/identity/v3/domains?name=Default 0.297s
2024-12-10 18:35:04.888 65844 INFO tempest.lib.common.rest_client [req-b2496f4f-eb84-4267-9ba8-2983972530c6 req-b2496f4f-eb84-4267-9ba8-2983972530c6 ] Request (ServersWithSpecificFlavorTestJSON:test_verify_created_server_ephemeral_disk): 200 POST http://10.180.1.21/compute/v2.1/flavors/773237753/os-extra_specs 1.248s
2024-12-10 18:35:04.902 65838 INFO tempest.lib.common.rest_client [req-a4a5795d-8813-41e0-8687-9d5ce906bdf6 req-a4a5795d-8813-41e0-8687-9d5ce906bdf6 ] Request (FloatingIPsAssociationNegativeTestJSON:setUpClass): 201 POST http://10.180.1.21/identity/v3/users 0.147s
2024-12-10 18:35:04.905 65832 INFO tempest.lib.common.rest_client [req-4d5f7399-02fa-4b5e-bc5d-bac2fa876887 req-4d5f7399-02fa-4b5e-bc5d-bac2fa876887 ] Request (ServerTagsTestJSON:setUpClass): 201 POST http://10.180.1.21/identity/v3/projects 0.265s
2024-12-10 18:35:04.935 65840 INFO tempest.lib.common.rest_client [req-dbc0092f-e64b-46c7-a610-56de7419c767 req-dbc0092f-e64b-46c7-a610-56de7419c767 ] Request (HypervisorAdminNegativeUnderV252Test:tearDownClass): 204 DELETE http://10.180.1.21:9696/networking/v2.0/security-groups/22d938ef-654a-43f4-a2f6-6afd6d8d368a 0.222s
2024-12-10 18:35:04.959 65820 INFO tempest.lib.common.rest_client [req-d0c954e3-0f63-4f0d-904f-b8d2187f1184 req-d0c954e3-0f63-4f0d-904f-b8d2187f1184 ] Request (HypervisorAdminTestJSON:tearDownClass): 204 DELETE http://10.180.1.21:9696/networking/v2.0/security-groups/515bff71-7e94-41e2-991f-3521de7f942c 0.619s
2024-12-10 18:35:04.969 65800 INFO tempest.lib.common.rest_client [req-2e60dd2a-2150-4edc-8bf3-b3bc07903320 req-2e60dd2a-2150-4edc-8bf3-b3bc07903320 ] Request (ServicesAdminNegativeTestJSON:tearDownClass): 200 GET http://10.180.1.21:9696/networking/v2.0/security-groups?tenant_id=91bc5581d8164a7db50dc10a07674521&name=default 0.500s
2024-12-10 18:35:04.973 65796 INFO tempest.lib.common.rest_client [req-ace9eb1a-e991-4439-9cc8-8fe8f8e90c54 req-ace9eb1a-e991-4439-9cc8-8fe8f8e90c54 ] Request (ServersV294TestFqdnHostnames:setUpClass): 201 POST http://10.180.1.21/identity/v3/auth/tokens 0.169s
2024-12-10 18:35:04.994 65788 INFO tempest.lib.common.rest_client [req-04cc68b6-ca3c-4070-b51f-d107be6008a5 req-04cc68b6-ca3c-4070-b51f-d107be6008a5 ] Request (SecurityGroupsNegativeTestJSON:setUpClass): 200 GET http://10.180.1.21/identity/v3/roles 0.135s
2024-12-10 18:35:05.002 65808 INFO tempest.lib.common.rest_client [req-7eee68e4-e62b-4035-8dda-b71705be8415 req-7eee68e4-e62b-4035-8dda-b71705be8415 ] Request (ServerDiagnosticsTest:test_get_server_diagnostics): 200 GET http://10.180.1.21/compute/v2.1/servers/cd066677-1192-41e9-97af-6aa356622a11 1.213s
2024-12-10 18:35:05.014 65792 INFO tempest.lib.common.rest_client [req-7dba0c36-ff35-4c20-a01c-e90bfaf27f26 req-7dba0c36-ff35-4c20-a01c-e90bfaf27f26 ] Request (KeyPairsNegativeTestJSON:test_create_keypair_with_long_keynames): 400 POST http://10.180.1.21/compute/v2.1/os-keypairs 1.219s
2024-12-10 18:35:05.017 65838 INFO tempest.lib.common.rest_client [req-f793c29e-3550-489d-a676-1df64449f496 req-f793c29e-3550-489d-a676-1df64449f496 ] Request (FloatingIPsAssociationNegativeTestJSON:setUpClass): 200 GET http://10.180.1.21/identity/v3/roles 0.114s
2024-12-10 18:35:05.042 65836 INFO tempest.lib.common.rest_client [req-f390c3cf-73e8-49a6-8e1b-8ca73c5f7ce9 req-f390c3cf-73e8-49a6-8e1b-8ca73c5f7ce9 ] Request (HostsAdminTestJSON:test_list_hosts_with_zone): 200 GET http://10.180.1.21/compute/v2.1/os-hosts?zone=internal 1.221s
2024-12-10 18:35:05.059 65832 INFO tempest.lib.common.rest_client [req-6f07b3b0-a71b-4e44-a167-b87b01678f74 req-6f07b3b0-a71b-4e44-a167-b87b01678f74 ] Request (ServerTagsTestJSON:setUpClass): 201 POST http://10.180.1.21/identity/v3/users 0.154s
2024-12-10 18:35:05.105 65812 INFO tempest.lib.common.rest_client [req-53c2181f-fa10-44e0-b318-6915e3d715d1 req-53c2181f-fa10-44e0-b318-6915e3d715d1 ] Request (FlavorsV255TestJSON:tearDownClass): 204 DELETE http://10.180.1.21:9696/networking/v2.0/security-groups/8b4e6856-a83b-4766-963e-be015c29c485 0.422s
2024-12-10 18:35:05.128 65790 INFO tempest.lib.common.rest_client [req-5cada392-ecb2-494f-8fa2-d1e1da3fe507 req-5cada392-ecb2-494f-8fa2-d1e1da3fe507 ] Request (ServerMetadataTestJSON:setUpClass): 200 GET http://10.180.1.21/compute/v2.1/servers/7f4aef75-01ae-48db-9d32-e403e24b8f35 1.264s
2024-12-10 18:35:05.131 65820 INFO tempest.lib.common.rest_client [req-c405e41e-e3c6-460c-a33c-3e97627bc7a6 req-c405e41e-e3c6-460c-a33c-3e97627bc7a6 ] Request (HypervisorAdminTestJSON:tearDownClass): 204 DELETE http://10.180.1.21/identity/v3/projects/08ad9e36f9d24e3684fcbff513e36024 0.172s
2024-12-10 18:35:05.132 65820 INFO tempest.test [-] raised in LiveMigrationNegativeTest.setUpClass. Invoking tearDownClass.
2024-12-10 18:35:05.135 65840 INFO tempest.lib.common.rest_client [req-792874a8-37e1-4595-b522-fbd226362750 req-792874a8-37e1-4595-b522-fbd226362750 ] Request (HypervisorAdminNegativeUnderV252Test:tearDownClass): 204 DELETE http://10.180.1.21/identity/v3/projects/9acf009fb4fa4e99be12fdef969b0a69 0.199s
2024-12-10 18:35:05.137 65790 INFO tempest.common.waiters [-] State transition "BUILD/scheduling" ==> "BUILD/None" after 3 second wait
2024-12-10 18:35:05.153 65786 INFO tempest.lib.common.rest_client [req-48d503c9-18a4-4717-8a9a-1f4b9d7ff757 req-48d503c9-18a4-4717-8a9a-1f4b9d7ff757 ] Request (VolumesAssistedSnapshotsTest:test_volume_assisted_snapshot_create_delete): 202 POST http://10.180.1.21/compute/v2.1/servers 2.392s
2024-12-10 18:35:05.172 65800 INFO tempest.lib.common.rest_client [req-f6c4f7ca-3c7d-41f5-938f-ccb682b82a63 req-f6c4f7ca-3c7d-41f5-938f-ccb682b82a63 ] Request (ServicesAdminNegativeTestJSON:tearDownClass): 204 DELETE http://10.180.1.21:9696/networking/v2.0/security-groups/6dd0f04f-6adc-4be7-863e-6dede2a1e66a 0.201s
2024-12-10 18:35:05.199 65796 INFO tempest.lib.common.rest_client [req-e705ba17-7591-43f6-9c3a-c77eb5e4868b req-e705ba17-7591-43f6-9c3a-c77eb5e4868b ] Request (ServersV294TestFqdnHostnames:setUpClass): 201 POST http://10.180.1.21/identity/v3/auth/tokens 0.222s
2024-12-10 18:35:05.237 65838 INFO tempest.lib.common.rest_client [req-bbc4887d-4454-456c-bbc5-e6c7228b6822 req-bbc4887d-4454-456c-bbc5-e6c7228b6822 ] Request (FloatingIPsAssociationNegativeTestJSON:setUpClass): 204 PUT http://10.180.1.21/identity/v3/projects/36a8a01c956641f29c6c243dd183d859/users/932b6cbeb2174b69a5c1a0bd425f3343/roles/f89e994360ae46ff98b886c104123a87 0.219s
2024-12-10 18:35:05.237 65838 INFO tempest.lib.common.dynamic_creds [-] Dynamic test user 932b6cbeb2174b69a5c1a0bd425f3343 is created with scope project and roles: ['member']
2024-12-10 18:35:05.237 65838 INFO tempest.lib.common.dynamic_creds [-] Acquired dynamic creds: credentials: Credentials: {'domain_id': 'default', 'domain_name': 'Default', 'username': 'tempest-FloatingIPsAssociationNegativeTestJSON-28344918-project-member', 'project_domain_id': 'default', 'project_domain_name': 'Default', 'project_id': '36a8a01c956641f29c6c243dd183d859', 'project_name': 'tempest-FloatingIPsAssociationNegativeTestJSON-28344918', 'tenant_id': '36a8a01c956641f29c6c243dd183d859', 'tenant_name': 'tempest-FloatingIPsAssociationNegativeTestJSON-28344918', 'user_domain_id': 'default', 'user_domain_name': 'Default', 'user_id': '932b6cbeb2174b69a5c1a0bd425f3343', 'system': None}, Network: None, Subnet: None, Router: None
2024-12-10 18:35:05.253 65788 INFO tempest.lib.common.rest_client [req-f8fa47bb-8756-45b9-a841-f9a50f1fda6b req-f8fa47bb-8756-45b9-a841-f9a50f1fda6b ] Request (SecurityGroupsNegativeTestJSON:setUpClass): 204 PUT http://10.180.1.21/identity/v3/projects/fb47bd9038df4029af171277f91ddd59/users/7190a822f1ee483aa303401fb986b0fb/roles/f89e994360ae46ff98b886c104123a87 0.258s
2024-12-10 18:35:05.253 65788 INFO tempest.lib.common.dynamic_creds [-] Dynamic test user 7190a822f1ee483aa303401fb986b0fb is created with scope project and roles: ['member']
2024-12-10 18:35:05.254 65788 INFO tempest.lib.common.dynamic_creds [-] Acquired dynamic creds: credentials: Credentials: {'domain_id': 'default', 'domain_name': 'Default', 'username': 'tempest-SecurityGroupsNegativeTestJSON-778397371-project-member', 'project_domain_id': 'default', 'project_domain_name': 'Default', 'project_id': 'fb47bd9038df4029af171277f91ddd59', 'project_name': 'tempest-SecurityGroupsNegativeTestJSON-778397371', 'tenant_id': 'fb47bd9038df4029af171277f91ddd59', 'tenant_name': 'tempest-SecurityGroupsNegativeTestJSON-778397371', 'user_domain_id': 'default', 'user_domain_name': 'Default', 'user_id': '7190a822f1ee483aa303401fb986b0fb', 'system': None}, Network: None, Subnet: None, Router: None
2024-12-10 18:35:05.294 65802 INFO tempest.lib.common.rest_client [req-ff4bf555-aad4-4dde-91ce-bae364c5535b req-ff4bf555-aad4-4dde-91ce-bae364c5535b ] Request (QuotaClassesAdmin257Test:tearDownClass): 200 GET http://10.180.1.21:9696/networking/v2.0/security-groups?tenant_id=763a4273bf564083820201a85da5794b&name=default 0.466s
2024-12-10 18:35:05.305 65832 INFO tempest.lib.common.rest_client [req-3cdf9bec-dc4f-43d7-8357-42135a5a6bbd req-3cdf9bec-dc4f-43d7-8357-42135a5a6bbd ] Request (ServerTagsTestJSON:setUpClass): 200 GET http://10.180.1.21/identity/v3/roles 0.244s
2024-12-10 18:35:05.351 65812 INFO tempest.lib.common.rest_client [req-a4030e23-493b-4af0-864e-e86106c9d18d req-a4030e23-493b-4af0-864e-e86106c9d18d ] Request (FlavorsV255TestJSON:tearDownClass): 204 DELETE http://10.180.1.21/identity/v3/projects/26c814756f5e4a008552558aaad86d9f 0.245s
2024-12-10 18:35:05.351 65812 INFO tempest.lib.common.dynamic_creds [-] Deleting project and security group for project: 33247410d5f743b08764096b6f74a3c9
2024-12-10 18:35:05.407 65840 INFO tempest.lib.common.rest_client [req-d80dd3c0-61e6-48f5-bfe8-858fb9c5887b req-d80dd3c0-61e6-48f5-bfe8-858fb9c5887b ] Request (MultipleCreateNegativeTestJSON:setUpClass): 201 POST http://10.180.1.21/identity/v3/auth/tokens 0.270s
2024-12-10 18:35:05.431 65820 INFO tempest.lib.common.rest_client [req-5f3e33d1-6f36-4004-b167-6730aeea76be req-5f3e33d1-6f36-4004-b167-6730aeea76be ] Request (ServersAaction247Test:setUpClass): 201 POST http://10.180.1.21/identity/v3/auth/tokens 0.294s
2024-12-10 18:35:05.458 65818 INFO tempest.lib.common.rest_client [req-71c20123-6332-4102-b911-9cbbdbb351a8 req-71c20123-6332-4102-b911-9cbbdbb351a8 ] Request (AggregatesAdminNegativeTestJSON:test_aggregate_add_host_as_user): 403 POST http://10.180.1.21/compute/v2.1/os-aggregates/2/action 1.517s
2024-12-10 18:35:05.475 65796 INFO tempest.lib.common.rest_client [req-703b3f4a-ca70-48c7-965a-949e5d6435e4 req-703b3f4a-ca70-48c7-965a-949e5d6435e4 ] Request (ServersV294TestFqdnHostnames:setUpClass): 200 GET http://10.180.1.21/identity/v3/domains?name=Default 0.276s
2024-12-10 18:35:05.483 65834 INFO tempest.lib.common.rest_client [req-b6864ec8-f82b-409b-bea5-38f7d8284c30 req-b6864ec8-f82b-409b-bea5-38f7d8284c30 ] Request (ServersAdminNegativeTestJSON:setUpClass): 200 GET http://10.180.1.21/compute/v2.1/servers/551079c8-66e3-419f-b535-699af2b6ab5f 1.528s
2024-12-10 18:35:05.494 65822 INFO tempest.lib.common.rest_client [req-9f1a8fe5-7de8-429e-89d5-3abf5e299e5a req-9f1a8fe5-7de8-429e-89d5-3abf5e299e5a ] Request (FlavorsAccessTestJSON:_run_cleanups): 200 GET http://10.180.1.21/compute/v2.1/flavors/detail 1.530s
2024-12-10 18:35:05.503 65782 INFO tempest.lib.common.rest_client [req-6e8f3a53-c4ad-491d-8cf7-b390c499de0d req-6e8f3a53-c4ad-491d-8cf7-b390c499de0d ] Request (FlavorsAccessNegativeTestJSON:test_flavor_access_list_with_public_flavor): 404 GET http://10.180.1.21/compute/v2.1/flavors/1553409295/os-flavor-access 1.516s
2024-12-10 18:35:05.509 65802 INFO tempest.lib.common.rest_client [req-284bf899-866b-4be0-93de-80a45657eeef req-284bf899-866b-4be0-93de-80a45657eeef ] Request (QuotaClassesAdmin257Test:tearDownClass): 204 DELETE http://10.180.1.21:9696/networking/v2.0/security-groups/d28c0407-530f-402e-8c97-0d0a6f3a8b3e 0.215s
2024-12-10 18:35:05.513 65800 INFO tempest.lib.common.rest_client [req-ad38cc7e-803d-46c0-89c2-90e0fd76e296 req-ad38cc7e-803d-46c0-89c2-90e0fd76e296 ] Request (ServicesAdminNegativeTestJSON:tearDownClass): 204 DELETE http://10.180.1.21/identity/v3/projects/91bc5581d8164a7db50dc10a07674521 0.340s
2024-12-10 18:35:05.513 65800 INFO tempest.lib.common.dynamic_creds [-] Deleting project and security group for project: 3edfb191bb684b4586872699b464f73c
2024-12-10 18:35:05.517 65826 INFO tempest.lib.common.rest_client [req-6bb5eaeb-6c3e-4d90-a3a5-5cf3c7edc88a req-6bb5eaeb-6c3e-4d90-a3a5-5cf3c7edc88a ] Request (ImagesOneServerNegativeTestJSON:setUpClass): 200 PUT http://10.180.1.21:9696/networking/v2.0/routers/65e2b854-3321-4469-817d-0fb935d8e985/add_router_interface 3.214s
2024-12-10 18:35:05.518 65826 INFO tempest.lib.common.dynamic_creds [-] Created isolated network resources for: credentials: Credentials: {'domain_id': 'default', 'domain_name': 'Default', 'username': 'tempest-ImagesOneServerNegativeTestJSON-710147897-project-member', 'project_domain_id': 'default', 'project_domain_name': 'Default', 'project_id': '2673dfd2fa8e4e0fa5e848697e894357', 'project_name': 'tempest-ImagesOneServerNegativeTestJSON-710147897', 'tenant_id': '2673dfd2fa8e4e0fa5e848697e894357', 'tenant_name': 'tempest-ImagesOneServerNegativeTestJSON-710147897', 'user_domain_id': 'default', 'user_domain_name': 'Default', 'user_id': 'fbc4a6de5c684082b760a57cc9dab0f8', 'system': None}, Network: {'id': '9158315c-92e0-4989-886d-741e7891cfcf', 'name': 'tempest-ImagesOneServerNegativeTestJSON-328217441-network', 'tenant_id': '2673dfd2fa8e4e0fa5e848697e894357', 'admin_state_up': True, 'mtu': 8950, 'status': 'ACTIVE', 'subnets': [], 'shared': False, 'project_id': '2673dfd2fa8e4e0fa5e848697e894357', 'port_security_enabled': True, 'router:external': False, 'provider:network_type': 'vlan', 'provider:physical_network': 'default', 'provider:segmentation_id': 470, 'availability_zone_hints': [], 'availability_zones': [], 'ipv4_address_scope': None, 'ipv6_address_scope': None, 'description': '', 'tags': [], 'created_at': '2024-12-10T18:35:00Z', 'updated_at': '2024-12-10T18:35:00Z', 'revision_number': 1}, Subnet: {'id': '7a95ad18-8854-4829-9ec0-9628420e4d28', 'name': 'tempest-ImagesOneServerNegativeTestJSON-328217441-subnet', 'tenant_id': '2673dfd2fa8e4e0fa5e848697e894357', 'network_id': '9158315c-92e0-4989-886d-741e7891cfcf', 'ip_version': 4, 'subnetpool_id': None, 'enable_dhcp': True, 'ipv6_ra_mode': None, 'ipv6_address_mode': None, 'gateway_ip': '192.168.128.1', 'cidr': '192.168.128.0/28', 'allocation_pools': [{'start': '192.168.128.2', 'end': '192.168.128.14'}], 'host_routes': [], 'dns_nameservers': [], 'description': '', 'router:external': False, 'service_types': [], 'tags': [], 'created_at': '2024-12-10T18:35:00Z', 'updated_at': '2024-12-10T18:35:00Z', 'revision_number': 0, 'project_id': '2673dfd2fa8e4e0fa5e848697e894357'}, Router: {'id': '65e2b854-3321-4469-817d-0fb935d8e985', 'name': 'tempest-ImagesOneServerNegativeTestJSON-328217441-router', 'tenant_id': '2673dfd2fa8e4e0fa5e848697e894357', 'admin_state_up': True, 'status': 'ACTIVE', 'external_gateway_info': {'network_id': 'f1363a83-59c2-4e55-a671-9bae59d187e9', 'external_fixed_ips': [{'subnet_id': '7a595f0a-8be8-493a-865f-d4abc3ead673', 'ip_address': '10.180.180.172'}], 'enable_snat': True}, 'description': '', 'availability_zones': [], 'distributed': False, 'ha': False, 'availability_zone_hints': [], 'routes': [], 'flavor_id': None, 'tags': [], 'created_at': '2024-12-10T18:35:00Z', 'updated_at': '2024-12-10T18:35:01Z', 'revision_number': 2, 'project_id': '2673dfd2fa8e4e0fa5e848697e894357'}
2024-12-10 18:35:05.563 65838 INFO tempest.lib.common.rest_client [req-08020cf5-1916-46d5-bc81-c1fa4ea9825d req-08020cf5-1916-46d5-bc81-c1fa4ea9825d ] Request (FloatingIPsAssociationNegativeTestJSON:setUpClass): 201 POST http://10.180.1.21/identity/v3/auth/tokens 0.326s
2024-12-10 18:35:05.578 65788 INFO tempest.lib.common.rest_client [req-e808016f-b8cd-46e6-b6b1-25532b391ad4 req-e808016f-b8cd-46e6-b6b1-25532b391ad4 ] Request (SecurityGroupsNegativeTestJSON:setUpClass): 201 POST http://10.180.1.21/identity/v3/auth/tokens 0.324s
2024-12-10 18:35:05.585 65804 INFO tempest.lib.common.rest_client [req-a15d9fe5-7c5d-4f99-8bf7-a0d53e30d25d req-a15d9fe5-7c5d-4f99-8bf7-a0d53e30d25d ] Request (MigrationsAdminTest:test_list_migrations_in_flavor_resize_situation): 200 GET http://10.180.1.21/compute/v2.1/servers/696da7d0-08b4-410c-8caa-300c12d02359 0.860s
2024-12-10 18:35:05.591 65830 INFO tempest.lib.common.rest_client [req-170e5125-c7db-4c22-8104-6911dfbca364 req-170e5125-c7db-4c22-8104-6911dfbca364 ] Request (FlavorsExtraSpecsNegativeTestJSON:test_flavor_update_mismatch_key): 400 PUT http://10.180.1.21/compute/v2.1/flavors/1041295195/os-extra_specs/hw:numa_nodes 0.765s
2024-12-10 18:35:05.597 65810 INFO tempest.lib.common.rest_client [req-bfdde81e-5ac7-4f8b-89a1-189f18c0d12e req-bfdde81e-5ac7-4f8b-89a1-189f18c0d12e ] Request (HostsAdminNegativeTestJSON:test_startup_host_with_non_admin_user): 403 GET http://10.180.1.21/compute/v2.1/os-hosts/devstack/startup 0.758s
2024-12-10 18:35:05.601 65832 INFO tempest.lib.common.rest_client [req-2a8901e8-c739-4787-ac34-3db632e6c806 req-2a8901e8-c739-4787-ac34-3db632e6c806 ] Request (ServerTagsTestJSON:setUpClass): 204 PUT http://10.180.1.21/identity/v3/projects/79899edd7963468d85a08f423a72226f/users/8817faa56f444612aca989d4937f8f83/roles/f89e994360ae46ff98b886c104123a87 0.296s
2024-12-10 18:35:05.602 65832 INFO tempest.lib.common.dynamic_creds [-] Dynamic test user 8817faa56f444612aca989d4937f8f83 is created with scope project and roles: ['member']
2024-12-10 18:35:05.602 65832 INFO tempest.lib.common.dynamic_creds [-] Acquired dynamic creds: credentials: Credentials: {'domain_id': 'default', 'domain_name': 'Default', 'username': 'tempest-ServerTagsTestJSON-1199039471-project-member', 'project_domain_id': 'default', 'project_domain_name': 'Default', 'project_id': '79899edd7963468d85a08f423a72226f', 'project_name': 'tempest-ServerTagsTestJSON-1199039471', 'tenant_id': '79899edd7963468d85a08f423a72226f', 'tenant_name': 'tempest-ServerTagsTestJSON-1199039471', 'user_domain_id': 'default', 'user_domain_name': 'Default', 'user_id': '8817faa56f444612aca989d4937f8f83', 'system': None}, Network: None, Subnet: None, Router: None
2024-12-10 18:35:05.615 65812 INFO tempest.lib.common.rest_client [req-ab07280e-20fb-43ca-8316-a227f8c3c50d req-ab07280e-20fb-43ca-8316-a227f8c3c50d ] Request (FlavorsV255TestJSON:tearDownClass): 200 GET http://10.180.1.21:9696/networking/v2.0/security-groups?tenant_id=33247410d5f743b08764096b6f74a3c9&name=default 0.263s
2024-12-10 18:35:05.620 65814 INFO tempest.lib.common.rest_client [req-2a5f7b84-959a-4d01-89c9-ceb10c9afab4 req-2a5f7b84-959a-4d01-89c9-ceb10c9afab4 ] Request (FlavorsAdminTestJSON:_run_cleanups): 200 GET http://10.180.1.21/compute/v2.1/flavors/detail 0.766s
2024-12-10 18:35:05.627 65840 INFO tempest.lib.common.rest_client [req-3215f59a-a256-42bb-b0c0-86775a00e90a req-3215f59a-a256-42bb-b0c0-86775a00e90a ] Request (MultipleCreateNegativeTestJSON:setUpClass): 201 POST http://10.180.1.21/identity/v3/auth/tokens 0.218s
2024-12-10 18:35:05.630 65820 INFO tempest.lib.common.rest_client [req-468fc7db-6113-4fca-89e9-d5fad2cecaeb req-468fc7db-6113-4fca-89e9-d5fad2cecaeb ] Request (ServersAaction247Test:setUpClass): 201 POST http://10.180.1.21/identity/v3/auth/tokens 0.195s
2024-12-10 18:35:05.640 65798 INFO tempest.lib.common.rest_client [req-2922ce15-7039-4b49-be1a-00ee4db0cea2 req-2922ce15-7039-4b49-be1a-00ee4db0cea2 ] Request (KeyPairsV210TestJSON:_run_cleanups): 204 DELETE http://10.180.1.21/compute/v2.1/os-keypairs/tempest-KeyPairsV210TestJSON-keypair-978040650 0.775s
2024-12-10 18:35:05.655 65796 INFO tempest.lib.common.rest_client [req-34089cdc-b050-4c12-9f2f-d6f098732b3b req-34089cdc-b050-4c12-9f2f-d6f098732b3b ] Request (ServersV294TestFqdnHostnames:setUpClass): 201 POST http://10.180.1.21/identity/v3/projects 0.179s
2024-12-10 18:35:05.704 65822 INFO tempest.lib.common.rest_client [req-a35311aa-8189-47b8-8e2b-75beb335c992 req-a35311aa-8189-47b8-8e2b-75beb335c992 ] Request (FlavorsAccessTestJSON:tearDownClass): 204 DELETE http://10.180.1.21/identity/v3/users/5dbb038cd5cd422da80a49f74bd20e78 0.204s
2024-12-10 18:35:05.758 65800 INFO tempest.lib.common.rest_client [req-6ee35145-e6af-437f-bcb5-d074f4c88408 req-6ee35145-e6af-437f-bcb5-d074f4c88408 ] Request (ServicesAdminNegativeTestJSON:tearDownClass): 200 GET http://10.180.1.21:9696/networking/v2.0/security-groups?tenant_id=3edfb191bb684b4586872699b464f73c&name=default 0.244s
2024-12-10 18:35:05.772 65826 INFO tempest.lib.common.rest_client [req-b25b8b3b-496c-4423-a6f6-f439fc78e63a req-b25b8b3b-496c-4423-a6f6-f439fc78e63a ] Request (ImagesOneServerNegativeTestJSON:setUpClass): 201 POST http://10.180.1.21/identity/v3/auth/tokens 0.251s
2024-12-10 18:35:05.776 65802 INFO tempest.lib.common.rest_client [req-4f45b67d-e7f4-4562-9730-19f897027f3a req-4f45b67d-e7f4-4562-9730-19f897027f3a ] Request (QuotaClassesAdmin257Test:tearDownClass): 204 DELETE http://10.180.1.21/identity/v3/projects/763a4273bf564083820201a85da5794b 0.267s
2024-12-10 18:35:05.777 65802 INFO tempest.lib.common.dynamic_creds [-] Deleting project and security group for project: ee1d62600da14a678a40dcfcc5e93d48
2024-12-10 18:35:05.805 65812 INFO tempest.lib.common.rest_client [req-63fc8814-72b0-4285-8cb0-2807f3cab28e req-63fc8814-72b0-4285-8cb0-2807f3cab28e ] Request (FlavorsV255TestJSON:tearDownClass): 204 DELETE http://10.180.1.21:9696/networking/v2.0/security-groups/38977182-d2de-493b-b969-0fc1eb1fd03f 0.190s
2024-12-10 18:35:05.873 65832 INFO tempest.lib.common.rest_client [req-bf2dde25-9be1-4522-886a-f43cf74b0651 req-bf2dde25-9be1-4522-886a-f43cf74b0651 ] Request (ServerTagsTestJSON:setUpClass): 201 POST http://10.180.1.21/identity/v3/auth/tokens 0.271s
2024-12-10 18:35:05.877 65840 INFO tempest.lib.common.rest_client [req-7ce9089a-bc75-4fbb-b33d-32e5c43c7ad5 req-7ce9089a-bc75-4fbb-b33d-32e5c43c7ad5 ] Request (MultipleCreateNegativeTestJSON:setUpClass): 200 GET http://10.180.1.21/identity/v3/domains?name=Default 0.249s
2024-12-10 18:35:05.898 65820 INFO tempest.lib.common.rest_client [req-46ff3775-011a-4c71-9f1d-20f30bb4e8b3 req-46ff3775-011a-4c71-9f1d-20f30bb4e8b3 ] Request (ServersAaction247Test:setUpClass): 200 GET http://10.180.1.21/identity/v3/domains?name=Default 0.267s
2024-12-10 18:35:05.997 65796 INFO tempest.lib.common.rest_client [req-fbb6c460-3310-4096-a9ac-47f370fb543b req-fbb6c460-3310-4096-a9ac-47f370fb543b ] Request (ServersV294TestFqdnHostnames:setUpClass): 201 POST http://10.180.1.21/identity/v3/users 0.341s
2024-12-10 18:35:06.003 65800 INFO tempest.lib.common.rest_client [req-269b27e9-1f9d-4500-895d-4fb2e230b4fd req-269b27e9-1f9d-4500-895d-4fb2e230b4fd ] Request (ServicesAdminNegativeTestJSON:tearDownClass): 204 DELETE http://10.180.1.21:9696/networking/v2.0/security-groups/4a72cba5-6952-48e1-a3ce-4a5de8886f4f 0.245s
2024-12-10 18:35:06.024 65802 INFO tempest.lib.common.rest_client [req-a5bc432d-c476-40a4-990e-664f7b9d8e13 req-a5bc432d-c476-40a4-990e-664f7b9d8e13 ] Request (QuotaClassesAdmin257Test:tearDownClass): 200 GET http://10.180.1.21:9696/networking/v2.0/security-groups?tenant_id=ee1d62600da14a678a40dcfcc5e93d48&name=default 0.247s
2024-12-10 18:35:06.034 65794 INFO tempest.lib.common.rest_client [req-0060b7aa-71da-47da-bcdb-75db0d6a4111 req-0060b7aa-71da-47da-bcdb-75db0d6a4111 ] Request (QuotasAdminNegativeTest:_run_cleanups): 200 PUT http://10.180.1.21/compute/v2.1/os-quota-sets/2e53c7c2ab3c4458af425ca8f163e263 1.500s
2024-12-10 18:35:06.059 65826 INFO tempest.lib.common.rest_client [req-6a0fbc11-a6c1-4565-801f-5c2c6c3037fb req-6a0fbc11-a6c1-4565-801f-5c2c6c3037fb ] Request (ImagesOneServerNegativeTestJSON:setUpClass): 201 POST http://10.180.1.21/identity/v3/auth/tokens 0.279s
2024-12-10 18:35:06.059 65826 INFO tempest.lib.common.fixed_network [-] (ImagesOneServerNegativeTestJSON:setUpClass) Found network {'id': '9158315c-92e0-4989-886d-741e7891cfcf', 'name': 'tempest-ImagesOneServerNegativeTestJSON-328217441-network', 'tenant_id': '2673dfd2fa8e4e0fa5e848697e894357', 'admin_state_up': True, 'mtu': 8950, 'status': 'ACTIVE', 'subnets': [], 'shared': False, 'project_id': '2673dfd2fa8e4e0fa5e848697e894357', 'port_security_enabled': True, 'router:external': False, 'provider:network_type': 'vlan', 'provider:physical_network': 'default', 'provider:segmentation_id': 470, 'availability_zone_hints': [], 'availability_zones': [], 'ipv4_address_scope': None, 'ipv6_address_scope': None, 'description': '', 'tags': [], 'created_at': '2024-12-10T18:35:00Z', 'updated_at': '2024-12-10T18:35:00Z', 'revision_number': 1} available for tenant
2024-12-10 18:35:06.063 65822 INFO tempest.lib.common.rest_client [req-838df043-ad77-4c9d-9285-18c477fb877a req-838df043-ad77-4c9d-9285-18c477fb877a ] Request (FlavorsAccessTestJSON:tearDownClass): 204 DELETE http://10.180.1.21/identity/v3/users/1104e62ea4de4bdca913e348122cc3fa 0.358s
