2025-05-13 12:19:18.956 70070 INFO tempest.lib.common.dynamic_creds [-] Created isolated network resources for: credentials: Credentials: {'domain_id': 'default', 'domain_name': 'Default', 'username': 'tempest-InstanceActionsV221TestJSON-434475733-project-member', 'project_domain_id': 'default', 'project_domain_name': 'Default', 'project_id': '9ea34147a34a47d291721f772efe9cb7', 'project_name': 'tempest-InstanceActionsV221TestJSON-434475733', 'tenant_id': '9ea34147a34a47d291721f772efe9cb7', 'tenant_name': 'tempest-InstanceActionsV221TestJSON-434475733', 'user_domain_id': 'default', 'user_domain_name': 'Default', 'user_id': '79c42165e21647b99348d9a888470372', 'system': None}, Network: {'id': 'a8637b58-1457-458f-a552-40f66e20af7d', 'name': 'tempest-InstanceActionsV221TestJSON-1187803412-network', 'tenant_id': '9ea34147a34a47d291721f772efe9cb7', 'admin_state_up': True, 'mtu': 8950, 'status': 'ACTIVE', 'subnets': [], 'shared': False, 'project_id': '9ea34147a34a47d291721f772efe9cb7', 'port_security_enabled': True, 'router:external': False, 'provider:network_type': 'vlan', 'provider:physical_network': 'default', 'provider:segmentation_id': 966, 'availability_zone_hints': [], 'availability_zones': [], 'ipv4_address_scope': None, 'ipv6_address_scope': None, 'description': '', 'tags': [], 'created_at': '2025-05-13T12:19:10Z', 'updated_at': '2025-05-13T12:19:10Z', 'revision_number': 1}, Subnet: {'id': '6d32f774-4da6-4a97-9c87-53a36f5053f1', 'name': 'tempest-InstanceActionsV221TestJSON-1187803412-subnet', 'tenant_id': '9ea34147a34a47d291721f772efe9cb7', 'network_id': 'a8637b58-1457-458f-a552-40f66e20af7d', 'ip_version': 4, 'subnetpool_id': None, 'enable_dhcp': True, 'ipv6_ra_mode': None, 'ipv6_address_mode': None, 'gateway_ip': '192.168.128.1', 'cidr': '192.168.128.0/28', 'allocation_pools': [{'start': '192.168.128.2', 'end': '192.168.128.14'}], 'host_routes': [], 'dns_nameservers': [], 'description': '', 'router:external': False, 'service_types': [], 'tags': [], 'created_at': '2025-05-13T12:19:11Z', 'updated_at': '2025-05-13T12:19:11Z', 'revision_number': 0, 'project_id': '9ea34147a34a47d291721f772efe9cb7'}, Router: {'id': '7390ee73-a56f-443a-a587-93efb032fb25', 'name': 'tempest-InstanceActionsV221TestJSON-1187803412-router', 'tenant_id': '9ea34147a34a47d291721f772efe9cb7', 'admin_state_up': True, 'status': 'ACTIVE', 'external_gateway_info': {'network_id': '6bab61da-b940-43dd-ae9d-0a6ffa65bbc9', 'external_fixed_ips': [{'subnet_id': '1e6a3b2d-7cef-4db4-a59c-ce754e63c7a8', 'ip_address': '10.180.180.225'}], 'enable_snat': True}, 'description': '', 'availability_zones': [], 'distributed': False, 'ha': False, 'availability_zone_hints': [], 'routes': [], 'flavor_id': None, 'tags': [], 'created_at': '2025-05-13T12:19:11Z', 'updated_at': '2025-05-13T12:19:12Z', 'revision_number': 2, 'project_id': '9ea34147a34a47d291721f772efe9cb7'}
2025-05-13 12:19:18.964 70076 INFO tempest.lib.common.rest_client [req-61905664-630f-4632-81a5-0795fa7d37a7 req-61905664-630f-4632-81a5-0795fa7d37a7 ] Request (ServersListShow296Test:setUpClass): 201 POST http://10.180.1.21/identity/v3/users 0.073s
2025-05-13 12:19:18.966 70098 INFO tempest.lib.common.rest_client [req-4b3a02ba-0d7b-4282-addf-f82159370376 req-4b3a02ba-0d7b-4282-addf-f82159370376 ] Request (ServersTestJSON:setUpClass): 200 GET http://10.180.1.21/compute/v2.1/servers/38473040-ef89-4a31-8c32-85f10fee039d 2.086s
2025-05-13 12:19:18.973 70092 INFO tempest.lib.common.rest_client [req-27de5946-2933-4123-8994-f2caecef6a3c req-27de5946-2933-4123-8994-f2caecef6a3c ] Request (MigrationsAdminTest:test_list_migrations_in_flavor_resize_situation): 200 GET http://10.180.1.21/compute/v2.1/servers/7626e483-2d84-4a06-8f38-f8fd431da011 2.198s
2025-05-13 12:19:19.012 70076 INFO tempest.lib.common.rest_client [req-297ff1dc-f223-45cc-9fb9-cae268d92bd9 req-297ff1dc-f223-45cc-9fb9-cae268d92bd9 ] Request (ServersListShow296Test:setUpClass): 200 GET http://10.180.1.21/identity/v3/roles 0.048s
2025-05-13 12:19:19.058 70082 INFO tempest.lib.common.rest_client [req-8d06c435-bcb2-4025-b969-b80de2a7040a req-8d06c435-bcb2-4025-b969-b80de2a7040a ] Request (QuotaClassesAdminTestJSON:tearDownClass): 204 DELETE http://10.180.1.21:9696/networking/v2.0/security-groups/8a729c65-c4af-4ed5-bf18-0510762c5f86 0.494s
2025-05-13 12:19:19.060 70048 INFO tempest.lib.common.rest_client [req-31891614-595b-4be3-9679-69c0d90d8186 req-31891614-595b-4be3-9679-69c0d90d8186 ] Request (ImagesOneServerNegativeTestJSON:setUpClass): 200 GET http://10.180.1.21/compute/v2.1/servers/828f7a0a-dd24-4c98-85cf-5d99627860d7 2.147s
2025-05-13 12:19:19.068 70066 INFO tempest.lib.common.rest_client [req-298c9e32-31f3-41cc-b1b4-cdf9f9f64997 req-298c9e32-31f3-41cc-b1b4-cdf9f9f64997 ] Request (ServersTestMultiNic:setUpClass): 201 POST http://10.180.1.21:9696/networking/v2.0/routers 3.223s
2025-05-13 12:19:19.106 70070 INFO tempest.lib.common.rest_client [req-91a1b4d5-2754-4584-a05e-bf1052ecec75 req-91a1b4d5-2754-4584-a05e-bf1052ecec75 ] Request (InstanceActionsV221TestJSON:setUpClass): 201 POST http://10.180.1.21/identity/v3/auth/tokens 0.144s
2025-05-13 12:19:19.130 70058 INFO tempest.lib.common.rest_client [req-96da55ec-b19c-4ad9-85b5-deb4f713de92 req-96da55ec-b19c-4ad9-85b5-deb4f713de92 ] Request (ListServersNegativeTestJSON:setUpClass): 200 GET http://10.180.1.21/compute/v2.1/servers/27c5d873-f24c-4e20-9bcf-1b157114e5d0 2.021s
2025-05-13 12:19:19.141 70076 INFO tempest.lib.common.rest_client [req-d971b6f9-16de-45ee-a6a5-53184a1683c5 req-d971b6f9-16de-45ee-a6a5-53184a1683c5 ] Request (ServersListShow296Test:setUpClass): 204 PUT http://10.180.1.21/identity/v3/projects/c6b950bcab6744b19c2cb13b55372d86/users/f020eaebf8c843798d177e58c2875509/roles/eec125c1a094460cb46ca640aa5166c8 0.127s
2025-05-13 12:19:19.141 70076 INFO tempest.lib.common.dynamic_creds [-] Dynamic test user f020eaebf8c843798d177e58c2875509 is created with scope project and roles: ['member']
2025-05-13 12:19:19.141 70076 INFO tempest.lib.common.dynamic_creds [-] Acquired dynamic creds: credentials: Credentials: {'domain_id': 'default', 'domain_name': 'Default', 'username': 'tempest-ServersListShow296Test-1902346217-project-member', 'project_domain_id': 'default', 'project_domain_name': 'Default', 'project_id': 'c6b950bcab6744b19c2cb13b55372d86', 'project_name': 'tempest-ServersListShow296Test-1902346217', 'tenant_id': 'c6b950bcab6744b19c2cb13b55372d86', 'tenant_name': 'tempest-ServersListShow296Test-1902346217', 'user_domain_id': 'default', 'user_domain_name': 'Default', 'user_id': 'f020eaebf8c843798d177e58c2875509', 'system': None}, Network: None, Subnet: None, Router: None
2025-05-13 12:19:19.141 70076 INFO tempest.lib.common.dynamic_creds [-] Created isolated network resources for: credentials: Credentials: {'domain_id': 'default', 'domain_name': 'Default', 'username': 'tempest-ServersListShow296Test-1902346217-project-member', 'project_domain_id': 'default', 'project_domain_name': 'Default', 'project_id': 'c6b950bcab6744b19c2cb13b55372d86', 'project_name': 'tempest-ServersListShow296Test-1902346217', 'tenant_id': 'c6b950bcab6744b19c2cb13b55372d86', 'tenant_name': 'tempest-ServersListShow296Test-1902346217', 'user_domain_id': 'default', 'user_domain_name': 'Default', 'user_id': 'f020eaebf8c843798d177e58c2875509', 'system': None}, Network: None, Subnet: None, Router: None
2025-05-13 12:19:19.168 70084 INFO tempest.lib.common.rest_client [req-e05a7f60-50ad-40d8-8f4f-8fcf1337692c req-e05a7f60-50ad-40d8-8f4f-8fcf1337692c ] Request (FlavorsAdminTestJSON:test_is_public_string_variations): 200 GET http://10.180.1.21/compute/v2.1/flavors/detail?is_public=1 2.031s
2025-05-13 12:19:19.182 70096 INFO tempest.lib.common.rest_client [req-829bc163-de2c-46de-bb8b-db04895a2992 req-829bc163-de2c-46de-bb8b-db04895a2992 ] Request (ServerExternalEventsTest:test_create_server_external_events): 200 POST http://10.180.1.21/compute/v2.1/os-server-external-events 2.084s
2025-05-13 12:19:19.216 70106 INFO tempest.lib.common.rest_client [req-cd294f0e-6e5c-4f1c-9372-34d8f7e2c480 req-cd294f0e-6e5c-4f1c-9372-34d8f7e2c480 ] Request (AggregatesAdminNegativeTestJSON:_run_cleanups): 200 DELETE http://10.180.1.21/compute/v2.1/os-aggregates/7 1.893s
2025-05-13 12:19:19.266 70070 INFO tempest.lib.common.rest_client [req-bf6e50c9-21fc-4c0b-b1fc-0104306a5910 req-bf6e50c9-21fc-4c0b-b1fc-0104306a5910 ] Request (InstanceActionsV221TestJSON:test_get_list_deleted_instance_actions): 201 POST http://10.180.1.21/identity/v3/auth/tokens 0.152s
2025-05-13 12:19:19.267 70070 INFO tempest.lib.common.fixed_network [-] (InstanceActionsV221TestJSON:test_get_list_deleted_instance_actions) Found network {'id': 'a8637b58-1457-458f-a552-40f66e20af7d', 'name': 'tempest-InstanceActionsV221TestJSON-1187803412-network', 'tenant_id': '9ea34147a34a47d291721f772efe9cb7', 'admin_state_up': True, 'mtu': 8950, 'status': 'ACTIVE', 'subnets': [], 'shared': False, 'project_id': '9ea34147a34a47d291721f772efe9cb7', 'port_security_enabled': True, 'router:external': False, 'provider:network_type': 'vlan', 'provider:physical_network': 'default', 'provider:segmentation_id': 966, 'availability_zone_hints': [], 'availability_zones': [], 'ipv4_address_scope': None, 'ipv6_address_scope': None, 'description': '', 'tags': [], 'created_at': '2025-05-13T12:19:10Z', 'updated_at': '2025-05-13T12:19:10Z', 'revision_number': 1} available for tenant
2025-05-13 12:19:19.289 70062 INFO tempest.lib.common.rest_client [req-1483a431-1a95-4ad1-9ae4-0736b31fe151 req-1483a431-1a95-4ad1-9ae4-0736b31fe151 ] Request (FloatingIPsAssociationNegativeTestJSON:tearDownClass): 200 GET http://10.180.1.21/compute/v2.1/servers/69037fde-1312-4ff7-b405-38c8f32cb1f9 2.045s
2025-05-13 12:19:19.306 70078 INFO tempest.lib.common.rest_client [req-6c37902e-710d-41d3-b1a7-67a0b7c33f17 req-6c37902e-710d-41d3-b1a7-67a0b7c33f17 ] Request (ImagesOneServerTestJSON:test_create_delete_image): 200 GET http://10.180.1.21/compute/v2.1/flavors/42 1.751s
2025-05-13 12:19:19.345 70072 INFO tempest.lib.common.rest_client [req-dc1f6781-ca3e-4772-8a13-478abbdcaf07 req-dc1f6781-ca3e-4772-8a13-478abbdcaf07 ] Request (ServerActionsTestJSON:setUpClass): 200 GET http://10.180.1.21/compute/v2.1/servers/19c06f92-7f17-4834-b8be-723eb3f313c5 1.984s
2025-05-13 12:19:19.350 70082 INFO tempest.lib.common.rest_client [req-0e995a96-7bfe-44ee-b6e2-820871c85fad req-0e995a96-7bfe-44ee-b6e2-820871c85fad ] Request (QuotaClassesAdminTestJSON:tearDownClass): 204 DELETE http://10.180.1.21/identity/v3/projects/6504367cef1c43fd919f30620a2467c8 0.291s
2025-05-13 12:19:19.350 70082 INFO tempest.lib.common.dynamic_creds [-] Deleting project and security group for project: 4c13c6a6174b4b068ac52fece1471e96
2025-05-13 12:19:19.443 70076 INFO tempest.lib.common.rest_client [req-0a472c50-eb09-42e8-8ce5-7b7498f8a01b req-0a472c50-eb09-42e8-8ce5-7b7498f8a01b ] Request (ServersListShow296Test:setUpClass): 201 POST http://10.180.1.21/identity/v3/auth/tokens 0.293s
2025-05-13 12:19:19.498 70076 INFO tempest.lib.common.rest_client [req-e5bbfa65-10e0-43cb-b446-ee561ffbe366 req-e5bbfa65-10e0-43cb-b446-ee561ffbe366 ] Request (ServersListShow296Test:test_list_show_update_rebuild_server_296): 201 POST http://10.180.1.21/identity/v3/auth/tokens 0.050s
2025-05-13 12:19:19.500 70076 INFO tempest.lib.common.fixed_network [-] (ServersListShow296Test:test_list_show_update_rebuild_server_296) Found network None available for tenant
2025-05-13 12:19:19.645 70054 INFO tempest.lib.common.rest_client [req-55de77fa-3685-4793-815a-f92884bfc1bf req-55de77fa-3685-4793-815a-f92884bfc1bf ] Request (SecurityGroupsTestJSON:test_list_security_groups_by_server): 200 GET http://10.180.1.21/compute/v2.1/servers/f8b193f7-1c9d-426b-a182-4870354ccd84 1.831s
2025-05-13 12:19:19.743 70056 INFO tempest.lib.common.rest_client [req-7c43e5be-474a-48dd-b142-08c2082ce130 req-7c43e5be-474a-48dd-b142-08c2082ce130 ] Request (VolumesAdminNegativeTest:test_update_attached_volume_with_nonexistent_volume_in_body): 200 GET http://10.180.1.21/compute/v2.1/servers/f9f0ae85-57a8-4e21-8e5e-87a3630ee05c 1.753s
2025-05-13 12:19:19.758 70082 INFO tempest.lib.common.rest_client [req-f18363ef-460c-4416-9555-eab3b1eed985 req-f18363ef-460c-4416-9555-eab3b1eed985 ] Request (QuotaClassesAdminTestJSON:tearDownClass): 200 GET http://10.180.1.21:9696/networking/v2.0/security-groups?tenant_id=4c13c6a6174b4b068ac52fece1471e96&name=default 0.408s
2025-05-13 12:19:19.817 70108 INFO tempest.lib.common.rest_client [req-cd101cb4-3fb1-4ed1-b848-4956cba3f878 req-cd101cb4-3fb1-4ed1-b848-4956cba3f878 ] Request (DeleteServersAdminTestJSON:test_delete_server_while_in_error_state): 200 GET http://10.180.1.21/compute/v2.1/servers/e35191b8-2393-48e1-a120-f2a030ecec52 1.610s
2025-05-13 12:19:19.897 70088 INFO tempest.lib.common.rest_client [req-b765ad55-65c6-46e9-a37a-d636ffc61a86 req-b765ad55-65c6-46e9-a37a-d636ffc61a86 ] Request (ServerDiagnosticsV248Test:tearDownClass): 200 GET http://10.180.1.21/compute/v2.1/servers/1b8c127a-c70e-435c-956e-1b8ad3a0d568 1.477s
2025-05-13 12:19:19.977 70100 INFO tempest.lib.common.rest_client [req-beb5e709-2598-4523-b8f9-150741a3f838 req-beb5e709-2598-4523-b8f9-150741a3f838 ] Request (ServerDiagnosticsTest:tearDownClass): 200 GET http://10.180.1.21/compute/v2.1/servers/724c5059-a799-45b3-bfbd-328d7df854fc 1.466s
2025-05-13 12:19:19.990 70082 INFO tempest.lib.common.rest_client [req-b39101f4-190b-4a8b-8a88-3a750b1dbe45 req-b39101f4-190b-4a8b-8a88-3a750b1dbe45 ] Request (QuotaClassesAdminTestJSON:tearDownClass): 204 DELETE http://10.180.1.21:9696/networking/v2.0/security-groups/5ad81f52-32bf-4129-a224-919fb6057c19 0.232s
2025-05-13 12:19:19.995 70052 INFO tempest.lib.common.rest_client [req-d6d9cb3b-274f-4f84-8297-24db2db3bf09 req-d6d9cb3b-274f-4f84-8297-24db2db3bf09 ] Request (ListImageFiltersTestJSON:setUpClass): 202 POST http://10.180.1.21/compute/v2.1/servers/8c85c90a-f87e-4356-8752-b7b8a16d12cd/action 2.015s
2025-05-13 12:19:20.050 70068 INFO tempest.lib.common.rest_client [req-d30bb751-d2ca-437e-8943-9540c598491c req-d30bb751-d2ca-437e-8943-9540c598491c ] Request (ServersAdminNegativeTestJSON:test_migrate_server_invalid_state): 200 GET http://10.180.1.21/compute/v2.1/servers/2635794b-46eb-4532-9f26-43b36242e0bf 1.450s
2025-05-13 12:19:20.088 70103 INFO tempest.lib.common.rest_client [req-a07d2eb3-f064-47f2-911e-02a7b26f14c4 req-a07d2eb3-f064-47f2-911e-02a7b26f14c4 ] Request (ServerDiagnosticsNegativeTest:tearDownClass): 200 GET http://10.180.1.21/compute/v2.1/servers/4510171e-9670-4bd6-a63c-c55b4917c7ed 1.427s
2025-05-13 12:19:20.126 70060 INFO tempest.lib.common.rest_client [req-bb42d2ca-8ca9-4d3c-881f-d9e6a852f310 req-bb42d2ca-8ca9-4d3c-881f-d9e6a852f310 ] Request (ServerAddressesNegativeTestJSON:setUpClass): 200 GET http://10.180.1.21/compute/v2.1/servers/be3699ce-b81b-4db4-b82f-1ec081a96855 1.354s
2025-05-13 12:19:20.140 70082 INFO tempest.lib.common.rest_client [req-5ac5e21a-8f27-441b-881a-0556f12413fe req-5ac5e21a-8f27-441b-881a-0556f12413fe ] Request (QuotaClassesAdminTestJSON:tearDownClass): 204 DELETE http://10.180.1.21/identity/v3/projects/4c13c6a6174b4b068ac52fece1471e96 0.149s
2025-05-13 12:19:20.178 70064 INFO tempest.lib.common.rest_client [req-6f3d73b8-e0f4-4ba6-bbf1-c128dc9ad907 req-6f3d73b8-e0f4-4ba6-bbf1-c128dc9ad907 ] Request (FloatingIPsAssociationTestJSON:test_associate_already_associated_floating_ip): 200 GET http://10.180.1.21/compute/v2.1/servers/60eb16dd-8c95-46c1-a226-ee1280cbd403 1.386s
2025-05-13 12:19:20.229 70084 INFO tempest.lib.common.rest_client [req-6655e0e0-c2e9-4718-b1d9-e861103965ef req-6655e0e0-c2e9-4718-b1d9-e861103965ef ] Request (FlavorsAdminTestJSON:_run_cleanups): 202 DELETE http://10.180.1.21/compute/v2.1/flavors/1423264141 1.046s
2025-05-13 12:19:20.229 70082 INFO tempest.lib.common.rest_client [req-cce74ebe-69dd-457d-bf16-d3addb1bef11 req-cce74ebe-69dd-457d-bf16-d3addb1bef11 ] Request (QuotasAdminNegativeTest:setUpClass): 201 POST http://10.180.1.21/identity/v3/auth/tokens 0.087s
2025-05-13 12:19:20.230 70090 INFO tempest.lib.common.rest_client [req-770e3631-9a97-4a68-afa6-d86f3048c54e req-770e3631-9a97-4a68-afa6-d86f3048c54e ] Request (ServersAdminTestJSON:setUpClass): 200 GET http://10.180.1.21/compute/v2.1/servers/f99efbb3-ef7e-4feb-b29b-2cfded1643fd 1.323s
2025-05-13 12:19:20.262 70106 INFO tempest.lib.common.rest_client [req-b4b79e36-dd14-4968-a6b9-d1c43b2a25e6 req-b4b79e36-dd14-4968-a6b9-d1c43b2a25e6 ] Request (AggregatesAdminNegativeTestJSON:test_aggregate_remove_nonexistent_host): 200 POST http://10.180.1.21/compute/v2.1/os-aggregates 1.042s
2025-05-13 12:19:20.303 70082 INFO tempest.lib.common.rest_client [req-6fd890dc-0af8-4065-be44-35cff7ab3be7 req-6fd890dc-0af8-4065-be44-35cff7ab3be7 ] Request (QuotasAdminNegativeTest:setUpClass): 201 POST http://10.180.1.21/identity/v3/auth/tokens 0.068s
2025-05-13 12:19:20.359 70082 INFO tempest.lib.common.rest_client [req-de1f689c-46d2-4b4e-8f5d-27b6951fdbbf req-de1f689c-46d2-4b4e-8f5d-27b6951fdbbf ] Request (QuotasAdminNegativeTest:setUpClass): 200 GET http://10.180.1.21/identity/v3/domains?name=Default 0.056s
2025-05-13 12:19:20.397 70096 INFO tempest.lib.common.rest_client [req-12d7999a-9052-4480-9890-bdac3d3f6d04 req-12d7999a-9052-4480-9890-bdac3d3f6d04 ] Request (ServerExternalEventsTest:tearDownClass): 204 DELETE http://10.180.1.21/compute/v2.1/servers/b3fc7334-8f11-44cb-b3b1-49eb73ad14cf 1.206s
2025-05-13 12:19:20.397 70082 INFO tempest.lib.common.rest_client [req-a30c05e7-9817-40d5-8664-0dbcdffccd39 req-a30c05e7-9817-40d5-8664-0dbcdffccd39 ] Request (QuotasAdminNegativeTest:setUpClass): 201 POST http://10.180.1.21/identity/v3/projects 0.037s
2025-05-13 12:19:20.471 70082 INFO tempest.lib.common.rest_client [req-72b476f6-6c74-475f-b078-53ec76f29fe4 req-72b476f6-6c74-475f-b078-53ec76f29fe4 ] Request (QuotasAdminNegativeTest:setUpClass): 201 POST http://10.180.1.21/identity/v3/users 0.074s
2025-05-13 12:19:20.499 70082 INFO tempest.lib.common.rest_client [req-fab276cf-2e9f-42ad-a542-5e0a2a5b8ae8 req-fab276cf-2e9f-42ad-a542-5e0a2a5b8ae8 ] Request (QuotasAdminNegativeTest:setUpClass): 200 GET http://10.180.1.21/identity/v3/roles 0.027s
2025-05-13 12:19:20.500 70078 INFO tempest.lib.common.rest_client [req-da9df3ba-89ca-486b-bc84-9ba2ea525e44 req-da9df3ba-89ca-486b-bc84-9ba2ea525e44 ] Request (ImagesOneServerTestJSON:test_create_delete_image): 204 DELETE http://10.180.1.21/compute/v2.1/images/cf6b6dc8-4715-4e22-b16b-87a0e18ad8dc 1.191s
2025-05-13 12:19:20.549 70082 INFO tempest.lib.common.rest_client [req-0924e1c1-7b61-461f-903f-c2bf746d6b09 req-0924e1c1-7b61-461f-903f-c2bf746d6b09 ] Request (QuotasAdminNegativeTest:setUpClass): 204 PUT http://10.180.1.21/identity/v3/projects/d2e69915a71442fd8d3d78538ab77fd0/users/7b898b2c96374537b611d9def7ec6f96/roles/eec125c1a094460cb46ca640aa5166c8 0.049s
2025-05-13 12:19:20.549 70082 INFO tempest.lib.common.dynamic_creds [-] Dynamic test user 7b898b2c96374537b611d9def7ec6f96 is created with scope project and roles: ['member']
2025-05-13 12:19:20.549 70082 INFO tempest.lib.common.dynamic_creds [-] Acquired dynamic creds: credentials: Credentials: {'domain_id': 'default', 'domain_name': 'Default', 'username': 'tempest-QuotasAdminNegativeTest-576544021-project-member', 'project_domain_id': 'default', 'project_domain_name': 'Default', 'project_id': 'd2e69915a71442fd8d3d78538ab77fd0', 'project_name': 'tempest-QuotasAdminNegativeTest-576544021', 'tenant_id': 'd2e69915a71442fd8d3d78538ab77fd0', 'tenant_name': 'tempest-QuotasAdminNegativeTest-576544021', 'user_domain_id': 'default', 'user_domain_name': 'Default', 'user_id': '7b898b2c96374537b611d9def7ec6f96', 'system': None}, Network: None, Subnet: None, Router: None
2025-05-13 12:19:20.549 70082 INFO tempest.lib.common.dynamic_creds [-] Created isolated network resources for: credentials: Credentials: {'domain_id': 'default', 'domain_name': 'Default', 'username': 'tempest-QuotasAdminNegativeTest-576544021-project-member', 'project_domain_id': 'default', 'project_domain_name': 'Default', 'project_id': 'd2e69915a71442fd8d3d78538ab77fd0', 'project_name': 'tempest-QuotasAdminNegativeTest-576544021', 'tenant_id': 'd2e69915a71442fd8d3d78538ab77fd0', 'tenant_name': 'tempest-QuotasAdminNegativeTest-576544021', 'user_domain_id': 'default', 'user_domain_name': 'Default', 'user_id': '7b898b2c96374537b611d9def7ec6f96', 'system': None}, Network: None, Subnet: None, Router: None
2025-05-13 12:19:20.591 70080 INFO tempest.lib.common.rest_client [req-505826aa-74cf-4a99-ab5c-dc08fdbef4a6 req-505826aa-74cf-4a99-ab5c-dc08fdbef4a6 ] Request (MultipleCreateTestJSON:setUpClass): 200 PUT http://10.180.1.21:9696/networking/v2.0/routers/13213851-5b1a-47c7-a4d0-a89fe8357fd8/add_router_interface 1.938s
2025-05-13 12:19:20.592 70080 INFO tempest.lib.common.dynamic_creds [-] Created isolated network resources for: credentials: Credentials: {'domain_id': 'default', 'domain_name': 'Default', 'username': 'tempest-MultipleCreateTestJSON-938873983-project-member', 'project_domain_id': 'default', 'project_domain_name': 'Default', 'project_id': '9730e5b8233d46698a306b5299eeec99', 'project_name': 'tempest-MultipleCreateTestJSON-938873983', 'tenant_id': '9730e5b8233d46698a306b5299eeec99', 'tenant_name': 'tempest-MultipleCreateTestJSON-938873983', 'user_domain_id': 'default', 'user_domain_name': 'Default', 'user_id': '9c9f02da9e4e4b1d9116a3a364827de6', 'system': None}, Network: {'id': 'ec46c5c1-497d-473d-be16-b908a7c7f224', 'name': 'tempest-MultipleCreateTestJSON-1448501516-network', 'tenant_id': '9730e5b8233d46698a306b5299eeec99', 'admin_state_up': True, 'mtu': 8950, 'status': 'ACTIVE', 'subnets': [], 'shared': False, 'project_id': '9730e5b8233d46698a306b5299eeec99', 'port_security_enabled': True, 'router:external': False, 'provider:network_type': 'vlan', 'provider:physical_network': 'default', 'provider:segmentation_id': 997, 'availability_zone_hints': [], 'availability_zones': [], 'ipv4_address_scope': None, 'ipv6_address_scope': None, 'description': '', 'tags': [], 'created_at': '2025-05-13T12:19:15Z', 'updated_at': '2025-05-13T12:19:15Z', 'revision_number': 1}, Subnet: {'id': '743507bf-2ad1-4daf-8b11-b61b381c00e6', 'name': 'tempest-MultipleCreateTestJSON-1448501516-subnet', 'tenant_id': '9730e5b8233d46698a306b5299eeec99', 'network_id': 'ec46c5c1-497d-473d-be16-b908a7c7f224', 'ip_version': 4, 'subnetpool_id': None, 'enable_dhcp': True, 'ipv6_ra_mode': None, 'ipv6_address_mode': None, 'gateway_ip': '192.168.128.1', 'cidr': '192.168.128.0/28', 'allocation_pools': [{'start': '192.168.128.2', 'end': '192.168.128.14'}], 'host_routes': [], 'dns_nameservers': [], 'description': '', 'router:external': False, 'service_types': [], 'tags': [], 'created_at': '2025-05-13T12:19:16Z', 'updated_at': '2025-05-13T12:19:16Z', 'revision_number': 0, 'project_id': '9730e5b8233d46698a306b5299eeec99'}, Router: {'id': '13213851-5b1a-47c7-a4d0-a89fe8357fd8', 'name': 'tempest-MultipleCreateTestJSON-1448501516-router', 'tenant_id': '9730e5b8233d46698a306b5299eeec99', 'admin_state_up': True, 'status': 'ACTIVE', 'external_gateway_info': {'network_id': '6bab61da-b940-43dd-ae9d-0a6ffa65bbc9', 'external_fixed_ips': [{'subnet_id': '1e6a3b2d-7cef-4db4-a59c-ce754e63c7a8', 'ip_address': '10.180.180.240'}], 'enable_snat': True}, 'description': '', 'availability_zones': [], 'distributed': False, 'ha': False, 'availability_zone_hints': [], 'routes': [], 'flavor_id': None, 'tags': [], 'created_at': '2025-05-13T12:19:17Z', 'updated_at': '2025-05-13T12:19:17Z', 'revision_number': 2, 'project_id': '9730e5b8233d46698a306b5299eeec99'}
2025-05-13 12:19:20.644 70082 INFO tempest.lib.common.rest_client [req-707ba7f2-8aad-45f0-b36b-2f6387a9a412 req-707ba7f2-8aad-45f0-b36b-2f6387a9a412 ] Request (QuotasAdminNegativeTest:setUpClass): 201 POST http://10.180.1.21/identity/v3/auth/tokens 0.091s
2025-05-13 12:19:20.715 70082 INFO tempest.lib.common.rest_client [req-aeb4a8a5-5551-4ded-8d16-6e540fba5794 req-aeb4a8a5-5551-4ded-8d16-6e540fba5794 ] Request (QuotasAdminNegativeTest:setUpClass): 201 POST http://10.180.1.21/identity/v3/projects 0.070s
2025-05-13 12:19:20.738 70074 INFO tempest.lib.common.rest_client [req-23bda033-6422-4e6d-bc8d-5c440a8bc3a7 req-23bda033-6422-4e6d-bc8d-5c440a8bc3a7 ] Request (ServersNegativeTestJSON:setUpClass): 200 GET http://10.180.1.21/compute/v2.1/servers/1cd3da96-102f-4a22-8f53-12b32485ffa2 1.273s
2025-05-13 12:19:20.738 70080 INFO tempest.lib.common.rest_client [req-fd128044-a882-4fe4-ab22-2f8278f4c46c req-fd128044-a882-4fe4-ab22-2f8278f4c46c ] Request (MultipleCreateTestJSON:setUpClass): 201 POST http://10.180.1.21/identity/v3/auth/tokens 0.142s
2025-05-13 12:19:20.821 70082 INFO tempest.lib.common.rest_client [req-e669af7f-0df1-46b6-a672-eac7dc964b3c req-e669af7f-0df1-46b6-a672-eac7dc964b3c ] Request (QuotasAdminNegativeTest:setUpClass): 201 POST http://10.180.1.21/identity/v3/users 0.106s
2025-05-13 12:19:20.897 70080 INFO tempest.lib.common.rest_client [req-a90aaaf0-fcb8-4f35-9dcd-db6f09fe9a5a req-a90aaaf0-fcb8-4f35-9dcd-db6f09fe9a5a ] Request (MultipleCreateTestJSON:test_multiple_create): 201 POST http://10.180.1.21/identity/v3/auth/tokens 0.151s
2025-05-13 12:19:20.898 70080 INFO tempest.lib.common.fixed_network [-] (MultipleCreateTestJSON:test_multiple_create) Found network {'id': 'ec46c5c1-497d-473d-be16-b908a7c7f224', 'name': 'tempest-MultipleCreateTestJSON-1448501516-network', 'tenant_id': '9730e5b8233d46698a306b5299eeec99', 'admin_state_up': True, 'mtu': 8950, 'status': 'ACTIVE', 'subnets': [], 'shared': False, 'project_id': '9730e5b8233d46698a306b5299eeec99', 'port_security_enabled': True, 'router:external': False, 'provider:network_type': 'vlan', 'provider:physical_network': 'default', 'provider:segmentation_id': 997, 'availability_zone_hints': [], 'availability_zones': [], 'ipv4_address_scope': None, 'ipv6_address_scope': None, 'description': '', 'tags': [], 'created_at': '2025-05-13T12:19:15Z', 'updated_at': '2025-05-13T12:19:15Z', 'revision_number': 1} available for tenant
2025-05-13 12:19:20.921 70082 INFO tempest.lib.common.rest_client [req-d6c25269-0c41-41d8-8dd3-407494856a5e req-d6c25269-0c41-41d8-8dd3-407494856a5e ] Request (QuotasAdminNegativeTest:setUpClass): 200 GET http://10.180.1.21/identity/v3/roles 0.099s
2025-05-13 12:19:20.966 70082 INFO tempest.lib.common.rest_client [req-da6bee55-a3ac-41bc-93dc-4311cfebbc27 req-da6bee55-a3ac-41bc-93dc-4311cfebbc27 ] Request (QuotasAdminNegativeTest:setUpClass): 204 PUT http://10.180.1.21/identity/v3/projects/6b211b8ed75c47c2b09ae3eef0f6c751/users/e6bd5d743c994a83a68f0d5781468333/roles/7020507bb4ff4a43bbcb81954629d971 0.044s
2025-05-13 12:19:20.973 70066 INFO tempest.lib.common.rest_client [req-907046c8-7c10-4e50-8117-55ddf0d211a6 req-907046c8-7c10-4e50-8117-55ddf0d211a6 ] Request (ServersTestMultiNic:setUpClass): 200 PUT http://10.180.1.21:9696/networking/v2.0/routers/a2044e82-406a-4ae8-94cb-42fe26f9da03/add_router_interface 1.905s
2025-05-13 12:19:20.973 70066 INFO tempest.lib.common.dynamic_creds [-] Created isolated network resources for: credentials: Credentials: {'domain_id': 'default', 'domain_name': 'Default', 'username': 'tempest-ServersTestMultiNic-2119527449-project-member', 'project_domain_id': 'default', 'project_domain_name': 'Default', 'project_id': '258a050dd64b4cbaa8d908e8457a61f0', 'project_name': 'tempest-ServersTestMultiNic-2119527449', 'tenant_id': '258a050dd64b4cbaa8d908e8457a61f0', 'tenant_name': 'tempest-ServersTestMultiNic-2119527449', 'user_domain_id': 'default', 'user_domain_name': 'Default', 'user_id': 'd85fd9e6e1a94915a34c271e4384ada7', 'system': None}, Network: {'id': 'e4f0b161-2991-4aad-ae58-f86ba298fc3e', 'name': 'tempest-ServersTestMultiNic-1280147790-network', 'tenant_id': '258a050dd64b4cbaa8d908e8457a61f0', 'admin_state_up': True, 'mtu': 8950, 'status': 'ACTIVE', 'subnets': [], 'shared': False, 'project_id': '258a050dd64b4cbaa8d908e8457a61f0', 'port_security_enabled': True, 'router:external': False, 'provider:network_type': 'vlan', 'provider:physical_network': 'default', 'provider:segmentation_id': 834, 'availability_zone_hints': [], 'availability_zones': [], 'ipv4_address_scope': None, 'ipv6_address_scope': None, 'description': '', 'tags': [], 'created_at': '2025-05-13T12:19:15Z', 'updated_at': '2025-05-13T12:19:15Z', 'revision_number': 1}, Subnet: {'id': '41980614-2210-4b7d-8eed-97bb3ab855f0', 'name': 'tempest-ServersTestMultiNic-1280147790-subnet', 'tenant_id': '258a050dd64b4cbaa8d908e8457a61f0', 'network_id': 'e4f0b161-2991-4aad-ae58-f86ba298fc3e', 'ip_version': 4, 'subnetpool_id': None, 'enable_dhcp': True, 'ipv6_ra_mode': None, 'ipv6_address_mode': None, 'gateway_ip': '192.168.128.1', 'cidr': '192.168.128.0/28', 'allocation_pools': [{'start': '192.168.128.2', 'end': '192.168.128.14'}], 'host_routes': [], 'dns_nameservers': [], 'description': '', 'router:external': False, 'service_types': [], 'tags': [], 'created_at': '2025-05-13T12:19:15Z', 'updated_at': '2025-05-13T12:19:15Z', 'revision_number': 0, 'project_id': '258a050dd64b4cbaa8d908e8457a61f0'}, Router: {'id': 'a2044e82-406a-4ae8-94cb-42fe26f9da03', 'name': 'tempest-ServersTestMultiNic-1280147790-router', 'tenant_id': '258a050dd64b4cbaa8d908e8457a61f0', 'admin_state_up': True, 'status': 'ACTIVE', 'external_gateway_info': {'network_id': '6bab61da-b940-43dd-ae9d-0a6ffa65bbc9', 'external_fixed_ips': [{'subnet_id': '1e6a3b2d-7cef-4db4-a59c-ce754e63c7a8', 'ip_address': '10.180.180.162'}], 'enable_snat': True}, 'description': '', 'availability_zones': [], 'distributed': False, 'ha': False, 'availability_zone_hints': [], 'routes': [], 'flavor_id': None, 'tags': [], 'created_at': '2025-05-13T12:19:15Z', 'updated_at': '2025-05-13T12:19:17Z', 'revision_number': 2, 'project_id': '258a050dd64b4cbaa8d908e8457a61f0'}
2025-05-13 12:19:21.021 70070 INFO tempest.lib.common.rest_client [req-056cab01-8e11-4864-9217-2f7b13060378 req-056cab01-8e11-4864-9217-2f7b13060378 ] Request (InstanceActionsV221TestJSON:test_get_list_deleted_instance_actions): 202 POST http://10.180.1.21/compute/v2.1/servers 1.753s
2025-05-13 12:19:21.040 70082 INFO tempest.lib.common.rest_client [req-f37641c8-4b2c-475c-aaa7-8445e9a72964 req-f37641c8-4b2c-475c-aaa7-8445e9a72964 ] Request (QuotasAdminNegativeTest:setUpClass): 200 GET http://10.180.1.21/identity/v3/roles 0.074s
2025-05-13 12:19:21.063 70076 INFO tempest.lib.common.rest_client [req-84c7969c-aa7f-4564-bfbd-a7d225698ec2 req-84c7969c-aa7f-4564-bfbd-a7d225698ec2 ] Request (ServersListShow296Test:test_list_show_update_rebuild_server_296): 202 POST http://10.180.1.21/compute/v2.1/servers 1.561s
2025-05-13 12:19:21.084 70082 INFO tempest.lib.common.rest_client [req-df0a298d-b310-45f5-a021-adb1a27f8eae req-df0a298d-b310-45f5-a021-adb1a27f8eae ] Request (QuotasAdminNegativeTest:setUpClass): 204 PUT http://10.180.1.21/identity/v3/projects/6b211b8ed75c47c2b09ae3eef0f6c751/users/e6bd5d743c994a83a68f0d5781468333/roles/7020507bb4ff4a43bbcb81954629d971 0.043s
2025-05-13 12:19:21.085 70082 INFO tempest.lib.common.dynamic_creds [-] Dynamic test user e6bd5d743c994a83a68f0d5781468333 is created with scope project and roles: ['admin']
2025-05-13 12:19:21.085 70082 INFO tempest.lib.common.dynamic_creds [-] Acquired dynamic creds: credentials: Credentials: {'domain_id': 'default', 'domain_name': 'Default', 'username': 'tempest-QuotasAdminNegativeTest-1175336987-project-admin', 'project_domain_id': 'default', 'project_domain_name': 'Default', 'project_id': '6b211b8ed75c47c2b09ae3eef0f6c751', 'project_name': 'tempest-QuotasAdminNegativeTest-1175336987', 'tenant_id': '6b211b8ed75c47c2b09ae3eef0f6c751', 'tenant_name': 'tempest-QuotasAdminNegativeTest-1175336987', 'user_domain_id': 'default', 'user_domain_name': 'Default', 'user_id': 'e6bd5d743c994a83a68f0d5781468333', 'system': None}, Network: None, Subnet: None, Router: None
2025-05-13 12:19:21.085 70082 INFO tempest.lib.common.dynamic_creds [-] Created isolated network resources for: credentials: Credentials: {'domain_id': 'default', 'domain_name': 'Default', 'username': 'tempest-QuotasAdminNegativeTest-1175336987-project-admin', 'project_domain_id': 'default', 'project_domain_name': 'Default', 'project_id': '6b211b8ed75c47c2b09ae3eef0f6c751', 'project_name': 'tempest-QuotasAdminNegativeTest-1175336987', 'tenant_id': '6b211b8ed75c47c2b09ae3eef0f6c751', 'tenant_name': 'tempest-QuotasAdminNegativeTest-1175336987', 'user_domain_id': 'default', 'user_domain_name': 'Default', 'user_id': 'e6bd5d743c994a83a68f0d5781468333', 'system': None}, Network: None, Subnet: None, Router: None
2025-05-13 12:19:21.116 70104 INFO tempest.lib.common.rest_client [req-649b8d2c-faf8-4a2a-8e9c-c0bebc999887 req-649b8d2c-faf8-4a2a-8e9c-c0bebc999887 ] Request (ServerRescueTestJSONUnderV235:setUpClass): 200 GET http://10.180.1.21/compute/v2.1/servers/b05d12b1-fb29-4185-8300-5f0140039dfe 1.277s
2025-05-13 12:19:21.122 70066 INFO tempest.lib.common.rest_client [req-4ed60a8a-bf99-4558-85f1-16a289f2c1d3 req-4ed60a8a-bf99-4558-85f1-16a289f2c1d3 ] Request (ServersTestMultiNic:setUpClass): 201 POST http://10.180.1.21/identity/v3/auth/tokens 0.143s
2025-05-13 12:19:21.159 70050 INFO tempest.lib.common.rest_client [req-1c910852-923d-4c87-a63b-41e9cdcec15d req-1c910852-923d-4c87-a63b-41e9cdcec15d ] Request (ListServerFiltersTestJSON:setUpClass): 200 GET http://10.180.1.21/compute/v2.1/servers/738d3943-b255-4e92-8255-35aa0e3d6190 1.266s
2025-05-13 12:19:21.214 70098 INFO tempest.lib.common.rest_client [req-ab21e37c-b288-4af3-8a68-a7613db40f3f req-ab21e37c-b288-4af3-8a68-a7613db40f3f ] Request (ServersTestJSON:setUpClass): 200 GET http://10.180.1.21/compute/v2.1/servers/38473040-ef89-4a31-8c32-85f10fee039d 1.233s
2025-05-13 12:19:21.231 70082 INFO tempest.lib.common.rest_client [req-0de55ea9-7976-4a3f-a36d-29076cd18c03 req-0de55ea9-7976-4a3f-a36d-29076cd18c03 ] Request (QuotasAdminNegativeTest:setUpClass): 201 POST http://10.180.1.21/identity/v3/auth/tokens 0.141s
2025-05-13 12:19:21.232 70082 WARNING tempest.lib.common.rest_client [-] Deprecated: "tenant_id" property is deprecated for removal, use "project_id" instead
2025-05-13 12:19:21.266 70052 INFO tempest.lib.common.rest_client [req-9dee560d-64bb-40b2-9109-860588cf58ea req-9dee560d-64bb-40b2-9109-860588cf58ea ] Request (ListImageFiltersTestJSON:setUpClass): 200 GET http://10.180.1.21/compute/v2.1/images/a4802873-c716-437a-b6c1-44ae8d004e7c 1.269s
2025-05-13 12:19:21.326 70110 WARNING tempest.lib.common.ssh [-] Failed to establish authenticated ssh connection to cirros@10.180.180.173 ([Errno None] Unable to connect to port 22 on 10.180.180.173). Number attempts: 3. Retry after 4 seconds.: paramiko.ssh_exception.NoValidConnectionsError: [Errno None] Unable to connect to port 22 on 10.180.180.173
2025-05-13 12:19:21.357 70048 INFO tempest.lib.common.rest_client [req-3ad6e1dc-db95-4cd9-ad02-0278e0c019da req-3ad6e1dc-db95-4cd9-ad02-0278e0c019da ] Request (ImagesOneServerNegativeTestJSON:setUpClass): 200 GET http://10.180.1.21/compute/v2.1/servers/828f7a0a-dd24-4c98-85cf-5d99627860d7 1.284s
2025-05-13 12:19:21.407 70092 INFO tempest.lib.common.rest_client [req-b9f2cd6c-0477-4c7c-83b7-48fb47a2289a req-b9f2cd6c-0477-4c7c-83b7-48fb47a2289a ] Request (MigrationsAdminTest:test_list_migrations_in_flavor_resize_situation): 200 GET http://10.180.1.21/compute/v2.1/servers/7626e483-2d84-4a06-8f38-f8fd431da011 1.418s
2025-05-13 12:19:21.423 70058 INFO tempest.lib.common.rest_client [req-705e70bc-1ff0-4c03-b5d2-fec0fe7d6f8c req-705e70bc-1ff0-4c03-b5d2-fec0fe7d6f8c ] Request (ListServersNegativeTestJSON:setUpClass): 200 GET http://10.180.1.21/compute/v2.1/servers/27c5d873-f24c-4e20-9bcf-1b157114e5d0 1.281s
2025-05-13 12:19:21.440 70084 INFO tempest.lib.common.rest_client [req-61edff02-425c-45ef-bb13-63ec19099af2 req-61edff02-425c-45ef-bb13-63ec19099af2 ] Request (FlavorsAdminTestJSON:_run_cleanups): 200 GET http://10.180.1.21/compute/v2.1/flavors/detail 1.211s
2025-05-13 12:19:21.459 70106 INFO tempest.lib.common.rest_client [req-3c0ca570-1df8-4548-9750-2758c6328b13 req-3c0ca570-1df8-4548-9750-2758c6328b13 ] Request (AggregatesAdminNegativeTestJSON:test_aggregate_remove_nonexistent_host): 404 POST http://10.180.1.21/compute/v2.1/os-aggregates/8/action 1.194s
2025-05-13 12:19:21.524 70062 INFO tempest.lib.common.rest_client [req-ea7ffb61-edcc-4c9e-b29b-b04806800187 req-ea7ffb61-edcc-4c9e-b29b-b04806800187 ] Request (FloatingIPsAssociationNegativeTestJSON:tearDownClass): 200 GET http://10.180.1.21/compute/v2.1/servers/69037fde-1312-4ff7-b405-38c8f32cb1f9 1.220s
2025-05-13 12:19:21.526 70072 INFO tempest.lib.common.rest_client [req-823b84f5-2584-4752-a830-b855156ac0a3 req-823b84f5-2584-4752-a830-b855156ac0a3 ] Request (ServerActionsTestJSON:setUpClass): 200 GET http://10.180.1.21/compute/v2.1/servers/19c06f92-7f17-4834-b8be-723eb3f313c5 1.149s
2025-05-13 12:19:21.555 70078 INFO tempest.lib.common.rest_client [req-e783333a-1291-40a7-9140-658ee3741dd7 req-e783333a-1291-40a7-9140-658ee3741dd7 ] Request (ImagesOneServerTestJSON:test_create_delete_image): 404 GET http://10.180.1.21/compute/v2.1/images/cf6b6dc8-4715-4e22-b16b-87a0e18ad8dc 1.055s
2025-05-13 12:19:21.570 70066 INFO tempest.lib.common.rest_client [req-ae891b91-09a4-48f4-bd46-fd6598d8c64b req-ae891b91-09a4-48f4-bd46-fd6598d8c64b ] Request (ServersTestMultiNic:test_verify_duplicate_network_nics): 201 POST http://10.180.1.21:9696/networking/v2.0/networks 0.446s
2025-05-13 12:19:21.702 70096 INFO tempest.lib.common.rest_client [req-829a9fed-0652-4336-9e27-76302d37192d req-829a9fed-0652-4336-9e27-76302d37192d ] Request (ServerExternalEventsTest:tearDownClass): 200 GET http://10.180.1.21/compute/v2.1/servers/b3fc7334-8f11-44cb-b3b1-49eb73ad14cf 1.304s
2025-05-13 12:19:21.737 70054 INFO tempest.lib.common.rest_client [req-6b6bb1a6-c00c-4406-91ea-1165e97c5055 req-6b6bb1a6-c00c-4406-91ea-1165e97c5055 ] Request (SecurityGroupsTestJSON:test_list_security_groups_by_server): 200 GET http://10.180.1.21/compute/v2.1/servers/f8b193f7-1c9d-426b-a182-4870354ccd84 1.079s
2025-05-13 12:19:21.751 70054 INFO tempest.common.waiters [-] State transition "BUILD/spawning" ==> "ACTIVE/None" after 31 second wait
2025-05-13 12:19:21.787 70056 INFO tempest.lib.common.rest_client [req-e5aca57d-9b98-4946-829e-df298a52eba1 req-e5aca57d-9b98-4946-829e-df298a52eba1 ] Request (VolumesAdminNegativeTest:test_update_attached_volume_with_nonexistent_volume_in_body): 200 GET http://10.180.1.21/compute/v2.1/servers/f9f0ae85-57a8-4e21-8e5e-87a3630ee05c 1.031s
2025-05-13 12:19:21.835 70108 INFO tempest.lib.common.rest_client [req-b0adb5fc-ed35-4fa8-8f20-a964a952b5fd req-b0adb5fc-ed35-4fa8-8f20-a964a952b5fd ] Request (DeleteServersAdminTestJSON:test_delete_server_while_in_error_state): 200 GET http://10.180.1.21/compute/v2.1/servers/e35191b8-2393-48e1-a120-f2a030ecec52 1.007s
2025-05-13 12:19:21.936 70088 INFO tempest.lib.common.rest_client [req-28b16d74-737c-4569-9609-998d35eb85cd req-28b16d74-737c-4569-9609-998d35eb85cd ] Request (ServerDiagnosticsV248Test:tearDownClass): 200 GET http://10.180.1.21/compute/v2.1/servers/1b8c127a-c70e-435c-956e-1b8ad3a0d568 1.024s
2025-05-13 12:19:22.008 70100 INFO tempest.lib.common.rest_client [req-726a42e5-28e8-48d5-9283-307480d4f518 req-726a42e5-28e8-48d5-9283-307480d4f518 ] Request (ServerDiagnosticsTest:tearDownClass): 200 GET http://10.180.1.21/compute/v2.1/servers/724c5059-a799-45b3-bfbd-328d7df854fc 1.016s
2025-05-13 12:19:22.071 70070 INFO tempest.lib.common.rest_client [req-4614b736-0ca1-40d2-847d-d696f6c6de0a req-4614b736-0ca1-40d2-847d-d696f6c6de0a ] Request (InstanceActionsV221TestJSON:test_get_list_deleted_instance_actions): 200 GET http://10.180.1.21/compute/v2.1/servers/ad5c1512-835d-40f1-97be-59a36e20deda 1.048s
2025-05-13 12:19:22.139 70068 INFO tempest.lib.common.rest_client [req-25f32593-4b00-4f21-b974-fd39dd1c383f req-25f32593-4b00-4f21-b974-fd39dd1c383f ] Request (ServersAdminNegativeTestJSON:test_migrate_server_invalid_state): 200 GET http://10.180.1.21/compute/v2.1/servers/2635794b-46eb-4532-9f26-43b36242e0bf 1.078s
2025-05-13 12:19:22.147 70068 INFO tempest.common.waiters [-] State transition "BUILD/scheduling" ==> "BUILD/None" after 22 second wait
2025-05-13 12:19:22.170 70066 INFO tempest.lib.common.rest_client [req-6ddfa1c1-d4e4-4470-9978-be44c8f3ecdb req-6ddfa1c1-d4e4-4470-9978-be44c8f3ecdb ] Request (ServersTestMultiNic:test_verify_duplicate_network_nics): 201 POST http://10.180.1.21:9696/networking/v2.0/subnets 0.599s
2025-05-13 12:19:22.241 70076 INFO tempest.lib.common.rest_client [req-102afc9f-2278-4e52-960e-b39dc04a2732 req-102afc9f-2278-4e52-960e-b39dc04a2732 ] Request (ServersListShow296Test:test_list_show_update_rebuild_server_296): 200 GET http://10.180.1.21/compute/v2.1/servers/1e8ea4f1-cbcf-4c6d-91f3-6ce833f65074 1.176s
2025-05-13 12:19:22.266 70103 INFO tempest.lib.common.rest_client [req-74e2b900-1501-4de9-8d18-a7fd22ff7bb9 req-74e2b900-1501-4de9-8d18-a7fd22ff7bb9 ] Request (ServerDiagnosticsNegativeTest:tearDownClass): 404 GET http://10.180.1.21/compute/v2.1/servers/4510171e-9670-4bd6-a63c-c55b4917c7ed 1.160s
2025-05-13 12:19:22.340 70060 INFO tempest.lib.common.rest_client [req-85055b9b-8eaf-4e32-87bd-71de45a711ff req-85055b9b-8eaf-4e32-87bd-71de45a711ff ] Request (ServerAddressesNegativeTestJSON:setUpClass): 200 GET http://10.180.1.21/compute/v2.1/servers/be3699ce-b81b-4db4-b82f-1ec081a96855 1.204s
2025-05-13 12:19:22.362 70066 INFO tempest.lib.common.rest_client [req-ca2503bd-65de-4ca8-aa01-eda01bfa852e req-ca2503bd-65de-4ca8-aa01-eda01bfa852e ] Request (ServersTestMultiNic:test_verify_duplicate_network_nics): 201 POST http://10.180.1.21:9696/networking/v2.0/networks 0.191s
2025-05-13 12:19:22.403 70064 INFO tempest.lib.common.rest_client [req-01c02ca8-e63f-4db2-b7d1-deb1a5ea2d56 req-01c02ca8-e63f-4db2-b7d1-deb1a5ea2d56 ] Request (FloatingIPsAssociationTestJSON:test_associate_already_associated_floating_ip): 200 GET http://10.180.1.21/compute/v2.1/servers/60eb16dd-8c95-46c1-a226-ee1280cbd403 1.211s
2025-05-13 12:19:22.410 70080 INFO tempest.lib.common.rest_client [req-42ae7b16-f3b8-499c-b271-4aa29c9d234f req-42ae7b16-f3b8-499c-b271-4aa29c9d234f ] Request (MultipleCreateTestJSON:test_multiple_create): 202 POST http://10.180.1.21/compute/v2.1/servers 1.511s
2025-05-13 12:19:22.451 70103 INFO tempest.lib.common.rest_client [req-f856dd25-f186-42ef-9865-7180763e2159 req-f856dd25-f186-42ef-9865-7180763e2159 ] Request (ServerDiagnosticsNegativeTest:tearDownClass): 204 DELETE http://10.180.1.21/identity/v3/users/24d70d6279334d35806a9e0e39aa63f7 0.183s
2025-05-13 12:19:22.479 70090 INFO tempest.lib.common.rest_client [req-da3b1411-542f-415e-a5a3-c46d685f8a7d req-da3b1411-542f-415e-a5a3-c46d685f8a7d ] Request (ServersAdminTestJSON:setUpClass): 200 GET http://10.180.1.21/compute/v2.1/servers/f99efbb3-ef7e-4feb-b29b-2cfded1643fd 1.239s
2025-05-13 12:19:22.504 70084 INFO tempest.lib.common.rest_client [req-eefa7811-fb39-4dba-b27b-7013cbac0d9a req-eefa7811-fb39-4dba-b27b-7013cbac0d9a ] Request (FlavorsAdminTestJSON:_run_cleanups): 202 DELETE http://10.180.1.21/compute/v2.1/flavors/2143917399 1.059s
2025-05-13 12:19:22.533 70106 INFO tempest.lib.common.rest_client [req-4c3a5c87-19cd-4a9f-a03b-285747bf21f3 req-4c3a5c87-19cd-4a9f-a03b-285747bf21f3 ] Request (AggregatesAdminNegativeTestJSON:_run_cleanups): 200 DELETE http://10.180.1.21/compute/v2.1/os-aggregates/8 1.074s
2025-05-13 12:19:22.589 70103 INFO tempest.lib.common.rest_client [req-f0db8030-96ab-47dd-9116-7628fc35aad3 req-f0db8030-96ab-47dd-9116-7628fc35aad3 ] Request (ServerDiagnosticsNegativeTest:tearDownClass): 204 DELETE http://10.180.1.21/identity/v3/users/b1f59af99999443a98df79b9adda8033 0.138s
2025-05-13 12:19:22.590 70103 INFO tempest.lib.common.dynamic_creds [-] Deleting project and security group for project: 08cc465bf09b40d19435141a548da50f
2025-05-13 12:19:22.673 70066 INFO tempest.lib.common.rest_client [req-b272bf56-481f-460b-9410-ecc7d12fe979 req-b272bf56-481f-460b-9410-ecc7d12fe979 ] Request (ServersTestMultiNic:test_verify_duplicate_network_nics): 201 POST http://10.180.1.21:9696/networking/v2.0/subnets 0.310s
2025-05-13 12:19:22.686 70106 INFO tempest.lib.common.rest_client [req-87a1133a-5c55-4a2f-8459-072f33476a2c req-87a1133a-5c55-4a2f-8459-072f33476a2c ] Request (AggregatesAdminNegativeTestJSON:tearDownClass): 204 DELETE http://10.180.1.21/identity/v3/users/ca3dee8624b1405ba221ed9237703d35 0.150s
2025-05-13 12:19:22.752 70103 INFO tempest.lib.common.rest_client [req-f7481db0-d73b-4418-8859-da732aa2d479 req-f7481db0-d73b-4418-8859-da732aa2d479 ] Request (ServerDiagnosticsNegativeTest:tearDownClass): 201 POST http://10.180.1.21/identity/v3/auth/tokens 0.162s
2025-05-13 12:19:22.798 70086 WARNING tempest.lib.common.ssh [-] Failed to establish authenticated ssh connection to cirros@10.180.180.207 ([Errno None] Unable to connect to port 22 on 10.180.180.207). Number attempts: 4. Retry after 5 seconds.: paramiko.ssh_exception.NoValidConnectionsError: [Errno None] Unable to connect to port 22 on 10.180.180.207
2025-05-13 12:19:22.809 70082 INFO tempest.lib.common.rest_client [req-711430ee-5fc3-462c-bc9f-a67905ec7339 req-711430ee-5fc3-462c-bc9f-a67905ec7339 ] Request (QuotasAdminNegativeTest:test_create_server_when_cpu_quota_is_full): 200 GET http://10.180.1.21/compute/v2.1/os-quota-sets/d2e69915a71442fd8d3d78538ab77fd0 1.576s
2025-05-13 12:19:22.867 70066 INFO tempest.lib.common.rest_client [req-ae8de10e-e6fb-4a8f-a8be-a6853eefac92 req-ae8de10e-e6fb-4a8f-a8be-a6853eefac92 ] Request (ServersTestMultiNic:test_verify_duplicate_network_nics): 201 POST http://10.180.1.21/identity/v3/auth/tokens 0.190s
2025-05-13 12:19:22.867 70066 INFO tempest.lib.common.fixed_network [-] (ServersTestMultiNic:test_verify_duplicate_network_nics) Found network {'id': 'e4f0b161-2991-4aad-ae58-f86ba298fc3e', 'name': 'tempest-ServersTestMultiNic-1280147790-network', 'tenant_id': '258a050dd64b4cbaa8d908e8457a61f0', 'admin_state_up': True, 'mtu': 8950, 'status': 'ACTIVE', 'subnets': [], 'shared': False, 'project_id': '258a050dd64b4cbaa8d908e8457a61f0', 'port_security_enabled': True, 'router:external': False, 'provider:network_type': 'vlan', 'provider:physical_network': 'default', 'provider:segmentation_id': 834, 'availability_zone_hints': [], 'availability_zones': [], 'ipv4_address_scope': None, 'ipv6_address_scope': None, 'description': '', 'tags': [], 'created_at': '2025-05-13T12:19:15Z', 'updated_at': '2025-05-13T12:19:15Z', 'revision_number': 1} available for tenant
2025-05-13 12:19:22.927 70106 INFO tempest.lib.common.rest_client [req-d11cdef7-3139-49c7-9eb3-2566d69de887 req-d11cdef7-3139-49c7-9eb3-2566d69de887 ] Request (AggregatesAdminNegativeTestJSON:tearDownClass): 204 DELETE http://10.180.1.21/identity/v3/users/b31bd6c0af924ce9848ce17f2eba87f1 0.241s
2025-05-13 12:19:22.927 70106 INFO tempest.lib.common.dynamic_creds [-] Deleting project and security group for project: 0713e3e829754a10a245b32e3e37a3de
2025-05-13 12:19:22.978 70074 INFO tempest.lib.common.rest_client [req-2f419fe8-f02e-43fa-863d-a9c4065a2370 req-2f419fe8-f02e-43fa-863d-a9c4065a2370 ] Request (ServersNegativeTestJSON:setUpClass): 200 GET http://10.180.1.21/compute/v2.1/servers/1cd3da96-102f-4a22-8f53-12b32485ffa2 1.228s
2025-05-13 12:19:23.031 70103 INFO tempest.lib.common.rest_client [req-82d370a4-9d64-480b-a90a-1fddd195635a req-82d370a4-9d64-480b-a90a-1fddd195635a ] Request (ServerDiagnosticsNegativeTest:tearDownClass): 200 GET http://10.180.1.21:9696/networking/v2.0/security-groups?tenant_id=08cc465bf09b40d19435141a548da50f&name=default 0.278s
2025-05-13 12:19:23.067 70106 INFO tempest.lib.common.rest_client [req-33e07e4b-da6b-43c1-a26e-ada8f7f6a9ec req-33e07e4b-da6b-43c1-a26e-ada8f7f6a9ec ] Request (AggregatesAdminNegativeTestJSON:tearDownClass): 201 POST http://10.180.1.21/identity/v3/auth/tokens 0.139s
2025-05-13 12:19:23.131 70103 INFO tempest.lib.common.rest_client [req-421a38c7-8d9e-48b5-9585-a600f61b39ae req-421a38c7-8d9e-48b5-9585-a600f61b39ae ] Request (ServerDiagnosticsNegativeTest:tearDownClass): 204 DELETE http://10.180.1.21:9696/networking/v2.0/security-groups/02f63548-e104-43b5-9003-8e765ffb8b08 0.100s
2025-05-13 12:19:23.267 70103 INFO tempest.lib.common.rest_client [req-d817fccc-dca7-414f-a91b-370534839411 req-d817fccc-dca7-414f-a91b-370534839411 ] Request (ServerDiagnosticsNegativeTest:tearDownClass): 204 DELETE http://10.180.1.21/identity/v3/projects/08cc465bf09b40d19435141a548da50f 0.135s
2025-05-13 12:19:23.268 70103 INFO tempest.lib.common.dynamic_creds [-] Deleting project and security group for project: a3ae28d6e321449db500673540f4cd37
2025-05-13 12:19:23.367 70078 INFO tempest.lib.common.rest_client [req-c76d8eef-1f71-4b04-9124-70393d2a8720 req-c76d8eef-1f71-4b04-9124-70393d2a8720 ] Request (ImagesOneServerTestJSON:test_create_image_specify_multibyte_character_image_name): 202 POST http://10.180.1.21/compute/v2.1/servers/7ae47f8e-e519-4825-b89a-7561df6850d9/action 1.804s
2025-05-13 12:19:23.384 70103 INFO tempest.lib.common.rest_client [req-0281236e-76c6-4be0-812e-b23419548a27 req-0281236e-76c6-4be0-812e-b23419548a27 ] Request (ServerDiagnosticsNegativeTest:tearDownClass): 200 GET http://10.180.1.21:9696/networking/v2.0/security-groups?tenant_id=a3ae28d6e321449db500673540f4cd37&name=default 0.116s
2025-05-13 12:19:23.487 70104 INFO tempest.lib.common.rest_client [req-663c34a6-b660-4da3-a02b-69d409600c15 req-663c34a6-b660-4da3-a02b-69d409600c15 ] Request (ServerRescueTestJSONUnderV235:setUpClass): 200 GET http://10.180.1.21/compute/v2.1/servers/b05d12b1-fb29-4185-8300-5f0140039dfe 1.355s
2025-05-13 12:19:23.498 70103 INFO tempest.lib.common.rest_client [req-35f83997-fae0-40b5-98c0-c0576033ec97 req-35f83997-fae0-40b5-98c0-c0576033ec97 ] Request (ServerDiagnosticsNegativeTest:tearDownClass): 204 DELETE http://10.180.1.21:9696/networking/v2.0/security-groups/02056178-bb98-4500-9d12-e329abe8b269 0.113s
