2025-05-13 12:19:43.051 70082 INFO tempest.lib.common.dynamic_creds [-] Acquired dynamic creds: credentials: Credentials: {'domain_id': 'default', 'domain_name': 'Default', 'username': 'tempest-TenantUsagesTestJSON-669897836-project-member', 'project_domain_id': 'default', 'project_domain_name': 'Default', 'project_id': '7958801cd5db45f5bf9a4363ab62f4d4', 'project_name': 'tempest-TenantUsagesTestJSON-669897836', 'tenant_id': '7958801cd5db45f5bf9a4363ab62f4d4', 'tenant_name': 'tempest-TenantUsagesTestJSON-669897836', 'user_domain_id': 'default', 'user_domain_name': 'Default', 'user_id': '9136e9dc476c40a987f2ad1555ad3872', 'system': None}, Network: None, Subnet: None, Router: None
2025-05-13 12:19:43.052 70082 INFO tempest.lib.common.dynamic_creds [-] Created isolated network resources for: credentials: Credentials: {'domain_id': 'default', 'domain_name': 'Default', 'username': 'tempest-TenantUsagesTestJSON-669897836-project-member', 'project_domain_id': 'default', 'project_domain_name': 'Default', 'project_id': '7958801cd5db45f5bf9a4363ab62f4d4', 'project_name': 'tempest-TenantUsagesTestJSON-669897836', 'tenant_id': '7958801cd5db45f5bf9a4363ab62f4d4', 'tenant_name': 'tempest-TenantUsagesTestJSON-669897836', 'user_domain_id': 'default', 'user_domain_name': 'Default', 'user_id': '9136e9dc476c40a987f2ad1555ad3872', 'system': None}, Network: None, Subnet: None, Router: None
2025-05-13 12:19:43.089 70076 INFO tempest.lib.common.rest_client [req-14d00036-112e-434e-a0b6-e2049137f059 req-14d00036-112e-434e-a0b6-e2049137f059 ] Request (ServersListShow296Test:test_list_show_update_rebuild_server_296): 200 GET http://10.180.1.21/compute/v2.1/servers/1e8ea4f1-cbcf-4c6d-91f3-6ce833f65074 0.692s
2025-05-13 12:19:43.107 70103 INFO tempest.lib.common.rest_client [req-3c9ee17b-8779-4721-aff1-443b4d069097 req-3c9ee17b-8779-4721-aff1-443b4d069097 ] Request (ImagesTestJSON:test_create_image_from_stopped_server): 200 GET http://10.180.1.21/compute/v2.1/servers/45b73d40-e4b9-4c65-82b4-0bb39b3f418b 0.681s
2025-05-13 12:19:43.133 70082 INFO tempest.lib.common.rest_client [req-5a41305e-4212-4a0c-80ec-63080afe83c6 req-5a41305e-4212-4a0c-80ec-63080afe83c6 ] Request (TenantUsagesTestJSON:setUpClass): 201 POST http://10.180.1.21/identity/v3/auth/tokens 0.077s
2025-05-13 12:19:43.151 70064 INFO tempest.lib.common.rest_client [req-755a0bd7-7036-4256-85bd-c99c7ddd4536 req-755a0bd7-7036-4256-85bd-c99c7ddd4536 ] Request (FloatingIPsAssociationTestJSON:test_associate_already_associated_floating_ip): 200 GET http://10.180.1.21/compute/v2.1/servers/60eb16dd-8c95-46c1-a226-ee1280cbd403 0.691s
2025-05-13 12:19:43.161 70100 INFO tempest.lib.common.rest_client [req-a621707e-c6b6-4199-83da-13bccccd99a5 req-a621707e-c6b6-4199-83da-13bccccd99a5 ] Request (AbsoluteLimitsTestJSON:tearDownClass): 204 DELETE http://10.180.1.21/identity/v3/projects/d9fe885d33af41379d9df5ba1f7ce92f 0.119s
2025-05-13 12:19:43.161 70080 INFO tempest.lib.common.rest_client [req-0c1f5b53-06fa-4299-8725-01f85bf79c07 req-0c1f5b53-06fa-4299-8725-01f85bf79c07 ] Request (MultipleCreateTestJSON:test_multiple_create): 200 GET http://10.180.1.21/compute/v2.1/servers/271a7171-f68e-40ec-8f3e-87cb9c18e971 0.639s
2025-05-13 12:19:43.188 70100 INFO tempest.lib.common.rest_client [req-b75a9014-0495-45ba-be55-ac89cacf9c75 req-b75a9014-0495-45ba-be55-ac89cacf9c75 ] Request (ServerPasswordTestJSON:setUpClass): 201 POST http://10.180.1.21/identity/v3/auth/tokens 0.025s
2025-05-13 12:19:43.198 70082 INFO tempest.lib.common.rest_client [req-0b0d1ee6-8d27-465c-bc34-aa10b1bba88b req-0b0d1ee6-8d27-465c-bc34-aa10b1bba88b ] Request (TenantUsagesTestJSON:setUpClass): 201 POST http://10.180.1.21/identity/v3/projects 0.064s
2025-05-13 12:19:43.255 70100 INFO tempest.lib.common.rest_client [req-490cf97e-40b9-4ecf-a51c-7ec78ac49c61 req-490cf97e-40b9-4ecf-a51c-7ec78ac49c61 ] Request (ServerPasswordTestJSON:setUpClass): 201 POST http://10.180.1.21/identity/v3/auth/tokens 0.064s
2025-05-13 12:19:43.262 70082 INFO tempest.lib.common.rest_client [req-e2e87767-c0e2-4432-a6d1-2b6275a46d3d req-e2e87767-c0e2-4432-a6d1-2b6275a46d3d ] Request (TenantUsagesTestJSON:setUpClass): 201 POST http://10.180.1.21/identity/v3/users 0.064s
2025-05-13 12:19:43.272 70078 INFO tempest.lib.common.rest_client [req-313121aa-37a4-499d-8622-d9e9f3449421 req-313121aa-37a4-499d-8622-d9e9f3449421 ] Request (ImagesOneServerTestJSON:test_create_image_specify_multibyte_character_image_name): 200 GET http://10.180.1.21/compute/v2.1/servers/7ae47f8e-e519-4825-b89a-7561df6850d9 0.663s
2025-05-13 12:19:43.274 70084 INFO tempest.lib.common.rest_client [req-1a33fbe5-3725-4744-8052-a5560c00390f req-1a33fbe5-3725-4744-8052-a5560c00390f ] Request (FlavorMetadataValidation:test_flavor_update_with_custom_namespace): 200 POST http://10.180.1.21/compute/v2.1/flavors/1617427016/os-extra_specs 0.676s
2025-05-13 12:19:43.279 70100 INFO tempest.lib.common.rest_client [req-4db43646-6fec-421f-a3c5-dc30ec017cd1 req-4db43646-6fec-421f-a3c5-dc30ec017cd1 ] Request (ServerPasswordTestJSON:setUpClass): 200 GET http://10.180.1.21/identity/v3/domains?name=Default 0.023s
2025-05-13 12:19:43.283 70082 INFO tempest.lib.common.rest_client [req-51835dc3-6622-4166-948c-fdd2a3524037 req-51835dc3-6622-4166-948c-fdd2a3524037 ] Request (TenantUsagesTestJSON:setUpClass): 200 GET http://10.180.1.21/identity/v3/roles 0.020s
2025-05-13 12:19:43.283 70078 INFO tempest.common.waiters [-] State transition "ACTIVE/image_uploading" ==> "ACTIVE/None" after 2 second wait
2025-05-13 12:19:43.299 70062 INFO tempest.lib.common.rest_client [req-81a11f22-2281-4de0-9223-d97a4c66cdfb req-81a11f22-2281-4de0-9223-d97a4c66cdfb ] Request (ImagesMetadataNegativeTestJSON:test_list_nonexistent_image_metadata): 404 GET http://10.180.1.21/compute/v2.1/images/b087aab9-6355-4c30-8348-811fa1c228d4/metadata 0.612s
2025-05-13 12:19:43.310 70100 INFO tempest.lib.common.rest_client [req-f1971aa8-ac0c-4318-b588-7193916e426e req-f1971aa8-ac0c-4318-b588-7193916e426e ] Request (ServerPasswordTestJSON:setUpClass): 201 POST http://10.180.1.21/identity/v3/projects 0.030s
2025-05-13 12:19:43.312 70082 INFO tempest.lib.common.rest_client [req-a6e5f862-ea39-4b3e-b338-3e79f5e123b8 req-a6e5f862-ea39-4b3e-b338-3e79f5e123b8 ] Request (TenantUsagesTestJSON:setUpClass): 204 PUT http://10.180.1.21/identity/v3/projects/ba273f613a3d4d2a9cbf77f994d93d10/users/5054aeec0bae4140a24baf0e2a4e4598/roles/7020507bb4ff4a43bbcb81954629d971 0.029s
2025-05-13 12:19:43.338 70050 INFO tempest.lib.common.rest_client [req-91fe289d-f8e5-403c-a0f5-97f78da9ef25 req-91fe289d-f8e5-403c-a0f5-97f78da9ef25 ] Request (ListServerFiltersTestJSON:setUpClass): 200 GET http://10.180.1.21/compute/v2.1/servers/738d3943-b255-4e92-8255-35aa0e3d6190 0.642s
2025-05-13 12:19:43.373 70082 INFO tempest.lib.common.rest_client [req-e67fb9e7-a171-48c3-80e8-d72b0e32daf5 req-e67fb9e7-a171-48c3-80e8-d72b0e32daf5 ] Request (TenantUsagesTestJSON:setUpClass): 200 GET http://10.180.1.21/identity/v3/roles 0.059s
2025-05-13 12:19:43.381 70100 INFO tempest.lib.common.rest_client [req-1742c330-337a-4a07-841f-148268cedc5e req-1742c330-337a-4a07-841f-148268cedc5e ] Request (ServerPasswordTestJSON:setUpClass): 201 POST http://10.180.1.21/identity/v3/users 0.071s
2025-05-13 12:19:43.395 70082 INFO tempest.lib.common.rest_client [req-63d286be-15ef-4f33-b41b-4a43b4255317 req-63d286be-15ef-4f33-b41b-4a43b4255317 ] Request (TenantUsagesTestJSON:setUpClass): 204 PUT http://10.180.1.21/identity/v3/projects/ba273f613a3d4d2a9cbf77f994d93d10/users/5054aeec0bae4140a24baf0e2a4e4598/roles/7020507bb4ff4a43bbcb81954629d971 0.022s
2025-05-13 12:19:43.395 70082 INFO tempest.lib.common.dynamic_creds [-] Dynamic test user 5054aeec0bae4140a24baf0e2a4e4598 is created with scope project and roles: ['admin']
2025-05-13 12:19:43.395 70082 INFO tempest.lib.common.dynamic_creds [-] Acquired dynamic creds: credentials: Credentials: {'domain_id': 'default', 'domain_name': 'Default', 'username': 'tempest-TenantUsagesTestJSON-1618850694-project-admin', 'project_domain_id': 'default', 'project_domain_name': 'Default', 'project_id': 'ba273f613a3d4d2a9cbf77f994d93d10', 'project_name': 'tempest-TenantUsagesTestJSON-1618850694', 'tenant_id': 'ba273f613a3d4d2a9cbf77f994d93d10', 'tenant_name': 'tempest-TenantUsagesTestJSON-1618850694', 'user_domain_id': 'default', 'user_domain_name': 'Default', 'user_id': '5054aeec0bae4140a24baf0e2a4e4598', 'system': None}, Network: None, Subnet: None, Router: None
2025-05-13 12:19:43.395 70082 INFO tempest.lib.common.dynamic_creds [-] Created isolated network resources for: credentials: Credentials: {'domain_id': 'default', 'domain_name': 'Default', 'username': 'tempest-TenantUsagesTestJSON-1618850694-project-admin', 'project_domain_id': 'default', 'project_domain_name': 'Default', 'project_id': 'ba273f613a3d4d2a9cbf77f994d93d10', 'project_name': 'tempest-TenantUsagesTestJSON-1618850694', 'tenant_id': 'ba273f613a3d4d2a9cbf77f994d93d10', 'tenant_name': 'tempest-TenantUsagesTestJSON-1618850694', 'user_domain_id': 'default', 'user_domain_name': 'Default', 'user_id': '5054aeec0bae4140a24baf0e2a4e4598', 'system': None}, Network: None, Subnet: None, Router: None
2025-05-13 12:19:43.404 70054 INFO tempest.lib.common.rest_client [req-dda0c4f5-b8ba-45c6-95cd-bd933a254dab req-dda0c4f5-b8ba-45c6-95cd-bd933a254dab ] Request (SecurityGroupsTestJSON:test_security_groups_create_list_delete): 404 GET http://10.180.1.21/compute/v2.1/os-security-groups/e20c2af2-8c4f-4a84-9380-4d62ffafcdb3 0.454s
2025-05-13 12:19:43.406 70100 INFO tempest.lib.common.rest_client [req-65bb7c46-84e1-4cc0-bb81-1a360284aec4 req-65bb7c46-84e1-4cc0-bb81-1a360284aec4 ] Request (ServerPasswordTestJSON:setUpClass): 200 GET http://10.180.1.21/identity/v3/roles 0.024s
2025-05-13 12:19:43.416 70092 INFO tempest.lib.common.rest_client [req-da515a5e-934b-4dbb-8492-4a3c516de6c5 req-da515a5e-934b-4dbb-8492-4a3c516de6c5 ] Request (MigrationsAdminTest:test_list_migrations_in_flavor_resize_situation): 200 GET http://10.180.1.21/compute/v2.1/servers/7626e483-2d84-4a06-8f38-f8fd431da011 0.578s
2025-05-13 12:19:43.426 70088 INFO tempest.lib.common.rest_client [req-cc73b20a-cf38-43b1-adb1-032bf309e99d req-cc73b20a-cf38-43b1-adb1-032bf309e99d ] Request (ServicesAdminNegativeV253TestJSON:test_get_service_by_invalid_params): 200 GET http://10.180.1.21/compute/v2.1/os-services?xxx=nova-compute 0.446s
2025-05-13 12:19:43.475 70082 INFO tempest.lib.common.rest_client [req-d711bf50-71b1-4c79-8613-a37fe56e1448 req-d711bf50-71b1-4c79-8613-a37fe56e1448 ] Request (TenantUsagesTestJSON:setUpClass): 201 POST http://10.180.1.21/identity/v3/auth/tokens 0.077s
2025-05-13 12:19:43.486 70100 INFO tempest.lib.common.rest_client [req-55145968-f5a8-4235-8c66-aa7bc371ee48 req-55145968-f5a8-4235-8c66-aa7bc371ee48 ] Request (ServerPasswordTestJSON:setUpClass): 204 PUT http://10.180.1.21/identity/v3/projects/a8b5d5e40eeb464f9fc758f8e48fd190/users/aff708a820ad446b9c4b15de488930bc/roles/eec125c1a094460cb46ca640aa5166c8 0.080s
2025-05-13 12:19:43.487 70100 INFO tempest.lib.common.dynamic_creds [-] Dynamic test user aff708a820ad446b9c4b15de488930bc is created with scope project and roles: ['member']
2025-05-13 12:19:43.490 70100 INFO tempest.lib.common.dynamic_creds [-] Acquired dynamic creds: credentials: Credentials: {'domain_id': 'default', 'domain_name': 'Default', 'username': 'tempest-ServerPasswordTestJSON-447598566-project-member', 'project_domain_id': 'default', 'project_domain_name': 'Default', 'project_id': 'a8b5d5e40eeb464f9fc758f8e48fd190', 'project_name': 'tempest-ServerPasswordTestJSON-447598566', 'tenant_id': 'a8b5d5e40eeb464f9fc758f8e48fd190', 'tenant_name': 'tempest-ServerPasswordTestJSON-447598566', 'user_domain_id': 'default', 'user_domain_name': 'Default', 'user_id': 'aff708a820ad446b9c4b15de488930bc', 'system': None}, Network: None, Subnet: None, Router: None
2025-05-13 12:19:43.530 70082 INFO tempest.lib.common.rest_client [req-2f4e75e1-d36c-4ea7-abab-355128d0043a req-2f4e75e1-d36c-4ea7-abab-355128d0043a ] Request (TenantUsagesTestJSON:setUpClass): 201 POST http://10.180.1.21/identity/v3/auth/tokens 0.050s
2025-05-13 12:19:43.531 70082 INFO tempest.lib.common.fixed_network [-] (TenantUsagesTestJSON:setUpClass) Found network None available for tenant
2025-05-13 12:19:43.550 70090 INFO tempest.lib.common.rest_client [req-2e79d2aa-6f1c-4e68-b221-ecc3613386ba req-2e79d2aa-6f1c-4e68-b221-ecc3613386ba ] Request (ServersAdminTestJSON:setUpClass): 200 GET http://10.180.1.21/compute/v2.1/servers/f99efbb3-ef7e-4feb-b29b-2cfded1643fd 0.504s
2025-05-13 12:19:43.550 70104 INFO tempest.lib.common.rest_client [req-77cb74b7-8795-4acd-bc19-232215eac1a0 req-77cb74b7-8795-4acd-bc19-232215eac1a0 ] Request (ServerRescueTestJSONUnderV235:setUpClass): 200 GET http://10.180.1.21/compute/v2.1/servers/b05d12b1-fb29-4185-8300-5f0140039dfe 0.337s
2025-05-13 12:19:43.553 70100 INFO tempest.lib.common.rest_client [req-59cadf4e-91e4-4b5d-b08c-52ccdb8143d4 req-59cadf4e-91e4-4b5d-b08c-52ccdb8143d4 ] Request (ServerPasswordTestJSON:setUpClass): 201 POST http://10.180.1.21/identity/v3/auth/tokens 0.062s
2025-05-13 12:19:43.558 70104 INFO tempest.common.waiters [-] State transition "BUILD/spawning" ==> "ACTIVE/None" after 44 second wait
2025-05-13 12:19:43.569 70084 INFO tempest.lib.common.rest_client [req-00237bb9-4820-4235-9c0f-465edcdd440e req-00237bb9-4820-4235-9c0f-465edcdd440e ] Request (FlavorMetadataValidation:_run_cleanups): 202 DELETE http://10.180.1.21/compute/v2.1/flavors/1617427016 0.293s
2025-05-13 12:19:43.618 70048 INFO tempest.lib.common.rest_client [req-3427c8a7-f05d-4fe6-a016-30bece68944c req-3427c8a7-f05d-4fe6-a016-30bece68944c ] Request (ImagesOneServerNegativeTestJSON:setUpClass): 200 GET http://10.180.1.21/compute/v2.1/servers/828f7a0a-dd24-4c98-85cf-5d99627860d7 0.357s
2025-05-13 12:19:43.640 70062 INFO tempest.lib.common.rest_client [req-48fd7623-dab7-40f9-987c-3203924c0ed5 req-48fd7623-dab7-40f9-987c-3203924c0ed5 ] Request (ImagesMetadataNegativeTestJSON:test_set_nonexistent_image_metadata): 404 PUT http://10.180.1.21/compute/v2.1/images/c707e88e-4f3b-4ece-9a42-36e9b16f5e48/metadata 0.340s
2025-05-13 12:19:43.662 70094 WARNING tempest.lib.common.ssh [-] Failed to establish authenticated ssh connection to cirros@10.180.180.203 ([Errno None] Unable to connect to port 22 on 10.180.180.203). Number attempts: 7. Retry after 8 seconds.: paramiko.ssh_exception.NoValidConnectionsError: [Errno None] Unable to connect to port 22 on 10.180.180.203
2025-05-13 12:19:43.686 70078 INFO tempest.lib.common.rest_client [req-b310d369-21a1-48c8-82a6-8dd894dfd331 req-b310d369-21a1-48c8-82a6-8dd894dfd331 ] Request (ImagesOneServerTestJSON:tearDownClass): 204 DELETE http://10.180.1.21/compute/v2.1/images/6b76f563-8332-4691-a369-26a376cea17a 0.400s
2025-05-13 12:19:43.700 70058 INFO tempest.lib.common.rest_client [req-b7d4e9da-9822-48a5-b123-cb5ce8acf046 req-b7d4e9da-9822-48a5-b123-cb5ce8acf046 ] Request (ListServersNegativeTestJSON:setUpClass): 200 GET http://10.180.1.21/compute/v2.1/servers/27c5d873-f24c-4e20-9bcf-1b157114e5d0 0.377s
2025-05-13 12:19:43.745 70074 INFO tempest.lib.common.rest_client [req-8af02545-4152-4dd3-bad5-86619b8dc846 req-8af02545-4152-4dd3-bad5-86619b8dc846 ] Request (ServersNegativeTestJSON:setUpClass): 200 GET http://10.180.1.21/compute/v2.1/servers/3df42b8d-2222-42cc-8816-06ee1b31dc78 0.414s
2025-05-13 12:19:43.792 70072 INFO tempest.lib.common.rest_client [req-80583ebd-88e1-4f4a-a1cd-9ae30db1d8e7 req-80583ebd-88e1-4f4a-a1cd-9ae30db1d8e7 ] Request (ServerActionsTestJSON:setUpClass): 200 GET http://10.180.1.21/compute/v2.1/servers/19c06f92-7f17-4834-b8be-723eb3f313c5 0.382s
2025-05-13 12:19:43.841 70054 INFO tempest.lib.common.rest_client [req-a94ba359-8452-48ae-8f47-5d23eda91b35 req-a94ba359-8452-48ae-8f47-5d23eda91b35 ] Request (SecurityGroupsTestJSON:test_security_groups_create_list_delete): 202 DELETE http://10.180.1.21/compute/v2.1/os-security-groups/5c94b251-236d-437b-b7e4-f258e0e529a6 0.436s
2025-05-13 12:19:43.850 70092 INFO tempest.lib.common.rest_client [req-0fc229e1-4707-4173-95b0-c278f82a1acf req-0fc229e1-4707-4173-95b0-c278f82a1acf ] Request (MigrationsAdminTest:test_list_migrations_in_flavor_resize_situation): 200 POST http://10.180.1.21/compute/v2.1/os-keypairs 0.422s
2025-05-13 12:19:43.864 70088 INFO tempest.lib.common.rest_client [req-a188cd1d-283d-469e-9ee5-4f12b6207a49 req-a188cd1d-283d-469e-9ee5-4f12b6207a49 ] Request (ServicesAdminNegativeV253TestJSON:test_get_service_by_invalid_service_and_valid_host): 200 GET http://10.180.1.21/compute/v2.1/os-services 0.429s
2025-05-13 12:19:43.913 70100 INFO tempest.lib.common.rest_client [req-ab982495-c0bc-4b1f-9982-69ff3664744d req-ab982495-c0bc-4b1f-9982-69ff3664744d ] Request (ServerPasswordTestJSON:setUpClass): 201 POST http://10.180.1.21:9696/networking/v2.0/networks 0.359s
2025-05-13 12:19:43.963 70104 INFO tempest.lib.common.rest_client [req-39eb1b7b-095e-4ddb-b35d-0c865e1cbe81 req-39eb1b7b-095e-4ddb-b35d-0c865e1cbe81 ] Request (ServerRescueTestJSONUnderV235:setUpClass): 200 POST http://10.180.1.21/compute/v2.1/servers/b05d12b1-fb29-4185-8300-5f0140039dfe/action 0.405s
2025-05-13 12:19:43.971 70092 INFO tempest.lib.common.rest_client [req-1ae10698-e5ed-4d4a-a85c-b7bcb6c500ef req-1ae10698-e5ed-4d4a-a85c-b7bcb6c500ef ] Request (MigrationsAdminTest:test_list_migrations_in_flavor_resize_situation): 201 POST http://10.180.1.21:9696/networking/v2.0/security-groups 0.119s
2025-05-13 12:19:43.985 70084 INFO tempest.lib.common.rest_client [req-3420eea6-c50b-4477-8847-4fff88661bfe req-3420eea6-c50b-4477-8847-4fff88661bfe ] Request (FlavorMetadataValidation:_run_cleanups): 200 GET http://10.180.1.21/compute/v2.1/flavors/detail 0.415s
2025-05-13 12:19:44.006 70062 INFO tempest.lib.common.rest_client [req-f15ce6c7-2677-4bb2-abe2-7bc98f76f636 req-f15ce6c7-2677-4bb2-abe2-7bc98f76f636 ] Request (ImagesMetadataNegativeTestJSON:test_set_nonexistent_image_metadata_item): 404 PUT http://10.180.1.21/compute/v2.1/images/8f409299-636a-40e5-9709-a6b8be59eb5e/metadata/os_distro 0.363s
2025-05-13 12:19:44.058 70066 INFO tempest.lib.common.rest_client [req-36a2a4b3-2f59-42f9-ad79-0ad6078e7836 req-36a2a4b3-2f59-42f9-ad79-0ad6078e7836 ] Request (ServersTestMultiNic:test_verify_duplicate_network_nics): 200 GET http://10.180.1.21/compute/v2.1/servers/e6e28bf0-10fd-4aa3-829b-9d5d0d301621 0.383s
2025-05-13 12:19:44.075 70084 INFO tempest.lib.common.rest_client [req-47f3dd29-fe70-4b57-88af-1c98831b4345 req-47f3dd29-fe70-4b57-88af-1c98831b4345 ] Request (FlavorMetadataValidation:tearDownClass): 204 DELETE http://10.180.1.21/identity/v3/users/3e9866ec10374bec9c1c3368b2cc1839 0.079s
2025-05-13 12:19:44.123 70096 INFO tempest.lib.common.rest_client [req-35e7dfe3-c0e0-42f0-bb08-ca3cbe7cb6c2 req-35e7dfe3-c0e0-42f0-bb08-ca3cbe7cb6c2 ] Request (ServerExternalEventsTest:tearDownClass): 200 GET http://10.180.1.21/compute/v2.1/servers/b3fc7334-8f11-44cb-b3b1-49eb73ad14cf 0.444s
2025-05-13 12:19:44.142 70078 INFO tempest.lib.common.rest_client [req-b4b9cced-07dd-4a65-ab8d-f14effb45752 req-b4b9cced-07dd-4a65-ab8d-f14effb45752 ] Request (ImagesOneServerTestJSON:tearDownClass): 404 DELETE http://10.180.1.21/compute/v2.1/images/cf6b6dc8-4715-4e22-b16b-87a0e18ad8dc 0.455s
2025-05-13 12:19:44.181 70092 INFO tempest.lib.common.rest_client [req-abc5f8df-4ce2-49e5-a685-1276a05aa1ba req-abc5f8df-4ce2-49e5-a685-1276a05aa1ba ] Request (MigrationsAdminTest:test_list_migrations_in_flavor_resize_situation): 201 POST http://10.180.1.21:9696/networking/v2.0/security-group-rules 0.209s
2025-05-13 12:19:44.199 70084 INFO tempest.lib.common.rest_client [req-7f970950-fad3-499c-b651-96bc969ae451 req-7f970950-fad3-499c-b651-96bc969ae451 ] Request (FlavorMetadataValidation:tearDownClass): 204 DELETE http://10.180.1.21/identity/v3/users/8ed115b09116471dbaf9ac7a984d66d6 0.124s
2025-05-13 12:19:44.200 70084 INFO tempest.lib.common.dynamic_creds [-] Deleting project and security group for project: 9a199027b79f4394983381136a3dabd4
2025-05-13 12:19:44.217 70108 INFO tempest.lib.common.rest_client [req-5d09c72c-7cb1-450c-ad1d-5add4a103448 req-5d09c72c-7cb1-450c-ad1d-5add4a103448 ] Request (DeleteServersAdminTestJSON:test_delete_server_while_in_error_state): 200 GET http://10.180.1.21/compute/v2.1/servers/e35191b8-2393-48e1-a120-f2a030ecec52 0.448s
2025-05-13 12:19:44.241 70100 INFO tempest.lib.common.rest_client [req-619d25e0-ace3-4527-be1f-4b6bb76fb141 req-619d25e0-ace3-4527-be1f-4b6bb76fb141 ] Request (ServerPasswordTestJSON:setUpClass): 201 POST http://10.180.1.21:9696/networking/v2.0/subnets 0.328s
2025-05-13 12:19:44.280 70084 INFO tempest.lib.common.rest_client [req-3d935049-dd97-4b1a-a947-72e2ac1c48a6 req-3d935049-dd97-4b1a-a947-72e2ac1c48a6 ] Request (FlavorMetadataValidation:tearDownClass): 201 POST http://10.180.1.21/identity/v3/auth/tokens 0.080s
2025-05-13 12:19:44.283 70082 INFO tempest.lib.common.rest_client [req-ccdf3169-82d6-4a3e-9d04-a21d7ec87220 req-ccdf3169-82d6-4a3e-9d04-a21d7ec87220 ] Request (TenantUsagesTestJSON:setUpClass): 202 POST http://10.180.1.21/compute/v2.1/servers 0.752s
2025-05-13 12:19:44.296 70070 INFO tempest.lib.common.rest_client [req-e1e86a2c-552e-4cd9-8f4e-741315730ce1 req-e1e86a2c-552e-4cd9-8f4e-741315730ce1 ] Request (InstanceActionsV221TestJSON:test_get_list_deleted_instance_actions): 200 GET http://10.180.1.21/compute/v2.1/servers/ad5c1512-835d-40f1-97be-59a36e20deda 0.463s
2025-05-13 12:19:44.313 70054 INFO tempest.lib.common.rest_client [req-09b67e26-2774-40e8-86c4-41e5b80c448a req-09b67e26-2774-40e8-86c4-41e5b80c448a ] Request (SecurityGroupsTestJSON:test_security_groups_create_list_delete): 404 GET http://10.180.1.21/compute/v2.1/os-security-groups/5c94b251-236d-437b-b7e4-f258e0e529a6 0.472s
2025-05-13 12:19:44.322 70088 INFO tempest.lib.common.rest_client [req-7654540e-98d4-4de8-9aa8-766313f763b8 req-7654540e-98d4-4de8-9aa8-766313f763b8 ] Request (ServicesAdminNegativeV253TestJSON:test_get_service_by_invalid_service_and_valid_host): 200 GET http://10.180.1.21/compute/v2.1/os-services?host=devstack&binary=xxx 0.456s
2025-05-13 12:19:44.338 70092 INFO tempest.lib.common.rest_client [req-a4ec2493-ae77-44de-83b6-90e44c79b617 req-a4ec2493-ae77-44de-83b6-90e44c79b617 ] Request (MigrationsAdminTest:test_list_migrations_in_flavor_resize_situation): 201 POST http://10.180.1.21:9696/networking/v2.0/security-group-rules 0.157s
2025-05-13 12:19:44.364 70052 INFO tempest.lib.common.rest_client [req-4942b3d7-447b-4be8-952d-3a698643ccaa req-4942b3d7-447b-4be8-952d-3a698643ccaa ] Request (ListImageFiltersTestJSON:setUpClass): 200 GET http://10.180.1.21/compute/v2.1/images/bbfb2490-9db4-451a-b352-0e50dfe1916f 0.479s
2025-05-13 12:19:44.401 70068 INFO tempest.lib.common.rest_client [req-f7921d3c-c790-42fc-84b4-ec126d11193b req-f7921d3c-c790-42fc-84b4-ec126d11193b ] Request (ServersAdminNegativeTestJSON:test_migrate_server_invalid_state): 200 GET http://10.180.1.21/compute/v2.1/servers/2635794b-46eb-4532-9f26-43b36242e0bf 0.449s
2025-05-13 12:19:44.421 70062 INFO tempest.lib.common.rest_client [req-2e015d87-1c3a-4696-be65-5de780c6e3db req-2e015d87-1c3a-4696-be65-5de780c6e3db ] Request (ImagesMetadataNegativeTestJSON:test_update_nonexistent_image_metadata): 404 POST http://10.180.1.21/compute/v2.1/images/c91b8e42-8947-4db0-8587-f659d9cc7fa4/metadata 0.413s
2025-05-13 12:19:44.505 70106 INFO tempest.lib.common.rest_client [req-823d030b-2580-4cdd-9d71-e95937ad4271 req-823d030b-2580-4cdd-9d71-e95937ad4271 ] Request (ServerAddressesTestJSON:setUpClass): 200 GET http://10.180.1.21/compute/v2.1/servers/15ed9603-9fc7-40a2-99c6-151cf10a8c36 0.479s
2025-05-13 12:19:44.524 70104 INFO tempest.lib.common.rest_client [req-e254b1f9-178e-4aa9-9137-ec5c2eb26b93 req-e254b1f9-178e-4aa9-9137-ec5c2eb26b93 ] Request (ServerRescueTestJSONUnderV235:setUpClass): 200 GET http://10.180.1.21/compute/v2.1/servers/b05d12b1-fb29-4185-8300-5f0140039dfe 0.560s
2025-05-13 12:19:44.543 70062 INFO tempest.lib.common.rest_client [req-d144630a-384d-4e00-abac-129efc7fb81e req-d144630a-384d-4e00-abac-129efc7fb81e ] Request (ImagesMetadataNegativeTestJSON:tearDownClass): 204 DELETE http://10.180.1.21/identity/v3/users/8fe4c3545d514ceca16f9cb35c36679e 0.117s
2025-05-13 12:19:44.543 70062 INFO tempest.lib.common.dynamic_creds [-] Deleting project and security group for project: 9b5920e9eba0417b934e44babe522345
2025-05-13 12:19:44.586 70060 INFO tempest.lib.common.rest_client [req-5428263d-ef93-4399-944c-d3cf32bde698 req-5428263d-ef93-4399-944c-d3cf32bde698 ] Request (ServerAddressesNegativeTestJSON:setUpClass): 200 GET http://10.180.1.21/compute/v2.1/servers/be3699ce-b81b-4db4-b82f-1ec081a96855 0.537s
2025-05-13 12:19:44.601 70084 INFO tempest.lib.common.rest_client [req-3dd90bc2-bc19-4f5b-83bc-5f80b328c85e req-3dd90bc2-bc19-4f5b-83bc-5f80b328c85e ] Request (FlavorMetadataValidation:tearDownClass): 200 GET http://10.180.1.21:9696/networking/v2.0/security-groups?tenant_id=9a199027b79f4394983381136a3dabd4&name=default 0.320s
2025-05-13 12:19:44.621 70076 INFO tempest.lib.common.rest_client [req-76435128-fd82-4e1c-9467-ebab38cffba1 req-76435128-fd82-4e1c-9467-ebab38cffba1 ] Request (ServersListShow296Test:test_list_show_update_rebuild_server_296): 200 GET http://10.180.1.21/compute/v2.1/servers/1e8ea4f1-cbcf-4c6d-91f3-6ce833f65074 0.518s
2025-05-13 12:19:44.629 70062 INFO tempest.lib.common.rest_client [req-3dc56279-43d7-4d44-899d-ff90a9f160ec req-3dc56279-43d7-4d44-899d-ff90a9f160ec ] Request (ImagesMetadataNegativeTestJSON:tearDownClass): 201 POST http://10.180.1.21/identity/v3/auth/tokens 0.085s
2025-05-13 12:19:44.667 70103 INFO tempest.lib.common.rest_client [req-7b362d85-0621-483d-b85d-752587dfe50e req-7b362d85-0621-483d-b85d-752587dfe50e ] Request (ImagesTestJSON:test_create_image_from_stopped_server): 200 GET http://10.180.1.21/compute/v2.1/servers/45b73d40-e4b9-4c65-82b4-0bb39b3f418b 0.549s
2025-05-13 12:19:44.749 70064 INFO tempest.lib.common.rest_client [req-c37d92c7-e7b6-43e7-b5e5-cd84145071c1 req-c37d92c7-e7b6-43e7-b5e5-cd84145071c1 ] Request (FloatingIPsAssociationTestJSON:test_associate_already_associated_floating_ip): 200 GET http://10.180.1.21/compute/v2.1/servers/60eb16dd-8c95-46c1-a226-ee1280cbd403 0.584s
2025-05-13 12:19:44.751 70078 INFO tempest.lib.common.rest_client [req-8e9eee97-9f12-4c54-acf9-e577343d7624 req-8e9eee97-9f12-4c54-acf9-e577343d7624 ] Request (ImagesOneServerTestJSON:tearDownClass): 204 DELETE http://10.180.1.21/compute/v2.1/servers/7ae47f8e-e519-4825-b89a-7561df6850d9 0.609s
2025-05-13 12:19:44.823 70082 INFO tempest.lib.common.rest_client [req-b7b6a12e-740d-4022-90de-336dc6f3589a req-b7b6a12e-740d-4022-90de-336dc6f3589a ] Request (TenantUsagesTestJSON:setUpClass): 200 GET http://10.180.1.21/compute/v2.1/servers/7d036508-bb94-46ea-a630-117bbff02099 0.538s
2025-05-13 12:19:44.836 70080 INFO tempest.lib.common.rest_client [req-f869dfce-48b4-4625-8dd0-a2b4434e1a9f req-f869dfce-48b4-4625-8dd0-a2b4434e1a9f ] Request (MultipleCreateTestJSON:test_multiple_create): 200 GET http://10.180.1.21/compute/v2.1/servers/271a7171-f68e-40ec-8f3e-87cb9c18e971 0.665s
2025-05-13 12:19:44.857 70088 INFO tempest.lib.common.rest_client [req-38a574d5-9fd7-4810-9d77-1a9e2c5d8f3b req-38a574d5-9fd7-4810-9d77-1a9e2c5d8f3b ] Request (ServicesAdminNegativeV253TestJSON:test_get_service_with_valid_service_and_invalid_host): 200 GET http://10.180.1.21/compute/v2.1/os-services 0.528s
2025-05-13 12:19:44.915 70084 INFO tempest.lib.common.rest_client [req-79eb8010-88c9-41d5-8fb4-48b68956f666 req-79eb8010-88c9-41d5-8fb4-48b68956f666 ] Request (FlavorMetadataValidation:tearDownClass): 204 DELETE http://10.180.1.21:9696/networking/v2.0/security-groups/c3f63b6b-c83a-4cc6-8efc-460d3be3c5cd 0.314s
2025-05-13 12:19:44.925 70050 INFO tempest.lib.common.rest_client [req-a2666c34-1a02-499f-9840-fad4994b4af0 req-a2666c34-1a02-499f-9840-fad4994b4af0 ] Request (ListServerFiltersTestJSON:setUpClass): 200 GET http://10.180.1.21/compute/v2.1/servers/738d3943-b255-4e92-8255-35aa0e3d6190 0.577s
2025-05-13 12:19:45.010 70084 INFO tempest.lib.common.rest_client [req-38710422-6b23-42ce-b6f9-b173fdbd0de0 req-38710422-6b23-42ce-b6f9-b173fdbd0de0 ] Request (FlavorMetadataValidation:tearDownClass): 204 DELETE http://10.180.1.21/identity/v3/projects/9a199027b79f4394983381136a3dabd4 0.095s
2025-05-13 12:19:45.011 70084 INFO tempest.lib.common.dynamic_creds [-] Deleting project and security group for project: 1808ab15f525491996f280b95b6e4558
2025-05-13 12:19:45.086 70090 INFO tempest.lib.common.rest_client [req-c270455f-12dc-4ef9-b43e-71eb437e61d0 req-c270455f-12dc-4ef9-b43e-71eb437e61d0 ] Request (ServersAdminTestJSON:setUpClass): 200 GET http://10.180.1.21/compute/v2.1/servers/f99efbb3-ef7e-4feb-b29b-2cfded1643fd 0.527s
2025-05-13 12:19:45.091 70062 INFO tempest.lib.common.rest_client [req-b3fc4999-1478-40c9-8d87-c34693645958 req-b3fc4999-1478-40c9-8d87-c34693645958 ] Request (ImagesMetadataNegativeTestJSON:tearDownClass): 200 GET http://10.180.1.21:9696/networking/v2.0/security-groups?tenant_id=9b5920e9eba0417b934e44babe522345&name=default 0.461s
2025-05-13 12:19:45.111 70054 INFO tempest.lib.common.rest_client [req-47d9af43-fe2e-48ae-86f7-215764b9f449 req-47d9af43-fe2e-48ae-86f7-215764b9f449 ] Request (SecurityGroupsTestJSON:test_security_groups_create_list_delete): 200 GET http://10.180.1.21/compute/v2.1/os-security-groups 0.797s
2025-05-13 12:19:45.172 70048 INFO tempest.lib.common.rest_client [req-4b26ee41-d473-422f-aa1c-915bf9809be5 req-4b26ee41-d473-422f-aa1c-915bf9809be5 ] Request (ImagesOneServerNegativeTestJSON:setUpClass): 200 GET http://10.180.1.21/compute/v2.1/servers/828f7a0a-dd24-4c98-85cf-5d99627860d7 0.544s
2025-05-13 12:19:45.212 70058 INFO tempest.lib.common.rest_client [req-e41dd2f7-5c90-4c7c-bb09-02b9bf0ff392 req-e41dd2f7-5c90-4c7c-bb09-02b9bf0ff392 ] Request (ListServersNegativeTestJSON:setUpClass): 200 GET http://10.180.1.21/compute/v2.1/servers/27c5d873-f24c-4e20-9bcf-1b157114e5d0 0.502s
2025-05-13 12:19:45.301 70074 INFO tempest.lib.common.rest_client [req-ba6f6cc5-515b-40a9-adac-74d56fd549ec req-ba6f6cc5-515b-40a9-adac-74d56fd549ec ] Request (ServersNegativeTestJSON:setUpClass): 200 GET http://10.180.1.21/compute/v2.1/servers/3df42b8d-2222-42cc-8816-06ee1b31dc78 0.545s
2025-05-13 12:19:45.308 70062 INFO tempest.lib.common.rest_client [req-71a23e43-49da-4569-98a4-cdaea5c60c92 req-71a23e43-49da-4569-98a4-cdaea5c60c92 ] Request (ImagesMetadataNegativeTestJSON:tearDownClass): 204 DELETE http://10.180.1.21:9696/networking/v2.0/security-groups/68909e95-242f-446e-bb78-f73f0045d61a 0.217s
2025-05-13 12:19:45.311 70092 INFO tempest.lib.common.rest_client [req-db0e2792-f522-4f72-8f66-6472144ed5a8 req-db0e2792-f522-4f72-8f66-6472144ed5a8 ] Request (MigrationsAdminTest:test_list_migrations_in_flavor_resize_situation): 201 POST http://10.180.1.21:9696/networking/v2.0/floatingips 0.973s
2025-05-13 12:19:45.315 70084 INFO tempest.lib.common.rest_client [req-6a760949-aeec-4805-9d35-cdfd4bc46b36 req-6a760949-aeec-4805-9d35-cdfd4bc46b36 ] Request (FlavorMetadataValidation:tearDownClass): 200 GET http://10.180.1.21:9696/networking/v2.0/security-groups?tenant_id=1808ab15f525491996f280b95b6e4558&name=default 0.304s
2025-05-13 12:19:45.369 70078 INFO tempest.lib.common.rest_client [req-6f57e24d-74aa-40c7-af10-413a4c7fe8cc req-6f57e24d-74aa-40c7-af10-413a4c7fe8cc ] Request (ImagesOneServerTestJSON:tearDownClass): 200 GET http://10.180.1.21/compute/v2.1/servers/7ae47f8e-e519-4825-b89a-7561df6850d9 0.618s
2025-05-13 12:19:45.388 70072 INFO tempest.lib.common.rest_client [req-9eda8b5a-dc1e-4e06-9064-1c99d686740a req-9eda8b5a-dc1e-4e06-9064-1c99d686740a ] Request (ServerActionsTestJSON:setUpClass): 200 GET http://10.180.1.21/compute/v2.1/servers/19c06f92-7f17-4834-b8be-723eb3f313c5 0.587s
2025-05-13 12:19:45.395 70088 INFO tempest.lib.common.rest_client [req-ce6c6a86-83a9-4f18-8094-59670f4c43b9 req-ce6c6a86-83a9-4f18-8094-59670f4c43b9 ] Request (ServicesAdminNegativeV253TestJSON:test_get_service_with_valid_service_and_invalid_host): 200 GET http://10.180.1.21/compute/v2.1/os-services?host=xxx&binary=nova-scheduler 0.534s
2025-05-13 12:19:45.397 70086 WARNING tempest.lib.common.ssh [-] Failed to establish authenticated ssh connection to cirros@10.180.180.207 ([Errno None] Unable to connect to port 22 on 10.180.180.207). Number attempts: 7. Retry after 8 seconds.: paramiko.ssh_exception.NoValidConnectionsError: [Errno None] Unable to connect to port 22 on 10.180.180.207
2025-05-13 12:19:45.436 70062 INFO tempest.lib.common.rest_client [req-6721d2ac-aa00-48e7-83a7-de3985c44be5 req-6721d2ac-aa00-48e7-83a7-de3985c44be5 ] Request (ImagesMetadataNegativeTestJSON:tearDownClass): 204 DELETE http://10.180.1.21/identity/v3/projects/9b5920e9eba0417b934e44babe522345 0.128s
2025-05-13 12:19:45.437 70062 INFO tempest.test [-] raised in NoVNCConsoleTestJSON.setUpClass. Invoking tearDownClass.
2025-05-13 12:19:45.458 70066 INFO tempest.lib.common.rest_client [req-189cdb9a-8929-4675-a7ec-202e2737ecc5 req-189cdb9a-8929-4675-a7ec-202e2737ecc5 ] Request (ServersTestMultiNic:test_verify_duplicate_network_nics): 200 GET http://10.180.1.21/compute/v2.1/servers/e6e28bf0-10fd-4aa3-829b-9d5d0d301621 0.388s
2025-05-13 12:19:45.484 70084 INFO tempest.lib.common.rest_client [req-622f9117-aff3-438c-a56b-e05431d1d546 req-622f9117-aff3-438c-a56b-e05431d1d546 ] Request (FlavorMetadataValidation:tearDownClass): 204 DELETE http://10.180.1.21:9696/networking/v2.0/security-groups/9815dfd2-a30c-4419-8255-b11bd5fdae7b 0.168s
2025-05-13 12:19:45.513 70062 INFO tempest.lib.common.rest_client [req-fc4b9d88-d505-4c84-a71c-b0cba3474379 req-fc4b9d88-d505-4c84-a71c-b0cba3474379 ] Request (ServerGroup264TestJSON:setUpClass): 201 POST http://10.180.1.21/identity/v3/auth/tokens 0.072s
2025-05-13 12:19:45.524 70096 INFO tempest.lib.common.rest_client [req-0f9af117-16fe-4edf-812c-0748cec0ae3d req-0f9af117-16fe-4edf-812c-0748cec0ae3d ] Request (ServerExternalEventsTest:tearDownClass): 200 GET http://10.180.1.21/compute/v2.1/servers/b3fc7334-8f11-44cb-b3b1-49eb73ad14cf 0.393s
2025-05-13 12:19:45.563 70054 INFO tempest.lib.common.rest_client [req-be5ec218-c867-4888-95cf-9c7ae57179b6 req-be5ec218-c867-4888-95cf-9c7ae57179b6 ] Request (SecurityGroupsTestJSON:test_server_security_groups): 200 POST http://10.180.1.21/compute/v2.1/os-security-groups 0.445s
2025-05-13 12:19:45.574 70062 INFO tempest.lib.common.rest_client [req-eacc37af-233a-4a67-8242-77c30861a373 req-eacc37af-233a-4a67-8242-77c30861a373 ] Request (ServerGroup264TestJSON:setUpClass): 201 POST http://10.180.1.21/identity/v3/auth/tokens 0.056s
2025-05-13 12:19:45.594 70108 INFO tempest.lib.common.rest_client [req-ed60f4bf-c3df-42c3-8543-3ec617be8f0d req-ed60f4bf-c3df-42c3-8543-3ec617be8f0d ] Request (DeleteServersAdminTestJSON:test_delete_server_while_in_error_state): 200 GET http://10.180.1.21/compute/v2.1/servers/e35191b8-2393-48e1-a120-f2a030ecec52 0.366s
2025-05-13 12:19:45.597 70084 INFO tempest.lib.common.rest_client [req-ec6ecac8-da6a-4884-b80e-75d41fe795e7 req-ec6ecac8-da6a-4884-b80e-75d41fe795e7 ] Request (FlavorMetadataValidation:tearDownClass): 204 DELETE http://10.180.1.21/identity/v3/projects/1808ab15f525491996f280b95b6e4558 0.113s
2025-05-13 12:19:45.605 70092 INFO tempest.lib.common.rest_client [req-71f25afa-52e4-4093-b087-e80096a78499 req-71f25afa-52e4-4093-b087-e80096a78499 ] Request (MigrationsAdminTest:test_list_migrations_in_flavor_resize_situation): 200 GET http://10.180.1.21/compute/v2.1/os-migrations 0.294s
2025-05-13 12:19:45.632 70070 INFO tempest.lib.common.rest_client [req-b9cbb4d1-23aa-41c9-b7ae-10bc40e150a0 req-b9cbb4d1-23aa-41c9-b7ae-10bc40e150a0 ] Request (InstanceActionsV221TestJSON:test_get_list_deleted_instance_actions): 200 GET http://10.180.1.21/compute/v2.1/servers/ad5c1512-835d-40f1-97be-59a36e20deda 0.325s
2025-05-13 12:19:45.632 70084 INFO tempest.lib.common.rest_client [req-8c9a3dde-c5ee-4c03-bdd2-ed039071abd5 req-8c9a3dde-c5ee-4c03-bdd2-ed039071abd5 ] Request (InstanceUsageAuditLogTestJSON:setUpClass): 201 POST http://10.180.1.21/identity/v3/auth/tokens 0.034s
2025-05-13 12:19:45.638 70062 INFO tempest.lib.common.rest_client [req-6fea8b5d-f178-43b9-bf70-afdc0249f0c5 req-6fea8b5d-f178-43b9-bf70-afdc0249f0c5 ] Request (ServerGroup264TestJSON:setUpClass): 200 GET http://10.180.1.21/identity/v3/domains?name=Default 0.063s
2025-05-13 12:19:45.653 70052 INFO tempest.lib.common.rest_client [req-de6f01e6-7608-4cf0-81f8-e44c2e9719fa req-de6f01e6-7608-4cf0-81f8-e44c2e9719fa ] Request (ListImageFiltersTestJSON:setUpClass): 200 GET http://10.180.1.21/compute/v2.1/images/bbfb2490-9db4-451a-b352-0e50dfe1916f 0.284s
2025-05-13 12:19:45.680 70062 INFO tempest.lib.common.rest_client [req-b7e3fdfd-c798-449b-89dc-758cd5e933c2 req-b7e3fdfd-c798-449b-89dc-758cd5e933c2 ] Request (ServerGroup264TestJSON:setUpClass): 201 POST http://10.180.1.21/identity/v3/projects 0.041s
2025-05-13 12:19:45.690 70100 INFO tempest.lib.common.rest_client [req-63ec722b-7152-4b35-af4d-fb9fa5909aaa req-63ec722b-7152-4b35-af4d-fb9fa5909aaa ] Request (ServerPasswordTestJSON:setUpClass): 201 POST http://10.180.1.21:9696/networking/v2.0/routers 1.448s
2025-05-13 12:19:45.714 70068 INFO tempest.lib.common.rest_client [req-2e2a2740-059d-4c63-9275-80fc329a7d80 req-2e2a2740-059d-4c63-9275-80fc329a7d80 ] Request (ServersAdminNegativeTestJSON:test_migrate_server_invalid_state): 200 GET http://10.180.1.21/compute/v2.1/servers/2635794b-46eb-4532-9f26-43b36242e0bf 0.300s
2025-05-13 12:19:45.756 70084 INFO tempest.lib.common.rest_client [req-ab3bff8d-3f5e-49d9-8c9d-a8d0140ef26c req-ab3bff8d-3f5e-49d9-8c9d-a8d0140ef26c ] Request (InstanceUsageAuditLogTestJSON:setUpClass): 201 POST http://10.180.1.21/identity/v3/auth/tokens 0.119s
2025-05-13 12:19:45.759 70098 WARNING tempest.lib.common.ssh [-] Failed to establish authenticated ssh connection to cirros@10.180.180.133 ([Errno None] Unable to connect to port 22 on 10.180.180.133). Number attempts: 1. Retry after 2 seconds.: paramiko.ssh_exception.NoValidConnectionsError: [Errno None] Unable to connect to port 22 on 10.180.180.133
2025-05-13 12:19:45.768 70106 INFO tempest.lib.common.rest_client [req-282b89ec-ef1b-44b7-8c8b-7fcf2a72d491 req-282b89ec-ef1b-44b7-8c8b-7fcf2a72d491 ] Request (ServerAddressesTestJSON:setUpClass): 200 GET http://10.180.1.21/compute/v2.1/servers/15ed9603-9fc7-40a2-99c6-151cf10a8c36 0.252s
2025-05-13 12:19:45.788 70062 INFO tempest.lib.common.rest_client [req-fce006b2-06df-4770-af39-cb89186b6bc7 req-fce006b2-06df-4770-af39-cb89186b6bc7 ] Request (ServerGroup264TestJSON:setUpClass): 201 POST http://10.180.1.21/identity/v3/users 0.107s
2025-05-13 12:19:45.794 70088 INFO tempest.lib.common.rest_client [req-144ff31b-e776-4016-90a4-e7417811356e req-144ff31b-e776-4016-90a4-e7417811356e ] Request (ServicesAdminNegativeV253TestJSON:test_list_services_with_non_admin_user): 403 GET http://10.180.1.21/compute/v2.1/os-services 0.393s
2025-05-13 12:19:45.810 70084 INFO tempest.lib.common.rest_client [req-d902ba77-93ad-4663-90ec-9ac7c5f1f5b2 req-d902ba77-93ad-4663-90ec-9ac7c5f1f5b2 ] Request (InstanceUsageAuditLogTestJSON:setUpClass): 200 GET http://10.180.1.21/identity/v3/domains?name=Default 0.053s
2025-05-13 12:19:45.814 70062 INFO tempest.lib.common.rest_client [req-5259a710-5dd9-48a5-a57f-314ce4135594 req-5259a710-5dd9-48a5-a57f-314ce4135594 ] Request (ServerGroup264TestJSON:setUpClass): 200 GET http://10.180.1.21/identity/v3/roles 0.026s
2025-05-13 12:19:45.844 70084 INFO tempest.lib.common.rest_client [req-27ea5b32-d244-463c-9e3e-048ef91ecd4a req-27ea5b32-d244-463c-9e3e-048ef91ecd4a ] Request (InstanceUsageAuditLogTestJSON:setUpClass): 201 POST http://10.180.1.21/identity/v3/projects 0.033s
2025-05-13 12:19:45.883 70104 INFO tempest.lib.common.rest_client [req-999bb8c8-ac8d-49da-9cd3-b48c278fdb97 req-999bb8c8-ac8d-49da-9cd3-b48c278fdb97 ] Request (ServerRescueTestJSONUnderV235:setUpClass): 200 GET http://10.180.1.21/compute/v2.1/servers/b05d12b1-fb29-4185-8300-5f0140039dfe 0.347s
2025-05-13 12:19:45.894 70088 INFO tempest.lib.common.rest_client [req-bfbf13e7-7aeb-45da-8a78-0fbf37f1d2c9 req-bfbf13e7-7aeb-45da-8a78-0fbf37f1d2c9 ] Request (ServicesAdminNegativeV253TestJSON:tearDownClass): 204 DELETE http://10.180.1.21/identity/v3/users/6c44278160bf4e3382b3ba9515919997 0.098s
2025-05-13 12:19:45.936 70060 INFO tempest.lib.common.rest_client [req-15d2a334-1467-4c04-9f3e-429ba06c0f59 req-15d2a334-1467-4c04-9f3e-429ba06c0f59 ] Request (ServerAddressesNegativeTestJSON:setUpClass): 200 GET http://10.180.1.21/compute/v2.1/servers/be3699ce-b81b-4db4-b82f-1ec081a96855 0.338s
2025-05-13 12:19:45.943 70062 INFO tempest.lib.common.rest_client [req-f446852a-0b31-4fea-b933-689d8933e5c1 req-f446852a-0b31-4fea-b933-689d8933e5c1 ] Request (ServerGroup264TestJSON:setUpClass): 204 PUT http://10.180.1.21/identity/v3/projects/6b61d71147454b478f1d2697a2ef9792/users/3033d440fa904f169d8222086af671d0/roles/eec125c1a094460cb46ca640aa5166c8 0.128s
2025-05-13 12:19:45.944 70062 INFO tempest.lib.common.dynamic_creds [-] Dynamic test user 3033d440fa904f169d8222086af671d0 is created with scope project and roles: ['member']
2025-05-13 12:19:45.944 70062 INFO tempest.lib.common.dynamic_creds [-] Acquired dynamic creds: credentials: Credentials: {'domain_id': 'default', 'domain_name': 'Default', 'username': 'tempest-ServerGroup264TestJSON-461227899-project-member', 'project_domain_id': 'default', 'project_domain_name': 'Default', 'project_id': '6b61d71147454b478f1d2697a2ef9792', 'project_name': 'tempest-ServerGroup264TestJSON-461227899', 'tenant_id': '6b61d71147454b478f1d2697a2ef9792', 'tenant_name': 'tempest-ServerGroup264TestJSON-461227899', 'user_domain_id': 'default', 'user_domain_name': 'Default', 'user_id': '3033d440fa904f169d8222086af671d0', 'system': None}, Network: None, Subnet: None, Router: None
2025-05-13 12:19:45.954 70092 INFO tempest.lib.common.rest_client [req-94bc80c6-a557-4915-b1e9-9e9a8c25b5ff req-94bc80c6-a557-4915-b1e9-9e9a8c25b5ff ] Request (MigrationsAdminTest:test_resize_server_revert_deleted_flavor): 200 GET http://10.180.1.21/compute/v2.1/flavors/42 0.341s
2025-05-13 12:19:45.998 70084 INFO tempest.lib.common.rest_client [req-0259fa0e-a6c4-4429-b193-ab09814914c6 req-0259fa0e-a6c4-4429-b193-ab09814914c6 ] Request (InstanceUsageAuditLogTestJSON:setUpClass): 201 POST http://10.180.1.21/identity/v3/users 0.153s
2025-05-13 12:19:46.025 70076 INFO tempest.lib.common.rest_client [req-b93cb88e-c439-4917-98a5-27fbb50093c4 req-b93cb88e-c439-4917-98a5-27fbb50093c4 ] Request (ServersListShow296Test:test_list_show_update_rebuild_server_296): 200 GET http://10.180.1.21/compute/v2.1/servers/1e8ea4f1-cbcf-4c6d-91f3-6ce833f65074 0.390s
2025-05-13 12:19:46.041 70088 INFO tempest.lib.common.rest_client [req-3f066711-3f09-4a54-a405-a33f874d3163 req-3f066711-3f09-4a54-a405-a33f874d3163 ] Request (ServicesAdminNegativeV253TestJSON:tearDownClass): 204 DELETE http://10.180.1.21/identity/v3/users/8de6ee9a6959468b9e670b7a018e8e55 0.147s
2025-05-13 12:19:46.042 70088 INFO tempest.lib.common.dynamic_creds [-] Deleting project and security group for project: af9353dd1e54432b8da561111a5e0be9
2025-05-13 12:19:46.061 70062 INFO tempest.lib.common.rest_client [req-b3360f2f-6f55-4764-a44a-1e261ab22944 req-b3360f2f-6f55-4764-a44a-1e261ab22944 ] Request (ServerGroup264TestJSON:setUpClass): 201 POST http://10.180.1.21/identity/v3/auth/tokens 0.116s
2025-05-13 12:19:46.086 70103 INFO tempest.lib.common.rest_client [req-b1c201d2-f3da-4052-8d00-0aacc340852c req-b1c201d2-f3da-4052-8d00-0aacc340852c ] Request (ImagesTestJSON:test_create_image_from_stopped_server): 200 GET http://10.180.1.21/compute/v2.1/servers/45b73d40-e4b9-4c65-82b4-0bb39b3f418b 0.406s
2025-05-13 12:19:46.090 70088 INFO tempest.lib.common.rest_client [req-00167aee-10e1-4d13-8619-47d47375da09 req-00167aee-10e1-4d13-8619-47d47375da09 ] Request (ServicesAdminNegativeV253TestJSON:tearDownClass): 201 POST http://10.180.1.21/identity/v3/auth/tokens 0.048s
2025-05-13 12:19:46.106 70084 INFO tempest.lib.common.rest_client [req-a5be3354-b374-434a-8265-15b61a2f36a3 req-a5be3354-b374-434a-8265-15b61a2f36a3 ] Request (InstanceUsageAuditLogTestJSON:setUpClass): 200 GET http://10.180.1.21/identity/v3/roles 0.108s
2025-05-13 12:19:46.138 70064 INFO tempest.lib.common.rest_client [req-dbb5f55b-0aab-4baf-a73b-6b542bc5126d req-dbb5f55b-0aab-4baf-a73b-6b542bc5126d ] Request (FloatingIPsAssociationTestJSON:test_associate_already_associated_floating_ip): 200 GET http://10.180.1.21/compute/v2.1/servers/60eb16dd-8c95-46c1-a226-ee1280cbd403 0.380s
2025-05-13 12:19:46.170 70084 INFO tempest.lib.common.rest_client [req-8600baac-a5c9-4e67-85b6-cafd9ce26089 req-8600baac-a5c9-4e67-85b6-cafd9ce26089 ] Request (InstanceUsageAuditLogTestJSON:setUpClass): 204 PUT http://10.180.1.21/identity/v3/projects/62cd9971ea2543369f27d4e4942e1458/users/9792cf7b14e14678a6a7ca7688a425f5/roles/eec125c1a094460cb46ca640aa5166c8 0.063s
2025-05-13 12:19:46.170 70084 INFO tempest.lib.common.dynamic_creds [-] Dynamic test user 9792cf7b14e14678a6a7ca7688a425f5 is created with scope project and roles: ['member']
2025-05-13 12:19:46.170 70084 INFO tempest.lib.common.dynamic_creds [-] Acquired dynamic creds: credentials: Credentials: {'domain_id': 'default', 'domain_name': 'Default', 'username': 'tempest-InstanceUsageAuditLogTestJSON-271037928-project-member', 'project_domain_id': 'default', 'project_domain_name': 'Default', 'project_id': '62cd9971ea2543369f27d4e4942e1458', 'project_name': 'tempest-InstanceUsageAuditLogTestJSON-271037928', 'tenant_id': '62cd9971ea2543369f27d4e4942e1458', 'tenant_name': 'tempest-InstanceUsageAuditLogTestJSON-271037928', 'user_domain_id': 'default', 'user_domain_name': 'Default', 'user_id': '9792cf7b14e14678a6a7ca7688a425f5', 'system': None}, Network: None, Subnet: None, Router: None
2025-05-13 12:19:46.171 70084 INFO tempest.lib.common.dynamic_creds [-] Created isolated network resources for: credentials: Credentials: {'domain_id': 'default', 'domain_name': 'Default', 'username': 'tempest-InstanceUsageAuditLogTestJSON-271037928-project-member', 'project_domain_id': 'default', 'project_domain_name': 'Default', 'project_id': '62cd9971ea2543369f27d4e4942e1458', 'project_name': 'tempest-InstanceUsageAuditLogTestJSON-271037928', 'tenant_id': '62cd9971ea2543369f27d4e4942e1458', 'tenant_name': 'tempest-InstanceUsageAuditLogTestJSON-271037928', 'user_domain_id': 'default', 'user_domain_name': 'Default', 'user_id': '9792cf7b14e14678a6a7ca7688a425f5', 'system': None}, Network: None, Subnet: None, Router: None
2025-05-13 12:19:46.197 70082 INFO tempest.lib.common.rest_client [req-87b76d9c-fc9d-4e25-af1e-0d9893a302c8 req-87b76d9c-fc9d-4e25-af1e-0d9893a302c8 ] Request (TenantUsagesTestJSON:setUpClass): 200 GET http://10.180.1.21/compute/v2.1/servers/7d036508-bb94-46ea-a630-117bbff02099 0.360s
2025-05-13 12:19:46.288 70084 INFO tempest.lib.common.rest_client [req-9dccd0c0-f22e-4810-932a-37c91248ad31 req-9dccd0c0-f22e-4810-932a-37c91248ad31 ] Request (InstanceUsageAuditLogTestJSON:setUpClass): 201 POST http://10.180.1.21/identity/v3/auth/tokens 0.114s
2025-05-13 12:19:46.290 70054 INFO tempest.lib.common.rest_client [req-5193225f-05dc-4e41-a6b9-e1ed160d3a9c req-5193225f-05dc-4e41-a6b9-e1ed160d3a9c ] Request (SecurityGroupsTestJSON:test_server_security_groups): 200 POST http://10.180.1.21/compute/v2.1/os-security-groups 0.723s
2025-05-13 12:19:46.296 70080 INFO tempest.lib.common.rest_client [req-86fc24d4-ff15-4124-ab42-3fe4d785757a req-86fc24d4-ff15-4124-ab42-3fe4d785757a ] Request (MultipleCreateTestJSON:test_multiple_create): 200 GET http://10.180.1.21/compute/v2.1/servers/271a7171-f68e-40ec-8f3e-87cb9c18e971 0.449s
2025-05-13 12:19:46.326 70092 INFO tempest.lib.common.rest_client [req-cff8e3d3-7584-49cb-85af-441a4c39f52e req-cff8e3d3-7584-49cb-85af-441a4c39f52e ] Request (MigrationsAdminTest:test_resize_server_revert_deleted_flavor): 200 POST http://10.180.1.21/compute/v2.1/flavors 0.369s
2025-05-13 12:19:46.387 70054 INFO tempest.lib.common.rest_client [req-3af34f49-06fa-43e7-bacd-3b97348f2eba req-3af34f49-06fa-43e7-bacd-3b97348f2eba ] Request (SecurityGroupsTestJSON:test_server_security_groups): 201 POST http://10.180.1.21/identity/v3/auth/tokens 0.084s
2025-05-13 12:19:46.387 70054 INFO tempest.lib.common.fixed_network [-] (SecurityGroupsTestJSON:test_server_security_groups) Found network {'id': '29edef2d-c3cc-4fd2-8a86-68a8eb391ef0', 'name': 'tempest-SecurityGroupsTestJSON-1441207760-network', 'tenant_id': '42257c279ac042a88f3d28949622e509', 'admin_state_up': True, 'mtu': 8950, 'status': 'ACTIVE', 'subnets': [], 'shared': False, 'project_id': '42257c279ac042a88f3d28949622e509', 'port_security_enabled': True, 'router:external': False, 'provider:network_type': 'vlan', 'provider:physical_network': 'default', 'provider:segmentation_id': 468, 'availability_zone_hints': [], 'availability_zones': [], 'ipv4_address_scope': None, 'ipv6_address_scope': None, 'description': '', 'tags': [], 'created_at': '2025-05-13T12:18:24Z', 'updated_at': '2025-05-13T12:18:24Z', 'revision_number': 1} available for tenant
2025-05-13 12:19:46.399 70084 INFO tempest.lib.common.rest_client [req-2f8818d5-7da5-49a0-bbbe-592b13174cb4 req-2f8818d5-7da5-49a0-bbbe-592b13174cb4 ] Request (InstanceUsageAuditLogTestJSON:setUpClass): 201 POST http://10.180.1.21/identity/v3/projects 0.110s
2025-05-13 12:19:46.423 70050 INFO tempest.lib.common.rest_client [req-dd7200d8-0b25-4a91-97f2-c9b95b1bb175 req-dd7200d8-0b25-4a91-97f2-c9b95b1bb175 ] Request (ListServerFiltersTestJSON:setUpClass): 200 GET http://10.180.1.21/compute/v2.1/servers/738d3943-b255-4e92-8255-35aa0e3d6190 0.483s
2025-05-13 12:19:46.432 70050 INFO tempest.common.waiters [-] State transition "BUILD/None" ==> "BUILD/block_device_mapping" after 47 second wait
2025-05-13 12:19:46.467 70084 INFO tempest.lib.common.rest_client [req-9bc07ef2-ef4f-4c7f-874d-058ec4558d36 req-9bc07ef2-ef4f-4c7f-874d-058ec4558d36 ] Request (InstanceUsageAuditLogTestJSON:setUpClass): 201 POST http://10.180.1.21/identity/v3/users 0.067s
