2025-05-13 12:19:51.706 70078 INFO tempest.lib.common.rest_client [req-3bbf3ca7-e3eb-4b9a-a8ad-b60dc81a959f req-3bbf3ca7-e3eb-4b9a-a8ad-b60dc81a959f ] Request (ImagesOneServerTestJSON:tearDownClass): 200 GET http://10.180.1.21/compute/v2.1/servers/7ae47f8e-e519-4825-b89a-7561df6850d9 0.595s
2025-05-13 12:19:51.739 70072 INFO tempest.lib.common.rest_client [req-a31559a3-a906-4ed1-8dec-020f0933dd1f req-a31559a3-a906-4ed1-8dec-020f0933dd1f ] Request (ServerActionsTestJSON:setUpClass): 200 GET http://10.180.1.21/compute/v2.1/servers/19c06f92-7f17-4834-b8be-723eb3f313c5 0.537s
2025-05-13 12:19:51.782 70100 INFO tempest.lib.common.rest_client [req-d6cb09f6-3e0e-4e45-beec-5a8c8d9d386c req-d6cb09f6-3e0e-4e45-beec-5a8c8d9d386c ] Request (ServerPasswordTestJSON:setUpClass): 200 GET http://10.180.1.21/compute/v2.1/servers/8d265b73-da0b-4a15-a9a7-63ef7750f9f5 0.534s
2025-05-13 12:19:51.799 70066 INFO tempest.lib.common.rest_client [req-6570370c-915a-44f6-a0b4-f61d66ab2a30 req-6570370c-915a-44f6-a0b4-f61d66ab2a30 ] Request (ServersTestMultiNic:test_verify_duplicate_network_nics): 200 GET http://10.180.1.21/compute/v2.1/servers/e6e28bf0-10fd-4aa3-829b-9d5d0d301621 0.453s
2025-05-13 12:19:51.809 70096 INFO tempest.lib.common.rest_client [req-c5b471f6-e8a6-4d09-89f1-94f603cfeded req-c5b471f6-e8a6-4d09-89f1-94f603cfeded ] Request (ServerExternalEventsTest:tearDownClass): 404 GET http://10.180.1.21/compute/v2.1/servers/b3fc7334-8f11-44cb-b3b1-49eb73ad14cf 0.450s
2025-05-13 12:19:51.860 70108 INFO tempest.lib.common.rest_client [req-cd5a0c1f-57ea-4b37-9747-882e91cb4210 req-cd5a0c1f-57ea-4b37-9747-882e91cb4210 ] Request (DeleteServersAdminTestJSON:test_delete_server_while_in_error_state): 200 GET http://10.180.1.21/compute/v2.1/servers/e35191b8-2393-48e1-a120-f2a030ecec52 0.449s
2025-05-13 12:19:51.880 70070 INFO tempest.lib.common.rest_client [req-dbe83626-5dfa-4637-a237-a18efa0f4068 req-dbe83626-5dfa-4637-a237-a18efa0f4068 ] Request (InstanceActionsV221TestJSON:test_get_list_deleted_instance_actions): 200 GET http://10.180.1.21/compute/v2.1/servers/ad5c1512-835d-40f1-97be-59a36e20deda 0.454s
2025-05-13 12:19:51.928 70052 INFO tempest.lib.common.rest_client [req-7af23f42-fe01-4ead-a042-8901dff756f1 req-7af23f42-fe01-4ead-a042-8901dff756f1 ] Request (ListImageFiltersTestJSON:setUpClass): 200 GET http://10.180.1.21/compute/v2.1/images/bbfb2490-9db4-451a-b352-0e50dfe1916f 0.477s
2025-05-13 12:19:51.930 70096 INFO tempest.lib.common.rest_client [req-7778f99a-b4ec-48db-a403-bd58a241d5a8 req-7778f99a-b4ec-48db-a403-bd58a241d5a8 ] Request (ServerExternalEventsTest:tearDownClass): 204 DELETE http://10.180.1.21/identity/v3/users/429e5f3cd91c4b56a7b481c8e51e1918 0.120s
2025-05-13 12:19:51.944 70092 INFO tempest.lib.common.rest_client [req-208bb098-2763-45b1-826c-64b27ea55bcb req-208bb098-2763-45b1-826c-64b27ea55bcb ] Request (MigrationsAdminTest:test_resize_server_revert_deleted_flavor): 200 GET http://10.180.1.21/compute/v2.1/servers/95957450-4202-4400-ab80-e9d3a56b2efb 0.427s
2025-05-13 12:19:52.012 70090 INFO tempest.lib.common.rest_client [req-a5b565de-9080-4189-9141-acd63bc9ac08 req-a5b565de-9080-4189-9141-acd63bc9ac08 ] Request (ServersAdminTestJSON:test_create_server_with_scheduling_hint): 200 GET http://10.180.1.21/compute/v2.1/servers/e7c6d72e-2455-4d69-a2a7-5ee48fa3a22c 0.387s
2025-05-13 12:19:52.029 70062 INFO tempest.lib.common.rest_client [req-3c2fff68-d695-4683-ada7-301bd6fa08a2 req-3c2fff68-d695-4683-ada7-301bd6fa08a2 ] Request (ServerGroup264TestJSON:tearDownClass): 404 DELETE http://10.180.1.21/compute/v2.1/os-server-groups/3cd31dae-5bc6-4a62-aa99-365872ea1472 0.368s
2025-05-13 12:19:52.091 70068 INFO tempest.lib.common.rest_client [req-ec94e088-a7e5-44a6-a279-e63b9206c094 req-ec94e088-a7e5-44a6-a279-e63b9206c094 ] Request (ServersAdminNegativeTestJSON:test_migrate_server_invalid_state): 200 GET http://10.180.1.21/compute/v2.1/servers/2635794b-46eb-4532-9f26-43b36242e0bf 0.470s
2025-05-13 12:19:52.094 70096 INFO tempest.lib.common.rest_client [req-0feca331-422f-4c1a-b766-eeac99635ebb req-0feca331-422f-4c1a-b766-eeac99635ebb ] Request (ServerExternalEventsTest:tearDownClass): 204 DELETE http://10.180.1.21/identity/v3/users/687a51c39ecb4bbba39598053a6dd220 0.163s
2025-05-13 12:19:52.130 70106 INFO tempest.lib.common.rest_client [req-909accf0-2fdd-4beb-a618-ad65fc1b3374 req-909accf0-2fdd-4beb-a618-ad65fc1b3374 ] Request (ServerAddressesTestJSON:setUpClass): 200 GET http://10.180.1.21/compute/v2.1/servers/15ed9603-9fc7-40a2-99c6-151cf10a8c36 0.447s
2025-05-13 12:19:52.179 70060 INFO tempest.lib.common.rest_client [req-378284c6-b1e0-4366-858d-73ec67b08b87 req-378284c6-b1e0-4366-858d-73ec67b08b87 ] Request (ServerAddressesNegativeTestJSON:setUpClass): 200 GET http://10.180.1.21/compute/v2.1/servers/be3699ce-b81b-4db4-b82f-1ec081a96855 0.437s
2025-05-13 12:19:52.194 70060 INFO tempest.common.waiters [-] State transition "BUILD/scheduling" ==> "BUILD/None" after 32 second wait
2025-05-13 12:19:52.240 70096 INFO tempest.lib.common.rest_client [req-fe35a2b4-299f-40a5-a64c-4c172eef68ad req-fe35a2b4-299f-40a5-a64c-4c172eef68ad ] Request (ServerExternalEventsTest:tearDownClass): 204 DELETE http://10.180.1.21/identity/v3/users/71890b7e78804c08933fcf9b13d8f2fe 0.145s
2025-05-13 12:19:52.240 70096 INFO tempest.lib.common.dynamic_creds [-] Deleting project and security group for project: bb2fda6cd3da4a619f35233785257f64
2025-05-13 12:19:52.289 70103 INFO tempest.lib.common.rest_client [req-3ac99288-0ac8-4a90-b0b2-6def0e53f386 req-3ac99288-0ac8-4a90-b0b2-6def0e53f386 ] Request (ImagesTestJSON:test_create_image_from_stopped_server): 200 GET http://10.180.1.21/compute/v2.1/servers/45b73d40-e4b9-4c65-82b4-0bb39b3f418b 0.360s
2025-05-13 12:19:52.337 70096 INFO tempest.lib.common.rest_client [req-114b7a06-5477-4038-a059-c28d1a118bdd req-114b7a06-5477-4038-a059-c28d1a118bdd ] Request (ServerExternalEventsTest:tearDownClass): 201 POST http://10.180.1.21/identity/v3/auth/tokens 0.096s
2025-05-13 12:19:52.354 70104 INFO tempest.lib.common.rest_client [req-fcf5a0e8-3098-43dd-b300-a1c22ed3f61b req-fcf5a0e8-3098-43dd-b300-a1c22ed3f61b ] Request (ServerRescueTestJSONUnderV235:setUpClass): 200 GET http://10.180.1.21/compute/v2.1/servers/b05d12b1-fb29-4185-8300-5f0140039dfe 0.480s
2025-05-13 12:19:52.401 70076 INFO tempest.lib.common.rest_client [req-7854f70f-2242-40b5-b57b-444ede04ed25 req-7854f70f-2242-40b5-b57b-444ede04ed25 ] Request (ServersListShow296Test:test_list_show_update_rebuild_server_296): 200 GET http://10.180.1.21/compute/v2.1/servers/1e8ea4f1-cbcf-4c6d-91f3-6ce833f65074 0.443s
2025-05-13 12:19:52.469 70064 INFO tempest.lib.common.rest_client [req-da06cc72-f717-4bb0-b792-3df03b1f2689 req-da06cc72-f717-4bb0-b792-3df03b1f2689 ] Request (FloatingIPsAssociationTestJSON:test_associate_already_associated_floating_ip): 200 GET http://10.180.1.21/compute/v2.1/servers/60eb16dd-8c95-46c1-a226-ee1280cbd403 0.428s
2025-05-13 12:19:52.533 70080 INFO tempest.lib.common.rest_client [req-eebeda5a-8d08-40b5-a749-dc31254845da req-eebeda5a-8d08-40b5-a749-dc31254845da ] Request (MultipleCreateTestJSON:test_multiple_create): 200 GET http://10.180.1.21/compute/v2.1/servers/271a7171-f68e-40ec-8f3e-87cb9c18e971 0.478s
2025-05-13 12:19:52.550 70084 INFO tempest.lib.common.rest_client [req-a6069e4f-7215-4cf1-bad5-70b37118bd3b req-a6069e4f-7215-4cf1-bad5-70b37118bd3b ] Request (FloatingIPsTestJSON:setUpClass): 201 POST http://10.180.1.21:9696/networking/v2.0/routers 1.095s
2025-05-13 12:19:52.601 70054 INFO tempest.lib.common.rest_client [req-d0d67514-77ae-4bcb-858f-2ca53d1652d6 req-d0d67514-77ae-4bcb-858f-2ca53d1652d6 ] Request (SecurityGroupsTestJSON:test_server_security_groups): 200 GET http://10.180.1.21/compute/v2.1/servers/c089aece-c240-4203-96d7-e8fc9820c7d6 0.493s
2025-05-13 12:19:52.670 70082 INFO tempest.lib.common.rest_client [req-c5c43048-b864-4eb4-8f05-dc0b39d02b9f req-c5c43048-b864-4eb4-8f05-dc0b39d02b9f ] Request (TenantUsagesTestJSON:setUpClass): 200 GET http://10.180.1.21/compute/v2.1/servers/7d036508-bb94-46ea-a630-117bbff02099 0.681s
2025-05-13 12:19:52.672 70048 INFO tempest.lib.common.rest_client [req-6cb7176e-57a4-463a-b3f5-c2a850723543 req-6cb7176e-57a4-463a-b3f5-c2a850723543 ] Request (ImagesOneServerNegativeTestJSON:setUpClass): 200 GET http://10.180.1.21/compute/v2.1/servers/828f7a0a-dd24-4c98-85cf-5d99627860d7 0.488s
2025-05-13 12:19:52.754 70058 INFO tempest.lib.common.rest_client [req-4c201fac-850a-425c-ab77-fcb0f724ad44 req-4c201fac-850a-425c-ab77-fcb0f724ad44 ] Request (ListServersNegativeTestJSON:setUpClass): 200 GET http://10.180.1.21/compute/v2.1/servers/27c5d873-f24c-4e20-9bcf-1b157114e5d0 0.238s
2025-05-13 12:19:52.827 70074 INFO tempest.lib.common.rest_client [req-9d4700e9-3be2-4d84-8d64-a8c12fa4ab17 req-9d4700e9-3be2-4d84-8d64-a8c12fa4ab17 ] Request (ServersNegativeTestJSON:setUpClass): 200 GET http://10.180.1.21/compute/v2.1/servers/3df42b8d-2222-42cc-8816-06ee1b31dc78 0.217s
2025-05-13 12:19:52.921 70096 INFO tempest.lib.common.rest_client [req-3f81f987-f74d-4b44-bb1f-47f1d1e1fe91 req-3f81f987-f74d-4b44-bb1f-47f1d1e1fe91 ] Request (ServerExternalEventsTest:tearDownClass): 200 GET http://10.180.1.21:9696/networking/v2.0/security-groups?tenant_id=bb2fda6cd3da4a619f35233785257f64&name=default 0.584s
2025-05-13 12:19:52.922 70078 INFO tempest.lib.common.rest_client [req-b3f9cd4f-d7ff-4f76-ae68-c9f301a15daf req-b3f9cd4f-d7ff-4f76-ae68-c9f301a15daf ] Request (ImagesOneServerTestJSON:tearDownClass): 200 GET http://10.180.1.21/compute/v2.1/servers/7ae47f8e-e519-4825-b89a-7561df6850d9 0.202s
2025-05-13 12:19:52.962 70050 INFO tempest.lib.common.rest_client [req-a92dd4fc-d80d-4d8c-8064-47efe1709ec2 req-a92dd4fc-d80d-4d8c-8064-47efe1709ec2 ] Request (ListServerFiltersTestJSON:setUpClass): 200 GET http://10.180.1.21/compute/v2.1/servers/738d3943-b255-4e92-8255-35aa0e3d6190 0.532s
2025-05-13 12:19:53.014 70072 INFO tempest.lib.common.rest_client [req-4badd864-3ee1-4ca4-bc56-9bd892ef32cf req-4badd864-3ee1-4ca4-bc56-9bd892ef32cf ] Request (ServerActionsTestJSON:setUpClass): 200 GET http://10.180.1.21/compute/v2.1/servers/19c06f92-7f17-4834-b8be-723eb3f313c5 0.264s
2025-05-13 12:19:53.045 70100 INFO tempest.lib.common.rest_client [req-1ce9c175-305e-4de1-8a6b-a0ded8197c35 req-1ce9c175-305e-4de1-8a6b-a0ded8197c35 ] Request (ServerPasswordTestJSON:setUpClass): 200 GET http://10.180.1.21/compute/v2.1/servers/8d265b73-da0b-4a15-a9a7-63ef7750f9f5 0.249s
2025-05-13 12:19:53.099 70066 INFO tempest.lib.common.rest_client [req-d7f0dc47-aa97-4933-9e81-f0524a5403be req-d7f0dc47-aa97-4933-9e81-f0524a5403be ] Request (ServersTestMultiNic:test_verify_duplicate_network_nics): 200 GET http://10.180.1.21/compute/v2.1/servers/e6e28bf0-10fd-4aa3-829b-9d5d0d301621 0.291s
2025-05-13 12:19:53.114 70108 INFO tempest.lib.common.rest_client [req-83bfa526-70ba-4a44-80e4-e8cf9e0b9573 req-83bfa526-70ba-4a44-80e4-e8cf9e0b9573 ] Request (DeleteServersAdminTestJSON:test_delete_server_while_in_error_state): 200 GET http://10.180.1.21/compute/v2.1/servers/e35191b8-2393-48e1-a120-f2a030ecec52 0.243s
2025-05-13 12:19:53.159 70052 INFO tempest.lib.common.rest_client [req-53380a87-f1be-43d2-8f1a-948ba50eb486 req-53380a87-f1be-43d2-8f1a-948ba50eb486 ] Request (ListImageFiltersTestJSON:setUpClass): 200 GET http://10.180.1.21/compute/v2.1/images/bbfb2490-9db4-451a-b352-0e50dfe1916f 0.227s
2025-05-13 12:19:53.170 70096 INFO tempest.lib.common.rest_client [req-1a39b880-b47f-4da4-a38d-9705a789bbdf req-1a39b880-b47f-4da4-a38d-9705a789bbdf ] Request (ServerExternalEventsTest:tearDownClass): 204 DELETE http://10.180.1.21:9696/networking/v2.0/security-groups/a3a2653a-11e4-488c-8a80-ce6926875e9d 0.248s
2025-05-13 12:19:53.180 70070 INFO tempest.lib.common.rest_client [req-d09327ec-9faf-49f1-aae0-831d93cbbaa6 req-d09327ec-9faf-49f1-aae0-831d93cbbaa6 ] Request (InstanceActionsV221TestJSON:test_get_list_deleted_instance_actions): 200 GET http://10.180.1.21/compute/v2.1/servers/ad5c1512-835d-40f1-97be-59a36e20deda 0.284s
2025-05-13 12:19:53.222 70092 INFO tempest.lib.common.rest_client [req-355a601d-a39a-489b-accb-364e2bb0adf8 req-355a601d-a39a-489b-accb-364e2bb0adf8 ] Request (MigrationsAdminTest:test_resize_server_revert_deleted_flavor): 200 GET http://10.180.1.21/compute/v2.1/servers/95957450-4202-4400-ab80-e9d3a56b2efb 0.268s
2025-05-13 12:19:53.241 70090 INFO tempest.lib.common.rest_client [req-60767778-d838-4dca-85d5-8e2be5d64f53 req-60767778-d838-4dca-85d5-8e2be5d64f53 ] Request (ServersAdminTestJSON:test_create_server_with_scheduling_hint): 200 GET http://10.180.1.21/compute/v2.1/servers/e7c6d72e-2455-4d69-a2a7-5ee48fa3a22c 0.215s
2025-05-13 12:19:53.265 70096 INFO tempest.lib.common.rest_client [req-5a76c747-68ba-46e4-b049-ae275dbf0065 req-5a76c747-68ba-46e4-b049-ae275dbf0065 ] Request (ServerExternalEventsTest:tearDownClass): 204 DELETE http://10.180.1.21/identity/v3/projects/bb2fda6cd3da4a619f35233785257f64 0.095s
2025-05-13 12:19:53.265 70096 INFO tempest.lib.common.dynamic_creds [-] Deleting project and security group for project: 31dc37162d284f429aa34207b439da53
2025-05-13 12:19:53.312 70106 INFO tempest.lib.common.rest_client [req-f75bafc8-c633-4e59-957e-11b3cda88b6a req-f75bafc8-c633-4e59-957e-11b3cda88b6a ] Request (ServerAddressesTestJSON:setUpClass): 200 GET http://10.180.1.21/compute/v2.1/servers/15ed9603-9fc7-40a2-99c6-151cf10a8c36 0.173s
2025-05-13 12:19:53.323 70096 INFO tempest.lib.common.rest_client [req-20034977-7979-49be-af46-3ba8a17ff5a0 req-20034977-7979-49be-af46-3ba8a17ff5a0 ] Request (ServerExternalEventsTest:tearDownClass): 200 GET http://10.180.1.21:9696/networking/v2.0/security-groups?tenant_id=31dc37162d284f429aa34207b439da53&name=default 0.058s
2025-05-13 12:19:53.390 70060 INFO tempest.lib.common.rest_client [req-d3aa2112-3b73-4e83-b351-de8dc03ee004 req-d3aa2112-3b73-4e83-b351-de8dc03ee004 ] Request (ServerAddressesNegativeTestJSON:setUpClass): 200 GET http://10.180.1.21/compute/v2.1/servers/be3699ce-b81b-4db4-b82f-1ec081a96855 0.193s
2025-05-13 12:19:53.462 70103 INFO tempest.lib.common.rest_client [req-d883b871-549f-4e29-9a55-c7533f5eca2b req-d883b871-549f-4e29-9a55-c7533f5eca2b ] Request (ImagesTestJSON:test_create_image_from_stopped_server): 200 GET http://10.180.1.21/compute/v2.1/servers/45b73d40-e4b9-4c65-82b4-0bb39b3f418b 0.158s
2025-05-13 12:19:53.483 70068 INFO tempest.lib.common.rest_client [req-9aad9828-bc70-4d5b-b013-48ec9f289127 req-9aad9828-bc70-4d5b-b013-48ec9f289127 ] Request (ServersAdminNegativeTestJSON:test_migrate_server_invalid_state): 200 GET http://10.180.1.21/compute/v2.1/servers/2635794b-46eb-4532-9f26-43b36242e0bf 0.375s
2025-05-13 12:19:53.513 70096 INFO tempest.lib.common.rest_client [req-2cb3183d-d72a-4a8a-8978-e537311c05e0 req-2cb3183d-d72a-4a8a-8978-e537311c05e0 ] Request (ServerExternalEventsTest:tearDownClass): 204 DELETE http://10.180.1.21:9696/networking/v2.0/security-groups/46724bac-75e4-4001-ac6f-ec6f2a258c30 0.189s
2025-05-13 12:19:53.553 70076 INFO tempest.lib.common.rest_client [req-b8fffb43-78a5-4383-9a21-c1c2680e118f req-b8fffb43-78a5-4383-9a21-c1c2680e118f ] Request (ServersListShow296Test:test_list_show_update_rebuild_server_296): 200 GET http://10.180.1.21/compute/v2.1/servers/1e8ea4f1-cbcf-4c6d-91f3-6ce833f65074 0.137s
2025-05-13 12:19:53.590 70062 INFO tempest.lib.common.rest_client [req-3907e12b-d9ca-419c-9fd5-abeeae50226a req-3907e12b-d9ca-419c-9fd5-abeeae50226a ] Request (ServerGroup264TestJSON:tearDownClass): 200 PUT http://10.180.1.21:9696/networking/v2.0/routers/e9198225-f042-4c90-ac93-43132423747a/remove_router_interface 1.560s
2025-05-13 12:19:53.630 70096 INFO tempest.lib.common.rest_client [req-71df7cb5-7fbb-47e5-b0d6-30ed9f6b5bff req-71df7cb5-7fbb-47e5-b0d6-30ed9f6b5bff ] Request (ServerExternalEventsTest:tearDownClass): 204 DELETE http://10.180.1.21/identity/v3/projects/31dc37162d284f429aa34207b439da53 0.117s
2025-05-13 12:19:53.631 70096 INFO tempest.lib.common.dynamic_creds [-] Deleting project and security group for project: 89ce50cd1295412b85f76474e9d3eb3c
2025-05-13 12:19:53.633 70064 INFO tempest.lib.common.rest_client [req-b779e30a-60ba-49ce-8882-d710e36e9e90 req-b779e30a-60ba-49ce-8882-d710e36e9e90 ] Request (FloatingIPsAssociationTestJSON:test_associate_already_associated_floating_ip): 200 GET http://10.180.1.21/compute/v2.1/servers/60eb16dd-8c95-46c1-a226-ee1280cbd403 0.151s
2025-05-13 12:19:53.664 70104 INFO tempest.lib.common.rest_client [req-00a514f1-d677-4071-995c-e48d37879aa3 req-00a514f1-d677-4071-995c-e48d37879aa3 ] Request (ServerRescueTestJSONUnderV235:setUpClass): 200 GET http://10.180.1.21/compute/v2.1/servers/b05d12b1-fb29-4185-8300-5f0140039dfe 0.298s
2025-05-13 12:19:53.680 70104 INFO tempest.common.waiters [-] State transition "ACTIVE/rescuing" ==> "RESCUE/None" after 9 second wait
2025-05-13 12:19:53.707 70080 INFO tempest.lib.common.rest_client [req-ee070209-e0ff-467c-bc93-f45d622248a7 req-ee070209-e0ff-467c-bc93-f45d622248a7 ] Request (MultipleCreateTestJSON:test_multiple_create): 200 GET http://10.180.1.21/compute/v2.1/servers/271a7171-f68e-40ec-8f3e-87cb9c18e971 0.163s
2025-05-13 12:19:53.742 70054 INFO tempest.lib.common.rest_client [req-3fa878d9-c480-4304-8760-1143b4ee02d2 req-3fa878d9-c480-4304-8760-1143b4ee02d2 ] Request (SecurityGroupsTestJSON:test_server_security_groups): 200 GET http://10.180.1.21/compute/v2.1/servers/c089aece-c240-4203-96d7-e8fc9820c7d6 0.132s
2025-05-13 12:19:53.809 70048 INFO tempest.lib.common.rest_client [req-8ecfbb43-7aec-4ac2-872a-c652dcfa1812 req-8ecfbb43-7aec-4ac2-872a-c652dcfa1812 ] Request (ImagesOneServerNegativeTestJSON:setUpClass): 200 GET http://10.180.1.21/compute/v2.1/servers/828f7a0a-dd24-4c98-85cf-5d99627860d7 0.127s
2025-05-13 12:19:53.861 70096 INFO tempest.lib.common.rest_client [req-a5e4066e-3d2d-4e7b-8446-87a4c89b61ac req-a5e4066e-3d2d-4e7b-8446-87a4c89b61ac ] Request (ServerExternalEventsTest:tearDownClass): 200 GET http://10.180.1.21:9696/networking/v2.0/security-groups?tenant_id=89ce50cd1295412b85f76474e9d3eb3c&name=default 0.229s
2025-05-13 12:19:53.890 70082 INFO tempest.lib.common.rest_client [req-38afad10-fc74-4889-a3a8-8285c450d88c req-38afad10-fc74-4889-a3a8-8285c450d88c ] Request (TenantUsagesTestJSON:setUpClass): 200 GET http://10.180.1.21/compute/v2.1/servers/7d036508-bb94-46ea-a630-117bbff02099 0.207s
2025-05-13 12:19:53.906 70086 WARNING tempest.lib.common.ssh [-] Failed to establish authenticated ssh connection to cirros@10.180.180.207 ([Errno None] Unable to connect to port 22 on 10.180.180.207). Number attempts: 8. Retry after 9 seconds.: paramiko.ssh_exception.NoValidConnectionsError: [Errno None] Unable to connect to port 22 on 10.180.180.207
2025-05-13 12:19:53.962 70058 INFO tempest.lib.common.rest_client [req-9f95e5f7-d1d1-41f0-9d19-670ea628d02e req-9f95e5f7-d1d1-41f0-9d19-670ea628d02e ] Request (ListServersNegativeTestJSON:setUpClass): 200 GET http://10.180.1.21/compute/v2.1/servers/27c5d873-f24c-4e20-9bcf-1b157114e5d0 0.199s
2025-05-13 12:19:53.993 70104 INFO tempest.lib.common.rest_client [req-3e1e009b-e803-4f1a-98c5-b146f1385ea0 req-3e1e009b-e803-4f1a-98c5-b146f1385ea0 ] Request (ServerRescueTestJSONUnderV235:test_rescued_vm_add_remove_security_group): 200 POST http://10.180.1.21/compute/v2.1/os-security-groups 0.311s
2025-05-13 12:19:53.999 70084 INFO tempest.lib.common.rest_client [req-4451a0ed-bb3f-4e27-974a-f92ddd6537bd req-4451a0ed-bb3f-4e27-974a-f92ddd6537bd ] Request (FloatingIPsTestJSON:setUpClass): 200 PUT http://10.180.1.21:9696/networking/v2.0/routers/19c08a95-93d2-4f86-8f37-d9203fa3c633/add_router_interface 1.447s
2025-05-13 12:19:53.999 70084 INFO tempest.lib.common.dynamic_creds [-] Created isolated network resources for: credentials: Credentials: {'domain_id': 'default', 'domain_name': 'Default', 'username': 'tempest-FloatingIPsTestJSON-1039194740-project-member', 'project_domain_id': 'default', 'project_domain_name': 'Default', 'project_id': '13adb3ee48834111afdcceba6ad57fb2', 'project_name': 'tempest-FloatingIPsTestJSON-1039194740', 'tenant_id': '13adb3ee48834111afdcceba6ad57fb2', 'tenant_name': 'tempest-FloatingIPsTestJSON-1039194740', 'user_domain_id': 'default', 'user_domain_name': 'Default', 'user_id': 'd664e15e91f44dfaae209198c12075ff', 'system': None}, Network: {'id': 'e95a55cb-c4bd-4c19-9c8e-79cc96522f0d', 'name': 'tempest-FloatingIPsTestJSON-122921995-network', 'tenant_id': '13adb3ee48834111afdcceba6ad57fb2', 'admin_state_up': True, 'mtu': 8950, 'status': 'ACTIVE', 'subnets': [], 'shared': False, 'project_id': '13adb3ee48834111afdcceba6ad57fb2', 'port_security_enabled': True, 'router:external': False, 'provider:network_type': 'vlan', 'provider:physical_network': 'default', 'provider:segmentation_id': 437, 'availability_zone_hints': [], 'availability_zones': [], 'ipv4_address_scope': None, 'ipv6_address_scope': None, 'description': '', 'tags': [], 'created_at': '2025-05-13T12:19:50Z', 'updated_at': '2025-05-13T12:19:50Z', 'revision_number': 1}, Subnet: {'id': '5bf68b43-f596-46e4-b4cf-948437c110e6', 'name': 'tempest-FloatingIPsTestJSON-122921995-subnet', 'tenant_id': '13adb3ee48834111afdcceba6ad57fb2', 'network_id': 'e95a55cb-c4bd-4c19-9c8e-79cc96522f0d', 'ip_version': 4, 'subnetpool_id': None, 'enable_dhcp': True, 'ipv6_ra_mode': None, 'ipv6_address_mode': None, 'gateway_ip': '192.168.128.1', 'cidr': '192.168.128.0/28', 'allocation_pools': [{'start': '192.168.128.2', 'end': '192.168.128.14'}], 'host_routes': [], 'dns_nameservers': [], 'description': '', 'router:external': False, 'service_types': [], 'tags': [], 'created_at': '2025-05-13T12:19:51Z', 'updated_at': '2025-05-13T12:19:51Z', 'revision_number': 0, 'project_id': '13adb3ee48834111afdcceba6ad57fb2'}, Router: {'id': '19c08a95-93d2-4f86-8f37-d9203fa3c633', 'name': 'tempest-FloatingIPsTestJSON-122921995-router', 'tenant_id': '13adb3ee48834111afdcceba6ad57fb2', 'admin_state_up': True, 'status': 'ACTIVE', 'external_gateway_info': {'network_id': '6bab61da-b940-43dd-ae9d-0a6ffa65bbc9', 'external_fixed_ips': [{'subnet_id': '1e6a3b2d-7cef-4db4-a59c-ce754e63c7a8', 'ip_address': '10.180.180.247'}], 'enable_snat': True}, 'description': '', 'availability_zones': [], 'distributed': False, 'ha': False, 'availability_zone_hints': [], 'routes': [], 'flavor_id': None, 'tags': [], 'created_at': '2025-05-13T12:19:51Z', 'updated_at': '2025-05-13T12:19:52Z', 'revision_number': 2, 'project_id': '13adb3ee48834111afdcceba6ad57fb2'}
2025-05-13 12:19:54.034 70074 INFO tempest.lib.common.rest_client [req-625d7594-48af-444e-b3a0-35b54bd71bed req-625d7594-48af-444e-b3a0-35b54bd71bed ] Request (ServersNegativeTestJSON:setUpClass): 200 GET http://10.180.1.21/compute/v2.1/servers/3df42b8d-2222-42cc-8816-06ee1b31dc78 0.198s
2025-05-13 12:19:54.104 70084 INFO tempest.lib.common.rest_client [req-d5631080-c0f2-44aa-a387-6925eebb5e1f req-d5631080-c0f2-44aa-a387-6925eebb5e1f ] Request (FloatingIPsTestJSON:setUpClass): 201 POST http://10.180.1.21/identity/v3/auth/tokens 0.101s
2025-05-13 12:19:54.106 70096 INFO tempest.lib.common.rest_client [req-0c2082c2-293e-47cd-893d-20f3af9793aa req-0c2082c2-293e-47cd-893d-20f3af9793aa ] Request (ServerExternalEventsTest:tearDownClass): 204 DELETE http://10.180.1.21:9696/networking/v2.0/security-groups/3029595b-173e-4b65-a286-a44169434684 0.244s
2025-05-13 12:19:54.150 70078 INFO tempest.lib.common.rest_client [req-6858b736-89b0-4d9e-be5a-a34d69ec4958 req-6858b736-89b0-4d9e-be5a-a34d69ec4958 ] Request (ImagesOneServerTestJSON:tearDownClass): 200 GET http://10.180.1.21/compute/v2.1/servers/7ae47f8e-e519-4825-b89a-7561df6850d9 0.217s
2025-05-13 12:19:54.175 70050 INFO tempest.lib.common.rest_client [req-1823dd81-ce80-455b-88fb-fab6af99b4c3 req-1823dd81-ce80-455b-88fb-fab6af99b4c3 ] Request (ListServerFiltersTestJSON:setUpClass): 200 GET http://10.180.1.21/compute/v2.1/servers/738d3943-b255-4e92-8255-35aa0e3d6190 0.201s
2025-05-13 12:19:54.232 70096 INFO tempest.lib.common.rest_client [req-d7e73602-333b-46ee-bc67-5aa97c9c5ca7 req-d7e73602-333b-46ee-bc67-5aa97c9c5ca7 ] Request (ServerExternalEventsTest:tearDownClass): 204 DELETE http://10.180.1.21/identity/v3/projects/89ce50cd1295412b85f76474e9d3eb3c 0.126s
2025-05-13 12:19:54.241 70072 INFO tempest.lib.common.rest_client [req-858fad5d-e19f-4bca-89bc-d00ef413eaa1 req-858fad5d-e19f-4bca-89bc-d00ef413eaa1 ] Request (ServerActionsTestJSON:setUpClass): 200 GET http://10.180.1.21/compute/v2.1/servers/19c06f92-7f17-4834-b8be-723eb3f313c5 0.216s
2025-05-13 12:19:54.312 70100 INFO tempest.lib.common.rest_client [req-76ae7a0d-53d9-4fd4-9424-d6513f1b4ebc req-76ae7a0d-53d9-4fd4-9424-d6513f1b4ebc ] Request (ServerPasswordTestJSON:setUpClass): 200 GET http://10.180.1.21/compute/v2.1/servers/8d265b73-da0b-4a15-a9a7-63ef7750f9f5 0.260s
2025-05-13 12:19:54.320 70096 INFO tempest.lib.common.rest_client [req-bbb6bce3-e339-4446-8a3b-0a4f24838444 req-bbb6bce3-e339-4446-8a3b-0a4f24838444 ] Request (SecurityGroupsNegativeTestJSON:setUpClass): 201 POST http://10.180.1.21/identity/v3/auth/tokens 0.085s
2025-05-13 12:19:54.353 70096 INFO tempest.lib.common.rest_client [req-21083af8-8516-42c2-9059-f710ebcdf5ab req-21083af8-8516-42c2-9059-f710ebcdf5ab ] Request (SecurityGroupsNegativeTestJSON:setUpClass): 201 POST http://10.180.1.21/identity/v3/auth/tokens 0.031s
2025-05-13 12:19:54.389 70096 INFO tempest.lib.common.rest_client [req-500a2f1c-541e-48b7-88ea-f824d0ad2166 req-500a2f1c-541e-48b7-88ea-f824d0ad2166 ] Request (SecurityGroupsNegativeTestJSON:setUpClass): 200 GET http://10.180.1.21/identity/v3/domains?name=Default 0.035s
2025-05-13 12:19:54.430 70096 INFO tempest.lib.common.rest_client [req-a4e97b18-0f43-4b64-a508-f60d8cadf331 req-a4e97b18-0f43-4b64-a508-f60d8cadf331 ] Request (SecurityGroupsNegativeTestJSON:setUpClass): 201 POST http://10.180.1.21/identity/v3/projects 0.040s
2025-05-13 12:19:54.469 70062 INFO tempest.lib.common.rest_client [req-522c1a7b-53ae-4726-957d-06bd9060f8ed req-522c1a7b-53ae-4726-957d-06bd9060f8ed ] Request (ServerGroup264TestJSON:tearDownClass): 204 DELETE http://10.180.1.21:9696/networking/v2.0/routers/e9198225-f042-4c90-ac93-43132423747a 0.879s
2025-05-13 12:19:54.514 70096 INFO tempest.lib.common.rest_client [req-4057c27e-6417-45a6-b020-fd5bbdc39d30 req-4057c27e-6417-45a6-b020-fd5bbdc39d30 ] Request (SecurityGroupsNegativeTestJSON:setUpClass): 201 POST http://10.180.1.21/identity/v3/users 0.084s
2025-05-13 12:19:54.541 70096 INFO tempest.lib.common.rest_client [req-9fe3c8c3-cbb2-43e5-aa73-950436a2fb9c req-9fe3c8c3-cbb2-43e5-aa73-950436a2fb9c ] Request (SecurityGroupsNegativeTestJSON:setUpClass): 200 GET http://10.180.1.21/identity/v3/roles 0.027s
2025-05-13 12:19:54.576 70096 INFO tempest.lib.common.rest_client [req-3d35afa3-5014-4508-a7be-4a6a866474a3 req-3d35afa3-5014-4508-a7be-4a6a866474a3 ] Request (SecurityGroupsNegativeTestJSON:setUpClass): 204 PUT http://10.180.1.21/identity/v3/projects/17a905e4e52a45c1b9a5be7582f23f37/users/dc1d0badef2945d8b8dab6b3e5bb6b20/roles/eec125c1a094460cb46ca640aa5166c8 0.034s
2025-05-13 12:19:54.576 70096 INFO tempest.lib.common.dynamic_creds [-] Dynamic test user dc1d0badef2945d8b8dab6b3e5bb6b20 is created with scope project and roles: ['member']
2025-05-13 12:19:54.577 70096 INFO tempest.lib.common.dynamic_creds [-] Acquired dynamic creds: credentials: Credentials: {'domain_id': 'default', 'domain_name': 'Default', 'username': 'tempest-SecurityGroupsNegativeTestJSON-2084342648-project-member', 'project_domain_id': 'default', 'project_domain_name': 'Default', 'project_id': '17a905e4e52a45c1b9a5be7582f23f37', 'project_name': 'tempest-SecurityGroupsNegativeTestJSON-2084342648', 'tenant_id': '17a905e4e52a45c1b9a5be7582f23f37', 'tenant_name': 'tempest-SecurityGroupsNegativeTestJSON-2084342648', 'user_domain_id': 'default', 'user_domain_name': 'Default', 'user_id': 'dc1d0badef2945d8b8dab6b3e5bb6b20', 'system': None}, Network: None, Subnet: None, Router: None
2025-05-13 12:19:54.609 70056 WARNING tempest.lib.common.ssh [-] Failed to establish authenticated ssh connection to cirros@10.180.180.137 ([Errno None] Unable to connect to port 22 on 10.180.180.137). Number attempts: 3. Retry after 4 seconds.: paramiko.ssh_exception.NoValidConnectionsError: [Errno None] Unable to connect to port 22 on 10.180.180.137
2025-05-13 12:19:54.662 70096 INFO tempest.lib.common.rest_client [req-bf3acc54-921d-44e7-bf5e-d9e06144abb9 req-bf3acc54-921d-44e7-bf5e-d9e06144abb9 ] Request (SecurityGroupsNegativeTestJSON:setUpClass): 201 POST http://10.180.1.21/identity/v3/auth/tokens 0.085s
2025-05-13 12:19:54.761 70062 INFO tempest.lib.common.rest_client [req-b3f439cd-f802-4154-b078-bb5156b5214f req-b3f439cd-f802-4154-b078-bb5156b5214f ] Request (ServerGroup264TestJSON:tearDownClass): 204 DELETE http://10.180.1.21:9696/networking/v2.0/subnets/490f3eaf-1d26-4a71-afb4-d6ee018c59a6 0.291s
2025-05-13 12:19:54.981 70104 INFO tempest.lib.common.rest_client [req-6336a693-6857-45b6-8a81-f8afa1af5ebe req-6336a693-6857-45b6-8a81-f8afa1af5ebe ] Request (ServerRescueTestJSONUnderV235:test_rescued_vm_add_remove_security_group): 202 POST http://10.180.1.21/compute/v2.1/servers/b05d12b1-fb29-4185-8300-5f0140039dfe/action 0.985s
2025-05-13 12:19:55.038 70062 INFO tempest.lib.common.rest_client [req-c81ff2c5-c854-4757-973b-6f9f63b05a75 req-c81ff2c5-c854-4757-973b-6f9f63b05a75 ] Request (ServerGroup264TestJSON:tearDownClass): 204 DELETE http://10.180.1.21:9696/networking/v2.0/networks/ad20acd9-883f-451e-b476-d3bea3d0c548 0.277s
2025-05-13 12:19:55.075 70066 INFO tempest.lib.common.rest_client [req-17bc19e2-8972-448d-92b3-6bd7837e2689 req-17bc19e2-8972-448d-92b3-6bd7837e2689 ] Request (ServersTestMultiNic:test_verify_duplicate_network_nics): 200 GET http://10.180.1.21/compute/v2.1/servers/e6e28bf0-10fd-4aa3-829b-9d5d0d301621 0.962s
2025-05-13 12:19:55.151 70062 INFO tempest.lib.common.rest_client [req-ba00eb83-0a34-49a8-820e-33746ad4e7b3 req-ba00eb83-0a34-49a8-820e-33746ad4e7b3 ] Request (ServerGroup264TestJSON:tearDownClass): 204 DELETE http://10.180.1.21/identity/v3/users/3033d440fa904f169d8222086af671d0 0.111s
2025-05-13 12:19:55.151 70062 INFO tempest.lib.common.dynamic_creds [-] Deleting project and security group for project: 6b61d71147454b478f1d2697a2ef9792
2025-05-13 12:19:55.188 70062 INFO tempest.lib.common.rest_client [req-6989e4df-236b-4d9e-be15-9651f5ba417f req-6989e4df-236b-4d9e-be15-9651f5ba417f ] Request (ServerGroup264TestJSON:tearDownClass): 200 GET http://10.180.1.21:9696/networking/v2.0/security-groups?tenant_id=6b61d71147454b478f1d2697a2ef9792&name=default 0.037s
2025-05-13 12:19:55.244 70096 INFO tempest.lib.common.rest_client [req-ef112c09-b457-46bf-99ba-04f4d087c7e0 req-ef112c09-b457-46bf-99ba-04f4d087c7e0 ] Request (SecurityGroupsNegativeTestJSON:setUpClass): 201 POST http://10.180.1.21:9696/networking/v2.0/networks 0.582s
2025-05-13 12:19:55.247 70094 WARNING tempest.lib.common.ssh [-] Failed to establish authenticated ssh connection to cirros@10.180.180.203 ([Errno None] Unable to connect to port 22 on 10.180.180.203). Number attempts: 8. Retry after 9 seconds.: paramiko.ssh_exception.NoValidConnectionsError: [Errno None] Unable to connect to port 22 on 10.180.180.203
2025-05-13 12:19:55.265 70108 INFO tempest.lib.common.rest_client [req-1361c6a9-2f5f-4ef2-b931-26d544e515a7 req-1361c6a9-2f5f-4ef2-b931-26d544e515a7 ] Request (DeleteServersAdminTestJSON:test_delete_server_while_in_error_state): 200 GET http://10.180.1.21/compute/v2.1/servers/e35191b8-2393-48e1-a120-f2a030ecec52 1.133s
2025-05-13 12:19:55.276 70108 INFO tempest.common.waiters [-] State transition "BUILD/None" ==> "BUILD/spawning" after 51 second wait
2025-05-13 12:19:55.315 70052 INFO tempest.lib.common.rest_client [req-3eaba5d6-efe4-4b09-afa3-9b89fb89134d req-3eaba5d6-efe4-4b09-afa3-9b89fb89134d ] Request (ListImageFiltersTestJSON:setUpClass): 200 GET http://10.180.1.21/compute/v2.1/images/bbfb2490-9db4-451a-b352-0e50dfe1916f 1.152s
2025-05-13 12:19:55.369 70062 INFO tempest.lib.common.rest_client [req-42eeafc3-1661-48a1-b75d-96ed034d065f req-42eeafc3-1661-48a1-b75d-96ed034d065f ] Request (ServerGroup264TestJSON:tearDownClass): 204 DELETE http://10.180.1.21:9696/networking/v2.0/security-groups/641b4c5f-39e0-44a9-ade1-697d0c1ed27e 0.180s
2025-05-13 12:19:55.377 70098 WARNING tempest.lib.common.ssh [-] Failed to establish authenticated ssh connection to cirros@10.180.180.133 ([Errno None] Unable to connect to port 22 on 10.180.180.133). Number attempts: 3. Retry after 4 seconds.: paramiko.ssh_exception.NoValidConnectionsError: [Errno None] Unable to connect to port 22 on 10.180.180.133
2025-05-13 12:19:55.407 70070 INFO tempest.lib.common.rest_client [req-86893a20-ffd3-4252-880d-a02b3d461184 req-86893a20-ffd3-4252-880d-a02b3d461184 ] Request (InstanceActionsV221TestJSON:test_get_list_deleted_instance_actions): 200 GET http://10.180.1.21/compute/v2.1/servers/ad5c1512-835d-40f1-97be-59a36e20deda 1.215s
2025-05-13 12:19:55.439 70084 INFO tempest.lib.common.rest_client [req-d561b9d9-da80-43be-a82f-e2568bb46a59 req-d561b9d9-da80-43be-a82f-e2568bb46a59 ] Request (FloatingIPsTestJSON:test_allocate_floating_ip): 200 POST http://10.180.1.21/compute/v2.1/os-floating-ips 1.333s
2025-05-13 12:19:55.479 70092 INFO tempest.lib.common.rest_client [req-87665234-cd31-4829-b03f-cfe65d9f385a req-87665234-cd31-4829-b03f-cfe65d9f385a ] Request (MigrationsAdminTest:test_resize_server_revert_deleted_flavor): 200 GET http://10.180.1.21/compute/v2.1/servers/95957450-4202-4400-ab80-e9d3a56b2efb 1.247s
2025-05-13 12:19:55.500 70090 INFO tempest.lib.common.rest_client [req-87038a64-fb3c-47aa-bf25-d9c9025ec452 req-87038a64-fb3c-47aa-bf25-d9c9025ec452 ] Request (ServersAdminTestJSON:test_create_server_with_scheduling_hint): 200 GET http://10.180.1.21/compute/v2.1/servers/e7c6d72e-2455-4d69-a2a7-5ee48fa3a22c 1.243s
2025-05-13 12:19:55.508 70062 INFO tempest.lib.common.rest_client [req-1e71aab8-8415-4804-9cdf-ae4e6f73f66c req-1e71aab8-8415-4804-9cdf-ae4e6f73f66c ] Request (ServerGroup264TestJSON:tearDownClass): 204 DELETE http://10.180.1.21/identity/v3/projects/6b61d71147454b478f1d2697a2ef9792 0.138s
2025-05-13 12:19:55.542 70106 INFO tempest.lib.common.rest_client [req-c6d61cbe-a2a7-4c2f-9060-f3da8d32b6d5 req-c6d61cbe-a2a7-4c2f-9060-f3da8d32b6d5 ] Request (ServerAddressesTestJSON:setUpClass): 200 GET http://10.180.1.21/compute/v2.1/servers/15ed9603-9fc7-40a2-99c6-151cf10a8c36 1.218s
2025-05-13 12:19:55.564 70060 INFO tempest.lib.common.rest_client [req-444a1d21-a1ee-4e02-918b-6064d62f319e req-444a1d21-a1ee-4e02-918b-6064d62f319e ] Request (ServerAddressesNegativeTestJSON:setUpClass): 200 GET http://10.180.1.21/compute/v2.1/servers/be3699ce-b81b-4db4-b82f-1ec081a96855 1.165s
2025-05-13 12:19:55.574 70096 INFO tempest.lib.common.rest_client [req-ab29d50f-b4b6-4289-a107-995882696244 req-ab29d50f-b4b6-4289-a107-995882696244 ] Request (SecurityGroupsNegativeTestJSON:setUpClass): 201 POST http://10.180.1.21:9696/networking/v2.0/subnets 0.328s
2025-05-13 12:19:55.604 70103 INFO tempest.lib.common.rest_client [req-14b983d8-f264-494b-9abc-759e320394e3 req-14b983d8-f264-494b-9abc-759e320394e3 ] Request (ImagesTestJSON:test_create_image_from_stopped_server): 200 GET http://10.180.1.21/compute/v2.1/servers/45b73d40-e4b9-4c65-82b4-0bb39b3f418b 1.128s
2025-05-13 12:19:55.605 70062 INFO tempest.lib.common.rest_client [req-b8f1b9ca-6c24-4a65-9a68-916db51c0b37 req-b8f1b9ca-6c24-4a65-9a68-916db51c0b37 ] Request (ServersTestJSON:setUpClass): 201 POST http://10.180.1.21/identity/v3/auth/tokens 0.095s
2025-05-13 12:19:55.647 70062 INFO tempest.lib.common.rest_client [req-f0a14060-3cea-4b36-8af3-26fc53f89cb1 req-f0a14060-3cea-4b36-8af3-26fc53f89cb1 ] Request (ServersTestJSON:setUpClass): 201 POST http://10.180.1.21/identity/v3/auth/tokens 0.040s
2025-05-13 12:19:55.686 70062 INFO tempest.lib.common.rest_client [req-3ff6b762-437f-4505-8ba0-5031eb9a5f67 req-3ff6b762-437f-4505-8ba0-5031eb9a5f67 ] Request (ServersTestJSON:setUpClass): 200 GET http://10.180.1.21/identity/v3/domains?name=Default 0.038s
2025-05-13 12:19:55.694 70076 INFO tempest.lib.common.rest_client [req-5d126025-cdd3-4078-9ba1-b96a42758883 req-5d126025-cdd3-4078-9ba1-b96a42758883 ] Request (ServersListShow296Test:test_list_show_update_rebuild_server_296): 200 GET http://10.180.1.21/compute/v2.1/servers/1e8ea4f1-cbcf-4c6d-91f3-6ce833f65074 1.126s
2025-05-13 12:19:55.719 70062 INFO tempest.lib.common.rest_client [req-e4e80511-d32c-445d-9b10-d62c47831878 req-e4e80511-d32c-445d-9b10-d62c47831878 ] Request (ServersTestJSON:setUpClass): 201 POST http://10.180.1.21/identity/v3/projects 0.033s
2025-05-13 12:19:55.750 70064 INFO tempest.lib.common.rest_client [req-c204cb70-7adb-41b3-8cd1-c63ca2cb9196 req-c204cb70-7adb-41b3-8cd1-c63ca2cb9196 ] Request (FloatingIPsAssociationTestJSON:test_associate_already_associated_floating_ip): 200 GET http://10.180.1.21/compute/v2.1/servers/60eb16dd-8c95-46c1-a226-ee1280cbd403 1.102s
2025-05-13 12:19:55.794 70062 INFO tempest.lib.common.rest_client [req-0369ca49-5e86-4ab5-8042-e58f090b80ae req-0369ca49-5e86-4ab5-8042-e58f090b80ae ] Request (ServersTestJSON:setUpClass): 201 POST http://10.180.1.21/identity/v3/users 0.074s
2025-05-13 12:19:55.803 70080 INFO tempest.lib.common.rest_client [req-860894a5-0f8e-40ed-927c-262ec618f3cd req-860894a5-0f8e-40ed-927c-262ec618f3cd ] Request (MultipleCreateTestJSON:test_multiple_create): 200 GET http://10.180.1.21/compute/v2.1/servers/271a7171-f68e-40ec-8f3e-87cb9c18e971 1.087s
2025-05-13 12:19:55.804 70068 INFO tempest.lib.common.rest_client [req-d892d71d-ce10-41bd-a4cb-2b923ffe1a92 req-d892d71d-ce10-41bd-a4cb-2b923ffe1a92 ] Request (ServersAdminNegativeTestJSON:test_migrate_server_invalid_state): 200 GET http://10.180.1.21/compute/v2.1/servers/2635794b-46eb-4532-9f26-43b36242e0bf 1.309s
2025-05-13 12:19:55.830 70062 INFO tempest.lib.common.rest_client [req-2abec41e-b91f-481b-83c1-040f7e74d3d3 req-2abec41e-b91f-481b-83c1-040f7e74d3d3 ] Request (ServersTestJSON:setUpClass): 200 GET http://10.180.1.21/identity/v3/roles 0.035s
2025-05-13 12:19:55.873 70054 INFO tempest.lib.common.rest_client [req-62aae05d-9e69-4764-b9ea-2993282aa90e req-62aae05d-9e69-4764-b9ea-2993282aa90e ] Request (SecurityGroupsTestJSON:test_server_security_groups): 200 GET http://10.180.1.21/compute/v2.1/servers/c089aece-c240-4203-96d7-e8fc9820c7d6 1.121s
2025-05-13 12:19:55.878 70062 INFO tempest.lib.common.rest_client [req-6be4275b-8d9e-4600-833d-f27ee0df86b3 req-6be4275b-8d9e-4600-833d-f27ee0df86b3 ] Request (ServersTestJSON:setUpClass): 204 PUT http://10.180.1.21/identity/v3/projects/edd97114f9bb4735963417fc474a65d2/users/93c58d981e7a449a994e6b53bbf1ac92/roles/eec125c1a094460cb46ca640aa5166c8 0.048s
2025-05-13 12:19:55.879 70062 INFO tempest.lib.common.dynamic_creds [-] Dynamic test user 93c58d981e7a449a994e6b53bbf1ac92 is created with scope project and roles: ['member']
2025-05-13 12:19:55.879 70062 INFO tempest.lib.common.dynamic_creds [-] Acquired dynamic creds: credentials: Credentials: {'domain_id': 'default', 'domain_name': 'Default', 'username': 'tempest-ServersTestJSON-1320011099-project-member', 'project_domain_id': 'default', 'project_domain_name': 'Default', 'project_id': 'edd97114f9bb4735963417fc474a65d2', 'project_name': 'tempest-ServersTestJSON-1320011099', 'tenant_id': 'edd97114f9bb4735963417fc474a65d2', 'tenant_name': 'tempest-ServersTestJSON-1320011099', 'user_domain_id': 'default', 'user_domain_name': 'Default', 'user_id': '93c58d981e7a449a994e6b53bbf1ac92', 'system': None}, Network: None, Subnet: None, Router: None
2025-05-13 12:19:55.939 70082 INFO tempest.lib.common.rest_client [req-5c35cca2-fd95-4e83-aeb3-fde9a619768a req-5c35cca2-fd95-4e83-aeb3-fde9a619768a ] Request (TenantUsagesTestJSON:setUpClass): 200 GET http://10.180.1.21/compute/v2.1/servers/7d036508-bb94-46ea-a630-117bbff02099 1.036s
2025-05-13 12:19:55.946 70062 INFO tempest.lib.common.rest_client [req-1bbd4a89-b872-47be-b867-7a1a227bb668 req-1bbd4a89-b872-47be-b867-7a1a227bb668 ] Request (ServersTestJSON:setUpClass): 201 POST http://10.180.1.21/identity/v3/auth/tokens 0.066s
2025-05-13 12:19:56.038 70058 INFO tempest.lib.common.rest_client [req-3b5de6f3-ec45-4361-b33a-96a4700f5a91 req-3b5de6f3-ec45-4361-b33a-96a4700f5a91 ] Request (ListServersNegativeTestJSON:setUpClass): 200 GET http://10.180.1.21/compute/v2.1/servers/27c5d873-f24c-4e20-9bcf-1b157114e5d0 1.060s
2025-05-13 12:19:56.084 70048 INFO tempest.lib.common.rest_client [req-6f9600c9-0d12-47c2-bbf5-70578310ae5b req-6f9600c9-0d12-47c2-bbf5-70578310ae5b ] Request (ImagesOneServerNegativeTestJSON:setUpClass): 200 GET http://10.180.1.21/compute/v2.1/servers/828f7a0a-dd24-4c98-85cf-5d99627860d7 1.263s
2025-05-13 12:19:56.151 70074 INFO tempest.lib.common.rest_client [req-8c0fdc16-22d5-40c6-a4d2-0fcc03eeb53b req-8c0fdc16-22d5-40c6-a4d2-0fcc03eeb53b ] Request (ServersNegativeTestJSON:setUpClass): 200 GET http://10.180.1.21/compute/v2.1/servers/3df42b8d-2222-42cc-8816-06ee1b31dc78 1.106s
2025-05-13 12:19:56.236 70078 INFO tempest.lib.common.rest_client [req-b8df03dd-5c70-4cc9-9541-160ed49f1bbd req-b8df03dd-5c70-4cc9-9541-160ed49f1bbd ] Request (ImagesOneServerTestJSON:tearDownClass): 200 GET http://10.180.1.21/compute/v2.1/servers/7ae47f8e-e519-4825-b89a-7561df6850d9 1.076s
2025-05-13 12:19:56.352 70062 INFO tempest.lib.common.rest_client [req-dfa3d1be-36ed-448a-973b-7a9ac3aeb0a6 req-dfa3d1be-36ed-448a-973b-7a9ac3aeb0a6 ] Request (ServersTestJSON:setUpClass): 201 POST http://10.180.1.21:9696/networking/v2.0/networks 0.405s
2025-05-13 12:19:56.415 70050 INFO tempest.lib.common.rest_client [req-09215c07-ed01-41ce-a7b1-3957d2247329 req-09215c07-ed01-41ce-a7b1-3957d2247329 ] Request (ListServerFiltersTestJSON:setUpClass): 200 GET http://10.180.1.21/compute/v2.1/servers/738d3943-b255-4e92-8255-35aa0e3d6190 1.232s
2025-05-13 12:19:56.504 70072 INFO tempest.lib.common.rest_client [req-05ccde3e-bd0e-4063-8977-5fc3b85f08f9 req-05ccde3e-bd0e-4063-8977-5fc3b85f08f9 ] Request (ServerActionsTestJSON:setUpClass): 200 GET http://10.180.1.21/compute/v2.1/servers/19c06f92-7f17-4834-b8be-723eb3f313c5 1.254s
2025-05-13 12:19:56.588 70104 INFO tempest.lib.common.rest_client [req-9fdf02aa-7aa2-407d-88ca-fab4a3e639c7 req-9fdf02aa-7aa2-407d-88ca-fab4a3e639c7 ] Request (ServerRescueTestJSONUnderV235:test_rescued_vm_add_remove_security_group): 202 POST http://10.180.1.21/compute/v2.1/servers/b05d12b1-fb29-4185-8300-5f0140039dfe/action 1.606s
2025-05-13 12:19:56.589 70100 INFO tempest.lib.common.rest_client [req-768f25b3-1593-4513-9c55-080eca9aab01 req-768f25b3-1593-4513-9c55-080eca9aab01 ] Request (ServerPasswordTestJSON:setUpClass): 200 GET http://10.180.1.21/compute/v2.1/servers/8d265b73-da0b-4a15-a9a7-63ef7750f9f5 1.263s
2025-05-13 12:19:56.686 70066 INFO tempest.lib.common.rest_client [req-7471d15b-7c92-4a93-b069-5a8265e73e02 req-7471d15b-7c92-4a93-b069-5a8265e73e02 ] Request (ServersTestMultiNic:test_verify_duplicate_network_nics): 200 GET http://10.180.1.21/compute/v2.1/servers/e6e28bf0-10fd-4aa3-829b-9d5d0d301621 0.599s
2025-05-13 12:19:56.699 70084 INFO tempest.lib.common.rest_client [req-d08d0fa9-f1da-4fbc-ac54-c3306e0da768 req-d08d0fa9-f1da-4fbc-ac54-c3306e0da768 ] Request (FloatingIPsTestJSON:test_allocate_floating_ip): 200 GET http://10.180.1.21/compute/v2.1/os-floating-ips/16ee28a3-0f0d-4d9d-a5d4-c640a384fb9a 1.258s
2025-05-13 12:19:56.751 70052 INFO tempest.lib.common.rest_client [req-f7ef2ca4-6ae6-4bda-90a2-008f687dbdcf req-f7ef2ca4-6ae6-4bda-90a2-008f687dbdcf ] Request (ListImageFiltersTestJSON:setUpClass): 200 GET http://10.180.1.21/compute/v2.1/images/bbfb2490-9db4-451a-b352-0e50dfe1916f 0.426s
2025-05-13 12:19:56.827 70070 INFO tempest.lib.common.rest_client [req-c07cd49b-7ff5-40ab-b3db-a49953621408 req-c07cd49b-7ff5-40ab-b3db-a49953621408 ] Request (InstanceActionsV221TestJSON:test_get_list_deleted_instance_actions): 200 GET http://10.180.1.21/compute/v2.1/servers/ad5c1512-835d-40f1-97be-59a36e20deda 0.403s
2025-05-13 12:19:56.919 70108 INFO tempest.lib.common.rest_client [req-7d40007b-24ea-4187-b3fe-fc53fe15625d req-7d40007b-24ea-4187-b3fe-fc53fe15625d ] Request (DeleteServersAdminTestJSON:test_delete_server_while_in_error_state): 200 GET http://10.180.1.21/compute/v2.1/servers/e35191b8-2393-48e1-a120-f2a030ecec52 0.641s
2025-05-13 12:19:56.957 70092 INFO tempest.lib.common.rest_client [req-79dcf024-7d8e-4900-83d1-48e69e9c48e1 req-79dcf024-7d8e-4900-83d1-48e69e9c48e1 ] Request (MigrationsAdminTest:test_resize_server_revert_deleted_flavor): 200 GET http://10.180.1.21/compute/v2.1/servers/95957450-4202-4400-ab80-e9d3a56b2efb 0.466s
2025-05-13 12:19:57.008 70090 INFO tempest.lib.common.rest_client [req-96a27e3a-3633-4c3a-8384-f602ccf61694 req-96a27e3a-3633-4c3a-8384-f602ccf61694 ] Request (ServersAdminTestJSON:test_create_server_with_scheduling_hint): 200 GET http://10.180.1.21/compute/v2.1/servers/e7c6d72e-2455-4d69-a2a7-5ee48fa3a22c 0.492s
2025-05-13 12:19:57.022 70062 INFO tempest.lib.common.rest_client [req-093d02cb-4b70-4c15-ace9-f90c154cf31d req-093d02cb-4b70-4c15-ace9-f90c154cf31d ] Request (ServersTestJSON:setUpClass): 201 POST http://10.180.1.21:9696/networking/v2.0/subnets 0.669s
2025-05-13 12:19:57.028 70106 INFO tempest.lib.common.rest_client [req-2585f1e9-e9c0-4d89-b292-58c7a21b4f27 req-2585f1e9-e9c0-4d89-b292-58c7a21b4f27 ] Request (ServerAddressesTestJSON:setUpClass): 200 GET http://10.180.1.21/compute/v2.1/servers/15ed9603-9fc7-40a2-99c6-151cf10a8c36 0.477s
2025-05-13 12:19:57.069 70060 INFO tempest.lib.common.rest_client [req-e6eb29bb-1245-4cda-85d0-be748d81bb5e req-e6eb29bb-1245-4cda-85d0-be748d81bb5e ] Request (ServerAddressesNegativeTestJSON:setUpClass): 200 GET http://10.180.1.21/compute/v2.1/servers/be3699ce-b81b-4db4-b82f-1ec081a96855 0.496s
2025-05-13 12:19:57.146 70103 INFO tempest.lib.common.rest_client [req-323532ad-9c2c-4204-821d-bb221b8ac191 req-323532ad-9c2c-4204-821d-bb221b8ac191 ] Request (ImagesTestJSON:test_create_image_from_stopped_server): 200 GET http://10.180.1.21/compute/v2.1/servers/45b73d40-e4b9-4c65-82b4-0bb39b3f418b 0.530s
2025-05-13 12:19:57.173 70096 INFO tempest.lib.common.rest_client [req-31add5d8-d308-4fc2-b077-03d0a6b48697 req-31add5d8-d308-4fc2-b077-03d0a6b48697 ] Request (SecurityGroupsNegativeTestJSON:setUpClass): 201 POST http://10.180.1.21:9696/networking/v2.0/routers 1.599s
2025-05-13 12:19:57.222 70084 INFO tempest.lib.common.rest_client [req-f8668f26-ef72-4106-8ada-e03a9f726e5b req-f8668f26-ef72-4106-8ada-e03a9f726e5b ] Request (FloatingIPsTestJSON:test_allocate_floating_ip): 200 GET http://10.180.1.21/compute/v2.1/os-floating-ips 0.521s
2025-05-13 12:19:57.309 70076 INFO tempest.lib.common.rest_client [req-49c9315a-db29-4ef3-a3b8-39ec8b215c04 req-49c9315a-db29-4ef3-a3b8-39ec8b215c04 ] Request (ServersListShow296Test:test_list_show_update_rebuild_server_296): 200 GET http://10.180.1.21/compute/v2.1/servers/1e8ea4f1-cbcf-4c6d-91f3-6ce833f65074 0.604s
2025-05-13 12:19:57.375 70064 INFO tempest.lib.common.rest_client [req-4811a8be-b215-4494-914b-ed2b79567a77 req-4811a8be-b215-4494-914b-ed2b79567a77 ] Request (FloatingIPsAssociationTestJSON:test_associate_already_associated_floating_ip): 200 GET http://10.180.1.21/compute/v2.1/servers/60eb16dd-8c95-46c1-a226-ee1280cbd403 0.616s
2025-05-13 12:19:57.390 70064 INFO tempest.common.waiters [-] State transition "BUILD/None" ==> "BUILD/networking" after 50 second wait
2025-05-13 12:19:57.445 70080 INFO tempest.lib.common.rest_client [req-e07c24f5-05d8-4afa-b6f7-ef8272600a55 req-e07c24f5-05d8-4afa-b6f7-ef8272600a55 ] Request (MultipleCreateTestJSON:test_multiple_create): 200 GET http://10.180.1.21/compute/v2.1/servers/271a7171-f68e-40ec-8f3e-87cb9c18e971 0.628s
2025-05-13 12:19:57.569 70068 INFO tempest.lib.common.rest_client [req-6a8aafa1-0aaf-425e-972c-4ca2d70e393e req-6a8aafa1-0aaf-425e-972c-4ca2d70e393e ] Request (ServersAdminNegativeTestJSON:test_migrate_server_invalid_state): 200 GET http://10.180.1.21/compute/v2.1/servers/2635794b-46eb-4532-9f26-43b36242e0bf 0.752s
2025-05-13 12:19:57.635 70054 INFO tempest.lib.common.rest_client [req-39537283-835b-4e20-a978-c04d569c0a09 req-39537283-835b-4e20-a978-c04d569c0a09 ] Request (SecurityGroupsTestJSON:test_server_security_groups): 200 GET http://10.180.1.21/compute/v2.1/servers/c089aece-c240-4203-96d7-e8fc9820c7d6 0.754s
2025-05-13 12:19:57.679 70110 WARNING tempest.lib.common.ssh [-] Failed to establish authenticated ssh connection to cirros@10.180.180.173 ([Errno None] Unable to connect to port 22 on 10.180.180.173). Number attempts: 7. Retry after 8 seconds.: paramiko.ssh_exception.NoValidConnectionsError: [Errno None] Unable to connect to port 22 on 10.180.180.173
2025-05-13 12:19:57.695 70082 INFO tempest.lib.common.rest_client [req-aeb60276-c097-4be4-8266-fd178291dfba req-aeb60276-c097-4be4-8266-fd178291dfba ] Request (TenantUsagesTestJSON:setUpClass): 200 GET http://10.180.1.21/compute/v2.1/servers/7d036508-bb94-46ea-a630-117bbff02099 0.748s
2025-05-13 12:19:57.753 70058 INFO tempest.lib.common.rest_client [req-cf9f43e2-9309-4a94-85b9-452fcf320bf2 req-cf9f43e2-9309-4a94-85b9-452fcf320bf2 ] Request (ListServersNegativeTestJSON:setUpClass): 200 GET http://10.180.1.21/compute/v2.1/servers/27c5d873-f24c-4e20-9bcf-1b157114e5d0 0.706s
2025-05-13 12:19:57.827 70048 INFO tempest.lib.common.rest_client [req-b42723b2-be29-4114-8ee5-a83e9056c838 req-b42723b2-be29-4114-8ee5-a83e9056c838 ] Request (ImagesOneServerNegativeTestJSON:setUpClass): 200 GET http://10.180.1.21/compute/v2.1/servers/828f7a0a-dd24-4c98-85cf-5d99627860d7 0.732s
2025-05-13 12:19:57.891 70074 INFO tempest.lib.common.rest_client [req-59f2fb4a-796a-4ef8-837f-f33f872c21b9 req-59f2fb4a-796a-4ef8-837f-f33f872c21b9 ] Request (ServersNegativeTestJSON:setUpClass): 200 GET http://10.180.1.21/compute/v2.1/servers/3df42b8d-2222-42cc-8816-06ee1b31dc78 0.730s
2025-05-13 12:19:58.380 70084 INFO tempest.lib.common.rest_client [req-e97dc5b9-117e-4a26-923c-4ffbaf136a81 req-e97dc5b9-117e-4a26-923c-4ffbaf136a81 ] Request (FloatingIPsTestJSON:_run_cleanups): 202 DELETE http://10.180.1.21/compute/v2.1/os-floating-ips/16ee28a3-0f0d-4d9d-a5d4-c640a384fb9a 1.152s
