2025-05-13 12:18:21.552 70064 INFO tempest.lib.common.rest_client [req-4690481b-275b-4934-a604-0be3ea9f54ff req-4690481b-275b-4934-a604-0be3ea9f54ff ] Request (TenantUsagesNegativeTestJSON:tearDownClass): 204 DELETE http://10.180.1.21/identity/v3/users/0721d982ed204161aacc186be54be0b6 0.414s
2025-05-13 12:18:21.552 70064 INFO tempest.lib.common.dynamic_creds [-] Deleting project and security group for project: 84bbd4f136b946c2b268ae8d010191cb
2025-05-13 12:18:21.557 70062 INFO tempest.lib.common.rest_client [req-6edaca8d-2b50-4a9a-bbdd-53fe5a82ecc4 req-6edaca8d-2b50-4a9a-bbdd-53fe5a82ecc4 ] Request (FloatingIPsAssociationNegativeTestJSON:setUpClass): 200 GET http://10.180.1.21/compute/v2.1/servers/69037fde-1312-4ff7-b405-38c8f32cb1f9 0.965s
2025-05-13 12:18:21.566 70086 INFO tempest.lib.common.rest_client [req-7e5c2847-7586-4e63-8202-81cedbd957f1 req-7e5c2847-7586-4e63-8202-81cedbd957f1 ] Request (VolumesAssistedSnapshotsTest:test_volume_assisted_snapshot_create_delete): 202 POST http://10.180.1.21/volume/v3/volumes 0.668s
2025-05-13 12:18:21.585 70050 INFO tempest.lib.common.rest_client [req-f50af5f0-32bd-44db-855e-cc4e2885a519 req-f50af5f0-32bd-44db-855e-cc4e2885a519 ] Request (FloatingIPsNegativeTestJSON:setUpClass): 201 POST http://10.180.1.21/identity/v3/auth/tokens 0.315s
2025-05-13 12:18:21.630 70086 INFO tempest.lib.common.rest_client [req-d971d641-5e5c-460a-82f0-c28fb4ac4b0b req-d971d641-5e5c-460a-82f0-c28fb4ac4b0b ] Request (VolumesAssistedSnapshotsTest:test_volume_assisted_snapshot_create_delete): 200 GET http://10.180.1.21/volume/v3/volumes/d85ea08e-67a1-430e-8d66-e6c5f920508a 0.055s
2025-05-13 12:18:21.652 70072 INFO tempest.lib.common.rest_client [req-609fcfbc-a044-442e-899e-03f44c935675 req-609fcfbc-a044-442e-899e-03f44c935675 ] Request (HypervisorAdminV228Test:tearDownClass): 204 DELETE http://10.180.1.21/identity/v3/projects/bfcdaad4d9b042249ae12619bba9b81e 0.357s
2025-05-13 12:18:21.679 70096 INFO tempest.lib.common.rest_client [req-6969f7f5-2637-4fab-880a-3a23f9c901d5 req-6969f7f5-2637-4fab-880a-3a23f9c901d5 ] Request (SecurityGroupsTestAdminJSON:test_list_security_groups_list_all_tenants_filter): 200 POST http://10.180.1.21/compute/v2.1/os-security-groups 1.123s
2025-05-13 12:18:21.756 70054 INFO tempest.lib.common.rest_client [req-0a30c837-d801-4f4c-a47e-070be23d75bb req-0a30c837-d801-4f4c-a47e-070be23d75bb ] Request (NetworksTest:tearDownClass): 204 DELETE http://10.180.1.21/identity/v3/users/f72565ac3c6d4be5afffede599c47095 0.298s
2025-05-13 12:18:21.756 70054 INFO tempest.lib.common.dynamic_creds [-] Deleting project and security group for project: 978db76ae3cb48b4836483702946e04d
2025-05-13 12:18:21.803 70052 INFO tempest.lib.common.rest_client [req-4195956b-d0b1-41ee-b2d0-897fb81d8d96 req-4195956b-d0b1-41ee-b2d0-897fb81d8d96 ] Request (ListImageFiltersTestJSON:setUpClass): 204 PUT http://10.180.1.21/image/v2/images/f1e14363-c7db-44cd-bf23-c1ab783238f1/file 1.718s
2025-05-13 12:18:21.809 70064 INFO tempest.lib.common.rest_client [req-dde2790d-64dd-4333-b67c-6f2af105c15e req-dde2790d-64dd-4333-b67c-6f2af105c15e ] Request (TenantUsagesNegativeTestJSON:tearDownClass): 201 POST http://10.180.1.21/identity/v3/auth/tokens 0.256s
2025-05-13 12:18:21.840 70050 INFO tempest.lib.common.rest_client [req-bdd70a8e-76b9-4308-84ec-39190a8aa4f6 req-bdd70a8e-76b9-4308-84ec-39190a8aa4f6 ] Request (FloatingIPsNegativeTestJSON:setUpClass): 201 POST http://10.180.1.21/identity/v3/auth/tokens 0.253s
2025-05-13 12:18:21.853 70072 INFO tempest.lib.common.rest_client [req-0b95dec6-8f69-4179-8b15-01771b73fb89 req-0b95dec6-8f69-4179-8b15-01771b73fb89 ] Request (FloatingIPDetailsNegativeTestJSON:setUpClass): 201 POST http://10.180.1.21/identity/v3/auth/tokens 0.199s
2025-05-13 12:18:21.925 70060 INFO tempest.lib.common.rest_client [req-60ecf88b-fb3a-4bca-9153-06a6f532ff73 req-60ecf88b-fb3a-4bca-9153-06a6f532ff73 ] Request (HypervisorAdminV253TestBase:tearDownClass): 200 GET http://10.180.1.21:9696/networking/v2.0/security-groups?tenant_id=095158c8dfc948d8b4b04d64a13bfde2&name=default 0.407s
2025-05-13 12:18:21.930 70054 INFO tempest.lib.common.rest_client [req-df3dce61-43c2-4d60-aac1-5cba2b2c46b4 req-df3dce61-43c2-4d60-aac1-5cba2b2c46b4 ] Request (NetworksTest:tearDownClass): 201 POST http://10.180.1.21/identity/v3/auth/tokens 0.173s
2025-05-13 12:18:21.963 70090 INFO tempest.lib.common.rest_client [req-bdae5f32-7cba-47e6-adb0-71e5f6ba2299 req-bdae5f32-7cba-47e6-adb0-71e5f6ba2299 ] Request (HypervisorAdminNegativeTestJSON:test_get_hypervisor_uptime_with_non_admin_user): 200 GET http://10.180.1.21/compute/v2.1/os-hypervisors 1.269s
2025-05-13 12:18:21.972 70050 INFO tempest.lib.common.rest_client [req-d0f71180-8e01-4c6b-921a-461e9a34fbaa req-d0f71180-8e01-4c6b-921a-461e9a34fbaa ] Request (FloatingIPsNegativeTestJSON:setUpClass): 200 GET http://10.180.1.21/identity/v3/domains?name=Default 0.131s
2025-05-13 12:18:21.981 70068 INFO tempest.lib.common.rest_client [req-b9c7d66f-e33f-4734-81e8-abbdbc5a05ca req-b9c7d66f-e33f-4734-81e8-abbdbc5a05ca ] Request (HypervisorAdminUnderV252Test:test_search_hypervisor): 200 GET http://10.180.1.21/compute/v2.1/os-hypervisors/domain-c8.fc996f14-c53b-4953-92e3-bdfa48f5cc28/search 1.262s
2025-05-13 12:18:21.996 70072 INFO tempest.lib.common.rest_client [req-d1d58124-bf34-47eb-8da8-d23b7a1769dc req-d1d58124-bf34-47eb-8da8-d23b7a1769dc ] Request (FloatingIPDetailsNegativeTestJSON:setUpClass): 201 POST http://10.180.1.21/identity/v3/auth/tokens 0.141s
2025-05-13 12:18:22.017 70076 INFO tempest.lib.common.rest_client [req-c5671bdf-ac3c-49fc-bf9b-7fb72ec7bf70 req-c5671bdf-ac3c-49fc-bf9b-7fb72ec7bf70 ] Request (FlavorsAccessTestJSON:test_flavor_access_add_remove): 200 POST http://10.180.1.21/compute/v2.1/flavors/1341172428/action 1.354s
2025-05-13 12:18:22.026 70060 INFO tempest.lib.common.rest_client [req-c1bba287-20ee-4fd9-b749-ebc144d0c93e req-c1bba287-20ee-4fd9-b749-ebc144d0c93e ] Request (HypervisorAdminV253TestBase:tearDownClass): 204 DELETE http://10.180.1.21:9696/networking/v2.0/security-groups/980dca40-3a66-493c-a2a1-882d5082e16d 0.100s
2025-05-13 12:18:22.026 70050 INFO tempest.lib.common.rest_client [req-7f43ac45-97b5-4a52-9419-49ea599957d7 req-7f43ac45-97b5-4a52-9419-49ea599957d7 ] Request (FloatingIPsNegativeTestJSON:setUpClass): 201 POST http://10.180.1.21/identity/v3/projects 0.052s
2025-05-13 12:18:22.039 70074 INFO tempest.lib.common.rest_client [req-aba985fd-69fc-4426-9815-98da8aa21ee2 req-aba985fd-69fc-4426-9815-98da8aa21ee2 ] Request (ServicesAdminNegativeTestJSON:test_get_service_by_invalid_service_and_valid_host): 200 GET http://10.180.1.21/compute/v2.1/os-services?host=devstack&binary=xxx 1.286s
2025-05-13 12:18:22.081 70056 INFO tempest.lib.common.rest_client [req-139d3885-16f6-45e8-af78-40f3dbd17bb5 req-139d3885-16f6-45e8-af78-40f3dbd17bb5 ] Request (QuotaClassesAdmin257Test:_run_cleanups): 200 PUT http://10.180.1.21/compute/v2.1/os-quota-class-sets/default 1.308s
2025-05-13 12:18:22.087 70072 INFO tempest.lib.common.rest_client [req-64e83818-e327-4514-a8d6-24436fb79af4 req-64e83818-e327-4514-a8d6-24436fb79af4 ] Request (FloatingIPDetailsNegativeTestJSON:setUpClass): 200 GET http://10.180.1.21/identity/v3/domains?name=Default 0.090s
2025-05-13 12:18:22.115 70050 INFO tempest.lib.common.rest_client [req-791a5d0c-def2-4c89-9a76-7698fe643a7c req-791a5d0c-def2-4c89-9a76-7698fe643a7c ] Request (FloatingIPsNegativeTestJSON:setUpClass): 201 POST http://10.180.1.21/identity/v3/users 0.088s
2025-05-13 12:18:22.115 70070 INFO tempest.lib.common.rest_client [req-d0130639-2127-4e22-9eac-87242a659b71 req-d0130639-2127-4e22-9eac-87242a659b71 ] Request (FlavorsV261TestJSON:test_crud_flavor): 200 GET http://10.180.1.21/compute/v2.1/flavors/detail 1.248s
2025-05-13 12:18:22.132 70064 INFO tempest.lib.common.rest_client [req-8f986636-8050-4c00-84e7-a7fb5e576554 req-8f986636-8050-4c00-84e7-a7fb5e576554 ] Request (TenantUsagesNegativeTestJSON:tearDownClass): 200 GET http://10.180.1.21:9696/networking/v2.0/security-groups?tenant_id=84bbd4f136b946c2b268ae8d010191cb&name=default 0.323s
2025-05-13 12:18:22.138 70054 INFO tempest.lib.common.rest_client [req-0ad318ab-565f-4779-a6db-c340b4f47e5d req-0ad318ab-565f-4779-a6db-c340b4f47e5d ] Request (NetworksTest:tearDownClass): 200 GET http://10.180.1.21:9696/networking/v2.0/security-groups?tenant_id=978db76ae3cb48b4836483702946e04d&name=default 0.207s
2025-05-13 12:18:22.141 70084 INFO tempest.lib.common.rest_client [req-4b07cba2-0616-4c72-89e7-4726f839b64e req-4b07cba2-0616-4c72-89e7-4726f839b64e ] Request (FlavorsAdminTestJSON:test_create_flavor_verify_entry_in_list_details): 200 POST http://10.180.1.21/compute/v2.1/flavors 1.233s
2025-05-13 12:18:22.143 70068 INFO tempest.lib.common.rest_client [req-0d619a25-a61b-4151-b30f-d5aaea2e5e5e req-0d619a25-a61b-4151-b30f-d5aaea2e5e5e ] Request (HypervisorAdminUnderV252Test:tearDownClass): 204 DELETE http://10.180.1.21/identity/v3/users/953e4e95bb4644b6a23ba8814ea0974c 0.160s
2025-05-13 12:18:22.211 70060 INFO tempest.lib.common.rest_client [req-8534898f-ec47-4504-9ecf-7b779f1be918 req-8534898f-ec47-4504-9ecf-7b779f1be918 ] Request (HypervisorAdminV253TestBase:tearDownClass): 204 DELETE http://10.180.1.21/identity/v3/projects/095158c8dfc948d8b4b04d64a13bfde2 0.185s
2025-05-13 12:18:22.212 70060 INFO tempest.lib.common.dynamic_creds [-] Deleting project and security group for project: d41e6a8ef8914b9784e281e4e60dcbe7
2025-05-13 12:18:22.215 70094 INFO tempest.lib.common.rest_client [req-6ba70a48-ff96-429a-ab20-891240231c93 req-6ba70a48-ff96-429a-ab20-891240231c93 ] Request (ServersTestFqdnHostnames:test_create_server_with_fqdn_name): 200 GET http://10.180.1.21/compute/v2.1/servers/ccf149da-8159-452b-9b8b-04359494e736 1.270s
2025-05-13 12:18:22.223 70054 INFO tempest.lib.common.rest_client [req-a1a9f850-13b8-4a89-9470-dc50364dc8bc req-a1a9f850-13b8-4a89-9470-dc50364dc8bc ] Request (NetworksTest:tearDownClass): 204 DELETE http://10.180.1.21:9696/networking/v2.0/security-groups/1f194d5a-ec0b-4b0c-9537-a54cf3be98c9 0.085s
2025-05-13 12:18:22.236 70080 INFO tempest.lib.common.rest_client [req-fb363e03-6696-410f-ba38-c720ecf4c403 req-fb363e03-6696-410f-ba38-c720ecf4c403 ] Request (FlavorsExtraSpecsTestJSON:test_flavor_non_admin_get_specific_key): 200 POST http://10.180.1.21/compute/v2.1/flavors/915400534/os-extra_specs 1.260s
2025-05-13 12:18:22.255 70048 INFO tempest.lib.common.rest_client [req-abe3d237-b480-4ea8-952d-58be6548612d req-abe3d237-b480-4ea8-952d-58be6548612d ] Request (HypervisorAdminTestJSON:test_get_hypervisor_show_details): 200 GET http://10.180.1.21/compute/v2.1/os-hypervisors/1 1.267s
2025-05-13 12:18:22.270 70072 INFO tempest.lib.common.rest_client [req-6e1003ed-1e27-448b-98da-423599e59b8f req-6e1003ed-1e27-448b-98da-423599e59b8f ] Request (FloatingIPDetailsNegativeTestJSON:setUpClass): 201 POST http://10.180.1.21/identity/v3/projects 0.182s
2025-05-13 12:18:22.272 70104 INFO tempest.lib.common.rest_client [req-14923786-7cf5-4698-88c7-9b6a7b9ae18f req-14923786-7cf5-4698-88c7-9b6a7b9ae18f ] Request (HostsAdminNegativeTestJSON:test_reboot_nonexistent_host): 404 GET http://10.180.1.21/compute/v2.1/os-hosts/nonexistent_hostname/reboot 1.273s
2025-05-13 12:18:22.279 70058 INFO tempest.lib.common.rest_client [req-474f67ed-e18a-4d4e-9a4c-191bfeedf35d req-474f67ed-e18a-4d4e-9a4c-191bfeedf35d ] Request (FlavorsAccessNegativeTestJSON:_run_cleanups): 200 POST http://10.180.1.21/compute/v2.1/flavors/1568604929/action 1.551s
2025-05-13 12:18:22.290 70064 INFO tempest.lib.common.rest_client [req-1aa9227c-65b1-4f5f-807a-d6ff7ece1b07 req-1aa9227c-65b1-4f5f-807a-d6ff7ece1b07 ] Request (TenantUsagesNegativeTestJSON:tearDownClass): 204 DELETE http://10.180.1.21:9696/networking/v2.0/security-groups/4e695087-e3e7-40e3-b405-d988994bb58a 0.157s
2025-05-13 12:18:22.309 70066 INFO tempest.lib.common.rest_client [req-916c1fa2-8b86-46f5-b49f-f639799acb02 req-916c1fa2-8b86-46f5-b49f-f639799acb02 ] Request (KeyPairsV210TestJSON:test_admin_manage_keypairs_for_other_users): 201 POST http://10.180.1.21/compute/v2.1/os-keypairs 1.298s
2025-05-13 12:18:22.315 70098 INFO tempest.lib.common.rest_client [req-20db0db8-5eb2-49a7-af8d-e28ffc27017a req-20db0db8-5eb2-49a7-af8d-e28ffc27017a ] Request (FlavorsV255TestJSON:test_crud_flavor): 200 GET http://10.180.1.21/compute/v2.1/flavors/detail 1.285s
2025-05-13 12:18:22.333 70060 INFO tempest.lib.common.rest_client [req-acc6e7ba-dba0-4bd7-8a7f-2fd3d2af3c9c req-acc6e7ba-dba0-4bd7-8a7f-2fd3d2af3c9c ] Request (HypervisorAdminV253TestBase:tearDownClass): 200 GET http://10.180.1.21:9696/networking/v2.0/security-groups?tenant_id=d41e6a8ef8914b9784e281e4e60dcbe7&name=default 0.121s
2025-05-13 12:18:22.334 70050 INFO tempest.lib.common.rest_client [req-b4bd733b-bf41-40b2-8675-effc4cd24982 req-b4bd733b-bf41-40b2-8675-effc4cd24982 ] Request (FloatingIPsNegativeTestJSON:setUpClass): 200 GET http://10.180.1.21/identity/v3/roles 0.219s
2025-05-13 12:18:22.351 70056 INFO tempest.lib.common.rest_client [req-22fe7535-60a7-49c4-95cd-ee298737a705 req-22fe7535-60a7-49c4-95cd-ee298737a705 ] Request (QuotaClassesAdmin257Test:tearDownClass): 204 DELETE http://10.180.1.21/identity/v3/users/eacf9fc2a9324caeb70db531a1acfc17 0.258s
2025-05-13 12:18:22.362 70088 INFO tempest.lib.common.rest_client [req-66df6f80-a536-4983-8a29-70986b2f9469 req-66df6f80-a536-4983-8a29-70986b2f9469 ] Request (HostsAdminTestJSON:test_show_host_detail): 200 GET http://10.180.1.21/compute/v2.1/os-hosts/cpu-1 1.312s
2025-05-13 12:18:22.405 70100 INFO tempest.lib.common.rest_client [req-7d11beba-d0af-45bb-8dd5-b7868c2ede51 req-7d11beba-d0af-45bb-8dd5-b7868c2ede51 ] Request (QuotasAdminTestV257:test_get_updated_quotas): 200 GET http://10.180.1.21/identity/v3/domains?name=Default 0.225s
2025-05-13 12:18:22.427 70078 INFO tempest.lib.common.rest_client [req-e36c8163-33d0-45e7-96cc-8fc618420609 req-e36c8163-33d0-45e7-96cc-8fc618420609 ] Request (ImagesOneServerTestJSON:setUpClass): 200 GET http://10.180.1.21/compute/v2.1/servers/7ae47f8e-e519-4825-b89a-7561df6850d9 1.067s
2025-05-13 12:18:22.436 70068 INFO tempest.lib.common.rest_client [req-3bf7634a-1d5f-4102-8a10-65117bdce8b2 req-3bf7634a-1d5f-4102-8a10-65117bdce8b2 ] Request (HypervisorAdminUnderV252Test:tearDownClass): 204 DELETE http://10.180.1.21/identity/v3/users/cc58492d0b374e229a0949a28be0cfa3 0.292s
2025-05-13 12:18:22.436 70068 INFO tempest.lib.common.dynamic_creds [-] Deleting project and security group for project: dc9eb417f1314065910ffe57d9acb5e8
2025-05-13 12:18:22.439 70078 INFO tempest.common.waiters [-] State transition "BUILD/scheduling" ==> "BUILD/None" after 2 second wait
2025-05-13 12:18:22.462 70060 INFO tempest.lib.common.rest_client [req-bb352a1a-70e3-49b9-a0a9-852b8cc8b7d1 req-bb352a1a-70e3-49b9-a0a9-852b8cc8b7d1 ] Request (HypervisorAdminV253TestBase:tearDownClass): 204 DELETE http://10.180.1.21:9696/networking/v2.0/security-groups/377aab3a-b1e7-4c05-8445-4e25b1865db2 0.128s
2025-05-13 12:18:22.463 70092 INFO tempest.lib.common.rest_client [req-8db73f1a-6781-413f-a025-34042ac7fbf6 req-8db73f1a-6781-413f-a025-34042ac7fbf6 ] Request (MigrationsAdminTest:test_list_migrations_in_flavor_resize_situation): 200 GET http://10.180.1.21/compute/v2.1/servers/7626e483-2d84-4a06-8f38-f8fd431da011 1.277s
2025-05-13 12:18:22.467 70082 INFO tempest.lib.common.rest_client [req-90c45527-767e-48ab-99bf-0ddfe789cac9 req-90c45527-767e-48ab-99bf-0ddfe789cac9 ] Request (FlavorsExtraSpecsNegativeTestJSON:test_flavor_non_admin_unset_keys): 403 DELETE http://10.180.1.21/compute/v2.1/flavors/1605165814/os-extra_specs/hw:numa_nodes 1.015s
2025-05-13 12:18:22.475 70092 INFO tempest.common.waiters [-] State transition "BUILD/None" ==> "BUILD/spawning" after 5 second wait
2025-05-13 12:18:22.501 70072 INFO tempest.lib.common.rest_client [req-206f8968-24bb-4b0b-b7f9-0e2c3766589a req-206f8968-24bb-4b0b-b7f9-0e2c3766589a ] Request (FloatingIPDetailsNegativeTestJSON:setUpClass): 201 POST http://10.180.1.21/identity/v3/users 0.229s
2025-05-13 12:18:22.517 70103 INFO tempest.lib.common.rest_client [req-686d396c-7eaf-4d29-b2fc-1a50e3cd0a44 req-686d396c-7eaf-4d29-b2fc-1a50e3cd0a44 ] Request (ServerDiagnosticsNegativeTest:test_get_server_diagnostics_by_non_admin): 200 GET http://10.180.1.21/compute/v2.1/servers/4510171e-9670-4bd6-a63c-c55b4917c7ed 1.035s
2025-05-13 12:18:22.526 70103 INFO tempest.common.waiters [-] State transition "BUILD/scheduling" ==> "BUILD/None" after 2 second wait
2025-05-13 12:18:22.528 70054 INFO tempest.lib.common.rest_client [req-af4e9c41-5b41-4482-8d35-49882cd52901 req-af4e9c41-5b41-4482-8d35-49882cd52901 ] Request (NetworksTest:tearDownClass): 204 DELETE http://10.180.1.21/identity/v3/projects/978db76ae3cb48b4836483702946e04d 0.305s
2025-05-13 12:18:22.529 70054 INFO tempest.lib.common.dynamic_creds [-] Deleting project and security group for project: 59cb3d08f3de412db8c7046546491c24
2025-05-13 12:18:22.586 70050 INFO tempest.lib.common.rest_client [req-ad14f164-4b69-4f0b-b345-d5690108755c req-ad14f164-4b69-4f0b-b345-d5690108755c ] Request (FloatingIPsNegativeTestJSON:setUpClass): 204 PUT http://10.180.1.21/identity/v3/projects/9a2423a445744f0d90ac5974c4fa9d31/users/988b68e4dbde42489ea3121317421637/roles/eec125c1a094460cb46ca640aa5166c8 0.251s
2025-05-13 12:18:22.586 70050 INFO tempest.lib.common.dynamic_creds [-] Dynamic test user 988b68e4dbde42489ea3121317421637 is created with scope project and roles: ['member']
2025-05-13 12:18:22.586 70050 INFO tempest.lib.common.dynamic_creds [-] Acquired dynamic creds: credentials: Credentials: {'domain_id': 'default', 'domain_name': 'Default', 'username': 'tempest-FloatingIPsNegativeTestJSON-1769905724-project-member', 'project_domain_id': 'default', 'project_domain_name': 'Default', 'project_id': '9a2423a445744f0d90ac5974c4fa9d31', 'project_name': 'tempest-FloatingIPsNegativeTestJSON-1769905724', 'tenant_id': '9a2423a445744f0d90ac5974c4fa9d31', 'tenant_name': 'tempest-FloatingIPsNegativeTestJSON-1769905724', 'user_domain_id': 'default', 'user_domain_name': 'Default', 'user_id': '988b68e4dbde42489ea3121317421637', 'system': None}, Network: None, Subnet: None, Router: None
2025-05-13 12:18:22.592 70064 INFO tempest.lib.common.rest_client [req-83d84ede-888c-4c8c-98f0-2e23d50dc14c req-83d84ede-888c-4c8c-98f0-2e23d50dc14c ] Request (TenantUsagesNegativeTestJSON:tearDownClass): 204 DELETE http://10.180.1.21/identity/v3/projects/84bbd4f136b946c2b268ae8d010191cb 0.300s
2025-05-13 12:18:22.593 70064 INFO tempest.lib.common.dynamic_creds [-] Deleting project and security group for project: a3fd2033b0b3449a8877056c7a0ad6c5
2025-05-13 12:18:22.619 70054 INFO tempest.lib.common.rest_client [req-3714f8f5-0130-4ac8-aad0-d15169ceb858 req-3714f8f5-0130-4ac8-aad0-d15169ceb858 ] Request (NetworksTest:tearDownClass): 200 GET http://10.180.1.21:9696/networking/v2.0/security-groups?tenant_id=59cb3d08f3de412db8c7046546491c24&name=default 0.090s
2025-05-13 12:18:22.668 70056 INFO tempest.lib.common.rest_client [req-f252ae33-2e93-4b9d-b50c-6ab51b33bb90 req-f252ae33-2e93-4b9d-b50c-6ab51b33bb90 ] Request (QuotaClassesAdmin257Test:tearDownClass): 204 DELETE http://10.180.1.21/identity/v3/users/830833004d52481fbe1d857ed1f9735e 0.316s
2025-05-13 12:18:22.668 70056 INFO tempest.lib.common.dynamic_creds [-] Deleting project and security group for project: 09e2ab5f4f1247b6850d2364066e1ea5
2025-05-13 12:18:22.669 70086 INFO tempest.lib.common.rest_client [req-79957cfa-9b2c-48fb-a907-d24f4ebc79d0 req-79957cfa-9b2c-48fb-a907-d24f4ebc79d0 ] Request (VolumesAssistedSnapshotsTest:test_volume_assisted_snapshot_create_delete): 200 GET http://10.180.1.21/volume/v3/volumes/d85ea08e-67a1-430e-8d66-e6c5f920508a 0.031s
2025-05-13 12:18:22.676 70086 INFO tempest.common.waiters [-] volume d85ea08e-67a1-430e-8d66-e6c5f920508a reached available after waiting for 1.676146 seconds
2025-05-13 12:18:22.681 70088 INFO tempest.lib.common.rest_client [req-b3b4f473-4de6-4aed-a6ed-86cf69638f82 req-b3b4f473-4de6-4aed-a6ed-86cf69638f82 ] Request (HostsAdminTestJSON:tearDownClass): 204 DELETE http://10.180.1.21/identity/v3/users/5f9b2cfe36b34ba4980490bbe3d6cd7c 0.315s
2025-05-13 12:18:22.686 70064 INFO tempest.lib.common.rest_client [req-f6940ded-e561-431f-a982-6c34efd3a990 req-f6940ded-e561-431f-a982-6c34efd3a990 ] Request (TenantUsagesNegativeTestJSON:tearDownClass): 200 GET http://10.180.1.21:9696/networking/v2.0/security-groups?tenant_id=a3fd2033b0b3449a8877056c7a0ad6c5&name=default 0.093s
2025-05-13 12:18:22.689 70054 INFO tempest.lib.common.rest_client [req-862a267d-769c-4289-84d8-d6f87d7b824c req-862a267d-769c-4289-84d8-d6f87d7b824c ] Request (NetworksTest:tearDownClass): 204 DELETE http://10.180.1.21:9696/networking/v2.0/security-groups/007c920d-3c4c-48d4-8a01-1b395e2389e1 0.069s
2025-05-13 12:18:22.755 70064 INFO tempest.lib.common.rest_client [req-b8a5f60d-b3ec-4fab-8328-225ec1ab8602 req-b8a5f60d-b3ec-4fab-8328-225ec1ab8602 ] Request (TenantUsagesNegativeTestJSON:tearDownClass): 204 DELETE http://10.180.1.21:9696/networking/v2.0/security-groups/f6ce9123-a878-46cd-a3da-066912e4ec8e 0.068s
2025-05-13 12:18:22.759 70100 INFO tempest.lib.common.rest_client [req-885f19f3-43b9-47e2-a2d6-05b4269efb89 req-885f19f3-43b9-47e2-a2d6-05b4269efb89 ] Request (QuotasAdminTestV257:test_get_updated_quotas): 201 POST http://10.180.1.21/identity/v3/projects 0.353s
2025-05-13 12:18:22.782 70110 INFO tempest.lib.common.rest_client [req-61218379-b724-4c6f-ac1b-a0d21c0994a0 req-61218379-b724-4c6f-ac1b-a0d21c0994a0 ] Request (ServersWithSpecificFlavorTestJSON:test_verify_created_server_ephemeral_disk): 200 POST http://10.180.1.21/compute/v2.1/flavors 1.357s
2025-05-13 12:18:22.809 70068 INFO tempest.lib.common.rest_client [req-ef168590-b5f2-422c-a090-a0812db78ed0 req-ef168590-b5f2-422c-a090-a0812db78ed0 ] Request (HypervisorAdminUnderV252Test:tearDownClass): 201 POST http://10.180.1.21/identity/v3/auth/tokens 0.372s
2025-05-13 12:18:22.833 70072 INFO tempest.lib.common.rest_client [req-6dc5814a-af2e-4dd0-a96d-2e22e5e6fece req-6dc5814a-af2e-4dd0-a96d-2e22e5e6fece ] Request (FloatingIPDetailsNegativeTestJSON:setUpClass): 200 GET http://10.180.1.21/identity/v3/roles 0.331s
2025-05-13 12:18:22.870 70060 INFO tempest.lib.common.rest_client [req-425829bf-103f-4044-bb02-66f0daa4fb2c req-425829bf-103f-4044-bb02-66f0daa4fb2c ] Request (HypervisorAdminV253TestBase:tearDownClass): 204 DELETE http://10.180.1.21/identity/v3/projects/d41e6a8ef8914b9784e281e4e60dcbe7 0.408s
2025-05-13 12:18:22.871 70060 INFO tempest.test [-] raised in SpiceDirectConsoleTestJSON.setUpClass. Invoking tearDownClass.
2025-05-13 12:18:22.896 70050 INFO tempest.lib.common.rest_client [req-b8a98e12-67f6-4cdf-b091-01025bf106a3 req-b8a98e12-67f6-4cdf-b091-01025bf106a3 ] Request (FloatingIPsNegativeTestJSON:setUpClass): 201 POST http://10.180.1.21/identity/v3/auth/tokens 0.306s
2025-05-13 12:18:22.898 70096 INFO tempest.lib.common.rest_client [req-34b0d2f0-309c-4da2-a8fe-9dd0bfbd93c7 req-34b0d2f0-309c-4da2-a8fe-9dd0bfbd93c7 ] Request (SecurityGroupsTestAdminJSON:test_list_security_groups_list_all_tenants_filter): 200 POST http://10.180.1.21/compute/v2.1/os-security-groups 1.216s
2025-05-13 12:18:22.899 70056 INFO tempest.lib.common.rest_client [req-d46f7f84-d260-4e4c-80cb-906cc9b1d036 req-d46f7f84-d260-4e4c-80cb-906cc9b1d036 ] Request (QuotaClassesAdmin257Test:tearDownClass): 201 POST http://10.180.1.21/identity/v3/auth/tokens 0.231s
2025-05-13 12:18:22.931 70052 INFO tempest.lib.common.rest_client [req-32f70535-780b-4d85-8f83-fc223be72156 req-32f70535-780b-4d85-8f83-fc223be72156 ] Request (ListImageFiltersTestJSON:setUpClass): 200 GET http://10.180.1.21/compute/v2.1/images/f1e14363-c7db-44cd-bf23-c1ab783238f1 1.128s
2025-05-13 12:18:22.938 70090 INFO tempest.lib.common.rest_client [req-9d3baa05-1581-483f-8ff4-12dce476d465 req-9d3baa05-1581-483f-8ff4-12dce476d465 ] Request (HypervisorAdminNegativeTestJSON:test_get_hypervisor_uptime_with_non_admin_user): 403 GET http://10.180.1.21/compute/v2.1/os-hypervisors/1/uptime 0.971s
2025-05-13 12:18:22.952 70088 INFO tempest.lib.common.rest_client [req-bdef6bff-d84e-49d5-8795-025f2395119c req-bdef6bff-d84e-49d5-8795-025f2395119c ] Request (HostsAdminTestJSON:tearDownClass): 204 DELETE http://10.180.1.21/identity/v3/users/57e36936e0a34333bbe01b68f24c1204 0.271s
2025-05-13 12:18:22.953 70088 INFO tempest.lib.common.dynamic_creds [-] Deleting project and security group for project: 74c4b36baad545378ac402078dc4b8bd
2025-05-13 12:18:22.954 70054 INFO tempest.lib.common.rest_client [req-683db042-05fd-49dd-9398-ee82f681d703 req-683db042-05fd-49dd-9398-ee82f681d703 ] Request (NetworksTest:tearDownClass): 204 DELETE http://10.180.1.21/identity/v3/projects/59cb3d08f3de412db8c7046546491c24 0.265s
2025-05-13 12:18:22.964 70076 INFO tempest.lib.common.rest_client [req-a572d8ac-f202-4662-8cd3-78d2dc2716e0 req-a572d8ac-f202-4662-8cd3-78d2dc2716e0 ] Request (FlavorsAccessTestJSON:test_flavor_access_add_remove): 200 GET http://10.180.1.21/compute/v2.1/flavors/detail 0.946s
2025-05-13 12:18:22.995 70074 INFO tempest.lib.common.rest_client [req-6a4d6744-0d85-476c-9f0f-9034dfe03d54 req-6a4d6744-0d85-476c-9f0f-9034dfe03d54 ] Request (ServicesAdminNegativeTestJSON:test_get_service_with_valid_service_and_invalid_host): 200 GET http://10.180.1.21/compute/v2.1/os-services 0.952s
2025-05-13 12:18:23.023 70070 INFO tempest.lib.common.rest_client [req-2e8c7feb-f88f-45d4-b717-51aacd22fec5 req-2e8c7feb-f88f-45d4-b717-51aacd22fec5 ] Request (FlavorsV261TestJSON:test_crud_flavor): 200 GET http://10.180.1.21/compute/v2.1/flavors 0.898s
2025-05-13 12:18:23.046 70064 INFO tempest.lib.common.rest_client [req-c237e27d-20d7-4a21-b29c-fc504c783aaf req-c237e27d-20d7-4a21-b29c-fc504c783aaf ] Request (TenantUsagesNegativeTestJSON:tearDownClass): 204 DELETE http://10.180.1.21/identity/v3/projects/a3fd2033b0b3449a8877056c7a0ad6c5 0.290s
2025-05-13 12:18:23.049 70100 INFO tempest.lib.common.rest_client [req-53d43dfa-aa9c-46b4-a791-3b13db82c0de req-53d43dfa-aa9c-46b4-a791-3b13db82c0de ] Request (QuotasAdminTestV257:test_get_updated_quotas): 200 GET http://10.180.1.21/identity/v3/domains?name=Default 0.290s
2025-05-13 12:18:23.085 70108 INFO tempest.lib.common.rest_client [req-2cc60953-85bf-4b74-a1f5-b0383cdba7bb req-2cc60953-85bf-4b74-a1f5-b0383cdba7bb ] Request (DeleteServersAdminTestJSON:test_admin_delete_servers_of_others): 200 GET http://10.180.1.21/compute/v2.1/servers/ee7c2360-8fce-4167-b80a-0e87f2677353 0.951s
2025-05-13 12:18:23.093 70108 INFO tempest.common.waiters [-] State transition "BUILD/None" ==> "BUILD/networking" after 4 second wait
2025-05-13 12:18:23.117 70072 INFO tempest.lib.common.rest_client [req-205abec8-c913-48d7-962a-2ad0f129b969 req-205abec8-c913-48d7-962a-2ad0f129b969 ] Request (FloatingIPDetailsNegativeTestJSON:setUpClass): 204 PUT http://10.180.1.21/identity/v3/projects/db4538819993472a93431c8db0eaddd5/users/d1356dca05164ea4b7e8b7c7f6e393d7/roles/eec125c1a094460cb46ca640aa5166c8 0.284s
2025-05-13 12:18:23.118 70072 INFO tempest.lib.common.dynamic_creds [-] Dynamic test user d1356dca05164ea4b7e8b7c7f6e393d7 is created with scope project and roles: ['member']
2025-05-13 12:18:23.118 70072 INFO tempest.lib.common.dynamic_creds [-] Acquired dynamic creds: credentials: Credentials: {'domain_id': 'default', 'domain_name': 'Default', 'username': 'tempest-FloatingIPDetailsNegativeTestJSON-324997895-project-member', 'project_domain_id': 'default', 'project_domain_name': 'Default', 'project_id': 'db4538819993472a93431c8db0eaddd5', 'project_name': 'tempest-FloatingIPDetailsNegativeTestJSON-324997895', 'tenant_id': 'db4538819993472a93431c8db0eaddd5', 'tenant_name': 'tempest-FloatingIPDetailsNegativeTestJSON-324997895', 'user_domain_id': 'default', 'user_domain_name': 'Default', 'user_id': 'd1356dca05164ea4b7e8b7c7f6e393d7', 'system': None}, Network: None, Subnet: None, Router: None
2025-05-13 12:18:23.120 70084 INFO tempest.lib.common.rest_client [req-39668741-6002-4cb4-aa8d-c645676acf8e req-39668741-6002-4cb4-aa8d-c645676acf8e ] Request (FlavorsAdminTestJSON:test_create_flavor_verify_entry_in_list_details): 200 GET http://10.180.1.21/compute/v2.1/flavors/detail 0.974s
2025-05-13 12:18:23.134 70080 INFO tempest.lib.common.rest_client [req-29862338-b2d0-46f2-af18-27d9979512d1 req-29862338-b2d0-46f2-af18-27d9979512d1 ] Request (FlavorsExtraSpecsTestJSON:test_flavor_non_admin_get_specific_key): 200 GET http://10.180.1.21/compute/v2.1/flavors/915400534/os-extra_specs/hw:numa_nodes 0.897s
2025-05-13 12:18:23.153 70048 INFO tempest.lib.common.rest_client [req-2f055146-ba01-4908-b0a4-14d6f7052f40 req-2f055146-ba01-4908-b0a4-14d6f7052f40 ] Request (HypervisorAdminTestJSON:test_get_hypervisor_stats): 200 GET http://10.180.1.21/compute/v2.1/os-hypervisors/statistics 0.894s
2025-05-13 12:18:23.160 70104 INFO tempest.lib.common.rest_client [req-fbc52a9a-71d9-49cb-bf8a-85912d592bc8 req-fbc52a9a-71d9-49cb-bf8a-85912d592bc8 ] Request (HostsAdminNegativeTestJSON:test_show_host_detail_with_non_admin_user): 403 GET http://10.180.1.21/compute/v2.1/os-hosts/devstack 0.887s
2025-05-13 12:18:23.178 70058 INFO tempest.lib.common.rest_client [req-b481bbb3-eaf6-4652-99d9-fbdc38f0b777 req-b481bbb3-eaf6-4652-99d9-fbdc38f0b777 ] Request (FlavorsAccessNegativeTestJSON:_run_cleanups): 202 DELETE http://10.180.1.21/compute/v2.1/flavors/1568604929 0.896s
2025-05-13 12:18:23.189 70066 INFO tempest.lib.common.rest_client [req-b4344037-7c2f-42ac-934f-b6cf6fb3c38d req-b4344037-7c2f-42ac-934f-b6cf6fb3c38d ] Request (KeyPairsV210TestJSON:test_admin_manage_keypairs_for_other_users): 200 GET http://10.180.1.21/compute/v2.1/os-keypairs?user_id=1a6ba234e0014fcc977c00ec28b5e992 0.878s
2025-05-13 12:18:23.215 70060 INFO tempest.lib.common.rest_client [req-49724459-7f11-46ff-8bd0-5176cf182c58 req-49724459-7f11-46ff-8bd0-5176cf182c58 ] Request (FloatingIPDetailsTestJSON:setUpClass): 201 POST http://10.180.1.21/identity/v3/auth/tokens 0.341s
2025-05-13 12:18:23.215 70098 INFO tempest.lib.common.rest_client [req-977cb052-8557-4d48-a474-2e844d73b119 req-977cb052-8557-4d48-a474-2e844d73b119 ] Request (FlavorsV255TestJSON:test_crud_flavor): 200 GET http://10.180.1.21/compute/v2.1/flavors 0.894s
2025-05-13 12:18:23.246 70082 INFO tempest.lib.common.rest_client [req-67499e42-22cf-4633-9a6b-253ff17ff1a1 req-67499e42-22cf-4633-9a6b-253ff17ff1a1 ] Request (FlavorsExtraSpecsNegativeTestJSON:test_flavor_non_admin_update_specific_key): 200 POST http://10.180.1.21/compute/v2.1/flavors/1605165814/os-extra_specs 0.777s
2025-05-13 12:18:23.273 70068 INFO tempest.lib.common.rest_client [req-890ea75a-b2b9-47bf-a488-779752716a0b req-890ea75a-b2b9-47bf-a488-779752716a0b ] Request (HypervisorAdminUnderV252Test:tearDownClass): 200 GET http://10.180.1.21:9696/networking/v2.0/security-groups?tenant_id=dc9eb417f1314065910ffe57d9acb5e8&name=default 0.464s
2025-05-13 12:18:23.280 70088 INFO tempest.lib.common.rest_client [req-2697b133-d063-495f-8a9e-a85ebe5f4517 req-2697b133-d063-495f-8a9e-a85ebe5f4517 ] Request (HostsAdminTestJSON:tearDownClass): 201 POST http://10.180.1.21/identity/v3/auth/tokens 0.327s
2025-05-13 12:18:23.281 70054 INFO tempest.lib.common.rest_client [req-e6a54d77-eee7-40b9-91bc-85518f1e56b1 req-e6a54d77-eee7-40b9-91bc-85518f1e56b1 ] Request (SecurityGroupsTestJSON:setUpClass): 201 POST http://10.180.1.21/identity/v3/auth/tokens 0.325s
2025-05-13 12:18:23.307 70064 INFO tempest.lib.common.rest_client [req-2a191190-d580-4312-affd-b193b727baef req-2a191190-d580-4312-affd-b193b727baef ] Request (FloatingIPsAssociationTestJSON:setUpClass): 201 POST http://10.180.1.21/identity/v3/auth/tokens 0.259s
2025-05-13 12:18:23.312 70072 INFO tempest.lib.common.rest_client [req-35d44541-f490-4cd0-ac52-2421d31e3f88 req-35d44541-f490-4cd0-ac52-2421d31e3f88 ] Request (FloatingIPDetailsNegativeTestJSON:setUpClass): 201 POST http://10.180.1.21/identity/v3/auth/tokens 0.193s
2025-05-13 12:18:23.318 70062 INFO tempest.lib.common.rest_client [req-83a67655-3310-404b-99de-f5ea9e4930ec req-83a67655-3310-404b-99de-f5ea9e4930ec ] Request (FloatingIPsAssociationNegativeTestJSON:setUpClass): 200 GET http://10.180.1.21/compute/v2.1/servers/69037fde-1312-4ff7-b405-38c8f32cb1f9 0.746s
2025-05-13 12:18:23.346 70060 INFO tempest.lib.common.rest_client [req-d0e9122e-34c8-4c2e-aaa8-a37d6dd02e50 req-d0e9122e-34c8-4c2e-aaa8-a37d6dd02e50 ] Request (FloatingIPDetailsTestJSON:setUpClass): 201 POST http://10.180.1.21/identity/v3/auth/tokens 0.129s
2025-05-13 12:18:23.406 70048 INFO tempest.lib.common.rest_client [req-20743eed-6b63-4787-8117-8a2e790e7696 req-20743eed-6b63-4787-8117-8a2e790e7696 ] Request (HypervisorAdminTestJSON:tearDownClass): 204 DELETE http://10.180.1.21/identity/v3/users/df852c1f0c0d4f468e59abb45091e2c2 0.245s
2025-05-13 12:18:23.409 70054 INFO tempest.lib.common.rest_client [req-197f3e7d-4de7-4ecb-8b9a-49f72a931c20 req-197f3e7d-4de7-4ecb-8b9a-49f72a931c20 ] Request (SecurityGroupsTestJSON:setUpClass): 201 POST http://10.180.1.21/identity/v3/auth/tokens 0.126s
2025-05-13 12:18:23.445 70056 INFO tempest.lib.common.rest_client [req-b7bece59-450a-4362-8ea5-36d46c904d40 req-b7bece59-450a-4362-8ea5-36d46c904d40 ] Request (QuotaClassesAdmin257Test:tearDownClass): 200 GET http://10.180.1.21:9696/networking/v2.0/security-groups?tenant_id=09e2ab5f4f1247b6850d2364066e1ea5&name=default 0.545s
2025-05-13 12:18:23.465 70068 INFO tempest.lib.common.rest_client [req-9aa3a65e-660f-4f87-8c80-0673e3c1b40b req-9aa3a65e-660f-4f87-8c80-0673e3c1b40b ] Request (HypervisorAdminUnderV252Test:tearDownClass): 204 DELETE http://10.180.1.21:9696/networking/v2.0/security-groups/eae86fda-21ee-4921-a49f-4b33fff9158e 0.192s
2025-05-13 12:18:23.487 70064 INFO tempest.lib.common.rest_client [req-4782d5c2-d8de-4755-a65f-e1eae67ee116 req-4782d5c2-d8de-4755-a65f-e1eae67ee116 ] Request (FloatingIPsAssociationTestJSON:setUpClass): 201 POST http://10.180.1.21/identity/v3/auth/tokens 0.178s
2025-05-13 12:18:23.605 70060 INFO tempest.lib.common.rest_client [req-a0979f0d-ddf6-4381-9f44-463c2de1d7d2 req-a0979f0d-ddf6-4381-9f44-463c2de1d7d2 ] Request (FloatingIPDetailsTestJSON:setUpClass): 200 GET http://10.180.1.21/identity/v3/domains?name=Default 0.259s
2025-05-13 12:18:23.635 70054 INFO tempest.lib.common.rest_client [req-0a8f47fc-c8bf-47e7-83ff-0afacb5717af req-0a8f47fc-c8bf-47e7-83ff-0afacb5717af ] Request (SecurityGroupsTestJSON:setUpClass): 200 GET http://10.180.1.21/identity/v3/domains?name=Default 0.226s
2025-05-13 12:18:23.638 70086 INFO tempest.lib.common.rest_client [req-5060820d-2220-41ad-9609-f2c81efc895a req-5060820d-2220-41ad-9609-f2c81efc895a ] Request (VolumesAssistedSnapshotsTest:test_volume_assisted_snapshot_create_delete): 200 POST http://10.180.1.21/compute/v2.1/os-keypairs 0.961s
2025-05-13 12:18:23.654 70110 INFO tempest.lib.common.rest_client [req-e5e9df77-3900-40fb-a16d-c602c7dc6a16 req-e5e9df77-3900-40fb-a16d-c602c7dc6a16 ] Request (ServersWithSpecificFlavorTestJSON:test_verify_created_server_ephemeral_disk): 200 GET http://10.180.1.21/compute/v2.1/flavors/42/os-extra_specs 0.870s
2025-05-13 12:18:23.669 70048 INFO tempest.lib.common.rest_client [req-66689c5f-e887-4f4e-8aee-65a162a64c0f req-66689c5f-e887-4f4e-8aee-65a162a64c0f ] Request (HypervisorAdminTestJSON:tearDownClass): 204 DELETE http://10.180.1.21/identity/v3/users/beb393249b3e43099e225cfca0fa9c3b 0.262s
2025-05-13 12:18:23.670 70048 INFO tempest.lib.common.dynamic_creds [-] Deleting project and security group for project: 3fe2180ca8254cf4a99e75ed45382828
2025-05-13 12:18:23.724 70068 INFO tempest.lib.common.rest_client [req-73344a81-682e-4b82-a8d4-b3d297e7faef req-73344a81-682e-4b82-a8d4-b3d297e7faef ] Request (HypervisorAdminUnderV252Test:tearDownClass): 204 DELETE http://10.180.1.21/identity/v3/projects/dc9eb417f1314065910ffe57d9acb5e8 0.258s
2025-05-13 12:18:23.724 70068 INFO tempest.lib.common.dynamic_creds [-] Deleting project and security group for project: 13cc066025e4450ab2bf5e739294ed66
2025-05-13 12:18:23.748 70064 INFO tempest.lib.common.rest_client [req-fce41dc9-fc32-459c-9e2f-294ae65c0548 req-fce41dc9-fc32-459c-9e2f-294ae65c0548 ] Request (FloatingIPsAssociationTestJSON:setUpClass): 200 GET http://10.180.1.21/identity/v3/domains?name=Default 0.261s
2025-05-13 12:18:23.777 70060 INFO tempest.lib.common.rest_client [req-4acbcaa8-6e99-4938-9840-469fd9d97c53 req-4acbcaa8-6e99-4938-9840-469fd9d97c53 ] Request (FloatingIPDetailsTestJSON:setUpClass): 201 POST http://10.180.1.21/identity/v3/projects 0.171s
2025-05-13 12:18:23.838 70048 INFO tempest.lib.common.rest_client [req-fdc7a4a0-ee36-4e86-a7af-a171322362fc req-fdc7a4a0-ee36-4e86-a7af-a171322362fc ] Request (HypervisorAdminTestJSON:tearDownClass): 201 POST http://10.180.1.21/identity/v3/auth/tokens 0.167s
2025-05-13 12:18:23.847 70054 INFO tempest.lib.common.rest_client [req-3b0d384a-2b8c-4678-915c-6dedfc70b6b7 req-3b0d384a-2b8c-4678-915c-6dedfc70b6b7 ] Request (SecurityGroupsTestJSON:setUpClass): 201 POST http://10.180.1.21/identity/v3/projects 0.211s
2025-05-13 12:18:23.871 70106 INFO tempest.lib.common.rest_client [req-ad39f64b-4f76-4dc1-ae88-46d791e83d28 req-ad39f64b-4f76-4dc1-ae88-46d791e83d28 ] Request (AggregatesAdminNegativeTestJSON:test_aggregate_add_existent_host): 200 POST http://10.180.1.21/compute/v2.1/os-aggregates/1/action 2.387s
2025-05-13 12:18:23.905 70060 INFO tempest.lib.common.rest_client [req-0b88187f-d548-4fda-b686-2ff79cb7e88e req-0b88187f-d548-4fda-b686-2ff79cb7e88e ] Request (FloatingIPDetailsTestJSON:setUpClass): 201 POST http://10.180.1.21/identity/v3/users 0.127s
2025-05-13 12:18:23.918 70064 INFO tempest.lib.common.rest_client [req-d0ae794e-bc55-407e-9369-3020e4a877ca req-d0ae794e-bc55-407e-9369-3020e4a877ca ] Request (FloatingIPsAssociationTestJSON:setUpClass): 201 POST http://10.180.1.21/identity/v3/projects 0.169s
2025-05-13 12:18:23.924 70052 INFO tempest.lib.common.rest_client [req-b7bd6da7-6d23-4d86-a4fe-b01640b94c84 req-b7bd6da7-6d23-4d86-a4fe-b01640b94c84 ] Request (ListImageFiltersTestJSON:setUpClass): 200 GET http://10.180.1.21/compute/v2.1/images/f1e14363-c7db-44cd-bf23-c1ab783238f1 0.989s
2025-05-13 12:18:23.926 70090 INFO tempest.lib.common.rest_client [req-593d6a5d-d69e-4b09-94d9-1e4de1f8d595 req-593d6a5d-d69e-4b09-94d9-1e4de1f8d595 ] Request (HypervisorAdminNegativeTestJSON:test_get_nonexistent_hypervisor_uptime): 404 GET http://10.180.1.21/compute/v2.1/os-hypervisors/01fc2a11-6a82-4e94-9d86-3f6c7f07dab1/uptime 0.987s
2025-05-13 12:18:23.928 70054 INFO tempest.lib.common.rest_client [req-ec9bf4f5-3451-4755-967e-1ab43d4a3892 req-ec9bf4f5-3451-4755-967e-1ab43d4a3892 ] Request (SecurityGroupsTestJSON:setUpClass): 201 POST http://10.180.1.21/identity/v3/users 0.080s
2025-05-13 12:18:23.947 70076 INFO tempest.lib.common.rest_client [req-0199ef97-0b67-4b25-87ef-53c6da680564 req-0199ef97-0b67-4b25-87ef-53c6da680564 ] Request (FlavorsAccessTestJSON:_run_cleanups): 202 DELETE http://10.180.1.21/compute/v2.1/flavors/1341172428 0.972s
2025-05-13 12:18:23.970 70074 INFO tempest.lib.common.rest_client [req-29ee6f4d-7e11-4612-96ee-2366957634a1 req-29ee6f4d-7e11-4612-96ee-2366957634a1 ] Request (ServicesAdminNegativeTestJSON:test_get_service_with_valid_service_and_invalid_host): 200 GET http://10.180.1.21/compute/v2.1/os-services?host=xxx&binary=nova-scheduler 0.969s
2025-05-13 12:18:23.974 70060 INFO tempest.lib.common.rest_client [req-5fc7fdc4-45bd-4a5a-b0f0-a10d2fabb9b1 req-5fc7fdc4-45bd-4a5a-b0f0-a10d2fabb9b1 ] Request (FloatingIPDetailsTestJSON:setUpClass): 200 GET http://10.180.1.21/identity/v3/roles 0.069s
2025-05-13 12:18:23.986 70070 INFO tempest.lib.common.rest_client [req-dbfd1d77-dd8f-49e4-aa6b-3f097d9a0535 req-dbfd1d77-dd8f-49e4-aa6b-3f097d9a0535 ] Request (FlavorsV261TestJSON:_run_cleanups): 202 DELETE http://10.180.1.21/compute/v2.1/flavors/1672294746 0.957s
2025-05-13 12:18:23.999 70064 INFO tempest.lib.common.rest_client [req-be6105d4-6a08-40f5-82d3-786d1b613f00 req-be6105d4-6a08-40f5-82d3-786d1b613f00 ] Request (FloatingIPsAssociationTestJSON:setUpClass): 201 POST http://10.180.1.21/identity/v3/users 0.081s
2025-05-13 12:18:24.017 70054 INFO tempest.lib.common.rest_client [req-7a0a0970-9567-4c38-8380-804675c371e2 req-7a0a0970-9567-4c38-8380-804675c371e2 ] Request (SecurityGroupsTestJSON:setUpClass): 200 GET http://10.180.1.21/identity/v3/roles 0.088s
2025-05-13 12:18:24.026 70050 INFO tempest.lib.common.rest_client [req-c0f835cc-270b-48b7-94da-bf1e94cd62b6 req-c0f835cc-270b-48b7-94da-bf1e94cd62b6 ] Request (FloatingIPsNegativeTestJSON:setUpClass): 201 POST http://10.180.1.21:9696/networking/v2.0/networks 1.130s
2025-05-13 12:18:24.044 70056 INFO tempest.lib.common.rest_client [req-2b3e95a4-3332-4487-a2dc-0fd6016854a8 req-2b3e95a4-3332-4487-a2dc-0fd6016854a8 ] Request (QuotaClassesAdmin257Test:tearDownClass): 204 DELETE http://10.180.1.21:9696/networking/v2.0/security-groups/cc468d90-5891-4808-8cec-61ad8d36c522 0.598s
2025-05-13 12:18:24.077 70060 INFO tempest.lib.common.rest_client [req-eebfd381-9300-4ea3-898e-648d046bc12a req-eebfd381-9300-4ea3-898e-648d046bc12a ] Request (FloatingIPDetailsTestJSON:setUpClass): 204 PUT http://10.180.1.21/identity/v3/projects/11f54d8752114b9ba0837a3b53d56e50/users/c87edd4e1d364fcca660294b20a8407a/roles/eec125c1a094460cb46ca640aa5166c8 0.101s
2025-05-13 12:18:24.077 70060 INFO tempest.lib.common.dynamic_creds [-] Dynamic test user c87edd4e1d364fcca660294b20a8407a is created with scope project and roles: ['member']
2025-05-13 12:18:24.078 70060 INFO tempest.lib.common.dynamic_creds [-] Acquired dynamic creds: credentials: Credentials: {'domain_id': 'default', 'domain_name': 'Default', 'username': 'tempest-FloatingIPDetailsTestJSON-1887036089-project-member', 'project_domain_id': 'default', 'project_domain_name': 'Default', 'project_id': '11f54d8752114b9ba0837a3b53d56e50', 'project_name': 'tempest-FloatingIPDetailsTestJSON-1887036089', 'tenant_id': '11f54d8752114b9ba0837a3b53d56e50', 'tenant_name': 'tempest-FloatingIPDetailsTestJSON-1887036089', 'user_domain_id': 'default', 'user_domain_name': 'Default', 'user_id': 'c87edd4e1d364fcca660294b20a8407a', 'system': None}, Network: None, Subnet: None, Router: None
2025-05-13 12:18:24.132 70064 INFO tempest.lib.common.rest_client [req-4c656d9d-bd98-47d7-a4bd-ce31e6c804c9 req-4c656d9d-bd98-47d7-a4bd-ce31e6c804c9 ] Request (FloatingIPsAssociationTestJSON:setUpClass): 200 GET http://10.180.1.21/identity/v3/roles 0.133s
2025-05-13 12:18:24.135 70088 INFO tempest.lib.common.rest_client [req-6e8e13cd-40f1-445a-a0d1-55c1c82265b9 req-6e8e13cd-40f1-445a-a0d1-55c1c82265b9 ] Request (HostsAdminTestJSON:tearDownClass): 200 GET http://10.180.1.21:9696/networking/v2.0/security-groups?tenant_id=74c4b36baad545378ac402078dc4b8bd&name=default 0.854s
2025-05-13 12:18:24.162 70054 INFO tempest.lib.common.rest_client [req-6adf339b-9641-49a0-8d90-40737354c069 req-6adf339b-9641-49a0-8d90-40737354c069 ] Request (SecurityGroupsTestJSON:setUpClass): 204 PUT http://10.180.1.21/identity/v3/projects/42257c279ac042a88f3d28949622e509/users/ae5ae53b990e48b498f9596b3c38b80e/roles/eec125c1a094460cb46ca640aa5166c8 0.144s
2025-05-13 12:18:24.162 70054 INFO tempest.lib.common.dynamic_creds [-] Dynamic test user ae5ae53b990e48b498f9596b3c38b80e is created with scope project and roles: ['member']
2025-05-13 12:18:24.162 70054 INFO tempest.lib.common.dynamic_creds [-] Acquired dynamic creds: credentials: Credentials: {'domain_id': 'default', 'domain_name': 'Default', 'username': 'tempest-SecurityGroupsTestJSON-864666295-project-member', 'project_domain_id': 'default', 'project_domain_name': 'Default', 'project_id': '42257c279ac042a88f3d28949622e509', 'project_name': 'tempest-SecurityGroupsTestJSON-864666295', 'tenant_id': '42257c279ac042a88f3d28949622e509', 'tenant_name': 'tempest-SecurityGroupsTestJSON-864666295', 'user_domain_id': 'default', 'user_domain_name': 'Default', 'user_id': 'ae5ae53b990e48b498f9596b3c38b80e', 'system': None}, Network: None, Subnet: None, Router: None
2025-05-13 12:18:24.227 70060 INFO tempest.lib.common.rest_client [req-4b0df152-b550-4272-bf26-80789bf6b494 req-4b0df152-b550-4272-bf26-80789bf6b494 ] Request (FloatingIPDetailsTestJSON:setUpClass): 201 POST http://10.180.1.21/identity/v3/auth/tokens 0.149s
2025-05-13 12:18:24.229 70086 INFO tempest.lib.common.rest_client [req-d629d159-12fe-427d-8a82-5abf80cd059b req-d629d159-12fe-427d-8a82-5abf80cd059b ] Request (VolumesAssistedSnapshotsTest:test_volume_assisted_snapshot_create_delete): 201 POST http://10.180.1.21:9696/networking/v2.0/security-groups 0.589s
2025-05-13 12:18:24.250 70056 INFO tempest.lib.common.rest_client [req-7020baf5-3415-4c23-88ce-cd84a3d757e2 req-7020baf5-3415-4c23-88ce-cd84a3d757e2 ] Request (QuotaClassesAdmin257Test:tearDownClass): 204 DELETE http://10.180.1.21/identity/v3/projects/09e2ab5f4f1247b6850d2364066e1ea5 0.206s
2025-05-13 12:18:24.250 70056 INFO tempest.lib.common.dynamic_creds [-] Deleting project and security group for project: 142815963aa448f2ad22d2f100385ff4
2025-05-13 12:18:24.268 70048 INFO tempest.lib.common.rest_client [req-cad0186a-c09e-4d9e-82d0-43fe082b6936 req-cad0186a-c09e-4d9e-82d0-43fe082b6936 ] Request (HypervisorAdminTestJSON:tearDownClass): 200 GET http://10.180.1.21:9696/networking/v2.0/security-groups?tenant_id=3fe2180ca8254cf4a99e75ed45382828&name=default 0.429s
2025-05-13 12:18:24.277 70068 INFO tempest.lib.common.rest_client [req-eaafa54b-ef8c-444e-99d7-a6cff90e907d req-eaafa54b-ef8c-444e-99d7-a6cff90e907d ] Request (HypervisorAdminUnderV252Test:tearDownClass): 200 GET http://10.180.1.21:9696/networking/v2.0/security-groups?tenant_id=13cc066025e4450ab2bf5e739294ed66&name=default 0.553s
2025-05-13 12:18:24.304 70054 INFO tempest.lib.common.rest_client [req-2bfc347b-a0f1-4d0e-b432-0b1ffebad103 req-2bfc347b-a0f1-4d0e-b432-0b1ffebad103 ] Request (SecurityGroupsTestJSON:setUpClass): 201 POST http://10.180.1.21/identity/v3/auth/tokens 0.141s
2025-05-13 12:18:24.316 70064 INFO tempest.lib.common.rest_client [req-2a65e24a-8a59-4aff-b6b5-352baf9a1b42 req-2a65e24a-8a59-4aff-b6b5-352baf9a1b42 ] Request (FloatingIPsAssociationTestJSON:setUpClass): 204 PUT http://10.180.1.21/identity/v3/projects/602816d7b1574f02a4927772f6ac5382/users/870a35dc45924a2f94890183b080cfc1/roles/eec125c1a094460cb46ca640aa5166c8 0.183s
2025-05-13 12:18:24.317 70064 INFO tempest.lib.common.dynamic_creds [-] Dynamic test user 870a35dc45924a2f94890183b080cfc1 is created with scope project and roles: ['member']
2025-05-13 12:18:24.317 70064 INFO tempest.lib.common.dynamic_creds [-] Acquired dynamic creds: credentials: Credentials: {'domain_id': 'default', 'domain_name': 'Default', 'username': 'tempest-FloatingIPsAssociationTestJSON-527069498-project-member', 'project_domain_id': 'default', 'project_domain_name': 'Default', 'project_id': '602816d7b1574f02a4927772f6ac5382', 'project_name': 'tempest-FloatingIPsAssociationTestJSON-527069498', 'tenant_id': '602816d7b1574f02a4927772f6ac5382', 'tenant_name': 'tempest-FloatingIPsAssociationTestJSON-527069498', 'user_domain_id': 'default', 'user_domain_name': 'Default', 'user_id': '870a35dc45924a2f94890183b080cfc1', 'system': None}, Network: None, Subnet: None, Router: None
2025-05-13 12:18:24.323 70072 INFO tempest.lib.common.rest_client [req-0ffbff95-81ff-4a90-abdf-fd459f35f73c req-0ffbff95-81ff-4a90-abdf-fd459f35f73c ] Request (FloatingIPDetailsNegativeTestJSON:setUpClass): 201 POST http://10.180.1.21:9696/networking/v2.0/networks 1.010s
2025-05-13 12:18:24.442 70068 INFO tempest.lib.common.rest_client [req-a7aa24d5-b8fe-4bf4-b068-6aced23378d9 req-a7aa24d5-b8fe-4bf4-b068-6aced23378d9 ] Request (HypervisorAdminUnderV252Test:tearDownClass): 204 DELETE http://10.180.1.21:9696/networking/v2.0/security-groups/31eb0f65-1d62-492e-86d2-3b8f7af19ffb 0.164s
2025-05-13 12:18:24.468 70064 INFO tempest.lib.common.rest_client [req-cdc37d08-f26f-408e-8592-85f81b241e63 req-cdc37d08-f26f-408e-8592-85f81b241e63 ] Request (FloatingIPsAssociationTestJSON:setUpClass): 201 POST http://10.180.1.21/identity/v3/auth/tokens 0.151s
2025-05-13 12:18:24.510 70088 INFO tempest.lib.common.rest_client [req-050d4861-7b4e-4413-b9c3-4373b7404d7f req-050d4861-7b4e-4413-b9c3-4373b7404d7f ] Request (HostsAdminTestJSON:tearDownClass): 204 DELETE http://10.180.1.21:9696/networking/v2.0/security-groups/8c01553f-84ed-43f7-853d-c642c19b38d7 0.375s
2025-05-13 12:18:24.545 70100 INFO tempest.lib.common.rest_client [req-7f674c97-6ada-40f3-8c9b-18cf43f51e53 req-7f674c97-6ada-40f3-8c9b-18cf43f51e53 ] Request (QuotasAdminTestV257:test_get_updated_quotas): 200 PUT http://10.180.1.21/compute/v2.1/os-quota-sets/d31f652652084e5783805a9843334d6f 1.495s
2025-05-13 12:18:24.553 70068 INFO tempest.lib.common.rest_client [req-d9fafe05-a22e-4ed9-a909-c0a99419a457 req-d9fafe05-a22e-4ed9-a909-c0a99419a457 ] Request (HypervisorAdminUnderV252Test:tearDownClass): 204 DELETE http://10.180.1.21/identity/v3/projects/13cc066025e4450ab2bf5e739294ed66 0.111s
2025-05-13 12:18:24.564 70084 INFO tempest.lib.common.rest_client [req-8bd49ae7-c810-473c-82a0-8cedae75c509 req-8bd49ae7-c810-473c-82a0-8cedae75c509 ] Request (FlavorsAdminTestJSON:_run_cleanups): 202 DELETE http://10.180.1.21/compute/v2.1/flavors/2037848081 1.436s
2025-05-13 12:18:24.571 70052 INFO tempest.lib.common.rest_client [req-3fa99262-6890-46d2-8e62-e3b3689844d3 req-3fa99262-6890-46d2-8e62-e3b3689844d3 ] Request (ListImageFiltersTestJSON:setUpClass): 201 POST http://10.180.1.21/image/v2/images 0.643s
2025-05-13 12:18:24.589 70080 INFO tempest.lib.common.rest_client [req-cb6ed6b2-367f-4d5f-b129-c811c84c23c9 req-cb6ed6b2-367f-4d5f-b129-c811c84c23c9 ] Request (FlavorsExtraSpecsTestJSON:test_flavor_set_get_update_show_unset_keys): 200 POST http://10.180.1.21/compute/v2.1/flavors/915400534/os-extra_specs 1.453s
2025-05-13 12:18:24.605 70104 INFO tempest.lib.common.rest_client [req-1d4db9a7-1629-4734-981d-25e9c32de17f req-1d4db9a7-1629-4734-981d-25e9c32de17f ] Request (HostsAdminNegativeTestJSON:test_show_host_detail_with_nonexistent_hostname): 404 GET http://10.180.1.21/compute/v2.1/os-hosts/nonexistent_hostname 1.443s
