2025-05-13 12:19:23.504 70094 WARNING tempest.lib.common.ssh [-] Failed to establish authenticated ssh connection to cirros@10.180.180.203 ([Errno None] Unable to connect to port 22 on 10.180.180.203). Number attempts: 5. Retry after 6 seconds.: paramiko.ssh_exception.NoValidConnectionsError: [Errno None] Unable to connect to port 22 on 10.180.180.203
2025-05-13 12:19:23.507 70106 INFO tempest.lib.common.rest_client [req-c7355243-57ab-47d2-be30-168c05d509d2 req-c7355243-57ab-47d2-be30-168c05d509d2 ] Request (AggregatesAdminNegativeTestJSON:tearDownClass): 200 GET http://10.180.1.21:9696/networking/v2.0/security-groups?tenant_id=0713e3e829754a10a245b32e3e37a3de&name=default 0.439s
2025-05-13 12:19:23.576 70050 INFO tempest.lib.common.rest_client [req-ad1456c6-b045-4e6e-8196-510a6138d839 req-ad1456c6-b045-4e6e-8196-510a6138d839 ] Request (ListServerFiltersTestJSON:setUpClass): 200 GET http://10.180.1.21/compute/v2.1/servers/738d3943-b255-4e92-8255-35aa0e3d6190 1.402s
2025-05-13 12:19:23.613 70106 INFO tempest.lib.common.rest_client [req-e83312f5-5c82-492a-b73e-ff0dd2408365 req-e83312f5-5c82-492a-b73e-ff0dd2408365 ] Request (AggregatesAdminNegativeTestJSON:tearDownClass): 204 DELETE http://10.180.1.21:9696/networking/v2.0/security-groups/6edf55c5-5a3c-42c9-a3e9-db32753dfbc2 0.106s
2025-05-13 12:19:23.637 70098 INFO tempest.lib.common.rest_client [req-7daa936f-2562-4479-98b4-498b5d89aeb5 req-7daa936f-2562-4479-98b4-498b5d89aeb5 ] Request (ServersTestJSON:setUpClass): 200 GET http://10.180.1.21/compute/v2.1/servers/38473040-ef89-4a31-8c32-85f10fee039d 1.409s
2025-05-13 12:19:23.674 70103 INFO tempest.lib.common.rest_client [req-e3d595d4-95ed-47a4-adeb-e5c47b3840d0 req-e3d595d4-95ed-47a4-adeb-e5c47b3840d0 ] Request (ServerDiagnosticsNegativeTest:tearDownClass): 204 DELETE http://10.180.1.21/identity/v3/projects/a3ae28d6e321449db500673540f4cd37 0.175s
2025-05-13 12:19:23.683 70052 INFO tempest.lib.common.rest_client [req-535f5428-6aea-456a-a1b2-c928be96da8b req-535f5428-6aea-456a-a1b2-c928be96da8b ] Request (ListImageFiltersTestJSON:setUpClass): 200 GET http://10.180.1.21/compute/v2.1/images/a4802873-c716-437a-b6c1-44ae8d004e7c 1.410s
2025-05-13 12:19:23.715 70054 INFO tempest.lib.common.rest_client [req-04e226bb-5c5c-4ad3-a0b0-6052403ee162 req-04e226bb-5c5c-4ad3-a0b0-6052403ee162 ] Request (SecurityGroupsTestJSON:test_list_security_groups_by_server): 202 POST http://10.180.1.21/compute/v2.1/servers/f8b193f7-1c9d-426b-a182-4870354ccd84/action 1.963s
2025-05-13 12:19:23.719 70103 INFO tempest.lib.common.rest_client [req-07e4e6fe-8244-4b04-a4cc-6401ec7d00e4 req-07e4e6fe-8244-4b04-a4cc-6401ec7d00e4 ] Request (ImagesTestJSON:setUpClass): 201 POST http://10.180.1.21/identity/v3/auth/tokens 0.042s
2025-05-13 12:19:23.753 70048 INFO tempest.lib.common.rest_client [req-b3a84412-6e6b-45aa-a47a-ea118d3230ec req-b3a84412-6e6b-45aa-a47a-ea118d3230ec ] Request (ImagesOneServerNegativeTestJSON:setUpClass): 200 GET http://10.180.1.21/compute/v2.1/servers/828f7a0a-dd24-4c98-85cf-5d99627860d7 1.382s
2025-05-13 12:19:23.773 70106 INFO tempest.lib.common.rest_client [req-9e647902-1134-41a1-8422-e21e4ed14994 req-9e647902-1134-41a1-8422-e21e4ed14994 ] Request (AggregatesAdminNegativeTestJSON:tearDownClass): 204 DELETE http://10.180.1.21/identity/v3/projects/0713e3e829754a10a245b32e3e37a3de 0.159s
2025-05-13 12:19:23.773 70106 INFO tempest.lib.common.dynamic_creds [-] Deleting project and security group for project: 39db3babf6c947b9ba3c53795dd252de
2025-05-13 12:19:23.794 70103 INFO tempest.lib.common.rest_client [req-1afcce26-7dff-4429-9b3d-d194ad84901f req-1afcce26-7dff-4429-9b3d-d194ad84901f ] Request (ImagesTestJSON:setUpClass): 201 POST http://10.180.1.21/identity/v3/auth/tokens 0.072s
2025-05-13 12:19:23.824 70103 INFO tempest.lib.common.rest_client [req-39a71ed3-5d85-46c8-b343-7d01d7a14441 req-39a71ed3-5d85-46c8-b343-7d01d7a14441 ] Request (ImagesTestJSON:setUpClass): 200 GET http://10.180.1.21/identity/v3/domains?name=Default 0.030s
2025-05-13 12:19:23.840 70080 INFO tempest.lib.common.rest_client [req-ca33eace-31c6-4916-bd78-0572b7f1e3b8 req-ca33eace-31c6-4916-bd78-0572b7f1e3b8 ] Request (MultipleCreateTestJSON:test_multiple_create): 200 GET http://10.180.1.21/compute/v2.1/servers 1.426s
2025-05-13 12:19:23.861 70103 INFO tempest.lib.common.rest_client [req-6742de1b-98d6-4fbf-90a2-e21b2f07b7a4 req-6742de1b-98d6-4fbf-90a2-e21b2f07b7a4 ] Request (ImagesTestJSON:setUpClass): 201 POST http://10.180.1.21/identity/v3/projects 0.036s
2025-05-13 12:19:23.873 70092 INFO tempest.lib.common.rest_client [req-d5a1187d-0d2c-4102-94d4-8ac807a6c59e req-d5a1187d-0d2c-4102-94d4-8ac807a6c59e ] Request (MigrationsAdminTest:test_list_migrations_in_flavor_resize_situation): 200 GET http://10.180.1.21/compute/v2.1/servers/7626e483-2d84-4a06-8f38-f8fd431da011 1.458s
2025-05-13 12:19:23.888 70106 INFO tempest.lib.common.rest_client [req-309ee6fa-4edf-4c35-b0fe-a038167e63e1 req-309ee6fa-4edf-4c35-b0fe-a038167e63e1 ] Request (AggregatesAdminNegativeTestJSON:tearDownClass): 200 GET http://10.180.1.21:9696/networking/v2.0/security-groups?tenant_id=39db3babf6c947b9ba3c53795dd252de&name=default 0.114s
2025-05-13 12:19:23.898 70084 INFO tempest.lib.common.rest_client [req-54e053e5-65ec-463a-aed8-26e8458432fb req-54e053e5-65ec-463a-aed8-26e8458432fb ] Request (FlavorsAdminTestJSON:_run_cleanups): 200 GET http://10.180.1.21/compute/v2.1/flavors/detail 1.393s
2025-05-13 12:19:23.912 70058 INFO tempest.lib.common.rest_client [req-5443c582-c22f-4ad8-8dd5-6ce2a3039a4d req-5443c582-c22f-4ad8-8dd5-6ce2a3039a4d ] Request (ListServersNegativeTestJSON:setUpClass): 200 GET http://10.180.1.21/compute/v2.1/servers/27c5d873-f24c-4e20-9bcf-1b157114e5d0 1.469s
2025-05-13 12:19:23.957 70103 INFO tempest.lib.common.rest_client [req-18f70215-d925-4017-88eb-e81bd8ea7c38 req-18f70215-d925-4017-88eb-e81bd8ea7c38 ] Request (ImagesTestJSON:setUpClass): 201 POST http://10.180.1.21/identity/v3/users 0.095s
2025-05-13 12:19:23.973 70062 INFO tempest.lib.common.rest_client [req-1cbf2997-3416-4656-a777-9b3de4c9c19c req-1cbf2997-3416-4656-a777-9b3de4c9c19c ] Request (FloatingIPsAssociationNegativeTestJSON:tearDownClass): 200 GET http://10.180.1.21/compute/v2.1/servers/69037fde-1312-4ff7-b405-38c8f32cb1f9 1.437s
2025-05-13 12:19:23.976 70072 INFO tempest.lib.common.rest_client [req-04cdc52b-e4e0-4a03-bf1b-263d3efbe752 req-04cdc52b-e4e0-4a03-bf1b-263d3efbe752 ] Request (ServerActionsTestJSON:setUpClass): 200 GET http://10.180.1.21/compute/v2.1/servers/19c06f92-7f17-4834-b8be-723eb3f313c5 1.435s
2025-05-13 12:19:23.987 70103 INFO tempest.lib.common.rest_client [req-a824cbe1-dfb4-47a8-8247-3959021aceca req-a824cbe1-dfb4-47a8-8247-3959021aceca ] Request (ImagesTestJSON:setUpClass): 200 GET http://10.180.1.21/identity/v3/roles 0.029s
2025-05-13 12:19:24.023 70103 INFO tempest.lib.common.rest_client [req-45dafc10-b123-47e9-baf8-b2d7c5213187 req-45dafc10-b123-47e9-baf8-b2d7c5213187 ] Request (ImagesTestJSON:setUpClass): 204 PUT http://10.180.1.21/identity/v3/projects/fd2014dec6514eb7b7289fdfc4de7f92/users/790410df58c64dc99c4c9f4b2ffaa936/roles/eec125c1a094460cb46ca640aa5166c8 0.035s
2025-05-13 12:19:24.023 70103 INFO tempest.lib.common.dynamic_creds [-] Dynamic test user 790410df58c64dc99c4c9f4b2ffaa936 is created with scope project and roles: ['member']
2025-05-13 12:19:24.023 70103 INFO tempest.lib.common.dynamic_creds [-] Acquired dynamic creds: credentials: Credentials: {'domain_id': 'default', 'domain_name': 'Default', 'username': 'tempest-ImagesTestJSON-545421516-project-member', 'project_domain_id': 'default', 'project_domain_name': 'Default', 'project_id': 'fd2014dec6514eb7b7289fdfc4de7f92', 'project_name': 'tempest-ImagesTestJSON-545421516', 'tenant_id': 'fd2014dec6514eb7b7289fdfc4de7f92', 'tenant_name': 'tempest-ImagesTestJSON-545421516', 'user_domain_id': 'default', 'user_domain_name': 'Default', 'user_id': '790410df58c64dc99c4c9f4b2ffaa936', 'system': None}, Network: None, Subnet: None, Router: None
2025-05-13 12:19:24.035 70096 INFO tempest.lib.common.rest_client [req-f5b25663-78b0-489c-bf16-f0eb210a6b52 req-f5b25663-78b0-489c-bf16-f0eb210a6b52 ] Request (ServerExternalEventsTest:tearDownClass): 200 GET http://10.180.1.21/compute/v2.1/servers/b3fc7334-8f11-44cb-b3b1-49eb73ad14cf 1.320s
2025-05-13 12:19:24.038 70056 INFO tempest.lib.common.rest_client [req-9c1a96b9-3901-4b58-83ee-03aa33ef9b64 req-9c1a96b9-3901-4b58-83ee-03aa33ef9b64 ] Request (VolumesAdminNegativeTest:test_update_attached_volume_with_nonexistent_volume_in_body): 200 GET http://10.180.1.21/compute/v2.1/servers/f9f0ae85-57a8-4e21-8e5e-87a3630ee05c 1.239s
2025-05-13 12:19:24.044 70106 INFO tempest.lib.common.rest_client [req-3e9bf455-9c23-4358-9332-06802b6bff93 req-3e9bf455-9c23-4358-9332-06802b6bff93 ] Request (AggregatesAdminNegativeTestJSON:tearDownClass): 204 DELETE http://10.180.1.21:9696/networking/v2.0/security-groups/7166b262-852f-4bf9-8963-a7bc97378a70 0.156s
2025-05-13 12:19:24.094 70108 INFO tempest.lib.common.rest_client [req-c400cbc4-ee21-4e5f-9133-8f977534c389 req-c400cbc4-ee21-4e5f-9133-8f977534c389 ] Request (DeleteServersAdminTestJSON:test_delete_server_while_in_error_state): 200 GET http://10.180.1.21/compute/v2.1/servers/e35191b8-2393-48e1-a120-f2a030ecec52 1.249s
2025-05-13 12:19:24.101 70103 INFO tempest.lib.common.rest_client [req-4e81847f-00d9-437b-bfcf-1c83a5b38dcf req-4e81847f-00d9-437b-bfcf-1c83a5b38dcf ] Request (ImagesTestJSON:setUpClass): 201 POST http://10.180.1.21/identity/v3/auth/tokens 0.077s
2025-05-13 12:19:24.162 70106 INFO tempest.lib.common.rest_client [req-b1c0e76c-79e8-4c11-9e3c-1a06117ff681 req-b1c0e76c-79e8-4c11-9e3c-1a06117ff681 ] Request (AggregatesAdminNegativeTestJSON:tearDownClass): 204 DELETE http://10.180.1.21/identity/v3/projects/39db3babf6c947b9ba3c53795dd252de 0.117s
2025-05-13 12:19:24.312 70106 INFO tempest.lib.common.rest_client [req-5ff6678a-6813-4067-a01a-4e97e35bf95d req-5ff6678a-6813-4067-a01a-4e97e35bf95d ] Request (QuotasSecurityGroupAdminNegativeTest:setUpClass): 201 POST http://10.180.1.21/identity/v3/auth/tokens 0.148s
2025-05-13 12:19:24.346 70082 INFO tempest.lib.common.rest_client [req-6895e673-ad08-43e8-b77f-0211c57c4260 req-6895e673-ad08-43e8-b77f-0211c57c4260 ] Request (QuotasAdminNegativeTest:test_create_server_when_cpu_quota_is_full): 200 PUT http://10.180.1.21/compute/v2.1/os-quota-sets/d2e69915a71442fd8d3d78538ab77fd0 1.534s
2025-05-13 12:19:24.360 70106 INFO tempest.lib.common.rest_client [req-9b06897f-de1f-454c-a6d4-f602ccab2c9f req-9b06897f-de1f-454c-a6d4-f602ccab2c9f ] Request (QuotasSecurityGroupAdminNegativeTest:setUpClass): 201 POST http://10.180.1.21/identity/v3/auth/tokens 0.043s
2025-05-13 12:19:24.395 70106 INFO tempest.lib.common.rest_client [req-54901ec1-a137-48cc-a0c1-d4f100702787 req-54901ec1-a137-48cc-a0c1-d4f100702787 ] Request (QuotasSecurityGroupAdminNegativeTest:setUpClass): 200 GET http://10.180.1.21/identity/v3/domains?name=Default 0.034s
2025-05-13 12:19:24.437 70082 INFO tempest.lib.common.rest_client [req-e8bc4f34-a043-40a6-8dc9-cdcd2b02af0f req-e8bc4f34-a043-40a6-8dc9-cdcd2b02af0f ] Request (QuotasAdminNegativeTest:test_create_server_when_cpu_quota_is_full): 201 POST http://10.180.1.21/identity/v3/auth/tokens 0.081s
2025-05-13 12:19:24.438 70082 INFO tempest.lib.common.fixed_network [-] (QuotasAdminNegativeTest:test_create_server_when_cpu_quota_is_full) Found network None available for tenant
2025-05-13 12:19:24.443 70088 INFO tempest.lib.common.rest_client [req-a640b2c6-8f2b-48d8-845e-e4db52b66f61 req-a640b2c6-8f2b-48d8-845e-e4db52b66f61 ] Request (ServerDiagnosticsV248Test:tearDownClass): 200 GET http://10.180.1.21/compute/v2.1/servers/1b8c127a-c70e-435c-956e-1b8ad3a0d568 1.495s
2025-05-13 12:19:24.449 70106 INFO tempest.lib.common.rest_client [req-f841608c-acac-481a-83d5-f74e6b37cef6 req-f841608c-acac-481a-83d5-f74e6b37cef6 ] Request (QuotasSecurityGroupAdminNegativeTest:setUpClass): 201 POST http://10.180.1.21/identity/v3/projects 0.054s
2025-05-13 12:19:24.505 70100 INFO tempest.lib.common.rest_client [req-edf3e350-20b2-4ee3-b6ee-0cf32266e8f6 req-edf3e350-20b2-4ee3-b6ee-0cf32266e8f6 ] Request (ServerDiagnosticsTest:tearDownClass): 200 GET http://10.180.1.21/compute/v2.1/servers/724c5059-a799-45b3-bfbd-328d7df854fc 1.488s
2025-05-13 12:19:24.519 70106 INFO tempest.lib.common.rest_client [req-fdc8b8ca-7735-4ab6-8f6e-133f6c1479c6 req-fdc8b8ca-7735-4ab6-8f6e-133f6c1479c6 ] Request (QuotasSecurityGroupAdminNegativeTest:setUpClass): 201 POST http://10.180.1.21/identity/v3/users 0.069s
2025-05-13 12:19:24.546 70106 INFO tempest.lib.common.rest_client [req-47fd10d0-7866-4b43-a6fe-b093c2fa3028 req-47fd10d0-7866-4b43-a6fe-b093c2fa3028 ] Request (QuotasSecurityGroupAdminNegativeTest:setUpClass): 200 GET http://10.180.1.21/identity/v3/roles 0.026s
2025-05-13 12:19:24.580 70106 INFO tempest.lib.common.rest_client [req-af5902fc-bd67-4447-8d87-c293a378fcd3 req-af5902fc-bd67-4447-8d87-c293a378fcd3 ] Request (QuotasSecurityGroupAdminNegativeTest:setUpClass): 204 PUT http://10.180.1.21/identity/v3/projects/b4676de624554d4e9740d197678765dc/users/d4e0417f29d84d28b5b674dedf5adba3/roles/eec125c1a094460cb46ca640aa5166c8 0.033s
2025-05-13 12:19:24.580 70106 INFO tempest.lib.common.dynamic_creds [-] Dynamic test user d4e0417f29d84d28b5b674dedf5adba3 is created with scope project and roles: ['member']
2025-05-13 12:19:24.580 70106 INFO tempest.lib.common.dynamic_creds [-] Acquired dynamic creds: credentials: Credentials: {'domain_id': 'default', 'domain_name': 'Default', 'username': 'tempest-QuotasSecurityGroupAdminNegativeTest-1505200640-project-member', 'project_domain_id': 'default', 'project_domain_name': 'Default', 'project_id': 'b4676de624554d4e9740d197678765dc', 'project_name': 'tempest-QuotasSecurityGroupAdminNegativeTest-1505200640', 'tenant_id': 'b4676de624554d4e9740d197678765dc', 'tenant_name': 'tempest-QuotasSecurityGroupAdminNegativeTest-1505200640', 'user_domain_id': 'default', 'user_domain_name': 'Default', 'user_id': 'd4e0417f29d84d28b5b674dedf5adba3', 'system': None}, Network: None, Subnet: None, Router: None
2025-05-13 12:19:24.580 70106 INFO tempest.lib.common.dynamic_creds [-] Created isolated network resources for: credentials: Credentials: {'domain_id': 'default', 'domain_name': 'Default', 'username': 'tempest-QuotasSecurityGroupAdminNegativeTest-1505200640-project-member', 'project_domain_id': 'default', 'project_domain_name': 'Default', 'project_id': 'b4676de624554d4e9740d197678765dc', 'project_name': 'tempest-QuotasSecurityGroupAdminNegativeTest-1505200640', 'tenant_id': 'b4676de624554d4e9740d197678765dc', 'tenant_name': 'tempest-QuotasSecurityGroupAdminNegativeTest-1505200640', 'user_domain_id': 'default', 'user_domain_name': 'Default', 'user_id': 'd4e0417f29d84d28b5b674dedf5adba3', 'system': None}, Network: None, Subnet: None, Router: None
2025-05-13 12:19:24.603 70070 INFO tempest.lib.common.rest_client [req-0fb8235a-73f2-47b5-9261-bcb420f130b9 req-0fb8235a-73f2-47b5-9261-bcb420f130b9 ] Request (InstanceActionsV221TestJSON:test_get_list_deleted_instance_actions): 200 GET http://10.180.1.21/compute/v2.1/servers/ad5c1512-835d-40f1-97be-59a36e20deda 1.521s
2025-05-13 12:19:24.654 70068 INFO tempest.lib.common.rest_client [req-5fc850cd-b1d8-46dc-a503-4c105e67ca2e req-5fc850cd-b1d8-46dc-a503-4c105e67ca2e ] Request (ServersAdminNegativeTestJSON:test_migrate_server_invalid_state): 200 GET http://10.180.1.21/compute/v2.1/servers/2635794b-46eb-4532-9f26-43b36242e0bf 1.506s
2025-05-13 12:19:24.676 70106 INFO tempest.lib.common.rest_client [req-9edc6f14-170f-4ef2-91cb-b2596a0bdeee req-9edc6f14-170f-4ef2-91cb-b2596a0bdeee ] Request (QuotasSecurityGroupAdminNegativeTest:setUpClass): 201 POST http://10.180.1.21/identity/v3/auth/tokens 0.089s
2025-05-13 12:19:24.747 70106 INFO tempest.lib.common.rest_client [req-c4a504e0-7932-4c6d-b476-b20fd99ee1eb req-c4a504e0-7932-4c6d-b476-b20fd99ee1eb ] Request (QuotasSecurityGroupAdminNegativeTest:setUpClass): 201 POST http://10.180.1.21/identity/v3/projects 0.070s
2025-05-13 12:19:24.758 70076 INFO tempest.lib.common.rest_client [req-2d624249-798d-46d1-85cf-d867dc8124bc req-2d624249-798d-46d1-85cf-d867dc8124bc ] Request (ServersListShow296Test:test_list_show_update_rebuild_server_296): 200 GET http://10.180.1.21/compute/v2.1/servers/1e8ea4f1-cbcf-4c6d-91f3-6ce833f65074 1.501s
2025-05-13 12:19:24.768 70103 INFO tempest.lib.common.rest_client [req-e516553d-8d51-4b20-9475-38cd7d1f2b6f req-e516553d-8d51-4b20-9475-38cd7d1f2b6f ] Request (ImagesTestJSON:setUpClass): 201 POST http://10.180.1.21:9696/networking/v2.0/networks 0.667s
2025-05-13 12:19:24.825 70060 INFO tempest.lib.common.rest_client [req-2d46ea97-f73f-4b41-8a8e-4c36185a4f84 req-2d46ea97-f73f-4b41-8a8e-4c36185a4f84 ] Request (ServerAddressesNegativeTestJSON:setUpClass): 200 GET http://10.180.1.21/compute/v2.1/servers/be3699ce-b81b-4db4-b82f-1ec081a96855 1.471s
2025-05-13 12:19:24.828 70106 INFO tempest.lib.common.rest_client [req-197e0502-01fb-45b2-9866-f73c2b639eea req-197e0502-01fb-45b2-9866-f73c2b639eea ] Request (QuotasSecurityGroupAdminNegativeTest:setUpClass): 201 POST http://10.180.1.21/identity/v3/users 0.079s
2025-05-13 12:19:24.864 70106 INFO tempest.lib.common.rest_client [req-c4a31cec-447b-40bf-b748-0b994dc0d370 req-c4a31cec-447b-40bf-b748-0b994dc0d370 ] Request (QuotasSecurityGroupAdminNegativeTest:setUpClass): 200 GET http://10.180.1.21/identity/v3/roles 0.036s
2025-05-13 12:19:24.870 70078 INFO tempest.lib.common.rest_client [req-372ebc32-b2a8-4bc6-a97d-25e32adba9c8 req-372ebc32-b2a8-4bc6-a97d-25e32adba9c8 ] Request (ImagesOneServerTestJSON:test_create_image_specify_multibyte_character_image_name): 200 GET http://10.180.1.21/compute/v2.1/images/6b76f563-8332-4691-a369-26a376cea17a 1.501s
2025-05-13 12:19:24.901 70106 INFO tempest.lib.common.rest_client [req-038a22b9-8a9f-471f-9fcb-c5d6b1523e32 req-038a22b9-8a9f-471f-9fcb-c5d6b1523e32 ] Request (QuotasSecurityGroupAdminNegativeTest:setUpClass): 204 PUT http://10.180.1.21/identity/v3/projects/c03140e6b30849f5b5490359d5803a1b/users/81cd18a3730f44df9f0d70ecb94bdf06/roles/7020507bb4ff4a43bbcb81954629d971 0.036s
2025-05-13 12:19:24.940 70064 INFO tempest.lib.common.rest_client [req-68950c9c-02e9-430d-b48c-4503c938b5cc req-68950c9c-02e9-430d-b48c-4503c938b5cc ] Request (FloatingIPsAssociationTestJSON:test_associate_already_associated_floating_ip): 200 GET http://10.180.1.21/compute/v2.1/servers/60eb16dd-8c95-46c1-a226-ee1280cbd403 1.523s
2025-05-13 12:19:24.975 70106 INFO tempest.lib.common.rest_client [req-c47fac86-21da-4d70-af8c-64f90c2cd4d0 req-c47fac86-21da-4d70-af8c-64f90c2cd4d0 ] Request (QuotasSecurityGroupAdminNegativeTest:setUpClass): 200 GET http://10.180.1.21/identity/v3/roles 0.074s
2025-05-13 12:19:24.998 70090 INFO tempest.lib.common.rest_client [req-a3d6f23b-ad83-459e-8b9f-bf216f99cc1e req-a3d6f23b-ad83-459e-8b9f-bf216f99cc1e ] Request (ServersAdminTestJSON:setUpClass): 200 GET http://10.180.1.21/compute/v2.1/servers/f99efbb3-ef7e-4feb-b29b-2cfded1643fd 1.507s
2025-05-13 12:19:25.001 70103 INFO tempest.lib.common.rest_client [req-a2bfe3bf-937b-469b-abd4-a22b83f331cd req-a2bfe3bf-937b-469b-abd4-a22b83f331cd ] Request (ImagesTestJSON:setUpClass): 201 POST http://10.180.1.21:9696/networking/v2.0/subnets 0.232s
2025-05-13 12:19:25.007 70066 INFO tempest.lib.common.rest_client [req-2202bb11-9306-411f-82e6-4168971d4053 req-2202bb11-9306-411f-82e6-4168971d4053 ] Request (ServersTestMultiNic:test_verify_duplicate_network_nics): 202 POST http://10.180.1.21/compute/v2.1/servers 2.138s
2025-05-13 12:19:25.017 70106 INFO tempest.lib.common.rest_client [req-b2b81ad2-07d9-4492-babf-f9204cea0666 req-b2b81ad2-07d9-4492-babf-f9204cea0666 ] Request (QuotasSecurityGroupAdminNegativeTest:setUpClass): 204 PUT http://10.180.1.21/identity/v3/projects/c03140e6b30849f5b5490359d5803a1b/users/81cd18a3730f44df9f0d70ecb94bdf06/roles/7020507bb4ff4a43bbcb81954629d971 0.041s
2025-05-13 12:19:25.017 70106 INFO tempest.lib.common.dynamic_creds [-] Dynamic test user 81cd18a3730f44df9f0d70ecb94bdf06 is created with scope project and roles: ['admin']
2025-05-13 12:19:25.017 70106 INFO tempest.lib.common.dynamic_creds [-] Acquired dynamic creds: credentials: Credentials: {'domain_id': 'default', 'domain_name': 'Default', 'username': 'tempest-QuotasSecurityGroupAdminNegativeTest-594807650-project-admin', 'project_domain_id': 'default', 'project_domain_name': 'Default', 'project_id': 'c03140e6b30849f5b5490359d5803a1b', 'project_name': 'tempest-QuotasSecurityGroupAdminNegativeTest-594807650', 'tenant_id': 'c03140e6b30849f5b5490359d5803a1b', 'tenant_name': 'tempest-QuotasSecurityGroupAdminNegativeTest-594807650', 'user_domain_id': 'default', 'user_domain_name': 'Default', 'user_id': '81cd18a3730f44df9f0d70ecb94bdf06', 'system': None}, Network: None, Subnet: None, Router: None
2025-05-13 12:19:25.017 70106 INFO tempest.lib.common.dynamic_creds [-] Created isolated network resources for: credentials: Credentials: {'domain_id': 'default', 'domain_name': 'Default', 'username': 'tempest-QuotasSecurityGroupAdminNegativeTest-594807650-project-admin', 'project_domain_id': 'default', 'project_domain_name': 'Default', 'project_id': 'c03140e6b30849f5b5490359d5803a1b', 'project_name': 'tempest-QuotasSecurityGroupAdminNegativeTest-594807650', 'tenant_id': 'c03140e6b30849f5b5490359d5803a1b', 'tenant_name': 'tempest-QuotasSecurityGroupAdminNegativeTest-594807650', 'user_domain_id': 'default', 'user_domain_name': 'Default', 'user_id': '81cd18a3730f44df9f0d70ecb94bdf06', 'system': None}, Network: None, Subnet: None, Router: None
2025-05-13 12:19:25.079 70080 INFO tempest.lib.common.rest_client [req-d5555ec6-18f9-4e3a-836f-65da76c834c7 req-d5555ec6-18f9-4e3a-836f-65da76c834c7 ] Request (MultipleCreateTestJSON:test_multiple_create): 200 GET http://10.180.1.21/compute/v2.1/servers/271a7171-f68e-40ec-8f3e-87cb9c18e971 1.238s
2025-05-13 12:19:25.110 70084 INFO tempest.lib.common.rest_client [req-a7a898fb-ffd8-457f-bb10-f9e33f55cd71 req-a7a898fb-ffd8-457f-bb10-f9e33f55cd71 ] Request (FlavorsAdminTestJSON:test_list_non_public_flavor): 200 POST http://10.180.1.21/compute/v2.1/flavors 1.203s
2025-05-13 12:19:25.122 70106 INFO tempest.lib.common.rest_client [req-4d00f34b-5da0-4c4b-bf88-31a6fdfe3a7b req-4d00f34b-5da0-4c4b-bf88-31a6fdfe3a7b ] Request (QuotasSecurityGroupAdminNegativeTest:setUpClass): 201 POST http://10.180.1.21/identity/v3/auth/tokens 0.100s
2025-05-13 12:19:25.123 70106 WARNING tempest.lib.common.rest_client [-] Deprecated: "tenant_id" property is deprecated for removal, use "project_id" instead
2025-05-13 12:19:25.269 70106 INFO tempest.lib.common.rest_client [req-afb3a4ff-2168-46a8-84f7-971f05350b40 req-afb3a4ff-2168-46a8-84f7-971f05350b40 ] Request (QuotasSecurityGroupAdminNegativeTest:tearDownClass): 204 DELETE http://10.180.1.21/identity/v3/users/d4e0417f29d84d28b5b674dedf5adba3 0.143s
2025-05-13 12:19:25.413 70074 INFO tempest.lib.common.rest_client [req-c6b4638f-598e-4fca-ae56-4dd4f9185cc4 req-c6b4638f-598e-4fca-ae56-4dd4f9185cc4 ] Request (ServersNegativeTestJSON:setUpClass): 200 GET http://10.180.1.21/compute/v2.1/servers/1cd3da96-102f-4a22-8f53-12b32485ffa2 1.422s
2025-05-13 12:19:25.421 70074 INFO tempest.common.waiters [-] State transition "BUILD/spawning" ==> "ACTIVE/None" after 34 second wait
2025-05-13 12:19:25.559 70106 INFO tempest.lib.common.rest_client [req-d1c17307-ec9f-4da9-b3f9-6e437fc67b15 req-d1c17307-ec9f-4da9-b3f9-6e437fc67b15 ] Request (QuotasSecurityGroupAdminNegativeTest:tearDownClass): 204 DELETE http://10.180.1.21/identity/v3/users/81cd18a3730f44df9f0d70ecb94bdf06 0.290s
2025-05-13 12:19:25.560 70106 INFO tempest.lib.common.dynamic_creds [-] Deleting project and security group for project: b4676de624554d4e9740d197678765dc
2025-05-13 12:19:25.581 70074 INFO tempest.lib.common.rest_client [req-e89453b1-559e-4a59-ade9-ad78eaf910d0 req-e89453b1-559e-4a59-ade9-ad78eaf910d0 ] Request (ServersNegativeTestJSON:setUpClass): 201 POST http://10.180.1.21/identity/v3/auth/tokens 0.155s
2025-05-13 12:19:25.582 70074 INFO tempest.lib.common.fixed_network [-] (ServersNegativeTestJSON:setUpClass) Found network {'id': '6d495b25-93c9-4d41-93da-495fe7782e89', 'name': 'tempest-ServersNegativeTestJSON-659703650-network', 'tenant_id': 'a1bbd9f308194b4aa6cb513f5d2cd789', 'admin_state_up': True, 'mtu': 8950, 'status': 'ACTIVE', 'subnets': [], 'shared': False, 'project_id': 'a1bbd9f308194b4aa6cb513f5d2cd789', 'port_security_enabled': True, 'router:external': False, 'provider:network_type': 'vlan', 'provider:physical_network': 'default', 'provider:segmentation_id': 383, 'availability_zone_hints': [], 'availability_zones': [], 'ipv4_address_scope': None, 'ipv6_address_scope': None, 'description': '', 'tags': [], 'created_at': '2025-05-13T12:18:38Z', 'updated_at': '2025-05-13T12:18:38Z', 'revision_number': 1} available for tenant
2025-05-13 12:19:25.635 70106 INFO tempest.lib.common.rest_client [req-b864df8d-bb3d-4f1c-8b59-d428599f9295 req-b864df8d-bb3d-4f1c-8b59-d428599f9295 ] Request (QuotasSecurityGroupAdminNegativeTest:tearDownClass): 201 POST http://10.180.1.21/identity/v3/auth/tokens 0.075s
2025-05-13 12:19:25.776 70082 INFO tempest.lib.common.rest_client [req-a5cb2df8-f74a-42b3-8dc4-dfff67cf3309 req-a5cb2df8-f74a-42b3-8dc4-dfff67cf3309 ] Request (QuotasAdminNegativeTest:test_create_server_when_cpu_quota_is_full): 403 POST http://10.180.1.21/compute/v2.1/servers 1.336s
2025-05-13 12:19:25.869 70054 INFO tempest.lib.common.rest_client [req-6545469a-3390-4073-8a3d-3a5eb0767179 req-6545469a-3390-4073-8a3d-3a5eb0767179 ] Request (SecurityGroupsTestJSON:test_list_security_groups_by_server): 202 POST http://10.180.1.21/compute/v2.1/servers/f8b193f7-1c9d-426b-a182-4870354ccd84/action 2.153s
2025-05-13 12:19:25.928 70050 INFO tempest.lib.common.rest_client [req-c83b8e4a-ac2a-423f-921a-0be33b5fe494 req-c83b8e4a-ac2a-423f-921a-0be33b5fe494 ] Request (ListServerFiltersTestJSON:setUpClass): 200 GET http://10.180.1.21/compute/v2.1/servers/738d3943-b255-4e92-8255-35aa0e3d6190 1.341s
2025-05-13 12:19:26.011 70104 INFO tempest.lib.common.rest_client [req-9b44eaf0-0018-48a1-ba15-36f773cc19e6 req-9b44eaf0-0018-48a1-ba15-36f773cc19e6 ] Request (ServerRescueTestJSONUnderV235:setUpClass): 200 GET http://10.180.1.21/compute/v2.1/servers/b05d12b1-fb29-4185-8300-5f0140039dfe 1.513s
2025-05-13 12:19:26.057 70052 INFO tempest.lib.common.rest_client [req-05c19eda-b96b-445c-9864-a6524273d54e req-05c19eda-b96b-445c-9864-a6524273d54e ] Request (ListImageFiltersTestJSON:setUpClass): 200 GET http://10.180.1.21/compute/v2.1/images/a4802873-c716-437a-b6c1-44ae8d004e7c 1.366s
2025-05-13 12:19:26.069 70098 INFO tempest.lib.common.rest_client [req-b7c81af4-eb0f-4295-9b81-8fa01dee682c req-b7c81af4-eb0f-4295-9b81-8fa01dee682c ] Request (ServersTestJSON:setUpClass): 200 GET http://10.180.1.21/compute/v2.1/servers/38473040-ef89-4a31-8c32-85f10fee039d 1.423s
2025-05-13 12:19:26.077 70098 INFO tempest.common.waiters [-] State transition "BUILD/None" ==> "BUILD/spawning" after 29 second wait
2025-05-13 12:19:26.141 70048 INFO tempest.lib.common.rest_client [req-ec9a2c84-4f3a-4ab7-a2cf-9c4045d83e03 req-ec9a2c84-4f3a-4ab7-a2cf-9c4045d83e03 ] Request (ImagesOneServerNegativeTestJSON:setUpClass): 200 GET http://10.180.1.21/compute/v2.1/servers/828f7a0a-dd24-4c98-85cf-5d99627860d7 1.381s
2025-05-13 12:19:26.190 70092 INFO tempest.lib.common.rest_client [req-61b8df59-aa5f-4b07-a52d-ea0472a80ab3 req-61b8df59-aa5f-4b07-a52d-ea0472a80ab3 ] Request (MigrationsAdminTest:test_list_migrations_in_flavor_resize_situation): 200 GET http://10.180.1.21/compute/v2.1/servers/7626e483-2d84-4a06-8f38-f8fd431da011 1.305s
2025-05-13 12:19:26.223 70058 INFO tempest.lib.common.rest_client [req-01f86287-46ad-42b5-9a48-351c3a8f788d req-01f86287-46ad-42b5-9a48-351c3a8f788d ] Request (ListServersNegativeTestJSON:setUpClass): 200 GET http://10.180.1.21/compute/v2.1/servers/27c5d873-f24c-4e20-9bcf-1b157114e5d0 1.300s
2025-05-13 12:19:26.232 70106 INFO tempest.lib.common.rest_client [req-c3eae25e-3e90-4773-94d6-4e8d5add2e32 req-c3eae25e-3e90-4773-94d6-4e8d5add2e32 ] Request (QuotasSecurityGroupAdminNegativeTest:tearDownClass): 200 GET http://10.180.1.21:9696/networking/v2.0/security-groups?tenant_id=b4676de624554d4e9740d197678765dc&name=default 0.597s
2025-05-13 12:19:26.279 70062 INFO tempest.lib.common.rest_client [req-b5838c9f-ab0d-434e-9a39-18fd0dc6be73 req-b5838c9f-ab0d-434e-9a39-18fd0dc6be73 ] Request (FloatingIPsAssociationNegativeTestJSON:tearDownClass): 200 GET http://10.180.1.21/compute/v2.1/servers/69037fde-1312-4ff7-b405-38c8f32cb1f9 1.293s
2025-05-13 12:19:26.303 70072 INFO tempest.lib.common.rest_client [req-cd1c113f-3204-429d-a2d9-bf7802177913 req-cd1c113f-3204-429d-a2d9-bf7802177913 ] Request (ServerActionsTestJSON:setUpClass): 200 GET http://10.180.1.21/compute/v2.1/servers/19c06f92-7f17-4834-b8be-723eb3f313c5 1.315s
2025-05-13 12:19:26.350 70066 INFO tempest.lib.common.rest_client [req-c15fe077-4364-4463-aa58-17b49877877c req-c15fe077-4364-4463-aa58-17b49877877c ] Request (ServersTestMultiNic:test_verify_duplicate_network_nics): 200 GET http://10.180.1.21/compute/v2.1/servers/e6e28bf0-10fd-4aa3-829b-9d5d0d301621 1.342s
2025-05-13 12:19:26.395 70096 INFO tempest.lib.common.rest_client [req-471bdcbe-3073-44ff-809e-093392ab39b4 req-471bdcbe-3073-44ff-809e-093392ab39b4 ] Request (ServerExternalEventsTest:tearDownClass): 200 GET http://10.180.1.21/compute/v2.1/servers/b3fc7334-8f11-44cb-b3b1-49eb73ad14cf 1.353s
2025-05-13 12:19:26.405 70096 INFO tempest.common.waiters [-] State transition "ACTIVE/deleting" ==> "DELETED/None" after 5 second wait
2025-05-13 12:19:26.423 70056 INFO tempest.lib.common.rest_client [req-643ca67f-1f61-484b-8dac-44bd2e24d4f5 req-643ca67f-1f61-484b-8dac-44bd2e24d4f5 ] Request (VolumesAdminNegativeTest:test_update_attached_volume_with_nonexistent_volume_in_body): 200 GET http://10.180.1.21/compute/v2.1/servers/f9f0ae85-57a8-4e21-8e5e-87a3630ee05c 1.376s
2025-05-13 12:19:26.433 70106 INFO tempest.lib.common.rest_client [req-32b0ec0b-929f-4b23-bf11-a21039ab82ec req-32b0ec0b-929f-4b23-bf11-a21039ab82ec ] Request (QuotasSecurityGroupAdminNegativeTest:tearDownClass): 204 DELETE http://10.180.1.21:9696/networking/v2.0/security-groups/4d056bc8-0a81-4b1f-bc31-35cde4f262d6 0.200s
2025-05-13 12:19:26.434 70056 INFO tempest.common.waiters [-] State transition "BUILD/None" ==> "BUILD/networking" after 29 second wait
2025-05-13 12:19:26.448 70084 INFO tempest.lib.common.rest_client [req-000b279f-b099-4b4f-9090-31c71d59fd70 req-000b279f-b099-4b4f-9090-31c71d59fd70 ] Request (FlavorsAdminTestJSON:test_list_non_public_flavor): 200 GET http://10.180.1.21/compute/v2.1/flavors/detail 1.335s
2025-05-13 12:19:26.465 70108 INFO tempest.lib.common.rest_client [req-fd66e2ef-a764-4efe-9c39-219c58932208 req-fd66e2ef-a764-4efe-9c39-219c58932208 ] Request (DeleteServersAdminTestJSON:test_delete_server_while_in_error_state): 200 GET http://10.180.1.21/compute/v2.1/servers/e35191b8-2393-48e1-a120-f2a030ecec52 1.359s
2025-05-13 12:19:26.476 70108 INFO tempest.common.waiters [-] State transition "BUILD/scheduling" ==> "BUILD/None" after 22 second wait
2025-05-13 12:19:26.517 70088 INFO tempest.lib.common.rest_client [req-f6507ad8-39c5-406f-a93f-77941cdc85db req-f6507ad8-39c5-406f-a93f-77941cdc85db ] Request (ServerDiagnosticsV248Test:tearDownClass): 200 GET http://10.180.1.21/compute/v2.1/servers/1b8c127a-c70e-435c-956e-1b8ad3a0d568 1.063s
2025-05-13 12:19:26.536 70106 INFO tempest.lib.common.rest_client [req-d8f20d27-4777-42ac-975e-b70976e32241 req-d8f20d27-4777-42ac-975e-b70976e32241 ] Request (QuotasSecurityGroupAdminNegativeTest:tearDownClass): 204 DELETE http://10.180.1.21/identity/v3/projects/b4676de624554d4e9740d197678765dc 0.103s
2025-05-13 12:19:26.536 70106 INFO tempest.lib.common.dynamic_creds [-] Deleting project and security group for project: c03140e6b30849f5b5490359d5803a1b
2025-05-13 12:19:26.566 70100 INFO tempest.lib.common.rest_client [req-bc2079d3-9504-478a-9a29-8f14312dde4a req-bc2079d3-9504-478a-9a29-8f14312dde4a ] Request (ServerDiagnosticsTest:tearDownClass): 200 GET http://10.180.1.21/compute/v2.1/servers/724c5059-a799-45b3-bfbd-328d7df854fc 1.050s
2025-05-13 12:19:26.601 70103 INFO tempest.lib.common.rest_client [req-41f9f647-7d7a-4ebe-94d1-14320b0e1fc5 req-41f9f647-7d7a-4ebe-94d1-14320b0e1fc5 ] Request (ImagesTestJSON:setUpClass): 201 POST http://10.180.1.21:9696/networking/v2.0/routers 1.600s
2025-05-13 12:19:26.656 70070 INFO tempest.lib.common.rest_client [req-bf1712ab-cd19-4212-aecc-e5c9430834b1 req-bf1712ab-cd19-4212-aecc-e5c9430834b1 ] Request (InstanceActionsV221TestJSON:test_get_list_deleted_instance_actions): 200 GET http://10.180.1.21/compute/v2.1/servers/ad5c1512-835d-40f1-97be-59a36e20deda 1.043s
2025-05-13 12:19:26.722 70068 INFO tempest.lib.common.rest_client [req-46c28719-8623-44c1-b437-114559cd2b01 req-46c28719-8623-44c1-b437-114559cd2b01 ] Request (ServersAdminNegativeTestJSON:test_migrate_server_invalid_state): 200 GET http://10.180.1.21/compute/v2.1/servers/2635794b-46eb-4532-9f26-43b36242e0bf 1.056s
2025-05-13 12:19:26.806 70076 INFO tempest.lib.common.rest_client [req-e674718e-3847-4417-927f-fad2153e61d2 req-e674718e-3847-4417-927f-fad2153e61d2 ] Request (ServersListShow296Test:test_list_show_update_rebuild_server_296): 200 GET http://10.180.1.21/compute/v2.1/servers/1e8ea4f1-cbcf-4c6d-91f3-6ce833f65074 1.034s
2025-05-13 12:19:26.891 70106 INFO tempest.lib.common.rest_client [req-adad5743-6616-4e80-a7f6-169180781135 req-adad5743-6616-4e80-a7f6-169180781135 ] Request (QuotasSecurityGroupAdminNegativeTest:tearDownClass): 200 GET http://10.180.1.21:9696/networking/v2.0/security-groups?tenant_id=c03140e6b30849f5b5490359d5803a1b&name=default 0.354s
2025-05-13 12:19:27.024 70082 INFO tempest.lib.common.rest_client [req-5efd36c7-e619-4419-9e08-108af1bb3130 req-5efd36c7-e619-4419-9e08-108af1bb3130 ] Request (QuotasAdminNegativeTest:_run_cleanups): 200 PUT http://10.180.1.21/compute/v2.1/os-quota-sets/d2e69915a71442fd8d3d78538ab77fd0 1.247s
2025-05-13 12:19:27.030 70074 INFO tempest.lib.common.rest_client [req-09b66b45-33b0-4b45-aa2f-157ae871d395 req-09b66b45-33b0-4b45-aa2f-157ae871d395 ] Request (ServersNegativeTestJSON:setUpClass): 202 POST http://10.180.1.21/compute/v2.1/servers 1.447s
2025-05-13 12:19:27.139 70060 INFO tempest.lib.common.rest_client [req-ef956766-0cb3-4dab-992a-d1ff13ce40ef req-ef956766-0cb3-4dab-992a-d1ff13ce40ef ] Request (ServerAddressesNegativeTestJSON:setUpClass): 200 GET http://10.180.1.21/compute/v2.1/servers/be3699ce-b81b-4db4-b82f-1ec081a96855 1.305s
2025-05-13 12:19:27.166 70106 INFO tempest.lib.common.rest_client [req-bc4136df-e1b8-47cc-8100-7841c36987b4 req-bc4136df-e1b8-47cc-8100-7841c36987b4 ] Request (QuotasSecurityGroupAdminNegativeTest:tearDownClass): 204 DELETE http://10.180.1.21:9696/networking/v2.0/security-groups/edf14201-16b3-4eb7-8982-25ea4b806e8d 0.275s
2025-05-13 12:19:27.180 70078 INFO tempest.lib.common.rest_client [req-472b592c-f4f2-4375-ae9f-125349fd67c7 req-472b592c-f4f2-4375-ae9f-125349fd67c7 ] Request (ImagesOneServerTestJSON:test_create_image_specify_multibyte_character_image_name): 200 GET http://10.180.1.21/compute/v2.1/images/6b76f563-8332-4691-a369-26a376cea17a 1.305s
2025-05-13 12:19:27.237 70054 INFO tempest.lib.common.rest_client [req-0b1ba7b1-8fa8-491f-8f2d-df9be0b6b027 req-0b1ba7b1-8fa8-491f-8f2d-df9be0b6b027 ] Request (SecurityGroupsTestJSON:test_list_security_groups_by_server): 200 GET http://10.180.1.21/compute/v2.1/servers/f8b193f7-1c9d-426b-a182-4870354ccd84/os-security-groups 1.367s
2025-05-13 12:19:27.297 70064 INFO tempest.lib.common.rest_client [req-c1876a57-5de7-4a7f-b3de-edd8709d1ad2 req-c1876a57-5de7-4a7f-b3de-edd8709d1ad2 ] Request (FloatingIPsAssociationTestJSON:test_associate_already_associated_floating_ip): 200 GET http://10.180.1.21/compute/v2.1/servers/60eb16dd-8c95-46c1-a226-ee1280cbd403 1.348s
2025-05-13 12:19:27.387 70090 INFO tempest.lib.common.rest_client [req-d3190d16-f995-4446-8344-5607d410c4be req-d3190d16-f995-4446-8344-5607d410c4be ] Request (ServersAdminTestJSON:setUpClass): 200 GET http://10.180.1.21/compute/v2.1/servers/f99efbb3-ef7e-4feb-b29b-2cfded1643fd 1.375s
2025-05-13 12:19:27.391 70106 INFO tempest.lib.common.rest_client [req-387d0242-a767-4ccf-a588-76912cd25b31 req-387d0242-a767-4ccf-a588-76912cd25b31 ] Request (QuotasSecurityGroupAdminNegativeTest:tearDownClass): 204 DELETE http://10.180.1.21/identity/v3/projects/c03140e6b30849f5b5490359d5803a1b 0.224s
2025-05-13 12:19:27.392 70106 INFO tempest.test [-] raised in TestMultiAttachVolumeSwap.setUpClass. Invoking tearDownClass.
2025-05-13 12:19:27.422 70084 INFO tempest.lib.common.rest_client [req-759c5a1d-d2ba-4db0-ad9e-55f6a4e8d72f req-759c5a1d-d2ba-4db0-ad9e-55f6a4e8d72f ] Request (FlavorsAdminTestJSON:test_list_non_public_flavor): 200 GET http://10.180.1.21/compute/v2.1/flavors/detail 0.968s
2025-05-13 12:19:27.446 70080 INFO tempest.lib.common.rest_client [req-f94932ff-1a43-4a2e-ae41-31fc5531ce8b req-f94932ff-1a43-4a2e-ae41-31fc5531ce8b ] Request (MultipleCreateTestJSON:test_multiple_create): 200 GET http://10.180.1.21/compute/v2.1/servers/271a7171-f68e-40ec-8f3e-87cb9c18e971 1.355s
2025-05-13 12:19:27.516 70106 INFO tempest.lib.common.rest_client [req-b689ef74-c8f2-4e4d-b8b9-b4df42d2ca21 req-b689ef74-c8f2-4e4d-b8b9-b4df42d2ca21 ] Request (ServerAddressesTestJSON:setUpClass): 201 POST http://10.180.1.21/identity/v3/auth/tokens 0.119s
2025-05-13 12:19:27.534 70050 INFO tempest.lib.common.rest_client [req-82720fd3-ae9d-4537-8cdb-f14667f9ca08 req-82720fd3-ae9d-4537-8cdb-f14667f9ca08 ] Request (ListServerFiltersTestJSON:setUpClass): 200 GET http://10.180.1.21/compute/v2.1/servers/738d3943-b255-4e92-8255-35aa0e3d6190 0.594s
2025-05-13 12:19:27.547 70104 INFO tempest.lib.common.rest_client [req-9ed2a9b6-b3de-4bff-b741-daf61823c6b6 req-9ed2a9b6-b3de-4bff-b741-daf61823c6b6 ] Request (ServerRescueTestJSONUnderV235:setUpClass): 200 GET http://10.180.1.21/compute/v2.1/servers/b05d12b1-fb29-4185-8300-5f0140039dfe 0.527s
2025-05-13 12:19:27.572 70106 INFO tempest.lib.common.rest_client [req-4c847969-4e59-49b7-8366-5eaf4b581de3 req-4c847969-4e59-49b7-8366-5eaf4b581de3 ] Request (ServerAddressesTestJSON:setUpClass): 201 POST http://10.180.1.21/identity/v3/auth/tokens 0.052s
2025-05-13 12:19:27.622 70074 INFO tempest.lib.common.rest_client [req-f27e410c-4e34-4445-8b94-55fad3e3b815 req-f27e410c-4e34-4445-8b94-55fad3e3b815 ] Request (ServersNegativeTestJSON:setUpClass): 200 GET http://10.180.1.21/compute/v2.1/servers/3df42b8d-2222-42cc-8816-06ee1b31dc78 0.590s
2025-05-13 12:19:27.630 70106 INFO tempest.lib.common.rest_client [req-261e6c80-1943-4e49-bcd7-d866f5c39bff req-261e6c80-1943-4e49-bcd7-d866f5c39bff ] Request (ServerAddressesTestJSON:setUpClass): 200 GET http://10.180.1.21/identity/v3/domains?name=Default 0.056s
2025-05-13 12:19:27.676 70052 INFO tempest.lib.common.rest_client [req-a3230fe9-583f-4980-a11b-d564322cca48 req-a3230fe9-583f-4980-a11b-d564322cca48 ] Request (ListImageFiltersTestJSON:setUpClass): 200 GET http://10.180.1.21/compute/v2.1/images/a4802873-c716-437a-b6c1-44ae8d004e7c 0.610s
2025-05-13 12:19:27.752 70082 INFO tempest.lib.common.rest_client [req-c63a1cf0-c4df-42e2-ab46-60510f48efd5 req-c63a1cf0-c4df-42e2-ab46-60510f48efd5 ] Request (QuotasAdminNegativeTest:test_create_server_when_instances_quota_is_full): 200 GET http://10.180.1.21/compute/v2.1/os-quota-sets/d2e69915a71442fd8d3d78538ab77fd0 0.724s
2025-05-13 12:19:27.843 70106 INFO tempest.lib.common.rest_client [req-48c78bfd-fca2-4996-9f90-6421c29cd323 req-48c78bfd-fca2-4996-9f90-6421c29cd323 ] Request (ServerAddressesTestJSON:setUpClass): 201 POST http://10.180.1.21/identity/v3/projects 0.213s
2025-05-13 12:19:27.852 70048 INFO tempest.lib.common.rest_client [req-83d1201d-9502-4447-9645-57039c78191b req-83d1201d-9502-4447-9645-57039c78191b ] Request (ImagesOneServerNegativeTestJSON:setUpClass): 200 GET http://10.180.1.21/compute/v2.1/servers/828f7a0a-dd24-4c98-85cf-5d99627860d7 0.700s
2025-05-13 12:19:27.902 70098 INFO tempest.lib.common.rest_client [req-9fcd50a3-6dc1-4f8c-ab2e-2c643d9ecb64 req-9fcd50a3-6dc1-4f8c-ab2e-2c643d9ecb64 ] Request (ServersTestJSON:setUpClass): 200 GET http://10.180.1.21/compute/v2.1/servers/38473040-ef89-4a31-8c32-85f10fee039d 0.822s
2025-05-13 12:19:27.930 70106 INFO tempest.lib.common.rest_client [req-b2eb74f2-f469-4cb5-95ad-e2469d6fad3b req-b2eb74f2-f469-4cb5-95ad-e2469d6fad3b ] Request (ServerAddressesTestJSON:setUpClass): 201 POST http://10.180.1.21/identity/v3/users 0.087s
2025-05-13 12:19:27.954 70106 INFO tempest.lib.common.rest_client [req-8075244b-b5a8-4758-bd8e-135e860ae709 req-8075244b-b5a8-4758-bd8e-135e860ae709 ] Request (ServerAddressesTestJSON:setUpClass): 200 GET http://10.180.1.21/identity/v3/roles 0.023s
2025-05-13 12:19:27.977 70058 INFO tempest.lib.common.rest_client [req-ae85dacd-7d1f-4f68-a2d3-ffa18f4cfac2 req-ae85dacd-7d1f-4f68-a2d3-ffa18f4cfac2 ] Request (ListServersNegativeTestJSON:setUpClass): 200 GET http://10.180.1.21/compute/v2.1/servers/27c5d873-f24c-4e20-9bcf-1b157114e5d0 0.736s
2025-05-13 12:19:27.981 70106 INFO tempest.lib.common.rest_client [req-8106278a-09b6-4ca0-b285-8d607a197d8f req-8106278a-09b6-4ca0-b285-8d607a197d8f ] Request (ServerAddressesTestJSON:setUpClass): 204 PUT http://10.180.1.21/identity/v3/projects/d1ea767df2934ba2b892b3428b6b038d/users/e182f95d38404139a23ac809d3c4aacf/roles/eec125c1a094460cb46ca640aa5166c8 0.027s
2025-05-13 12:19:27.982 70106 INFO tempest.lib.common.dynamic_creds [-] Dynamic test user e182f95d38404139a23ac809d3c4aacf is created with scope project and roles: ['member']
2025-05-13 12:19:27.982 70106 INFO tempest.lib.common.dynamic_creds [-] Acquired dynamic creds: credentials: Credentials: {'domain_id': 'default', 'domain_name': 'Default', 'username': 'tempest-ServerAddressesTestJSON-725654377-project-member', 'project_domain_id': 'default', 'project_domain_name': 'Default', 'project_id': 'd1ea767df2934ba2b892b3428b6b038d', 'project_name': 'tempest-ServerAddressesTestJSON-725654377', 'tenant_id': 'd1ea767df2934ba2b892b3428b6b038d', 'tenant_name': 'tempest-ServerAddressesTestJSON-725654377', 'user_domain_id': 'default', 'user_domain_name': 'Default', 'user_id': 'e182f95d38404139a23ac809d3c4aacf', 'system': None}, Network: None, Subnet: None, Router: None
2025-05-13 12:19:28.048 70092 INFO tempest.lib.common.rest_client [req-d195be8f-88c8-4308-9096-5f667d36808e req-d195be8f-88c8-4308-9096-5f667d36808e ] Request (MigrationsAdminTest:test_list_migrations_in_flavor_resize_situation): 200 GET http://10.180.1.21/compute/v2.1/servers/7626e483-2d84-4a06-8f38-f8fd431da011 0.842s
2025-05-13 12:19:28.058 70106 INFO tempest.lib.common.rest_client [req-34eb1484-6f9f-40ab-a1bf-768cc6812708 req-34eb1484-6f9f-40ab-a1bf-768cc6812708 ] Request (ServerAddressesTestJSON:setUpClass): 201 POST http://10.180.1.21/identity/v3/auth/tokens 0.075s
2025-05-13 12:19:28.143 70062 INFO tempest.lib.common.rest_client [req-525e1031-834b-4f5d-958a-f3154a62f4d8 req-525e1031-834b-4f5d-958a-f3154a62f4d8 ] Request (FloatingIPsAssociationNegativeTestJSON:tearDownClass): 200 GET http://10.180.1.21/compute/v2.1/servers/69037fde-1312-4ff7-b405-38c8f32cb1f9 0.854s
2025-05-13 12:19:28.222 70072 INFO tempest.lib.common.rest_client [req-1c405408-e879-4d88-a69e-88a55960ee96 req-1c405408-e879-4d88-a69e-88a55960ee96 ] Request (ServerActionsTestJSON:setUpClass): 200 GET http://10.180.1.21/compute/v2.1/servers/19c06f92-7f17-4834-b8be-723eb3f313c5 0.910s
2025-05-13 12:19:28.298 70066 INFO tempest.lib.common.rest_client [req-05e468dc-4e2a-43ac-b125-4ba6e6663d52 req-05e468dc-4e2a-43ac-b125-4ba6e6663d52 ] Request (ServersTestMultiNic:test_verify_duplicate_network_nics): 200 GET http://10.180.1.21/compute/v2.1/servers/e6e28bf0-10fd-4aa3-829b-9d5d0d301621 0.936s
2025-05-13 12:19:28.306 70054 INFO tempest.lib.common.rest_client [req-ea662301-6607-4c9b-a545-dc00b7e5a943 req-ea662301-6607-4c9b-a545-dc00b7e5a943 ] Request (SecurityGroupsTestJSON:test_security_group_create_get_delete): 200 POST http://10.180.1.21/compute/v2.1/os-security-groups 1.063s
2025-05-13 12:19:28.331 70084 INFO tempest.lib.common.rest_client [req-c9068650-d17b-4f47-8e72-b2bdfe2687bf req-c9068650-d17b-4f47-8e72-b2bdfe2687bf ] Request (FlavorsAdminTestJSON:_run_cleanups): 202 DELETE http://10.180.1.21/compute/v2.1/flavors/1444989425 0.901s
2025-05-13 12:19:28.388 70096 INFO tempest.lib.common.rest_client [req-6d71d20b-1129-4796-916e-685c20814d1d req-6d71d20b-1129-4796-916e-685c20814d1d ] Request (ServerExternalEventsTest:tearDownClass): 200 GET http://10.180.1.21/compute/v2.1/servers/b3fc7334-8f11-44cb-b3b1-49eb73ad14cf 0.982s
2025-05-13 12:19:28.465 70108 INFO tempest.lib.common.rest_client [req-29020dc7-7fad-40ba-b1bb-e114f5d659b3 req-29020dc7-7fad-40ba-b1bb-e114f5d659b3 ] Request (DeleteServersAdminTestJSON:test_delete_server_while_in_error_state): 200 GET http://10.180.1.21/compute/v2.1/servers/e35191b8-2393-48e1-a120-f2a030ecec52 0.985s
2025-05-13 12:19:28.486 70056 INFO tempest.lib.common.rest_client [req-f5c940ef-21b4-4e5f-9bf5-f66827744416 req-f5c940ef-21b4-4e5f-9bf5-f66827744416 ] Request (VolumesAdminNegativeTest:test_update_attached_volume_with_nonexistent_volume_in_body): 200 GET http://10.180.1.21/compute/v2.1/servers/f9f0ae85-57a8-4e21-8e5e-87a3630ee05c 1.050s
2025-05-13 12:19:28.497 70056 INFO tempest.common.waiters [-] State transition "BUILD/networking" ==> "BUILD/spawning" after 31 second wait
2025-05-13 12:19:28.565 70100 INFO tempest.lib.common.rest_client [req-9c5658b1-5a6d-4c53-badf-3a1dcb9f2918 req-9c5658b1-5a6d-4c53-badf-3a1dcb9f2918 ] Request (ServerDiagnosticsTest:tearDownClass): 200 GET http://10.180.1.21/compute/v2.1/servers/724c5059-a799-45b3-bfbd-328d7df854fc 0.986s
2025-05-13 12:19:28.581 70106 INFO tempest.lib.common.rest_client [req-5b025f5c-17a3-4273-8450-0d369790425f req-5b025f5c-17a3-4273-8450-0d369790425f ] Request (ServerAddressesTestJSON:setUpClass): 201 POST http://10.180.1.21:9696/networking/v2.0/networks 0.523s
2025-05-13 12:19:28.589 70088 INFO tempest.lib.common.rest_client [req-538b0f8c-41c8-40a2-a69b-2aa340400a2f req-538b0f8c-41c8-40a2-a69b-2aa340400a2f ] Request (ServerDiagnosticsV248Test:tearDownClass): 200 GET http://10.180.1.21/compute/v2.1/servers/1b8c127a-c70e-435c-956e-1b8ad3a0d568 1.049s
2025-05-13 12:19:28.596 70103 INFO tempest.lib.common.rest_client [req-90f8318b-2d21-4992-bd9a-a72c7ed212ac req-90f8318b-2d21-4992-bd9a-a72c7ed212ac ] Request (ImagesTestJSON:setUpClass): 200 PUT http://10.180.1.21:9696/networking/v2.0/routers/d57c921e-a433-4f60-b0e0-798b4ba2619c/add_router_interface 1.994s
2025-05-13 12:19:28.596 70103 INFO tempest.lib.common.dynamic_creds [-] Created isolated network resources for: credentials: Credentials: {'domain_id': 'default', 'domain_name': 'Default', 'username': 'tempest-ImagesTestJSON-545421516-project-member', 'project_domain_id': 'default', 'project_domain_name': 'Default', 'project_id': 'fd2014dec6514eb7b7289fdfc4de7f92', 'project_name': 'tempest-ImagesTestJSON-545421516', 'tenant_id': 'fd2014dec6514eb7b7289fdfc4de7f92', 'tenant_name': 'tempest-ImagesTestJSON-545421516', 'user_domain_id': 'default', 'user_domain_name': 'Default', 'user_id': '790410df58c64dc99c4c9f4b2ffaa936', 'system': None}, Network: {'id': '3bd3d367-631d-4988-abf7-c4fedb5d4f32', 'name': 'tempest-ImagesTestJSON-2113045756-network', 'tenant_id': 'fd2014dec6514eb7b7289fdfc4de7f92', 'admin_state_up': True, 'mtu': 8950, 'status': 'ACTIVE', 'subnets': [], 'shared': False, 'project_id': 'fd2014dec6514eb7b7289fdfc4de7f92', 'port_security_enabled': True, 'router:external': False, 'provider:network_type': 'vlan', 'provider:physical_network': 'default', 'provider:segmentation_id': 302, 'availability_zone_hints': [], 'availability_zones': [], 'ipv4_address_scope': None, 'ipv6_address_scope': None, 'description': '', 'tags': [], 'created_at': '2025-05-13T12:19:24Z', 'updated_at': '2025-05-13T12:19:24Z', 'revision_number': 1}, Subnet: {'id': '4ef5d7dd-a4d8-4f24-9f68-1487c5cc6746', 'name': 'tempest-ImagesTestJSON-2113045756-subnet', 'tenant_id': 'fd2014dec6514eb7b7289fdfc4de7f92', 'network_id': '3bd3d367-631d-4988-abf7-c4fedb5d4f32', 'ip_version': 4, 'subnetpool_id': None, 'enable_dhcp': True, 'ipv6_ra_mode': None, 'ipv6_address_mode': None, 'gateway_ip': '192.168.128.1', 'cidr': '192.168.128.0/28', 'allocation_pools': [{'start': '192.168.128.2', 'end': '192.168.128.14'}], 'host_routes': [], 'dns_nameservers': [], 'description': '', 'router:external': False, 'service_types': [], 'tags': [], 'created_at': '2025-05-13T12:19:24Z', 'updated_at': '2025-05-13T12:19:24Z', 'revision_number': 0, 'project_id': 'fd2014dec6514eb7b7289fdfc4de7f92'}, Router: {'id': 'd57c921e-a433-4f60-b0e0-798b4ba2619c', 'name': 'tempest-ImagesTestJSON-2113045756-router', 'tenant_id': 'fd2014dec6514eb7b7289fdfc4de7f92', 'admin_state_up': True, 'status': 'ACTIVE', 'external_gateway_info': {'network_id': '6bab61da-b940-43dd-ae9d-0a6ffa65bbc9', 'external_fixed_ips': [{'subnet_id': '1e6a3b2d-7cef-4db4-a59c-ce754e63c7a8', 'ip_address': '10.180.180.228'}], 'enable_snat': True}, 'description': '', 'availability_zones': [], 'distributed': False, 'ha': False, 'availability_zone_hints': [], 'routes': [], 'flavor_id': None, 'tags': [], 'created_at': '2025-05-13T12:19:25Z', 'updated_at': '2025-05-13T12:19:26Z', 'revision_number': 2, 'project_id': 'fd2014dec6514eb7b7289fdfc4de7f92'}
2025-05-13 12:19:28.652 70070 INFO tempest.lib.common.rest_client [req-3a9c928d-5a42-44f4-8932-e6eb473f8509 req-3a9c928d-5a42-44f4-8932-e6eb473f8509 ] Request (InstanceActionsV221TestJSON:test_get_list_deleted_instance_actions): 200 GET http://10.180.1.21/compute/v2.1/servers/ad5c1512-835d-40f1-97be-59a36e20deda 0.985s
2025-05-13 12:19:28.690 70068 INFO tempest.lib.common.rest_client [req-5ad5a169-0b1f-4c2c-bed0-d0efdcca62e4 req-5ad5a169-0b1f-4c2c-bed0-d0efdcca62e4 ] Request (ServersAdminNegativeTestJSON:test_migrate_server_invalid_state): 200 GET http://10.180.1.21/compute/v2.1/servers/2635794b-46eb-4532-9f26-43b36242e0bf 0.958s
