2025-05-13 12:20:59.663 70058 INFO tempest.lib.common.rest_client [req-a5deeb76-cd8c-43e7-ba2f-ebbcb324dae3 req-a5deeb76-cd8c-43e7-ba2f-ebbcb324dae3 ] Request (ListServersNegativeTestJSON:test_list_servers_by_non_existing_server_name): 200 GET http://10.180.1.21/compute/v2.1/servers?name=non_existing_server_name 0.371s
2025-05-13 12:20:59.667 70096 INFO tempest.lib.common.rest_client [req-62019957-971f-442d-9b40-66387ed29493 req-62019957-971f-442d-9b40-66387ed29493 ] Request (ServerActionsV293TestJSON:setUpClass): 200 GET http://10.180.1.21/compute/v2.1/servers/1f92c4e9-6054-433b-917d-fa1956ee1a57 0.455s
2025-05-13 12:20:59.747 70098 INFO tempest.lib.common.rest_client [req-8844714e-f889-4cf2-ad09-5f371bccc433 req-8844714e-f889-4cf2-ad09-5f371bccc433 ] Request (ServersTestJSON:tearDownClass): 200 GET http://10.180.1.21/compute/v2.1/servers/38473040-ef89-4a31-8c32-85f10fee039d 0.400s
2025-05-13 12:20:59.747 70052 INFO tempest.lib.common.rest_client [req-a280b901-a68c-4ccf-9d24-a6d7bcf1c076 req-a280b901-a68c-4ccf-9d24-a6d7bcf1c076 ] Request (ListImageFiltersTestJSON:tearDownClass): 200 GET http://10.180.1.21/compute/v2.1/servers/65be68f2-50f6-4ad4-878b-87d12f4cae3e 0.391s
2025-05-13 12:20:59.776 70066 INFO tempest.lib.common.rest_client [req-0abbe5ad-5f71-4de3-b471-a003d61822f1 req-0abbe5ad-5f71-4de3-b471-a003d61822f1 ] Request (ServersTestMultiNic:test_verify_duplicate_network_nics): 200 GET http://10.180.1.21/compute/v2.1/servers/e6e28bf0-10fd-4aa3-829b-9d5d0d301621/ips 0.327s
2025-05-13 12:20:59.836 70076 INFO tempest.lib.common.rest_client [req-de284c42-e894-41dc-a18b-716e0e49027d req-de284c42-e894-41dc-a18b-716e0e49027d ] Request (ServersListShow296Test:tearDownClass): 200 GET http://10.180.1.21/compute/v2.1/servers/1e8ea4f1-cbcf-4c6d-91f3-6ce833f65074 0.400s
2025-05-13 12:20:59.850 70060 INFO tempest.lib.common.rest_client [req-e34a13e5-8ae5-402b-bbe1-7fafb2de85a1 req-e34a13e5-8ae5-402b-bbe1-7fafb2de85a1 ] Request (ServerAddressesNegativeTestJSON:tearDownClass): 200 GET http://10.180.1.21/compute/v2.1/servers/be3699ce-b81b-4db4-b82f-1ec081a96855 0.349s
2025-05-13 12:20:59.953 70106 INFO tempest.lib.common.rest_client [req-7a96f61f-cff4-4687-be14-1e300ee91b44 req-7a96f61f-cff4-4687-be14-1e300ee91b44 ] Request (ServerAddressesTestJSON:setUpClass): 200 GET http://10.180.1.21/compute/v2.1/servers/15ed9603-9fc7-40a2-99c6-151cf10a8c36 0.422s
2025-05-13 12:21:00.050 70072 INFO tempest.lib.common.rest_client [req-e709698a-65ab-4763-94a8-f936ae0b8a92 req-e709698a-65ab-4763-94a8-f936ae0b8a92 ] Request (ServerActionsTestJSON:test_lock_unlock_server): 200 GET http://10.180.1.21/compute/v2.1/servers/19c06f92-7f17-4834-b8be-723eb3f313c5 0.397s
2025-05-13 12:21:00.209 70108 INFO tempest.lib.common.rest_client [req-6b375aa2-76aa-42ee-9cb9-4714721218d4 req-6b375aa2-76aa-42ee-9cb9-4714721218d4 ] Request (AttachInterfacesTestJSON:test_create_list_show_delete_interfaces_by_fixed_ip): 202 POST http://10.180.1.21/compute/v2.1/servers 0.588s
2025-05-13 12:21:00.242 70058 INFO tempest.lib.common.rest_client [req-2e630363-0daf-4e13-8a44-8c5e4f9f9b0f req-2e630363-0daf-4e13-8a44-8c5e4f9f9b0f ] Request (ListServersNegativeTestJSON:test_list_servers_detail_server_is_deleted): 200 GET http://10.180.1.21/compute/v2.1/servers/detail 0.576s
2025-05-13 12:21:00.281 70050 INFO tempest.lib.common.rest_client [req-5197307f-bffa-48ac-9aa0-5425d103bc0b req-5197307f-bffa-48ac-9aa0-5425d103bc0b ] Request (ListServerFiltersTestJSON:tearDownClass): 200 GET http://10.180.1.21/compute/v2.1/servers/738d3943-b255-4e92-8255-35aa0e3d6190 0.593s
2025-05-13 12:21:00.380 70066 INFO tempest.lib.common.rest_client [req-3e60c7cb-c6e8-4da0-818c-f3cd2ac26917 req-3e60c7cb-c6e8-4da0-818c-f3cd2ac26917 ] Request (ServersTestMultiNic:_run_cleanups): 204 DELETE http://10.180.1.21/compute/v2.1/servers/e6e28bf0-10fd-4aa3-829b-9d5d0d301621 0.601s
2025-05-13 12:21:00.394 70054 INFO tempest.lib.common.rest_client [req-2bca6166-950d-48d3-b62a-3b42d6d10998 req-2bca6166-950d-48d3-b62a-3b42d6d10998 ] Request (SecurityGroupsTestJSON:test_server_security_groups): 200 GET http://10.180.1.21/compute/v2.1/servers/c089aece-c240-4203-96d7-e8fc9820c7d6 0.644s
2025-05-13 12:21:00.402 70054 INFO tempest.common.waiters [-] State transition "BUILD/networking" ==> "BUILD/spawning" after 72 second wait
2025-05-13 12:21:00.456 70070 INFO tempest.lib.common.rest_client [req-60670bfb-4ff1-44eb-98ad-24a2a3f15dec req-60670bfb-4ff1-44eb-98ad-24a2a3f15dec ] Request (InstanceActionsV221TestJSON:test_get_list_deleted_instance_actions): 200 GET http://10.180.1.21/compute/v2.1/servers/ad5c1512-835d-40f1-97be-59a36e20deda 0.625s
2025-05-13 12:21:00.504 70062 INFO tempest.lib.common.rest_client [req-49d09e61-c46f-490c-8428-cadb50c88884 req-49d09e61-c46f-490c-8428-cadb50c88884 ] Request (ServersTestJSON:test_create_server_specify_multibyte_character_name): 200 GET http://10.180.1.21/compute/v2.1/servers/426f874f-2ebf-4fc9-914d-c46605963d4b 0.627s
2025-05-13 12:21:00.521 70082 INFO tempest.lib.common.rest_client [req-7bde4374-421a-4d6b-8eb7-3a96045ad273 req-7bde4374-421a-4d6b-8eb7-3a96045ad273 ] Request (TenantUsagesTestJSON:setUpClass): 200 GET http://10.180.1.21/compute/v2.1/servers/7d036508-bb94-46ea-a630-117bbff02099 0.693s
2025-05-13 12:21:00.560 70078 INFO tempest.lib.common.rest_client [req-7df0e96c-3f62-4fd6-9929-fdd483c1a1d9 req-7df0e96c-3f62-4fd6-9929-fdd483c1a1d9 ] Request (AttachInterfacesV270Test:test_create_get_list_interfaces): 200 GET http://10.180.1.21/compute/v2.1/servers/b958c260-2604-4b07-9afb-285ceed6cf79 0.517s
2025-05-13 12:21:00.573 70074 INFO tempest.lib.common.rest_client [req-131a59d6-fb79-4d55-9388-2e3ec177bfce req-131a59d6-fb79-4d55-9388-2e3ec177bfce ] Request (ServersNegativeTestJSON:setUpClass): 200 GET http://10.180.1.21/compute/v2.1/servers/3df42b8d-2222-42cc-8816-06ee1b31dc78 0.494s
2025-05-13 12:21:00.616 70068 INFO tempest.lib.common.rest_client [req-741b08d1-eb7f-4b9e-86ea-cd78b35e5897 req-741b08d1-eb7f-4b9e-86ea-cd78b35e5897 ] Request (ServersAdminNegativeTestJSON:tearDownClass): 200 GET http://10.180.1.21/compute/v2.1/servers/8047bf73-fff9-4f29-913f-91d0eb28d6dd 0.496s
2025-05-13 12:21:00.630 70048 INFO tempest.lib.common.rest_client [req-7af067e2-b8c3-4234-a255-017c219d5efd req-7af067e2-b8c3-4234-a255-017c219d5efd ] Request (ImagesOneServerNegativeTestJSON:_run_cleanups): 200 GET http://10.180.1.21/compute/v2.1/servers/828f7a0a-dd24-4c98-85cf-5d99627860d7 0.456s
2025-05-13 12:21:00.655 70108 INFO tempest.lib.common.rest_client [req-059c23a7-c737-4cb4-99ea-4578560d33e1 req-059c23a7-c737-4cb4-99ea-4578560d33e1 ] Request (AttachInterfacesTestJSON:test_create_list_show_delete_interfaces_by_fixed_ip): 200 GET http://10.180.1.21/compute/v2.1/servers/9de87335-1db9-4bb3-ab4b-6bec27911b5f 0.443s
2025-05-13 12:21:00.661 70058 INFO tempest.lib.common.rest_client [req-2645e4c1-c8ab-4c02-ae0b-0c68c395089e req-2645e4c1-c8ab-4c02-ae0b-0c68c395089e ] Request (ListServersNegativeTestJSON:test_list_servers_status_non_existing): 200 GET http://10.180.1.21/compute/v2.1/servers?status=non_existing_status 0.408s
2025-05-13 12:21:00.720 70064 INFO tempest.lib.common.rest_client [req-4da10c08-0f13-4673-8137-1cf8ea968955 req-4da10c08-0f13-4673-8137-1cf8ea968955 ] Request (FloatingIPsAssociationTestJSON:tearDownClass): 200 GET http://10.180.1.21/compute/v2.1/servers/1d7a05ac-b6a7-47c4-9143-79ff005189f9 0.462s
2025-05-13 12:21:00.728 70103 INFO tempest.lib.common.rest_client [req-030f8251-6946-4de0-8219-65c10d8530e6 req-030f8251-6946-4de0-8219-65c10d8530e6 ] Request (ImagesTestJSON:test_create_image_from_stopped_server): 200 GET http://10.180.1.21/compute/v2.1/servers/45b73d40-e4b9-4c65-82b4-0bb39b3f418b 0.497s
2025-05-13 12:21:00.773 70056 INFO tempest.lib.common.rest_client [req-2f74379e-8b7c-49ac-ac76-28cff810ed56 req-2f74379e-8b7c-49ac-ac76-28cff810ed56 ] Request (VolumesAdminNegativeTest:test_update_attached_volume_with_nonexistent_volume_in_uri): 200 GET http://10.180.1.21/compute/v2.1/servers/da33b77b-49c7-48e3-9f43-68e4bf6e53a8 0.395s
2025-05-13 12:21:00.781 70056 INFO tempest.common.waiters [-] State transition "BUILD/scheduling" ==> "BUILD/None" after 25 second wait
2025-05-13 12:21:00.824 70092 INFO tempest.lib.common.rest_client [req-f51841f6-1c99-47aa-a0f8-08438d1674b0 req-f51841f6-1c99-47aa-a0f8-08438d1674b0 ] Request (MigrationsAdminTest:test_resize_server_revert_deleted_flavor): 200 GET http://10.180.1.21/compute/v2.1/servers/95957450-4202-4400-ab80-e9d3a56b2efb 0.376s
2025-05-13 12:21:00.879 70090 INFO tempest.lib.common.rest_client [req-7356666a-6ba2-4b2c-b833-25c715d3bbd0 req-7356666a-6ba2-4b2c-b833-25c715d3bbd0 ] Request (ServersAdminTestJSON:test_create_server_with_scheduling_hint): 200 GET http://10.180.1.21/compute/v2.1/servers/e7c6d72e-2455-4d69-a2a7-5ee48fa3a22c 0.354s
2025-05-13 12:21:00.897 70066 INFO tempest.lib.common.rest_client [req-320a6ae4-7f25-439e-bafa-391926d65cde req-320a6ae4-7f25-439e-bafa-391926d65cde ] Request (ServersTestMultiNic:_run_cleanups): 200 GET http://10.180.1.21/compute/v2.1/servers/e6e28bf0-10fd-4aa3-829b-9d5d0d301621 0.517s
2025-05-13 12:21:00.909 70086 INFO tempest.lib.common.rest_client [req-b05b52c1-7dd3-4421-88ea-cf84427bb85b req-b05b52c1-7dd3-4421-88ea-cf84427bb85b ] Request (VolumesAssistedSnapshotsTest:tearDownClass): 404 GET http://10.180.1.21/compute/v2.1/servers/df3c3daf-8cd6-43af-8872-c3cdc0ea11cb 0.372s
2025-05-13 12:21:00.956 70100 INFO tempest.lib.common.rest_client [req-331f59a6-fb14-4ae4-9f2b-0cb17d91e310 req-331f59a6-fb14-4ae4-9f2b-0cb17d91e310 ] Request (ServerPasswordTestJSON:setUpClass): 200 GET http://10.180.1.21/compute/v2.1/servers/8d265b73-da0b-4a15-a9a7-63ef7750f9f5 0.362s
2025-05-13 12:21:00.983 70080 INFO tempest.lib.common.rest_client [req-650654aa-1c20-4d2c-84fd-7b0d4d9c7fba req-650654aa-1c20-4d2c-84fd-7b0d4d9c7fba ] Request (MultipleCreateTestJSON:_run_cleanups): 200 GET http://10.180.1.21/compute/v2.1/servers/c1bf02b7-e9aa-4577-aca6-480b62da79ba 0.361s
2025-05-13 12:21:01.014 70058 INFO tempest.lib.common.rest_client [req-c3652be2-55d6-431d-9cba-487a4b25ae87 req-c3652be2-55d6-431d-9cba-487a4b25ae87 ] Request (ListServersNegativeTestJSON:test_list_servers_with_a_deleted_server): 200 GET http://10.180.1.21/compute/v2.1/servers 0.350s
2025-05-13 12:21:01.062 70096 INFO tempest.lib.common.rest_client [req-12385afa-a936-474d-b839-f3fe7c228620 req-12385afa-a936-474d-b839-f3fe7c228620 ] Request (ServerActionsV293TestJSON:setUpClass): 200 GET http://10.180.1.21/compute/v2.1/servers/1f92c4e9-6054-433b-917d-fa1956ee1a57 0.377s
2025-05-13 12:21:01.073 70096 INFO tempest.common.waiters [-] State transition "BUILD/scheduling" ==> "BUILD/None" after 24 second wait
2025-05-13 12:21:01.091 70098 INFO tempest.lib.common.rest_client [req-71a598af-bd8c-4890-8403-a24c72a2f727 req-71a598af-bd8c-4890-8403-a24c72a2f727 ] Request (ServersTestJSON:tearDownClass): 200 GET http://10.180.1.21/compute/v2.1/servers/38473040-ef89-4a31-8c32-85f10fee039d 0.335s
2025-05-13 12:21:01.132 70052 INFO tempest.lib.common.rest_client [req-0555ca5e-f10e-44b0-b51a-fe6b36038505 req-0555ca5e-f10e-44b0-b51a-fe6b36038505 ] Request (ListImageFiltersTestJSON:tearDownClass): 200 GET http://10.180.1.21/compute/v2.1/servers/65be68f2-50f6-4ad4-878b-87d12f4cae3e 0.375s
2025-05-13 12:21:01.173 70076 INFO tempest.lib.common.rest_client [req-d2a75eba-89d3-40c8-a5e2-99ba5211303a req-d2a75eba-89d3-40c8-a5e2-99ba5211303a ] Request (ServersListShow296Test:tearDownClass): 200 GET http://10.180.1.21/compute/v2.1/servers/1e8ea4f1-cbcf-4c6d-91f3-6ce833f65074 0.321s
2025-05-13 12:21:01.192 70086 INFO tempest.lib.common.rest_client [req-a6acfcca-507a-42a8-be8b-aadc1391005c req-a6acfcca-507a-42a8-be8b-aadc1391005c ] Request (VolumesAssistedSnapshotsTest:tearDownClass): 202 DELETE http://10.180.1.21/compute/v2.1/os-keypairs/tempest-keypair-617009976 0.282s
2025-05-13 12:21:01.198 70060 INFO tempest.lib.common.rest_client [req-39028efc-c3db-4cbe-97e7-8d2d83eca0c8 req-39028efc-c3db-4cbe-97e7-8d2d83eca0c8 ] Request (ServerAddressesNegativeTestJSON:tearDownClass): 200 GET http://10.180.1.21/compute/v2.1/servers/be3699ce-b81b-4db4-b82f-1ec081a96855 0.337s
2025-05-13 12:21:01.280 70058 INFO tempest.lib.common.rest_client [req-040c725b-78cf-4176-813b-40967e31083a req-040c725b-78cf-4176-813b-40967e31083a ] Request (ListServersNegativeTestJSON:tearDownClass): 204 DELETE http://10.180.1.21/compute/v2.1/servers/fd890686-500e-4bee-b216-145c4818c245 0.262s
2025-05-13 12:21:01.302 70106 INFO tempest.lib.common.rest_client [req-19585598-4be6-4589-ba87-d057fc33aeee req-19585598-4be6-4589-ba87-d057fc33aeee ] Request (ServerAddressesTestJSON:setUpClass): 200 GET http://10.180.1.21/compute/v2.1/servers/15ed9603-9fc7-40a2-99c6-151cf10a8c36 0.340s
2025-05-13 12:21:01.334 70086 INFO tempest.lib.common.rest_client [req-e977ce61-12d0-4934-815e-a3e511c4fbb7 req-e977ce61-12d0-4934-815e-a3e511c4fbb7 ] Request (VolumesAssistedSnapshotsTest:tearDownClass): 204 DELETE http://10.180.1.21:9696/networking/v2.0/security-groups/b7302358-f51a-4cbb-9656-8aa372f785db 0.141s
2025-05-13 12:21:01.348 70086 INFO tempest.lib.common.rest_client [req-9812164d-7f5b-4c33-b967-8181eea27927 req-9812164d-7f5b-4c33-b967-8181eea27927 ] Request (VolumesAssistedSnapshotsTest:tearDownClass): 404 GET http://10.180.1.21:9696/networking/v2.0/security-groups/b7302358-f51a-4cbb-9656-8aa372f785db 0.014s
2025-05-13 12:21:01.429 70072 INFO tempest.lib.common.rest_client [req-c055fe32-f48f-4d60-a110-b797217699e3 req-c055fe32-f48f-4d60-a110-b797217699e3 ] Request (ServerActionsTestJSON:test_lock_unlock_server): 200 GET http://10.180.1.21/compute/v2.1/servers/19c06f92-7f17-4834-b8be-723eb3f313c5 0.370s
2025-05-13 12:21:01.437 70072 INFO tempest.common.waiters [-] State transition "ACTIVE/powering-off" ==> "SHUTOFF/None" after 3 second wait
2025-05-13 12:21:01.456 70058 INFO tempest.lib.common.rest_client [req-bcc1b0ad-6b6e-4f76-8cec-762569f0d42b req-bcc1b0ad-6b6e-4f76-8cec-762569f0d42b ] Request (ListServersNegativeTestJSON:tearDownClass): 204 DELETE http://10.180.1.21/compute/v2.1/servers/c8a7ad94-852f-48a2-9186-70d322e97118 0.175s
2025-05-13 12:21:01.506 70050 INFO tempest.lib.common.rest_client [req-a92f67b7-b986-4e86-a2da-20b6ba56dc3b req-a92f67b7-b986-4e86-a2da-20b6ba56dc3b ] Request (ListServerFiltersTestJSON:tearDownClass): 200 GET http://10.180.1.21/compute/v2.1/servers/738d3943-b255-4e92-8255-35aa0e3d6190 0.218s
2025-05-13 12:21:01.566 70072 INFO tempest.lib.common.rest_client [req-9037f43a-47f1-4b09-b5c2-2945a6b1954b req-9037f43a-47f1-4b09-b5c2-2945a6b1954b ] Request (ServerActionsTestJSON:test_lock_unlock_server): 202 POST http://10.180.1.21/compute/v2.1/servers/19c06f92-7f17-4834-b8be-723eb3f313c5/action 0.128s
2025-05-13 12:21:01.590 70058 INFO tempest.lib.common.rest_client [req-7fa8ad64-8d69-4aad-b31b-2e312cb11dd4 req-7fa8ad64-8d69-4aad-b31b-2e312cb11dd4 ] Request (ListServersNegativeTestJSON:tearDownClass): 404 DELETE http://10.180.1.21/compute/v2.1/servers/27c5d873-f24c-4e20-9bcf-1b157114e5d0 0.133s
2025-05-13 12:21:01.642 70054 INFO tempest.lib.common.rest_client [req-fd439ae0-95c9-4b80-b5ef-c258121ff660 req-fd439ae0-95c9-4b80-b5ef-c258121ff660 ] Request (SecurityGroupsTestJSON:test_server_security_groups): 200 GET http://10.180.1.21/compute/v2.1/servers/c089aece-c240-4203-96d7-e8fc9820c7d6 0.240s
2025-05-13 12:21:01.663 70070 INFO tempest.lib.common.rest_client [req-04072f37-0cda-4edf-b22a-20836e7697b2 req-04072f37-0cda-4edf-b22a-20836e7697b2 ] Request (InstanceActionsV221TestJSON:test_get_list_deleted_instance_actions): 200 GET http://10.180.1.21/compute/v2.1/servers/ad5c1512-835d-40f1-97be-59a36e20deda 0.198s
2025-05-13 12:21:01.684 70086 INFO tempest.lib.common.rest_client [req-3e1ba31b-d53d-41a3-978f-4475a87f606a req-3e1ba31b-d53d-41a3-978f-4475a87f606a ] Request (VolumesAssistedSnapshotsTest:tearDownClass): 204 DELETE http://10.180.1.21:9696/networking/v2.0/floatingips/b1e1ec5f-6743-42c4-8a6f-3473e21eeb24 0.336s
2025-05-13 12:21:01.709 70062 INFO tempest.lib.common.rest_client [req-008c2848-ec4e-4587-8401-91c21a39d8e8 req-008c2848-ec4e-4587-8401-91c21a39d8e8 ] Request (ServersTestJSON:test_create_server_specify_multibyte_character_name): 200 GET http://10.180.1.21/compute/v2.1/servers/426f874f-2ebf-4fc9-914d-c46605963d4b 0.196s
2025-05-13 12:21:01.713 70086 INFO tempest.lib.common.rest_client [req-d9f00550-ee97-4cb3-8a35-6d7d3122fcef req-d9f00550-ee97-4cb3-8a35-6d7d3122fcef ] Request (VolumesAssistedSnapshotsTest:tearDownClass): 404 DELETE http://10.180.1.21/volume/v3/volumes/d85ea08e-67a1-430e-8d66-e6c5f920508a 0.028s
2025-05-13 12:21:01.731 70086 INFO tempest.lib.common.rest_client [req-e3b43c43-39d4-47f5-92d2-4f9e7ebbe7bb req-e3b43c43-39d4-47f5-92d2-4f9e7ebbe7bb ] Request (VolumesAssistedSnapshotsTest:tearDownClass): 404 GET http://10.180.1.21/volume/v3/volumes/d85ea08e-67a1-430e-8d66-e6c5f920508a 0.017s
2025-05-13 12:21:01.840 70072 INFO tempest.lib.common.rest_client [req-ef6fb5f2-3f7d-475e-8d25-b0a1f04ab61c req-ef6fb5f2-3f7d-475e-8d25-b0a1f04ab61c ] Request (ServerActionsTestJSON:test_lock_unlock_server): 200 GET http://10.180.1.21/compute/v2.1/servers/19c06f92-7f17-4834-b8be-723eb3f313c5 0.274s
2025-05-13 12:21:01.854 70082 INFO tempest.lib.common.rest_client [req-df547582-8573-413f-b612-895e98070539 req-df547582-8573-413f-b612-895e98070539 ] Request (TenantUsagesTestJSON:setUpClass): 200 GET http://10.180.1.21/compute/v2.1/servers/7d036508-bb94-46ea-a630-117bbff02099 0.323s
2025-05-13 12:21:01.908 70078 INFO tempest.lib.common.rest_client [req-5bdb97b0-ea08-4952-bd01-746a587de0c5 req-5bdb97b0-ea08-4952-bd01-746a587de0c5 ] Request (AttachInterfacesV270Test:test_create_get_list_interfaces): 200 GET http://10.180.1.21/compute/v2.1/servers/b958c260-2604-4b07-9afb-285ceed6cf79 0.333s
2025-05-13 12:21:01.926 70074 INFO tempest.lib.common.rest_client [req-81cdf1c5-6f6b-475c-a0e0-9102c9455a53 req-81cdf1c5-6f6b-475c-a0e0-9102c9455a53 ] Request (ServersNegativeTestJSON:setUpClass): 200 GET http://10.180.1.21/compute/v2.1/servers/3df42b8d-2222-42cc-8816-06ee1b31dc78 0.343s
2025-05-13 12:21:01.935 70074 INFO tempest.common.waiters [-] State transition "ACTIVE/deleting" ==> "DELETED/None" after 4 second wait
2025-05-13 12:21:02.002 70068 INFO tempest.lib.common.rest_client [req-c1bb4ebd-77da-423e-b607-dd4b5c51b35c req-c1bb4ebd-77da-423e-b607-dd4b5c51b35c ] Request (ServersAdminNegativeTestJSON:tearDownClass): 200 GET http://10.180.1.21/compute/v2.1/servers/8047bf73-fff9-4f29-913f-91d0eb28d6dd 0.377s
2025-05-13 12:21:02.046 70058 INFO tempest.lib.common.rest_client [req-12f5aa2f-752d-4b50-a444-6da8ea28d962 req-12f5aa2f-752d-4b50-a444-6da8ea28d962 ] Request (ListServersNegativeTestJSON:tearDownClass): 200 GET http://10.180.1.21/compute/v2.1/servers/fd890686-500e-4bee-b216-145c4818c245 0.456s
2025-05-13 12:21:02.069 70048 INFO tempest.lib.common.rest_client [req-d993c4b7-293e-4b0a-bf68-b2a4a323a18a req-d993c4b7-293e-4b0a-bf68-b2a4a323a18a ] Request (ImagesOneServerNegativeTestJSON:_run_cleanups): 200 GET http://10.180.1.21/compute/v2.1/servers/828f7a0a-dd24-4c98-85cf-5d99627860d7 0.431s
2025-05-13 12:21:02.115 70108 INFO tempest.lib.common.rest_client [req-6e352e92-a9f4-479a-96db-d085cf22b399 req-6e352e92-a9f4-479a-96db-d085cf22b399 ] Request (AttachInterfacesTestJSON:test_create_list_show_delete_interfaces_by_fixed_ip): 200 GET http://10.180.1.21/compute/v2.1/servers/9de87335-1db9-4bb3-ab4b-6bec27911b5f 0.450s
2025-05-13 12:21:02.136 70064 INFO tempest.lib.common.rest_client [req-25ff53ae-99f0-4f0b-bd00-78d5b0f9573e req-25ff53ae-99f0-4f0b-bd00-78d5b0f9573e ] Request (FloatingIPsAssociationTestJSON:tearDownClass): 200 GET http://10.180.1.21/compute/v2.1/servers/1d7a05ac-b6a7-47c4-9143-79ff005189f9 0.405s
2025-05-13 12:21:02.199 70056 INFO tempest.lib.common.rest_client [req-2b9538b2-1976-4982-baca-518c41b926d2 req-2b9538b2-1976-4982-baca-518c41b926d2 ] Request (VolumesAdminNegativeTest:test_update_attached_volume_with_nonexistent_volume_in_uri): 200 GET http://10.180.1.21/compute/v2.1/servers/da33b77b-49c7-48e3-9f43-68e4bf6e53a8 0.415s
2025-05-13 12:21:02.247 70103 INFO tempest.lib.common.rest_client [req-b14fe836-2ee3-483b-80b5-0d811f02de51 req-b14fe836-2ee3-483b-80b5-0d811f02de51 ] Request (ImagesTestJSON:test_create_image_from_stopped_server): 200 GET http://10.180.1.21/compute/v2.1/servers/45b73d40-e4b9-4c65-82b4-0bb39b3f418b 0.511s
2025-05-13 12:21:02.254 70092 INFO tempest.lib.common.rest_client [req-6f9f2d3d-2e15-4fc7-877a-5dd3b7a49abe req-6f9f2d3d-2e15-4fc7-877a-5dd3b7a49abe ] Request (MigrationsAdminTest:test_resize_server_revert_deleted_flavor): 200 GET http://10.180.1.21/compute/v2.1/servers/95957450-4202-4400-ab80-e9d3a56b2efb 0.422s
2025-05-13 12:21:02.255 70103 INFO tempest.common.waiters [-] State transition "ACTIVE/powering-off" ==> "SHUTOFF/None" after 3 second wait
2025-05-13 12:21:02.307 70090 INFO tempest.lib.common.rest_client [req-99e28892-2506-449f-9517-d79e6d798b43 req-99e28892-2506-449f-9517-d79e6d798b43 ] Request (ServersAdminTestJSON:test_create_server_with_scheduling_hint): 200 GET http://10.180.1.21/compute/v2.1/servers/e7c6d72e-2455-4d69-a2a7-5ee48fa3a22c 0.418s
2025-05-13 12:21:02.371 70100 INFO tempest.lib.common.rest_client [req-a61ad7be-2a8a-4ad2-9e7f-45b5a860b055 req-a61ad7be-2a8a-4ad2-9e7f-45b5a860b055 ] Request (ServerPasswordTestJSON:setUpClass): 200 GET http://10.180.1.21/compute/v2.1/servers/8d265b73-da0b-4a15-a9a7-63ef7750f9f5 0.407s
2025-05-13 12:21:02.443 70080 INFO tempest.lib.common.rest_client [req-ed6c57bd-2941-45aa-906e-f460110f6a2f req-ed6c57bd-2941-45aa-906e-f460110f6a2f ] Request (MultipleCreateTestJSON:_run_cleanups): 200 GET http://10.180.1.21/compute/v2.1/servers/c1bf02b7-e9aa-4577-aca6-480b62da79ba 0.452s
2025-05-13 12:21:02.447 70066 INFO tempest.lib.common.rest_client [req-ced7c912-b875-471b-8498-e39031977741 req-ced7c912-b875-471b-8498-e39031977741 ] Request (ServersTestMultiNic:_run_cleanups): 200 GET http://10.180.1.21/compute/v2.1/servers/e6e28bf0-10fd-4aa3-829b-9d5d0d301621 0.537s
2025-05-13 12:21:02.510 70096 INFO tempest.lib.common.rest_client [req-4da6c810-5a3d-43bf-bc13-cf10d884de93 req-4da6c810-5a3d-43bf-bc13-cf10d884de93 ] Request (ServerActionsV293TestJSON:setUpClass): 200 GET http://10.180.1.21/compute/v2.1/servers/1f92c4e9-6054-433b-917d-fa1956ee1a57 0.434s
2025-05-13 12:21:02.533 70098 INFO tempest.lib.common.rest_client [req-41686343-2e1c-41d2-bc8d-b5f0a6ac6f95 req-41686343-2e1c-41d2-bc8d-b5f0a6ac6f95 ] Request (ServersTestJSON:tearDownClass): 200 GET http://10.180.1.21/compute/v2.1/servers/38473040-ef89-4a31-8c32-85f10fee039d 0.433s
2025-05-13 12:21:02.575 70052 INFO tempest.lib.common.rest_client [req-861a7550-70b9-4f38-b57f-804cc2ef2948 req-861a7550-70b9-4f38-b57f-804cc2ef2948 ] Request (ListImageFiltersTestJSON:tearDownClass): 200 GET http://10.180.1.21/compute/v2.1/servers/65be68f2-50f6-4ad4-878b-87d12f4cae3e 0.433s
2025-05-13 12:21:02.624 70076 INFO tempest.lib.common.rest_client [req-0fd650d2-a6cd-4299-ba5b-a1a0b4118e10 req-0fd650d2-a6cd-4299-ba5b-a1a0b4118e10 ] Request (ServersListShow296Test:tearDownClass): 200 GET http://10.180.1.21/compute/v2.1/servers/1e8ea4f1-cbcf-4c6d-91f3-6ce833f65074 0.437s
2025-05-13 12:21:02.632 70060 INFO tempest.lib.common.rest_client [req-a6fab612-d7ca-46ce-9066-0f17466baf0e req-a6fab612-d7ca-46ce-9066-0f17466baf0e ] Request (ServerAddressesNegativeTestJSON:tearDownClass): 200 GET http://10.180.1.21/compute/v2.1/servers/be3699ce-b81b-4db4-b82f-1ec081a96855 0.426s
2025-05-13 12:21:02.731 70086 INFO tempest.lib.common.rest_client [req-91dbc5e6-ee97-4b02-a579-25b44dbb679d req-91dbc5e6-ee97-4b02-a579-25b44dbb679d ] Request (VolumesAssistedSnapshotsTest:tearDownClass): 200 PUT http://10.180.1.21:9696/networking/v2.0/routers/40f50cba-65d1-4714-9b36-eb974043d172/remove_router_interface 1.000s
2025-05-13 12:21:02.827 70106 INFO tempest.lib.common.rest_client [req-e3d59949-bbb6-4a5d-8365-071d3376aa7f req-e3d59949-bbb6-4a5d-8365-071d3376aa7f ] Request (ServerAddressesTestJSON:setUpClass): 200 GET http://10.180.1.21/compute/v2.1/servers/15ed9603-9fc7-40a2-99c6-151cf10a8c36 0.518s
2025-05-13 12:21:02.840 70106 INFO tempest.common.waiters [-] State transition "BUILD/spawning" ==> "ACTIVE/None" after 83 second wait
2025-05-13 12:21:02.923 70050 INFO tempest.lib.common.rest_client [req-987cfa7d-96c5-49d8-9769-3576df2621d7 req-987cfa7d-96c5-49d8-9769-3576df2621d7 ] Request (ListServerFiltersTestJSON:tearDownClass): 200 GET http://10.180.1.21/compute/v2.1/servers/738d3943-b255-4e92-8255-35aa0e3d6190 0.405s
2025-05-13 12:21:03.052 70054 INFO tempest.lib.common.rest_client [req-b36e6adb-97ae-46f4-8a11-17a6a754bbc2 req-b36e6adb-97ae-46f4-8a11-17a6a754bbc2 ] Request (SecurityGroupsTestJSON:test_server_security_groups): 200 GET http://10.180.1.21/compute/v2.1/servers/c089aece-c240-4203-96d7-e8fc9820c7d6 0.393s
2025-05-13 12:21:03.098 70103 INFO tempest.lib.common.rest_client [req-36de4320-7435-4026-ab58-04f3761368aa req-36de4320-7435-4026-ab58-04f3761368aa ] Request (ImagesTestJSON:test_create_image_from_stopped_server): 202 POST http://10.180.1.21/compute/v2.1/servers/45b73d40-e4b9-4c65-82b4-0bb39b3f418b/action 0.843s
2025-05-13 12:21:03.116 70086 INFO tempest.lib.common.rest_client [req-67cb972f-7edc-4e2d-a852-583708240349 req-67cb972f-7edc-4e2d-a852-583708240349 ] Request (VolumesAssistedSnapshotsTest:tearDownClass): 204 DELETE http://10.180.1.21:9696/networking/v2.0/routers/40f50cba-65d1-4714-9b36-eb974043d172 0.384s
2025-05-13 12:21:03.122 70070 INFO tempest.lib.common.rest_client [req-afdcb484-b617-43bf-9832-0236ae359831 req-afdcb484-b617-43bf-9832-0236ae359831 ] Request (InstanceActionsV221TestJSON:test_get_list_deleted_instance_actions): 200 GET http://10.180.1.21/compute/v2.1/servers/ad5c1512-835d-40f1-97be-59a36e20deda 0.447s
2025-05-13 12:21:03.144 70106 INFO tempest.lib.common.rest_client [req-62c12bf7-9fcc-4ca3-b13c-3d140bf4ae17 req-62c12bf7-9fcc-4ca3-b13c-3d140bf4ae17 ] Request (ServerAddressesTestJSON:test_list_server_addresses): 200 GET http://10.180.1.21/compute/v2.1/servers/15ed9603-9fc7-40a2-99c6-151cf10a8c36/ips 0.302s
2025-05-13 12:21:03.160 70062 INFO tempest.lib.common.rest_client [req-6923dd2f-8b43-4dd5-8a31-0292f2b5b4f1 req-6923dd2f-8b43-4dd5-8a31-0292f2b5b4f1 ] Request (ServersTestJSON:test_create_server_specify_multibyte_character_name): 200 GET http://10.180.1.21/compute/v2.1/servers/426f874f-2ebf-4fc9-914d-c46605963d4b 0.441s
2025-05-13 12:21:03.288 70072 INFO tempest.lib.common.rest_client [req-4bdad9d0-5e81-4fcc-bada-4f4cb3833500 req-4bdad9d0-5e81-4fcc-bada-4f4cb3833500 ] Request (ServerActionsTestJSON:test_lock_unlock_server): 200 GET http://10.180.1.21/compute/v2.1/servers/19c06f92-7f17-4834-b8be-723eb3f313c5 0.439s
2025-05-13 12:21:03.296 70086 INFO tempest.lib.common.rest_client [req-12da3c79-b889-4fe0-af65-ea6dcc2813e1 req-12da3c79-b889-4fe0-af65-ea6dcc2813e1 ] Request (VolumesAssistedSnapshotsTest:tearDownClass): 204 DELETE http://10.180.1.21:9696/networking/v2.0/subnets/8ae1f5a9-90ae-47f9-9661-c9db9ef054c3 0.179s
2025-05-13 12:21:03.301 70082 INFO tempest.lib.common.rest_client [req-7b372316-ef74-4714-868a-4e46565ee4a5 req-7b372316-ef74-4714-868a-4e46565ee4a5 ] Request (TenantUsagesTestJSON:setUpClass): 200 GET http://10.180.1.21/compute/v2.1/servers/7d036508-bb94-46ea-a630-117bbff02099 0.429s
2025-05-13 12:21:03.372 70078 INFO tempest.lib.common.rest_client [req-b148ac8d-d90f-495d-a49c-98a97d32eb02 req-b148ac8d-d90f-495d-a49c-98a97d32eb02 ] Request (AttachInterfacesV270Test:test_create_get_list_interfaces): 200 GET http://10.180.1.21/compute/v2.1/servers/b958c260-2604-4b07-9afb-285ceed6cf79 0.453s
2025-05-13 12:21:03.435 70074 INFO tempest.lib.common.rest_client [req-2f004fb7-fb3f-4afa-a0ee-05a94f80d40c req-2f004fb7-fb3f-4afa-a0ee-05a94f80d40c ] Request (ServersNegativeTestJSON:setUpClass): 200 GET http://10.180.1.21/compute/v2.1/servers/3df42b8d-2222-42cc-8816-06ee1b31dc78 0.497s
2025-05-13 12:21:03.479 70068 INFO tempest.lib.common.rest_client [req-22ef27e7-31e2-4b62-9cbe-69f0cc9745c5 req-22ef27e7-31e2-4b62-9cbe-69f0cc9745c5 ] Request (ServersAdminNegativeTestJSON:tearDownClass): 200 GET http://10.180.1.21/compute/v2.1/servers/8047bf73-fff9-4f29-913f-91d0eb28d6dd 0.467s
2025-05-13 12:21:03.558 70048 INFO tempest.lib.common.rest_client [req-c87ed49f-698a-42c2-9c19-56f5f9e46251 req-c87ed49f-698a-42c2-9c19-56f5f9e46251 ] Request (ImagesOneServerNegativeTestJSON:_run_cleanups): 200 GET http://10.180.1.21/compute/v2.1/servers/828f7a0a-dd24-4c98-85cf-5d99627860d7 0.475s
2025-05-13 12:21:03.590 70058 INFO tempest.lib.common.rest_client [req-539d66b3-e865-4671-8df8-c7de20a07cc4 req-539d66b3-e865-4671-8df8-c7de20a07cc4 ] Request (ListServersNegativeTestJSON:tearDownClass): 200 GET http://10.180.1.21/compute/v2.1/servers/fd890686-500e-4bee-b216-145c4818c245 0.537s
2025-05-13 12:21:03.610 70103 INFO tempest.lib.common.rest_client [req-9722347c-a27a-4383-b022-03bf77a02bce req-9722347c-a27a-4383-b022-03bf77a02bce ] Request (ImagesTestJSON:test_create_image_from_stopped_server): 200 GET http://10.180.1.21/compute/v2.1/images/47ac9bbb-ba8d-45ce-a582-9db9c35412ff 0.509s
2025-05-13 12:21:03.673 70108 INFO tempest.lib.common.rest_client [req-8c6f40f2-04f2-431d-b76c-b233b9a648e8 req-8c6f40f2-04f2-431d-b76c-b233b9a648e8 ] Request (AttachInterfacesTestJSON:test_create_list_show_delete_interfaces_by_fixed_ip): 200 GET http://10.180.1.21/compute/v2.1/servers/9de87335-1db9-4bb3-ab4b-6bec27911b5f 0.543s
2025-05-13 12:21:03.682 70108 INFO tempest.common.waiters [-] State transition "BUILD/scheduling" ==> "BUILD/None" after 3 second wait
2025-05-13 12:21:03.684 70064 INFO tempest.lib.common.rest_client [req-40d1f97f-1b11-442e-8249-89278724ab3d req-40d1f97f-1b11-442e-8249-89278724ab3d ] Request (FloatingIPsAssociationTestJSON:tearDownClass): 200 GET http://10.180.1.21/compute/v2.1/servers/1d7a05ac-b6a7-47c4-9143-79ff005189f9 0.538s
2025-05-13 12:21:03.700 70106 INFO tempest.lib.common.rest_client [req-87a3c9b1-7e69-493c-8e71-ee70cc151559 req-87a3c9b1-7e69-493c-8e71-ee70cc151559 ] Request (ServerAddressesTestJSON:test_list_server_addresses_by_network): 200 GET http://10.180.1.21/compute/v2.1/servers/15ed9603-9fc7-40a2-99c6-151cf10a8c36/ips 0.551s
2025-05-13 12:21:03.743 70056 INFO tempest.lib.common.rest_client [req-7486f2ad-a39d-49dd-8939-3d073e86ce79 req-7486f2ad-a39d-49dd-8939-3d073e86ce79 ] Request (VolumesAdminNegativeTest:test_update_attached_volume_with_nonexistent_volume_in_uri): 200 GET http://10.180.1.21/compute/v2.1/servers/da33b77b-49c7-48e3-9f43-68e4bf6e53a8 0.534s
2025-05-13 12:21:03.782 70092 INFO tempest.lib.common.rest_client [req-07dddaf3-2d1a-45d2-a910-f908abbca907 req-07dddaf3-2d1a-45d2-a910-f908abbca907 ] Request (MigrationsAdminTest:test_resize_server_revert_deleted_flavor): 200 GET http://10.180.1.21/compute/v2.1/servers/95957450-4202-4400-ab80-e9d3a56b2efb 0.521s
2025-05-13 12:21:03.790 70092 INFO tempest.common.waiters [-] State transition "BUILD/None" ==> "BUILD/networking" after 75 second wait
2025-05-13 12:21:03.811 70090 INFO tempest.lib.common.rest_client [req-d6ceed56-deac-436c-b2af-6a322f7d056a req-d6ceed56-deac-436c-b2af-6a322f7d056a ] Request (ServersAdminTestJSON:test_create_server_with_scheduling_hint): 200 GET http://10.180.1.21/compute/v2.1/servers/e7c6d72e-2455-4d69-a2a7-5ee48fa3a22c 0.491s
2025-05-13 12:21:03.872 70086 INFO tempest.lib.common.rest_client [req-e20066e5-c4c5-4a2d-8964-543c8928b6b3 req-e20066e5-c4c5-4a2d-8964-543c8928b6b3 ] Request (VolumesAssistedSnapshotsTest:tearDownClass): 204 DELETE http://10.180.1.21:9696/networking/v2.0/networks/39e7ee52-6513-42bc-9b5c-3d7c415a5ead 0.576s
2025-05-13 12:21:03.873 70100 INFO tempest.lib.common.rest_client [req-798bdfd2-7617-4ddc-978d-83949fc99214 req-798bdfd2-7617-4ddc-978d-83949fc99214 ] Request (ServerPasswordTestJSON:setUpClass): 200 GET http://10.180.1.21/compute/v2.1/servers/8d265b73-da0b-4a15-a9a7-63ef7750f9f5 0.488s
2025-05-13 12:21:03.877 70080 INFO tempest.lib.common.rest_client [req-f0213c2a-90ed-413d-a88f-9e9c4ccbde8b req-f0213c2a-90ed-413d-a88f-9e9c4ccbde8b ] Request (MultipleCreateTestJSON:_run_cleanups): 200 GET http://10.180.1.21/compute/v2.1/servers/c1bf02b7-e9aa-4577-aca6-480b62da79ba 0.423s
2025-05-13 12:21:03.939 70066 INFO tempest.lib.common.rest_client [req-a684e09c-d511-48ab-9150-9aa52e3daf90 req-a684e09c-d511-48ab-9150-9aa52e3daf90 ] Request (ServersTestMultiNic:_run_cleanups): 200 GET http://10.180.1.21/compute/v2.1/servers/e6e28bf0-10fd-4aa3-829b-9d5d0d301621 0.479s
2025-05-13 12:21:04.016 70098 INFO tempest.lib.common.rest_client [req-b0999658-96ff-4403-9c86-4254e44e8103 req-b0999658-96ff-4403-9c86-4254e44e8103 ] Request (ServersTestJSON:tearDownClass): 200 GET http://10.180.1.21/compute/v2.1/servers/38473040-ef89-4a31-8c32-85f10fee039d 0.475s
2025-05-13 12:21:04.105 70052 INFO tempest.lib.common.rest_client [req-3f483e17-b92c-4735-9c83-60461d8b2fbb req-3f483e17-b92c-4735-9c83-60461d8b2fbb ] Request (ListImageFiltersTestJSON:tearDownClass): 200 GET http://10.180.1.21/compute/v2.1/servers/65be68f2-50f6-4ad4-878b-87d12f4cae3e 0.517s
2025-05-13 12:21:04.176 70096 INFO tempest.lib.common.rest_client [req-22040040-9806-415b-bb50-d8ae7d5b8c2f req-22040040-9806-415b-bb50-d8ae7d5b8c2f ] Request (ServerActionsV293TestJSON:setUpClass): 200 GET http://10.180.1.21/compute/v2.1/servers/1f92c4e9-6054-433b-917d-fa1956ee1a57 0.652s
2025-05-13 12:21:04.201 70076 INFO tempest.lib.common.rest_client [req-79c33e7c-24d7-4445-900e-9f4836849ae3 req-79c33e7c-24d7-4445-900e-9f4836849ae3 ] Request (ServersListShow296Test:tearDownClass): 200 GET http://10.180.1.21/compute/v2.1/servers/1e8ea4f1-cbcf-4c6d-91f3-6ce833f65074 0.566s
2025-05-13 12:21:04.230 70106 INFO tempest.lib.common.rest_client [req-f0a875a8-afbb-41de-987c-8a7bf57cb4b3 req-f0a875a8-afbb-41de-987c-8a7bf57cb4b3 ] Request (ServerAddressesTestJSON:test_list_server_addresses_by_network): 200 GET http://10.180.1.21/compute/v2.1/servers/15ed9603-9fc7-40a2-99c6-151cf10a8c36/ips/tempest-ServerAddressesTestJSON-128735613-network 0.529s
2025-05-13 12:21:04.253 70060 INFO tempest.lib.common.rest_client [req-45ef8b58-3fd1-44d1-8ed2-a5fb1ee297e7 req-45ef8b58-3fd1-44d1-8ed2-a5fb1ee297e7 ] Request (ServerAddressesNegativeTestJSON:tearDownClass): 200 GET http://10.180.1.21/compute/v2.1/servers/be3699ce-b81b-4db4-b82f-1ec081a96855 0.612s
2025-05-13 12:21:04.306 70050 INFO tempest.lib.common.rest_client [req-ba7f8824-950f-4617-ab8c-f29e2043e0ab req-ba7f8824-950f-4617-ab8c-f29e2043e0ab ] Request (ListServerFiltersTestJSON:tearDownClass): 200 GET http://10.180.1.21/compute/v2.1/servers/738d3943-b255-4e92-8255-35aa0e3d6190 0.373s
2025-05-13 12:21:04.409 70070 INFO tempest.lib.common.rest_client [req-566cbec7-d38b-4d06-8137-0e4fddca74ba req-566cbec7-d38b-4d06-8137-0e4fddca74ba ] Request (InstanceActionsV221TestJSON:test_get_list_deleted_instance_actions): 200 GET http://10.180.1.21/compute/v2.1/servers/ad5c1512-835d-40f1-97be-59a36e20deda 0.276s
2025-05-13 12:21:04.432 70054 INFO tempest.lib.common.rest_client [req-2c1eb222-4283-4a63-a0dd-b0e9df8da09f req-2c1eb222-4283-4a63-a0dd-b0e9df8da09f ] Request (SecurityGroupsTestJSON:test_server_security_groups): 200 GET http://10.180.1.21/compute/v2.1/servers/c089aece-c240-4203-96d7-e8fc9820c7d6 0.369s
2025-05-13 12:21:04.491 70062 INFO tempest.lib.common.rest_client [req-14b89d88-244c-4f18-9197-8675af1af2d7 req-14b89d88-244c-4f18-9197-8675af1af2d7 ] Request (ServersTestJSON:test_create_server_specify_multibyte_character_name): 200 GET http://10.180.1.21/compute/v2.1/servers/426f874f-2ebf-4fc9-914d-c46605963d4b 0.323s
2025-05-13 12:21:04.541 70106 INFO tempest.lib.common.rest_client [req-2279e14c-dbc9-4ac1-a08a-ea6a0cce75e3 req-2279e14c-dbc9-4ac1-a08a-ea6a0cce75e3 ] Request (ServerAddressesTestJSON:tearDownClass): 204 DELETE http://10.180.1.21/compute/v2.1/servers/15ed9603-9fc7-40a2-99c6-151cf10a8c36 0.301s
2025-05-13 12:21:04.705 70072 INFO tempest.lib.common.rest_client [req-9afb9b83-76d9-4d46-add5-4a58973d5c61 req-9afb9b83-76d9-4d46-add5-4a58973d5c61 ] Request (ServerActionsTestJSON:test_lock_unlock_server): 200 GET http://10.180.1.21/compute/v2.1/servers/19c06f92-7f17-4834-b8be-723eb3f313c5 0.404s
2025-05-13 12:21:04.730 70082 INFO tempest.lib.common.rest_client [req-0b8213da-a08e-4a64-a077-a35681de1dcc req-0b8213da-a08e-4a64-a077-a35681de1dcc ] Request (TenantUsagesTestJSON:setUpClass): 200 GET http://10.180.1.21/compute/v2.1/servers/7d036508-bb94-46ea-a630-117bbff02099 0.414s
2025-05-13 12:21:04.737 70082 INFO tempest.common.waiters [-] State transition "BUILD/spawning" ==> "ACTIVE/None" after 80 second wait
2025-05-13 12:21:04.794 70078 INFO tempest.lib.common.rest_client [req-7d1ddf97-7b01-489c-b6d5-dbbb2751aa0c req-7d1ddf97-7b01-489c-b6d5-dbbb2751aa0c ] Request (AttachInterfacesV270Test:test_create_get_list_interfaces): 200 GET http://10.180.1.21/compute/v2.1/servers/b958c260-2604-4b07-9afb-285ceed6cf79 0.410s
2025-05-13 12:21:04.815 70074 INFO tempest.lib.common.rest_client [req-cac9e7e4-71bb-4763-908a-edb54c886993 req-cac9e7e4-71bb-4763-908a-edb54c886993 ] Request (ServersNegativeTestJSON:setUpClass): 200 GET http://10.180.1.21/compute/v2.1/servers/3df42b8d-2222-42cc-8816-06ee1b31dc78 0.371s
2025-05-13 12:21:04.893 70068 INFO tempest.lib.common.rest_client [req-7d7b17ea-8397-4658-b1b5-15c446bc0d09 req-7d7b17ea-8397-4658-b1b5-15c446bc0d09 ] Request (ServersAdminNegativeTestJSON:tearDownClass): 200 GET http://10.180.1.21/compute/v2.1/servers/8047bf73-fff9-4f29-913f-91d0eb28d6dd 0.404s
2025-05-13 12:21:04.960 70106 INFO tempest.lib.common.rest_client [req-0d01baa9-dd79-43a1-8e85-abd18d8e47cf req-0d01baa9-dd79-43a1-8e85-abd18d8e47cf ] Request (ServerAddressesTestJSON:tearDownClass): 200 GET http://10.180.1.21/compute/v2.1/servers/15ed9603-9fc7-40a2-99c6-151cf10a8c36 0.418s
2025-05-13 12:21:04.975 70048 INFO tempest.lib.common.rest_client [req-23f01a93-98f0-41ca-9fc5-89c57b720032 req-23f01a93-98f0-41ca-9fc5-89c57b720032 ] Request (ImagesOneServerNegativeTestJSON:_run_cleanups): 200 GET http://10.180.1.21/compute/v2.1/servers/828f7a0a-dd24-4c98-85cf-5d99627860d7 0.402s
2025-05-13 12:21:05.016 70103 INFO tempest.lib.common.rest_client [req-26f289cf-589a-400f-b7d3-30daba5d2982 req-26f289cf-589a-400f-b7d3-30daba5d2982 ] Request (ImagesTestJSON:test_create_image_from_stopped_server): 200 GET http://10.180.1.21/compute/v2.1/images/47ac9bbb-ba8d-45ce-a582-9db9c35412ff 0.399s
2025-05-13 12:21:05.022 70058 INFO tempest.lib.common.rest_client [req-b366cfa3-8eac-415f-b621-cdfef8b8260a req-b366cfa3-8eac-415f-b621-cdfef8b8260a ] Request (ListServersNegativeTestJSON:tearDownClass): 200 GET http://10.180.1.21/compute/v2.1/servers/fd890686-500e-4bee-b216-145c4818c245 0.419s
2025-05-13 12:21:05.065 70108 INFO tempest.lib.common.rest_client [req-3bac4de1-329f-4c6f-a4ed-34640afed34c req-3bac4de1-329f-4c6f-a4ed-34640afed34c ] Request (AttachInterfacesTestJSON:test_create_list_show_delete_interfaces_by_fixed_ip): 200 GET http://10.180.1.21/compute/v2.1/servers/9de87335-1db9-4bb3-ab4b-6bec27911b5f 0.382s
2025-05-13 12:21:05.078 70064 INFO tempest.lib.common.rest_client [req-59b57200-947d-4ddf-9d1e-f30f6ba57116 req-59b57200-947d-4ddf-9d1e-f30f6ba57116 ] Request (FloatingIPsAssociationTestJSON:tearDownClass): 200 GET http://10.180.1.21/compute/v2.1/servers/1d7a05ac-b6a7-47c4-9143-79ff005189f9 0.387s
2025-05-13 12:21:05.137 70056 INFO tempest.lib.common.rest_client [req-5d7d1289-1ecf-4c27-8825-a3fedbff3535 req-5d7d1289-1ecf-4c27-8825-a3fedbff3535 ] Request (VolumesAdminNegativeTest:test_update_attached_volume_with_nonexistent_volume_in_uri): 200 GET http://10.180.1.21/compute/v2.1/servers/da33b77b-49c7-48e3-9f43-68e4bf6e53a8 0.384s
2025-05-13 12:21:05.154 70094 WARNING tempest.lib.common.ssh [-] Failed to establish authenticated ssh connection to cirros@10.180.180.203 ([Errno None] Unable to connect to port 22 on 10.180.180.203). Number attempts: 13. Retry after 14 seconds.: paramiko.ssh_exception.NoValidConnectionsError: [Errno None] Unable to connect to port 22 on 10.180.180.203
2025-05-13 12:21:05.189 70082 INFO tempest.lib.common.rest_client [req-b4e698db-deb7-4454-b9f4-cdc9377d24b4 req-b4e698db-deb7-4454-b9f4-cdc9377d24b4 ] Request (TenantUsagesTestJSON:test_get_usage_tenant): 200 GET http://10.180.1.21/compute/v2.1/os-simple-tenant-usage/7958801cd5db45f5bf9a4363ab62f4d4?start=2025-05-12T12%3A21%3A04.738249&end=2025-05-14T12%3A21%3A04.738249 0.450s
2025-05-13 12:21:05.233 70086 INFO tempest.lib.common.rest_client [req-ee4dc31f-525d-4770-973a-a7bec79398ba req-ee4dc31f-525d-4770-973a-a7bec79398ba ] Request (VolumesAssistedSnapshotsTest:tearDownClass): 200 PUT http://10.180.1.21:9696/networking/v2.0/routers/4af6ccdf-bb24-47c5-8126-ae64a8873528/remove_router_interface 1.360s
2025-05-13 12:21:05.250 70090 INFO tempest.lib.common.rest_client [req-c2591032-e811-467a-a657-c4ea28c45dad req-c2591032-e811-467a-a657-c4ea28c45dad ] Request (ServersAdminTestJSON:test_create_server_with_scheduling_hint): 200 GET http://10.180.1.21/compute/v2.1/servers/e7c6d72e-2455-4d69-a2a7-5ee48fa3a22c 0.418s
2025-05-13 12:21:05.260 70092 INFO tempest.lib.common.rest_client [req-49129541-1702-4bc4-8cda-c4aa40843640 req-49129541-1702-4bc4-8cda-c4aa40843640 ] Request (MigrationsAdminTest:test_resize_server_revert_deleted_flavor): 200 GET http://10.180.1.21/compute/v2.1/servers/95957450-4202-4400-ab80-e9d3a56b2efb 0.469s
2025-05-13 12:21:05.271 70092 INFO tempest.common.waiters [-] State transition "BUILD/networking" ==> "BUILD/spawning" after 77 second wait
2025-05-13 12:21:05.317 70100 INFO tempest.lib.common.rest_client [req-c7dce56b-e48b-4666-a261-bf0b77de3a7c req-c7dce56b-e48b-4666-a261-bf0b77de3a7c ] Request (ServerPasswordTestJSON:setUpClass): 200 GET http://10.180.1.21/compute/v2.1/servers/8d265b73-da0b-4a15-a9a7-63ef7750f9f5 0.434s
2025-05-13 12:21:05.318 70080 INFO tempest.lib.common.rest_client [req-d3bc3c44-a9f8-4d63-999d-310910d16b40 req-d3bc3c44-a9f8-4d63-999d-310910d16b40 ] Request (MultipleCreateTestJSON:_run_cleanups): 200 GET http://10.180.1.21/compute/v2.1/servers/c1bf02b7-e9aa-4577-aca6-480b62da79ba 0.425s
2025-05-13 12:21:05.407 70098 INFO tempest.lib.common.rest_client [req-fd03451b-383a-460a-940e-5d45b0374795 req-fd03451b-383a-460a-940e-5d45b0374795 ] Request (ServersTestJSON:tearDownClass): 200 GET http://10.180.1.21/compute/v2.1/servers/38473040-ef89-4a31-8c32-85f10fee039d 0.376s
2025-05-13 12:21:05.415 70066 INFO tempest.lib.common.rest_client [req-4e4ffb19-df92-4af4-ace1-1d230379c053 req-4e4ffb19-df92-4af4-ace1-1d230379c053 ] Request (ServersTestMultiNic:_run_cleanups): 200 GET http://10.180.1.21/compute/v2.1/servers/e6e28bf0-10fd-4aa3-829b-9d5d0d301621 0.457s
2025-05-13 12:21:05.426 70066 INFO tempest.common.waiters [-] State transition "ACTIVE/deleting" ==> "DELETED/None" after 5 second wait
2025-05-13 12:21:05.473 70052 INFO tempest.lib.common.rest_client [req-fcce340f-6670-4973-818c-403377578004 req-fcce340f-6670-4973-818c-403377578004 ] Request (ListImageFiltersTestJSON:tearDownClass): 200 GET http://10.180.1.21/compute/v2.1/servers/65be68f2-50f6-4ad4-878b-87d12f4cae3e 0.355s
2025-05-13 12:21:05.478 70096 INFO tempest.lib.common.rest_client [req-d62ff4d2-ca4e-49f5-a24c-fc61dc5e4ed1 req-d62ff4d2-ca4e-49f5-a24c-fc61dc5e4ed1 ] Request (ServerActionsV293TestJSON:setUpClass): 200 GET http://10.180.1.21/compute/v2.1/servers/1f92c4e9-6054-433b-917d-fa1956ee1a57 0.285s
2025-05-13 12:21:05.513 70082 INFO tempest.lib.common.rest_client [req-6c2bcc96-606d-49c7-8958-f4e9f7b62988 req-6c2bcc96-606d-49c7-8958-f4e9f7b62988 ] Request (TenantUsagesTestJSON:test_get_usage_tenant_with_non_admin_user): 200 GET http://10.180.1.21/compute/v2.1/os-simple-tenant-usage/7958801cd5db45f5bf9a4363ab62f4d4?start=2025-05-12T12%3A21%3A04.738249&end=2025-05-14T12%3A21%3A04.738249 0.318s
2025-05-13 12:21:05.569 70060 INFO tempest.lib.common.rest_client [req-0d38bcd6-ebe4-4a7b-88b6-c8d5eec36e46 req-0d38bcd6-ebe4-4a7b-88b6-c8d5eec36e46 ] Request (ServerAddressesNegativeTestJSON:tearDownClass): 200 GET http://10.180.1.21/compute/v2.1/servers/be3699ce-b81b-4db4-b82f-1ec081a96855 0.306s
2025-05-13 12:21:05.626 70050 INFO tempest.lib.common.rest_client [req-967b7b31-52f8-4087-8cc4-adbe122851d1 req-967b7b31-52f8-4087-8cc4-adbe122851d1 ] Request (ListServerFiltersTestJSON:tearDownClass): 200 GET http://10.180.1.21/compute/v2.1/servers/738d3943-b255-4e92-8255-35aa0e3d6190 0.307s
2025-05-13 12:21:05.647 70110 WARNING tempest.lib.common.ssh [-] Failed to establish authenticated ssh connection to cirros@10.180.180.173 ([Errno None] Unable to connect to port 22 on 10.180.180.173). Number attempts: 12. Retry after 13 seconds.: paramiko.ssh_exception.NoValidConnectionsError: [Errno None] Unable to connect to port 22 on 10.180.180.173
2025-05-13 12:21:05.716 70070 INFO tempest.lib.common.rest_client [req-0da896ba-508e-41a4-9cc3-d695ad5e6380 req-0da896ba-508e-41a4-9cc3-d695ad5e6380 ] Request (InstanceActionsV221TestJSON:test_get_list_deleted_instance_actions): 200 GET http://10.180.1.21/compute/v2.1/servers/ad5c1512-835d-40f1-97be-59a36e20deda 0.293s
2025-05-13 12:21:05.795 70076 INFO tempest.lib.common.rest_client [req-ee1510bc-7c8b-459d-8ce5-c1e145c88154 req-ee1510bc-7c8b-459d-8ce5-c1e145c88154 ] Request (ServersListShow296Test:tearDownClass): 200 GET http://10.180.1.21/compute/v2.1/servers/1e8ea4f1-cbcf-4c6d-91f3-6ce833f65074 0.582s
2025-05-13 12:21:05.834 70054 INFO tempest.lib.common.rest_client [req-b280a9d0-7ad0-4719-82ee-6f698522ce61 req-b280a9d0-7ad0-4719-82ee-6f698522ce61 ] Request (SecurityGroupsTestJSON:test_server_security_groups): 200 GET http://10.180.1.21/compute/v2.1/servers/c089aece-c240-4203-96d7-e8fc9820c7d6 0.391s
2025-05-13 12:21:05.870 70062 INFO tempest.lib.common.rest_client [req-ca3fb0f4-4f81-4c6c-8d73-603451feb094 req-ca3fb0f4-4f81-4c6c-8d73-603451feb094 ] Request (ServersTestJSON:test_create_server_specify_multibyte_character_name): 200 GET http://10.180.1.21/compute/v2.1/servers/426f874f-2ebf-4fc9-914d-c46605963d4b 0.358s
2025-05-13 12:21:05.901 70082 INFO tempest.lib.common.rest_client [req-ab8f0287-c823-4b98-9ed4-7d434cb5c0a3 req-ab8f0287-c823-4b98-9ed4-7d434cb5c0a3 ] Request (TenantUsagesTestJSON:test_list_usage_all_tenants): 200 GET http://10.180.1.21/compute/v2.1/os-simple-tenant-usage?start=2025-05-12T12%3A21%3A04.738249&end=2025-05-14T12%3A21%3A04.738249&detailed=1 0.382s
2025-05-13 12:21:05.955 70078 INFO tempest.lib.common.rest_client [req-b811521d-dc3f-48e3-88e6-e7a04ab3b84d req-b811521d-dc3f-48e3-88e6-e7a04ab3b84d ] Request (AttachInterfacesV270Test:test_create_get_list_interfaces): 200 GET http://10.180.1.21/compute/v2.1/servers/b958c260-2604-4b07-9afb-285ceed6cf79 0.148s
2025-05-13 12:21:06.037 70086 INFO tempest.lib.common.rest_client [req-f1a2e0cb-9875-457d-8d58-8af2b17a38da req-f1a2e0cb-9875-457d-8d58-8af2b17a38da ] Request (VolumesAssistedSnapshotsTest:tearDownClass): 204 DELETE http://10.180.1.21:9696/networking/v2.0/routers/4af6ccdf-bb24-47c5-8126-ae64a8873528 0.804s
2025-05-13 12:21:06.044 70074 INFO tempest.lib.common.rest_client [req-319a7489-e5ca-4863-b761-f74c9835f940 req-319a7489-e5ca-4863-b761-f74c9835f940 ] Request (ServersNegativeTestJSON:setUpClass): 200 GET http://10.180.1.21/compute/v2.1/servers/3df42b8d-2222-42cc-8816-06ee1b31dc78 0.220s
2025-05-13 12:21:06.072 70072 INFO tempest.lib.common.rest_client [req-5393ff83-301a-4290-b793-0b3e232242bd req-5393ff83-301a-4290-b793-0b3e232242bd ] Request (ServerActionsTestJSON:test_lock_unlock_server): 200 GET http://10.180.1.21/compute/v2.1/servers/19c06f92-7f17-4834-b8be-723eb3f313c5 0.349s
2025-05-13 12:21:06.132 70068 INFO tempest.lib.common.rest_client [req-7df5d4d6-31f6-466e-9ecb-014cbc4221f8 req-7df5d4d6-31f6-466e-9ecb-014cbc4221f8 ] Request (ServersAdminNegativeTestJSON:tearDownClass): 200 GET http://10.180.1.21/compute/v2.1/servers/8047bf73-fff9-4f29-913f-91d0eb28d6dd 0.223s
2025-05-13 12:21:06.176 70082 INFO tempest.lib.common.rest_client [req-4ac83c65-536c-474b-9a85-32bdfeab687b req-4ac83c65-536c-474b-9a85-32bdfeab687b ] Request (TenantUsagesTestJSON:tearDownClass): 204 DELETE http://10.180.1.21/compute/v2.1/servers/7d036508-bb94-46ea-a630-117bbff02099 0.256s
2025-05-13 12:21:06.225 70086 INFO tempest.lib.common.rest_client [req-dbffa5e0-3606-43f3-a678-5fd330d08637 req-dbffa5e0-3606-43f3-a678-5fd330d08637 ] Request (VolumesAssistedSnapshotsTest:tearDownClass): 204 DELETE http://10.180.1.21:9696/networking/v2.0/subnets/1f107015-59ee-44a3-9526-ab1582c47524 0.187s
2025-05-13 12:21:06.257 70048 INFO tempest.lib.common.rest_client [req-785f59ac-8115-4e22-bce0-2ba929f1026f req-785f59ac-8115-4e22-bce0-2ba929f1026f ] Request (ImagesOneServerNegativeTestJSON:_run_cleanups): 200 GET http://10.180.1.21/compute/v2.1/servers/828f7a0a-dd24-4c98-85cf-5d99627860d7 0.273s
2025-05-13 12:21:06.276 70106 INFO tempest.lib.common.rest_client [req-7b91b0c9-7ef4-4939-a562-4cbf43ec50d3 req-7b91b0c9-7ef4-4939-a562-4cbf43ec50d3 ] Request (ServerAddressesTestJSON:tearDownClass): 200 GET http://10.180.1.21/compute/v2.1/servers/15ed9603-9fc7-40a2-99c6-151cf10a8c36 0.303s
2025-05-13 12:21:06.319 70103 INFO tempest.lib.common.rest_client [req-24a7e51c-cdee-4fb5-a467-337b671775e3 req-24a7e51c-cdee-4fb5-a467-337b671775e3 ] Request (ImagesTestJSON:test_create_image_from_stopped_server): 200 GET http://10.180.1.21/compute/v2.1/images/47ac9bbb-ba8d-45ce-a582-9db9c35412ff 0.298s
2025-05-13 12:21:06.358 70058 INFO tempest.lib.common.rest_client [req-4a86f99d-4c3d-40a9-948d-5c0ca74ccdde req-4a86f99d-4c3d-40a9-948d-5c0ca74ccdde ] Request (ListServersNegativeTestJSON:tearDownClass): 200 GET http://10.180.1.21/compute/v2.1/servers/fd890686-500e-4bee-b216-145c4818c245 0.327s
2025-05-13 12:21:06.370 70058 INFO tempest.common.waiters [-] State transition "ACTIVE/deleting" ==> "DELETED/None" after 4 second wait
2025-05-13 12:21:06.382 70108 INFO tempest.lib.common.rest_client [req-fd571aac-198a-4984-9cb9-9a4364a061e3 req-fd571aac-198a-4984-9cb9-9a4364a061e3 ] Request (AttachInterfacesTestJSON:test_create_list_show_delete_interfaces_by_fixed_ip): 200 GET http://10.180.1.21/compute/v2.1/servers/9de87335-1db9-4bb3-ab4b-6bec27911b5f 0.306s
