2024-12-11 06:07:21.656 65899 INFO tempest.lib.common.rest_client [req-21d3753e-68ae-4930-9056-d9a890fc6fb4 req-21d3753e-68ae-4930-9056-d9a890fc6fb4 ] Request (DeleteServersAdminTestJSON:test_delete_server_while_in_error_state): 200 GET http://10.180.1.21/compute/v2.1/servers/0ecb57e8-e85e-4dc2-a00b-59ec86d1c6ee 0.370s
2024-12-11 06:07:21.709 65949 INFO tempest.lib.common.rest_client [req-a594d2cd-42c4-4727-875a-349bc5a2da1f req-a594d2cd-42c4-4727-875a-349bc5a2da1f ] Request (ListServersNegativeTestJSON:tearDownClass): 200 GET http://10.180.1.21/compute/v2.1/servers/155f172d-43df-4a99-9e15-c2f506cf2992 0.366s
2024-12-11 06:07:21.750 65925 INFO tempest.lib.common.rest_client [req-0d50c163-a9c3-4a99-ad85-5a1ab8ffcb8e req-0d50c163-a9c3-4a99-ad85-5a1ab8ffcb8e ] Request (ImagesOneServerTestJSON:setUpClass): 200 GET http://10.180.1.21/compute/v2.1/servers/2a346945-3e97-4da8-aa48-3e39577d63d7 0.066s
2024-12-11 06:07:21.824 65943 INFO tempest.lib.common.rest_client [req-38f310d1-e92c-41a1-8162-48c4a49d1f81 req-38f310d1-e92c-41a1-8162-48c4a49d1f81 ] Request (ServersTestMultiNic:_run_cleanups): 200 GET http://10.180.1.21/compute/v2.1/servers/8803ecc6-1ec3-44ae-ad17-5e84887a28c6 0.055s
2024-12-11 06:07:21.909 65911 INFO tempest.lib.common.rest_client [req-df0b0034-b56c-4f39-ad92-8cf0eccbc698 req-df0b0034-b56c-4f39-ad92-8cf0eccbc698 ] Request (ImagesTestJSON:test_create_image_from_stopped_server): 200 GET http://10.180.1.21/compute/v2.1/servers/f92d2e93-49ac-4bf3-958c-a4bb1bf5e211 0.058s
2024-12-11 06:07:21.962 65931 INFO tempest.lib.common.rest_client [req-93a61f64-575e-433d-bc63-dff5bbc93aad req-93a61f64-575e-433d-bc63-dff5bbc93aad ] Request (ServersAdminNegativeTestJSON:setUpClass): 200 GET http://10.180.1.21/compute/v2.1/servers/38ecc6a5-b3ae-4f3d-a7a4-6768d2abda77 0.058s
2024-12-11 06:07:22.009 65913 INFO tempest.lib.common.rest_client [req-51a01c47-b0c2-4011-9279-b50df70e8a07 req-51a01c47-b0c2-4011-9279-b50df70e8a07 ] Request (ServersTestFqdnHostnames:test_create_server_with_fqdn_name): 200 GET http://10.180.1.21/compute/v2.1/servers/0276f97e-e204-4b03-bf33-dd991cd0169e 0.073s
2024-12-11 06:07:22.266 65945 INFO tempest.lib.common.rest_client [req-bc06ce28-5f25-4ed4-81d5-887efd92e5a8 req-bc06ce28-5f25-4ed4-81d5-887efd92e5a8 ] Request (ListImageFiltersTestJSON:setUpClass): 200 GET http://10.180.1.21/compute/v2.1/servers/eb10fc88-0e81-4b32-8c3a-5c311a642519 0.104s
2024-12-11 06:07:22.314 65921 INFO tempest.lib.common.rest_client [req-a9d49876-d6b5-43d0-98fc-2578ff809ac2 req-a9d49876-d6b5-43d0-98fc-2578ff809ac2 ] Request (ServerActionsV293TestJSON:setUpClass): 200 GET http://10.180.1.21/compute/v2.1/servers/bb27b6c8-05d4-46d1-903c-191336a3a6d5 0.092s
2024-12-11 06:07:22.358 65935 INFO tempest.lib.common.rest_client [req-8163310e-aa46-4acc-8a02-8279e0a996b2 req-8163310e-aa46-4acc-8a02-8279e0a996b2 ] Request (ServersAdminTestJSON:test_create_server_with_scheduling_hint): 200 GET http://10.180.1.21/compute/v2.1/servers/29592c2d-d44d-4ca1-be06-ae96a1261f1b 0.080s
2024-12-11 06:07:22.364 65935 INFO tempest.common.waiters [-] State transition "BUILD/scheduling" ==> "BUILD/None" after 11 second wait
2024-12-11 06:07:22.408 65903 INFO tempest.lib.common.rest_client [req-1830d196-e550-4be3-a801-8f0db70f67e8 req-1830d196-e550-4be3-a801-8f0db70f67e8 ] Request (ServerMetadataNegativeTestJSON:tearDownClass): 200 GET http://10.180.1.21/compute/v2.1/servers/12cd5513-01c6-4bd2-9f14-0bf3f14f666c 0.079s
2024-12-11 06:07:22.451 65933 INFO tempest.lib.common.rest_client [req-2a9b7ecd-2445-4a2a-adf0-ca54fa8454da req-2a9b7ecd-2445-4a2a-adf0-ca54fa8454da ] Request (FloatingIPsAssociationNegativeTestJSON:setUpClass): 200 GET http://10.180.1.21/compute/v2.1/servers/fd095ef5-5d7e-43a8-9bf7-64d8a5b13d4a 0.057s
2024-12-11 06:07:22.491 65897 INFO tempest.lib.common.rest_client [req-5c747baf-a98d-4e2e-902e-5d493b124eef req-5c747baf-a98d-4e2e-902e-5d493b124eef ] Request (SecurityGroupsTestJSON:test_list_security_groups_by_server): 200 GET http://10.180.1.21/compute/v2.1/servers/cb1bba98-24b6-443d-92c9-59640cf53754 0.050s
2024-12-11 06:07:22.512 65923 INFO tempest.lib.common.rest_client [req-876221c5-b8ab-409f-9b4d-e94c7f8b8c70 req-876221c5-b8ab-409f-9b4d-e94c7f8b8c70 ] Request (ServersTestBootFromVolume:setUpClass): 200 GET http://10.180.1.21/volume/v3/volumes/78efef75-b933-486c-908e-af679048ab6d 0.026s
2024-12-11 06:07:22.534 65907 INFO tempest.lib.common.rest_client [req-3e88ae9d-a5fa-4683-9711-65a3eb993faf req-3e88ae9d-a5fa-4683-9711-65a3eb993faf ] Request (ServerExternalEventsTest:test_create_server_external_events): 200 GET http://10.180.1.21/compute/v2.1/servers/e0cbc984-001d-4462-a111-769871370940 0.055s
2024-12-11 06:07:22.575 65953 INFO tempest.lib.common.rest_client [req-957467d5-48d0-4582-a0eb-7d8b4e31dbfd req-957467d5-48d0-4582-a0eb-7d8b4e31dbfd ] Request (FloatingIPsAssociationTestJSON:test_associate_already_associated_floating_ip): 200 GET http://10.180.1.21/compute/v2.1/servers/f1ffb50c-6d1f-407a-94a2-cd1fd55299f9 0.056s
2024-12-11 06:07:22.593 65919 INFO tempest.lib.common.rest_client [req-327f86b5-f609-4c58-b8be-43df305c4539 req-327f86b5-f609-4c58-b8be-43df305c4539 ] Request (ServerDiagnosticsNegativeTest:tearDownClass): 404 GET http://10.180.1.21/compute/v2.1/servers/b0681af5-fe44-4dc1-9939-fcb24d26084c 0.023s
2024-12-11 06:07:22.665 65909 INFO tempest.lib.common.rest_client [req-8932c6fd-4d83-44ce-add8-fafe93f6c0f7 req-8932c6fd-4d83-44ce-add8-fafe93f6c0f7 ] Request (ServerMetadataTestJSON:setUpClass): 200 GET http://10.180.1.21/compute/v2.1/servers/c82fd8ca-e2fb-4a55-ad87-6727ea7009ae 0.051s
2024-12-11 06:07:22.669 65919 INFO tempest.lib.common.rest_client [req-02d7d1a1-6ab8-4794-abf3-15ebd0489ba8 req-02d7d1a1-6ab8-4794-abf3-15ebd0489ba8 ] Request (ServerDiagnosticsNegativeTest:tearDownClass): 204 DELETE http://10.180.1.21/identity/v3/users/6443213217094585b31178da8872a1b2 0.075s
2024-12-11 06:07:22.719 65899 INFO tempest.lib.common.rest_client [req-102be665-6a11-453b-b75d-3503a7b6d4e9 req-102be665-6a11-453b-b75d-3503a7b6d4e9 ] Request (DeleteServersAdminTestJSON:test_delete_server_while_in_error_state): 200 GET http://10.180.1.21/compute/v2.1/servers/0ecb57e8-e85e-4dc2-a00b-59ec86d1c6ee 0.056s
2024-12-11 06:07:22.757 65919 INFO tempest.lib.common.rest_client [req-bd510ff5-06ae-4c47-9f88-454c2733a48c req-bd510ff5-06ae-4c47-9f88-454c2733a48c ] Request (ServerDiagnosticsNegativeTest:tearDownClass): 204 DELETE http://10.180.1.21/identity/v3/users/f8da21c640724b79a1c59ccb1d24b3a7 0.088s
2024-12-11 06:07:22.757 65919 INFO tempest.lib.common.dynamic_creds [-] Deleting project and security group for project: 3bf63ef30b6d46b49c68b36da4a85319
2024-12-11 06:07:22.772 65949 INFO tempest.lib.common.rest_client [req-7501df5f-79ca-4dea-b41f-41dc267aa059 req-7501df5f-79ca-4dea-b41f-41dc267aa059 ] Request (ListServersNegativeTestJSON:tearDownClass): 200 GET http://10.180.1.21/compute/v2.1/servers/155f172d-43df-4a99-9e15-c2f506cf2992 0.056s
2024-12-11 06:07:22.810 65919 INFO tempest.lib.common.rest_client [req-444b3580-2605-48be-98eb-744bf5578f6b req-444b3580-2605-48be-98eb-744bf5578f6b ] Request (ServerDiagnosticsNegativeTest:tearDownClass): 201 POST http://10.180.1.21/identity/v3/auth/tokens 0.052s
2024-12-11 06:07:22.818 65925 INFO tempest.lib.common.rest_client [req-e3c45210-36bc-4e46-b5e0-c5b9ff301ab1 req-e3c45210-36bc-4e46-b5e0-c5b9ff301ab1 ] Request (ImagesOneServerTestJSON:setUpClass): 200 GET http://10.180.1.21/compute/v2.1/servers/2a346945-3e97-4da8-aa48-3e39577d63d7 0.061s
2024-12-11 06:07:22.886 65919 INFO tempest.lib.common.rest_client [req-ae110fcd-3d39-4248-9d3a-e28e178de264 req-ae110fcd-3d39-4248-9d3a-e28e178de264 ] Request (ServerDiagnosticsNegativeTest:tearDownClass): 200 GET http://10.180.1.21:9696/networking/v2.0/security-groups?tenant_id=3bf63ef30b6d46b49c68b36da4a85319&name=default 0.076s
2024-12-11 06:07:22.890 65943 INFO tempest.lib.common.rest_client [req-fcb9a471-0e9c-4c7c-9550-23c64a592e16 req-fcb9a471-0e9c-4c7c-9550-23c64a592e16 ] Request (ServersTestMultiNic:_run_cleanups): 200 GET http://10.180.1.21/compute/v2.1/servers/8803ecc6-1ec3-44ae-ad17-5e84887a28c6 0.058s
2024-12-11 06:07:22.972 65919 INFO tempest.lib.common.rest_client [req-ba488680-7c51-45c9-abb2-2ad3d49a4a4c req-ba488680-7c51-45c9-abb2-2ad3d49a4a4c ] Request (ServerDiagnosticsNegativeTest:tearDownClass): 204 DELETE http://10.180.1.21:9696/networking/v2.0/security-groups/0499b452-784f-4327-9917-fcc15f4c68f0 0.085s
2024-12-11 06:07:22.979 65911 INFO tempest.lib.common.rest_client [req-0d1eaafe-6a2d-41a9-a90b-5cef28331565 req-0d1eaafe-6a2d-41a9-a90b-5cef28331565 ] Request (ImagesTestJSON:test_create_image_from_stopped_server): 200 GET http://10.180.1.21/compute/v2.1/servers/f92d2e93-49ac-4bf3-958c-a4bb1bf5e211 0.064s
2024-12-11 06:07:23.034 65919 INFO tempest.lib.common.rest_client [req-1ca7f3c6-6819-4242-b75b-8f477d9a4dd3 req-1ca7f3c6-6819-4242-b75b-8f477d9a4dd3 ] Request (ServerDiagnosticsNegativeTest:tearDownClass): 204 DELETE http://10.180.1.21/identity/v3/projects/3bf63ef30b6d46b49c68b36da4a85319 0.061s
2024-12-11 06:07:23.034 65919 INFO tempest.lib.common.dynamic_creds [-] Deleting project and security group for project: d6dee71cfc9c4d2a917b5e56ac189422
2024-12-11 06:07:23.035 65931 INFO tempest.lib.common.rest_client [req-bdd690da-4ec2-4dc0-9dc3-73a47513d472 req-bdd690da-4ec2-4dc0-9dc3-73a47513d472 ] Request (ServersAdminNegativeTestJSON:setUpClass): 200 GET http://10.180.1.21/compute/v2.1/servers/38ecc6a5-b3ae-4f3d-a7a4-6768d2abda77 0.065s
2024-12-11 06:07:23.104 65927 INFO tempest.lib.common.rest_client [req-a567a78d-72a4-47be-b62f-f91a90871fdc req-a567a78d-72a4-47be-b62f-f91a90871fdc ] Request (AttachInterfacesV270Test:test_create_get_list_interfaces): 400 POST http://10.180.1.21/compute/v2.1/servers/4355b227-9b2e-474b-8970-bcbd2a345993/os-interface 3.131s
2024-12-11 06:07:23.132 65913 INFO tempest.lib.common.rest_client [req-bbcf5c61-ae69-47c4-8c00-58bea4378024 req-bbcf5c61-ae69-47c4-8c00-58bea4378024 ] Request (ServersTestFqdnHostnames:test_create_server_with_fqdn_name): 200 GET http://10.180.1.21/compute/v2.1/servers/0276f97e-e204-4b03-bf33-dd991cd0169e 0.115s
2024-12-11 06:07:23.157 65919 INFO tempest.lib.common.rest_client [req-e3da4831-98d3-4c4b-88fe-5d53e0f0a033 req-e3da4831-98d3-4c4b-88fe-5d53e0f0a033 ] Request (ServerDiagnosticsNegativeTest:tearDownClass): 200 GET http://10.180.1.21:9696/networking/v2.0/security-groups?tenant_id=d6dee71cfc9c4d2a917b5e56ac189422&name=default 0.122s
2024-12-11 06:07:23.196 65927 INFO tempest.lib.common.rest_client [req-0eb579ca-b7f8-43fd-9f9c-aab0314c4aab req-0eb579ca-b7f8-43fd-9f9c-aab0314c4aab ] Request (AttachInterfacesV270Test:tearDownClass): 204 DELETE http://10.180.1.21/compute/v2.1/servers/4355b227-9b2e-474b-8970-bcbd2a345993 0.089s
2024-12-11 06:07:23.224 65919 INFO tempest.lib.common.rest_client [req-e8d53eec-cce8-43e7-9dac-311c2cc0b338 req-e8d53eec-cce8-43e7-9dac-311c2cc0b338 ] Request (ServerDiagnosticsNegativeTest:tearDownClass): 204 DELETE http://10.180.1.21:9696/networking/v2.0/security-groups/9ff059f0-36fc-4f7f-b95f-ee654a04a2de 0.067s
2024-12-11 06:07:23.326 65919 INFO tempest.lib.common.rest_client [req-8734c8fb-d1c0-4163-85f4-d5caf2530194 req-8734c8fb-d1c0-4163-85f4-d5caf2530194 ] Request (ServerDiagnosticsNegativeTest:tearDownClass): 204 DELETE http://10.180.1.21/identity/v3/projects/d6dee71cfc9c4d2a917b5e56ac189422 0.102s
2024-12-11 06:07:23.339 65927 INFO tempest.lib.common.rest_client [req-610b6bb6-418f-43ee-b2cc-e6b6bf38f4f2 req-610b6bb6-418f-43ee-b2cc-e6b6bf38f4f2 ] Request (AttachInterfacesV270Test:tearDownClass): 200 GET http://10.180.1.21/compute/v2.1/servers/4355b227-9b2e-474b-8970-bcbd2a345993 0.143s
2024-12-11 06:07:23.374 65945 INFO tempest.lib.common.rest_client [req-0d77abc8-9b67-4ab6-a031-8436a01bbfa5 req-0d77abc8-9b67-4ab6-a031-8436a01bbfa5 ] Request (ListImageFiltersTestJSON:setUpClass): 200 GET http://10.180.1.21/compute/v2.1/servers/eb10fc88-0e81-4b32-8c3a-5c311a642519 0.101s
2024-12-11 06:07:23.386 65919 INFO tempest.lib.common.rest_client [req-70d8c466-ad08-41ad-96b3-ae92c1ecaa67 req-70d8c466-ad08-41ad-96b3-ae92c1ecaa67 ] Request (InstanceActionsV221TestJSON:setUpClass): 201 POST http://10.180.1.21/identity/v3/auth/tokens 0.058s
2024-12-11 06:07:23.387 65921 INFO tempest.lib.common.rest_client [req-cd8f6306-c821-4e49-81cc-20dd3521d815 req-cd8f6306-c821-4e49-81cc-20dd3521d815 ] Request (ServerActionsV293TestJSON:setUpClass): 200 GET http://10.180.1.21/compute/v2.1/servers/bb27b6c8-05d4-46d1-903c-191336a3a6d5 0.060s
2024-12-11 06:07:23.412 65919 INFO tempest.lib.common.rest_client [req-a432f04b-e65b-41d8-90d0-1e27fba7fee8 req-a432f04b-e65b-41d8-90d0-1e27fba7fee8 ] Request (InstanceActionsV221TestJSON:setUpClass): 201 POST http://10.180.1.21/identity/v3/auth/tokens 0.024s
2024-12-11 06:07:23.417 65935 INFO tempest.lib.common.rest_client [req-fa8b8a76-56c9-40e1-be1c-65e228f27ad7 req-fa8b8a76-56c9-40e1-be1c-65e228f27ad7 ] Request (ServersAdminTestJSON:test_create_server_with_scheduling_hint): 200 GET http://10.180.1.21/compute/v2.1/servers/29592c2d-d44d-4ca1-be06-ae96a1261f1b 0.052s
2024-12-11 06:07:23.435 65919 INFO tempest.lib.common.rest_client [req-e89b2b50-4ff7-4c1f-9917-fe3490e4852c req-e89b2b50-4ff7-4c1f-9917-fe3490e4852c ] Request (InstanceActionsV221TestJSON:setUpClass): 200 GET http://10.180.1.21/identity/v3/domains?name=Default 0.022s
2024-12-11 06:07:23.462 65919 INFO tempest.lib.common.rest_client [req-b103d963-bf26-4a7d-b00a-a89eb1e211b8 req-b103d963-bf26-4a7d-b00a-a89eb1e211b8 ] Request (InstanceActionsV221TestJSON:setUpClass): 201 POST http://10.180.1.21/identity/v3/projects 0.026s
2024-12-11 06:07:23.475 65903 INFO tempest.lib.common.rest_client [req-b91e268d-7ab9-44db-8f88-a83e6ab36099 req-b91e268d-7ab9-44db-8f88-a83e6ab36099 ] Request (ServerMetadataNegativeTestJSON:tearDownClass): 200 GET http://10.180.1.21/compute/v2.1/servers/12cd5513-01c6-4bd2-9f14-0bf3f14f666c 0.059s
2024-12-11 06:07:23.508 65933 INFO tempest.lib.common.rest_client [req-7c00c350-186f-4cd9-958e-3c1bc40f645b req-7c00c350-186f-4cd9-958e-3c1bc40f645b ] Request (FloatingIPsAssociationNegativeTestJSON:setUpClass): 200 GET http://10.180.1.21/compute/v2.1/servers/fd095ef5-5d7e-43a8-9bf7-64d8a5b13d4a 0.050s
2024-12-11 06:07:23.516 65919 INFO tempest.lib.common.rest_client [req-bff4bcff-ae94-4a7c-9a3f-e76848a38f66 req-bff4bcff-ae94-4a7c-9a3f-e76848a38f66 ] Request (InstanceActionsV221TestJSON:setUpClass): 201 POST http://10.180.1.21/identity/v3/users 0.053s
2024-12-11 06:07:23.539 65919 INFO tempest.lib.common.rest_client [req-60dd4629-71d6-4fa7-b7ed-a54e2eb4f3f7 req-60dd4629-71d6-4fa7-b7ed-a54e2eb4f3f7 ] Request (InstanceActionsV221TestJSON:setUpClass): 200 GET http://10.180.1.21/identity/v3/roles 0.022s
2024-12-11 06:07:23.550 65923 INFO tempest.lib.common.rest_client [req-c1dbdeb1-d8f1-4026-b0cf-172441bf1329 req-c1dbdeb1-d8f1-4026-b0cf-172441bf1329 ] Request (ServersTestBootFromVolume:setUpClass): 200 GET http://10.180.1.21/volume/v3/volumes/78efef75-b933-486c-908e-af679048ab6d 0.031s
2024-12-11 06:07:23.552 65897 INFO tempest.lib.common.rest_client [req-0effed98-6f2b-4099-a485-52821851b9a3 req-0effed98-6f2b-4099-a485-52821851b9a3 ] Request (SecurityGroupsTestJSON:test_list_security_groups_by_server): 200 GET http://10.180.1.21/compute/v2.1/servers/cb1bba98-24b6-443d-92c9-59640cf53754 0.054s
2024-12-11 06:07:23.571 65919 INFO tempest.lib.common.rest_client [req-c04c9d24-9cd3-4907-942d-4ad88fa99184 req-c04c9d24-9cd3-4907-942d-4ad88fa99184 ] Request (InstanceActionsV221TestJSON:setUpClass): 204 PUT http://10.180.1.21/identity/v3/projects/76fec005e63646638d8958dec5350cd9/users/7993ca667fb041db9101f8751744e9c8/roles/edaae9a98dfc4695835830d6de0a2846 0.032s
2024-12-11 06:07:23.571 65919 INFO tempest.lib.common.dynamic_creds [-] Dynamic test user 7993ca667fb041db9101f8751744e9c8 is created with scope project and roles: ['member']
2024-12-11 06:07:23.571 65919 INFO tempest.lib.common.dynamic_creds [-] Acquired dynamic creds: credentials: Credentials: {'domain_id': 'default', 'domain_name': 'Default', 'username': 'tempest-InstanceActionsV221TestJSON-384153562-project-member', 'project_domain_id': 'default', 'project_domain_name': 'Default', 'project_id': '76fec005e63646638d8958dec5350cd9', 'project_name': 'tempest-InstanceActionsV221TestJSON-384153562', 'tenant_id': '76fec005e63646638d8958dec5350cd9', 'tenant_name': 'tempest-InstanceActionsV221TestJSON-384153562', 'user_domain_id': 'default', 'user_domain_name': 'Default', 'user_id': '7993ca667fb041db9101f8751744e9c8', 'system': None}, Network: None, Subnet: None, Router: None
2024-12-11 06:07:23.609 65907 INFO tempest.lib.common.rest_client [req-39fc0265-9f89-4989-88ac-7da70b4e9184 req-39fc0265-9f89-4989-88ac-7da70b4e9184 ] Request (ServerExternalEventsTest:test_create_server_external_events): 200 GET http://10.180.1.21/compute/v2.1/servers/e0cbc984-001d-4462-a111-769871370940 0.068s
2024-12-11 06:07:23.629 65919 INFO tempest.lib.common.rest_client [req-0f499958-680a-4d28-969a-3e9043b12746 req-0f499958-680a-4d28-969a-3e9043b12746 ] Request (InstanceActionsV221TestJSON:setUpClass): 201 POST http://10.180.1.21/identity/v3/auth/tokens 0.057s
2024-12-11 06:07:23.632 65953 INFO tempest.lib.common.rest_client [req-a2b36b7c-cadf-4af0-bbdd-fd8a73096293 req-a2b36b7c-cadf-4af0-bbdd-fd8a73096293 ] Request (FloatingIPsAssociationTestJSON:test_associate_already_associated_floating_ip): 200 GET http://10.180.1.21/compute/v2.1/servers/f1ffb50c-6d1f-407a-94a2-cd1fd55299f9 0.050s
2024-12-11 06:07:23.729 65909 INFO tempest.lib.common.rest_client [req-f748837e-85d3-4f93-b3a8-b76530289e90 req-f748837e-85d3-4f93-b3a8-b76530289e90 ] Request (ServerMetadataTestJSON:setUpClass): 200 GET http://10.180.1.21/compute/v2.1/servers/c82fd8ca-e2fb-4a55-ad87-6727ea7009ae 0.057s
2024-12-11 06:07:23.754 65939 WARNING tempest.lib.common.ssh [-] Failed to establish authenticated ssh connection to cirros@10.180.180.155 ([Errno None] Unable to connect to port 22 on 10.180.180.155). Number attempts: 7. Retry after 8 seconds.: paramiko.ssh_exception.NoValidConnectionsError: [Errno None] Unable to connect to port 22 on 10.180.180.155
2024-12-11 06:07:23.797 65899 INFO tempest.lib.common.rest_client [req-0bc51226-2285-430e-a6b9-495a510808dc req-0bc51226-2285-430e-a6b9-495a510808dc ] Request (DeleteServersAdminTestJSON:test_delete_server_while_in_error_state): 200 GET http://10.180.1.21/compute/v2.1/servers/0ecb57e8-e85e-4dc2-a00b-59ec86d1c6ee 0.065s
2024-12-11 06:07:23.858 65949 INFO tempest.lib.common.rest_client [req-d02a4219-27c3-4d61-b13c-5797ff32d64c req-d02a4219-27c3-4d61-b13c-5797ff32d64c ] Request (ListServersNegativeTestJSON:tearDownClass): 200 GET http://10.180.1.21/compute/v2.1/servers/155f172d-43df-4a99-9e15-c2f506cf2992 0.079s
2024-12-11 06:07:23.885 65919 INFO tempest.lib.common.rest_client [req-7bd00e61-39e7-44d2-9b5c-944961f4a8a3 req-7bd00e61-39e7-44d2-9b5c-944961f4a8a3 ] Request (InstanceActionsV221TestJSON:setUpClass): 201 POST http://10.180.1.21:9696/networking/v2.0/networks 0.255s
2024-12-11 06:07:23.889 65925 INFO tempest.lib.common.rest_client [req-a644abde-fb87-4217-84c1-9a97615a65e2 req-a644abde-fb87-4217-84c1-9a97615a65e2 ] Request (ImagesOneServerTestJSON:setUpClass): 200 GET http://10.180.1.21/compute/v2.1/servers/2a346945-3e97-4da8-aa48-3e39577d63d7 0.063s
2024-12-11 06:07:23.963 65943 INFO tempest.lib.common.rest_client [req-cec1cedd-321d-49a4-97ec-ec80b8cde75e req-cec1cedd-321d-49a4-97ec-ec80b8cde75e ] Request (ServersTestMultiNic:_run_cleanups): 200 GET http://10.180.1.21/compute/v2.1/servers/8803ecc6-1ec3-44ae-ad17-5e84887a28c6 0.066s
2024-12-11 06:07:24.045 65911 INFO tempest.lib.common.rest_client [req-734e90ad-fcf6-44ca-a8bf-454fdb28e44c req-734e90ad-fcf6-44ca-a8bf-454fdb28e44c ] Request (ImagesTestJSON:test_create_image_from_stopped_server): 200 GET http://10.180.1.21/compute/v2.1/servers/f92d2e93-49ac-4bf3-958c-a4bb1bf5e211 0.058s
2024-12-11 06:07:24.050 65919 INFO tempest.lib.common.rest_client [req-4d32fc74-c0a3-4198-87d0-ca2e3eef633b req-4d32fc74-c0a3-4198-87d0-ca2e3eef633b ] Request (InstanceActionsV221TestJSON:setUpClass): 201 POST http://10.180.1.21:9696/networking/v2.0/subnets 0.163s
2024-12-11 06:07:24.074 65901 WARNING tempest.lib.common.ssh [-] Failed to establish authenticated ssh connection to cirros@10.180.180.197 ([Errno None] Unable to connect to port 22 on 10.180.180.197). Number attempts: 7. Retry after 8 seconds.: paramiko.ssh_exception.NoValidConnectionsError: [Errno None] Unable to connect to port 22 on 10.180.180.197
2024-12-11 06:07:24.091 65931 INFO tempest.lib.common.rest_client [req-b3288fe1-a651-4440-9c33-a98c09b438dd req-b3288fe1-a651-4440-9c33-a98c09b438dd ] Request (ServersAdminNegativeTestJSON:setUpClass): 200 GET http://10.180.1.21/compute/v2.1/servers/38ecc6a5-b3ae-4f3d-a7a4-6768d2abda77 0.048s
2024-12-11 06:07:24.199 65913 INFO tempest.lib.common.rest_client [req-cb83e480-5db2-46c6-b2db-adc1b58a62e8 req-cb83e480-5db2-46c6-b2db-adc1b58a62e8 ] Request (ServersTestFqdnHostnames:test_create_server_with_fqdn_name): 200 GET http://10.180.1.21/compute/v2.1/servers/0276f97e-e204-4b03-bf33-dd991cd0169e 0.059s
2024-12-11 06:07:24.459 65957 WARNING tempest.lib.common.ssh [-] Failed to establish authenticated ssh connection to cirros@10.180.180.249 ([Errno None] Unable to connect to port 22 on 10.180.180.249). Number attempts: 7. Retry after 8 seconds.: paramiko.ssh_exception.NoValidConnectionsError: [Errno None] Unable to connect to port 22 on 10.180.180.249
2024-12-11 06:07:24.484 65927 INFO tempest.lib.common.rest_client [req-68e1c510-eb20-494e-8e7d-524191037b1e req-68e1c510-eb20-494e-8e7d-524191037b1e ] Request (AttachInterfacesV270Test:tearDownClass): 200 GET http://10.180.1.21/compute/v2.1/servers/4355b227-9b2e-474b-8970-bcbd2a345993 0.135s
2024-12-11 06:07:24.523 65945 INFO tempest.lib.common.rest_client [req-20696e04-e69d-470c-ba65-af41dd72d846 req-20696e04-e69d-470c-ba65-af41dd72d846 ] Request (ListImageFiltersTestJSON:setUpClass): 200 GET http://10.180.1.21/compute/v2.1/servers/eb10fc88-0e81-4b32-8c3a-5c311a642519 0.140s
2024-12-11 06:07:24.539 65921 INFO tempest.lib.common.rest_client [req-0658cb49-e7b5-41f8-a508-e5c9cd8fb145 req-0658cb49-e7b5-41f8-a508-e5c9cd8fb145 ] Request (ServerActionsV293TestJSON:setUpClass): 200 GET http://10.180.1.21/compute/v2.1/servers/bb27b6c8-05d4-46d1-903c-191336a3a6d5 0.143s
2024-12-11 06:07:24.587 65935 INFO tempest.lib.common.rest_client [req-57550909-4c72-4598-b407-171f1f04b0e0 req-57550909-4c72-4598-b407-171f1f04b0e0 ] Request (ServersAdminTestJSON:test_create_server_with_scheduling_hint): 200 GET http://10.180.1.21/compute/v2.1/servers/29592c2d-d44d-4ca1-be06-ae96a1261f1b 0.164s
2024-12-11 06:07:24.590 65923 INFO tempest.lib.common.rest_client [req-10a3cc2e-ec11-4f94-97c8-190774d8aad9 req-10a3cc2e-ec11-4f94-97c8-190774d8aad9 ] Request (ServersTestBootFromVolume:setUpClass): 200 GET http://10.180.1.21/volume/v3/volumes/78efef75-b933-486c-908e-af679048ab6d 0.033s
2024-12-11 06:07:24.606 65903 INFO tempest.lib.common.rest_client [req-506bec12-606a-4080-a4dd-a994e15a43a5 req-506bec12-606a-4080-a4dd-a994e15a43a5 ] Request (ServerMetadataNegativeTestJSON:tearDownClass): 200 GET http://10.180.1.21/compute/v2.1/servers/12cd5513-01c6-4bd2-9f14-0bf3f14f666c 0.124s
2024-12-11 06:07:24.648 65933 INFO tempest.lib.common.rest_client [req-fce3f52b-2a02-4f41-8dcf-d8fa4db11cc9 req-fce3f52b-2a02-4f41-8dcf-d8fa4db11cc9 ] Request (FloatingIPsAssociationNegativeTestJSON:setUpClass): 200 GET http://10.180.1.21/compute/v2.1/servers/fd095ef5-5d7e-43a8-9bf7-64d8a5b13d4a 0.131s
2024-12-11 06:07:24.656 65897 INFO tempest.lib.common.rest_client [req-ec812de1-9da1-41bc-b0db-0e750e864282 req-ec812de1-9da1-41bc-b0db-0e750e864282 ] Request (SecurityGroupsTestJSON:test_list_security_groups_by_server): 200 GET http://10.180.1.21/compute/v2.1/servers/cb1bba98-24b6-443d-92c9-59640cf53754 0.094s
2024-12-11 06:07:24.706 65953 INFO tempest.lib.common.rest_client [req-b4b48209-246e-4cab-9632-4324ba4cab4e req-b4b48209-246e-4cab-9632-4324ba4cab4e ] Request (FloatingIPsAssociationTestJSON:test_associate_already_associated_floating_ip): 200 GET http://10.180.1.21/compute/v2.1/servers/f1ffb50c-6d1f-407a-94a2-cd1fd55299f9 0.066s
2024-12-11 06:07:24.713 65907 INFO tempest.lib.common.rest_client [req-e400e635-a24e-4e61-996e-f1fe89a94340 req-e400e635-a24e-4e61-996e-f1fe89a94340 ] Request (ServerExternalEventsTest:test_create_server_external_events): 200 GET http://10.180.1.21/compute/v2.1/servers/e0cbc984-001d-4462-a111-769871370940 0.097s
2024-12-11 06:07:24.745 65919 INFO tempest.lib.common.rest_client [req-d12c8cd1-b1f7-44c2-bf69-aa040ded4125 req-d12c8cd1-b1f7-44c2-bf69-aa040ded4125 ] Request (InstanceActionsV221TestJSON:setUpClass): 201 POST http://10.180.1.21:9696/networking/v2.0/routers 0.695s
2024-12-11 06:07:24.789 65909 INFO tempest.lib.common.rest_client [req-027d7012-0a26-423b-b278-03f0ee78b91e req-027d7012-0a26-423b-b278-03f0ee78b91e ] Request (ServerMetadataTestJSON:setUpClass): 200 GET http://10.180.1.21/compute/v2.1/servers/c82fd8ca-e2fb-4a55-ad87-6727ea7009ae 0.052s
2024-12-11 06:07:24.882 65899 INFO tempest.lib.common.rest_client [req-01545fab-07bb-4e8c-af87-07ceeb0ed5cf req-01545fab-07bb-4e8c-af87-07ceeb0ed5cf ] Request (DeleteServersAdminTestJSON:test_delete_server_while_in_error_state): 200 GET http://10.180.1.21/compute/v2.1/servers/0ecb57e8-e85e-4dc2-a00b-59ec86d1c6ee 0.075s
2024-12-11 06:07:24.944 65949 INFO tempest.lib.common.rest_client [req-70b2b8c1-ad32-421f-8b2e-ab9deedefcbe req-70b2b8c1-ad32-421f-8b2e-ab9deedefcbe ] Request (ListServersNegativeTestJSON:tearDownClass): 200 GET http://10.180.1.21/compute/v2.1/servers/155f172d-43df-4a99-9e15-c2f506cf2992 0.075s
2024-12-11 06:07:24.960 65925 INFO tempest.lib.common.rest_client [req-d0768d50-8776-4147-877c-dad2a4976c72 req-d0768d50-8776-4147-877c-dad2a4976c72 ] Request (ImagesOneServerTestJSON:setUpClass): 200 GET http://10.180.1.21/compute/v2.1/servers/2a346945-3e97-4da8-aa48-3e39577d63d7 0.062s
2024-12-11 06:07:25.060 65943 INFO tempest.lib.common.rest_client [req-de37083a-7c00-4ec0-96c6-ee4065f8d218 req-de37083a-7c00-4ec0-96c6-ee4065f8d218 ] Request (ServersTestMultiNic:_run_cleanups): 200 GET http://10.180.1.21/compute/v2.1/servers/8803ecc6-1ec3-44ae-ad17-5e84887a28c6 0.090s
2024-12-11 06:07:25.113 65911 INFO tempest.lib.common.rest_client [req-de44b5ab-f11a-4030-ad0f-03983828c1a2 req-de44b5ab-f11a-4030-ad0f-03983828c1a2 ] Request (ImagesTestJSON:test_create_image_from_stopped_server): 200 GET http://10.180.1.21/compute/v2.1/servers/f92d2e93-49ac-4bf3-958c-a4bb1bf5e211 0.061s
2024-12-11 06:07:25.162 65931 INFO tempest.lib.common.rest_client [req-ef2e1bf4-5de7-4e57-9716-605ee100fe59 req-ef2e1bf4-5de7-4e57-9716-605ee100fe59 ] Request (ServersAdminNegativeTestJSON:setUpClass): 200 GET http://10.180.1.21/compute/v2.1/servers/38ecc6a5-b3ae-4f3d-a7a4-6768d2abda77 0.063s
2024-12-11 06:07:25.168 65931 INFO tempest.common.waiters [-] State transition "BUILD/None" ==> "BUILD/networking" after 46 second wait
2024-12-11 06:07:25.226 65917 WARNING tempest.lib.common.ssh [-] Failed to establish authenticated ssh connection to cirros@10.180.180.165 ([Errno None] Unable to connect to port 22 on 10.180.180.165). Number attempts: 4. Retry after 5 seconds.: paramiko.ssh_exception.NoValidConnectionsError: [Errno None] Unable to connect to port 22 on 10.180.180.165
2024-12-11 06:07:25.272 65913 INFO tempest.lib.common.rest_client [req-449e91d4-59a1-4a08-b275-70964e2a8856 req-449e91d4-59a1-4a08-b275-70964e2a8856 ] Request (ServersTestFqdnHostnames:test_create_server_with_fqdn_name): 200 GET http://10.180.1.21/compute/v2.1/servers/0276f97e-e204-4b03-bf33-dd991cd0169e 0.063s
2024-12-11 06:07:25.630 65923 INFO tempest.lib.common.rest_client [req-3e005b44-4c2b-49c6-9fb2-ce3212619ba0 req-3e005b44-4c2b-49c6-9fb2-ce3212619ba0 ] Request (ServersTestBootFromVolume:setUpClass): 200 GET http://10.180.1.21/volume/v3/volumes/78efef75-b933-486c-908e-af679048ab6d 0.033s
2024-12-11 06:07:25.640 65927 INFO tempest.lib.common.rest_client [req-3e254b86-810e-44cb-85ea-04796ea0ee85 req-3e254b86-810e-44cb-85ea-04796ea0ee85 ] Request (AttachInterfacesV270Test:tearDownClass): 200 GET http://10.180.1.21/compute/v2.1/servers/4355b227-9b2e-474b-8970-bcbd2a345993 0.146s
2024-12-11 06:07:25.720 65921 INFO tempest.lib.common.rest_client [req-b4808386-56ba-45db-9acb-209f85aa4e34 req-b4808386-56ba-45db-9acb-209f85aa4e34 ] Request (ServerActionsV293TestJSON:setUpClass): 200 GET http://10.180.1.21/compute/v2.1/servers/bb27b6c8-05d4-46d1-903c-191336a3a6d5 0.173s
2024-12-11 06:07:25.780 65935 INFO tempest.lib.common.rest_client [req-7a6408d5-985e-4b43-967a-3c7421741a56 req-7a6408d5-985e-4b43-967a-3c7421741a56 ] Request (ServersAdminTestJSON:test_create_server_with_scheduling_hint): 200 GET http://10.180.1.21/compute/v2.1/servers/29592c2d-d44d-4ca1-be06-ae96a1261f1b 0.184s
2024-12-11 06:07:25.837 65903 INFO tempest.lib.common.rest_client [req-43823eb5-6e98-4124-96dd-9fead2c13ac6 req-43823eb5-6e98-4124-96dd-9fead2c13ac6 ] Request (ServerMetadataNegativeTestJSON:tearDownClass): 200 GET http://10.180.1.21/compute/v2.1/servers/12cd5513-01c6-4bd2-9f14-0bf3f14f666c 0.223s
2024-12-11 06:07:25.905 65945 INFO tempest.lib.common.rest_client [req-f8f65b85-3432-4214-8fce-737104138a38 req-f8f65b85-3432-4214-8fce-737104138a38 ] Request (ListImageFiltersTestJSON:setUpClass): 200 GET http://10.180.1.21/compute/v2.1/servers/eb10fc88-0e81-4b32-8c3a-5c311a642519 0.375s
2024-12-11 06:07:25.914 65933 INFO tempest.lib.common.rest_client [req-e4ac3d04-2dd7-4b66-abe5-e364da2e5fff req-e4ac3d04-2dd7-4b66-abe5-e364da2e5fff ] Request (FloatingIPsAssociationNegativeTestJSON:setUpClass): 200 GET http://10.180.1.21/compute/v2.1/servers/fd095ef5-5d7e-43a8-9bf7-64d8a5b13d4a 0.259s
2024-12-11 06:07:25.971 65897 INFO tempest.lib.common.rest_client [req-20644bea-4934-4137-9a03-6694fe228143 req-20644bea-4934-4137-9a03-6694fe228143 ] Request (SecurityGroupsTestJSON:test_list_security_groups_by_server): 200 GET http://10.180.1.21/compute/v2.1/servers/cb1bba98-24b6-443d-92c9-59640cf53754 0.302s
2024-12-11 06:07:25.982 65953 INFO tempest.lib.common.rest_client [req-944c9ccb-12af-4ef2-a6fd-9a75573654d8 req-944c9ccb-12af-4ef2-a6fd-9a75573654d8 ] Request (FloatingIPsAssociationTestJSON:test_associate_already_associated_floating_ip): 200 GET http://10.180.1.21/compute/v2.1/servers/f1ffb50c-6d1f-407a-94a2-cd1fd55299f9 0.264s
2024-12-11 06:07:25.983 65919 INFO tempest.lib.common.rest_client [req-ee919143-0cb5-4f18-bd48-68bbe7c1b0ee req-ee919143-0cb5-4f18-bd48-68bbe7c1b0ee ] Request (InstanceActionsV221TestJSON:setUpClass): 200 PUT http://10.180.1.21:9696/networking/v2.0/routers/72ec4ad8-a0eb-4d7d-9d18-01b42bf2ac36/add_router_interface 1.237s
2024-12-11 06:07:25.983 65919 INFO tempest.lib.common.dynamic_creds [-] Created isolated network resources for: credentials: Credentials: {'domain_id': 'default', 'domain_name': 'Default', 'username': 'tempest-InstanceActionsV221TestJSON-384153562-project-member', 'project_domain_id': 'default', 'project_domain_name': 'Default', 'project_id': '76fec005e63646638d8958dec5350cd9', 'project_name': 'tempest-InstanceActionsV221TestJSON-384153562', 'tenant_id': '76fec005e63646638d8958dec5350cd9', 'tenant_name': 'tempest-InstanceActionsV221TestJSON-384153562', 'user_domain_id': 'default', 'user_domain_name': 'Default', 'user_id': '7993ca667fb041db9101f8751744e9c8', 'system': None}, Network: {'id': '60624784-0e97-4072-999c-7ca4469bf171', 'name': 'tempest-InstanceActionsV221TestJSON-973952814-network', 'tenant_id': '76fec005e63646638d8958dec5350cd9', 'admin_state_up': True, 'mtu': 8950, 'status': 'ACTIVE', 'subnets': [], 'shared': False, 'project_id': '76fec005e63646638d8958dec5350cd9', 'port_security_enabled': True, 'router:external': False, 'provider:network_type': 'vlan', 'provider:physical_network': 'default', 'provider:segmentation_id': 208, 'availability_zone_hints': [], 'availability_zones': [], 'ipv4_address_scope': None, 'ipv6_address_scope': None, 'description': '', 'tags': [], 'created_at': '2024-12-11T06:07:23Z', 'updated_at': '2024-12-11T06:07:23Z', 'revision_number': 1}, Subnet: {'id': 'cabf87bd-fa8f-427b-9a11-692b041fcaf7', 'name': 'tempest-InstanceActionsV221TestJSON-973952814-subnet', 'tenant_id': '76fec005e63646638d8958dec5350cd9', 'network_id': '60624784-0e97-4072-999c-7ca4469bf171', 'ip_version': 4, 'subnetpool_id': None, 'enable_dhcp': True, 'ipv6_ra_mode': None, 'ipv6_address_mode': None, 'gateway_ip': '192.168.128.1', 'cidr': '192.168.128.0/28', 'allocation_pools': [{'start': '192.168.128.2', 'end': '192.168.128.14'}], 'host_routes': [], 'dns_nameservers': [], 'description': '', 'router:external': False, 'service_types': [], 'tags': [], 'created_at': '2024-12-11T06:07:23Z', 'updated_at': '2024-12-11T06:07:23Z', 'revision_number': 0, 'project_id': '76fec005e63646638d8958dec5350cd9'}, Router: {'id': '72ec4ad8-a0eb-4d7d-9d18-01b42bf2ac36', 'name': 'tempest-InstanceActionsV221TestJSON-973952814-router', 'tenant_id': '76fec005e63646638d8958dec5350cd9', 'admin_state_up': True, 'status': 'ACTIVE', 'external_gateway_info': {'network_id': 'dc174373-7e35-43fb-8a8d-364b1360ed2b', 'external_fixed_ips': [{'subnet_id': '35b39172-b1d5-4338-a23d-2b71ee3e57f2', 'ip_address': '10.180.180.237'}], 'enable_snat': True}, 'description': '', 'availability_zones': [], 'distributed': False, 'ha': False, 'availability_zone_hints': [], 'routes': [], 'flavor_id': None, 'tags': [], 'created_at': '2024-12-11T06:07:24Z', 'updated_at': '2024-12-11T06:07:24Z', 'revision_number': 2, 'project_id': '76fec005e63646638d8958dec5350cd9'}
2024-12-11 06:07:26.025 65907 INFO tempest.lib.common.rest_client [req-88e183d6-c10d-4339-91a2-9a29e2c4fd90 req-88e183d6-c10d-4339-91a2-9a29e2c4fd90 ] Request (ServerExternalEventsTest:test_create_server_external_events): 200 GET http://10.180.1.21/compute/v2.1/servers/e0cbc984-001d-4462-a111-769871370940 0.301s
2024-12-11 06:07:26.033 65909 INFO tempest.lib.common.rest_client [req-00efdafe-86c8-402b-a3e4-a356af4a613c req-00efdafe-86c8-402b-a3e4-a356af4a613c ] Request (ServerMetadataTestJSON:setUpClass): 200 GET http://10.180.1.21/compute/v2.1/servers/c82fd8ca-e2fb-4a55-ad87-6727ea7009ae 0.236s
2024-12-11 06:07:26.069 65919 INFO tempest.lib.common.rest_client [req-a1071692-b6ea-4645-a7ce-ff393ff58341 req-a1071692-b6ea-4645-a7ce-ff393ff58341 ] Request (InstanceActionsV221TestJSON:setUpClass): 201 POST http://10.180.1.21/identity/v3/auth/tokens 0.082s
2024-12-11 06:07:26.084 65899 INFO tempest.lib.common.rest_client [req-4f02b696-1d38-4eca-8132-6a78bde108d9 req-4f02b696-1d38-4eca-8132-6a78bde108d9 ] Request (DeleteServersAdminTestJSON:test_delete_server_while_in_error_state): 200 GET http://10.180.1.21/compute/v2.1/servers/0ecb57e8-e85e-4dc2-a00b-59ec86d1c6ee 0.193s
2024-12-11 06:07:26.098 65919 INFO tempest.lib.common.rest_client [req-80b59083-8844-4625-be5e-5b3abd6b6c75 req-80b59083-8844-4625-be5e-5b3abd6b6c75 ] Request (InstanceActionsV221TestJSON:test_get_list_deleted_instance_actions): 201 POST http://10.180.1.21/identity/v3/auth/tokens 0.024s
2024-12-11 06:07:26.098 65919 INFO tempest.lib.common.fixed_network [-] (InstanceActionsV221TestJSON:test_get_list_deleted_instance_actions) Found network {'id': '60624784-0e97-4072-999c-7ca4469bf171', 'name': 'tempest-InstanceActionsV221TestJSON-973952814-network', 'tenant_id': '76fec005e63646638d8958dec5350cd9', 'admin_state_up': True, 'mtu': 8950, 'status': 'ACTIVE', 'subnets': [], 'shared': False, 'project_id': '76fec005e63646638d8958dec5350cd9', 'port_security_enabled': True, 'router:external': False, 'provider:network_type': 'vlan', 'provider:physical_network': 'default', 'provider:segmentation_id': 208, 'availability_zone_hints': [], 'availability_zones': [], 'ipv4_address_scope': None, 'ipv6_address_scope': None, 'description': '', 'tags': [], 'created_at': '2024-12-11T06:07:23Z', 'updated_at': '2024-12-11T06:07:23Z', 'revision_number': 1} available for tenant
2024-12-11 06:07:26.109 65949 INFO tempest.lib.common.rest_client [req-f4e5f44b-d44e-4dcb-a430-1fd39e40de3a req-f4e5f44b-d44e-4dcb-a430-1fd39e40de3a ] Request (ListServersNegativeTestJSON:tearDownClass): 200 GET http://10.180.1.21/compute/v2.1/servers/155f172d-43df-4a99-9e15-c2f506cf2992 0.157s
2024-12-11 06:07:26.128 65925 INFO tempest.lib.common.rest_client [req-1123d1da-5e34-4dbf-a8d2-e6e611c4f38c req-1123d1da-5e34-4dbf-a8d2-e6e611c4f38c ] Request (ImagesOneServerTestJSON:setUpClass): 200 GET http://10.180.1.21/compute/v2.1/servers/2a346945-3e97-4da8-aa48-3e39577d63d7 0.160s
2024-12-11 06:07:26.162 65943 INFO tempest.lib.common.rest_client [req-d988fac5-1885-4042-ac57-dfd25441ef19 req-d988fac5-1885-4042-ac57-dfd25441ef19 ] Request (ServersTestMultiNic:_run_cleanups): 200 GET http://10.180.1.21/compute/v2.1/servers/8803ecc6-1ec3-44ae-ad17-5e84887a28c6 0.094s
2024-12-11 06:07:26.208 65911 INFO tempest.lib.common.rest_client [req-5506cb2b-aaf3-4cd1-a19f-8561d27d0f38 req-5506cb2b-aaf3-4cd1-a19f-8561d27d0f38 ] Request (ImagesTestJSON:test_create_image_from_stopped_server): 200 GET http://10.180.1.21/compute/v2.1/servers/f92d2e93-49ac-4bf3-958c-a4bb1bf5e211 0.086s
2024-12-11 06:07:26.350 65931 INFO tempest.lib.common.rest_client [req-ee7e9bad-f9c6-439c-80c8-6e881f3dd543 req-ee7e9bad-f9c6-439c-80c8-6e881f3dd543 ] Request (ServersAdminNegativeTestJSON:setUpClass): 200 GET http://10.180.1.21/compute/v2.1/servers/38ecc6a5-b3ae-4f3d-a7a4-6768d2abda77 0.181s
2024-12-11 06:07:26.356 65931 INFO tempest.common.waiters [-] State transition "BUILD/networking" ==> "BUILD/spawning" after 47 second wait
2024-12-11 06:07:26.397 65913 INFO tempest.lib.common.rest_client [req-75fcf0a9-73b1-47da-9b5f-76022db82bd9 req-75fcf0a9-73b1-47da-9b5f-76022db82bd9 ] Request (ServersTestFqdnHostnames:test_create_server_with_fqdn_name): 200 GET http://10.180.1.21/compute/v2.1/servers/0276f97e-e204-4b03-bf33-dd991cd0169e 0.116s
2024-12-11 06:07:26.498 65919 INFO tempest.lib.common.rest_client [req-928e1404-af60-4e99-b54c-483c7f589c6e req-928e1404-af60-4e99-b54c-483c7f589c6e ] Request (InstanceActionsV221TestJSON:test_get_list_deleted_instance_actions): 202 POST http://10.180.1.21/compute/v2.1/servers 0.399s
2024-12-11 06:07:26.538 65919 INFO tempest.lib.common.rest_client [req-da9f1a61-f4b1-4b28-b140-f3338a078b70 req-da9f1a61-f4b1-4b28-b140-f3338a078b70 ] Request (InstanceActionsV221TestJSON:test_get_list_deleted_instance_actions): 200 GET http://10.180.1.21/compute/v2.1/servers/94ec1ac3-1a01-40c5-8120-1856c35d29a8 0.038s
2024-12-11 06:07:26.570 65895 WARNING tempest.lib.common.ssh [-] Failed to establish authenticated ssh connection to cirros@10.180.180.229 ([Errno None] Unable to connect to port 22 on 10.180.180.229). Number attempts: 6. Retry after 7 seconds.: paramiko.ssh_exception.NoValidConnectionsError: [Errno None] Unable to connect to port 22 on 10.180.180.229
2024-12-11 06:07:26.663 65923 INFO tempest.lib.common.rest_client [req-40024045-70d2-4bc3-8513-d29d18774411 req-40024045-70d2-4bc3-8513-d29d18774411 ] Request (ServersTestBootFromVolume:setUpClass): 200 GET http://10.180.1.21/volume/v3/volumes/78efef75-b933-486c-908e-af679048ab6d 0.026s
2024-12-11 06:07:26.708 65927 INFO tempest.lib.common.rest_client [req-d3a49ca1-0d5b-4f4f-a84d-c381ab08f518 req-d3a49ca1-0d5b-4f4f-a84d-c381ab08f518 ] Request (AttachInterfacesV270Test:tearDownClass): 200 GET http://10.180.1.21/compute/v2.1/servers/4355b227-9b2e-474b-8970-bcbd2a345993 0.052s
2024-12-11 06:07:26.796 65921 INFO tempest.lib.common.rest_client [req-db4c9a6a-8980-41e2-bfd4-a96c44b0fdb8 req-db4c9a6a-8980-41e2-bfd4-a96c44b0fdb8 ] Request (ServerActionsV293TestJSON:setUpClass): 200 GET http://10.180.1.21/compute/v2.1/servers/bb27b6c8-05d4-46d1-903c-191336a3a6d5 0.065s
2024-12-11 06:07:26.852 65935 INFO tempest.lib.common.rest_client [req-7e19d351-9ab1-404f-9723-c3c488807492 req-7e19d351-9ab1-404f-9723-c3c488807492 ] Request (ServersAdminTestJSON:test_create_server_with_scheduling_hint): 200 GET http://10.180.1.21/compute/v2.1/servers/29592c2d-d44d-4ca1-be06-ae96a1261f1b 0.063s
2024-12-11 06:07:26.927 65903 INFO tempest.lib.common.rest_client [req-984d423b-f32e-4703-9644-daee6495ed99 req-984d423b-f32e-4703-9644-daee6495ed99 ] Request (ServerMetadataNegativeTestJSON:tearDownClass): 200 GET http://10.180.1.21/compute/v2.1/servers/12cd5513-01c6-4bd2-9f14-0bf3f14f666c 0.078s
2024-12-11 06:07:26.986 65933 INFO tempest.lib.common.rest_client [req-3fe3ddda-7a00-4d64-82fe-8a1410b6a071 req-3fe3ddda-7a00-4d64-82fe-8a1410b6a071 ] Request (FloatingIPsAssociationNegativeTestJSON:setUpClass): 200 GET http://10.180.1.21/compute/v2.1/servers/fd095ef5-5d7e-43a8-9bf7-64d8a5b13d4a 0.060s
2024-12-11 06:07:27.058 65897 INFO tempest.lib.common.rest_client [req-d0f4e626-c0b9-46e0-80d1-a3bf83e604cd req-d0f4e626-c0b9-46e0-80d1-a3bf83e604cd ] Request (SecurityGroupsTestJSON:test_list_security_groups_by_server): 200 GET http://10.180.1.21/compute/v2.1/servers/cb1bba98-24b6-443d-92c9-59640cf53754 0.079s
2024-12-11 06:07:27.090 65945 INFO tempest.lib.common.rest_client [req-06bf22b7-ee10-49ef-b14f-26763ee8fc51 req-06bf22b7-ee10-49ef-b14f-26763ee8fc51 ] Request (ListImageFiltersTestJSON:setUpClass): 200 GET http://10.180.1.21/compute/v2.1/servers/eb10fc88-0e81-4b32-8c3a-5c311a642519 0.178s
2024-12-11 06:07:27.125 65953 INFO tempest.lib.common.rest_client [req-9b80f38f-d0ad-4024-a706-7f1a42aa3a96 req-9b80f38f-d0ad-4024-a706-7f1a42aa3a96 ] Request (FloatingIPsAssociationTestJSON:test_associate_already_associated_floating_ip): 200 GET http://10.180.1.21/compute/v2.1/servers/f1ffb50c-6d1f-407a-94a2-cd1fd55299f9 0.135s
2024-12-11 06:07:27.151 65907 INFO tempest.lib.common.rest_client [req-5538fafb-0abb-4302-a751-9bb1cd38f2ba req-5538fafb-0abb-4302-a751-9bb1cd38f2ba ] Request (ServerExternalEventsTest:test_create_server_external_events): 200 GET http://10.180.1.21/compute/v2.1/servers/e0cbc984-001d-4462-a111-769871370940 0.119s
2024-12-11 06:07:27.174 65909 INFO tempest.lib.common.rest_client [req-e8322e9b-ae6a-41cc-9e40-a6c0331c7f7a req-e8322e9b-ae6a-41cc-9e40-a6c0331c7f7a ] Request (ServerMetadataTestJSON:setUpClass): 200 GET http://10.180.1.21/compute/v2.1/servers/c82fd8ca-e2fb-4a55-ad87-6727ea7009ae 0.134s
2024-12-11 06:07:27.194 65949 INFO tempest.lib.common.rest_client [req-4b0bb51a-0253-4096-a571-367055e27c45 req-4b0bb51a-0253-4096-a571-367055e27c45 ] Request (ListServersNegativeTestJSON:tearDownClass): 404 GET http://10.180.1.21/compute/v2.1/servers/155f172d-43df-4a99-9e15-c2f506cf2992 0.078s
2024-12-11 06:07:27.221 65899 INFO tempest.lib.common.rest_client [req-c4919d80-f4d0-4ba9-b05c-bcec0cae87fd req-c4919d80-f4d0-4ba9-b05c-bcec0cae87fd ] Request (DeleteServersAdminTestJSON:test_delete_server_while_in_error_state): 200 GET http://10.180.1.21/compute/v2.1/servers/0ecb57e8-e85e-4dc2-a00b-59ec86d1c6ee 0.130s
2024-12-11 06:07:27.275 65925 INFO tempest.lib.common.rest_client [req-0003493a-30f2-434e-a9dd-176246dcb9cf req-0003493a-30f2-434e-a9dd-176246dcb9cf ] Request (ImagesOneServerTestJSON:setUpClass): 200 GET http://10.180.1.21/compute/v2.1/servers/2a346945-3e97-4da8-aa48-3e39577d63d7 0.139s
2024-12-11 06:07:27.282 65943 INFO tempest.lib.common.rest_client [req-7f8b0d1b-e751-40e8-8447-ff83c988ce8d req-7f8b0d1b-e751-40e8-8447-ff83c988ce8d ] Request (ServersTestMultiNic:_run_cleanups): 200 GET http://10.180.1.21/compute/v2.1/servers/8803ecc6-1ec3-44ae-ad17-5e84887a28c6 0.113s
2024-12-11 06:07:27.324 65911 INFO tempest.lib.common.rest_client [req-0237b675-6a69-40d7-a242-ca9bb231bbf2 req-0237b675-6a69-40d7-a242-ca9bb231bbf2 ] Request (ImagesTestJSON:test_create_image_from_stopped_server): 200 GET http://10.180.1.21/compute/v2.1/servers/f92d2e93-49ac-4bf3-958c-a4bb1bf5e211 0.106s
2024-12-11 06:07:27.464 65931 INFO tempest.lib.common.rest_client [req-9ed38625-b2b2-430b-bd48-f48484e6657e req-9ed38625-b2b2-430b-bd48-f48484e6657e ] Request (ServersAdminNegativeTestJSON:setUpClass): 200 GET http://10.180.1.21/compute/v2.1/servers/38ecc6a5-b3ae-4f3d-a7a4-6768d2abda77 0.106s
2024-12-11 06:07:27.469 65913 INFO tempest.lib.common.rest_client [req-a4226c6c-f07d-4e6a-8cf3-f60de59ab873 req-a4226c6c-f07d-4e6a-8cf3-f60de59ab873 ] Request (ServersTestFqdnHostnames:test_create_server_with_fqdn_name): 200 GET http://10.180.1.21/compute/v2.1/servers/0276f97e-e204-4b03-bf33-dd991cd0169e 0.063s
2024-12-11 06:07:27.594 65919 INFO tempest.lib.common.rest_client [req-69590e8f-99ef-47ad-b6b9-5ab745fa5a20 req-69590e8f-99ef-47ad-b6b9-5ab745fa5a20 ] Request (InstanceActionsV221TestJSON:test_get_list_deleted_instance_actions): 200 GET http://10.180.1.21/compute/v2.1/servers/94ec1ac3-1a01-40c5-8120-1856c35d29a8 0.048s
2024-12-11 06:07:27.694 65923 INFO tempest.lib.common.rest_client [req-973a1e86-485d-4978-8dd5-8a2e7927130b req-973a1e86-485d-4978-8dd5-8a2e7927130b ] Request (ServersTestBootFromVolume:setUpClass): 200 GET http://10.180.1.21/volume/v3/volumes/78efef75-b933-486c-908e-af679048ab6d 0.025s
2024-12-11 06:07:27.785 65927 INFO tempest.lib.common.rest_client [req-f1a66175-774b-416f-bbb4-7a222b851797 req-f1a66175-774b-416f-bbb4-7a222b851797 ] Request (AttachInterfacesV270Test:tearDownClass): 200 GET http://10.180.1.21/compute/v2.1/servers/4355b227-9b2e-474b-8970-bcbd2a345993 0.068s
2024-12-11 06:07:27.793 65927 INFO tempest.common.waiters [-] State transition "ACTIVE/deleting" ==> "DELETED/None" after 4 second wait
2024-12-11 06:07:27.865 65921 INFO tempest.lib.common.rest_client [req-fd92e294-50f4-4462-b2d1-df4aeb2da331 req-fd92e294-50f4-4462-b2d1-df4aeb2da331 ] Request (ServerActionsV293TestJSON:setUpClass): 200 GET http://10.180.1.21/compute/v2.1/servers/bb27b6c8-05d4-46d1-903c-191336a3a6d5 0.056s
2024-12-11 06:07:27.895 65949 INFO tempest.lib.common.rest_client [req-db5ffa54-3097-46e3-a690-bf81c7757faa req-db5ffa54-3097-46e3-a690-bf81c7757faa ] Request (ListServersNegativeTestJSON:tearDownClass): 200 PUT http://10.180.1.21:9696/networking/v2.0/routers/6dbf4787-3e77-4253-9559-0f5992e0ce0d/remove_router_interface 0.700s
2024-12-11 06:07:27.939 65935 INFO tempest.lib.common.rest_client [req-18b465a8-1f02-4421-9515-43411d28004f req-18b465a8-1f02-4421-9515-43411d28004f ] Request (ServersAdminTestJSON:test_create_server_with_scheduling_hint): 200 GET http://10.180.1.21/compute/v2.1/servers/29592c2d-d44d-4ca1-be06-ae96a1261f1b 0.077s
2024-12-11 06:07:28.011 65903 INFO tempest.lib.common.rest_client [req-14938be0-d5e5-4690-8851-1e38d47072c0 req-14938be0-d5e5-4690-8851-1e38d47072c0 ] Request (ServerMetadataNegativeTestJSON:tearDownClass): 200 GET http://10.180.1.21/compute/v2.1/servers/12cd5513-01c6-4bd2-9f14-0bf3f14f666c 0.073s
2024-12-11 06:07:28.043 65905 WARNING tempest.lib.common.ssh [-] Failed to establish authenticated ssh connection to cirros@10.180.180.156 ([Errno None] Unable to connect to port 22 on 10.180.180.156). Number attempts: 7. Retry after 8 seconds.: paramiko.ssh_exception.NoValidConnectionsError: [Errno None] Unable to connect to port 22 on 10.180.180.156
2024-12-11 06:07:28.060 65933 INFO tempest.lib.common.rest_client [req-d32f521d-61d2-465d-8aaa-8fa9fc635b3e req-d32f521d-61d2-465d-8aaa-8fa9fc635b3e ] Request (FloatingIPsAssociationNegativeTestJSON:setUpClass): 200 GET http://10.180.1.21/compute/v2.1/servers/fd095ef5-5d7e-43a8-9bf7-64d8a5b13d4a 0.065s
2024-12-11 06:07:28.138 65897 INFO tempest.lib.common.rest_client [req-2900156d-145e-4164-a4fb-289370ecadbe req-2900156d-145e-4164-a4fb-289370ecadbe ] Request (SecurityGroupsTestJSON:test_list_security_groups_by_server): 200 GET http://10.180.1.21/compute/v2.1/servers/cb1bba98-24b6-443d-92c9-59640cf53754 0.072s
2024-12-11 06:07:28.200 65953 INFO tempest.lib.common.rest_client [req-2748ed3d-d9b2-4ecd-94eb-dfb1661a7b02 req-2748ed3d-d9b2-4ecd-94eb-dfb1661a7b02 ] Request (FloatingIPsAssociationTestJSON:test_associate_already_associated_floating_ip): 200 GET http://10.180.1.21/compute/v2.1/servers/f1ffb50c-6d1f-407a-94a2-cd1fd55299f9 0.068s
2024-12-11 06:07:28.263 65907 INFO tempest.lib.common.rest_client [req-34593f18-107d-4a2a-a2a3-a7dea99db830 req-34593f18-107d-4a2a-a2a3-a7dea99db830 ] Request (ServerExternalEventsTest:test_create_server_external_events): 200 GET http://10.180.1.21/compute/v2.1/servers/e0cbc984-001d-4462-a111-769871370940 0.105s
2024-12-11 06:07:28.289 65945 INFO tempest.lib.common.rest_client [req-b4e9fda9-3425-4de9-a81c-c7f300284d2a req-b4e9fda9-3425-4de9-a81c-c7f300284d2a ] Request (ListImageFiltersTestJSON:setUpClass): 200 GET http://10.180.1.21/compute/v2.1/servers/eb10fc88-0e81-4b32-8c3a-5c311a642519 0.190s
2024-12-11 06:07:28.321 65909 INFO tempest.lib.common.rest_client [req-83a4de84-34ca-4f71-89ba-7a6c520b4cfe req-83a4de84-34ca-4f71-89ba-7a6c520b4cfe ] Request (ServerMetadataTestJSON:setUpClass): 200 GET http://10.180.1.21/compute/v2.1/servers/c82fd8ca-e2fb-4a55-ad87-6727ea7009ae 0.140s
2024-12-11 06:07:28.363 65949 INFO tempest.lib.common.rest_client [req-d1ce8b04-c82f-4fcd-9659-e2f16c5395fd req-d1ce8b04-c82f-4fcd-9659-e2f16c5395fd ] Request (ListServersNegativeTestJSON:tearDownClass): 204 DELETE http://10.180.1.21:9696/networking/v2.0/routers/6dbf4787-3e77-4253-9559-0f5992e0ce0d 0.468s
2024-12-11 06:07:28.366 65899 INFO tempest.lib.common.rest_client [req-9cb644d5-ffaa-4e95-8238-0f2544ddff84 req-9cb644d5-ffaa-4e95-8238-0f2544ddff84 ] Request (DeleteServersAdminTestJSON:test_delete_server_while_in_error_state): 200 GET http://10.180.1.21/compute/v2.1/servers/0ecb57e8-e85e-4dc2-a00b-59ec86d1c6ee 0.138s
2024-12-11 06:07:28.373 65925 INFO tempest.lib.common.rest_client [req-22924276-fb01-4c8c-9269-8146d80ba69b req-22924276-fb01-4c8c-9269-8146d80ba69b ] Request (ImagesOneServerTestJSON:setUpClass): 200 GET http://10.180.1.21/compute/v2.1/servers/2a346945-3e97-4da8-aa48-3e39577d63d7 0.089s
2024-12-11 06:07:28.429 65911 INFO tempest.lib.common.rest_client [req-3ccdb348-d8ed-4eef-ae0f-6310d9b7a6d1 req-3ccdb348-d8ed-4eef-ae0f-6310d9b7a6d1 ] Request (ImagesTestJSON:test_create_image_from_stopped_server): 200 GET http://10.180.1.21/compute/v2.1/servers/f92d2e93-49ac-4bf3-958c-a4bb1bf5e211 0.096s
