2024-12-11 06:07:15.587 65953 INFO tempest.lib.common.rest_client [req-e755a766-543d-4e46-9457-6d4ddf8b0097 req-e755a766-543d-4e46-9457-6d4ddf8b0097 ] Request (FloatingIPsAssociationTestJSON:test_associate_already_associated_floating_ip): 200 GET http://10.180.1.21/compute/v2.1/servers/f1ffb50c-6d1f-407a-94a2-cd1fd55299f9 0.050s
2024-12-11 06:07:15.611 65913 INFO tempest.lib.common.rest_client [req-ce5a1505-29de-4eae-948a-6677692c6750 req-ce5a1505-29de-4eae-948a-6677692c6750 ] Request (ServersTestFqdnHostnames:setUpClass): 201 POST http://10.180.1.21/identity/v3/auth/tokens 0.060s
2024-12-11 06:07:15.629 65923 INFO tempest.lib.common.rest_client [req-21d8812b-4235-4f14-bcd0-a43298a91c7e req-21d8812b-4235-4f14-bcd0-a43298a91c7e ] Request (ServersTestBootFromVolume:setUpClass): 201 POST http://10.180.1.21/identity/v3/auth/tokens 0.049s
2024-12-11 06:07:15.632 65913 INFO tempest.lib.common.rest_client [req-721b651c-587b-4ac1-9eb3-ed35d1071018 req-721b651c-587b-4ac1-9eb3-ed35d1071018 ] Request (ServersTestFqdnHostnames:setUpClass): 200 GET http://10.180.1.21/identity/v3/domains?name=Default 0.020s
2024-12-11 06:07:15.653 65899 INFO tempest.lib.common.rest_client [req-1df32f59-9459-4382-80e1-23a497d216e8 req-1df32f59-9459-4382-80e1-23a497d216e8 ] Request (DeleteServersAdminTestJSON:test_delete_server_while_in_error_state): 200 GET http://10.180.1.21/compute/v2.1/servers/0ecb57e8-e85e-4dc2-a00b-59ec86d1c6ee 0.054s
2024-12-11 06:07:15.655 65923 INFO tempest.lib.common.rest_client [req-bf6f9ae9-f971-41ae-9881-7c98b5a01e37 req-bf6f9ae9-f971-41ae-9881-7c98b5a01e37 ] Request (ServersTestBootFromVolume:setUpClass): 201 POST http://10.180.1.21/identity/v3/auth/tokens 0.023s
2024-12-11 06:07:15.656 65913 INFO tempest.lib.common.rest_client [req-7235e396-066b-4f24-aa23-1a7d4f102ef2 req-7235e396-066b-4f24-aa23-1a7d4f102ef2 ] Request (ServersTestFqdnHostnames:setUpClass): 201 POST http://10.180.1.21/identity/v3/projects 0.024s
2024-12-11 06:07:15.701 65923 INFO tempest.lib.common.rest_client [req-58608cbc-86b9-49a3-a079-065b5eec1336 req-58608cbc-86b9-49a3-a079-065b5eec1336 ] Request (ServersTestBootFromVolume:setUpClass): 200 GET http://10.180.1.21/identity/v3/domains?name=Default 0.046s
2024-12-11 06:07:15.702 65913 INFO tempest.lib.common.rest_client [req-e047ba7e-5b7a-47b8-806c-8bf906bb3e2f req-e047ba7e-5b7a-47b8-806c-8bf906bb3e2f ] Request (ServersTestFqdnHostnames:setUpClass): 201 POST http://10.180.1.21/identity/v3/users 0.045s
2024-12-11 06:07:15.719 65913 INFO tempest.lib.common.rest_client [req-ca914517-e54b-42dc-823c-03116d68ff8c req-ca914517-e54b-42dc-823c-03116d68ff8c ] Request (ServersTestFqdnHostnames:setUpClass): 200 GET http://10.180.1.21/identity/v3/roles 0.017s
2024-12-11 06:07:15.732 65923 INFO tempest.lib.common.rest_client [req-9912b7c6-cd80-490b-944b-ace32d1bd8dc req-9912b7c6-cd80-490b-944b-ace32d1bd8dc ] Request (ServersTestBootFromVolume:setUpClass): 201 POST http://10.180.1.21/identity/v3/projects 0.030s
2024-12-11 06:07:15.746 65919 INFO tempest.lib.common.rest_client [req-b0ab1a00-cfd8-4dd8-997c-7de27b4c3fa5 req-b0ab1a00-cfd8-4dd8-997c-7de27b4c3fa5 ] Request (ServerDiagnosticsNegativeTest:tearDownClass): 200 GET http://10.180.1.21/compute/v2.1/servers/b0681af5-fe44-4dc1-9939-fcb24d26084c 0.057s
2024-12-11 06:07:15.746 65913 INFO tempest.lib.common.rest_client [req-b3074b57-4349-4a8c-9faf-900bb91f4580 req-b3074b57-4349-4a8c-9faf-900bb91f4580 ] Request (ServersTestFqdnHostnames:setUpClass): 204 PUT http://10.180.1.21/identity/v3/projects/8454f9a06ffa49aeb4fc6b717d1ad1f5/users/14a5827a5b3549148c51f8ba6a683b9a/roles/edaae9a98dfc4695835830d6de0a2846 0.027s
2024-12-11 06:07:15.747 65913 INFO tempest.lib.common.dynamic_creds [-] Dynamic test user 14a5827a5b3549148c51f8ba6a683b9a is created with scope project and roles: ['member']
2024-12-11 06:07:15.747 65913 INFO tempest.lib.common.dynamic_creds [-] Acquired dynamic creds: credentials: Credentials: {'domain_id': 'default', 'domain_name': 'Default', 'username': 'tempest-ServersTestFqdnHostnames-901907810-project-member', 'project_domain_id': 'default', 'project_domain_name': 'Default', 'project_id': '8454f9a06ffa49aeb4fc6b717d1ad1f5', 'project_name': 'tempest-ServersTestFqdnHostnames-901907810', 'tenant_id': '8454f9a06ffa49aeb4fc6b717d1ad1f5', 'tenant_name': 'tempest-ServersTestFqdnHostnames-901907810', 'user_domain_id': 'default', 'user_domain_name': 'Default', 'user_id': '14a5827a5b3549148c51f8ba6a683b9a', 'system': None}, Network: None, Subnet: None, Router: None
2024-12-11 06:07:15.755 65909 INFO tempest.lib.common.rest_client [req-a785403e-95e4-4942-85c0-200fa52c7b8c req-a785403e-95e4-4942-85c0-200fa52c7b8c ] Request (ServerMetadataTestJSON:setUpClass): 200 GET http://10.180.1.21/compute/v2.1/servers/c82fd8ca-e2fb-4a55-ad87-6727ea7009ae 0.051s
2024-12-11 06:07:15.802 65913 INFO tempest.lib.common.rest_client [req-519cad10-74fd-410c-a5c3-eb56f64149b3 req-519cad10-74fd-410c-a5c3-eb56f64149b3 ] Request (ServersTestFqdnHostnames:setUpClass): 201 POST http://10.180.1.21/identity/v3/auth/tokens 0.054s
2024-12-11 06:07:15.811 65923 INFO tempest.lib.common.rest_client [req-82229883-c7f7-49bf-b999-f011cd89e64a req-82229883-c7f7-49bf-b999-f011cd89e64a ] Request (ServersTestBootFromVolume:setUpClass): 201 POST http://10.180.1.21/identity/v3/users 0.078s
2024-12-11 06:07:15.827 65923 INFO tempest.lib.common.rest_client [req-1a390b64-d5a8-459e-aba1-3a8bdcf41d2f req-1a390b64-d5a8-459e-aba1-3a8bdcf41d2f ] Request (ServersTestBootFromVolume:setUpClass): 200 GET http://10.180.1.21/identity/v3/roles 0.015s
2024-12-11 06:07:15.851 65923 INFO tempest.lib.common.rest_client [req-f77cdcf1-a178-4b09-982d-c8ca3c0f8bc7 req-f77cdcf1-a178-4b09-982d-c8ca3c0f8bc7 ] Request (ServersTestBootFromVolume:setUpClass): 204 PUT http://10.180.1.21/identity/v3/projects/5174a3740b0545d2bdbe1127ce4cd9dd/users/56ce25626d3b427ab570b071944b332a/roles/edaae9a98dfc4695835830d6de0a2846 0.023s
2024-12-11 06:07:15.851 65923 INFO tempest.lib.common.dynamic_creds [-] Dynamic test user 56ce25626d3b427ab570b071944b332a is created with scope project and roles: ['member']
2024-12-11 06:07:15.852 65923 INFO tempest.lib.common.dynamic_creds [-] Acquired dynamic creds: credentials: Credentials: {'domain_id': 'default', 'domain_name': 'Default', 'username': 'tempest-ServersTestBootFromVolume-1442058212-project-member', 'project_domain_id': 'default', 'project_domain_name': 'Default', 'project_id': '5174a3740b0545d2bdbe1127ce4cd9dd', 'project_name': 'tempest-ServersTestBootFromVolume-1442058212', 'tenant_id': '5174a3740b0545d2bdbe1127ce4cd9dd', 'tenant_name': 'tempest-ServersTestBootFromVolume-1442058212', 'user_domain_id': 'default', 'user_domain_name': 'Default', 'user_id': '56ce25626d3b427ab570b071944b332a', 'system': None}, Network: None, Subnet: None, Router: None
2024-12-11 06:07:15.907 65923 INFO tempest.lib.common.rest_client [req-81eb1c2e-7da0-4d8b-bf46-8daf95f2e8fb req-81eb1c2e-7da0-4d8b-bf46-8daf95f2e8fb ] Request (ServersTestBootFromVolume:setUpClass): 201 POST http://10.180.1.21/identity/v3/auth/tokens 0.055s
2024-12-11 06:07:16.035 65913 INFO tempest.lib.common.rest_client [req-a1e00cb8-05a6-43d4-b361-e6fc97692654 req-a1e00cb8-05a6-43d4-b361-e6fc97692654 ] Request (ServersTestFqdnHostnames:setUpClass): 201 POST http://10.180.1.21:9696/networking/v2.0/networks 0.233s
2024-12-11 06:07:16.082 65925 INFO tempest.lib.common.rest_client [req-92b2b4c0-94d2-49f5-8d7d-079ee5a06d10 req-92b2b4c0-94d2-49f5-8d7d-079ee5a06d10 ] Request (ImagesOneServerTestJSON:setUpClass): 200 GET http://10.180.1.21/compute/v2.1/servers/2a346945-3e97-4da8-aa48-3e39577d63d7 0.088s
2024-12-11 06:07:16.124 65923 INFO tempest.lib.common.rest_client [req-48277090-f61d-488d-ac25-db5428a08ef7 req-48277090-f61d-488d-ac25-db5428a08ef7 ] Request (ServersTestBootFromVolume:setUpClass): 201 POST http://10.180.1.21:9696/networking/v2.0/networks 0.217s
2024-12-11 06:07:16.178 65943 INFO tempest.lib.common.rest_client [req-f7650fb5-fce1-40b4-a5bf-149da33ef26f req-f7650fb5-fce1-40b4-a5bf-149da33ef26f ] Request (ServersTestMultiNic:_run_cleanups): 200 GET http://10.180.1.21/compute/v2.1/servers/8803ecc6-1ec3-44ae-ad17-5e84887a28c6 0.081s
2024-12-11 06:07:16.229 65911 INFO tempest.lib.common.rest_client [req-bda03dd8-40a4-4829-b2d1-c961331a50b5 req-bda03dd8-40a4-4829-b2d1-c961331a50b5 ] Request (ImagesTestJSON:test_create_image_from_stopped_server): 200 GET http://10.180.1.21/compute/v2.1/servers/f92d2e93-49ac-4bf3-958c-a4bb1bf5e211 0.065s
2024-12-11 06:07:16.256 65913 INFO tempest.lib.common.rest_client [req-51ee3d10-55bc-4cc2-9a84-7524c64b2695 req-51ee3d10-55bc-4cc2-9a84-7524c64b2695 ] Request (ServersTestFqdnHostnames:setUpClass): 201 POST http://10.180.1.21:9696/networking/v2.0/subnets 0.220s
2024-12-11 06:07:16.262 65927 INFO tempest.lib.common.rest_client [req-574c4df5-1ea9-40f9-8a55-4c6231186782 req-574c4df5-1ea9-40f9-8a55-4c6231186782 ] Request (AttachInterfacesV270Test:test_create_get_list_interfaces): 200 GET http://10.180.1.21/compute/v2.1/servers/4355b227-9b2e-474b-8970-bcbd2a345993 0.143s
2024-12-11 06:07:16.282 65931 INFO tempest.lib.common.rest_client [req-634c0f7e-1930-46ca-b2c0-d27f82070568 req-634c0f7e-1930-46ca-b2c0-d27f82070568 ] Request (ServersAdminNegativeTestJSON:setUpClass): 200 GET http://10.180.1.21/compute/v2.1/servers/38ecc6a5-b3ae-4f3d-a7a4-6768d2abda77 0.117s
2024-12-11 06:07:16.311 65923 INFO tempest.lib.common.rest_client [req-b98469e3-cbc1-40e9-9dec-8e7c4a2326af req-b98469e3-cbc1-40e9-9dec-8e7c4a2326af ] Request (ServersTestBootFromVolume:setUpClass): 201 POST http://10.180.1.21:9696/networking/v2.0/subnets 0.187s
2024-12-11 06:07:16.315 65935 INFO tempest.lib.common.rest_client [req-3e42968f-48cb-4f5e-b65b-c5e2da0ca700 req-3e42968f-48cb-4f5e-b65b-c5e2da0ca700 ] Request (ServersAdminTestJSON:test_create_server_with_scheduling_hint): 200 GET http://10.180.1.21/compute/v2.1/servers/29592c2d-d44d-4ca1-be06-ae96a1261f1b 0.095s
2024-12-11 06:07:16.344 65945 INFO tempest.lib.common.rest_client [req-a293baff-233c-4afd-a552-b0ba5ac391ec req-a293baff-233c-4afd-a552-b0ba5ac391ec ] Request (ListImageFiltersTestJSON:setUpClass): 200 GET http://10.180.1.21/compute/v2.1/servers/eb10fc88-0e81-4b32-8c3a-5c311a642519 0.065s
2024-12-11 06:07:16.400 65949 INFO tempest.lib.common.rest_client [req-e590859f-5093-4a56-978a-a8b88ef5a9b0 req-e590859f-5093-4a56-978a-a8b88ef5a9b0 ] Request (ListServersNegativeTestJSON:tearDownClass): 200 GET http://10.180.1.21/compute/v2.1/servers/ba1584e7-f56e-4c91-b39b-13af8d91cb1a 0.119s
2024-12-11 06:07:16.418 65921 INFO tempest.lib.common.rest_client [req-c1cd875d-49c4-4256-8eb9-331202091803 req-c1cd875d-49c4-4256-8eb9-331202091803 ] Request (ServerActionsV293TestJSON:setUpClass): 200 GET http://10.180.1.21/compute/v2.1/servers/bb27b6c8-05d4-46d1-903c-191336a3a6d5 0.078s
2024-12-11 06:07:16.463 65903 INFO tempest.lib.common.rest_client [req-4affe755-dca5-4dcc-ba61-a61607917137 req-4affe755-dca5-4dcc-ba61-a61607917137 ] Request (ServerMetadataNegativeTestJSON:tearDownClass): 200 GET http://10.180.1.21/compute/v2.1/servers/12cd5513-01c6-4bd2-9f14-0bf3f14f666c 0.069s
2024-12-11 06:07:16.497 65933 INFO tempest.lib.common.rest_client [req-f48f03f9-a8ca-4048-ba86-9d33ac4158af req-f48f03f9-a8ca-4048-ba86-9d33ac4158af ] Request (FloatingIPsAssociationNegativeTestJSON:setUpClass): 200 GET http://10.180.1.21/compute/v2.1/servers/fd095ef5-5d7e-43a8-9bf7-64d8a5b13d4a 0.061s
2024-12-11 06:07:16.521 65897 INFO tempest.lib.common.rest_client [req-f6bc2cd6-1d8c-46b0-88ec-ccdbaca15e26 req-f6bc2cd6-1d8c-46b0-88ec-ccdbaca15e26 ] Request (SecurityGroupsTestJSON:test_list_security_groups_by_server): 200 GET http://10.180.1.21/compute/v2.1/servers/cb1bba98-24b6-443d-92c9-59640cf53754 0.050s
2024-12-11 06:07:16.648 65953 INFO tempest.lib.common.rest_client [req-7d0b44ad-afb1-42a1-ba73-29239995f629 req-7d0b44ad-afb1-42a1-ba73-29239995f629 ] Request (FloatingIPsAssociationTestJSON:test_associate_already_associated_floating_ip): 200 GET http://10.180.1.21/compute/v2.1/servers/f1ffb50c-6d1f-407a-94a2-cd1fd55299f9 0.055s
2024-12-11 06:07:16.649 65907 INFO tempest.lib.common.rest_client [req-efa53f73-22d8-4a68-bf38-65c989b2f0a5 req-efa53f73-22d8-4a68-bf38-65c989b2f0a5 ] Request (ServerExternalEventsTest:test_create_server_external_events): 200 GET http://10.180.1.21/compute/v2.1/servers/e0cbc984-001d-4462-a111-769871370940 0.056s
2024-12-11 06:07:16.818 65919 INFO tempest.lib.common.rest_client [req-9eeb698c-77b1-4aa7-bc41-7b5a519b5d74 req-9eeb698c-77b1-4aa7-bc41-7b5a519b5d74 ] Request (ServerDiagnosticsNegativeTest:tearDownClass): 200 GET http://10.180.1.21/compute/v2.1/servers/b0681af5-fe44-4dc1-9939-fcb24d26084c 0.064s
2024-12-11 06:07:16.885 65909 INFO tempest.lib.common.rest_client [req-afc55161-e161-4f74-8d33-87d13aa41ef4 req-afc55161-e161-4f74-8d33-87d13aa41ef4 ] Request (ServerMetadataTestJSON:setUpClass): 200 GET http://10.180.1.21/compute/v2.1/servers/c82fd8ca-e2fb-4a55-ad87-6727ea7009ae 0.122s
2024-12-11 06:07:16.888 65899 INFO tempest.lib.common.rest_client [req-6c690d11-9b6b-4502-8ecc-2a90320d43fb req-6c690d11-9b6b-4502-8ecc-2a90320d43fb ] Request (DeleteServersAdminTestJSON:test_delete_server_while_in_error_state): 200 GET http://10.180.1.21/compute/v2.1/servers/0ecb57e8-e85e-4dc2-a00b-59ec86d1c6ee 0.227s
2024-12-11 06:07:16.971 65895 WARNING tempest.lib.common.ssh [-] Failed to establish authenticated ssh connection to cirros@10.180.180.229 ([Errno None] Unable to connect to port 22 on 10.180.180.229). Number attempts: 5. Retry after 6 seconds.: paramiko.ssh_exception.NoValidConnectionsError: [Errno None] Unable to connect to port 22 on 10.180.180.229
2024-12-11 06:07:16.976 65923 INFO tempest.lib.common.rest_client [req-24ae32ed-2de9-442b-9981-951685623fcb req-24ae32ed-2de9-442b-9981-951685623fcb ] Request (ServersTestBootFromVolume:setUpClass): 201 POST http://10.180.1.21:9696/networking/v2.0/routers 0.664s
2024-12-11 06:07:17.154 65925 INFO tempest.lib.common.rest_client [req-71a84630-411d-4500-82f8-2810a9fb9906 req-71a84630-411d-4500-82f8-2810a9fb9906 ] Request (ImagesOneServerTestJSON:setUpClass): 200 GET http://10.180.1.21/compute/v2.1/servers/2a346945-3e97-4da8-aa48-3e39577d63d7 0.060s
2024-12-11 06:07:17.167 65913 INFO tempest.lib.common.rest_client [req-326c8939-4475-4ae5-9fe4-c9ba692bd24b req-326c8939-4475-4ae5-9fe4-c9ba692bd24b ] Request (ServersTestFqdnHostnames:setUpClass): 201 POST http://10.180.1.21:9696/networking/v2.0/routers 0.910s
2024-12-11 06:07:17.273 65943 INFO tempest.lib.common.rest_client [req-4b2d1810-d01e-4f98-8671-7ac248d952be req-4b2d1810-d01e-4f98-8671-7ac248d952be ] Request (ServersTestMultiNic:_run_cleanups): 200 GET http://10.180.1.21/compute/v2.1/servers/8803ecc6-1ec3-44ae-ad17-5e84887a28c6 0.086s
2024-12-11 06:07:17.309 65911 INFO tempest.lib.common.rest_client [req-9f8e7939-9d6b-4d48-aa38-2b3f1eb616a6 req-9f8e7939-9d6b-4d48-aa38-2b3f1eb616a6 ] Request (ImagesTestJSON:test_create_image_from_stopped_server): 200 GET http://10.180.1.21/compute/v2.1/servers/f92d2e93-49ac-4bf3-958c-a4bb1bf5e211 0.071s
2024-12-11 06:07:17.376 65931 INFO tempest.lib.common.rest_client [req-ecd6d035-e2d3-487b-94f5-f1a452c33527 req-ecd6d035-e2d3-487b-94f5-f1a452c33527 ] Request (ServersAdminNegativeTestJSON:setUpClass): 200 GET http://10.180.1.21/compute/v2.1/servers/38ecc6a5-b3ae-4f3d-a7a4-6768d2abda77 0.086s
2024-12-11 06:07:17.413 65927 INFO tempest.lib.common.rest_client [req-f312aeee-d600-45fd-8714-94fbdde5c572 req-f312aeee-d600-45fd-8714-94fbdde5c572 ] Request (AttachInterfacesV270Test:test_create_get_list_interfaces): 200 GET http://10.180.1.21/compute/v2.1/servers/4355b227-9b2e-474b-8970-bcbd2a345993 0.141s
2024-12-11 06:07:17.471 65945 INFO tempest.lib.common.rest_client [req-b476ee5f-b1c4-4430-8d0c-02360e0c7571 req-b476ee5f-b1c4-4430-8d0c-02360e0c7571 ] Request (ListImageFiltersTestJSON:setUpClass): 200 GET http://10.180.1.21/compute/v2.1/servers/eb10fc88-0e81-4b32-8c3a-5c311a642519 0.119s
2024-12-11 06:07:17.483 65905 WARNING tempest.lib.common.ssh [-] Failed to establish authenticated ssh connection to cirros@10.180.180.156 ([Errno None] Unable to connect to port 22 on 10.180.180.156). Number attempts: 6. Retry after 7 seconds.: paramiko.ssh_exception.NoValidConnectionsError: [Errno None] Unable to connect to port 22 on 10.180.180.156
2024-12-11 06:07:17.529 65949 INFO tempest.lib.common.rest_client [req-fa0a4bc1-5377-49b9-ae75-a9c72125306f req-fa0a4bc1-5377-49b9-ae75-a9c72125306f ] Request (ListServersNegativeTestJSON:tearDownClass): 200 GET http://10.180.1.21/compute/v2.1/servers/ba1584e7-f56e-4c91-b39b-13af8d91cb1a 0.120s
2024-12-11 06:07:17.584 65921 INFO tempest.lib.common.rest_client [req-b8df600a-02c0-4ee5-8f5a-a66b1a8f3764 req-b8df600a-02c0-4ee5-8f5a-a66b1a8f3764 ] Request (ServerActionsV293TestJSON:setUpClass): 200 GET http://10.180.1.21/compute/v2.1/servers/bb27b6c8-05d4-46d1-903c-191336a3a6d5 0.156s
2024-12-11 06:07:17.610 65917 WARNING tempest.lib.common.ssh [-] Failed to establish authenticated ssh connection to cirros@10.180.180.165 ([Errno None] Unable to connect to port 22 on 10.180.180.165). Number attempts: 3. Retry after 4 seconds.: paramiko.ssh_exception.NoValidConnectionsError: [Errno None] Unable to connect to port 22 on 10.180.180.165
2024-12-11 06:07:17.618 65935 INFO tempest.lib.common.rest_client [req-36296fbe-66e2-40e1-8812-d3dcdcd0dba3 req-36296fbe-66e2-40e1-8812-d3dcdcd0dba3 ] Request (ServersAdminTestJSON:test_create_server_with_scheduling_hint): 200 GET http://10.180.1.21/compute/v2.1/servers/29592c2d-d44d-4ca1-be06-ae96a1261f1b 0.295s
2024-12-11 06:07:17.641 65903 INFO tempest.lib.common.rest_client [req-e22da308-6eb6-48a8-9101-9d237ffa6a5f req-e22da308-6eb6-48a8-9101-9d237ffa6a5f ] Request (ServerMetadataNegativeTestJSON:tearDownClass): 200 GET http://10.180.1.21/compute/v2.1/servers/12cd5513-01c6-4bd2-9f14-0bf3f14f666c 0.172s
2024-12-11 06:07:17.683 65933 INFO tempest.lib.common.rest_client [req-0b7f627c-05de-4daa-9312-a67be2abf66e req-0b7f627c-05de-4daa-9312-a67be2abf66e ] Request (FloatingIPsAssociationNegativeTestJSON:setUpClass): 200 GET http://10.180.1.21/compute/v2.1/servers/fd095ef5-5d7e-43a8-9bf7-64d8a5b13d4a 0.178s
2024-12-11 06:07:17.687 65897 INFO tempest.lib.common.rest_client [req-68e7b58e-c4f2-4572-a269-53975fe84e88 req-68e7b58e-c4f2-4572-a269-53975fe84e88 ] Request (SecurityGroupsTestJSON:test_list_security_groups_by_server): 200 GET http://10.180.1.21/compute/v2.1/servers/cb1bba98-24b6-443d-92c9-59640cf53754 0.157s
2024-12-11 06:07:17.735 65907 INFO tempest.lib.common.rest_client [req-509ac868-a371-4edc-ab70-34d8140dcbad req-509ac868-a371-4edc-ab70-34d8140dcbad ] Request (ServerExternalEventsTest:test_create_server_external_events): 200 GET http://10.180.1.21/compute/v2.1/servers/e0cbc984-001d-4462-a111-769871370940 0.078s
2024-12-11 06:07:17.746 65953 INFO tempest.lib.common.rest_client [req-3553802d-106b-488f-a881-a23bcee39394 req-3553802d-106b-488f-a881-a23bcee39394 ] Request (FloatingIPsAssociationTestJSON:test_associate_already_associated_floating_ip): 200 GET http://10.180.1.21/compute/v2.1/servers/f1ffb50c-6d1f-407a-94a2-cd1fd55299f9 0.090s
2024-12-11 06:07:17.908 65919 INFO tempest.lib.common.rest_client [req-dcb55567-928c-412e-814a-9d9dbbb339fc req-dcb55567-928c-412e-814a-9d9dbbb339fc ] Request (ServerDiagnosticsNegativeTest:tearDownClass): 200 GET http://10.180.1.21/compute/v2.1/servers/b0681af5-fe44-4dc1-9939-fcb24d26084c 0.079s
2024-12-11 06:07:17.967 65909 INFO tempest.lib.common.rest_client [req-821fd79e-778e-493a-a3b6-c78b002e559e req-821fd79e-778e-493a-a3b6-c78b002e559e ] Request (ServerMetadataTestJSON:setUpClass): 200 GET http://10.180.1.21/compute/v2.1/servers/c82fd8ca-e2fb-4a55-ad87-6727ea7009ae 0.073s
2024-12-11 06:07:17.967 65899 INFO tempest.lib.common.rest_client [req-d92e77e3-ad42-4051-97a6-677bdd857a4d req-d92e77e3-ad42-4051-97a6-677bdd857a4d ] Request (DeleteServersAdminTestJSON:test_delete_server_while_in_error_state): 200 GET http://10.180.1.21/compute/v2.1/servers/0ecb57e8-e85e-4dc2-a00b-59ec86d1c6ee 0.073s
2024-12-11 06:07:18.235 65925 INFO tempest.lib.common.rest_client [req-28af80bb-1f51-4eb8-90ff-0a9b6e0a964b req-28af80bb-1f51-4eb8-90ff-0a9b6e0a964b ] Request (ImagesOneServerTestJSON:setUpClass): 200 GET http://10.180.1.21/compute/v2.1/servers/2a346945-3e97-4da8-aa48-3e39577d63d7 0.064s
2024-12-11 06:07:18.377 65943 INFO tempest.lib.common.rest_client [req-cff86ea1-adc9-4de4-b099-26e372ab6247 req-cff86ea1-adc9-4de4-b099-26e372ab6247 ] Request (ServersTestMultiNic:_run_cleanups): 200 GET http://10.180.1.21/compute/v2.1/servers/8803ecc6-1ec3-44ae-ad17-5e84887a28c6 0.094s
2024-12-11 06:07:18.418 65911 INFO tempest.lib.common.rest_client [req-2d61133a-489c-48fe-acc5-ba547cd9eaa5 req-2d61133a-489c-48fe-acc5-ba547cd9eaa5 ] Request (ImagesTestJSON:test_create_image_from_stopped_server): 200 GET http://10.180.1.21/compute/v2.1/servers/f92d2e93-49ac-4bf3-958c-a4bb1bf5e211 0.097s
2024-12-11 06:07:18.450 65931 INFO tempest.lib.common.rest_client [req-0f295466-6741-407d-a7c7-1e47b2b6248a req-0f295466-6741-407d-a7c7-1e47b2b6248a ] Request (ServersAdminNegativeTestJSON:setUpClass): 200 GET http://10.180.1.21/compute/v2.1/servers/38ecc6a5-b3ae-4f3d-a7a4-6768d2abda77 0.065s
2024-12-11 06:07:18.548 65945 INFO tempest.lib.common.rest_client [req-f9bd2cfa-e19c-49c5-be10-3b16a93fad5e req-f9bd2cfa-e19c-49c5-be10-3b16a93fad5e ] Request (ListImageFiltersTestJSON:setUpClass): 200 GET http://10.180.1.21/compute/v2.1/servers/eb10fc88-0e81-4b32-8c3a-5c311a642519 0.070s
2024-12-11 06:07:18.556 65945 INFO tempest.common.waiters [-] State transition "BUILD/None" ==> "BUILD/networking" after 41 second wait
2024-12-11 06:07:18.607 65949 INFO tempest.lib.common.rest_client [req-a2a9dc88-7b96-452c-a442-8e4bfb90ce25 req-a2a9dc88-7b96-452c-a442-8e4bfb90ce25 ] Request (ListServersNegativeTestJSON:tearDownClass): 200 GET http://10.180.1.21/compute/v2.1/servers/ba1584e7-f56e-4c91-b39b-13af8d91cb1a 0.070s
2024-12-11 06:07:18.666 65921 INFO tempest.lib.common.rest_client [req-86832901-8df8-43e1-9480-529a4f75c403 req-86832901-8df8-43e1-9480-529a4f75c403 ] Request (ServerActionsV293TestJSON:setUpClass): 200 GET http://10.180.1.21/compute/v2.1/servers/bb27b6c8-05d4-46d1-903c-191336a3a6d5 0.071s
2024-12-11 06:07:18.722 65935 INFO tempest.lib.common.rest_client [req-48da4ee7-34d1-4526-87bb-2bf9e83b7921 req-48da4ee7-34d1-4526-87bb-2bf9e83b7921 ] Request (ServersAdminTestJSON:test_create_server_with_scheduling_hint): 200 GET http://10.180.1.21/compute/v2.1/servers/29592c2d-d44d-4ca1-be06-ae96a1261f1b 0.094s
2024-12-11 06:07:18.763 65923 INFO tempest.lib.common.rest_client [req-79217a12-0f4f-4dc5-945e-a0d67d1770bf req-79217a12-0f4f-4dc5-945e-a0d67d1770bf ] Request (ServersTestBootFromVolume:setUpClass): 200 PUT http://10.180.1.21:9696/networking/v2.0/routers/a574bd2e-e218-4cd2-895c-ff0123d367ee/add_router_interface 1.786s
2024-12-11 06:07:18.763 65923 INFO tempest.lib.common.dynamic_creds [-] Created isolated network resources for: credentials: Credentials: {'domain_id': 'default', 'domain_name': 'Default', 'username': 'tempest-ServersTestBootFromVolume-1442058212-project-member', 'project_domain_id': 'default', 'project_domain_name': 'Default', 'project_id': '5174a3740b0545d2bdbe1127ce4cd9dd', 'project_name': 'tempest-ServersTestBootFromVolume-1442058212', 'tenant_id': '5174a3740b0545d2bdbe1127ce4cd9dd', 'tenant_name': 'tempest-ServersTestBootFromVolume-1442058212', 'user_domain_id': 'default', 'user_domain_name': 'Default', 'user_id': '56ce25626d3b427ab570b071944b332a', 'system': None}, Network: {'id': '8fddf72f-abc8-4089-833c-ce3471e75cf3', 'name': 'tempest-ServersTestBootFromVolume-2102752135-network', 'tenant_id': '5174a3740b0545d2bdbe1127ce4cd9dd', 'admin_state_up': True, 'mtu': 8950, 'status': 'ACTIVE', 'subnets': [], 'shared': False, 'project_id': '5174a3740b0545d2bdbe1127ce4cd9dd', 'port_security_enabled': True, 'router:external': False, 'provider:network_type': 'vlan', 'provider:physical_network': 'default', 'provider:segmentation_id': 666, 'availability_zone_hints': [], 'availability_zones': [], 'ipv4_address_scope': None, 'ipv6_address_scope': None, 'description': '', 'tags': [], 'created_at': '2024-12-11T06:07:16Z', 'updated_at': '2024-12-11T06:07:16Z', 'revision_number': 1}, Subnet: {'id': '2f49fcf6-33bd-4598-ba50-e46db08e6708', 'name': 'tempest-ServersTestBootFromVolume-2102752135-subnet', 'tenant_id': '5174a3740b0545d2bdbe1127ce4cd9dd', 'network_id': '8fddf72f-abc8-4089-833c-ce3471e75cf3', 'ip_version': 4, 'subnetpool_id': None, 'enable_dhcp': True, 'ipv6_ra_mode': None, 'ipv6_address_mode': None, 'gateway_ip': '192.168.128.1', 'cidr': '192.168.128.0/28', 'allocation_pools': [{'start': '192.168.128.2', 'end': '192.168.128.14'}], 'host_routes': [], 'dns_nameservers': [], 'description': '', 'router:external': False, 'service_types': [], 'tags': [], 'created_at': '2024-12-11T06:07:16Z', 'updated_at': '2024-12-11T06:07:16Z', 'revision_number': 0, 'project_id': '5174a3740b0545d2bdbe1127ce4cd9dd'}, Router: {'id': 'a574bd2e-e218-4cd2-895c-ff0123d367ee', 'name': 'tempest-ServersTestBootFromVolume-2102752135-router', 'tenant_id': '5174a3740b0545d2bdbe1127ce4cd9dd', 'admin_state_up': True, 'status': 'ACTIVE', 'external_gateway_info': {'network_id': 'dc174373-7e35-43fb-8a8d-364b1360ed2b', 'external_fixed_ips': [{'subnet_id': '35b39172-b1d5-4338-a23d-2b71ee3e57f2', 'ip_address': '10.180.180.231'}], 'enable_snat': True}, 'description': '', 'availability_zones': [], 'distributed': False, 'ha': False, 'availability_zone_hints': [], 'routes': [], 'flavor_id': None, 'tags': [], 'created_at': '2024-12-11T06:07:16Z', 'updated_at': '2024-12-11T06:07:16Z', 'revision_number': 2, 'project_id': '5174a3740b0545d2bdbe1127ce4cd9dd'}
2024-12-11 06:07:18.764 65927 INFO tempest.lib.common.rest_client [req-6eec94e2-e857-4859-bbc2-a4ca1104147a req-6eec94e2-e857-4859-bbc2-a4ca1104147a ] Request (AttachInterfacesV270Test:test_create_get_list_interfaces): 200 GET http://10.180.1.21/compute/v2.1/servers/4355b227-9b2e-474b-8970-bcbd2a345993 0.341s
2024-12-11 06:07:18.797 65903 INFO tempest.lib.common.rest_client [req-5dfb60a3-4e27-4d06-a3be-b33052cf1b4f req-5dfb60a3-4e27-4d06-a3be-b33052cf1b4f ] Request (ServerMetadataNegativeTestJSON:tearDownClass): 200 GET http://10.180.1.21/compute/v2.1/servers/12cd5513-01c6-4bd2-9f14-0bf3f14f666c 0.148s
2024-12-11 06:07:18.836 65933 INFO tempest.lib.common.rest_client [req-ef014847-c07f-45a7-b3aa-cc2ed06ed686 req-ef014847-c07f-45a7-b3aa-cc2ed06ed686 ] Request (FloatingIPsAssociationNegativeTestJSON:setUpClass): 200 GET http://10.180.1.21/compute/v2.1/servers/fd095ef5-5d7e-43a8-9bf7-64d8a5b13d4a 0.144s
2024-12-11 06:07:18.858 65897 INFO tempest.lib.common.rest_client [req-2c4fc1f7-bc4e-43b7-8692-9ab9053fc762 req-2c4fc1f7-bc4e-43b7-8692-9ab9053fc762 ] Request (SecurityGroupsTestJSON:test_list_security_groups_by_server): 200 GET http://10.180.1.21/compute/v2.1/servers/cb1bba98-24b6-443d-92c9-59640cf53754 0.162s
2024-12-11 06:07:18.875 65923 INFO tempest.lib.common.rest_client [req-5683b9bc-6994-45b4-8c8f-87d749bdfcf6 req-5683b9bc-6994-45b4-8c8f-87d749bdfcf6 ] Request (ServersTestBootFromVolume:setUpClass): 201 POST http://10.180.1.21/identity/v3/auth/tokens 0.107s
2024-12-11 06:07:18.908 65907 INFO tempest.lib.common.rest_client [req-31fd104c-f9d4-4551-ab4e-e2249d3de752 req-31fd104c-f9d4-4551-ab4e-e2249d3de752 ] Request (ServerExternalEventsTest:test_create_server_external_events): 200 GET http://10.180.1.21/compute/v2.1/servers/e0cbc984-001d-4462-a111-769871370940 0.164s
2024-12-11 06:07:18.915 65953 INFO tempest.lib.common.rest_client [req-dfad8372-7f6d-4641-92aa-c9499a08e70d req-dfad8372-7f6d-4641-92aa-c9499a08e70d ] Request (FloatingIPsAssociationTestJSON:test_associate_already_associated_floating_ip): 200 GET http://10.180.1.21/compute/v2.1/servers/f1ffb50c-6d1f-407a-94a2-cd1fd55299f9 0.160s
2024-12-11 06:07:18.990 65919 INFO tempest.lib.common.rest_client [req-44498e49-406b-4b12-a30f-1a51132b3380 req-44498e49-406b-4b12-a30f-1a51132b3380 ] Request (ServerDiagnosticsNegativeTest:tearDownClass): 200 GET http://10.180.1.21/compute/v2.1/servers/b0681af5-fe44-4dc1-9939-fcb24d26084c 0.072s
2024-12-11 06:07:19.019 65941 WARNING tempest.lib.common.ssh [-] Failed to establish authenticated ssh connection to cirros@10.180.180.205 ([Errno None] Unable to connect to port 22 on 10.180.180.205). Number attempts: 7. Retry after 8 seconds.: paramiko.ssh_exception.NoValidConnectionsError: [Errno None] Unable to connect to port 22 on 10.180.180.205
2024-12-11 06:07:19.032 65923 INFO tempest.lib.common.rest_client [req-e4cc6bd7-e61d-4566-aa21-47f3a8779f4a req-e4cc6bd7-e61d-4566-aa21-47f3a8779f4a ] Request (ServersTestBootFromVolume:setUpClass): 200 POST http://10.180.1.21/compute/v2.1/os-keypairs 0.156s
2024-12-11 06:07:19.043 65909 INFO tempest.lib.common.rest_client [req-11fc3cb3-7c5a-43f5-992b-c0a0fda50fc8 req-11fc3cb3-7c5a-43f5-992b-c0a0fda50fc8 ] Request (ServerMetadataTestJSON:setUpClass): 200 GET http://10.180.1.21/compute/v2.1/servers/c82fd8ca-e2fb-4a55-ad87-6727ea7009ae 0.069s
2024-12-11 06:07:19.069 65913 INFO tempest.lib.common.rest_client [req-2ad36d0f-5878-4b1e-b685-08bb488c4cd0 req-2ad36d0f-5878-4b1e-b685-08bb488c4cd0 ] Request (ServersTestFqdnHostnames:setUpClass): 200 PUT http://10.180.1.21:9696/networking/v2.0/routers/9a397ec4-5845-4bcb-aac0-97db0a51cefd/add_router_interface 1.902s
2024-12-11 06:07:19.070 65913 INFO tempest.lib.common.dynamic_creds [-] Created isolated network resources for: credentials: Credentials: {'domain_id': 'default', 'domain_name': 'Default', 'username': 'tempest-ServersTestFqdnHostnames-901907810-project-member', 'project_domain_id': 'default', 'project_domain_name': 'Default', 'project_id': '8454f9a06ffa49aeb4fc6b717d1ad1f5', 'project_name': 'tempest-ServersTestFqdnHostnames-901907810', 'tenant_id': '8454f9a06ffa49aeb4fc6b717d1ad1f5', 'tenant_name': 'tempest-ServersTestFqdnHostnames-901907810', 'user_domain_id': 'default', 'user_domain_name': 'Default', 'user_id': '14a5827a5b3549148c51f8ba6a683b9a', 'system': None}, Network: {'id': 'de68d5f1-40e5-4739-a628-4db08e5040ea', 'name': 'tempest-ServersTestFqdnHostnames-877641239-network', 'tenant_id': '8454f9a06ffa49aeb4fc6b717d1ad1f5', 'admin_state_up': True, 'mtu': 8950, 'status': 'ACTIVE', 'subnets': [], 'shared': False, 'project_id': '8454f9a06ffa49aeb4fc6b717d1ad1f5', 'port_security_enabled': True, 'router:external': False, 'provider:network_type': 'vlan', 'provider:physical_network': 'default', 'provider:segmentation_id': 601, 'availability_zone_hints': [], 'availability_zones': [], 'ipv4_address_scope': None, 'ipv6_address_scope': None, 'description': '', 'tags': [], 'created_at': '2024-12-11T06:07:15Z', 'updated_at': '2024-12-11T06:07:15Z', 'revision_number': 1}, Subnet: {'id': '5217c8d0-77c1-4c3a-88fa-f5552cf0ca40', 'name': 'tempest-ServersTestFqdnHostnames-877641239-subnet', 'tenant_id': '8454f9a06ffa49aeb4fc6b717d1ad1f5', 'network_id': 'de68d5f1-40e5-4739-a628-4db08e5040ea', 'ip_version': 4, 'subnetpool_id': None, 'enable_dhcp': True, 'ipv6_ra_mode': None, 'ipv6_address_mode': None, 'gateway_ip': '192.168.128.1', 'cidr': '192.168.128.0/28', 'allocation_pools': [{'start': '192.168.128.2', 'end': '192.168.128.14'}], 'host_routes': [], 'dns_nameservers': [], 'description': '', 'router:external': False, 'service_types': [], 'tags': [], 'created_at': '2024-12-11T06:07:16Z', 'updated_at': '2024-12-11T06:07:16Z', 'revision_number': 0, 'project_id': '8454f9a06ffa49aeb4fc6b717d1ad1f5'}, Router: {'id': '9a397ec4-5845-4bcb-aac0-97db0a51cefd', 'name': 'tempest-ServersTestFqdnHostnames-877641239-router', 'tenant_id': '8454f9a06ffa49aeb4fc6b717d1ad1f5', 'admin_state_up': True, 'status': 'ACTIVE', 'external_gateway_info': {'network_id': 'dc174373-7e35-43fb-8a8d-364b1360ed2b', 'external_fixed_ips': [{'subnet_id': '35b39172-b1d5-4338-a23d-2b71ee3e57f2', 'ip_address': '10.180.180.152'}], 'enable_snat': True}, 'description': '', 'availability_zones': [], 'distributed': False, 'ha': False, 'availability_zone_hints': [], 'routes': [], 'flavor_id': None, 'tags': [], 'created_at': '2024-12-11T06:07:16Z', 'updated_at': '2024-12-11T06:07:16Z', 'revision_number': 2, 'project_id': '8454f9a06ffa49aeb4fc6b717d1ad1f5'}
2024-12-11 06:07:19.106 65899 INFO tempest.lib.common.rest_client [req-cbcded9d-1ad6-4e3c-987d-9eb92ae31879 req-cbcded9d-1ad6-4e3c-987d-9eb92ae31879 ] Request (DeleteServersAdminTestJSON:test_delete_server_while_in_error_state): 200 GET http://10.180.1.21/compute/v2.1/servers/0ecb57e8-e85e-4dc2-a00b-59ec86d1c6ee 0.128s
2024-12-11 06:07:19.153 65913 INFO tempest.lib.common.rest_client [req-6fb5c41a-ed5a-4627-97af-b238312f9085 req-6fb5c41a-ed5a-4627-97af-b238312f9085 ] Request (ServersTestFqdnHostnames:setUpClass): 201 POST http://10.180.1.21/identity/v3/auth/tokens 0.080s
2024-12-11 06:07:19.231 65913 INFO tempest.lib.common.rest_client [req-290f3556-d573-4ea4-99da-e24d2bf4d6a5 req-290f3556-d573-4ea4-99da-e24d2bf4d6a5 ] Request (ServersTestFqdnHostnames:test_create_server_with_fqdn_name): 200 POST http://10.180.1.21/compute/v2.1/os-keypairs 0.075s
2024-12-11 06:07:19.240 65923 INFO tempest.lib.common.rest_client [req-5a391a2c-1360-41dd-a146-660eea103936 req-5a391a2c-1360-41dd-a146-660eea103936 ] Request (ServersTestBootFromVolume:setUpClass): 201 POST http://10.180.1.21:9696/networking/v2.0/security-groups 0.202s
2024-12-11 06:07:19.308 65925 INFO tempest.lib.common.rest_client [req-9f8ef3b2-346d-4f61-b209-85ce38b4a8fe req-9f8ef3b2-346d-4f61-b209-85ce38b4a8fe ] Request (ImagesOneServerTestJSON:setUpClass): 200 GET http://10.180.1.21/compute/v2.1/servers/2a346945-3e97-4da8-aa48-3e39577d63d7 0.065s
2024-12-11 06:07:19.347 65913 INFO tempest.lib.common.rest_client [req-49195abd-26ee-478a-a967-5a42877b9d51 req-49195abd-26ee-478a-a967-5a42877b9d51 ] Request (ServersTestFqdnHostnames:test_create_server_with_fqdn_name): 201 POST http://10.180.1.21:9696/networking/v2.0/security-groups 0.115s
2024-12-11 06:07:19.396 65923 INFO tempest.lib.common.rest_client [req-5cd52d23-c8e9-4e86-990b-2b876afd2465 req-5cd52d23-c8e9-4e86-990b-2b876afd2465 ] Request (ServersTestBootFromVolume:setUpClass): 201 POST http://10.180.1.21:9696/networking/v2.0/security-group-rules 0.155s
2024-12-11 06:07:19.468 65943 INFO tempest.lib.common.rest_client [req-91194b25-4e94-4551-a4d0-1736e50713e5 req-91194b25-4e94-4551-a4d0-1736e50713e5 ] Request (ServersTestMultiNic:_run_cleanups): 200 GET http://10.180.1.21/compute/v2.1/servers/8803ecc6-1ec3-44ae-ad17-5e84887a28c6 0.081s
2024-12-11 06:07:19.478 65913 INFO tempest.lib.common.rest_client [req-afddd325-2815-478d-b94c-1a6b5a192ace req-afddd325-2815-478d-b94c-1a6b5a192ace ] Request (ServersTestFqdnHostnames:test_create_server_with_fqdn_name): 201 POST http://10.180.1.21:9696/networking/v2.0/security-group-rules 0.131s
2024-12-11 06:07:19.497 65911 INFO tempest.lib.common.rest_client [req-c087e05f-a016-4e50-a468-a27171f4a214 req-c087e05f-a016-4e50-a468-a27171f4a214 ] Request (ImagesTestJSON:test_create_image_from_stopped_server): 200 GET http://10.180.1.21/compute/v2.1/servers/f92d2e93-49ac-4bf3-958c-a4bb1bf5e211 0.072s
2024-12-11 06:07:19.538 65931 INFO tempest.lib.common.rest_client [req-3898bc6d-741f-495f-9a6f-2570560e5585 req-3898bc6d-741f-495f-9a6f-2570560e5585 ] Request (ServersAdminNegativeTestJSON:setUpClass): 200 GET http://10.180.1.21/compute/v2.1/servers/38ecc6a5-b3ae-4f3d-a7a4-6768d2abda77 0.079s
2024-12-11 06:07:19.554 65923 INFO tempest.lib.common.rest_client [req-33fd1f92-b3a9-4a07-876b-4ea4212dba44 req-33fd1f92-b3a9-4a07-876b-4ea4212dba44 ] Request (ServersTestBootFromVolume:setUpClass): 201 POST http://10.180.1.21:9696/networking/v2.0/security-group-rules 0.158s
2024-12-11 06:07:19.604 65913 INFO tempest.lib.common.rest_client [req-a8571ab7-3195-45df-a0c3-4ffcdfb35c31 req-a8571ab7-3195-45df-a0c3-4ffcdfb35c31 ] Request (ServersTestFqdnHostnames:test_create_server_with_fqdn_name): 201 POST http://10.180.1.21:9696/networking/v2.0/security-group-rules 0.125s
2024-12-11 06:07:19.692 65949 INFO tempest.lib.common.rest_client [req-37373c63-7c27-497b-81ba-bf15c9f62ac2 req-37373c63-7c27-497b-81ba-bf15c9f62ac2 ] Request (ListServersNegativeTestJSON:tearDownClass): 200 GET http://10.180.1.21/compute/v2.1/servers/ba1584e7-f56e-4c91-b39b-13af8d91cb1a 0.073s
2024-12-11 06:07:19.748 65945 INFO tempest.lib.common.rest_client [req-ff128db3-055e-4288-833f-b46e4243ef19 req-ff128db3-055e-4288-833f-b46e4243ef19 ] Request (ListImageFiltersTestJSON:setUpClass): 200 GET http://10.180.1.21/compute/v2.1/servers/eb10fc88-0e81-4b32-8c3a-5c311a642519 0.192s
2024-12-11 06:07:19.753 65921 INFO tempest.lib.common.rest_client [req-1e50d617-4bb5-4747-bc20-042c34d3a44c req-1e50d617-4bb5-4747-bc20-042c34d3a44c ] Request (ServerActionsV293TestJSON:setUpClass): 200 GET http://10.180.1.21/compute/v2.1/servers/bb27b6c8-05d4-46d1-903c-191336a3a6d5 0.078s
2024-12-11 06:07:19.756 65945 INFO tempest.common.waiters [-] State transition "BUILD/networking" ==> "BUILD/spawning" after 42 second wait
2024-12-11 06:07:19.822 65935 INFO tempest.lib.common.rest_client [req-092ac864-b737-43fc-8fdc-0e86b1c83282 req-092ac864-b737-43fc-8fdc-0e86b1c83282 ] Request (ServersAdminTestJSON:test_create_server_with_scheduling_hint): 200 GET http://10.180.1.21/compute/v2.1/servers/29592c2d-d44d-4ca1-be06-ae96a1261f1b 0.092s
2024-12-11 06:07:19.906 65903 INFO tempest.lib.common.rest_client [req-e8c95f99-cc7b-45e6-ba5e-f2eb33cf99f6 req-e8c95f99-cc7b-45e6-ba5e-f2eb33cf99f6 ] Request (ServerMetadataNegativeTestJSON:tearDownClass): 200 GET http://10.180.1.21/compute/v2.1/servers/12cd5513-01c6-4bd2-9f14-0bf3f14f666c 0.100s
2024-12-11 06:07:19.964 65927 INFO tempest.lib.common.rest_client [req-cbeb13db-3c6b-4978-9ac7-3a9a582a9b9f req-cbeb13db-3c6b-4978-9ac7-3a9a582a9b9f ] Request (AttachInterfacesV270Test:test_create_get_list_interfaces): 200 GET http://10.180.1.21/compute/v2.1/servers/4355b227-9b2e-474b-8970-bcbd2a345993 0.188s
2024-12-11 06:07:19.972 65927 INFO tempest.common.waiters [-] State transition "BUILD/spawning" ==> "ACTIVE/None" after 44 second wait
2024-12-11 06:07:20.004 65933 INFO tempest.lib.common.rest_client [req-457fbf3d-baf1-47c2-bc02-f1e63c239a5c req-457fbf3d-baf1-47c2-bc02-f1e63c239a5c ] Request (FloatingIPsAssociationNegativeTestJSON:setUpClass): 200 GET http://10.180.1.21/compute/v2.1/servers/fd095ef5-5d7e-43a8-9bf7-64d8a5b13d4a 0.159s
2024-12-11 06:07:20.054 65897 INFO tempest.lib.common.rest_client [req-3cd23345-1993-442b-81df-d54060d92c31 req-3cd23345-1993-442b-81df-d54060d92c31 ] Request (SecurityGroupsTestJSON:test_list_security_groups_by_server): 200 GET http://10.180.1.21/compute/v2.1/servers/cb1bba98-24b6-443d-92c9-59640cf53754 0.182s
2024-12-11 06:07:20.066 65907 INFO tempest.lib.common.rest_client [req-1b1e517e-f344-4629-bad2-6518cbd7755d req-1b1e517e-f344-4629-bad2-6518cbd7755d ] Request (ServerExternalEventsTest:test_create_server_external_events): 200 GET http://10.180.1.21/compute/v2.1/servers/e0cbc984-001d-4462-a111-769871370940 0.149s
2024-12-11 06:07:20.114 65953 INFO tempest.lib.common.rest_client [req-a97dd927-7dc7-4c74-a050-f3bf0acaf337 req-a97dd927-7dc7-4c74-a050-f3bf0acaf337 ] Request (FloatingIPsAssociationTestJSON:test_associate_already_associated_floating_ip): 200 GET http://10.180.1.21/compute/v2.1/servers/f1ffb50c-6d1f-407a-94a2-cd1fd55299f9 0.191s
2024-12-11 06:07:20.139 65913 INFO tempest.lib.common.rest_client [req-eeab0d72-5920-4126-9fe4-93ec656abbbe req-eeab0d72-5920-4126-9fe4-93ec656abbbe ] Request (ServersTestFqdnHostnames:test_create_server_with_fqdn_name): 201 POST http://10.180.1.21:9696/networking/v2.0/floatingips 0.534s
2024-12-11 06:07:20.147 65923 INFO tempest.lib.common.rest_client [req-ba183c88-f75b-4a3f-974b-14b258552f8c req-ba183c88-f75b-4a3f-974b-14b258552f8c ] Request (ServersTestBootFromVolume:setUpClass): 201 POST http://10.180.1.21:9696/networking/v2.0/floatingips 0.589s
2024-12-11 06:07:20.177 65919 INFO tempest.lib.common.rest_client [req-701c40ec-4ade-4e8e-98ca-745d1fe4fce7 req-701c40ec-4ade-4e8e-98ca-745d1fe4fce7 ] Request (ServerDiagnosticsNegativeTest:tearDownClass): 200 GET http://10.180.1.21/compute/v2.1/servers/b0681af5-fe44-4dc1-9939-fcb24d26084c 0.176s
2024-12-11 06:07:20.179 65913 INFO tempest.lib.common.rest_client [req-6bde8788-8bd1-454d-af2f-97fb4a1715f2 req-6bde8788-8bd1-454d-af2f-97fb4a1715f2 ] Request (ServersTestFqdnHostnames:test_create_server_with_fqdn_name): 201 POST http://10.180.1.21/identity/v3/auth/tokens 0.036s
2024-12-11 06:07:20.179 65913 INFO tempest.lib.common.fixed_network [-] (ServersTestFqdnHostnames:test_create_server_with_fqdn_name) Found network {'id': 'de68d5f1-40e5-4739-a628-4db08e5040ea', 'name': 'tempest-ServersTestFqdnHostnames-877641239-network', 'tenant_id': '8454f9a06ffa49aeb4fc6b717d1ad1f5', 'admin_state_up': True, 'mtu': 8950, 'status': 'ACTIVE', 'subnets': [], 'shared': False, 'project_id': '8454f9a06ffa49aeb4fc6b717d1ad1f5', 'port_security_enabled': True, 'router:external': False, 'provider:network_type': 'vlan', 'provider:physical_network': 'default', 'provider:segmentation_id': 601, 'availability_zone_hints': [], 'availability_zones': [], 'ipv4_address_scope': None, 'ipv6_address_scope': None, 'description': '', 'tags': [], 'created_at': '2024-12-11T06:07:15Z', 'updated_at': '2024-12-11T06:07:15Z', 'revision_number': 1} available for tenant
2024-12-11 06:07:20.180 65923 INFO tempest.lib.common.rest_client [req-ad844bfb-1de6-411d-8b45-047423f8fd07 req-ad844bfb-1de6-411d-8b45-047423f8fd07 ] Request (ServersTestBootFromVolume:setUpClass): 201 POST http://10.180.1.21/identity/v3/auth/tokens 0.030s
2024-12-11 06:07:20.181 65923 INFO tempest.lib.common.fixed_network [-] (ServersTestBootFromVolume:setUpClass) Found network {'id': '8fddf72f-abc8-4089-833c-ce3471e75cf3', 'name': 'tempest-ServersTestBootFromVolume-2102752135-network', 'tenant_id': '5174a3740b0545d2bdbe1127ce4cd9dd', 'admin_state_up': True, 'mtu': 8950, 'status': 'ACTIVE', 'subnets': [], 'shared': False, 'project_id': '5174a3740b0545d2bdbe1127ce4cd9dd', 'port_security_enabled': True, 'router:external': False, 'provider:network_type': 'vlan', 'provider:physical_network': 'default', 'provider:segmentation_id': 666, 'availability_zone_hints': [], 'availability_zones': [], 'ipv4_address_scope': None, 'ipv6_address_scope': None, 'description': '', 'tags': [], 'created_at': '2024-12-11T06:07:16Z', 'updated_at': '2024-12-11T06:07:16Z', 'revision_number': 1} available for tenant
2024-12-11 06:07:20.225 65909 INFO tempest.lib.common.rest_client [req-80aa2374-acfd-445d-9333-d7929e8edc2d req-80aa2374-acfd-445d-9333-d7929e8edc2d ] Request (ServerMetadataTestJSON:setUpClass): 200 GET http://10.180.1.21/compute/v2.1/servers/c82fd8ca-e2fb-4a55-ad87-6727ea7009ae 0.174s
2024-12-11 06:07:20.278 65899 INFO tempest.lib.common.rest_client [req-bd3684b9-b114-47bd-9022-2369c596533c req-bd3684b9-b114-47bd-9022-2369c596533c ] Request (DeleteServersAdminTestJSON:test_delete_server_while_in_error_state): 200 GET http://10.180.1.21/compute/v2.1/servers/0ecb57e8-e85e-4dc2-a00b-59ec86d1c6ee 0.159s
2024-12-11 06:07:20.404 65923 INFO tempest.lib.common.rest_client [req-261ed28a-813c-451c-b30e-9d6dff7bcd8a req-261ed28a-813c-451c-b30e-9d6dff7bcd8a ] Request (ServersTestBootFromVolume:setUpClass): 202 POST http://10.180.1.21/volume/v3/volumes 0.222s
2024-12-11 06:07:20.444 65923 INFO tempest.lib.common.rest_client [req-54bf0e2f-bacd-478c-971b-237a49679db3 req-54bf0e2f-bacd-478c-971b-237a49679db3 ] Request (ServersTestBootFromVolume:setUpClass): 200 GET http://10.180.1.21/volume/v3/volumes/78efef75-b933-486c-908e-af679048ab6d 0.034s
2024-12-11 06:07:20.614 65913 INFO tempest.lib.common.rest_client [req-4736566c-c0b0-41dc-97fb-47ba5f0729fb req-4736566c-c0b0-41dc-97fb-47ba5f0729fb ] Request (ServersTestFqdnHostnames:test_create_server_with_fqdn_name): 202 POST http://10.180.1.21/compute/v2.1/servers 0.434s
2024-12-11 06:07:20.677 65925 INFO tempest.lib.common.rest_client [req-457e62a3-013e-4580-80fa-b8e1a915a937 req-457e62a3-013e-4580-80fa-b8e1a915a937 ] Request (ImagesOneServerTestJSON:setUpClass): 200 GET http://10.180.1.21/compute/v2.1/servers/2a346945-3e97-4da8-aa48-3e39577d63d7 0.359s
2024-12-11 06:07:20.755 65943 INFO tempest.lib.common.rest_client [req-ab0cc187-fc61-4812-ac21-fc830b363200 req-ab0cc187-fc61-4812-ac21-fc830b363200 ] Request (ServersTestMultiNic:_run_cleanups): 200 GET http://10.180.1.21/compute/v2.1/servers/8803ecc6-1ec3-44ae-ad17-5e84887a28c6 0.277s
2024-12-11 06:07:20.841 65911 INFO tempest.lib.common.rest_client [req-ff6364ec-0d90-4c8e-8114-fbcd48ecc26d req-ff6364ec-0d90-4c8e-8114-fbcd48ecc26d ] Request (ImagesTestJSON:test_create_image_from_stopped_server): 200 GET http://10.180.1.21/compute/v2.1/servers/f92d2e93-49ac-4bf3-958c-a4bb1bf5e211 0.335s
2024-12-11 06:07:20.893 65931 INFO tempest.lib.common.rest_client [req-2fd53f9a-d17c-4809-a65f-e770a3473e86 req-2fd53f9a-d17c-4809-a65f-e770a3473e86 ] Request (ServersAdminNegativeTestJSON:setUpClass): 200 GET http://10.180.1.21/compute/v2.1/servers/38ecc6a5-b3ae-4f3d-a7a4-6768d2abda77 0.346s
2024-12-11 06:07:20.928 65913 INFO tempest.lib.common.rest_client [req-6ff4875f-bb0b-48c6-b590-907bc72e6dd5 req-6ff4875f-bb0b-48c6-b590-907bc72e6dd5 ] Request (ServersTestFqdnHostnames:test_create_server_with_fqdn_name): 200 GET http://10.180.1.21/compute/v2.1/servers/0276f97e-e204-4b03-bf33-dd991cd0169e 0.313s
2024-12-11 06:07:20.988 65949 INFO tempest.lib.common.rest_client [req-54090455-c819-4ed5-a59a-360739d555c0 req-54090455-c819-4ed5-a59a-360739d555c0 ] Request (ListServersNegativeTestJSON:tearDownClass): 404 GET http://10.180.1.21/compute/v2.1/servers/ba1584e7-f56e-4c91-b39b-13af8d91cb1a 0.290s
2024-12-11 06:07:21.155 65945 INFO tempest.lib.common.rest_client [req-3c0b3104-102d-4325-b53a-2f359b32bc6a req-3c0b3104-102d-4325-b53a-2f359b32bc6a ] Request (ListImageFiltersTestJSON:setUpClass): 200 GET http://10.180.1.21/compute/v2.1/servers/eb10fc88-0e81-4b32-8c3a-5c311a642519 0.394s
2024-12-11 06:07:21.212 65921 INFO tempest.lib.common.rest_client [req-0c75e8b4-9564-44ae-8b0b-d783dfa2fa94 req-0c75e8b4-9564-44ae-8b0b-d783dfa2fa94 ] Request (ServerActionsV293TestJSON:setUpClass): 200 GET http://10.180.1.21/compute/v2.1/servers/bb27b6c8-05d4-46d1-903c-191336a3a6d5 0.442s
2024-12-11 06:07:21.271 65935 INFO tempest.lib.common.rest_client [req-44426015-2905-4c67-b15b-068d24011440 req-44426015-2905-4c67-b15b-068d24011440 ] Request (ServersAdminTestJSON:test_create_server_with_scheduling_hint): 200 GET http://10.180.1.21/compute/v2.1/servers/29592c2d-d44d-4ca1-be06-ae96a1261f1b 0.436s
2024-12-11 06:07:21.323 65903 INFO tempest.lib.common.rest_client [req-d07a0b5a-1aaa-4478-9354-5700318a7bc4 req-d07a0b5a-1aaa-4478-9354-5700318a7bc4 ] Request (ServerMetadataNegativeTestJSON:tearDownClass): 200 GET http://10.180.1.21/compute/v2.1/servers/12cd5513-01c6-4bd2-9f14-0bf3f14f666c 0.408s
2024-12-11 06:07:21.342 65949 INFO tempest.lib.common.rest_client [req-0104355b-867e-43d3-b768-7b5c1235d9e3 req-0104355b-867e-43d3-b768-7b5c1235d9e3 ] Request (ListServersNegativeTestJSON:tearDownClass): 404 GET http://10.180.1.21/compute/v2.1/servers/659eaab2-d81a-4125-85c5-1c162698c066 0.353s
2024-12-11 06:07:21.386 65955 WARNING tempest.lib.common.ssh [-] Failed to establish authenticated ssh connection to cirros@10.180.180.214 ([Errno None] Unable to connect to port 22 on 10.180.180.214). Number attempts: 4. Retry after 5 seconds.: paramiko.ssh_exception.NoValidConnectionsError: [Errno None] Unable to connect to port 22 on 10.180.180.214
2024-12-11 06:07:21.387 65933 INFO tempest.lib.common.rest_client [req-199b6df0-0566-42d9-8564-a131448ea452 req-199b6df0-0566-42d9-8564-a131448ea452 ] Request (FloatingIPsAssociationNegativeTestJSON:setUpClass): 200 GET http://10.180.1.21/compute/v2.1/servers/fd095ef5-5d7e-43a8-9bf7-64d8a5b13d4a 0.373s
2024-12-11 06:07:21.392 65933 INFO tempest.common.waiters [-] State transition "BUILD/scheduling" ==> "BUILD/None" after 12 second wait
2024-12-11 06:07:21.430 65897 INFO tempest.lib.common.rest_client [req-58df78dc-3f78-415c-808c-45e3820f06aa req-58df78dc-3f78-415c-808c-45e3820f06aa ] Request (SecurityGroupsTestJSON:test_list_security_groups_by_server): 200 GET http://10.180.1.21/compute/v2.1/servers/cb1bba98-24b6-443d-92c9-59640cf53754 0.366s
2024-12-11 06:07:21.471 65907 INFO tempest.lib.common.rest_client [req-393dd6ea-cd17-405e-a556-28b25c19ac12 req-393dd6ea-cd17-405e-a556-28b25c19ac12 ] Request (ServerExternalEventsTest:test_create_server_external_events): 200 GET http://10.180.1.21/compute/v2.1/servers/e0cbc984-001d-4462-a111-769871370940 0.395s
2024-12-11 06:07:21.479 65923 INFO tempest.lib.common.rest_client [req-0363a67c-3f04-41cd-a085-30059d96553a req-0363a67c-3f04-41cd-a085-30059d96553a ] Request (ServersTestBootFromVolume:setUpClass): 200 GET http://10.180.1.21/volume/v3/volumes/78efef75-b933-486c-908e-af679048ab6d 0.027s
2024-12-11 06:07:21.512 65953 INFO tempest.lib.common.rest_client [req-a11e960d-1b8e-49a4-b618-fc6003ebfc8c req-a11e960d-1b8e-49a4-b618-fc6003ebfc8c ] Request (FloatingIPsAssociationTestJSON:test_associate_already_associated_floating_ip): 200 GET http://10.180.1.21/compute/v2.1/servers/f1ffb50c-6d1f-407a-94a2-cd1fd55299f9 0.392s
2024-12-11 06:07:21.563 65919 INFO tempest.lib.common.rest_client [req-2c273692-c712-43f4-9132-823a9faed2d3 req-2c273692-c712-43f4-9132-823a9faed2d3 ] Request (ServerDiagnosticsNegativeTest:tearDownClass): 200 GET http://10.180.1.21/compute/v2.1/servers/b0681af5-fe44-4dc1-9939-fcb24d26084c 0.378s
2024-12-11 06:07:21.606 65909 INFO tempest.lib.common.rest_client [req-eaca5798-f168-4fb5-9c47-37b341574a22 req-eaca5798-f168-4fb5-9c47-37b341574a22 ] Request (ServerMetadataTestJSON:setUpClass): 200 GET http://10.180.1.21/compute/v2.1/servers/c82fd8ca-e2fb-4a55-ad87-6727ea7009ae 0.375s
