2024-12-11 06:07:33.789 65949 INFO tempest.lib.common.fixed_network [-] (ServerActionsTestOtherB:setUpClass) Found network {'id': '64b937cd-2418-432c-a009-b3903db9a9d0', 'name': 'tempest-ServerActionsTestOtherB-1481074838-network', 'tenant_id': 'acfc80ac2c3e4cdb98c66119f461287f', 'admin_state_up': True, 'mtu': 8950, 'status': 'ACTIVE', 'subnets': [], 'shared': False, 'project_id': 'acfc80ac2c3e4cdb98c66119f461287f', 'port_security_enabled': True, 'router:external': False, 'provider:network_type': 'vlan', 'provider:physical_network': 'default', 'provider:segmentation_id': 62, 'availability_zone_hints': [], 'availability_zones': [], 'ipv4_address_scope': None, 'ipv6_address_scope': None, 'description': '', 'tags': [], 'created_at': '2024-12-11T06:07:30Z', 'updated_at': '2024-12-11T06:07:30Z', 'revision_number': 1} available for tenant
2024-12-11 06:07:33.790 65953 INFO tempest.lib.common.rest_client [req-e2c7c7fd-d81b-4dc4-82f2-39738675acb8 req-e2c7c7fd-d81b-4dc4-82f2-39738675acb8 ] Request (FloatingIPsAssociationTestJSON:test_associate_already_associated_floating_ip): 200 GET http://10.180.1.21/compute/v2.1/servers/f1ffb50c-6d1f-407a-94a2-cd1fd55299f9 0.166s
2024-12-11 06:07:33.802 65917 WARNING tempest.lib.common.ssh [-] Failed to establish authenticated ssh connection to cirros@10.180.180.165 ([Errno None] Unable to connect to port 22 on 10.180.180.165). Number attempts: 5. Retry after 6 seconds.: paramiko.ssh_exception.NoValidConnectionsError: [Errno None] Unable to connect to port 22 on 10.180.180.165
2024-12-11 06:07:33.816 65903 INFO tempest.lib.common.rest_client [req-a91b44f4-a4b8-487e-ac4b-17cd92e7c0bd req-a91b44f4-a4b8-487e-ac4b-17cd92e7c0bd ] Request (QuotasTestJSON:setUpClass): 201 POST http://10.180.1.21/identity/v3/auth/tokens 0.095s
2024-12-11 06:07:33.845 65897 INFO tempest.lib.common.rest_client [req-9d0d34aa-42e2-4d93-93ba-43508236801a req-9d0d34aa-42e2-4d93-93ba-43508236801a ] Request (SecurityGroupsTestJSON:test_list_security_groups_by_server): 200 GET http://10.180.1.21/compute/v2.1/servers/cb1bba98-24b6-443d-92c9-59640cf53754 0.274s
2024-12-11 06:07:33.847 65907 INFO tempest.lib.common.rest_client [req-f8b93e4c-84b0-49e3-aa93-e4217d7051c1 req-f8b93e4c-84b0-49e3-aa93-e4217d7051c1 ] Request (ServerExternalEventsTest:test_create_server_external_events): 200 GET http://10.180.1.21/compute/v2.1/servers/e0cbc984-001d-4462-a111-769871370940 0.190s
2024-12-11 06:07:33.916 65909 INFO tempest.lib.common.rest_client [req-70b23e72-7a9b-4d9d-8121-f140ca95c27b req-70b23e72-7a9b-4d9d-8121-f140ca95c27b ] Request (ServerMetadataTestJSON:setUpClass): 200 GET http://10.180.1.21/compute/v2.1/servers/c82fd8ca-e2fb-4a55-ad87-6727ea7009ae 0.237s
2024-12-11 06:07:33.933 65899 INFO tempest.lib.common.rest_client [req-63deff6e-0ecb-48cd-abde-11cf0dbe7105 req-63deff6e-0ecb-48cd-abde-11cf0dbe7105 ] Request (DeleteServersAdminTestJSON:test_delete_server_while_in_error_state): 200 GET http://10.180.1.21/compute/v2.1/servers/0ecb57e8-e85e-4dc2-a00b-59ec86d1c6ee 0.187s
2024-12-11 06:07:33.973 65923 INFO tempest.lib.common.rest_client [req-cdc484c7-4007-46e5-932b-cb11c17d6b3c req-cdc484c7-4007-46e5-932b-cb11c17d6b3c ] Request (ServersTestBootFromVolume:setUpClass): 200 GET http://10.180.1.21/volume/v3/volumes/78efef75-b933-486c-908e-af679048ab6d 0.034s
2024-12-11 06:07:34.003 65925 INFO tempest.lib.common.rest_client [req-662cbc9f-ca1c-4096-b3db-f4059ee3787e req-662cbc9f-ca1c-4096-b3db-f4059ee3787e ] Request (ImagesOneServerTestJSON:setUpClass): 200 GET http://10.180.1.21/compute/v2.1/servers/2a346945-3e97-4da8-aa48-3e39577d63d7 0.192s
2024-12-11 06:07:34.015 65925 INFO tempest.common.waiters [-] State transition "BUILD/None" ==> "BUILD/networking" after 47 second wait
2024-12-11 06:07:34.109 65903 INFO tempest.lib.common.rest_client [req-356c7e57-778d-45e4-bc4a-4e304c981762 req-356c7e57-778d-45e4-bc4a-4e304c981762 ] Request (QuotasTestJSON:test_compare_tenant_quotas_with_default_quotas): 200 GET http://10.180.1.21/compute/v2.1/os-quota-sets/65b4db7a7df2415fbbf0273566ad9590/defaults 0.291s
2024-12-11 06:07:34.176 65911 INFO tempest.lib.common.rest_client [req-296d572b-cf64-444e-b1f1-b325de468162 req-296d572b-cf64-444e-b1f1-b325de468162 ] Request (ImagesTestJSON:test_create_image_from_stopped_server): 200 GET http://10.180.1.21/compute/v2.1/servers/f92d2e93-49ac-4bf3-958c-a4bb1bf5e211 0.281s
2024-12-11 06:07:34.246 65943 INFO tempest.lib.common.rest_client [req-e9e505de-ac4c-4263-b9f8-35b673cac0a2 req-e9e505de-ac4c-4263-b9f8-35b673cac0a2 ] Request (ServersTestMultiNic:_run_cleanups): 200 GET http://10.180.1.21/compute/v2.1/servers/8803ecc6-1ec3-44ae-ad17-5e84887a28c6 0.303s
2024-12-11 06:07:34.301 65913 INFO tempest.lib.common.rest_client [req-f3910e4f-b66f-48a0-b8f8-7556fbc325c0 req-f3910e4f-b66f-48a0-b8f8-7556fbc325c0 ] Request (ServersTestFqdnHostnames:test_create_server_with_fqdn_name): 200 GET http://10.180.1.21/compute/v2.1/servers/0276f97e-e204-4b03-bf33-dd991cd0169e 0.341s
2024-12-11 06:07:34.376 65919 INFO tempest.lib.common.rest_client [req-4391d658-4659-4cf7-a83d-a79de719f4bb req-4391d658-4659-4cf7-a83d-a79de719f4bb ] Request (InstanceActionsV221TestJSON:test_get_list_deleted_instance_actions): 200 GET http://10.180.1.21/compute/v2.1/servers/94ec1ac3-1a01-40c5-8120-1856c35d29a8 0.379s
2024-12-11 06:07:34.424 65949 INFO tempest.lib.common.rest_client [req-210e20c0-020f-4727-bbe2-88a802e20459 req-210e20c0-020f-4727-bbe2-88a802e20459 ] Request (ServerActionsTestOtherB:setUpClass): 202 POST http://10.180.1.21/compute/v2.1/servers 0.633s
2024-12-11 06:07:34.450 65903 INFO tempest.lib.common.rest_client [req-eec1f078-d97b-42df-853f-5c49f947b86c req-eec1f078-d97b-42df-853f-5c49f947b86c ] Request (QuotasTestJSON:test_compare_tenant_quotas_with_default_quotas): 200 GET http://10.180.1.21/compute/v2.1/os-quota-sets/65b4db7a7df2415fbbf0273566ad9590 0.339s
2024-12-11 06:07:34.502 65949 INFO tempest.lib.common.rest_client [req-294650a7-9a9f-442e-b69e-8bba65b67f9c req-294650a7-9a9f-442e-b69e-8bba65b67f9c ] Request (ServerActionsTestOtherB:setUpClass): 200 GET http://10.180.1.21/compute/v2.1/servers/2e1334d2-24e1-4d03-8198-02baa1e6e693 0.076s
2024-12-11 06:07:34.505 65927 INFO tempest.lib.common.rest_client [req-0ca5db2e-df91-4fda-9492-34161485334b req-0ca5db2e-df91-4fda-9492-34161485334b ] Request (AttachInterfacesV270Test:tearDownClass): 200 GET http://10.180.1.21/compute/v2.1/servers/4355b227-9b2e-474b-8970-bcbd2a345993 0.130s
2024-12-11 06:07:34.545 65903 INFO tempest.lib.common.rest_client [req-f749c320-d8a2-41df-b443-cbf39c701292 req-f749c320-d8a2-41df-b443-cbf39c701292 ] Request (QuotasTestJSON:test_get_default_quotas): 200 GET http://10.180.1.21/compute/v2.1/os-quota-sets/65b4db7a7df2415fbbf0273566ad9590/defaults 0.090s
2024-12-11 06:07:34.601 65935 INFO tempest.lib.common.rest_client [req-fd9a22d6-ea4d-4e09-99c7-e1cbe5aa0311 req-fd9a22d6-ea4d-4e09-99c7-e1cbe5aa0311 ] Request (ServersAdminTestJSON:test_create_server_with_scheduling_hint): 200 GET http://10.180.1.21/compute/v2.1/servers/29592c2d-d44d-4ca1-be06-ae96a1261f1b 0.098s
2024-12-11 06:07:34.634 65903 INFO tempest.lib.common.rest_client [req-de14b7ac-43fb-4705-a8ea-4251a31071bc req-de14b7ac-43fb-4705-a8ea-4251a31071bc ] Request (QuotasTestJSON:test_get_quotas): 200 GET http://10.180.1.21/compute/v2.1/os-quota-sets/65b4db7a7df2415fbbf0273566ad9590 0.084s
2024-12-11 06:07:34.649 65931 INFO tempest.lib.common.rest_client [req-88c3e668-c757-4f00-bd9d-2aaf713ff5f2 req-88c3e668-c757-4f00-bd9d-2aaf713ff5f2 ] Request (ServersAdminNegativeTestJSON:setUpClass): 200 GET http://10.180.1.21/compute/v2.1/servers/38ecc6a5-b3ae-4f3d-a7a4-6768d2abda77 0.168s
2024-12-11 06:07:34.657 65931 INFO tempest.common.waiters [-] State transition "BUILD/spawning" ==> "ACTIVE/None" after 55 second wait
2024-12-11 06:07:34.689 65933 INFO tempest.lib.common.rest_client [req-22a0d80d-2636-45a3-b4db-73c506d4ed27 req-22a0d80d-2636-45a3-b4db-73c506d4ed27 ] Request (FloatingIPsAssociationNegativeTestJSON:setUpClass): 200 GET http://10.180.1.21/compute/v2.1/servers/fd095ef5-5d7e-43a8-9bf7-64d8a5b13d4a 0.138s
2024-12-11 06:07:34.699 65945 INFO tempest.lib.common.rest_client [req-9a960920-4679-4d72-95d1-1c142706b5ed req-9a960920-4679-4d72-95d1-1c142706b5ed ] Request (ListImageFiltersTestJSON:setUpClass): 200 GET http://10.180.1.21/compute/v2.1/images/772385a2-6303-4c0a-b12f-7aa0d57d122c 0.137s
2024-12-11 06:07:34.738 65903 INFO tempest.lib.common.rest_client [req-917bcf84-6030-43cc-9565-f49180971c1a req-917bcf84-6030-43cc-9565-f49180971c1a ] Request (QuotasTestJSON:test_get_quotas): 200 GET http://10.180.1.21/compute/v2.1/os-quota-sets/65b4db7a7df2415fbbf0273566ad9590?user_id=41efe5cff99b4520afbc820fe307a0da 0.102s
2024-12-11 06:07:34.794 65931 INFO tempest.lib.common.rest_client [req-28c31d55-a353-4ef6-bd4a-047526fd4939 req-28c31d55-a353-4ef6-bd4a-047526fd4939 ] Request (ServersAdminNegativeTestJSON:test_migrate_non_existent_server): 404 POST http://10.180.1.21/compute/v2.1/servers/c092e550-ada1-491d-bc93-f484f453f0ca/action 0.136s
2024-12-11 06:07:34.853 65903 INFO tempest.lib.common.rest_client [req-8970f583-c169-4770-a304-5f4b29e85947 req-8970f583-c169-4770-a304-5f4b29e85947 ] Request (QuotasTestJSON:tearDownClass): 204 DELETE http://10.180.1.21/identity/v3/users/41efe5cff99b4520afbc820fe307a0da 0.103s
2024-12-11 06:07:34.853 65903 INFO tempest.lib.common.dynamic_creds [-] Deleting project and security group for project: 65b4db7a7df2415fbbf0273566ad9590
2024-12-11 06:07:34.858 65953 INFO tempest.lib.common.rest_client [req-3f2df1c2-5d9e-4fbe-9af8-01eed4ec516c req-3f2df1c2-5d9e-4fbe-9af8-01eed4ec516c ] Request (FloatingIPsAssociationTestJSON:test_associate_already_associated_floating_ip): 200 GET http://10.180.1.21/compute/v2.1/servers/f1ffb50c-6d1f-407a-94a2-cd1fd55299f9 0.060s
2024-12-11 06:07:34.877 65931 INFO tempest.lib.common.rest_client [req-9829467b-5fb0-4f38-bbda-5429e0a6d9e2 req-9829467b-5fb0-4f38-bbda-5429e0a6d9e2 ] Request (ServersAdminNegativeTestJSON:test_migrate_server_invalid_state): 201 POST http://10.180.1.21/identity/v3/auth/tokens 0.075s
2024-12-11 06:07:34.878 65931 INFO tempest.lib.common.fixed_network [-] (ServersAdminNegativeTestJSON:test_migrate_server_invalid_state) Found network None available for tenant
2024-12-11 06:07:34.886 65921 INFO tempest.lib.common.rest_client [req-d700e6f4-7539-4810-8028-78ce2ff965e2 req-d700e6f4-7539-4810-8028-78ce2ff965e2 ] Request (ServerActionsV293TestJSON:setUpClass): 200 GET http://10.180.1.21/compute/v2.1/servers/bb27b6c8-05d4-46d1-903c-191336a3a6d5 0.142s
2024-12-11 06:07:34.894 65921 INFO tempest.common.waiters [-] State transition "BUILD/block_device_mapping" ==> "BUILD/spawning" after 52 second wait
2024-12-11 06:07:34.913 65907 INFO tempest.lib.common.rest_client [req-6f71ec33-e818-4244-8f27-2375351bc37e req-6f71ec33-e818-4244-8f27-2375351bc37e ] Request (ServerExternalEventsTest:test_create_server_external_events): 200 GET http://10.180.1.21/compute/v2.1/servers/e0cbc984-001d-4462-a111-769871370940 0.059s
2024-12-11 06:07:34.918 65903 INFO tempest.lib.common.rest_client [req-627a6fe9-ac66-4a10-8f5d-c6fda6122de0 req-627a6fe9-ac66-4a10-8f5d-c6fda6122de0 ] Request (QuotasTestJSON:tearDownClass): 201 POST http://10.180.1.21/identity/v3/auth/tokens 0.064s
2024-12-11 06:07:34.958 65897 INFO tempest.lib.common.rest_client [req-934c3571-afa9-4a44-b152-dcaed657da94 req-934c3571-afa9-4a44-b152-dcaed657da94 ] Request (SecurityGroupsTestJSON:test_list_security_groups_by_server): 200 GET http://10.180.1.21/compute/v2.1/servers/cb1bba98-24b6-443d-92c9-59640cf53754 0.105s
2024-12-11 06:07:35.013 65909 INFO tempest.lib.common.rest_client [req-c862b4df-7bf8-4754-9151-0a33623d4a34 req-c862b4df-7bf8-4754-9151-0a33623d4a34 ] Request (ServerMetadataTestJSON:setUpClass): 200 GET http://10.180.1.21/compute/v2.1/servers/c82fd8ca-e2fb-4a55-ad87-6727ea7009ae 0.089s
2024-12-11 06:07:35.027 65923 INFO tempest.lib.common.rest_client [req-a13d1b42-23cf-43f0-b3b0-231ca0d6e5aa req-a13d1b42-23cf-43f0-b3b0-231ca0d6e5aa ] Request (ServersTestBootFromVolume:setUpClass): 200 GET http://10.180.1.21/volume/v3/volumes/78efef75-b933-486c-908e-af679048ab6d 0.043s
2024-12-11 06:07:35.082 65899 INFO tempest.lib.common.rest_client [req-5e34ffdf-fea9-4ec6-bffd-c9caaf12d139 req-5e34ffdf-fea9-4ec6-bffd-c9caaf12d139 ] Request (DeleteServersAdminTestJSON:test_delete_server_while_in_error_state): 200 GET http://10.180.1.21/compute/v2.1/servers/0ecb57e8-e85e-4dc2-a00b-59ec86d1c6ee 0.141s
2024-12-11 06:07:35.167 65931 INFO tempest.lib.common.rest_client [req-42e7f9a7-d5d4-4894-a810-56e81d42cfdb req-42e7f9a7-d5d4-4894-a810-56e81d42cfdb ] Request (ServersAdminNegativeTestJSON:test_migrate_server_invalid_state): 202 POST http://10.180.1.21/compute/v2.1/servers 0.289s
2024-12-11 06:07:35.191 65903 INFO tempest.lib.common.rest_client [req-f28d71cd-b943-4b4f-b664-8d415f8f4ddd req-f28d71cd-b943-4b4f-b664-8d415f8f4ddd ] Request (QuotasTestJSON:tearDownClass): 200 GET http://10.180.1.21:9696/networking/v2.0/security-groups?tenant_id=65b4db7a7df2415fbbf0273566ad9590&name=default 0.273s
2024-12-11 06:07:35.213 65931 INFO tempest.lib.common.rest_client [req-344da150-dd91-4d99-bbdd-14e271345142 req-344da150-dd91-4d99-bbdd-14e271345142 ] Request (ServersAdminNegativeTestJSON:test_migrate_server_invalid_state): 200 GET http://10.180.1.21/compute/v2.1/servers/78200f24-2501-4d62-8c1a-1f3ef90c0465 0.044s
2024-12-11 06:07:35.224 65925 INFO tempest.lib.common.rest_client [req-10fc6ca4-5834-4d4e-b3c6-ea5ec552b504 req-10fc6ca4-5834-4d4e-b3c6-ea5ec552b504 ] Request (ImagesOneServerTestJSON:setUpClass): 200 GET http://10.180.1.21/compute/v2.1/servers/2a346945-3e97-4da8-aa48-3e39577d63d7 0.207s
2024-12-11 06:07:35.232 65925 INFO tempest.common.waiters [-] State transition "BUILD/networking" ==> "BUILD/block_device_mapping" after 48 second wait
2024-12-11 06:07:35.261 65911 INFO tempest.lib.common.rest_client [req-628523f9-5a6a-48f1-8b91-7863ddf79aa0 req-628523f9-5a6a-48f1-8b91-7863ddf79aa0 ] Request (ImagesTestJSON:test_create_image_from_stopped_server): 200 GET http://10.180.1.21/compute/v2.1/servers/f92d2e93-49ac-4bf3-958c-a4bb1bf5e211 0.077s
2024-12-11 06:07:35.280 65903 INFO tempest.lib.common.rest_client [req-d0703e3e-b241-4ac4-a535-a52a8c5e90f9 req-d0703e3e-b241-4ac4-a535-a52a8c5e90f9 ] Request (QuotasTestJSON:tearDownClass): 204 DELETE http://10.180.1.21:9696/networking/v2.0/security-groups/803d3655-ad63-48a3-9d54-0a4cccab22fe 0.088s
2024-12-11 06:07:35.322 65943 INFO tempest.lib.common.rest_client [req-53fe5ac5-b389-40d2-8f96-af3af6ba1e79 req-53fe5ac5-b389-40d2-8f96-af3af6ba1e79 ] Request (ServersTestMultiNic:_run_cleanups): 200 GET http://10.180.1.21/compute/v2.1/servers/8803ecc6-1ec3-44ae-ad17-5e84887a28c6 0.069s
2024-12-11 06:07:35.338 65939 WARNING tempest.lib.common.ssh [-] Failed to establish authenticated ssh connection to cirros@10.180.180.155 ([Errno None] Unable to connect to port 22 on 10.180.180.155). Number attempts: 8. Retry after 9 seconds.: paramiko.ssh_exception.NoValidConnectionsError: [Errno None] Unable to connect to port 22 on 10.180.180.155
2024-12-11 06:07:35.357 65903 INFO tempest.lib.common.rest_client [req-58591493-21fb-4ee4-9623-32febfb75717 req-58591493-21fb-4ee4-9623-32febfb75717 ] Request (QuotasTestJSON:tearDownClass): 204 DELETE http://10.180.1.21/identity/v3/projects/65b4db7a7df2415fbbf0273566ad9590 0.076s
2024-12-11 06:07:35.374 65913 INFO tempest.lib.common.rest_client [req-2ee398c4-5ed4-4754-8c04-3e007cddcaee req-2ee398c4-5ed4-4754-8c04-3e007cddcaee ] Request (ServersTestFqdnHostnames:test_create_server_with_fqdn_name): 200 GET http://10.180.1.21/compute/v2.1/servers/0276f97e-e204-4b03-bf33-dd991cd0169e 0.065s
2024-12-11 06:07:35.439 65919 INFO tempest.lib.common.rest_client [req-e5c76c0c-8bc9-4195-b6ae-fd399ac7ba43 req-e5c76c0c-8bc9-4195-b6ae-fd399ac7ba43 ] Request (InstanceActionsV221TestJSON:test_get_list_deleted_instance_actions): 200 GET http://10.180.1.21/compute/v2.1/servers/94ec1ac3-1a01-40c5-8120-1856c35d29a8 0.051s
2024-12-11 06:07:35.564 65949 INFO tempest.lib.common.rest_client [req-a3246435-29e6-4707-b4ee-421bf9e9f87c req-a3246435-29e6-4707-b4ee-421bf9e9f87c ] Request (ServerActionsTestOtherB:setUpClass): 200 GET http://10.180.1.21/compute/v2.1/servers/2e1334d2-24e1-4d03-8198-02baa1e6e693 0.051s
2024-12-11 06:07:35.575 65927 INFO tempest.lib.common.rest_client [req-c0743583-de3c-49a2-be45-9070b8ef0bcc req-c0743583-de3c-49a2-be45-9070b8ef0bcc ] Request (AttachInterfacesV270Test:tearDownClass): 200 GET http://10.180.1.21/compute/v2.1/servers/4355b227-9b2e-474b-8970-bcbd2a345993 0.061s
2024-12-11 06:07:35.659 65901 WARNING tempest.lib.common.ssh [-] Failed to establish authenticated ssh connection to cirros@10.180.180.197 ([Errno None] Unable to connect to port 22 on 10.180.180.197). Number attempts: 8. Retry after 9 seconds.: paramiko.ssh_exception.NoValidConnectionsError: [Errno None] Unable to connect to port 22 on 10.180.180.197
2024-12-11 06:07:35.665 65935 INFO tempest.lib.common.rest_client [req-d195190b-a49c-4c60-bc90-9bd651c7185f req-d195190b-a49c-4c60-bc90-9bd651c7185f ] Request (ServersAdminTestJSON:test_create_server_with_scheduling_hint): 200 GET http://10.180.1.21/compute/v2.1/servers/29592c2d-d44d-4ca1-be06-ae96a1261f1b 0.052s
2024-12-11 06:07:35.742 65945 INFO tempest.lib.common.rest_client [req-3f390672-a27a-4bc6-af6d-5d766588d28a req-3f390672-a27a-4bc6-af6d-5d766588d28a ] Request (ListImageFiltersTestJSON:setUpClass): 200 GET http://10.180.1.21/compute/v2.1/images/772385a2-6303-4c0a-b12f-7aa0d57d122c 0.038s
2024-12-11 06:07:35.758 65933 INFO tempest.lib.common.rest_client [req-91a15ae1-f65b-41f6-8d1b-29e0e166adde req-91a15ae1-f65b-41f6-8d1b-29e0e166adde ] Request (FloatingIPsAssociationNegativeTestJSON:setUpClass): 200 GET http://10.180.1.21/compute/v2.1/servers/fd095ef5-5d7e-43a8-9bf7-64d8a5b13d4a 0.057s
2024-12-11 06:07:35.926 65953 INFO tempest.lib.common.rest_client [req-138c9982-8e62-43f4-8df8-b2f1b8f8abe8 req-138c9982-8e62-43f4-8df8-b2f1b8f8abe8 ] Request (FloatingIPsAssociationTestJSON:test_associate_already_associated_floating_ip): 200 GET http://10.180.1.21/compute/v2.1/servers/f1ffb50c-6d1f-407a-94a2-cd1fd55299f9 0.059s
2024-12-11 06:07:35.972 65907 INFO tempest.lib.common.rest_client [req-f3a64487-5f3f-401a-b8ae-002066f0cabe req-f3a64487-5f3f-401a-b8ae-002066f0cabe ] Request (ServerExternalEventsTest:test_create_server_external_events): 200 GET http://10.180.1.21/compute/v2.1/servers/e0cbc984-001d-4462-a111-769871370940 0.049s
2024-12-11 06:07:36.017 65897 INFO tempest.lib.common.rest_client [req-3b99e10b-6484-41d1-b48f-c88a7e7e4b3a req-3b99e10b-6484-41d1-b48f-c88a7e7e4b3a ] Request (SecurityGroupsTestJSON:test_list_security_groups_by_server): 200 GET http://10.180.1.21/compute/v2.1/servers/cb1bba98-24b6-443d-92c9-59640cf53754 0.052s
2024-12-11 06:07:36.042 65957 WARNING tempest.lib.common.ssh [-] Failed to establish authenticated ssh connection to cirros@10.180.180.249 ([Errno None] Unable to connect to port 22 on 10.180.180.249). Number attempts: 8. Retry after 9 seconds.: paramiko.ssh_exception.NoValidConnectionsError: [Errno None] Unable to connect to port 22 on 10.180.180.249
2024-12-11 06:07:36.044 65921 INFO tempest.lib.common.rest_client [req-a623938f-4fca-494e-a4c5-dac1d09ec99a req-a623938f-4fca-494e-a4c5-dac1d09ec99a ] Request (ServerActionsV293TestJSON:setUpClass): 200 GET http://10.180.1.21/compute/v2.1/servers/bb27b6c8-05d4-46d1-903c-191336a3a6d5 0.149s
2024-12-11 06:07:36.064 65923 INFO tempest.lib.common.rest_client [req-5a6975db-4888-4b50-abdf-86baa80932b6 req-5a6975db-4888-4b50-abdf-86baa80932b6 ] Request (ServersTestBootFromVolume:setUpClass): 200 GET http://10.180.1.21/volume/v3/volumes/78efef75-b933-486c-908e-af679048ab6d 0.030s
2024-12-11 06:07:36.087 65909 INFO tempest.lib.common.rest_client [req-89c2764b-cedd-4d5c-bbaf-1122ac967c34 req-89c2764b-cedd-4d5c-bbaf-1122ac967c34 ] Request (ServerMetadataTestJSON:setUpClass): 200 GET http://10.180.1.21/compute/v2.1/servers/c82fd8ca-e2fb-4a55-ad87-6727ea7009ae 0.060s
2024-12-11 06:07:36.161 65899 INFO tempest.lib.common.rest_client [req-7faabb73-ff75-4e39-a6c9-d06414387127 req-7faabb73-ff75-4e39-a6c9-d06414387127 ] Request (DeleteServersAdminTestJSON:test_delete_server_while_in_error_state): 200 GET http://10.180.1.21/compute/v2.1/servers/0ecb57e8-e85e-4dc2-a00b-59ec86d1c6ee 0.066s
2024-12-11 06:07:36.291 65931 INFO tempest.lib.common.rest_client [req-1a53413c-98f9-4720-9ee7-2df8dc4b1edb req-1a53413c-98f9-4720-9ee7-2df8dc4b1edb ] Request (ServersAdminNegativeTestJSON:test_migrate_server_invalid_state): 200 GET http://10.180.1.21/compute/v2.1/servers/78200f24-2501-4d62-8c1a-1f3ef90c0465 0.068s
2024-12-11 06:07:36.342 65911 INFO tempest.lib.common.rest_client [req-d4e84393-48e9-4309-af25-02f614ba61cc req-d4e84393-48e9-4309-af25-02f614ba61cc ] Request (ImagesTestJSON:test_create_image_from_stopped_server): 200 GET http://10.180.1.21/compute/v2.1/servers/f92d2e93-49ac-4bf3-958c-a4bb1bf5e211 0.072s
2024-12-11 06:07:36.345 65925 INFO tempest.lib.common.rest_client [req-35c524ab-2266-46a9-a130-f76f5eb9859e req-35c524ab-2266-46a9-a130-f76f5eb9859e ] Request (ImagesOneServerTestJSON:setUpClass): 200 GET http://10.180.1.21/compute/v2.1/servers/2a346945-3e97-4da8-aa48-3e39577d63d7 0.112s
2024-12-11 06:07:36.352 65925 INFO tempest.common.waiters [-] State transition "BUILD/block_device_mapping" ==> "BUILD/spawning" after 49 second wait
2024-12-11 06:07:36.366 65943 INFO tempest.lib.common.rest_client [req-bcd74414-6efb-4651-9628-7da61cf87525 req-bcd74414-6efb-4651-9628-7da61cf87525 ] Request (ServersTestMultiNic:_run_cleanups): 404 GET http://10.180.1.21/compute/v2.1/servers/8803ecc6-1ec3-44ae-ad17-5e84887a28c6 0.034s
2024-12-11 06:07:36.450 65913 INFO tempest.lib.common.rest_client [req-b00209cd-c846-497a-ae8f-4ca5f434e06c req-b00209cd-c846-497a-ae8f-4ca5f434e06c ] Request (ServersTestFqdnHostnames:test_create_server_with_fqdn_name): 200 GET http://10.180.1.21/compute/v2.1/servers/0276f97e-e204-4b03-bf33-dd991cd0169e 0.069s
2024-12-11 06:07:36.457 65913 INFO tempest.common.waiters [-] State transition "BUILD/scheduling" ==> "BUILD/None" after 16 second wait
2024-12-11 06:07:36.509 65919 INFO tempest.lib.common.rest_client [req-45fd08cd-d06c-4e24-8694-62351f78275a req-45fd08cd-d06c-4e24-8694-62351f78275a ] Request (InstanceActionsV221TestJSON:test_get_list_deleted_instance_actions): 200 GET http://10.180.1.21/compute/v2.1/servers/94ec1ac3-1a01-40c5-8120-1856c35d29a8 0.062s
2024-12-11 06:07:36.528 65943 INFO tempest.lib.common.rest_client [req-f261d268-f481-448d-b430-69dcbcf771dc req-f261d268-f481-448d-b430-69dcbcf771dc ] Request (ServersTestMultiNic:_run_cleanups): 204 DELETE http://10.180.1.21:9696/networking/v2.0/subnets/b47f8ea7-26f8-4f7c-8d98-19dd6470071c 0.161s
2024-12-11 06:07:36.659 65927 INFO tempest.lib.common.rest_client [req-abb37ffe-ec3f-49e0-a4e6-402807a221f3 req-abb37ffe-ec3f-49e0-a4e6-402807a221f3 ] Request (AttachInterfacesV270Test:tearDownClass): 200 GET http://10.180.1.21/compute/v2.1/servers/4355b227-9b2e-474b-8970-bcbd2a345993 0.072s
2024-12-11 06:07:36.730 65935 INFO tempest.lib.common.rest_client [req-865e2afd-9431-4538-8e32-d4760dcccbd0 req-865e2afd-9431-4538-8e32-d4760dcccbd0 ] Request (ServersAdminTestJSON:test_create_server_with_scheduling_hint): 200 GET http://10.180.1.21/compute/v2.1/servers/29592c2d-d44d-4ca1-be06-ae96a1261f1b 0.058s
2024-12-11 06:07:36.768 65949 INFO tempest.lib.common.rest_client [req-e76981d6-458a-4100-abef-3551eccd8011 req-e76981d6-458a-4100-abef-3551eccd8011 ] Request (ServerActionsTestOtherB:setUpClass): 200 GET http://10.180.1.21/compute/v2.1/servers/2e1334d2-24e1-4d03-8198-02baa1e6e693 0.197s
2024-12-11 06:07:36.787 65945 INFO tempest.lib.common.rest_client [req-1cb1f3a7-4a39-4412-ad11-aedc46a87133 req-1cb1f3a7-4a39-4412-ad11-aedc46a87133 ] Request (ListImageFiltersTestJSON:setUpClass): 200 GET http://10.180.1.21/compute/v2.1/images/772385a2-6303-4c0a-b12f-7aa0d57d122c 0.041s
2024-12-11 06:07:36.838 65933 INFO tempest.lib.common.rest_client [req-0805a2c4-8d69-419b-a3a0-a7631c635e5c req-0805a2c4-8d69-419b-a3a0-a7631c635e5c ] Request (FloatingIPsAssociationNegativeTestJSON:setUpClass): 200 GET http://10.180.1.21/compute/v2.1/servers/fd095ef5-5d7e-43a8-9bf7-64d8a5b13d4a 0.072s
2024-12-11 06:07:36.998 65953 INFO tempest.lib.common.rest_client [req-f7dbd133-c3e1-462a-bfe3-86ef2b9b99e0 req-f7dbd133-c3e1-462a-bfe3-86ef2b9b99e0 ] Request (FloatingIPsAssociationTestJSON:test_associate_already_associated_floating_ip): 200 GET http://10.180.1.21/compute/v2.1/servers/f1ffb50c-6d1f-407a-94a2-cd1fd55299f9 0.065s
2024-12-11 06:07:37.067 65907 INFO tempest.lib.common.rest_client [req-98022d3e-c644-450b-92da-59dd1c9d2f99 req-98022d3e-c644-450b-92da-59dd1c9d2f99 ] Request (ServerExternalEventsTest:test_create_server_external_events): 200 GET http://10.180.1.21/compute/v2.1/servers/e0cbc984-001d-4462-a111-769871370940 0.086s
2024-12-11 06:07:37.090 65897 INFO tempest.lib.common.rest_client [req-807b0c06-d6ed-4fd5-abb8-4ae04d97722f req-807b0c06-d6ed-4fd5-abb8-4ae04d97722f ] Request (SecurityGroupsTestJSON:test_list_security_groups_by_server): 200 GET http://10.180.1.21/compute/v2.1/servers/cb1bba98-24b6-443d-92c9-59640cf53754 0.059s
2024-12-11 06:07:37.112 65923 INFO tempest.lib.common.rest_client [req-c70ca0cd-bccf-43a0-bbe2-f3902c80c1d1 req-c70ca0cd-bccf-43a0-bbe2-f3902c80c1d1 ] Request (ServersTestBootFromVolume:setUpClass): 200 GET http://10.180.1.21/volume/v3/volumes/78efef75-b933-486c-908e-af679048ab6d 0.037s
2024-12-11 06:07:37.130 65895 WARNING tempest.lib.common.ssh [-] Failed to establish authenticated ssh connection to cirros@10.180.180.229 ([Errno None] Unable to connect to port 22 on 10.180.180.229). Number attempts: 7. Retry after 8 seconds.: paramiko.ssh_exception.NoValidConnectionsError: [Errno None] Unable to connect to port 22 on 10.180.180.229
2024-12-11 06:07:37.132 65943 INFO tempest.lib.common.rest_client [req-b853afb8-e719-43fe-bb2d-3c7325e44d5c req-b853afb8-e719-43fe-bb2d-3c7325e44d5c ] Request (ServersTestMultiNic:_run_cleanups): 204 DELETE http://10.180.1.21:9696/networking/v2.0/networks/6da0b13a-7013-4466-9e5e-cf3b43e4b82a 0.604s
2024-12-11 06:07:37.160 65909 INFO tempest.lib.common.rest_client [req-92c7001f-d0b1-4414-9f40-928d57856e0e req-92c7001f-d0b1-4414-9f40-928d57856e0e ] Request (ServerMetadataTestJSON:setUpClass): 200 GET http://10.180.1.21/compute/v2.1/servers/c82fd8ca-e2fb-4a55-ad87-6727ea7009ae 0.063s
2024-12-11 06:07:37.245 65899 INFO tempest.lib.common.rest_client [req-4dad67c0-4459-45ad-a851-a22b3a7bd4d5 req-4dad67c0-4459-45ad-a851-a22b3a7bd4d5 ] Request (DeleteServersAdminTestJSON:test_delete_server_while_in_error_state): 200 GET http://10.180.1.21/compute/v2.1/servers/0ecb57e8-e85e-4dc2-a00b-59ec86d1c6ee 0.073s
2024-12-11 06:07:37.267 65921 INFO tempest.lib.common.rest_client [req-42cf2ad4-7420-462c-b04a-108624fcdf3b req-42cf2ad4-7420-462c-b04a-108624fcdf3b ] Request (ServerActionsV293TestJSON:setUpClass): 200 GET http://10.180.1.21/compute/v2.1/servers/bb27b6c8-05d4-46d1-903c-191336a3a6d5 0.212s
2024-12-11 06:07:37.362 65931 INFO tempest.lib.common.rest_client [req-a5027e7a-a127-407f-8971-83e6d2a5d9c0 req-a5027e7a-a127-407f-8971-83e6d2a5d9c0 ] Request (ServersAdminNegativeTestJSON:test_migrate_server_invalid_state): 200 GET http://10.180.1.21/compute/v2.1/servers/78200f24-2501-4d62-8c1a-1f3ef90c0465 0.062s
2024-12-11 06:07:37.363 65943 INFO tempest.lib.common.rest_client [req-79e25ddd-b65f-4b4e-801b-84a5e452561c req-79e25ddd-b65f-4b4e-801b-84a5e452561c ] Request (ServersTestMultiNic:_run_cleanups): 204 DELETE http://10.180.1.21:9696/networking/v2.0/subnets/8d55dde1-8be1-4cba-8db1-90d2f9bc1ef1 0.231s
2024-12-11 06:07:37.411 65911 INFO tempest.lib.common.rest_client [req-1732c9fb-0c75-4ec1-a49b-f17b57d59131 req-1732c9fb-0c75-4ec1-a49b-f17b57d59131 ] Request (ImagesTestJSON:test_create_image_from_stopped_server): 200 GET http://10.180.1.21/compute/v2.1/servers/f92d2e93-49ac-4bf3-958c-a4bb1bf5e211 0.062s
2024-12-11 06:07:37.512 65913 INFO tempest.lib.common.rest_client [req-7549a12d-66b9-4635-a3f0-cad4d5a6ddf7 req-7549a12d-66b9-4635-a3f0-cad4d5a6ddf7 ] Request (ServersTestFqdnHostnames:test_create_server_with_fqdn_name): 200 GET http://10.180.1.21/compute/v2.1/servers/0276f97e-e204-4b03-bf33-dd991cd0169e 0.053s
2024-12-11 06:07:37.572 65919 INFO tempest.lib.common.rest_client [req-bea6ee05-164b-466c-b2fd-92464b2babea req-bea6ee05-164b-466c-b2fd-92464b2babea ] Request (InstanceActionsV221TestJSON:test_get_list_deleted_instance_actions): 200 GET http://10.180.1.21/compute/v2.1/servers/94ec1ac3-1a01-40c5-8120-1856c35d29a8 0.054s
2024-12-11 06:07:37.637 65925 INFO tempest.lib.common.rest_client [req-9cd1a24f-3494-4169-8f35-013817113fab req-9cd1a24f-3494-4169-8f35-013817113fab ] Request (ImagesOneServerTestJSON:setUpClass): 200 GET http://10.180.1.21/compute/v2.1/servers/2a346945-3e97-4da8-aa48-3e39577d63d7 0.284s
2024-12-11 06:07:37.729 65927 INFO tempest.lib.common.rest_client [req-5858a280-c4df-47cb-b087-d359e7decb44 req-5858a280-c4df-47cb-b087-d359e7decb44 ] Request (AttachInterfacesV270Test:tearDownClass): 200 GET http://10.180.1.21/compute/v2.1/servers/4355b227-9b2e-474b-8970-bcbd2a345993 0.060s
2024-12-11 06:07:37.769 65943 INFO tempest.lib.common.rest_client [req-94b59712-4d43-4d34-9b93-734100415950 req-94b59712-4d43-4d34-9b93-734100415950 ] Request (ServersTestMultiNic:_run_cleanups): 204 DELETE http://10.180.1.21:9696/networking/v2.0/networks/d9173128-3a87-496a-8302-d36e52cf0e3e 0.406s
2024-12-11 06:07:37.797 65935 INFO tempest.lib.common.rest_client [req-bfe2360d-daf3-4248-b9de-7b069bc23d85 req-bfe2360d-daf3-4248-b9de-7b069bc23d85 ] Request (ServersAdminTestJSON:test_create_server_with_scheduling_hint): 200 GET http://10.180.1.21/compute/v2.1/servers/29592c2d-d44d-4ca1-be06-ae96a1261f1b 0.059s
2024-12-11 06:07:37.837 65945 INFO tempest.lib.common.rest_client [req-c1643b22-cffb-431f-867c-76f848a9026a req-c1643b22-cffb-431f-867c-76f848a9026a ] Request (ListImageFiltersTestJSON:setUpClass): 200 GET http://10.180.1.21/compute/v2.1/images/772385a2-6303-4c0a-b12f-7aa0d57d122c 0.046s
2024-12-11 06:07:37.837 65949 INFO tempest.lib.common.rest_client [req-828b92d5-9566-416d-b5f9-df2ebb8db54f req-828b92d5-9566-416d-b5f9-df2ebb8db54f ] Request (ServerActionsTestOtherB:setUpClass): 200 GET http://10.180.1.21/compute/v2.1/servers/2e1334d2-24e1-4d03-8198-02baa1e6e693 0.060s
2024-12-11 06:07:37.910 65933 INFO tempest.lib.common.rest_client [req-2aeade16-897e-4410-a8f6-522a981b7065 req-2aeade16-897e-4410-a8f6-522a981b7065 ] Request (FloatingIPsAssociationNegativeTestJSON:setUpClass): 200 GET http://10.180.1.21/compute/v2.1/servers/fd095ef5-5d7e-43a8-9bf7-64d8a5b13d4a 0.064s
2024-12-11 06:07:37.915 65943 INFO tempest.lib.common.rest_client [req-fba54da9-0858-45d7-a0a9-bd75cd5ba7dd req-fba54da9-0858-45d7-a0a9-bd75cd5ba7dd ] Request (ServersTestMultiNic:test_verify_multiple_nics_order): 201 POST http://10.180.1.21:9696/networking/v2.0/networks 0.144s
2024-12-11 06:07:38.069 65953 INFO tempest.lib.common.rest_client [req-81919ebf-8621-496a-b5c5-571e1b951cc7 req-81919ebf-8621-496a-b5c5-571e1b951cc7 ] Request (FloatingIPsAssociationTestJSON:test_associate_already_associated_floating_ip): 200 GET http://10.180.1.21/compute/v2.1/servers/f1ffb50c-6d1f-407a-94a2-cd1fd55299f9 0.061s
2024-12-11 06:07:38.114 65943 INFO tempest.lib.common.rest_client [req-22445893-1003-4a16-a500-17c383018bc1 req-22445893-1003-4a16-a500-17c383018bc1 ] Request (ServersTestMultiNic:test_verify_multiple_nics_order): 201 POST http://10.180.1.21:9696/networking/v2.0/subnets 0.199s
2024-12-11 06:07:38.136 65907 INFO tempest.lib.common.rest_client [req-4933e429-61bd-4823-9225-b05494f1da31 req-4933e429-61bd-4823-9225-b05494f1da31 ] Request (ServerExternalEventsTest:test_create_server_external_events): 200 GET http://10.180.1.21/compute/v2.1/servers/e0cbc984-001d-4462-a111-769871370940 0.053s
2024-12-11 06:07:38.148 65923 INFO tempest.lib.common.rest_client [req-52d3be01-6643-4485-b327-3a07fa165026 req-52d3be01-6643-4485-b327-3a07fa165026 ] Request (ServersTestBootFromVolume:setUpClass): 200 GET http://10.180.1.21/volume/v3/volumes/78efef75-b933-486c-908e-af679048ab6d 0.028s
2024-12-11 06:07:38.160 65897 INFO tempest.lib.common.rest_client [req-a3dca74d-5b31-4a99-b29a-67107dc189ed req-a3dca74d-5b31-4a99-b29a-67107dc189ed ] Request (SecurityGroupsTestJSON:test_list_security_groups_by_server): 200 GET http://10.180.1.21/compute/v2.1/servers/cb1bba98-24b6-443d-92c9-59640cf53754 0.063s
2024-12-11 06:07:38.225 65909 INFO tempest.lib.common.rest_client [req-20ba86a4-8d7f-4e28-ae63-a89485f87933 req-20ba86a4-8d7f-4e28-ae63-a89485f87933 ] Request (ServerMetadataTestJSON:setUpClass): 200 GET http://10.180.1.21/compute/v2.1/servers/c82fd8ca-e2fb-4a55-ad87-6727ea7009ae 0.055s
2024-12-11 06:07:38.245 65943 INFO tempest.lib.common.rest_client [req-8704e752-154f-44c9-8694-3f2c2af83abd req-8704e752-154f-44c9-8694-3f2c2af83abd ] Request (ServersTestMultiNic:test_verify_multiple_nics_order): 201 POST http://10.180.1.21:9696/networking/v2.0/networks 0.130s
2024-12-11 06:07:38.331 65899 INFO tempest.lib.common.rest_client [req-2d50face-6472-4eba-8398-c28454e2748a req-2d50face-6472-4eba-8398-c28454e2748a ] Request (DeleteServersAdminTestJSON:test_delete_server_while_in_error_state): 200 GET http://10.180.1.21/compute/v2.1/servers/0ecb57e8-e85e-4dc2-a00b-59ec86d1c6ee 0.079s
2024-12-11 06:07:38.429 65921 INFO tempest.lib.common.rest_client [req-c98c4d12-aff0-4dba-8093-f3a89978f5da req-c98c4d12-aff0-4dba-8093-f3a89978f5da ] Request (ServerActionsV293TestJSON:setUpClass): 200 GET http://10.180.1.21/compute/v2.1/servers/bb27b6c8-05d4-46d1-903c-191336a3a6d5 0.148s
2024-12-11 06:07:38.431 65931 INFO tempest.lib.common.rest_client [req-f5d31a10-8fb7-4e06-a6ab-9632ee9b3fb1 req-f5d31a10-8fb7-4e06-a6ab-9632ee9b3fb1 ] Request (ServersAdminNegativeTestJSON:test_migrate_server_invalid_state): 200 GET http://10.180.1.21/compute/v2.1/servers/78200f24-2501-4d62-8c1a-1f3ef90c0465 0.059s
2024-12-11 06:07:38.482 65911 INFO tempest.lib.common.rest_client [req-4929b689-b4b0-485c-97f8-1dd89745046b req-4929b689-b4b0-485c-97f8-1dd89745046b ] Request (ImagesTestJSON:test_create_image_from_stopped_server): 200 GET http://10.180.1.21/compute/v2.1/servers/f92d2e93-49ac-4bf3-958c-a4bb1bf5e211 0.064s
2024-12-11 06:07:38.492 65911 INFO tempest.common.waiters [-] State transition "BUILD/None" ==> "BUILD/networking" after 48 second wait
2024-12-11 06:07:38.499 65943 INFO tempest.lib.common.rest_client [req-ab1393cd-5ca3-4630-a3cf-ac8af1e3e41f req-ab1393cd-5ca3-4630-a3cf-ac8af1e3e41f ] Request (ServersTestMultiNic:test_verify_multiple_nics_order): 201 POST http://10.180.1.21:9696/networking/v2.0/subnets 0.253s
2024-12-11 06:07:38.566 65943 INFO tempest.lib.common.rest_client [req-56253a5a-e690-4e52-8ce9-decdb5a6f972 req-56253a5a-e690-4e52-8ce9-decdb5a6f972 ] Request (ServersTestMultiNic:test_verify_multiple_nics_order): 201 POST http://10.180.1.21/identity/v3/auth/tokens 0.064s
2024-12-11 06:07:38.566 65943 INFO tempest.lib.common.fixed_network [-] (ServersTestMultiNic:test_verify_multiple_nics_order) Found network {'id': '36ad9ada-d2a9-4e6e-9e8e-812f2c72c214', 'name': 'tempest-ServersTestMultiNic-348415285-network', 'tenant_id': '607a66a24edf477e84f2710f35745300', 'admin_state_up': True, 'mtu': 8950, 'status': 'ACTIVE', 'subnets': [], 'shared': False, 'project_id': '607a66a24edf477e84f2710f35745300', 'port_security_enabled': True, 'router:external': False, 'provider:network_type': 'vlan', 'provider:physical_network': 'default', 'provider:segmentation_id': 599, 'availability_zone_hints': [], 'availability_zones': [], 'ipv4_address_scope': None, 'ipv6_address_scope': None, 'description': '', 'tags': [], 'created_at': '2024-12-11T06:06:06Z', 'updated_at': '2024-12-11T06:06:06Z', 'revision_number': 1} available for tenant
2024-12-11 06:07:38.567 65913 INFO tempest.lib.common.rest_client [req-4c644996-90d3-467b-bd4b-9d181b60adab req-4c644996-90d3-467b-bd4b-9d181b60adab ] Request (ServersTestFqdnHostnames:test_create_server_with_fqdn_name): 200 GET http://10.180.1.21/compute/v2.1/servers/0276f97e-e204-4b03-bf33-dd991cd0169e 0.048s
2024-12-11 06:07:38.633 65919 INFO tempest.lib.common.rest_client [req-1f0393ad-9836-4827-8d28-eb9dd52469ec req-1f0393ad-9836-4827-8d28-eb9dd52469ec ] Request (InstanceActionsV221TestJSON:test_get_list_deleted_instance_actions): 200 GET http://10.180.1.21/compute/v2.1/servers/94ec1ac3-1a01-40c5-8120-1856c35d29a8 0.052s
2024-12-11 06:07:38.784 65925 INFO tempest.lib.common.rest_client [req-6ce98eed-3d9d-42cf-84cc-16f8122bdbc2 req-6ce98eed-3d9d-42cf-84cc-16f8122bdbc2 ] Request (ImagesOneServerTestJSON:setUpClass): 200 GET http://10.180.1.21/compute/v2.1/servers/2a346945-3e97-4da8-aa48-3e39577d63d7 0.141s
2024-12-11 06:07:38.856 65927 INFO tempest.lib.common.rest_client [req-55505795-f54b-4c38-91f4-c1f988175ad3 req-55505795-f54b-4c38-91f4-c1f988175ad3 ] Request (AttachInterfacesV270Test:tearDownClass): 200 GET http://10.180.1.21/compute/v2.1/servers/4355b227-9b2e-474b-8970-bcbd2a345993 0.116s
2024-12-11 06:07:38.924 65935 INFO tempest.lib.common.rest_client [req-c8bfe69a-2d18-44e4-83eb-7767397ba11e req-c8bfe69a-2d18-44e4-83eb-7767397ba11e ] Request (ServersAdminTestJSON:test_create_server_with_scheduling_hint): 200 GET http://10.180.1.21/compute/v2.1/servers/29592c2d-d44d-4ca1-be06-ae96a1261f1b 0.119s
2024-12-11 06:07:38.961 65945 INFO tempest.lib.common.rest_client [req-e3da42ba-49a4-4ac0-a729-9db815c755e4 req-e3da42ba-49a4-4ac0-a729-9db815c755e4 ] Request (ListImageFiltersTestJSON:setUpClass): 200 GET http://10.180.1.21/compute/v2.1/images/772385a2-6303-4c0a-b12f-7aa0d57d122c 0.117s
2024-12-11 06:07:39.017 65949 INFO tempest.lib.common.rest_client [req-44657bd8-2753-4427-aaa2-38ec9924aef5 req-44657bd8-2753-4427-aaa2-38ec9924aef5 ] Request (ServerActionsTestOtherB:setUpClass): 200 GET http://10.180.1.21/compute/v2.1/servers/2e1334d2-24e1-4d03-8198-02baa1e6e693 0.170s
2024-12-11 06:07:39.020 65943 INFO tempest.lib.common.rest_client [req-9f357c09-a329-45c2-aa4e-3f169d8f00bd req-9f357c09-a329-45c2-aa4e-3f169d8f00bd ] Request (ServersTestMultiNic:test_verify_multiple_nics_order): 202 POST http://10.180.1.21/compute/v2.1/servers 0.453s
2024-12-11 06:07:39.067 65933 INFO tempest.lib.common.rest_client [req-a664941a-a210-4f50-95b4-37aaa16c9dbc req-a664941a-a210-4f50-95b4-37aaa16c9dbc ] Request (FloatingIPsAssociationNegativeTestJSON:setUpClass): 200 GET http://10.180.1.21/compute/v2.1/servers/fd095ef5-5d7e-43a8-9bf7-64d8a5b13d4a 0.148s
2024-12-11 06:07:39.068 65943 INFO tempest.lib.common.rest_client [req-2da30974-ffc2-4cf2-b636-e449f8825af1 req-2da30974-ffc2-4cf2-b636-e449f8825af1 ] Request (ServersTestMultiNic:test_verify_multiple_nics_order): 200 GET http://10.180.1.21/compute/v2.1/servers/753a4da9-8a31-4eab-8aac-373725b4c425 0.046s
2024-12-11 06:07:39.126 65953 INFO tempest.lib.common.rest_client [req-9202f42a-fef8-44f6-858d-960cd67709d1 req-9202f42a-fef8-44f6-858d-960cd67709d1 ] Request (FloatingIPsAssociationTestJSON:test_associate_already_associated_floating_ip): 200 GET http://10.180.1.21/compute/v2.1/servers/f1ffb50c-6d1f-407a-94a2-cd1fd55299f9 0.049s
2024-12-11 06:07:39.188 65923 INFO tempest.lib.common.rest_client [req-e463b774-f782-411b-b4b5-5fee632aa2ac req-e463b774-f782-411b-b4b5-5fee632aa2ac ] Request (ServersTestBootFromVolume:setUpClass): 200 GET http://10.180.1.21/volume/v3/volumes/78efef75-b933-486c-908e-af679048ab6d 0.029s
2024-12-11 06:07:39.194 65923 INFO tempest.common.waiters [-] volume 78efef75-b933-486c-908e-af679048ab6d reached available after waiting for 19.194464 seconds
2024-12-11 06:07:39.218 65907 INFO tempest.lib.common.rest_client [req-eb3015e9-9ddf-494d-856e-7d19cf97a227 req-eb3015e9-9ddf-494d-856e-7d19cf97a227 ] Request (ServerExternalEventsTest:test_create_server_external_events): 200 GET http://10.180.1.21/compute/v2.1/servers/e0cbc984-001d-4462-a111-769871370940 0.071s
2024-12-11 06:07:39.227 65897 INFO tempest.lib.common.rest_client [req-2d778ee9-b6fe-47e0-afba-e9182f6121ec req-2d778ee9-b6fe-47e0-afba-e9182f6121ec ] Request (SecurityGroupsTestJSON:test_list_security_groups_by_server): 200 GET http://10.180.1.21/compute/v2.1/servers/cb1bba98-24b6-443d-92c9-59640cf53754 0.059s
2024-12-11 06:07:39.283 65909 INFO tempest.lib.common.rest_client [req-5938350e-56fe-4446-8a3a-310402f1b643 req-5938350e-56fe-4446-8a3a-310402f1b643 ] Request (ServerMetadataTestJSON:setUpClass): 200 GET http://10.180.1.21/compute/v2.1/servers/c82fd8ca-e2fb-4a55-ad87-6727ea7009ae 0.052s
2024-12-11 06:07:39.412 65899 INFO tempest.lib.common.rest_client [req-9dceb190-656d-4e87-8063-a6f242410a8b req-9dceb190-656d-4e87-8063-a6f242410a8b ] Request (DeleteServersAdminTestJSON:test_delete_server_while_in_error_state): 200 GET http://10.180.1.21/compute/v2.1/servers/0ecb57e8-e85e-4dc2-a00b-59ec86d1c6ee 0.068s
2024-12-11 06:07:39.495 65931 INFO tempest.lib.common.rest_client [req-26b80059-a72a-42f9-968b-145f39d0b547 req-26b80059-a72a-42f9-968b-145f39d0b547 ] Request (ServersAdminNegativeTestJSON:test_migrate_server_invalid_state): 200 GET http://10.180.1.21/compute/v2.1/servers/78200f24-2501-4d62-8c1a-1f3ef90c0465 0.058s
2024-12-11 06:07:39.563 65955 WARNING tempest.lib.common.ssh [-] Failed to establish authenticated ssh connection to cirros@10.180.180.214 ([Errno None] Unable to connect to port 22 on 10.180.180.214). Number attempts: 6. Retry after 7 seconds.: paramiko.ssh_exception.NoValidConnectionsError: [Errno None] Unable to connect to port 22 on 10.180.180.214
2024-12-11 06:07:39.626 65905 WARNING tempest.lib.common.ssh [-] Failed to establish authenticated ssh connection to cirros@10.180.180.156 ([Errno None] Unable to connect to port 22 on 10.180.180.156). Number attempts: 8. Retry after 9 seconds.: paramiko.ssh_exception.NoValidConnectionsError: [Errno None] Unable to connect to port 22 on 10.180.180.156
2024-12-11 06:07:39.660 65921 INFO tempest.lib.common.rest_client [req-f2b80540-ec3f-40bf-858d-90ad12422709 req-f2b80540-ec3f-40bf-858d-90ad12422709 ] Request (ServerActionsV293TestJSON:setUpClass): 200 GET http://10.180.1.21/compute/v2.1/servers/bb27b6c8-05d4-46d1-903c-191336a3a6d5 0.220s
2024-12-11 06:07:39.802 65911 INFO tempest.lib.common.rest_client [req-9e9028a4-8706-434b-b9b6-cbfeae27315d req-9e9028a4-8706-434b-b9b6-cbfeae27315d ] Request (ImagesTestJSON:test_create_image_from_stopped_server): 200 GET http://10.180.1.21/compute/v2.1/servers/f92d2e93-49ac-4bf3-958c-a4bb1bf5e211 0.309s
2024-12-11 06:07:39.809 65911 INFO tempest.common.waiters [-] State transition "BUILD/networking" ==> "BUILD/block_device_mapping" after 49 second wait
2024-12-11 06:07:39.840 65923 INFO tempest.lib.common.rest_client [req-c0c87e96-1f86-4520-b376-90cc64c17432 req-c0c87e96-1f86-4520-b376-90cc64c17432 ] Request (ServersTestBootFromVolume:setUpClass): 202 POST http://10.180.1.21/compute/v2.1/servers 0.645s
2024-12-11 06:07:39.860 65913 INFO tempest.lib.common.rest_client [req-7a91ef06-9ede-446e-b6d1-889296a4c7a1 req-7a91ef06-9ede-446e-b6d1-889296a4c7a1 ] Request (ServersTestFqdnHostnames:test_create_server_with_fqdn_name): 200 GET http://10.180.1.21/compute/v2.1/servers/0276f97e-e204-4b03-bf33-dd991cd0169e 0.284s
2024-12-11 06:07:39.904 65919 INFO tempest.lib.common.rest_client [req-424f8033-f36b-46d2-96d2-e73c7a9eaa07 req-424f8033-f36b-46d2-96d2-e73c7a9eaa07 ] Request (InstanceActionsV221TestJSON:test_get_list_deleted_instance_actions): 200 GET http://10.180.1.21/compute/v2.1/servers/94ec1ac3-1a01-40c5-8120-1856c35d29a8 0.262s
2024-12-11 06:07:39.959 65923 INFO tempest.lib.common.rest_client [req-14637569-40e6-4724-bf94-5951677477f3 req-14637569-40e6-4724-bf94-5951677477f3 ] Request (ServersTestBootFromVolume:setUpClass): 200 GET http://10.180.1.21/compute/v2.1/servers/b30f2b92-f013-46f0-9b31-d4b96dc23c76 0.117s
2024-12-11 06:07:39.998 65925 INFO tempest.lib.common.rest_client [req-10a95cab-5eb3-4141-8931-bf6471320bac req-10a95cab-5eb3-4141-8931-bf6471320bac ] Request (ImagesOneServerTestJSON:setUpClass): 200 GET http://10.180.1.21/compute/v2.1/servers/2a346945-3e97-4da8-aa48-3e39577d63d7 0.205s
2024-12-11 06:07:40.037 65927 INFO tempest.lib.common.rest_client [req-1c167c31-e9e6-4bed-b77e-9b3c22ecd6b8 req-1c167c31-e9e6-4bed-b77e-9b3c22ecd6b8 ] Request (AttachInterfacesV270Test:tearDownClass): 200 GET http://10.180.1.21/compute/v2.1/servers/4355b227-9b2e-474b-8970-bcbd2a345993 0.172s
2024-12-11 06:07:40.051 65935 INFO tempest.lib.common.rest_client [req-521dd38d-761f-42c0-8830-d454fd75d56b req-521dd38d-761f-42c0-8830-d454fd75d56b ] Request (ServersAdminTestJSON:test_create_server_with_scheduling_hint): 200 GET http://10.180.1.21/compute/v2.1/servers/29592c2d-d44d-4ca1-be06-ae96a1261f1b 0.110s
2024-12-11 06:07:40.070 65945 INFO tempest.lib.common.rest_client [req-ceee8429-e555-493a-b39a-6b4d46d42c73 req-ceee8429-e555-493a-b39a-6b4d46d42c73 ] Request (ListImageFiltersTestJSON:setUpClass): 200 GET http://10.180.1.21/compute/v2.1/images/772385a2-6303-4c0a-b12f-7aa0d57d122c 0.104s
2024-12-11 06:07:40.107 65949 INFO tempest.lib.common.rest_client [req-dd5c6921-e89e-45f5-a9c7-5bc7cfce76a8 req-dd5c6921-e89e-45f5-a9c7-5bc7cfce76a8 ] Request (ServerActionsTestOtherB:setUpClass): 200 GET http://10.180.1.21/compute/v2.1/servers/2e1334d2-24e1-4d03-8198-02baa1e6e693 0.080s
2024-12-11 06:07:40.124 65933 INFO tempest.lib.common.rest_client [req-fdc220c6-0872-4e5c-acb3-a8f771fa26ce req-fdc220c6-0872-4e5c-acb3-a8f771fa26ce ] Request (FloatingIPsAssociationNegativeTestJSON:setUpClass): 200 GET http://10.180.1.21/compute/v2.1/servers/fd095ef5-5d7e-43a8-9bf7-64d8a5b13d4a 0.050s
2024-12-11 06:07:40.152 65943 INFO tempest.lib.common.rest_client [req-5b5beac6-d0fb-4074-a434-fd1b0c66f579 req-5b5beac6-d0fb-4074-a434-fd1b0c66f579 ] Request (ServersTestMultiNic:test_verify_multiple_nics_order): 200 GET http://10.180.1.21/compute/v2.1/servers/753a4da9-8a31-4eab-8aac-373725b4c425 0.075s
2024-12-11 06:07:40.179 65953 INFO tempest.lib.common.rest_client [req-1db6fcbb-99c9-4d2e-b744-69e7d27e23da req-1db6fcbb-99c9-4d2e-b744-69e7d27e23da ] Request (FloatingIPsAssociationTestJSON:test_associate_already_associated_floating_ip): 200 GET http://10.180.1.21/compute/v2.1/servers/f1ffb50c-6d1f-407a-94a2-cd1fd55299f9 0.045s
2024-12-11 06:07:40.274 65907 INFO tempest.lib.common.rest_client [req-730d2612-b8f2-4081-858e-e31600a10efc req-730d2612-b8f2-4081-858e-e31600a10efc ] Request (ServerExternalEventsTest:test_create_server_external_events): 200 GET http://10.180.1.21/compute/v2.1/servers/e0cbc984-001d-4462-a111-769871370940 0.047s
2024-12-11 06:07:40.281 65897 INFO tempest.lib.common.rest_client [req-73268687-fd02-416f-b809-003ba351887a req-73268687-fd02-416f-b809-003ba351887a ] Request (SecurityGroupsTestJSON:test_list_security_groups_by_server): 200 GET http://10.180.1.21/compute/v2.1/servers/cb1bba98-24b6-443d-92c9-59640cf53754 0.047s
2024-12-11 06:07:40.341 65909 INFO tempest.lib.common.rest_client [req-8a23088c-fd1e-4cd6-a05c-e3e5c5175f61 req-8a23088c-fd1e-4cd6-a05c-e3e5c5175f61 ] Request (ServerMetadataTestJSON:setUpClass): 200 GET http://10.180.1.21/compute/v2.1/servers/c82fd8ca-e2fb-4a55-ad87-6727ea7009ae 0.050s
2024-12-11 06:07:40.490 65899 INFO tempest.lib.common.rest_client [req-67522ca6-837e-40b4-a16f-8d68ee0ee5ed req-67522ca6-837e-40b4-a16f-8d68ee0ee5ed ] Request (DeleteServersAdminTestJSON:test_delete_server_while_in_error_state): 200 GET http://10.180.1.21/compute/v2.1/servers/0ecb57e8-e85e-4dc2-a00b-59ec86d1c6ee 0.067s
2024-12-11 06:07:40.561 65931 INFO tempest.lib.common.rest_client [req-9e5d8f83-3f09-4b72-838a-5844c50da659 req-9e5d8f83-3f09-4b72-838a-5844c50da659 ] Request (ServersAdminNegativeTestJSON:test_migrate_server_invalid_state): 200 GET http://10.180.1.21/compute/v2.1/servers/78200f24-2501-4d62-8c1a-1f3ef90c0465 0.054s
2024-12-11 06:07:40.856 65921 INFO tempest.lib.common.rest_client [req-60089f2a-4927-49a5-8b39-cc318acd1a38 req-60089f2a-4927-49a5-8b39-cc318acd1a38 ] Request (ServerActionsV293TestJSON:setUpClass): 200 GET http://10.180.1.21/compute/v2.1/servers/bb27b6c8-05d4-46d1-903c-191336a3a6d5 0.187s
2024-12-11 06:07:40.865 65921 INFO tempest.common.waiters [-] State transition "BUILD/spawning" ==> "ACTIVE/None" after 58 second wait
2024-12-11 06:07:40.951 65911 INFO tempest.lib.common.rest_client [req-e100caba-54a6-49ca-82b1-8fcdcda2cfe9 req-e100caba-54a6-49ca-82b1-8fcdcda2cfe9 ] Request (ImagesTestJSON:test_create_image_from_stopped_server): 200 GET http://10.180.1.21/compute/v2.1/servers/f92d2e93-49ac-4bf3-958c-a4bb1bf5e211 0.142s
2024-12-11 06:07:40.957 65911 INFO tempest.common.waiters [-] State transition "BUILD/block_device_mapping" ==> "BUILD/spawning" after 50 second wait
2024-12-11 06:07:40.964 65921 INFO tempest.lib.common.rest_client [req-d8d67499-391a-4146-921f-b460ec3508c8 req-d8d67499-391a-4146-921f-b460ec3508c8 ] Request (ServerActionsV293TestJSON:setUpClass): 200 GET http://10.180.1.21/compute/v2.1/servers/bb27b6c8-05d4-46d1-903c-191336a3a6d5/os-interface 0.098s
2024-12-11 06:07:41.044 65913 INFO tempest.lib.common.rest_client [req-4c92c266-4665-4d10-b2aa-eaab1dc90cd5 req-4c92c266-4665-4d10-b2aa-eaab1dc90cd5 ] Request (ServersTestFqdnHostnames:test_create_server_with_fqdn_name): 200 GET http://10.180.1.21/compute/v2.1/servers/0276f97e-e204-4b03-bf33-dd991cd0169e 0.177s
2024-12-11 06:07:41.068 65919 INFO tempest.lib.common.rest_client [req-fc38a2e1-ecb4-4c52-882f-e19c9fa3fb59 req-fc38a2e1-ecb4-4c52-882f-e19c9fa3fb59 ] Request (InstanceActionsV221TestJSON:test_get_list_deleted_instance_actions): 200 GET http://10.180.1.21/compute/v2.1/servers/94ec1ac3-1a01-40c5-8120-1856c35d29a8 0.154s
2024-12-11 06:07:41.102 65923 INFO tempest.lib.common.rest_client [req-255ed49b-44c5-4cf4-b31d-4f4237144099 req-255ed49b-44c5-4cf4-b31d-4f4237144099 ] Request (ServersTestBootFromVolume:setUpClass): 200 GET http://10.180.1.21/compute/v2.1/servers/b30f2b92-f013-46f0-9b31-d4b96dc23c76 0.132s
