2024-12-11 06:05:50.236 65943 INFO tempest.lib.common.rest_client [req-d87da8c2-353b-44c1-ae3c-c27b72aafcca req-d87da8c2-353b-44c1-ae3c-c27b72aafcca ] Request (HypervisorAdminUnderV252Test:tearDownClass): 204 DELETE http://10.180.1.21/identity/v3/users/4f964f9a5cf8468784f887169d8fc9d8 0.267s
2024-12-11 06:05:50.236 65943 INFO tempest.lib.common.dynamic_creds [-] Deleting project and security group for project: 2f96164c51374aa1929c58a14415370e
2024-12-11 06:05:50.258 65951 INFO tempest.lib.common.rest_client [req-9e19a69f-2f66-4455-9748-63a45ca4adde req-9e19a69f-2f66-4455-9748-63a45ca4adde ] Request (TenantUsagesNegativeTestJSON:tearDownClass): 204 DELETE http://10.180.1.21:9696/networking/v2.0/security-groups/33f03dcf-cf33-43b5-b487-2fb6e3546344 0.200s
2024-12-11 06:05:50.265 65901 INFO tempest.lib.common.rest_client [req-4251c4bb-0a42-4fbf-9c6d-552f5cf56cf0 req-4251c4bb-0a42-4fbf-9c6d-552f5cf56cf0 ] Request (ServersTestManualDisk:setUpClass): 201 POST http://10.180.1.21:9696/networking/v2.0/security-groups 0.345s
2024-12-11 06:05:50.288 65907 INFO tempest.lib.common.rest_client [req-e71b3438-70db-4b04-a8d7-e2f11d57dc03 req-e71b3438-70db-4b04-a8d7-e2f11d57dc03 ] Request (ServerDiagnosticsV248Test:test_get_server_diagnostics): 200 GET http://10.180.1.21/compute/v2.1/servers/1e2bba5b-b827-4a1f-b94b-b27fa70d0e1d 1.272s
2024-12-11 06:05:50.291 65937 INFO tempest.lib.common.rest_client [req-480c9fc7-881a-45fb-926d-ae3b80e693a7 req-480c9fc7-881a-45fb-926d-ae3b80e693a7 ] Request (FlavorsAdminTestJSON:setUpClass): 200 GET http://10.180.1.21/identity/v3/roles 0.208s
2024-12-11 06:05:50.316 65903 INFO tempest.lib.common.rest_client [req-f8e72165-9d9e-4922-955c-7a4227657b01 req-f8e72165-9d9e-4922-955c-7a4227657b01 ] Request (FlavorsV255TestJSON:tearDownClass): 204 DELETE http://10.180.1.21/identity/v3/users/59c4bd8c20c44bf3b980d4561670d325 0.296s
2024-12-11 06:05:50.322 65925 INFO tempest.lib.common.rest_client [req-92939897-54ff-4b7e-9a43-087436b28ce3 req-92939897-54ff-4b7e-9a43-087436b28ce3 ] Request (InstanceUsageAuditLogNegativeTestJSON:tearDownClass): 200 GET http://10.180.1.21:9696/networking/v2.0/security-groups?tenant_id=6311c041d855417fb769dbd2c0a23f80&name=default 0.291s
2024-12-11 06:05:50.356 65929 INFO tempest.lib.common.rest_client [req-7c0f3baa-fd0e-462e-a58e-c44c3cc1f156 req-7c0f3baa-fd0e-462e-a58e-c44c3cc1f156 ] Request (HypervisorAdminV253TestBase:tearDownClass): 200 GET http://10.180.1.21:9696/networking/v2.0/security-groups?tenant_id=921e4c2683854002ac877c1dd65ca639&name=default 0.261s
2024-12-11 06:05:50.376 65943 INFO tempest.lib.common.rest_client [req-14491d57-7965-40db-9740-0f7852d29cae req-14491d57-7965-40db-9740-0f7852d29cae ] Request (HypervisorAdminUnderV252Test:tearDownClass): 201 POST http://10.180.1.21/identity/v3/auth/tokens 0.140s
2024-12-11 06:05:50.433 65953 INFO tempest.lib.common.rest_client [req-bc5b171a-199d-48e8-9b09-cd24b0539fa3 req-bc5b171a-199d-48e8-9b09-cd24b0539fa3 ] Request (NetworksTest:tearDownClass): 200 GET http://10.180.1.21:9696/networking/v2.0/security-groups?tenant_id=e593a2e205604cb29bafbfa737de68a4&name=default 0.264s
2024-12-11 06:05:50.448 65951 INFO tempest.lib.common.rest_client [req-32c3134e-9c22-4970-8a94-9f1bebf7f0c7 req-32c3134e-9c22-4970-8a94-9f1bebf7f0c7 ] Request (TenantUsagesNegativeTestJSON:tearDownClass): 204 DELETE http://10.180.1.21/identity/v3/projects/34e05105bd1b4fe08db8195bc72750e7 0.190s
2024-12-11 06:05:50.472 65901 INFO tempest.lib.common.rest_client [req-0ab19f48-2dea-4d11-bb9a-47dbeb441672 req-0ab19f48-2dea-4d11-bb9a-47dbeb441672 ] Request (ServersTestManualDisk:setUpClass): 201 POST http://10.180.1.21:9696/networking/v2.0/security-group-rules 0.206s
2024-12-11 06:05:50.474 65925 INFO tempest.lib.common.rest_client [req-8992f435-8c2f-4344-9b25-6ee532e47103 req-8992f435-8c2f-4344-9b25-6ee532e47103 ] Request (InstanceUsageAuditLogNegativeTestJSON:tearDownClass): 204 DELETE http://10.180.1.21:9696/networking/v2.0/security-groups/1ae65447-a5c0-4510-a3d0-c7cc92d8c16d 0.151s
2024-12-11 06:05:50.499 65939 INFO tempest.lib.common.rest_client [req-a8d890e6-f5d1-4784-af0b-dec175e1c9fa req-a8d890e6-f5d1-4784-af0b-dec175e1c9fa ] Request (ValidationResourcesFixture:setUp): 200 POST http://10.180.1.21/compute/v2.1/os-keypairs 1.433s
2024-12-11 06:05:50.515 65937 INFO tempest.lib.common.rest_client [req-17e6e7c8-3774-40fc-a91b-1acbaa2183ad req-17e6e7c8-3774-40fc-a91b-1acbaa2183ad ] Request (FlavorsAdminTestJSON:setUpClass): 204 PUT http://10.180.1.21/identity/v3/projects/0d3d15d6bf174b939e521fb8d72c76a4/users/a1a591052eed43a6a342aabfb8143b05/roles/2c0d67dd9e41441cb4e40de1ebec9551 0.223s
2024-12-11 06:05:50.515 65905 INFO tempest.lib.common.rest_client [req-a7631eba-4074-405f-a4fe-82d593396c31 req-a7631eba-4074-405f-a4fe-82d593396c31 ] Request (ServersWithSpecificFlavorTestJSON:test_verify_created_server_ephemeral_disk): 200 GET http://10.180.1.21/compute/v2.1/flavors/42/os-extra_specs 1.324s
2024-12-11 06:05:50.527 65915 INFO tempest.lib.common.rest_client [req-5ce03663-d8f7-424f-9f03-d533cf31fdac req-5ce03663-d8f7-424f-9f03-d533cf31fdac ] Request (HypervisorAdminNegativeUnderV252Test:test_show_servers_with_nonexistent_hypervisor): 404 GET http://10.180.1.21/compute/v2.1/os-hypervisors/2c57dee6-6146-4a2f-9201-9a5dd5477681/servers 1.331s
2024-12-11 06:05:50.533 65933 INFO tempest.lib.common.rest_client [req-08d8573f-0658-42bc-b5ea-48e7cc6847e5 req-08d8573f-0658-42bc-b5ea-48e7cc6847e5 ] Request (HypervisorAdminNegativeTestJSON:test_get_hypervisor_uptime_with_non_admin_user): 403 GET http://10.180.1.21/compute/v2.1/os-hypervisors/1/uptime 1.283s
2024-12-11 06:05:50.535 65929 INFO tempest.lib.common.rest_client [req-e73de405-7dbf-4e99-bb03-bc39ec62842c req-e73de405-7dbf-4e99-bb03-bc39ec62842c ] Request (HypervisorAdminV253TestBase:tearDownClass): 204 DELETE http://10.180.1.21:9696/networking/v2.0/security-groups/641acc22-3502-4677-96a1-80ed5c2cc661 0.179s
2024-12-11 06:05:50.565 65903 INFO tempest.lib.common.rest_client [req-e827f75a-1abb-4bda-8987-319380c691e5 req-e827f75a-1abb-4bda-8987-319380c691e5 ] Request (FlavorsV255TestJSON:tearDownClass): 204 DELETE http://10.180.1.21/identity/v3/users/e4c75d6a4575435fb15df0a507f1d2bf 0.248s
2024-12-11 06:05:50.565 65903 INFO tempest.lib.common.dynamic_creds [-] Deleting project and security group for project: f1bf7611fdcf4138811f829d5416a381
2024-12-11 06:05:50.618 65953 INFO tempest.lib.common.rest_client [req-be0ccba8-3bfe-475f-922e-f3bafe274d81 req-be0ccba8-3bfe-475f-922e-f3bafe274d81 ] Request (NetworksTest:tearDownClass): 204 DELETE http://10.180.1.21:9696/networking/v2.0/security-groups/9e70dd29-327c-4120-b22a-613b6698356d 0.184s
2024-12-11 06:05:50.621 65901 INFO tempest.lib.common.rest_client [req-508c67cb-fb95-4a0b-a8a9-3a5d3423c5fe req-508c67cb-fb95-4a0b-a8a9-3a5d3423c5fe ] Request (ServersTestManualDisk:setUpClass): 201 POST http://10.180.1.21:9696/networking/v2.0/security-group-rules 0.148s
2024-12-11 06:05:50.675 65939 INFO tempest.lib.common.rest_client [req-3bf4191e-a892-4384-82c9-a466d8945a84 req-3bf4191e-a892-4384-82c9-a466d8945a84 ] Request (ValidationResourcesFixture:setUp): 201 POST http://10.180.1.21:9696/networking/v2.0/security-groups 0.173s
2024-12-11 06:05:50.688 65957 INFO tempest.lib.common.rest_client [req-e39ac66f-1e06-4388-a2d4-a03171d5cfba req-e39ac66f-1e06-4388-a2d4-a03171d5cfba ] Request (VolumesAssistedSnapshotsTest:setUpClass): 200 PUT http://10.180.1.21:9696/networking/v2.0/routers/18e4ba8c-4894-430a-b0cf-706e13c65f46/add_router_interface 1.511s
2024-12-11 06:05:50.688 65957 INFO tempest.lib.common.dynamic_creds [-] Created isolated network resources for: credentials: Credentials: {'domain_id': 'default', 'domain_name': 'Default', 'username': 'tempest-VolumesAssistedSnapshotsTest-2104157811-project', 'project_domain_id': 'default', 'project_domain_name': 'Default', 'project_id': 'bb4888ad90c0426aa01da7f85f72686d', 'project_name': 'tempest-VolumesAssistedSnapshotsTest-2104157811', 'tenant_id': 'bb4888ad90c0426aa01da7f85f72686d', 'tenant_name': 'tempest-VolumesAssistedSnapshotsTest-2104157811', 'user_domain_id': 'default', 'user_domain_name': 'Default', 'user_id': '45e4940400f44ef1b800b07751e50240', 'system': None}, Network: {'id': '3a5e7f28-935c-43da-a77a-91af82d63f87', 'name': 'tempest-VolumesAssistedSnapshotsTest-542718340-network', 'tenant_id': 'bb4888ad90c0426aa01da7f85f72686d', 'admin_state_up': True, 'mtu': 8950, 'status': 'ACTIVE', 'subnets': [], 'shared': False, 'project_id': 'bb4888ad90c0426aa01da7f85f72686d', 'port_security_enabled': True, 'router:external': False, 'provider:network_type': 'vlan', 'provider:physical_network': 'default', 'provider:segmentation_id': 886, 'availability_zone_hints': [], 'availability_zones': [], 'ipv4_address_scope': None, 'ipv6_address_scope': None, 'description': '', 'tags': [], 'created_at': '2024-12-11T06:05:47Z', 'updated_at': '2024-12-11T06:05:47Z', 'revision_number': 1}, Subnet: {'id': 'aacf5b48-1e93-4811-b305-a7397d72a2c5', 'name': 'tempest-VolumesAssistedSnapshotsTest-542718340-subnet', 'tenant_id': 'bb4888ad90c0426aa01da7f85f72686d', 'network_id': '3a5e7f28-935c-43da-a77a-91af82d63f87', 'ip_version': 4, 'subnetpool_id': None, 'enable_dhcp': True, 'ipv6_ra_mode': None, 'ipv6_address_mode': None, 'gateway_ip': '192.168.128.1', 'cidr': '192.168.128.0/28', 'allocation_pools': [{'start': '192.168.128.2', 'end': '192.168.128.14'}], 'host_routes': [], 'dns_nameservers': [], 'description': '', 'router:external': False, 'service_types': [], 'tags': [], 'created_at': '2024-12-11T06:05:48Z', 'updated_at': '2024-12-11T06:05:48Z', 'revision_number': 0, 'project_id': 'bb4888ad90c0426aa01da7f85f72686d'}, Router: {'id': '18e4ba8c-4894-430a-b0cf-706e13c65f46', 'name': 'tempest-VolumesAssistedSnapshotsTest-542718340-router', 'tenant_id': 'bb4888ad90c0426aa01da7f85f72686d', 'admin_state_up': True, 'status': 'ACTIVE', 'external_gateway_info': {'network_id': 'dc174373-7e35-43fb-8a8d-364b1360ed2b', 'external_fixed_ips': [{'subnet_id': '35b39172-b1d5-4338-a23d-2b71ee3e57f2', 'ip_address': '10.180.180.138'}], 'enable_snat': True}, 'description': '', 'availability_zones': [], 'distributed': False, 'ha': False, 'availability_zone_hints': [], 'routes': [], 'flavor_id': None, 'tags': [], 'created_at': '2024-12-11T06:05:48Z', 'updated_at': '2024-12-11T06:05:48Z', 'revision_number': 2, 'project_id': 'bb4888ad90c0426aa01da7f85f72686d'}
2024-12-11 06:05:50.688 65951 INFO tempest.lib.common.rest_client [req-8c9ea167-62e1-45cf-87d0-f1357901f3c9 req-8c9ea167-62e1-45cf-87d0-f1357901f3c9 ] Request (FloatingIPDetailsNegativeTestJSON:setUpClass): 201 POST http://10.180.1.21/identity/v3/auth/tokens 0.238s
2024-12-11 06:05:50.710 65937 INFO tempest.lib.common.rest_client [req-9fcc47c4-2c4b-4c77-b47e-76de8d3d3d9d req-9fcc47c4-2c4b-4c77-b47e-76de8d3d3d9d ] Request (FlavorsAdminTestJSON:setUpClass): 200 GET http://10.180.1.21/identity/v3/roles 0.194s
2024-12-11 06:05:50.763 65909 INFO tempest.lib.common.rest_client [req-f0b2a349-bd21-43b1-a038-06fc48b91d00 req-f0b2a349-bd21-43b1-a038-06fc48b91d00 ] Request (AggregatesAdminNegativeTestJSON:_run_cleanups): 200 POST http://10.180.1.21/compute/v2.1/os-aggregates/1/action 1.949s
2024-12-11 06:05:50.770 65925 INFO tempest.lib.common.rest_client [req-489db7a7-7f13-4775-bc16-268a9e68e48e req-489db7a7-7f13-4775-bc16-268a9e68e48e ] Request (InstanceUsageAuditLogNegativeTestJSON:tearDownClass): 204 DELETE http://10.180.1.21/identity/v3/projects/6311c041d855417fb769dbd2c0a23f80 0.295s
2024-12-11 06:05:50.811 65927 INFO tempest.lib.common.rest_client [req-1d322ab9-d8da-4e6c-87e9-9638002d3425 req-1d322ab9-d8da-4e6c-87e9-9638002d3425 ] Request (KeyPairsV22TestJSON:test_keypair_create_delete): 201 POST http://10.180.1.21/compute/v2.1/os-keypairs 1.249s
2024-12-11 06:05:50.828 65939 INFO tempest.lib.common.rest_client [req-4dbf4cdf-d730-4290-8138-254da9f7dc16 req-4dbf4cdf-d730-4290-8138-254da9f7dc16 ] Request (ValidationResourcesFixture:setUp): 201 POST http://10.180.1.21:9696/networking/v2.0/security-group-rules 0.153s
2024-12-11 06:05:50.843 65919 INFO tempest.lib.common.rest_client [req-94d23a6e-93b4-4755-8dcf-f136024afbae req-94d23a6e-93b4-4755-8dcf-f136024afbae ] Request (FlavorsV261TestJSON:test_crud_flavor): 200 GET http://10.180.1.21/compute/v2.1/flavors 1.237s
2024-12-11 06:05:50.845 65915 INFO tempest.lib.common.rest_client [req-0f4082b5-2c16-4c0d-82d7-490fff776136 req-0f4082b5-2c16-4c0d-82d7-490fff776136 ] Request (HypervisorAdminNegativeUnderV252Test:tearDownClass): 204 DELETE http://10.180.1.21/identity/v3/users/0a1f5f585ac840448ed68df61f47b95c 0.317s
2024-12-11 06:05:50.850 65943 INFO tempest.lib.common.rest_client [req-5d3e911e-5446-43a1-b348-dc3059f312e0 req-5d3e911e-5446-43a1-b348-dc3059f312e0 ] Request (HypervisorAdminUnderV252Test:tearDownClass): 200 GET http://10.180.1.21:9696/networking/v2.0/security-groups?tenant_id=2f96164c51374aa1929c58a14415370e&name=default 0.473s
2024-12-11 06:05:50.917 65929 INFO tempest.lib.common.rest_client [req-a2a13ed1-1515-443e-9fd3-b8b76cc8368b req-a2a13ed1-1515-443e-9fd3-b8b76cc8368b ] Request (HypervisorAdminV253TestBase:tearDownClass): 204 DELETE http://10.180.1.21/identity/v3/projects/921e4c2683854002ac877c1dd65ca639 0.381s
2024-12-11 06:05:50.917 65903 INFO tempest.lib.common.rest_client [req-fd40dc80-ad36-45db-9f7b-8334b56ff7d0 req-fd40dc80-ad36-45db-9f7b-8334b56ff7d0 ] Request (FlavorsV255TestJSON:tearDownClass): 201 POST http://10.180.1.21/identity/v3/auth/tokens 0.352s
2024-12-11 06:05:50.941 65943 INFO tempest.lib.common.rest_client [req-ae843742-96f2-48f7-bd71-c33977d0e513 req-ae843742-96f2-48f7-bd71-c33977d0e513 ] Request (HypervisorAdminUnderV252Test:tearDownClass): 204 DELETE http://10.180.1.21:9696/networking/v2.0/security-groups/a5af5460-6153-42da-91b0-f6c62c48d7cc 0.090s
2024-12-11 06:05:50.952 65939 INFO tempest.lib.common.rest_client [req-f0bd8ba1-9187-41e8-92e1-66225b725152 req-f0bd8ba1-9187-41e8-92e1-66225b725152 ] Request (ValidationResourcesFixture:setUp): 201 POST http://10.180.1.21:9696/networking/v2.0/security-group-rules 0.123s
2024-12-11 06:05:51.021 65953 INFO tempest.lib.common.rest_client [req-846d92d7-5e93-48fb-a1f2-1dcb89e10fad req-846d92d7-5e93-48fb-a1f2-1dcb89e10fad ] Request (NetworksTest:tearDownClass): 204 DELETE http://10.180.1.21/identity/v3/projects/e593a2e205604cb29bafbfa737de68a4 0.403s
2024-12-11 06:05:51.074 65937 INFO tempest.lib.common.rest_client [req-c5874d48-4546-47f3-a7b7-4039daf53cad req-c5874d48-4546-47f3-a7b7-4039daf53cad ] Request (FlavorsAdminTestJSON:setUpClass): 204 PUT http://10.180.1.21/identity/v3/projects/0d3d15d6bf174b939e521fb8d72c76a4/users/a1a591052eed43a6a342aabfb8143b05/roles/2c0d67dd9e41441cb4e40de1ebec9551 0.363s
2024-12-11 06:05:51.074 65937 INFO tempest.lib.common.dynamic_creds [-] Dynamic test user a1a591052eed43a6a342aabfb8143b05 is created with scope project and roles: ['admin']
2024-12-11 06:05:51.074 65937 INFO tempest.lib.common.dynamic_creds [-] Acquired dynamic creds: credentials: Credentials: {'domain_id': 'default', 'domain_name': 'Default', 'username': 'tempest-FlavorsAdminTestJSON-218167185-project-admin', 'project_domain_id': 'default', 'project_domain_name': 'Default', 'project_id': '0d3d15d6bf174b939e521fb8d72c76a4', 'project_name': 'tempest-FlavorsAdminTestJSON-218167185', 'tenant_id': '0d3d15d6bf174b939e521fb8d72c76a4', 'tenant_name': 'tempest-FlavorsAdminTestJSON-218167185', 'user_domain_id': 'default', 'user_domain_name': 'Default', 'user_id': 'a1a591052eed43a6a342aabfb8143b05', 'system': None}, Network: None, Subnet: None, Router: None
2024-12-11 06:05:51.075 65937 INFO tempest.lib.common.dynamic_creds [-] Created isolated network resources for: credentials: Credentials: {'domain_id': 'default', 'domain_name': 'Default', 'username': 'tempest-FlavorsAdminTestJSON-218167185-project-admin', 'project_domain_id': 'default', 'project_domain_name': 'Default', 'project_id': '0d3d15d6bf174b939e521fb8d72c76a4', 'project_name': 'tempest-FlavorsAdminTestJSON-218167185', 'tenant_id': '0d3d15d6bf174b939e521fb8d72c76a4', 'tenant_name': 'tempest-FlavorsAdminTestJSON-218167185', 'user_domain_id': 'default', 'user_domain_name': 'Default', 'user_id': 'a1a591052eed43a6a342aabfb8143b05', 'system': None}, Network: None, Subnet: None, Router: None
2024-12-11 06:05:51.079 65951 INFO tempest.lib.common.rest_client [req-2abb9a12-31ce-4b4e-aa02-82894ea66efe req-2abb9a12-31ce-4b4e-aa02-82894ea66efe ] Request (FloatingIPDetailsNegativeTestJSON:setUpClass): 201 POST http://10.180.1.21/identity/v3/auth/tokens 0.389s
2024-12-11 06:05:51.139 65925 INFO tempest.lib.common.rest_client [req-4074e9d6-fbbf-4075-802f-7e37a96ae8a1 req-4074e9d6-fbbf-4075-802f-7e37a96ae8a1 ] Request (FloatingIPsTestJSON:setUpClass): 201 POST http://10.180.1.21/identity/v3/auth/tokens 0.368s
2024-12-11 06:05:51.143 65957 INFO tempest.lib.common.rest_client [req-a7fb85d5-545a-46d0-bc6d-6eeaa30aec41 req-a7fb85d5-545a-46d0-bc6d-6eeaa30aec41 ] Request (VolumesAssistedSnapshotsTest:setUpClass): 201 POST http://10.180.1.21/identity/v3/auth/tokens 0.400s
2024-12-11 06:05:51.203 65915 INFO tempest.lib.common.rest_client [req-ee6fd09f-2168-421a-8404-0f16849afd2b req-ee6fd09f-2168-421a-8404-0f16849afd2b ] Request (HypervisorAdminNegativeUnderV252Test:tearDownClass): 204 DELETE http://10.180.1.21/identity/v3/users/572e58bd38ab4b938873302fe3d84618 0.358s
2024-12-11 06:05:51.204 65915 INFO tempest.lib.common.dynamic_creds [-] Deleting project and security group for project: 8a605e2b5a9c4ad0a38a1e6bd92dffaa
2024-12-11 06:05:51.278 65929 INFO tempest.lib.common.rest_client [req-bd97f3a1-7be7-484c-a533-1908d52624b9 req-bd97f3a1-7be7-484c-a533-1908d52624b9 ] Request (QuotasSecurityGroupAdminNegativeTest:setUpClass): 201 POST http://10.180.1.21/identity/v3/auth/tokens 0.358s
2024-12-11 06:05:51.291 65901 INFO tempest.lib.common.rest_client [req-c5c87cde-c28c-4c4e-ab53-d0e1e67798cf req-c5c87cde-c28c-4c4e-ab53-d0e1e67798cf ] Request (ServersTestManualDisk:setUpClass): 201 POST http://10.180.1.21:9696/networking/v2.0/floatingips 0.669s
2024-12-11 06:05:51.293 65897 INFO tempest.lib.common.rest_client [req-8fd66f7b-bbb9-48a1-8d28-13171c8d5322 req-8fd66f7b-bbb9-48a1-8d28-13171c8d5322 ] Request (FlavorsAccessNegativeTestJSON:_run_cleanups): 200 POST http://10.180.1.21/compute/v2.1/flavors/5685587/action 1.750s
2024-12-11 06:05:51.318 65945 INFO tempest.lib.common.rest_client [req-4066fed7-ad0c-43bf-925d-f1c61f45a489 req-4066fed7-ad0c-43bf-925d-f1c61f45a489 ] Request (ServicesAdminNegativeTestJSON:test_get_service_with_valid_service_and_invalid_host): 200 GET http://10.180.1.21/compute/v2.1/os-services 1.634s
2024-12-11 06:05:51.339 65943 INFO tempest.lib.common.rest_client [req-00fde1d4-468d-4264-bad0-cce2bfd2fbc9 req-00fde1d4-468d-4264-bad0-cce2bfd2fbc9 ] Request (HypervisorAdminUnderV252Test:tearDownClass): 204 DELETE http://10.180.1.21/identity/v3/projects/2f96164c51374aa1929c58a14415370e 0.398s
2024-12-11 06:05:51.339 65943 INFO tempest.lib.common.dynamic_creds [-] Deleting project and security group for project: 5201818a736043cd86ea34754c869c2b
2024-12-11 06:05:51.340 65913 INFO tempest.lib.common.rest_client [req-7ba87a76-1aa5-4d48-8df5-51e5cdfe654e req-7ba87a76-1aa5-4d48-8df5-51e5cdfe654e ] Request (ServicesAdminTestJSON:test_list_services): 200 GET http://10.180.1.21/compute/v2.1/os-services 1.624s
2024-12-11 06:05:51.353 65917 INFO tempest.lib.common.rest_client [req-4d9d9dd4-e2e7-49cb-8af2-ee63782270cd req-4d9d9dd4-e2e7-49cb-8af2-ee63782270cd ] Request (HostsAdminNegativeTestJSON:test_show_host_detail_with_non_admin_user): 403 GET http://10.180.1.21/compute/v2.1/os-hosts/devstack 1.627s
2024-12-11 06:05:51.370 65931 INFO tempest.lib.common.rest_client [req-6a139c90-8479-4f1b-8251-8c9f7f182fa7 req-6a139c90-8479-4f1b-8251-8c9f7f182fa7 ] Request (HypervisorAdminTestJSON:test_get_hypervisor_stats): 200 GET http://10.180.1.21/compute/v2.1/os-hypervisors/statistics 1.609s
2024-12-11 06:05:51.374 65921 INFO tempest.lib.common.rest_client [req-ba491940-1769-4e4e-9b0c-55d84ae249f4 req-ba491940-1769-4e4e-9b0c-55d84ae249f4 ] Request (FlavorsExtraSpecsNegativeTestJSON:test_flavor_non_admin_unset_keys): 403 DELETE http://10.180.1.21/compute/v2.1/flavors/2034245267/os-extra_specs/hw:numa_nodes 1.562s
2024-12-11 06:05:51.375 65953 INFO tempest.lib.common.rest_client [req-cbcbfbe1-c160-41a0-956c-db3076ab1b5f req-cbcbfbe1-c160-41a0-956c-db3076ab1b5f ] Request (ServicesAdminNegativeV253TestJSON:setUpClass): 201 POST http://10.180.1.21/identity/v3/auth/tokens 0.352s
2024-12-11 06:05:51.386 65947 INFO tempest.lib.common.rest_client [req-4a62027a-1d74-4a1a-83eb-c5c35be2e3bc req-4a62027a-1d74-4a1a-83eb-c5c35be2e3bc ] Request (FlavorsExtraSpecsTestJSON:test_flavor_non_admin_get_specific_key): 200 GET http://10.180.1.21/compute/v2.1/flavors/1111573253/os-extra_specs/hw:numa_nodes 1.543s
2024-12-11 06:05:51.398 65951 INFO tempest.lib.common.rest_client [req-d4128d3e-a531-4328-8415-2f5c2ee1f45a req-d4128d3e-a531-4328-8415-2f5c2ee1f45a ] Request (FloatingIPDetailsNegativeTestJSON:setUpClass): 200 GET http://10.180.1.21/identity/v3/domains?name=Default 0.318s
2024-12-11 06:05:51.401 65911 INFO tempest.lib.common.rest_client [req-220ac46b-c7d0-4ede-b2e6-93834d210540 req-220ac46b-c7d0-4ede-b2e6-93834d210540 ] Request (KeyPairsV210TestJSON:_run_cleanups): 204 DELETE http://10.180.1.21/compute/v2.1/os-keypairs/tempest-keypair-2003773324?user_id=1765b56385074353be7ba2bc0d11cb0e 1.438s
2024-12-11 06:05:51.411 65937 INFO tempest.lib.common.rest_client [req-3a712728-ac56-42d5-ba1c-e8e9d6f3ae50 req-3a712728-ac56-42d5-ba1c-e8e9d6f3ae50 ] Request (FlavorsAdminTestJSON:setUpClass): 201 POST http://10.180.1.21/identity/v3/auth/tokens 0.332s
2024-12-11 06:05:51.421 65925 INFO tempest.lib.common.rest_client [req-10fb6f7e-6eb0-4fd7-afc6-cee96c2c835a req-10fb6f7e-6eb0-4fd7-afc6-cee96c2c835a ] Request (FloatingIPsTestJSON:setUpClass): 201 POST http://10.180.1.21/identity/v3/auth/tokens 0.280s
2024-12-11 06:05:51.444 65915 INFO tempest.lib.common.rest_client [req-ba28fe33-988e-4dae-9a5f-1a374bf5f8fb req-ba28fe33-988e-4dae-9a5f-1a374bf5f8fb ] Request (HypervisorAdminNegativeUnderV252Test:tearDownClass): 201 POST http://10.180.1.21/identity/v3/auth/tokens 0.239s
2024-12-11 06:05:51.467 65899 INFO tempest.lib.common.rest_client [req-41baaba9-e21e-467f-9c7d-7d2084c563a9 req-41baaba9-e21e-467f-9c7d-7d2084c563a9 ] Request (DeleteServersAdminTestJSON:test_admin_delete_servers_of_others): 200 GET http://10.180.1.21/compute/v2.1/servers/459bb8b2-be29-4a2e-a7a1-9060a18219be 1.458s
2024-12-11 06:05:51.475 65899 INFO tempest.common.waiters [-] State transition "BUILD/None" ==> "BUILD/spawning" after 4 second wait
2024-12-11 06:05:51.487 65935 INFO tempest.lib.common.rest_client [req-b6d0cae1-05f2-44b4-8bde-c5788e4fb459 req-b6d0cae1-05f2-44b4-8bde-c5788e4fb459 ] Request (FlavorsAccessTestJSON:test_flavor_access_list_with_private_flavor): 200 GET http://10.180.1.21/compute/v2.1/flavors/1580642604/os-flavor-access 1.270s
2024-12-11 06:05:51.510 65903 INFO tempest.lib.common.rest_client [req-28ffa4a2-c23f-4abe-9047-ff2edb1f474d req-28ffa4a2-c23f-4abe-9047-ff2edb1f474d ] Request (FlavorsV255TestJSON:tearDownClass): 200 GET http://10.180.1.21:9696/networking/v2.0/security-groups?tenant_id=f1bf7611fdcf4138811f829d5416a381&name=default 0.592s
2024-12-11 06:05:51.526 65943 INFO tempest.lib.common.rest_client [req-a3a39809-8802-4e5e-afbb-75fc3e15e964 req-a3a39809-8802-4e5e-afbb-75fc3e15e964 ] Request (HypervisorAdminUnderV252Test:tearDownClass): 200 GET http://10.180.1.21:9696/networking/v2.0/security-groups?tenant_id=5201818a736043cd86ea34754c869c2b&name=default 0.187s
2024-12-11 06:05:51.532 65929 INFO tempest.lib.common.rest_client [req-5f351178-87a3-4c9d-b048-3cdf4508ce58 req-5f351178-87a3-4c9d-b048-3cdf4508ce58 ] Request (QuotasSecurityGroupAdminNegativeTest:setUpClass): 201 POST http://10.180.1.21/identity/v3/auth/tokens 0.252s
2024-12-11 06:05:51.543 65939 INFO tempest.lib.common.rest_client [req-cb3645a2-e033-4ee8-8107-7098abaaf72d req-cb3645a2-e033-4ee8-8107-7098abaaf72d ] Request (ValidationResourcesFixture:setUp): 201 POST http://10.180.1.21:9696/networking/v2.0/floatingips 0.590s
2024-12-11 06:05:51.560 65955 INFO tempest.lib.common.rest_client [req-b0821e11-3774-4254-a111-f4979ac69da4 req-b0821e11-3774-4254-a111-f4979ac69da4 ] Request (QuotasAdminTestV236:test_get_updated_quotas): 200 GET http://10.180.1.21/compute/v2.1/os-quota-sets/5ead160763244a8d93e02fd984c7e1a1?user_id=314df53da0b6424a80c56829aebed19c 1.904s
2024-12-11 06:05:51.589 65905 INFO tempest.lib.common.rest_client [req-9125cfc9-4683-416a-bb76-fa98ee2d8385 req-9125cfc9-4683-416a-bb76-fa98ee2d8385 ] Request (ServersWithSpecificFlavorTestJSON:test_verify_created_server_ephemeral_disk): 200 POST http://10.180.1.21/compute/v2.1/flavors/553423686/os-extra_specs 1.073s
2024-12-11 06:05:51.598 65933 INFO tempest.lib.common.rest_client [req-8e5f50aa-275b-468c-b684-a47e71077e31 req-8e5f50aa-275b-468c-b684-a47e71077e31 ] Request (HypervisorAdminNegativeTestJSON:test_get_nonexistent_hypervisor_uptime): 404 GET http://10.180.1.21/compute/v2.1/os-hypervisors/35732667-b12b-44a5-89fd-057575dcf6f7/uptime 1.064s
2024-12-11 06:05:51.599 65913 INFO tempest.lib.common.rest_client [req-0cadd915-3468-400e-8fcf-8ee6132a3066 req-0cadd915-3468-400e-8fcf-8ee6132a3066 ] Request (ServicesAdminTestJSON:tearDownClass): 204 DELETE http://10.180.1.21/identity/v3/users/013795d21e184b3587e388d41c0ac677 0.254s
2024-12-11 06:05:51.616 65941 INFO tempest.lib.common.rest_client [req-a80716d3-7cf5-4f4c-b40a-61cb9144bb43 req-a80716d3-7cf5-4f4c-b40a-61cb9144bb43 ] Request (ServersTestJSON:setUpClass): 200 GET http://10.180.1.21/compute/v2.1/servers/56dd5354-066e-4da8-8d9b-82c417a89b2f 1.356s
2024-12-11 06:05:51.629 65941 INFO tempest.common.waiters [-] State transition "BUILD/scheduling" ==> "BUILD/None" after 2 second wait
2024-12-11 06:05:51.635 65901 INFO tempest.lib.common.rest_client [req-c9b5495b-a295-4f55-baf2-6265c115c37b req-c9b5495b-a295-4f55-baf2-6265c115c37b ] Request (ServersTestManualDisk:setUpClass): 201 POST http://10.180.1.21/identity/v3/auth/tokens 0.340s
2024-12-11 06:05:51.636 65901 INFO tempest.lib.common.fixed_network [-] (ServersTestManualDisk:setUpClass) Found network {'id': '225598c8-7fef-46f8-aa56-00f02f286baf', 'name': 'tempest-ServersTestManualDisk-1823610921-network', 'tenant_id': '8d8ce3cb43b042c3b4949eb497e94cf6', 'admin_state_up': True, 'mtu': 8950, 'status': 'ACTIVE', 'subnets': [], 'shared': False, 'project_id': '8d8ce3cb43b042c3b4949eb497e94cf6', 'port_security_enabled': True, 'router:external': False, 'provider:network_type': 'vlan', 'provider:physical_network': 'default', 'provider:segmentation_id': 467, 'availability_zone_hints': [], 'availability_zones': [], 'ipv4_address_scope': None, 'ipv6_address_scope': None, 'description': '', 'tags': [], 'created_at': '2024-12-11T06:05:44Z', 'updated_at': '2024-12-11T06:05:44Z', 'revision_number': 1} available for tenant
2024-12-11 06:05:51.646 65909 INFO tempest.lib.common.rest_client [req-05b17a93-ba67-4412-9e0e-2dc991f28f7b req-05b17a93-ba67-4412-9e0e-2dc991f28f7b ] Request (AggregatesAdminNegativeTestJSON:_run_cleanups): 200 DELETE http://10.180.1.21/compute/v2.1/os-aggregates/1 0.881s
2024-12-11 06:05:51.669 65949 INFO tempest.lib.common.rest_client [req-6aeda2c2-e45c-4060-84bc-0990a9649ef1 req-6aeda2c2-e45c-4060-84bc-0990a9649ef1 ] Request (ListServersNegativeTestJSON:setUpClass): 200 GET http://10.180.1.21/compute/v2.1/servers/155f172d-43df-4a99-9e15-c2f506cf2992 0.976s
2024-12-11 06:05:51.672 65903 INFO tempest.lib.common.rest_client [req-fa7e73a8-946b-489a-888a-98659ba3b0f1 req-fa7e73a8-946b-489a-888a-98659ba3b0f1 ] Request (FlavorsV255TestJSON:tearDownClass): 204 DELETE http://10.180.1.21:9696/networking/v2.0/security-groups/c88f3e87-95ec-43e4-8320-81c375f9b61c 0.159s
2024-12-11 06:05:51.691 65927 INFO tempest.lib.common.rest_client [req-cb048b11-fd67-4563-81ef-60bdb036b10e req-cb048b11-fd67-4563-81ef-60bdb036b10e ] Request (KeyPairsV22TestJSON:_run_cleanups): 204 DELETE http://10.180.1.21/compute/v2.1/os-keypairs/tempest-keypair-1478443122 0.877s
2024-12-11 06:05:51.705 65931 INFO tempest.lib.common.rest_client [req-2215a17d-94b8-4327-82e2-0fa2329516b0 req-2215a17d-94b8-4327-82e2-0fa2329516b0 ] Request (HypervisorAdminTestJSON:tearDownClass): 204 DELETE http://10.180.1.21/identity/v3/users/47b47eaf9f45455bbfef95cdaa2d346f 0.329s
2024-12-11 06:05:51.708 65919 INFO tempest.lib.common.rest_client [req-45808814-8b0e-475b-9bda-5830817a3bb3 req-45808814-8b0e-475b-9bda-5830817a3bb3 ] Request (FlavorsV261TestJSON:_run_cleanups): 202 DELETE http://10.180.1.21/compute/v2.1/flavors/554927073 0.859s
2024-12-11 06:05:51.736 65897 INFO tempest.lib.common.rest_client [req-03fbadf6-cd35-41f9-9e57-b74747acac2c req-03fbadf6-cd35-41f9-9e57-b74747acac2c ] Request (FlavorsAccessNegativeTestJSON:_run_cleanups): 202 DELETE http://10.180.1.21/compute/v2.1/flavors/5685587 0.441s
2024-12-11 06:05:51.745 65943 INFO tempest.lib.common.rest_client [req-183e9fbb-23fa-4648-bb33-598876c09dda req-183e9fbb-23fa-4648-bb33-598876c09dda ] Request (HypervisorAdminUnderV252Test:tearDownClass): 204 DELETE http://10.180.1.21:9696/networking/v2.0/security-groups/3d68a6eb-f6ad-41a1-8653-a020a318eb65 0.217s
2024-12-11 06:05:51.761 65953 INFO tempest.lib.common.rest_client [req-d84dd004-4119-4de7-9fbc-8f33a7ce27b1 req-d84dd004-4119-4de7-9fbc-8f33a7ce27b1 ] Request (ServicesAdminNegativeV253TestJSON:setUpClass): 201 POST http://10.180.1.21/identity/v3/auth/tokens 0.381s
2024-12-11 06:05:51.794 65923 INFO tempest.lib.common.rest_client [req-fbdeb8e7-1c1f-408a-b73f-9b9ca562fef2 req-fbdeb8e7-1c1f-408a-b73f-9b9ca562fef2 ] Request (ServersAdmin275Test:test_rebuild_update_server_275): 200 GET http://10.180.1.21/compute/v2.1/servers/6ffb63f7-e9ba-43fc-a289-796552c5e84f 0.594s
2024-12-11 06:05:51.795 65925 INFO tempest.lib.common.rest_client [req-bf4d1161-435b-4102-99df-0194872b545f req-bf4d1161-435b-4102-99df-0194872b545f ] Request (FloatingIPsTestJSON:setUpClass): 200 GET http://10.180.1.21/identity/v3/domains?name=Default 0.373s
2024-12-11 06:05:51.820 65951 INFO tempest.lib.common.rest_client [req-b632071d-da7d-4217-82ea-50560309710d req-b632071d-da7d-4217-82ea-50560309710d ] Request (FloatingIPDetailsNegativeTestJSON:setUpClass): 201 POST http://10.180.1.21/identity/v3/projects 0.421s
2024-12-11 06:05:51.830 65945 INFO tempest.lib.common.rest_client [req-a7adbec6-cd1a-47e1-9f8b-673221f34d28 req-a7adbec6-cd1a-47e1-9f8b-673221f34d28 ] Request (ServicesAdminNegativeTestJSON:test_get_service_with_valid_service_and_invalid_host): 200 GET http://10.180.1.21/compute/v2.1/os-services?host=xxx&binary=nova-scheduler 0.510s
2024-12-11 06:05:51.840 65917 INFO tempest.lib.common.rest_client [req-0c670a7b-c2ab-4385-b0b9-1cd872f0798f req-0c670a7b-c2ab-4385-b0b9-1cd872f0798f ] Request (HostsAdminNegativeTestJSON:test_show_host_detail_with_nonexistent_hostname): 404 GET http://10.180.1.21/compute/v2.1/os-hosts/nonexistent_hostname 0.486s
2024-12-11 06:05:51.850 65957 INFO tempest.lib.common.rest_client [req-16cd0eb4-ef46-4d0f-91c4-abb12f838869 req-16cd0eb4-ef46-4d0f-91c4-abb12f838869 ] Request (VolumesAssistedSnapshotsTest:test_volume_assisted_snapshot_create_delete): 202 POST http://10.180.1.21/volume/v3/volumes 0.704s
2024-12-11 06:05:51.855 65907 INFO tempest.lib.common.rest_client [req-10a5a50d-227e-4880-9c88-434703d98aab req-10a5a50d-227e-4880-9c88-434703d98aab ] Request (ServerDiagnosticsV248Test:test_get_server_diagnostics): 200 GET http://10.180.1.21/compute/v2.1/servers/1e2bba5b-b827-4a1f-b94b-b27fa70d0e1d 0.559s
2024-12-11 06:05:51.872 65921 INFO tempest.lib.common.rest_client [req-74be9754-0078-4a93-9124-5c58c606eae0 req-74be9754-0078-4a93-9124-5c58c606eae0 ] Request (FlavorsExtraSpecsNegativeTestJSON:test_flavor_non_admin_update_specific_key): 200 POST http://10.180.1.21/compute/v2.1/flavors/2034245267/os-extra_specs 0.497s
2024-12-11 06:05:51.880 65947 INFO tempest.lib.common.rest_client [req-c22488e1-fd0e-4d03-9e61-c910b7723052 req-c22488e1-fd0e-4d03-9e61-c910b7723052 ] Request (FlavorsExtraSpecsTestJSON:test_flavor_set_get_update_show_unset_keys): 200 POST http://10.180.1.21/compute/v2.1/flavors/1111573253/os-extra_specs 0.492s
2024-12-11 06:05:51.893 65935 INFO tempest.lib.common.rest_client [req-74047ccd-d474-489f-88d3-6e172616ffd8 req-74047ccd-d474-489f-88d3-6e172616ffd8 ] Request (FlavorsAccessTestJSON:_run_cleanups): 202 DELETE http://10.180.1.21/compute/v2.1/flavors/1580642604 0.405s
2024-12-11 06:05:51.908 65905 INFO tempest.lib.common.rest_client [req-15d46407-2a50-4142-a4f7-802e671d0e2d req-15d46407-2a50-4142-a4f7-802e671d0e2d ] Request (ServersWithSpecificFlavorTestJSON:test_verify_created_server_ephemeral_disk): 200 POST http://10.180.1.21/compute/v2.1/flavors 0.317s
2024-12-11 06:05:51.921 65911 INFO tempest.lib.common.rest_client [req-88a7ce0f-4516-4136-a002-322d7a8de3bf req-88a7ce0f-4516-4136-a002-322d7a8de3bf ] Request (KeyPairsV210TestJSON:tearDownClass): 204 DELETE http://10.180.1.21/identity/v3/users/1765b56385074353be7ba2bc0d11cb0e 0.462s
2024-12-11 06:05:51.924 65957 INFO tempest.lib.common.rest_client [req-a8e439bf-6967-4810-967f-03127af3de0b req-a8e439bf-6967-4810-967f-03127af3de0b ] Request (VolumesAssistedSnapshotsTest:test_volume_assisted_snapshot_create_delete): 200 GET http://10.180.1.21/volume/v3/volumes/41bb0365-965e-446a-aec4-d29044e800ee 0.065s
2024-12-11 06:05:51.934 65933 INFO tempest.lib.common.rest_client [req-c65fd02e-79be-4af1-95cf-7bf5d23b528a req-c65fd02e-79be-4af1-95cf-7bf5d23b528a ] Request (HypervisorAdminNegativeTestJSON:test_show_hypervisor_with_non_admin_user): 200 GET http://10.180.1.21/compute/v2.1/os-hypervisors 0.334s
2024-12-11 06:05:51.970 65929 INFO tempest.lib.common.rest_client [req-9ff0c002-33a0-4f65-95bc-d34c05ed8dad req-9ff0c002-33a0-4f65-95bc-d34c05ed8dad ] Request (QuotasSecurityGroupAdminNegativeTest:setUpClass): 200 GET http://10.180.1.21/identity/v3/domains?name=Default 0.438s
2024-12-11 06:05:51.973 65939 INFO tempest.lib.common.rest_client [req-51298159-565a-415c-bdcb-fa9c23ec5718 req-51298159-565a-415c-bdcb-fa9c23ec5718 ] Request (AttachInterfacesUnderV243Test:test_add_remove_fixed_ip): 201 POST http://10.180.1.21/identity/v3/auth/tokens 0.424s
2024-12-11 06:05:51.973 65939 INFO tempest.lib.common.fixed_network [-] (AttachInterfacesUnderV243Test:test_add_remove_fixed_ip) Found network {'id': 'ede8fb69-d367-4c37-8d5b-33e22cc91ec0', 'name': 'tempest-AttachInterfacesUnderV243Test-400343812-network', 'tenant_id': 'd4d841939d2a469ea4adfcda88a9f1c3', 'admin_state_up': True, 'mtu': 8950, 'status': 'ACTIVE', 'subnets': [], 'shared': False, 'project_id': 'd4d841939d2a469ea4adfcda88a9f1c3', 'port_security_enabled': True, 'router:external': False, 'provider:network_type': 'vlan', 'provider:physical_network': 'default', 'provider:segmentation_id': 406, 'availability_zone_hints': [], 'availability_zones': [], 'ipv4_address_scope': None, 'ipv6_address_scope': None, 'description': '', 'tags': [], 'created_at': '2024-12-11T06:05:44Z', 'updated_at': '2024-12-11T06:05:44Z', 'revision_number': 1} available for tenant
2024-12-11 06:05:52.070 65913 INFO tempest.lib.common.rest_client [req-e4208106-0fd6-49b2-8135-25394e6481e0 req-e4208106-0fd6-49b2-8135-25394e6481e0 ] Request (ServicesAdminTestJSON:tearDownClass): 204 DELETE http://10.180.1.21/identity/v3/users/13536cc7f4e04dd29ecb8c1878bac641 0.470s
2024-12-11 06:05:52.070 65913 INFO tempest.lib.common.dynamic_creds [-] Deleting project and security group for project: 539c80f147e94963a2023ec66e5a71ea
2024-12-11 06:05:52.098 65955 INFO tempest.lib.common.rest_client [req-c2338695-c9e8-414b-9b4f-e36ef59dace4 req-c2338695-c9e8-414b-9b4f-e36ef59dace4 ] Request (QuotasAdminTestV236:_run_cleanups): 204 DELETE http://10.180.1.21/identity/v3/users/314df53da0b6424a80c56829aebed19c 0.536s
2024-12-11 06:05:52.137 65915 INFO tempest.lib.common.rest_client [req-90217ea9-0d2a-45dd-929a-3c0a1de223ac req-90217ea9-0d2a-45dd-929a-3c0a1de223ac ] Request (HypervisorAdminNegativeUnderV252Test:tearDownClass): 200 GET http://10.180.1.21:9696/networking/v2.0/security-groups?tenant_id=8a605e2b5a9c4ad0a38a1e6bd92dffaa&name=default 0.693s
2024-12-11 06:05:52.179 65903 INFO tempest.lib.common.rest_client [req-da1165d9-c590-42b9-8119-6b4a910d5e7c req-da1165d9-c590-42b9-8119-6b4a910d5e7c ] Request (FlavorsV255TestJSON:tearDownClass): 204 DELETE http://10.180.1.21/identity/v3/projects/f1bf7611fdcf4138811f829d5416a381 0.506s
2024-12-11 06:05:52.179 65903 INFO tempest.lib.common.dynamic_creds [-] Deleting project and security group for project: c340d7810fd54ff3b9fb23aea8eeb741
2024-12-11 06:05:52.261 65931 INFO tempest.lib.common.rest_client [req-7543f84b-96b8-444c-9408-367fa5cb6495 req-7543f84b-96b8-444c-9408-367fa5cb6495 ] Request (HypervisorAdminTestJSON:tearDownClass): 204 DELETE http://10.180.1.21/identity/v3/users/edd60af27fff470ab80e2102844ced1e 0.555s
2024-12-11 06:05:52.261 65931 INFO tempest.lib.common.dynamic_creds [-] Deleting project and security group for project: 859f110797414243a3df7ca5f01cb584
2024-12-11 06:05:52.280 65915 INFO tempest.lib.common.rest_client [req-1ef48fdb-9901-4aec-b970-fc2c37f62433 req-1ef48fdb-9901-4aec-b970-fc2c37f62433 ] Request (HypervisorAdminNegativeUnderV252Test:tearDownClass): 204 DELETE http://10.180.1.21:9696/networking/v2.0/security-groups/3aee64e1-7a45-4cfe-a680-87e4c3935be9 0.143s
2024-12-11 06:05:52.283 65903 INFO tempest.lib.common.rest_client [req-486a2c5e-aa8d-4930-b37d-0f644d40d3d5 req-486a2c5e-aa8d-4930-b37d-0f644d40d3d5 ] Request (FlavorsV255TestJSON:tearDownClass): 200 GET http://10.180.1.21:9696/networking/v2.0/security-groups?tenant_id=c340d7810fd54ff3b9fb23aea8eeb741&name=default 0.103s
2024-12-11 06:05:52.292 65943 INFO tempest.lib.common.rest_client [req-958534f5-09cb-4731-96bd-77347f85ec8b req-958534f5-09cb-4731-96bd-77347f85ec8b ] Request (HypervisorAdminUnderV252Test:tearDownClass): 204 DELETE http://10.180.1.21/identity/v3/projects/5201818a736043cd86ea34754c869c2b 0.546s
2024-12-11 06:05:52.343 65953 INFO tempest.lib.common.rest_client [req-2e663ec7-5ed1-46f7-af5c-8ecc25a05c01 req-2e663ec7-5ed1-46f7-af5c-8ecc25a05c01 ] Request (ServicesAdminNegativeV253TestJSON:setUpClass): 200 GET http://10.180.1.21/identity/v3/domains?name=Default 0.582s
2024-12-11 06:05:52.361 65903 INFO tempest.lib.common.rest_client [req-705b85c1-0d68-479a-8e45-7a820d8f0370 req-705b85c1-0d68-479a-8e45-7a820d8f0370 ] Request (FlavorsV255TestJSON:tearDownClass): 204 DELETE http://10.180.1.21:9696/networking/v2.0/security-groups/4f77b4f4-e6f1-43f0-8e0d-80d711a41d3d 0.078s
2024-12-11 06:05:52.361 65925 INFO tempest.lib.common.rest_client [req-d10e54ec-2878-4dc8-83f0-7b42feecd3e0 req-d10e54ec-2878-4dc8-83f0-7b42feecd3e0 ] Request (FloatingIPsTestJSON:setUpClass): 201 POST http://10.180.1.21/identity/v3/projects 0.565s
2024-12-11 06:05:52.368 65951 INFO tempest.lib.common.rest_client [req-08fe7c24-6ca3-4944-892c-332c30733bb2 req-08fe7c24-6ca3-4944-892c-332c30733bb2 ] Request (FloatingIPDetailsNegativeTestJSON:setUpClass): 201 POST http://10.180.1.21/identity/v3/users 0.548s
2024-12-11 06:05:52.453 65911 INFO tempest.lib.common.rest_client [req-e75a2a72-872e-4ba4-99a5-8a210d20183b req-e75a2a72-872e-4ba4-99a5-8a210d20183b ] Request (KeyPairsV210TestJSON:tearDownClass): 204 DELETE http://10.180.1.21/identity/v3/users/7c0e555506d24b47965d1eadc91eb06e 0.532s
2024-12-11 06:05:52.454 65911 INFO tempest.lib.common.dynamic_creds [-] Deleting project and security group for project: ff4a0f46eded4fe3a635fa64b1ad80b9
2024-12-11 06:05:52.467 65937 INFO tempest.lib.common.rest_client [req-52199891-60b2-47da-8e7a-9955b944a226 req-52199891-60b2-47da-8e7a-9955b944a226 ] Request (FlavorsAdminTestJSON:test_create_flavor_using_string_ram): 200 POST http://10.180.1.21/compute/v2.1/flavors 1.054s
2024-12-11 06:05:52.477 65901 INFO tempest.lib.common.rest_client [req-af7266e4-4c0c-4a7e-8db6-f0963668d2a7 req-af7266e4-4c0c-4a7e-8db6-f0963668d2a7 ] Request (ServersTestManualDisk:setUpClass): 202 POST http://10.180.1.21/compute/v2.1/servers 0.840s
2024-12-11 06:05:52.502 65927 INFO tempest.lib.common.rest_client [req-626672b9-c9a7-4916-8b80-da1b80ba709b req-626672b9-c9a7-4916-8b80-da1b80ba709b ] Request (KeyPairsV22TestJSON:test_keypair_create_with_pub_key): 201 POST http://10.180.1.21/compute/v2.1/os-keypairs 0.810s
2024-12-11 06:05:52.511 65913 INFO tempest.lib.common.rest_client [req-6b412736-2625-452b-be6a-cfa2d355f289 req-6b412736-2625-452b-be6a-cfa2d355f289 ] Request (ServicesAdminTestJSON:tearDownClass): 201 POST http://10.180.1.21/identity/v3/auth/tokens 0.441s
2024-12-11 06:05:52.514 65919 INFO tempest.lib.common.rest_client [req-7b299c20-410e-4f28-a148-8563d821991f req-7b299c20-410e-4f28-a148-8563d821991f ] Request (FlavorsV261TestJSON:_run_cleanups): 200 GET http://10.180.1.21/compute/v2.1/flavors/detail 0.806s
2024-12-11 06:05:52.520 65929 INFO tempest.lib.common.rest_client [req-3bc32d00-ddc7-4115-80a7-e4d17d8a2617 req-3bc32d00-ddc7-4115-80a7-e4d17d8a2617 ] Request (QuotasSecurityGroupAdminNegativeTest:setUpClass): 201 POST http://10.180.1.21/identity/v3/projects 0.549s
2024-12-11 06:05:52.529 65909 INFO tempest.lib.common.rest_client [req-f398d66b-2c93-46d4-9ca5-2e9d487132b9 req-f398d66b-2c93-46d4-9ca5-2e9d487132b9 ] Request (AggregatesAdminNegativeTestJSON:test_aggregate_add_host_as_user): 200 POST http://10.180.1.21/compute/v2.1/os-aggregates 0.813s
2024-12-11 06:05:52.548 65897 INFO tempest.lib.common.rest_client [req-407e1282-5874-446b-a0eb-a57261cfe03c req-407e1282-5874-446b-a0eb-a57261cfe03c ] Request (FlavorsAccessNegativeTestJSON:_run_cleanups): 200 GET http://10.180.1.21/compute/v2.1/flavors/detail 0.812s
2024-12-11 06:05:52.555 65917 INFO tempest.lib.common.rest_client [req-b56e7eee-b0ac-4d5e-afb6-0255e5f742da req-b56e7eee-b0ac-4d5e-afb6-0255e5f742da ] Request (HostsAdminNegativeTestJSON:test_shutdown_host_with_non_admin_user): 403 GET http://10.180.1.21/compute/v2.1/os-hosts/devstack/shutdown 0.711s
2024-12-11 06:05:52.562 65921 INFO tempest.lib.common.rest_client [req-ae077f12-c035-4602-813a-12559198382a req-ae077f12-c035-4602-813a-12559198382a ] Request (FlavorsExtraSpecsNegativeTestJSON:test_flavor_non_admin_update_specific_key): 403 PUT http://10.180.1.21/compute/v2.1/flavors/2034245267/os-extra_specs/hw:numa_nodes 0.688s
2024-12-11 06:05:52.572 65947 INFO tempest.lib.common.rest_client [req-cb9e0402-2b13-4bf3-916d-543f07ca8b96 req-cb9e0402-2b13-4bf3-916d-543f07ca8b96 ] Request (FlavorsExtraSpecsTestJSON:test_flavor_set_get_update_show_unset_keys): 200 GET http://10.180.1.21/compute/v2.1/flavors/1111573253/os-extra_specs 0.692s
2024-12-11 06:05:52.594 65935 INFO tempest.lib.common.rest_client [req-e5837377-bd92-471d-b406-628c4fc14d00 req-e5837377-bd92-471d-b406-628c4fc14d00 ] Request (FlavorsAccessTestJSON:_run_cleanups): 200 GET http://10.180.1.21/compute/v2.1/flavors/detail 0.700s
2024-12-11 06:05:52.604 65905 INFO tempest.lib.common.rest_client [req-e1edcdf6-8919-43b0-a2ff-5ba2dfe41acb req-e1edcdf6-8919-43b0-a2ff-5ba2dfe41acb ] Request (ServersWithSpecificFlavorTestJSON:test_verify_created_server_ephemeral_disk): 200 GET http://10.180.1.21/compute/v2.1/flavors/42/os-extra_specs 0.694s
2024-12-11 06:05:52.611 65933 INFO tempest.lib.common.rest_client [req-7838c7f0-79b1-4be1-8496-b2a0c9d7470a req-7838c7f0-79b1-4be1-8496-b2a0c9d7470a ] Request (HypervisorAdminNegativeTestJSON:test_show_hypervisor_with_non_admin_user): 403 GET http://10.180.1.21/compute/v2.1/os-hypervisors/1 0.675s
2024-12-11 06:05:52.655 65931 INFO tempest.lib.common.rest_client [req-e0cd91d0-d52d-4d2a-ba60-3003ae3851db req-e0cd91d0-d52d-4d2a-ba60-3003ae3851db ] Request (HypervisorAdminTestJSON:tearDownClass): 201 POST http://10.180.1.21/identity/v3/auth/tokens 0.394s
2024-12-11 06:05:52.708 65955 INFO tempest.lib.common.rest_client [req-2acf7e8e-d75c-4b4e-83a1-1a9173ea8427 req-2acf7e8e-d75c-4b4e-83a1-1a9173ea8427 ] Request (QuotasAdminTestV236:_run_cleanups): 204 DELETE http://10.180.1.21/identity/v3/projects/5ead160763244a8d93e02fd984c7e1a1 0.609s
2024-12-11 06:05:52.723 65943 INFO tempest.lib.common.rest_client [req-0ffafaa9-b8db-4b28-bb7d-e35ca6d6191e req-0ffafaa9-b8db-4b28-bb7d-e35ca6d6191e ] Request (InstanceUsageAuditLogTestJSON:setUpClass): 201 POST http://10.180.1.21/identity/v3/auth/tokens 0.430s
2024-12-11 06:05:52.743 65915 INFO tempest.lib.common.rest_client [req-909e2570-774d-46be-8966-6b5d21086bcc req-909e2570-774d-46be-8966-6b5d21086bcc ] Request (HypervisorAdminNegativeUnderV252Test:tearDownClass): 204 DELETE http://10.180.1.21/identity/v3/projects/8a605e2b5a9c4ad0a38a1e6bd92dffaa 0.461s
2024-12-11 06:05:52.744 65915 INFO tempest.lib.common.dynamic_creds [-] Deleting project and security group for project: 9c364d000b204def943c22678b9eafac
2024-12-11 06:05:52.791 65953 INFO tempest.lib.common.rest_client [req-426c170d-dbd4-4668-bcab-7c4322b7bf98 req-426c170d-dbd4-4668-bcab-7c4322b7bf98 ] Request (ServicesAdminNegativeV253TestJSON:setUpClass): 201 POST http://10.180.1.21/identity/v3/projects 0.447s
2024-12-11 06:05:52.833 65903 INFO tempest.lib.common.rest_client [req-12c7ccbd-7f71-4dc5-993d-5099cff1696f req-12c7ccbd-7f71-4dc5-993d-5099cff1696f ] Request (FlavorsV255TestJSON:tearDownClass): 204 DELETE http://10.180.1.21/identity/v3/projects/c340d7810fd54ff3b9fb23aea8eeb741 0.471s
2024-12-11 06:05:52.881 65951 INFO tempest.lib.common.rest_client [req-604e9306-48a0-4fd7-a49f-2842d9fa6623 req-604e9306-48a0-4fd7-a49f-2842d9fa6623 ] Request (FloatingIPDetailsNegativeTestJSON:setUpClass): 200 GET http://10.180.1.21/identity/v3/roles 0.513s
2024-12-11 06:05:52.902 65925 INFO tempest.lib.common.rest_client [req-b7f08fe2-9121-4750-8253-d838c492da7b req-b7f08fe2-9121-4750-8253-d838c492da7b ] Request (FloatingIPsTestJSON:setUpClass): 201 POST http://10.180.1.21/identity/v3/users 0.540s
2024-12-11 06:05:52.909 65911 INFO tempest.lib.common.rest_client [req-7eeaab37-0547-4507-9a71-01768811da68 req-7eeaab37-0547-4507-9a71-01768811da68 ] Request (KeyPairsV210TestJSON:tearDownClass): 201 POST http://10.180.1.21/identity/v3/auth/tokens 0.455s
2024-12-11 06:05:52.916 65915 INFO tempest.lib.common.rest_client [req-2171decc-fd10-4559-aaeb-8446171f2655 req-2171decc-fd10-4559-aaeb-8446171f2655 ] Request (HypervisorAdminNegativeUnderV252Test:tearDownClass): 200 GET http://10.180.1.21:9696/networking/v2.0/security-groups?tenant_id=9c364d000b204def943c22678b9eafac&name=default 0.172s
2024-12-11 06:05:52.929 65929 INFO tempest.lib.common.rest_client [req-91a58b73-17ea-4101-9b61-f4435e14541a req-91a58b73-17ea-4101-9b61-f4435e14541a ] Request (QuotasSecurityGroupAdminNegativeTest:setUpClass): 201 POST http://10.180.1.21/identity/v3/users 0.409s
2024-12-11 06:05:52.985 65939 INFO tempest.lib.common.rest_client [req-9586c2b9-cf4a-4ae6-a378-23da59345a04 req-9586c2b9-cf4a-4ae6-a378-23da59345a04 ] Request (AttachInterfacesUnderV243Test:test_add_remove_fixed_ip): 202 POST http://10.180.1.21/compute/v2.1/servers 1.011s
2024-12-11 06:05:53.000 65937 INFO tempest.lib.common.rest_client [req-ccd8f674-3368-42fc-b368-70fbecdfdccb req-ccd8f674-3368-42fc-b368-70fbecdfdccb ] Request (FlavorsAdminTestJSON:_run_cleanups): 202 DELETE http://10.180.1.21/compute/v2.1/flavors/31095791 0.532s
2024-12-11 06:05:53.067 65919 INFO tempest.lib.common.rest_client [req-1d01365c-b1ec-475c-9c9a-cc307d91007f req-1d01365c-b1ec-475c-9c9a-cc307d91007f ] Request (FlavorsV261TestJSON:tearDownClass): 204 DELETE http://10.180.1.21/identity/v3/users/8c5de60ca54e4975b7359643320ab99a 0.500s
2024-12-11 06:05:53.104 65945 INFO tempest.lib.common.rest_client [req-139176b6-efc7-43a5-bb17-a45ecd0d6eb6 req-139176b6-efc7-43a5-bb17-a45ecd0d6eb6 ] Request (ServicesAdminNegativeTestJSON:test_list_services_with_non_admin_user): 403 GET http://10.180.1.21/compute/v2.1/os-services 1.270s
2024-12-11 06:05:53.114 65915 INFO tempest.lib.common.rest_client [req-8abcf09f-6dcd-47d4-b7f2-7d1a8d0369da req-8abcf09f-6dcd-47d4-b7f2-7d1a8d0369da ] Request (HypervisorAdminNegativeUnderV252Test:tearDownClass): 204 DELETE http://10.180.1.21:9696/networking/v2.0/security-groups/16f15a39-8562-42d6-81b6-63c2e9b8c837 0.196s
2024-12-11 06:05:53.124 65957 INFO tempest.lib.common.rest_client [req-f70a2959-bb9e-414c-acb2-cb12c75c78b3 req-f70a2959-bb9e-414c-acb2-cb12c75c78b3 ] Request (VolumesAssistedSnapshotsTest:test_volume_assisted_snapshot_create_delete): 200 GET http://10.180.1.21/volume/v3/volumes/41bb0365-965e-446a-aec4-d29044e800ee 0.186s
2024-12-11 06:05:53.133 65913 INFO tempest.lib.common.rest_client [req-e5af82fe-bfe5-42ba-8d68-e447b2811257 req-e5af82fe-bfe5-42ba-8d68-e447b2811257 ] Request (ServicesAdminTestJSON:tearDownClass): 200 GET http://10.180.1.21:9696/networking/v2.0/security-groups?tenant_id=539c80f147e94963a2023ec66e5a71ea&name=default 0.621s
2024-12-11 06:05:53.135 65957 INFO tempest.common.waiters [-] volume 41bb0365-965e-446a-aec4-d29044e800ee reached available after waiting for 2.135617 seconds
2024-12-11 06:05:53.184 65901 INFO tempest.lib.common.rest_client [req-8ff11d73-ff86-445b-887a-b3b7fd42a863 req-8ff11d73-ff86-445b-887a-b3b7fd42a863 ] Request (ServersTestManualDisk:setUpClass): 200 GET http://10.180.1.21/compute/v2.1/servers/49d54fac-78b3-4034-85dc-10a9fb7b7df5 0.705s
2024-12-11 06:05:53.192 65935 INFO tempest.lib.common.rest_client [req-72746506-c923-4f64-aac2-666eb7b08fb0 req-72746506-c923-4f64-aac2-666eb7b08fb0 ] Request (FlavorsAccessTestJSON:tearDownClass): 204 DELETE http://10.180.1.21/identity/v3/users/e784a092c7304010a45fc29e8fb86894 0.592s
2024-12-11 06:05:53.207 65927 INFO tempest.lib.common.rest_client [req-4f70c555-1472-41c1-b671-8c62d97c6ad8 req-4f70c555-1472-41c1-b671-8c62d97c6ad8 ] Request (KeyPairsV22TestJSON:_run_cleanups): 204 DELETE http://10.180.1.21/compute/v2.1/os-keypairs/tempest-keypair-797235818 0.702s
