2024-12-11 06:08:19.208 65919 INFO tempest.lib.common.rest_client [req-18ec7d79-8742-476a-945a-8945137b66d7 req-18ec7d79-8742-476a-945a-8945137b66d7 ] Request (InstanceActionsV221TestJSON:test_get_list_deleted_instance_actions): 200 GET http://10.180.1.21/compute/v2.1/servers/94ec1ac3-1a01-40c5-8120-1856c35d29a8 0.312s
2024-12-11 06:08:20.000 65953 INFO tempest.lib.common.rest_client [req-3bc7f18c-481c-492a-9813-2183249b0a79 req-3bc7f18c-481c-492a-9813-2183249b0a79 ] Request (FloatingIPsAssociationTestJSON:test_associate_already_associated_floating_ip): 202 POST http://10.180.1.21/compute/v2.1/servers/f7d3156e-4386-4b65-8d38-3e60f4aaf7d7/action 1.245s
2024-12-11 06:08:20.395 65905 WARNING tempest.lib.common.ssh [-] Failed to establish authenticated ssh connection to cirros@10.180.180.156 ([Errno None] Unable to connect to port 22 on 10.180.180.156). Number attempts: 11. Retry after 12 seconds.: paramiko.ssh_exception.NoValidConnectionsError: [Errno None] Unable to connect to port 22 on 10.180.180.156
2024-12-11 06:08:22.829 65921 WARNING tempest.lib.common.ssh [-] Failed to establish authenticated ssh connection to cirros@10.180.180.209 ([Errno None] Unable to connect to port 22 on 10.180.180.209). Number attempts: 7. Retry after 8 seconds.: paramiko.ssh_exception.NoValidConnectionsError: [Errno None] Unable to connect to port 22 on 10.180.180.209
2024-12-11 06:08:23.179 65955 WARNING tempest.lib.common.ssh [-] Failed to establish authenticated ssh connection to cirros@10.180.180.214 ([Errno None] Unable to connect to port 22 on 10.180.180.214). Number attempts: 10. Retry after 11 seconds.: paramiko.ssh_exception.NoValidConnectionsError: [Errno None] Unable to connect to port 22 on 10.180.180.214
2024-12-11 06:08:26.207 65925 INFO tempest.lib.common.rest_client [req-66bd2a7b-338b-4e96-809f-9b315898fd6e req-66bd2a7b-338b-4e96-809f-9b315898fd6e ] Request (ImagesOneServerTestJSON:test_create_image_specify_multibyte_character_image_name): 200 GET http://10.180.1.21/compute/v2.1/images/25678f20-2a63-4b31-8029-673ad2b78569 7.224s
2024-12-11 06:08:26.211 65945 INFO tempest.lib.common.rest_client [req-dbc9e752-e65d-41dc-a425-a1320dbfe024 req-dbc9e752-e65d-41dc-a425-a1320dbfe024 ] Request (ListImageFiltersTestJSON:setUpClass): 200 GET http://10.180.1.21/compute/v2.1/images/ba4b4a88-4d20-490a-a8d5-c400051b46e5 7.078s
2024-12-11 06:08:26.425 65899 INFO tempest.lib.common.rest_client [req-ce830098-0cc6-40df-9d91-855b6b9cc2aa req-ce830098-0cc6-40df-9d91-855b6b9cc2aa ] Request (MigrationsAdminTest:test_list_migrations_in_flavor_resize_situation): 200 GET http://10.180.1.21/compute/v2.1/servers/5617a0e5-02b6-4f5f-b8e3-fc3c8deb7138 7.230s
2024-12-11 06:08:26.433 65899 INFO tempest.common.waiters [-] State transition "BUILD/None" ==> "BUILD/block_device_mapping" after 38 second wait
2024-12-11 06:08:26.436 65943 INFO tempest.lib.common.rest_client [req-25d5e546-03e9-41e6-9477-1e575e5808ea req-25d5e546-03e9-41e6-9477-1e575e5808ea ] Request (ServersTestMultiNic:test_verify_multiple_nics_order): 200 GET http://10.180.1.21/compute/v2.1/servers/753a4da9-8a31-4eab-8aac-373725b4c425 7.181s
2024-12-11 06:08:26.449 65943 INFO tempest.common.waiters [-] State transition "BUILD/None" ==> "BUILD/spawning" after 47 second wait
2024-12-11 06:08:26.482 65897 INFO tempest.lib.common.rest_client [req-b9b08274-c25f-484c-9db4-62005efa8e51 req-b9b08274-c25f-484c-9db4-62005efa8e51 ] Request (SecurityGroupsTestJSON:test_server_security_groups): 200 GET http://10.180.1.21/compute/v2.1/servers/5e25f49e-f159-40bd-94ad-a1564b303d05 7.168s
2024-12-11 06:08:26.505 65907 INFO tempest.lib.common.rest_client [req-5f7dc77f-3f97-46ba-8e31-e0b5fe128b9c req-5f7dc77f-3f97-46ba-8e31-e0b5fe128b9c ] Request (ServerExternalEventsTest:tearDownClass): 200 GET http://10.180.1.21/compute/v2.1/servers/e0cbc984-001d-4462-a111-769871370940 7.126s
2024-12-11 06:08:26.581 65931 INFO tempest.lib.common.rest_client [req-90eeffbf-af91-49ed-bc89-d7d198ba245a req-90eeffbf-af91-49ed-bc89-d7d198ba245a ] Request (ServersAdminNegativeTestJSON:test_migrate_server_invalid_state): 200 GET http://10.180.1.21/compute/v2.1/servers/78200f24-2501-4d62-8c1a-1f3ef90c0465 7.041s
2024-12-11 06:08:26.647 65949 INFO tempest.lib.common.rest_client [req-49716316-51ae-4c92-b3d1-772c0d22c3e8 req-49716316-51ae-4c92-b3d1-772c0d22c3e8 ] Request (ServerActionsTestOtherB:setUpClass): 200 GET http://10.180.1.21/compute/v2.1/servers/2e1334d2-24e1-4d03-8198-02baa1e6e693 7.094s
2024-12-11 06:08:26.654 65909 INFO tempest.lib.common.rest_client [req-78cec40b-237e-403b-8fef-af6705c52dae req-78cec40b-237e-403b-8fef-af6705c52dae ] Request (ServerMetadataTestJSON:tearDownClass): 200 GET http://10.180.1.21/compute/v2.1/servers/c82fd8ca-e2fb-4a55-ad87-6727ea7009ae 7.044s
2024-12-11 06:08:26.658 65949 INFO tempest.common.waiters [-] State transition "BUILD/spawning" ==> "ACTIVE/None" after 52 second wait
2024-12-11 06:08:26.734 65933 INFO tempest.lib.common.rest_client [req-8beffe03-831a-48b1-9dd3-f34844928aad req-8beffe03-831a-48b1-9dd3-f34844928aad ] Request (FloatingIPsAssociationNegativeTestJSON:tearDownClass): 200 GET http://10.180.1.21/compute/v2.1/servers/fd095ef5-5d7e-43a8-9bf7-64d8a5b13d4a 6.887s
2024-12-11 06:08:26.794 65913 INFO tempest.lib.common.rest_client [req-1dc51530-7fbf-4ff9-8c17-22bdd9abb568 req-1dc51530-7fbf-4ff9-8c17-22bdd9abb568 ] Request (ServersTestFqdnHostnames:test_create_server_with_fqdn_name): 200 GET http://10.180.1.21/compute/v2.1/servers/0276f97e-e204-4b03-bf33-dd991cd0169e 7.071s
2024-12-11 06:08:26.803 65913 INFO tempest.common.waiters [-] State transition "BUILD/spawning" ==> "ACTIVE/None" after 66 second wait
2024-12-11 06:08:26.848 65935 INFO tempest.lib.common.rest_client [req-619759c7-a219-4bb5-a349-6981d867ba33 req-619759c7-a219-4bb5-a349-6981d867ba33 ] Request (ServersAdminTestJSON:test_inject_network_info): 200 GET http://10.180.1.21/compute/v2.1/servers/581283b5-aeca-4ca3-a0a9-a04fdb9c2157 6.870s
2024-12-11 06:08:26.874 65923 INFO tempest.lib.common.rest_client [req-6affaf41-bdcc-4c61-a008-81d8d8cbfe6e req-6affaf41-bdcc-4c61-a008-81d8d8cbfe6e ] Request (ServersTestBootFromVolume:setUpClass): 200 GET http://10.180.1.21/compute/v2.1/servers/b30f2b92-f013-46f0-9b31-d4b96dc23c76 6.964s
2024-12-11 06:08:26.880 65923 INFO tempest.common.waiters [-] State transition "BUILD/None" ==> "BUILD/spawning" after 47 second wait
2024-12-11 06:08:26.903 65957 INFO tempest.lib.common.rest_client [req-259df71b-c90f-453a-9e4c-42085a966f07 req-259df71b-c90f-453a-9e4c-42085a966f07 ] Request (VolumesAssistedSnapshotsTest:_run_cleanups): 200 GET http://10.180.1.21/compute/v2.1/servers/8b557f94-d200-4d69-b97f-a799b5f6b10b/os-volume_attachments 6.892s
2024-12-11 06:08:26.937 65957 INFO tempest.lib.common.rest_client [req-8c0228c2-a7f1-48ce-aae5-d2144957457f req-8c0228c2-a7f1-48ce-aae5-d2144957457f ] Request (VolumesAssistedSnapshotsTest:_run_cleanups): 200 GET http://10.180.1.21/volume/v3/volumes/41bb0365-965e-446a-aec4-d29044e800ee 0.032s
2024-12-11 06:08:26.942 65957 INFO tempest.common.waiters [-] volume 41bb0365-965e-446a-aec4-d29044e800ee reached available after waiting for 0.942920 seconds
2024-12-11 06:08:26.956 65911 INFO tempest.lib.common.rest_client [req-6e73c725-1dbb-4694-8d91-f8cb4fe3154d req-6e73c725-1dbb-4694-8d91-f8cb4fe3154d ] Request (ImagesTestJSON:test_create_image_from_suspended_server): 200 GET http://10.180.1.21/compute/v2.1/servers/422eb907-be7f-475f-9e01-cfc5c3997193 6.883s
2024-12-11 06:08:26.979 65957 INFO tempest.lib.common.rest_client [req-980becac-c895-40e1-a37b-ae90a2b0639c req-980becac-c895-40e1-a37b-ae90a2b0639c ] Request (VolumesAssistedSnapshotsTest:_run_cleanups): 202 DELETE http://10.180.1.21/volume/v3/volumes/41bb0365-965e-446a-aec4-d29044e800ee 0.037s
2024-12-11 06:08:26.987 65941 WARNING tempest.lib.common.ssh [-] Failed to establish authenticated ssh connection to cirros@10.180.180.205 ([Errno None] Unable to connect to port 22 on 10.180.180.205). Number attempts: 12. Retry after 13 seconds.: paramiko.ssh_exception.NoValidConnectionsError: [Errno None] Unable to connect to port 22 on 10.180.180.205
2024-12-11 06:08:27.008 65957 INFO tempest.lib.common.rest_client [req-ff3d4904-613c-47ac-9d09-ed5d0188ca17 req-ff3d4904-613c-47ac-9d09-ed5d0188ca17 ] Request (VolumesAssistedSnapshotsTest:_run_cleanups): 200 GET http://10.180.1.21/volume/v3/volumes/41bb0365-965e-446a-aec4-d29044e800ee 0.028s
2024-12-11 06:08:27.107 65919 INFO tempest.lib.common.rest_client [req-6fb999f9-1e95-496b-8388-909de8455093 req-6fb999f9-1e95-496b-8388-909de8455093 ] Request (InstanceActionsV221TestJSON:test_get_list_deleted_instance_actions): 200 GET http://10.180.1.21/compute/v2.1/servers/94ec1ac3-1a01-40c5-8120-1856c35d29a8 6.883s
2024-12-11 06:08:27.118 65919 INFO tempest.common.waiters [-] State transition "BUILD/spawning" ==> "ACTIVE/None" after 61 second wait
2024-12-11 06:08:27.169 65925 INFO tempest.lib.common.rest_client [req-b0ebf965-677f-4472-9fa4-66d4ad63e3c2 req-b0ebf965-677f-4472-9fa4-66d4ad63e3c2 ] Request (ImagesOneServerTestJSON:test_create_image_specify_multibyte_character_image_name): 200 GET http://10.180.1.21/compute/v2.1/images/25678f20-2a63-4b31-8029-673ad2b78569 0.959s
2024-12-11 06:08:27.231 65949 INFO tempest.lib.common.rest_client [req-1f6729da-7f50-44ea-b830-43dbd1b02fca req-1f6729da-7f50-44ea-b830-43dbd1b02fca ] Request (ServerActionsTestOtherB:setUpClass): 200 GET http://10.180.1.21/compute/v2.1/servers/2e1334d2-24e1-4d03-8198-02baa1e6e693/os-interface 0.572s
2024-12-11 06:08:27.408 65913 INFO tempest.lib.common.rest_client [req-087701cd-4f08-4126-a777-54fbbcb4472e req-087701cd-4f08-4126-a777-54fbbcb4472e ] Request (ServersTestFqdnHostnames:test_create_server_with_fqdn_name): 200 GET http://10.180.1.21/compute/v2.1/servers/0276f97e-e204-4b03-bf33-dd991cd0169e/os-interface 0.604s
2024-12-11 06:08:27.502 65919 INFO tempest.lib.common.rest_client [req-70ee8c25-81ec-4783-9ef0-246b521ee094 req-70ee8c25-81ec-4783-9ef0-246b521ee094 ] Request (InstanceActionsV221TestJSON:test_get_list_deleted_instance_actions): 204 DELETE http://10.180.1.21/compute/v2.1/servers/94ec1ac3-1a01-40c5-8120-1856c35d29a8 0.384s
2024-12-11 06:08:27.718 65925 INFO tempest.lib.common.rest_client [req-7ce8e960-2447-4c63-9f03-ba84f6e7c2e8 req-7ce8e960-2447-4c63-9f03-ba84f6e7c2e8 ] Request (ImagesOneServerTestJSON:test_create_image_specify_multibyte_character_image_name): 200 GET http://10.180.1.21/compute/v2.1/servers/2a346945-3e97-4da8-aa48-3e39577d63d7 0.546s
2024-12-11 06:08:27.760 65945 INFO tempest.lib.common.rest_client [req-2c62d10f-0828-4fd8-817b-27290dcf2a16 req-2c62d10f-0828-4fd8-817b-27290dcf2a16 ] Request (ListImageFiltersTestJSON:setUpClass): 200 GET http://10.180.1.21/compute/v2.1/images/ba4b4a88-4d20-490a-a8d5-c400051b46e5 0.545s
2024-12-11 06:08:27.888 65949 INFO tempest.lib.common.rest_client [req-b45278ef-4f5c-44f7-8c2d-f9e68225228e req-b45278ef-4f5c-44f7-8c2d-f9e68225228e ] Request (ServerActionsTestOtherB:setUpClass): 200 PUT http://10.180.1.21:9696/networking/v2.0/floatingips/83c802a5-1ab4-4c9e-ae1d-4622799f72e6 0.654s
2024-12-11 06:08:27.889 65949 INFO tempest.lib.common.ssh [-] Creating ssh connection to '10.180.180.212:22' as 'cirros' with public key authentication
2024-12-11 06:08:27.946 65899 INFO tempest.lib.common.rest_client [req-73b32d95-4e0b-44eb-9e57-53732d433009 req-73b32d95-4e0b-44eb-9e57-53732d433009 ] Request (MigrationsAdminTest:test_list_migrations_in_flavor_resize_situation): 200 GET http://10.180.1.21/compute/v2.1/servers/5617a0e5-02b6-4f5f-b8e3-fc3c8deb7138 0.512s
2024-12-11 06:08:27.957 65899 INFO tempest.common.waiters [-] State transition "BUILD/block_device_mapping" ==> "BUILD/spawning" after 39 second wait
2024-12-11 06:08:28.053 65957 INFO tempest.lib.common.rest_client [req-7a2bc793-197c-4888-b533-d4455c052e93 req-7a2bc793-197c-4888-b533-d4455c052e93 ] Request (VolumesAssistedSnapshotsTest:_run_cleanups): 200 GET http://10.180.1.21/volume/v3/volumes/41bb0365-965e-446a-aec4-d29044e800ee 0.035s
2024-12-11 06:08:28.160 65943 INFO tempest.lib.common.rest_client [req-d5839b8d-f050-4e41-b3f2-340c32f8c27b req-d5839b8d-f050-4e41-b3f2-340c32f8c27b ] Request (ServersTestMultiNic:test_verify_multiple_nics_order): 200 GET http://10.180.1.21/compute/v2.1/servers/753a4da9-8a31-4eab-8aac-373725b4c425 0.710s
2024-12-11 06:08:28.229 65897 INFO tempest.lib.common.rest_client [req-f360fc0e-6ff1-4b3a-8994-b9729ed6b0b5 req-f360fc0e-6ff1-4b3a-8994-b9729ed6b0b5 ] Request (SecurityGroupsTestJSON:test_server_security_groups): 200 GET http://10.180.1.21/compute/v2.1/servers/5e25f49e-f159-40bd-94ad-a1564b303d05 0.738s
2024-12-11 06:08:28.243 65897 INFO tempest.common.waiters [-] State transition "BUILD/None" ==> "BUILD/networking" after 25 second wait
2024-12-11 06:08:28.367 65919 INFO tempest.lib.common.rest_client [req-fa1f030b-f2f6-42af-bd3e-ba2786e4b18a req-fa1f030b-f2f6-42af-bd3e-ba2786e4b18a ] Request (InstanceActionsV221TestJSON:test_get_list_deleted_instance_actions): 200 GET http://10.180.1.21/compute/v2.1/servers/94ec1ac3-1a01-40c5-8120-1856c35d29a8 0.864s
2024-12-11 06:08:28.456 65907 INFO tempest.lib.common.rest_client [req-e4416b9d-c971-4db0-b73c-351627a5b82f req-e4416b9d-c971-4db0-b73c-351627a5b82f ] Request (ServerExternalEventsTest:tearDownClass): 200 GET http://10.180.1.21/compute/v2.1/servers/e0cbc984-001d-4462-a111-769871370940 0.940s
2024-12-11 06:08:28.604 65931 INFO tempest.lib.common.rest_client [req-d06b13d1-9ee3-4ba4-9106-c7955b513adf req-d06b13d1-9ee3-4ba4-9106-c7955b513adf ] Request (ServersAdminNegativeTestJSON:test_migrate_server_invalid_state): 200 GET http://10.180.1.21/compute/v2.1/servers/78200f24-2501-4d62-8c1a-1f3ef90c0465 1.016s
2024-12-11 06:08:28.641 65917 WARNING tempest.lib.common.ssh [-] Failed to establish authenticated ssh connection to cirros@10.180.180.165 ([Errno None] Unable to connect to port 22 on 10.180.180.165). Number attempts: 10. Retry after 11 seconds.: paramiko.ssh_exception.NoValidConnectionsError: [Errno None] Unable to connect to port 22 on 10.180.180.165
2024-12-11 06:08:28.679 65909 INFO tempest.lib.common.rest_client [req-422f8914-f3be-4918-9be6-12bb1d139208 req-422f8914-f3be-4918-9be6-12bb1d139208 ] Request (ServerMetadataTestJSON:tearDownClass): 200 GET http://10.180.1.21/compute/v2.1/servers/c82fd8ca-e2fb-4a55-ad87-6727ea7009ae 1.013s
2024-12-11 06:08:28.761 65933 INFO tempest.lib.common.rest_client [req-0f40fb32-46c3-454c-af33-39e6f0409e93 req-0f40fb32-46c3-454c-af33-39e6f0409e93 ] Request (FloatingIPsAssociationNegativeTestJSON:tearDownClass): 200 GET http://10.180.1.21/compute/v2.1/servers/fd095ef5-5d7e-43a8-9bf7-64d8a5b13d4a 1.019s
2024-12-11 06:08:28.804 65945 INFO tempest.lib.common.rest_client [req-d6193c84-49a7-4f4e-9961-c97ec6fdf84f req-d6193c84-49a7-4f4e-9961-c97ec6fdf84f ] Request (ListImageFiltersTestJSON:setUpClass): 200 GET http://10.180.1.21/compute/v2.1/images/ba4b4a88-4d20-490a-a8d5-c400051b46e5 1.041s
2024-12-11 06:08:28.866 65935 INFO tempest.lib.common.rest_client [req-04315a69-77cf-4d1e-8cb3-a0b9a5a20d84 req-04315a69-77cf-4d1e-8cb3-a0b9a5a20d84 ] Request (ServersAdminTestJSON:test_inject_network_info): 200 GET http://10.180.1.21/compute/v2.1/servers/581283b5-aeca-4ca3-a0a9-a04fdb9c2157 1.009s
2024-12-11 06:08:28.990 65923 INFO tempest.lib.common.rest_client [req-635e5e51-1bb9-4d72-82e1-1b1ef4af10ba req-635e5e51-1bb9-4d72-82e1-1b1ef4af10ba ] Request (ServersTestBootFromVolume:setUpClass): 200 GET http://10.180.1.21/compute/v2.1/servers/b30f2b92-f013-46f0-9b31-d4b96dc23c76 1.108s
2024-12-11 06:08:29.064 65911 INFO tempest.lib.common.rest_client [req-32407ae2-edae-4eca-a695-3c0a897cf080 req-32407ae2-edae-4eca-a695-3c0a897cf080 ] Request (ImagesTestJSON:test_create_image_from_suspended_server): 200 GET http://10.180.1.21/compute/v2.1/servers/422eb907-be7f-475f-9e01-cfc5c3997193 1.096s
2024-12-11 06:08:29.093 65913 INFO tempest.lib.common.rest_client [req-321b9799-667b-42ab-b8ea-0c72db2d7d73 req-321b9799-667b-42ab-b8ea-0c72db2d7d73 ] Request (ServersTestFqdnHostnames:test_create_server_with_fqdn_name): 200 PUT http://10.180.1.21:9696/networking/v2.0/floatingips/28009d62-f5c5-4ec8-a259-39b2a6ecbfd2 1.682s
2024-12-11 06:08:29.094 65913 INFO tempest.lib.common.ssh [-] Creating ssh connection to '10.180.180.158:22' as 'cirros' with public key authentication
2024-12-11 06:08:29.098 65957 INFO tempest.lib.common.rest_client [req-f9ab49c6-9cd1-457d-ada9-e97ea2733644 req-f9ab49c6-9cd1-457d-ada9-e97ea2733644 ] Request (VolumesAssistedSnapshotsTest:_run_cleanups): 200 GET http://10.180.1.21/volume/v3/volumes/41bb0365-965e-446a-aec4-d29044e800ee 0.037s
2024-12-11 06:08:29.207 65925 INFO tempest.lib.common.rest_client [req-78648c30-f84f-499e-a3ec-a3f2d1e2bdd9 req-78648c30-f84f-499e-a3ec-a3f2d1e2bdd9 ] Request (ImagesOneServerTestJSON:test_create_image_specify_multibyte_character_image_name): 200 GET http://10.180.1.21/compute/v2.1/servers/2a346945-3e97-4da8-aa48-3e39577d63d7 0.478s
2024-12-11 06:08:29.215 65925 INFO tempest.common.waiters [-] State transition "ACTIVE/image_uploading" ==> "ACTIVE/None" after 2 second wait
2024-12-11 06:08:29.323 65945 INFO tempest.lib.common.rest_client [req-0dd0903f-4020-422b-8cdf-359cf1de1711 req-0dd0903f-4020-422b-8cdf-359cf1de1711 ] Request (ListImageFiltersTestJSON:setUpClass): 200 GET http://10.180.1.21/compute/v2.1/servers/ff0a1c7b-8e40-4f59-ae43-d6b80cf18f0a 0.516s
2024-12-11 06:08:29.426 65899 INFO tempest.lib.common.rest_client [req-dbff74d4-02ac-471c-8856-342178e7964a req-dbff74d4-02ac-471c-8856-342178e7964a ] Request (MigrationsAdminTest:test_list_migrations_in_flavor_resize_situation): 200 GET http://10.180.1.21/compute/v2.1/servers/5617a0e5-02b6-4f5f-b8e3-fc3c8deb7138 0.467s
2024-12-11 06:08:29.482 65895 WARNING tempest.lib.common.ssh [-] Failed to establish authenticated ssh connection to cirros@10.180.180.229 ([Errno None] Unable to connect to port 22 on 10.180.180.229). Number attempts: 11. Retry after 12 seconds.: paramiko.ssh_exception.NoValidConnectionsError: [Errno None] Unable to connect to port 22 on 10.180.180.229
2024-12-11 06:08:29.589 65943 INFO tempest.lib.common.rest_client [req-08035e8a-90c2-43f3-9833-7cfff9625f33 req-08035e8a-90c2-43f3-9833-7cfff9625f33 ] Request (ServersTestMultiNic:test_verify_multiple_nics_order): 200 GET http://10.180.1.21/compute/v2.1/servers/753a4da9-8a31-4eab-8aac-373725b4c425 0.420s
2024-12-11 06:08:29.707 65925 INFO tempest.lib.common.rest_client [req-40a14ed1-407a-4086-bb21-f7bbb0fcd1bc req-40a14ed1-407a-4086-bb21-f7bbb0fcd1bc ] Request (ImagesOneServerTestJSON:tearDownClass): 204 DELETE http://10.180.1.21/compute/v2.1/images/25678f20-2a63-4b31-8029-673ad2b78569 0.489s
2024-12-11 06:08:29.934 65897 INFO tempest.lib.common.rest_client [req-52d6a439-dc34-4bb1-bc81-7dccca0d9b2f req-52d6a439-dc34-4bb1-bc81-7dccca0d9b2f ] Request (SecurityGroupsTestJSON:test_server_security_groups): 200 GET http://10.180.1.21/compute/v2.1/servers/5e25f49e-f159-40bd-94ad-a1564b303d05 0.690s
2024-12-11 06:08:29.944 65897 INFO tempest.common.waiters [-] State transition "BUILD/networking" ==> "BUILD/spawning" after 26 second wait
2024-12-11 06:08:30.007 65945 INFO tempest.lib.common.rest_client [req-d610a523-9afc-43e2-b2dd-be8b2f63973f req-d610a523-9afc-43e2-b2dd-be8b2f63973f ] Request (ListImageFiltersTestJSON:test_list_images_filter_by_changes_since): 200 GET http://10.180.1.21/compute/v2.1/images?changes-since=2024-12-11T06%3A06%3A22Z 0.676s
2024-12-11 06:08:30.080 65919 INFO tempest.lib.common.rest_client [req-963d65e7-2d50-499e-a785-140ca58fdb05 req-963d65e7-2d50-499e-a785-140ca58fdb05 ] Request (InstanceActionsV221TestJSON:test_get_list_deleted_instance_actions): 200 GET http://10.180.1.21/compute/v2.1/servers/94ec1ac3-1a01-40c5-8120-1856c35d29a8 0.701s
2024-12-11 06:08:30.124 65957 INFO tempest.lib.common.rest_client [req-2ab441c2-ccbb-4444-9a64-6e4fe79f9319 req-2ab441c2-ccbb-4444-9a64-6e4fe79f9319 ] Request (VolumesAssistedSnapshotsTest:_run_cleanups): 404 GET http://10.180.1.21/volume/v3/volumes/41bb0365-965e-446a-aec4-d29044e800ee 0.018s
2024-12-11 06:08:30.149 65907 INFO tempest.lib.common.rest_client [req-036facfa-0f04-41f0-9219-e2f2bfe93d29 req-036facfa-0f04-41f0-9219-e2f2bfe93d29 ] Request (ServerExternalEventsTest:tearDownClass): 200 GET http://10.180.1.21/compute/v2.1/servers/e0cbc984-001d-4462-a111-769871370940 0.684s
2024-12-11 06:08:30.266 65931 INFO tempest.lib.common.rest_client [req-4ca3a433-1d43-4cb0-8052-1eff686309f7 req-4ca3a433-1d43-4cb0-8052-1eff686309f7 ] Request (ServersAdminNegativeTestJSON:test_migrate_server_invalid_state): 200 GET http://10.180.1.21/compute/v2.1/servers/78200f24-2501-4d62-8c1a-1f3ef90c0465 0.653s
2024-12-11 06:08:30.277 65931 INFO tempest.common.waiters [-] State transition "BUILD/spawning" ==> "ACTIVE/None" after 55 second wait
2024-12-11 06:08:30.284 65953 INFO tempest.lib.common.rest_client [req-5c0708ff-9e3e-4e4b-9e20-de7929a1c04d req-5c0708ff-9e3e-4e4b-9e20-de7929a1c04d ] Request (FloatingIPsAssociationTestJSON:test_associate_already_associated_floating_ip): 202 POST http://10.180.1.21/compute/v2.1/servers/f1ffb50c-6d1f-407a-94a2-cd1fd55299f9/action 10.284s
2024-12-11 06:08:30.302 65925 INFO tempest.lib.common.rest_client [req-4f63f3ad-6ef6-4fab-aed0-3b45738bc9df req-4f63f3ad-6ef6-4fab-aed0-3b45738bc9df ] Request (ImagesOneServerTestJSON:tearDownClass): 404 DELETE http://10.180.1.21/compute/v2.1/images/64e5002a-7850-4367-b668-0d9d0586858a 0.594s
2024-12-11 06:08:30.331 65909 INFO tempest.lib.common.rest_client [req-1a7baa7b-9372-4746-9810-2c4f3f4be570 req-1a7baa7b-9372-4746-9810-2c4f3f4be570 ] Request (ServerMetadataTestJSON:tearDownClass): 200 GET http://10.180.1.21/compute/v2.1/servers/c82fd8ca-e2fb-4a55-ad87-6727ea7009ae 0.637s
2024-12-11 06:08:30.371 65933 INFO tempest.lib.common.rest_client [req-2dc4eb9f-9e54-4970-b0a5-464eb5aa179a req-2dc4eb9f-9e54-4970-b0a5-464eb5aa179a ] Request (FloatingIPsAssociationNegativeTestJSON:tearDownClass): 200 GET http://10.180.1.21/compute/v2.1/servers/fd095ef5-5d7e-43a8-9bf7-64d8a5b13d4a 0.598s
2024-12-11 06:08:30.388 65935 INFO tempest.lib.common.rest_client [req-a9ba2709-b822-4000-8181-dc50dd177afd req-a9ba2709-b822-4000-8181-dc50dd177afd ] Request (ServersAdminTestJSON:test_inject_network_info): 200 GET http://10.180.1.21/compute/v2.1/servers/581283b5-aeca-4ca3-a0a9-a04fdb9c2157 0.510s
2024-12-11 06:08:30.440 65945 INFO tempest.lib.common.rest_client [req-e1ab2460-8357-4439-b4c7-dd214c2a2bcd req-e1ab2460-8357-4439-b4c7-dd214c2a2bcd ] Request (ListImageFiltersTestJSON:test_list_images_filter_by_name): 200 GET http://10.180.1.21/compute/v2.1/images?name=tempest-ListImageFiltersTestJSON-image-1696638604 0.430s
2024-12-11 06:08:30.485 65911 INFO tempest.lib.common.rest_client [req-b7bf496f-40fa-4194-af34-d0f99a2fd2f2 req-b7bf496f-40fa-4194-af34-d0f99a2fd2f2 ] Request (ImagesTestJSON:test_create_image_from_suspended_server): 200 GET http://10.180.1.21/compute/v2.1/servers/422eb907-be7f-475f-9e01-cfc5c3997193 0.411s
2024-12-11 06:08:30.508 65923 INFO tempest.lib.common.rest_client [req-da9fcd9b-0b2c-4faf-9998-799e21dceb87 req-da9fcd9b-0b2c-4faf-9998-799e21dceb87 ] Request (ServersTestBootFromVolume:setUpClass): 200 GET http://10.180.1.21/compute/v2.1/servers/b30f2b92-f013-46f0-9b31-d4b96dc23c76 0.510s
2024-12-11 06:08:30.574 65957 INFO tempest.lib.common.rest_client [req-5b97e53b-243e-46c9-8ffa-da170981506d req-5b97e53b-243e-46c9-8ffa-da170981506d ] Request (VolumesAssistedSnapshotsTest:tearDownClass): 204 DELETE http://10.180.1.21/compute/v2.1/servers/8b557f94-d200-4d69-b97f-a799b5f6b10b 0.443s
2024-12-11 06:08:30.619 65931 INFO tempest.lib.common.rest_client [req-5dc844b2-8adb-4c78-a1c2-3324728fddf9 req-5dc844b2-8adb-4c78-a1c2-3324728fddf9 ] Request (ServersAdminNegativeTestJSON:test_migrate_server_invalid_state): 202 POST http://10.180.1.21/compute/v2.1/servers/78200f24-2501-4d62-8c1a-1f3ef90c0465/action 0.342s
2024-12-11 06:08:30.696 65925 INFO tempest.lib.common.rest_client [req-2a76d4db-469a-4162-a382-1576c0bce907 req-2a76d4db-469a-4162-a382-1576c0bce907 ] Request (ImagesOneServerTestJSON:tearDownClass): 204 DELETE http://10.180.1.21/compute/v2.1/servers/2a346945-3e97-4da8-aa48-3e39577d63d7 0.393s
2024-12-11 06:08:30.788 65953 INFO tempest.lib.common.rest_client [req-f88704b9-5156-4f5a-8a90-f66cc4930dc2 req-f88704b9-5156-4f5a-8a90-f66cc4930dc2 ] Request (FloatingIPsAssociationTestJSON:test_associate_already_associated_floating_ip): 409 POST http://10.180.1.21/compute/v2.1/servers/f7d3156e-4386-4b65-8d38-3e60f4aaf7d7/action 0.503s
2024-12-11 06:08:30.849 65945 INFO tempest.lib.common.rest_client [req-351ed7e6-84ba-4a9f-a256-d1dd21191929 req-351ed7e6-84ba-4a9f-a256-d1dd21191929 ] Request (ListImageFiltersTestJSON:test_list_images_filter_by_server_id): 200 GET http://10.180.1.21/compute/v2.1/images?server=ff0a1c7b-8e40-4f59-ae43-d6b80cf18f0a 0.406s
2024-12-11 06:08:30.997 65957 INFO tempest.lib.common.rest_client [req-0389b8bc-9d19-479e-910d-882e27df96dd req-0389b8bc-9d19-479e-910d-882e27df96dd ] Request (VolumesAssistedSnapshotsTest:tearDownClass): 200 GET http://10.180.1.21/compute/v2.1/servers/8b557f94-d200-4d69-b97f-a799b5f6b10b 0.423s
2024-12-11 06:08:31.038 65899 INFO tempest.lib.common.rest_client [req-ff58b428-6621-40d7-86eb-2fa39a3d1191 req-ff58b428-6621-40d7-86eb-2fa39a3d1191 ] Request (MigrationsAdminTest:test_list_migrations_in_flavor_resize_situation): 200 GET http://10.180.1.21/compute/v2.1/servers/5617a0e5-02b6-4f5f-b8e3-fc3c8deb7138 0.604s
2024-12-11 06:08:31.119 65943 INFO tempest.lib.common.rest_client [req-f74114b3-2ed5-4996-ac6e-59a4d95ed4f1 req-f74114b3-2ed5-4996-ac6e-59a4d95ed4f1 ] Request (ServersTestMultiNic:test_verify_multiple_nics_order): 200 GET http://10.180.1.21/compute/v2.1/servers/753a4da9-8a31-4eab-8aac-373725b4c425 0.521s
2024-12-11 06:08:31.277 65925 INFO tempest.lib.common.rest_client [req-b61a582e-680e-4f25-8b17-051d35e8e2c9 req-b61a582e-680e-4f25-8b17-051d35e8e2c9 ] Request (ImagesOneServerTestJSON:tearDownClass): 200 GET http://10.180.1.21/compute/v2.1/servers/2a346945-3e97-4da8-aa48-3e39577d63d7 0.580s
2024-12-11 06:08:31.342 65921 INFO paramiko.transport [-] Connected (version 2.0, client dropbear_2020.81)
2024-12-11 06:08:31.360 65931 INFO tempest.lib.common.rest_client [req-4fe166d4-7c19-4e5f-bde3-64029a2f0c6d req-4fe166d4-7c19-4e5f-bde3-64029a2f0c6d ] Request (ServersAdminNegativeTestJSON:test_migrate_server_invalid_state): 200 GET http://10.180.1.21/compute/v2.1/servers/78200f24-2501-4d62-8c1a-1f3ef90c0465 0.740s
2024-12-11 06:08:31.412 65945 INFO tempest.lib.common.rest_client [req-00a946fb-93f8-4e3d-96c4-9b779b62e611 req-00a946fb-93f8-4e3d-96c4-9b779b62e611 ] Request (ListImageFiltersTestJSON:test_list_images_filter_by_server_ref): 200 GET http://10.180.1.21/compute/v2.1/images?server=http%3A%2F%2F10.180.1.21%2Fcompute%2Fv2.1%2Fservers%2Feb10fc88-0e81-4b32-8c3a-5c311a642519 0.556s
2024-12-11 06:08:31.458 65921 INFO paramiko.transport [-] Authentication (publickey) successful!
2024-12-11 06:08:31.460 65921 INFO tempest.lib.common.ssh [-] ssh connection to cirros@10.180.180.209 successfully created
2024-12-11 06:08:31.639 65897 INFO tempest.lib.common.rest_client [req-17c818f5-8aba-48a8-8223-32f9c9908ee5 req-17c818f5-8aba-48a8-8223-32f9c9908ee5 ] Request (SecurityGroupsTestJSON:test_server_security_groups): 200 GET http://10.180.1.21/compute/v2.1/servers/5e25f49e-f159-40bd-94ad-a1564b303d05 0.695s
2024-12-11 06:08:31.722 65939 WARNING tempest.lib.common.ssh [-] Failed to establish authenticated ssh connection to cirros@10.180.180.155 ([Errno None] Unable to connect to port 22 on 10.180.180.155). Number attempts: 12. Retry after 13 seconds.: paramiko.ssh_exception.NoValidConnectionsError: [Errno None] Unable to connect to port 22 on 10.180.180.155
2024-12-11 06:08:31.725 65919 INFO tempest.lib.common.rest_client [req-50e87dea-a34e-43bd-b0be-c4354df6a994 req-50e87dea-a34e-43bd-b0be-c4354df6a994 ] Request (InstanceActionsV221TestJSON:test_get_list_deleted_instance_actions): 200 GET http://10.180.1.21/compute/v2.1/servers/94ec1ac3-1a01-40c5-8120-1856c35d29a8 0.635s
2024-12-11 06:08:31.733 65919 INFO tempest.common.waiters [-] State transition "ACTIVE/deleting" ==> "DELETED/None" after 3 second wait
2024-12-11 06:08:31.773 65907 INFO tempest.lib.common.rest_client [req-5a56340c-ea4b-4531-9d52-02b6c7377fcd req-5a56340c-ea4b-4531-9d52-02b6c7377fcd ] Request (ServerExternalEventsTest:tearDownClass): 404 GET http://10.180.1.21/compute/v2.1/servers/e0cbc984-001d-4462-a111-769871370940 0.611s
2024-12-11 06:08:31.850 65909 INFO tempest.lib.common.rest_client [req-75448241-afde-4ade-9f85-ebae7a4d24a2 req-75448241-afde-4ade-9f85-ebae7a4d24a2 ] Request (ServerMetadataTestJSON:tearDownClass): 200 GET http://10.180.1.21/compute/v2.1/servers/c82fd8ca-e2fb-4a55-ad87-6727ea7009ae 0.513s
2024-12-11 06:08:31.923 65933 INFO tempest.lib.common.rest_client [req-af29567b-eaf9-442f-9c9b-077f48f8139b req-af29567b-eaf9-442f-9c9b-077f48f8139b ] Request (FloatingIPsAssociationNegativeTestJSON:tearDownClass): 200 GET http://10.180.1.21/compute/v2.1/servers/fd095ef5-5d7e-43a8-9bf7-64d8a5b13d4a 0.544s
2024-12-11 06:08:31.931 65907 INFO tempest.lib.common.rest_client [req-58b81b5e-970c-4bee-8b23-b169efba6be8 req-58b81b5e-970c-4bee-8b23-b169efba6be8 ] Request (ServerExternalEventsTest:tearDownClass): 204 DELETE http://10.180.1.21/identity/v3/users/ba7eb41dcce34cb298f2491a2c0231ac 0.157s
2024-12-11 06:08:31.979 65949 WARNING tempest.lib.common.ssh [-] Failed to establish authenticated ssh connection to cirros@10.180.180.212 ([Errno None] Unable to connect to port 22 on 10.180.180.212). Number attempts: 1. Retry after 2 seconds.: paramiko.ssh_exception.NoValidConnectionsError: [Errno None] Unable to connect to port 22 on 10.180.180.212
2024-12-11 06:08:31.991 65935 INFO tempest.lib.common.rest_client [req-bc83d09c-c99f-43f9-ae10-2e6563c2e4e1 req-bc83d09c-c99f-43f9-ae10-2e6563c2e4e1 ] Request (ServersAdminTestJSON:test_inject_network_info): 200 GET http://10.180.1.21/compute/v2.1/servers/581283b5-aeca-4ca3-a0a9-a04fdb9c2157 0.595s
2024-12-11 06:08:32.036 65945 INFO tempest.lib.common.rest_client [req-11a420d6-f28d-4583-ae0a-2a35d20733dd req-11a420d6-f28d-4583-ae0a-2a35d20733dd ] Request (ListImageFiltersTestJSON:test_list_images_filter_by_server_ref): 200 GET http://10.180.1.21/compute/v2.1/images?server=http%3A%2F%2F10.180.1.21%2Fcompute%2Fservers%2Feb10fc88-0e81-4b32-8c3a-5c311a642519 0.622s
2024-12-11 06:08:32.042 65901 WARNING tempest.lib.common.ssh [-] Failed to establish authenticated ssh connection to cirros@10.180.180.197 ([Errno None] Unable to connect to port 22 on 10.180.180.197). Number attempts: 12. Retry after 13 seconds.: paramiko.ssh_exception.NoValidConnectionsError: [Errno None] Unable to connect to port 22 on 10.180.180.197
2024-12-11 06:08:32.063 65907 INFO tempest.lib.common.rest_client [req-0e2c8b6e-60cd-45ec-ad7d-7cdc97fc9045 req-0e2c8b6e-60cd-45ec-ad7d-7cdc97fc9045 ] Request (ServerExternalEventsTest:tearDownClass): 204 DELETE http://10.180.1.21/identity/v3/users/00a8d38591db49189d1ed117266899d1 0.131s
2024-12-11 06:08:32.177 65907 INFO tempest.lib.common.rest_client [req-151cfe78-30f8-4b30-a7e9-194a03dd5a50 req-151cfe78-30f8-4b30-a7e9-194a03dd5a50 ] Request (ServerExternalEventsTest:tearDownClass): 204 DELETE http://10.180.1.21/identity/v3/users/9e31114053ee4c29a942043ee00df7ff 0.114s
2024-12-11 06:08:32.178 65907 INFO tempest.lib.common.dynamic_creds [-] Deleting project and security group for project: 6584a51e5f474f5291ccee6d8122d737
2024-12-11 06:08:32.205 65953 INFO tempest.lib.common.rest_client [req-9a4c1b22-edbb-405d-a415-38e6632834cc req-9a4c1b22-edbb-405d-a415-38e6632834cc ] Request (FloatingIPsAssociationTestJSON:_run_cleanups): 202 POST http://10.180.1.21/compute/v2.1/servers/f1ffb50c-6d1f-407a-94a2-cd1fd55299f9/action 1.417s
2024-12-11 06:08:32.255 65907 INFO tempest.lib.common.rest_client [req-ee2b7b7a-6b17-4e7d-82d2-a4567fea10ed req-ee2b7b7a-6b17-4e7d-82d2-a4567fea10ed ] Request (ServerExternalEventsTest:tearDownClass): 201 POST http://10.180.1.21/identity/v3/auth/tokens 0.077s
2024-12-11 06:08:32.288 65911 INFO tempest.lib.common.rest_client [req-ab7e2c98-5f1c-429a-a3b3-255bfbc2ad95 req-ab7e2c98-5f1c-429a-a3b3-255bfbc2ad95 ] Request (ImagesTestJSON:test_create_image_from_suspended_server): 200 GET http://10.180.1.21/compute/v2.1/servers/422eb907-be7f-475f-9e01-cfc5c3997193 0.795s
2024-12-11 06:08:32.428 65923 INFO tempest.lib.common.rest_client [req-fdf7fe12-72a0-45bc-a4ea-59a029a45a8a req-fdf7fe12-72a0-45bc-a4ea-59a029a45a8a ] Request (ServersTestBootFromVolume:setUpClass): 200 GET http://10.180.1.21/compute/v2.1/servers/b30f2b92-f013-46f0-9b31-d4b96dc23c76 0.911s
2024-12-11 06:08:32.439 65923 INFO tempest.common.waiters [-] State transition "BUILD/spawning" ==> "ACTIVE/None" after 53 second wait
2024-12-11 06:08:32.535 65957 INFO tempest.lib.common.rest_client [req-591ee093-d6e3-42b0-90e2-f8974920e793 req-591ee093-d6e3-42b0-90e2-f8974920e793 ] Request (VolumesAssistedSnapshotsTest:tearDownClass): 200 GET http://10.180.1.21/compute/v2.1/servers/8b557f94-d200-4d69-b97f-a799b5f6b10b 0.530s
2024-12-11 06:08:32.607 65945 INFO tempest.lib.common.rest_client [req-b9bd7585-c7e0-4035-aaa3-78bd9daddadc req-b9bd7585-c7e0-4035-aaa3-78bd9daddadc ] Request (ListImageFiltersTestJSON:test_list_images_filter_by_status): 200 GET http://10.180.1.21/compute/v2.1/images?status=ACTIVE 0.567s
2024-12-11 06:08:32.677 65907 INFO tempest.lib.common.rest_client [req-a346c838-7a9c-4394-8367-db74c91e4353 req-a346c838-7a9c-4394-8367-db74c91e4353 ] Request (ServerExternalEventsTest:tearDownClass): 200 GET http://10.180.1.21:9696/networking/v2.0/security-groups?tenant_id=6584a51e5f474f5291ccee6d8122d737&name=default 0.421s
2024-12-11 06:08:32.703 65899 INFO tempest.lib.common.rest_client [req-7a6b6ef6-1730-482d-8130-78ebb783d1bf req-7a6b6ef6-1730-482d-8130-78ebb783d1bf ] Request (MigrationsAdminTest:test_list_migrations_in_flavor_resize_situation): 200 GET http://10.180.1.21/compute/v2.1/servers/5617a0e5-02b6-4f5f-b8e3-fc3c8deb7138 0.658s
2024-12-11 06:08:32.844 65921 INFO tempest.lib.common.rest_client [req-5e7bbe9b-a479-4402-9033-6567b39b741b req-5e7bbe9b-a479-4402-9033-6567b39b741b ] Request (ServerActionsV293TestJSON:test_rebuild_volume_backed_server): 202 POST http://10.180.1.21/compute/v2.1/servers/bb27b6c8-05d4-46d1-903c-191336a3a6d5/action 1.375s
2024-12-11 06:08:32.873 65943 INFO tempest.lib.common.rest_client [req-ef0784a1-24a0-4fc6-a089-1a9edd30a1e1 req-ef0784a1-24a0-4fc6-a089-1a9edd30a1e1 ] Request (ServersTestMultiNic:test_verify_multiple_nics_order): 200 GET http://10.180.1.21/compute/v2.1/servers/753a4da9-8a31-4eab-8aac-373725b4c425 0.745s
2024-12-11 06:08:32.934 65953 INFO tempest.lib.common.rest_client [req-5b1661b8-d17c-4ef9-a478-9e026ed03e94 req-5b1661b8-d17c-4ef9-a478-9e026ed03e94 ] Request (FloatingIPsAssociationTestJSON:_run_cleanups): 204 DELETE http://10.180.1.21/compute/v2.1/servers/f1ffb50c-6d1f-407a-94a2-cd1fd55299f9 0.728s
2024-12-11 06:08:33.017 65925 INFO tempest.lib.common.rest_client [req-9575eac5-c1ff-4adc-acdb-647f6bc53cd6 req-9575eac5-c1ff-4adc-acdb-647f6bc53cd6 ] Request (ImagesOneServerTestJSON:tearDownClass): 200 GET http://10.180.1.21/compute/v2.1/servers/2a346945-3e97-4da8-aa48-3e39577d63d7 0.727s
2024-12-11 06:08:33.084 65923 INFO tempest.lib.common.rest_client [req-aa126825-110f-4227-85d2-f0f8bad9f393 req-aa126825-110f-4227-85d2-f0f8bad9f393 ] Request (ServersTestBootFromVolume:setUpClass): 200 GET http://10.180.1.21/compute/v2.1/servers/b30f2b92-f013-46f0-9b31-d4b96dc23c76/os-interface 0.645s
2024-12-11 06:08:33.135 65907 INFO tempest.lib.common.rest_client [req-b0edaa7f-5f76-4c07-b661-ea7ef9e21981 req-b0edaa7f-5f76-4c07-b661-ea7ef9e21981 ] Request (ServerExternalEventsTest:tearDownClass): 204 DELETE http://10.180.1.21:9696/networking/v2.0/security-groups/f7f2cc0d-cee4-408d-a4df-58ef9bcbfa9f 0.458s
2024-12-11 06:08:33.174 65945 INFO tempest.lib.common.rest_client [req-9af59f23-cccc-4b3e-81c1-a72b30546bd8 req-9af59f23-cccc-4b3e-81c1-a72b30546bd8 ] Request (ListImageFiltersTestJSON:test_list_images_filter_by_type): 200 GET http://10.180.1.21/compute/v2.1/images?type=snapshot 0.563s
2024-12-11 06:08:33.197 65913 WARNING tempest.lib.common.ssh [-] Failed to establish authenticated ssh connection to cirros@10.180.180.158 ([Errno None] Unable to connect to port 22 on 10.180.180.158). Number attempts: 1. Retry after 2 seconds.: paramiko.ssh_exception.NoValidConnectionsError: [Errno None] Unable to connect to port 22 on 10.180.180.158
2024-12-11 06:08:33.259 65931 INFO tempest.lib.common.rest_client [req-bfa43b31-87d7-4816-8485-834b9f1a386f req-bfa43b31-87d7-4816-8485-834b9f1a386f ] Request (ServersAdminNegativeTestJSON:test_migrate_server_invalid_state): 200 GET http://10.180.1.21/compute/v2.1/servers/78200f24-2501-4d62-8c1a-1f3ef90c0465 0.885s
2024-12-11 06:08:33.265 65931 INFO tempest.common.waiters [-] State transition "ACTIVE/suspending" ==> "SUSPENDED/None" after 2 second wait
2024-12-11 06:08:33.293 65907 INFO tempest.lib.common.rest_client [req-4161f6d1-b04a-4c57-949a-01cf4698dff2 req-4161f6d1-b04a-4c57-949a-01cf4698dff2 ] Request (ServerExternalEventsTest:tearDownClass): 204 DELETE http://10.180.1.21/identity/v3/projects/6584a51e5f474f5291ccee6d8122d737 0.157s
2024-12-11 06:08:33.293 65907 INFO tempest.lib.common.dynamic_creds [-] Deleting project and security group for project: 45542bf5444b478dac10697e92e430da
2024-12-11 06:08:33.352 65919 INFO tempest.lib.common.rest_client [req-a48c6690-484e-4aca-ba2b-bd94ffe68d36 req-a48c6690-484e-4aca-ba2b-bd94ffe68d36 ] Request (InstanceActionsV221TestJSON:test_get_list_deleted_instance_actions): 200 GET http://10.180.1.21/compute/v2.1/servers/94ec1ac3-1a01-40c5-8120-1856c35d29a8 0.617s
2024-12-11 06:08:33.369 65921 INFO tempest.lib.common.rest_client [req-06b1dd5f-3fea-4c0a-a589-b40b7b1cdb29 req-06b1dd5f-3fea-4c0a-a589-b40b7b1cdb29 ] Request (ServerActionsV293TestJSON:test_rebuild_volume_backed_server): 200 GET http://10.180.1.21/compute/v2.1/flavors/42 0.513s
2024-12-11 06:08:33.487 65909 INFO tempest.lib.common.rest_client [req-005f8e10-d107-4670-b189-5625189d2315 req-005f8e10-d107-4670-b189-5625189d2315 ] Request (ServerMetadataTestJSON:tearDownClass): 200 GET http://10.180.1.21/compute/v2.1/servers/c82fd8ca-e2fb-4a55-ad87-6727ea7009ae 0.628s
2024-12-11 06:08:33.498 65897 INFO tempest.lib.common.rest_client [req-b1f184c8-5d91-4163-befc-57eb13a3cb0d req-b1f184c8-5d91-4163-befc-57eb13a3cb0d ] Request (SecurityGroupsTestJSON:test_server_security_groups): 200 GET http://10.180.1.21/compute/v2.1/servers/5e25f49e-f159-40bd-94ad-a1564b303d05 0.849s
2024-12-11 06:08:33.598 65933 INFO tempest.lib.common.rest_client [req-349a5eb1-15ea-401f-a909-3a12a5ac9a90 req-349a5eb1-15ea-401f-a909-3a12a5ac9a90 ] Request (FloatingIPsAssociationNegativeTestJSON:tearDownClass): 200 GET http://10.180.1.21/compute/v2.1/servers/fd095ef5-5d7e-43a8-9bf7-64d8a5b13d4a 0.664s
2024-12-11 06:08:33.683 65935 INFO tempest.lib.common.rest_client [req-eb59bacb-e744-4b3f-b75a-f25c33901b63 req-eb59bacb-e744-4b3f-b75a-f25c33901b63 ] Request (ServersAdminTestJSON:test_inject_network_info): 200 GET http://10.180.1.21/compute/v2.1/servers/581283b5-aeca-4ca3-a0a9-a04fdb9c2157 0.682s
2024-12-11 06:08:33.692 65935 INFO tempest.common.waiters [-] State transition "BUILD/None" ==> "BUILD/networking" after 21 second wait
2024-12-11 06:08:33.727 65907 INFO tempest.lib.common.rest_client [req-a97a5380-81ef-434e-ab4e-a0145a61cda0 req-a97a5380-81ef-434e-ab4e-a0145a61cda0 ] Request (ServerExternalEventsTest:tearDownClass): 200 GET http://10.180.1.21:9696/networking/v2.0/security-groups?tenant_id=45542bf5444b478dac10697e92e430da&name=default 0.433s
2024-12-11 06:08:33.730 65945 INFO tempest.lib.common.rest_client [req-120e8f8f-a037-4ec7-b909-49dca55aeb0b req-120e8f8f-a037-4ec7-b909-49dca55aeb0b ] Request (ListImageFiltersTestJSON:test_list_images_limit_results): 200 GET http://10.180.1.21/compute/v2.1/images?limit=1 0.550s
2024-12-11 06:08:33.813 65931 INFO tempest.lib.common.rest_client [req-4dd0ced5-4e18-4108-a8a6-7b8a985ea9ef req-4dd0ced5-4e18-4108-a8a6-7b8a985ea9ef ] Request (ServersAdminNegativeTestJSON:test_migrate_server_invalid_state): 409 POST http://10.180.1.21/compute/v2.1/servers/78200f24-2501-4d62-8c1a-1f3ef90c0465/action 0.547s
2024-12-11 06:08:33.912 65911 INFO tempest.lib.common.rest_client [req-ab44596f-f278-4359-8fce-1a4e5c1cf324 req-ab44596f-f278-4359-8fce-1a4e5c1cf324 ] Request (ImagesTestJSON:test_create_image_from_suspended_server): 200 GET http://10.180.1.21/compute/v2.1/servers/422eb907-be7f-475f-9e01-cfc5c3997193 0.615s
2024-12-11 06:08:34.007 65907 INFO tempest.lib.common.rest_client [req-ac5f9ce8-58db-4044-9972-0a52d030f34f req-ac5f9ce8-58db-4044-9972-0a52d030f34f ] Request (ServerExternalEventsTest:tearDownClass): 204 DELETE http://10.180.1.21:9696/networking/v2.0/security-groups/bdd0ffd0-4bd6-4c66-91e3-4b90da51d4f5 0.280s
2024-12-11 06:08:34.122 65921 INFO tempest.lib.common.rest_client [req-43b7d507-bac6-4744-8486-c7528cda7b79 req-43b7d507-bac6-4744-8486-c7528cda7b79 ] Request (ServerActionsV293TestJSON:test_rebuild_volume_backed_server): 200 GET http://10.180.1.21/compute/v2.1/servers/bb27b6c8-05d4-46d1-903c-191336a3a6d5 0.750s
2024-12-11 06:08:34.138 65907 INFO tempest.lib.common.rest_client [req-bf3bee91-f581-4ec9-b0eb-deed67382c32 req-bf3bee91-f581-4ec9-b0eb-deed67382c32 ] Request (ServerExternalEventsTest:tearDownClass): 204 DELETE http://10.180.1.21/identity/v3/projects/45542bf5444b478dac10697e92e430da 0.130s
2024-12-11 06:08:34.138 65907 INFO tempest.lib.common.dynamic_creds [-] Deleting project and security group for project: f82385900f69475497233a42a1ad426a
2024-12-11 06:08:34.204 65957 INFO tempest.lib.common.rest_client [req-d6097da4-b60f-478a-8a37-134081b51e14 req-d6097da4-b60f-478a-8a37-134081b51e14 ] Request (VolumesAssistedSnapshotsTest:tearDownClass): 200 GET http://10.180.1.21/compute/v2.1/servers/8b557f94-d200-4d69-b97f-a799b5f6b10b 0.662s
2024-12-11 06:08:34.246 65907 INFO tempest.lib.common.rest_client [req-e80e341f-5c38-4ffb-b32b-b3ca7ff6d0f5 req-e80e341f-5c38-4ffb-b32b-b3ca7ff6d0f5 ] Request (ServerExternalEventsTest:tearDownClass): 200 GET http://10.180.1.21:9696/networking/v2.0/security-groups?tenant_id=f82385900f69475497233a42a1ad426a&name=default 0.107s
2024-12-11 06:08:34.436 65923 INFO tempest.lib.common.rest_client [req-053bd889-e16a-43a4-9128-67f45858dfd7 req-053bd889-e16a-43a4-9128-67f45858dfd7 ] Request (ServersTestBootFromVolume:setUpClass): 200 PUT http://10.180.1.21:9696/networking/v2.0/floatingips/6e88bb58-c09c-4320-aec8-f0c544130195 1.350s
2024-12-11 06:08:34.702 65955 INFO paramiko.transport [-] Connected (version 2.0, client dropbear_2020.81)
2024-12-11 06:08:34.812 65955 INFO paramiko.transport [-] Authentication (publickey) successful!
2024-12-11 06:08:34.813 65955 INFO tempest.lib.common.ssh [-] ssh connection to cirros@10.180.180.214 successfully created
2024-12-11 06:08:34.841 65907 INFO tempest.lib.common.rest_client [req-bf399cb3-08fe-43f5-a558-c4429008ddf9 req-bf399cb3-08fe-43f5-a558-c4429008ddf9 ] Request (ServerExternalEventsTest:tearDownClass): 204 DELETE http://10.180.1.21:9696/networking/v2.0/security-groups/ca6dc6ba-187c-4575-a5b4-6ee1e10736e6 0.594s
2024-12-11 06:08:34.869 65953 INFO tempest.lib.common.rest_client [req-e286d8a6-0456-494a-a2fe-23954f41911e req-e286d8a6-0456-494a-a2fe-23954f41911e ] Request (FloatingIPsAssociationTestJSON:test_associate_disassociate_floating_ip): 202 POST http://10.180.1.21/compute/v2.1/servers/f7d3156e-4386-4b65-8d38-3e60f4aaf7d7/action 1.931s
2024-12-11 06:08:34.883 65899 INFO tempest.lib.common.rest_client [req-bc57075d-3df6-4c6d-aef2-02b6eef108a1 req-bc57075d-3df6-4c6d-aef2-02b6eef108a1 ] Request (MigrationsAdminTest:test_list_migrations_in_flavor_resize_situation): 200 GET http://10.180.1.21/compute/v2.1/servers/5617a0e5-02b6-4f5f-b8e3-fc3c8deb7138 1.169s
2024-12-11 06:08:34.912 65931 INFO tempest.lib.common.rest_client [req-50ac7e6d-4357-4102-a413-6e177202eaae req-50ac7e6d-4357-4102-a413-6e177202eaae ] Request (ServersAdminNegativeTestJSON:test_reset_state_server_invalid_state): 400 POST http://10.180.1.21/compute/v2.1/servers/38ecc6a5-b3ae-4f3d-a7a4-6768d2abda77/action 1.097s
2024-12-11 06:08:34.963 65907 INFO tempest.lib.common.rest_client [req-1761ac09-3482-4e96-851c-e0eb86460bd9 req-1761ac09-3482-4e96-851c-e0eb86460bd9 ] Request (ServerExternalEventsTest:tearDownClass): 204 DELETE http://10.180.1.21/identity/v3/projects/f82385900f69475497233a42a1ad426a 0.121s
2024-12-11 06:08:34.972 65945 INFO tempest.lib.common.rest_client [req-98330953-bea9-4adb-91cc-7aefefc3d9f6 req-98330953-bea9-4adb-91cc-7aefefc3d9f6 ] Request (ListImageFiltersTestJSON:test_list_images_with_detail_filter_by_changes_since): 200 GET http://10.180.1.21/compute/v2.1/images/detail?changes-since=2024-12-11T06%3A06%3A02Z 1.235s
2024-12-11 06:08:35.041 65907 INFO tempest.lib.common.rest_client [req-df320f6a-a11a-4fd0-8284-a8832933baab req-df320f6a-a11a-4fd0-8284-a8832933baab ] Request (KeyPairsNegativeTestJSON:setUpClass): 201 POST http://10.180.1.21/identity/v3/auth/tokens 0.076s
2024-12-11 06:08:35.050 65949 WARNING tempest.lib.common.ssh [-] Failed to establish authenticated ssh connection to cirros@10.180.180.212 ([Errno None] Unable to connect to port 22 on 10.180.180.212). Number attempts: 2. Retry after 3 seconds.: paramiko.ssh_exception.NoValidConnectionsError: [Errno None] Unable to connect to port 22 on 10.180.180.212
2024-12-11 06:08:35.077 65907 INFO tempest.lib.common.rest_client [req-ba7f898b-2007-4d64-9f71-85cbf4f027c9 req-ba7f898b-2007-4d64-9f71-85cbf4f027c9 ] Request (KeyPairsNegativeTestJSON:setUpClass): 201 POST http://10.180.1.21/identity/v3/auth/tokens 0.033s
2024-12-11 06:08:35.086 65925 INFO tempest.lib.common.rest_client [req-357eff2d-0bab-4d1a-909f-fa546ced6258 req-357eff2d-0bab-4d1a-909f-fa546ced6258 ] Request (ImagesOneServerTestJSON:tearDownClass): 200 GET http://10.180.1.21/compute/v2.1/servers/2a346945-3e97-4da8-aa48-3e39577d63d7 1.061s
2024-12-11 06:08:35.102 65925 INFO tempest.common.waiters [-] State transition "ACTIVE/deleting" ==> "DELETED/None" after 4 second wait
2024-12-11 06:08:35.116 65907 INFO tempest.lib.common.rest_client [req-15519de6-ce07-4ba8-9e3a-33aa47f677f2 req-15519de6-ce07-4ba8-9e3a-33aa47f677f2 ] Request (KeyPairsNegativeTestJSON:setUpClass): 200 GET http://10.180.1.21/identity/v3/domains?name=Default 0.039s
2024-12-11 06:08:35.155 65907 INFO tempest.lib.common.rest_client [req-9a660472-4168-4c71-8f4c-1e80bd73a56c req-9a660472-4168-4c71-8f4c-1e80bd73a56c ] Request (KeyPairsNegativeTestJSON:setUpClass): 201 POST http://10.180.1.21/identity/v3/projects 0.039s
2024-12-11 06:08:35.200 65919 INFO tempest.lib.common.rest_client [req-272adb28-f02b-4cb6-bc46-8f8837211520 req-272adb28-f02b-4cb6-bc46-8f8837211520 ] Request (InstanceActionsV221TestJSON:test_get_list_deleted_instance_actions): 200 GET http://10.180.1.21/compute/v2.1/servers/94ec1ac3-1a01-40c5-8120-1856c35d29a8 0.837s
2024-12-11 06:08:35.241 65907 INFO tempest.lib.common.rest_client [req-92f74cdf-df87-4e6f-9dc0-05d0cc9b6f87 req-92f74cdf-df87-4e6f-9dc0-05d0cc9b6f87 ] Request (KeyPairsNegativeTestJSON:setUpClass): 201 POST http://10.180.1.21/identity/v3/users 0.086s
2024-12-11 06:08:35.260 65907 INFO tempest.lib.common.rest_client [req-1d1388d1-4900-4874-abcd-675a47b7c8e6 req-1d1388d1-4900-4874-abcd-675a47b7c8e6 ] Request (KeyPairsNegativeTestJSON:setUpClass): 200 GET http://10.180.1.21/identity/v3/roles 0.018s
2024-12-11 06:08:35.309 65907 INFO tempest.lib.common.rest_client [req-65736813-b6f5-4b3c-b7ea-4b3fad63c0c8 req-65736813-b6f5-4b3c-b7ea-4b3fad63c0c8 ] Request (KeyPairsNegativeTestJSON:setUpClass): 204 PUT http://10.180.1.21/identity/v3/projects/992611cd33264e6ea47f1cc5ad4134c7/users/5f0672876ac240cd85fe398a8584bdbc/roles/edaae9a98dfc4695835830d6de0a2846 0.049s
2024-12-11 06:08:35.309 65907 INFO tempest.lib.common.dynamic_creds [-] Dynamic test user 5f0672876ac240cd85fe398a8584bdbc is created with scope project and roles: ['member']
2024-12-11 06:08:35.310 65907 INFO tempest.lib.common.dynamic_creds [-] Acquired dynamic creds: credentials: Credentials: {'domain_id': 'default', 'domain_name': 'Default', 'username': 'tempest-KeyPairsNegativeTestJSON-1456019912-project-member', 'project_domain_id': 'default', 'project_domain_name': 'Default', 'project_id': '992611cd33264e6ea47f1cc5ad4134c7', 'project_name': 'tempest-KeyPairsNegativeTestJSON-1456019912', 'tenant_id': '992611cd33264e6ea47f1cc5ad4134c7', 'tenant_name': 'tempest-KeyPairsNegativeTestJSON-1456019912', 'user_domain_id': 'default', 'user_domain_name': 'Default', 'user_id': '5f0672876ac240cd85fe398a8584bdbc', 'system': None}, Network: None, Subnet: None, Router: None
2024-12-11 06:08:35.310 65907 INFO tempest.lib.common.dynamic_creds [-] Created isolated network resources for: credentials: Credentials: {'domain_id': 'default', 'domain_name': 'Default', 'username': 'tempest-KeyPairsNegativeTestJSON-1456019912-project-member', 'project_domain_id': 'default', 'project_domain_name': 'Default', 'project_id': '992611cd33264e6ea47f1cc5ad4134c7', 'project_name': 'tempest-KeyPairsNegativeTestJSON-1456019912', 'tenant_id': '992611cd33264e6ea47f1cc5ad4134c7', 'tenant_name': 'tempest-KeyPairsNegativeTestJSON-1456019912', 'user_domain_id': 'default', 'user_domain_name': 'Default', 'user_id': '5f0672876ac240cd85fe398a8584bdbc', 'system': None}, Network: None, Subnet: None, Router: None
2024-12-11 06:08:35.321 65923 INFO tempest.lib.common.rest_client [req-fbee5ad6-0507-4d64-bf6d-1c3fe7bf69d1 req-fbee5ad6-0507-4d64-bf6d-1c3fe7bf69d1 ] Request (ServersTestBootFromVolume:setUpClass): 200 GET http://10.180.1.21/compute/v2.1/servers/b30f2b92-f013-46f0-9b31-d4b96dc23c76 0.884s
2024-12-11 06:08:35.330 65923 INFO tempest.lib.common.ssh [-] Creating ssh connection to '10.180.180.128:22' as 'cirros' with public key authentication
