2025-04-03 03:34:36.705 69694 INFO tempest.lib.common.rest_client [req-6cb9c008-905a-4a02-8f34-b903cb2397e7 req-6cb9c008-905a-4a02-8f34-b903cb2397e7 ] Request (ServerExternalEventsTest:setUpClass): 201 POST http://10.180.1.21/identity/v3/users 0.477s
2025-04-03 03:34:36.711 69646 INFO tempest.lib.common.rest_client [req-c254a0f5-105f-4132-a9f9-65ae21044d96 req-c254a0f5-105f-4132-a9f9-65ae21044d96 ] Request (VolumesAssistedSnapshotsTest:setUpClass): 204 PUT http://10.180.1.21/identity/v3/projects/bd7e94bf5d414772912a31779f31c6fe/users/df009059a02c40188df66b0379d80a15/roles/bac277d8b8ae4f49a0c7737b3fcb06ce 0.517s
2025-04-03 03:34:36.795 69660 INFO tempest.lib.common.rest_client [req-bdd6b12c-ef5a-42fd-b516-708f6cdacf0c req-bdd6b12c-ef5a-42fd-b516-708f6cdacf0c ] Request (ServersAdminTestJSON:setUpClass): 201 POST http://10.180.1.21/identity/v3/projects 0.479s
2025-04-03 03:34:36.866 69686 INFO tempest.lib.common.rest_client [req-337dfae6-5d7b-4784-9d43-3c7cc086f204 req-337dfae6-5d7b-4784-9d43-3c7cc086f204 ] Request (QuotasAdminTestV257:test_get_updated_quotas): 200 GET http://10.180.1.21/identity/v3/domains?name=Default 0.429s
2025-04-03 03:34:36.887 69642 INFO tempest.lib.common.rest_client [req-f8372668-e6d1-4eba-9795-388467cb2db9 req-f8372668-e6d1-4eba-9795-388467cb2db9 ] Request (QuotasAdminTestV236:setUpClass): 201 POST http://10.180.1.21/identity/v3/auth/tokens 0.343s
2025-04-03 03:34:36.893 69672 INFO tempest.lib.common.rest_client [req-1adfd85a-e791-43ab-9d94-51eff19be1a1 req-1adfd85a-e791-43ab-9d94-51eff19be1a1 ] Request (QuotasSecurityGroupAdminNegativeTest:tearDownClass): 201 POST http://10.180.1.21/identity/v3/auth/tokens 0.331s
2025-04-03 03:34:36.919 69648 INFO tempest.lib.common.rest_client [req-854551fe-83cf-4b6e-b4b9-6b41737b4b61 req-854551fe-83cf-4b6e-b4b9-6b41737b4b61 ] Request (HypervisorAdminUnderV252Test:tearDownClass): 201 POST http://10.180.1.21/identity/v3/auth/tokens 0.266s
2025-04-03 03:34:36.943 69680 INFO tempest.lib.common.rest_client [req-ba12d826-fa0a-4ea4-a00f-c9d601502bc5 req-ba12d826-fa0a-4ea4-a00f-c9d601502bc5 ] Request (HypervisorAdminV228Test:tearDownClass): 201 POST http://10.180.1.21/identity/v3/auth/tokens 0.293s
2025-04-03 03:34:36.960 69694 INFO tempest.lib.common.rest_client [req-ff280f17-6538-4c3e-92c2-0086e6770a5c req-ff280f17-6538-4c3e-92c2-0086e6770a5c ] Request (ServerExternalEventsTest:setUpClass): 200 GET http://10.180.1.21/identity/v3/roles 0.254s
2025-04-03 03:34:36.977 69646 INFO tempest.lib.common.rest_client [req-d29a755a-b0e2-43e9-87fd-3549ec29411e req-d29a755a-b0e2-43e9-87fd-3549ec29411e ] Request (VolumesAssistedSnapshotsTest:setUpClass): 200 GET http://10.180.1.21/identity/v3/roles 0.266s
2025-04-03 03:34:36.994 69660 INFO tempest.lib.common.rest_client [req-00bbbbf4-fac1-46e0-81d8-4b4d51ef6c08 req-00bbbbf4-fac1-46e0-81d8-4b4d51ef6c08 ] Request (ServersAdminTestJSON:setUpClass): 201 POST http://10.180.1.21/identity/v3/users 0.198s
2025-04-03 03:34:37.005 69642 INFO tempest.lib.common.rest_client [req-0508ff05-9b53-46f5-be56-0a4c1d0d47b1 req-0508ff05-9b53-46f5-be56-0a4c1d0d47b1 ] Request (QuotasAdminTestV236:setUpClass): 201 POST http://10.180.1.21/identity/v3/auth/tokens 0.114s
2025-04-03 03:34:37.091 69694 INFO tempest.lib.common.rest_client [req-054cdcb1-b530-4572-8b0a-0a3ae6cf8f23 req-054cdcb1-b530-4572-8b0a-0a3ae6cf8f23 ] Request (ServerExternalEventsTest:setUpClass): 204 PUT http://10.180.1.21/identity/v3/projects/4f22736e21644a0eb2fe1273e6453402/users/d0fa82d7b7aa459a946a14f54adfe2f0/roles/7515baefb5c44a729ecaea3d5bc5e03a 0.130s
2025-04-03 03:34:37.147 69646 INFO tempest.lib.common.rest_client [req-f1a47e8e-ca14-432d-8a8f-c0e83316c780 req-f1a47e8e-ca14-432d-8a8f-c0e83316c780 ] Request (VolumesAssistedSnapshotsTest:setUpClass): 204 PUT http://10.180.1.21/identity/v3/projects/bd7e94bf5d414772912a31779f31c6fe/users/df009059a02c40188df66b0379d80a15/roles/bac277d8b8ae4f49a0c7737b3fcb06ce 0.170s
2025-04-03 03:34:37.148 69646 INFO tempest.lib.common.dynamic_creds [-] Dynamic test user df009059a02c40188df66b0379d80a15 is created with scope project and roles: ['admin']
2025-04-03 03:34:37.148 69646 INFO tempest.lib.common.dynamic_creds [-] Acquired dynamic creds: credentials: Credentials: {'domain_id': 'default', 'domain_name': 'Default', 'username': 'tempest-VolumesAssistedSnapshotsTest-1898393063-project-admin', 'project_domain_id': 'default', 'project_domain_name': 'Default', 'project_id': 'bd7e94bf5d414772912a31779f31c6fe', 'project_name': 'tempest-VolumesAssistedSnapshotsTest-1898393063', 'tenant_id': 'bd7e94bf5d414772912a31779f31c6fe', 'tenant_name': 'tempest-VolumesAssistedSnapshotsTest-1898393063', 'user_domain_id': 'default', 'user_domain_name': 'Default', 'user_id': 'df009059a02c40188df66b0379d80a15', 'system': None}, Network: None, Subnet: None, Router: None
2025-04-03 03:34:37.200 69660 INFO tempest.lib.common.rest_client [req-d63fdf33-806f-4d9c-abea-5c33d241c0c0 req-d63fdf33-806f-4d9c-abea-5c33d241c0c0 ] Request (ServersAdminTestJSON:setUpClass): 200 GET http://10.180.1.21/identity/v3/roles 0.205s
2025-04-03 03:34:37.215 69642 INFO tempest.lib.common.rest_client [req-6bbdd6ba-9d8f-4fed-b60a-d916fd410a0e req-6bbdd6ba-9d8f-4fed-b60a-d916fd410a0e ] Request (QuotasAdminTestV236:setUpClass): 200 GET http://10.180.1.21/identity/v3/domains?name=Default 0.210s
2025-04-03 03:34:37.228 69694 INFO tempest.lib.common.rest_client [req-1a978ca0-3e9f-4e37-9609-7bd6fcc95e13 req-1a978ca0-3e9f-4e37-9609-7bd6fcc95e13 ] Request (ServerExternalEventsTest:setUpClass): 200 GET http://10.180.1.21/identity/v3/roles 0.137s
2025-04-03 03:34:37.240 69660 INFO tempest.lib.common.rest_client [req-b0f8b718-782d-419a-9a36-d74bcf67f942 req-b0f8b718-782d-419a-9a36-d74bcf67f942 ] Request (ServersAdminTestJSON:setUpClass): 204 PUT http://10.180.1.21/identity/v3/projects/266b88e2c9fe4430b405a73486913fa0/users/74cabbe76589406fa5c20cbb80d523f7/roles/bac277d8b8ae4f49a0c7737b3fcb06ce 0.040s
2025-04-03 03:34:37.262 69642 INFO tempest.lib.common.rest_client [req-a1e74ff1-518e-410c-b477-9e3bd22bff4c req-a1e74ff1-518e-410c-b477-9e3bd22bff4c ] Request (QuotasAdminTestV236:setUpClass): 201 POST http://10.180.1.21/identity/v3/projects 0.045s
2025-04-03 03:34:37.306 69648 INFO tempest.lib.common.rest_client [req-8b53060f-926b-430d-b9d1-5cad780fa9f5 req-8b53060f-926b-430d-b9d1-5cad780fa9f5 ] Request (HypervisorAdminUnderV252Test:tearDownClass): 200 GET http://10.180.1.21:9696/networking/v2.0/security-groups?tenant_id=f430cf484b994e1b8a8a0347605d437f&name=default 0.387s
2025-04-03 03:34:37.313 69660 INFO tempest.lib.common.rest_client [req-3671be62-d790-4ff9-b54f-971bd0ad2d36 req-3671be62-d790-4ff9-b54f-971bd0ad2d36 ] Request (ServersAdminTestJSON:setUpClass): 200 GET http://10.180.1.21/identity/v3/roles 0.072s
2025-04-03 03:34:37.317 69694 INFO tempest.lib.common.rest_client [req-b6b26a6e-8388-4fd8-a859-272cfe28880d req-b6b26a6e-8388-4fd8-a859-272cfe28880d ] Request (ServerExternalEventsTest:setUpClass): 204 PUT http://10.180.1.21/identity/v3/projects/4f22736e21644a0eb2fe1273e6453402/users/d0fa82d7b7aa459a946a14f54adfe2f0/roles/bac277d8b8ae4f49a0c7737b3fcb06ce 0.088s
2025-04-03 03:34:37.317 69694 INFO tempest.lib.common.dynamic_creds [-] Dynamic test user d0fa82d7b7aa459a946a14f54adfe2f0 is created with scope project and roles: ['service', 'admin']
2025-04-03 03:34:37.317 69694 INFO tempest.lib.common.dynamic_creds [-] Acquired dynamic creds: credentials: Credentials: {'domain_id': 'default', 'domain_name': 'Default', 'username': 'tempest-ServerExternalEventsTest-1299252449-project', 'project_domain_id': 'default', 'project_domain_name': 'Default', 'project_id': '4f22736e21644a0eb2fe1273e6453402', 'project_name': 'tempest-ServerExternalEventsTest-1299252449', 'tenant_id': '4f22736e21644a0eb2fe1273e6453402', 'tenant_name': 'tempest-ServerExternalEventsTest-1299252449', 'user_domain_id': 'default', 'user_domain_name': 'Default', 'user_id': 'd0fa82d7b7aa459a946a14f54adfe2f0', 'system': None}, Network: None, Subnet: None, Router: None
2025-04-03 03:34:37.317 69694 INFO tempest.lib.common.dynamic_creds [-] Created isolated network resources for: credentials: Credentials: {'domain_id': 'default', 'domain_name': 'Default', 'username': 'tempest-ServerExternalEventsTest-1299252449-project', 'project_domain_id': 'default', 'project_domain_name': 'Default', 'project_id': '4f22736e21644a0eb2fe1273e6453402', 'project_name': 'tempest-ServerExternalEventsTest-1299252449', 'tenant_id': '4f22736e21644a0eb2fe1273e6453402', 'tenant_name': 'tempest-ServerExternalEventsTest-1299252449', 'user_domain_id': 'default', 'user_domain_name': 'Default', 'user_id': 'd0fa82d7b7aa459a946a14f54adfe2f0', 'system': None}, Network: None, Subnet: None, Router: None
2025-04-03 03:34:37.364 69672 INFO tempest.lib.common.rest_client [req-81eb22f6-2042-40ed-82a1-3c344ce46d21 req-81eb22f6-2042-40ed-82a1-3c344ce46d21 ] Request (QuotasSecurityGroupAdminNegativeTest:tearDownClass): 200 GET http://10.180.1.21:9696/networking/v2.0/security-groups?tenant_id=60c1909a78f74099a091dc3a9dc33081&name=default 0.469s
2025-04-03 03:34:37.372 69642 INFO tempest.lib.common.rest_client [req-ece1cb3e-a5b8-417f-b337-cc61d75f013b req-ece1cb3e-a5b8-417f-b337-cc61d75f013b ] Request (QuotasAdminTestV236:setUpClass): 201 POST http://10.180.1.21/identity/v3/users 0.109s
2025-04-03 03:34:37.396 69660 INFO tempest.lib.common.rest_client [req-b8380653-47fe-4cb0-8d44-3b98079d134c req-b8380653-47fe-4cb0-8d44-3b98079d134c ] Request (ServersAdminTestJSON:setUpClass): 204 PUT http://10.180.1.21/identity/v3/projects/266b88e2c9fe4430b405a73486913fa0/users/74cabbe76589406fa5c20cbb80d523f7/roles/bac277d8b8ae4f49a0c7737b3fcb06ce 0.082s
2025-04-03 03:34:37.396 69660 INFO tempest.lib.common.dynamic_creds [-] Dynamic test user 74cabbe76589406fa5c20cbb80d523f7 is created with scope project and roles: ['admin']
2025-04-03 03:34:37.396 69660 INFO tempest.lib.common.dynamic_creds [-] Acquired dynamic creds: credentials: Credentials: {'domain_id': 'default', 'domain_name': 'Default', 'username': 'tempest-ServersAdminTestJSON-598103534-project-admin', 'project_domain_id': 'default', 'project_domain_name': 'Default', 'project_id': '266b88e2c9fe4430b405a73486913fa0', 'project_name': 'tempest-ServersAdminTestJSON-598103534', 'tenant_id': '266b88e2c9fe4430b405a73486913fa0', 'tenant_name': 'tempest-ServersAdminTestJSON-598103534', 'user_domain_id': 'default', 'user_domain_name': 'Default', 'user_id': '74cabbe76589406fa5c20cbb80d523f7', 'system': None}, Network: None, Subnet: None, Router: None
2025-04-03 03:34:37.468 69694 INFO tempest.lib.common.rest_client [req-2dd2dca8-d30f-418d-ac58-aa10e06814d4 req-2dd2dca8-d30f-418d-ac58-aa10e06814d4 ] Request (ServerExternalEventsTest:setUpClass): 201 POST http://10.180.1.21/identity/v3/auth/tokens 0.148s
2025-04-03 03:34:37.469 69646 INFO tempest.lib.common.rest_client [req-45d95be1-4002-46a6-8616-36d812bc6ff6 req-45d95be1-4002-46a6-8616-36d812bc6ff6 ] Request (VolumesAssistedSnapshotsTest:setUpClass): 201 POST http://10.180.1.21:9696/networking/v2.0/networks 0.320s
2025-04-03 03:34:37.485 69642 INFO tempest.lib.common.rest_client [req-510ca1d6-0616-4c1b-8427-55de36056d82 req-510ca1d6-0616-4c1b-8427-55de36056d82 ] Request (QuotasAdminTestV236:setUpClass): 200 GET http://10.180.1.21/identity/v3/roles 0.112s
2025-04-03 03:34:37.502 69664 INFO tempest.lib.common.rest_client [req-6821bf7a-c375-4a34-a54c-58531b7122bf req-6821bf7a-c375-4a34-a54c-58531b7122bf ] Request (ServersAdmin275Test:test_rebuild_update_server_275): 202 POST http://10.180.1.21/compute/v2.1/servers 3.110s
2025-04-03 03:34:37.504 69680 INFO tempest.lib.common.rest_client [req-94674250-642e-4c4d-8a95-c6f25911c944 req-94674250-642e-4c4d-8a95-c6f25911c944 ] Request (HypervisorAdminV228Test:tearDownClass): 200 GET http://10.180.1.21:9696/networking/v2.0/security-groups?tenant_id=b4914a0a00cd48ad99350677ae89458b&name=default 0.560s
2025-04-03 03:34:37.522 69642 INFO tempest.lib.common.rest_client [req-f8204bcb-7dfc-4a3d-aaf3-a6492bcce9ef req-f8204bcb-7dfc-4a3d-aaf3-a6492bcce9ef ] Request (QuotasAdminTestV236:setUpClass): 204 PUT http://10.180.1.21/identity/v3/projects/c76bd9d0d8ec4f1cbc94fbb18f055a4c/users/7ae005ae714a44f49fe4976140611981/roles/1be87f3c92b549c98e7cf7379439aff6 0.037s
2025-04-03 03:34:37.523 69642 INFO tempest.lib.common.dynamic_creds [-] Dynamic test user 7ae005ae714a44f49fe4976140611981 is created with scope project and roles: ['member']
2025-04-03 03:34:37.523 69642 INFO tempest.lib.common.dynamic_creds [-] Acquired dynamic creds: credentials: Credentials: {'domain_id': 'default', 'domain_name': 'Default', 'username': 'tempest-QuotasAdminTestV236-1171444116-project-member', 'project_domain_id': 'default', 'project_domain_name': 'Default', 'project_id': 'c76bd9d0d8ec4f1cbc94fbb18f055a4c', 'project_name': 'tempest-QuotasAdminTestV236-1171444116', 'tenant_id': 'c76bd9d0d8ec4f1cbc94fbb18f055a4c', 'tenant_name': 'tempest-QuotasAdminTestV236-1171444116', 'user_domain_id': 'default', 'user_domain_name': 'Default', 'user_id': '7ae005ae714a44f49fe4976140611981', 'system': None}, Network: None, Subnet: None, Router: None
2025-04-03 03:34:37.523 69642 INFO tempest.lib.common.dynamic_creds [-] Created isolated network resources for: credentials: Credentials: {'domain_id': 'default', 'domain_name': 'Default', 'username': 'tempest-QuotasAdminTestV236-1171444116-project-member', 'project_domain_id': 'default', 'project_domain_name': 'Default', 'project_id': 'c76bd9d0d8ec4f1cbc94fbb18f055a4c', 'project_name': 'tempest-QuotasAdminTestV236-1171444116', 'tenant_id': 'c76bd9d0d8ec4f1cbc94fbb18f055a4c', 'tenant_name': 'tempest-QuotasAdminTestV236-1171444116', 'user_domain_id': 'default', 'user_domain_name': 'Default', 'user_id': '7ae005ae714a44f49fe4976140611981', 'system': None}, Network: None, Subnet: None, Router: None
2025-04-03 03:34:37.530 69648 INFO tempest.lib.common.rest_client [req-2800df0b-930d-4193-bf56-18359840d20e req-2800df0b-930d-4193-bf56-18359840d20e ] Request (HypervisorAdminUnderV252Test:tearDownClass): 204 DELETE http://10.180.1.21:9696/networking/v2.0/security-groups/44a41a6c-f9f2-47ac-a4e4-d74b7fe39ae4 0.224s
2025-04-03 03:34:37.544 69694 INFO tempest.lib.common.rest_client [req-0bf13ab3-1bb9-4fe5-ba46-fdd302c5e8b9 req-0bf13ab3-1bb9-4fe5-ba46-fdd302c5e8b9 ] Request (ServerExternalEventsTest:test_create_server_external_events): 201 POST http://10.180.1.21/identity/v3/auth/tokens 0.071s
2025-04-03 03:34:37.544 69694 INFO tempest.lib.common.fixed_network [-] (ServerExternalEventsTest:test_create_server_external_events) Found network None available for tenant
2025-04-03 03:34:37.610 69642 INFO tempest.lib.common.rest_client [req-b060dd3e-b49f-41d8-879f-e69c438dd79c req-b060dd3e-b49f-41d8-879f-e69c438dd79c ] Request (QuotasAdminTestV236:setUpClass): 201 POST http://10.180.1.21/identity/v3/auth/tokens 0.082s
2025-04-03 03:34:37.629 69656 INFO tempest.lib.common.rest_client [req-ef52feb9-783c-4414-9c4b-5bcb56e76767 req-ef52feb9-783c-4414-9c4b-5bcb56e76767 ] Request (InstanceUsageAuditLogNegativeTestJSON:test_get_instance_usage_audit_logs_with_invalid_time): 400 GET http://10.180.1.21/compute/v2.1/os-instance_usage_audit_log/invalid_time 3.057s
2025-04-03 03:34:37.636 69680 INFO tempest.lib.common.rest_client [req-926f943b-c835-401e-b9d4-9218b75c17e5 req-926f943b-c835-401e-b9d4-9218b75c17e5 ] Request (HypervisorAdminV228Test:tearDownClass): 204 DELETE http://10.180.1.21:9696/networking/v2.0/security-groups/2cf6165e-fe26-4e0c-b4a9-1616d598ce5a 0.132s
2025-04-03 03:34:37.656 69674 INFO tempest.lib.common.rest_client [req-f092f5e0-57d8-4ccc-9979-9d9cd4b31576 req-f092f5e0-57d8-4ccc-9979-9d9cd4b31576 ] Request (HostsAdminTestJSON:test_list_hosts_with_a_blank_zone): 200 GET http://10.180.1.21/compute/v2.1/os-hosts?zone= 3.040s
2025-04-03 03:34:37.692 69672 INFO tempest.lib.common.rest_client [req-46ebb279-a15f-450c-9687-d2df30a8d302 req-46ebb279-a15f-450c-9687-d2df30a8d302 ] Request (QuotasSecurityGroupAdminNegativeTest:tearDownClass): 204 DELETE http://10.180.1.21:9696/networking/v2.0/security-groups/49db10c4-6442-4c02-be06-bcf1c96db994 0.328s
2025-04-03 03:34:37.706 69648 INFO tempest.lib.common.rest_client [req-7b08991f-7a7d-41f5-8ae5-9a4915226bce req-7b08991f-7a7d-41f5-8ae5-9a4915226bce ] Request (HypervisorAdminUnderV252Test:tearDownClass): 204 DELETE http://10.180.1.21/identity/v3/projects/f430cf484b994e1b8a8a0347605d437f 0.175s
2025-04-03 03:34:37.706 69648 INFO tempest.lib.common.dynamic_creds [-] Deleting project and security group for project: 11d91dc0b49b419192ddb6ced7ee19f9
2025-04-03 03:34:37.734 69642 INFO tempest.lib.common.rest_client [req-9a27bdf1-23ef-47cb-a2a0-7298f470f55a req-9a27bdf1-23ef-47cb-a2a0-7298f470f55a ] Request (QuotasAdminTestV236:setUpClass): 201 POST http://10.180.1.21/identity/v3/projects 0.121s
2025-04-03 03:34:37.780 69660 INFO tempest.lib.common.rest_client [req-67111f16-45b8-4b4a-bbba-81a6b09bc09b req-67111f16-45b8-4b4a-bbba-81a6b09bc09b ] Request (ServersAdminTestJSON:setUpClass): 201 POST http://10.180.1.21:9696/networking/v2.0/networks 0.383s
2025-04-03 03:34:37.797 69680 INFO tempest.lib.common.rest_client [req-fa22d922-7ed2-4780-9bf5-c17faf7fb00e req-fa22d922-7ed2-4780-9bf5-c17faf7fb00e ] Request (HypervisorAdminV228Test:tearDownClass): 204 DELETE http://10.180.1.21/identity/v3/projects/b4914a0a00cd48ad99350677ae89458b 0.160s
2025-04-03 03:34:37.797 69680 INFO tempest.lib.common.dynamic_creds [-] Deleting project and security group for project: 40dc37888f7f4059ab5487892c26541d
2025-04-03 03:34:37.819 69650 INFO tempest.lib.common.rest_client [req-9158c9ea-d7dc-43a0-954f-5da227fdb5f2 req-9158c9ea-d7dc-43a0-954f-5da227fdb5f2 ] Request (AttachInterfacesTestJSON:test_create_list_show_delete_interfaces_by_fixed_ip): 202 POST http://10.180.1.21/compute/v2.1/servers 3.936s
2025-04-03 03:34:37.884 69666 INFO tempest.lib.common.rest_client [req-4054a72d-a7f9-498f-9f52-4f42e16bfeb7 req-4054a72d-a7f9-498f-9f52-4f42e16bfeb7 ] Request (ServersWithSpecificFlavorTestJSON:setUpClass): 200 PUT http://10.180.1.21:9696/networking/v2.0/routers/5ebbe62f-311a-46a6-b5d6-441195c63c8c/add_router_interface 1.335s
2025-04-03 03:34:37.885 69666 INFO tempest.lib.common.dynamic_creds [-] Created isolated network resources for: credentials: Credentials: {'domain_id': 'default', 'domain_name': 'Default', 'username': 'tempest-ServersWithSpecificFlavorTestJSON-1663373174-project-admin', 'project_domain_id': 'default', 'project_domain_name': 'Default', 'project_id': '0dd7434bbc5f4efb9b0461a522e0f40b', 'project_name': 'tempest-ServersWithSpecificFlavorTestJSON-1663373174', 'tenant_id': '0dd7434bbc5f4efb9b0461a522e0f40b', 'tenant_name': 'tempest-ServersWithSpecificFlavorTestJSON-1663373174', 'user_domain_id': 'default', 'user_domain_name': 'Default', 'user_id': '1dca51b154da4d2b896f0a1cae0e38c5', 'system': None}, Network: {'id': 'c83576e9-3b31-4883-a1db-99d93a6c3b25', 'name': 'tempest-ServersWithSpecificFlavorTestJSON-441312501-network', 'tenant_id': '0dd7434bbc5f4efb9b0461a522e0f40b', 'admin_state_up': True, 'mtu': 8950, 'status': 'ACTIVE', 'subnets': [], 'shared': False, 'project_id': '0dd7434bbc5f4efb9b0461a522e0f40b', 'port_security_enabled': True, 'router:external': False, 'provider:network_type': 'vlan', 'provider:physical_network': 'default', 'provider:segmentation_id': 112, 'availability_zone_hints': [], 'availability_zones': [], 'ipv4_address_scope': None, 'ipv6_address_scope': None, 'description': '', 'tags': [], 'created_at': '2025-04-03T03:34:35Z', 'updated_at': '2025-04-03T03:34:35Z', 'revision_number': 1}, Subnet: {'id': 'aa15d17f-e47f-4fc8-9ba5-63d43c644fae', 'name': 'tempest-ServersWithSpecificFlavorTestJSON-441312501-subnet', 'tenant_id': '0dd7434bbc5f4efb9b0461a522e0f40b', 'network_id': 'c83576e9-3b31-4883-a1db-99d93a6c3b25', 'ip_version': 4, 'subnetpool_id': None, 'enable_dhcp': True, 'ipv6_ra_mode': None, 'ipv6_address_mode': None, 'gateway_ip': '192.168.128.1', 'cidr': '192.168.128.0/28', 'allocation_pools': [{'start': '192.168.128.2', 'end': '192.168.128.14'}], 'host_routes': [], 'dns_nameservers': [], 'description': '', 'router:external': False, 'service_types': [], 'tags': [], 'created_at': '2025-04-03T03:34:35Z', 'updated_at': '2025-04-03T03:34:35Z', 'revision_number': 0, 'project_id': '0dd7434bbc5f4efb9b0461a522e0f40b'}, Router: {'id': '5ebbe62f-311a-46a6-b5d6-441195c63c8c', 'name': 'tempest-ServersWithSpecificFlavorTestJSON-441312501-router', 'tenant_id': '0dd7434bbc5f4efb9b0461a522e0f40b', 'admin_state_up': True, 'status': 'ACTIVE', 'external_gateway_info': {'network_id': 'eb67037e-2c85-425f-b377-f799ea2edb4a', 'external_fixed_ips': [{'subnet_id': '7bdf53e0-9a30-4f77-9843-cd76e1b3c356', 'ip_address': '10.180.180.158'}], 'enable_snat': True}, 'description': '', 'availability_zones': [], 'distributed': False, 'ha': False, 'availability_zone_hints': [], 'routes': [], 'flavor_id': None, 'tags': [], 'created_at': '2025-04-03T03:34:35Z', 'updated_at': '2025-04-03T03:34:36Z', 'revision_number': 2, 'project_id': '0dd7434bbc5f4efb9b0461a522e0f40b'}
2025-04-03 03:34:37.932 69646 INFO tempest.lib.common.rest_client [req-bdd49c3e-9cc7-47b4-8a27-a7e94f78a3c6 req-bdd49c3e-9cc7-47b4-8a27-a7e94f78a3c6 ] Request (VolumesAssistedSnapshotsTest:setUpClass): 201 POST http://10.180.1.21:9696/networking/v2.0/subnets 0.462s
2025-04-03 03:34:37.943 69648 INFO tempest.lib.common.rest_client [req-12d71cc9-8f3c-4184-bd5a-fca8fbebb9a4 req-12d71cc9-8f3c-4184-bd5a-fca8fbebb9a4 ] Request (HypervisorAdminUnderV252Test:tearDownClass): 200 GET http://10.180.1.21:9696/networking/v2.0/security-groups?tenant_id=11d91dc0b49b419192ddb6ced7ee19f9&name=default 0.236s
2025-04-03 03:34:37.951 69672 INFO tempest.lib.common.rest_client [req-345cc489-f093-4c45-8797-48784e915e86 req-345cc489-f093-4c45-8797-48784e915e86 ] Request (QuotasSecurityGroupAdminNegativeTest:tearDownClass): 204 DELETE http://10.180.1.21/identity/v3/projects/60c1909a78f74099a091dc3a9dc33081 0.258s
2025-04-03 03:34:37.952 69672 INFO tempest.lib.common.dynamic_creds [-] Deleting project and security group for project: 6a8fd549093e458f937578067eac9004
2025-04-03 03:34:37.990 69642 INFO tempest.lib.common.rest_client [req-826459ea-058a-453c-9acf-affbe60db00b req-826459ea-058a-453c-9acf-affbe60db00b ] Request (QuotasAdminTestV236:setUpClass): 201 POST http://10.180.1.21/identity/v3/users 0.255s
2025-04-03 03:34:37.993 69680 INFO tempest.lib.common.rest_client [req-4b0ba91d-7a58-4ba6-aeee-b47acd980147 req-4b0ba91d-7a58-4ba6-aeee-b47acd980147 ] Request (HypervisorAdminV228Test:tearDownClass): 200 GET http://10.180.1.21:9696/networking/v2.0/security-groups?tenant_id=40dc37888f7f4059ab5487892c26541d&name=default 0.196s
2025-04-03 03:34:38.057 69666 INFO tempest.lib.common.rest_client [req-cca36b9f-8e01-45a5-8ad3-b9e1bc9eaf30 req-cca36b9f-8e01-45a5-8ad3-b9e1bc9eaf30 ] Request (ServersWithSpecificFlavorTestJSON:setUpClass): 201 POST http://10.180.1.21/identity/v3/auth/tokens 0.168s
2025-04-03 03:34:38.086 69642 INFO tempest.lib.common.rest_client [req-d97530d3-c888-48b2-856a-c59a59610405 req-d97530d3-c888-48b2-856a-c59a59610405 ] Request (QuotasAdminTestV236:setUpClass): 200 GET http://10.180.1.21/identity/v3/roles 0.095s
2025-04-03 03:34:38.091 69640 INFO tempest.lib.common.rest_client [req-52cc619a-87e7-4e14-a574-28f16e16b55a req-52cc619a-87e7-4e14-a574-28f16e16b55a ] Request (ServicesAdminNegativeTestJSON:test_get_service_by_invalid_params): 200 GET http://10.180.1.21/compute/v2.1/os-services 2.992s
2025-04-03 03:34:38.141 69642 INFO tempest.lib.common.rest_client [req-200a757c-8b49-4eaa-9fa8-cccd3e0e5ecb req-200a757c-8b49-4eaa-9fa8-cccd3e0e5ecb ] Request (QuotasAdminTestV236:setUpClass): 204 PUT http://10.180.1.21/identity/v3/projects/5c05f4afb26642458873bedef45da493/users/4edf71c7269e4ed49c90554a58b44b3f/roles/bac277d8b8ae4f49a0c7737b3fcb06ce 0.055s
2025-04-03 03:34:38.142 69648 INFO tempest.lib.common.rest_client [req-430cc984-cd28-4ff9-8ba3-5d9e4c5ee466 req-430cc984-cd28-4ff9-8ba3-5d9e4c5ee466 ] Request (HypervisorAdminUnderV252Test:tearDownClass): 204 DELETE http://10.180.1.21:9696/networking/v2.0/security-groups/b2fbf800-3805-4f68-bf74-2ae35caa741a 0.198s
2025-04-03 03:34:38.170 69672 INFO tempest.lib.common.rest_client [req-2858700e-9167-4a00-b1c8-b4daffdd2126 req-2858700e-9167-4a00-b1c8-b4daffdd2126 ] Request (QuotasSecurityGroupAdminNegativeTest:tearDownClass): 200 GET http://10.180.1.21:9696/networking/v2.0/security-groups?tenant_id=6a8fd549093e458f937578067eac9004&name=default 0.218s
2025-04-03 03:34:38.187 69676 INFO tempest.lib.common.rest_client [req-5a040497-c7af-4da2-843d-9f1170e3c8f1 req-5a040497-c7af-4da2-843d-9f1170e3c8f1 ] Request (TenantUsagesNegativeTestJSON:test_get_usage_tenant_with_empty_tenant_id): 404 GET http://10.180.1.21/compute/v2.1/os-simple-tenant-usage/?start=2025-04-02T03%3A34%3A35.151015&end=2025-04-04T03%3A34%3A35.151015 3.036s
2025-04-03 03:34:38.196 69676 WARNING tempest.lib.common.rest_client [-] Deprecated: "tenant_id" property is deprecated for removal, use "project_id" instead
2025-04-03 03:34:38.207 69660 INFO tempest.lib.common.rest_client [req-e088f33c-4ecc-455c-a6ba-523444f7f9f5 req-e088f33c-4ecc-455c-a6ba-523444f7f9f5 ] Request (ServersAdminTestJSON:setUpClass): 201 POST http://10.180.1.21:9696/networking/v2.0/subnets 0.427s
2025-04-03 03:34:38.229 69642 INFO tempest.lib.common.rest_client [req-21d70208-3897-4698-b883-03c9b1da8237 req-21d70208-3897-4698-b883-03c9b1da8237 ] Request (QuotasAdminTestV236:setUpClass): 200 GET http://10.180.1.21/identity/v3/roles 0.087s
2025-04-03 03:34:38.259 69642 INFO tempest.lib.common.rest_client [req-27ee1f81-bc53-4d1b-a901-ca8cbbcb8c40 req-27ee1f81-bc53-4d1b-a901-ca8cbbcb8c40 ] Request (QuotasAdminTestV236:setUpClass): 204 PUT http://10.180.1.21/identity/v3/projects/5c05f4afb26642458873bedef45da493/users/4edf71c7269e4ed49c90554a58b44b3f/roles/bac277d8b8ae4f49a0c7737b3fcb06ce 0.029s
2025-04-03 03:34:38.259 69642 INFO tempest.lib.common.dynamic_creds [-] Dynamic test user 4edf71c7269e4ed49c90554a58b44b3f is created with scope project and roles: ['admin']
2025-04-03 03:34:38.259 69642 INFO tempest.lib.common.dynamic_creds [-] Acquired dynamic creds: credentials: Credentials: {'domain_id': 'default', 'domain_name': 'Default', 'username': 'tempest-QuotasAdminTestV236-1486397007-project-admin', 'project_domain_id': 'default', 'project_domain_name': 'Default', 'project_id': '5c05f4afb26642458873bedef45da493', 'project_name': 'tempest-QuotasAdminTestV236-1486397007', 'tenant_id': '5c05f4afb26642458873bedef45da493', 'tenant_name': 'tempest-QuotasAdminTestV236-1486397007', 'user_domain_id': 'default', 'user_domain_name': 'Default', 'user_id': '4edf71c7269e4ed49c90554a58b44b3f', 'system': None}, Network: None, Subnet: None, Router: None
2025-04-03 03:34:38.259 69642 INFO tempest.lib.common.dynamic_creds [-] Created isolated network resources for: credentials: Credentials: {'domain_id': 'default', 'domain_name': 'Default', 'username': 'tempest-QuotasAdminTestV236-1486397007-project-admin', 'project_domain_id': 'default', 'project_domain_name': 'Default', 'project_id': '5c05f4afb26642458873bedef45da493', 'project_name': 'tempest-QuotasAdminTestV236-1486397007', 'tenant_id': '5c05f4afb26642458873bedef45da493', 'tenant_name': 'tempest-QuotasAdminTestV236-1486397007', 'user_domain_id': 'default', 'user_domain_name': 'Default', 'user_id': '4edf71c7269e4ed49c90554a58b44b3f', 'system': None}, Network: None, Subnet: None, Router: None
2025-04-03 03:34:38.291 69648 INFO tempest.lib.common.rest_client [req-56712480-f919-49b4-8a65-e020d4291bcb req-56712480-f919-49b4-8a65-e020d4291bcb ] Request (HypervisorAdminUnderV252Test:tearDownClass): 204 DELETE http://10.180.1.21/identity/v3/projects/11d91dc0b49b419192ddb6ced7ee19f9 0.149s
2025-04-03 03:34:38.295 69672 INFO tempest.lib.common.rest_client [req-79b19eb6-0bbb-4345-864b-7daf4189a016 req-79b19eb6-0bbb-4345-864b-7daf4189a016 ] Request (QuotasSecurityGroupAdminNegativeTest:tearDownClass): 204 DELETE http://10.180.1.21:9696/networking/v2.0/security-groups/c293f026-1918-44e9-a81d-694c33c0353d 0.125s
2025-04-03 03:34:38.348 69642 INFO tempest.lib.common.rest_client [req-17cf580f-ed7b-458a-b2b7-40395ca6579e req-17cf580f-ed7b-458a-b2b7-40395ca6579e ] Request (QuotasAdminTestV236:setUpClass): 201 POST http://10.180.1.21/identity/v3/auth/tokens 0.085s
2025-04-03 03:34:38.349 69642 WARNING tempest.lib.common.rest_client [-] Deprecated: "tenant_id" property is deprecated for removal, use "project_id" instead
2025-04-03 03:34:38.360 69648 INFO tempest.lib.common.rest_client [req-18aa92ca-f45b-4c39-a98d-980f31c6bd49 req-18aa92ca-f45b-4c39-a98d-980f31c6bd49 ] Request (MigrationsAdminTest:setUpClass): 201 POST http://10.180.1.21/identity/v3/auth/tokens 0.067s
2025-04-03 03:34:38.385 69680 INFO tempest.lib.common.rest_client [req-04f4b56b-d69f-421b-8402-e96c3cd884c7 req-04f4b56b-d69f-421b-8402-e96c3cd884c7 ] Request (HypervisorAdminV228Test:tearDownClass): 204 DELETE http://10.180.1.21:9696/networking/v2.0/security-groups/74cbc032-31ff-46dd-8dce-eebf08cde9f4 0.390s
2025-04-03 03:34:38.399 69648 INFO tempest.lib.common.rest_client [req-357827ce-d194-4a35-ab54-15c78dca21c1 req-357827ce-d194-4a35-ab54-15c78dca21c1 ] Request (MigrationsAdminTest:setUpClass): 201 POST http://10.180.1.21/identity/v3/auth/tokens 0.035s
2025-04-03 03:34:38.454 69638 INFO tempest.lib.common.rest_client [req-60c8f55e-96fd-47c0-afb2-966688db670e req-60c8f55e-96fd-47c0-afb2-966688db670e ] Request (FlavorMetadataValidation:test_flavor_update_with_custom_namespace): 200 POST http://10.180.1.21/compute/v2.1/flavors/290983828/os-extra_specs 3.163s
2025-04-03 03:34:38.480 69680 INFO tempest.lib.common.rest_client [req-7b932a47-cc7f-4eb0-8993-be4a8419e90e req-7b932a47-cc7f-4eb0-8993-be4a8419e90e ] Request (HypervisorAdminV228Test:tearDownClass): 204 DELETE http://10.180.1.21/identity/v3/projects/40dc37888f7f4059ab5487892c26541d 0.095s
2025-04-03 03:34:38.481 69680 INFO tempest.test [-] raised in LiveMigrationRemoteConsolesV26Test.setUpClass. Invoking tearDownClass.
2025-04-03 03:34:38.483 69680 INFO tempest.test [-] raised in NoVNCConsoleTestJSON.setUpClass. Invoking tearDownClass.
2025-04-03 03:34:38.501 69672 INFO tempest.lib.common.rest_client [req-62cc8123-1a4b-421c-92f7-6b8e69439b6c req-62cc8123-1a4b-421c-92f7-6b8e69439b6c ] Request (QuotasSecurityGroupAdminNegativeTest:tearDownClass): 204 DELETE http://10.180.1.21/identity/v3/projects/6a8fd549093e458f937578067eac9004 0.206s
2025-04-03 03:34:38.576 69648 INFO tempest.lib.common.rest_client [req-3cd300ae-da75-466a-94aa-5c26385e8258 req-3cd300ae-da75-466a-94aa-5c26385e8258 ] Request (MigrationsAdminTest:setUpClass): 200 GET http://10.180.1.21/identity/v3/domains?name=Default 0.176s
2025-04-03 03:34:38.600 69680 INFO tempest.lib.common.rest_client [req-fb8e0b3b-1eb2-4eb9-b08f-4c4cfb2deda1 req-fb8e0b3b-1eb2-4eb9-b08f-4c4cfb2deda1 ] Request (ServerRescueNegativeTestJSON:setUpClass): 201 POST http://10.180.1.21/identity/v3/auth/tokens 0.115s
2025-04-03 03:34:38.618 69672 INFO tempest.lib.common.rest_client [req-3939084d-35f8-4415-ab76-96e90300f134 req-3939084d-35f8-4415-ab76-96e90300f134 ] Request (ServicesAdminNegativeV253TestJSON:setUpClass): 201 POST http://10.180.1.21/identity/v3/auth/tokens 0.115s
2025-04-03 03:34:38.642 69680 INFO tempest.lib.common.rest_client [req-e4a37b1a-dbf3-4493-9463-a3e906fdc396 req-e4a37b1a-dbf3-4493-9463-a3e906fdc396 ] Request (ServerRescueNegativeTestJSON:setUpClass): 201 POST http://10.180.1.21/identity/v3/auth/tokens 0.039s
2025-04-03 03:34:38.646 69678 INFO tempest.lib.common.rest_client [req-5c2cfec2-25cc-4773-bc6e-b3efbf26f6be req-5c2cfec2-25cc-4773-bc6e-b3efbf26f6be ] Request (FlavorsV255TestJSON:test_crud_flavor): 200 POST http://10.180.1.21/compute/v2.1/flavors 3.300s
2025-04-03 03:34:38.659 69648 INFO tempest.lib.common.rest_client [req-36f2d90d-4190-4307-a811-d9ab74567e09 req-36f2d90d-4190-4307-a811-d9ab74567e09 ] Request (MigrationsAdminTest:setUpClass): 201 POST http://10.180.1.21/identity/v3/projects 0.083s
2025-04-03 03:34:38.693 69672 INFO tempest.lib.common.rest_client [req-58089acd-a298-41eb-b91b-65b147d1dbb4 req-58089acd-a298-41eb-b91b-65b147d1dbb4 ] Request (ServicesAdminNegativeV253TestJSON:setUpClass): 201 POST http://10.180.1.21/identity/v3/auth/tokens 0.072s
2025-04-03 03:34:38.706 69680 INFO tempest.lib.common.rest_client [req-e39ee453-b5d1-49df-9c3a-4b33e678f79c req-e39ee453-b5d1-49df-9c3a-4b33e678f79c ] Request (ServerRescueNegativeTestJSON:setUpClass): 200 GET http://10.180.1.21/identity/v3/domains?name=Default 0.064s
2025-04-03 03:34:38.728 69648 INFO tempest.lib.common.rest_client [req-cea64aba-0789-4f26-bb11-63f26dae21a7 req-cea64aba-0789-4f26-bb11-63f26dae21a7 ] Request (MigrationsAdminTest:setUpClass): 201 POST http://10.180.1.21/identity/v3/users 0.068s
2025-04-03 03:34:38.747 69672 INFO tempest.lib.common.rest_client [req-8ccbcfed-c38d-462b-9a9c-7b45c41cf0af req-8ccbcfed-c38d-462b-9a9c-7b45c41cf0af ] Request (ServicesAdminNegativeV253TestJSON:setUpClass): 200 GET http://10.180.1.21/identity/v3/domains?name=Default 0.053s
2025-04-03 03:34:38.774 69680 INFO tempest.lib.common.rest_client [req-bb2d130d-12c4-4a09-bc99-debc5b3aaf67 req-bb2d130d-12c4-4a09-bc99-debc5b3aaf67 ] Request (ServerRescueNegativeTestJSON:setUpClass): 201 POST http://10.180.1.21/identity/v3/projects 0.067s
2025-04-03 03:34:38.783 69648 INFO tempest.lib.common.rest_client [req-261aeb99-71f4-4c59-a1ec-4ca715a5aab2 req-261aeb99-71f4-4c59-a1ec-4ca715a5aab2 ] Request (MigrationsAdminTest:setUpClass): 200 GET http://10.180.1.21/identity/v3/roles 0.055s
2025-04-03 03:34:38.791 69684 INFO tempest.lib.common.rest_client [req-ef4782a8-879b-4a17-83f8-355264840e0f req-ef4782a8-879b-4a17-83f8-355264840e0f ] Request (HypervisorAdminNegativeUnderV252Test:test_search_hypervisor_with_non_admin_user): 200 GET http://10.180.1.21/compute/v2.1/os-hypervisors 3.244s
2025-04-03 03:34:38.822 69672 INFO tempest.lib.common.rest_client [req-d77d3d5f-a5f6-4474-bc70-8722381e5808 req-d77d3d5f-a5f6-4474-bc70-8722381e5808 ] Request (ServicesAdminNegativeV253TestJSON:setUpClass): 201 POST http://10.180.1.21/identity/v3/projects 0.075s
2025-04-03 03:34:38.834 69680 INFO tempest.lib.common.rest_client [req-59d6dd1d-cfb6-4f3a-bd4b-42754297d117 req-59d6dd1d-cfb6-4f3a-bd4b-42754297d117 ] Request (ServerRescueNegativeTestJSON:setUpClass): 201 POST http://10.180.1.21/identity/v3/users 0.059s
2025-04-03 03:34:38.869 69648 INFO tempest.lib.common.rest_client [req-f21e0c6e-6f81-4b44-96d5-1c55ea6bed62 req-f21e0c6e-6f81-4b44-96d5-1c55ea6bed62 ] Request (MigrationsAdminTest:setUpClass): 204 PUT http://10.180.1.21/identity/v3/projects/813b88be983f4a839f6d3d7d8fc38192/users/28961254c1734f36a0382050bdc65f1a/roles/1be87f3c92b549c98e7cf7379439aff6 0.085s
2025-04-03 03:34:38.869 69648 INFO tempest.lib.common.dynamic_creds [-] Dynamic test user 28961254c1734f36a0382050bdc65f1a is created with scope project and roles: ['member']
2025-04-03 03:34:38.869 69648 INFO tempest.lib.common.dynamic_creds [-] Acquired dynamic creds: credentials: Credentials: {'domain_id': 'default', 'domain_name': 'Default', 'username': 'tempest-MigrationsAdminTest-1446901516-project-member', 'project_domain_id': 'default', 'project_domain_name': 'Default', 'project_id': '813b88be983f4a839f6d3d7d8fc38192', 'project_name': 'tempest-MigrationsAdminTest-1446901516', 'tenant_id': '813b88be983f4a839f6d3d7d8fc38192', 'tenant_name': 'tempest-MigrationsAdminTest-1446901516', 'user_domain_id': 'default', 'user_domain_name': 'Default', 'user_id': '28961254c1734f36a0382050bdc65f1a', 'system': None}, Network: None, Subnet: None, Router: None
2025-04-03 03:34:38.869 69648 INFO tempest.lib.common.dynamic_creds [-] Created isolated network resources for: credentials: Credentials: {'domain_id': 'default', 'domain_name': 'Default', 'username': 'tempest-MigrationsAdminTest-1446901516-project-member', 'project_domain_id': 'default', 'project_domain_name': 'Default', 'project_id': '813b88be983f4a839f6d3d7d8fc38192', 'project_name': 'tempest-MigrationsAdminTest-1446901516', 'tenant_id': '813b88be983f4a839f6d3d7d8fc38192', 'tenant_name': 'tempest-MigrationsAdminTest-1446901516', 'user_domain_id': 'default', 'user_domain_name': 'Default', 'user_id': '28961254c1734f36a0382050bdc65f1a', 'system': None}, Network: None, Subnet: None, Router: None
2025-04-03 03:34:38.918 69672 INFO tempest.lib.common.rest_client [req-78246034-b6ec-4aef-9514-7ea3dfcbcb89 req-78246034-b6ec-4aef-9514-7ea3dfcbcb89 ] Request (ServicesAdminNegativeV253TestJSON:setUpClass): 201 POST http://10.180.1.21/identity/v3/users 0.095s
2025-04-03 03:34:38.934 69680 INFO tempest.lib.common.rest_client [req-b83dc9f7-e012-470a-acd4-fadbac96c098 req-b83dc9f7-e012-470a-acd4-fadbac96c098 ] Request (ServerRescueNegativeTestJSON:setUpClass): 200 GET http://10.180.1.21/identity/v3/roles 0.100s
2025-04-03 03:34:38.954 69672 INFO tempest.lib.common.rest_client [req-5a163522-43f1-4136-a264-7b4188639a9a req-5a163522-43f1-4136-a264-7b4188639a9a ] Request (ServicesAdminNegativeV253TestJSON:setUpClass): 200 GET http://10.180.1.21/identity/v3/roles 0.036s
2025-04-03 03:34:38.961 69690 INFO tempest.lib.common.rest_client [req-b721880e-c9aa-49f7-8597-e7817774a573 req-b721880e-c9aa-49f7-8597-e7817774a573 ] Request (AggregatesAdminNegativeTestJSON:setUpClass): 200 GET http://10.180.1.21/compute/v2.1/os-services?binary=nova-compute 3.357s
2025-04-03 03:34:38.975 69680 INFO tempest.lib.common.rest_client [req-1e5844f4-0840-43aa-8d76-dc7f98519b71 req-1e5844f4-0840-43aa-8d76-dc7f98519b71 ] Request (ServerRescueNegativeTestJSON:setUpClass): 204 PUT http://10.180.1.21/identity/v3/projects/f35c9784047041ef95c69e4cd2040171/users/da39060d854f49629c0d6e4cb6cd894b/roles/1be87f3c92b549c98e7cf7379439aff6 0.040s
2025-04-03 03:34:38.975 69680 INFO tempest.lib.common.dynamic_creds [-] Dynamic test user da39060d854f49629c0d6e4cb6cd894b is created with scope project and roles: ['member']
2025-04-03 03:34:38.975 69680 INFO tempest.lib.common.dynamic_creds [-] Acquired dynamic creds: credentials: Credentials: {'domain_id': 'default', 'domain_name': 'Default', 'username': 'tempest-ServerRescueNegativeTestJSON-2006750835-project-member', 'project_domain_id': 'default', 'project_domain_name': 'Default', 'project_id': 'f35c9784047041ef95c69e4cd2040171', 'project_name': 'tempest-ServerRescueNegativeTestJSON-2006750835', 'tenant_id': 'f35c9784047041ef95c69e4cd2040171', 'tenant_name': 'tempest-ServerRescueNegativeTestJSON-2006750835', 'user_domain_id': 'default', 'user_domain_name': 'Default', 'user_id': 'da39060d854f49629c0d6e4cb6cd894b', 'system': None}, Network: None, Subnet: None, Router: None
2025-04-03 03:34:38.996 69648 INFO tempest.lib.common.rest_client [req-498be70c-1bfe-4895-bf74-1a867ff654b3 req-498be70c-1bfe-4895-bf74-1a867ff654b3 ] Request (MigrationsAdminTest:setUpClass): 201 POST http://10.180.1.21/identity/v3/auth/tokens 0.122s
2025-04-03 03:34:39.020 69672 INFO tempest.lib.common.rest_client [req-48a91234-9186-410c-8fa5-61b29daa7f41 req-48a91234-9186-410c-8fa5-61b29daa7f41 ] Request (ServicesAdminNegativeV253TestJSON:setUpClass): 204 PUT http://10.180.1.21/identity/v3/projects/2deb532320eb4c0aa9f041caabd73885/users/46389a246c44437f9b2f1a62e594df0b/roles/1be87f3c92b549c98e7cf7379439aff6 0.066s
2025-04-03 03:34:39.021 69672 INFO tempest.lib.common.dynamic_creds [-] Dynamic test user 46389a246c44437f9b2f1a62e594df0b is created with scope project and roles: ['member']
2025-04-03 03:34:39.021 69672 INFO tempest.lib.common.dynamic_creds [-] Acquired dynamic creds: credentials: Credentials: {'domain_id': 'default', 'domain_name': 'Default', 'username': 'tempest-ServicesAdminNegativeV253TestJSON-445698137-project-member', 'project_domain_id': 'default', 'project_domain_name': 'Default', 'project_id': '2deb532320eb4c0aa9f041caabd73885', 'project_name': 'tempest-ServicesAdminNegativeV253TestJSON-445698137', 'tenant_id': '2deb532320eb4c0aa9f041caabd73885', 'tenant_name': 'tempest-ServicesAdminNegativeV253TestJSON-445698137', 'user_domain_id': 'default', 'user_domain_name': 'Default', 'user_id': '46389a246c44437f9b2f1a62e594df0b', 'system': None}, Network: None, Subnet: None, Router: None
2025-04-03 03:34:39.021 69672 INFO tempest.lib.common.dynamic_creds [-] Created isolated network resources for: credentials: Credentials: {'domain_id': 'default', 'domain_name': 'Default', 'username': 'tempest-ServicesAdminNegativeV253TestJSON-445698137-project-member', 'project_domain_id': 'default', 'project_domain_name': 'Default', 'project_id': '2deb532320eb4c0aa9f041caabd73885', 'project_name': 'tempest-ServicesAdminNegativeV253TestJSON-445698137', 'tenant_id': '2deb532320eb4c0aa9f041caabd73885', 'tenant_name': 'tempest-ServicesAdminNegativeV253TestJSON-445698137', 'user_domain_id': 'default', 'user_domain_name': 'Default', 'user_id': '46389a246c44437f9b2f1a62e594df0b', 'system': None}, Network: None, Subnet: None, Router: None
2025-04-03 03:34:39.067 69680 INFO tempest.lib.common.rest_client [req-ec573ee2-979b-461e-bc0a-dc0621634145 req-ec573ee2-979b-461e-bc0a-dc0621634145 ] Request (ServerRescueNegativeTestJSON:setUpClass): 201 POST http://10.180.1.21/identity/v3/auth/tokens 0.091s
2025-04-03 03:34:39.089 69648 INFO tempest.lib.common.rest_client [req-44025bf9-1692-47e7-8619-8e6eed3e5eb7 req-44025bf9-1692-47e7-8619-8e6eed3e5eb7 ] Request (MigrationsAdminTest:setUpClass): 201 POST http://10.180.1.21/identity/v3/projects 0.092s
2025-04-03 03:34:39.112 69654 INFO tempest.lib.common.rest_client [req-22d77dc5-c06c-4442-9816-77f11bdc49cc req-22d77dc5-c06c-4442-9816-77f11bdc49cc ] Request (HypervisorAdminTestJSON:test_get_hypervisor_list): 200 GET http://10.180.1.21/compute/v2.1/os-hypervisors 3.442s
2025-04-03 03:34:39.156 69672 INFO tempest.lib.common.rest_client [req-e7cda717-0c24-4e46-a3f2-89a9d2a5a4a3 req-e7cda717-0c24-4e46-a3f2-89a9d2a5a4a3 ] Request (ServicesAdminNegativeV253TestJSON:setUpClass): 201 POST http://10.180.1.21/identity/v3/auth/tokens 0.128s
2025-04-03 03:34:39.218 69648 INFO tempest.lib.common.rest_client [req-3e2a71ca-2347-486f-98c5-b3d531128d6c req-3e2a71ca-2347-486f-98c5-b3d531128d6c ] Request (MigrationsAdminTest:setUpClass): 201 POST http://10.180.1.21/identity/v3/users 0.128s
2025-04-03 03:34:39.249 69672 INFO tempest.lib.common.rest_client [req-9e57f993-4e92-4238-aca7-9690db571987 req-9e57f993-4e92-4238-aca7-9690db571987 ] Request (ServicesAdminNegativeV253TestJSON:setUpClass): 201 POST http://10.180.1.21/identity/v3/projects 0.092s
2025-04-03 03:34:39.295 69698 INFO tempest.lib.common.rest_client [req-8b9e5224-86a5-4c76-aefe-3e9b6251103c req-8b9e5224-86a5-4c76-aefe-3e9b6251103c ] Request (FloatingIPsTestJSON:test_allocate_floating_ip): 200 POST http://10.180.1.21/compute/v2.1/os-floating-ips 4.357s
2025-04-03 03:34:39.303 69648 INFO tempest.lib.common.rest_client [req-b669304e-192a-457c-95e8-4f87685e37c5 req-b669304e-192a-457c-95e8-4f87685e37c5 ] Request (MigrationsAdminTest:setUpClass): 200 GET http://10.180.1.21/identity/v3/roles 0.084s
2025-04-03 03:34:39.319 69644 INFO tempest.lib.common.rest_client [req-b675b9df-9c60-4082-b475-af0b681f67f0 req-b675b9df-9c60-4082-b475-af0b681f67f0 ] Request (AZAdminV2TestJSON:test_get_availability_zone_list): 200 GET http://10.180.1.21/compute/v2.1/os-availability-zone 3.601s
2025-04-03 03:34:39.320 69672 INFO tempest.lib.common.rest_client [req-69a5ec79-2e91-4efc-a434-6df8bc35919f req-69a5ec79-2e91-4efc-a434-6df8bc35919f ] Request (ServicesAdminNegativeV253TestJSON:setUpClass): 201 POST http://10.180.1.21/identity/v3/users 0.070s
2025-04-03 03:34:39.352 69648 INFO tempest.lib.common.rest_client [req-34c2fed1-60ce-421e-97a1-e0041b7ed841 req-34c2fed1-60ce-421e-97a1-e0041b7ed841 ] Request (MigrationsAdminTest:setUpClass): 204 PUT http://10.180.1.21/identity/v3/projects/8eaadef990f645ee904a2c96eb2b7d30/users/560eae48ef10466ea41f0d8471423555/roles/bac277d8b8ae4f49a0c7737b3fcb06ce 0.049s
2025-04-03 03:34:39.430 69680 INFO tempest.lib.common.rest_client [req-372475c7-ec9c-4726-88bb-580059593b5b req-372475c7-ec9c-4726-88bb-580059593b5b ] Request (ServerRescueNegativeTestJSON:setUpClass): 201 POST http://10.180.1.21:9696/networking/v2.0/networks 0.362s
2025-04-03 03:34:39.493 69668 INFO tempest.lib.common.rest_client [req-6380fb05-24fd-43f6-a211-cf03e814e3f8 req-6380fb05-24fd-43f6-a211-cf03e814e3f8 ] Request (FlavorsAdminTestJSON:test_create_flavor_using_string_ram): 200 POST http://10.180.1.21/compute/v2.1/flavors 3.693s
2025-04-03 03:34:39.495 69646 INFO tempest.lib.common.rest_client [req-35e952a6-218d-40eb-860c-c3a746be1395 req-35e952a6-218d-40eb-860c-c3a746be1395 ] Request (VolumesAssistedSnapshotsTest:setUpClass): 201 POST http://10.180.1.21:9696/networking/v2.0/routers 1.563s
2025-04-03 03:34:39.508 69670 INFO tempest.lib.common.rest_client [req-047ad067-6d31-4d59-9337-aff53f5b909f req-047ad067-6d31-4d59-9337-aff53f5b909f ] Request (InstanceUsageAuditLogTestJSON:test_get_instance_usage_audit_log): 200 GET http://10.180.1.21/compute/v2.1/os-instance_usage_audit_log/2025-04-03%2003%3A34%3A35 3.754s
2025-04-03 03:34:39.512 69672 INFO tempest.lib.common.rest_client [req-064da09a-f733-4969-b6c7-0bdcab516e6d req-064da09a-f733-4969-b6c7-0bdcab516e6d ] Request (ServicesAdminNegativeV253TestJSON:setUpClass): 200 GET http://10.180.1.21/identity/v3/roles 0.191s
2025-04-03 03:34:39.520 69648 INFO tempest.lib.common.rest_client [req-47d68484-58d8-4fe2-8147-18f693df5aa4 req-47d68484-58d8-4fe2-8147-18f693df5aa4 ] Request (MigrationsAdminTest:setUpClass): 200 GET http://10.180.1.21/identity/v3/roles 0.166s
2025-04-03 03:34:39.578 69680 INFO tempest.lib.common.rest_client [req-0cb59a7b-3a7c-4004-8926-7e3e4c116efe req-0cb59a7b-3a7c-4004-8926-7e3e4c116efe ] Request (ServerRescueNegativeTestJSON:setUpClass): 201 POST http://10.180.1.21:9696/networking/v2.0/subnets 0.147s
2025-04-03 03:34:39.593 69648 INFO tempest.lib.common.rest_client [req-59178b1e-de9b-42c3-860c-40d5e94c7cd1 req-59178b1e-de9b-42c3-860c-40d5e94c7cd1 ] Request (MigrationsAdminTest:setUpClass): 204 PUT http://10.180.1.21/identity/v3/projects/8eaadef990f645ee904a2c96eb2b7d30/users/560eae48ef10466ea41f0d8471423555/roles/bac277d8b8ae4f49a0c7737b3fcb06ce 0.072s
2025-04-03 03:34:39.593 69648 INFO tempest.lib.common.dynamic_creds [-] Dynamic test user 560eae48ef10466ea41f0d8471423555 is created with scope project and roles: ['admin']
2025-04-03 03:34:39.593 69648 INFO tempest.lib.common.dynamic_creds [-] Acquired dynamic creds: credentials: Credentials: {'domain_id': 'default', 'domain_name': 'Default', 'username': 'tempest-MigrationsAdminTest-1113200088-project-admin', 'project_domain_id': 'default', 'project_domain_name': 'Default', 'project_id': '8eaadef990f645ee904a2c96eb2b7d30', 'project_name': 'tempest-MigrationsAdminTest-1113200088', 'tenant_id': '8eaadef990f645ee904a2c96eb2b7d30', 'tenant_name': 'tempest-MigrationsAdminTest-1113200088', 'user_domain_id': 'default', 'user_domain_name': 'Default', 'user_id': '560eae48ef10466ea41f0d8471423555', 'system': None}, Network: None, Subnet: None, Router: None
2025-04-03 03:34:39.594 69648 INFO tempest.lib.common.dynamic_creds [-] Created isolated network resources for: credentials: Credentials: {'domain_id': 'default', 'domain_name': 'Default', 'username': 'tempest-MigrationsAdminTest-1113200088-project-admin', 'project_domain_id': 'default', 'project_domain_name': 'Default', 'project_id': '8eaadef990f645ee904a2c96eb2b7d30', 'project_name': 'tempest-MigrationsAdminTest-1113200088', 'tenant_id': '8eaadef990f645ee904a2c96eb2b7d30', 'tenant_name': 'tempest-MigrationsAdminTest-1113200088', 'user_domain_id': 'default', 'user_domain_name': 'Default', 'user_id': '560eae48ef10466ea41f0d8471423555', 'system': None}, Network: None, Subnet: None, Router: None
2025-04-03 03:34:39.594 69682 INFO tempest.lib.common.rest_client [req-7fb60377-6d37-48d4-9994-972cfaa31efd req-7fb60377-6d37-48d4-9994-972cfaa31efd ] Request (FlavorsExtraSpecsTestJSON:setUpClass): 200 POST http://10.180.1.21/compute/v2.1/flavors 3.769s
2025-04-03 03:34:39.599 69672 INFO tempest.lib.common.rest_client [req-240894d0-3799-45ab-836c-da7e8aa0de95 req-240894d0-3799-45ab-836c-da7e8aa0de95 ] Request (ServicesAdminNegativeV253TestJSON:setUpClass): 204 PUT http://10.180.1.21/identity/v3/projects/2e1421183c03462ca7af28253f36cc47/users/a3a3032a5faa4b5e8741432af08ff497/roles/bac277d8b8ae4f49a0c7737b3fcb06ce 0.085s
2025-04-03 03:34:39.612 69692 INFO tempest.lib.common.rest_client [req-497b15d7-ae7c-4112-89ea-2cee2be6a730 req-497b15d7-ae7c-4112-89ea-2cee2be6a730 ] Request (HostsAdminNegativeTestJSON:setUpClass): 200 GET http://10.180.1.21/compute/v2.1/os-hosts 3.750s
2025-04-03 03:34:39.705 69648 INFO tempest.lib.common.rest_client [req-aed140ba-b676-4726-9e5a-49c0f1bea635 req-aed140ba-b676-4726-9e5a-49c0f1bea635 ] Request (MigrationsAdminTest:setUpClass): 201 POST http://10.180.1.21/identity/v3/auth/tokens 0.107s
2025-04-03 03:34:39.734 69658 INFO tempest.lib.common.rest_client [req-a789f54e-3254-461c-954c-4e9fb9eb05d3 req-a789f54e-3254-461c-954c-4e9fb9eb05d3 ] Request (AZAdminNegativeTestJSON:test_get_availability_zone_list_detail_with_non_admin_user): 403 GET http://10.180.1.21/compute/v2.1/os-availability-zone/detail 3.848s
2025-04-03 03:34:39.761 69672 INFO tempest.lib.common.rest_client [req-c46aa40b-3e34-434f-abe8-cd2475c4b958 req-c46aa40b-3e34-434f-abe8-cd2475c4b958 ] Request (ServicesAdminNegativeV253TestJSON:setUpClass): 200 GET http://10.180.1.21/identity/v3/roles 0.162s
2025-04-03 03:34:39.816 69660 INFO tempest.lib.common.rest_client [req-b0f3fefd-7927-48a6-9d20-340549fdfcae req-b0f3fefd-7927-48a6-9d20-340549fdfcae ] Request (ServersAdminTestJSON:setUpClass): 201 POST http://10.180.1.21:9696/networking/v2.0/routers 1.608s
