2025-04-03 03:34:43.995 69676 INFO tempest.lib.common.rest_client [req-8f7ef994-5078-40f3-8cab-8a0a2e13089d req-8f7ef994-5078-40f3-8cab-8a0a2e13089d ] Request (TenantUsagesNegativeTestJSON:tearDownClass): 201 POST http://10.180.1.21/identity/v3/auth/tokens 0.308s
2025-04-03 03:34:44.002 69638 INFO tempest.lib.common.rest_client [req-6636cb99-b898-4f2a-b46d-34efa952ee02 req-6636cb99-b898-4f2a-b46d-34efa952ee02 ] Request (FlavorMetadataValidation:tearDownClass): 201 POST http://10.180.1.21/identity/v3/auth/tokens 0.222s
2025-04-03 03:34:44.018 69644 INFO tempest.lib.common.rest_client [req-7eb055bd-744c-42fc-9edb-fe2c21d912bf req-7eb055bd-744c-42fc-9edb-fe2c21d912bf ] Request (HypervisorAdminV253TestBase:setUpClass): 201 POST http://10.180.1.21/identity/v3/auth/tokens 0.233s
2025-04-03 03:34:44.025 69670 INFO tempest.lib.common.rest_client [req-9af5414f-9611-4ab2-877a-0eb242f3348e req-9af5414f-9611-4ab2-877a-0eb242f3348e ] Request (ServicesAdminTestJSON:setUpClass): 201 POST http://10.180.1.21/identity/v3/auth/tokens 0.131s
2025-04-03 03:34:44.042 69656 INFO tempest.lib.common.rest_client [req-3ead73df-762c-482b-b7e5-cc1c5e429201 req-3ead73df-762c-482b-b7e5-cc1c5e429201 ] Request (InstanceUsageAuditLogNegativeTestJSON:tearDownClass): 200 GET http://10.180.1.21:9696/networking/v2.0/security-groups?tenant_id=b253b46c49ce48a38476e4f2da1c1a29&name=default 0.530s
2025-04-03 03:34:44.149 69644 INFO tempest.lib.common.rest_client [req-106a9009-6c3b-4b60-8956-d299f9757d2e req-106a9009-6c3b-4b60-8956-d299f9757d2e ] Request (HypervisorAdminV253TestBase:setUpClass): 201 POST http://10.180.1.21/identity/v3/auth/tokens 0.129s
2025-04-03 03:34:44.159 69670 INFO tempest.lib.common.rest_client [req-9769d0ff-008c-46f8-862d-e48fe995dee2 req-9769d0ff-008c-46f8-862d-e48fe995dee2 ] Request (ServicesAdminTestJSON:setUpClass): 201 POST http://10.180.1.21/identity/v3/auth/tokens 0.132s
2025-04-03 03:34:44.184 69698 INFO tempest.lib.common.rest_client [req-9002be28-d0f8-4cdf-9796-e0b27a03b999 req-9002be28-d0f8-4cdf-9796-e0b27a03b999 ] Request (FloatingIPsTestJSON:test_allocate_floating_ip): 200 GET http://10.180.1.21/compute/v2.1/os-floating-ips 2.214s
2025-04-03 03:34:44.191 69692 INFO tempest.lib.common.rest_client [req-2591c39d-4dfd-4613-af9b-e99a066fa291 req-2591c39d-4dfd-4613-af9b-e99a066fa291 ] Request (HostsAdminNegativeTestJSON:test_reboot_host_with_non_admin_user): 403 GET http://10.180.1.21/compute/v2.1/os-hosts/devstack/reboot 2.028s
2025-04-03 03:34:44.228 69644 INFO tempest.lib.common.rest_client [req-2cfcef98-7803-4d12-afcb-8a50b2bfa5cb req-2cfcef98-7803-4d12-afcb-8a50b2bfa5cb ] Request (HypervisorAdminV253TestBase:setUpClass): 200 GET http://10.180.1.21/identity/v3/domains?name=Default 0.078s
2025-04-03 03:34:44.243 69670 INFO tempest.lib.common.rest_client [req-11f06382-f5c2-44c3-898f-325d8c3ac963 req-11f06382-f5c2-44c3-898f-325d8c3ac963 ] Request (ServicesAdminTestJSON:setUpClass): 200 GET http://10.180.1.21/identity/v3/domains?name=Default 0.083s
2025-04-03 03:34:44.280 69644 INFO tempest.lib.common.rest_client [req-e42ff77d-5484-4944-91ee-db41f67a7e72 req-e42ff77d-5484-4944-91ee-db41f67a7e72 ] Request (HypervisorAdminV253TestBase:setUpClass): 201 POST http://10.180.1.21/identity/v3/projects 0.051s
2025-04-03 03:34:44.304 69690 INFO tempest.lib.common.rest_client [req-bb933c4e-498a-4769-a9a7-3aca431f249d req-bb933c4e-498a-4769-a9a7-3aca431f249d ] Request (AggregatesAdminNegativeTestJSON:test_aggregate_add_existent_host): 200 POST http://10.180.1.21/compute/v2.1/os-aggregates/1/action 2.482s
2025-04-03 03:34:44.314 69656 INFO tempest.lib.common.rest_client [req-02d3532e-1d8a-43f2-83ea-72ab0df94ea0 req-02d3532e-1d8a-43f2-83ea-72ab0df94ea0 ] Request (InstanceUsageAuditLogNegativeTestJSON:tearDownClass): 204 DELETE http://10.180.1.21:9696/networking/v2.0/security-groups/cc7adb27-4396-44bd-9b48-c2aff77eeb84 0.271s
2025-04-03 03:34:44.331 69672 INFO tempest.lib.common.rest_client [req-ed98ed2a-c77a-4fd7-90a6-82fed8a4d322 req-ed98ed2a-c77a-4fd7-90a6-82fed8a4d322 ] Request (ServicesAdminNegativeV253TestJSON:test_disable_service_with_invalid_service_id): 404 PUT http://10.180.1.21/compute/v2.1/os-services/c12c24e4-a9a4-4dea-8b22-df59526d4716 1.845s
2025-04-03 03:34:44.367 69670 INFO tempest.lib.common.rest_client [req-d2646dd6-4189-4836-a7f4-5b3b4b704f82 req-d2646dd6-4189-4836-a7f4-5b3b4b704f82 ] Request (ServicesAdminTestJSON:setUpClass): 201 POST http://10.180.1.21/identity/v3/projects 0.123s
2025-04-03 03:34:44.388 69644 INFO tempest.lib.common.rest_client [req-cd394704-4c22-4b1a-9531-57cbe035e292 req-cd394704-4c22-4b1a-9531-57cbe035e292 ] Request (HypervisorAdminV253TestBase:setUpClass): 201 POST http://10.180.1.21/identity/v3/users 0.106s
2025-04-03 03:34:44.500 69656 INFO tempest.lib.common.rest_client [req-80bda230-c118-4cb4-9ae7-0f40d93367d5 req-80bda230-c118-4cb4-9ae7-0f40d93367d5 ] Request (InstanceUsageAuditLogNegativeTestJSON:tearDownClass): 204 DELETE http://10.180.1.21/identity/v3/projects/b253b46c49ce48a38476e4f2da1c1a29 0.186s
2025-04-03 03:34:44.501 69656 INFO tempest.lib.common.dynamic_creds [-] Deleting project and security group for project: b16ff3addde64c97abdb210799dcbf15
2025-04-03 03:34:44.565 69676 INFO tempest.lib.common.rest_client [req-3685453f-a7cc-4c76-9345-98bc9a4ad469 req-3685453f-a7cc-4c76-9345-98bc9a4ad469 ] Request (TenantUsagesNegativeTestJSON:tearDownClass): 200 GET http://10.180.1.21:9696/networking/v2.0/security-groups?tenant_id=6907ff78074f4301b384e7669338ba25&name=default 0.570s
2025-04-03 03:34:44.570 69686 INFO tempest.lib.common.rest_client [req-c6cb4c13-eed0-4ce2-95f8-9f6e6aa3b01f req-c6cb4c13-eed0-4ce2-95f8-9f6e6aa3b01f ] Request (QuotasAdminTestV257:tearDownClass): 200 GET http://10.180.1.21:9696/networking/v2.0/security-groups?tenant_id=1cfe38d662314b7998eaf2d0fe69a560&name=default 0.653s
2025-04-03 03:34:44.587 69670 INFO tempest.lib.common.rest_client [req-ddc428e5-c556-4f0c-97a3-17781553d3c2 req-ddc428e5-c556-4f0c-97a3-17781553d3c2 ] Request (ServicesAdminTestJSON:setUpClass): 201 POST http://10.180.1.21/identity/v3/users 0.220s
2025-04-03 03:34:44.601 69644 INFO tempest.lib.common.rest_client [req-7608efc0-755c-4c2f-a6b0-01fd120cd8c5 req-7608efc0-755c-4c2f-a6b0-01fd120cd8c5 ] Request (HypervisorAdminV253TestBase:setUpClass): 200 GET http://10.180.1.21/identity/v3/roles 0.213s
2025-04-03 03:34:44.615 69638 INFO tempest.lib.common.rest_client [req-88ab34a9-d41d-40ac-bcb1-144e30962d5b req-88ab34a9-d41d-40ac-bcb1-144e30962d5b ] Request (FlavorMetadataValidation:tearDownClass): 200 GET http://10.180.1.21:9696/networking/v2.0/security-groups?tenant_id=fd5936ac71414bd2881400c9eafc73e8&name=default 0.612s
2025-04-03 03:34:44.617 69670 INFO tempest.lib.common.rest_client [req-45b69b15-7ea2-461f-b31b-a9cb4c8b8bfb req-45b69b15-7ea2-461f-b31b-a9cb4c8b8bfb ] Request (ServicesAdminTestJSON:setUpClass): 200 GET http://10.180.1.21/identity/v3/roles 0.030s
2025-04-03 03:34:44.631 69644 INFO tempest.lib.common.rest_client [req-b35c8da6-6a17-445d-9c9a-e5f270e06ca1 req-b35c8da6-6a17-445d-9c9a-e5f270e06ca1 ] Request (HypervisorAdminV253TestBase:setUpClass): 204 PUT http://10.180.1.21/identity/v3/projects/68826b907fb140e59dc28b22c7b3f586/users/e04cd9d4238147c48317d917a2a2bda9/roles/1be87f3c92b549c98e7cf7379439aff6 0.030s
2025-04-03 03:34:44.631 69644 INFO tempest.lib.common.dynamic_creds [-] Dynamic test user e04cd9d4238147c48317d917a2a2bda9 is created with scope project and roles: ['member']
2025-04-03 03:34:44.632 69644 INFO tempest.lib.common.dynamic_creds [-] Acquired dynamic creds: credentials: Credentials: {'domain_id': 'default', 'domain_name': 'Default', 'username': 'tempest-HypervisorAdminV253TestBase-17922130-project-member', 'project_domain_id': 'default', 'project_domain_name': 'Default', 'project_id': '68826b907fb140e59dc28b22c7b3f586', 'project_name': 'tempest-HypervisorAdminV253TestBase-17922130', 'tenant_id': '68826b907fb140e59dc28b22c7b3f586', 'tenant_name': 'tempest-HypervisorAdminV253TestBase-17922130', 'user_domain_id': 'default', 'user_domain_name': 'Default', 'user_id': 'e04cd9d4238147c48317d917a2a2bda9', 'system': None}, Network: None, Subnet: None, Router: None
2025-04-03 03:34:44.632 69644 INFO tempest.lib.common.dynamic_creds [-] Created isolated network resources for: credentials: Credentials: {'domain_id': 'default', 'domain_name': 'Default', 'username': 'tempest-HypervisorAdminV253TestBase-17922130-project-member', 'project_domain_id': 'default', 'project_domain_name': 'Default', 'project_id': '68826b907fb140e59dc28b22c7b3f586', 'project_name': 'tempest-HypervisorAdminV253TestBase-17922130', 'tenant_id': '68826b907fb140e59dc28b22c7b3f586', 'tenant_name': 'tempest-HypervisorAdminV253TestBase-17922130', 'user_domain_id': 'default', 'user_domain_name': 'Default', 'user_id': 'e04cd9d4238147c48317d917a2a2bda9', 'system': None}, Network: None, Subnet: None, Router: None
2025-04-03 03:34:44.647 69670 INFO tempest.lib.common.rest_client [req-3018691b-f1fc-4960-8c0e-edf45a75082b req-3018691b-f1fc-4960-8c0e-edf45a75082b ] Request (ServicesAdminTestJSON:setUpClass): 204 PUT http://10.180.1.21/identity/v3/projects/fea5ca9e45704f9393ec85e13ce4c4a7/users/26b9d6e8227d44f2b580877a39859e35/roles/1be87f3c92b549c98e7cf7379439aff6 0.029s
2025-04-03 03:34:44.648 69670 INFO tempest.lib.common.dynamic_creds [-] Dynamic test user 26b9d6e8227d44f2b580877a39859e35 is created with scope project and roles: ['member']
2025-04-03 03:34:44.648 69670 INFO tempest.lib.common.dynamic_creds [-] Acquired dynamic creds: credentials: Credentials: {'domain_id': 'default', 'domain_name': 'Default', 'username': 'tempest-ServicesAdminTestJSON-139613864-project-member', 'project_domain_id': 'default', 'project_domain_name': 'Default', 'project_id': 'fea5ca9e45704f9393ec85e13ce4c4a7', 'project_name': 'tempest-ServicesAdminTestJSON-139613864', 'tenant_id': 'fea5ca9e45704f9393ec85e13ce4c4a7', 'tenant_name': 'tempest-ServicesAdminTestJSON-139613864', 'user_domain_id': 'default', 'user_domain_name': 'Default', 'user_id': '26b9d6e8227d44f2b580877a39859e35', 'system': None}, Network: None, Subnet: None, Router: None
2025-04-03 03:34:44.648 69670 INFO tempest.lib.common.dynamic_creds [-] Created isolated network resources for: credentials: Credentials: {'domain_id': 'default', 'domain_name': 'Default', 'username': 'tempest-ServicesAdminTestJSON-139613864-project-member', 'project_domain_id': 'default', 'project_domain_name': 'Default', 'project_id': 'fea5ca9e45704f9393ec85e13ce4c4a7', 'project_name': 'tempest-ServicesAdminTestJSON-139613864', 'tenant_id': 'fea5ca9e45704f9393ec85e13ce4c4a7', 'tenant_name': 'tempest-ServicesAdminTestJSON-139613864', 'user_domain_id': 'default', 'user_domain_name': 'Default', 'user_id': '26b9d6e8227d44f2b580877a39859e35', 'system': None}, Network: None, Subnet: None, Router: None
2025-04-03 03:34:44.699 69644 INFO tempest.lib.common.rest_client [req-733ee9df-13e5-4ef8-b74c-cfba4f6a6e4d req-733ee9df-13e5-4ef8-b74c-cfba4f6a6e4d ] Request (HypervisorAdminV253TestBase:setUpClass): 201 POST http://10.180.1.21/identity/v3/auth/tokens 0.063s
2025-04-03 03:34:44.714 69670 INFO tempest.lib.common.rest_client [req-8532ae41-571f-4693-8cde-36c978b8452a req-8532ae41-571f-4693-8cde-36c978b8452a ] Request (ServicesAdminTestJSON:setUpClass): 201 POST http://10.180.1.21/identity/v3/auth/tokens 0.062s
2025-04-03 03:34:44.769 69644 INFO tempest.lib.common.rest_client [req-7cc1bd7e-aa9c-495e-9f3f-b015e342b4b0 req-7cc1bd7e-aa9c-495e-9f3f-b015e342b4b0 ] Request (HypervisorAdminV253TestBase:setUpClass): 201 POST http://10.180.1.21/identity/v3/projects 0.069s
2025-04-03 03:34:44.788 69656 INFO tempest.lib.common.rest_client [req-ae47e8bb-d3b1-4f3c-a3d1-6f9010e3bc35 req-ae47e8bb-d3b1-4f3c-a3d1-6f9010e3bc35 ] Request (InstanceUsageAuditLogNegativeTestJSON:tearDownClass): 200 GET http://10.180.1.21:9696/networking/v2.0/security-groups?tenant_id=b16ff3addde64c97abdb210799dcbf15&name=default 0.287s
2025-04-03 03:34:44.813 69638 INFO tempest.lib.common.rest_client [req-6991d04b-f023-4def-9135-9a8b05b1f122 req-6991d04b-f023-4def-9135-9a8b05b1f122 ] Request (FlavorMetadataValidation:tearDownClass): 204 DELETE http://10.180.1.21:9696/networking/v2.0/security-groups/0fcca70a-2765-4bd3-ac3e-8acf86050218 0.197s
2025-04-03 03:34:44.820 69648 INFO tempest.lib.common.rest_client [req-965eaf0d-fac9-46dc-85b7-2ad9a897fefa req-965eaf0d-fac9-46dc-85b7-2ad9a897fefa ] Request (MigrationsAdminTest:test_list_migrations_in_flavor_resize_situation): 202 POST http://10.180.1.21/compute/v2.1/servers 2.361s
2025-04-03 03:34:44.832 69644 INFO tempest.lib.common.rest_client [req-3a3fdc86-ca1b-4c45-8bbe-d635aa778851 req-3a3fdc86-ca1b-4c45-8bbe-d635aa778851 ] Request (HypervisorAdminV253TestBase:setUpClass): 201 POST http://10.180.1.21/identity/v3/users 0.063s
2025-04-03 03:34:44.832 69676 INFO tempest.lib.common.rest_client [req-1519a27d-7789-4a68-80d1-d16bd5664a10 req-1519a27d-7789-4a68-80d1-d16bd5664a10 ] Request (TenantUsagesNegativeTestJSON:tearDownClass): 204 DELETE http://10.180.1.21:9696/networking/v2.0/security-groups/8058d211-ba4b-4c2f-8cb8-202101cef8d6 0.266s
2025-04-03 03:34:44.833 69686 INFO tempest.lib.common.rest_client [req-3dd4eafd-921c-440b-9546-b80f2e02a556 req-3dd4eafd-921c-440b-9546-b80f2e02a556 ] Request (QuotasAdminTestV257:tearDownClass): 204 DELETE http://10.180.1.21:9696/networking/v2.0/security-groups/f8a5aef9-b313-4d13-ac31-3a4a66e2cef9 0.261s
2025-04-03 03:34:44.842 69670 INFO tempest.lib.common.rest_client [req-610914b6-8e5c-487d-97cb-e3e383b521b7 req-610914b6-8e5c-487d-97cb-e3e383b521b7 ] Request (ServicesAdminTestJSON:setUpClass): 201 POST http://10.180.1.21/identity/v3/projects 0.127s
2025-04-03 03:34:44.932 69676 INFO tempest.lib.common.rest_client [req-0ac01b71-3d1e-4bd2-92ad-2f78ecdc7647 req-0ac01b71-3d1e-4bd2-92ad-2f78ecdc7647 ] Request (TenantUsagesNegativeTestJSON:tearDownClass): 204 DELETE http://10.180.1.21/identity/v3/projects/6907ff78074f4301b384e7669338ba25 0.099s
2025-04-03 03:34:44.932 69676 INFO tempest.lib.common.dynamic_creds [-] Deleting project and security group for project: c048209b4fd14bd5982455a6d5427a32
2025-04-03 03:34:44.945 69638 INFO tempest.lib.common.rest_client [req-5bec9e99-4f90-4de0-99d6-50145a799630 req-5bec9e99-4f90-4de0-99d6-50145a799630 ] Request (FlavorMetadataValidation:tearDownClass): 204 DELETE http://10.180.1.21/identity/v3/projects/fd5936ac71414bd2881400c9eafc73e8 0.132s
2025-04-03 03:34:44.946 69638 INFO tempest.lib.common.dynamic_creds [-] Deleting project and security group for project: 3e033481f07144378d1ea2f1c2d1d9cd
2025-04-03 03:34:45.002 69644 INFO tempest.lib.common.rest_client [req-d1fb56c7-0144-43da-bf17-35fc3ff4e143 req-d1fb56c7-0144-43da-bf17-35fc3ff4e143 ] Request (HypervisorAdminV253TestBase:setUpClass): 200 GET http://10.180.1.21/identity/v3/roles 0.169s
2025-04-03 03:34:45.009 69650 INFO tempest.lib.common.rest_client [req-f0b3ea9e-d46c-4829-b211-e55294f0afa0 req-f0b3ea9e-d46c-4829-b211-e55294f0afa0 ] Request (AttachInterfacesTestJSON:test_create_list_show_delete_interfaces_by_fixed_ip): 200 GET http://10.180.1.21/compute/v2.1/servers/90fb9d48-f1f0-4f55-9e0f-673d7d78c380 2.443s
2025-04-03 03:34:45.015 69662 INFO tempest.lib.common.rest_client [req-85fcafe9-b81a-47ff-a58c-3dafe1679b5a req-85fcafe9-b81a-47ff-a58c-3dafe1679b5a ] Request (FlavorsExtraSpecsNegativeTestJSON:test_flavor_non_admin_set_keys): 403 POST http://10.180.1.21/compute/v2.1/flavors/1653613740/os-extra_specs 2.408s
2025-04-03 03:34:45.019 69650 INFO tempest.common.waiters [-] State transition "BUILD/None" ==> "BUILD/networking" after 4 second wait
2025-04-03 03:34:45.038 69670 INFO tempest.lib.common.rest_client [req-e7ec3f79-5b2e-4a7e-9e6b-4a384d4dec54 req-e7ec3f79-5b2e-4a7e-9e6b-4a384d4dec54 ] Request (ServicesAdminTestJSON:setUpClass): 201 POST http://10.180.1.21/identity/v3/users 0.195s
2025-04-03 03:34:45.039 69640 INFO tempest.lib.common.rest_client [req-5cd0033a-4ced-444f-99f9-12504b092a95 req-5cd0033a-4ced-444f-99f9-12504b092a95 ] Request (ServicesAdminNegativeTestJSON:test_get_service_by_invalid_service_and_valid_host): 200 GET http://10.180.1.21/compute/v2.1/os-services?host=devstack&binary=xxx 2.095s
2025-04-03 03:34:45.067 69644 INFO tempest.lib.common.rest_client [req-7c4d1d91-ae01-42ab-b928-3c2db7454b4f req-7c4d1d91-ae01-42ab-b928-3c2db7454b4f ] Request (HypervisorAdminV253TestBase:setUpClass): 204 PUT http://10.180.1.21/identity/v3/projects/9a821cf8abd44b49aefce74c52ebffab/users/fb5ff22b08e84553af2e9b7545ca3633/roles/bac277d8b8ae4f49a0c7737b3fcb06ce 0.064s
2025-04-03 03:34:45.081 69686 INFO tempest.lib.common.rest_client [req-ae75e0e3-5520-4ac2-8c0a-38f640cc6646 req-ae75e0e3-5520-4ac2-8c0a-38f640cc6646 ] Request (QuotasAdminTestV257:tearDownClass): 204 DELETE http://10.180.1.21/identity/v3/projects/1cfe38d662314b7998eaf2d0fe69a560 0.248s
2025-04-03 03:34:45.082 69686 INFO tempest.lib.common.dynamic_creds [-] Deleting project and security group for project: 82985a0eceac438e8bc0283cab74d5f7
2025-04-03 03:34:45.123 69670 INFO tempest.lib.common.rest_client [req-e15dc770-a89c-48dc-9b99-e1559f8d6d13 req-e15dc770-a89c-48dc-9b99-e1559f8d6d13 ] Request (ServicesAdminTestJSON:setUpClass): 200 GET http://10.180.1.21/identity/v3/roles 0.085s
2025-04-03 03:34:45.142 69656 INFO tempest.lib.common.rest_client [req-e9fba5e2-504e-4861-b019-62e226674d12 req-e9fba5e2-504e-4861-b019-62e226674d12 ] Request (InstanceUsageAuditLogNegativeTestJSON:tearDownClass): 204 DELETE http://10.180.1.21:9696/networking/v2.0/security-groups/c17b3c9a-23cb-4867-91ed-82d3160df61d 0.353s
2025-04-03 03:34:45.158 69644 INFO tempest.lib.common.rest_client [req-63602c9b-55eb-4815-9378-f9d2f8af4a74 req-63602c9b-55eb-4815-9378-f9d2f8af4a74 ] Request (HypervisorAdminV253TestBase:setUpClass): 200 GET http://10.180.1.21/identity/v3/roles 0.090s
2025-04-03 03:34:45.158 69636 INFO tempest.lib.common.rest_client [req-d6f63f0c-4103-41b4-97bd-d125cd26028b req-d6f63f0c-4103-41b4-97bd-d125cd26028b ] Request (ImagesOneServerTestJSON:setUpClass): 200 GET http://10.180.1.21/compute/v2.1/servers/1835d15f-f896-4741-b67d-4b5b17a8dff2 1.773s
2025-04-03 03:34:45.171 69670 INFO tempest.lib.common.rest_client [req-d31c164a-30d4-40d0-b171-ac88a530f075 req-d31c164a-30d4-40d0-b171-ac88a530f075 ] Request (ServicesAdminTestJSON:setUpClass): 204 PUT http://10.180.1.21/identity/v3/projects/94fb33d6be4440f4b7561c9c7f5b75d0/users/7498b4898a58407982b6c5d4934c54ca/roles/bac277d8b8ae4f49a0c7737b3fcb06ce 0.048s
2025-04-03 03:34:45.226 69644 INFO tempest.lib.common.rest_client [req-25eb6d23-de93-4c66-9655-f1f34717f52d req-25eb6d23-de93-4c66-9655-f1f34717f52d ] Request (HypervisorAdminV253TestBase:setUpClass): 204 PUT http://10.180.1.21/identity/v3/projects/9a821cf8abd44b49aefce74c52ebffab/users/fb5ff22b08e84553af2e9b7545ca3633/roles/bac277d8b8ae4f49a0c7737b3fcb06ce 0.068s
2025-04-03 03:34:45.226 69644 INFO tempest.lib.common.dynamic_creds [-] Dynamic test user fb5ff22b08e84553af2e9b7545ca3633 is created with scope project and roles: ['admin']
2025-04-03 03:34:45.226 69644 INFO tempest.lib.common.dynamic_creds [-] Acquired dynamic creds: credentials: Credentials: {'domain_id': 'default', 'domain_name': 'Default', 'username': 'tempest-HypervisorAdminV253TestBase-1290868768-project-admin', 'project_domain_id': 'default', 'project_domain_name': 'Default', 'project_id': '9a821cf8abd44b49aefce74c52ebffab', 'project_name': 'tempest-HypervisorAdminV253TestBase-1290868768', 'tenant_id': '9a821cf8abd44b49aefce74c52ebffab', 'tenant_name': 'tempest-HypervisorAdminV253TestBase-1290868768', 'user_domain_id': 'default', 'user_domain_name': 'Default', 'user_id': 'fb5ff22b08e84553af2e9b7545ca3633', 'system': None}, Network: None, Subnet: None, Router: None
2025-04-03 03:34:45.227 69644 INFO tempest.lib.common.dynamic_creds [-] Created isolated network resources for: credentials: Credentials: {'domain_id': 'default', 'domain_name': 'Default', 'username': 'tempest-HypervisorAdminV253TestBase-1290868768-project-admin', 'project_domain_id': 'default', 'project_domain_name': 'Default', 'project_id': '9a821cf8abd44b49aefce74c52ebffab', 'project_name': 'tempest-HypervisorAdminV253TestBase-1290868768', 'tenant_id': '9a821cf8abd44b49aefce74c52ebffab', 'tenant_name': 'tempest-HypervisorAdminV253TestBase-1290868768', 'user_domain_id': 'default', 'user_domain_name': 'Default', 'user_id': 'fb5ff22b08e84553af2e9b7545ca3633', 'system': None}, Network: None, Subnet: None, Router: None
2025-04-03 03:34:45.267 69686 INFO tempest.lib.common.rest_client [req-4a98ed2c-9373-4cc6-9e6b-4dbba51bd3dd req-4a98ed2c-9373-4cc6-9e6b-4dbba51bd3dd ] Request (QuotasAdminTestV257:tearDownClass): 200 GET http://10.180.1.21:9696/networking/v2.0/security-groups?tenant_id=82985a0eceac438e8bc0283cab74d5f7&name=default 0.185s
2025-04-03 03:34:45.269 69656 INFO tempest.lib.common.rest_client [req-aa1ad8ff-e164-4177-a6ec-76d29c944450 req-aa1ad8ff-e164-4177-a6ec-76d29c944450 ] Request (InstanceUsageAuditLogNegativeTestJSON:tearDownClass): 204 DELETE http://10.180.1.21/identity/v3/projects/b16ff3addde64c97abdb210799dcbf15 0.127s
2025-04-03 03:34:45.273 69652 INFO tempest.lib.common.rest_client [req-62c0f238-f86f-4cdb-9661-65f2929cf887 req-62c0f238-f86f-4cdb-9661-65f2929cf887 ] Request (FloatingIPsAssociationNegativeTestJSON:setUpClass): 200 GET http://10.180.1.21/compute/v2.1/servers/62e4ab82-69e0-4698-996a-72bb7fb7ecdd 1.836s
2025-04-03 03:34:45.292 69666 INFO tempest.lib.common.rest_client [req-87f8575b-32c4-4e09-b0cd-c325e09eead3 req-87f8575b-32c4-4e09-b0cd-c325e09eead3 ] Request (ServersWithSpecificFlavorTestJSON:test_verify_created_server_ephemeral_disk): 200 GET http://10.180.1.21/compute/v2.1/flavors/42/os-extra_specs 1.821s
2025-04-03 03:34:45.327 69678 INFO tempest.lib.common.rest_client [req-7511c09b-e5ef-43ef-a17f-1ae78caf9f91 req-7511c09b-e5ef-43ef-a17f-1ae78caf9f91 ] Request (FlavorsV255TestJSON:test_crud_flavor): 200 GET http://10.180.1.21/compute/v2.1/flavors/detail 1.832s
2025-04-03 03:34:45.333 69670 INFO tempest.lib.common.rest_client [req-efd7be64-6b67-4bdc-a399-4c3be6f818e4 req-efd7be64-6b67-4bdc-a399-4c3be6f818e4 ] Request (ServicesAdminTestJSON:setUpClass): 200 GET http://10.180.1.21/identity/v3/roles 0.161s
2025-04-03 03:34:45.352 69644 INFO tempest.lib.common.rest_client [req-1f8b3552-6fd1-45a3-8c5d-fe444b06ec46 req-1f8b3552-6fd1-45a3-8c5d-fe444b06ec46 ] Request (HypervisorAdminV253TestBase:setUpClass): 201 POST http://10.180.1.21/identity/v3/auth/tokens 0.123s
2025-04-03 03:34:45.358 69684 INFO tempest.lib.common.rest_client [req-a1dd47e6-b20b-4014-b8c4-a3af24f9e18f req-a1dd47e6-b20b-4014-b8c4-a3af24f9e18f ] Request (HypervisorAdminNegativeUnderV252Test:test_show_servers_with_non_admin_user): 200 GET http://10.180.1.21/compute/v2.1/os-hypervisors 1.853s
2025-04-03 03:34:45.366 69656 INFO tempest.lib.common.rest_client [req-80629138-5e7b-49b9-aa0b-1d8028f65849 req-80629138-5e7b-49b9-aa0b-1d8028f65849 ] Request (FloatingIPsAssociationTestJSON:setUpClass): 201 POST http://10.180.1.21/identity/v3/auth/tokens 0.095s
2025-04-03 03:34:45.378 69670 INFO tempest.lib.common.rest_client [req-2f846c2f-1a36-4f3c-8f36-00c8b8d0b461 req-2f846c2f-1a36-4f3c-8f36-00c8b8d0b461 ] Request (ServicesAdminTestJSON:setUpClass): 204 PUT http://10.180.1.21/identity/v3/projects/94fb33d6be4440f4b7561c9c7f5b75d0/users/7498b4898a58407982b6c5d4934c54ca/roles/bac277d8b8ae4f49a0c7737b3fcb06ce 0.044s
2025-04-03 03:34:45.378 69670 INFO tempest.lib.common.dynamic_creds [-] Dynamic test user 7498b4898a58407982b6c5d4934c54ca is created with scope project and roles: ['admin']
2025-04-03 03:34:45.378 69670 INFO tempest.lib.common.dynamic_creds [-] Acquired dynamic creds: credentials: Credentials: {'domain_id': 'default', 'domain_name': 'Default', 'username': 'tempest-ServicesAdminTestJSON-1559280841-project-admin', 'project_domain_id': 'default', 'project_domain_name': 'Default', 'project_id': '94fb33d6be4440f4b7561c9c7f5b75d0', 'project_name': 'tempest-ServicesAdminTestJSON-1559280841', 'tenant_id': '94fb33d6be4440f4b7561c9c7f5b75d0', 'tenant_name': 'tempest-ServicesAdminTestJSON-1559280841', 'user_domain_id': 'default', 'user_domain_name': 'Default', 'user_id': '7498b4898a58407982b6c5d4934c54ca', 'system': None}, Network: None, Subnet: None, Router: None
2025-04-03 03:34:45.378 69670 INFO tempest.lib.common.dynamic_creds [-] Created isolated network resources for: credentials: Credentials: {'domain_id': 'default', 'domain_name': 'Default', 'username': 'tempest-ServicesAdminTestJSON-1559280841-project-admin', 'project_domain_id': 'default', 'project_domain_name': 'Default', 'project_id': '94fb33d6be4440f4b7561c9c7f5b75d0', 'project_name': 'tempest-ServicesAdminTestJSON-1559280841', 'tenant_id': '94fb33d6be4440f4b7561c9c7f5b75d0', 'tenant_name': 'tempest-ServicesAdminTestJSON-1559280841', 'user_domain_id': 'default', 'user_domain_name': 'Default', 'user_id': '7498b4898a58407982b6c5d4934c54ca', 'system': None}, Network: None, Subnet: None, Router: None
2025-04-03 03:34:45.440 69656 INFO tempest.lib.common.rest_client [req-9d976ec0-50e7-4666-9ebd-b9761b20ac9f req-9d976ec0-50e7-4666-9ebd-b9761b20ac9f ] Request (FloatingIPsAssociationTestJSON:setUpClass): 201 POST http://10.180.1.21/identity/v3/auth/tokens 0.071s
2025-04-03 03:34:45.443 69686 INFO tempest.lib.common.rest_client [req-e9ac08aa-cc3a-46d2-a07f-c18df27c8bc0 req-e9ac08aa-cc3a-46d2-a07f-c18df27c8bc0 ] Request (QuotasAdminTestV257:tearDownClass): 204 DELETE http://10.180.1.21:9696/networking/v2.0/security-groups/64af489b-e484-42bc-b4f4-4f52d91b8985 0.175s
2025-04-03 03:34:45.469 69670 INFO tempest.lib.common.rest_client [req-70c0e406-33b8-47cc-90b1-813e8e3a0467 req-70c0e406-33b8-47cc-90b1-813e8e3a0467 ] Request (ServicesAdminTestJSON:setUpClass): 201 POST http://10.180.1.21/identity/v3/auth/tokens 0.088s
2025-04-03 03:34:45.472 69656 INFO tempest.lib.common.rest_client [req-8e397fe1-e3a6-4944-af42-4d22bd7bf905 req-8e397fe1-e3a6-4944-af42-4d22bd7bf905 ] Request (FloatingIPsAssociationTestJSON:setUpClass): 200 GET http://10.180.1.21/identity/v3/domains?name=Default 0.031s
2025-04-03 03:34:45.509 69656 INFO tempest.lib.common.rest_client [req-38293306-933b-4552-b5a0-f75d599db88e req-38293306-933b-4552-b5a0-f75d599db88e ] Request (FloatingIPsAssociationTestJSON:setUpClass): 201 POST http://10.180.1.21/identity/v3/projects 0.037s
2025-04-03 03:34:45.513 69680 INFO tempest.lib.common.rest_client [req-e4edc035-1687-41e2-8bd0-c424a782d058 req-e4edc035-1687-41e2-8bd0-c424a782d058 ] Request (ServerRescueNegativeTestJSON:setUpClass): 200 GET http://10.180.1.21/compute/v2.1/servers/2764dc00-3329-4e56-ad73-5027b65f42d6 1.985s
2025-04-03 03:34:45.538 69654 INFO tempest.lib.common.rest_client [req-5b0713fa-6847-477b-ad4d-b898128fd334 req-5b0713fa-6847-477b-ad4d-b898128fd334 ] Request (HypervisorAdminTestJSON:test_get_hypervisor_show_details): 200 GET http://10.180.1.21/compute/v2.1/os-hypervisors/1 1.997s
2025-04-03 03:34:45.539 69686 INFO tempest.lib.common.rest_client [req-6c3883da-a312-4944-a5da-0127201f16af req-6c3883da-a312-4944-a5da-0127201f16af ] Request (QuotasAdminTestV257:tearDownClass): 204 DELETE http://10.180.1.21/identity/v3/projects/82985a0eceac438e8bc0283cab74d5f7 0.095s
2025-04-03 03:34:45.540 69686 INFO tempest.test [-] raised in UnshelveToHostMultiNodesTest.setUpClass. Invoking tearDownClass.
2025-04-03 03:34:45.556 69668 INFO tempest.lib.common.rest_client [req-ea44d4ae-ead9-47d2-b5a7-cb8016ad55f8 req-ea44d4ae-ead9-47d2-b5a7-cb8016ad55f8 ] Request (FlavorsAdminTestJSON:test_create_flavor_verify_entry_in_list_details): 200 POST http://10.180.1.21/compute/v2.1/flavors 1.974s
2025-04-03 03:34:45.585 69656 INFO tempest.lib.common.rest_client [req-c609d04d-0552-450f-845c-b9a460b24335 req-c609d04d-0552-450f-845c-b9a460b24335 ] Request (FloatingIPsAssociationTestJSON:setUpClass): 201 POST http://10.180.1.21/identity/v3/users 0.075s
2025-04-03 03:34:45.599 69680 INFO tempest.lib.common.rest_client [req-dec382e4-ed3f-4cc9-8e7c-8839a4c63772 req-dec382e4-ed3f-4cc9-8e7c-8839a4c63772 ] Request (ServerRescueNegativeTestJSON:setUpClass): 201 POST http://10.180.1.21/identity/v3/auth/tokens 0.072s
2025-04-03 03:34:45.600 69680 INFO tempest.lib.common.fixed_network [-] (ServerRescueNegativeTestJSON:setUpClass) Found network {'id': '10887a83-3a88-4ea7-ab0e-0aa5f481f0ad', 'name': 'tempest-ServerRescueNegativeTestJSON-1969359437-network', 'tenant_id': 'f35c9784047041ef95c69e4cd2040171', 'admin_state_up': True, 'mtu': 8950, 'status': 'ACTIVE', 'subnets': [], 'shared': False, 'project_id': 'f35c9784047041ef95c69e4cd2040171', 'port_security_enabled': True, 'router:external': False, 'provider:network_type': 'vlan', 'provider:physical_network': 'default', 'provider:segmentation_id': 81, 'availability_zone_hints': [], 'availability_zones': [], 'ipv4_address_scope': None, 'ipv6_address_scope': None, 'description': '', 'tags': [], 'created_at': '2025-04-03T03:34:39Z', 'updated_at': '2025-04-03T03:34:39Z', 'revision_number': 1} available for tenant
2025-04-03 03:34:45.601 69646 INFO tempest.lib.common.rest_client [req-7203c23b-ec0e-4eb4-8585-0e36eaf5f3a0 req-7203c23b-ec0e-4eb4-8585-0e36eaf5f3a0 ] Request (VolumesAssistedSnapshotsTest:setUpClass): 200 PUT http://10.180.1.21:9696/networking/v2.0/routers/60eba2ee-1532-4bda-878b-12c50d07769d/add_router_interface 1.668s
2025-04-03 03:34:45.601 69646 INFO tempest.lib.common.dynamic_creds [-] Created isolated network resources for: credentials: Credentials: {'domain_id': 'default', 'domain_name': 'Default', 'username': 'tempest-VolumesAssistedSnapshotsTest-1483622591-project', 'project_domain_id': 'default', 'project_domain_name': 'Default', 'project_id': '68f40996552b4f30ae136683c44346f0', 'project_name': 'tempest-VolumesAssistedSnapshotsTest-1483622591', 'tenant_id': '68f40996552b4f30ae136683c44346f0', 'tenant_name': 'tempest-VolumesAssistedSnapshotsTest-1483622591', 'user_domain_id': 'default', 'user_domain_name': 'Default', 'user_id': '9bac70ee1fbb483e97892d3afbb1ec96', 'system': None}, Network: {'id': 'd2234454-806d-4472-a91a-4c134ea791e8', 'name': 'tempest-VolumesAssistedSnapshotsTest-1987456965-network', 'tenant_id': '68f40996552b4f30ae136683c44346f0', 'admin_state_up': True, 'mtu': 8950, 'status': 'ACTIVE', 'subnets': [], 'shared': False, 'project_id': '68f40996552b4f30ae136683c44346f0', 'port_security_enabled': True, 'router:external': False, 'provider:network_type': 'vlan', 'provider:physical_network': 'default', 'provider:segmentation_id': 175, 'availability_zone_hints': [], 'availability_zones': [], 'ipv4_address_scope': None, 'ipv6_address_scope': None, 'description': '', 'tags': [], 'created_at': '2025-04-03T03:34:42Z', 'updated_at': '2025-04-03T03:34:42Z', 'revision_number': 1}, Subnet: {'id': '398154dc-fb30-46b3-8b36-14e2db7fa3af', 'name': 'tempest-VolumesAssistedSnapshotsTest-1987456965-subnet', 'tenant_id': '68f40996552b4f30ae136683c44346f0', 'network_id': 'd2234454-806d-4472-a91a-4c134ea791e8', 'ip_version': 4, 'subnetpool_id': None, 'enable_dhcp': True, 'ipv6_ra_mode': None, 'ipv6_address_mode': None, 'gateway_ip': '192.168.128.1', 'cidr': '192.168.128.0/28', 'allocation_pools': [{'start': '192.168.128.2', 'end': '192.168.128.14'}], 'host_routes': [], 'dns_nameservers': [], 'description': '', 'router:external': False, 'service_types': [], 'tags': [], 'created_at': '2025-04-03T03:34:42Z', 'updated_at': '2025-04-03T03:34:42Z', 'revision_number': 0, 'project_id': '68f40996552b4f30ae136683c44346f0'}, Router: {'id': '60eba2ee-1532-4bda-878b-12c50d07769d', 'name': 'tempest-VolumesAssistedSnapshotsTest-1987456965-router', 'tenant_id': '68f40996552b4f30ae136683c44346f0', 'admin_state_up': True, 'status': 'ACTIVE', 'external_gateway_info': {'network_id': 'eb67037e-2c85-425f-b377-f799ea2edb4a', 'external_fixed_ips': [{'subnet_id': '7bdf53e0-9a30-4f77-9843-cd76e1b3c356', 'ip_address': '10.180.180.187'}], 'enable_snat': True}, 'description': '', 'availability_zones': [], 'distributed': False, 'ha': False, 'availability_zone_hints': [], 'routes': [], 'flavor_id': None, 'tags': [], 'created_at': '2025-04-03T03:34:43Z', 'updated_at': '2025-04-03T03:34:43Z', 'revision_number': 2, 'project_id': '68f40996552b4f30ae136683c44346f0'}
2025-04-03 03:34:45.616 69686 INFO tempest.lib.common.rest_client [req-874fab43-ff40-4818-81ce-546d855c9198 req-874fab43-ff40-4818-81ce-546d855c9198 ] Request (ServerMetadataNegativeTestJSON:setUpClass): 201 POST http://10.180.1.21/identity/v3/auth/tokens 0.073s
2025-04-03 03:34:45.624 69656 INFO tempest.lib.common.rest_client [req-706ed4e9-5831-4dab-bdf5-c1b4e2448943 req-706ed4e9-5831-4dab-bdf5-c1b4e2448943 ] Request (FloatingIPsAssociationTestJSON:setUpClass): 200 GET http://10.180.1.21/identity/v3/roles 0.038s
2025-04-03 03:34:45.647 69676 INFO tempest.lib.common.rest_client [req-8a73827f-91b3-4272-8390-66ca975b3490 req-8a73827f-91b3-4272-8390-66ca975b3490 ] Request (TenantUsagesNegativeTestJSON:tearDownClass): 200 GET http://10.180.1.21:9696/networking/v2.0/security-groups?tenant_id=c048209b4fd14bd5982455a6d5427a32&name=default 0.714s
2025-04-03 03:34:45.648 69696 INFO tempest.lib.common.rest_client [req-4c45de38-41c7-4b67-8905-db0488095eef req-4c45de38-41c7-4b67-8905-db0488095eef ] Request (TenantUsagesTestJSON:setUpClass): 200 GET http://10.180.1.21/compute/v2.1/servers/c2acc8ea-12eb-40fc-8baf-db3028c3ba19 1.897s
2025-04-03 03:34:45.651 69686 INFO tempest.lib.common.rest_client [req-7cec9df4-8d4f-49ac-a513-188291c5ad30 req-7cec9df4-8d4f-49ac-a513-188291c5ad30 ] Request (ServerMetadataNegativeTestJSON:setUpClass): 201 POST http://10.180.1.21/identity/v3/auth/tokens 0.033s
2025-04-03 03:34:45.656 69638 INFO tempest.lib.common.rest_client [req-7b80fb1a-8112-4699-bc15-ab19a4939abd req-7b80fb1a-8112-4699-bc15-ab19a4939abd ] Request (FlavorMetadataValidation:tearDownClass): 200 GET http://10.180.1.21:9696/networking/v2.0/security-groups?tenant_id=3e033481f07144378d1ea2f1c2d1d9cd&name=default 0.710s
2025-04-03 03:34:45.674 69656 INFO tempest.lib.common.rest_client [req-b3b2544f-2c27-4561-bc1f-3969628da540 req-b3b2544f-2c27-4561-bc1f-3969628da540 ] Request (FloatingIPsAssociationTestJSON:setUpClass): 204 PUT http://10.180.1.21/identity/v3/projects/b12ac3589df54648b6cc72f8505172fe/users/bbe2fb0ad40d41c88736faee4ab16fe6/roles/1be87f3c92b549c98e7cf7379439aff6 0.050s
2025-04-03 03:34:45.675 69656 INFO tempest.lib.common.dynamic_creds [-] Dynamic test user bbe2fb0ad40d41c88736faee4ab16fe6 is created with scope project and roles: ['member']
2025-04-03 03:34:45.675 69656 INFO tempest.lib.common.dynamic_creds [-] Acquired dynamic creds: credentials: Credentials: {'domain_id': 'default', 'domain_name': 'Default', 'username': 'tempest-FloatingIPsAssociationTestJSON-1251025062-project-member', 'project_domain_id': 'default', 'project_domain_name': 'Default', 'project_id': 'b12ac3589df54648b6cc72f8505172fe', 'project_name': 'tempest-FloatingIPsAssociationTestJSON-1251025062', 'tenant_id': 'b12ac3589df54648b6cc72f8505172fe', 'tenant_name': 'tempest-FloatingIPsAssociationTestJSON-1251025062', 'user_domain_id': 'default', 'user_domain_name': 'Default', 'user_id': 'bbe2fb0ad40d41c88736faee4ab16fe6', 'system': None}, Network: None, Subnet: None, Router: None
2025-04-03 03:34:45.687 69646 INFO tempest.lib.common.rest_client [req-8c6aef13-6593-4eda-a55b-3bc1e6e20c4d req-8c6aef13-6593-4eda-a55b-3bc1e6e20c4d ] Request (VolumesAssistedSnapshotsTest:setUpClass): 201 POST http://10.180.1.21/identity/v3/auth/tokens 0.083s
2025-04-03 03:34:45.733 69686 INFO tempest.lib.common.rest_client [req-24a3720f-0bf7-4f24-aca9-5cdb30e51747 req-24a3720f-0bf7-4f24-aca9-5cdb30e51747 ] Request (ServerMetadataNegativeTestJSON:setUpClass): 200 GET http://10.180.1.21/identity/v3/domains?name=Default 0.081s
2025-04-03 03:34:45.747 69656 INFO tempest.lib.common.rest_client [req-6116d575-e0cf-48a3-b674-eddca4a9ef03 req-6116d575-e0cf-48a3-b674-eddca4a9ef03 ] Request (FloatingIPsAssociationTestJSON:setUpClass): 201 POST http://10.180.1.21/identity/v3/auth/tokens 0.072s
2025-04-03 03:34:45.751 69664 INFO tempest.lib.common.rest_client [req-bf9a6016-f5ba-4242-81fe-46c98d21b6a6 req-bf9a6016-f5ba-4242-81fe-46c98d21b6a6 ] Request (ServersAdmin275Test:test_rebuild_update_server_275): 200 GET http://10.180.1.21/compute/v2.1/servers/6de6b246-d2c0-4d08-9c09-0a944dfecc15 1.898s
2025-04-03 03:34:45.763 69676 INFO tempest.lib.common.rest_client [req-739b55f3-9837-477f-9bb9-3cd182c7edd4 req-739b55f3-9837-477f-9bb9-3cd182c7edd4 ] Request (TenantUsagesNegativeTestJSON:tearDownClass): 204 DELETE http://10.180.1.21:9696/networking/v2.0/security-groups/7a9bbeaa-3302-42fe-8667-4d745af8b797 0.116s
2025-04-03 03:34:45.767 69664 INFO tempest.common.waiters [-] State transition "BUILD/block_device_mapping" ==> "BUILD/spawning" after 3 second wait
2025-04-03 03:34:45.775 69686 INFO tempest.lib.common.rest_client [req-d4e0205e-e966-47b2-873e-637b6c3b8e36 req-d4e0205e-e966-47b2-873e-637b6c3b8e36 ] Request (ServerMetadataNegativeTestJSON:setUpClass): 201 POST http://10.180.1.21/identity/v3/projects 0.041s
2025-04-03 03:34:45.780 69660 INFO tempest.lib.common.rest_client [req-a2b96bb3-976d-4331-a9ca-1b1ac654b8ce req-a2b96bb3-976d-4331-a9ca-1b1ac654b8ce ] Request (ServersAdminTestJSON:setUpClass): 202 POST http://10.180.1.21/compute/v2.1/servers 3.267s
2025-04-03 03:34:45.850 69694 INFO tempest.lib.common.rest_client [req-e0703fd2-cb27-48ac-9372-30312240f9cd req-e0703fd2-cb27-48ac-9372-30312240f9cd ] Request (ServerExternalEventsTest:test_create_server_external_events): 200 GET http://10.180.1.21/compute/v2.1/servers/c3e1d116-4785-402a-bcc3-ad45bcdc16b1 1.922s
2025-04-03 03:34:45.881 69682 INFO tempest.lib.common.rest_client [req-1c7c7763-3f34-45ac-9949-44a6ccc07b9e req-1c7c7763-3f34-45ac-9949-44a6ccc07b9e ] Request (FlavorsExtraSpecsTestJSON:test_flavor_non_admin_get_specific_key): 200 POST http://10.180.1.21/compute/v2.1/flavors/718932333/os-extra_specs 1.884s
2025-04-03 03:34:45.887 69686 INFO tempest.lib.common.rest_client [req-76101129-d1b5-4f5f-a1d3-c9da50ef4846 req-76101129-d1b5-4f5f-a1d3-c9da50ef4846 ] Request (ServerMetadataNegativeTestJSON:setUpClass): 201 POST http://10.180.1.21/identity/v3/users 0.111s
2025-04-03 03:34:45.918 69676 INFO tempest.lib.common.rest_client [req-659d82d5-8ea0-400e-8317-6910034aacdd req-659d82d5-8ea0-400e-8317-6910034aacdd ] Request (TenantUsagesNegativeTestJSON:tearDownClass): 204 DELETE http://10.180.1.21/identity/v3/projects/c048209b4fd14bd5982455a6d5427a32 0.155s
2025-04-03 03:34:45.933 69638 INFO tempest.lib.common.rest_client [req-e051c7cf-8684-4df0-85f3-af6085df83c8 req-e051c7cf-8684-4df0-85f3-af6085df83c8 ] Request (FlavorMetadataValidation:tearDownClass): 204 DELETE http://10.180.1.21:9696/networking/v2.0/security-groups/ab07675b-2d96-48cb-b11a-5e7c63e5d953 0.277s
2025-04-03 03:34:45.992 69660 INFO tempest.lib.common.rest_client [req-516d7df4-4455-45d3-ae58-fae769a58747 req-516d7df4-4455-45d3-ae58-fae769a58747 ] Request (ServersAdminTestJSON:setUpClass): 201 POST http://10.180.1.21/identity/v3/auth/tokens 0.206s
2025-04-03 03:34:45.993 69660 INFO tempest.lib.common.fixed_network [-] (ServersAdminTestJSON:setUpClass) Found network {'id': 'fe30ee17-2995-441e-8101-9012c093f221', 'name': 'tempest-ServersAdminTestJSON-656958957-network', 'tenant_id': '0d85cf2d6d084bca85dcd31ab0910647', 'admin_state_up': True, 'mtu': 8950, 'status': 'ACTIVE', 'subnets': [], 'shared': False, 'project_id': '0d85cf2d6d084bca85dcd31ab0910647', 'port_security_enabled': True, 'router:external': False, 'provider:network_type': 'vlan', 'provider:physical_network': 'default', 'provider:segmentation_id': 965, 'availability_zone_hints': [], 'availability_zones': [], 'ipv4_address_scope': None, 'ipv6_address_scope': None, 'description': '', 'tags': [], 'created_at': '2025-04-03T03:34:32Z', 'updated_at': '2025-04-03T03:34:32Z', 'revision_number': 1} available for tenant
2025-04-03 03:34:46.023 69658 INFO tempest.lib.common.rest_client [req-13f0a47b-508a-4618-999e-b9ddab8b86fc req-13f0a47b-508a-4618-999e-b9ddab8b86fc ] Request (ServerActionsTestOtherA:setUpClass): 200 PUT http://10.180.1.21:9696/networking/v2.0/routers/26fa2afd-65b9-4395-a7df-73a12efa869e/add_router_interface 2.337s
2025-04-03 03:34:46.023 69658 INFO tempest.lib.common.dynamic_creds [-] Created isolated network resources for: credentials: Credentials: {'domain_id': 'default', 'domain_name': 'Default', 'username': 'tempest-ServerActionsTestOtherA-700404879-project-member', 'project_domain_id': 'default', 'project_domain_name': 'Default', 'project_id': '2b933d0258a1488bbdddf88a90df7360', 'project_name': 'tempest-ServerActionsTestOtherA-700404879', 'tenant_id': '2b933d0258a1488bbdddf88a90df7360', 'tenant_name': 'tempest-ServerActionsTestOtherA-700404879', 'user_domain_id': 'default', 'user_domain_name': 'Default', 'user_id': '005b114e0c13442b9b09e363f8ba840c', 'system': None}, Network: {'id': 'a673a352-fcbe-446a-b78c-3975246791bd', 'name': 'tempest-ServerActionsTestOtherA-551867013-network', 'tenant_id': '2b933d0258a1488bbdddf88a90df7360', 'admin_state_up': True, 'mtu': 8950, 'status': 'ACTIVE', 'subnets': [], 'shared': False, 'project_id': '2b933d0258a1488bbdddf88a90df7360', 'port_security_enabled': True, 'router:external': False, 'provider:network_type': 'vlan', 'provider:physical_network': 'default', 'provider:segmentation_id': 35, 'availability_zone_hints': [], 'availability_zones': [], 'ipv4_address_scope': None, 'ipv6_address_scope': None, 'description': '', 'tags': [], 'created_at': '2025-04-03T03:34:42Z', 'updated_at': '2025-04-03T03:34:42Z', 'revision_number': 1}, Subnet: {'id': '07d0c919-8346-4b7a-abfb-5abc218adee3', 'name': 'tempest-ServerActionsTestOtherA-551867013-subnet', 'tenant_id': '2b933d0258a1488bbdddf88a90df7360', 'network_id': 'a673a352-fcbe-446a-b78c-3975246791bd', 'ip_version': 4, 'subnetpool_id': None, 'enable_dhcp': True, 'ipv6_ra_mode': None, 'ipv6_address_mode': None, 'gateway_ip': '192.168.128.1', 'cidr': '192.168.128.0/28', 'allocation_pools': [{'start': '192.168.128.2', 'end': '192.168.128.14'}], 'host_routes': [], 'dns_nameservers': [], 'description': '', 'router:external': False, 'service_types': [], 'tags': [], 'created_at': '2025-04-03T03:34:42Z', 'updated_at': '2025-04-03T03:34:42Z', 'revision_number': 0, 'project_id': '2b933d0258a1488bbdddf88a90df7360'}, Router: {'id': '26fa2afd-65b9-4395-a7df-73a12efa869e', 'name': 'tempest-ServerActionsTestOtherA-551867013-router', 'tenant_id': '2b933d0258a1488bbdddf88a90df7360', 'admin_state_up': True, 'status': 'ACTIVE', 'external_gateway_info': {'network_id': 'eb67037e-2c85-425f-b377-f799ea2edb4a', 'external_fixed_ips': [{'subnet_id': '7bdf53e0-9a30-4f77-9843-cd76e1b3c356', 'ip_address': '10.180.180.232'}], 'enable_snat': True}, 'description': '', 'availability_zones': [], 'distributed': False, 'ha': False, 'availability_zone_hints': [], 'routes': [], 'flavor_id': None, 'tags': [], 'created_at': '2025-04-03T03:34:42Z', 'updated_at': '2025-04-03T03:34:43Z', 'revision_number': 2, 'project_id': '2b933d0258a1488bbdddf88a90df7360'}
2025-04-03 03:34:46.088 69686 INFO tempest.lib.common.rest_client [req-06bb21f0-47aa-4074-9eaf-7f1c3b4418ce req-06bb21f0-47aa-4074-9eaf-7f1c3b4418ce ] Request (ServerMetadataNegativeTestJSON:setUpClass): 200 GET http://10.180.1.21/identity/v3/roles 0.200s
2025-04-03 03:34:46.105 69676 INFO tempest.lib.common.rest_client [req-50484414-6952-4c25-ab17-a2c10223ac77 req-50484414-6952-4c25-ab17-a2c10223ac77 ] Request (FloatingIPDetailsTestJSON:setUpClass): 201 POST http://10.180.1.21/identity/v3/auth/tokens 0.185s
2025-04-03 03:34:46.213 69638 INFO tempest.lib.common.rest_client [req-94228d9d-84b0-48ad-b798-51d6c9822fcb req-94228d9d-84b0-48ad-b798-51d6c9822fcb ] Request (FlavorMetadataValidation:tearDownClass): 204 DELETE http://10.180.1.21/identity/v3/projects/3e033481f07144378d1ea2f1c2d1d9cd 0.279s
2025-04-03 03:34:46.220 69646 INFO tempest.lib.common.rest_client [req-49a6ebf9-3fec-4243-b6a7-9729910a945d req-49a6ebf9-3fec-4243-b6a7-9729910a945d ] Request (VolumesAssistedSnapshotsTest:test_volume_assisted_snapshot_create_delete): 202 POST http://10.180.1.21/volume/v3/volumes 0.532s
2025-04-03 03:34:46.244 69658 INFO tempest.lib.common.rest_client [req-630e8374-907a-4795-b72e-3d9fbd357607 req-630e8374-907a-4795-b72e-3d9fbd357607 ] Request (ServerActionsTestOtherA:setUpClass): 201 POST http://10.180.1.21/identity/v3/auth/tokens 0.214s
2025-04-03 03:34:46.303 69656 INFO tempest.lib.common.rest_client [req-8c524a89-cd9e-4a62-b716-7914caf9d38c req-8c524a89-cd9e-4a62-b716-7914caf9d38c ] Request (FloatingIPsAssociationTestJSON:setUpClass): 201 POST http://10.180.1.21:9696/networking/v2.0/networks 0.555s
2025-04-03 03:34:46.327 69646 INFO tempest.lib.common.rest_client [req-7f3f85aa-583e-4598-9a7e-214be2978b04 req-7f3f85aa-583e-4598-9a7e-214be2978b04 ] Request (VolumesAssistedSnapshotsTest:test_volume_assisted_snapshot_create_delete): 200 GET http://10.180.1.21/volume/v3/volumes/ccd4543c-6fbd-477a-8435-ec7bfd801fc2 0.096s
2025-04-03 03:34:46.360 69676 INFO tempest.lib.common.rest_client [req-561f042d-844a-4b83-adb2-c33a196856d3 req-561f042d-844a-4b83-adb2-c33a196856d3 ] Request (FloatingIPDetailsTestJSON:setUpClass): 201 POST http://10.180.1.21/identity/v3/auth/tokens 0.252s
2025-04-03 03:34:46.396 69686 INFO tempest.lib.common.rest_client [req-cc28fc60-7fbc-42f5-a0fe-4f5a97711ca0 req-cc28fc60-7fbc-42f5-a0fe-4f5a97711ca0 ] Request (ServerMetadataNegativeTestJSON:setUpClass): 204 PUT http://10.180.1.21/identity/v3/projects/77d99beddc65460491a3d5a7a048f0b1/users/24f9a64381574d4f88253d8c99a0161e/roles/1be87f3c92b549c98e7cf7379439aff6 0.308s
2025-04-03 03:34:46.396 69686 INFO tempest.lib.common.dynamic_creds [-] Dynamic test user 24f9a64381574d4f88253d8c99a0161e is created with scope project and roles: ['member']
2025-04-03 03:34:46.396 69686 INFO tempest.lib.common.dynamic_creds [-] Acquired dynamic creds: credentials: Credentials: {'domain_id': 'default', 'domain_name': 'Default', 'username': 'tempest-ServerMetadataNegativeTestJSON-94808556-project-member', 'project_domain_id': 'default', 'project_domain_name': 'Default', 'project_id': '77d99beddc65460491a3d5a7a048f0b1', 'project_name': 'tempest-ServerMetadataNegativeTestJSON-94808556', 'tenant_id': '77d99beddc65460491a3d5a7a048f0b1', 'tenant_name': 'tempest-ServerMetadataNegativeTestJSON-94808556', 'user_domain_id': 'default', 'user_domain_name': 'Default', 'user_id': '24f9a64381574d4f88253d8c99a0161e', 'system': None}, Network: None, Subnet: None, Router: None
2025-04-03 03:34:46.496 69638 INFO tempest.lib.common.rest_client [req-5182e2af-d5c4-4e55-b5fe-d173b020a235 req-5182e2af-d5c4-4e55-b5fe-d173b020a235 ] Request (SecurityGroupsTestJSON:setUpClass): 201 POST http://10.180.1.21/identity/v3/auth/tokens 0.280s
2025-04-03 03:34:46.536 69676 INFO tempest.lib.common.rest_client [req-7e40e915-0dee-469f-8426-f9938ec42d12 req-7e40e915-0dee-469f-8426-f9938ec42d12 ] Request (FloatingIPDetailsTestJSON:setUpClass): 200 GET http://10.180.1.21/identity/v3/domains?name=Default 0.175s
2025-04-03 03:34:46.585 69686 INFO tempest.lib.common.rest_client [req-5b1e5d2f-e162-4ff6-a969-47f703cbfc12 req-5b1e5d2f-e162-4ff6-a969-47f703cbfc12 ] Request (ServerMetadataNegativeTestJSON:setUpClass): 201 POST http://10.180.1.21/identity/v3/auth/tokens 0.188s
2025-04-03 03:34:46.608 69656 INFO tempest.lib.common.rest_client [req-32e9a70a-7814-46b1-93fb-231b31201bc5 req-32e9a70a-7814-46b1-93fb-231b31201bc5 ] Request (FloatingIPsAssociationTestJSON:setUpClass): 201 POST http://10.180.1.21:9696/networking/v2.0/subnets 0.302s
2025-04-03 03:34:46.627 69688 INFO tempest.lib.common.rest_client [req-329e129d-7595-46a7-9f0b-d278f72ced31 req-329e129d-7595-46a7-9f0b-d278f72ced31 ] Request (QuotasAdminTestJSON:test_delete_quota): 200 GET http://10.180.1.21/compute/v2.1/os-quota-sets/9c435cad4f3d49638d0d4e2df016c30a 2.652s
2025-04-03 03:34:46.644 69638 INFO tempest.lib.common.rest_client [req-94feb66e-3e00-4371-8042-cf5334e156e5 req-94feb66e-3e00-4371-8042-cf5334e156e5 ] Request (SecurityGroupsTestJSON:setUpClass): 201 POST http://10.180.1.21/identity/v3/auth/tokens 0.142s
2025-04-03 03:34:46.649 69698 INFO tempest.lib.common.rest_client [req-9a5a299b-4e71-4a0f-9c49-e7fc79eb64f9 req-9a5a299b-4e71-4a0f-9c49-e7fc79eb64f9 ] Request (FloatingIPsTestJSON:_run_cleanups): 202 DELETE http://10.180.1.21/compute/v2.1/os-floating-ips/1068c7d0-2a7a-44c0-a941-7ecef911f543 2.460s
2025-04-03 03:34:46.662 69692 INFO tempest.lib.common.rest_client [req-a1a26ff0-cbe1-4c53-9caf-45d2b0a42ee5 req-a1a26ff0-cbe1-4c53-9caf-45d2b0a42ee5 ] Request (HostsAdminNegativeTestJSON:test_reboot_nonexistent_host): 404 GET http://10.180.1.21/compute/v2.1/os-hosts/nonexistent_hostname/reboot 2.469s
2025-04-03 03:34:46.687 69672 INFO tempest.lib.common.rest_client [req-3dcc65a4-6524-4c23-b11e-cfc5ec6dfdb0 req-3dcc65a4-6524-4c23-b11e-cfc5ec6dfdb0 ] Request (ServicesAdminNegativeV253TestJSON:test_enable_service_with_invalid_service_id): 404 PUT http://10.180.1.21/compute/v2.1/os-services/c12c24e4-a9a4-4dea-8b22-df59526d4716 2.354s
2025-04-03 03:34:46.692 69676 INFO tempest.lib.common.rest_client [req-39101d27-69cb-446a-8a14-1f481168a5e6 req-39101d27-69cb-446a-8a14-1f481168a5e6 ] Request (FloatingIPDetailsTestJSON:setUpClass): 201 POST http://10.180.1.21/identity/v3/projects 0.151s
2025-04-03 03:34:46.748 69690 INFO tempest.lib.common.rest_client [req-dc7cac7a-4ec3-4cef-8101-517b4601ef0e req-dc7cac7a-4ec3-4cef-8101-517b4601ef0e ] Request (AggregatesAdminNegativeTestJSON:test_aggregate_add_existent_host): 409 POST http://10.180.1.21/compute/v2.1/os-aggregates/1/action 2.439s
2025-04-03 03:34:46.768 69648 INFO tempest.lib.common.rest_client [req-a71330d6-9c45-40fb-9edf-66491fc7606e req-a71330d6-9c45-40fb-9edf-66491fc7606e ] Request (MigrationsAdminTest:test_list_migrations_in_flavor_resize_situation): 200 GET http://10.180.1.21/compute/v2.1/servers/3e95f2d5-d392-47c4-b519-4a218660516b 1.946s
