2025-04-03 03:36:47.449 69664 INFO tempest.lib.common.rest_client [req-6fa03414-452b-4375-ad80-35e9f605eab4 req-6fa03414-452b-4375-ad80-35e9f605eab4 ] Request (ServersAdminNegativeTestJSON:setUpClass): 200 GET http://10.180.1.21/compute/v2.1/servers/04a666db-77b8-4c23-8c7c-887b23ea97af 0.122s
2025-04-03 03:36:47.479 69648 INFO tempest.lib.common.rest_client [req-b1e19f8c-5cb6-47ec-a68c-477b4e7449ed req-b1e19f8c-5cb6-47ec-a68c-477b4e7449ed ] Request (MigrationsAdminTest:test_list_migrations_in_flavor_resize_situation): 200 GET http://10.180.1.21/compute/v2.1/servers/3e95f2d5-d392-47c4-b519-4a218660516b 0.195s
2025-04-03 03:36:47.485 69670 INFO tempest.lib.common.rest_client [req-3fc50075-1656-4943-87ee-e7666b61d11b req-3fc50075-1656-4943-87ee-e7666b61d11b ] Request (ServerRescueTestJSON:setUpClass): 201 POST http://10.180.1.21:9696/networking/v2.0/routers 0.919s
2025-04-03 03:36:47.525 69654 INFO tempest.lib.common.rest_client [req-6d9bca56-9b19-452c-9dbc-5007b2af8414 req-6d9bca56-9b19-452c-9dbc-5007b2af8414 ] Request (ServerGroupTestJSON:test_create_server_with_scheduler_hint_group): 200 GET http://10.180.1.21/compute/v2.1/servers/78ed67e1-b615-4c36-8da5-6938a9d60574 0.151s
2025-04-03 03:36:47.554 69656 INFO tempest.lib.common.rest_client [req-c85cc13d-5fcb-46c0-9ef9-60af5226bb83 req-c85cc13d-5fcb-46c0-9ef9-60af5226bb83 ] Request (FloatingIPsAssociationTestJSON:tearDownClass): 200 GET http://10.180.1.21/compute/v2.1/servers/72187860-a5e9-4b68-a8da-9b7c9d33b93a 0.137s
2025-04-03 03:36:47.564 69636 INFO tempest.lib.common.rest_client [req-213f1661-59a9-4dc9-ac26-637eb2f9b1a9 req-213f1661-59a9-4dc9-ac26-637eb2f9b1a9 ] Request (ImagesOneServerTestJSON:tearDownClass): 204 DELETE http://10.180.1.21:9696/networking/v2.0/networks/0748f58d-48cb-4ef3-8a8c-fe662e70cd3b 0.267s
2025-04-03 03:36:47.586 69642 INFO tempest.lib.common.rest_client [req-abd9e58e-140d-468b-9287-8f453fef8ed5 req-abd9e58e-140d-468b-9287-8f453fef8ed5 ] Request (ServerShowV247Test:test_update_rebuild_list_server): 200 GET http://10.180.1.21/compute/v2.1/servers/bfc6c3e7-8384-4669-bd43-acdfcb1c478a 0.125s
2025-04-03 03:36:47.613 69658 WARNING tempest.lib.common.ssh [-] Failed to establish authenticated ssh connection to cirros@10.180.180.203 ([Errno None] Unable to connect to port 22 on 10.180.180.203). Number attempts: 9. Retry after 10 seconds.: paramiko.ssh_exception.NoValidConnectionsError: [Errno None] Unable to connect to port 22 on 10.180.180.203
2025-04-03 03:36:47.619 69696 INFO tempest.lib.common.rest_client [req-b0dcbd26-5589-4d44-bf6c-6164a614c70a req-b0dcbd26-5589-4d44-bf6c-6164a614c70a ] Request (VolumesAdminNegativeTest:test_update_attached_volume_with_nonexistent_volume_in_body): 200 GET http://10.180.1.21/compute/v2.1/servers/13a67670-f42e-4041-8f4e-4fe3a65e2f33 0.144s
2025-04-03 03:36:47.650 69668 INFO tempest.lib.common.rest_client [req-9e67da50-e333-4293-9095-8d1103013ca1 req-9e67da50-e333-4293-9095-8d1103013ca1 ] Request (ServerDiagnosticsNegativeTest:test_get_server_diagnostics_by_non_admin): 200 GET http://10.180.1.21/compute/v2.1/servers/873a85e3-bddf-4544-b88c-71afd51bce57 0.144s
2025-04-03 03:36:47.661 69636 INFO tempest.lib.common.rest_client [req-5fc26d22-9970-4109-84fa-c4f149f3ebef req-5fc26d22-9970-4109-84fa-c4f149f3ebef ] Request (ImagesOneServerTestJSON:tearDownClass): 204 DELETE http://10.180.1.21/identity/v3/users/aabdd3b013c94a4eba0239e6bf375954 0.096s
2025-04-03 03:36:47.661 69636 INFO tempest.lib.common.dynamic_creds [-] Deleting project and security group for project: 61310cc82dcc4f58861554ab6f787b3c
2025-04-03 03:36:47.713 69694 INFO tempest.lib.common.rest_client [req-992817de-9b98-4796-bc2e-5472a1d8f2f4 req-992817de-9b98-4796-bc2e-5472a1d8f2f4 ] Request (ListServerFiltersTestJSON:setUpClass): 200 GET http://10.180.1.21/compute/v2.1/servers/ffc74032-0a67-4fab-88c6-1f81ff356728 0.144s
2025-04-03 03:36:47.717 69636 INFO tempest.lib.common.rest_client [req-78aac2a7-9888-444e-8de0-92fee1e4e4f5 req-78aac2a7-9888-444e-8de0-92fee1e4e4f5 ] Request (ImagesOneServerTestJSON:tearDownClass): 200 GET http://10.180.1.21:9696/networking/v2.0/security-groups?tenant_id=61310cc82dcc4f58861554ab6f787b3c&name=default 0.055s
2025-04-03 03:36:47.759 69684 INFO tempest.lib.common.rest_client [req-27300c7d-d393-4079-98b5-4f930a5f58ac req-27300c7d-d393-4079-98b5-4f930a5f58ac ] Request (ImagesTestJSON:test_create_image_from_stopped_server): 200 GET http://10.180.1.21/compute/v2.1/images/5c901895-0df4-4995-ae8d-ca8be3706c27 0.184s
2025-04-03 03:36:47.812 69636 INFO tempest.lib.common.rest_client [req-e3d9e64a-db9e-4287-8470-07f0cb1ead11 req-e3d9e64a-db9e-4287-8470-07f0cb1ead11 ] Request (ImagesOneServerTestJSON:tearDownClass): 204 DELETE http://10.180.1.21:9696/networking/v2.0/security-groups/82b75a5c-e26c-44fc-839e-86c3685513f5 0.095s
2025-04-03 03:36:47.829 69692 INFO tempest.lib.common.rest_client [req-5e3bcb4f-6846-4917-b7e8-24b96541e09a req-5e3bcb4f-6846-4917-b7e8-24b96541e09a ] Request (ServersNegativeTestMultiTenantJSON:setUpClass): 200 GET http://10.180.1.21/compute/v2.1/servers/f3e005cf-9024-4c05-90c3-936251fa05a9 0.206s
2025-04-03 03:36:47.891 69680 INFO tempest.lib.common.rest_client [req-12732fd9-f240-4631-8f55-04484750a202 req-12732fd9-f240-4631-8f55-04484750a202 ] Request (ServerRescueNegativeTestJSON:test_rescued_vm_detach_volume): 200 GET http://10.180.1.21/compute/v2.1/servers/170e2a0b-6461-4752-b7da-2ed0ff9fd73c 0.218s
2025-04-03 03:36:47.936 69636 INFO tempest.lib.common.rest_client [req-10d9a9f6-248c-4914-933e-442df673e5b7 req-10d9a9f6-248c-4914-933e-442df673e5b7 ] Request (ImagesOneServerTestJSON:tearDownClass): 204 DELETE http://10.180.1.21/identity/v3/projects/61310cc82dcc4f58861554ab6f787b3c 0.123s
2025-04-03 03:36:47.946 69640 INFO tempest.lib.common.rest_client [req-aa1dd8b5-1d12-44e9-9d8e-48c3efea1688 req-aa1dd8b5-1d12-44e9-9d8e-48c3efea1688 ] Request (ServersTestBootFromVolume:setUpClass): 200 GET http://10.180.1.21/compute/v2.1/servers/e87c6601-7a18-4857-9d93-4fea4fefed40 0.414s
2025-04-03 03:36:47.956 69698 INFO tempest.lib.common.rest_client [req-8ee505a5-7b4a-4425-8501-699e4e441639 req-8ee505a5-7b4a-4425-8501-699e4e441639 ] Request (DeleteServersTestJSON:test_delete_active_server): 200 GET http://10.180.1.21/compute/v2.1/servers/95b759d7-a8d9-48bb-a730-ff0040147961 0.218s
2025-04-03 03:36:48.003 69636 INFO tempest.lib.common.rest_client [req-5872c04f-5258-4043-a70b-1d9e63ea33c9 req-5872c04f-5258-4043-a70b-1d9e63ea33c9 ] Request (ImagesOneServerNegativeTestJSON:setUpClass): 201 POST http://10.180.1.21/identity/v3/auth/tokens 0.065s
2025-04-03 03:36:48.034 69674 INFO tempest.lib.common.rest_client [req-40be6e6c-572d-44d9-a1a6-da495e2eb313 req-40be6e6c-572d-44d9-a1a6-da495e2eb313 ] Request (AttachInterfacesV270Test:tearDownClass): 200 GET http://10.180.1.21/compute/v2.1/servers/7f8824d4-3dfc-49e6-b1a9-b9c9e2a8f179 0.268s
2025-04-03 03:36:48.042 69636 INFO tempest.lib.common.rest_client [req-c5797f57-bc06-49f3-aeba-5a10b0509919 req-c5797f57-bc06-49f3-aeba-5a10b0509919 ] Request (ImagesOneServerNegativeTestJSON:setUpClass): 201 POST http://10.180.1.21/identity/v3/auth/tokens 0.036s
2025-04-03 03:36:48.044 69688 INFO tempest.lib.common.rest_client [req-4a4610de-d962-4857-9808-abdeafc41b0e req-4a4610de-d962-4857-9808-abdeafc41b0e ] Request (ServerDiagnosticsTest:tearDownClass): 200 GET http://10.180.1.21/compute/v2.1/servers/df115496-807d-43f5-a129-a0c78a576a29 0.228s
2025-04-03 03:36:48.077 69636 INFO tempest.lib.common.rest_client [req-c0f8529e-61c3-48ac-ac6f-4ff1cb4e4074 req-c0f8529e-61c3-48ac-ac6f-4ff1cb4e4074 ] Request (ImagesOneServerNegativeTestJSON:setUpClass): 200 GET http://10.180.1.21/identity/v3/domains?name=Default 0.034s
2025-04-03 03:36:48.108 69636 INFO tempest.lib.common.rest_client [req-c7481428-24d9-4718-8189-21b4e359371c req-c7481428-24d9-4718-8189-21b4e359371c ] Request (ImagesOneServerNegativeTestJSON:setUpClass): 201 POST http://10.180.1.21/identity/v3/projects 0.031s
2025-04-03 03:36:48.142 69652 INFO tempest.lib.common.rest_client [req-756b6fdd-0704-4430-8c08-0f63e5a68c0c req-756b6fdd-0704-4430-8c08-0f63e5a68c0c ] Request (InstanceActionsV221TestJSON:test_get_list_deleted_instance_actions): 200 GET http://10.180.1.21/compute/v2.1/servers/b1b8d1b7-cc0e-4807-a7f4-e963cb9da64b 0.288s
2025-04-03 03:36:48.193 69636 INFO tempest.lib.common.rest_client [req-fe3a098a-344f-41bc-9ca8-a7ffdf8962b5 req-fe3a098a-344f-41bc-9ca8-a7ffdf8962b5 ] Request (ImagesOneServerNegativeTestJSON:setUpClass): 201 POST http://10.180.1.21/identity/v3/users 0.084s
2025-04-03 03:36:48.213 69636 INFO tempest.lib.common.rest_client [req-f8a0880b-2e4b-4df9-a21c-133ccec9f9a8 req-f8a0880b-2e4b-4df9-a21c-133ccec9f9a8 ] Request (ImagesOneServerNegativeTestJSON:setUpClass): 200 GET http://10.180.1.21/identity/v3/roles 0.020s
2025-04-03 03:36:48.246 69636 INFO tempest.lib.common.rest_client [req-0dbbd727-5cd9-4360-9f0f-da0e425fa46f req-0dbbd727-5cd9-4360-9f0f-da0e425fa46f ] Request (ImagesOneServerNegativeTestJSON:setUpClass): 204 PUT http://10.180.1.21/identity/v3/projects/2a8df64c606841b782505fd26aacc891/users/24e26972fb974b248e4a3538133c5ac2/roles/1be87f3c92b549c98e7cf7379439aff6 0.032s
2025-04-03 03:36:48.246 69636 INFO tempest.lib.common.dynamic_creds [-] Dynamic test user 24e26972fb974b248e4a3538133c5ac2 is created with scope project and roles: ['member']
2025-04-03 03:36:48.246 69636 INFO tempest.lib.common.dynamic_creds [-] Acquired dynamic creds: credentials: Credentials: {'domain_id': 'default', 'domain_name': 'Default', 'username': 'tempest-ImagesOneServerNegativeTestJSON-2027235860-project-member', 'project_domain_id': 'default', 'project_domain_name': 'Default', 'project_id': '2a8df64c606841b782505fd26aacc891', 'project_name': 'tempest-ImagesOneServerNegativeTestJSON-2027235860', 'tenant_id': '2a8df64c606841b782505fd26aacc891', 'tenant_name': 'tempest-ImagesOneServerNegativeTestJSON-2027235860', 'user_domain_id': 'default', 'user_domain_name': 'Default', 'user_id': '24e26972fb974b248e4a3538133c5ac2', 'system': None}, Network: None, Subnet: None, Router: None
2025-04-03 03:36:48.268 69662 INFO tempest.lib.common.rest_client [req-244c919b-04bc-4640-9634-f8c6163d5aff req-244c919b-04bc-4640-9634-f8c6163d5aff ] Request (ServerDiagnosticsV248Test:tearDownClass): 200 GET http://10.180.1.21/compute/v2.1/servers/99e94ac3-2fa4-4249-9297-b78043c9af00 0.100s
2025-04-03 03:36:48.303 69636 INFO tempest.lib.common.rest_client [req-c6c698a8-9f69-4261-a890-b578a99c420a req-c6c698a8-9f69-4261-a890-b578a99c420a ] Request (ImagesOneServerNegativeTestJSON:setUpClass): 201 POST http://10.180.1.21/identity/v3/auth/tokens 0.056s
2025-04-03 03:36:48.337 69644 INFO tempest.lib.common.rest_client [req-a7a18263-f769-4895-b98a-27cb094bee98 req-a7a18263-f769-4895-b98a-27cb094bee98 ] Request (ServerActionsTestOtherB:setUpClass): 200 GET http://10.180.1.21/compute/v2.1/servers/33bc946c-1397-4355-8132-bc27084a66ba 0.096s
2025-04-03 03:36:48.409 69660 INFO tempest.lib.common.rest_client [req-c0c7759a-49c8-4db0-8c0c-55fa84b83816 req-c0c7759a-49c8-4db0-8c0c-55fa84b83816 ] Request (ServersAdminTestJSON:test_inject_network_info): 200 GET http://10.180.1.21/compute/v2.1/servers/0b5d2173-10d1-4983-877c-743388460231 0.086s
2025-04-03 03:36:48.436 69676 INFO tempest.lib.common.rest_client [req-2b5f2e23-9583-4219-9802-cb0b67cd9560 req-2b5f2e23-9583-4219-9802-cb0b67cd9560 ] Request (ListServersNegativeTestJSON:setUpClass): 200 GET http://10.180.1.21/compute/v2.1/servers/fdd1fc3f-0098-421a-adcc-0ce34923e93b 0.175s
2025-04-03 03:36:48.476 69638 INFO tempest.lib.common.rest_client [req-ef49ae4d-11f4-4420-a960-a6390a57bdb6 req-ef49ae4d-11f4-4420-a960-a6390a57bdb6 ] Request (SecurityGroupsTestJSON:test_server_security_groups): 200 GET http://10.180.1.21/compute/v2.1/servers/78d62458-5f2a-45a1-bf75-c1bf6a087b48 0.144s
2025-04-03 03:36:48.498 69682 INFO tempest.lib.common.rest_client [req-33e2dfa1-d17f-41bf-92a4-bc4f2c32cb29 req-33e2dfa1-d17f-41bf-92a4-bc4f2c32cb29 ] Request (ListImageFiltersTestJSON:setUpClass): 200 GET http://10.180.1.21/compute/v2.1/servers/335258c2-6f86-44c6-8301-f0abab2ede05 0.117s
2025-04-03 03:36:48.564 69664 INFO tempest.lib.common.rest_client [req-512f854d-c842-471a-b05b-b1462666c606 req-512f854d-c842-471a-b05b-b1462666c606 ] Request (ServersAdminNegativeTestJSON:setUpClass): 200 GET http://10.180.1.21/compute/v2.1/servers/04a666db-77b8-4c23-8c7c-887b23ea97af 0.103s
2025-04-03 03:36:48.566 69636 INFO tempest.lib.common.rest_client [req-f5a8b68b-0f5d-4a35-8667-0cda1d3e7446 req-f5a8b68b-0f5d-4a35-8667-0cda1d3e7446 ] Request (ImagesOneServerNegativeTestJSON:setUpClass): 201 POST http://10.180.1.21:9696/networking/v2.0/networks 0.262s
2025-04-03 03:36:48.637 69666 WARNING tempest.lib.common.ssh [-] Failed to establish authenticated ssh connection to cirros@10.180.180.184 ([Errno None] Unable to connect to port 22 on 10.180.180.184). Number attempts: 8. Retry after 9 seconds.: paramiko.ssh_exception.NoValidConnectionsError: [Errno None] Unable to connect to port 22 on 10.180.180.184
2025-04-03 03:36:48.643 69648 INFO tempest.lib.common.rest_client [req-02c9714e-7d7b-40e2-8466-9aeec0935cec req-02c9714e-7d7b-40e2-8466-9aeec0935cec ] Request (MigrationsAdminTest:test_list_migrations_in_flavor_resize_situation): 200 GET http://10.180.1.21/compute/v2.1/servers/3e95f2d5-d392-47c4-b519-4a218660516b 0.154s
2025-04-03 03:36:48.653 69654 INFO tempest.lib.common.rest_client [req-72d47307-f3ef-4520-ade3-895586b373eb req-72d47307-f3ef-4520-ade3-895586b373eb ] Request (ServerGroupTestJSON:test_create_server_with_scheduler_hint_group): 200 GET http://10.180.1.21/compute/v2.1/servers/78ed67e1-b615-4c36-8da5-6938a9d60574 0.115s
2025-04-03 03:36:48.657 69648 INFO tempest.common.waiters [-] State transition "VERIFY_RESIZE/None" ==> "ACTIVE/None" after 48 second wait
2025-04-03 03:36:48.714 69656 INFO tempest.lib.common.rest_client [req-d674b11d-6451-4180-9e73-1c9ab601761e req-d674b11d-6451-4180-9e73-1c9ab601761e ] Request (FloatingIPsAssociationTestJSON:tearDownClass): 200 GET http://10.180.1.21/compute/v2.1/servers/72187860-a5e9-4b68-a8da-9b7c9d33b93a 0.152s
2025-04-03 03:36:48.715 69642 INFO tempest.lib.common.rest_client [req-c2621c1b-38e3-4c94-978c-24fccf3f700d req-c2621c1b-38e3-4c94-978c-24fccf3f700d ] Request (ServerShowV247Test:test_update_rebuild_list_server): 200 GET http://10.180.1.21/compute/v2.1/servers/bfc6c3e7-8384-4669-bd43-acdfcb1c478a 0.115s
2025-04-03 03:36:48.742 69636 INFO tempest.lib.common.rest_client [req-5607afa5-a9de-411f-9abb-e30c4a1b8e43 req-5607afa5-a9de-411f-9abb-e30c4a1b8e43 ] Request (ImagesOneServerNegativeTestJSON:setUpClass): 201 POST http://10.180.1.21:9696/networking/v2.0/subnets 0.175s
2025-04-03 03:36:48.781 69696 INFO tempest.lib.common.rest_client [req-fa5b00a9-d928-4afb-b5e0-61b569436a2b req-fa5b00a9-d928-4afb-b5e0-61b569436a2b ] Request (VolumesAdminNegativeTest:test_update_attached_volume_with_nonexistent_volume_in_body): 200 GET http://10.180.1.21/compute/v2.1/servers/13a67670-f42e-4041-8f4e-4fe3a65e2f33 0.150s
2025-04-03 03:36:48.836 69668 INFO tempest.lib.common.rest_client [req-81f43738-b85f-4661-9599-17cbcdf211ec req-81f43738-b85f-4661-9599-17cbcdf211ec ] Request (ServerDiagnosticsNegativeTest:test_get_server_diagnostics_by_non_admin): 200 GET http://10.180.1.21/compute/v2.1/servers/873a85e3-bddf-4544-b88c-71afd51bce57 0.178s
2025-04-03 03:36:48.909 69694 INFO tempest.lib.common.rest_client [req-85a69725-f0a2-4151-b6b9-79e96855c577 req-85a69725-f0a2-4151-b6b9-79e96855c577 ] Request (ListServerFiltersTestJSON:setUpClass): 200 GET http://10.180.1.21/compute/v2.1/servers/ffc74032-0a67-4fab-88c6-1f81ff356728 0.183s
2025-04-03 03:36:48.935 69670 INFO tempest.lib.common.rest_client [req-629ae19f-4238-49c8-b9f5-2ea90d46e9a2 req-629ae19f-4238-49c8-b9f5-2ea90d46e9a2 ] Request (ServerRescueTestJSON:setUpClass): 200 PUT http://10.180.1.21:9696/networking/v2.0/routers/7ae20630-270b-4524-864d-18c9f05ca059/add_router_interface 1.449s
2025-04-03 03:36:48.935 69670 INFO tempest.lib.common.dynamic_creds [-] Created isolated network resources for: credentials: Credentials: {'domain_id': 'default', 'domain_name': 'Default', 'username': 'tempest-ServerRescueTestJSON-1669667889-project-member', 'project_domain_id': 'default', 'project_domain_name': 'Default', 'project_id': '9916e68946284f088b04983a82874008', 'project_name': 'tempest-ServerRescueTestJSON-1669667889', 'tenant_id': '9916e68946284f088b04983a82874008', 'tenant_name': 'tempest-ServerRescueTestJSON-1669667889', 'user_domain_id': 'default', 'user_domain_name': 'Default', 'user_id': '6a5e3f7af7944ecc8d7a150cc51c4c6f', 'system': None}, Network: {'id': 'b71f8c4a-4860-426b-a666-585ae7a1d2df', 'name': 'tempest-ServerRescueTestJSON-1437161051-network', 'tenant_id': '9916e68946284f088b04983a82874008', 'admin_state_up': True, 'mtu': 8950, 'status': 'ACTIVE', 'subnets': [], 'shared': False, 'project_id': '9916e68946284f088b04983a82874008', 'port_security_enabled': True, 'router:external': False, 'provider:network_type': 'vlan', 'provider:physical_network': 'default', 'provider:segmentation_id': 485, 'availability_zone_hints': [], 'availability_zones': [], 'ipv4_address_scope': None, 'ipv6_address_scope': None, 'description': '', 'tags': [], 'created_at': '2025-04-03T03:36:46Z', 'updated_at': '2025-04-03T03:36:46Z', 'revision_number': 1}, Subnet: {'id': '15f5b2ab-6f6f-4520-80db-5f4c22db42dd', 'name': 'tempest-ServerRescueTestJSON-1437161051-subnet', 'tenant_id': '9916e68946284f088b04983a82874008', 'network_id': 'b71f8c4a-4860-426b-a666-585ae7a1d2df', 'ip_version': 4, 'subnetpool_id': None, 'enable_dhcp': False, 'ipv6_ra_mode': None, 'ipv6_address_mode': None, 'gateway_ip': '192.168.128.1', 'cidr': '192.168.128.0/28', 'allocation_pools': [{'start': '192.168.128.2', 'end': '192.168.128.14'}], 'host_routes': [], 'dns_nameservers': [], 'description': '', 'router:external': False, 'service_types': [], 'tags': [], 'created_at': '2025-04-03T03:36:46Z', 'updated_at': '2025-04-03T03:36:46Z', 'revision_number': 0, 'project_id': '9916e68946284f088b04983a82874008'}, Router: {'id': '7ae20630-270b-4524-864d-18c9f05ca059', 'name': 'tempest-ServerRescueTestJSON-1437161051-router', 'tenant_id': '9916e68946284f088b04983a82874008', 'admin_state_up': True, 'status': 'ACTIVE', 'external_gateway_info': {'network_id': 'eb67037e-2c85-425f-b377-f799ea2edb4a', 'external_fixed_ips': [{'subnet_id': '7bdf53e0-9a30-4f77-9843-cd76e1b3c356', 'ip_address': '10.180.180.185'}], 'enable_snat': True}, 'description': '', 'availability_zones': [], 'distributed': False, 'ha': False, 'availability_zone_hints': [], 'routes': [], 'flavor_id': None, 'tags': [], 'created_at': '2025-04-03T03:36:46Z', 'updated_at': '2025-04-03T03:36:47Z', 'revision_number': 2, 'project_id': '9916e68946284f088b04983a82874008'}
2025-04-03 03:36:48.941 69648 INFO tempest.lib.common.rest_client [req-58fa3dcd-9c0c-44ba-bebb-c45b7761a577 req-58fa3dcd-9c0c-44ba-bebb-c45b7761a577 ] Request (MigrationsAdminTest:test_list_migrations_in_flavor_resize_situation): 200 GET http://10.180.1.21/compute/v2.1/servers/3e95f2d5-d392-47c4-b519-4a218660516b 0.283s
2025-04-03 03:36:48.965 69684 INFO tempest.lib.common.rest_client [req-93e127e5-cdb9-4136-a27b-4470e9bd6264 req-93e127e5-cdb9-4136-a27b-4470e9bd6264 ] Request (ImagesTestJSON:test_create_image_from_stopped_server): 200 GET http://10.180.1.21/compute/v2.1/images/5c901895-0df4-4995-ae8d-ca8be3706c27 0.202s
2025-04-03 03:36:49.006 69692 INFO tempest.lib.common.rest_client [req-abae9f82-03e2-4d03-92e7-140872144c3a req-abae9f82-03e2-4d03-92e7-140872144c3a ] Request (ServersNegativeTestMultiTenantJSON:setUpClass): 200 GET http://10.180.1.21/compute/v2.1/servers/f3e005cf-9024-4c05-90c3-936251fa05a9 0.165s
2025-04-03 03:36:49.038 69680 INFO tempest.lib.common.rest_client [req-c276a2af-da0c-4198-9bfa-77b05cfbd7c5 req-c276a2af-da0c-4198-9bfa-77b05cfbd7c5 ] Request (ServerRescueNegativeTestJSON:test_rescued_vm_detach_volume): 200 GET http://10.180.1.21/compute/v2.1/servers/170e2a0b-6461-4752-b7da-2ed0ff9fd73c 0.135s
2025-04-03 03:36:49.077 69670 INFO tempest.lib.common.rest_client [req-ba126dfc-91db-4bd9-bbef-ebdc61decf71 req-ba126dfc-91db-4bd9-bbef-ebdc61decf71 ] Request (ServerRescueTestJSON:setUpClass): 201 POST http://10.180.1.21/identity/v3/auth/tokens 0.138s
2025-04-03 03:36:49.090 69648 INFO tempest.lib.common.rest_client [req-2de29aa5-a1fe-48cd-9618-45a8470bf3a0 req-2de29aa5-a1fe-48cd-9618-45a8470bf3a0 ] Request (MigrationsAdminTest:test_list_migrations_in_flavor_resize_situation): 200 POST http://10.180.1.21/compute/v2.1/os-keypairs 0.141s
2025-04-03 03:36:49.115 69670 INFO tempest.lib.common.rest_client [req-122c48cc-f455-4763-982f-0de83a419f7b req-122c48cc-f455-4763-982f-0de83a419f7b ] Request (ServerRescueTestJSON:setUpClass): 201 POST http://10.180.1.21/identity/v3/auth/tokens 0.033s
2025-04-03 03:36:49.115 69670 INFO tempest.lib.common.fixed_network [-] (ServerRescueTestJSON:setUpClass) Found network {'id': 'b71f8c4a-4860-426b-a666-585ae7a1d2df', 'name': 'tempest-ServerRescueTestJSON-1437161051-network', 'tenant_id': '9916e68946284f088b04983a82874008', 'admin_state_up': True, 'mtu': 8950, 'status': 'ACTIVE', 'subnets': [], 'shared': False, 'project_id': '9916e68946284f088b04983a82874008', 'port_security_enabled': True, 'router:external': False, 'provider:network_type': 'vlan', 'provider:physical_network': 'default', 'provider:segmentation_id': 485, 'availability_zone_hints': [], 'availability_zones': [], 'ipv4_address_scope': None, 'ipv6_address_scope': None, 'description': '', 'tags': [], 'created_at': '2025-04-03T03:36:46Z', 'updated_at': '2025-04-03T03:36:46Z', 'revision_number': 1} available for tenant
2025-04-03 03:36:49.160 69640 INFO tempest.lib.common.rest_client [req-ac1c62be-fed3-4c3c-a68e-2dc47748bb2f req-ac1c62be-fed3-4c3c-a68e-2dc47748bb2f ] Request (ServersTestBootFromVolume:setUpClass): 200 GET http://10.180.1.21/compute/v2.1/servers/e87c6601-7a18-4857-9d93-4fea4fefed40 0.204s
2025-04-03 03:36:49.167 69698 INFO tempest.lib.common.rest_client [req-1e42b3a4-3496-426c-bf6a-5e9b497032d6 req-1e42b3a4-3496-426c-bf6a-5e9b497032d6 ] Request (DeleteServersTestJSON:test_delete_active_server): 200 GET http://10.180.1.21/compute/v2.1/servers/95b759d7-a8d9-48bb-a730-ff0040147961 0.203s
2025-04-03 03:36:49.248 69674 INFO tempest.lib.common.rest_client [req-baf3ce8c-7a6f-4984-8d2c-33ce70095a51 req-baf3ce8c-7a6f-4984-8d2c-33ce70095a51 ] Request (AttachInterfacesV270Test:tearDownClass): 200 GET http://10.180.1.21/compute/v2.1/servers/7f8824d4-3dfc-49e6-b1a9-b9c9e2a8f179 0.190s
2025-04-03 03:36:49.248 69688 INFO tempest.lib.common.rest_client [req-5ca85451-13cb-43dd-91c0-f43c210942fc req-5ca85451-13cb-43dd-91c0-f43c210942fc ] Request (ServerDiagnosticsTest:tearDownClass): 200 GET http://10.180.1.21/compute/v2.1/servers/df115496-807d-43f5-a129-a0c78a576a29 0.189s
2025-04-03 03:36:49.256 69648 INFO tempest.lib.common.rest_client [req-f1dd5e2d-33bb-41fc-9484-9e8fc9b0a808 req-f1dd5e2d-33bb-41fc-9484-9e8fc9b0a808 ] Request (MigrationsAdminTest:test_list_migrations_in_flavor_resize_situation): 201 POST http://10.180.1.21:9696/networking/v2.0/security-groups 0.160s
2025-04-03 03:36:49.310 69652 INFO tempest.lib.common.rest_client [req-92edb382-6235-49fa-b8d2-13aec19787ba req-92edb382-6235-49fa-b8d2-13aec19787ba ] Request (InstanceActionsV221TestJSON:test_get_list_deleted_instance_actions): 200 GET http://10.180.1.21/compute/v2.1/servers/b1b8d1b7-cc0e-4807-a7f4-e963cb9da64b 0.158s
2025-04-03 03:36:49.373 69648 INFO tempest.lib.common.rest_client [req-4773bf28-489a-42b9-bf1d-6ec4ef49bc75 req-4773bf28-489a-42b9-bf1d-6ec4ef49bc75 ] Request (MigrationsAdminTest:test_list_migrations_in_flavor_resize_situation): 201 POST http://10.180.1.21:9696/networking/v2.0/security-group-rules 0.117s
2025-04-03 03:36:49.379 69662 INFO tempest.lib.common.rest_client [req-29033262-37f2-4883-99bf-8389d553ebf9 req-29033262-37f2-4883-99bf-8389d553ebf9 ] Request (ServerDiagnosticsV248Test:tearDownClass): 200 GET http://10.180.1.21/compute/v2.1/servers/99e94ac3-2fa4-4249-9297-b78043c9af00 0.099s
2025-04-03 03:36:49.432 69644 INFO tempest.lib.common.rest_client [req-cb8e80d3-781a-4674-9472-5118126a096f req-cb8e80d3-781a-4674-9472-5118126a096f ] Request (ServerActionsTestOtherB:setUpClass): 200 GET http://10.180.1.21/compute/v2.1/servers/33bc946c-1397-4355-8132-bc27084a66ba 0.086s
2025-04-03 03:36:49.497 69660 INFO tempest.lib.common.rest_client [req-63564e23-e57f-4736-be96-33ba92bf4893 req-63564e23-e57f-4736-be96-33ba92bf4893 ] Request (ServersAdminTestJSON:test_inject_network_info): 200 GET http://10.180.1.21/compute/v2.1/servers/0b5d2173-10d1-4983-877c-743388460231 0.080s
2025-04-03 03:36:49.546 69648 INFO tempest.lib.common.rest_client [req-b021580f-2a55-49ac-9b21-d83d38058332 req-b021580f-2a55-49ac-9b21-d83d38058332 ] Request (MigrationsAdminTest:test_list_migrations_in_flavor_resize_situation): 201 POST http://10.180.1.21:9696/networking/v2.0/security-group-rules 0.173s
2025-04-03 03:36:49.564 69676 INFO tempest.lib.common.rest_client [req-68773ef2-d461-41ef-ac03-458116ef6099 req-68773ef2-d461-41ef-ac03-458116ef6099 ] Request (ListServersNegativeTestJSON:setUpClass): 200 GET http://10.180.1.21/compute/v2.1/servers/fdd1fc3f-0098-421a-adcc-0ce34923e93b 0.118s
2025-04-03 03:36:49.591 69636 INFO tempest.lib.common.rest_client [req-e798fb1d-4038-4f6c-83f6-b38c57de086f req-e798fb1d-4038-4f6c-83f6-b38c57de086f ] Request (ImagesOneServerNegativeTestJSON:setUpClass): 201 POST http://10.180.1.21:9696/networking/v2.0/routers 0.848s
2025-04-03 03:36:49.631 69638 INFO tempest.lib.common.rest_client [req-35679cf9-f6a7-4dc1-82c8-a9db1c4e8fae req-35679cf9-f6a7-4dc1-82c8-a9db1c4e8fae ] Request (SecurityGroupsTestJSON:test_server_security_groups): 200 GET http://10.180.1.21/compute/v2.1/servers/78d62458-5f2a-45a1-bf75-c1bf6a087b48 0.146s
2025-04-03 03:36:49.685 69670 INFO tempest.lib.common.rest_client [req-2a10a703-8a09-4dd2-ab8e-eacc60b84a23 req-2a10a703-8a09-4dd2-ab8e-eacc60b84a23 ] Request (ServerRescueTestJSON:setUpClass): 202 POST http://10.180.1.21/compute/v2.1/servers 0.569s
2025-04-03 03:36:49.686 69682 INFO tempest.lib.common.rest_client [req-45f574fb-2f8c-4c62-b06d-5a0427db8094 req-45f574fb-2f8c-4c62-b06d-5a0427db8094 ] Request (ListImageFiltersTestJSON:setUpClass): 200 GET http://10.180.1.21/compute/v2.1/servers/335258c2-6f86-44c6-8301-f0abab2ede05 0.178s
2025-04-03 03:36:49.740 69664 INFO tempest.lib.common.rest_client [req-4a99fef6-8f98-42ee-8581-feab0c7e8eb1 req-4a99fef6-8f98-42ee-8581-feab0c7e8eb1 ] Request (ServersAdminNegativeTestJSON:setUpClass): 200 GET http://10.180.1.21/compute/v2.1/servers/04a666db-77b8-4c23-8c7c-887b23ea97af 0.167s
2025-04-03 03:36:49.759 69654 INFO tempest.lib.common.rest_client [req-a38ddd99-b379-46dd-a22c-183db0e74a94 req-a38ddd99-b379-46dd-a22c-183db0e74a94 ] Request (ServerGroupTestJSON:test_create_server_with_scheduler_hint_group): 200 GET http://10.180.1.21/compute/v2.1/servers/78ed67e1-b615-4c36-8da5-6938a9d60574 0.097s
2025-04-03 03:36:50.053 69670 INFO tempest.lib.common.rest_client [req-5e7784ba-f0e5-47b7-bf45-a95c437b6433 req-5e7784ba-f0e5-47b7-bf45-a95c437b6433 ] Request (ServerRescueTestJSON:setUpClass): 200 GET http://10.180.1.21/compute/v2.1/servers/d2216fa6-a955-4b17-b026-4bc90a655ff5 0.365s
2025-04-03 03:36:50.069 69656 INFO tempest.lib.common.rest_client [req-10e448d1-cc81-48cc-a774-6184d3007465 req-10e448d1-cc81-48cc-a774-6184d3007465 ] Request (FloatingIPsAssociationTestJSON:tearDownClass): 200 GET http://10.180.1.21/compute/v2.1/servers/72187860-a5e9-4b68-a8da-9b7c9d33b93a 0.344s
2025-04-03 03:36:50.131 69642 INFO tempest.lib.common.rest_client [req-da184f68-5259-4e11-95c7-d26ff4ffb246 req-da184f68-5259-4e11-95c7-d26ff4ffb246 ] Request (ServerShowV247Test:test_update_rebuild_list_server): 200 GET http://10.180.1.21/compute/v2.1/servers/bfc6c3e7-8384-4669-bd43-acdfcb1c478a 0.400s
2025-04-03 03:36:50.135 69696 INFO tempest.lib.common.rest_client [req-3a970385-40f5-47bd-a4a0-6fdc02c3f2be req-3a970385-40f5-47bd-a4a0-6fdc02c3f2be ] Request (VolumesAdminNegativeTest:test_update_attached_volume_with_nonexistent_volume_in_body): 200 GET http://10.180.1.21/compute/v2.1/servers/13a67670-f42e-4041-8f4e-4fe3a65e2f33 0.342s
2025-04-03 03:36:50.199 69668 INFO tempest.lib.common.rest_client [req-29d33064-460f-44f5-9f47-47b301b09eaf req-29d33064-460f-44f5-9f47-47b301b09eaf ] Request (ServerDiagnosticsNegativeTest:test_get_server_diagnostics_by_non_admin): 200 GET http://10.180.1.21/compute/v2.1/servers/873a85e3-bddf-4544-b88c-71afd51bce57 0.354s
2025-04-03 03:36:50.214 69694 INFO tempest.lib.common.rest_client [req-cc752104-b195-48c7-a513-c7fd3265b0e2 req-cc752104-b195-48c7-a513-c7fd3265b0e2 ] Request (ListServerFiltersTestJSON:setUpClass): 200 GET http://10.180.1.21/compute/v2.1/servers/ffc74032-0a67-4fab-88c6-1f81ff356728 0.291s
2025-04-03 03:36:50.244 69684 INFO tempest.lib.common.rest_client [req-91feb395-2d20-476e-9f4c-1490a01a5937 req-91feb395-2d20-476e-9f4c-1490a01a5937 ] Request (ImagesTestJSON:test_create_image_from_stopped_server): 200 GET http://10.180.1.21/compute/v2.1/images/5c901895-0df4-4995-ae8d-ca8be3706c27 0.274s
2025-04-03 03:36:50.274 69648 INFO tempest.lib.common.rest_client [req-76e4ea21-293e-4516-8682-2b587b4a9506 req-76e4ea21-293e-4516-8682-2b587b4a9506 ] Request (MigrationsAdminTest:test_list_migrations_in_flavor_resize_situation): 201 POST http://10.180.1.21:9696/networking/v2.0/floatingips 0.728s
2025-04-03 03:36:50.282 69692 INFO tempest.lib.common.rest_client [req-54c06ad2-e45d-4f67-9b46-9dfade4f1006 req-54c06ad2-e45d-4f67-9b46-9dfade4f1006 ] Request (ServersNegativeTestMultiTenantJSON:setUpClass): 200 GET http://10.180.1.21/compute/v2.1/servers/f3e005cf-9024-4c05-90c3-936251fa05a9 0.267s
2025-04-03 03:36:50.309 69680 INFO tempest.lib.common.rest_client [req-f3980afb-739a-4722-b31b-9eb90f496593 req-f3980afb-739a-4722-b31b-9eb90f496593 ] Request (ServerRescueNegativeTestJSON:test_rescued_vm_detach_volume): 200 GET http://10.180.1.21/compute/v2.1/servers/170e2a0b-6461-4752-b7da-2ed0ff9fd73c 0.254s
2025-04-03 03:36:50.320 69680 INFO tempest.common.waiters [-] State transition "BUILD/scheduling" ==> "BUILD/None" after 50 second wait
2025-04-03 03:36:50.342 69698 INFO tempest.lib.common.rest_client [req-2d148efd-2da5-4fbd-b71f-a5ef72399eb6 req-2d148efd-2da5-4fbd-b71f-a5ef72399eb6 ] Request (DeleteServersTestJSON:test_delete_active_server): 200 GET http://10.180.1.21/compute/v2.1/servers/95b759d7-a8d9-48bb-a730-ff0040147961 0.161s
2025-04-03 03:36:50.364 69640 INFO tempest.lib.common.rest_client [req-d24e7ad8-43f9-47b4-8efe-c90e1be7f4cc req-d24e7ad8-43f9-47b4-8efe-c90e1be7f4cc ] Request (ServersTestBootFromVolume:setUpClass): 200 GET http://10.180.1.21/compute/v2.1/servers/e87c6601-7a18-4857-9d93-4fea4fefed40 0.185s
2025-04-03 03:36:50.407 69688 INFO tempest.lib.common.rest_client [req-f99e3d4d-ecde-47c5-b630-edaeffb08179 req-f99e3d4d-ecde-47c5-b630-edaeffb08179 ] Request (ServerDiagnosticsTest:tearDownClass): 200 GET http://10.180.1.21/compute/v2.1/servers/df115496-807d-43f5-a129-a0c78a576a29 0.150s
2025-04-03 03:36:50.428 69674 INFO tempest.lib.common.rest_client [req-9c186dd5-3206-4dfe-8303-1eeebd6ecdad req-9c186dd5-3206-4dfe-8303-1eeebd6ecdad ] Request (AttachInterfacesV270Test:tearDownClass): 200 GET http://10.180.1.21/compute/v2.1/servers/7f8824d4-3dfc-49e6-b1a9-b9c9e2a8f179 0.166s
2025-04-03 03:36:50.429 69648 INFO tempest.lib.common.rest_client [req-f72b8d6c-c493-4c67-9f8d-dd744526eef4 req-f72b8d6c-c493-4c67-9f8d-dd744526eef4 ] Request (MigrationsAdminTest:test_list_migrations_in_flavor_resize_situation): 200 GET http://10.180.1.21/compute/v2.1/os-migrations 0.154s
2025-04-03 03:36:50.486 69652 INFO tempest.lib.common.rest_client [req-412871dd-6cca-4273-882c-405c531cf075 req-412871dd-6cca-4273-882c-405c531cf075 ] Request (InstanceActionsV221TestJSON:test_get_list_deleted_instance_actions): 200 GET http://10.180.1.21/compute/v2.1/servers/b1b8d1b7-cc0e-4807-a7f4-e963cb9da64b 0.166s
2025-04-03 03:36:50.502 69662 INFO tempest.lib.common.rest_client [req-9e67d3a5-a25a-4c60-a7ac-86c183a7a134 req-9e67d3a5-a25a-4c60-a7ac-86c183a7a134 ] Request (ServerDiagnosticsV248Test:tearDownClass): 200 GET http://10.180.1.21/compute/v2.1/servers/99e94ac3-2fa4-4249-9297-b78043c9af00 0.111s
2025-04-03 03:36:50.505 69648 INFO tempest.lib.common.rest_client [req-eaefac65-96f3-4f2d-a43a-5bef9e4d30cd req-eaefac65-96f3-4f2d-a43a-5bef9e4d30cd ] Request (MigrationsAdminTest:test_resize_server_revert_deleted_flavor): 200 GET http://10.180.1.21/compute/v2.1/flavors/42 0.071s
2025-04-03 03:36:50.567 69644 INFO tempest.lib.common.rest_client [req-a117a0a9-6f49-410f-8381-739d9c43839d req-a117a0a9-6f49-410f-8381-739d9c43839d ] Request (ServerActionsTestOtherB:setUpClass): 200 GET http://10.180.1.21/compute/v2.1/servers/33bc946c-1397-4355-8132-bc27084a66ba 0.121s
2025-04-03 03:36:50.569 69660 INFO tempest.lib.common.rest_client [req-93b4837a-76b0-4720-b7ae-6187f43a1ff1 req-93b4837a-76b0-4720-b7ae-6187f43a1ff1 ] Request (ServersAdminTestJSON:test_inject_network_info): 200 GET http://10.180.1.21/compute/v2.1/servers/0b5d2173-10d1-4983-877c-743388460231 0.062s
2025-04-03 03:36:50.591 69648 INFO tempest.lib.common.rest_client [req-e0136b36-04c5-47d8-b997-f651f9b4c46c req-e0136b36-04c5-47d8-b997-f651f9b4c46c ] Request (MigrationsAdminTest:test_resize_server_revert_deleted_flavor): 200 POST http://10.180.1.21/compute/v2.1/flavors 0.081s
2025-04-03 03:36:50.609 69648 INFO tempest.lib.common.rest_client [req-94e0b798-7fa4-4ea9-aa05-187f38b75e94 req-94e0b798-7fa4-4ea9-aa05-187f38b75e94 ] Request (MigrationsAdminTest:test_resize_server_revert_deleted_flavor): 200 GET http://10.180.1.21/compute/v2.1/flavors/42/os-extra_specs 0.014s
2025-04-03 03:36:50.634 69648 INFO tempest.lib.common.rest_client [req-6d37618e-4d2e-4ef4-ac4a-942e88684392 req-6d37618e-4d2e-4ef4-ac4a-942e88684392 ] Request (MigrationsAdminTest:test_resize_server_revert_deleted_flavor): 200 POST http://10.180.1.21/compute/v2.1/flavors/cf3ae382-bdca-46a1-ac99-e042e1647d22/os-extra_specs 0.023s
2025-04-03 03:36:50.637 69676 INFO tempest.lib.common.rest_client [req-95c75c01-7d2e-472f-8433-8a7a11f1a7b7 req-95c75c01-7d2e-472f-8433-8a7a11f1a7b7 ] Request (ListServersNegativeTestJSON:setUpClass): 200 GET http://10.180.1.21/compute/v2.1/servers/fdd1fc3f-0098-421a-adcc-0ce34923e93b 0.065s
2025-04-03 03:36:50.645 69676 INFO tempest.common.waiters [-] State transition "ACTIVE/deleting" ==> "DELETED/None" after 4 second wait
2025-04-03 03:36:50.654 69636 INFO tempest.lib.common.rest_client [req-272bcf9d-96e9-42a1-8451-db2ec6a8826a req-272bcf9d-96e9-42a1-8451-db2ec6a8826a ] Request (ImagesOneServerNegativeTestJSON:setUpClass): 200 PUT http://10.180.1.21:9696/networking/v2.0/routers/05675d34-40bf-483f-bb4a-8dcb7c0f79d5/add_router_interface 1.063s
2025-04-03 03:36:50.654 69636 INFO tempest.lib.common.dynamic_creds [-] Created isolated network resources for: credentials: Credentials: {'domain_id': 'default', 'domain_name': 'Default', 'username': 'tempest-ImagesOneServerNegativeTestJSON-2027235860-project-member', 'project_domain_id': 'default', 'project_domain_name': 'Default', 'project_id': '2a8df64c606841b782505fd26aacc891', 'project_name': 'tempest-ImagesOneServerNegativeTestJSON-2027235860', 'tenant_id': '2a8df64c606841b782505fd26aacc891', 'tenant_name': 'tempest-ImagesOneServerNegativeTestJSON-2027235860', 'user_domain_id': 'default', 'user_domain_name': 'Default', 'user_id': '24e26972fb974b248e4a3538133c5ac2', 'system': None}, Network: {'id': '9544bde3-ea52-4622-a0b9-3bef39ca9e43', 'name': 'tempest-ImagesOneServerNegativeTestJSON-467631530-network', 'tenant_id': '2a8df64c606841b782505fd26aacc891', 'admin_state_up': True, 'mtu': 8950, 'status': 'ACTIVE', 'subnets': [], 'shared': False, 'project_id': '2a8df64c606841b782505fd26aacc891', 'port_security_enabled': True, 'router:external': False, 'provider:network_type': 'vlan', 'provider:physical_network': 'default', 'provider:segmentation_id': 393, 'availability_zone_hints': [], 'availability_zones': [], 'ipv4_address_scope': None, 'ipv6_address_scope': None, 'description': '', 'tags': [], 'created_at': '2025-04-03T03:36:48Z', 'updated_at': '2025-04-03T03:36:48Z', 'revision_number': 1}, Subnet: {'id': '74cd6017-016f-469e-823a-996ced172a81', 'name': 'tempest-ImagesOneServerNegativeTestJSON-467631530-subnet', 'tenant_id': '2a8df64c606841b782505fd26aacc891', 'network_id': '9544bde3-ea52-4622-a0b9-3bef39ca9e43', 'ip_version': 4, 'subnetpool_id': None, 'enable_dhcp': True, 'ipv6_ra_mode': None, 'ipv6_address_mode': None, 'gateway_ip': '192.168.128.1', 'cidr': '192.168.128.0/28', 'allocation_pools': [{'start': '192.168.128.2', 'end': '192.168.128.14'}], 'host_routes': [], 'dns_nameservers': [], 'description': '', 'router:external': False, 'service_types': [], 'tags': [], 'created_at': '2025-04-03T03:36:48Z', 'updated_at': '2025-04-03T03:36:48Z', 'revision_number': 0, 'project_id': '2a8df64c606841b782505fd26aacc891'}, Router: {'id': '05675d34-40bf-483f-bb4a-8dcb7c0f79d5', 'name': 'tempest-ImagesOneServerNegativeTestJSON-467631530-router', 'tenant_id': '2a8df64c606841b782505fd26aacc891', 'admin_state_up': True, 'status': 'ACTIVE', 'external_gateway_info': {'network_id': 'eb67037e-2c85-425f-b377-f799ea2edb4a', 'external_fixed_ips': [{'subnet_id': '7bdf53e0-9a30-4f77-9843-cd76e1b3c356', 'ip_address': '10.180.180.136'}], 'enable_snat': True}, 'description': '', 'availability_zones': [], 'distributed': False, 'ha': False, 'availability_zone_hints': [], 'routes': [], 'flavor_id': None, 'tags': [], 'created_at': '2025-04-03T03:36:48Z', 'updated_at': '2025-04-03T03:36:49Z', 'revision_number': 2, 'project_id': '2a8df64c606841b782505fd26aacc891'}
2025-04-03 03:36:50.685 69646 WARNING tempest.lib.common.ssh [-] Failed to establish authenticated ssh connection to cirros@10.180.180.174 ([Errno None] Unable to connect to port 22 on 10.180.180.174). Number attempts: 9. Retry after 10 seconds.: paramiko.ssh_exception.NoValidConnectionsError: [Errno None] Unable to connect to port 22 on 10.180.180.174
2025-04-03 03:36:50.704 69638 INFO tempest.lib.common.rest_client [req-889e4a6a-5f9f-4275-a6d4-2eeadd8865c6 req-889e4a6a-5f9f-4275-a6d4-2eeadd8865c6 ] Request (SecurityGroupsTestJSON:test_server_security_groups): 200 GET http://10.180.1.21/compute/v2.1/servers/78d62458-5f2a-45a1-bf75-c1bf6a087b48 0.066s
2025-04-03 03:36:50.721 69648 INFO tempest.lib.common.rest_client [req-3e0d1654-74e8-405a-b641-55c6bb923e99 req-3e0d1654-74e8-405a-b641-55c6bb923e99 ] Request (MigrationsAdminTest:test_resize_server_revert_deleted_flavor): 201 POST http://10.180.1.21/identity/v3/auth/tokens 0.080s
2025-04-03 03:36:50.722 69648 INFO tempest.lib.common.fixed_network [-] (MigrationsAdminTest:test_resize_server_revert_deleted_flavor) Found network None available for tenant
2025-04-03 03:36:50.747 69636 INFO tempest.lib.common.rest_client [req-106979ad-040b-47df-b980-c980f4dbaa7c req-106979ad-040b-47df-b980-c980f4dbaa7c ] Request (ImagesOneServerNegativeTestJSON:setUpClass): 201 POST http://10.180.1.21/identity/v3/auth/tokens 0.090s
2025-04-03 03:36:50.761 69682 INFO tempest.lib.common.rest_client [req-d7c77be1-d8a0-4bfd-beda-f8844141fe48 req-d7c77be1-d8a0-4bfd-beda-f8844141fe48 ] Request (ListImageFiltersTestJSON:setUpClass): 200 GET http://10.180.1.21/compute/v2.1/servers/335258c2-6f86-44c6-8301-f0abab2ede05 0.063s
2025-04-03 03:36:50.786 69636 INFO tempest.lib.common.rest_client [req-5593b319-73dc-4464-9697-222acef3b090 req-5593b319-73dc-4464-9697-222acef3b090 ] Request (ImagesOneServerNegativeTestJSON:setUpClass): 201 POST http://10.180.1.21/identity/v3/auth/tokens 0.035s
2025-04-03 03:36:50.786 69636 INFO tempest.lib.common.fixed_network [-] (ImagesOneServerNegativeTestJSON:setUpClass) Found network {'id': '9544bde3-ea52-4622-a0b9-3bef39ca9e43', 'name': 'tempest-ImagesOneServerNegativeTestJSON-467631530-network', 'tenant_id': '2a8df64c606841b782505fd26aacc891', 'admin_state_up': True, 'mtu': 8950, 'status': 'ACTIVE', 'subnets': [], 'shared': False, 'project_id': '2a8df64c606841b782505fd26aacc891', 'port_security_enabled': True, 'router:external': False, 'provider:network_type': 'vlan', 'provider:physical_network': 'default', 'provider:segmentation_id': 393, 'availability_zone_hints': [], 'availability_zones': [], 'ipv4_address_scope': None, 'ipv6_address_scope': None, 'description': '', 'tags': [], 'created_at': '2025-04-03T03:36:48Z', 'updated_at': '2025-04-03T03:36:48Z', 'revision_number': 1} available for tenant
2025-04-03 03:36:50.829 69664 INFO tempest.lib.common.rest_client [req-28cec06e-4565-4fde-bcb7-d23a626ebd88 req-28cec06e-4565-4fde-bcb7-d23a626ebd88 ] Request (ServersAdminNegativeTestJSON:setUpClass): 200 GET http://10.180.1.21/compute/v2.1/servers/04a666db-77b8-4c23-8c7c-887b23ea97af 0.078s
2025-04-03 03:36:50.890 69654 INFO tempest.lib.common.rest_client [req-683af902-5d13-487e-bd0d-c8844f5e2337 req-683af902-5d13-487e-bd0d-c8844f5e2337 ] Request (ServerGroupTestJSON:test_create_server_with_scheduler_hint_group): 200 GET http://10.180.1.21/compute/v2.1/servers/78ed67e1-b615-4c36-8da5-6938a9d60574 0.115s
2025-04-03 03:36:50.991 69648 INFO tempest.lib.common.rest_client [req-4ee2088c-1593-4efb-9afb-ab227a8d62ca req-4ee2088c-1593-4efb-9afb-ab227a8d62ca ] Request (MigrationsAdminTest:test_resize_server_revert_deleted_flavor): 202 POST http://10.180.1.21/compute/v2.1/servers 0.269s
2025-04-03 03:36:51.058 69648 INFO tempest.lib.common.rest_client [req-97c2177a-4c3f-490b-806a-2fc1dbdbdcba req-97c2177a-4c3f-490b-806a-2fc1dbdbdcba ] Request (MigrationsAdminTest:test_resize_server_revert_deleted_flavor): 200 GET http://10.180.1.21/compute/v2.1/servers/914e081a-6fde-4c22-9f9c-ed060937963b 0.064s
2025-04-03 03:36:51.139 69670 INFO tempest.lib.common.rest_client [req-bbce123e-0e8f-453f-9606-510791328a76 req-bbce123e-0e8f-453f-9606-510791328a76 ] Request (ServerRescueTestJSON:setUpClass): 200 GET http://10.180.1.21/compute/v2.1/servers/d2216fa6-a955-4b17-b026-4bc90a655ff5 0.074s
2025-04-03 03:36:51.208 69656 INFO tempest.lib.common.rest_client [req-e4882adb-3e86-4b2b-b2a7-fbf22e398a76 req-e4882adb-3e86-4b2b-b2a7-fbf22e398a76 ] Request (FloatingIPsAssociationTestJSON:tearDownClass): 200 GET http://10.180.1.21/compute/v2.1/servers/72187860-a5e9-4b68-a8da-9b7c9d33b93a 0.124s
2025-04-03 03:36:51.273 69642 INFO tempest.lib.common.rest_client [req-d0e24fcd-f134-40ac-9a01-ab94d9c2c6a0 req-d0e24fcd-f134-40ac-9a01-ab94d9c2c6a0 ] Request (ServerShowV247Test:test_update_rebuild_list_server): 200 GET http://10.180.1.21/compute/v2.1/servers/bfc6c3e7-8384-4669-bd43-acdfcb1c478a 0.131s
2025-04-03 03:36:51.319 69696 INFO tempest.lib.common.rest_client [req-13639eae-1d56-441f-bd0f-8aaba6b1a5e5 req-13639eae-1d56-441f-bd0f-8aaba6b1a5e5 ] Request (VolumesAdminNegativeTest:test_update_attached_volume_with_nonexistent_volume_in_body): 200 GET http://10.180.1.21/compute/v2.1/servers/13a67670-f42e-4041-8f4e-4fe3a65e2f33 0.175s
2025-04-03 03:36:51.348 69636 INFO tempest.lib.common.rest_client [req-82602039-cd50-4e02-a197-2a468624ee78 req-82602039-cd50-4e02-a197-2a468624ee78 ] Request (ImagesOneServerNegativeTestJSON:setUpClass): 202 POST http://10.180.1.21/compute/v2.1/servers 0.562s
2025-04-03 03:36:51.370 69668 INFO tempest.lib.common.rest_client [req-b0e8a307-80a4-4f85-b345-083a943b441a req-b0e8a307-80a4-4f85-b345-083a943b441a ] Request (ServerDiagnosticsNegativeTest:test_get_server_diagnostics_by_non_admin): 200 GET http://10.180.1.21/compute/v2.1/servers/873a85e3-bddf-4544-b88c-71afd51bce57 0.156s
2025-04-03 03:36:51.403 69694 INFO tempest.lib.common.rest_client [req-884a8009-048a-420c-820b-865017ed57d8 req-884a8009-048a-420c-820b-865017ed57d8 ] Request (ListServerFiltersTestJSON:setUpClass): 200 GET http://10.180.1.21/compute/v2.1/servers/ffc74032-0a67-4fab-88c6-1f81ff356728 0.174s
2025-04-03 03:36:51.411 69684 INFO tempest.lib.common.rest_client [req-27763ba4-f3ad-4a98-8079-532e69a7e149 req-27763ba4-f3ad-4a98-8079-532e69a7e149 ] Request (ImagesTestJSON:test_create_image_from_stopped_server): 200 GET http://10.180.1.21/compute/v2.1/images/5c901895-0df4-4995-ae8d-ca8be3706c27 0.162s
2025-04-03 03:36:51.461 69692 INFO tempest.lib.common.rest_client [req-599e2d45-32f9-42c6-99fb-80ca5ad10b0e req-599e2d45-32f9-42c6-99fb-80ca5ad10b0e ] Request (ServersNegativeTestMultiTenantJSON:setUpClass): 200 GET http://10.180.1.21/compute/v2.1/servers/f3e005cf-9024-4c05-90c3-936251fa05a9 0.168s
2025-04-03 03:36:51.469 69680 INFO tempest.lib.common.rest_client [req-687edd29-0452-4c85-941d-7b21ecf8f241 req-687edd29-0452-4c85-941d-7b21ecf8f241 ] Request (ServerRescueNegativeTestJSON:test_rescued_vm_detach_volume): 200 GET http://10.180.1.21/compute/v2.1/servers/170e2a0b-6461-4752-b7da-2ed0ff9fd73c 0.148s
2025-04-03 03:36:51.503 69636 INFO tempest.lib.common.rest_client [req-6b01df19-6166-4548-a007-83e0b18bdf18 req-6b01df19-6166-4548-a007-83e0b18bdf18 ] Request (ImagesOneServerNegativeTestJSON:setUpClass): 200 GET http://10.180.1.21/compute/v2.1/servers/1159a12c-1035-49ae-841f-053ac16c48af 0.153s
2025-04-03 03:36:51.515 69698 INFO tempest.lib.common.rest_client [req-a717d7fc-3861-4898-9f40-afc99247be54 req-a717d7fc-3861-4898-9f40-afc99247be54 ] Request (DeleteServersTestJSON:test_delete_active_server): 200 GET http://10.180.1.21/compute/v2.1/servers/95b759d7-a8d9-48bb-a730-ff0040147961 0.164s
2025-04-03 03:36:51.554 69640 INFO tempest.lib.common.rest_client [req-6e9f3925-c483-4a6d-9fc6-6f285649ff4e req-6e9f3925-c483-4a6d-9fc6-6f285649ff4e ] Request (ServersTestBootFromVolume:setUpClass): 200 GET http://10.180.1.21/compute/v2.1/servers/e87c6601-7a18-4857-9d93-4fea4fefed40 0.179s
2025-04-03 03:36:51.572 69688 INFO tempest.lib.common.rest_client [req-80a488a4-b364-4eea-929d-d325f8227893 req-80a488a4-b364-4eea-929d-d325f8227893 ] Request (ServerDiagnosticsTest:tearDownClass): 200 GET http://10.180.1.21/compute/v2.1/servers/df115496-807d-43f5-a129-a0c78a576a29 0.154s
2025-04-03 03:36:51.623 69674 INFO tempest.lib.common.rest_client [req-b4e21649-859d-46bc-90e3-3317cfe75c44 req-b4e21649-859d-46bc-90e3-3317cfe75c44 ] Request (AttachInterfacesV270Test:tearDownClass): 200 GET http://10.180.1.21/compute/v2.1/servers/7f8824d4-3dfc-49e6-b1a9-b9c9e2a8f179 0.183s
2025-04-03 03:36:51.630 69652 INFO tempest.lib.common.rest_client [req-0a3afeee-a9e0-4dcb-89f5-a9e3ebf4ef1b req-0a3afeee-a9e0-4dcb-89f5-a9e3ebf4ef1b ] Request (InstanceActionsV221TestJSON:test_get_list_deleted_instance_actions): 200 GET http://10.180.1.21/compute/v2.1/servers/b1b8d1b7-cc0e-4807-a7f4-e963cb9da64b 0.135s
2025-04-03 03:36:51.684 69644 INFO tempest.lib.common.rest_client [req-0a1f7672-2f9f-4e0e-b123-c345b9bf0223 req-0a1f7672-2f9f-4e0e-b123-c345b9bf0223 ] Request (ServerActionsTestOtherB:setUpClass): 200 GET http://10.180.1.21/compute/v2.1/servers/33bc946c-1397-4355-8132-bc27084a66ba 0.107s
2025-04-03 03:36:51.691 69662 INFO tempest.lib.common.rest_client [req-5f451111-4da9-4055-9116-e7d5ad51fa0a req-5f451111-4da9-4055-9116-e7d5ad51fa0a ] Request (ServerDiagnosticsV248Test:tearDownClass): 200 GET http://10.180.1.21/compute/v2.1/servers/99e94ac3-2fa4-4249-9297-b78043c9af00 0.173s
2025-04-03 03:36:51.748 69676 INFO tempest.lib.common.rest_client [req-9c6f5fe9-9456-4215-988c-2c136a2bd4f4 req-9c6f5fe9-9456-4215-988c-2c136a2bd4f4 ] Request (ListServersNegativeTestJSON:setUpClass): 200 GET http://10.180.1.21/compute/v2.1/servers/fdd1fc3f-0098-421a-adcc-0ce34923e93b 0.102s
2025-04-03 03:36:51.751 69660 INFO tempest.lib.common.rest_client [req-51c23178-7ad5-4fe2-a202-2bc584c19383 req-51c23178-7ad5-4fe2-a202-2bc584c19383 ] Request (ServersAdminTestJSON:test_inject_network_info): 200 GET http://10.180.1.21/compute/v2.1/servers/0b5d2173-10d1-4983-877c-743388460231 0.174s
2025-04-03 03:36:51.816 69638 INFO tempest.lib.common.rest_client [req-f83d6f3b-ed1b-4c7f-b475-eb79ace3e64d req-f83d6f3b-ed1b-4c7f-b475-eb79ace3e64d ] Request (SecurityGroupsTestJSON:test_server_security_groups): 200 GET http://10.180.1.21/compute/v2.1/servers/78d62458-5f2a-45a1-bf75-c1bf6a087b48 0.103s
2025-04-03 03:36:51.834 69682 INFO tempest.lib.common.rest_client [req-906027f0-902a-43e8-84b2-08c58f218a31 req-906027f0-902a-43e8-84b2-08c58f218a31 ] Request (ListImageFiltersTestJSON:setUpClass): 200 GET http://10.180.1.21/compute/v2.1/servers/335258c2-6f86-44c6-8301-f0abab2ede05 0.065s
2025-04-03 03:36:51.846 69682 INFO tempest.common.waiters [-] State transition "BUILD/None" ==> "BUILD/networking" after 75 second wait
2025-04-03 03:36:51.898 69664 INFO tempest.lib.common.rest_client [req-49f01237-f8e7-43e3-bb73-b5841f30e511 req-49f01237-f8e7-43e3-bb73-b5841f30e511 ] Request (ServersAdminNegativeTestJSON:setUpClass): 200 GET http://10.180.1.21/compute/v2.1/servers/04a666db-77b8-4c23-8c7c-887b23ea97af 0.062s
2025-04-03 03:36:51.962 69654 INFO tempest.lib.common.rest_client [req-dc25905c-afb6-4a2f-8d82-d48fd226036e req-dc25905c-afb6-4a2f-8d82-d48fd226036e ] Request (ServerGroupTestJSON:test_create_server_with_scheduler_hint_group): 200 GET http://10.180.1.21/compute/v2.1/servers/78ed67e1-b615-4c36-8da5-6938a9d60574 0.061s
2025-04-03 03:36:52.171 69648 INFO tempest.lib.common.rest_client [req-a695249c-2072-4e8a-86b4-2421f1f46e58 req-a695249c-2072-4e8a-86b4-2421f1f46e58 ] Request (MigrationsAdminTest:test_resize_server_revert_deleted_flavor): 200 GET http://10.180.1.21/compute/v2.1/servers/914e081a-6fde-4c22-9f9c-ed060937963b 0.102s
2025-04-03 03:36:52.211 69670 INFO tempest.lib.common.rest_client [req-042be3e1-2ce8-4131-b665-eee7ce5268e6 req-042be3e1-2ce8-4131-b665-eee7ce5268e6 ] Request (ServerRescueTestJSON:setUpClass): 200 GET http://10.180.1.21/compute/v2.1/servers/d2216fa6-a955-4b17-b026-4bc90a655ff5 0.065s
2025-04-03 03:36:52.284 69672 WARNING tempest.lib.common.ssh [-] Failed to establish authenticated ssh connection to cirros@10.180.180.213 ([Errno None] Unable to connect to port 22 on 10.180.180.213). Number attempts: 6. Retry after 7 seconds.: paramiko.ssh_exception.NoValidConnectionsError: [Errno None] Unable to connect to port 22 on 10.180.180.213
