2025-04-03 03:36:33.641 69686 INFO tempest.lib.common.rest_client [req-c5b71ac6-c7ae-41d9-b2d0-3632f6617809 req-c5b71ac6-c7ae-41d9-b2d0-3632f6617809 ] Request (ServerMetadataNegativeTestJSON:tearDownClass): 200 GET http://10.180.1.21/compute/v2.1/servers/562e1d05-4f46-4195-9d8b-c8e7ba933d22 0.592s
2025-04-03 03:36:33.659 69642 INFO tempest.lib.common.rest_client [req-d6f0750e-9a4c-4fec-a889-f22b30ba3711 req-d6f0750e-9a4c-4fec-a889-f22b30ba3711 ] Request (ServerShowV247Test:test_update_rebuild_list_server): 200 GET http://10.180.1.21/compute/v2.1/servers/bfc6c3e7-8384-4669-bd43-acdfcb1c478a 0.607s
2025-04-03 03:36:33.686 69696 INFO tempest.lib.common.rest_client [req-3fac74d7-a644-4aa7-a063-0d13ddb28889 req-3fac74d7-a644-4aa7-a063-0d13ddb28889 ] Request (VolumesAdminNegativeTest:test_update_attached_volume_with_nonexistent_volume_in_body): 200 GET http://10.180.1.21/compute/v2.1/servers/13a67670-f42e-4041-8f4e-4fe3a65e2f33 0.631s
2025-04-03 03:36:33.707 69668 INFO tempest.lib.common.rest_client [req-80b1ca48-5c8f-44e9-abd9-acb5d1ef4c53 req-80b1ca48-5c8f-44e9-abd9-acb5d1ef4c53 ] Request (ServerDiagnosticsNegativeTest:test_get_server_diagnostics_by_non_admin): 200 GET http://10.180.1.21/compute/v2.1/servers/873a85e3-bddf-4544-b88c-71afd51bce57 0.648s
2025-04-03 03:36:33.736 69640 INFO tempest.lib.common.rest_client [req-6f63eeba-73c3-4e8b-b547-60c8effbe3df req-6f63eeba-73c3-4e8b-b547-60c8effbe3df ] Request (ServersTestBootFromVolume:setUpClass): 200 GET http://10.180.1.21/compute/v2.1/servers/e87c6601-7a18-4857-9d93-4fea4fefed40 0.677s
2025-04-03 03:36:33.752 69694 INFO tempest.lib.common.rest_client [req-e09084a3-b501-43dd-b192-c8dc7154aada req-e09084a3-b501-43dd-b192-c8dc7154aada ] Request (ListServerFiltersTestJSON:setUpClass): 200 GET http://10.180.1.21/compute/v2.1/servers/ffc74032-0a67-4fab-88c6-1f81ff356728 0.692s
2025-04-03 03:36:33.788 69644 INFO tempest.lib.common.rest_client [req-27219644-b48d-45f6-b6e3-4d9c10ff59fb req-27219644-b48d-45f6-b6e3-4d9c10ff59fb ] Request (ImagesNegativeTestJSON:test_create_image_from_deleted_server): 200 GET http://10.180.1.21/compute/v2.1/servers/6e790530-5d70-4125-b7d2-a977c5db2949 0.727s
2025-04-03 03:36:33.800 69692 INFO tempest.lib.common.rest_client [req-306e9ca3-2d68-40ff-81b0-f62976295560 req-306e9ca3-2d68-40ff-81b0-f62976295560 ] Request (ServersNegativeTestMultiTenantJSON:setUpClass): 200 GET http://10.180.1.21/compute/v2.1/servers/f3e005cf-9024-4c05-90c3-936251fa05a9 0.731s
2025-04-03 03:36:33.835 69680 INFO tempest.lib.common.rest_client [req-8a3229e7-585e-44ba-8a82-f33389d95692 req-8a3229e7-585e-44ba-8a82-f33389d95692 ] Request (ServerRescueNegativeTestJSON:test_rescued_vm_detach_volume): 200 GET http://10.180.1.21/compute/v2.1/servers/170e2a0b-6461-4752-b7da-2ed0ff9fd73c 0.765s
2025-04-03 03:36:33.846 69698 INFO tempest.lib.common.rest_client [req-ef31acf0-11c8-4898-82e5-0db0c6bbf61c req-ef31acf0-11c8-4898-82e5-0db0c6bbf61c ] Request (DeleteServersTestJSON:test_delete_active_server): 200 GET http://10.180.1.21/compute/v2.1/servers/95b759d7-a8d9-48bb-a730-ff0040147961 0.771s
2025-04-03 03:36:33.853 69698 INFO tempest.common.waiters [-] State transition "BUILD/scheduling" ==> "BUILD/None" after 40 second wait
2025-04-03 03:36:33.890 69674 INFO tempest.lib.common.rest_client [req-e332d4fb-82cc-4daa-88bd-c7c2f7e58cd9 req-e332d4fb-82cc-4daa-88bd-c7c2f7e58cd9 ] Request (AttachInterfacesV270Test:tearDownClass): 200 GET http://10.180.1.21/compute/v2.1/servers/7f8824d4-3dfc-49e6-b1a9-b9c9e2a8f179 0.814s
2025-04-03 03:36:33.909 69684 INFO tempest.lib.common.rest_client [req-959aa2a8-1830-4967-981d-cbfd2636d0fe req-959aa2a8-1830-4967-981d-cbfd2636d0fe ] Request (ImagesTestJSON:test_create_image_from_stopped_server): 202 POST http://10.180.1.21/compute/v2.1/servers/02492605-6fc9-4e1e-af6c-a2e2cfe60e5a/action 0.408s
2025-04-03 03:36:34.053 69684 INFO tempest.lib.common.rest_client [req-212f869f-782c-4c19-af9f-29719671d1fa req-212f869f-782c-4c19-af9f-29719671d1fa ] Request (ImagesTestJSON:test_create_image_from_stopped_server): 200 GET http://10.180.1.21/compute/v2.1/servers/02492605-6fc9-4e1e-af6c-a2e2cfe60e5a 0.144s
2025-04-03 03:36:34.108 69672 WARNING tempest.lib.common.ssh [-] Failed to establish authenticated ssh connection to cirros@10.180.180.213 ([Errno None] Unable to connect to port 22 on 10.180.180.213). Number attempts: 4. Retry after 5 seconds.: paramiko.ssh_exception.NoValidConnectionsError: [Errno None] Unable to connect to port 22 on 10.180.180.213
2025-04-03 03:36:34.126 69688 INFO tempest.lib.common.rest_client [req-b2112130-a5cb-4fe6-9195-5cb5729e7ba5 req-b2112130-a5cb-4fe6-9195-5cb5729e7ba5 ] Request (ServerDiagnosticsTest:tearDownClass): 200 GET http://10.180.1.21/compute/v2.1/servers/df115496-807d-43f5-a129-a0c78a576a29 0.064s
2025-04-03 03:36:34.182 69652 INFO tempest.lib.common.rest_client [req-8c3af41a-bc45-4e58-9f42-21d8e022f1e8 req-8c3af41a-bc45-4e58-9f42-21d8e022f1e8 ] Request (InstanceActionsV221TestJSON:test_get_list_deleted_instance_actions): 200 GET http://10.180.1.21/compute/v2.1/servers/b1b8d1b7-cc0e-4807-a7f4-e963cb9da64b 0.113s
2025-04-03 03:36:34.265 69636 INFO tempest.lib.common.rest_client [req-40d6e270-928f-4547-80f0-7cbd5db64f95 req-40d6e270-928f-4547-80f0-7cbd5db64f95 ] Request (ImagesOneServerTestJSON:tearDownClass): 200 GET http://10.180.1.21/compute/v2.1/servers/1835d15f-f896-4741-b67d-4b5b17a8dff2 0.107s
2025-04-03 03:36:34.396 69648 INFO tempest.lib.common.rest_client [req-bb2b55bd-ed3d-481e-984d-6425ac9a7f74 req-bb2b55bd-ed3d-481e-984d-6425ac9a7f74 ] Request (MigrationsAdminTest:test_list_migrations_in_flavor_resize_situation): 200 GET http://10.180.1.21/compute/v2.1/servers/3e95f2d5-d392-47c4-b519-4a218660516b 0.170s
2025-04-03 03:36:34.470 69670 INFO tempest.lib.common.rest_client [req-b0026cc9-6a9b-4be4-b60a-432f317e0f0f req-b0026cc9-6a9b-4be4-b60a-432f317e0f0f ] Request (InstanceActionsTestJSON:tearDownClass): 200 GET http://10.180.1.21/compute/v2.1/servers/cf6dc285-9563-42c7-b1f5-d34d5a75a545 0.167s
2025-04-03 03:36:34.586 69676 INFO tempest.lib.common.rest_client [req-1fb48abf-225d-42aa-b35c-850ea14334e4 req-1fb48abf-225d-42aa-b35c-850ea14334e4 ] Request (ListServersNegativeTestJSON:setUpClass): 200 GET http://10.180.1.21/compute/v2.1/servers/6fd4b3da-855a-4796-a514-bffd9d194110 0.271s
2025-04-03 03:36:34.592 69676 INFO tempest.common.waiters [-] State transition "BUILD/networking" ==> "BUILD/spawning" after 60 second wait
2025-04-03 03:36:34.646 69662 INFO tempest.lib.common.rest_client [req-e2288869-f177-45f7-9245-b4b3d3b15e6b req-e2288869-f177-45f7-9245-b4b3d3b15e6b ] Request (ServerDiagnosticsV248Test:tearDownClass): 200 GET http://10.180.1.21/compute/v2.1/servers/99e94ac3-2fa4-4249-9297-b78043c9af00 0.270s
2025-04-03 03:36:34.702 69660 INFO tempest.lib.common.rest_client [req-d0f63ff0-d4b3-4118-9102-59035cbac8a9 req-d0f63ff0-d4b3-4118-9102-59035cbac8a9 ] Request (ServersAdminTestJSON:test_inject_network_info): 200 GET http://10.180.1.21/compute/v2.1/servers/0b5d2173-10d1-4983-877c-743388460231 0.328s
2025-04-03 03:36:34.758 69638 INFO tempest.lib.common.rest_client [req-2298eff6-a981-4bcd-a4ba-b7935c68c0c6 req-2298eff6-a981-4bcd-a4ba-b7935c68c0c6 ] Request (SecurityGroupsTestJSON:test_server_security_groups): 200 GET http://10.180.1.21/compute/v2.1/servers/78d62458-5f2a-45a1-bf75-c1bf6a087b48 0.324s
2025-04-03 03:36:34.817 69664 INFO tempest.lib.common.rest_client [req-13bf3cc7-e97b-4666-b07d-f7a1f498d8f6 req-13bf3cc7-e97b-4666-b07d-f7a1f498d8f6 ] Request (ServersAdminNegativeTestJSON:setUpClass): 200 GET http://10.180.1.21/compute/v2.1/servers/04a666db-77b8-4c23-8c7c-887b23ea97af 0.329s
2025-04-03 03:36:34.861 69656 INFO tempest.lib.common.rest_client [req-beec069d-b9c1-4bb2-8c1c-91cc800ca5bc req-beec069d-b9c1-4bb2-8c1c-91cc800ca5bc ] Request (FloatingIPsAssociationTestJSON:test_associate_already_associated_floating_ip): 202 POST http://10.180.1.21/compute/v2.1/servers/749b3b26-9e42-4ac9-89c4-f467aa379427/action 1.246s
2025-04-03 03:36:34.868 69682 INFO tempest.lib.common.rest_client [req-633cd377-10aa-4c4f-8a17-497622c18f8a req-633cd377-10aa-4c4f-8a17-497622c18f8a ] Request (ListImageFiltersTestJSON:setUpClass): 200 GET http://10.180.1.21/compute/v2.1/servers/335258c2-6f86-44c6-8301-f0abab2ede05 0.318s
2025-04-03 03:36:34.918 69654 INFO tempest.lib.common.rest_client [req-871f95a5-dacc-488d-9e11-cc8f2192263d req-871f95a5-dacc-488d-9e11-cc8f2192263d ] Request (ServerGroupTestJSON:test_create_server_with_scheduler_hint_group): 200 GET http://10.180.1.21/compute/v2.1/servers/78ed67e1-b615-4c36-8da5-6938a9d60574 0.318s
2025-04-03 03:36:34.943 69686 INFO tempest.lib.common.rest_client [req-3e1ef50a-507c-453d-8750-5f3503f45e07 req-3e1ef50a-507c-453d-8750-5f3503f45e07 ] Request (ServerMetadataNegativeTestJSON:tearDownClass): 200 GET http://10.180.1.21/compute/v2.1/servers/562e1d05-4f46-4195-9d8b-c8e7ba933d22 0.293s
2025-04-03 03:36:34.967 69642 INFO tempest.lib.common.rest_client [req-3042cb1d-b508-4570-ab1f-6d4ddc05c754 req-3042cb1d-b508-4570-ab1f-6d4ddc05c754 ] Request (ServerShowV247Test:test_update_rebuild_list_server): 200 GET http://10.180.1.21/compute/v2.1/servers/bfc6c3e7-8384-4669-bd43-acdfcb1c478a 0.298s
2025-04-03 03:36:34.989 69696 INFO tempest.lib.common.rest_client [req-d0b3596e-733c-4054-a117-3f8afb94b5a8 req-d0b3596e-733c-4054-a117-3f8afb94b5a8 ] Request (VolumesAdminNegativeTest:test_update_attached_volume_with_nonexistent_volume_in_body): 200 GET http://10.180.1.21/compute/v2.1/servers/13a67670-f42e-4041-8f4e-4fe3a65e2f33 0.292s
2025-04-03 03:36:35.004 69658 WARNING tempest.lib.common.ssh [-] Failed to establish authenticated ssh connection to cirros@10.180.180.203 ([Errno None] Unable to connect to port 22 on 10.180.180.203). Number attempts: 8. Retry after 9 seconds.: paramiko.ssh_exception.NoValidConnectionsError: [Errno None] Unable to connect to port 22 on 10.180.180.203
2025-04-03 03:36:35.016 69668 INFO tempest.lib.common.rest_client [req-4671d87a-62b6-4be4-832c-3cfdc48d2d45 req-4671d87a-62b6-4be4-832c-3cfdc48d2d45 ] Request (ServerDiagnosticsNegativeTest:test_get_server_diagnostics_by_non_admin): 200 GET http://10.180.1.21/compute/v2.1/servers/873a85e3-bddf-4544-b88c-71afd51bce57 0.300s
2025-04-03 03:36:35.041 69640 INFO tempest.lib.common.rest_client [req-51eb5520-95d9-4310-97f9-5f02f91b7d6f req-51eb5520-95d9-4310-97f9-5f02f91b7d6f ] Request (ServersTestBootFromVolume:setUpClass): 200 GET http://10.180.1.21/compute/v2.1/servers/e87c6601-7a18-4857-9d93-4fea4fefed40 0.297s
2025-04-03 03:36:35.059 69644 INFO tempest.lib.common.rest_client [req-2fba8fce-ff1c-4f31-9186-230d80c67b04 req-2fba8fce-ff1c-4f31-9186-230d80c67b04 ] Request (ImagesNegativeTestJSON:test_create_image_from_deleted_server): 404 GET http://10.180.1.21/compute/v2.1/servers/6e790530-5d70-4125-b7d2-a977c5db2949 0.264s
2025-04-03 03:36:35.066 69694 INFO tempest.lib.common.rest_client [req-1dc2ed09-e401-49a0-94f8-f55fe265cbfc req-1dc2ed09-e401-49a0-94f8-f55fe265cbfc ] Request (ListServerFiltersTestJSON:setUpClass): 200 GET http://10.180.1.21/compute/v2.1/servers/ffc74032-0a67-4fab-88c6-1f81ff356728 0.305s
2025-04-03 03:36:35.106 69692 INFO tempest.lib.common.rest_client [req-5d559958-0882-4a73-bd08-214f4b4ccadb req-5d559958-0882-4a73-bd08-214f4b4ccadb ] Request (ServersNegativeTestMultiTenantJSON:setUpClass): 200 GET http://10.180.1.21/compute/v2.1/servers/f3e005cf-9024-4c05-90c3-936251fa05a9 0.298s
2025-04-03 03:36:35.118 69680 INFO tempest.lib.common.rest_client [req-2db24065-a056-43e7-ab26-fe8abb8ce638 req-2db24065-a056-43e7-ab26-fe8abb8ce638 ] Request (ServerRescueNegativeTestJSON:test_rescued_vm_detach_volume): 200 GET http://10.180.1.21/compute/v2.1/servers/170e2a0b-6461-4752-b7da-2ed0ff9fd73c 0.274s
2025-04-03 03:36:35.150 69698 INFO tempest.lib.common.rest_client [req-d6459570-213a-450a-8d88-48a3f7d8a6ee req-d6459570-213a-450a-8d88-48a3f7d8a6ee ] Request (DeleteServersTestJSON:test_delete_active_server): 200 GET http://10.180.1.21/compute/v2.1/servers/95b759d7-a8d9-48bb-a730-ff0040147961 0.296s
2025-04-03 03:36:35.210 69674 INFO tempest.lib.common.rest_client [req-b78f2122-a047-4f09-8b3d-d8db5fc7939a req-b78f2122-a047-4f09-8b3d-d8db5fc7939a ] Request (AttachInterfacesV270Test:tearDownClass): 200 GET http://10.180.1.21/compute/v2.1/servers/7f8824d4-3dfc-49e6-b1a9-b9c9e2a8f179 0.310s
2025-04-03 03:36:35.227 69644 INFO tempest.lib.common.rest_client [req-4740523f-2f3d-49ad-9e78-90cb0ae1940d req-4740523f-2f3d-49ad-9e78-90cb0ae1940d ] Request (ImagesNegativeTestJSON:test_create_image_from_deleted_server): 404 POST http://10.180.1.21/compute/v2.1/servers/6e790530-5d70-4125-b7d2-a977c5db2949/action 0.167s
2025-04-03 03:36:35.399 69684 INFO tempest.lib.common.rest_client [req-bc9ba8d2-478d-433c-9e15-89714b17e58f req-bc9ba8d2-478d-433c-9e15-89714b17e58f ] Request (ImagesTestJSON:test_create_image_from_stopped_server): 200 GET http://10.180.1.21/compute/v2.1/servers/02492605-6fc9-4e1e-af6c-a2e2cfe60e5a 0.338s
2025-04-03 03:36:35.465 69688 INFO tempest.lib.common.rest_client [req-73f3571a-3264-4006-b047-b7c815c88900 req-73f3571a-3264-4006-b047-b7c815c88900 ] Request (ServerDiagnosticsTest:tearDownClass): 200 GET http://10.180.1.21/compute/v2.1/servers/df115496-807d-43f5-a129-a0c78a576a29 0.330s
2025-04-03 03:36:35.518 69652 INFO tempest.lib.common.rest_client [req-f2dedc84-dd77-4415-88e0-7ecd7f21b191 req-f2dedc84-dd77-4415-88e0-7ecd7f21b191 ] Request (InstanceActionsV221TestJSON:test_get_list_deleted_instance_actions): 200 GET http://10.180.1.21/compute/v2.1/servers/b1b8d1b7-cc0e-4807-a7f4-e963cb9da64b 0.327s
2025-04-03 03:36:35.532 69644 INFO tempest.lib.common.rest_client [req-b934a58b-38ab-4d7e-8360-bfccd2da09b8 req-b934a58b-38ab-4d7e-8360-bfccd2da09b8 ] Request (ImagesNegativeTestJSON:test_create_image_from_invalid_server): 404 POST http://10.180.1.21/compute/v2.1/servers/tempest-invalid-1657552476/action 0.303s
2025-04-03 03:36:35.608 69636 INFO tempest.lib.common.rest_client [req-cba5660f-593c-4536-93c2-d9b233783a09 req-cba5660f-593c-4536-93c2-d9b233783a09 ] Request (ImagesOneServerTestJSON:tearDownClass): 200 GET http://10.180.1.21/compute/v2.1/servers/1835d15f-f896-4741-b67d-4b5b17a8dff2 0.335s
2025-04-03 03:36:35.774 69648 INFO tempest.lib.common.rest_client [req-570a1494-fc54-41a3-b75b-45095cd23fa6 req-570a1494-fc54-41a3-b75b-45095cd23fa6 ] Request (MigrationsAdminTest:test_list_migrations_in_flavor_resize_situation): 200 GET http://10.180.1.21/compute/v2.1/servers/3e95f2d5-d392-47c4-b519-4a218660516b 0.370s
2025-04-03 03:36:36.069 69670 INFO tempest.lib.common.rest_client [req-7e3a0a16-48be-4537-bfa1-617cadbc99f3 req-7e3a0a16-48be-4537-bfa1-617cadbc99f3 ] Request (InstanceActionsTestJSON:tearDownClass): 200 GET http://10.180.1.21/compute/v2.1/servers/cf6dc285-9563-42c7-b1f5-d34d5a75a545 0.589s
2025-04-03 03:36:36.077 69644 INFO tempest.lib.common.rest_client [req-b8a79de6-878d-4685-aea1-d78194957686 req-b8a79de6-878d-4685-aea1-d78194957686 ] Request (ImagesNegativeTestJSON:test_create_image_specify_uuid_35_characters_or_less): 404 POST http://10.180.1.21/compute/v2.1/servers/aaaaaaaaaaaaaaaaaaaaaaaaaaaaaaaaaaa/action 0.542s
2025-04-03 03:36:36.200 69676 INFO tempest.lib.common.rest_client [req-9fd4b409-863f-45a5-87ad-b40ea2307665 req-9fd4b409-863f-45a5-87ad-b40ea2307665 ] Request (ListServersNegativeTestJSON:setUpClass): 200 GET http://10.180.1.21/compute/v2.1/servers/6fd4b3da-855a-4796-a514-bffd9d194110 0.607s
2025-04-03 03:36:36.266 69662 INFO tempest.lib.common.rest_client [req-fd3fade1-66ef-4559-bf0a-df85333c97ae req-fd3fade1-66ef-4559-bf0a-df85333c97ae ] Request (ServerDiagnosticsV248Test:tearDownClass): 200 GET http://10.180.1.21/compute/v2.1/servers/99e94ac3-2fa4-4249-9297-b78043c9af00 0.609s
2025-04-03 03:36:36.319 69660 INFO tempest.lib.common.rest_client [req-b34c9ef3-39be-4b1e-bb3e-4e61f78a8c1a req-b34c9ef3-39be-4b1e-bb3e-4e61f78a8c1a ] Request (ServersAdminTestJSON:test_inject_network_info): 200 GET http://10.180.1.21/compute/v2.1/servers/0b5d2173-10d1-4983-877c-743388460231 0.609s
2025-04-03 03:36:36.365 69638 INFO tempest.lib.common.rest_client [req-baad0a09-71a9-4c3c-a47d-11fc5f663d69 req-baad0a09-71a9-4c3c-a47d-11fc5f663d69 ] Request (SecurityGroupsTestJSON:test_server_security_groups): 200 GET http://10.180.1.21/compute/v2.1/servers/78d62458-5f2a-45a1-bf75-c1bf6a087b48 0.599s
2025-04-03 03:36:36.418 69664 INFO tempest.lib.common.rest_client [req-6352a8a0-a09d-4775-8a06-d60eb245ed97 req-6352a8a0-a09d-4775-8a06-d60eb245ed97 ] Request (ServersAdminNegativeTestJSON:setUpClass): 200 GET http://10.180.1.21/compute/v2.1/servers/04a666db-77b8-4c23-8c7c-887b23ea97af 0.589s
2025-04-03 03:36:36.465 69682 INFO tempest.lib.common.rest_client [req-b2d4db23-5e1e-408c-8f02-70ff91b73071 req-b2d4db23-5e1e-408c-8f02-70ff91b73071 ] Request (ListImageFiltersTestJSON:setUpClass): 200 GET http://10.180.1.21/compute/v2.1/servers/335258c2-6f86-44c6-8301-f0abab2ede05 0.590s
2025-04-03 03:36:36.517 69654 INFO tempest.lib.common.rest_client [req-c773a80e-7adf-4fde-aeac-5973e73d63a8 req-c773a80e-7adf-4fde-aeac-5973e73d63a8 ] Request (ServerGroupTestJSON:test_create_server_with_scheduler_hint_group): 200 GET http://10.180.1.21/compute/v2.1/servers/78ed67e1-b615-4c36-8da5-6938a9d60574 0.592s
2025-04-03 03:36:36.586 69686 INFO tempest.lib.common.rest_client [req-ec9315f6-e61a-4dab-945b-36f74cb41203 req-ec9315f6-e61a-4dab-945b-36f74cb41203 ] Request (ServerMetadataNegativeTestJSON:tearDownClass): 200 GET http://10.180.1.21/compute/v2.1/servers/562e1d05-4f46-4195-9d8b-c8e7ba933d22 0.632s
2025-04-03 03:36:36.640 69642 INFO tempest.lib.common.rest_client [req-40edcfbe-07ca-4aa9-8abd-45b964d8dcca req-40edcfbe-07ca-4aa9-8abd-45b964d8dcca ] Request (ServerShowV247Test:test_update_rebuild_list_server): 200 GET http://10.180.1.21/compute/v2.1/servers/bfc6c3e7-8384-4669-bd43-acdfcb1c478a 0.660s
2025-04-03 03:36:36.690 69696 INFO tempest.lib.common.rest_client [req-904d57bc-d385-4122-9b0d-fd404d452d58 req-904d57bc-d385-4122-9b0d-fd404d452d58 ] Request (VolumesAdminNegativeTest:test_update_attached_volume_with_nonexistent_volume_in_body): 200 GET http://10.180.1.21/compute/v2.1/servers/13a67670-f42e-4041-8f4e-4fe3a65e2f33 0.692s
2025-04-03 03:36:36.743 69668 INFO tempest.lib.common.rest_client [req-5600f428-6fcf-41b8-bc96-6f2f522dc6b8 req-5600f428-6fcf-41b8-bc96-6f2f522dc6b8 ] Request (ServerDiagnosticsNegativeTest:test_get_server_diagnostics_by_non_admin): 200 GET http://10.180.1.21/compute/v2.1/servers/873a85e3-bddf-4544-b88c-71afd51bce57 0.719s
2025-04-03 03:36:36.800 69640 INFO tempest.lib.common.rest_client [req-7db903b7-dfe0-4726-9636-28a1db7e33cb req-7db903b7-dfe0-4726-9636-28a1db7e33cb ] Request (ServersTestBootFromVolume:setUpClass): 200 GET http://10.180.1.21/compute/v2.1/servers/e87c6601-7a18-4857-9d93-4fea4fefed40 0.750s
2025-04-03 03:36:36.863 69694 INFO tempest.lib.common.rest_client [req-789590d1-e528-4dd2-bf5a-2be765296135 req-789590d1-e528-4dd2-bf5a-2be765296135 ] Request (ListServerFiltersTestJSON:setUpClass): 200 GET http://10.180.1.21/compute/v2.1/servers/ffc74032-0a67-4fab-88c6-1f81ff356728 0.790s
2025-04-03 03:36:36.868 69644 INFO tempest.lib.common.rest_client [req-d2443863-de9f-4c47-b20e-8ad77872bd64 req-d2443863-de9f-4c47-b20e-8ad77872bd64 ] Request (ImagesNegativeTestJSON:test_create_image_specify_uuid_37_characters_or_more): 404 POST http://10.180.1.21/compute/v2.1/servers/aaaaaaaaaaaaaaaaaaaaaaaaaaaaaaaaaaaaa/action 0.790s
2025-04-03 03:36:36.925 69692 INFO tempest.lib.common.rest_client [req-7b36ecfc-3031-4373-8056-6cf1419ad96f req-7b36ecfc-3031-4373-8056-6cf1419ad96f ] Request (ServersNegativeTestMultiTenantJSON:setUpClass): 200 GET http://10.180.1.21/compute/v2.1/servers/f3e005cf-9024-4c05-90c3-936251fa05a9 0.811s
2025-04-03 03:36:36.973 69680 INFO tempest.lib.common.rest_client [req-8dd98893-13b4-4455-acf5-64253ab5faed req-8dd98893-13b4-4455-acf5-64253ab5faed ] Request (ServerRescueNegativeTestJSON:test_rescued_vm_detach_volume): 200 GET http://10.180.1.21/compute/v2.1/servers/170e2a0b-6461-4752-b7da-2ed0ff9fd73c 0.847s
2025-04-03 03:36:37.025 69698 INFO tempest.lib.common.rest_client [req-c3d47378-1d14-4ecd-afd1-6df1c56ff58c req-c3d47378-1d14-4ecd-afd1-6df1c56ff58c ] Request (DeleteServersTestJSON:test_delete_active_server): 200 GET http://10.180.1.21/compute/v2.1/servers/95b759d7-a8d9-48bb-a730-ff0040147961 0.867s
2025-04-03 03:36:37.037 69656 INFO tempest.lib.common.rest_client [req-289917eb-9e5f-422d-a565-f2debe6b0dbf req-289917eb-9e5f-422d-a565-f2debe6b0dbf ] Request (FloatingIPsAssociationTestJSON:test_associate_already_associated_floating_ip): 202 POST http://10.180.1.21/compute/v2.1/servers/72187860-a5e9-4b68-a8da-9b7c9d33b93a/action 2.175s
2025-04-03 03:36:37.053 69666 WARNING tempest.lib.common.ssh [-] Failed to establish authenticated ssh connection to cirros@10.180.180.184 ([Errno None] Unable to connect to port 22 on 10.180.180.184). Number attempts: 7. Retry after 8 seconds.: paramiko.ssh_exception.NoValidConnectionsError: [Errno None] Unable to connect to port 22 on 10.180.180.184
2025-04-03 03:36:37.109 69674 INFO tempest.lib.common.rest_client [req-d313b47b-4167-4eaa-be90-1b97f732142b req-d313b47b-4167-4eaa-be90-1b97f732142b ] Request (AttachInterfacesV270Test:tearDownClass): 200 GET http://10.180.1.21/compute/v2.1/servers/7f8824d4-3dfc-49e6-b1a9-b9c9e2a8f179 0.889s
2025-04-03 03:36:37.146 69684 INFO tempest.lib.common.rest_client [req-9cb6def4-9f82-4223-be3e-df0ae4f76528 req-9cb6def4-9f82-4223-be3e-df0ae4f76528 ] Request (ImagesTestJSON:test_create_image_from_stopped_server): 200 GET http://10.180.1.21/compute/v2.1/servers/02492605-6fc9-4e1e-af6c-a2e2cfe60e5a 0.739s
2025-04-03 03:36:37.153 69684 INFO tempest.common.waiters [-] State transition "ACTIVE/powering-off" ==> "SHUTOFF/None" after 3 second wait
2025-04-03 03:36:37.158 69688 INFO tempest.lib.common.rest_client [req-d2735af9-af7a-4298-8de3-709a496de32a req-d2735af9-af7a-4298-8de3-709a496de32a ] Request (ServerDiagnosticsTest:tearDownClass): 200 GET http://10.180.1.21/compute/v2.1/servers/df115496-807d-43f5-a129-a0c78a576a29 0.680s
2025-04-03 03:36:37.193 69652 INFO tempest.lib.common.rest_client [req-e757f255-d7ff-4224-894a-0af2057f49ad req-e757f255-d7ff-4224-894a-0af2057f49ad ] Request (InstanceActionsV221TestJSON:test_get_list_deleted_instance_actions): 200 GET http://10.180.1.21/compute/v2.1/servers/b1b8d1b7-cc0e-4807-a7f4-e963cb9da64b 0.659s
2025-04-03 03:36:37.216 69636 INFO tempest.lib.common.rest_client [req-6db931a3-1c6a-49de-920e-58d4c8d4c537 req-6db931a3-1c6a-49de-920e-58d4c8d4c537 ] Request (ImagesOneServerTestJSON:tearDownClass): 200 GET http://10.180.1.21/compute/v2.1/servers/1835d15f-f896-4741-b67d-4b5b17a8dff2 0.593s
2025-04-03 03:36:37.232 69644 INFO tempest.lib.common.rest_client [req-fa5479f4-0b52-49af-9752-0610993376f4 req-fa5479f4-0b52-49af-9752-0610993376f4 ] Request (ImagesNegativeTestJSON:tearDownClass): 404 DELETE http://10.180.1.21/compute/v2.1/servers/6e790530-5d70-4125-b7d2-a977c5db2949 0.362s
2025-04-03 03:36:37.296 69648 INFO tempest.lib.common.rest_client [req-267ef7f1-5030-4418-8da3-3916b0200756 req-267ef7f1-5030-4418-8da3-3916b0200756 ] Request (MigrationsAdminTest:test_list_migrations_in_flavor_resize_situation): 200 GET http://10.180.1.21/compute/v2.1/servers/3e95f2d5-d392-47c4-b519-4a218660516b 0.513s
2025-04-03 03:36:37.353 69670 INFO tempest.lib.common.rest_client [req-db1baa88-617d-474a-906c-7306b12fbdc7 req-db1baa88-617d-474a-906c-7306b12fbdc7 ] Request (InstanceActionsTestJSON:tearDownClass): 200 GET http://10.180.1.21/compute/v2.1/servers/cf6dc285-9563-42c7-b1f5-d34d5a75a545 0.270s
2025-04-03 03:36:37.433 69656 INFO tempest.lib.common.rest_client [req-9eb5cebc-2ed0-481d-b34f-379536a4c569 req-9eb5cebc-2ed0-481d-b34f-379536a4c569 ] Request (FloatingIPsAssociationTestJSON:test_associate_already_associated_floating_ip): 409 POST http://10.180.1.21/compute/v2.1/servers/749b3b26-9e42-4ac9-89c4-f467aa379427/action 0.395s
2025-04-03 03:36:37.534 69676 INFO tempest.lib.common.rest_client [req-49480ded-c0cb-4c37-9b43-bab54b4863f2 req-49480ded-c0cb-4c37-9b43-bab54b4863f2 ] Request (ListServersNegativeTestJSON:setUpClass): 200 GET http://10.180.1.21/compute/v2.1/servers/6fd4b3da-855a-4796-a514-bffd9d194110 0.324s
2025-04-03 03:36:37.558 69644 INFO tempest.lib.common.rest_client [req-0b2d66a2-b73e-44c1-b1c1-4ff34415cdd7 req-0b2d66a2-b73e-44c1-b1c1-4ff34415cdd7 ] Request (ImagesNegativeTestJSON:tearDownClass): 404 GET http://10.180.1.21/compute/v2.1/servers/6e790530-5d70-4125-b7d2-a977c5db2949 0.326s
2025-04-03 03:36:37.654 69662 INFO tempest.lib.common.rest_client [req-1030253a-7563-4de3-b184-892ba9449424 req-1030253a-7563-4de3-b184-892ba9449424 ] Request (ServerDiagnosticsV248Test:tearDownClass): 200 GET http://10.180.1.21/compute/v2.1/servers/99e94ac3-2fa4-4249-9297-b78043c9af00 0.378s
2025-04-03 03:36:37.701 69660 INFO tempest.lib.common.rest_client [req-7ff50366-f431-4b4d-b7ac-ecfb5a2350df req-7ff50366-f431-4b4d-b7ac-ecfb5a2350df ] Request (ServersAdminTestJSON:test_inject_network_info): 200 GET http://10.180.1.21/compute/v2.1/servers/0b5d2173-10d1-4983-877c-743388460231 0.373s
2025-04-03 03:36:37.755 69638 INFO tempest.lib.common.rest_client [req-eebcdeff-ebee-45ae-a7ac-05e98f350093 req-eebcdeff-ebee-45ae-a7ac-05e98f350093 ] Request (SecurityGroupsTestJSON:test_server_security_groups): 200 GET http://10.180.1.21/compute/v2.1/servers/78d62458-5f2a-45a1-bf75-c1bf6a087b48 0.380s
2025-04-03 03:36:37.821 69664 INFO tempest.lib.common.rest_client [req-60d388a5-d1f6-42aa-ba1c-a74cbb0d426d req-60d388a5-d1f6-42aa-ba1c-a74cbb0d426d ] Request (ServersAdminNegativeTestJSON:setUpClass): 200 GET http://10.180.1.21/compute/v2.1/servers/04a666db-77b8-4c23-8c7c-887b23ea97af 0.395s
2025-04-03 03:36:37.912 69684 INFO tempest.lib.common.rest_client [req-52a312e8-4cf4-41b8-9e5c-9c4167325825 req-52a312e8-4cf4-41b8-9e5c-9c4167325825 ] Request (ImagesTestJSON:test_create_image_from_stopped_server): 202 POST http://10.180.1.21/compute/v2.1/servers/02492605-6fc9-4e1e-af6c-a2e2cfe60e5a/action 0.759s
2025-04-03 03:36:37.995 69682 INFO tempest.lib.common.rest_client [req-a7d167a7-feeb-47d2-9879-8959811406b7 req-a7d167a7-feeb-47d2-9879-8959811406b7 ] Request (ListImageFiltersTestJSON:setUpClass): 200 GET http://10.180.1.21/compute/v2.1/servers/335258c2-6f86-44c6-8301-f0abab2ede05 0.522s
2025-04-03 03:36:38.077 69646 WARNING tempest.lib.common.ssh [-] Failed to establish authenticated ssh connection to cirros@10.180.180.174 ([Errno None] Unable to connect to port 22 on 10.180.180.174). Number attempts: 8. Retry after 9 seconds.: paramiko.ssh_exception.NoValidConnectionsError: [Errno None] Unable to connect to port 22 on 10.180.180.174
2025-04-03 03:36:38.080 69654 INFO tempest.lib.common.rest_client [req-831614db-ad84-4c96-b5b1-f0646c96b746 req-831614db-ad84-4c96-b5b1-f0646c96b746 ] Request (ServerGroupTestJSON:test_create_server_with_scheduler_hint_group): 200 GET http://10.180.1.21/compute/v2.1/servers/78ed67e1-b615-4c36-8da5-6938a9d60574 0.554s
2025-04-03 03:36:38.180 69686 INFO tempest.lib.common.rest_client [req-5fea2c99-86f5-411b-aec3-017a5b93d328 req-5fea2c99-86f5-411b-aec3-017a5b93d328 ] Request (ServerMetadataNegativeTestJSON:tearDownClass): 200 GET http://10.180.1.21/compute/v2.1/servers/562e1d05-4f46-4195-9d8b-c8e7ba933d22 0.585s
2025-04-03 03:36:38.254 69642 INFO tempest.lib.common.rest_client [req-fc29387b-45c1-4f90-8d30-a4823d24f4f0 req-fc29387b-45c1-4f90-8d30-a4823d24f4f0 ] Request (ServerShowV247Test:test_update_rebuild_list_server): 200 GET http://10.180.1.21/compute/v2.1/servers/bfc6c3e7-8384-4669-bd43-acdfcb1c478a 0.605s
2025-04-03 03:36:38.319 69696 INFO tempest.lib.common.rest_client [req-4309cfae-873e-4995-87a6-35f589a52e9b req-4309cfae-873e-4995-87a6-35f589a52e9b ] Request (VolumesAdminNegativeTest:test_update_attached_volume_with_nonexistent_volume_in_body): 200 GET http://10.180.1.21/compute/v2.1/servers/13a67670-f42e-4041-8f4e-4fe3a65e2f33 0.620s
2025-04-03 03:36:38.380 69668 INFO tempest.lib.common.rest_client [req-01485a8c-f309-4831-a05e-40833d83f987 req-01485a8c-f309-4831-a05e-40833d83f987 ] Request (ServerDiagnosticsNegativeTest:test_get_server_diagnostics_by_non_admin): 200 GET http://10.180.1.21/compute/v2.1/servers/873a85e3-bddf-4544-b88c-71afd51bce57 0.630s
2025-04-03 03:36:38.446 69640 INFO tempest.lib.common.rest_client [req-57af9108-7a37-4a7f-aad3-00da48c56120 req-57af9108-7a37-4a7f-aad3-00da48c56120 ] Request (ServersTestBootFromVolume:setUpClass): 200 GET http://10.180.1.21/compute/v2.1/servers/e87c6601-7a18-4857-9d93-4fea4fefed40 0.638s
2025-04-03 03:36:38.507 69694 INFO tempest.lib.common.rest_client [req-52dc6050-b79c-492b-b0cc-41fd791cd151 req-52dc6050-b79c-492b-b0cc-41fd791cd151 ] Request (ListServerFiltersTestJSON:setUpClass): 200 GET http://10.180.1.21/compute/v2.1/servers/ffc74032-0a67-4fab-88c6-1f81ff356728 0.635s
2025-04-03 03:36:38.543 69684 INFO tempest.lib.common.rest_client [req-fb88d828-e7bd-46ac-a63a-17bf154eac91 req-fb88d828-e7bd-46ac-a63a-17bf154eac91 ] Request (ImagesTestJSON:test_create_image_from_stopped_server): 200 GET http://10.180.1.21/compute/v2.1/images/5c901895-0df4-4995-ae8d-ca8be3706c27 0.629s
2025-04-03 03:36:38.600 69644 INFO tempest.lib.common.rest_client [req-9fc392cc-518f-4890-b4d4-1a72f71a44e2 req-9fc392cc-518f-4890-b4d4-1a72f71a44e2 ] Request (ImagesNegativeTestJSON:tearDownClass): 200 PUT http://10.180.1.21:9696/networking/v2.0/routers/5a37dca3-257b-4910-a022-d3310ac5e466/remove_router_interface 1.040s
2025-04-03 03:36:38.608 69692 INFO tempest.lib.common.rest_client [req-d8067f28-57aa-4b2e-9138-c19e6bb99dc8 req-d8067f28-57aa-4b2e-9138-c19e6bb99dc8 ] Request (ServersNegativeTestMultiTenantJSON:setUpClass): 200 GET http://10.180.1.21/compute/v2.1/servers/f3e005cf-9024-4c05-90c3-936251fa05a9 0.674s
2025-04-03 03:36:38.685 69680 INFO tempest.lib.common.rest_client [req-de4aee56-2b34-4a6c-ad5f-f0413a39adbe req-de4aee56-2b34-4a6c-ad5f-f0413a39adbe ] Request (ServerRescueNegativeTestJSON:test_rescued_vm_detach_volume): 200 GET http://10.180.1.21/compute/v2.1/servers/170e2a0b-6461-4752-b7da-2ed0ff9fd73c 0.703s
2025-04-03 03:36:38.750 69698 INFO tempest.lib.common.rest_client [req-51de575b-3608-4da2-bf91-918bd866b836 req-51de575b-3608-4da2-bf91-918bd866b836 ] Request (DeleteServersTestJSON:test_delete_active_server): 200 GET http://10.180.1.21/compute/v2.1/servers/95b759d7-a8d9-48bb-a730-ff0040147961 0.717s
2025-04-03 03:36:38.833 69674 INFO tempest.lib.common.rest_client [req-7ee92c2b-8831-43d0-a429-460b55f7331a req-7ee92c2b-8831-43d0-a429-460b55f7331a ] Request (AttachInterfacesV270Test:tearDownClass): 200 GET http://10.180.1.21/compute/v2.1/servers/7f8824d4-3dfc-49e6-b1a9-b9c9e2a8f179 0.714s
2025-04-03 03:36:38.901 69688 INFO tempest.lib.common.rest_client [req-aa3bcb25-cd82-475e-9710-1049fd15cede req-aa3bcb25-cd82-475e-9710-1049fd15cede ] Request (ServerDiagnosticsTest:tearDownClass): 200 GET http://10.180.1.21/compute/v2.1/servers/df115496-807d-43f5-a129-a0c78a576a29 0.735s
2025-04-03 03:36:38.938 69644 INFO tempest.lib.common.rest_client [req-674be79e-1c92-4497-a7c4-fe913fd1c360 req-674be79e-1c92-4497-a7c4-fe913fd1c360 ] Request (ImagesNegativeTestJSON:tearDownClass): 204 DELETE http://10.180.1.21:9696/networking/v2.0/routers/5a37dca3-257b-4910-a022-d3310ac5e466 0.337s
2025-04-03 03:36:38.973 69652 INFO tempest.lib.common.rest_client [req-27afcf95-1644-4b64-8765-128806729487 req-27afcf95-1644-4b64-8765-128806729487 ] Request (InstanceActionsV221TestJSON:test_get_list_deleted_instance_actions): 200 GET http://10.180.1.21/compute/v2.1/servers/b1b8d1b7-cc0e-4807-a7f4-e963cb9da64b 0.770s
2025-04-03 03:36:39.062 69636 INFO tempest.lib.common.rest_client [req-85782861-7d7d-4310-a22a-91a69cc30a67 req-85782861-7d7d-4310-a22a-91a69cc30a67 ] Request (ImagesOneServerTestJSON:tearDownClass): 200 GET http://10.180.1.21/compute/v2.1/servers/1835d15f-f896-4741-b67d-4b5b17a8dff2 0.836s
2025-04-03 03:36:39.064 69644 INFO tempest.lib.common.rest_client [req-626798b2-b5ef-4dac-8271-fd84c48a4a62 req-626798b2-b5ef-4dac-8271-fd84c48a4a62 ] Request (ImagesNegativeTestJSON:tearDownClass): 204 DELETE http://10.180.1.21:9696/networking/v2.0/subnets/dde82ee9-418b-4ee0-a32d-a9bfb88e098f 0.126s
2025-04-03 03:36:39.220 69648 INFO tempest.lib.common.rest_client [req-fe2f28b5-987c-442f-ab3b-0f9e074fb572 req-fe2f28b5-987c-442f-ab3b-0f9e074fb572 ] Request (MigrationsAdminTest:test_list_migrations_in_flavor_resize_situation): 200 GET http://10.180.1.21/compute/v2.1/servers/3e95f2d5-d392-47c4-b519-4a218660516b 0.916s
2025-04-03 03:36:39.227 69656 INFO tempest.lib.common.rest_client [req-c0b0ec7e-7639-49e2-b530-edc8511ae327 req-c0b0ec7e-7639-49e2-b530-edc8511ae327 ] Request (FloatingIPsAssociationTestJSON:_run_cleanups): 202 POST http://10.180.1.21/compute/v2.1/servers/72187860-a5e9-4b68-a8da-9b7c9d33b93a/action 1.793s
2025-04-03 03:36:39.293 69670 INFO tempest.lib.common.rest_client [req-eaf4eb7b-1623-41d6-970f-8545a7b36a72 req-eaf4eb7b-1623-41d6-970f-8545a7b36a72 ] Request (InstanceActionsTestJSON:tearDownClass): 200 GET http://10.180.1.21/compute/v2.1/servers/cf6dc285-9563-42c7-b1f5-d34d5a75a545 0.929s
2025-04-03 03:36:39.332 69644 INFO tempest.lib.common.rest_client [req-a09abc56-7a60-48f0-a236-8660efa857ba req-a09abc56-7a60-48f0-a236-8660efa857ba ] Request (ImagesNegativeTestJSON:tearDownClass): 204 DELETE http://10.180.1.21:9696/networking/v2.0/networks/6817b794-baba-4762-a27e-a93c4aec0f4e 0.267s
2025-04-03 03:36:39.367 69662 INFO tempest.lib.common.rest_client [req-2fb4bf67-53a6-4620-a49e-a0b4e7f22479 req-2fb4bf67-53a6-4620-a49e-a0b4e7f22479 ] Request (ServerDiagnosticsV248Test:tearDownClass): 200 GET http://10.180.1.21/compute/v2.1/servers/99e94ac3-2fa4-4249-9297-b78043c9af00 0.702s
2025-04-03 03:36:39.396 69676 INFO tempest.lib.common.rest_client [req-6a8ac84b-4842-43b6-a930-42770d327ba6 req-6a8ac84b-4842-43b6-a930-42770d327ba6 ] Request (ListServersNegativeTestJSON:setUpClass): 200 GET http://10.180.1.21/compute/v2.1/servers/6fd4b3da-855a-4796-a514-bffd9d194110 0.854s
2025-04-03 03:36:39.430 69660 INFO tempest.lib.common.rest_client [req-2e027528-f211-494f-b4e5-14fce5b193c7 req-2e027528-f211-494f-b4e5-14fce5b193c7 ] Request (ServersAdminTestJSON:test_inject_network_info): 200 GET http://10.180.1.21/compute/v2.1/servers/0b5d2173-10d1-4983-877c-743388460231 0.721s
2025-04-03 03:36:39.456 69638 INFO tempest.lib.common.rest_client [req-a2ec848d-9e3a-414e-8969-366df9dedcb5 req-a2ec848d-9e3a-414e-8969-366df9dedcb5 ] Request (SecurityGroupsTestJSON:test_server_security_groups): 200 GET http://10.180.1.21/compute/v2.1/servers/78d62458-5f2a-45a1-bf75-c1bf6a087b48 0.691s
2025-04-03 03:36:39.462 69644 INFO tempest.lib.common.rest_client [req-00269a50-5ae0-4bd5-b01a-797dc73a165e req-00269a50-5ae0-4bd5-b01a-797dc73a165e ] Request (ImagesNegativeTestJSON:tearDownClass): 204 DELETE http://10.180.1.21/identity/v3/users/596f3688970047eca30f6d1285d4b666 0.130s
2025-04-03 03:36:39.462 69644 INFO tempest.lib.common.dynamic_creds [-] Deleting project and security group for project: 0f439846fef84031a90f103237307e36
2025-04-03 03:36:39.510 69664 INFO tempest.lib.common.rest_client [req-393a923b-3806-4de4-8cdb-376771c947e5 req-393a923b-3806-4de4-8cdb-376771c947e5 ] Request (ServersAdminNegativeTestJSON:setUpClass): 200 GET http://10.180.1.21/compute/v2.1/servers/04a666db-77b8-4c23-8c7c-887b23ea97af 0.675s
2025-04-03 03:36:39.523 69682 INFO tempest.lib.common.rest_client [req-5824aecc-b85f-4724-8a08-916037a72497 req-5824aecc-b85f-4724-8a08-916037a72497 ] Request (ListImageFiltersTestJSON:setUpClass): 200 GET http://10.180.1.21/compute/v2.1/servers/335258c2-6f86-44c6-8301-f0abab2ede05 0.513s
2025-04-03 03:36:39.530 69644 INFO tempest.lib.common.rest_client [req-6279d496-acd1-4910-9a35-582975ade39f req-6279d496-acd1-4910-9a35-582975ade39f ] Request (ImagesNegativeTestJSON:tearDownClass): 200 GET http://10.180.1.21:9696/networking/v2.0/security-groups?tenant_id=0f439846fef84031a90f103237307e36&name=default 0.068s
2025-04-03 03:36:39.542 69686 INFO tempest.lib.common.rest_client [req-41b7cd65-f49c-4697-8b53-caefd4d0229f req-41b7cd65-f49c-4697-8b53-caefd4d0229f ] Request (ServerMetadataNegativeTestJSON:tearDownClass): 404 GET http://10.180.1.21/compute/v2.1/servers/562e1d05-4f46-4195-9d8b-c8e7ba933d22 0.352s
2025-04-03 03:36:39.572 69654 INFO tempest.lib.common.rest_client [req-43c7658a-7891-4be5-b518-13ef84c9b98a req-43c7658a-7891-4be5-b518-13ef84c9b98a ] Request (ServerGroupTestJSON:test_create_server_with_scheduler_hint_group): 200 GET http://10.180.1.21/compute/v2.1/servers/78ed67e1-b615-4c36-8da5-6938a9d60574 0.476s
2025-04-03 03:36:39.625 69656 INFO tempest.lib.common.rest_client [req-74cc0223-6533-4f2a-920f-2051ace6fd90 req-74cc0223-6533-4f2a-920f-2051ace6fd90 ] Request (FloatingIPsAssociationTestJSON:_run_cleanups): 204 DELETE http://10.180.1.21/compute/v2.1/servers/72187860-a5e9-4b68-a8da-9b7c9d33b93a 0.398s
2025-04-03 03:36:39.656 69642 INFO tempest.lib.common.rest_client [req-9aaec350-d985-4e85-9ef6-1581ce8e250e req-9aaec350-d985-4e85-9ef6-1581ce8e250e ] Request (ServerShowV247Test:test_update_rebuild_list_server): 200 GET http://10.180.1.21/compute/v2.1/servers/bfc6c3e7-8384-4669-bd43-acdfcb1c478a 0.391s
2025-04-03 03:36:39.679 69696 INFO tempest.lib.common.rest_client [req-512157c2-941d-49ef-8083-13f4b2ea6f28 req-512157c2-941d-49ef-8083-13f4b2ea6f28 ] Request (VolumesAdminNegativeTest:test_update_attached_volume_with_nonexistent_volume_in_body): 200 GET http://10.180.1.21/compute/v2.1/servers/13a67670-f42e-4041-8f4e-4fe3a65e2f33 0.351s
2025-04-03 03:36:39.699 69644 INFO tempest.lib.common.rest_client [req-e13ad35c-0408-479c-9124-57f62569de3f req-e13ad35c-0408-479c-9124-57f62569de3f ] Request (ImagesNegativeTestJSON:tearDownClass): 204 DELETE http://10.180.1.21:9696/networking/v2.0/security-groups/36d34f6e-377a-4ba4-9bcb-24d440c8d9b9 0.168s
2025-04-03 03:36:39.715 69668 INFO tempest.lib.common.rest_client [req-776b94fe-e551-4e80-bbd2-ec12aed05cd6 req-776b94fe-e551-4e80-bbd2-ec12aed05cd6 ] Request (ServerDiagnosticsNegativeTest:test_get_server_diagnostics_by_non_admin): 200 GET http://10.180.1.21/compute/v2.1/servers/873a85e3-bddf-4544-b88c-71afd51bce57 0.325s
2025-04-03 03:36:39.736 69640 INFO tempest.lib.common.rest_client [req-50cfc2cd-150f-4562-b9ae-ff2361f448a0 req-50cfc2cd-150f-4562-b9ae-ff2361f448a0 ] Request (ServersTestBootFromVolume:setUpClass): 200 GET http://10.180.1.21/compute/v2.1/servers/e87c6601-7a18-4857-9d93-4fea4fefed40 0.280s
2025-04-03 03:36:39.759 69694 INFO tempest.lib.common.rest_client [req-e01724a2-f715-4b8e-882c-2289ca28333f req-e01724a2-f715-4b8e-882c-2289ca28333f ] Request (ListServerFiltersTestJSON:setUpClass): 200 GET http://10.180.1.21/compute/v2.1/servers/ffc74032-0a67-4fab-88c6-1f81ff356728 0.244s
2025-04-03 03:36:39.775 69684 INFO tempest.lib.common.rest_client [req-c9a1bd76-b778-4a07-bd9d-5450ab0c1400 req-c9a1bd76-b778-4a07-bd9d-5450ab0c1400 ] Request (ImagesTestJSON:test_create_image_from_stopped_server): 200 GET http://10.180.1.21/compute/v2.1/images/5c901895-0df4-4995-ae8d-ca8be3706c27 0.227s
2025-04-03 03:36:39.803 69692 INFO tempest.lib.common.rest_client [req-7022ab0f-61b4-4d40-8881-322d4a6db3ad req-7022ab0f-61b4-4d40-8881-322d4a6db3ad ] Request (ServersNegativeTestMultiTenantJSON:setUpClass): 200 GET http://10.180.1.21/compute/v2.1/servers/f3e005cf-9024-4c05-90c3-936251fa05a9 0.186s
2025-04-03 03:36:39.809 69644 INFO tempest.lib.common.rest_client [req-014923e7-25b7-45f2-b33b-98b744101c75 req-014923e7-25b7-45f2-b33b-98b744101c75 ] Request (ImagesNegativeTestJSON:tearDownClass): 204 DELETE http://10.180.1.21/identity/v3/projects/0f439846fef84031a90f103237307e36 0.109s
2025-04-03 03:36:39.858 69680 INFO tempest.lib.common.rest_client [req-18ca0b01-e9aa-4ef9-8f73-36f762be8a9d req-18ca0b01-e9aa-4ef9-8f73-36f762be8a9d ] Request (ServerRescueNegativeTestJSON:test_rescued_vm_detach_volume): 200 GET http://10.180.1.21/compute/v2.1/servers/170e2a0b-6461-4752-b7da-2ed0ff9fd73c 0.164s
2025-04-03 03:36:39.869 69644 INFO tempest.lib.common.rest_client [req-2a51e0d2-8252-4eee-8c63-beac136d7e86 req-2a51e0d2-8252-4eee-8c63-beac136d7e86 ] Request (ServerActionsTestOtherB:setUpClass): 201 POST http://10.180.1.21/identity/v3/auth/tokens 0.058s
2025-04-03 03:36:39.910 69644 INFO tempest.lib.common.rest_client [req-4e616794-ec1b-4367-aa22-7921f9fa9751 req-4e616794-ec1b-4367-aa22-7921f9fa9751 ] Request (ServerActionsTestOtherB:setUpClass): 201 POST http://10.180.1.21/identity/v3/auth/tokens 0.038s
2025-04-03 03:36:39.915 69698 INFO tempest.lib.common.rest_client [req-a97286ce-95a2-4edd-ac9a-5d8247335258 req-a97286ce-95a2-4edd-ac9a-5d8247335258 ] Request (DeleteServersTestJSON:test_delete_active_server): 200 GET http://10.180.1.21/compute/v2.1/servers/95b759d7-a8d9-48bb-a730-ff0040147961 0.156s
2025-04-03 03:36:39.940 69644 INFO tempest.lib.common.rest_client [req-f57989f5-10d8-4b8a-9fb6-631ad49ac3e2 req-f57989f5-10d8-4b8a-9fb6-631ad49ac3e2 ] Request (ServerActionsTestOtherB:setUpClass): 200 GET http://10.180.1.21/identity/v3/domains?name=Default 0.029s
2025-04-03 03:36:39.973 69644 INFO tempest.lib.common.rest_client [req-699b663d-c122-4fa7-98db-07ed864d0fd3 req-699b663d-c122-4fa7-98db-07ed864d0fd3 ] Request (ServerActionsTestOtherB:setUpClass): 201 POST http://10.180.1.21/identity/v3/projects 0.033s
2025-04-03 03:36:39.994 69674 INFO tempest.lib.common.rest_client [req-cf48c553-392a-4dfe-b246-01d092a9d4ec req-cf48c553-392a-4dfe-b246-01d092a9d4ec ] Request (AttachInterfacesV270Test:tearDownClass): 200 GET http://10.180.1.21/compute/v2.1/servers/7f8824d4-3dfc-49e6-b1a9-b9c9e2a8f179 0.149s
2025-04-03 03:36:40.060 69644 INFO tempest.lib.common.rest_client [req-ddd2fde3-7502-411b-99b4-bc2ce30ad368 req-ddd2fde3-7502-411b-99b4-bc2ce30ad368 ] Request (ServerActionsTestOtherB:setUpClass): 201 POST http://10.180.1.21/identity/v3/users 0.087s
2025-04-03 03:36:40.082 69644 INFO tempest.lib.common.rest_client [req-4adeb364-3530-41b3-88d4-6a74018208a8 req-4adeb364-3530-41b3-88d4-6a74018208a8 ] Request (ServerActionsTestOtherB:setUpClass): 200 GET http://10.180.1.21/identity/v3/roles 0.021s
2025-04-03 03:36:40.086 69688 INFO tempest.lib.common.rest_client [req-fdfc17b2-759c-425c-a6ff-c8da4a168789 req-fdfc17b2-759c-425c-a6ff-c8da4a168789 ] Request (ServerDiagnosticsTest:tearDownClass): 200 GET http://10.180.1.21/compute/v2.1/servers/df115496-807d-43f5-a129-a0c78a576a29 0.178s
2025-04-03 03:36:40.118 69644 INFO tempest.lib.common.rest_client [req-60a0f425-cfc8-45ef-8d66-33bd4ed5d3f3 req-60a0f425-cfc8-45ef-8d66-33bd4ed5d3f3 ] Request (ServerActionsTestOtherB:setUpClass): 204 PUT http://10.180.1.21/identity/v3/projects/8712195e5600495dac5d45bcbbd358ed/users/693349a2f7594f7d83be81f865a96a62/roles/1be87f3c92b549c98e7cf7379439aff6 0.035s
2025-04-03 03:36:40.118 69644 INFO tempest.lib.common.dynamic_creds [-] Dynamic test user 693349a2f7594f7d83be81f865a96a62 is created with scope project and roles: ['member']
2025-04-03 03:36:40.118 69644 INFO tempest.lib.common.dynamic_creds [-] Acquired dynamic creds: credentials: Credentials: {'domain_id': 'default', 'domain_name': 'Default', 'username': 'tempest-ServerActionsTestOtherB-1082577214-project-member', 'project_domain_id': 'default', 'project_domain_name': 'Default', 'project_id': '8712195e5600495dac5d45bcbbd358ed', 'project_name': 'tempest-ServerActionsTestOtherB-1082577214', 'tenant_id': '8712195e5600495dac5d45bcbbd358ed', 'tenant_name': 'tempest-ServerActionsTestOtherB-1082577214', 'user_domain_id': 'default', 'user_domain_name': 'Default', 'user_id': '693349a2f7594f7d83be81f865a96a62', 'system': None}, Network: None, Subnet: None, Router: None
2025-04-03 03:36:40.175 69652 INFO tempest.lib.common.rest_client [req-5558e55c-0d47-4955-a0cd-c435d113f832 req-5558e55c-0d47-4955-a0cd-c435d113f832 ] Request (InstanceActionsV221TestJSON:test_get_list_deleted_instance_actions): 200 GET http://10.180.1.21/compute/v2.1/servers/b1b8d1b7-cc0e-4807-a7f4-e963cb9da64b 0.188s
2025-04-03 03:36:40.198 69644 INFO tempest.lib.common.rest_client [req-2775a249-8308-404c-ac04-977110923efd req-2775a249-8308-404c-ac04-977110923efd ] Request (ServerActionsTestOtherB:setUpClass): 201 POST http://10.180.1.21/identity/v3/auth/tokens 0.079s
2025-04-03 03:36:40.250 69686 INFO tempest.lib.common.rest_client [req-0430fb18-a0c0-4beb-b5a6-2b6df6f53e03 req-0430fb18-a0c0-4beb-b5a6-2b6df6f53e03 ] Request (ServerMetadataNegativeTestJSON:tearDownClass): 200 PUT http://10.180.1.21:9696/networking/v2.0/routers/0ae7db17-a206-45ee-900f-b0f35c2b8c68/remove_router_interface 0.707s
2025-04-03 03:36:40.446 69636 INFO tempest.lib.common.rest_client [req-fa863503-535b-48b8-8f4f-5696c7dd171f req-fa863503-535b-48b8-8f4f-5696c7dd171f ] Request (ImagesOneServerTestJSON:tearDownClass): 200 GET http://10.180.1.21/compute/v2.1/servers/1835d15f-f896-4741-b67d-4b5b17a8dff2 0.374s
2025-04-03 03:36:40.558 69644 INFO tempest.lib.common.rest_client [req-02b4fe11-fd3a-4cdf-9523-d219c498cd14 req-02b4fe11-fd3a-4cdf-9523-d219c498cd14 ] Request (ServerActionsTestOtherB:setUpClass): 201 POST http://10.180.1.21:9696/networking/v2.0/networks 0.359s
2025-04-03 03:36:40.612 69648 INFO tempest.lib.common.rest_client [req-03468b87-71a1-4d94-9eb2-d3cc00c324fb req-03468b87-71a1-4d94-9eb2-d3cc00c324fb ] Request (MigrationsAdminTest:test_list_migrations_in_flavor_resize_situation): 200 GET http://10.180.1.21/compute/v2.1/servers/3e95f2d5-d392-47c4-b519-4a218660516b 0.381s
2025-04-03 03:36:40.681 69670 INFO tempest.lib.common.rest_client [req-97a9c0f9-318d-4a49-a6c8-941706fe119a req-97a9c0f9-318d-4a49-a6c8-941706fe119a ] Request (InstanceActionsTestJSON:tearDownClass): 200 GET http://10.180.1.21/compute/v2.1/servers/cf6dc285-9563-42c7-b1f5-d34d5a75a545 0.377s
2025-04-03 03:36:40.763 69662 INFO tempest.lib.common.rest_client [req-81302bca-7879-44e6-9e3e-2a1b0acbe70b req-81302bca-7879-44e6-9e3e-2a1b0acbe70b ] Request (ServerDiagnosticsV248Test:tearDownClass): 200 GET http://10.180.1.21/compute/v2.1/servers/99e94ac3-2fa4-4249-9297-b78043c9af00 0.383s
2025-04-03 03:36:40.787 69686 INFO tempest.lib.common.rest_client [req-c88dfbaa-3259-4aed-8328-809663351788 req-c88dfbaa-3259-4aed-8328-809663351788 ] Request (ServerMetadataNegativeTestJSON:tearDownClass): 204 DELETE http://10.180.1.21:9696/networking/v2.0/routers/0ae7db17-a206-45ee-900f-b0f35c2b8c68 0.536s
2025-04-03 03:36:40.844 69644 INFO tempest.lib.common.rest_client [req-a2efe794-e7da-4399-b1f8-595955f60f30 req-a2efe794-e7da-4399-b1f8-595955f60f30 ] Request (ServerActionsTestOtherB:setUpClass): 201 POST http://10.180.1.21:9696/networking/v2.0/subnets 0.285s
2025-04-03 03:36:40.960 69676 INFO tempest.lib.common.rest_client [req-d90eae57-809f-433f-a7ed-e78e7636aa9a req-d90eae57-809f-433f-a7ed-e78e7636aa9a ] Request (ListServersNegativeTestJSON:setUpClass): 200 GET http://10.180.1.21/compute/v2.1/servers/6fd4b3da-855a-4796-a514-bffd9d194110 0.552s
2025-04-03 03:36:40.974 69686 INFO tempest.lib.common.rest_client [req-8ed8932a-c748-4981-9ff1-0b737dc6933e req-8ed8932a-c748-4981-9ff1-0b737dc6933e ] Request (ServerMetadataNegativeTestJSON:tearDownClass): 204 DELETE http://10.180.1.21:9696/networking/v2.0/subnets/5de0e072-699e-49ec-aae5-24d3a62c334e 0.187s
2025-04-03 03:36:41.052 69660 INFO tempest.lib.common.rest_client [req-bb6aa98f-3252-4b8b-815b-4551476df552 req-bb6aa98f-3252-4b8b-815b-4551476df552 ] Request (ServersAdminTestJSON:test_inject_network_info): 200 GET http://10.180.1.21/compute/v2.1/servers/0b5d2173-10d1-4983-877c-743388460231 0.614s
2025-04-03 03:36:41.130 69638 INFO tempest.lib.common.rest_client [req-d5fc98c3-66d4-493a-9baa-ee1a39016945 req-d5fc98c3-66d4-493a-9baa-ee1a39016945 ] Request (SecurityGroupsTestJSON:test_server_security_groups): 200 GET http://10.180.1.21/compute/v2.1/servers/78d62458-5f2a-45a1-bf75-c1bf6a087b48 0.666s
2025-04-03 03:36:41.192 69664 INFO tempest.lib.common.rest_client [req-e966f8c0-7f6a-40b7-a818-fa170ccabf00 req-e966f8c0-7f6a-40b7-a818-fa170ccabf00 ] Request (ServersAdminNegativeTestJSON:setUpClass): 200 GET http://10.180.1.21/compute/v2.1/servers/04a666db-77b8-4c23-8c7c-887b23ea97af 0.669s
2025-04-03 03:36:41.261 69682 INFO tempest.lib.common.rest_client [req-7a626634-e850-492f-aec0-ef2cb68c8dce req-7a626634-e850-492f-aec0-ef2cb68c8dce ] Request (ListImageFiltersTestJSON:setUpClass): 200 GET http://10.180.1.21/compute/v2.1/servers/335258c2-6f86-44c6-8301-f0abab2ede05 0.729s
2025-04-03 03:36:41.321 69654 INFO tempest.lib.common.rest_client [req-80879e18-c7fc-43f2-a35e-a15b049447e7 req-80879e18-c7fc-43f2-a35e-a15b049447e7 ] Request (ServerGroupTestJSON:test_create_server_with_scheduler_hint_group): 200 GET http://10.180.1.21/compute/v2.1/servers/78ed67e1-b615-4c36-8da5-6938a9d60574 0.740s
2025-04-03 03:36:41.360 69686 INFO tempest.lib.common.rest_client [req-6a19089c-3e9c-4e4c-98e1-ccb9993d74b5 req-6a19089c-3e9c-4e4c-98e1-ccb9993d74b5 ] Request (ServerMetadataNegativeTestJSON:tearDownClass): 204 DELETE http://10.180.1.21:9696/networking/v2.0/networks/27b0d533-90c5-4110-965b-cded096fe773 0.384s
2025-04-03 03:36:41.399 69642 INFO tempest.lib.common.rest_client [req-64c6f35f-0b9f-4c5f-a618-ecf610f4a24f req-64c6f35f-0b9f-4c5f-a618-ecf610f4a24f ] Request (ServerShowV247Test:test_update_rebuild_list_server): 200 GET http://10.180.1.21/compute/v2.1/servers/bfc6c3e7-8384-4669-bd43-acdfcb1c478a 0.733s
2025-04-03 03:36:41.457 69696 INFO tempest.lib.common.rest_client [req-f744f32c-05ae-4bf8-a593-45114d74b704 req-f744f32c-05ae-4bf8-a593-45114d74b704 ] Request (VolumesAdminNegativeTest:test_update_attached_volume_with_nonexistent_volume_in_body): 200 GET http://10.180.1.21/compute/v2.1/servers/13a67670-f42e-4041-8f4e-4fe3a65e2f33 0.769s
2025-04-03 03:36:41.461 69686 INFO tempest.lib.common.rest_client [req-1d6493dc-96a8-42b8-81ef-545126539eb6 req-1d6493dc-96a8-42b8-81ef-545126539eb6 ] Request (ServerMetadataNegativeTestJSON:tearDownClass): 204 DELETE http://10.180.1.21/identity/v3/users/24f9a64381574d4f88253d8c99a0161e 0.100s
2025-04-03 03:36:41.461 69686 INFO tempest.lib.common.dynamic_creds [-] Deleting project and security group for project: 77d99beddc65460491a3d5a7a048f0b1
