2025-04-03 03:36:24.164 69636 INFO tempest.lib.common.rest_client [req-8d904243-cf9d-4f49-929d-19b3386ece97 req-8d904243-cf9d-4f49-929d-19b3386ece97 ] Request (ImagesOneServerTestJSON:tearDownClass): 200 GET http://10.180.1.21/compute/v2.1/servers/1835d15f-f896-4741-b67d-4b5b17a8dff2 0.734s
2025-04-03 03:36:24.170 69662 INFO tempest.lib.common.rest_client [req-41a5548d-870f-4d36-b426-f1e8964edf1b req-41a5548d-870f-4d36-b426-f1e8964edf1b ] Request (ServerDiagnosticsV248Test:tearDownClass): 200 GET http://10.180.1.21/compute/v2.1/servers/99e94ac3-2fa4-4249-9297-b78043c9af00 0.740s
2025-04-03 03:36:24.238 69676 INFO tempest.lib.common.rest_client [req-47ed37ec-a63d-42eb-bf1f-4c03f3f6ea84 req-47ed37ec-a63d-42eb-bf1f-4c03f3f6ea84 ] Request (ListServersNegativeTestJSON:setUpClass): 200 GET http://10.180.1.21/compute/v2.1/servers/6fd4b3da-855a-4796-a514-bffd9d194110 0.799s
2025-04-03 03:36:24.304 69660 INFO tempest.lib.common.rest_client [req-8d72fc16-4792-4b0b-b558-48f0721c17d0 req-8d72fc16-4792-4b0b-b558-48f0721c17d0 ] Request (ServersAdminTestJSON:test_inject_network_info): 200 GET http://10.180.1.21/compute/v2.1/servers/0b5d2173-10d1-4983-877c-743388460231 0.863s
2025-04-03 03:36:24.328 69656 INFO tempest.lib.common.rest_client [req-54c7a2bc-f3b7-4d84-ac34-c507494b2a7d req-54c7a2bc-f3b7-4d84-ac34-c507494b2a7d ] Request (FloatingIPsAssociationTestJSON:test_associate_already_associated_floating_ip): 200 GET http://10.180.1.21/compute/v2.1/servers/72187860-a5e9-4b68-a8da-9b7c9d33b93a 0.888s
2025-04-03 03:36:24.363 69664 INFO tempest.lib.common.rest_client [req-a48f4711-1134-4508-a0e5-2403cc998b6d req-a48f4711-1134-4508-a0e5-2403cc998b6d ] Request (ServersAdminNegativeTestJSON:setUpClass): 200 GET http://10.180.1.21/compute/v2.1/servers/04a666db-77b8-4c23-8c7c-887b23ea97af 0.921s
2025-04-03 03:36:24.381 69690 INFO tempest.lib.common.rest_client [req-7bb2cf6d-d67b-4627-b330-e98c4d9ad3b2 req-7bb2cf6d-d67b-4627-b330-e98c4d9ad3b2 ] Request (FloatingIPsNegativeTestJSON:tearDownClass): 204 DELETE http://10.180.1.21:9696/networking/v2.0/routers/feb63d21-ea02-4ad3-803f-111df8e0bca4 0.362s
2025-04-03 03:36:24.408 69670 INFO tempest.lib.common.rest_client [req-8f413260-ab7d-4b30-9886-c2a2a4d8e327 req-8f413260-ab7d-4b30-9886-c2a2a4d8e327 ] Request (InstanceActionsTestJSON:tearDownClass): 200 GET http://10.180.1.21/compute/v2.1/servers/cf6dc285-9563-42c7-b1f5-d34d5a75a545 0.945s
2025-04-03 03:36:24.504 69690 INFO tempest.lib.common.rest_client [req-2842e3e3-64d8-4b29-bdc0-07a84a142fbe req-2842e3e3-64d8-4b29-bdc0-07a84a142fbe ] Request (FloatingIPsNegativeTestJSON:tearDownClass): 204 DELETE http://10.180.1.21:9696/networking/v2.0/subnets/b8b96e43-d8e1-4c80-9585-56f8d08c6921 0.122s
2025-04-03 03:36:24.530 69638 INFO tempest.lib.common.rest_client [req-45489479-9c89-44b3-ab12-0840ca957f30 req-45489479-9c89-44b3-ab12-0840ca957f30 ] Request (SecurityGroupsTestJSON:test_server_security_groups): 200 GET http://10.180.1.21/compute/v2.1/servers/78d62458-5f2a-45a1-bf75-c1bf6a087b48 0.072s
2025-04-03 03:36:24.544 69696 INFO tempest.lib.common.rest_client [req-a8b63d0a-1ca2-4e01-8278-4e883948e0a3 req-a8b63d0a-1ca2-4e01-8278-4e883948e0a3 ] Request (VolumesAdminNegativeTest:test_update_attached_volume_with_nonexistent_volume_in_body): 200 GET http://10.180.1.21/compute/v2.1/servers/13a67670-f42e-4041-8f4e-4fe3a65e2f33 0.067s
2025-04-03 03:36:24.597 69682 INFO tempest.lib.common.rest_client [req-9d721007-4f79-4ad6-bec2-e6c2ddb1c2f1 req-9d721007-4f79-4ad6-bec2-e6c2ddb1c2f1 ] Request (ListImageFiltersTestJSON:setUpClass): 200 GET http://10.180.1.21/compute/v2.1/servers/335258c2-6f86-44c6-8301-f0abab2ede05 0.064s
2025-04-03 03:36:24.633 69642 INFO tempest.lib.common.rest_client [req-6c677d77-5585-434e-809b-8f7ae9852826 req-6c677d77-5585-434e-809b-8f7ae9852826 ] Request (ServerShowV247Test:test_update_rebuild_list_server): 200 GET http://10.180.1.21/compute/v2.1/servers/bfc6c3e7-8384-4669-bd43-acdfcb1c478a 0.059s
2025-04-03 03:36:24.664 69644 INFO tempest.lib.common.rest_client [req-d98495e7-f90d-485c-8b43-0db05bc381a5 req-d98495e7-f90d-485c-8b43-0db05bc381a5 ] Request (ImagesNegativeTestJSON:test_create_image_from_deleted_server): 200 GET http://10.180.1.21/compute/v2.1/servers/6e790530-5d70-4125-b7d2-a977c5db2949 0.068s
2025-04-03 03:36:24.693 69654 INFO tempest.lib.common.rest_client [req-70a251f4-1f3f-4b8f-bf1f-3e68302e60bf req-70a251f4-1f3f-4b8f-bf1f-3e68302e60bf ] Request (ServerGroupTestJSON:test_create_server_with_scheduler_hint_group): 200 GET http://10.180.1.21/compute/v2.1/servers/78ed67e1-b615-4c36-8da5-6938a9d60574 0.075s
2025-04-03 03:36:24.760 69686 INFO tempest.lib.common.rest_client [req-f52b7a4d-8e12-44ac-aa86-d03c139d1f9c req-f52b7a4d-8e12-44ac-aa86-d03c139d1f9c ] Request (ServerMetadataNegativeTestJSON:tearDownClass): 200 GET http://10.180.1.21/compute/v2.1/servers/562e1d05-4f46-4195-9d8b-c8e7ba933d22 0.090s
2025-04-03 03:36:24.780 69694 INFO tempest.lib.common.rest_client [req-20659f24-fdd2-43be-8ffd-08be6bd09c53 req-20659f24-fdd2-43be-8ffd-08be6bd09c53 ] Request (ListServerFiltersTestJSON:setUpClass): 200 GET http://10.180.1.21/compute/v2.1/servers/ffc74032-0a67-4fab-88c6-1f81ff356728 0.090s
2025-04-03 03:36:24.831 69640 INFO tempest.lib.common.rest_client [req-692f8333-088f-42ba-9f82-6c9d85d26fc0 req-692f8333-088f-42ba-9f82-6c9d85d26fc0 ] Request (ServersTestBootFromVolume:setUpClass): 200 GET http://10.180.1.21/compute/v2.1/servers/e87c6601-7a18-4857-9d93-4fea4fefed40 0.105s
2025-04-03 03:36:24.849 69668 INFO tempest.lib.common.rest_client [req-fa072884-6ecc-42c3-bc31-c3f874db1141 req-fa072884-6ecc-42c3-bc31-c3f874db1141 ] Request (ServerDiagnosticsNegativeTest:test_get_server_diagnostics_by_non_admin): 200 GET http://10.180.1.21/compute/v2.1/servers/873a85e3-bddf-4544-b88c-71afd51bce57 0.113s
2025-04-03 03:36:24.858 69652 INFO tempest.lib.common.rest_client [req-96ad6e6f-6c19-4b56-8ea1-b7f45a03772c req-96ad6e6f-6c19-4b56-8ea1-b7f45a03772c ] Request (InstanceActionsV221TestJSON:setUpClass): 200 PUT http://10.180.1.21:9696/networking/v2.0/routers/086a3dcb-d699-49e3-a17c-f40c6f5b0f45/add_router_interface 1.198s
2025-04-03 03:36:24.858 69652 INFO tempest.lib.common.dynamic_creds [-] Created isolated network resources for: credentials: Credentials: {'domain_id': 'default', 'domain_name': 'Default', 'username': 'tempest-InstanceActionsV221TestJSON-329574137-project-member', 'project_domain_id': 'default', 'project_domain_name': 'Default', 'project_id': 'ba55e3b8db764c0998ef923316cc0088', 'project_name': 'tempest-InstanceActionsV221TestJSON-329574137', 'tenant_id': 'ba55e3b8db764c0998ef923316cc0088', 'tenant_name': 'tempest-InstanceActionsV221TestJSON-329574137', 'user_domain_id': 'default', 'user_domain_name': 'Default', 'user_id': 'b41e79e9cab2405089d26612fc1e9411', 'system': None}, Network: {'id': 'c196c411-2ae9-418a-983b-2fa168cc28e8', 'name': 'tempest-InstanceActionsV221TestJSON-638260904-network', 'tenant_id': 'ba55e3b8db764c0998ef923316cc0088', 'admin_state_up': True, 'mtu': 8950, 'status': 'ACTIVE', 'subnets': [], 'shared': False, 'project_id': 'ba55e3b8db764c0998ef923316cc0088', 'port_security_enabled': True, 'router:external': False, 'provider:network_type': 'vlan', 'provider:physical_network': 'default', 'provider:segmentation_id': 855, 'availability_zone_hints': [], 'availability_zones': [], 'ipv4_address_scope': None, 'ipv6_address_scope': None, 'description': '', 'tags': [], 'created_at': '2025-04-03T03:36:18Z', 'updated_at': '2025-04-03T03:36:18Z', 'revision_number': 1}, Subnet: {'id': 'a51b2117-7650-4a07-b760-786d63485ce2', 'name': 'tempest-InstanceActionsV221TestJSON-638260904-subnet', 'tenant_id': 'ba55e3b8db764c0998ef923316cc0088', 'network_id': 'c196c411-2ae9-418a-983b-2fa168cc28e8', 'ip_version': 4, 'subnetpool_id': None, 'enable_dhcp': True, 'ipv6_ra_mode': None, 'ipv6_address_mode': None, 'gateway_ip': '192.168.128.1', 'cidr': '192.168.128.0/28', 'allocation_pools': [{'start': '192.168.128.2', 'end': '192.168.128.14'}], 'host_routes': [], 'dns_nameservers': [], 'description': '', 'router:external': False, 'service_types': [], 'tags': [], 'created_at': '2025-04-03T03:36:19Z', 'updated_at': '2025-04-03T03:36:19Z', 'revision_number': 0, 'project_id': 'ba55e3b8db764c0998ef923316cc0088'}, Router: {'id': '086a3dcb-d699-49e3-a17c-f40c6f5b0f45', 'name': 'tempest-InstanceActionsV221TestJSON-638260904-router', 'tenant_id': 'ba55e3b8db764c0998ef923316cc0088', 'admin_state_up': True, 'status': 'ACTIVE', 'external_gateway_info': {'network_id': 'eb67037e-2c85-425f-b377-f799ea2edb4a', 'external_fixed_ips': [{'subnet_id': '7bdf53e0-9a30-4f77-9843-cd76e1b3c356', 'ip_address': '10.180.180.207'}], 'enable_snat': True}, 'description': '', 'availability_zones': [], 'distributed': False, 'ha': False, 'availability_zone_hints': [], 'routes': [], 'flavor_id': None, 'tags': [], 'created_at': '2025-04-03T03:36:19Z', 'updated_at': '2025-04-03T03:36:20Z', 'revision_number': 2, 'project_id': 'ba55e3b8db764c0998ef923316cc0088'}
2025-04-03 03:36:24.879 69692 INFO tempest.lib.common.rest_client [req-171b4893-0062-4868-9608-9a5b8636f2d1 req-171b4893-0062-4868-9608-9a5b8636f2d1 ] Request (ServersNegativeTestMultiTenantJSON:setUpClass): 200 GET http://10.180.1.21/compute/v2.1/servers/f3e005cf-9024-4c05-90c3-936251fa05a9 0.085s
2025-04-03 03:36:24.913 69680 INFO tempest.lib.common.rest_client [req-81b582b6-c813-471c-b461-96537b5c271b req-81b582b6-c813-471c-b461-96537b5c271b ] Request (ServerRescueNegativeTestJSON:test_rescued_vm_detach_volume): 200 GET http://10.180.1.21/compute/v2.1/servers/170e2a0b-6461-4752-b7da-2ed0ff9fd73c 0.109s
2025-04-03 03:36:24.934 69698 INFO tempest.lib.common.rest_client [req-1bc5c6a9-c184-436f-b69e-20ca5c61f8ce req-1bc5c6a9-c184-436f-b69e-20ca5c61f8ce ] Request (DeleteServersTestJSON:test_delete_active_server): 200 GET http://10.180.1.21/compute/v2.1/servers/95b759d7-a8d9-48bb-a730-ff0040147961 0.068s
2025-04-03 03:36:24.939 69690 INFO tempest.lib.common.rest_client [req-d679c7e3-48cf-40f9-afc1-2cf78fbee7d9 req-d679c7e3-48cf-40f9-afc1-2cf78fbee7d9 ] Request (FloatingIPsNegativeTestJSON:tearDownClass): 204 DELETE http://10.180.1.21:9696/networking/v2.0/networks/1c28f24c-1d82-44f9-ba4c-537d9fc4e885 0.434s
2025-04-03 03:36:24.984 69652 INFO tempest.lib.common.rest_client [req-018c53a7-6b0a-41a5-8b14-5a8b0df46d6a req-018c53a7-6b0a-41a5-8b14-5a8b0df46d6a ] Request (InstanceActionsV221TestJSON:setUpClass): 201 POST http://10.180.1.21/identity/v3/auth/tokens 0.122s
2025-04-03 03:36:24.985 69674 INFO tempest.lib.common.rest_client [req-3ee948c0-1e73-413e-b07d-9b80712be129 req-3ee948c0-1e73-413e-b07d-9b80712be129 ] Request (AttachInterfacesV270Test:tearDownClass): 200 GET http://10.180.1.21/compute/v2.1/servers/7f8824d4-3dfc-49e6-b1a9-b9c9e2a8f179 0.118s
2025-04-03 03:36:25.050 69688 INFO tempest.lib.common.rest_client [req-49ffc3cf-bf14-4dd5-a520-d0ab5c4eb1b2 req-49ffc3cf-bf14-4dd5-a520-d0ab5c4eb1b2 ] Request (ServerDiagnosticsTest:tearDownClass): 200 GET http://10.180.1.21/compute/v2.1/servers/df115496-807d-43f5-a129-a0c78a576a29 0.127s
2025-04-03 03:36:25.053 69652 INFO tempest.lib.common.rest_client [req-085bf4f5-352a-4ec6-a29e-67577007b54b req-085bf4f5-352a-4ec6-a29e-67577007b54b ] Request (InstanceActionsV221TestJSON:test_get_list_deleted_instance_actions): 201 POST http://10.180.1.21/identity/v3/auth/tokens 0.064s
2025-04-03 03:36:25.054 69652 INFO tempest.lib.common.fixed_network [-] (InstanceActionsV221TestJSON:test_get_list_deleted_instance_actions) Found network {'id': 'c196c411-2ae9-418a-983b-2fa168cc28e8', 'name': 'tempest-InstanceActionsV221TestJSON-638260904-network', 'tenant_id': 'ba55e3b8db764c0998ef923316cc0088', 'admin_state_up': True, 'mtu': 8950, 'status': 'ACTIVE', 'subnets': [], 'shared': False, 'project_id': 'ba55e3b8db764c0998ef923316cc0088', 'port_security_enabled': True, 'router:external': False, 'provider:network_type': 'vlan', 'provider:physical_network': 'default', 'provider:segmentation_id': 855, 'availability_zone_hints': [], 'availability_zones': [], 'ipv4_address_scope': None, 'ipv6_address_scope': None, 'description': '', 'tags': [], 'created_at': '2025-04-03T03:36:18Z', 'updated_at': '2025-04-03T03:36:18Z', 'revision_number': 1} available for tenant
2025-04-03 03:36:25.057 69690 INFO tempest.lib.common.rest_client [req-97ab0331-33dc-4082-89b1-93679a7c1afb req-97ab0331-33dc-4082-89b1-93679a7c1afb ] Request (FloatingIPsNegativeTestJSON:tearDownClass): 204 DELETE http://10.180.1.21/identity/v3/users/00efd471123940149c309f1309808fe1 0.118s
2025-04-03 03:36:25.058 69690 INFO tempest.lib.common.dynamic_creds [-] Deleting project and security group for project: 241b3514cd9848708a7d842dfca32045
2025-04-03 03:36:25.109 69690 INFO tempest.lib.common.rest_client [req-7182fc4f-7c4b-464a-b060-137910c7366a req-7182fc4f-7c4b-464a-b060-137910c7366a ] Request (FloatingIPsNegativeTestJSON:tearDownClass): 200 GET http://10.180.1.21:9696/networking/v2.0/security-groups?tenant_id=241b3514cd9848708a7d842dfca32045&name=default 0.051s
2025-04-03 03:36:25.253 69690 INFO tempest.lib.common.rest_client [req-38c5890c-cc14-4da0-acb8-2b05846108d1 req-38c5890c-cc14-4da0-acb8-2b05846108d1 ] Request (FloatingIPsNegativeTestJSON:tearDownClass): 204 DELETE http://10.180.1.21:9696/networking/v2.0/security-groups/e7bb59be-034f-46ea-abb9-7023244ce02e 0.144s
2025-04-03 03:36:25.366 69690 INFO tempest.lib.common.rest_client [req-24005516-9aa3-4cbe-9b4b-81d17cc6871b req-24005516-9aa3-4cbe-9b4b-81d17cc6871b ] Request (FloatingIPsNegativeTestJSON:tearDownClass): 204 DELETE http://10.180.1.21/identity/v3/projects/241b3514cd9848708a7d842dfca32045 0.112s
2025-04-03 03:36:25.417 69648 INFO tempest.lib.common.rest_client [req-e56d8d34-8e44-40c7-b6ba-49d8fb647e7e req-e56d8d34-8e44-40c7-b6ba-49d8fb647e7e ] Request (MigrationsAdminTest:test_list_migrations_in_flavor_resize_situation): 200 GET http://10.180.1.21/compute/v2.1/servers/3e95f2d5-d392-47c4-b519-4a218660516b 0.316s
2025-04-03 03:36:25.564 69684 INFO tempest.lib.common.rest_client [req-b97eb740-d437-445e-b417-01a7ae4a6baf req-b97eb740-d437-445e-b417-01a7ae4a6baf ] Request (ImagesTestJSON:test_create_image_from_stopped_server): 200 GET http://10.180.1.21/compute/v2.1/servers/02492605-6fc9-4e1e-af6c-a2e2cfe60e5a 0.461s
2025-04-03 03:36:25.641 69636 INFO tempest.lib.common.rest_client [req-1f4a739b-6391-4412-9a9c-a85754613b83 req-1f4a739b-6391-4412-9a9c-a85754613b83 ] Request (ImagesOneServerTestJSON:tearDownClass): 200 GET http://10.180.1.21/compute/v2.1/servers/1835d15f-f896-4741-b67d-4b5b17a8dff2 0.467s
2025-04-03 03:36:25.703 69662 INFO tempest.lib.common.rest_client [req-75ef3278-a72a-4641-9b88-dcc345bc6aee req-75ef3278-a72a-4641-9b88-dcc345bc6aee ] Request (ServerDiagnosticsV248Test:tearDownClass): 200 GET http://10.180.1.21/compute/v2.1/servers/99e94ac3-2fa4-4249-9297-b78043c9af00 0.522s
2025-04-03 03:36:26.493 69646 WARNING tempest.lib.common.ssh [-] Failed to establish authenticated ssh connection to cirros@10.180.180.174 ([Errno None] Unable to connect to port 22 on 10.180.180.174). Number attempts: 7. Retry after 8 seconds.: paramiko.ssh_exception.NoValidConnectionsError: [Errno None] Unable to connect to port 22 on 10.180.180.174
2025-04-03 03:36:26.493 69666 WARNING tempest.lib.common.ssh [-] Failed to establish authenticated ssh connection to cirros@10.180.180.184 ([Errno None] Unable to connect to port 22 on 10.180.180.184). Number attempts: 6. Retry after 7 seconds.: paramiko.ssh_exception.NoValidConnectionsError: [Errno None] Unable to connect to port 22 on 10.180.180.184
2025-04-03 03:36:26.495 69672 WARNING tempest.lib.common.ssh [-] Failed to establish authenticated ssh connection to cirros@10.180.180.213 ([Errno None] Unable to connect to port 22 on 10.180.180.213). Number attempts: 3. Retry after 4 seconds.: paramiko.ssh_exception.NoValidConnectionsError: [Errno None] Unable to connect to port 22 on 10.180.180.213
2025-04-03 03:36:26.536 69652 INFO tempest.lib.common.rest_client [req-f1010cd2-2d4a-42c1-b9a6-8f51bf1a7c3e req-f1010cd2-2d4a-42c1-b9a6-8f51bf1a7c3e ] Request (InstanceActionsV221TestJSON:test_get_list_deleted_instance_actions): 202 POST http://10.180.1.21/compute/v2.1/servers 1.482s
2025-04-03 03:36:26.539 69676 INFO tempest.lib.common.rest_client [req-3a8fac7a-3242-412a-9a78-d22257dbfdd8 req-3a8fac7a-3242-412a-9a78-d22257dbfdd8 ] Request (ListServersNegativeTestJSON:setUpClass): 200 GET http://10.180.1.21/compute/v2.1/servers/6fd4b3da-855a-4796-a514-bffd9d194110 1.286s
2025-04-03 03:36:26.634 69660 INFO tempest.lib.common.rest_client [req-c169ccc7-d09e-4039-8c00-438fa70edcf4 req-c169ccc7-d09e-4039-8c00-438fa70edcf4 ] Request (ServersAdminTestJSON:test_inject_network_info): 200 GET http://10.180.1.21/compute/v2.1/servers/0b5d2173-10d1-4983-877c-743388460231 1.319s
2025-04-03 03:36:26.698 69664 INFO tempest.lib.common.rest_client [req-c780d250-b8ea-4328-aa4f-2709ff58fe00 req-c780d250-b8ea-4328-aa4f-2709ff58fe00 ] Request (ServersAdminNegativeTestJSON:setUpClass): 200 GET http://10.180.1.21/compute/v2.1/servers/04a666db-77b8-4c23-8c7c-887b23ea97af 1.324s
2025-04-03 03:36:26.731 69656 INFO tempest.lib.common.rest_client [req-ed0767e0-cf89-4d38-b958-815221e8eec3 req-ed0767e0-cf89-4d38-b958-815221e8eec3 ] Request (FloatingIPsAssociationTestJSON:test_associate_already_associated_floating_ip): 200 GET http://10.180.1.21/compute/v2.1/servers/72187860-a5e9-4b68-a8da-9b7c9d33b93a 1.390s
2025-04-03 03:36:26.761 69670 INFO tempest.lib.common.rest_client [req-24bb77bb-88a9-40c8-8e19-73b1453ea6a4 req-24bb77bb-88a9-40c8-8e19-73b1453ea6a4 ] Request (InstanceActionsTestJSON:tearDownClass): 200 GET http://10.180.1.21/compute/v2.1/servers/cf6dc285-9563-42c7-b1f5-d34d5a75a545 1.346s
2025-04-03 03:36:26.785 69638 INFO tempest.lib.common.rest_client [req-3db26d06-d581-47b6-9125-64543112475c req-3db26d06-d581-47b6-9125-64543112475c ] Request (SecurityGroupsTestJSON:test_server_security_groups): 200 GET http://10.180.1.21/compute/v2.1/servers/78d62458-5f2a-45a1-bf75-c1bf6a087b48 1.247s
2025-04-03 03:36:26.812 69696 INFO tempest.lib.common.rest_client [req-19179d7d-8c1f-4f1a-9330-17289a5deb8a req-19179d7d-8c1f-4f1a-9330-17289a5deb8a ] Request (VolumesAdminNegativeTest:test_update_attached_volume_with_nonexistent_volume_in_body): 200 GET http://10.180.1.21/compute/v2.1/servers/13a67670-f42e-4041-8f4e-4fe3a65e2f33 1.250s
2025-04-03 03:36:26.840 69682 INFO tempest.lib.common.rest_client [req-2f040323-b9ed-47a7-b131-6056a2f698b7 req-2f040323-b9ed-47a7-b131-6056a2f698b7 ] Request (ListImageFiltersTestJSON:setUpClass): 200 GET http://10.180.1.21/compute/v2.1/servers/335258c2-6f86-44c6-8301-f0abab2ede05 1.232s
2025-04-03 03:36:26.868 69642 INFO tempest.lib.common.rest_client [req-12edb2a5-d10e-4551-abbd-c8910ca0f834 req-12edb2a5-d10e-4551-abbd-c8910ca0f834 ] Request (ServerShowV247Test:test_update_rebuild_list_server): 200 GET http://10.180.1.21/compute/v2.1/servers/bfc6c3e7-8384-4669-bd43-acdfcb1c478a 1.222s
2025-04-03 03:36:26.899 69644 INFO tempest.lib.common.rest_client [req-5ff1a933-c142-4fb6-8b9e-735461fc4274 req-5ff1a933-c142-4fb6-8b9e-735461fc4274 ] Request (ImagesNegativeTestJSON:test_create_image_from_deleted_server): 200 GET http://10.180.1.21/compute/v2.1/servers/6e790530-5d70-4125-b7d2-a977c5db2949 1.226s
2025-04-03 03:36:26.920 69654 INFO tempest.lib.common.rest_client [req-788716e4-73ae-4888-bdb5-c500a0f6c807 req-788716e4-73ae-4888-bdb5-c500a0f6c807 ] Request (ServerGroupTestJSON:test_create_server_with_scheduler_hint_group): 200 GET http://10.180.1.21/compute/v2.1/servers/78ed67e1-b615-4c36-8da5-6938a9d60574 1.215s
2025-04-03 03:36:26.950 69686 INFO tempest.lib.common.rest_client [req-7816d6e1-4348-471b-a637-5cea71017716 req-7816d6e1-4348-471b-a637-5cea71017716 ] Request (ServerMetadataNegativeTestJSON:tearDownClass): 200 GET http://10.180.1.21/compute/v2.1/servers/562e1d05-4f46-4195-9d8b-c8e7ba933d22 1.177s
2025-04-03 03:36:26.970 69694 INFO tempest.lib.common.rest_client [req-84bc6656-2c36-4cfd-bcf4-6ac375355ab0 req-84bc6656-2c36-4cfd-bcf4-6ac375355ab0 ] Request (ListServerFiltersTestJSON:setUpClass): 200 GET http://10.180.1.21/compute/v2.1/servers/ffc74032-0a67-4fab-88c6-1f81ff356728 1.180s
2025-04-03 03:36:26.997 69640 INFO tempest.lib.common.rest_client [req-87081196-68ba-4cae-bdb7-6ed6035fdb92 req-87081196-68ba-4cae-bdb7-6ed6035fdb92 ] Request (ServersTestBootFromVolume:setUpClass): 200 GET http://10.180.1.21/compute/v2.1/servers/e87c6601-7a18-4857-9d93-4fea4fefed40 1.157s
2025-04-03 03:36:27.017 69668 INFO tempest.lib.common.rest_client [req-8c8e6248-36f6-4701-a099-3f8b015ce259 req-8c8e6248-36f6-4701-a099-3f8b015ce259 ] Request (ServerDiagnosticsNegativeTest:test_get_server_diagnostics_by_non_admin): 200 GET http://10.180.1.21/compute/v2.1/servers/873a85e3-bddf-4544-b88c-71afd51bce57 1.153s
2025-04-03 03:36:27.047 69692 INFO tempest.lib.common.rest_client [req-f377d216-2575-4fc3-b221-0c2476f3a9e0 req-f377d216-2575-4fc3-b221-0c2476f3a9e0 ] Request (ServersNegativeTestMultiTenantJSON:setUpClass): 200 GET http://10.180.1.21/compute/v2.1/servers/f3e005cf-9024-4c05-90c3-936251fa05a9 1.156s
2025-04-03 03:36:27.070 69680 INFO tempest.lib.common.rest_client [req-aecf3d8b-5aca-4d5c-8104-d00dea609c31 req-aecf3d8b-5aca-4d5c-8104-d00dea609c31 ] Request (ServerRescueNegativeTestJSON:test_rescued_vm_detach_volume): 200 GET http://10.180.1.21/compute/v2.1/servers/170e2a0b-6461-4752-b7da-2ed0ff9fd73c 1.149s
2025-04-03 03:36:27.093 69698 INFO tempest.lib.common.rest_client [req-22172f83-4d2a-4203-a6e6-3b7145c26015 req-22172f83-4d2a-4203-a6e6-3b7145c26015 ] Request (DeleteServersTestJSON:test_delete_active_server): 200 GET http://10.180.1.21/compute/v2.1/servers/95b759d7-a8d9-48bb-a730-ff0040147961 1.145s
2025-04-03 03:36:27.127 69674 INFO tempest.lib.common.rest_client [req-34c85987-30bd-48d3-8ff9-dbef99abaaf0 req-34c85987-30bd-48d3-8ff9-dbef99abaaf0 ] Request (AttachInterfacesV270Test:tearDownClass): 200 GET http://10.180.1.21/compute/v2.1/servers/7f8824d4-3dfc-49e6-b1a9-b9c9e2a8f179 1.127s
2025-04-03 03:36:27.149 69688 INFO tempest.lib.common.rest_client [req-0604852e-f284-429c-8fac-0526bf0dfea9 req-0604852e-f284-429c-8fac-0526bf0dfea9 ] Request (ServerDiagnosticsTest:tearDownClass): 200 GET http://10.180.1.21/compute/v2.1/servers/df115496-807d-43f5-a129-a0c78a576a29 1.087s
2025-04-03 03:36:27.189 69652 INFO tempest.lib.common.rest_client [req-8794f2a6-1a52-49ea-ab1e-357b20af2d71 req-8794f2a6-1a52-49ea-ab1e-357b20af2d71 ] Request (InstanceActionsV221TestJSON:test_get_list_deleted_instance_actions): 200 GET http://10.180.1.21/compute/v2.1/servers/b1b8d1b7-cc0e-4807-a7f4-e963cb9da64b 0.651s
2025-04-03 03:36:27.240 69648 INFO tempest.lib.common.rest_client [req-65976c08-40db-4d4e-93a4-7c42250b226f req-65976c08-40db-4d4e-93a4-7c42250b226f ] Request (MigrationsAdminTest:test_list_migrations_in_flavor_resize_situation): 200 GET http://10.180.1.21/compute/v2.1/servers/3e95f2d5-d392-47c4-b519-4a218660516b 0.815s
2025-04-03 03:36:27.272 69684 INFO tempest.lib.common.rest_client [req-a66c6000-70d6-4728-a58c-6b9eff627107 req-a66c6000-70d6-4728-a58c-6b9eff627107 ] Request (ImagesTestJSON:test_create_image_from_stopped_server): 200 GET http://10.180.1.21/compute/v2.1/servers/02492605-6fc9-4e1e-af6c-a2e2cfe60e5a 0.695s
2025-04-03 03:36:27.288 69636 INFO tempest.lib.common.rest_client [req-89e755cc-d219-484d-be7c-f83161d3ce4c req-89e755cc-d219-484d-be7c-f83161d3ce4c ] Request (ImagesOneServerTestJSON:tearDownClass): 200 GET http://10.180.1.21/compute/v2.1/servers/1835d15f-f896-4741-b67d-4b5b17a8dff2 0.639s
2025-04-03 03:36:27.578 69662 INFO tempest.lib.common.rest_client [req-703eb9eb-a535-4590-9133-ca76a5156e33 req-703eb9eb-a535-4590-9133-ca76a5156e33 ] Request (ServerDiagnosticsV248Test:tearDownClass): 200 GET http://10.180.1.21/compute/v2.1/servers/99e94ac3-2fa4-4249-9297-b78043c9af00 0.071s
2025-04-03 03:36:27.607 69676 INFO tempest.lib.common.rest_client [req-6bbd0934-babf-486a-9f07-f9b47b4c3e32 req-6bbd0934-babf-486a-9f07-f9b47b4c3e32 ] Request (ListServersNegativeTestJSON:setUpClass): 200 GET http://10.180.1.21/compute/v2.1/servers/6fd4b3da-855a-4796-a514-bffd9d194110 0.059s
2025-04-03 03:36:27.709 69660 INFO tempest.lib.common.rest_client [req-617c4c36-1d55-4205-9daa-35cdd936ed96 req-617c4c36-1d55-4205-9daa-35cdd936ed96 ] Request (ServersAdminTestJSON:test_inject_network_info): 200 GET http://10.180.1.21/compute/v2.1/servers/0b5d2173-10d1-4983-877c-743388460231 0.065s
2025-04-03 03:36:27.788 69664 INFO tempest.lib.common.rest_client [req-68e05687-40fd-403e-a448-fcd8963e6022 req-68e05687-40fd-403e-a448-fcd8963e6022 ] Request (ServersAdminNegativeTestJSON:setUpClass): 200 GET http://10.180.1.21/compute/v2.1/servers/04a666db-77b8-4c23-8c7c-887b23ea97af 0.078s
2025-04-03 03:36:27.904 69670 INFO tempest.lib.common.rest_client [req-a512016b-af12-4c29-82e2-c502456f444d req-a512016b-af12-4c29-82e2-c502456f444d ] Request (InstanceActionsTestJSON:tearDownClass): 200 GET http://10.180.1.21/compute/v2.1/servers/cf6dc285-9563-42c7-b1f5-d34d5a75a545 0.134s
2025-04-03 03:36:27.954 69656 INFO tempest.lib.common.rest_client [req-97e2bd2e-8d17-44aa-84e6-486a05cdb280 req-97e2bd2e-8d17-44aa-84e6-486a05cdb280 ] Request (FloatingIPsAssociationTestJSON:test_associate_already_associated_floating_ip): 200 GET http://10.180.1.21/compute/v2.1/servers/72187860-a5e9-4b68-a8da-9b7c9d33b93a 0.211s
2025-04-03 03:36:27.976 69638 INFO tempest.lib.common.rest_client [req-245a20ac-7ae4-4282-ba68-b7a622ba37ce req-245a20ac-7ae4-4282-ba68-b7a622ba37ce ] Request (SecurityGroupsTestJSON:test_server_security_groups): 200 GET http://10.180.1.21/compute/v2.1/servers/78d62458-5f2a-45a1-bf75-c1bf6a087b48 0.181s
2025-04-03 03:36:28.016 69696 INFO tempest.lib.common.rest_client [req-03303df6-700b-4fdb-9296-064fc302b2a9 req-03303df6-700b-4fdb-9296-064fc302b2a9 ] Request (VolumesAdminNegativeTest:test_update_attached_volume_with_nonexistent_volume_in_body): 200 GET http://10.180.1.21/compute/v2.1/servers/13a67670-f42e-4041-8f4e-4fe3a65e2f33 0.194s
2025-04-03 03:36:28.059 69682 INFO tempest.lib.common.rest_client [req-8bcbc454-b82f-447e-b2cf-b1698e5d02c8 req-8bcbc454-b82f-447e-b2cf-b1698e5d02c8 ] Request (ListImageFiltersTestJSON:setUpClass): 200 GET http://10.180.1.21/compute/v2.1/servers/335258c2-6f86-44c6-8301-f0abab2ede05 0.211s
2025-04-03 03:36:28.086 69642 INFO tempest.lib.common.rest_client [req-15558140-542c-4c4f-824f-d057ce1ac81f req-15558140-542c-4c4f-824f-d057ce1ac81f ] Request (ServerShowV247Test:test_update_rebuild_list_server): 200 GET http://10.180.1.21/compute/v2.1/servers/bfc6c3e7-8384-4669-bd43-acdfcb1c478a 0.206s
2025-04-03 03:36:28.141 69644 INFO tempest.lib.common.rest_client [req-850eedf7-05d8-4c93-b2b2-a1cbb2625be8 req-850eedf7-05d8-4c93-b2b2-a1cbb2625be8 ] Request (ImagesNegativeTestJSON:test_create_image_from_deleted_server): 200 GET http://10.180.1.21/compute/v2.1/servers/6e790530-5d70-4125-b7d2-a977c5db2949 0.233s
2025-04-03 03:36:28.160 69654 INFO tempest.lib.common.rest_client [req-209a1a6c-9153-47a9-934d-101d54017d7d req-209a1a6c-9153-47a9-934d-101d54017d7d ] Request (ServerGroupTestJSON:test_create_server_with_scheduler_hint_group): 200 GET http://10.180.1.21/compute/v2.1/servers/78ed67e1-b615-4c36-8da5-6938a9d60574 0.231s
2025-04-03 03:36:28.212 69686 INFO tempest.lib.common.rest_client [req-5b61a9c5-ef39-4764-9409-416df31308b6 req-5b61a9c5-ef39-4764-9409-416df31308b6 ] Request (ServerMetadataNegativeTestJSON:tearDownClass): 200 GET http://10.180.1.21/compute/v2.1/servers/562e1d05-4f46-4195-9d8b-c8e7ba933d22 0.251s
2025-04-03 03:36:28.223 69694 INFO tempest.lib.common.rest_client [req-4ca8c515-cf37-4685-9897-41c8ad1002c6 req-4ca8c515-cf37-4685-9897-41c8ad1002c6 ] Request (ListServerFiltersTestJSON:setUpClass): 200 GET http://10.180.1.21/compute/v2.1/servers/ffc74032-0a67-4fab-88c6-1f81ff356728 0.245s
2025-04-03 03:36:28.269 69640 INFO tempest.lib.common.rest_client [req-4d11c450-a8f6-41e0-bac3-819951dfabb1 req-4d11c450-a8f6-41e0-bac3-819951dfabb1 ] Request (ServersTestBootFromVolume:setUpClass): 200 GET http://10.180.1.21/compute/v2.1/servers/e87c6601-7a18-4857-9d93-4fea4fefed40 0.260s
2025-04-03 03:36:28.277 69668 INFO tempest.lib.common.rest_client [req-b762e20b-a1d9-454d-9761-9fb677bd9653 req-b762e20b-a1d9-454d-9761-9fb677bd9653 ] Request (ServerDiagnosticsNegativeTest:test_get_server_diagnostics_by_non_admin): 200 GET http://10.180.1.21/compute/v2.1/servers/873a85e3-bddf-4544-b88c-71afd51bce57 0.251s
2025-04-03 03:36:28.317 69692 INFO tempest.lib.common.rest_client [req-3ea77665-7504-4aa6-a882-f0777262e89e req-3ea77665-7504-4aa6-a882-f0777262e89e ] Request (ServersNegativeTestMultiTenantJSON:setUpClass): 200 GET http://10.180.1.21/compute/v2.1/servers/f3e005cf-9024-4c05-90c3-936251fa05a9 0.263s
2025-04-03 03:36:28.331 69680 INFO tempest.lib.common.rest_client [req-b24de11b-5ed7-4be2-97ee-5704184051b6 req-b24de11b-5ed7-4be2-97ee-5704184051b6 ] Request (ServerRescueNegativeTestJSON:test_rescued_vm_detach_volume): 200 GET http://10.180.1.21/compute/v2.1/servers/170e2a0b-6461-4752-b7da-2ed0ff9fd73c 0.251s
2025-04-03 03:36:28.370 69698 INFO tempest.lib.common.rest_client [req-04e34476-f088-4e65-8fab-4f8f4c047325 req-04e34476-f088-4e65-8fab-4f8f4c047325 ] Request (DeleteServersTestJSON:test_delete_active_server): 200 GET http://10.180.1.21/compute/v2.1/servers/95b759d7-a8d9-48bb-a730-ff0040147961 0.268s
2025-04-03 03:36:28.399 69674 INFO tempest.lib.common.rest_client [req-30344735-5ee9-4149-bd2b-6e6093ed3d7e req-30344735-5ee9-4149-bd2b-6e6093ed3d7e ] Request (AttachInterfacesV270Test:tearDownClass): 200 GET http://10.180.1.21/compute/v2.1/servers/7f8824d4-3dfc-49e6-b1a9-b9c9e2a8f179 0.262s
2025-04-03 03:36:28.674 69688 INFO tempest.lib.common.rest_client [req-3a564b52-d79c-40c3-ae7a-9cd755411c7f req-3a564b52-d79c-40c3-ae7a-9cd755411c7f ] Request (ServerDiagnosticsTest:tearDownClass): 200 GET http://10.180.1.21/compute/v2.1/servers/df115496-807d-43f5-a129-a0c78a576a29 0.515s
2025-04-03 03:36:28.689 69652 INFO tempest.lib.common.rest_client [req-f005b188-0942-42cb-8920-cc5e64992c77 req-f005b188-0942-42cb-8920-cc5e64992c77 ] Request (InstanceActionsV221TestJSON:test_get_list_deleted_instance_actions): 200 GET http://10.180.1.21/compute/v2.1/servers/b1b8d1b7-cc0e-4807-a7f4-e963cb9da64b 0.490s
2025-04-03 03:36:28.793 69648 INFO tempest.lib.common.rest_client [req-edbb596a-dd4c-481c-896c-3025eca1649c req-edbb596a-dd4c-481c-896c-3025eca1649c ] Request (MigrationsAdminTest:test_list_migrations_in_flavor_resize_situation): 200 GET http://10.180.1.21/compute/v2.1/servers/3e95f2d5-d392-47c4-b519-4a218660516b 0.545s
2025-04-03 03:36:28.796 69684 INFO tempest.lib.common.rest_client [req-e47c40f2-8dad-4f6c-aca0-78f49b3e4cf0 req-e47c40f2-8dad-4f6c-aca0-78f49b3e4cf0 ] Request (ImagesTestJSON:test_create_image_from_stopped_server): 200 GET http://10.180.1.21/compute/v2.1/servers/02492605-6fc9-4e1e-af6c-a2e2cfe60e5a 0.516s
2025-04-03 03:36:28.856 69662 INFO tempest.lib.common.rest_client [req-4890f4e9-5fd6-4577-8c16-d0e9a2d3d0af req-4890f4e9-5fd6-4577-8c16-d0e9a2d3d0af ] Request (ServerDiagnosticsV248Test:tearDownClass): 200 GET http://10.180.1.21/compute/v2.1/servers/99e94ac3-2fa4-4249-9297-b78043c9af00 0.269s
2025-04-03 03:36:28.858 69636 INFO tempest.lib.common.rest_client [req-db82d3d0-9872-4a56-925a-25c5f59b8d9e req-db82d3d0-9872-4a56-925a-25c5f59b8d9e ] Request (ImagesOneServerTestJSON:tearDownClass): 200 GET http://10.180.1.21/compute/v2.1/servers/1835d15f-f896-4741-b67d-4b5b17a8dff2 0.561s
2025-04-03 03:36:28.904 69676 INFO tempest.lib.common.rest_client [req-aea68085-f3c1-40ca-9f57-12812fb3eca6 req-aea68085-f3c1-40ca-9f57-12812fb3eca6 ] Request (ListServersNegativeTestJSON:setUpClass): 200 GET http://10.180.1.21/compute/v2.1/servers/6fd4b3da-855a-4796-a514-bffd9d194110 0.289s
2025-04-03 03:36:28.913 69660 INFO tempest.lib.common.rest_client [req-798b1e30-3d50-43fb-bb83-34318746b381 req-798b1e30-3d50-43fb-bb83-34318746b381 ] Request (ServersAdminTestJSON:test_inject_network_info): 200 GET http://10.180.1.21/compute/v2.1/servers/0b5d2173-10d1-4983-877c-743388460231 0.195s
2025-04-03 03:36:28.949 69664 INFO tempest.lib.common.rest_client [req-0b40aa3e-d9cf-46b9-9aec-15b10f6caeee req-0b40aa3e-d9cf-46b9-9aec-15b10f6caeee ] Request (ServersAdminNegativeTestJSON:setUpClass): 200 GET http://10.180.1.21/compute/v2.1/servers/04a666db-77b8-4c23-8c7c-887b23ea97af 0.148s
2025-04-03 03:36:28.965 69670 INFO tempest.lib.common.rest_client [req-f29049a7-e518-477a-8635-ce6db6de0e59 req-f29049a7-e518-477a-8635-ce6db6de0e59 ] Request (InstanceActionsTestJSON:tearDownClass): 200 GET http://10.180.1.21/compute/v2.1/servers/cf6dc285-9563-42c7-b1f5-d34d5a75a545 0.052s
2025-04-03 03:36:29.046 69638 INFO tempest.lib.common.rest_client [req-f38eed52-5541-4f50-b7b1-6ba59c0b2d19 req-f38eed52-5541-4f50-b7b1-6ba59c0b2d19 ] Request (SecurityGroupsTestJSON:test_server_security_groups): 200 GET http://10.180.1.21/compute/v2.1/servers/78d62458-5f2a-45a1-bf75-c1bf6a087b48 0.056s
2025-04-03 03:36:29.069 69656 INFO tempest.lib.common.rest_client [req-b4a7379a-b264-4716-a65e-56a56e70c49a req-b4a7379a-b264-4716-a65e-56a56e70c49a ] Request (FloatingIPsAssociationTestJSON:test_associate_already_associated_floating_ip): 200 GET http://10.180.1.21/compute/v2.1/servers/72187860-a5e9-4b68-a8da-9b7c9d33b93a 0.103s
2025-04-03 03:36:29.095 69696 INFO tempest.lib.common.rest_client [req-34f340c7-7986-4f26-a828-c407300681c7 req-34f340c7-7986-4f26-a828-c407300681c7 ] Request (VolumesAdminNegativeTest:test_update_attached_volume_with_nonexistent_volume_in_body): 200 GET http://10.180.1.21/compute/v2.1/servers/13a67670-f42e-4041-8f4e-4fe3a65e2f33 0.068s
2025-04-03 03:36:29.127 69682 INFO tempest.lib.common.rest_client [req-f8d3dc09-b6e7-4ab6-81e0-1cd1940cbf4f req-f8d3dc09-b6e7-4ab6-81e0-1cd1940cbf4f ] Request (ListImageFiltersTestJSON:setUpClass): 200 GET http://10.180.1.21/compute/v2.1/servers/335258c2-6f86-44c6-8301-f0abab2ede05 0.051s
2025-04-03 03:36:29.149 69642 INFO tempest.lib.common.rest_client [req-4076b247-ac6c-44b0-87cc-692226d45e91 req-4076b247-ac6c-44b0-87cc-692226d45e91 ] Request (ServerShowV247Test:test_update_rebuild_list_server): 200 GET http://10.180.1.21/compute/v2.1/servers/bfc6c3e7-8384-4669-bd43-acdfcb1c478a 0.051s
2025-04-03 03:36:29.204 69644 INFO tempest.lib.common.rest_client [req-3a955e8c-b4dd-4b26-aa50-92732b9f3342 req-3a955e8c-b4dd-4b26-aa50-92732b9f3342 ] Request (ImagesNegativeTestJSON:test_create_image_from_deleted_server): 200 GET http://10.180.1.21/compute/v2.1/servers/6e790530-5d70-4125-b7d2-a977c5db2949 0.055s
2025-04-03 03:36:29.216 69654 INFO tempest.lib.common.rest_client [req-8ec3e308-4497-48e3-a739-e028c96f1e16 req-8ec3e308-4497-48e3-a739-e028c96f1e16 ] Request (ServerGroupTestJSON:test_create_server_with_scheduler_hint_group): 200 GET http://10.180.1.21/compute/v2.1/servers/78ed67e1-b615-4c36-8da5-6938a9d60574 0.048s
2025-04-03 03:36:29.279 69686 INFO tempest.lib.common.rest_client [req-3363c0b4-45c3-4f40-b5f5-e8cda4f3a357 req-3363c0b4-45c3-4f40-b5f5-e8cda4f3a357 ] Request (ServerMetadataNegativeTestJSON:tearDownClass): 200 GET http://10.180.1.21/compute/v2.1/servers/562e1d05-4f46-4195-9d8b-c8e7ba933d22 0.057s
2025-04-03 03:36:29.286 69694 INFO tempest.lib.common.rest_client [req-3cadf0a5-b50b-4157-a748-f096657a9740 req-3cadf0a5-b50b-4157-a748-f096657a9740 ] Request (ListServerFiltersTestJSON:setUpClass): 200 GET http://10.180.1.21/compute/v2.1/servers/ffc74032-0a67-4fab-88c6-1f81ff356728 0.054s
2025-04-03 03:36:29.340 69640 INFO tempest.lib.common.rest_client [req-650be099-7ffd-4a07-8548-d09f7db27eb0 req-650be099-7ffd-4a07-8548-d09f7db27eb0 ] Request (ServersTestBootFromVolume:setUpClass): 200 GET http://10.180.1.21/compute/v2.1/servers/e87c6601-7a18-4857-9d93-4fea4fefed40 0.063s
2025-04-03 03:36:29.341 69668 INFO tempest.lib.common.rest_client [req-5429ffd8-f5f0-47ce-8697-9775f0bacced req-5429ffd8-f5f0-47ce-8697-9775f0bacced ] Request (ServerDiagnosticsNegativeTest:test_get_server_diagnostics_by_non_admin): 200 GET http://10.180.1.21/compute/v2.1/servers/873a85e3-bddf-4544-b88c-71afd51bce57 0.056s
2025-04-03 03:36:29.386 69692 INFO tempest.lib.common.rest_client [req-3fb25886-ee44-443b-b695-7a6c717f32a9 req-3fb25886-ee44-443b-b695-7a6c717f32a9 ] Request (ServersNegativeTestMultiTenantJSON:setUpClass): 200 GET http://10.180.1.21/compute/v2.1/servers/f3e005cf-9024-4c05-90c3-936251fa05a9 0.059s
2025-04-03 03:36:29.399 69680 INFO tempest.lib.common.rest_client [req-2454c39c-b2fe-4970-b512-a4a39a52c93c req-2454c39c-b2fe-4970-b512-a4a39a52c93c ] Request (ServerRescueNegativeTestJSON:test_rescued_vm_detach_volume): 200 GET http://10.180.1.21/compute/v2.1/servers/170e2a0b-6461-4752-b7da-2ed0ff9fd73c 0.054s
2025-04-03 03:36:29.433 69698 INFO tempest.lib.common.rest_client [req-b6b59120-75ef-40c5-ad3a-a51e24b2f8a5 req-b6b59120-75ef-40c5-ad3a-a51e24b2f8a5 ] Request (DeleteServersTestJSON:test_delete_active_server): 200 GET http://10.180.1.21/compute/v2.1/servers/95b759d7-a8d9-48bb-a730-ff0040147961 0.053s
2025-04-03 03:36:29.465 69674 INFO tempest.lib.common.rest_client [req-8bf9a48a-e7df-4630-83a7-ee1ada24e6b2 req-8bf9a48a-e7df-4630-83a7-ee1ada24e6b2 ] Request (AttachInterfacesV270Test:tearDownClass): 200 GET http://10.180.1.21/compute/v2.1/servers/7f8824d4-3dfc-49e6-b1a9-b9c9e2a8f179 0.056s
2025-04-03 03:36:29.746 69688 INFO tempest.lib.common.rest_client [req-50b8d788-b396-4e4f-89cd-93edd05b6d01 req-50b8d788-b396-4e4f-89cd-93edd05b6d01 ] Request (ServerDiagnosticsTest:tearDownClass): 200 GET http://10.180.1.21/compute/v2.1/servers/df115496-807d-43f5-a129-a0c78a576a29 0.064s
2025-04-03 03:36:29.756 69652 INFO tempest.lib.common.rest_client [req-453f263b-36ca-468a-a901-7006d7112e84 req-453f263b-36ca-468a-a901-7006d7112e84 ] Request (InstanceActionsV221TestJSON:test_get_list_deleted_instance_actions): 200 GET http://10.180.1.21/compute/v2.1/servers/b1b8d1b7-cc0e-4807-a7f4-e963cb9da64b 0.059s
2025-04-03 03:36:29.954 69648 INFO tempest.lib.common.rest_client [req-da5da596-e6a0-46f1-92d9-5fafe26930bb req-da5da596-e6a0-46f1-92d9-5fafe26930bb ] Request (MigrationsAdminTest:test_list_migrations_in_flavor_resize_situation): 200 GET http://10.180.1.21/compute/v2.1/servers/3e95f2d5-d392-47c4-b519-4a218660516b 0.152s
2025-04-03 03:36:29.988 69684 INFO tempest.lib.common.rest_client [req-8aeda8cd-17c8-4117-8b11-30b32c62c7c8 req-8aeda8cd-17c8-4117-8b11-30b32c62c7c8 ] Request (ImagesTestJSON:test_create_image_from_stopped_server): 200 GET http://10.180.1.21/compute/v2.1/servers/02492605-6fc9-4e1e-af6c-a2e2cfe60e5a 0.184s
2025-04-03 03:36:30.010 69662 INFO tempest.lib.common.rest_client [req-4cb70f90-fb44-4368-8eb6-5b5cfc525fb2 req-4cb70f90-fb44-4368-8eb6-5b5cfc525fb2 ] Request (ServerDiagnosticsV248Test:tearDownClass): 200 GET http://10.180.1.21/compute/v2.1/servers/99e94ac3-2fa4-4249-9297-b78043c9af00 0.142s
2025-04-03 03:36:30.038 69636 INFO tempest.lib.common.rest_client [req-0d655bec-4a5c-4eef-b7cc-871e0d95f784 req-0d655bec-4a5c-4eef-b7cc-871e0d95f784 ] Request (ImagesOneServerTestJSON:tearDownClass): 200 GET http://10.180.1.21/compute/v2.1/servers/1835d15f-f896-4741-b67d-4b5b17a8dff2 0.166s
2025-04-03 03:36:30.051 69676 INFO tempest.lib.common.rest_client [req-d907d7c7-1b04-4ce2-be1b-8a5f588ae7e8 req-d907d7c7-1b04-4ce2-be1b-8a5f588ae7e8 ] Request (ListServersNegativeTestJSON:setUpClass): 200 GET http://10.180.1.21/compute/v2.1/servers/6fd4b3da-855a-4796-a514-bffd9d194110 0.140s
2025-04-03 03:36:30.077 69660 INFO tempest.lib.common.rest_client [req-9431b0d5-ba3a-4969-b7be-6491f786841d req-9431b0d5-ba3a-4969-b7be-6491f786841d ] Request (ServersAdminTestJSON:test_inject_network_info): 200 GET http://10.180.1.21/compute/v2.1/servers/0b5d2173-10d1-4983-877c-743388460231 0.154s
2025-04-03 03:36:30.092 69664 INFO tempest.lib.common.rest_client [req-f011ddc2-b271-4482-92c6-b6a06a55f584 req-f011ddc2-b271-4482-92c6-b6a06a55f584 ] Request (ServersAdminNegativeTestJSON:setUpClass): 200 GET http://10.180.1.21/compute/v2.1/servers/04a666db-77b8-4c23-8c7c-887b23ea97af 0.135s
2025-04-03 03:36:30.123 69670 INFO tempest.lib.common.rest_client [req-b4df6253-ea3f-4fa3-8bc9-57f5bb996e98 req-b4df6253-ea3f-4fa3-8bc9-57f5bb996e98 ] Request (InstanceActionsTestJSON:tearDownClass): 200 GET http://10.180.1.21/compute/v2.1/servers/cf6dc285-9563-42c7-b1f5-d34d5a75a545 0.149s
2025-04-03 03:36:30.134 69638 INFO tempest.lib.common.rest_client [req-87d2264d-b4b3-4fe7-8080-d24540e0f7ef req-87d2264d-b4b3-4fe7-8080-d24540e0f7ef ] Request (SecurityGroupsTestJSON:test_server_security_groups): 200 GET http://10.180.1.21/compute/v2.1/servers/78d62458-5f2a-45a1-bf75-c1bf6a087b48 0.078s
2025-04-03 03:36:30.183 69696 INFO tempest.lib.common.rest_client [req-a8abc73b-9b46-4e2d-8c7e-e78c76519ddb req-a8abc73b-9b46-4e2d-8c7e-e78c76519ddb ] Request (VolumesAdminNegativeTest:test_update_attached_volume_with_nonexistent_volume_in_body): 200 GET http://10.180.1.21/compute/v2.1/servers/13a67670-f42e-4041-8f4e-4fe3a65e2f33 0.077s
2025-04-03 03:36:30.211 69656 INFO tempest.lib.common.rest_client [req-8892dd5a-31a8-44fb-bbd6-3b3260c281e3 req-8892dd5a-31a8-44fb-bbd6-3b3260c281e3 ] Request (FloatingIPsAssociationTestJSON:test_associate_already_associated_floating_ip): 200 GET http://10.180.1.21/compute/v2.1/servers/72187860-a5e9-4b68-a8da-9b7c9d33b93a 0.134s
2025-04-03 03:36:30.227 69682 INFO tempest.lib.common.rest_client [req-f4bae96a-abb1-44ef-8585-55f2e2e5e937 req-f4bae96a-abb1-44ef-8585-55f2e2e5e937 ] Request (ListImageFiltersTestJSON:setUpClass): 200 GET http://10.180.1.21/compute/v2.1/servers/335258c2-6f86-44c6-8301-f0abab2ede05 0.093s
2025-04-03 03:36:30.253 69642 INFO tempest.lib.common.rest_client [req-5f0c55ae-cc7c-468e-883e-18013db60397 req-5f0c55ae-cc7c-468e-883e-18013db60397 ] Request (ServerShowV247Test:test_update_rebuild_list_server): 200 GET http://10.180.1.21/compute/v2.1/servers/bfc6c3e7-8384-4669-bd43-acdfcb1c478a 0.094s
2025-04-03 03:36:30.274 69644 INFO tempest.lib.common.rest_client [req-0f1145b1-340f-4631-8baa-2a6f3aea224f req-0f1145b1-340f-4631-8baa-2a6f3aea224f ] Request (ImagesNegativeTestJSON:test_create_image_from_deleted_server): 200 GET http://10.180.1.21/compute/v2.1/servers/6e790530-5d70-4125-b7d2-a977c5db2949 0.062s
2025-04-03 03:36:30.296 69654 INFO tempest.lib.common.rest_client [req-8ee545f1-9c51-4d52-84cc-2b2970adb0b9 req-8ee545f1-9c51-4d52-84cc-2b2970adb0b9 ] Request (ServerGroupTestJSON:test_create_server_with_scheduler_hint_group): 200 GET http://10.180.1.21/compute/v2.1/servers/78ed67e1-b615-4c36-8da5-6938a9d60574 0.071s
2025-04-03 03:36:30.353 69694 INFO tempest.lib.common.rest_client [req-5eec0621-b249-43b6-bcb6-565c12743634 req-5eec0621-b249-43b6-bcb6-565c12743634 ] Request (ListServerFiltersTestJSON:setUpClass): 200 GET http://10.180.1.21/compute/v2.1/servers/ffc74032-0a67-4fab-88c6-1f81ff356728 0.059s
2025-04-03 03:36:30.355 69686 INFO tempest.lib.common.rest_client [req-bd3476b3-02ee-496c-8bff-a0a73407db99 req-bd3476b3-02ee-496c-8bff-a0a73407db99 ] Request (ServerMetadataNegativeTestJSON:tearDownClass): 200 GET http://10.180.1.21/compute/v2.1/servers/562e1d05-4f46-4195-9d8b-c8e7ba933d22 0.068s
2025-04-03 03:36:30.405 69640 INFO tempest.lib.common.rest_client [req-33ba13c1-486b-4efb-9094-1725cca8021c req-33ba13c1-486b-4efb-9094-1725cca8021c ] Request (ServersTestBootFromVolume:setUpClass): 200 GET http://10.180.1.21/compute/v2.1/servers/e87c6601-7a18-4857-9d93-4fea4fefed40 0.057s
2025-04-03 03:36:30.409 69668 INFO tempest.lib.common.rest_client [req-68adc254-2a4c-447f-90bd-f9a0d14a7e9f req-68adc254-2a4c-447f-90bd-f9a0d14a7e9f ] Request (ServerDiagnosticsNegativeTest:test_get_server_diagnostics_by_non_admin): 200 GET http://10.180.1.21/compute/v2.1/servers/873a85e3-bddf-4544-b88c-71afd51bce57 0.060s
2025-04-03 03:36:30.457 69692 INFO tempest.lib.common.rest_client [req-391d6b8d-d47f-4f85-bfab-3d5c712a1aa8 req-391d6b8d-d47f-4f85-bfab-3d5c712a1aa8 ] Request (ServersNegativeTestMultiTenantJSON:setUpClass): 200 GET http://10.180.1.21/compute/v2.1/servers/f3e005cf-9024-4c05-90c3-936251fa05a9 0.063s
2025-04-03 03:36:30.458 69680 INFO tempest.lib.common.rest_client [req-3e8d23e2-1280-4983-b14d-382705c687cb req-3e8d23e2-1280-4983-b14d-382705c687cb ] Request (ServerRescueNegativeTestJSON:test_rescued_vm_detach_volume): 200 GET http://10.180.1.21/compute/v2.1/servers/170e2a0b-6461-4752-b7da-2ed0ff9fd73c 0.051s
2025-04-03 03:36:30.500 69698 INFO tempest.lib.common.rest_client [req-454e87dc-9980-47af-88bd-e458cca5d07e req-454e87dc-9980-47af-88bd-e458cca5d07e ] Request (DeleteServersTestJSON:test_delete_active_server): 200 GET http://10.180.1.21/compute/v2.1/servers/95b759d7-a8d9-48bb-a730-ff0040147961 0.059s
2025-04-03 03:36:30.530 69674 INFO tempest.lib.common.rest_client [req-52698592-708c-4b8b-9121-bcd40f66ee3e req-52698592-708c-4b8b-9121-bcd40f66ee3e ] Request (AttachInterfacesV270Test:tearDownClass): 200 GET http://10.180.1.21/compute/v2.1/servers/7f8824d4-3dfc-49e6-b1a9-b9c9e2a8f179 0.055s
2025-04-03 03:36:31.805 69650 WARNING tempest.lib.common.ssh [-] Failed to establish authenticated ssh connection to cirros@10.180.180.159 ([Errno None] Unable to connect to port 22 on 10.180.180.159). Number attempts: 10. Retry after 11 seconds.: paramiko.ssh_exception.NoValidConnectionsError: [Errno None] Unable to connect to port 22 on 10.180.180.159
2025-04-03 03:36:33.053 69688 INFO tempest.lib.common.rest_client [req-278ee00d-8941-476d-8038-d55632e93974 req-278ee00d-8941-476d-8038-d55632e93974 ] Request (ServerDiagnosticsTest:tearDownClass): 200 GET http://10.180.1.21/compute/v2.1/servers/df115496-807d-43f5-a129-a0c78a576a29 0.082s
2025-04-03 03:36:33.054 69652 INFO tempest.lib.common.rest_client [req-62df8c52-212f-437b-8935-ab13b1f9a6d1 req-62df8c52-212f-437b-8935-ab13b1f9a6d1 ] Request (InstanceActionsV221TestJSON:test_get_list_deleted_instance_actions): 200 GET http://10.180.1.21/compute/v2.1/servers/b1b8d1b7-cc0e-4807-a7f4-e963cb9da64b 0.077s
2025-04-03 03:36:33.145 69636 INFO tempest.lib.common.rest_client [req-c4fe4352-4cc6-49e9-9223-af3155ec0451 req-c4fe4352-4cc6-49e9-9223-af3155ec0451 ] Request (ImagesOneServerTestJSON:tearDownClass): 200 GET http://10.180.1.21/compute/v2.1/servers/1835d15f-f896-4741-b67d-4b5b17a8dff2 0.157s
2025-04-03 03:36:33.217 69648 INFO tempest.lib.common.rest_client [req-e24e47dd-1711-4a4d-b490-0030838c0ee6 req-e24e47dd-1711-4a4d-b490-0030838c0ee6 ] Request (MigrationsAdminTest:test_list_migrations_in_flavor_resize_situation): 200 GET http://10.180.1.21/compute/v2.1/servers/3e95f2d5-d392-47c4-b519-4a218660516b 0.237s
2025-04-03 03:36:33.290 69670 INFO tempest.lib.common.rest_client [req-2f112cb4-cd13-46a1-9b0a-1c3d2d4c43b7 req-2f112cb4-cd13-46a1-9b0a-1c3d2d4c43b7 ] Request (InstanceActionsTestJSON:tearDownClass): 200 GET http://10.180.1.21/compute/v2.1/servers/cf6dc285-9563-42c7-b1f5-d34d5a75a545 0.293s
2025-04-03 03:36:33.307 69676 INFO tempest.lib.common.rest_client [req-8fadb2c5-10ed-4e7c-be78-7886a18742ce req-8fadb2c5-10ed-4e7c-be78-7886a18742ce ] Request (ListServersNegativeTestJSON:setUpClass): 200 GET http://10.180.1.21/compute/v2.1/servers/6fd4b3da-855a-4796-a514-bffd9d194110 0.313s
2025-04-03 03:36:33.313 69676 INFO tempest.common.waiters [-] State transition "BUILD/None" ==> "BUILD/networking" after 59 second wait
2025-04-03 03:36:33.365 69660 INFO tempest.lib.common.rest_client [req-800a1748-f395-4c6b-b590-665c233e9ffe req-800a1748-f395-4c6b-b590-665c233e9ffe ] Request (ServersAdminTestJSON:test_inject_network_info): 200 GET http://10.180.1.21/compute/v2.1/servers/0b5d2173-10d1-4983-877c-743388460231 0.366s
2025-04-03 03:36:33.366 69662 INFO tempest.lib.common.rest_client [req-e8227ebb-0dae-4132-9f28-ef5c175afecb req-e8227ebb-0dae-4132-9f28-ef5c175afecb ] Request (ServerDiagnosticsV248Test:tearDownClass): 200 GET http://10.180.1.21/compute/v2.1/servers/99e94ac3-2fa4-4249-9297-b78043c9af00 0.368s
2025-04-03 03:36:33.426 69638 INFO tempest.lib.common.rest_client [req-18dafa28-ed48-49a9-85c9-e97dd79c055f req-18dafa28-ed48-49a9-85c9-e97dd79c055f ] Request (SecurityGroupsTestJSON:test_server_security_groups): 200 GET http://10.180.1.21/compute/v2.1/servers/78d62458-5f2a-45a1-bf75-c1bf6a087b48 0.421s
2025-04-03 03:36:33.481 69664 INFO tempest.lib.common.rest_client [req-d4c8d5f6-b8ab-4a4a-b91e-47160a64bc21 req-d4c8d5f6-b8ab-4a4a-b91e-47160a64bc21 ] Request (ServersAdminNegativeTestJSON:setUpClass): 200 GET http://10.180.1.21/compute/v2.1/servers/04a666db-77b8-4c23-8c7c-887b23ea97af 0.469s
2025-04-03 03:36:33.492 69684 INFO tempest.lib.common.rest_client [req-fe537175-0c39-4053-b028-150e778f48b7 req-fe537175-0c39-4053-b028-150e778f48b7 ] Request (ImagesTestJSON:test_create_image_from_stopped_server): 200 GET http://10.180.1.21/compute/v2.1/servers/02492605-6fc9-4e1e-af6c-a2e2cfe60e5a 0.492s
2025-04-03 03:36:33.500 69684 INFO tempest.common.waiters [-] State transition "BUILD/spawning" ==> "ACTIVE/None" after 64 second wait
2025-04-03 03:36:33.542 69682 INFO tempest.lib.common.rest_client [req-07b56d64-7248-445f-805b-fc897fea9d0d req-07b56d64-7248-445f-805b-fc897fea9d0d ] Request (ListImageFiltersTestJSON:setUpClass): 200 GET http://10.180.1.21/compute/v2.1/servers/335258c2-6f86-44c6-8301-f0abab2ede05 0.506s
2025-04-03 03:36:33.591 69654 INFO tempest.lib.common.rest_client [req-6a1272d3-03b9-46c6-9c17-8cbe08dfae30 req-6a1272d3-03b9-46c6-9c17-8cbe08dfae30 ] Request (ServerGroupTestJSON:test_create_server_with_scheduler_hint_group): 200 GET http://10.180.1.21/compute/v2.1/servers/78ed67e1-b615-4c36-8da5-6938a9d60574 0.541s
2025-04-03 03:36:33.607 69656 INFO tempest.lib.common.rest_client [req-40083acb-791f-4172-9f44-bea831205015 req-40083acb-791f-4172-9f44-bea831205015 ] Request (FloatingIPsAssociationTestJSON:test_associate_already_associated_floating_ip): 200 GET http://10.180.1.21/compute/v2.1/servers/72187860-a5e9-4b68-a8da-9b7c9d33b93a 0.572s
2025-04-03 03:36:33.615 69656 INFO tempest.common.waiters [-] State transition "BUILD/spawning" ==> "ACTIVE/None" after 63 second wait
