2025-05-19 15:56:32.960 71529 INFO tempest.lib.common.dynamic_creds [-] Created isolated network resources for: credentials: Credentials: {'domain_id': 'default', 'domain_name': 'Default', 'username': 'tempest-ServersAdminTestJSON-1152462453-project-admin', 'project_domain_id': 'default', 'project_domain_name': 'Default', 'project_id': 'd2c1e185a145444b83f3be908d1ebbff', 'project_name': 'tempest-ServersAdminTestJSON-1152462453', 'tenant_id': 'd2c1e185a145444b83f3be908d1ebbff', 'tenant_name': 'tempest-ServersAdminTestJSON-1152462453', 'user_domain_id': 'default', 'user_domain_name': 'Default', 'user_id': 'da19d1a1d7ce40e78a009e729cf4854b', 'system': None}, Network: {'id': '077a25b7-dca8-4c1a-97d2-980269ccb7e0', 'name': 'tempest-ServersAdminTestJSON-1899605112-network', 'tenant_id': 'd2c1e185a145444b83f3be908d1ebbff', 'admin_state_up': True, 'mtu': 8950, 'status': 'ACTIVE', 'subnets': [], 'shared': False, 'project_id': 'd2c1e185a145444b83f3be908d1ebbff', 'port_security_enabled': True, 'router:external': False, 'provider:network_type': 'vlan', 'provider:physical_network': 'default', 'provider:segmentation_id': 290, 'availability_zone_hints': [], 'availability_zones': [], 'ipv4_address_scope': None, 'ipv6_address_scope': None, 'description': '', 'tags': [], 'created_at': '2025-05-19T15:56:23Z', 'updated_at': '2025-05-19T15:56:23Z', 'revision_number': 1}, Subnet: {'id': '67c034cc-885a-495c-b762-39973da0cb69', 'name': 'tempest-ServersAdminTestJSON-1899605112-subnet', 'tenant_id': 'd2c1e185a145444b83f3be908d1ebbff', 'network_id': '077a25b7-dca8-4c1a-97d2-980269ccb7e0', 'ip_version': 4, 'subnetpool_id': None, 'enable_dhcp': True, 'ipv6_ra_mode': None, 'ipv6_address_mode': None, 'gateway_ip': '192.168.128.1', 'cidr': '192.168.128.0/28', 'allocation_pools': [{'start': '192.168.128.2', 'end': '192.168.128.14'}], 'host_routes': [], 'dns_nameservers': [], 'description': '', 'router:external': False, 'service_types': [], 'tags': [], 'created_at': '2025-05-19T15:56:24Z', 'updated_at': '2025-05-19T15:56:24Z', 'revision_number': 0, 'project_id': 'd2c1e185a145444b83f3be908d1ebbff'}, Router: {'id': '069a66be-9ea7-4f5b-86a2-97386c92b5fe', 'name': 'tempest-ServersAdminTestJSON-1899605112-router', 'tenant_id': 'd2c1e185a145444b83f3be908d1ebbff', 'admin_state_up': True, 'status': 'ACTIVE', 'external_gateway_info': {'network_id': '66efa607-5e41-4f8a-b837-b1de9f46fade', 'external_fixed_ips': [{'subnet_id': '956800f7-e740-4e3b-9877-97f0f96944ed', 'ip_address': '10.180.180.207'}], 'enable_snat': True}, 'description': '', 'availability_zones': [], 'distributed': False, 'ha': False, 'availability_zone_hints': [], 'routes': [], 'flavor_id': None, 'tags': [], 'created_at': '2025-05-19T15:56:25Z', 'updated_at': '2025-05-19T15:56:27Z', 'revision_number': 2, 'project_id': 'd2c1e185a145444b83f3be908d1ebbff'}
2025-05-19 15:56:32.973 71537 INFO tempest.lib.common.rest_client [req-aed3cd2a-ffae-43b5-ad53-093eecc5a0dd req-aed3cd2a-ffae-43b5-ad53-093eecc5a0dd ] Request (ServersTestJSON:tearDownClass): 204 DELETE http://10.180.1.21/identity/v3/projects/83d9df2d09804647aba00b7ca1884517 0.074s
2025-05-19 15:56:33.051 71529 INFO tempest.lib.common.rest_client [req-a8bf24ab-78ff-4c11-83fa-50ed15246db3 req-a8bf24ab-78ff-4c11-83fa-50ed15246db3 ] Request (ServersAdminTestJSON:setUpClass): 201 POST http://10.180.1.21/identity/v3/auth/tokens 0.085s
2025-05-19 15:56:33.052 71573 INFO tempest.lib.common.rest_client [req-235a918a-b1d9-4045-b986-d68819ee75f1 req-235a918a-b1d9-4045-b986-d68819ee75f1 ] Request (VolumesAdminNegativeTest:setUpClass): 201 POST http://10.180.1.21:9696/networking/v2.0/networks 0.644s
2025-05-19 15:56:33.055 71533 INFO tempest.lib.common.rest_client [req-8be9f9bc-0603-498c-a5c3-ad78a97491d2 req-8be9f9bc-0603-498c-a5c3-ad78a97491d2 ] Request (ImagesNegativeTestJSON:setUpClass): 201 POST http://10.180.1.21/identity/v3/users 0.107s
2025-05-19 15:56:33.058 71591 INFO tempest.lib.common.rest_client [req-afdfbf7b-8c36-46fd-a5b3-0b9172913300 req-afdfbf7b-8c36-46fd-a5b3-0b9172913300 ] Request (ServersAdmin275Test:tearDownClass): 204 DELETE http://10.180.1.21:9696/networking/v2.0/security-groups/96c56598-a711-43b3-b157-8c77e15399bb 0.262s
2025-05-19 15:56:33.081 71537 INFO tempest.lib.common.rest_client [req-1d1958f7-8853-4b67-ac96-1d48bde1cae5 req-1d1958f7-8853-4b67-ac96-1d48bde1cae5 ] Request (ServerDiskConfigTestJSON:setUpClass): 201 POST http://10.180.1.21/identity/v3/auth/tokens 0.103s
2025-05-19 15:56:33.107 71533 INFO tempest.lib.common.rest_client [req-25e4e318-638e-4006-bd12-df38e59c735a req-25e4e318-638e-4006-bd12-df38e59c735a ] Request (ImagesNegativeTestJSON:setUpClass): 200 GET http://10.180.1.21/identity/v3/roles 0.052s
2025-05-19 15:56:33.124 71529 INFO tempest.lib.common.rest_client [req-f100396d-3abf-4ddf-8828-f16aac6dc019 req-f100396d-3abf-4ddf-8828-f16aac6dc019 ] Request (ServersAdminTestJSON:setUpClass): 201 POST http://10.180.1.21/identity/v3/auth/tokens 0.069s
2025-05-19 15:56:33.125 71529 INFO tempest.lib.common.fixed_network [-] (ServersAdminTestJSON:setUpClass) Found network {'id': '6b726ba9-eac6-4163-9c92-00bc397c34ed', 'name': 'tempest-ServersAdminTestJSON-72578739-network', 'tenant_id': '9ebe14ce429741ba83af9d54f9a4d405', 'admin_state_up': True, 'mtu': 8950, 'status': 'ACTIVE', 'subnets': [], 'shared': False, 'project_id': '9ebe14ce429741ba83af9d54f9a4d405', 'port_security_enabled': True, 'router:external': False, 'provider:network_type': 'vlan', 'provider:physical_network': 'default', 'provider:segmentation_id': 563, 'availability_zone_hints': [], 'availability_zones': [], 'ipv4_address_scope': None, 'ipv6_address_scope': None, 'description': '', 'tags': [], 'created_at': '2025-05-19T15:56:14Z', 'updated_at': '2025-05-19T15:56:14Z', 'revision_number': 1} available for tenant
2025-05-19 15:56:33.152 71537 INFO tempest.lib.common.rest_client [req-e60f7518-294b-443a-b300-244f70a5b0f2 req-e60f7518-294b-443a-b300-244f70a5b0f2 ] Request (ServerDiskConfigTestJSON:setUpClass): 201 POST http://10.180.1.21/identity/v3/auth/tokens 0.066s
2025-05-19 15:56:33.167 71560 INFO tempest.lib.common.rest_client [req-d64967b7-8dce-4e53-8da6-be4118d8a574 req-d64967b7-8dce-4e53-8da6-be4118d8a574 ] Request (SecurityGroupRulesTestJSON:test_security_group_rules_create_with_optional_group_id): 200 POST http://10.180.1.21/compute/v2.1/os-security-group-rules 3.010s
2025-05-19 15:56:33.170 71560 WARNING tempest.lib.common.rest_client [-] Deprecated: "tenant_id" property is deprecated for removal, use "project_id" instead
2025-05-19 15:56:33.186 71533 INFO tempest.lib.common.rest_client [req-bb2a8d17-2782-460d-bca8-fb8e060cda26 req-bb2a8d17-2782-460d-bca8-fb8e060cda26 ] Request (ImagesNegativeTestJSON:setUpClass): 204 PUT http://10.180.1.21/identity/v3/projects/fb9a371659404209a79a8af8326097d0/users/13d8699af5c84e4396a1ec25f90f74e8/roles/93a3e573a3cb4750a181f7aabe896ec9 0.078s
2025-05-19 15:56:33.186 71533 INFO tempest.lib.common.dynamic_creds [-] Dynamic test user 13d8699af5c84e4396a1ec25f90f74e8 is created with scope project and roles: ['member']
2025-05-19 15:56:33.186 71533 INFO tempest.lib.common.dynamic_creds [-] Acquired dynamic creds: credentials: Credentials: {'domain_id': 'default', 'domain_name': 'Default', 'username': 'tempest-ImagesNegativeTestJSON-1522389595-project-member', 'project_domain_id': 'default', 'project_domain_name': 'Default', 'project_id': 'fb9a371659404209a79a8af8326097d0', 'project_name': 'tempest-ImagesNegativeTestJSON-1522389595', 'tenant_id': 'fb9a371659404209a79a8af8326097d0', 'tenant_name': 'tempest-ImagesNegativeTestJSON-1522389595', 'user_domain_id': 'default', 'user_domain_name': 'Default', 'user_id': '13d8699af5c84e4396a1ec25f90f74e8', 'system': None}, Network: None, Subnet: None, Router: None
2025-05-19 15:56:33.192 71591 INFO tempest.lib.common.rest_client [req-03d42fe0-a712-4efc-b210-691840278ed9 req-03d42fe0-a712-4efc-b210-691840278ed9 ] Request (ServersAdmin275Test:tearDownClass): 204 DELETE http://10.180.1.21/identity/v3/projects/ed10e48f7acb4596840290a4721d7a77 0.133s
2025-05-19 15:56:33.237 71579 INFO tempest.lib.common.rest_client [req-4fa42a99-e707-4b43-865f-7c83f148692d req-4fa42a99-e707-4b43-865f-7c83f148692d ] Request (QuotasAdminTestJSON:tearDownClass): 204 DELETE http://10.180.1.21:9696/networking/v2.0/security-groups/a2382392-9019-4613-bad8-943443ed9c07 0.405s
2025-05-19 15:56:33.242 71567 INFO tempest.lib.common.rest_client [req-1d8c1ab5-6f9a-44b1-8da8-797fc2f26bbf req-1d8c1ab5-6f9a-44b1-8da8-797fc2f26bbf ] Request (FloatingIPsNegativeTestJSON:test_delete_nonexistent_floating_ip): 404 DELETE http://10.180.1.21/compute/v2.1/os-floating-ips/efa5d972-c50b-4b2f-bcfd-c3a6c932b396 3.011s
2025-05-19 15:56:33.249 71537 INFO tempest.lib.common.rest_client [req-eaa895b3-4679-45fc-a396-3036936315dc req-eaa895b3-4679-45fc-a396-3036936315dc ] Request (ServerDiskConfigTestJSON:setUpClass): 200 GET http://10.180.1.21/identity/v3/domains?name=Default 0.096s
2025-05-19 15:56:33.255 71533 INFO tempest.lib.common.rest_client [req-d689678a-2516-4010-886e-751b605dd3b5 req-d689678a-2516-4010-886e-751b605dd3b5 ] Request (ImagesNegativeTestJSON:setUpClass): 201 POST http://10.180.1.21/identity/v3/auth/tokens 0.069s
2025-05-19 15:56:33.272 71591 INFO tempest.lib.common.rest_client [req-c9775033-4652-4482-ac42-a011b6770e7a req-c9775033-4652-4482-ac42-a011b6770e7a ] Request (ServerActionsTestOtherB:setUpClass): 201 POST http://10.180.1.21/identity/v3/auth/tokens 0.079s
2025-05-19 15:56:33.323 71579 INFO tempest.lib.common.rest_client [req-b63c099d-1ed3-4683-854c-4ca0314c26e6 req-b63c099d-1ed3-4683-854c-4ca0314c26e6 ] Request (QuotasAdminTestJSON:tearDownClass): 204 DELETE http://10.180.1.21/identity/v3/projects/4940a9cf1d8e496ca1b33a446a6c473c 0.085s
2025-05-19 15:56:33.385 71537 INFO tempest.lib.common.rest_client [req-b9e2a4b0-1543-43f3-90fe-cb7c0b07fcdf req-b9e2a4b0-1543-43f3-90fe-cb7c0b07fcdf ] Request (ServerDiskConfigTestJSON:setUpClass): 201 POST http://10.180.1.21/identity/v3/projects 0.135s
2025-05-19 15:56:33.426 71581 INFO tempest.lib.common.rest_client [req-ce2021fd-ec9d-489b-bb03-5704b97f1c15 req-ce2021fd-ec9d-489b-bb03-5704b97f1c15 ] Request (FloatingIPDetailsNegativeTestJSON:test_get_nonexistent_floating_ip_details): 404 GET http://10.180.1.21/compute/v2.1/os-floating-ips/c387567c-21f6-415f-8032-b34c06343ab1 3.178s
2025-05-19 15:56:33.427 71563 INFO tempest.lib.common.rest_client [req-85cefd38-8755-471a-8572-7b363bbd2d74 req-85cefd38-8755-471a-8572-7b363bbd2d74 ] Request (ServerMetadataNegativeTestJSON:setUpClass): 201 POST http://10.180.1.21:9696/networking/v2.0/networks 0.833s
2025-05-19 15:56:33.454 71591 INFO tempest.lib.common.rest_client [req-a8e8baa6-fe55-498e-986f-7b86d4064401 req-a8e8baa6-fe55-498e-986f-7b86d4064401 ] Request (ServerActionsTestOtherB:setUpClass): 201 POST http://10.180.1.21/identity/v3/auth/tokens 0.179s
2025-05-19 15:56:33.467 71576 INFO tempest.lib.common.rest_client [req-e0e98dda-7dd7-41c2-ac45-283a451f6060 req-e0e98dda-7dd7-41c2-ac45-283a451f6060 ] Request (KeyPairsNegativeTestJSON:test_create_keypair_with_empty_public_key): 400 POST http://10.180.1.21/compute/v2.1/os-keypairs 3.221s
2025-05-19 15:56:33.468 71577 INFO tempest.lib.common.rest_client [req-e080bfb4-06f1-40c7-8bf2-b8897a93201c req-e080bfb4-06f1-40c7-8bf2-b8897a93201c ] Request (ServerActionsTestOtherA:setUpClass): 201 POST http://10.180.1.21:9696/networking/v2.0/floatingips 1.713s
2025-05-19 15:56:33.476 71579 INFO tempest.lib.common.rest_client [req-3e4eeea0-e49e-40de-8933-6b777e7f8281 req-3e4eeea0-e49e-40de-8933-6b777e7f8281 ] Request (InstanceActionsV221TestJSON:setUpClass): 201 POST http://10.180.1.21/identity/v3/auth/tokens 0.151s
2025-05-19 15:56:33.492 71557 INFO tempest.lib.common.rest_client [req-b7e62217-7645-482a-a89f-18698d975d1f req-b7e62217-7645-482a-a89f-18698d975d1f ] Request (AggregatesAdminNegativeTestJSON:_run_cleanups): 200 DELETE http://10.180.1.21/compute/v2.1/os-aggregates/5 3.208s
2025-05-19 15:56:33.497 71531 INFO tempest.lib.common.rest_client [req-0fa4eb19-eb82-46eb-b3f7-3b1cae134572 req-0fa4eb19-eb82-46eb-b3f7-3b1cae134572 ] Request (MultipleCreateNegativeTestJSON:test_max_count_non_integer): 400 POST http://10.180.1.21/compute/v2.1/servers 3.122s
2025-05-19 15:56:33.503 71591 INFO tempest.lib.common.rest_client [req-11fa1351-27a1-4b0d-8020-ae2f965e51d7 req-11fa1351-27a1-4b0d-8020-ae2f965e51d7 ] Request (ServerActionsTestOtherB:setUpClass): 200 GET http://10.180.1.21/identity/v3/domains?name=Default 0.049s
2025-05-19 15:56:33.507 71537 INFO tempest.lib.common.rest_client [req-0ae7d92b-2458-4051-81ea-1198a7ffee54 req-0ae7d92b-2458-4051-81ea-1198a7ffee54 ] Request (ServerDiskConfigTestJSON:setUpClass): 201 POST http://10.180.1.21/identity/v3/users 0.121s
2025-05-19 15:56:33.544 71579 INFO tempest.lib.common.rest_client [req-64279059-5c6b-42b6-ae91-3cba5d1edd7f req-64279059-5c6b-42b6-ae91-3cba5d1edd7f ] Request (InstanceActionsV221TestJSON:setUpClass): 201 POST http://10.180.1.21/identity/v3/auth/tokens 0.061s
2025-05-19 15:56:33.555 71587 INFO tempest.lib.common.rest_client [req-b2402f72-869c-4f8b-8f27-c507ea95ebb2 req-b2402f72-869c-4f8b-8f27-c507ea95ebb2 ] Request (VolumesSnapshotsTestJSON:test_volume_snapshot_create_get_list_delete): 200 GET http://10.180.1.21/compute/v2.1/os-snapshots/45dca5c8-0a8b-4bfd-ae41-7eb2bbd661c5 3.010s
2025-05-19 15:56:33.566 71577 INFO tempest.lib.common.rest_client [req-dbc07807-e49d-48c3-a40b-2d59076975da req-dbc07807-e49d-48c3-a40b-2d59076975da ] Request (ServerActionsTestOtherA:setUpClass): 201 POST http://10.180.1.21/identity/v3/auth/tokens 0.093s
2025-05-19 15:56:33.567 71577 INFO tempest.lib.common.fixed_network [-] (ServerActionsTestOtherA:setUpClass) Found network {'id': '99c667c0-7979-4d1f-aad0-df531990db76', 'name': 'tempest-ServerActionsTestOtherA-1267516445-network', 'tenant_id': '154683e11e0e427a9b8ba8fa627149e8', 'admin_state_up': True, 'mtu': 8950, 'status': 'ACTIVE', 'subnets': [], 'shared': False, 'project_id': '154683e11e0e427a9b8ba8fa627149e8', 'port_security_enabled': True, 'router:external': False, 'provider:network_type': 'vlan', 'provider:physical_network': 'default', 'provider:segmentation_id': 351, 'availability_zone_hints': [], 'availability_zones': [], 'ipv4_address_scope': None, 'ipv6_address_scope': None, 'description': '', 'tags': [], 'created_at': '2025-05-19T15:56:17Z', 'updated_at': '2025-05-19T15:56:17Z', 'revision_number': 1} available for tenant
2025-05-19 15:56:33.570 71591 INFO tempest.lib.common.rest_client [req-b73cae84-34a4-4fd7-b9a3-5b64aa969c81 req-b73cae84-34a4-4fd7-b9a3-5b64aa969c81 ] Request (ServerActionsTestOtherB:setUpClass): 201 POST http://10.180.1.21/identity/v3/projects 0.065s
2025-05-19 15:56:33.614 71531 INFO tempest.lib.common.rest_client [req-04591a7e-2bae-4227-b31a-606c899ac1c7 req-04591a7e-2bae-4227-b31a-606c899ac1c7 ] Request (MultipleCreateNegativeTestJSON:test_min_count_less_than_one): 201 POST http://10.180.1.21/identity/v3/auth/tokens 0.109s
2025-05-19 15:56:33.614 71531 INFO tempest.lib.common.fixed_network [-] (MultipleCreateNegativeTestJSON:test_min_count_less_than_one) Found network None available for tenant
2025-05-19 15:56:33.618 71537 INFO tempest.lib.common.rest_client [req-b17e5c2f-4837-4ce8-bc7e-46d2af525ea7 req-b17e5c2f-4837-4ce8-bc7e-46d2af525ea7 ] Request (ServerDiskConfigTestJSON:setUpClass): 200 GET http://10.180.1.21/identity/v3/roles 0.111s
2025-05-19 15:56:33.641 71579 INFO tempest.lib.common.rest_client [req-fed3e2bd-d4df-4c06-b0f7-44836426b57d req-fed3e2bd-d4df-4c06-b0f7-44836426b57d ] Request (InstanceActionsV221TestJSON:setUpClass): 200 GET http://10.180.1.21/identity/v3/domains?name=Default 0.096s
2025-05-19 15:56:33.664 71591 INFO tempest.lib.common.rest_client [req-76edd5ae-2ef6-46ef-ac65-964adf29f96c req-76edd5ae-2ef6-46ef-ac65-964adf29f96c ] Request (ServerActionsTestOtherB:setUpClass): 201 POST http://10.180.1.21/identity/v3/users 0.093s
2025-05-19 15:56:33.690 71537 INFO tempest.lib.common.rest_client [req-1d549ad7-aef8-4e6d-8a77-8cf988f06a00 req-1d549ad7-aef8-4e6d-8a77-8cf988f06a00 ] Request (ServerDiskConfigTestJSON:setUpClass): 204 PUT http://10.180.1.21/identity/v3/projects/adfef042b4764ada9803ca431250e3bd/users/1da9f8ebb96647049eb64fabcd59dfa6/roles/93a3e573a3cb4750a181f7aabe896ec9 0.071s
2025-05-19 15:56:33.690 71537 INFO tempest.lib.common.dynamic_creds [-] Dynamic test user 1da9f8ebb96647049eb64fabcd59dfa6 is created with scope project and roles: ['member']
2025-05-19 15:56:33.690 71537 INFO tempest.lib.common.dynamic_creds [-] Acquired dynamic creds: credentials: Credentials: {'domain_id': 'default', 'domain_name': 'Default', 'username': 'tempest-ServerDiskConfigTestJSON-1845948683-project-member', 'project_domain_id': 'default', 'project_domain_name': 'Default', 'project_id': 'adfef042b4764ada9803ca431250e3bd', 'project_name': 'tempest-ServerDiskConfigTestJSON-1845948683', 'tenant_id': 'adfef042b4764ada9803ca431250e3bd', 'tenant_name': 'tempest-ServerDiskConfigTestJSON-1845948683', 'user_domain_id': 'default', 'user_domain_name': 'Default', 'user_id': '1da9f8ebb96647049eb64fabcd59dfa6', 'system': None}, Network: None, Subnet: None, Router: None
2025-05-19 15:56:33.699 71535 INFO tempest.lib.common.rest_client [req-0b9b55cd-494f-42d0-9f59-8425b99e323a req-0b9b55cd-494f-42d0-9f59-8425b99e323a ] Request (VolumesAssistedSnapshotsTest:tearDownClass): 204 DELETE http://10.180.1.21:9696/networking/v2.0/routers/293dcb64-2e23-4428-9139-af1a3c293a8d 1.059s
2025-05-19 15:56:33.728 71573 INFO tempest.lib.common.rest_client [req-aab6da54-fe04-48c7-a5f2-c7ab21a63e05 req-aab6da54-fe04-48c7-a5f2-c7ab21a63e05 ] Request (VolumesAdminNegativeTest:setUpClass): 201 POST http://10.180.1.21:9696/networking/v2.0/subnets 0.675s
2025-05-19 15:56:33.743 71579 INFO tempest.lib.common.rest_client [req-e60a459f-8c98-4c1d-a746-0c3c3100884d req-e60a459f-8c98-4c1d-a746-0c3c3100884d ] Request (InstanceActionsV221TestJSON:setUpClass): 201 POST http://10.180.1.21/identity/v3/projects 0.101s
2025-05-19 15:56:33.762 71591 INFO tempest.lib.common.rest_client [req-b58463ef-c8bd-43cd-b8ff-0d6cb4d2cba9 req-b58463ef-c8bd-43cd-b8ff-0d6cb4d2cba9 ] Request (ServerActionsTestOtherB:setUpClass): 200 GET http://10.180.1.21/identity/v3/roles 0.098s
2025-05-19 15:56:33.796 71537 INFO tempest.lib.common.rest_client [req-9064da28-fb4d-4d77-98e8-6ee116ed9602 req-9064da28-fb4d-4d77-98e8-6ee116ed9602 ] Request (ServerDiskConfigTestJSON:setUpClass): 201 POST http://10.180.1.21/identity/v3/auth/tokens 0.105s
2025-05-19 15:56:33.827 71579 INFO tempest.lib.common.rest_client [req-eb4af4b5-d1fb-4f1b-a6c0-253e6b56e1b7 req-eb4af4b5-d1fb-4f1b-a6c0-253e6b56e1b7 ] Request (InstanceActionsV221TestJSON:setUpClass): 201 POST http://10.180.1.21/identity/v3/users 0.083s
2025-05-19 15:56:33.829 71591 INFO tempest.lib.common.rest_client [req-2254ed4d-d37a-4831-97c7-a68ae78c0c1b req-2254ed4d-d37a-4831-97c7-a68ae78c0c1b ] Request (ServerActionsTestOtherB:setUpClass): 204 PUT http://10.180.1.21/identity/v3/projects/03ae74ad6f354eecae546f002cd47904/users/807f5fb531b94a9c843b503b0495a09b/roles/93a3e573a3cb4750a181f7aabe896ec9 0.066s
2025-05-19 15:56:33.830 71591 INFO tempest.lib.common.dynamic_creds [-] Dynamic test user 807f5fb531b94a9c843b503b0495a09b is created with scope project and roles: ['member']
2025-05-19 15:56:33.830 71591 INFO tempest.lib.common.dynamic_creds [-] Acquired dynamic creds: credentials: Credentials: {'domain_id': 'default', 'domain_name': 'Default', 'username': 'tempest-ServerActionsTestOtherB-200794435-project-member', 'project_domain_id': 'default', 'project_domain_name': 'Default', 'project_id': '03ae74ad6f354eecae546f002cd47904', 'project_name': 'tempest-ServerActionsTestOtherB-200794435', 'tenant_id': '03ae74ad6f354eecae546f002cd47904', 'tenant_name': 'tempest-ServerActionsTestOtherB-200794435', 'user_domain_id': 'default', 'user_domain_name': 'Default', 'user_id': '807f5fb531b94a9c843b503b0495a09b', 'system': None}, Network: None, Subnet: None, Router: None
2025-05-19 15:56:33.881 71579 INFO tempest.lib.common.rest_client [req-b87c4283-dcd4-4120-bde7-c1889bebda72 req-b87c4283-dcd4-4120-bde7-c1889bebda72 ] Request (InstanceActionsV221TestJSON:setUpClass): 200 GET http://10.180.1.21/identity/v3/roles 0.054s
2025-05-19 15:56:33.903 71591 INFO tempest.lib.common.rest_client [req-834e506b-c3ea-40c6-af9b-55ac8ed3ffb5 req-834e506b-c3ea-40c6-af9b-55ac8ed3ffb5 ] Request (ServerActionsTestOtherB:setUpClass): 201 POST http://10.180.1.21/identity/v3/auth/tokens 0.073s
2025-05-19 15:56:33.924 71579 INFO tempest.lib.common.rest_client [req-eb2e4174-5572-49d0-bfd5-fc225ff83c9f req-eb2e4174-5572-49d0-bfd5-fc225ff83c9f ] Request (InstanceActionsV221TestJSON:setUpClass): 204 PUT http://10.180.1.21/identity/v3/projects/9332ec8351734c75881892fe8f6f2bfd/users/c429936c25ff473081f77d37e87390f1/roles/93a3e573a3cb4750a181f7aabe896ec9 0.042s
2025-05-19 15:56:33.924 71579 INFO tempest.lib.common.dynamic_creds [-] Dynamic test user c429936c25ff473081f77d37e87390f1 is created with scope project and roles: ['member']
2025-05-19 15:56:33.925 71579 INFO tempest.lib.common.dynamic_creds [-] Acquired dynamic creds: credentials: Credentials: {'domain_id': 'default', 'domain_name': 'Default', 'username': 'tempest-InstanceActionsV221TestJSON-635926719-project-member', 'project_domain_id': 'default', 'project_domain_name': 'Default', 'project_id': '9332ec8351734c75881892fe8f6f2bfd', 'project_name': 'tempest-InstanceActionsV221TestJSON-635926719', 'tenant_id': '9332ec8351734c75881892fe8f6f2bfd', 'tenant_name': 'tempest-InstanceActionsV221TestJSON-635926719', 'user_domain_id': 'default', 'user_domain_name': 'Default', 'user_id': 'c429936c25ff473081f77d37e87390f1', 'system': None}, Network: None, Subnet: None, Router: None
2025-05-19 15:56:33.977 71579 INFO tempest.lib.common.rest_client [req-72e323ed-6c23-45b3-a5a5-32e61d7bc052 req-72e323ed-6c23-45b3-a5a5-32e61d7bc052 ] Request (InstanceActionsV221TestJSON:setUpClass): 201 POST http://10.180.1.21/identity/v3/auth/tokens 0.052s
2025-05-19 15:56:34.164 71533 INFO tempest.lib.common.rest_client [req-b49e3e91-93f2-4a79-8777-3efafa20e62c req-b49e3e91-93f2-4a79-8777-3efafa20e62c ] Request (ImagesNegativeTestJSON:setUpClass): 201 POST http://10.180.1.21:9696/networking/v2.0/networks 0.908s
2025-05-19 15:56:34.171 71563 INFO tempest.lib.common.rest_client [req-9e517274-6a79-45fe-b7f3-ddda4c539271 req-9e517274-6a79-45fe-b7f3-ddda4c539271 ] Request (ServerMetadataNegativeTestJSON:setUpClass): 201 POST http://10.180.1.21:9696/networking/v2.0/subnets 0.743s
2025-05-19 15:56:34.310 71535 INFO tempest.lib.common.rest_client [req-a3276992-115b-4408-8d03-ae0d4e80588a req-a3276992-115b-4408-8d03-ae0d4e80588a ] Request (VolumesAssistedSnapshotsTest:tearDownClass): 204 DELETE http://10.180.1.21:9696/networking/v2.0/subnets/d7931fc6-b1ae-4039-862d-9d0da483e326 0.611s
2025-05-19 15:56:34.759 71537 INFO tempest.lib.common.rest_client [req-45ed24e5-4769-4afc-b77e-2400234a2206 req-45ed24e5-4769-4afc-b77e-2400234a2206 ] Request (ServerDiskConfigTestJSON:setUpClass): 201 POST http://10.180.1.21:9696/networking/v2.0/networks 0.962s
2025-05-19 15:56:35.105 71579 INFO tempest.lib.common.rest_client [req-94538e4c-8ddf-4354-8f54-567144de5b58 req-94538e4c-8ddf-4354-8f54-567144de5b58 ] Request (InstanceActionsV221TestJSON:setUpClass): 201 POST http://10.180.1.21:9696/networking/v2.0/networks 1.128s
2025-05-19 15:56:35.140 71591 INFO tempest.lib.common.rest_client [req-d73d3822-2f8c-4812-b169-73d519d87599 req-d73d3822-2f8c-4812-b169-73d519d87599 ] Request (ServerActionsTestOtherB:setUpClass): 201 POST http://10.180.1.21:9696/networking/v2.0/networks 1.236s
2025-05-19 15:56:35.246 71535 INFO tempest.lib.common.rest_client [req-33059bfc-4621-458e-a8f1-b25b18a47862 req-33059bfc-4621-458e-a8f1-b25b18a47862 ] Request (VolumesAssistedSnapshotsTest:tearDownClass): 204 DELETE http://10.180.1.21:9696/networking/v2.0/networks/a9643928-39ff-4848-856d-0497189812c4 0.935s
2025-05-19 15:56:35.269 71533 INFO tempest.lib.common.rest_client [req-fd3ce720-72fc-46e2-a6a8-b650a952326b req-fd3ce720-72fc-46e2-a6a8-b650a952326b ] Request (ImagesNegativeTestJSON:setUpClass): 201 POST http://10.180.1.21:9696/networking/v2.0/subnets 1.104s
2025-05-19 15:56:35.348 71547 INFO tempest.lib.common.rest_client [req-0cef2c4b-715f-4f6f-bf28-7e961a3b0cd8 req-0cef2c4b-715f-4f6f-bf28-7e961a3b0cd8 ] Request (SecurityGroupsTestAdminJSON:test_list_security_groups_list_all_tenants_filter): 200 GET http://10.180.1.21/compute/v2.1/os-security-groups?all_tenants=true 6.272s
2025-05-19 15:56:35.361 71553 INFO tempest.lib.common.rest_client [req-46bd619d-5739-438c-94a4-e90cdbacccb4 req-46bd619d-5739-438c-94a4-e90cdbacccb4 ] Request (HostsAdminNegativeTestJSON:test_show_host_detail_with_nonexistent_hostname): 404 GET http://10.180.1.21/compute/v2.1/os-hosts/nonexistent_hostname 4.295s
2025-05-19 15:56:35.383 71583 INFO tempest.lib.common.rest_client [req-5191e21e-5aba-4ed5-808f-b9ff8c9ea88c req-5191e21e-5aba-4ed5-808f-b9ff8c9ea88c ] Request (ServersWithSpecificFlavorTestJSON:_run_cleanups): 202 DELETE http://10.180.1.21/compute/v2.1/os-keypairs/tempest-keypair-1211320506 4.283s
2025-05-19 15:56:35.395 71585 INFO tempest.lib.common.rest_client [req-0bfa3f17-35e5-4496-aaf4-8bfc9eb86f72 req-0bfa3f17-35e5-4496-aaf4-8bfc9eb86f72 ] Request (KeyPairsV22TestJSON:test_keypairsv22_create_list_show): 200 GET http://10.180.1.21/compute/v2.1/os-keypairs/tempest-keypair-820207928 4.250s
2025-05-19 15:56:35.415 71555 INFO tempest.lib.common.rest_client [req-92076645-ec8c-45f9-b062-dd67cca138cf req-92076645-ec8c-45f9-b062-dd67cca138cf ] Request (FlavorsAccessNegativeTestJSON:test_remove_flavor_access_not_found): 200 POST http://10.180.1.21/compute/v2.1/flavors 4.240s
2025-05-19 15:56:35.719 71537 INFO tempest.lib.common.rest_client [req-18d09f88-3316-422e-8aaf-de1c208cdeac req-18d09f88-3316-422e-8aaf-de1c208cdeac ] Request (ServerDiskConfigTestJSON:setUpClass): 201 POST http://10.180.1.21:9696/networking/v2.0/subnets 0.959s
2025-05-19 15:56:35.988 71583 INFO tempest.lib.common.rest_client [req-5110ff5e-348d-4a1e-a5ee-c432103e01be req-5110ff5e-348d-4a1e-a5ee-c432103e01be ] Request (ServersWithSpecificFlavorTestJSON:_run_cleanups): 204 DELETE http://10.180.1.21:9696/networking/v2.0/security-groups/96463350-4a27-4a07-b598-bd253912e87e 0.604s
2025-05-19 15:56:36.024 71583 INFO tempest.lib.common.rest_client [req-ea915ab4-3650-44df-ab88-749170d02c77 req-ea915ab4-3650-44df-ab88-749170d02c77 ] Request (ServersWithSpecificFlavorTestJSON:_run_cleanups): 404 GET http://10.180.1.21:9696/networking/v2.0/security-groups/96463350-4a27-4a07-b598-bd253912e87e 0.036s
2025-05-19 15:56:36.138 71539 INFO tempest.lib.common.rest_client [req-889b7283-b88b-49eb-a710-936b476ed8aa req-889b7283-b88b-49eb-a710-936b476ed8aa ] Request (InstanceActionsTestJSON:setUpClass): 200 PUT http://10.180.1.21:9696/networking/v2.0/routers/b5650875-89b1-4e65-a47c-d15c06b3c482/add_router_interface 4.140s
2025-05-19 15:56:36.138 71539 INFO tempest.lib.common.dynamic_creds [-] Created isolated network resources for: credentials: Credentials: {'domain_id': 'default', 'domain_name': 'Default', 'username': 'tempest-InstanceActionsTestJSON-1013582871-project-member', 'project_domain_id': 'default', 'project_domain_name': 'Default', 'project_id': 'aff0686233c243f7a4870c522a383716', 'project_name': 'tempest-InstanceActionsTestJSON-1013582871', 'tenant_id': 'aff0686233c243f7a4870c522a383716', 'tenant_name': 'tempest-InstanceActionsTestJSON-1013582871', 'user_domain_id': 'default', 'user_domain_name': 'Default', 'user_id': 'd1435dbf44ec46119ff27e48e092a024', 'system': None}, Network: {'id': 'a96b7562-7d99-4aae-96c3-cc5d69ac6610', 'name': 'tempest-InstanceActionsTestJSON-353910989-network', 'tenant_id': 'aff0686233c243f7a4870c522a383716', 'admin_state_up': True, 'mtu': 8950, 'status': 'ACTIVE', 'subnets': [], 'shared': False, 'project_id': 'aff0686233c243f7a4870c522a383716', 'port_security_enabled': True, 'router:external': False, 'provider:network_type': 'vlan', 'provider:physical_network': 'default', 'provider:segmentation_id': 943, 'availability_zone_hints': [], 'availability_zones': [], 'ipv4_address_scope': None, 'ipv6_address_scope': None, 'description': '', 'tags': [], 'created_at': '2025-05-19T15:56:27Z', 'updated_at': '2025-05-19T15:56:27Z', 'revision_number': 1}, Subnet: {'id': '3a9af1e7-7e4a-435f-9e37-e4e545826e1c', 'name': 'tempest-InstanceActionsTestJSON-353910989-subnet', 'tenant_id': 'aff0686233c243f7a4870c522a383716', 'network_id': 'a96b7562-7d99-4aae-96c3-cc5d69ac6610', 'ip_version': 4, 'subnetpool_id': None, 'enable_dhcp': True, 'ipv6_ra_mode': None, 'ipv6_address_mode': None, 'gateway_ip': '192.168.128.1', 'cidr': '192.168.128.0/28', 'allocation_pools': [{'start': '192.168.128.2', 'end': '192.168.128.14'}], 'host_routes': [], 'dns_nameservers': [], 'description': '', 'router:external': False, 'service_types': [], 'tags': [], 'created_at': '2025-05-19T15:56:27Z', 'updated_at': '2025-05-19T15:56:27Z', 'revision_number': 0, 'project_id': 'aff0686233c243f7a4870c522a383716'}, Router: {'id': 'b5650875-89b1-4e65-a47c-d15c06b3c482', 'name': 'tempest-InstanceActionsTestJSON-353910989-router', 'tenant_id': 'aff0686233c243f7a4870c522a383716', 'admin_state_up': True, 'status': 'ACTIVE', 'external_gateway_info': {'network_id': '66efa607-5e41-4f8a-b837-b1de9f46fade', 'external_fixed_ips': [{'subnet_id': '956800f7-e740-4e3b-9877-97f0f96944ed', 'ip_address': '10.180.180.144'}], 'enable_snat': True}, 'description': '', 'availability_zones': [], 'distributed': False, 'ha': False, 'availability_zone_hints': [], 'routes': [], 'flavor_id': None, 'tags': [], 'created_at': '2025-05-19T15:56:28Z', 'updated_at': '2025-05-19T15:56:30Z', 'revision_number': 2, 'project_id': 'aff0686233c243f7a4870c522a383716'}
2025-05-19 15:56:36.221 71539 INFO tempest.lib.common.rest_client [req-efa1b45c-4c5e-4acb-a2ba-e94279f84212 req-efa1b45c-4c5e-4acb-a2ba-e94279f84212 ] Request (InstanceActionsTestJSON:setUpClass): 201 POST http://10.180.1.21/identity/v3/auth/tokens 0.078s
2025-05-19 15:56:36.236 71571 INFO tempest.lib.common.rest_client [req-ca538a55-6f75-4d08-ab25-c8dbd07d0a5a req-ca538a55-6f75-4d08-ab25-c8dbd07d0a5a ] Request (MigrationsAdminTest:test_list_migrations_in_flavor_resize_situation): 202 POST http://10.180.1.21/compute/v2.1/servers 4.932s
2025-05-19 15:56:36.258 71539 INFO tempest.lib.common.rest_client [req-70bf85ff-4c82-48b2-9323-f4779fa013c5 req-70bf85ff-4c82-48b2-9323-f4779fa013c5 ] Request (InstanceActionsTestJSON:setUpClass): 201 POST http://10.180.1.21/identity/v3/auth/tokens 0.034s
2025-05-19 15:56:36.259 71539 INFO tempest.lib.common.fixed_network [-] (InstanceActionsTestJSON:setUpClass) Found network {'id': 'a96b7562-7d99-4aae-96c3-cc5d69ac6610', 'name': 'tempest-InstanceActionsTestJSON-353910989-network', 'tenant_id': 'aff0686233c243f7a4870c522a383716', 'admin_state_up': True, 'mtu': 8950, 'status': 'ACTIVE', 'subnets': [], 'shared': False, 'project_id': 'aff0686233c243f7a4870c522a383716', 'port_security_enabled': True, 'router:external': False, 'provider:network_type': 'vlan', 'provider:physical_network': 'default', 'provider:segmentation_id': 943, 'availability_zone_hints': [], 'availability_zones': [], 'ipv4_address_scope': None, 'ipv6_address_scope': None, 'description': '', 'tags': [], 'created_at': '2025-05-19T15:56:27Z', 'updated_at': '2025-05-19T15:56:27Z', 'revision_number': 1} available for tenant
2025-05-19 15:56:36.284 71579 INFO tempest.lib.common.rest_client [req-dfad9c8c-9836-4e95-a933-25bea3e4a5a9 req-dfad9c8c-9836-4e95-a933-25bea3e4a5a9 ] Request (InstanceActionsV221TestJSON:setUpClass): 201 POST http://10.180.1.21:9696/networking/v2.0/subnets 1.178s
2025-05-19 15:56:36.311 71543 INFO tempest.lib.common.rest_client [req-041e497e-35e2-4556-a62d-16f106093f2a req-041e497e-35e2-4556-a62d-16f106093f2a ] Request (FloatingIPDetailsTestJSON:setUpClass): 200 POST http://10.180.1.21/compute/v2.1/os-floating-ips 5.561s
2025-05-19 15:56:36.328 71567 INFO tempest.lib.common.rest_client [req-a8323c47-1e0b-4a50-b904-776ca4058382 req-a8323c47-1e0b-4a50-b904-776ca4058382 ] Request (FloatingIPsNegativeTestJSON:tearDownClass): 200 PUT http://10.180.1.21:9696/networking/v2.0/routers/09dbf808-757c-4a13-945d-5b12d533f318/remove_router_interface 3.082s
2025-05-19 15:56:36.341 71591 INFO tempest.lib.common.rest_client [req-ce25b789-3ed8-46d6-9734-679ab4d081a0 req-ce25b789-3ed8-46d6-9734-679ab4d081a0 ] Request (ServerActionsTestOtherB:setUpClass): 201 POST http://10.180.1.21:9696/networking/v2.0/subnets 1.200s
2025-05-19 15:56:36.401 71561 INFO tempest.lib.common.rest_client [req-b31d86c8-7d78-4d0a-928d-2b515abb11c4 req-b31d86c8-7d78-4d0a-928d-2b515abb11c4 ] Request (QuotasAdminTestV236:test_get_updated_quotas): 200 PUT http://10.180.1.21/compute/v2.1/os-quota-sets/cfc35004cf4b43c6a9a81f12b32ff61d 4.950s
2025-05-19 15:56:36.425 71569 INFO tempest.lib.common.rest_client [req-dbbf27a0-1f5f-4678-b977-90a137a02973 req-dbbf27a0-1f5f-4678-b977-90a137a02973 ] Request (ServersTestMultiNic:test_verify_multiple_nics_order): 200 GET http://10.180.1.21/compute/v2.1/servers/2011d82c-5609-45b2-87a6-9ae6cfc43fbe 4.683s
2025-05-19 15:56:36.444 71551 INFO tempest.lib.common.rest_client [req-ed14f1eb-bb25-4e78-bf41-a4e62ebc564d req-ed14f1eb-bb25-4e78-bf41-a4e62ebc564d ] Request (FlavorsAdminTestJSON:test_create_server_with_non_public_flavor): 200 POST http://10.180.1.21/compute/v2.1/flavors 4.398s
2025-05-19 15:56:36.525 71589 INFO tempest.lib.common.rest_client [req-014e5e1a-5edd-4691-b59a-1718598f9956 req-014e5e1a-5edd-4691-b59a-1718598f9956 ] Request (SecurityGroupRulesNegativeTestJSON:test_create_security_group_rule_duplicate): 400 POST http://10.180.1.21/compute/v2.1/os-security-group-rules 4.517s
2025-05-19 15:56:36.529 71549 INFO tempest.lib.common.rest_client [req-d7bd84f3-c976-4c7e-9998-33be2e2285f1 req-d7bd84f3-c976-4c7e-9998-33be2e2285f1 ] Request (SecurityGroupsNegativeTestJSON:test_delete_security_group_without_passing_id): 404 DELETE http://10.180.1.21/compute/v2.1/os-security-groups/ 4.001s
2025-05-19 15:56:36.530 71565 INFO tempest.lib.common.rest_client [req-2ffa314b-6e66-4f51-96c7-e337b809f7d4 req-2ffa314b-6e66-4f51-96c7-e337b809f7d4 ] Request (ImagesTestJSON:test_create_server_from_snapshot): 200 GET http://10.180.1.21/compute/v2.1/servers/f0429ddc-aef4-453c-87e4-66ecdbeebee4 4.138s
2025-05-19 15:56:36.746 71581 INFO tempest.lib.common.rest_client [req-e74c3bcd-80ea-4428-bd26-01be336c9b8b req-e74c3bcd-80ea-4428-bd26-01be336c9b8b ] Request (FloatingIPDetailsNegativeTestJSON:tearDownClass): 200 PUT http://10.180.1.21:9696/networking/v2.0/routers/320e233c-70c2-4c4c-b85c-2dcef564f7e0/remove_router_interface 3.318s
2025-05-19 15:56:36.813 71573 INFO tempest.lib.common.rest_client [req-6b433dfb-2a2e-4ae2-ab25-fabb575b18d5 req-6b433dfb-2a2e-4ae2-ab25-fabb575b18d5 ] Request (VolumesAdminNegativeTest:setUpClass): 201 POST http://10.180.1.21:9696/networking/v2.0/routers 3.084s
2025-05-19 15:56:36.980 71560 INFO tempest.lib.common.rest_client [req-869b7d8e-0fe5-4cf1-b92c-054c0085c8d9 req-869b7d8e-0fe5-4cf1-b92c-054c0085c8d9 ] Request (SecurityGroupRulesTestJSON:test_security_group_rules_delete_when_peer_group_deleted): 200 POST http://10.180.1.21/compute/v2.1/os-security-groups 3.808s
2025-05-19 15:56:36.983 71583 INFO tempest.lib.common.rest_client [req-aeb1905b-4907-41ae-a818-2e12c3d27611 req-aeb1905b-4907-41ae-a818-2e12c3d27611 ] Request (ServersWithSpecificFlavorTestJSON:_run_cleanups): 204 DELETE http://10.180.1.21:9696/networking/v2.0/floatingips/a7463613-9752-49cb-90dc-6c8f5ec00977 0.958s
2025-05-19 15:56:36.987 71576 INFO tempest.lib.common.rest_client [req-46d5fd25-aa18-4e63-815e-5a1205b1153d req-46d5fd25-aa18-4e63-815e-5a1205b1153d ] Request (KeyPairsNegativeTestJSON:test_create_keypair_with_long_keynames): 400 POST http://10.180.1.21/compute/v2.1/os-keypairs 3.517s
2025-05-19 15:56:37.001 71557 INFO tempest.lib.common.rest_client [req-1011a591-dd49-4625-8935-2c10cf4901fd req-1011a591-dd49-4625-8935-2c10cf4901fd ] Request (AggregatesAdminNegativeTestJSON:test_aggregate_delete_with_invalid_id): 404 DELETE http://10.180.1.21/compute/v2.1/os-aggregates/-1 3.508s
2025-05-19 15:56:37.033 71587 INFO tempest.lib.common.rest_client [req-0bfb0916-84f0-4b9c-8d80-31772c3e94aa req-0bfb0916-84f0-4b9c-8d80-31772c3e94aa ] Request (VolumesSnapshotsTestJSON:test_volume_snapshot_create_get_list_delete): 200 GET http://10.180.1.21/compute/v2.1/os-snapshots 3.476s
2025-05-19 15:56:37.549 71563 INFO tempest.lib.common.rest_client [req-9a799129-a751-4fa7-8db7-3915c1642160 req-9a799129-a751-4fa7-8db7-3915c1642160 ] Request (ServerMetadataNegativeTestJSON:setUpClass): 201 POST http://10.180.1.21:9696/networking/v2.0/routers 3.378s
2025-05-19 15:56:37.597 71529 INFO tempest.lib.common.rest_client [req-af278e54-c61b-4191-92c5-4b37efac1838 req-af278e54-c61b-4191-92c5-4b37efac1838 ] Request (ServersAdminTestJSON:setUpClass): 202 POST http://10.180.1.21/compute/v2.1/servers 4.471s
2025-05-19 15:56:37.603 71531 INFO tempest.lib.common.rest_client [req-dfe408a2-4536-4b50-a332-0ecda0c5148a req-dfe408a2-4536-4b50-a332-0ecda0c5148a ] Request (MultipleCreateNegativeTestJSON:test_min_count_less_than_one): 400 POST http://10.180.1.21/compute/v2.1/servers 3.988s
2025-05-19 15:56:37.642 71529 INFO tempest.lib.common.rest_client [req-1e854e4b-6fef-43e6-82ec-6ee457a28f9e req-1e854e4b-6fef-43e6-82ec-6ee457a28f9e ] Request (ServersAdminTestJSON:setUpClass): 201 POST http://10.180.1.21/identity/v3/auth/tokens 0.040s
2025-05-19 15:56:37.643 71529 INFO tempest.lib.common.fixed_network [-] (ServersAdminTestJSON:setUpClass) Found network {'id': '6b726ba9-eac6-4163-9c92-00bc397c34ed', 'name': 'tempest-ServersAdminTestJSON-72578739-network', 'tenant_id': '9ebe14ce429741ba83af9d54f9a4d405', 'admin_state_up': True, 'mtu': 8950, 'status': 'ACTIVE', 'subnets': [], 'shared': False, 'project_id': '9ebe14ce429741ba83af9d54f9a4d405', 'port_security_enabled': True, 'router:external': False, 'provider:network_type': 'vlan', 'provider:physical_network': 'default', 'provider:segmentation_id': 563, 'availability_zone_hints': [], 'availability_zones': [], 'ipv4_address_scope': None, 'ipv6_address_scope': None, 'description': '', 'tags': [], 'created_at': '2025-05-19T15:56:14Z', 'updated_at': '2025-05-19T15:56:14Z', 'revision_number': 1} available for tenant
2025-05-19 15:56:37.825 71531 INFO tempest.lib.common.rest_client [req-36754757-98d8-4e9a-ba82-39afd7a181f6 req-36754757-98d8-4e9a-ba82-39afd7a181f6 ] Request (MultipleCreateNegativeTestJSON:test_min_count_non_integer): 201 POST http://10.180.1.21/identity/v3/auth/tokens 0.217s
2025-05-19 15:56:37.826 71531 INFO tempest.lib.common.fixed_network [-] (MultipleCreateNegativeTestJSON:test_min_count_non_integer) Found network None available for tenant
2025-05-19 15:56:37.840 71567 INFO tempest.lib.common.rest_client [req-82f2c768-ea70-4818-a099-39a870fcc785 req-82f2c768-ea70-4818-a099-39a870fcc785 ] Request (FloatingIPsNegativeTestJSON:tearDownClass): 204 DELETE http://10.180.1.21:9696/networking/v2.0/routers/09dbf808-757c-4a13-945d-5b12d533f318 1.511s
2025-05-19 15:56:38.015 71547 INFO tempest.lib.common.rest_client [req-17185f7d-7d05-421b-bbb2-7d262956591e req-17185f7d-7d05-421b-bbb2-7d262956591e ] Request (SecurityGroupsTestAdminJSON:test_list_security_groups_list_all_tenants_filter): 200 GET http://10.180.1.21/compute/v2.1/os-security-groups?all_tenants=true 2.656s
2025-05-19 15:56:38.024 71553 INFO tempest.lib.common.rest_client [req-6d9a1ee1-33b1-450a-b24d-de6b73369b5f req-6d9a1ee1-33b1-450a-b24d-de6b73369b5f ] Request (HostsAdminNegativeTestJSON:test_shutdown_host_with_non_admin_user): 403 GET http://10.180.1.21/compute/v2.1/os-hosts/devstack/shutdown 2.661s
2025-05-19 15:56:38.038 71585 INFO tempest.lib.common.rest_client [req-d499a167-55f8-4a33-bf12-f90405e5d421 req-d499a167-55f8-4a33-bf12-f90405e5d421 ] Request (KeyPairsV22TestJSON:test_keypairsv22_create_list_show): 200 GET http://10.180.1.21/compute/v2.1/os-keypairs 2.641s
2025-05-19 15:56:38.156 71577 INFO tempest.lib.common.rest_client [req-8e5d3535-0812-40fe-a33d-6496b853ce80 req-8e5d3535-0812-40fe-a33d-6496b853ce80 ] Request (ServerActionsTestOtherA:setUpClass): 202 POST http://10.180.1.21/compute/v2.1/servers 4.588s
2025-05-19 15:56:38.197 71555 INFO tempest.lib.common.rest_client [req-d11e8e2f-76fa-4644-8208-4cf1e85e17a8 req-d11e8e2f-76fa-4644-8208-4cf1e85e17a8 ] Request (FlavorsAccessNegativeTestJSON:test_remove_flavor_access_not_found): 404 POST http://10.180.1.21/compute/v2.1/flavors/787000081/action 2.780s
2025-05-19 15:56:38.263 71533 INFO tempest.lib.common.rest_client [req-1fec2a5b-2eed-409f-bb33-48395ceabaa1 req-1fec2a5b-2eed-409f-bb33-48395ceabaa1 ] Request (ImagesNegativeTestJSON:setUpClass): 201 POST http://10.180.1.21:9696/networking/v2.0/routers 2.993s
2025-05-19 15:56:38.278 71571 INFO tempest.lib.common.rest_client [req-958ef486-b2a3-4318-b10d-66ce050a3216 req-958ef486-b2a3-4318-b10d-66ce050a3216 ] Request (MigrationsAdminTest:test_list_migrations_in_flavor_resize_situation): 200 GET http://10.180.1.21/compute/v2.1/servers/1f0278c0-1a4d-4c53-a935-192a69847981 2.041s
2025-05-19 15:56:38.580 71581 INFO tempest.lib.common.rest_client [req-a12b2f11-11e1-427a-8d24-2437e7c28ab5 req-a12b2f11-11e1-427a-8d24-2437e7c28ab5 ] Request (FloatingIPDetailsNegativeTestJSON:tearDownClass): 204 DELETE http://10.180.1.21:9696/networking/v2.0/routers/320e233c-70c2-4c4c-b85c-2dcef564f7e0 1.834s
2025-05-19 15:56:38.638 71567 INFO tempest.lib.common.rest_client [req-e09de402-e31e-4789-a056-f1f3972a8fb5 req-e09de402-e31e-4789-a056-f1f3972a8fb5 ] Request (FloatingIPsNegativeTestJSON:tearDownClass): 204 DELETE http://10.180.1.21:9696/networking/v2.0/subnets/5219643c-4be0-494f-afed-abd095a7155b 0.797s
2025-05-19 15:56:38.837 71537 INFO tempest.lib.common.rest_client [req-c3659757-118d-4030-be2b-114f84a823d2 req-c3659757-118d-4030-be2b-114f84a823d2 ] Request (ServerDiskConfigTestJSON:setUpClass): 201 POST http://10.180.1.21:9696/networking/v2.0/routers 3.117s
2025-05-19 15:56:38.984 71535 INFO tempest.lib.common.rest_client [req-455d01e1-e8ef-400b-8610-c312b63ae522 req-455d01e1-e8ef-400b-8610-c312b63ae522 ] Request (VolumesAssistedSnapshotsTest:tearDownClass): 200 PUT http://10.180.1.21:9696/networking/v2.0/routers/8992ec9e-eb65-4fb2-8329-9ef82fecd79b/remove_router_interface 3.737s
2025-05-19 15:56:39.079 71581 INFO tempest.lib.common.rest_client [req-50ae3afb-21dd-4c3a-a8f3-b95bcbef69dd req-50ae3afb-21dd-4c3a-a8f3-b95bcbef69dd ] Request (FloatingIPDetailsNegativeTestJSON:tearDownClass): 204 DELETE http://10.180.1.21:9696/networking/v2.0/subnets/7bc1f01a-f6ca-4908-b062-8c132d55546b 0.498s
2025-05-19 15:56:39.117 71567 INFO tempest.lib.common.rest_client [req-b83a7771-a55b-49d1-bb68-8e1ab1afdc54 req-b83a7771-a55b-49d1-bb68-8e1ab1afdc54 ] Request (FloatingIPsNegativeTestJSON:tearDownClass): 204 DELETE http://10.180.1.21:9696/networking/v2.0/networks/6fdaa76e-1d09-4caf-9a88-fb9fddcf4856 0.479s
2025-05-19 15:56:39.247 71567 INFO tempest.lib.common.rest_client [req-e20d1df2-2d58-424f-9240-4f73bce0afc3 req-e20d1df2-2d58-424f-9240-4f73bce0afc3 ] Request (FloatingIPsNegativeTestJSON:tearDownClass): 204 DELETE http://10.180.1.21/identity/v3/users/c9129db6ce3d4a81afea2f458cc53d93 0.129s
2025-05-19 15:56:39.247 71567 INFO tempest.lib.common.dynamic_creds [-] Deleting project and security group for project: aed427a9d11c4de09a8d810218fa7ea8
2025-05-19 15:56:39.400 71567 INFO tempest.lib.common.rest_client [req-b4dfafbc-fddf-4e62-a2bb-e68df89f2de5 req-b4dfafbc-fddf-4e62-a2bb-e68df89f2de5 ] Request (FloatingIPsNegativeTestJSON:tearDownClass): 200 GET http://10.180.1.21:9696/networking/v2.0/security-groups?tenant_id=aed427a9d11c4de09a8d810218fa7ea8&name=default 0.152s
2025-05-19 15:56:39.453 71539 INFO tempest.lib.common.rest_client [req-8fcdfb8a-54dd-4161-8761-d777505f3704 req-8fcdfb8a-54dd-4161-8761-d777505f3704 ] Request (InstanceActionsTestJSON:setUpClass): 202 POST http://10.180.1.21/compute/v2.1/servers 3.194s
2025-05-19 15:56:39.604 71579 INFO tempest.lib.common.rest_client [req-a372b7b8-cabe-4e80-8931-d92e675ecda9 req-a372b7b8-cabe-4e80-8931-d92e675ecda9 ] Request (InstanceActionsV221TestJSON:setUpClass): 201 POST http://10.180.1.21:9696/networking/v2.0/routers 3.319s
2025-05-19 15:56:39.611 71561 INFO tempest.lib.common.rest_client [req-d049b7c8-f3f3-40b8-ad75-8f0b74900b83 req-d049b7c8-f3f3-40b8-ad75-8f0b74900b83 ] Request (QuotasAdminTestV236:test_get_updated_quotas): 200 GET http://10.180.1.21/compute/v2.1/os-quota-sets/cfc35004cf4b43c6a9a81f12b32ff61d/detail 3.208s
2025-05-19 15:56:39.644 71561 INFO tempest.lib.common.rest_client [req-94c1dfb5-7ca6-4d6e-9e6b-d62cf19dc523 req-94c1dfb5-7ca6-4d6e-9e6b-d62cf19dc523 ] Request (QuotasAdminTestV236:test_get_updated_quotas): 200 GET http://10.180.1.21/identity/v3/domains?name=Default 0.027s
2025-05-19 15:56:39.678 71561 INFO tempest.lib.common.rest_client [req-452b2107-d584-40be-aca8-b38be055bedf req-452b2107-d584-40be-aca8-b38be055bedf ] Request (QuotasAdminTestV236:test_get_updated_quotas): 201 POST http://10.180.1.21/identity/v3/users 0.033s
2025-05-19 15:56:39.684 71581 INFO tempest.lib.common.rest_client [req-01bd1c2e-5e76-4733-8a3e-7c243e2043de req-01bd1c2e-5e76-4733-8a3e-7c243e2043de ] Request (FloatingIPDetailsNegativeTestJSON:tearDownClass): 204 DELETE http://10.180.1.21:9696/networking/v2.0/networks/41427177-3a2d-457c-b590-3462bc64b6e8 0.605s
2025-05-19 15:56:39.702 71561 INFO tempest.lib.common.rest_client [req-1b584032-044d-4a82-8e02-294d61853417 req-1b584032-044d-4a82-8e02-294d61853417 ] Request (QuotasAdminTestV236:test_get_updated_quotas): 200 GET http://10.180.1.21/identity/v3/domains?name=Default 0.024s
2025-05-19 15:56:39.769 71591 INFO tempest.lib.common.rest_client [req-14460328-251e-409f-97b0-c547110869d8 req-14460328-251e-409f-97b0-c547110869d8 ] Request (ServerActionsTestOtherB:setUpClass): 201 POST http://10.180.1.21:9696/networking/v2.0/routers 3.425s
2025-05-19 15:56:39.804 71581 INFO tempest.lib.common.rest_client [req-2951709c-89de-48a8-a871-4609382d7a93 req-2951709c-89de-48a8-a871-4609382d7a93 ] Request (FloatingIPDetailsNegativeTestJSON:tearDownClass): 204 DELETE http://10.180.1.21/identity/v3/users/2c568652207244d09ed001942600209d 0.119s
2025-05-19 15:56:39.804 71581 INFO tempest.lib.common.dynamic_creds [-] Deleting project and security group for project: 0edf089c1fbc4f948f6828255d0c4961
2025-05-19 15:56:39.818 71567 INFO tempest.lib.common.rest_client [req-a03d4213-bf58-4550-bc62-e16e0ebbcfc5 req-a03d4213-bf58-4550-bc62-e16e0ebbcfc5 ] Request (FloatingIPsNegativeTestJSON:tearDownClass): 204 DELETE http://10.180.1.21:9696/networking/v2.0/security-groups/425ed601-e889-41c4-bf4f-35405513c1b5 0.417s
2025-05-19 15:56:39.906 71569 INFO tempest.lib.common.rest_client [req-f991902a-ec2e-4ca1-8620-5c53125cb21e req-f991902a-ec2e-4ca1-8620-5c53125cb21e ] Request (ServersTestMultiNic:test_verify_multiple_nics_order): 204 DELETE http://10.180.1.21/compute/v2.1/servers/2011d82c-5609-45b2-87a6-9ae6cfc43fbe 3.472s
2025-05-19 15:56:39.906 71581 INFO tempest.lib.common.rest_client [req-46a5d741-a38d-421c-8019-844a2c71d8ea req-46a5d741-a38d-421c-8019-844a2c71d8ea ] Request (FloatingIPDetailsNegativeTestJSON:tearDownClass): 200 GET http://10.180.1.21:9696/networking/v2.0/security-groups?tenant_id=0edf089c1fbc4f948f6828255d0c4961&name=default 0.102s
2025-05-19 15:56:39.924 71551 INFO tempest.lib.common.rest_client [req-6d444b0e-ff45-485f-b385-80cf15ac2243 req-6d444b0e-ff45-485f-b385-80cf15ac2243 ] Request (FlavorsAdminTestJSON:test_create_server_with_non_public_flavor): 400 POST http://10.180.1.21/compute/v2.1/servers 3.477s
2025-05-19 15:56:39.945 71567 INFO tempest.lib.common.rest_client [req-5fb193dd-ca6c-41fa-97cb-aa19d2ec7af7 req-5fb193dd-ca6c-41fa-97cb-aa19d2ec7af7 ] Request (FloatingIPsNegativeTestJSON:tearDownClass): 204 DELETE http://10.180.1.21/identity/v3/projects/aed427a9d11c4de09a8d810218fa7ea8 0.127s
2025-05-19 15:56:40.021 71567 INFO tempest.lib.common.rest_client [req-4847f925-dc69-4ea0-886e-e46e131413d2 req-4847f925-dc69-4ea0-886e-e46e131413d2 ] Request (ServerRescueTestJSONUnderV235:setUpClass): 201 POST http://10.180.1.21/identity/v3/auth/tokens 0.074s
2025-05-19 15:56:40.062 71567 INFO tempest.lib.common.rest_client [req-ae8961c3-9af6-4bdf-8000-e71a762fefdc req-ae8961c3-9af6-4bdf-8000-e71a762fefdc ] Request (ServerRescueTestJSONUnderV235:setUpClass): 201 POST http://10.180.1.21/identity/v3/auth/tokens 0.037s
2025-05-19 15:56:40.098 71567 INFO tempest.lib.common.rest_client [req-f6cd1258-844a-4c60-8294-eda2aa4b77a5 req-f6cd1258-844a-4c60-8294-eda2aa4b77a5 ] Request (ServerRescueTestJSONUnderV235:setUpClass): 200 GET http://10.180.1.21/identity/v3/domains?name=Default 0.035s
2025-05-19 15:56:40.140 71567 INFO tempest.lib.common.rest_client [req-413e188e-bf00-438f-9ff4-96044e3a7a02 req-413e188e-bf00-438f-9ff4-96044e3a7a02 ] Request (ServerRescueTestJSONUnderV235:setUpClass): 201 POST http://10.180.1.21/identity/v3/projects 0.041s
2025-05-19 15:56:40.228 71567 INFO tempest.lib.common.rest_client [req-0b1b5ca9-965d-4a52-bcc4-a075fd5d09d4 req-0b1b5ca9-965d-4a52-bcc4-a075fd5d09d4 ] Request (ServerRescueTestJSONUnderV235:setUpClass): 201 POST http://10.180.1.21/identity/v3/users 0.088s
2025-05-19 15:56:40.259 71567 INFO tempest.lib.common.rest_client [req-f11b0226-ae4c-45cc-bdc3-6e49ed930757 req-f11b0226-ae4c-45cc-bdc3-6e49ed930757 ] Request (ServerRescueTestJSONUnderV235:setUpClass): 200 GET http://10.180.1.21/identity/v3/roles 0.030s
2025-05-19 15:56:40.264 71573 INFO tempest.lib.common.rest_client [req-13409622-1737-44ab-bdd4-f5f0d8d176fb req-13409622-1737-44ab-bdd4-f5f0d8d176fb ] Request (VolumesAdminNegativeTest:setUpClass): 200 PUT http://10.180.1.21:9696/networking/v2.0/routers/0717cdeb-5eb3-4905-8bb6-9140451aa738/add_router_interface 3.450s
