2025-05-19 15:57:44.899 71557 INFO tempest.lib.common.rest_client [req-45e2c671-cb21-4c17-8397-b50a5aaf7669 req-45e2c671-cb21-4c17-8397-b50a5aaf7669 ] Request (ServersListShow298Test:test_list_show_update_rebuild_server_298): 200 GET http://10.180.1.21/compute/v2.1/servers/6dea7871-5ba7-4f20-ba26-f415c00843e2 0.320s
2025-05-19 15:57:44.936 71555 INFO tempest.lib.common.rest_client [req-fc56756a-a97a-490e-a4d3-609fc1dab548 req-fc56756a-a97a-490e-a4d3-609fc1dab548 ] Request (ServersNegativeTestMultiTenantJSON:setUpClass): 201 POST http://10.180.1.21/identity/v3/auth/tokens 0.061s
2025-05-19 15:57:44.967 71561 INFO tempest.lib.common.rest_client [req-f7f05297-cbce-4265-ae9d-93b817bbe91b req-f7f05297-cbce-4265-ae9d-93b817bbe91b ] Request (ServersTestFqdnHostnames:tearDownClass): 204 DELETE http://10.180.1.21:9696/networking/v2.0/networks/8a30002c-6a3a-40ad-994a-1ba34d77b121 0.436s
2025-05-19 15:57:45.057 71551 INFO tempest.lib.common.rest_client [req-bc2f8ece-a443-4f94-a4b3-81f5ea5deaac req-bc2f8ece-a443-4f94-a4b3-81f5ea5deaac ] Request (ServerShowV254Test:tearDownClass): 204 DELETE http://10.180.1.21:9696/networking/v2.0/security-groups/7035333e-6f57-480b-ba7d-f037d96d8c3f 0.310s
2025-05-19 15:57:45.074 71561 INFO tempest.lib.common.rest_client [req-3892e8a2-6b1f-4099-9366-bdf2f123cfc7 req-3892e8a2-6b1f-4099-9366-bdf2f123cfc7 ] Request (ServersTestFqdnHostnames:tearDownClass): 204 DELETE http://10.180.1.21/identity/v3/users/cf2d02f0bd544405a3d4ae60b33279db 0.106s
2025-05-19 15:57:45.074 71561 INFO tempest.lib.common.dynamic_creds [-] Deleting project and security group for project: 78b8c5d8364c481b92abae5bc7df59b3
2025-05-19 15:57:45.179 71561 INFO tempest.lib.common.rest_client [req-d32c015d-1f59-4a5c-a758-213da9d0fcf3 req-d32c015d-1f59-4a5c-a758-213da9d0fcf3 ] Request (ServersTestFqdnHostnames:tearDownClass): 200 GET http://10.180.1.21:9696/networking/v2.0/security-groups?tenant_id=78b8c5d8364c481b92abae5bc7df59b3&name=default 0.105s
2025-05-19 15:57:45.201 71551 INFO tempest.lib.common.rest_client [req-6365e1ee-da30-48e2-aea7-4c0d8bf84f4f req-6365e1ee-da30-48e2-aea7-4c0d8bf84f4f ] Request (ServerShowV254Test:tearDownClass): 204 DELETE http://10.180.1.21/identity/v3/projects/f1f0a8c6550e4418953ead33b7131956 0.143s
2025-05-19 15:57:45.245 71549 INFO tempest.lib.common.rest_client [req-8928fa7f-50d6-4d43-aa0f-d9216f0392ab req-8928fa7f-50d6-4d43-aa0f-d9216f0392ab ] Request (ServersNegativeTestJSON:setUpClass): 201 POST http://10.180.1.21:9696/networking/v2.0/subnets 0.515s
2025-05-19 15:57:45.508 71561 INFO tempest.lib.common.rest_client [req-77394ae3-9a97-49b6-855a-0bca3eef457f req-77394ae3-9a97-49b6-855a-0bca3eef457f ] Request (ServersTestFqdnHostnames:tearDownClass): 204 DELETE http://10.180.1.21:9696/networking/v2.0/security-groups/035b4f1f-5664-446e-85a4-9f770ca83554 0.328s
2025-05-19 15:57:45.615 71555 INFO tempest.lib.common.rest_client [req-a56407c6-fc52-45f0-b01a-0fe2b1e06531 req-a56407c6-fc52-45f0-b01a-0fe2b1e06531 ] Request (ServersNegativeTestMultiTenantJSON:setUpClass): 201 POST http://10.180.1.21:9696/networking/v2.0/networks 0.678s
2025-05-19 15:57:45.639 71561 INFO tempest.lib.common.rest_client [req-d15ecb84-2b6c-4bd3-abbd-366d049443ba req-d15ecb84-2b6c-4bd3-abbd-366d049443ba ] Request (ServersTestFqdnHostnames:tearDownClass): 204 DELETE http://10.180.1.21/identity/v3/projects/78b8c5d8364c481b92abae5bc7df59b3 0.131s
2025-05-19 15:57:45.667 71533 INFO tempest.lib.common.rest_client [req-540dd79f-d687-4dd9-87e9-bdc7347bf832 req-540dd79f-d687-4dd9-87e9-bdc7347bf832 ] Request (ServerAddressesNegativeTestJSON:setUpClass): 201 POST http://10.180.1.21:9696/networking/v2.0/networks 0.867s
2025-05-19 15:57:45.721 71561 INFO tempest.lib.common.rest_client [req-be81f048-7da2-407b-9bd0-c0104fd5bec4 req-be81f048-7da2-407b-9bd0-c0104fd5bec4 ] Request (DeleteServersTestJSON:setUpClass): 201 POST http://10.180.1.21/identity/v3/auth/tokens 0.080s
2025-05-19 15:57:45.755 71561 INFO tempest.lib.common.rest_client [req-21e6384f-abb4-4be6-9945-5453e32c2325 req-21e6384f-abb4-4be6-9945-5453e32c2325 ] Request (DeleteServersTestJSON:setUpClass): 201 POST http://10.180.1.21/identity/v3/auth/tokens 0.032s
2025-05-19 15:57:45.783 71561 INFO tempest.lib.common.rest_client [req-f2b30ca6-d6da-4004-bdd1-d3a99af1f048 req-f2b30ca6-d6da-4004-bdd1-d3a99af1f048 ] Request (DeleteServersTestJSON:setUpClass): 200 GET http://10.180.1.21/identity/v3/domains?name=Default 0.028s
2025-05-19 15:57:45.811 71561 INFO tempest.lib.common.rest_client [req-7c22f536-35e2-47f3-8ccd-1aac0fc16850 req-7c22f536-35e2-47f3-8ccd-1aac0fc16850 ] Request (DeleteServersTestJSON:setUpClass): 201 POST http://10.180.1.21/identity/v3/projects 0.027s
2025-05-19 15:57:45.877 71561 INFO tempest.lib.common.rest_client [req-855296b3-4991-4f54-85ff-47941ebaa83a req-855296b3-4991-4f54-85ff-47941ebaa83a ] Request (DeleteServersTestJSON:setUpClass): 201 POST http://10.180.1.21/identity/v3/users 0.065s
2025-05-19 15:57:45.904 71561 INFO tempest.lib.common.rest_client [req-e71971c5-df3a-44da-b156-d90556cb3316 req-e71971c5-df3a-44da-b156-d90556cb3316 ] Request (DeleteServersTestJSON:setUpClass): 200 GET http://10.180.1.21/identity/v3/roles 0.026s
2025-05-19 15:57:45.935 71561 INFO tempest.lib.common.rest_client [req-d00f417e-4d08-48d0-91af-a3c39dd35ec4 req-d00f417e-4d08-48d0-91af-a3c39dd35ec4 ] Request (DeleteServersTestJSON:setUpClass): 204 PUT http://10.180.1.21/identity/v3/projects/17dc97a7482b4a54915c870a4626668f/users/1b15610c21b7493bb53a3d7a97e0a89c/roles/93a3e573a3cb4750a181f7aabe896ec9 0.031s
2025-05-19 15:57:45.936 71561 INFO tempest.lib.common.dynamic_creds [-] Dynamic test user 1b15610c21b7493bb53a3d7a97e0a89c is created with scope project and roles: ['member']
2025-05-19 15:57:45.936 71561 INFO tempest.lib.common.dynamic_creds [-] Acquired dynamic creds: credentials: Credentials: {'domain_id': 'default', 'domain_name': 'Default', 'username': 'tempest-DeleteServersTestJSON-1643670315-project-member', 'project_domain_id': 'default', 'project_domain_name': 'Default', 'project_id': '17dc97a7482b4a54915c870a4626668f', 'project_name': 'tempest-DeleteServersTestJSON-1643670315', 'tenant_id': '17dc97a7482b4a54915c870a4626668f', 'tenant_name': 'tempest-DeleteServersTestJSON-1643670315', 'user_domain_id': 'default', 'user_domain_name': 'Default', 'user_id': '1b15610c21b7493bb53a3d7a97e0a89c', 'system': None}, Network: None, Subnet: None, Router: None
2025-05-19 15:57:45.960 71547 INFO tempest.lib.common.rest_client [req-2b797918-f3ec-4f71-bbcc-a33741a51e21 req-2b797918-f3ec-4f71-bbcc-a33741a51e21 ] Request (AttachInterfacesV270Test:tearDownClass): 204 DELETE http://10.180.1.21:9696/networking/v2.0/routers/9f1f03fd-14ec-4be0-a082-93c244bce14a 1.229s
2025-05-19 15:57:46.014 71561 INFO tempest.lib.common.rest_client [req-5da9663b-5537-4d76-81ca-84be39ec8a5d req-5da9663b-5537-4d76-81ca-84be39ec8a5d ] Request (DeleteServersTestJSON:setUpClass): 201 POST http://10.180.1.21/identity/v3/auth/tokens 0.078s
2025-05-19 15:57:46.048 71581 INFO tempest.lib.common.rest_client [req-0a735a64-739d-4d41-b8ed-58a768ccf053 req-0a735a64-739d-4d41-b8ed-58a768ccf053 ] Request (AttachInterfacesUnderV243Test:tearDownClass): 204 DELETE http://10.180.1.21:9696/networking/v2.0/routers/a3f3b2bc-d9ef-41dc-9309-7bc34c07c1f8 1.158s
2025-05-19 15:57:46.068 71537 INFO tempest.lib.common.rest_client [req-c094b6a4-fa11-40f3-ac62-0edbaa8db626 req-c094b6a4-fa11-40f3-ac62-0edbaa8db626 ] Request (ServerRescueTestJSON:setUpClass): 202 POST http://10.180.1.21/compute/v2.1/servers 1.440s
2025-05-19 15:57:46.182 71565 INFO tempest.lib.common.rest_client [req-f5790d97-37b5-46d8-ae87-0595d7097a73 req-f5790d97-37b5-46d8-ae87-0595d7097a73 ] Request (MultipleCreateTestJSON:tearDownClass): 200 PUT http://10.180.1.21:9696/networking/v2.0/routers/a31179d2-1884-49eb-8cb5-7c9163f5f712/remove_router_interface 2.009s
2025-05-19 15:57:46.223 71539 INFO tempest.lib.common.rest_client [req-c754fca2-d269-4378-abdf-f62a99874e3a req-c754fca2-d269-4378-abdf-f62a99874e3a ] Request (ServersTestJSON:test_create_server_specify_multibyte_character_name): 200 GET http://10.180.1.21/compute/v2.1/servers/4cd2628e-3090-4d6f-88f1-73ac6fbbe073 1.588s
2025-05-19 15:57:46.273 71553 INFO tempest.lib.common.rest_client [req-8337209c-2634-4964-af77-ef52bf30b798 req-8337209c-2634-4964-af77-ef52bf30b798 ] Request (ImagesMetadataTestJSON:test_set_image_metadata_item): 200 GET http://10.180.1.21/compute/v2.1/images/7e771f45-41dd-44aa-8bf8-71652ba9c73a/metadata 1.473s
2025-05-19 15:57:46.287 71573 INFO tempest.lib.common.rest_client [req-d20a3794-22c9-4d53-bb36-50ceb1df10ce req-d20a3794-22c9-4d53-bb36-50ceb1df10ce ] Request (FloatingIPsTestJSON:test_allocate_floating_ip): 200 POST http://10.180.1.21/compute/v2.1/os-floating-ips 2.406s
2025-05-19 15:57:46.299 71529 INFO tempest.lib.common.rest_client [req-ab7621a5-9f24-4259-82a7-cf9914abfce2 req-ab7621a5-9f24-4259-82a7-cf9914abfce2 ] Request (AttachInterfacesTestJSON:_run_cleanups): 202 DELETE http://10.180.1.21/compute/v2.1/os-keypairs/tempest-keypair-1023482204 1.474s
2025-05-19 15:57:46.377 71541 INFO tempest.lib.common.rest_client [req-81198087-e7e0-4e18-a9b0-7e8ff916b58c req-81198087-e7e0-4e18-a9b0-7e8ff916b58c ] Request (ListServersNegativeTestJSON:setUpClass): 200 GET http://10.180.1.21/compute/v2.1/servers/53b8d503-299b-437c-8c15-f0816266eb41 1.391s
2025-05-19 15:57:46.388 71547 INFO tempest.lib.common.rest_client [req-b02ef77e-5a0f-4b51-9207-cdb54ef891f3 req-b02ef77e-5a0f-4b51-9207-cdb54ef891f3 ] Request (AttachInterfacesV270Test:tearDownClass): 204 DELETE http://10.180.1.21:9696/networking/v2.0/subnets/96aa679f-13af-47c0-894c-761a68dd959e 0.427s
2025-05-19 15:57:46.401 71569 INFO tempest.lib.common.rest_client [req-ed433c4c-0a2e-4910-8a8e-98d8061d29ea req-ed433c4c-0a2e-4910-8a8e-98d8061d29ea ] Request (AttachVolumeShelveTestJSON:test_attach_volume_shelved_or_offload_server): 200 GET http://10.180.1.21/compute/v2.1/servers/1534327a-08f7-49f3-90cf-9d020a238c53 1.340s
2025-05-19 15:57:46.422 71581 INFO tempest.lib.common.rest_client [req-a4978b08-e1df-4ce5-b4c5-3700a5c28145 req-a4978b08-e1df-4ce5-b4c5-3700a5c28145 ] Request (AttachInterfacesUnderV243Test:tearDownClass): 204 DELETE http://10.180.1.21:9696/networking/v2.0/subnets/71835765-cb19-4c92-8c7e-7020586dffc8 0.374s
2025-05-19 15:57:46.456 71589 INFO tempest.lib.common.rest_client [req-bece5bb8-7c0a-46f5-882f-ccc67e3b9ba7 req-bece5bb8-7c0a-46f5-882f-ccc67e3b9ba7 ] Request (SecurityGroupsTestJSON:test_list_security_groups_by_server): 200 GET http://10.180.1.21/compute/v2.1/servers/584b42b1-6827-4da3-afff-9baa6e080f4a 1.275s
2025-05-19 15:57:46.477 71529 INFO tempest.lib.common.rest_client [req-868a64c5-f771-4a63-aee8-2d298a3fb4d1 req-868a64c5-f771-4a63-aee8-2d298a3fb4d1 ] Request (AttachInterfacesTestJSON:_run_cleanups): 204 DELETE http://10.180.1.21:9696/networking/v2.0/security-groups/50b32204-637f-48ed-a35f-451786fb5898 0.178s
2025-05-19 15:57:46.499 71579 INFO tempest.lib.common.rest_client [req-8cb5b790-f269-4462-9f03-95f28bb32319 req-8cb5b790-f269-4462-9f03-95f28bb32319 ] Request (AttachVolumeTestJSON:test_list_get_volume_attachments): 200 GET http://10.180.1.21/compute/v2.1/servers/8621b1ec-9d81-46d5-8c00-4fe62f6aa11d 1.177s
2025-05-19 15:57:46.499 71529 INFO tempest.lib.common.rest_client [req-f17621a7-c96f-451d-98eb-76a4fba3bb12 req-f17621a7-c96f-451d-98eb-76a4fba3bb12 ] Request (AttachInterfacesTestJSON:_run_cleanups): 404 GET http://10.180.1.21:9696/networking/v2.0/security-groups/50b32204-637f-48ed-a35f-451786fb5898 0.021s
2025-05-19 15:57:46.530 71555 INFO tempest.lib.common.rest_client [req-aba07b15-16cf-4c70-824f-7c187023c30d req-aba07b15-16cf-4c70-824f-7c187023c30d ] Request (ServersNegativeTestMultiTenantJSON:setUpClass): 201 POST http://10.180.1.21:9696/networking/v2.0/subnets 0.915s
2025-05-19 15:57:46.533 71533 INFO tempest.lib.common.rest_client [req-6f7eec7c-51eb-409f-933e-d727b9dc7960 req-6f7eec7c-51eb-409f-933e-d727b9dc7960 ] Request (ServerAddressesNegativeTestJSON:setUpClass): 201 POST http://10.180.1.21:9696/networking/v2.0/subnets 0.866s
2025-05-19 15:57:46.565 71535 INFO tempest.lib.common.rest_client [req-ce709a03-af17-48e9-99b1-9805e951e01b req-ce709a03-af17-48e9-99b1-9805e951e01b ] Request (ServersV294TestFqdnHostnames:setUpClass): 200 GET http://10.180.1.21/compute/v2.1/servers/e72b5185-952c-4cbd-a150-b6de56cc658b 1.077s
2025-05-19 15:57:46.597 71567 INFO tempest.lib.common.rest_client [req-59506119-5c60-4e0e-a2e6-a5b471c2b38e req-59506119-5c60-4e0e-a2e6-a5b471c2b38e ] Request (ServerShowV257Test:test_rebuild_server): 200 GET http://10.180.1.21/compute/v2.1/servers/554258a4-5986-4b67-85d3-6794fba34e9b 1.007s
2025-05-19 15:57:46.672 71537 INFO tempest.lib.common.rest_client [req-c62a6e23-fc6b-4fd7-8704-425d6af2cc36 req-c62a6e23-fc6b-4fd7-8704-425d6af2cc36 ] Request (ServerRescueTestJSON:setUpClass): 200 GET http://10.180.1.21/compute/v2.1/servers/0cb8a1a4-9352-431b-8942-e63de687f517 0.602s
2025-05-19 15:57:46.680 71557 INFO tempest.lib.common.rest_client [req-83119af0-0750-4c00-9388-4f693adbc20a req-83119af0-0750-4c00-9388-4f693adbc20a ] Request (ServersListShow298Test:test_list_show_update_rebuild_server_298): 200 GET http://10.180.1.21/compute/v2.1/servers/6dea7871-5ba7-4f20-ba26-f415c00843e2 0.766s
2025-05-19 15:57:46.698 71547 INFO tempest.lib.common.rest_client [req-30793a49-31e4-4cca-9ebb-9e75e0bdd0ee req-30793a49-31e4-4cca-9ebb-9e75e0bdd0ee ] Request (AttachInterfacesV270Test:tearDownClass): 204 DELETE http://10.180.1.21:9696/networking/v2.0/networks/b53003ac-ed4e-4f42-ae66-a64306335489 0.310s
2025-05-19 15:57:46.703 71557 INFO tempest.common.waiters [-] State transition "BUILD/scheduling" ==> "ERROR/None" after 2 second wait
2025-05-19 15:57:46.801 71547 INFO tempest.lib.common.rest_client [req-73690029-d891-4151-82ea-ab40b4dfec0a req-73690029-d891-4151-82ea-ab40b4dfec0a ] Request (AttachInterfacesV270Test:tearDownClass): 204 DELETE http://10.180.1.21/identity/v3/users/dde3642876104337b5e19b1665baa87a 0.103s
2025-05-19 15:57:46.801 71547 INFO tempest.lib.common.dynamic_creds [-] Deleting project and security group for project: 409c43f45b244d198a6a070099a3bc6a
2025-05-19 15:57:46.802 71561 INFO tempest.lib.common.rest_client [req-fcc62c95-2b59-458d-ac5b-3065c0da253f req-fcc62c95-2b59-458d-ac5b-3065c0da253f ] Request (DeleteServersTestJSON:setUpClass): 201 POST http://10.180.1.21:9696/networking/v2.0/networks 0.788s
2025-05-19 15:57:46.875 71581 INFO tempest.lib.common.rest_client [req-06c373a6-8a49-4c29-83f5-e7f20349da4f req-06c373a6-8a49-4c29-83f5-e7f20349da4f ] Request (AttachInterfacesUnderV243Test:tearDownClass): 204 DELETE http://10.180.1.21:9696/networking/v2.0/networks/3f13ac4d-3aaa-4509-98e0-8a9a306c79f2 0.453s
2025-05-19 15:57:46.914 71547 INFO tempest.lib.common.rest_client [req-3bb62b0d-1482-47b1-b6d3-1afa6ea56ab1 req-3bb62b0d-1482-47b1-b6d3-1afa6ea56ab1 ] Request (AttachInterfacesV270Test:tearDownClass): 200 GET http://10.180.1.21:9696/networking/v2.0/security-groups?tenant_id=409c43f45b244d198a6a070099a3bc6a&name=default 0.112s
2025-05-19 15:57:46.922 71553 INFO tempest.lib.common.rest_client [req-c8166b34-5b9f-40e9-90a7-042b318e7e3b req-c8166b34-5b9f-40e9-90a7-042b318e7e3b ] Request (ImagesMetadataTestJSON:setUp): 200 PUT http://10.180.1.21/compute/v2.1/images/7e771f45-41dd-44aa-8bf8-71652ba9c73a/metadata 0.648s
2025-05-19 15:57:46.930 71539 INFO tempest.lib.common.rest_client [req-234d6126-26d5-47d7-8af0-6734bb6ad231 req-234d6126-26d5-47d7-8af0-6734bb6ad231 ] Request (ServersTestJSON:test_create_server_specify_multibyte_character_name): 204 DELETE http://10.180.1.21/compute/v2.1/servers/4cd2628e-3090-4d6f-88f1-73ac6fbbe073 0.698s
2025-05-19 15:57:46.992 71581 INFO tempest.lib.common.rest_client [req-cec15be2-adb4-417b-8602-3028fd6988c7 req-cec15be2-adb4-417b-8602-3028fd6988c7 ] Request (AttachInterfacesUnderV243Test:tearDownClass): 204 DELETE http://10.180.1.21/identity/v3/users/3635c04365df47009815aa6c2ea14716 0.116s
2025-05-19 15:57:46.992 71581 INFO tempest.lib.common.dynamic_creds [-] Deleting project and security group for project: 12b4ab86eafa4b01ab5cc07bab850ecd
2025-05-19 15:57:47.123 71541 INFO tempest.lib.common.rest_client [req-abb52080-36c1-4755-bbc4-0df3f053752a req-abb52080-36c1-4755-bbc4-0df3f053752a ] Request (ListServersNegativeTestJSON:setUpClass): 204 DELETE http://10.180.1.21/compute/v2.1/servers/53b8d503-299b-437c-8c15-f0816266eb41 0.736s
2025-05-19 15:57:47.164 71547 INFO tempest.lib.common.rest_client [req-78c791fd-1041-4ee0-894c-b0d408e108cd req-78c791fd-1041-4ee0-894c-b0d408e108cd ] Request (AttachInterfacesV270Test:tearDownClass): 204 DELETE http://10.180.1.21:9696/networking/v2.0/security-groups/e8f1db90-a36c-47a8-b2fe-8f7d6f4b4132 0.249s
2025-05-19 15:57:47.263 71581 INFO tempest.lib.common.rest_client [req-9276342c-ca8c-4981-b67c-b8999f9453dd req-9276342c-ca8c-4981-b67c-b8999f9453dd ] Request (AttachInterfacesUnderV243Test:tearDownClass): 200 GET http://10.180.1.21:9696/networking/v2.0/security-groups?tenant_id=12b4ab86eafa4b01ab5cc07bab850ecd&name=default 0.270s
2025-05-19 15:57:47.285 71529 INFO tempest.lib.common.rest_client [req-329c7825-af3a-4b75-99c0-f0c108347c95 req-329c7825-af3a-4b75-99c0-f0c108347c95 ] Request (AttachInterfacesTestJSON:_run_cleanups): 204 DELETE http://10.180.1.21:9696/networking/v2.0/floatingips/feb09c84-8324-4634-8093-5a03c7eeace4 0.785s
2025-05-19 15:57:47.290 71565 INFO tempest.lib.common.rest_client [req-66a8db9a-caeb-427c-95e4-eba3123ebdd4 req-66a8db9a-caeb-427c-95e4-eba3123ebdd4 ] Request (MultipleCreateTestJSON:tearDownClass): 204 DELETE http://10.180.1.21:9696/networking/v2.0/routers/a31179d2-1884-49eb-8cb5-7c9163f5f712 1.107s
2025-05-19 15:57:47.292 71547 INFO tempest.lib.common.rest_client [req-a6af0c3b-a7af-4014-b985-c1448d6f0140 req-a6af0c3b-a7af-4014-b985-c1448d6f0140 ] Request (AttachInterfacesV270Test:tearDownClass): 204 DELETE http://10.180.1.21/identity/v3/projects/409c43f45b244d198a6a070099a3bc6a 0.128s
2025-05-19 15:57:47.302 71573 INFO tempest.lib.common.rest_client [req-d9394314-03c0-4c42-af4c-d4fbdc9db999 req-d9394314-03c0-4c42-af4c-d4fbdc9db999 ] Request (FloatingIPsTestJSON:test_allocate_floating_ip): 200 GET http://10.180.1.21/compute/v2.1/os-floating-ips/951dcd8c-f7c6-4d7b-a8ac-a92f5302ef79 1.012s
2025-05-19 15:57:47.343 71561 INFO tempest.lib.common.rest_client [req-9a28334d-5be2-4a9f-86bc-6744efeb85cc req-9a28334d-5be2-4a9f-86bc-6744efeb85cc ] Request (DeleteServersTestJSON:setUpClass): 201 POST http://10.180.1.21:9696/networking/v2.0/subnets 0.540s
2025-05-19 15:57:47.388 71569 INFO tempest.lib.common.rest_client [req-3aa55803-08f6-4611-adf4-84bec48795d3 req-3aa55803-08f6-4611-adf4-84bec48795d3 ] Request (AttachVolumeShelveTestJSON:test_attach_volume_shelved_or_offload_server): 204 DELETE http://10.180.1.21/compute/v2.1/servers/1534327a-08f7-49f3-90cf-9d020a238c53 0.976s
2025-05-19 15:57:47.488 71549 INFO tempest.lib.common.rest_client [req-1c4e9344-9794-4208-9067-0fea903aa2a8 req-1c4e9344-9794-4208-9067-0fea903aa2a8 ] Request (ServersNegativeTestJSON:setUpClass): 201 POST http://10.180.1.21:9696/networking/v2.0/routers 2.242s
2025-05-19 15:57:47.537 71581 INFO tempest.lib.common.rest_client [req-0964abcb-ffa7-4135-843d-9436d9d7d81f req-0964abcb-ffa7-4135-843d-9436d9d7d81f ] Request (AttachInterfacesUnderV243Test:tearDownClass): 204 DELETE http://10.180.1.21:9696/networking/v2.0/security-groups/bf6c6bd2-2566-48b7-a582-7d541fef9afa 0.273s
2025-05-19 15:57:47.550 71589 INFO tempest.lib.common.rest_client [req-9f7a0a88-ad29-498e-8285-763e54b60915 req-9f7a0a88-ad29-498e-8285-763e54b60915 ] Request (SecurityGroupsTestJSON:test_list_security_groups_by_server): 204 DELETE http://10.180.1.21/compute/v2.1/servers/584b42b1-6827-4da3-afff-9baa6e080f4a 1.081s
2025-05-19 15:57:47.587 71565 INFO tempest.lib.common.rest_client [req-dd3669fc-0485-428c-9f2c-abfe1585c132 req-dd3669fc-0485-428c-9f2c-abfe1585c132 ] Request (MultipleCreateTestJSON:tearDownClass): 204 DELETE http://10.180.1.21:9696/networking/v2.0/subnets/8a71d7f4-4143-412b-972d-f230187abd35 0.294s
2025-05-19 15:57:47.598 71579 INFO tempest.lib.common.rest_client [req-f3faaeeb-e88f-47bd-a8d1-79fd4b271001 req-f3faaeeb-e88f-47bd-a8d1-79fd4b271001 ] Request (AttachVolumeTestJSON:test_list_get_volume_attachments): 204 DELETE http://10.180.1.21/compute/v2.1/servers/8621b1ec-9d81-46d5-8c00-4fe62f6aa11d 1.090s
2025-05-19 15:57:47.646 71581 INFO tempest.lib.common.rest_client [req-c95f7f0b-0504-4b00-bc73-5f8e97222e25 req-c95f7f0b-0504-4b00-bc73-5f8e97222e25 ] Request (AttachInterfacesUnderV243Test:tearDownClass): 204 DELETE http://10.180.1.21/identity/v3/projects/12b4ab86eafa4b01ab5cc07bab850ecd 0.109s
2025-05-19 15:57:47.743 71535 INFO tempest.lib.common.rest_client [req-1cee8752-38ba-4c49-9fe8-07e105704ade req-1cee8752-38ba-4c49-9fe8-07e105704ade ] Request (ServersV294TestFqdnHostnames:setUpClass): 204 DELETE http://10.180.1.21/compute/v2.1/servers/e72b5185-952c-4cbd-a150-b6de56cc658b 1.164s
2025-05-19 15:57:47.821 71567 INFO tempest.lib.common.rest_client [req-e847fd7a-a0ce-48fc-819f-a733b677c4a7 req-e847fd7a-a0ce-48fc-819f-a733b677c4a7 ] Request (ServerShowV257Test:test_rebuild_server): 204 DELETE http://10.180.1.21/compute/v2.1/servers/554258a4-5986-4b67-85d3-6794fba34e9b 1.210s
2025-05-19 15:57:47.937 71565 INFO tempest.lib.common.rest_client [req-15a58a8a-aa9c-41d5-bf22-37eaa334e4fb req-15a58a8a-aa9c-41d5-bf22-37eaa334e4fb ] Request (MultipleCreateTestJSON:tearDownClass): 204 DELETE http://10.180.1.21:9696/networking/v2.0/networks/a75c678f-f0b6-46b1-ac48-02a88e0b619d 0.350s
2025-05-19 15:57:47.976 71557 INFO tempest.lib.common.rest_client [req-03070adf-d70a-4beb-bdfa-fd9c40cc9226 req-03070adf-d70a-4beb-bdfa-fd9c40cc9226 ] Request (ServersListShow298Test:test_list_show_update_rebuild_server_298): 204 DELETE http://10.180.1.21/compute/v2.1/servers/6dea7871-5ba7-4f20-ba26-f415c00843e2 1.273s
2025-05-19 15:57:47.999 71539 INFO tempest.lib.common.rest_client [req-c09c7984-cd9a-411c-a376-2d277dd0bec2 req-c09c7984-cd9a-411c-a376-2d277dd0bec2 ] Request (ServersTestJSON:test_create_server_specify_multibyte_character_name): 404 GET http://10.180.1.21/compute/v2.1/servers/4cd2628e-3090-4d6f-88f1-73ac6fbbe073 1.068s
2025-05-19 15:57:47.999 71539 ERROR tempest.lib.decorators [-] Hints: This test was made for the bug_type 1730756. The failure could be related to https://launchpad.net/bugs/1730756: tempest.exceptions.BuildErrorException: Server 4cd2628e-3090-4d6f-88f1-73ac6fbbe073 failed to build and is in ERROR status
2025-05-19 15:57:48.068 71553 INFO tempest.lib.common.rest_client [req-8b95ef2d-75f1-46be-b15b-0c2850976c48 req-8b95ef2d-75f1-46be-b15b-0c2850976c48 ] Request (ImagesMetadataTestJSON:test_update_image_metadata): 200 POST http://10.180.1.21/compute/v2.1/images/7e771f45-41dd-44aa-8bf8-71652ba9c73a/metadata 1.144s
2025-05-19 15:57:48.074 71565 INFO tempest.lib.common.rest_client [req-144d96b7-b5df-458d-80f6-ee1a3dbc4ea1 req-144d96b7-b5df-458d-80f6-ee1a3dbc4ea1 ] Request (MultipleCreateTestJSON:tearDownClass): 204 DELETE http://10.180.1.21/identity/v3/users/6662b57cb1e34d23b0527811dda1a450 0.136s
2025-05-19 15:57:48.074 71565 INFO tempest.lib.common.dynamic_creds [-] Deleting project and security group for project: 9b3ef3e1d62143acb2fb7afa5dbb0ced
2025-05-19 15:57:48.079 71539 INFO tempest.lib.common.rest_client [req-be4b1987-3d7e-47ee-a840-6508abfcf14f req-be4b1987-3d7e-47ee-a840-6508abfcf14f ] Request (ServersTestJSON:test_create_server_with_admin_password): 201 POST http://10.180.1.21/identity/v3/auth/tokens 0.072s
2025-05-19 15:57:48.079 71539 INFO tempest.lib.common.fixed_network [-] (ServersTestJSON:test_create_server_with_admin_password) Found network {'id': 'cb7c48ab-5285-4e36-bbf4-4d8bc79c1859', 'name': 'tempest-ServersTestJSON-915071252-network', 'tenant_id': '8c862d0dcb9c4740b51047eb67f6e9f1', 'admin_state_up': True, 'mtu': 8950, 'status': 'ACTIVE', 'subnets': [], 'shared': False, 'project_id': '8c862d0dcb9c4740b51047eb67f6e9f1', 'port_security_enabled': True, 'router:external': False, 'provider:network_type': 'vlan', 'provider:physical_network': 'default', 'provider:segmentation_id': 680, 'availability_zone_hints': [], 'availability_zones': [], 'ipv4_address_scope': None, 'ipv6_address_scope': None, 'description': '', 'tags': [], 'created_at': '2025-05-19T15:57:28Z', 'updated_at': '2025-05-19T15:57:28Z', 'revision_number': 1} available for tenant
2025-05-19 15:57:48.094 71529 INFO tempest.lib.common.rest_client [req-0630a428-ac3e-4636-b72c-f62916521977 req-0630a428-ac3e-4636-b72c-f62916521977 ] Request (ValidationResourcesFixture:setUp): 200 POST http://10.180.1.21/compute/v2.1/os-keypairs 0.806s
2025-05-19 15:57:48.174 71565 INFO tempest.lib.common.rest_client [req-ea791134-e11c-4794-afbf-7b2179d5c326 req-ea791134-e11c-4794-afbf-7b2179d5c326 ] Request (MultipleCreateTestJSON:tearDownClass): 200 GET http://10.180.1.21:9696/networking/v2.0/security-groups?tenant_id=9b3ef3e1d62143acb2fb7afa5dbb0ced&name=default 0.100s
2025-05-19 15:57:48.213 71533 INFO tempest.lib.common.rest_client [req-38dbe244-23e5-464d-9c6a-0b9c204aa628 req-38dbe244-23e5-464d-9c6a-0b9c204aa628 ] Request (ServerAddressesNegativeTestJSON:setUpClass): 201 POST http://10.180.1.21:9696/networking/v2.0/routers 1.680s
2025-05-19 15:57:48.241 71541 INFO tempest.lib.common.rest_client [req-ee9c51df-a789-4518-97d8-fe2310685b40 req-ee9c51df-a789-4518-97d8-fe2310685b40 ] Request (ListServersNegativeTestJSON:setUpClass): 204 DELETE http://10.180.1.21/compute/v2.1/servers/aa327843-7e55-4e25-92a9-713965a69b18 1.118s
2025-05-19 15:57:48.268 71569 INFO tempest.lib.common.rest_client [req-73ccd7fa-79b7-413f-b9fa-de2026af4b50 req-73ccd7fa-79b7-413f-b9fa-de2026af4b50 ] Request (AttachVolumeShelveTestJSON:test_attach_volume_shelved_or_offload_server): 404 GET http://10.180.1.21/compute/v2.1/servers/1534327a-08f7-49f3-90cf-9d020a238c53 0.880s
2025-05-19 15:57:48.274 71573 INFO tempest.lib.common.rest_client [req-3967dfdd-ebc3-4eec-8b8a-5210edc51ded req-3967dfdd-ebc3-4eec-8b8a-5210edc51ded ] Request (FloatingIPsTestJSON:test_allocate_floating_ip): 200 GET http://10.180.1.21/compute/v2.1/os-floating-ips 0.969s
2025-05-19 15:57:48.285 71589 INFO tempest.lib.common.rest_client [req-d761b677-99e4-4116-8a27-0fb2efbab3b1 req-d761b677-99e4-4116-8a27-0fb2efbab3b1 ] Request (SecurityGroupsTestJSON:test_list_security_groups_by_server): 404 GET http://10.180.1.21/compute/v2.1/servers/584b42b1-6827-4da3-afff-9baa6e080f4a 0.734s
2025-05-19 15:57:48.293 71579 INFO tempest.lib.common.rest_client [req-6dee46d2-c701-4958-ab0c-a56f5d356d1f req-6dee46d2-c701-4958-ab0c-a56f5d356d1f ] Request (AttachVolumeTestJSON:test_list_get_volume_attachments): 404 GET http://10.180.1.21/compute/v2.1/servers/8621b1ec-9d81-46d5-8c00-4fe62f6aa11d 0.694s
2025-05-19 15:57:48.314 71535 INFO tempest.lib.common.rest_client [req-c16a84f2-70c2-4dac-b434-ccc8b94d1d89 req-c16a84f2-70c2-4dac-b434-ccc8b94d1d89 ] Request (ServersV294TestFqdnHostnames:setUpClass): 404 GET http://10.180.1.21/compute/v2.1/servers/e72b5185-952c-4cbd-a150-b6de56cc658b 0.571s
2025-05-19 15:57:48.315 71535 INFO tempest.test [-] raised in ServersV294TestFqdnHostnames.setUpClass. Invoking tearDownClass.
2025-05-19 15:57:48.336 71567 INFO tempest.lib.common.rest_client [req-972a559f-6034-466c-bc83-3abfd58f3d51 req-972a559f-6034-466c-bc83-3abfd58f3d51 ] Request (ServerShowV257Test:test_rebuild_server): 404 GET http://10.180.1.21/compute/v2.1/servers/554258a4-5986-4b67-85d3-6794fba34e9b 0.515s
2025-05-19 15:57:48.356 71557 INFO tempest.lib.common.rest_client [req-501e6ce5-85f0-4ca5-82b2-55995ee97746 req-501e6ce5-85f0-4ca5-82b2-55995ee97746 ] Request (ServersListShow298Test:test_list_show_update_rebuild_server_298): 404 GET http://10.180.1.21/compute/v2.1/servers/6dea7871-5ba7-4f20-ba26-f415c00843e2 0.380s
2025-05-19 15:57:48.383 71537 INFO tempest.lib.common.rest_client [req-77d27772-5754-4242-97d2-719653cf5a9a req-77d27772-5754-4242-97d2-719653cf5a9a ] Request (ServerRescueTestJSON:setUpClass): 200 GET http://10.180.1.21/compute/v2.1/servers/0cb8a1a4-9352-431b-8942-e63de687f517 0.700s
2025-05-19 15:57:48.392 71537 INFO tempest.common.waiters [-] State transition "BUILD/scheduling" ==> "ERROR/None" after 2 second wait
2025-05-19 15:57:48.406 71553 INFO tempest.lib.common.rest_client [req-3aa0cba7-6345-431b-91dc-52255a972cd6 req-3aa0cba7-6345-431b-91dc-52255a972cd6 ] Request (ImagesMetadataTestJSON:test_update_image_metadata): 200 GET http://10.180.1.21/compute/v2.1/images/7e771f45-41dd-44aa-8bf8-71652ba9c73a/metadata 0.337s
2025-05-19 15:57:48.410 71529 INFO tempest.lib.common.rest_client [req-21a84d3f-0dc8-434c-845a-b6f4050667af req-21a84d3f-0dc8-434c-845a-b6f4050667af ] Request (ValidationResourcesFixture:setUp): 201 POST http://10.180.1.21:9696/networking/v2.0/security-groups 0.313s
2025-05-19 15:57:48.436 71565 INFO tempest.lib.common.rest_client [req-081060f2-eba4-4e3d-9fb3-f3d4e70253bd req-081060f2-eba4-4e3d-9fb3-f3d4e70253bd ] Request (MultipleCreateTestJSON:tearDownClass): 204 DELETE http://10.180.1.21:9696/networking/v2.0/security-groups/b0776554-6d12-4bed-a464-116147f1b465 0.261s
2025-05-19 15:57:48.480 71553 INFO tempest.lib.common.rest_client [req-bf4020d6-661c-4cdf-b690-08b5e74c07c6 req-bf4020d6-661c-4cdf-b690-08b5e74c07c6 ] Request (ImagesMetadataTestJSON:tearDownClass): 204 DELETE http://10.180.1.21/image/v2/images/7e771f45-41dd-44aa-8bf8-71652ba9c73a 0.066s
2025-05-19 15:57:48.483 71557 INFO tempest.lib.common.rest_client [req-796748af-4d40-45ab-b9b9-8fd2a26bae5d req-796748af-4d40-45ab-b9b9-8fd2a26bae5d ] Request (ServersListShow298Test:tearDownClass): 204 DELETE http://10.180.1.21/identity/v3/users/95d3e47809ee4058a3c74f3c29a3ce11 0.125s
2025-05-19 15:57:48.484 71557 INFO tempest.lib.common.dynamic_creds [-] Deleting project and security group for project: dbf67f9cd3484e048a433c56eea9cacc
2025-05-19 15:57:48.485 71567 INFO tempest.lib.common.rest_client [req-b000caf9-175a-4c77-8da8-a4d2f6b29845 req-b000caf9-175a-4c77-8da8-a4d2f6b29845 ] Request (ServerShowV257Test:tearDownClass): 204 DELETE http://10.180.1.21/identity/v3/users/5731a25285934b18a88adae9f184f1db 0.143s
2025-05-19 15:57:48.486 71567 INFO tempest.lib.common.dynamic_creds [-] Deleting project and security group for project: 6ebcf9204b704aada47a2f11dd75abde
2025-05-19 15:57:48.509 71555 INFO tempest.lib.common.rest_client [req-e667b868-ef74-4594-85a3-a5d427ba8d15 req-e667b868-ef74-4594-85a3-a5d427ba8d15 ] Request (ServersNegativeTestMultiTenantJSON:setUpClass): 201 POST http://10.180.1.21:9696/networking/v2.0/routers 1.977s
2025-05-19 15:57:48.586 71553 INFO tempest.lib.common.rest_client [req-0d04165b-60bd-4081-b1b1-f53a0140f069 req-0d04165b-60bd-4081-b1b1-f53a0140f069 ] Request (ImagesMetadataTestJSON:tearDownClass): 204 DELETE http://10.180.1.21/identity/v3/users/e27c0b7f4d5547d3a1753047cec55b30 0.106s
2025-05-19 15:57:48.586 71553 INFO tempest.lib.common.dynamic_creds [-] Deleting project and security group for project: 793832d952d24937b50144b757ddbe2a
2025-05-19 15:57:48.606 71565 INFO tempest.lib.common.rest_client [req-c8a9d8ea-2943-427b-a02d-c93f368731e3 req-c8a9d8ea-2943-427b-a02d-c93f368731e3 ] Request (MultipleCreateTestJSON:tearDownClass): 204 DELETE http://10.180.1.21/identity/v3/projects/9b3ef3e1d62143acb2fb7afa5dbb0ced 0.170s
2025-05-19 15:57:48.655 71541 INFO tempest.lib.common.rest_client [req-c3d894fc-f0c8-4442-9c89-d1f56769f457 req-c3d894fc-f0c8-4442-9c89-d1f56769f457 ] Request (ListServersNegativeTestJSON:setUpClass): 204 DELETE http://10.180.1.21/compute/v2.1/servers/d796e467-b264-4ef8-9f08-c1394f38dc02 0.413s
2025-05-19 15:57:48.658 71557 INFO tempest.lib.common.rest_client [req-a68e86f0-df9e-4c34-9559-bd0dbed0d031 req-a68e86f0-df9e-4c34-9559-bd0dbed0d031 ] Request (ServersListShow298Test:tearDownClass): 201 POST http://10.180.1.21/identity/v3/auth/tokens 0.174s
2025-05-19 15:57:48.670 71569 INFO tempest.lib.common.rest_client [req-7e551add-2f4b-4341-bbf4-159fe3d90129 req-7e551add-2f4b-4341-bbf4-159fe3d90129 ] Request (AttachVolumeShelveTestJSON:_run_cleanups): 204 DELETE http://10.180.1.21/compute/v2.1/os-keypairs/tempest-keypair-57245291 0.400s
2025-05-19 15:57:48.675 71567 INFO tempest.lib.common.rest_client [req-f28caf5c-d0ce-4505-8dab-0e9672d385dc req-f28caf5c-d0ce-4505-8dab-0e9672d385dc ] Request (ServerShowV257Test:tearDownClass): 201 POST http://10.180.1.21/identity/v3/auth/tokens 0.188s
2025-05-19 15:57:48.680 71529 INFO tempest.lib.common.rest_client [req-3fc05bbf-8db6-481a-a597-aac0f85a364c req-3fc05bbf-8db6-481a-a597-aac0f85a364c ] Request (ValidationResourcesFixture:setUp): 201 POST http://10.180.1.21:9696/networking/v2.0/security-group-rules 0.270s
2025-05-19 15:57:48.684 71553 INFO tempest.lib.common.rest_client [req-f64d4dfa-85c0-4d6c-83f5-6f6254d6d792 req-f64d4dfa-85c0-4d6c-83f5-6f6254d6d792 ] Request (ImagesMetadataTestJSON:tearDownClass): 201 POST http://10.180.1.21/identity/v3/auth/tokens 0.097s
2025-05-19 15:57:48.702 71565 INFO tempest.lib.common.rest_client [req-46099cd1-c9cc-4574-b6ed-bd688943523e req-46099cd1-c9cc-4574-b6ed-bd688943523e ] Request (ServersListShow296Test:setUpClass): 201 POST http://10.180.1.21/identity/v3/auth/tokens 0.094s
2025-05-19 15:57:48.768 71565 INFO tempest.lib.common.rest_client [req-2fdf4864-ca5a-4168-a5f8-bf59c2af0f62 req-2fdf4864-ca5a-4168-a5f8-bf59c2af0f62 ] Request (ServersListShow296Test:setUpClass): 201 POST http://10.180.1.21/identity/v3/auth/tokens 0.062s
2025-05-19 15:57:48.797 71565 INFO tempest.lib.common.rest_client [req-7e8dff05-0b64-452a-aab4-2f64971668be req-7e8dff05-0b64-452a-aab4-2f64971668be ] Request (ServersListShow296Test:setUpClass): 200 GET http://10.180.1.21/identity/v3/domains?name=Default 0.029s
2025-05-19 15:57:48.828 71565 INFO tempest.lib.common.rest_client [req-e43dc328-cc89-4b9d-9e10-d4482bc5c9aa req-e43dc328-cc89-4b9d-9e10-d4482bc5c9aa ] Request (ServersListShow296Test:setUpClass): 201 POST http://10.180.1.21/identity/v3/projects 0.030s
2025-05-19 15:57:48.900 71565 INFO tempest.lib.common.rest_client [req-470ea52a-360b-4759-bd17-52f36d147023 req-470ea52a-360b-4759-bd17-52f36d147023 ] Request (ServersListShow296Test:setUpClass): 201 POST http://10.180.1.21/identity/v3/users 0.071s
2025-05-19 15:57:48.924 71565 INFO tempest.lib.common.rest_client [req-9d392e8f-af5e-4734-9203-7e5f50b7cb34 req-9d392e8f-af5e-4734-9203-7e5f50b7cb34 ] Request (ServersListShow296Test:setUpClass): 200 GET http://10.180.1.21/identity/v3/roles 0.023s
2025-05-19 15:57:48.956 71565 INFO tempest.lib.common.rest_client [req-0fe5c511-faa8-4aef-9492-8923f1383c1b req-0fe5c511-faa8-4aef-9492-8923f1383c1b ] Request (ServersListShow296Test:setUpClass): 204 PUT http://10.180.1.21/identity/v3/projects/b06fb3f592884f30ad5c1f53bb6853d5/users/03297bb64717417f954ce8fbe05aae4d/roles/93a3e573a3cb4750a181f7aabe896ec9 0.032s
2025-05-19 15:57:48.956 71565 INFO tempest.lib.common.dynamic_creds [-] Dynamic test user 03297bb64717417f954ce8fbe05aae4d is created with scope project and roles: ['member']
2025-05-19 15:57:48.957 71565 INFO tempest.lib.common.dynamic_creds [-] Acquired dynamic creds: credentials: Credentials: {'domain_id': 'default', 'domain_name': 'Default', 'username': 'tempest-ServersListShow296Test-864420002-project-member', 'project_domain_id': 'default', 'project_domain_name': 'Default', 'project_id': 'b06fb3f592884f30ad5c1f53bb6853d5', 'project_name': 'tempest-ServersListShow296Test-864420002', 'tenant_id': 'b06fb3f592884f30ad5c1f53bb6853d5', 'tenant_name': 'tempest-ServersListShow296Test-864420002', 'user_domain_id': 'default', 'user_domain_name': 'Default', 'user_id': '03297bb64717417f954ce8fbe05aae4d', 'system': None}, Network: None, Subnet: None, Router: None
2025-05-19 15:57:48.957 71565 INFO tempest.lib.common.dynamic_creds [-] Created isolated network resources for: credentials: Credentials: {'domain_id': 'default', 'domain_name': 'Default', 'username': 'tempest-ServersListShow296Test-864420002-project-member', 'project_domain_id': 'default', 'project_domain_name': 'Default', 'project_id': 'b06fb3f592884f30ad5c1f53bb6853d5', 'project_name': 'tempest-ServersListShow296Test-864420002', 'tenant_id': 'b06fb3f592884f30ad5c1f53bb6853d5', 'tenant_name': 'tempest-ServersListShow296Test-864420002', 'user_domain_id': 'default', 'user_domain_name': 'Default', 'user_id': '03297bb64717417f954ce8fbe05aae4d', 'system': None}, Network: None, Subnet: None, Router: None
2025-05-19 15:57:49.004 71569 INFO tempest.lib.common.rest_client [req-cb163fc2-8c1c-4e5f-96f0-f75f69a686da req-cb163fc2-8c1c-4e5f-96f0-f75f69a686da ] Request (AttachVolumeShelveTestJSON:_run_cleanups): 204 DELETE http://10.180.1.21:9696/networking/v2.0/security-groups/99ec86eb-c290-4557-a461-aac004b5ac01 0.333s
2025-05-19 15:57:49.052 71565 INFO tempest.lib.common.rest_client [req-13b24234-083d-42fe-8a6c-d4269d7bd445 req-13b24234-083d-42fe-8a6c-d4269d7bd445 ] Request (ServersListShow296Test:setUpClass): 201 POST http://10.180.1.21/identity/v3/auth/tokens 0.091s
2025-05-19 15:57:49.059 71569 INFO tempest.lib.common.rest_client [req-8efc0768-dd41-415d-a2b6-b365668eaa4e req-8efc0768-dd41-415d-a2b6-b365668eaa4e ] Request (AttachVolumeShelveTestJSON:_run_cleanups): 404 GET http://10.180.1.21:9696/networking/v2.0/security-groups/99ec86eb-c290-4557-a461-aac004b5ac01 0.054s
2025-05-19 15:57:49.093 71565 INFO tempest.lib.common.rest_client [req-6fc14e15-1f42-44c8-babf-f89806b76942 req-6fc14e15-1f42-44c8-babf-f89806b76942 ] Request (ServersListShow296Test:test_list_show_update_rebuild_server_296): 201 POST http://10.180.1.21/identity/v3/auth/tokens 0.032s
2025-05-19 15:57:49.093 71565 INFO tempest.lib.common.fixed_network [-] (ServersListShow296Test:test_list_show_update_rebuild_server_296) Found network None available for tenant
2025-05-19 15:57:49.129 71539 INFO tempest.lib.common.rest_client [req-4572b07d-2255-4ad2-b9f1-fe868340c7ad req-4572b07d-2255-4ad2-b9f1-fe868340c7ad ] Request (ServersTestJSON:test_create_server_with_admin_password): 202 POST http://10.180.1.21/compute/v2.1/servers 1.050s
2025-05-19 15:57:49.254 71529 INFO tempest.lib.common.rest_client [req-46d88ddb-fba0-4074-8d85-a3c2b421422b req-46d88ddb-fba0-4074-8d85-a3c2b421422b ] Request (ValidationResourcesFixture:setUp): 201 POST http://10.180.1.21:9696/networking/v2.0/security-group-rules 0.573s
2025-05-19 15:57:49.361 71567 INFO tempest.lib.common.rest_client [req-c5465498-fd5e-4ec8-b94c-59431cbb2572 req-c5465498-fd5e-4ec8-b94c-59431cbb2572 ] Request (ServerShowV257Test:tearDownClass): 200 GET http://10.180.1.21:9696/networking/v2.0/security-groups?tenant_id=6ebcf9204b704aada47a2f11dd75abde&name=default 0.686s
2025-05-19 15:57:49.378 71557 INFO tempest.lib.common.rest_client [req-21a859fb-28f1-4e60-a256-ddeeda80048e req-21a859fb-28f1-4e60-a256-ddeeda80048e ] Request (ServersListShow298Test:tearDownClass): 200 GET http://10.180.1.21:9696/networking/v2.0/security-groups?tenant_id=dbf67f9cd3484e048a433c56eea9cacc&name=default 0.719s
2025-05-19 15:57:49.418 71553 INFO tempest.lib.common.rest_client [req-1925b048-9256-444a-90a1-25bbde5a594c req-1925b048-9256-444a-90a1-25bbde5a594c ] Request (ImagesMetadataTestJSON:tearDownClass): 200 GET http://10.180.1.21:9696/networking/v2.0/security-groups?tenant_id=793832d952d24937b50144b757ddbe2a&name=default 0.733s
2025-05-19 15:57:49.482 71561 INFO tempest.lib.common.rest_client [req-53006e30-233f-495d-94bc-26d7a8cb2625 req-53006e30-233f-495d-94bc-26d7a8cb2625 ] Request (DeleteServersTestJSON:setUpClass): 201 POST http://10.180.1.21:9696/networking/v2.0/routers 2.139s
2025-05-19 15:57:49.703 71589 INFO tempest.lib.common.rest_client [req-b4c5a521-9856-451f-b2b2-52b2db3b7630 req-b4c5a521-9856-451f-b2b2-52b2db3b7630 ] Request (SecurityGroupsTestJSON:test_security_group_create_get_delete): 200 POST http://10.180.1.21/compute/v2.1/os-security-groups 1.415s
2025-05-19 15:57:49.729 71579 INFO tempest.lib.common.rest_client [req-35b82f34-91ee-43af-b929-795fc568e184 req-35b82f34-91ee-43af-b929-795fc568e184 ] Request (AttachVolumeTestJSON:_run_cleanups): 202 DELETE http://10.180.1.21/compute/v2.1/os-keypairs/tempest-keypair-879265472 1.436s
2025-05-19 15:57:49.738 71567 INFO tempest.lib.common.rest_client [req-ae099655-3d41-4784-9fcf-451a32e50001 req-ae099655-3d41-4784-9fcf-451a32e50001 ] Request (ServerShowV257Test:tearDownClass): 204 DELETE http://10.180.1.21:9696/networking/v2.0/security-groups/fb588a74-c961-42a3-b81d-74811d07cd3b 0.377s
2025-05-19 15:57:49.742 71557 INFO tempest.lib.common.rest_client [req-10a2100b-d11e-4b1e-bf14-3570b31c8af0 req-10a2100b-d11e-4b1e-bf14-3570b31c8af0 ] Request (ServersListShow298Test:tearDownClass): 204 DELETE http://10.180.1.21:9696/networking/v2.0/security-groups/9d2ab2a1-a579-4035-8d28-03fbf77e2c67 0.364s
2025-05-19 15:57:49.748 71535 INFO tempest.lib.common.rest_client [req-fa10ec5e-29f7-402c-9e00-44e002310d33 req-fa10ec5e-29f7-402c-9e00-44e002310d33 ] Request (ServersV294TestFqdnHostnames:tearDownClass): 204 DELETE http://10.180.1.21/compute/v2.1/os-keypairs/tempest-keypair-639529859 1.433s
2025-05-19 15:57:49.783 71553 INFO tempest.lib.common.rest_client [req-bbeb4e5e-b3dd-4cb0-b9d2-f8e59f44ebda req-bbeb4e5e-b3dd-4cb0-b9d2-f8e59f44ebda ] Request (ImagesMetadataTestJSON:tearDownClass): 204 DELETE http://10.180.1.21:9696/networking/v2.0/security-groups/c1a9fc19-ccbe-4f10-ac52-6a9e5b64b2d7 0.364s
2025-05-19 15:57:49.902 71557 INFO tempest.lib.common.rest_client [req-19d87dcd-095c-4d37-a0a4-79138db5a625 req-19d87dcd-095c-4d37-a0a4-79138db5a625 ] Request (ServersListShow298Test:tearDownClass): 204 DELETE http://10.180.1.21/identity/v3/projects/dbf67f9cd3484e048a433c56eea9cacc 0.159s
2025-05-19 15:57:49.917 71567 INFO tempest.lib.common.rest_client [req-50c2fd46-012a-4395-bcb7-db3315d04ad0 req-50c2fd46-012a-4395-bcb7-db3315d04ad0 ] Request (ServerShowV257Test:tearDownClass): 204 DELETE http://10.180.1.21/identity/v3/projects/6ebcf9204b704aada47a2f11dd75abde 0.178s
2025-05-19 15:57:49.979 71569 INFO tempest.lib.common.rest_client [req-89ec4a7d-cb6e-4ab1-b3d1-e0a44e8bb9d8 req-89ec4a7d-cb6e-4ab1-b3d1-e0a44e8bb9d8 ] Request (AttachVolumeShelveTestJSON:_run_cleanups): 204 DELETE http://10.180.1.21:9696/networking/v2.0/floatingips/accc4cd8-28ef-4def-8964-00c528f1a505 0.918s
2025-05-19 15:57:49.988 71557 INFO tempest.lib.common.rest_client [req-3032e767-e645-41cb-9cd3-40922176f111 req-3032e767-e645-41cb-9cd3-40922176f111 ] Request (ComputeTenantNetworksTest:setUpClass): 201 POST http://10.180.1.21/identity/v3/auth/tokens 0.084s
2025-05-19 15:57:50.004 71579 INFO tempest.lib.common.rest_client [req-acd4b319-7383-4dff-bc22-f671512fe60b req-acd4b319-7383-4dff-bc22-f671512fe60b ] Request (AttachVolumeTestJSON:_run_cleanups): 204 DELETE http://10.180.1.21:9696/networking/v2.0/security-groups/485c06ac-9f3f-4d51-b0b0-c732f09ca9d4 0.273s
2025-05-19 15:57:50.030 71535 INFO tempest.lib.common.rest_client [req-3207c795-c31b-41a1-b32b-c3d9e52358ac req-3207c795-c31b-41a1-b32b-c3d9e52358ac ] Request (ServersV294TestFqdnHostnames:tearDownClass): 204 DELETE http://10.180.1.21:9696/networking/v2.0/security-groups/45f66284-a010-4257-b603-82e3ae048f5b 0.282s
2025-05-19 15:57:50.032 71579 INFO tempest.lib.common.rest_client [req-98243bd5-69c2-4ba4-b4fd-67e72b0380b9 req-98243bd5-69c2-4ba4-b4fd-67e72b0380b9 ] Request (AttachVolumeTestJSON:_run_cleanups): 404 GET http://10.180.1.21:9696/networking/v2.0/security-groups/485c06ac-9f3f-4d51-b0b0-c732f09ca9d4 0.028s
2025-05-19 15:57:50.043 71553 INFO tempest.lib.common.rest_client [req-02e580aa-7221-464c-9098-b04de2ce0d83 req-02e580aa-7221-464c-9098-b04de2ce0d83 ] Request (ImagesMetadataTestJSON:tearDownClass): 204 DELETE http://10.180.1.21/identity/v3/projects/793832d952d24937b50144b757ddbe2a 0.259s
2025-05-19 15:57:50.050 71537 INFO tempest.lib.common.rest_client [req-f66a13a4-6387-4f33-816c-8f7327d7fe57 req-f66a13a4-6387-4f33-816c-8f7327d7fe57 ] Request (ServerRescueTestJSON:setUpClass): 204 DELETE http://10.180.1.21/compute/v2.1/servers/0cb8a1a4-9352-431b-8942-e63de687f517 1.657s
2025-05-19 15:57:50.053 71573 INFO tempest.lib.common.rest_client [req-870af82b-8327-4cd8-b1d2-3f384a6c839b req-870af82b-8327-4cd8-b1d2-3f384a6c839b ] Request (FloatingIPsTestJSON:_run_cleanups): 202 DELETE http://10.180.1.21/compute/v2.1/os-floating-ips/951dcd8c-f7c6-4d7b-a8ac-a92f5302ef79 1.775s
2025-05-19 15:57:50.065 71557 INFO tempest.lib.common.rest_client [req-701e82b3-b700-44ba-ad1f-0ee4364f5fd1 req-701e82b3-b700-44ba-ad1f-0ee4364f5fd1 ] Request (ComputeTenantNetworksTest:setUpClass): 201 POST http://10.180.1.21/identity/v3/auth/tokens 0.068s
2025-05-19 15:57:50.073 71541 INFO tempest.lib.common.rest_client [req-796e78f7-f471-484a-8b25-7fc917b0292c req-796e78f7-f471-484a-8b25-7fc917b0292c ] Request (ListServersNegativeTestJSON:setUpClass): 404 GET http://10.180.1.21/compute/v2.1/servers/53b8d503-299b-437c-8c15-f0816266eb41 1.417s
2025-05-19 15:57:50.077 71535 INFO tempest.lib.common.rest_client [req-c552c150-4ae5-4b6a-b576-f480ac87175c req-c552c150-4ae5-4b6a-b576-f480ac87175c ] Request (ServersV294TestFqdnHostnames:tearDownClass): 404 GET http://10.180.1.21:9696/networking/v2.0/security-groups/45f66284-a010-4257-b603-82e3ae048f5b 0.046s
2025-05-19 15:57:50.095 71557 INFO tempest.lib.common.rest_client [req-73ce8137-4a80-4ae6-8892-863cfe143531 req-73ce8137-4a80-4ae6-8892-863cfe143531 ] Request (ComputeTenantNetworksTest:setUpClass): 200 GET http://10.180.1.21/identity/v3/domains?name=Default 0.029s
2025-05-19 15:57:50.140 71557 INFO tempest.lib.common.rest_client [req-f49b71df-6ba8-4bdf-b5a4-933bc0b196bf req-f49b71df-6ba8-4bdf-b5a4-933bc0b196bf ] Request (ComputeTenantNetworksTest:setUpClass): 201 POST http://10.180.1.21/identity/v3/projects 0.043s
2025-05-19 15:57:50.227 71549 INFO tempest.lib.common.rest_client [req-b8b83c71-6ddf-4354-ae81-0c309e8a31a2 req-b8b83c71-6ddf-4354-ae81-0c309e8a31a2 ] Request (ServersNegativeTestJSON:setUpClass): 200 PUT http://10.180.1.21:9696/networking/v2.0/routers/ac554c49-ba36-4b21-88b4-26d109c15fef/add_router_interface 2.738s
2025-05-19 15:57:50.227 71549 INFO tempest.lib.common.dynamic_creds [-] Created isolated network resources for: credentials: Credentials: {'domain_id': 'default', 'domain_name': 'Default', 'username': 'tempest-ServersNegativeTestJSON-2140662541-project-member', 'project_domain_id': 'default', 'project_domain_name': 'Default', 'project_id': '5bf616cec8484c0e827ce5783c9e3b13', 'project_name': 'tempest-ServersNegativeTestJSON-2140662541', 'tenant_id': '5bf616cec8484c0e827ce5783c9e3b13', 'tenant_name': 'tempest-ServersNegativeTestJSON-2140662541', 'user_domain_id': 'default', 'user_domain_name': 'Default', 'user_id': '3c41f63f11ce4155bf5be2dcbf33cc84', 'system': None}, Network: {'id': '03f625dc-c8be-4271-b7be-593a647ea6c0', 'name': 'tempest-ServersNegativeTestJSON-1594920210-network', 'tenant_id': '5bf616cec8484c0e827ce5783c9e3b13', 'admin_state_up': True, 'mtu': 8950, 'status': 'ACTIVE', 'subnets': [], 'shared': False, 'project_id': '5bf616cec8484c0e827ce5783c9e3b13', 'port_security_enabled': True, 'router:external': False, 'provider:network_type': 'vlan', 'provider:physical_network': 'default', 'provider:segmentation_id': 16, 'availability_zone_hints': [], 'availability_zones': [], 'ipv4_address_scope': None, 'ipv6_address_scope': None, 'description': '', 'tags': [], 'created_at': '2025-05-19T15:57:44Z', 'updated_at': '2025-05-19T15:57:44Z', 'revision_number': 1}, Subnet: {'id': '6c363131-d26a-4481-9e7c-fd739184668a', 'name': 'tempest-ServersNegativeTestJSON-1594920210-subnet', 'tenant_id': '5bf616cec8484c0e827ce5783c9e3b13', 'network_id': '03f625dc-c8be-4271-b7be-593a647ea6c0', 'ip_version': 4, 'subnetpool_id': None, 'enable_dhcp': True, 'ipv6_ra_mode': None, 'ipv6_address_mode': None, 'gateway_ip': '192.168.128.1', 'cidr': '192.168.128.0/28', 'allocation_pools': [{'start': '192.168.128.2', 'end': '192.168.128.14'}], 'host_routes': [], 'dns_nameservers': [], 'description': '', 'router:external': False, 'service_types': [], 'tags': [], 'created_at': '2025-05-19T15:57:44Z', 'updated_at': '2025-05-19T15:57:44Z', 'revision_number': 0, 'project_id': '5bf616cec8484c0e827ce5783c9e3b13'}, Router: {'id': 'ac554c49-ba36-4b21-88b4-26d109c15fef', 'name': 'tempest-ServersNegativeTestJSON-1594920210-router', 'tenant_id': '5bf616cec8484c0e827ce5783c9e3b13', 'admin_state_up': True, 'status': 'ACTIVE', 'external_gateway_info': {'network_id': '66efa607-5e41-4f8a-b837-b1de9f46fade', 'external_fixed_ips': [{'subnet_id': '956800f7-e740-4e3b-9877-97f0f96944ed', 'ip_address': '10.180.180.186'}], 'enable_snat': True}, 'description': '', 'availability_zones': [], 'distributed': False, 'ha': False, 'availability_zone_hints': [], 'routes': [], 'flavor_id': None, 'tags': [], 'created_at': '2025-05-19T15:57:45Z', 'updated_at': '2025-05-19T15:57:46Z', 'revision_number': 2, 'project_id': '5bf616cec8484c0e827ce5783c9e3b13'}
2025-05-19 15:57:50.256 71557 INFO tempest.lib.common.rest_client [req-9331e35a-c83b-4453-9263-b8542a68e42f req-9331e35a-c83b-4453-9263-b8542a68e42f ] Request (ComputeTenantNetworksTest:setUpClass): 201 POST http://10.180.1.21/identity/v3/users 0.115s
2025-05-19 15:57:50.292 71557 INFO tempest.lib.common.rest_client [req-cb587fe2-4633-4a35-abbd-3651d8665593 req-cb587fe2-4633-4a35-abbd-3651d8665593 ] Request (ComputeTenantNetworksTest:setUpClass): 200 GET http://10.180.1.21/identity/v3/roles 0.035s
2025-05-19 15:57:50.341 71557 INFO tempest.lib.common.rest_client [req-fc1efcfc-aeb2-4298-9414-f833946dfc6a req-fc1efcfc-aeb2-4298-9414-f833946dfc6a ] Request (ComputeTenantNetworksTest:setUpClass): 204 PUT http://10.180.1.21/identity/v3/projects/3fdabcf8905540e3894594d10015c5bb/users/127e5cdc62aa4127a630ae299b7b7c9d/roles/93a3e573a3cb4750a181f7aabe896ec9 0.049s
2025-05-19 15:57:50.341 71557 INFO tempest.lib.common.dynamic_creds [-] Dynamic test user 127e5cdc62aa4127a630ae299b7b7c9d is created with scope project and roles: ['member']
