2025-05-19 15:57:56.218 71541 INFO tempest.lib.common.rest_client [req-4a4f8fab-c6c5-4861-820d-7ff0885d2c52 req-4a4f8fab-c6c5-4861-820d-7ff0885d2c52 ] Request (ListServersNegativeTestJSON:tearDownClass): 204 DELETE http://10.180.1.21/identity/v3/users/75eaa7c01870454fad164d04d09ec6bb 0.160s
2025-05-19 15:57:56.219 71541 INFO tempest.lib.common.dynamic_creds [-] Deleting project and security group for project: 92713da884b94e41bd6f135259494798
2025-05-19 15:57:56.298 71541 INFO tempest.lib.common.rest_client [req-550770cd-9142-4110-8100-db7cde5321da req-550770cd-9142-4110-8100-db7cde5321da ] Request (ListServersNegativeTestJSON:tearDownClass): 200 GET http://10.180.1.21:9696/networking/v2.0/security-groups?tenant_id=92713da884b94e41bd6f135259494798&name=default 0.078s
2025-05-19 15:57:56.368 71539 INFO tempest.lib.common.rest_client [req-62a08385-91e2-4650-8d9f-ff80fcbcb3eb req-62a08385-91e2-4650-8d9f-ff80fcbcb3eb ] Request (ServersTestJSON:test_create_server_with_ipv6_addr_only): 204 DELETE http://10.180.1.21/compute/v2.1/servers/05f76172-109c-4b40-adf6-aa5b967f5014 0.505s
2025-05-19 15:57:56.388 71549 INFO tempest.lib.common.rest_client [req-0e42fbc4-c3ce-48e0-987c-aff32d195313 req-0e42fbc4-c3ce-48e0-987c-aff32d195313 ] Request (ServersNegativeTestJSON:setUpClass): 404 GET http://10.180.1.21/compute/v2.1/servers/8f13ba9f-85b2-43aa-8012-126289f0757d 0.351s
2025-05-19 15:57:56.389 71549 INFO tempest.test [-] raised in ServersNegativeTestJSON.setUpClass. Invoking tearDownClass.
2025-05-19 15:57:56.398 71565 INFO tempest.lib.common.rest_client [req-562ed53e-1d5b-48be-b6b6-11652fa52cbf req-562ed53e-1d5b-48be-b6b6-11652fa52cbf ] Request (ServersListShow296Test:tearDownClass): 200 GET http://10.180.1.21:9696/networking/v2.0/security-groups?tenant_id=b06fb3f592884f30ad5c1f53bb6853d5&name=default 0.602s
2025-05-19 15:57:56.411 71529 INFO tempest.lib.common.rest_client [req-38ed9e6a-e91b-4e93-9967-f62105f098f8 req-38ed9e6a-e91b-4e93-9967-f62105f098f8 ] Request (AttachInterfacesTestJSON:test_create_list_show_delete_interfaces_by_network_port): 404 GET http://10.180.1.21/compute/v2.1/servers/b30e7da8-ff30-4355-ae64-6d28d4c4b87f 0.325s
2025-05-19 15:57:56.432 71539 INFO tempest.lib.common.rest_client [req-87d46db2-fd18-4591-8e48-477b69dd8fb2 req-87d46db2-fd18-4591-8e48-477b69dd8fb2 ] Request (ServersTestJSON:test_create_server_with_ipv6_addr_only): 404 GET http://10.180.1.21/compute/v2.1/servers/05f76172-109c-4b40-adf6-aa5b967f5014 0.063s
2025-05-19 15:57:56.435 71589 INFO tempest.lib.common.rest_client [req-84a89c9a-b63f-4b85-afcd-0e0b6b2074bd req-84a89c9a-b63f-4b85-afcd-0e0b6b2074bd ] Request (SecurityGroupsTestJSON:test_security_groups_create_list_delete): 200 POST http://10.180.1.21/compute/v2.1/os-security-groups 0.718s
2025-05-19 15:57:56.453 71541 INFO tempest.lib.common.rest_client [req-59225573-b761-4b6f-87e0-e8605d4b06fb req-59225573-b761-4b6f-87e0-e8605d4b06fb ] Request (ListServersNegativeTestJSON:tearDownClass): 204 DELETE http://10.180.1.21:9696/networking/v2.0/security-groups/23c38d40-327f-4ea0-bb60-6dfe3337cd92 0.154s
2025-05-19 15:57:56.455 71529 INFO tempest.lib.common.rest_client [req-56111603-493a-40bc-bb07-f08c778088bf req-56111603-493a-40bc-bb07-f08c778088bf ] Request (AttachInterfacesTestJSON:_run_cleanups): 202 DELETE http://10.180.1.21/compute/v2.1/os-keypairs/tempest-keypair-320481109 0.043s
2025-05-19 15:57:56.521 71539 INFO tempest.lib.common.rest_client [req-f04b4bb9-2c93-47fd-8659-9c9e345bebee req-f04b4bb9-2c93-47fd-8659-9c9e345bebee ] Request (ServersTestJSON:test_create_specify_keypair): 200 POST http://10.180.1.21/compute/v2.1/os-keypairs 0.086s
2025-05-19 15:57:56.529 71533 INFO tempest.lib.common.rest_client [req-1b7f8d67-9d7b-4f19-a33c-55fc09c3b6b8 req-1b7f8d67-9d7b-4f19-a33c-55fc09c3b6b8 ] Request (ServerAddressesNegativeTestJSON:setUpClass): 200 GET http://10.180.1.21/compute/v2.1/servers/3f995b2b-1731-4746-ab7e-5cb730dedb61 0.126s
2025-05-19 15:57:56.538 71539 INFO tempest.lib.common.rest_client [req-6d1f74dc-fc0e-4147-a9ac-94b1d47797ed req-6d1f74dc-fc0e-4147-a9ac-94b1d47797ed ] Request (ServersTestJSON:test_create_specify_keypair): 200 GET http://10.180.1.21/compute/v2.1/os-keypairs 0.015s
2025-05-19 15:57:56.576 71541 INFO tempest.lib.common.rest_client [req-9bdc1153-76ce-4d33-9ab3-8477d582eeff req-9bdc1153-76ce-4d33-9ab3-8477d582eeff ] Request (ListServersNegativeTestJSON:tearDownClass): 204 DELETE http://10.180.1.21/identity/v3/projects/92713da884b94e41bd6f135259494798 0.122s
2025-05-19 15:57:56.593 71565 INFO tempest.lib.common.rest_client [req-66f4a161-503f-482e-a048-0fd50c6ba579 req-66f4a161-503f-482e-a048-0fd50c6ba579 ] Request (ServersListShow296Test:tearDownClass): 204 DELETE http://10.180.1.21:9696/networking/v2.0/security-groups/3fee4ea3-9d52-498c-96f3-11406044c446 0.194s
2025-05-19 15:57:56.607 71539 INFO tempest.lib.common.rest_client [req-3d596f7e-4365-48e1-9c6d-68ad6c0692c7 req-3d596f7e-4365-48e1-9c6d-68ad6c0692c7 ] Request (ServersTestJSON:test_create_specify_keypair): 201 POST http://10.180.1.21/identity/v3/auth/tokens 0.063s
2025-05-19 15:57:56.607 71539 INFO tempest.lib.common.fixed_network [-] (ServersTestJSON:test_create_specify_keypair) Found network {'id': 'cb7c48ab-5285-4e36-bbf4-4d8bc79c1859', 'name': 'tempest-ServersTestJSON-915071252-network', 'tenant_id': '8c862d0dcb9c4740b51047eb67f6e9f1', 'admin_state_up': True, 'mtu': 8950, 'status': 'ACTIVE', 'subnets': [], 'shared': False, 'project_id': '8c862d0dcb9c4740b51047eb67f6e9f1', 'port_security_enabled': True, 'router:external': False, 'provider:network_type': 'vlan', 'provider:physical_network': 'default', 'provider:segmentation_id': 680, 'availability_zone_hints': [], 'availability_zones': [], 'ipv4_address_scope': None, 'ipv6_address_scope': None, 'description': '', 'tags': [], 'created_at': '2025-05-19T15:57:28Z', 'updated_at': '2025-05-19T15:57:28Z', 'revision_number': 1} available for tenant
2025-05-19 15:57:56.643 71541 INFO tempest.lib.common.rest_client [req-5464fbb0-346d-4f51-ae80-6b09da667ea6 req-5464fbb0-346d-4f51-ae80-6b09da667ea6 ] Request (ServerShowV263Test:setUpClass): 201 POST http://10.180.1.21/identity/v3/auth/tokens 0.062s
2025-05-19 15:57:56.643 71529 INFO tempest.lib.common.rest_client [req-10df4ead-dbd3-47da-aae8-2c213416586c req-10df4ead-dbd3-47da-aae8-2c213416586c ] Request (AttachInterfacesTestJSON:_run_cleanups): 204 DELETE http://10.180.1.21:9696/networking/v2.0/security-groups/968623d3-c7af-4436-b59f-1d8a2600021a 0.188s
2025-05-19 15:57:56.659 71529 INFO tempest.lib.common.rest_client [req-452db81f-6fd1-4c47-8bb0-eabe1bde58bd req-452db81f-6fd1-4c47-8bb0-eabe1bde58bd ] Request (AttachInterfacesTestJSON:_run_cleanups): 404 GET http://10.180.1.21:9696/networking/v2.0/security-groups/968623d3-c7af-4436-b59f-1d8a2600021a 0.015s
2025-05-19 15:57:56.680 71541 INFO tempest.lib.common.rest_client [req-780921c4-8e14-41df-93d6-8cdecd1f5bc4 req-780921c4-8e14-41df-93d6-8cdecd1f5bc4 ] Request (ServerShowV263Test:setUpClass): 201 POST http://10.180.1.21/identity/v3/auth/tokens 0.032s
2025-05-19 15:57:56.699 71565 INFO tempest.lib.common.rest_client [req-0ff3b671-e863-436f-900d-9fe5371db6ed req-0ff3b671-e863-436f-900d-9fe5371db6ed ] Request (ServersListShow296Test:tearDownClass): 204 DELETE http://10.180.1.21/identity/v3/projects/b06fb3f592884f30ad5c1f53bb6853d5 0.105s
2025-05-19 15:57:56.713 71589 INFO tempest.lib.common.rest_client [req-2744f8c7-5f22-4446-985b-cb6b69e22be2 req-2744f8c7-5f22-4446-985b-cb6b69e22be2 ] Request (SecurityGroupsTestJSON:test_security_groups_create_list_delete): 200 GET http://10.180.1.21/compute/v2.1/os-security-groups 0.273s
2025-05-19 15:57:56.732 71555 INFO tempest.lib.common.rest_client [req-878ec44f-835a-47f1-a7bc-6133e4c30684 req-878ec44f-835a-47f1-a7bc-6133e4c30684 ] Request (ServersNegativeTestMultiTenantJSON:setUpClass): 200 PUT http://10.180.1.21:9696/networking/v2.0/routers/f2a71480-3440-4486-b550-85f21442145d/add_router_interface 1.708s
2025-05-19 15:57:56.732 71555 INFO tempest.lib.common.dynamic_creds [-] Created isolated network resources for: credentials: Credentials: {'domain_id': 'default', 'domain_name': 'Default', 'username': 'tempest-ServersNegativeTestMultiTenantJSON-1155398987-project-member', 'project_domain_id': 'default', 'project_domain_name': 'Default', 'project_id': '08c80d3ac30c481da351fdd1dbf7c5d5', 'project_name': 'tempest-ServersNegativeTestMultiTenantJSON-1155398987', 'tenant_id': '08c80d3ac30c481da351fdd1dbf7c5d5', 'tenant_name': 'tempest-ServersNegativeTestMultiTenantJSON-1155398987', 'user_domain_id': 'default', 'user_domain_name': 'Default', 'user_id': 'f78a5287e0f94d4c89b3f935a5bc7921', 'system': None}, Network: {'id': '35875029-a803-4663-8de9-2d383458b5ac', 'name': 'tempest-ServersNegativeTestMultiTenantJSON-1669698521-network', 'tenant_id': '08c80d3ac30c481da351fdd1dbf7c5d5', 'admin_state_up': True, 'mtu': 8950, 'status': 'ACTIVE', 'subnets': [], 'shared': False, 'project_id': '08c80d3ac30c481da351fdd1dbf7c5d5', 'port_security_enabled': True, 'router:external': False, 'provider:network_type': 'vlan', 'provider:physical_network': 'default', 'provider:segmentation_id': 717, 'availability_zone_hints': [], 'availability_zones': [], 'ipv4_address_scope': None, 'ipv6_address_scope': None, 'description': '', 'tags': [], 'created_at': '2025-05-19T15:57:52Z', 'updated_at': '2025-05-19T15:57:52Z', 'revision_number': 1}, Subnet: {'id': 'b4998943-e31f-4646-97e1-cba8d3254ca5', 'name': 'tempest-ServersNegativeTestMultiTenantJSON-1669698521-subnet', 'tenant_id': '08c80d3ac30c481da351fdd1dbf7c5d5', 'network_id': '35875029-a803-4663-8de9-2d383458b5ac', 'ip_version': 4, 'subnetpool_id': None, 'enable_dhcp': True, 'ipv6_ra_mode': None, 'ipv6_address_mode': None, 'gateway_ip': '192.168.128.1', 'cidr': '192.168.128.0/28', 'allocation_pools': [{'start': '192.168.128.2', 'end': '192.168.128.14'}], 'host_routes': [], 'dns_nameservers': [], 'description': '', 'router:external': False, 'service_types': [], 'tags': [], 'created_at': '2025-05-19T15:57:52Z', 'updated_at': '2025-05-19T15:57:52Z', 'revision_number': 0, 'project_id': '08c80d3ac30c481da351fdd1dbf7c5d5'}, Router: {'id': 'f2a71480-3440-4486-b550-85f21442145d', 'name': 'tempest-ServersNegativeTestMultiTenantJSON-1669698521-router', 'tenant_id': '08c80d3ac30c481da351fdd1dbf7c5d5', 'admin_state_up': True, 'status': 'ACTIVE', 'external_gateway_info': {'network_id': '66efa607-5e41-4f8a-b837-b1de9f46fade', 'external_fixed_ips': [{'subnet_id': '956800f7-e740-4e3b-9877-97f0f96944ed', 'ip_address': '10.180.180.215'}], 'enable_snat': True}, 'description': '', 'availability_zones': [], 'distributed': False, 'ha': False, 'availability_zone_hints': [], 'routes': [], 'flavor_id': None, 'tags': [], 'created_at': '2025-05-19T15:57:53Z', 'updated_at': '2025-05-19T15:57:54Z', 'revision_number': 2, 'project_id': '08c80d3ac30c481da351fdd1dbf7c5d5'}
2025-05-19 15:57:56.738 71541 INFO tempest.lib.common.rest_client [req-93c76881-aa94-4d1f-9fad-ca0847a5617f req-93c76881-aa94-4d1f-9fad-ca0847a5617f ] Request (ServerShowV263Test:setUpClass): 200 GET http://10.180.1.21/identity/v3/domains?name=Default 0.057s
2025-05-19 15:57:56.755 71533 INFO tempest.lib.common.rest_client [req-2b25a4f1-18ea-42f9-82c8-0190d1e0f0f8 req-2b25a4f1-18ea-42f9-82c8-0190d1e0f0f8 ] Request (ServerAddressesNegativeTestJSON:setUpClass): 204 DELETE http://10.180.1.21/compute/v2.1/servers/3f995b2b-1731-4746-ab7e-5cb730dedb61 0.215s
2025-05-19 15:57:56.778 71541 INFO tempest.lib.common.rest_client [req-eb988373-0466-4c5a-9e97-49b4633e6def req-eb988373-0466-4c5a-9e97-49b4633e6def ] Request (ServerShowV263Test:setUpClass): 201 POST http://10.180.1.21/identity/v3/projects 0.038s
2025-05-19 15:57:56.813 71555 INFO tempest.lib.common.rest_client [req-37bb7185-4e77-4ff8-878e-82686b319e3b req-37bb7185-4e77-4ff8-878e-82686b319e3b ] Request (ServersNegativeTestMultiTenantJSON:setUpClass): 201 POST http://10.180.1.21/identity/v3/auth/tokens 0.076s
2025-05-19 15:57:56.844 71541 INFO tempest.lib.common.rest_client [req-72f9b657-d51a-4a74-bb8a-5d976f2596e9 req-72f9b657-d51a-4a74-bb8a-5d976f2596e9 ] Request (ServerShowV263Test:setUpClass): 201 POST http://10.180.1.21/identity/v3/users 0.065s
2025-05-19 15:57:56.867 71541 INFO tempest.lib.common.rest_client [req-bb637383-b2fc-475d-a101-3bf3736f6488 req-bb637383-b2fc-475d-a101-3bf3736f6488 ] Request (ServerShowV263Test:setUpClass): 200 GET http://10.180.1.21/identity/v3/roles 0.022s
2025-05-19 15:57:56.870 71555 INFO tempest.lib.common.rest_client [req-351aa627-cba6-4cb4-931d-bd2c04aafc5c req-351aa627-cba6-4cb4-931d-bd2c04aafc5c ] Request (ServersNegativeTestMultiTenantJSON:setUpClass): 201 POST http://10.180.1.21/identity/v3/auth/tokens 0.053s
2025-05-19 15:57:56.870 71555 INFO tempest.lib.common.fixed_network [-] (ServersNegativeTestMultiTenantJSON:setUpClass) Found network {'id': '7781d57f-a439-4b2c-8409-2b85d586a195', 'name': 'tempest-ServersNegativeTestMultiTenantJSON-428885508-network', 'tenant_id': '064650555b79462ea4d721a3cbf162e2', 'admin_state_up': True, 'mtu': 8950, 'status': 'ACTIVE', 'subnets': [], 'shared': False, 'project_id': '064650555b79462ea4d721a3cbf162e2', 'port_security_enabled': True, 'router:external': False, 'provider:network_type': 'vlan', 'provider:physical_network': 'default', 'provider:segmentation_id': 702, 'availability_zone_hints': [], 'availability_zones': [], 'ipv4_address_scope': None, 'ipv6_address_scope': None, 'description': '', 'tags': [], 'created_at': '2025-05-19T15:57:45Z', 'updated_at': '2025-05-19T15:57:45Z', 'revision_number': 1} available for tenant
2025-05-19 15:57:56.900 71541 INFO tempest.lib.common.rest_client [req-5f42582a-a54b-4100-ab78-4395db1a6a5c req-5f42582a-a54b-4100-ab78-4395db1a6a5c ] Request (ServerShowV263Test:setUpClass): 204 PUT http://10.180.1.21/identity/v3/projects/c73db55a41874e56a55c0f3ffcdb9410/users/427d8f047ebd4510b5aa9edd22705bfb/roles/93a3e573a3cb4750a181f7aabe896ec9 0.033s
2025-05-19 15:57:56.900 71541 INFO tempest.lib.common.dynamic_creds [-] Dynamic test user 427d8f047ebd4510b5aa9edd22705bfb is created with scope project and roles: ['member']
2025-05-19 15:57:56.901 71541 INFO tempest.lib.common.dynamic_creds [-] Acquired dynamic creds: credentials: Credentials: {'domain_id': 'default', 'domain_name': 'Default', 'username': 'tempest-ServerShowV263Test-2114816316-project-member', 'project_domain_id': 'default', 'project_domain_name': 'Default', 'project_id': 'c73db55a41874e56a55c0f3ffcdb9410', 'project_name': 'tempest-ServerShowV263Test-2114816316', 'tenant_id': 'c73db55a41874e56a55c0f3ffcdb9410', 'tenant_name': 'tempest-ServerShowV263Test-2114816316', 'user_domain_id': 'default', 'user_domain_name': 'Default', 'user_id': '427d8f047ebd4510b5aa9edd22705bfb', 'system': None}, Network: None, Subnet: None, Router: None
2025-05-19 15:57:56.901 71541 INFO tempest.lib.common.dynamic_creds [-] Created isolated network resources for: credentials: Credentials: {'domain_id': 'default', 'domain_name': 'Default', 'username': 'tempest-ServerShowV263Test-2114816316-project-member', 'project_domain_id': 'default', 'project_domain_name': 'Default', 'project_id': 'c73db55a41874e56a55c0f3ffcdb9410', 'project_name': 'tempest-ServerShowV263Test-2114816316', 'tenant_id': 'c73db55a41874e56a55c0f3ffcdb9410', 'tenant_name': 'tempest-ServerShowV263Test-2114816316', 'user_domain_id': 'default', 'user_domain_name': 'Default', 'user_id': '427d8f047ebd4510b5aa9edd22705bfb', 'system': None}, Network: None, Subnet: None, Router: None
2025-05-19 15:57:56.970 71541 INFO tempest.lib.common.rest_client [req-288f327f-8860-411c-baa4-f38adbf29233 req-288f327f-8860-411c-baa4-f38adbf29233 ] Request (ServerShowV263Test:setUpClass): 201 POST http://10.180.1.21/identity/v3/auth/tokens 0.065s
2025-05-19 15:57:57.017 71541 INFO tempest.lib.common.rest_client [req-f0910e44-7d1f-4adf-a625-7896b3a81952 req-f0910e44-7d1f-4adf-a625-7896b3a81952 ] Request (ServerShowV263Test:setUpClass): 200 GET http://10.180.1.21/identity/v3/projects/c73db55a41874e56a55c0f3ffcdb9410 0.046s
2025-05-19 15:57:57.017 71541 INFO tempest.lib.common.dynamic_creds [-] Using the existing project c73db55a41874e56a55c0f3ffcdb9410 for scope project and roles: ['reader']
2025-05-19 15:57:57.033 71539 INFO tempest.lib.common.rest_client [req-c9d9b70d-2598-40f7-abff-9d99fffeefe8 req-c9d9b70d-2598-40f7-abff-9d99fffeefe8 ] Request (ServersTestJSON:test_create_specify_keypair): 202 POST http://10.180.1.21/compute/v2.1/servers 0.425s
2025-05-19 15:57:57.048 71541 INFO tempest.lib.common.rest_client [req-6bcc330e-5f21-46cb-916a-31cfc9c61cc5 req-6bcc330e-5f21-46cb-916a-31cfc9c61cc5 ] Request (ServerShowV263Test:setUpClass): 201 POST http://10.180.1.21/identity/v3/users 0.030s
2025-05-19 15:57:57.072 71541 INFO tempest.lib.common.rest_client [req-4017a954-5b51-4dba-b3de-88cf5522f097 req-4017a954-5b51-4dba-b3de-88cf5522f097 ] Request (ServerShowV263Test:setUpClass): 200 GET http://10.180.1.21/identity/v3/roles 0.024s
2025-05-19 15:57:57.112 71561 INFO tempest.lib.common.rest_client [req-e3046c0b-6d10-4eae-8d42-2f074237d8d4 req-e3046c0b-6d10-4eae-8d42-2f074237d8d4 ] Request (DeleteServersTestJSON:test_delete_active_server): 200 GET http://10.180.1.21/compute/v2.1/servers/43723fbf-98e5-4a99-9f61-2cfb4d7327ba 0.355s
2025-05-19 15:57:57.116 71541 INFO tempest.lib.common.rest_client [req-ae679e97-3ea2-400b-9ae7-201a05641dd1 req-ae679e97-3ea2-400b-9ae7-201a05641dd1 ] Request (ServerShowV263Test:setUpClass): 204 PUT http://10.180.1.21/identity/v3/projects/c73db55a41874e56a55c0f3ffcdb9410/users/940426e14dcd4664b89c5ce8e4c4be2d/roles/7024d72fd1df44bcb69f53b5e97aa5e8 0.043s
2025-05-19 15:57:57.117 71541 INFO tempest.lib.common.dynamic_creds [-] Dynamic test user 940426e14dcd4664b89c5ce8e4c4be2d is created with scope project and roles: ['reader']
2025-05-19 15:57:57.117 71541 INFO tempest.lib.common.dynamic_creds [-] Acquired dynamic creds: credentials: Credentials: {'domain_id': 'default', 'domain_name': 'Default', 'username': 'tempest-ServerShowV263Test-2114816316-project-reader', 'project_domain_id': 'default', 'project_domain_name': 'Default', 'project_id': 'c73db55a41874e56a55c0f3ffcdb9410', 'project_name': 'tempest-ServerShowV263Test-2114816316', 'tenant_id': 'c73db55a41874e56a55c0f3ffcdb9410', 'tenant_name': 'tempest-ServerShowV263Test-2114816316', 'user_domain_id': 'default', 'user_domain_name': 'Default', 'user_id': '940426e14dcd4664b89c5ce8e4c4be2d', 'system': None}, Network: None, Subnet: None, Router: None
2025-05-19 15:57:57.117 71541 INFO tempest.lib.common.dynamic_creds [-] Network resources are not created for requested scope: project and credentials: Credentials: {'domain_id': 'default', 'domain_name': 'Default', 'username': 'tempest-ServerShowV263Test-2114816316-project-reader', 'project_domain_id': 'default', 'project_domain_name': 'Default', 'project_id': 'c73db55a41874e56a55c0f3ffcdb9410', 'project_name': 'tempest-ServerShowV263Test-2114816316', 'tenant_id': 'c73db55a41874e56a55c0f3ffcdb9410', 'tenant_name': 'tempest-ServerShowV263Test-2114816316', 'user_domain_id': 'default', 'user_domain_name': 'Default', 'user_id': '940426e14dcd4664b89c5ce8e4c4be2d', 'system': None}, Network: None, Subnet: None, Router: None
2025-05-19 15:57:57.119 71561 INFO tempest.common.waiters [-] State transition "BUILD/scheduling" ==> "ERROR/None" after 2 second wait
2025-05-19 15:57:57.134 71533 INFO tempest.lib.common.rest_client [req-ac5ede98-b396-4e1f-bc58-a1533771ec01 req-ac5ede98-b396-4e1f-bc58-a1533771ec01 ] Request (ServerAddressesNegativeTestJSON:setUpClass): 404 GET http://10.180.1.21/compute/v2.1/servers/3f995b2b-1731-4746-ab7e-5cb730dedb61 0.379s
2025-05-19 15:57:57.134 71533 INFO tempest.test [-] raised in ServerAddressesNegativeTestJSON.setUpClass. Invoking tearDownClass.
2025-05-19 15:57:57.210 71541 INFO tempest.lib.common.rest_client [req-f60f695c-760f-4193-b021-b28bf2b50824 req-f60f695c-760f-4193-b021-b28bf2b50824 ] Request (ServerShowV263Test:setUpClass): 201 POST http://10.180.1.21/identity/v3/auth/tokens 0.087s
2025-05-19 15:57:57.224 71569 INFO tempest.lib.common.rest_client [req-29edcd0a-4d7f-413f-9eae-4a2f03a9188b req-29edcd0a-4d7f-413f-9eae-4a2f03a9188b ] Request (AttachVolumeShelveTestJSON:test_detach_volume_shelved_or_offload_server): 200 GET http://10.180.1.21/compute/v2.1/servers/d0f1ea21-d539-437e-a569-c6c7ac3ab5b2 0.402s
2025-05-19 15:57:57.234 71569 INFO tempest.common.waiters [-] State transition "BUILD/scheduling" ==> "ERROR/None" after 2 second wait
2025-05-19 15:57:57.241 71589 INFO tempest.lib.common.rest_client [req-bec97894-56e4-4db3-9248-0dd709493bf5 req-bec97894-56e4-4db3-9248-0dd709493bf5 ] Request (SecurityGroupsTestJSON:test_security_groups_create_list_delete): 202 DELETE http://10.180.1.21/compute/v2.1/os-security-groups/7d5a7a1b-9670-44f0-b0e0-ebe44503f203 0.523s
2025-05-19 15:57:57.322 71573 INFO tempest.lib.common.rest_client [req-dd8b7edd-ee60-4455-8e6e-9c78c3ee77ad req-dd8b7edd-ee60-4455-8e6e-9c78c3ee77ad ] Request (FloatingIPsTestJSON:tearDownClass): 200 PUT http://10.180.1.21:9696/networking/v2.0/routers/6626368b-0d90-4a3c-a8bf-fa18566e18f5/remove_router_interface 1.569s
2025-05-19 15:57:57.329 71539 INFO tempest.lib.common.rest_client [req-8ba21771-39f5-45fb-9167-f0944bff2518 req-8ba21771-39f5-45fb-9167-f0944bff2518 ] Request (ServersTestJSON:test_create_specify_keypair): 200 GET http://10.180.1.21/compute/v2.1/servers/317b26f8-9fff-4f6d-953e-6fa61df2440f 0.294s
2025-05-19 15:57:57.402 71541 INFO tempest.lib.common.rest_client [req-a9d2f656-edca-49e6-bfce-3bf4c0658197 req-a9d2f656-edca-49e6-bfce-3bf4c0658197 ] Request (ServerShowV263Test:tearDownClass): 204 DELETE http://10.180.1.21/identity/v3/users/427d8f047ebd4510b5aa9edd22705bfb 0.184s
2025-05-19 15:57:57.450 71529 INFO tempest.lib.common.rest_client [req-0c823595-4b77-4b55-a182-0974f4c3a61e req-0c823595-4b77-4b55-a182-0974f4c3a61e ] Request (AttachInterfacesTestJSON:_run_cleanups): 204 DELETE http://10.180.1.21:9696/networking/v2.0/floatingips/0a5f7fd7-65aa-4171-937a-1e68df424ead 0.791s
2025-05-19 15:57:57.513 71541 INFO tempest.lib.common.rest_client [req-7ea08887-0141-447d-aec0-beb18c363851 req-7ea08887-0141-447d-aec0-beb18c363851 ] Request (ServerShowV263Test:tearDownClass): 204 DELETE http://10.180.1.21/identity/v3/users/940426e14dcd4664b89c5ce8e4c4be2d 0.110s
2025-05-19 15:57:57.513 71541 INFO tempest.lib.common.dynamic_creds [-] Deleting project and security group for project: c73db55a41874e56a55c0f3ffcdb9410
2025-05-19 15:57:57.520 71529 INFO tempest.lib.common.rest_client [req-a758b054-7188-4ef2-baba-488ec51ae6b8 req-a758b054-7188-4ef2-baba-488ec51ae6b8 ] Request (AttachInterfacesTestJSON:test_reassign_port_between_servers): 201 POST http://10.180.1.21/identity/v3/auth/tokens 0.062s
2025-05-19 15:57:57.520 71529 INFO tempest.lib.common.fixed_network [-] (AttachInterfacesTestJSON:test_reassign_port_between_servers) Found network {'id': '35cc6f62-36e3-445a-a43a-90c18b7bff7f', 'name': 'tempest-AttachInterfacesTestJSON-1539010088-network', 'tenant_id': '98d175ec6abc4af790f8fa88117872cc', 'admin_state_up': True, 'mtu': 8950, 'status': 'ACTIVE', 'subnets': [], 'shared': False, 'project_id': '98d175ec6abc4af790f8fa88117872cc', 'port_security_enabled': True, 'router:external': False, 'provider:network_type': 'vlan', 'provider:physical_network': 'default', 'provider:segmentation_id': 508, 'availability_zone_hints': [], 'availability_zones': [], 'ipv4_address_scope': None, 'ipv6_address_scope': None, 'description': '', 'tags': [], 'created_at': '2025-05-19T15:57:16Z', 'updated_at': '2025-05-19T15:57:16Z', 'revision_number': 1} available for tenant
2025-05-19 15:57:57.573 71541 INFO tempest.lib.common.rest_client [req-9a43016e-2b5d-4986-810d-b78d59fc29ed req-9a43016e-2b5d-4986-810d-b78d59fc29ed ] Request (ServerShowV263Test:tearDownClass): 201 POST http://10.180.1.21/identity/v3/auth/tokens 0.059s
2025-05-19 15:57:57.597 71561 INFO tempest.lib.common.rest_client [req-04559cfa-9b0c-44ab-aa41-2423078018eb req-04559cfa-9b0c-44ab-aa41-2423078018eb ] Request (DeleteServersTestJSON:test_delete_active_server): 204 DELETE http://10.180.1.21/compute/v2.1/servers/43723fbf-98e5-4a99-9f61-2cfb4d7327ba 0.478s
2025-05-19 15:57:57.826 71555 INFO tempest.lib.common.rest_client [req-4778c637-fc4b-48cf-b6e9-7b9631d51406 req-4778c637-fc4b-48cf-b6e9-7b9631d51406 ] Request (ServersNegativeTestMultiTenantJSON:setUpClass): 202 POST http://10.180.1.21/compute/v2.1/servers 0.956s
2025-05-19 15:57:57.840 71569 INFO tempest.lib.common.rest_client [req-f7b821ec-723b-4f46-baaa-01c409b99d5d req-f7b821ec-723b-4f46-baaa-01c409b99d5d ] Request (AttachVolumeShelveTestJSON:test_detach_volume_shelved_or_offload_server): 204 DELETE http://10.180.1.21/compute/v2.1/servers/d0f1ea21-d539-437e-a569-c6c7ac3ab5b2 0.605s
2025-05-19 15:57:57.846 71589 INFO tempest.lib.common.rest_client [req-912a68c1-b0cc-4843-a77d-9d9a9d32035c req-912a68c1-b0cc-4843-a77d-9d9a9d32035c ] Request (SecurityGroupsTestJSON:test_security_groups_create_list_delete): 404 GET http://10.180.1.21/compute/v2.1/os-security-groups/7d5a7a1b-9670-44f0-b0e0-ebe44503f203 0.605s
2025-05-19 15:57:57.871 71561 INFO tempest.lib.common.rest_client [req-f061ac70-6b9c-4b0d-beed-11c4dc62d025 req-f061ac70-6b9c-4b0d-beed-11c4dc62d025 ] Request (DeleteServersTestJSON:test_delete_active_server): 404 GET http://10.180.1.21/compute/v2.1/servers/43723fbf-98e5-4a99-9f61-2cfb4d7327ba 0.274s
2025-05-19 15:57:57.882 71529 INFO tempest.lib.common.rest_client [req-4d5f5353-5135-416c-8ccb-7adb53ef33dd req-4d5f5353-5135-416c-8ccb-7adb53ef33dd ] Request (ValidationResourcesFixture:setUp): 200 POST http://10.180.1.21/compute/v2.1/os-keypairs 0.361s
2025-05-19 15:57:57.909 71569 INFO tempest.lib.common.rest_client [req-980841fd-e5b8-4c2a-ac80-9a5de6d99170 req-980841fd-e5b8-4c2a-ac80-9a5de6d99170 ] Request (AttachVolumeShelveTestJSON:test_detach_volume_shelved_or_offload_server): 404 GET http://10.180.1.21/compute/v2.1/servers/d0f1ea21-d539-437e-a569-c6c7ac3ab5b2 0.069s
2025-05-19 15:57:57.931 71541 INFO tempest.lib.common.rest_client [req-c7aef589-4a01-4dd6-b572-45b212a104e3 req-c7aef589-4a01-4dd6-b572-45b212a104e3 ] Request (ServerShowV263Test:tearDownClass): 200 GET http://10.180.1.21:9696/networking/v2.0/security-groups?tenant_id=c73db55a41874e56a55c0f3ffcdb9410&name=default 0.357s
2025-05-19 15:57:57.945 71555 INFO tempest.lib.common.rest_client [req-6fab2ea8-a190-4a95-92e2-175581cf6b72 req-6fab2ea8-a190-4a95-92e2-175581cf6b72 ] Request (ServersNegativeTestMultiTenantJSON:setUpClass): 200 GET http://10.180.1.21/compute/v2.1/servers/76e29cd2-62a2-452f-9110-b89bd8fb7a1c 0.116s
2025-05-19 15:57:57.957 71561 INFO tempest.lib.common.rest_client [req-0bbf17bc-d2b4-4716-877b-d172da80cef7 req-0bbf17bc-d2b4-4716-877b-d172da80cef7 ] Request (DeleteServersTestJSON:test_delete_server_while_in_attached_volume): 201 POST http://10.180.1.21/identity/v3/auth/tokens 0.076s
2025-05-19 15:57:57.958 71561 INFO tempest.lib.common.fixed_network [-] (DeleteServersTestJSON:test_delete_server_while_in_attached_volume) Found network {'id': '23d33925-5650-41a9-b9f1-3e00de7b30b2', 'name': 'tempest-DeleteServersTestJSON-1279157279-network', 'tenant_id': '17dc97a7482b4a54915c870a4626668f', 'admin_state_up': True, 'mtu': 8950, 'status': 'ACTIVE', 'subnets': [], 'shared': False, 'project_id': '17dc97a7482b4a54915c870a4626668f', 'port_security_enabled': True, 'router:external': False, 'provider:network_type': 'vlan', 'provider:physical_network': 'default', 'provider:segmentation_id': 333, 'availability_zone_hints': [], 'availability_zones': [], 'ipv4_address_scope': None, 'ipv6_address_scope': None, 'description': '', 'tags': [], 'created_at': '2025-05-19T15:57:46Z', 'updated_at': '2025-05-19T15:57:46Z', 'revision_number': 1} available for tenant
2025-05-19 15:57:57.960 71569 INFO tempest.lib.common.rest_client [req-9e185cd2-2458-42f1-88ea-25c21077623b req-9e185cd2-2458-42f1-88ea-25c21077623b ] Request (AttachVolumeShelveTestJSON:_run_cleanups): 204 DELETE http://10.180.1.21/compute/v2.1/os-keypairs/tempest-keypair-737725677 0.049s
2025-05-19 15:57:58.085 71573 INFO tempest.lib.common.rest_client [req-18fb1c62-e413-4cd8-86f3-5d48e940b7fe req-18fb1c62-e413-4cd8-86f3-5d48e940b7fe ] Request (FloatingIPsTestJSON:tearDownClass): 204 DELETE http://10.180.1.21:9696/networking/v2.0/routers/6626368b-0d90-4a3c-a8bf-fa18566e18f5 0.762s
2025-05-19 15:57:58.146 71529 INFO tempest.lib.common.rest_client [req-f96737ae-25e4-4e47-a40d-088323a1da88 req-f96737ae-25e4-4e47-a40d-088323a1da88 ] Request (ValidationResourcesFixture:setUp): 201 POST http://10.180.1.21:9696/networking/v2.0/security-groups 0.262s
2025-05-19 15:57:58.180 71569 INFO tempest.lib.common.rest_client [req-7f648858-48ed-43db-aafd-9a5dc9d5113b req-7f648858-48ed-43db-aafd-9a5dc9d5113b ] Request (AttachVolumeShelveTestJSON:_run_cleanups): 204 DELETE http://10.180.1.21:9696/networking/v2.0/security-groups/8f309c52-670c-478a-824d-ec0a1ded348c 0.220s
2025-05-19 15:57:58.197 71541 INFO tempest.lib.common.rest_client [req-1cb41a7e-cc63-4206-a0e8-3d88f7ccf25d req-1cb41a7e-cc63-4206-a0e8-3d88f7ccf25d ] Request (ServerShowV263Test:tearDownClass): 204 DELETE http://10.180.1.21:9696/networking/v2.0/security-groups/05f95a02-5ce6-48c5-bca1-4f640dc45bc3 0.266s
2025-05-19 15:57:58.203 71569 INFO tempest.lib.common.rest_client [req-dac57c75-dff9-4b14-9f14-76caa3beece5 req-dac57c75-dff9-4b14-9f14-76caa3beece5 ] Request (AttachVolumeShelveTestJSON:_run_cleanups): 404 GET http://10.180.1.21:9696/networking/v2.0/security-groups/8f309c52-670c-478a-824d-ec0a1ded348c 0.023s
2025-05-19 15:57:58.220 71589 INFO tempest.lib.common.rest_client [req-5654a418-03a7-470b-9e0c-26a3e47a50a7 req-5654a418-03a7-470b-9e0c-26a3e47a50a7 ] Request (SecurityGroupsTestJSON:test_security_groups_create_list_delete): 202 DELETE http://10.180.1.21/compute/v2.1/os-security-groups/69c1657a-4248-4bc6-82ea-1c617e1409a8 0.373s
2025-05-19 15:57:58.227 71533 INFO tempest.lib.common.rest_client [req-41b327e8-940d-44d8-a9e0-6e571468f8f2 req-41b327e8-940d-44d8-a9e0-6e571468f8f2 ] Request (ServerAddressesNegativeTestJSON:tearDownClass): 200 PUT http://10.180.1.21:9696/networking/v2.0/routers/ce2afb33-596f-41f3-8912-7d2427e0ddcf/remove_router_interface 1.092s
2025-05-19 15:57:58.275 71541 INFO tempest.lib.common.rest_client [req-08825640-d3e8-4133-b492-d5afb8391ee3 req-08825640-d3e8-4133-b492-d5afb8391ee3 ] Request (ServerShowV263Test:tearDownClass): 204 DELETE http://10.180.1.21/identity/v3/projects/c73db55a41874e56a55c0f3ffcdb9410 0.077s
2025-05-19 15:57:58.278 71589 INFO tempest.lib.common.rest_client [req-417374c4-06e2-4f60-a892-2ff911acdced req-417374c4-06e2-4f60-a892-2ff911acdced ] Request (SecurityGroupsTestJSON:test_security_groups_create_list_delete): 404 GET http://10.180.1.21/compute/v2.1/os-security-groups/69c1657a-4248-4bc6-82ea-1c617e1409a8 0.058s
2025-05-19 15:57:58.317 71549 INFO tempest.lib.common.rest_client [req-1a7f752b-9529-4eee-8ba6-ab6819c6324b req-1a7f752b-9529-4eee-8ba6-ab6819c6324b ] Request (ServersNegativeTestJSON:tearDownClass): 200 PUT http://10.180.1.21:9696/networking/v2.0/routers/ac554c49-ba36-4b21-88b4-26d109c15fef/remove_router_interface 1.928s
2025-05-19 15:57:58.441 71573 INFO tempest.lib.common.rest_client [req-537a6153-1f80-4376-b71e-ad9aff07e959 req-537a6153-1f80-4376-b71e-ad9aff07e959 ] Request (FloatingIPsTestJSON:tearDownClass): 204 DELETE http://10.180.1.21:9696/networking/v2.0/subnets/eed08e64-3fb3-40fa-851c-c14b28fe918d 0.356s
2025-05-19 15:57:58.480 71561 INFO tempest.lib.common.rest_client [req-e2f89b7d-9355-45a9-8752-e5fa3945c489 req-e2f89b7d-9355-45a9-8752-e5fa3945c489 ] Request (DeleteServersTestJSON:test_delete_server_while_in_attached_volume): 202 POST http://10.180.1.21/compute/v2.1/servers 0.522s
2025-05-19 15:57:58.495 71529 INFO tempest.lib.common.rest_client [req-1f2428b8-e45b-4066-b598-f77dd5c024a7 req-1f2428b8-e45b-4066-b598-f77dd5c024a7 ] Request (ValidationResourcesFixture:setUp): 201 POST http://10.180.1.21:9696/networking/v2.0/security-group-rules 0.348s
2025-05-19 15:57:58.542 71589 INFO tempest.lib.common.rest_client [req-87388ba9-eb66-4a63-ab18-f10b92df1ba4 req-87388ba9-eb66-4a63-ab18-f10b92df1ba4 ] Request (SecurityGroupsTestJSON:test_security_groups_create_list_delete): 202 DELETE http://10.180.1.21/compute/v2.1/os-security-groups/a4bb2aed-0a3f-4850-bfb6-39280860a6e5 0.263s
2025-05-19 15:57:58.568 71539 INFO tempest.lib.common.rest_client [req-c3c97673-9ead-459b-a279-72d37fb37ac4 req-c3c97673-9ead-459b-a279-72d37fb37ac4 ] Request (ServersTestJSON:test_create_specify_keypair): 200 GET http://10.180.1.21/compute/v2.1/servers/317b26f8-9fff-4f6d-953e-6fa61df2440f 0.229s
2025-05-19 15:57:58.581 71539 INFO tempest.common.waiters [-] State transition "BUILD/scheduling" ==> "ERROR/None" after 1 second wait
2025-05-19 15:57:58.601 71561 INFO tempest.lib.common.rest_client [req-05e59af2-ac8f-4e77-8fef-50b4be6c642c req-05e59af2-ac8f-4e77-8fef-50b4be6c642c ] Request (DeleteServersTestJSON:test_delete_server_while_in_attached_volume): 200 GET http://10.180.1.21/compute/v2.1/servers/3c1c5c67-2041-4dee-b0cf-220ce473c1e0 0.116s
2025-05-19 15:57:58.617 71589 INFO tempest.lib.common.rest_client [req-d7307185-9168-47cd-b584-58a478a3972e req-d7307185-9168-47cd-b584-58a478a3972e ] Request (SecurityGroupsTestJSON:test_security_groups_create_list_delete): 404 GET http://10.180.1.21/compute/v2.1/os-security-groups/a4bb2aed-0a3f-4850-bfb6-39280860a6e5 0.074s
2025-05-19 15:57:58.631 71569 INFO tempest.lib.common.rest_client [req-e24f154b-ce05-4915-acce-2d5ebc19001e req-e24f154b-ce05-4915-acce-2d5ebc19001e ] Request (AttachVolumeShelveTestJSON:_run_cleanups): 204 DELETE http://10.180.1.21:9696/networking/v2.0/floatingips/3fc64a0d-4e32-444c-a272-d4ec670de69f 0.427s
2025-05-19 15:57:58.671 71573 INFO tempest.lib.common.rest_client [req-d09d44b8-6e61-4ffb-a092-49f1e63da07c req-d09d44b8-6e61-4ffb-a092-49f1e63da07c ] Request (FloatingIPsTestJSON:tearDownClass): 204 DELETE http://10.180.1.21:9696/networking/v2.0/networks/ebb7c8f8-ac5d-4948-908c-60f11742d54a 0.230s
2025-05-19 15:57:58.785 71529 INFO tempest.lib.common.rest_client [req-47f5f74d-dee1-496f-b211-b4aaa61f1d25 req-47f5f74d-dee1-496f-b211-b4aaa61f1d25 ] Request (ValidationResourcesFixture:setUp): 201 POST http://10.180.1.21:9696/networking/v2.0/security-group-rules 0.289s
2025-05-19 15:57:58.810 71573 INFO tempest.lib.common.rest_client [req-b39f12df-1b42-4895-a1e3-d00dd81eac25 req-b39f12df-1b42-4895-a1e3-d00dd81eac25 ] Request (FloatingIPsTestJSON:tearDownClass): 204 DELETE http://10.180.1.21/identity/v3/users/ce1561aff9834ad08ab9e453c68123ee 0.138s
2025-05-19 15:57:58.810 71573 INFO tempest.lib.common.dynamic_creds [-] Deleting project and security group for project: e73fc2c335404a77bf73234eec7957c7
2025-05-19 15:57:58.827 71539 INFO tempest.lib.common.rest_client [req-64a9a522-1b77-4b56-9835-b3fa66ae2070 req-64a9a522-1b77-4b56-9835-b3fa66ae2070 ] Request (ServersTestJSON:test_create_specify_keypair): 204 DELETE http://10.180.1.21/compute/v2.1/servers/317b26f8-9fff-4f6d-953e-6fa61df2440f 0.245s
2025-05-19 15:57:58.849 71539 INFO tempest.lib.common.rest_client [req-e20191cd-93b4-4a33-817a-6e6c30f402c0 req-e20191cd-93b4-4a33-817a-6e6c30f402c0 ] Request (ServersTestJSON:test_create_specify_keypair): 404 GET http://10.180.1.21/compute/v2.1/servers/317b26f8-9fff-4f6d-953e-6fa61df2440f 0.022s
2025-05-19 15:57:58.870 71539 INFO tempest.lib.common.rest_client [req-9575ef1d-b417-4204-8e70-5214a38124aa req-9575ef1d-b417-4204-8e70-5214a38124aa ] Request (ServersTestJSON:_run_cleanups): 202 DELETE http://10.180.1.21/compute/v2.1/os-keypairs/tempest-key-1127469128 0.020s
2025-05-19 15:57:58.941 71539 INFO tempest.lib.common.rest_client [req-fa4c0af1-02c9-4c27-ad84-494be34af424 req-fa4c0af1-02c9-4c27-ad84-494be34af424 ] Request (ServersTestJSON:test_create_with_existing_server_name): 201 POST http://10.180.1.21/identity/v3/auth/tokens 0.067s
2025-05-19 15:57:58.941 71539 INFO tempest.lib.common.fixed_network [-] (ServersTestJSON:test_create_with_existing_server_name) Found network {'id': 'cb7c48ab-5285-4e36-bbf4-4d8bc79c1859', 'name': 'tempest-ServersTestJSON-915071252-network', 'tenant_id': '8c862d0dcb9c4740b51047eb67f6e9f1', 'admin_state_up': True, 'mtu': 8950, 'status': 'ACTIVE', 'subnets': [], 'shared': False, 'project_id': '8c862d0dcb9c4740b51047eb67f6e9f1', 'port_security_enabled': True, 'router:external': False, 'provider:network_type': 'vlan', 'provider:physical_network': 'default', 'provider:segmentation_id': 680, 'availability_zone_hints': [], 'availability_zones': [], 'ipv4_address_scope': None, 'ipv6_address_scope': None, 'description': '', 'tags': [], 'created_at': '2025-05-19T15:57:28Z', 'updated_at': '2025-05-19T15:57:28Z', 'revision_number': 1} available for tenant
2025-05-19 15:57:59.035 71589 INFO tempest.lib.common.rest_client [req-1b45e59b-174b-42ff-822d-0a4db2e7fea1 req-1b45e59b-174b-42ff-822d-0a4db2e7fea1 ] Request (SecurityGroupsTestJSON:test_security_groups_create_list_delete): 200 GET http://10.180.1.21/compute/v2.1/os-security-groups 0.416s
2025-05-19 15:57:59.049 71573 INFO tempest.lib.common.rest_client [req-baa59672-ad83-49e1-85ad-75e801044ce2 req-baa59672-ad83-49e1-85ad-75e801044ce2 ] Request (FloatingIPsTestJSON:tearDownClass): 200 GET http://10.180.1.21:9696/networking/v2.0/security-groups?tenant_id=e73fc2c335404a77bf73234eec7957c7&name=default 0.238s
2025-05-19 15:57:59.063 71533 INFO tempest.lib.common.rest_client [req-bf8744c7-5080-44bb-9882-ff208afb725b req-bf8744c7-5080-44bb-9882-ff208afb725b ] Request (ServerAddressesNegativeTestJSON:tearDownClass): 204 DELETE http://10.180.1.21:9696/networking/v2.0/routers/ce2afb33-596f-41f3-8912-7d2427e0ddcf 0.831s
2025-05-19 15:57:59.155 71555 INFO tempest.lib.common.rest_client [req-50ad0be2-31b5-4804-8a88-26ec54bf0600 req-50ad0be2-31b5-4804-8a88-26ec54bf0600 ] Request (ServersNegativeTestMultiTenantJSON:setUpClass): 200 GET http://10.180.1.21/compute/v2.1/servers/76e29cd2-62a2-452f-9110-b89bd8fb7a1c 0.202s
2025-05-19 15:57:59.167 71555 INFO tempest.common.waiters [-] State transition "BUILD/scheduling" ==> "ERROR/None" after 2 second wait
2025-05-19 15:57:59.362 71573 INFO tempest.lib.common.rest_client [req-4e171c4f-0027-4a59-baf3-0b904ad2d9e6 req-4e171c4f-0027-4a59-baf3-0b904ad2d9e6 ] Request (FloatingIPsTestJSON:tearDownClass): 204 DELETE http://10.180.1.21:9696/networking/v2.0/security-groups/92095136-ad95-4385-8780-ad52ecbcf703 0.313s
2025-05-19 15:57:59.431 71539 INFO tempest.lib.common.rest_client [req-1319475e-acf6-45a8-885f-f36e1a97b169 req-1319475e-acf6-45a8-885f-f36e1a97b169 ] Request (ServersTestJSON:test_create_with_existing_server_name): 202 POST http://10.180.1.21/compute/v2.1/servers 0.489s
2025-05-19 15:57:59.434 71549 INFO tempest.lib.common.rest_client [req-d87529f5-a577-465a-bccc-207f7c598a77 req-d87529f5-a577-465a-bccc-207f7c598a77 ] Request (ServersNegativeTestJSON:tearDownClass): 204 DELETE http://10.180.1.21:9696/networking/v2.0/routers/ac554c49-ba36-4b21-88b4-26d109c15fef 1.116s
2025-05-19 15:57:59.437 71533 INFO tempest.lib.common.rest_client [req-1c7d2779-2f8c-436e-8be7-18de38ac6efc req-1c7d2779-2f8c-436e-8be7-18de38ac6efc ] Request (ServerAddressesNegativeTestJSON:tearDownClass): 204 DELETE http://10.180.1.21:9696/networking/v2.0/subnets/ee3422bc-b0e9-4458-83c8-87e32cbbd820 0.374s
2025-05-19 15:57:59.497 71573 INFO tempest.lib.common.rest_client [req-3bb1c3ac-bc7f-4b41-995e-e995bbefe208 req-3bb1c3ac-bc7f-4b41-995e-e995bbefe208 ] Request (FloatingIPsTestJSON:tearDownClass): 204 DELETE http://10.180.1.21/identity/v3/projects/e73fc2c335404a77bf73234eec7957c7 0.135s
2025-05-19 15:57:59.498 71573 INFO tempest.test [-] raised in ServerPersonalityTestJSON.setUpClass. Invoking tearDownClass.
2025-05-19 15:57:59.512 71589 INFO tempest.lib.common.rest_client [req-2d05cf26-34dc-43ea-9e1e-02fff53601f9 req-2d05cf26-34dc-43ea-9e1e-02fff53601f9 ] Request (SecurityGroupsTestJSON:test_server_security_groups): 200 POST http://10.180.1.21/compute/v2.1/os-security-groups 0.468s
2025-05-19 15:57:59.564 71539 INFO tempest.lib.common.rest_client [req-a09d9530-1509-407c-a99e-32c2b07f3080 req-a09d9530-1509-407c-a99e-32c2b07f3080 ] Request (ServersTestJSON:test_create_with_existing_server_name): 200 GET http://10.180.1.21/compute/v2.1/servers/bb931f4f-2196-471f-8fea-c696c64311ea 0.130s
2025-05-19 15:57:59.616 71529 INFO tempest.lib.common.rest_client [req-4bb97d0e-6803-4185-972a-3e8e07be56d1 req-4bb97d0e-6803-4185-972a-3e8e07be56d1 ] Request (ValidationResourcesFixture:setUp): 201 POST http://10.180.1.21:9696/networking/v2.0/floatingips 0.831s
2025-05-19 15:57:59.636 71549 INFO tempest.lib.common.rest_client [req-a3453d4a-3fbc-4c1e-bbb6-69dd83d27d86 req-a3453d4a-3fbc-4c1e-bbb6-69dd83d27d86 ] Request (ServersNegativeTestJSON:tearDownClass): 204 DELETE http://10.180.1.21:9696/networking/v2.0/subnets/6c363131-d26a-4481-9e7c-fd739184668a 0.201s
2025-05-19 15:57:59.674 71555 INFO tempest.lib.common.rest_client [req-308bd8eb-1fb2-4c14-9f60-c2f8227c0272 req-308bd8eb-1fb2-4c14-9f60-c2f8227c0272 ] Request (ServersNegativeTestMultiTenantJSON:setUpClass): 204 DELETE http://10.180.1.21/compute/v2.1/servers/76e29cd2-62a2-452f-9110-b89bd8fb7a1c 0.507s
2025-05-19 15:57:59.683 71533 INFO tempest.lib.common.rest_client [req-449d8571-c634-4043-9c5c-493ca189b065 req-449d8571-c634-4043-9c5c-493ca189b065 ] Request (ServerAddressesNegativeTestJSON:tearDownClass): 204 DELETE http://10.180.1.21:9696/networking/v2.0/networks/d5a5a70c-62c1-468d-9f31-ec04f23282aa 0.246s
2025-05-19 15:57:59.721 71589 INFO tempest.lib.common.rest_client [req-8433210e-dd4a-4641-a91b-7c12896af93a req-8433210e-dd4a-4641-a91b-7c12896af93a ] Request (SecurityGroupsTestJSON:test_server_security_groups): 200 POST http://10.180.1.21/compute/v2.1/os-security-groups 0.206s
2025-05-19 15:57:59.745 71561 INFO tempest.lib.common.rest_client [req-1687e1c4-363b-4bc1-a6a1-8d909a390d7a req-1687e1c4-363b-4bc1-a6a1-8d909a390d7a ] Request (DeleteServersTestJSON:test_delete_server_while_in_attached_volume): 200 GET http://10.180.1.21/compute/v2.1/servers/3c1c5c67-2041-4dee-b0cf-220ce473c1e0 0.134s
2025-05-19 15:57:59.757 71561 INFO tempest.common.waiters [-] State transition "BUILD/scheduling" ==> "ERROR/None" after 1 second wait
2025-05-19 15:57:59.771 71555 INFO tempest.lib.common.rest_client [req-bccc5b09-0fe0-495f-84f3-ce2898980066 req-bccc5b09-0fe0-495f-84f3-ce2898980066 ] Request (ServersNegativeTestMultiTenantJSON:setUpClass): 404 GET http://10.180.1.21/compute/v2.1/servers/76e29cd2-62a2-452f-9110-b89bd8fb7a1c 0.096s
2025-05-19 15:57:59.771 71555 INFO tempest.test [-] raised in ServersNegativeTestMultiTenantJSON.setUpClass. Invoking tearDownClass.
2025-05-19 15:57:59.772 71549 INFO tempest.lib.common.rest_client [req-22e71a2e-6d6f-43b0-802b-8000be6fdec5 req-22e71a2e-6d6f-43b0-802b-8000be6fdec5 ] Request (ServersNegativeTestJSON:tearDownClass): 204 DELETE http://10.180.1.21:9696/networking/v2.0/networks/03f625dc-c8be-4271-b7be-593a647ea6c0 0.136s
2025-05-19 15:57:59.798 71589 INFO tempest.lib.common.rest_client [req-fec64b34-f062-40a1-b9dd-9f6a72d72f7f req-fec64b34-f062-40a1-b9dd-9f6a72d72f7f ] Request (SecurityGroupsTestJSON:test_server_security_groups): 201 POST http://10.180.1.21/identity/v3/auth/tokens 0.071s
2025-05-19 15:57:59.799 71589 INFO tempest.lib.common.fixed_network [-] (SecurityGroupsTestJSON:test_server_security_groups) Found network {'id': '662da59c-4810-4a00-86e2-226383e16eb0', 'name': 'tempest-SecurityGroupsTestJSON-2066589266-network', 'tenant_id': 'bf44b27b14f9455380707e9651b2bc1e', 'admin_state_up': True, 'mtu': 8950, 'status': 'ACTIVE', 'subnets': [], 'shared': False, 'project_id': 'bf44b27b14f9455380707e9651b2bc1e', 'port_security_enabled': True, 'router:external': False, 'provider:network_type': 'vlan', 'provider:physical_network': 'default', 'provider:segmentation_id': 733, 'availability_zone_hints': [], 'availability_zones': [], 'ipv4_address_scope': None, 'ipv6_address_scope': None, 'description': '', 'tags': [], 'created_at': '2025-05-19T15:57:26Z', 'updated_at': '2025-05-19T15:57:26Z', 'revision_number': 1} available for tenant
2025-05-19 15:57:59.820 71533 INFO tempest.lib.common.rest_client [req-8e508452-c28c-4851-ac6b-cc3d1803d42e req-8e508452-c28c-4851-ac6b-cc3d1803d42e ] Request (ServerAddressesNegativeTestJSON:tearDownClass): 204 DELETE http://10.180.1.21/identity/v3/users/9d1ea9d0f117436e95cb514a023230e1 0.136s
2025-05-19 15:57:59.820 71533 INFO tempest.lib.common.dynamic_creds [-] Deleting project and security group for project: 05f9887be32e4e93a9516c155e5e44da
2025-05-19 15:57:59.881 71533 INFO tempest.lib.common.rest_client [req-62c50fc7-7be1-47e1-b91a-76c5403d6315 req-62c50fc7-7be1-47e1-b91a-76c5403d6315 ] Request (ServerAddressesNegativeTestJSON:tearDownClass): 200 GET http://10.180.1.21:9696/networking/v2.0/security-groups?tenant_id=05f9887be32e4e93a9516c155e5e44da&name=default 0.061s
2025-05-19 15:57:59.892 71549 INFO tempest.lib.common.rest_client [req-b70c018d-a6c7-453a-87ca-c155e0faafba req-b70c018d-a6c7-453a-87ca-c155e0faafba ] Request (ServersNegativeTestJSON:tearDownClass): 204 DELETE http://10.180.1.21/identity/v3/users/3c41f63f11ce4155bf5be2dcbf33cc84 0.119s
2025-05-19 15:57:59.892 71549 INFO tempest.lib.common.dynamic_creds [-] Deleting project and security group for project: 5bf616cec8484c0e827ce5783c9e3b13
2025-05-19 15:57:59.945 71549 INFO tempest.lib.common.rest_client [req-b2cbbdaf-9f50-41a7-a315-0080f508bc13 req-b2cbbdaf-9f50-41a7-a315-0080f508bc13 ] Request (ServersNegativeTestJSON:tearDownClass): 200 GET http://10.180.1.21:9696/networking/v2.0/security-groups?tenant_id=5bf616cec8484c0e827ce5783c9e3b13&name=default 0.053s
2025-05-19 15:57:59.971 71561 INFO tempest.lib.common.rest_client [req-41a4d725-83b3-4cb0-847e-1df32a8e1f20 req-41a4d725-83b3-4cb0-847e-1df32a8e1f20 ] Request (DeleteServersTestJSON:test_delete_server_while_in_attached_volume): 204 DELETE http://10.180.1.21/compute/v2.1/servers/3c1c5c67-2041-4dee-b0cf-220ce473c1e0 0.213s
2025-05-19 15:58:00.036 71533 INFO tempest.lib.common.rest_client [req-e20ab0b0-be29-43f4-a554-ce03a32ccfef req-e20ab0b0-be29-43f4-a554-ce03a32ccfef ] Request (ServerAddressesNegativeTestJSON:tearDownClass): 204 DELETE http://10.180.1.21:9696/networking/v2.0/security-groups/eff6da21-be89-4996-baf5-8c9466bbcbea 0.154s
2025-05-19 15:58:00.121 71549 INFO tempest.lib.common.rest_client [req-4a446aaf-f5aa-4de6-bb62-181082ba23f9 req-4a446aaf-f5aa-4de6-bb62-181082ba23f9 ] Request (ServersNegativeTestJSON:tearDownClass): 204 DELETE http://10.180.1.21:9696/networking/v2.0/security-groups/c23ad32e-a143-4cfc-856e-d9409599e3c2 0.175s
2025-05-19 15:58:00.206 71569 INFO tempest.lib.common.rest_client [req-e8647349-43d0-4904-9d30-6f939536bd84 req-e8647349-43d0-4904-9d30-6f939536bd84 ] Request (AttachVolumeShelveTestJSON:tearDownClass): 200 PUT http://10.180.1.21:9696/networking/v2.0/routers/667af957-23a4-4f9a-9ed3-83863bb41d61/remove_router_interface 1.569s
2025-05-19 15:58:00.206 71533 INFO tempest.lib.common.rest_client [req-a1118975-4b42-4ed7-a4ce-8a605c965062 req-a1118975-4b42-4ed7-a4ce-8a605c965062 ] Request (ServerAddressesNegativeTestJSON:tearDownClass): 204 DELETE http://10.180.1.21/identity/v3/projects/05f9887be32e4e93a9516c155e5e44da 0.170s
2025-05-19 15:58:00.281 71549 INFO tempest.lib.common.rest_client [req-44ef0b17-15dc-486c-bb57-02b7ae554d81 req-44ef0b17-15dc-486c-bb57-02b7ae554d81 ] Request (ServersNegativeTestJSON:tearDownClass): 204 DELETE http://10.180.1.21/identity/v3/projects/5bf616cec8484c0e827ce5783c9e3b13 0.160s
2025-05-19 15:58:00.313 71529 INFO tempest.lib.common.rest_client [req-4250b04f-577c-479d-8ea5-393f306347d5 req-4250b04f-577c-479d-8ea5-393f306347d5 ] Request (AttachInterfacesTestJSON:test_reassign_port_between_servers): 202 POST http://10.180.1.21/compute/v2.1/servers 0.696s
2025-05-19 15:58:00.340 71561 INFO tempest.lib.common.rest_client [req-2957ed17-d458-4b39-82c2-d33da55decc8 req-2957ed17-d458-4b39-82c2-d33da55decc8 ] Request (DeleteServersTestJSON:test_delete_server_while_in_attached_volume): 404 GET http://10.180.1.21/compute/v2.1/servers/3c1c5c67-2041-4dee-b0cf-220ce473c1e0 0.368s
2025-05-19 15:58:00.385 71549 INFO tempest.lib.common.rest_client [req-5ab195ad-8202-48c7-940f-0ae06776cf54 req-5ab195ad-8202-48c7-940f-0ae06776cf54 ] Request (AttachVolumeNegativeTest:setUpClass): 201 POST http://10.180.1.21/identity/v3/auth/tokens 0.098s
2025-05-19 15:58:00.405 71529 INFO tempest.lib.common.rest_client [req-973a85a6-11d7-48da-a59f-53f48b914f77 req-973a85a6-11d7-48da-a59f-53f48b914f77 ] Request (AttachInterfacesTestJSON:test_reassign_port_between_servers): 200 GET http://10.180.1.21/compute/v2.1/servers/4ad99fd2-3bf8-435b-ba03-e6bcaf1a962e 0.088s
2025-05-19 15:58:00.424 71549 INFO tempest.lib.common.rest_client [req-55f17fe8-aadf-4780-a5b0-3139d8de0031 req-55f17fe8-aadf-4780-a5b0-3139d8de0031 ] Request (AttachVolumeNegativeTest:setUpClass): 201 POST http://10.180.1.21/identity/v3/auth/tokens 0.031s
2025-05-19 15:58:00.428 71589 INFO tempest.lib.common.rest_client [req-79a83d51-3d16-4656-9a66-0b055024b3a2 req-79a83d51-3d16-4656-9a66-0b055024b3a2 ] Request (SecurityGroupsTestJSON:test_server_security_groups): 202 POST http://10.180.1.21/compute/v2.1/servers 0.628s
2025-05-19 15:58:00.445 71561 INFO tempest.lib.common.rest_client [req-74a42174-a9f3-4634-8df9-b355bfb9da75 req-74a42174-a9f3-4634-8df9-b355bfb9da75 ] Request (DeleteServersTestJSON:test_delete_server_while_in_building_state): 201 POST http://10.180.1.21/identity/v3/auth/tokens 0.092s
