2025-05-19 15:56:09.356 71585 INFO tempest.lib.common.rest_client [req-a8627a32-da35-444c-a396-0e614dc4566a req-a8627a32-da35-444c-a396-0e614dc4566a ] Request (ServicesAdminTestJSON:tearDownClass): 204 DELETE http://10.180.1.21:9696/networking/v2.0/security-groups/9cdaa642-30ae-4425-8494-5c7d24ece14f 0.214s
2025-05-19 15:56:09.415 71541 INFO tempest.lib.common.rest_client [req-f16299fa-91ea-4f85-ab80-53fdd4f95e1e req-f16299fa-91ea-4f85-ab80-53fdd4f95e1e ] Request (QuotasAdminTestV257:setUpClass): 201 POST http://10.180.1.21/identity/v3/users 0.094s
2025-05-19 15:56:09.498 71581 INFO tempest.lib.common.rest_client [req-a7eefcea-59b9-4aa6-9045-86c1e5d2c6aa req-a7eefcea-59b9-4aa6-9045-86c1e5d2c6aa ] Request (QuotasAdminNegativeTest:test_create_server_when_memory_quota_is_full): 200 PUT http://10.180.1.21/compute/v2.1/os-quota-sets/9ebc73f4c93f499da049b4c9025ebe96 1.891s
2025-05-19 15:56:09.501 71531 INFO tempest.lib.common.rest_client [req-42aa5d6f-e797-491d-be97-3703e231eed7 req-42aa5d6f-e797-491d-be97-3703e231eed7 ] Request (ListServerFiltersTestJSON:setUpClass): 202 POST http://10.180.1.21/compute/v2.1/servers 2.141s
2025-05-19 15:56:09.512 71547 INFO tempest.lib.common.rest_client [req-6110e3bc-ce17-4dad-b20b-cc1b7be7ac44 req-6110e3bc-ce17-4dad-b20b-cc1b7be7ac44 ] Request (KeyPairsV210TestJSON:test_admin_manage_keypairs_for_other_users): 200 GET http://10.180.1.21/compute/v2.1/os-keypairs?user_id=0b1d640f4ca84629877a65588849c472 1.834s
2025-05-19 15:56:09.533 71543 INFO tempest.lib.common.rest_client [req-f2ed7008-27eb-46d3-8b81-22ddbe003e33 req-f2ed7008-27eb-46d3-8b81-22ddbe003e33 ] Request (QuotaClassesAdminTestJSON:tearDownClass): 204 DELETE http://10.180.1.21/identity/v3/projects/1d5f4411bb2743b280d516cc2b49d87a 0.194s
2025-05-19 15:56:09.536 71585 INFO tempest.lib.common.rest_client [req-dc6f8521-7089-442a-adee-c81889f3acf3 req-dc6f8521-7089-442a-adee-c81889f3acf3 ] Request (ServicesAdminTestJSON:tearDownClass): 204 DELETE http://10.180.1.21/identity/v3/projects/41ae8df27bdc4393ac9d19ab54171fd7 0.179s
2025-05-19 15:56:09.626 71541 INFO tempest.lib.common.rest_client [req-39c429d8-1bf7-4ee8-8573-5fde12f9c8ff req-39c429d8-1bf7-4ee8-8573-5fde12f9c8ff ] Request (QuotasAdminTestV257:setUpClass): 200 GET http://10.180.1.21/identity/v3/roles 0.208s
2025-05-19 15:56:09.658 71543 INFO tempest.lib.common.rest_client [req-97d68962-c005-4105-a292-bfd601c88a89 req-97d68962-c005-4105-a292-bfd601c88a89 ] Request (ServerDiagnosticsTest:setUpClass): 201 POST http://10.180.1.21/identity/v3/auth/tokens 0.124s
2025-05-19 15:56:09.662 71587 INFO tempest.lib.common.rest_client [req-97e4219f-e087-4d85-8379-235e1129b588 req-97e4219f-e087-4d85-8379-235e1129b588 ] Request (ServerRescueNegativeTestJSON:setUpClass): 200 GET http://10.180.1.21/compute/v2.1/servers/c988f708-f509-4337-b924-0b960e23f312 1.425s
2025-05-19 15:56:09.676 71576 INFO tempest.lib.common.rest_client [req-10c991d8-c19b-47ac-ac2b-909e85bd744f req-10c991d8-c19b-47ac-ac2b-909e85bd744f ] Request (FlavorMetadataValidation:tearDownClass): 200 GET http://10.180.1.21:9696/networking/v2.0/security-groups?tenant_id=ed31d7bb3bd5429a9c0aea133623dfba&name=default 0.634s
2025-05-19 15:56:09.681 71581 INFO tempest.lib.common.rest_client [req-b27278d4-16b6-493e-9a2d-4108f5fe5568 req-b27278d4-16b6-493e-9a2d-4108f5fe5568 ] Request (QuotasAdminNegativeTest:test_create_server_when_memory_quota_is_full): 201 POST http://10.180.1.21/identity/v3/auth/tokens 0.178s
2025-05-19 15:56:09.681 71585 INFO tempest.lib.common.rest_client [req-46aae1c7-0d93-4efa-b233-8843ac354bd5 req-46aae1c7-0d93-4efa-b233-8843ac354bd5 ] Request (KeyPairsV22TestJSON:setUpClass): 201 POST http://10.180.1.21/identity/v3/auth/tokens 0.143s
2025-05-19 15:56:09.681 71581 INFO tempest.lib.common.fixed_network [-] (QuotasAdminNegativeTest:test_create_server_when_memory_quota_is_full) Found network None available for tenant
2025-05-19 15:56:09.707 71541 INFO tempest.lib.common.rest_client [req-9207f284-e0f4-4d62-b816-ddc68d0475c3 req-9207f284-e0f4-4d62-b816-ddc68d0475c3 ] Request (QuotasAdminTestV257:setUpClass): 204 PUT http://10.180.1.21/identity/v3/projects/686cd5d692974bfda1e402fee70274e8/users/b678f1ca5efd438baade0248cdb51ddc/roles/f82edbd907df4c2b9cf97c78bf983df7 0.080s
2025-05-19 15:56:09.768 71543 INFO tempest.lib.common.rest_client [req-c97a9442-1147-47ae-a891-268acc6242e8 req-c97a9442-1147-47ae-a891-268acc6242e8 ] Request (ServerDiagnosticsTest:setUpClass): 201 POST http://10.180.1.21/identity/v3/auth/tokens 0.106s
2025-05-19 15:56:09.785 71560 INFO tempest.lib.common.rest_client [req-dfa984cf-0d58-48e6-b5b7-f40e5420b5b9 req-dfa984cf-0d58-48e6-b5b7-f40e5420b5b9 ] Request (HypervisorAdminTestJSON:tearDownClass): 200 GET http://10.180.1.21:9696/networking/v2.0/security-groups?tenant_id=76db68ed36b24905911eddac5e3a68de&name=default 0.463s
2025-05-19 15:56:09.798 71585 INFO tempest.lib.common.rest_client [req-edc6b5cc-2273-4b50-93e6-10bae47c3ffb req-edc6b5cc-2273-4b50-93e6-10bae47c3ffb ] Request (KeyPairsV22TestJSON:setUpClass): 201 POST http://10.180.1.21/identity/v3/auth/tokens 0.113s
2025-05-19 15:56:09.809 71579 INFO tempest.lib.common.rest_client [req-de2f622d-fa0a-4541-a935-03c0513d30a9 req-de2f622d-fa0a-4541-a935-03c0513d30a9 ] Request (QuotasAdminTestJSON:test_delete_quota): 200 GET http://10.180.1.21/compute/v2.1/os-quota-sets/c4476e2555614f17aa9a0d5b73586ff9 2.028s
2025-05-19 15:56:09.814 71541 INFO tempest.lib.common.rest_client [req-80ed4543-e5c4-4a7a-9d05-23be07a1ad30 req-80ed4543-e5c4-4a7a-9d05-23be07a1ad30 ] Request (QuotasAdminTestV257:setUpClass): 200 GET http://10.180.1.21/identity/v3/roles 0.106s
2025-05-19 15:56:09.816 71543 INFO tempest.lib.common.rest_client [req-d5d2bb29-e4d5-4d24-aebe-553688048f79 req-d5d2bb29-e4d5-4d24-aebe-553688048f79 ] Request (ServerDiagnosticsTest:setUpClass): 200 GET http://10.180.1.21/identity/v3/domains?name=Default 0.047s
2025-05-19 15:56:09.833 71541 INFO tempest.lib.common.rest_client [req-54e976d5-ba4a-48c9-a61d-01cc9a10cad8 req-54e976d5-ba4a-48c9-a61d-01cc9a10cad8 ] Request (QuotasAdminTestV257:setUpClass): 204 PUT http://10.180.1.21/identity/v3/projects/686cd5d692974bfda1e402fee70274e8/users/b678f1ca5efd438baade0248cdb51ddc/roles/f82edbd907df4c2b9cf97c78bf983df7 0.018s
2025-05-19 15:56:09.833 71541 INFO tempest.lib.common.dynamic_creds [-] Dynamic test user b678f1ca5efd438baade0248cdb51ddc is created with scope project and roles: ['admin']
2025-05-19 15:56:09.833 71541 INFO tempest.lib.common.dynamic_creds [-] Acquired dynamic creds: credentials: Credentials: {'domain_id': 'default', 'domain_name': 'Default', 'username': 'tempest-QuotasAdminTestV257-1124510992-project-admin', 'project_domain_id': 'default', 'project_domain_name': 'Default', 'project_id': '686cd5d692974bfda1e402fee70274e8', 'project_name': 'tempest-QuotasAdminTestV257-1124510992', 'tenant_id': '686cd5d692974bfda1e402fee70274e8', 'tenant_name': 'tempest-QuotasAdminTestV257-1124510992', 'user_domain_id': 'default', 'user_domain_name': 'Default', 'user_id': 'b678f1ca5efd438baade0248cdb51ddc', 'system': None}, Network: None, Subnet: None, Router: None
2025-05-19 15:56:09.833 71541 INFO tempest.lib.common.dynamic_creds [-] Created isolated network resources for: credentials: Credentials: {'domain_id': 'default', 'domain_name': 'Default', 'username': 'tempest-QuotasAdminTestV257-1124510992-project-admin', 'project_domain_id': 'default', 'project_domain_name': 'Default', 'project_id': '686cd5d692974bfda1e402fee70274e8', 'project_name': 'tempest-QuotasAdminTestV257-1124510992', 'tenant_id': '686cd5d692974bfda1e402fee70274e8', 'tenant_name': 'tempest-QuotasAdminTestV257-1124510992', 'user_domain_id': 'default', 'user_domain_name': 'Default', 'user_id': 'b678f1ca5efd438baade0248cdb51ddc', 'system': None}, Network: None, Subnet: None, Router: None
2025-05-19 15:56:09.838 71585 INFO tempest.lib.common.rest_client [req-9cd619ae-41f1-4f65-a677-9466251893a1 req-9cd619ae-41f1-4f65-a677-9466251893a1 ] Request (KeyPairsV22TestJSON:setUpClass): 200 GET http://10.180.1.21/identity/v3/domains?name=Default 0.040s
2025-05-19 15:56:09.852 71569 INFO tempest.lib.common.rest_client [req-a8a38cf2-b38c-440a-af7b-26f280d33d45 req-a8a38cf2-b38c-440a-af7b-26f280d33d45 ] Request (ServersTestMultiNic:test_verify_duplicate_network_nics): 201 POST http://10.180.1.21:9696/networking/v2.0/subnets 1.011s
2025-05-19 15:56:09.875 71576 INFO tempest.lib.common.rest_client [req-5ead4626-d0b7-4ac4-b9f3-31828b4a0351 req-5ead4626-d0b7-4ac4-b9f3-31828b4a0351 ] Request (FlavorMetadataValidation:tearDownClass): 204 DELETE http://10.180.1.21:9696/networking/v2.0/security-groups/67fde8ad-4035-43de-9cd7-d91a22d8b006 0.198s
2025-05-19 15:56:09.894 71543 INFO tempest.lib.common.rest_client [req-24f380a9-20bb-4409-a61b-186d0584db41 req-24f380a9-20bb-4409-a61b-186d0584db41 ] Request (ServerDiagnosticsTest:setUpClass): 201 POST http://10.180.1.21/identity/v3/projects 0.077s
2025-05-19 15:56:09.918 71541 INFO tempest.lib.common.rest_client [req-b2b6f906-1c8f-4837-bc12-4a7e8c91de50 req-b2b6f906-1c8f-4837-bc12-4a7e8c91de50 ] Request (QuotasAdminTestV257:setUpClass): 201 POST http://10.180.1.21/identity/v3/auth/tokens 0.082s
2025-05-19 15:56:09.918 71541 WARNING tempest.lib.common.rest_client [-] Deprecated: "tenant_id" property is deprecated for removal, use "project_id" instead
2025-05-19 15:56:09.956 71585 INFO tempest.lib.common.rest_client [req-dfe3cbf1-85e5-485a-b99d-b945765d0b2b req-dfe3cbf1-85e5-485a-b99d-b945765d0b2b ] Request (KeyPairsV22TestJSON:setUpClass): 201 POST http://10.180.1.21/identity/v3/projects 0.116s
2025-05-19 15:56:09.976 71560 INFO tempest.lib.common.rest_client [req-7c991423-d2b2-4420-b25a-e8e1c22f0aeb req-7c991423-d2b2-4420-b25a-e8e1c22f0aeb ] Request (HypervisorAdminTestJSON:tearDownClass): 204 DELETE http://10.180.1.21:9696/networking/v2.0/security-groups/4afab8fd-c9c6-4ad3-ab3d-5fed9c6460ab 0.191s
2025-05-19 15:56:10.004 71539 INFO tempest.lib.common.rest_client [req-9d38007b-fcd4-4d39-84b7-32e44f9af30e req-9d38007b-fcd4-4d39-84b7-32e44f9af30e ] Request (FloatingIPsAssociationNegativeTestJSON:setUpClass): 201 POST http://10.180.1.21:9696/networking/v2.0/routers 1.831s
2025-05-19 15:56:10.026 71569 INFO tempest.lib.common.rest_client [req-e71b13cf-cb3e-4dd8-abd8-8a7fc1316c39 req-e71b13cf-cb3e-4dd8-abd8-8a7fc1316c39 ] Request (ServersTestMultiNic:test_verify_duplicate_network_nics): 201 POST http://10.180.1.21:9696/networking/v2.0/networks 0.174s
2025-05-19 15:56:10.028 71549 INFO tempest.lib.common.rest_client [req-70ce6550-1c74-4181-b748-83dbb665cfb3 req-70ce6550-1c74-4181-b748-83dbb665cfb3 ] Request (FloatingIPsAssociationTestJSON:setUpClass): 204 DELETE http://10.180.1.21/compute/v2.1/servers/1a079869-174f-4113-9b90-2f44e2f2bb9a 1.665s
2025-05-19 15:56:10.039 71576 INFO tempest.lib.common.rest_client [req-4e0684b0-7975-4f74-b7e0-478f047cdcf7 req-4e0684b0-7975-4f74-b7e0-478f047cdcf7 ] Request (FlavorMetadataValidation:tearDownClass): 204 DELETE http://10.180.1.21/identity/v3/projects/ed31d7bb3bd5429a9c0aea133623dfba 0.164s
2025-05-19 15:56:10.039 71576 INFO tempest.lib.common.dynamic_creds [-] Deleting project and security group for project: e4425cd6d7904cadb4fd00e7f9c24f90
2025-05-19 15:56:10.071 71563 INFO tempest.lib.common.rest_client [req-dc110620-edd0-4e58-b485-bcc6c6986fd1 req-dc110620-edd0-4e58-b485-bcc6c6986fd1 ] Request (FlavorsV255TestJSON:test_crud_flavor): 200 GET http://10.180.1.21/compute/v2.1/flavors 1.648s
2025-05-19 15:56:10.074 71543 INFO tempest.lib.common.rest_client [req-936c127a-fd30-4156-ab19-695c825c56f3 req-936c127a-fd30-4156-ab19-695c825c56f3 ] Request (ServerDiagnosticsTest:setUpClass): 201 POST http://10.180.1.21/identity/v3/users 0.180s
2025-05-19 15:56:10.093 71577 INFO tempest.lib.common.rest_client [req-ce92ae4d-681e-419c-b3e8-2fb5d6303e0c req-ce92ae4d-681e-419c-b3e8-2fb5d6303e0c ] Request (ImagesOneServerNegativeTestJSON:setUpClass): 404 GET http://10.180.1.21/compute/v2.1/servers/0d8c88ae-07d3-4a40-b0e2-bcc19550e7ee 1.640s
2025-05-19 15:56:10.093 71577 INFO tempest.test [-] raised in ImagesOneServerNegativeTestJSON.setUpClass. Invoking tearDownClass.
2025-05-19 15:56:10.119 71567 INFO tempest.lib.common.rest_client [req-3a821a05-3ecf-42ac-ae96-05c3a609941a req-3a821a05-3ecf-42ac-ae96-05c3a609941a ] Request (FlavorsV261TestJSON:test_crud_flavor): 200 GET http://10.180.1.21/compute/v2.1/flavors 1.655s
2025-05-19 15:56:10.144 71585 INFO tempest.lib.common.rest_client [req-7eaf58c3-3000-4063-a946-7606f51391fc req-7eaf58c3-3000-4063-a946-7606f51391fc ] Request (KeyPairsV22TestJSON:setUpClass): 201 POST http://10.180.1.21/identity/v3/users 0.187s
2025-05-19 15:56:10.154 71560 INFO tempest.lib.common.rest_client [req-11a14091-d9f3-46ee-9101-bc68794cefc1 req-11a14091-d9f3-46ee-9101-bc68794cefc1 ] Request (HypervisorAdminTestJSON:tearDownClass): 204 DELETE http://10.180.1.21/identity/v3/projects/76db68ed36b24905911eddac5e3a68de 0.177s
2025-05-19 15:56:10.154 71560 INFO tempest.lib.common.dynamic_creds [-] Deleting project and security group for project: 94e990af49744e33a211313f01783383
2025-05-19 15:56:10.208 71543 INFO tempest.lib.common.rest_client [req-c13c4486-56b1-4927-a7ce-5cb2cdd4ad99 req-c13c4486-56b1-4927-a7ce-5cb2cdd4ad99 ] Request (ServerDiagnosticsTest:setUpClass): 200 GET http://10.180.1.21/identity/v3/roles 0.134s
2025-05-19 15:56:10.218 71585 INFO tempest.lib.common.rest_client [req-213738de-669e-45ba-8772-72505b75edf7 req-213738de-669e-45ba-8772-72505b75edf7 ] Request (KeyPairsV22TestJSON:setUpClass): 200 GET http://10.180.1.21/identity/v3/roles 0.074s
2025-05-19 15:56:10.242 71543 INFO tempest.lib.common.rest_client [req-64dabaf8-bfa5-4042-9ead-f95601d49d4f req-64dabaf8-bfa5-4042-9ead-f95601d49d4f ] Request (ServerDiagnosticsTest:setUpClass): 204 PUT http://10.180.1.21/identity/v3/projects/4f85b0d26d9b404084e433bc49db9042/users/f7378822502b4dce94058879adb449cd/roles/93a3e573a3cb4750a181f7aabe896ec9 0.033s
2025-05-19 15:56:10.242 71543 INFO tempest.lib.common.dynamic_creds [-] Dynamic test user f7378822502b4dce94058879adb449cd is created with scope project and roles: ['member']
2025-05-19 15:56:10.243 71543 INFO tempest.lib.common.dynamic_creds [-] Acquired dynamic creds: credentials: Credentials: {'domain_id': 'default', 'domain_name': 'Default', 'username': 'tempest-ServerDiagnosticsTest-1588291833-project-member', 'project_domain_id': 'default', 'project_domain_name': 'Default', 'project_id': '4f85b0d26d9b404084e433bc49db9042', 'project_name': 'tempest-ServerDiagnosticsTest-1588291833', 'tenant_id': '4f85b0d26d9b404084e433bc49db9042', 'tenant_name': 'tempest-ServerDiagnosticsTest-1588291833', 'user_domain_id': 'default', 'user_domain_name': 'Default', 'user_id': 'f7378822502b4dce94058879adb449cd', 'system': None}, Network: None, Subnet: None, Router: None
2025-05-19 15:56:10.243 71543 INFO tempest.lib.common.dynamic_creds [-] Created isolated network resources for: credentials: Credentials: {'domain_id': 'default', 'domain_name': 'Default', 'username': 'tempest-ServerDiagnosticsTest-1588291833-project-member', 'project_domain_id': 'default', 'project_domain_name': 'Default', 'project_id': '4f85b0d26d9b404084e433bc49db9042', 'project_name': 'tempest-ServerDiagnosticsTest-1588291833', 'tenant_id': '4f85b0d26d9b404084e433bc49db9042', 'tenant_name': 'tempest-ServerDiagnosticsTest-1588291833', 'user_domain_id': 'default', 'user_domain_name': 'Default', 'user_id': 'f7378822502b4dce94058879adb449cd', 'system': None}, Network: None, Subnet: None, Router: None
2025-05-19 15:56:10.248 71585 INFO tempest.lib.common.rest_client [req-ca5bf8d9-890a-4079-831e-1bb611f07671 req-ca5bf8d9-890a-4079-831e-1bb611f07671 ] Request (KeyPairsV22TestJSON:setUpClass): 204 PUT http://10.180.1.21/identity/v3/projects/2884f55164834a1dbc34326971993232/users/d9b7a178aa8c4d4fb3298d66545977ca/roles/93a3e573a3cb4750a181f7aabe896ec9 0.030s
2025-05-19 15:56:10.248 71585 INFO tempest.lib.common.dynamic_creds [-] Dynamic test user d9b7a178aa8c4d4fb3298d66545977ca is created with scope project and roles: ['member']
2025-05-19 15:56:10.249 71585 INFO tempest.lib.common.dynamic_creds [-] Acquired dynamic creds: credentials: Credentials: {'domain_id': 'default', 'domain_name': 'Default', 'username': 'tempest-KeyPairsV22TestJSON-195953485-project-member', 'project_domain_id': 'default', 'project_domain_name': 'Default', 'project_id': '2884f55164834a1dbc34326971993232', 'project_name': 'tempest-KeyPairsV22TestJSON-195953485', 'tenant_id': '2884f55164834a1dbc34326971993232', 'tenant_name': 'tempest-KeyPairsV22TestJSON-195953485', 'user_domain_id': 'default', 'user_domain_name': 'Default', 'user_id': 'd9b7a178aa8c4d4fb3298d66545977ca', 'system': None}, Network: None, Subnet: None, Router: None
2025-05-19 15:56:10.249 71585 INFO tempest.lib.common.dynamic_creds [-] Created isolated network resources for: credentials: Credentials: {'domain_id': 'default', 'domain_name': 'Default', 'username': 'tempest-KeyPairsV22TestJSON-195953485-project-member', 'project_domain_id': 'default', 'project_domain_name': 'Default', 'project_id': '2884f55164834a1dbc34326971993232', 'project_name': 'tempest-KeyPairsV22TestJSON-195953485', 'tenant_id': '2884f55164834a1dbc34326971993232', 'tenant_name': 'tempest-KeyPairsV22TestJSON-195953485', 'user_domain_id': 'default', 'user_domain_name': 'Default', 'user_id': 'd9b7a178aa8c4d4fb3298d66545977ca', 'system': None}, Network: None, Subnet: None, Router: None
2025-05-19 15:56:10.261 71557 INFO tempest.lib.common.rest_client [req-77d57516-cc42-48d3-b6ba-83242b925c13 req-77d57516-cc42-48d3-b6ba-83242b925c13 ] Request (AggregatesAdminNegativeTestJSON:_run_cleanups): 200 POST http://10.180.1.21/compute/v2.1/os-aggregates/1/action 1.761s
2025-05-19 15:56:10.327 71543 INFO tempest.lib.common.rest_client [req-ddd2fe93-1ce5-4736-bf31-91c57f288ed0 req-ddd2fe93-1ce5-4736-bf31-91c57f288ed0 ] Request (ServerDiagnosticsTest:setUpClass): 201 POST http://10.180.1.21/identity/v3/auth/tokens 0.080s
2025-05-19 15:56:10.335 71576 INFO tempest.lib.common.rest_client [req-df46e43e-fe45-4a44-85d5-cddd05c74a08 req-df46e43e-fe45-4a44-85d5-cddd05c74a08 ] Request (FlavorMetadataValidation:tearDownClass): 200 GET http://10.180.1.21:9696/networking/v2.0/security-groups?tenant_id=e4425cd6d7904cadb4fd00e7f9c24f90&name=default 0.295s
2025-05-19 15:56:10.335 71565 INFO tempest.lib.common.rest_client [req-b981ab9a-50fb-4187-b692-c93be77c835e req-b981ab9a-50fb-4187-b692-c93be77c835e ] Request (ImagesTestJSON:test_create_image_from_stopped_server): 202 POST http://10.180.1.21/compute/v2.1/servers 1.999s
2025-05-19 15:56:10.343 71585 INFO tempest.lib.common.rest_client [req-de1c3f3e-64c0-49c0-a529-f86e08221779 req-de1c3f3e-64c0-49c0-a529-f86e08221779 ] Request (KeyPairsV22TestJSON:setUpClass): 201 POST http://10.180.1.21/identity/v3/auth/tokens 0.087s
2025-05-19 15:56:10.373 71535 INFO tempest.lib.common.rest_client [req-0f0c526d-89e0-480a-9b76-da3da368b6f3 req-0f0c526d-89e0-480a-9b76-da3da368b6f3 ] Request (VolumesAssistedSnapshotsTest:setUpClass): 200 PUT http://10.180.1.21:9696/networking/v2.0/routers/451cda45-0152-4f50-a9fa-c20403cd128b/add_router_interface 1.742s
2025-05-19 15:56:10.373 71535 INFO tempest.lib.common.dynamic_creds [-] Created isolated network resources for: credentials: Credentials: {'domain_id': 'default', 'domain_name': 'Default', 'username': 'tempest-VolumesAssistedSnapshotsTest-1517870680-project', 'project_domain_id': 'default', 'project_domain_name': 'Default', 'project_id': '4462a05875224f84882bccc51a7986c1', 'project_name': 'tempest-VolumesAssistedSnapshotsTest-1517870680', 'tenant_id': '4462a05875224f84882bccc51a7986c1', 'tenant_name': 'tempest-VolumesAssistedSnapshotsTest-1517870680', 'user_domain_id': 'default', 'user_domain_name': 'Default', 'user_id': 'b90f2fa8b54e4f1cab72b3e8fe8d6590', 'system': None}, Network: {'id': '6aa1593f-3a00-432e-b9be-bfce8da5e0b3', 'name': 'tempest-VolumesAssistedSnapshotsTest-197935201-network', 'tenant_id': '4462a05875224f84882bccc51a7986c1', 'admin_state_up': True, 'mtu': 8950, 'status': 'ACTIVE', 'subnets': [], 'shared': False, 'project_id': '4462a05875224f84882bccc51a7986c1', 'port_security_enabled': True, 'router:external': False, 'provider:network_type': 'vlan', 'provider:physical_network': 'default', 'provider:segmentation_id': 466, 'availability_zone_hints': [], 'availability_zones': [], 'ipv4_address_scope': None, 'ipv6_address_scope': None, 'description': '', 'tags': [], 'created_at': '2025-05-19T15:56:06Z', 'updated_at': '2025-05-19T15:56:06Z', 'revision_number': 1}, Subnet: {'id': 'e0524b08-85bb-4808-a122-d872314debf7', 'name': 'tempest-VolumesAssistedSnapshotsTest-197935201-subnet', 'tenant_id': '4462a05875224f84882bccc51a7986c1', 'network_id': '6aa1593f-3a00-432e-b9be-bfce8da5e0b3', 'ip_version': 4, 'subnetpool_id': None, 'enable_dhcp': True, 'ipv6_ra_mode': None, 'ipv6_address_mode': None, 'gateway_ip': '192.168.128.1', 'cidr': '192.168.128.0/28', 'allocation_pools': [{'start': '192.168.128.2', 'end': '192.168.128.14'}], 'host_routes': [], 'dns_nameservers': [], 'description': '', 'router:external': False, 'service_types': [], 'tags': [], 'created_at': '2025-05-19T15:56:06Z', 'updated_at': '2025-05-19T15:56:06Z', 'revision_number': 0, 'project_id': '4462a05875224f84882bccc51a7986c1'}, Router: {'id': '451cda45-0152-4f50-a9fa-c20403cd128b', 'name': 'tempest-VolumesAssistedSnapshotsTest-197935201-router', 'tenant_id': '4462a05875224f84882bccc51a7986c1', 'admin_state_up': True, 'status': 'ACTIVE', 'external_gateway_info': {'network_id': '66efa607-5e41-4f8a-b837-b1de9f46fade', 'external_fixed_ips': [{'subnet_id': '956800f7-e740-4e3b-9877-97f0f96944ed', 'ip_address': '10.180.180.247'}], 'enable_snat': True}, 'description': '', 'availability_zones': [], 'distributed': False, 'ha': False, 'availability_zone_hints': [], 'routes': [], 'flavor_id': None, 'tags': [], 'created_at': '2025-05-19T15:56:06Z', 'updated_at': '2025-05-19T15:56:07Z', 'revision_number': 2, 'project_id': '4462a05875224f84882bccc51a7986c1'}
2025-05-19 15:56:10.404 71543 INFO tempest.lib.common.rest_client [req-53bbde70-eff1-4a64-9fb8-fb6d5895c841 req-53bbde70-eff1-4a64-9fb8-fb6d5895c841 ] Request (ServerDiagnosticsTest:setUpClass): 201 POST http://10.180.1.21/identity/v3/projects 0.076s
2025-05-19 15:56:10.433 71560 INFO tempest.lib.common.rest_client [req-7778c753-e2cd-4de0-a58f-00090ea3c349 req-7778c753-e2cd-4de0-a58f-00090ea3c349 ] Request (HypervisorAdminTestJSON:tearDownClass): 200 GET http://10.180.1.21:9696/networking/v2.0/security-groups?tenant_id=94e990af49744e33a211313f01783383&name=default 0.278s
2025-05-19 15:56:10.445 71583 INFO tempest.lib.common.rest_client [req-034a7d3b-b9ea-41a2-80cf-9fafce3f340d req-034a7d3b-b9ea-41a2-80cf-9fafce3f340d ] Request (ServersWithSpecificFlavorTestJSON:test_verify_created_server_ephemeral_disk): 200 POST http://10.180.1.21/compute/v2.1/flavors 1.856s
2025-05-19 15:56:10.467 71543 INFO tempest.lib.common.rest_client [req-f3f0eefc-446e-47b3-98af-d573f1f402a4 req-f3f0eefc-446e-47b3-98af-d573f1f402a4 ] Request (ServerDiagnosticsTest:setUpClass): 201 POST http://10.180.1.21/identity/v3/users 0.063s
2025-05-19 15:56:10.478 71535 INFO tempest.lib.common.rest_client [req-6d3f4b20-1890-4fb9-9028-8401d02cdd34 req-6d3f4b20-1890-4fb9-9028-8401d02cdd34 ] Request (VolumesAssistedSnapshotsTest:setUpClass): 201 POST http://10.180.1.21/identity/v3/auth/tokens 0.101s
2025-05-19 15:56:10.498 71543 INFO tempest.lib.common.rest_client [req-113f0896-8a5c-48b7-a8f1-7fe40cf7b5c5 req-113f0896-8a5c-48b7-a8f1-7fe40cf7b5c5 ] Request (ServerDiagnosticsTest:setUpClass): 200 GET http://10.180.1.21/identity/v3/roles 0.030s
2025-05-19 15:56:10.507 71576 INFO tempest.lib.common.rest_client [req-a6ffd2a2-7983-4b07-8e71-5993724fa135 req-a6ffd2a2-7983-4b07-8e71-5993724fa135 ] Request (FlavorMetadataValidation:tearDownClass): 204 DELETE http://10.180.1.21:9696/networking/v2.0/security-groups/13768f3d-5d0b-498d-86fb-c1decb253e59 0.172s
2025-05-19 15:56:10.562 71543 INFO tempest.lib.common.rest_client [req-f3b7cacd-854f-497a-9792-45d0b40c5b44 req-f3b7cacd-854f-497a-9792-45d0b40c5b44 ] Request (ServerDiagnosticsTest:setUpClass): 204 PUT http://10.180.1.21/identity/v3/projects/5d7d60c5a2b245d780a2c61dca7585f7/users/ea329db8499843e8b5d0e5c25ba2450d/roles/f82edbd907df4c2b9cf97c78bf983df7 0.062s
2025-05-19 15:56:10.571 71560 INFO tempest.lib.common.rest_client [req-9e5adcf8-fbb7-4c4b-a593-375591bd67d6 req-9e5adcf8-fbb7-4c4b-a593-375591bd67d6 ] Request (HypervisorAdminTestJSON:tearDownClass): 204 DELETE http://10.180.1.21:9696/networking/v2.0/security-groups/2df38409-8757-44c7-8162-c086968b80c5 0.138s
2025-05-19 15:56:10.603 71537 INFO tempest.lib.common.rest_client [req-d1a538a0-5062-4856-8b6f-a9c28e374d16 req-d1a538a0-5062-4856-8b6f-a9c28e374d16 ] Request (ServersTestJSON:setUpClass): 200 POST http://10.180.1.21/compute/v2.1/os-keypairs 1.926s
2025-05-19 15:56:10.616 71569 INFO tempest.lib.common.rest_client [req-4524b8b3-1284-4e84-b7df-5d793a8003ee req-4524b8b3-1284-4e84-b7df-5d793a8003ee ] Request (ServersTestMultiNic:test_verify_duplicate_network_nics): 201 POST http://10.180.1.21:9696/networking/v2.0/subnets 0.589s
2025-05-19 15:56:10.636 71543 INFO tempest.lib.common.rest_client [req-9e375c12-886f-41f0-991f-4a1b31445512 req-9e375c12-886f-41f0-991f-4a1b31445512 ] Request (ServerDiagnosticsTest:setUpClass): 200 GET http://10.180.1.21/identity/v3/roles 0.074s
2025-05-19 15:56:10.643 71591 INFO tempest.lib.common.rest_client [req-38cfd4b0-8a65-4ee2-b77d-6eb4370291f4 req-38cfd4b0-8a65-4ee2-b77d-6eb4370291f4 ] Request (ServerDiagnosticsNegativeTest:test_get_server_diagnostics_by_non_admin): 204 DELETE http://10.180.1.21/compute/v2.1/servers/fbaa0644-e984-4f7a-9161-0c28b0f237bf 1.998s
2025-05-19 15:56:10.658 71571 INFO tempest.lib.common.rest_client [req-ffce5960-b292-4f51-a2bd-56991289800e req-ffce5960-b292-4f51-a2bd-56991289800e ] Request (FlavorsExtraSpecsTestJSON:test_flavor_set_get_update_show_unset_keys): 200 GET http://10.180.1.21/compute/v2.1/flavors/739735620/os-extra_specs 1.934s
2025-05-19 15:56:10.674 71555 INFO tempest.lib.common.rest_client [req-222b0aed-6599-4ad7-8276-24b4f204b564 req-222b0aed-6599-4ad7-8276-24b4f204b564 ] Request (FlavorsAccessNegativeTestJSON:_run_cleanups): 202 DELETE http://10.180.1.21/compute/v2.1/flavors/165648691 1.579s
2025-05-19 15:56:10.674 71576 INFO tempest.lib.common.rest_client [req-6fe1a19d-dc19-43f1-9fd1-4da39da524a5 req-6fe1a19d-dc19-43f1-9fd1-4da39da524a5 ] Request (FlavorMetadataValidation:tearDownClass): 204 DELETE http://10.180.1.21/identity/v3/projects/e4425cd6d7904cadb4fd00e7f9c24f90 0.163s
2025-05-19 15:56:10.693 71573 INFO tempest.lib.common.rest_client [req-8b5dedf4-7d7c-4be4-812b-5501e2aadd3e req-8b5dedf4-7d7c-4be4-812b-5501e2aadd3e ] Request (FlavorsExtraSpecsNegativeTestJSON:test_flavor_non_admin_update_specific_key): 200 POST http://10.180.1.21/compute/v2.1/flavors/669478511/os-extra_specs 1.587s
2025-05-19 15:56:10.708 71551 INFO tempest.lib.common.rest_client [req-7425733b-6a9d-4871-ad26-f5d0b5145239 req-7425733b-6a9d-4871-ad26-f5d0b5145239 ] Request (FlavorsAdminTestJSON:_run_cleanups): 202 DELETE http://10.180.1.21/compute/v2.1/flavors/24180488 1.567s
2025-05-19 15:56:10.719 71529 INFO tempest.lib.common.rest_client [req-a62e4bcd-907e-4411-b63e-a525fa2d591e req-a62e4bcd-907e-4411-b63e-a525fa2d591e ] Request (HypervisorAdminNegativeUnderV252Test:test_show_servers_with_nonexistent_hypervisor): 404 GET http://10.180.1.21/compute/v2.1/os-hypervisors/c751e69a-7275-416f-b462-f9cc37b879cb/servers 1.569s
2025-05-19 15:56:10.720 71569 INFO tempest.lib.common.rest_client [req-7592c623-0678-4c11-b57a-4c26cd953e75 req-7592c623-0678-4c11-b57a-4c26cd953e75 ] Request (ServersTestMultiNic:test_verify_duplicate_network_nics): 201 POST http://10.180.1.21/identity/v3/auth/tokens 0.099s
2025-05-19 15:56:10.721 71569 INFO tempest.lib.common.fixed_network [-] (ServersTestMultiNic:test_verify_duplicate_network_nics) Found network {'id': 'ca55785d-b7b3-48cc-bde8-0a75c45e6ca6', 'name': 'tempest-ServersTestMultiNic-205258491-network', 'tenant_id': '07f408156d8f4597a513f92d6855b330', 'admin_state_up': True, 'mtu': 8950, 'status': 'ACTIVE', 'subnets': [], 'shared': False, 'project_id': '07f408156d8f4597a513f92d6855b330', 'port_security_enabled': True, 'router:external': False, 'provider:network_type': 'vlan', 'provider:physical_network': 'default', 'provider:segmentation_id': 163, 'availability_zone_hints': [], 'availability_zones': [], 'ipv4_address_scope': None, 'ipv6_address_scope': None, 'description': '', 'tags': [], 'created_at': '2025-05-19T15:56:03Z', 'updated_at': '2025-05-19T15:56:03Z', 'revision_number': 1} available for tenant
2025-05-19 15:56:10.760 71560 INFO tempest.lib.common.rest_client [req-6d28021f-5e9a-4bec-966a-07321b214e5f req-6d28021f-5e9a-4bec-966a-07321b214e5f ] Request (HypervisorAdminTestJSON:tearDownClass): 204 DELETE http://10.180.1.21/identity/v3/projects/94e990af49744e33a211313f01783383 0.188s
2025-05-19 15:56:10.761 71560 INFO tempest.test [-] raised in LiveMigrationTest.setUpClass. Invoking tearDownClass.
2025-05-19 15:56:10.762 71560 INFO tempest.test [-] raised in TestVolumeSwap.setUpClass. Invoking tearDownClass.
2025-05-19 15:56:10.804 71543 INFO tempest.lib.common.rest_client [req-0f63601c-9d78-44e5-8347-5cc7ecbb08ef req-0f63601c-9d78-44e5-8347-5cc7ecbb08ef ] Request (ServerDiagnosticsTest:setUpClass): 204 PUT http://10.180.1.21/identity/v3/projects/5d7d60c5a2b245d780a2c61dca7585f7/users/ea329db8499843e8b5d0e5c25ba2450d/roles/f82edbd907df4c2b9cf97c78bf983df7 0.167s
2025-05-19 15:56:10.804 71543 INFO tempest.lib.common.dynamic_creds [-] Dynamic test user ea329db8499843e8b5d0e5c25ba2450d is created with scope project and roles: ['admin']
2025-05-19 15:56:10.805 71543 INFO tempest.lib.common.dynamic_creds [-] Acquired dynamic creds: credentials: Credentials: {'domain_id': 'default', 'domain_name': 'Default', 'username': 'tempest-ServerDiagnosticsTest-1706071384-project-admin', 'project_domain_id': 'default', 'project_domain_name': 'Default', 'project_id': '5d7d60c5a2b245d780a2c61dca7585f7', 'project_name': 'tempest-ServerDiagnosticsTest-1706071384', 'tenant_id': '5d7d60c5a2b245d780a2c61dca7585f7', 'tenant_name': 'tempest-ServerDiagnosticsTest-1706071384', 'user_domain_id': 'default', 'user_domain_name': 'Default', 'user_id': 'ea329db8499843e8b5d0e5c25ba2450d', 'system': None}, Network: None, Subnet: None, Router: None
2025-05-19 15:56:10.805 71543 INFO tempest.lib.common.dynamic_creds [-] Created isolated network resources for: credentials: Credentials: {'domain_id': 'default', 'domain_name': 'Default', 'username': 'tempest-ServerDiagnosticsTest-1706071384-project-admin', 'project_domain_id': 'default', 'project_domain_name': 'Default', 'project_id': '5d7d60c5a2b245d780a2c61dca7585f7', 'project_name': 'tempest-ServerDiagnosticsTest-1706071384', 'tenant_id': '5d7d60c5a2b245d780a2c61dca7585f7', 'tenant_name': 'tempest-ServerDiagnosticsTest-1706071384', 'user_domain_id': 'default', 'user_domain_name': 'Default', 'user_id': 'ea329db8499843e8b5d0e5c25ba2450d', 'system': None}, Network: None, Subnet: None, Router: None
2025-05-19 15:56:10.832 71576 INFO tempest.lib.common.rest_client [req-213de90a-6891-4fb8-8fc4-7abe6da0c457 req-213de90a-6891-4fb8-8fc4-7abe6da0c457 ] Request (HypervisorAdminV253TestBase:setUpClass): 201 POST http://10.180.1.21/identity/v3/auth/tokens 0.156s
2025-05-19 15:56:10.862 71560 INFO tempest.lib.common.rest_client [req-030ea146-8672-4ac6-978f-665c91de01ab req-030ea146-8672-4ac6-978f-665c91de01ab ] Request (SecurityGroupRulesTestJSON:setUpClass): 201 POST http://10.180.1.21/identity/v3/auth/tokens 0.096s
2025-05-19 15:56:10.921 71529 INFO tempest.lib.common.rest_client [req-b4745683-8356-455a-b221-70f903609689 req-b4745683-8356-455a-b221-70f903609689 ] Request (HypervisorAdminNegativeUnderV252Test:tearDownClass): 204 DELETE http://10.180.1.21/identity/v3/users/9942751a966a471ab24e13651b90b7b2 0.201s
2025-05-19 15:56:10.941 71535 INFO tempest.lib.common.rest_client [req-7e6db3f7-2128-4557-b4e1-73d8c7915fa6 req-7e6db3f7-2128-4557-b4e1-73d8c7915fa6 ] Request (VolumesAssistedSnapshotsTest:test_volume_assisted_snapshot_create_delete): 202 POST http://10.180.1.21/volume/v3/volumes 0.460s
2025-05-19 15:56:10.967 71537 INFO tempest.lib.common.rest_client [req-8cf2b97c-8598-4568-a1f1-e27ce4a0c4a7 req-8cf2b97c-8598-4568-a1f1-e27ce4a0c4a7 ] Request (ServersTestJSON:setUpClass): 201 POST http://10.180.1.21:9696/networking/v2.0/security-groups 0.362s
2025-05-19 15:56:10.967 71543 INFO tempest.lib.common.rest_client [req-fb9dc1d4-a13e-4b2f-b096-8407c5db674c req-fb9dc1d4-a13e-4b2f-b096-8407c5db674c ] Request (ServerDiagnosticsTest:setUpClass): 201 POST http://10.180.1.21/identity/v3/auth/tokens 0.155s
2025-05-19 15:56:10.976 71589 INFO tempest.lib.common.rest_client [req-08c513bc-a5fc-43f6-a93e-97c02f99539a req-08c513bc-a5fc-43f6-a93e-97c02f99539a ] Request (ServerDiagnosticsV248Test:test_get_server_diagnostics): 204 DELETE http://10.180.1.21/compute/v2.1/servers/71ccf10c-6465-479d-87f9-e9fed4bd3280 1.680s
2025-05-19 15:56:10.982 71533 INFO tempest.lib.common.rest_client [req-4071385e-59db-4806-b113-69cff0e23b67 req-4071385e-59db-4806-b113-69cff0e23b67 ] Request (DeleteServersAdminTestJSON:test_admin_delete_servers_of_others): 204 DELETE http://10.180.1.21/compute/v2.1/servers/5da5a32e-2979-4767-85bf-eb23d76459e8 2.280s
2025-05-19 15:56:11.010 71576 INFO tempest.lib.common.rest_client [req-77995f2c-6bad-41d7-8d71-d5e29d672f08 req-77995f2c-6bad-41d7-8d71-d5e29d672f08 ] Request (HypervisorAdminV253TestBase:setUpClass): 201 POST http://10.180.1.21/identity/v3/auth/tokens 0.173s
2025-05-19 15:56:11.035 71560 INFO tempest.lib.common.rest_client [req-63825785-0cc1-4426-914d-daa2f821af9d req-63825785-0cc1-4426-914d-daa2f821af9d ] Request (SecurityGroupRulesTestJSON:setUpClass): 201 POST http://10.180.1.21/identity/v3/auth/tokens 0.163s
2025-05-19 15:56:11.037 71547 INFO tempest.lib.common.rest_client [req-f33f0193-067c-48df-a77a-30f9439dd564 req-f33f0193-067c-48df-a77a-30f9439dd564 ] Request (KeyPairsV210TestJSON:_run_cleanups): 204 DELETE http://10.180.1.21/compute/v2.1/os-keypairs/tempest-KeyPairsV210TestJSON-keypair-1220976081 1.523s
2025-05-19 15:56:11.056 71535 INFO tempest.lib.common.rest_client [req-9ca47703-e394-4ebc-9b6d-0fad503467b9 req-9ca47703-e394-4ebc-9b6d-0fad503467b9 ] Request (VolumesAssistedSnapshotsTest:test_volume_assisted_snapshot_create_delete): 200 GET http://10.180.1.21/volume/v3/volumes/abb8d8d8-7025-4582-9d62-e0309951e51b 0.102s
2025-05-19 15:56:11.085 71531 INFO tempest.lib.common.rest_client [req-7c496a0f-9e7e-4171-9517-47bd66c10baa req-7c496a0f-9e7e-4171-9517-47bd66c10baa ] Request (ListServerFiltersTestJSON:setUpClass): 200 GET http://10.180.1.21/compute/v2.1/servers/092cfff5-80ec-4663-a573-6ed30233a2d5 1.580s
2025-05-19 15:56:11.103 71529 INFO tempest.lib.common.rest_client [req-efc99a89-6767-40e2-8de3-e20e60ec2b34 req-efc99a89-6767-40e2-8de3-e20e60ec2b34 ] Request (HypervisorAdminNegativeUnderV252Test:tearDownClass): 204 DELETE http://10.180.1.21/identity/v3/users/9c23bf3c558e4ac08429898abf0301a0 0.181s
2025-05-19 15:56:11.103 71529 INFO tempest.lib.common.dynamic_creds [-] Deleting project and security group for project: 983d67fc92bd4b57818b6aa3bb6dec4e
2025-05-19 15:56:11.153 71543 INFO tempest.lib.common.rest_client [req-cfe25a49-94bb-4325-8f43-bd3253653639 req-cfe25a49-94bb-4325-8f43-bd3253653639 ] Request (ServerDiagnosticsTest:test_get_server_diagnostics): 201 POST http://10.180.1.21/identity/v3/auth/tokens 0.179s
2025-05-19 15:56:11.153 71543 INFO tempest.lib.common.fixed_network [-] (ServerDiagnosticsTest:test_get_server_diagnostics) Found network None available for tenant
2025-05-19 15:56:11.182 71576 INFO tempest.lib.common.rest_client [req-194f1095-f379-4521-a2bb-0355974cfbe1 req-194f1095-f379-4521-a2bb-0355974cfbe1 ] Request (HypervisorAdminV253TestBase:setUpClass): 200 GET http://10.180.1.21/identity/v3/domains?name=Default 0.171s
2025-05-19 15:56:11.185 71539 INFO tempest.lib.common.rest_client [req-ed9a8a78-5f79-437c-a0f2-3f60b9ce6616 req-ed9a8a78-5f79-437c-a0f2-3f60b9ce6616 ] Request (FloatingIPsAssociationNegativeTestJSON:setUpClass): 200 PUT http://10.180.1.21:9696/networking/v2.0/routers/a1a4fab4-ed66-4c94-9567-c960d5e90b26/add_router_interface 1.177s
2025-05-19 15:56:11.186 71539 INFO tempest.lib.common.dynamic_creds [-] Created isolated network resources for: credentials: Credentials: {'domain_id': 'default', 'domain_name': 'Default', 'username': 'tempest-FloatingIPsAssociationNegativeTestJSON-367428161-project-member', 'project_domain_id': 'default', 'project_domain_name': 'Default', 'project_id': 'ed4b6e68d21a4d659f44bd878bf2f27f', 'project_name': 'tempest-FloatingIPsAssociationNegativeTestJSON-367428161', 'tenant_id': 'ed4b6e68d21a4d659f44bd878bf2f27f', 'tenant_name': 'tempest-FloatingIPsAssociationNegativeTestJSON-367428161', 'user_domain_id': 'default', 'user_domain_name': 'Default', 'user_id': '615110573e8143d2973700eba368c0fc', 'system': None}, Network: {'id': '1c9845f4-685c-4fd4-89f0-10bb3008627c', 'name': 'tempest-FloatingIPsAssociationNegativeTestJSON-774828899-network', 'tenant_id': 'ed4b6e68d21a4d659f44bd878bf2f27f', 'admin_state_up': True, 'mtu': 8950, 'status': 'ACTIVE', 'subnets': [], 'shared': False, 'project_id': 'ed4b6e68d21a4d659f44bd878bf2f27f', 'port_security_enabled': True, 'router:external': False, 'provider:network_type': 'vlan', 'provider:physical_network': 'default', 'provider:segmentation_id': 339, 'availability_zone_hints': [], 'availability_zones': [], 'ipv4_address_scope': None, 'ipv6_address_scope': None, 'description': '', 'tags': [], 'created_at': '2025-05-19T15:56:07Z', 'updated_at': '2025-05-19T15:56:07Z', 'revision_number': 1}, Subnet: {'id': 'd8baaa88-3a1c-4e6a-a737-b370e137a884', 'name': 'tempest-FloatingIPsAssociationNegativeTestJSON-774828899-subnet', 'tenant_id': 'ed4b6e68d21a4d659f44bd878bf2f27f', 'network_id': '1c9845f4-685c-4fd4-89f0-10bb3008627c', 'ip_version': 4, 'subnetpool_id': None, 'enable_dhcp': True, 'ipv6_ra_mode': None, 'ipv6_address_mode': None, 'gateway_ip': '192.168.128.1', 'cidr': '192.168.128.0/28', 'allocation_pools': [{'start': '192.168.128.2', 'end': '192.168.128.14'}], 'host_routes': [], 'dns_nameservers': [], 'description': '', 'router:external': False, 'service_types': [], 'tags': [], 'created_at': '2025-05-19T15:56:07Z', 'updated_at': '2025-05-19T15:56:07Z', 'revision_number': 0, 'project_id': 'ed4b6e68d21a4d659f44bd878bf2f27f'}, Router: {'id': 'a1a4fab4-ed66-4c94-9567-c960d5e90b26', 'name': 'tempest-FloatingIPsAssociationNegativeTestJSON-774828899-router', 'tenant_id': 'ed4b6e68d21a4d659f44bd878bf2f27f', 'admin_state_up': True, 'status': 'ACTIVE', 'external_gateway_info': {'network_id': '66efa607-5e41-4f8a-b837-b1de9f46fade', 'external_fixed_ips': [{'subnet_id': '956800f7-e740-4e3b-9877-97f0f96944ed', 'ip_address': '10.180.180.196'}], 'enable_snat': True}, 'description': '', 'availability_zones': [], 'distributed': False, 'ha': False, 'availability_zone_hints': [], 'routes': [], 'flavor_id': None, 'tags': [], 'created_at': '2025-05-19T15:56:08Z', 'updated_at': '2025-05-19T15:56:09Z', 'revision_number': 2, 'project_id': 'ed4b6e68d21a4d659f44bd878bf2f27f'}
2025-05-19 15:56:11.211 71529 INFO tempest.lib.common.rest_client [req-6c5b522f-9039-4e64-8490-3335fc9a038c req-6c5b522f-9039-4e64-8490-3335fc9a038c ] Request (HypervisorAdminNegativeUnderV252Test:tearDownClass): 201 POST http://10.180.1.21/identity/v3/auth/tokens 0.108s
2025-05-19 15:56:11.221 71560 INFO tempest.lib.common.rest_client [req-82e748c3-416d-491b-a2d5-acc59f9fde4c req-82e748c3-416d-491b-a2d5-acc59f9fde4c ] Request (SecurityGroupRulesTestJSON:setUpClass): 200 GET http://10.180.1.21/identity/v3/domains?name=Default 0.186s
2025-05-19 15:56:11.240 71576 INFO tempest.lib.common.rest_client [req-1be1b6a5-2ee3-4d44-ba35-7303b38cfd8c req-1be1b6a5-2ee3-4d44-ba35-7303b38cfd8c ] Request (HypervisorAdminV253TestBase:setUpClass): 201 POST http://10.180.1.21/identity/v3/projects 0.057s
2025-05-19 15:56:11.271 71537 INFO tempest.lib.common.rest_client [req-756c696d-201c-4020-b069-00807831a5df req-756c696d-201c-4020-b069-00807831a5df ] Request (ServersTestJSON:setUpClass): 201 POST http://10.180.1.21:9696/networking/v2.0/security-group-rules 0.304s
2025-05-19 15:56:11.333 71539 INFO tempest.lib.common.rest_client [req-f29adb26-757c-48f9-9d34-190df98e2e71 req-f29adb26-757c-48f9-9d34-190df98e2e71 ] Request (FloatingIPsAssociationNegativeTestJSON:setUpClass): 201 POST http://10.180.1.21/identity/v3/auth/tokens 0.142s
2025-05-19 15:56:11.347 71581 INFO tempest.lib.common.rest_client [req-b604998c-22eb-455d-b798-1d115041202c req-b604998c-22eb-455d-b798-1d115041202c ] Request (QuotasAdminNegativeTest:test_create_server_when_memory_quota_is_full): 403 POST http://10.180.1.21/compute/v2.1/servers 1.665s
2025-05-19 15:56:11.380 71549 INFO tempest.lib.common.rest_client [req-24c81c60-36cf-4929-9fd3-29c2f091a27a req-24c81c60-36cf-4929-9fd3-29c2f091a27a ] Request (FloatingIPsAssociationTestJSON:setUpClass): 404 GET http://10.180.1.21/compute/v2.1/servers/1a079869-174f-4113-9b90-2f44e2f2bb9a 1.351s
2025-05-19 15:56:11.380 71549 INFO tempest.test [-] raised in FloatingIPsAssociationTestJSON.setUpClass. Invoking tearDownClass.
2025-05-19 15:56:11.390 71537 INFO tempest.lib.common.rest_client [req-45add335-ff38-4411-a8ec-52ea0d5933ff req-45add335-ff38-4411-a8ec-52ea0d5933ff ] Request (ServersTestJSON:setUpClass): 201 POST http://10.180.1.21:9696/networking/v2.0/security-group-rules 0.118s
2025-05-19 15:56:11.408 71579 INFO tempest.lib.common.rest_client [req-e547ec39-67a0-4b35-9655-8c48e86deab7 req-e547ec39-67a0-4b35-9655-8c48e86deab7 ] Request (QuotasAdminTestJSON:test_delete_quota): 200 PUT http://10.180.1.21/compute/v2.1/os-quota-sets/c4476e2555614f17aa9a0d5b73586ff9 1.596s
2025-05-19 15:56:11.408 71563 INFO tempest.lib.common.rest_client [req-ae4698d2-f744-44ca-bda4-5cd0e2b299e4 req-ae4698d2-f744-44ca-bda4-5cd0e2b299e4 ] Request (FlavorsV255TestJSON:_run_cleanups): 202 DELETE http://10.180.1.21/compute/v2.1/flavors/1643322459 1.330s
2025-05-19 15:56:11.420 71560 INFO tempest.lib.common.rest_client [req-7aeece67-f81b-4ec2-91d8-99fae0faeeb2 req-7aeece67-f81b-4ec2-91d8-99fae0faeeb2 ] Request (SecurityGroupRulesTestJSON:setUpClass): 201 POST http://10.180.1.21/identity/v3/projects 0.198s
2025-05-19 15:56:11.421 71567 INFO tempest.lib.common.rest_client [req-354a834b-4ce4-4959-a06c-d8337f13163a req-354a834b-4ce4-4959-a06c-d8337f13163a ] Request (FlavorsV261TestJSON:_run_cleanups): 202 DELETE http://10.180.1.21/compute/v2.1/flavors/1216636741 1.297s
2025-05-19 15:56:11.442 71557 INFO tempest.lib.common.rest_client [req-81b4213c-1d5e-404c-99c9-cc640df08600 req-81b4213c-1d5e-404c-99c9-cc640df08600 ] Request (AggregatesAdminNegativeTestJSON:_run_cleanups): 200 DELETE http://10.180.1.21/compute/v2.1/os-aggregates/1 1.178s
2025-05-19 15:56:11.469 71576 INFO tempest.lib.common.rest_client [req-f69acb8e-5614-4d1c-81e9-633a7512fbbc req-f69acb8e-5614-4d1c-81e9-633a7512fbbc ] Request (HypervisorAdminV253TestBase:setUpClass): 201 POST http://10.180.1.21/identity/v3/users 0.229s
2025-05-19 15:56:11.474 71539 INFO tempest.lib.common.rest_client [req-5f4f8f6a-bbc3-4dd2-a506-19d0c0698c28 req-5f4f8f6a-bbc3-4dd2-a506-19d0c0698c28 ] Request (FloatingIPsAssociationNegativeTestJSON:setUpClass): 201 POST http://10.180.1.21/identity/v3/auth/tokens 0.137s
2025-05-19 15:56:11.474 71539 INFO tempest.lib.common.fixed_network [-] (FloatingIPsAssociationNegativeTestJSON:setUpClass) Found network {'id': '1c9845f4-685c-4fd4-89f0-10bb3008627c', 'name': 'tempest-FloatingIPsAssociationNegativeTestJSON-774828899-network', 'tenant_id': 'ed4b6e68d21a4d659f44bd878bf2f27f', 'admin_state_up': True, 'mtu': 8950, 'status': 'ACTIVE', 'subnets': [], 'shared': False, 'project_id': 'ed4b6e68d21a4d659f44bd878bf2f27f', 'port_security_enabled': True, 'router:external': False, 'provider:network_type': 'vlan', 'provider:physical_network': 'default', 'provider:segmentation_id': 339, 'availability_zone_hints': [], 'availability_zones': [], 'ipv4_address_scope': None, 'ipv6_address_scope': None, 'description': '', 'tags': [], 'created_at': '2025-05-19T15:56:07Z', 'updated_at': '2025-05-19T15:56:07Z', 'revision_number': 1} available for tenant
2025-05-19 15:56:11.493 71560 INFO tempest.lib.common.rest_client [req-a2154bb1-c634-4893-9c8a-b1d88e41f637 req-a2154bb1-c634-4893-9c8a-b1d88e41f637 ] Request (SecurityGroupRulesTestJSON:setUpClass): 201 POST http://10.180.1.21/identity/v3/users 0.071s
2025-05-19 15:56:11.515 71576 INFO tempest.lib.common.rest_client [req-38c7dd6b-af3a-4897-bf1a-f44ca96bdf53 req-38c7dd6b-af3a-4897-bf1a-f44ca96bdf53 ] Request (HypervisorAdminV253TestBase:setUpClass): 200 GET http://10.180.1.21/identity/v3/roles 0.045s
2025-05-19 15:56:11.525 71565 INFO tempest.lib.common.rest_client [req-1b28c676-bcf2-43d7-bf4f-348e1dfdebe3 req-1b28c676-bcf2-43d7-bf4f-348e1dfdebe3 ] Request (ImagesTestJSON:test_create_image_from_stopped_server): 200 GET http://10.180.1.21/compute/v2.1/servers/b03fd4fc-454c-475a-a7a7-fe2349723708 1.188s
2025-05-19 15:56:11.537 71583 INFO tempest.lib.common.rest_client [req-4acd7430-1242-4871-bf05-2468e1b93690 req-4acd7430-1242-4871-bf05-2468e1b93690 ] Request (ServersWithSpecificFlavorTestJSON:test_verify_created_server_ephemeral_disk): 200 GET http://10.180.1.21/compute/v2.1/flavors/42/os-extra_specs 1.089s
2025-05-19 15:56:11.539 71560 INFO tempest.lib.common.rest_client [req-92a98eac-489d-4176-bbc4-11bd0859030a req-92a98eac-489d-4176-bbc4-11bd0859030a ] Request (SecurityGroupRulesTestJSON:setUpClass): 200 GET http://10.180.1.21/identity/v3/roles 0.046s
2025-05-19 15:56:11.567 71576 INFO tempest.lib.common.rest_client [req-69c4fa98-89c6-4168-af44-ee5ab450d434 req-69c4fa98-89c6-4168-af44-ee5ab450d434 ] Request (HypervisorAdminV253TestBase:setUpClass): 204 PUT http://10.180.1.21/identity/v3/projects/5d5f404c0fb64d70b91cd8b31a4e0558/users/9437f45d085c4c6c89caed0f8998b891/roles/93a3e573a3cb4750a181f7aabe896ec9 0.052s
2025-05-19 15:56:11.567 71576 INFO tempest.lib.common.dynamic_creds [-] Dynamic test user 9437f45d085c4c6c89caed0f8998b891 is created with scope project and roles: ['member']
2025-05-19 15:56:11.568 71576 INFO tempest.lib.common.dynamic_creds [-] Acquired dynamic creds: credentials: Credentials: {'domain_id': 'default', 'domain_name': 'Default', 'username': 'tempest-HypervisorAdminV253TestBase-1661923462-project-member', 'project_domain_id': 'default', 'project_domain_name': 'Default', 'project_id': '5d5f404c0fb64d70b91cd8b31a4e0558', 'project_name': 'tempest-HypervisorAdminV253TestBase-1661923462', 'tenant_id': '5d5f404c0fb64d70b91cd8b31a4e0558', 'tenant_name': 'tempest-HypervisorAdminV253TestBase-1661923462', 'user_domain_id': 'default', 'user_domain_name': 'Default', 'user_id': '9437f45d085c4c6c89caed0f8998b891', 'system': None}, Network: None, Subnet: None, Router: None
2025-05-19 15:56:11.568 71576 INFO tempest.lib.common.dynamic_creds [-] Created isolated network resources for: credentials: Credentials: {'domain_id': 'default', 'domain_name': 'Default', 'username': 'tempest-HypervisorAdminV253TestBase-1661923462-project-member', 'project_domain_id': 'default', 'project_domain_name': 'Default', 'project_id': '5d5f404c0fb64d70b91cd8b31a4e0558', 'project_name': 'tempest-HypervisorAdminV253TestBase-1661923462', 'tenant_id': '5d5f404c0fb64d70b91cd8b31a4e0558', 'tenant_name': 'tempest-HypervisorAdminV253TestBase-1661923462', 'user_domain_id': 'default', 'user_domain_name': 'Default', 'user_id': '9437f45d085c4c6c89caed0f8998b891', 'system': None}, Network: None, Subnet: None, Router: None
2025-05-19 15:56:11.568 71591 INFO tempest.lib.common.rest_client [req-b33aad46-6956-4104-8380-78d0cf8b2d3e req-b33aad46-6956-4104-8380-78d0cf8b2d3e ] Request (ServerDiagnosticsNegativeTest:test_get_server_diagnostics_by_non_admin): 404 GET http://10.180.1.21/compute/v2.1/servers/fbaa0644-e984-4f7a-9161-0c28b0f237bf 0.925s
2025-05-19 15:56:11.582 71560 INFO tempest.lib.common.rest_client [req-a4cd8819-dfb1-4e48-8d12-ad188bf25199 req-a4cd8819-dfb1-4e48-8d12-ad188bf25199 ] Request (SecurityGroupRulesTestJSON:setUpClass): 204 PUT http://10.180.1.21/identity/v3/projects/8c7ffd41508245dfacd87534bb24fb4b/users/77b6ecbaaaca4b3a99e0f59531ad9081/roles/93a3e573a3cb4750a181f7aabe896ec9 0.041s
2025-05-19 15:56:11.582 71560 INFO tempest.lib.common.dynamic_creds [-] Dynamic test user 77b6ecbaaaca4b3a99e0f59531ad9081 is created with scope project and roles: ['member']
2025-05-19 15:56:11.582 71560 INFO tempest.lib.common.dynamic_creds [-] Acquired dynamic creds: credentials: Credentials: {'domain_id': 'default', 'domain_name': 'Default', 'username': 'tempest-SecurityGroupRulesTestJSON-1605251856-project-member', 'project_domain_id': 'default', 'project_domain_name': 'Default', 'project_id': '8c7ffd41508245dfacd87534bb24fb4b', 'project_name': 'tempest-SecurityGroupRulesTestJSON-1605251856', 'tenant_id': '8c7ffd41508245dfacd87534bb24fb4b', 'tenant_name': 'tempest-SecurityGroupRulesTestJSON-1605251856', 'user_domain_id': 'default', 'user_domain_name': 'Default', 'user_id': '77b6ecbaaaca4b3a99e0f59531ad9081', 'system': None}, Network: None, Subnet: None, Router: None
2025-05-19 15:56:11.588 71571 INFO tempest.lib.common.rest_client [req-336f757b-0570-4cfb-ac01-f806a340d507 req-336f757b-0570-4cfb-ac01-f806a340d507 ] Request (FlavorsExtraSpecsTestJSON:test_flavor_set_get_update_show_unset_keys): 200 PUT http://10.180.1.21/compute/v2.1/flavors/739735620/os-extra_specs/hw:numa_nodes 0.928s
2025-05-19 15:56:11.607 71585 INFO tempest.lib.common.rest_client [req-fb0ad510-4223-4734-a2be-b827fcca0b21 req-fb0ad510-4223-4734-a2be-b827fcca0b21 ] Request (KeyPairsV22TestJSON:test_get_keypair_detail): 201 POST http://10.180.1.21/compute/v2.1/os-keypairs 1.262s
