2025-05-19 15:56:11.612 71555 INFO tempest.lib.common.rest_client [req-7824590a-9e76-4847-92c0-568af12d204f req-7824590a-9e76-4847-92c0-568af12d204f ] Request (FlavorsAccessNegativeTestJSON:_run_cleanups): 200 GET http://10.180.1.21/compute/v2.1/flavors/detail 0.937s
2025-05-19 15:56:11.617 71573 INFO tempest.lib.common.rest_client [req-ccca297f-8175-47c4-8018-d93affc05f26 req-ccca297f-8175-47c4-8018-d93affc05f26 ] Request (FlavorsExtraSpecsNegativeTestJSON:test_flavor_non_admin_update_specific_key): 403 PUT http://10.180.1.21/compute/v2.1/flavors/669478511/os-extra_specs/hw:numa_nodes 0.923s
2025-05-19 15:56:11.643 71551 INFO tempest.lib.common.rest_client [req-2eda769b-a83d-461f-a9d3-589fe6fc8fe1 req-2eda769b-a83d-461f-a9d3-589fe6fc8fe1 ] Request (FlavorsAdminTestJSON:_run_cleanups): 200 GET http://10.180.1.21/compute/v2.1/flavors/detail 0.934s
2025-05-19 15:56:11.649 71577 INFO tempest.lib.common.rest_client [req-fd294c34-5df1-4e33-92f0-d697d0d3eda5 req-fd294c34-5df1-4e33-92f0-d697d0d3eda5 ] Request (ImagesOneServerNegativeTestJSON:tearDownClass): 200 PUT http://10.180.1.21:9696/networking/v2.0/routers/1ab4d410-fd07-4707-96fb-c35551de3b05/remove_router_interface 1.555s
2025-05-19 15:56:11.664 71576 INFO tempest.lib.common.rest_client [req-506e6127-803d-408d-8d45-0c6fc92b4400 req-506e6127-803d-408d-8d45-0c6fc92b4400 ] Request (HypervisorAdminV253TestBase:setUpClass): 201 POST http://10.180.1.21/identity/v3/auth/tokens 0.091s
2025-05-19 15:56:11.679 71587 INFO tempest.lib.common.rest_client [req-30f8de79-957c-4ee1-9aa4-86188d48f691 req-30f8de79-957c-4ee1-9aa4-86188d48f691 ] Request (ServerRescueNegativeTestJSON:setUpClass): 200 GET http://10.180.1.21/compute/v2.1/servers/c988f708-f509-4337-b924-0b960e23f312 1.004s
2025-05-19 15:56:11.704 71589 INFO tempest.lib.common.rest_client [req-f37e7406-54cd-43dc-bfd1-a902487e452d req-f37e7406-54cd-43dc-bfd1-a902487e452d ] Request (ServerDiagnosticsV248Test:test_get_server_diagnostics): 404 GET http://10.180.1.21/compute/v2.1/servers/71ccf10c-6465-479d-87f9-e9fed4bd3280 0.728s
2025-05-19 15:56:11.713 71591 INFO tempest.lib.common.rest_client [req-1ffc3bd8-f5c8-48be-807a-2c28e24201cf req-1ffc3bd8-f5c8-48be-807a-2c28e24201cf ] Request (ServerDiagnosticsNegativeTest:tearDownClass): 204 DELETE http://10.180.1.21/identity/v3/users/419406cfee0d40deb95c0e687b93674d 0.134s
2025-05-19 15:56:11.726 71533 INFO tempest.lib.common.rest_client [req-5bb096bc-12bc-40a6-9ba5-7c0909dc8afa req-5bb096bc-12bc-40a6-9ba5-7c0909dc8afa ] Request (DeleteServersAdminTestJSON:test_admin_delete_servers_of_others): 404 GET http://10.180.1.21/compute/v2.1/servers/5da5a32e-2979-4767-85bf-eb23d76459e8 0.744s
2025-05-19 15:56:11.744 71560 INFO tempest.lib.common.rest_client [req-aca89a7a-9e08-41c1-bd56-d41329ef7f96 req-aca89a7a-9e08-41c1-bd56-d41329ef7f96 ] Request (SecurityGroupRulesTestJSON:setUpClass): 201 POST http://10.180.1.21/identity/v3/auth/tokens 0.161s
2025-05-19 15:56:11.754 71547 INFO tempest.lib.common.rest_client [req-21c5bb6d-4e39-45c0-bd53-fa2fa40d9c7c req-21c5bb6d-4e39-45c0-bd53-fa2fa40d9c7c ] Request (KeyPairsV210TestJSON:_run_cleanups): 204 DELETE http://10.180.1.21/compute/v2.1/os-keypairs/tempest-keypair-174646798?user_id=0b1d640f4ca84629877a65588849c472 0.716s
2025-05-19 15:56:11.794 71576 INFO tempest.lib.common.rest_client [req-8b4d92a4-14c5-4c20-b6fd-5af3e761e8b6 req-8b4d92a4-14c5-4c20-b6fd-5af3e761e8b6 ] Request (HypervisorAdminV253TestBase:setUpClass): 201 POST http://10.180.1.21/identity/v3/projects 0.130s
2025-05-19 15:56:11.835 71589 INFO tempest.lib.common.rest_client [req-30d664e8-5254-4b5c-b02d-5193e046972d req-30d664e8-5254-4b5c-b02d-5193e046972d ] Request (ServerDiagnosticsV248Test:tearDownClass): 204 DELETE http://10.180.1.21/identity/v3/users/8e309e912c3e402e87284f4b3eb9cbdf 0.127s
2025-05-19 15:56:11.850 71529 INFO tempest.lib.common.rest_client [req-271f7872-b756-4ba2-a827-324d6dedac87 req-271f7872-b756-4ba2-a827-324d6dedac87 ] Request (HypervisorAdminNegativeUnderV252Test:tearDownClass): 200 GET http://10.180.1.21:9696/networking/v2.0/security-groups?tenant_id=983d67fc92bd4b57818b6aa3bb6dec4e&name=default 0.639s
2025-05-19 15:56:11.952 71591 INFO tempest.lib.common.rest_client [req-8f9cd3d7-529b-4381-92e8-b8245e2330a8 req-8f9cd3d7-529b-4381-92e8-b8245e2330a8 ] Request (ServerDiagnosticsNegativeTest:tearDownClass): 204 DELETE http://10.180.1.21/identity/v3/users/f2196f12105c454d81383f63cade6b85 0.238s
2025-05-19 15:56:11.952 71591 INFO tempest.lib.common.dynamic_creds [-] Deleting project and security group for project: 9cc9d300cd21486db501091f00a8d664
2025-05-19 15:56:11.993 71533 INFO tempest.lib.common.rest_client [req-69a2b617-f4d0-4187-85ef-9feac5fe16f0 req-69a2b617-f4d0-4187-85ef-9feac5fe16f0 ] Request (DeleteServersAdminTestJSON:test_delete_server_while_in_error_state): 201 POST http://10.180.1.21/identity/v3/auth/tokens 0.243s
2025-05-19 15:56:11.993 71533 INFO tempest.lib.common.fixed_network [-] (DeleteServersAdminTestJSON:test_delete_server_while_in_error_state) Found network None available for tenant
2025-05-19 15:56:12.005 71529 INFO tempest.lib.common.rest_client [req-833df188-4402-4fa9-b088-fd7977a427b6 req-833df188-4402-4fa9-b088-fd7977a427b6 ] Request (HypervisorAdminNegativeUnderV252Test:tearDownClass): 204 DELETE http://10.180.1.21:9696/networking/v2.0/security-groups/e765edc5-44d5-482b-b6ea-024abaf839f3 0.153s
2025-05-19 15:56:12.069 71576 INFO tempest.lib.common.rest_client [req-2b8142ef-a090-4a0a-9cb7-3ec6c234c207 req-2b8142ef-a090-4a0a-9cb7-3ec6c234c207 ] Request (HypervisorAdminV253TestBase:setUpClass): 201 POST http://10.180.1.21/identity/v3/users 0.274s
2025-05-19 15:56:12.110 71535 INFO tempest.lib.common.rest_client [req-4f681306-78f1-4b77-9049-bd401bfaf149 req-4f681306-78f1-4b77-9049-bd401bfaf149 ] Request (VolumesAssistedSnapshotsTest:test_volume_assisted_snapshot_create_delete): 200 GET http://10.180.1.21/volume/v3/volumes/abb8d8d8-7025-4582-9d62-e0309951e51b 0.046s
2025-05-19 15:56:12.117 71535 INFO tempest.common.waiters [-] volume abb8d8d8-7025-4582-9d62-e0309951e51b reached available after waiting for 1.117524 seconds
2025-05-19 15:56:12.127 71591 INFO tempest.lib.common.rest_client [req-1b13011c-3c9b-4c17-8b88-4d2988b75a15 req-1b13011c-3c9b-4c17-8b88-4d2988b75a15 ] Request (ServerDiagnosticsNegativeTest:tearDownClass): 201 POST http://10.180.1.21/identity/v3/auth/tokens 0.174s
2025-05-19 15:56:12.152 71589 INFO tempest.lib.common.rest_client [req-5f7c49d9-ab71-4513-8ca6-04088bbdc5b2 req-5f7c49d9-ab71-4513-8ca6-04088bbdc5b2 ] Request (ServerDiagnosticsV248Test:tearDownClass): 204 DELETE http://10.180.1.21/identity/v3/users/d2587cc4c6b94589bf3f3a6aaa8cc80f 0.316s
2025-05-19 15:56:12.152 71589 INFO tempest.lib.common.dynamic_creds [-] Deleting project and security group for project: d8bcd2a1ed4142038fae230d39f6dfb0
2025-05-19 15:56:12.214 71576 INFO tempest.lib.common.rest_client [req-a7b34679-0e15-4c03-a7b5-2b6adce9140e req-a7b34679-0e15-4c03-a7b5-2b6adce9140e ] Request (HypervisorAdminV253TestBase:setUpClass): 200 GET http://10.180.1.21/identity/v3/roles 0.145s
2025-05-19 15:56:12.228 71529 INFO tempest.lib.common.rest_client [req-0a5daae8-8805-4a66-bf2f-681855a0a865 req-0a5daae8-8805-4a66-bf2f-681855a0a865 ] Request (HypervisorAdminNegativeUnderV252Test:tearDownClass): 204 DELETE http://10.180.1.21/identity/v3/projects/983d67fc92bd4b57818b6aa3bb6dec4e 0.223s
2025-05-19 15:56:12.229 71529 INFO tempest.lib.common.dynamic_creds [-] Deleting project and security group for project: a3d4c6cf2f8e416c8d1d2e8df920d40b
2025-05-19 15:56:12.291 71589 INFO tempest.lib.common.rest_client [req-2548c0b3-3633-4b9e-bfe0-2b7725a73c81 req-2548c0b3-3633-4b9e-bfe0-2b7725a73c81 ] Request (ServerDiagnosticsV248Test:tearDownClass): 201 POST http://10.180.1.21/identity/v3/auth/tokens 0.139s
2025-05-19 15:56:12.318 71577 INFO tempest.lib.common.rest_client [req-57acffe0-7224-4ffc-a374-bf53698a77dd req-57acffe0-7224-4ffc-a374-bf53698a77dd ] Request (ImagesOneServerNegativeTestJSON:tearDownClass): 204 DELETE http://10.180.1.21:9696/networking/v2.0/routers/1ab4d410-fd07-4707-96fb-c35551de3b05 0.668s
2025-05-19 15:56:12.321 71576 INFO tempest.lib.common.rest_client [req-ce359a75-4dfa-4bde-adae-cb729cbd18a0 req-ce359a75-4dfa-4bde-adae-cb729cbd18a0 ] Request (HypervisorAdminV253TestBase:setUpClass): 204 PUT http://10.180.1.21/identity/v3/projects/903d7dc67d664fffa373c56ce1c0332c/users/ac924ea7628048b39c2a2dd73345b265/roles/f82edbd907df4c2b9cf97c78bf983df7 0.106s
2025-05-19 15:56:12.356 71543 INFO tempest.lib.common.rest_client [req-07b2d769-18f9-4521-966a-41138a0788b1 req-07b2d769-18f9-4521-966a-41138a0788b1 ] Request (ServerDiagnosticsTest:test_get_server_diagnostics): 202 POST http://10.180.1.21/compute/v2.1/servers 1.202s
2025-05-19 15:56:12.384 71576 INFO tempest.lib.common.rest_client [req-6954080a-b0a2-4905-8788-24f1a0cba75b req-6954080a-b0a2-4905-8788-24f1a0cba75b ] Request (HypervisorAdminV253TestBase:setUpClass): 200 GET http://10.180.1.21/identity/v3/roles 0.062s
2025-05-19 15:56:12.404 71576 INFO tempest.lib.common.rest_client [req-d4db999a-e937-4a7a-84fb-57e334607a16 req-d4db999a-e937-4a7a-84fb-57e334607a16 ] Request (HypervisorAdminV253TestBase:setUpClass): 204 PUT http://10.180.1.21/identity/v3/projects/903d7dc67d664fffa373c56ce1c0332c/users/ac924ea7628048b39c2a2dd73345b265/roles/f82edbd907df4c2b9cf97c78bf983df7 0.020s
2025-05-19 15:56:12.405 71576 INFO tempest.lib.common.dynamic_creds [-] Dynamic test user ac924ea7628048b39c2a2dd73345b265 is created with scope project and roles: ['admin']
2025-05-19 15:56:12.405 71576 INFO tempest.lib.common.dynamic_creds [-] Acquired dynamic creds: credentials: Credentials: {'domain_id': 'default', 'domain_name': 'Default', 'username': 'tempest-HypervisorAdminV253TestBase-1899663691-project-admin', 'project_domain_id': 'default', 'project_domain_name': 'Default', 'project_id': '903d7dc67d664fffa373c56ce1c0332c', 'project_name': 'tempest-HypervisorAdminV253TestBase-1899663691', 'tenant_id': '903d7dc67d664fffa373c56ce1c0332c', 'tenant_name': 'tempest-HypervisorAdminV253TestBase-1899663691', 'user_domain_id': 'default', 'user_domain_name': 'Default', 'user_id': 'ac924ea7628048b39c2a2dd73345b265', 'system': None}, Network: None, Subnet: None, Router: None
2025-05-19 15:56:12.406 71576 INFO tempest.lib.common.dynamic_creds [-] Created isolated network resources for: credentials: Credentials: {'domain_id': 'default', 'domain_name': 'Default', 'username': 'tempest-HypervisorAdminV253TestBase-1899663691-project-admin', 'project_domain_id': 'default', 'project_domain_name': 'Default', 'project_id': '903d7dc67d664fffa373c56ce1c0332c', 'project_name': 'tempest-HypervisorAdminV253TestBase-1899663691', 'tenant_id': '903d7dc67d664fffa373c56ce1c0332c', 'tenant_name': 'tempest-HypervisorAdminV253TestBase-1899663691', 'user_domain_id': 'default', 'user_domain_name': 'Default', 'user_id': 'ac924ea7628048b39c2a2dd73345b265', 'system': None}, Network: None, Subnet: None, Router: None
2025-05-19 15:56:12.487 71576 INFO tempest.lib.common.rest_client [req-44589da2-392e-45c0-993d-5e529ffccbf5 req-44589da2-392e-45c0-993d-5e529ffccbf5 ] Request (HypervisorAdminV253TestBase:setUpClass): 201 POST http://10.180.1.21/identity/v3/auth/tokens 0.079s
2025-05-19 15:56:12.543 71581 INFO tempest.lib.common.rest_client [req-6ee98989-356f-4076-8190-0e4fe576777d req-6ee98989-356f-4076-8190-0e4fe576777d ] Request (QuotasAdminNegativeTest:_run_cleanups): 200 PUT http://10.180.1.21/compute/v2.1/os-quota-sets/9ebc73f4c93f499da049b4c9025ebe96 1.195s
2025-05-19 15:56:12.568 71563 INFO tempest.lib.common.rest_client [req-0a99c4f9-2dea-4c8b-b35b-4db0a624f443 req-0a99c4f9-2dea-4c8b-b35b-4db0a624f443 ] Request (FlavorsV255TestJSON:_run_cleanups): 200 GET http://10.180.1.21/compute/v2.1/flavors/detail 1.159s
2025-05-19 15:56:12.582 71579 INFO tempest.lib.common.rest_client [req-e363d7c5-e918-4f8c-9d66-c665827ef8cd req-e363d7c5-e918-4f8c-9d66-c665827ef8cd ] Request (QuotasAdminTestJSON:test_delete_quota): 202 DELETE http://10.180.1.21/compute/v2.1/os-quota-sets/c4476e2555614f17aa9a0d5b73586ff9 1.169s
2025-05-19 15:56:12.604 71567 INFO tempest.lib.common.rest_client [req-d95bbfd1-1f99-4c1d-b9db-34c12b8052d5 req-d95bbfd1-1f99-4c1d-b9db-34c12b8052d5 ] Request (FlavorsV261TestJSON:_run_cleanups): 200 GET http://10.180.1.21/compute/v2.1/flavors/detail 1.182s
2025-05-19 15:56:12.625 71557 INFO tempest.lib.common.rest_client [req-ae6d5a9c-911a-4255-872f-82f5c0f5cecb req-ae6d5a9c-911a-4255-872f-82f5c0f5cecb ] Request (AggregatesAdminNegativeTestJSON:test_aggregate_add_host_as_user): 200 POST http://10.180.1.21/compute/v2.1/os-aggregates 1.178s
2025-05-19 15:56:12.711 71563 INFO tempest.lib.common.rest_client [req-476f3bdd-ded8-42ec-b83c-ab5aa4f18b87 req-476f3bdd-ded8-42ec-b83c-ab5aa4f18b87 ] Request (FlavorsV255TestJSON:tearDownClass): 204 DELETE http://10.180.1.21/identity/v3/users/ed291cefd92748eb9a4f784186fffdfc 0.132s
2025-05-19 15:56:12.723 71560 INFO tempest.lib.common.rest_client [req-d7e2116d-10e8-4971-9ee6-8bd87950b7d5 req-d7e2116d-10e8-4971-9ee6-8bd87950b7d5 ] Request (SecurityGroupRulesTestJSON:setUpClass): 201 POST http://10.180.1.21:9696/networking/v2.0/networks 0.979s
2025-05-19 15:56:12.738 71529 INFO tempest.lib.common.rest_client [req-1e1a8077-3c42-49ca-bde8-a0042d0096f7 req-1e1a8077-3c42-49ca-bde8-a0042d0096f7 ] Request (HypervisorAdminNegativeUnderV252Test:tearDownClass): 200 GET http://10.180.1.21:9696/networking/v2.0/security-groups?tenant_id=a3d4c6cf2f8e416c8d1d2e8df920d40b&name=default 0.507s
2025-05-19 15:56:12.757 71577 INFO tempest.lib.common.rest_client [req-679a1071-8c0d-4807-9b70-2150409ce13b req-679a1071-8c0d-4807-9b70-2150409ce13b ] Request (ImagesOneServerNegativeTestJSON:tearDownClass): 204 DELETE http://10.180.1.21:9696/networking/v2.0/subnets/88f577e0-6d2d-4e4c-9b32-be9d485aaae7 0.438s
2025-05-19 15:56:12.758 71567 INFO tempest.lib.common.rest_client [req-95e71ff1-f745-4845-903d-32f510eead5a req-95e71ff1-f745-4845-903d-32f510eead5a ] Request (FlavorsV261TestJSON:tearDownClass): 204 DELETE http://10.180.1.21/identity/v3/users/fef721c59562492390bf089696644da4 0.141s
2025-05-19 15:56:12.787 71591 INFO tempest.lib.common.rest_client [req-c74843ef-9282-4eac-b965-78a7d95cab48 req-c74843ef-9282-4eac-b965-78a7d95cab48 ] Request (ServerDiagnosticsNegativeTest:tearDownClass): 200 GET http://10.180.1.21:9696/networking/v2.0/security-groups?tenant_id=9cc9d300cd21486db501091f00a8d664&name=default 0.660s
2025-05-19 15:56:12.819 71589 INFO tempest.lib.common.rest_client [req-8abc73ec-8323-424a-a448-0fc49fcc2eca req-8abc73ec-8323-424a-a448-0fc49fcc2eca ] Request (ServerDiagnosticsV248Test:tearDownClass): 200 GET http://10.180.1.21:9696/networking/v2.0/security-groups?tenant_id=d8bcd2a1ed4142038fae230d39f6dfb0&name=default 0.527s
2025-05-19 15:56:12.869 71563 INFO tempest.lib.common.rest_client [req-4cfcdd40-7c62-41d3-8bea-646fa2ebe2bd req-4cfcdd40-7c62-41d3-8bea-646fa2ebe2bd ] Request (FlavorsV255TestJSON:tearDownClass): 204 DELETE http://10.180.1.21/identity/v3/users/621da1954cc14782809aefc342b4fcb1 0.158s
2025-05-19 15:56:12.869 71563 INFO tempest.lib.common.dynamic_creds [-] Deleting project and security group for project: baaf8ffcab4748f899e36143c2c73923
2025-05-19 15:56:12.939 71563 INFO tempest.lib.common.rest_client [req-1296e1b8-194e-4206-afcd-bf549208a9e2 req-1296e1b8-194e-4206-afcd-bf549208a9e2 ] Request (FlavorsV255TestJSON:tearDownClass): 201 POST http://10.180.1.21/identity/v3/auth/tokens 0.070s
2025-05-19 15:56:12.995 71567 INFO tempest.lib.common.rest_client [req-e05e0a3a-552f-4aea-8ee3-75bdd0668cf4 req-e05e0a3a-552f-4aea-8ee3-75bdd0668cf4 ] Request (FlavorsV261TestJSON:tearDownClass): 204 DELETE http://10.180.1.21/identity/v3/users/6ff9ad0b4f824bb29c8aed4b2ea16f5b 0.237s
2025-05-19 15:56:12.995 71567 INFO tempest.lib.common.dynamic_creds [-] Deleting project and security group for project: 4a11da2e490e42eca7f33b9be8ab760f
2025-05-19 15:56:13.001 71537 INFO tempest.lib.common.rest_client [req-0088340e-bbb1-4fd9-a9cc-bdfb895ec08e req-0088340e-bbb1-4fd9-a9cc-bdfb895ec08e ] Request (ServersTestJSON:setUpClass): 201 POST http://10.180.1.21:9696/networking/v2.0/floatingips 1.610s
2025-05-19 15:56:13.078 71567 INFO tempest.lib.common.rest_client [req-a7ebd0aa-6674-4f50-9b9e-1cb4106f1ca3 req-a7ebd0aa-6674-4f50-9b9e-1cb4106f1ca3 ] Request (FlavorsV261TestJSON:tearDownClass): 201 POST http://10.180.1.21/identity/v3/auth/tokens 0.082s
2025-05-19 15:56:13.079 71529 INFO tempest.lib.common.rest_client [req-c603d833-7f93-4db9-a4e4-5d8e11176f73 req-c603d833-7f93-4db9-a4e4-5d8e11176f73 ] Request (HypervisorAdminNegativeUnderV252Test:tearDownClass): 204 DELETE http://10.180.1.21:9696/networking/v2.0/security-groups/43828fa0-012f-4468-94a9-f90338b3bc84 0.341s
2025-05-19 15:56:13.137 71537 INFO tempest.lib.common.rest_client [req-c27e0b8e-0880-4674-97d6-a3cc578deb82 req-c27e0b8e-0880-4674-97d6-a3cc578deb82 ] Request (ServersTestJSON:setUpClass): 201 POST http://10.180.1.21/identity/v3/auth/tokens 0.133s
2025-05-19 15:56:13.137 71537 INFO tempest.lib.common.fixed_network [-] (ServersTestJSON:setUpClass) Found network {'id': '5040f2a1-2d54-4307-8afc-debe6f627396', 'name': 'tempest-ServersTestJSON-2038653060-network', 'tenant_id': '83d9df2d09804647aba00b7ca1884517', 'admin_state_up': True, 'mtu': 8950, 'status': 'ACTIVE', 'subnets': [], 'shared': False, 'project_id': '83d9df2d09804647aba00b7ca1884517', 'port_security_enabled': True, 'router:external': False, 'provider:network_type': 'vlan', 'provider:physical_network': 'default', 'provider:segmentation_id': 865, 'availability_zone_hints': [], 'availability_zones': [], 'ipv4_address_scope': None, 'ipv6_address_scope': None, 'description': '', 'tags': [], 'created_at': '2025-05-19T15:56:03Z', 'updated_at': '2025-05-19T15:56:03Z', 'revision_number': 1} available for tenant
2025-05-19 15:56:13.167 71591 INFO tempest.lib.common.rest_client [req-1fc5bc36-a325-46ee-9e48-979901cd1202 req-1fc5bc36-a325-46ee-9e48-979901cd1202 ] Request (ServerDiagnosticsNegativeTest:tearDownClass): 204 DELETE http://10.180.1.21:9696/networking/v2.0/security-groups/3a5ff396-aa97-4f95-be66-d1a7625a0c28 0.379s
2025-05-19 15:56:13.195 71589 INFO tempest.lib.common.rest_client [req-aa09a994-577c-4963-8cbd-aa234a0f1a11 req-aa09a994-577c-4963-8cbd-aa234a0f1a11 ] Request (ServerDiagnosticsV248Test:tearDownClass): 204 DELETE http://10.180.1.21:9696/networking/v2.0/security-groups/367a3d29-5bd9-4cd9-b320-3ebee57f974d 0.376s
2025-05-19 15:56:13.217 71529 INFO tempest.lib.common.rest_client [req-c3ad282f-504b-40fb-bfae-e0f10f05c4f9 req-c3ad282f-504b-40fb-bfae-e0f10f05c4f9 ] Request (HypervisorAdminNegativeUnderV252Test:tearDownClass): 204 DELETE http://10.180.1.21/identity/v3/projects/a3d4c6cf2f8e416c8d1d2e8df920d40b 0.135s
2025-05-19 15:56:13.240 71569 INFO tempest.lib.common.rest_client [req-b39f9e57-8cce-44fe-9191-2a3147e755da req-b39f9e57-8cce-44fe-9191-2a3147e755da ] Request (ServersTestMultiNic:test_verify_duplicate_network_nics): 202 POST http://10.180.1.21/compute/v2.1/servers 2.518s
2025-05-19 15:56:13.282 71583 INFO tempest.lib.common.rest_client [req-1137db6e-67bb-4b31-9e37-3960205900c3 req-1137db6e-67bb-4b31-9e37-3960205900c3 ] Request (ServersWithSpecificFlavorTestJSON:test_verify_created_server_ephemeral_disk): 200 POST http://10.180.1.21/compute/v2.1/flavors/1898396351/os-extra_specs 1.744s
2025-05-19 15:56:13.313 71591 INFO tempest.lib.common.rest_client [req-3f8243f6-fb05-4511-8485-21b21dc26719 req-3f8243f6-fb05-4511-8485-21b21dc26719 ] Request (ServerDiagnosticsNegativeTest:tearDownClass): 204 DELETE http://10.180.1.21/identity/v3/projects/9cc9d300cd21486db501091f00a8d664 0.145s
2025-05-19 15:56:13.314 71591 INFO tempest.lib.common.dynamic_creds [-] Deleting project and security group for project: c3a97daecd01439aabe48ea0371b3ed2
2025-05-19 15:56:13.314 71553 INFO tempest.lib.common.rest_client [req-5e4ae3fb-d27b-4ac6-b7d3-643f1c2055d5 req-5e4ae3fb-d27b-4ac6-b7d3-643f1c2055d5 ] Request (HostsAdminTestJSON:test_list_hosts_with_zone): 200 GET http://10.180.1.21/compute/v2.1/os-hosts 1.772s
2025-05-19 15:56:13.324 71571 INFO tempest.lib.common.rest_client [req-ed6dc9ca-f797-4a0d-8de1-e958d3ac64ff req-ed6dc9ca-f797-4a0d-8de1-e958d3ac64ff ] Request (FlavorsExtraSpecsTestJSON:test_flavor_set_get_update_show_unset_keys): 200 GET http://10.180.1.21/compute/v2.1/flavors/739735620/os-extra_specs 1.735s
2025-05-19 15:56:13.335 71585 INFO tempest.lib.common.rest_client [req-fa071333-633d-4182-a71b-1beaac748ce3 req-fa071333-633d-4182-a71b-1beaac748ce3 ] Request (KeyPairsV22TestJSON:test_get_keypair_detail): 200 GET http://10.180.1.21/compute/v2.1/os-keypairs/tempest-keypair-33869513 1.725s
2025-05-19 15:56:13.341 71529 INFO tempest.lib.common.rest_client [req-e92f0b85-2ea2-440e-8db1-dcad9976e794 req-e92f0b85-2ea2-440e-8db1-dcad9976e794 ] Request (ServersAdminTestJSON:setUpClass): 201 POST http://10.180.1.21/identity/v3/auth/tokens 0.119s
2025-05-19 15:56:13.350 71573 INFO tempest.lib.common.rest_client [req-736cd75f-19b1-42f9-a07f-c2bfe7d64eb2 req-736cd75f-19b1-42f9-a07f-c2bfe7d64eb2 ] Request (FlavorsExtraSpecsNegativeTestJSON:test_flavor_unset_nonexistent_key): 404 DELETE http://10.180.1.21/compute/v2.1/flavors/669478511/os-extra_specs/hw:cpu_thread_policy 1.731s
2025-05-19 15:56:13.365 71555 INFO tempest.lib.common.rest_client [req-491b6271-cc6d-482d-b31f-ffde3d64ed97 req-491b6271-cc6d-482d-b31f-ffde3d64ed97 ] Request (FlavorsAccessNegativeTestJSON:test_flavor_access_list_with_public_flavor): 200 POST http://10.180.1.21/compute/v2.1/flavors 1.740s
2025-05-19 15:56:13.373 71589 INFO tempest.lib.common.rest_client [req-efdec5a6-c37e-420e-b956-5a22bf3885ca req-efdec5a6-c37e-420e-b956-5a22bf3885ca ] Request (ServerDiagnosticsV248Test:tearDownClass): 204 DELETE http://10.180.1.21/identity/v3/projects/d8bcd2a1ed4142038fae230d39f6dfb0 0.178s
2025-05-19 15:56:13.374 71589 INFO tempest.lib.common.dynamic_creds [-] Deleting project and security group for project: 3cfa8a5da2244d2b992e034d9e20d1cc
2025-05-19 15:56:13.386 71551 INFO tempest.lib.common.rest_client [req-30319af7-20ad-4658-b632-99443d4efc30 req-30319af7-20ad-4658-b632-99443d4efc30 ] Request (FlavorsAdminTestJSON:test_create_flavor_with_int_id): 200 POST http://10.180.1.21/compute/v2.1/flavors 1.733s
2025-05-19 15:56:13.416 71529 INFO tempest.lib.common.rest_client [req-a0abc6fa-31e0-4a61-b0a1-f824fdd83b0f req-a0abc6fa-31e0-4a61-b0a1-f824fdd83b0f ] Request (ServersAdminTestJSON:setUpClass): 201 POST http://10.180.1.21/identity/v3/auth/tokens 0.071s
2025-05-19 15:56:13.451 71529 INFO tempest.lib.common.rest_client [req-61652a87-21bc-4d29-81e5-cce20cc867c0 req-61652a87-21bc-4d29-81e5-cce20cc867c0 ] Request (ServersAdminTestJSON:setUpClass): 200 GET http://10.180.1.21/identity/v3/domains?name=Default 0.034s
2025-05-19 15:56:13.485 71529 INFO tempest.lib.common.rest_client [req-4e9e5a89-ce3d-4a13-93a6-45df24de4ab4 req-4e9e5a89-ce3d-4a13-93a6-45df24de4ab4 ] Request (ServersAdminTestJSON:setUpClass): 201 POST http://10.180.1.21/identity/v3/projects 0.034s
2025-05-19 15:56:13.544 71567 INFO tempest.lib.common.rest_client [req-363589c9-2bc8-4592-b2d3-f911ce78a190 req-363589c9-2bc8-4592-b2d3-f911ce78a190 ] Request (FlavorsV261TestJSON:tearDownClass): 200 GET http://10.180.1.21:9696/networking/v2.0/security-groups?tenant_id=4a11da2e490e42eca7f33b9be8ab760f&name=default 0.465s
2025-05-19 15:56:13.555 71529 INFO tempest.lib.common.rest_client [req-2f455c4b-cffb-40ae-9640-f397139f3545 req-2f455c4b-cffb-40ae-9640-f397139f3545 ] Request (ServersAdminTestJSON:setUpClass): 201 POST http://10.180.1.21/identity/v3/users 0.069s
2025-05-19 15:56:13.579 71529 INFO tempest.lib.common.rest_client [req-faee3652-18cc-46a1-b2b3-089af20e6cdf req-faee3652-18cc-46a1-b2b3-089af20e6cdf ] Request (ServersAdminTestJSON:setUpClass): 200 GET http://10.180.1.21/identity/v3/roles 0.023s
2025-05-19 15:56:13.609 71529 INFO tempest.lib.common.rest_client [req-ee8c0649-dfa5-4db4-a684-325cd0613a79 req-ee8c0649-dfa5-4db4-a684-325cd0613a79 ] Request (ServersAdminTestJSON:setUpClass): 204 PUT http://10.180.1.21/identity/v3/projects/9ebe14ce429741ba83af9d54f9a4d405/users/63d82547704443e3803e6b6c648dd119/roles/93a3e573a3cb4750a181f7aabe896ec9 0.029s
2025-05-19 15:56:13.609 71529 INFO tempest.lib.common.dynamic_creds [-] Dynamic test user 63d82547704443e3803e6b6c648dd119 is created with scope project and roles: ['member']
2025-05-19 15:56:13.609 71529 INFO tempest.lib.common.dynamic_creds [-] Acquired dynamic creds: credentials: Credentials: {'domain_id': 'default', 'domain_name': 'Default', 'username': 'tempest-ServersAdminTestJSON-736325938-project-member', 'project_domain_id': 'default', 'project_domain_name': 'Default', 'project_id': '9ebe14ce429741ba83af9d54f9a4d405', 'project_name': 'tempest-ServersAdminTestJSON-736325938', 'tenant_id': '9ebe14ce429741ba83af9d54f9a4d405', 'tenant_name': 'tempest-ServersAdminTestJSON-736325938', 'user_domain_id': 'default', 'user_domain_name': 'Default', 'user_id': '63d82547704443e3803e6b6c648dd119', 'system': None}, Network: None, Subnet: None, Router: None
2025-05-19 15:56:13.620 71563 INFO tempest.lib.common.rest_client [req-03bfdb38-001f-4710-9c92-d213d5ace3f2 req-03bfdb38-001f-4710-9c92-d213d5ace3f2 ] Request (FlavorsV255TestJSON:tearDownClass): 200 GET http://10.180.1.21:9696/networking/v2.0/security-groups?tenant_id=baaf8ffcab4748f899e36143c2c73923&name=default 0.680s
2025-05-19 15:56:13.630 71560 INFO tempest.lib.common.rest_client [req-19bc55b7-55c0-4d66-9acb-bd5e0555fc5a req-19bc55b7-55c0-4d66-9acb-bd5e0555fc5a ] Request (SecurityGroupRulesTestJSON:setUpClass): 201 POST http://10.180.1.21:9696/networking/v2.0/subnets 0.907s
2025-05-19 15:56:13.676 71587 INFO tempest.lib.common.rest_client [req-53e6f096-f525-4fc6-a828-ff4aa6e1059e req-53e6f096-f525-4fc6-a828-ff4aa6e1059e ] Request (ServerRescueNegativeTestJSON:setUpClass): 204 DELETE http://10.180.1.21/compute/v2.1/servers/c988f708-f509-4337-b924-0b960e23f312 1.985s
2025-05-19 15:56:13.685 71529 INFO tempest.lib.common.rest_client [req-198ce30d-99cd-4f24-8efd-3f5d398c43f7 req-198ce30d-99cd-4f24-8efd-3f5d398c43f7 ] Request (ServersAdminTestJSON:setUpClass): 201 POST http://10.180.1.21/identity/v3/auth/tokens 0.076s
2025-05-19 15:56:13.691 71547 INFO tempest.lib.common.rest_client [req-b0cc6d83-dc76-4256-8d45-402bbe32a865 req-b0cc6d83-dc76-4256-8d45-402bbe32a865 ] Request (KeyPairsV210TestJSON:_run_cleanups): 204 DELETE http://10.180.1.21/compute/v2.1/os-keypairs/tempest-keypair-594343039?user_id=0b1d640f4ca84629877a65588849c472 1.936s
2025-05-19 15:56:13.818 71547 INFO tempest.lib.common.rest_client [req-cfa62b5a-8a11-46e7-a2ed-f3a8af7d6cc0 req-cfa62b5a-8a11-46e7-a2ed-f3a8af7d6cc0 ] Request (KeyPairsV210TestJSON:tearDownClass): 204 DELETE http://10.180.1.21/identity/v3/users/0b1d640f4ca84629877a65588849c472 0.121s
2025-05-19 15:56:13.834 71591 INFO tempest.lib.common.rest_client [req-cf7fa3fc-ab36-4485-acf4-ac34e82ad2c3 req-cf7fa3fc-ab36-4485-acf4-ac34e82ad2c3 ] Request (ServerDiagnosticsNegativeTest:tearDownClass): 200 GET http://10.180.1.21:9696/networking/v2.0/security-groups?tenant_id=c3a97daecd01439aabe48ea0371b3ed2&name=default 0.520s
2025-05-19 15:56:13.846 71567 INFO tempest.lib.common.rest_client [req-bf27a863-50d4-4e4c-b032-f0a323f62932 req-bf27a863-50d4-4e4c-b032-f0a323f62932 ] Request (FlavorsV261TestJSON:tearDownClass): 204 DELETE http://10.180.1.21:9696/networking/v2.0/security-groups/e0af0c08-34b1-4771-9f9a-24c133da4d2e 0.301s
2025-05-19 15:56:13.877 71577 INFO tempest.lib.common.rest_client [req-757cce4c-3d99-4f2a-a224-6f54ec39cc29 req-757cce4c-3d99-4f2a-a224-6f54ec39cc29 ] Request (ImagesOneServerNegativeTestJSON:tearDownClass): 204 DELETE http://10.180.1.21:9696/networking/v2.0/networks/5d76bdff-f287-4c4f-8e9f-03675e86a94c 1.120s
2025-05-19 15:56:13.899 71539 INFO tempest.lib.common.rest_client [req-c2b4ed11-e1d8-4a73-b33e-eeea64063e2f req-c2b4ed11-e1d8-4a73-b33e-eeea64063e2f ] Request (FloatingIPsAssociationNegativeTestJSON:setUpClass): 202 POST http://10.180.1.21/compute/v2.1/servers 2.424s
2025-05-19 15:56:13.899 71563 INFO tempest.lib.common.rest_client [req-8b57fb7d-d4c7-405f-ad1e-50d0de0851e6 req-8b57fb7d-d4c7-405f-ad1e-50d0de0851e6 ] Request (FlavorsV255TestJSON:tearDownClass): 204 DELETE http://10.180.1.21:9696/networking/v2.0/security-groups/2012e777-62cc-416d-917d-852569f20d11 0.278s
2025-05-19 15:56:13.927 71547 INFO tempest.lib.common.rest_client [req-7e9d2070-b001-4a4c-b215-474155c4cd2c req-7e9d2070-b001-4a4c-b215-474155c4cd2c ] Request (KeyPairsV210TestJSON:tearDownClass): 204 DELETE http://10.180.1.21/identity/v3/users/1776874d129a4287aed74d4cee658a3b 0.108s
2025-05-19 15:56:13.927 71547 INFO tempest.lib.common.dynamic_creds [-] Deleting project and security group for project: 88c6a012582f47dfbfd9bbfa9e1e0aa2
2025-05-19 15:56:13.930 71589 INFO tempest.lib.common.rest_client [req-9f1d8f25-69d4-4caf-8147-991d35420cc7 req-9f1d8f25-69d4-4caf-8147-991d35420cc7 ] Request (ServerDiagnosticsV248Test:tearDownClass): 200 GET http://10.180.1.21:9696/networking/v2.0/security-groups?tenant_id=3cfa8a5da2244d2b992e034d9e20d1cc&name=default 0.557s
2025-05-19 15:56:14.010 71531 INFO tempest.lib.common.rest_client [req-442a1687-89b2-4cce-ae80-1d80184bc6e5 req-442a1687-89b2-4cce-ae80-1d80184bc6e5 ] Request (ListServerFiltersTestJSON:setUpClass): 200 GET http://10.180.1.21/compute/v2.1/servers/092cfff5-80ec-4663-a573-6ed30233a2d5 1.913s
2025-05-19 15:56:14.028 71533 INFO tempest.lib.common.rest_client [req-17362919-d504-40bb-a35a-2054872245a3 req-17362919-d504-40bb-a35a-2054872245a3 ] Request (DeleteServersAdminTestJSON:test_delete_server_while_in_error_state): 202 POST http://10.180.1.21/compute/v2.1/servers 2.034s
2025-05-19 15:56:14.032 71567 INFO tempest.lib.common.rest_client [req-607abef8-832a-4acf-84fc-c73b03e994eb req-607abef8-832a-4acf-84fc-c73b03e994eb ] Request (FlavorsV261TestJSON:tearDownClass): 204 DELETE http://10.180.1.21/identity/v3/projects/4a11da2e490e42eca7f33b9be8ab760f 0.186s
2025-05-19 15:56:14.033 71567 INFO tempest.lib.common.dynamic_creds [-] Deleting project and security group for project: c4a7b4d6a9ba4883ad7ac2144c1d63e3
2025-05-19 15:56:14.100 71591 INFO tempest.lib.common.rest_client [req-270b0167-030f-407b-9626-6958df084d8f req-270b0167-030f-407b-9626-6958df084d8f ] Request (ServerDiagnosticsNegativeTest:tearDownClass): 204 DELETE http://10.180.1.21:9696/networking/v2.0/security-groups/6fa3bac9-bfba-464b-a820-a75ef47a5c66 0.265s
2025-05-19 15:56:14.116 71549 INFO tempest.lib.common.rest_client [req-34dea36f-fe40-48d1-b7cb-10bc1ed48c25 req-34dea36f-fe40-48d1-b7cb-10bc1ed48c25 ] Request (FloatingIPsAssociationTestJSON:tearDownClass): 200 PUT http://10.180.1.21:9696/networking/v2.0/routers/312a111c-d4f6-4db9-89d2-c68c2ec9ce3c/remove_router_interface 2.735s
2025-05-19 15:56:14.125 71577 INFO tempest.lib.common.rest_client [req-718ff136-7ab3-46a7-8e38-27df6668881a req-718ff136-7ab3-46a7-8e38-27df6668881a ] Request (ImagesOneServerNegativeTestJSON:tearDownClass): 204 DELETE http://10.180.1.21/identity/v3/users/c6c15f56410d4384a7415748f60d6cd4 0.247s
2025-05-19 15:56:14.125 71577 INFO tempest.lib.common.dynamic_creds [-] Deleting project and security group for project: aade9ade62e3458e8f47afa0bcad6aba
2025-05-19 15:56:14.131 71589 INFO tempest.lib.common.rest_client [req-745ee39b-7f3f-4f13-a06a-332e73a0e08d req-745ee39b-7f3f-4f13-a06a-332e73a0e08d ] Request (ServerDiagnosticsV248Test:tearDownClass): 204 DELETE http://10.180.1.21:9696/networking/v2.0/security-groups/8adc8a8f-a650-429a-b2a1-51d2833c1af5 0.200s
2025-05-19 15:56:14.133 71543 INFO tempest.lib.common.rest_client [req-bf644a0d-d723-49f9-8495-e2638811d20c req-bf644a0d-d723-49f9-8495-e2638811d20c ] Request (ServerDiagnosticsTest:test_get_server_diagnostics): 200 GET http://10.180.1.21/compute/v2.1/servers/f0d84075-728d-4942-9b60-4476c55ac9ae 1.776s
2025-05-19 15:56:14.138 71563 INFO tempest.lib.common.rest_client [req-e07a760d-6b0e-4485-8450-161bb3922430 req-e07a760d-6b0e-4485-8450-161bb3922430 ] Request (FlavorsV255TestJSON:tearDownClass): 204 DELETE http://10.180.1.21/identity/v3/projects/baaf8ffcab4748f899e36143c2c73923 0.239s
2025-05-19 15:56:14.138 71563 INFO tempest.lib.common.dynamic_creds [-] Deleting project and security group for project: d493d09b2b044f9c9c2adf1dcfb476ac
2025-05-19 15:56:14.179 71577 INFO tempest.lib.common.rest_client [req-f37fcf08-1c2a-466a-8f91-3c1a2b0b7d56 req-f37fcf08-1c2a-466a-8f91-3c1a2b0b7d56 ] Request (ImagesOneServerNegativeTestJSON:tearDownClass): 200 GET http://10.180.1.21:9696/networking/v2.0/security-groups?tenant_id=aade9ade62e3458e8f47afa0bcad6aba&name=default 0.053s
2025-05-19 15:56:14.191 71547 INFO tempest.lib.common.rest_client [req-a69d8d7e-fa53-47fc-a5c2-d0ca52a5bc1e req-a69d8d7e-fa53-47fc-a5c2-d0ca52a5bc1e ] Request (KeyPairsV210TestJSON:tearDownClass): 201 POST http://10.180.1.21/identity/v3/auth/tokens 0.263s
2025-05-19 15:56:14.246 71567 INFO tempest.lib.common.rest_client [req-ed510b1e-8b7f-4b57-bcf7-5c40ba4eda54 req-ed510b1e-8b7f-4b57-bcf7-5c40ba4eda54 ] Request (FlavorsV261TestJSON:tearDownClass): 200 GET http://10.180.1.21:9696/networking/v2.0/security-groups?tenant_id=c4a7b4d6a9ba4883ad7ac2144c1d63e3&name=default 0.213s
2025-05-19 15:56:14.313 71591 INFO tempest.lib.common.rest_client [req-7e3ee5f2-9f6c-4141-a250-9a4984795189 req-7e3ee5f2-9f6c-4141-a250-9a4984795189 ] Request (ServerDiagnosticsNegativeTest:tearDownClass): 204 DELETE http://10.180.1.21/identity/v3/projects/c3a97daecd01439aabe48ea0371b3ed2 0.212s
2025-05-19 15:56:14.326 71577 INFO tempest.lib.common.rest_client [req-a32bb885-928d-4288-943f-ce8206791f37 req-a32bb885-928d-4288-943f-ce8206791f37 ] Request (ImagesOneServerNegativeTestJSON:tearDownClass): 204 DELETE http://10.180.1.21:9696/networking/v2.0/security-groups/379f34af-cd47-4ec9-b584-7981e012ea4d 0.147s
2025-05-19 15:56:14.362 71567 INFO tempest.lib.common.rest_client [req-8b6ea2c6-c6b1-4d8e-a8ae-d862ed68f27a req-8b6ea2c6-c6b1-4d8e-a8ae-d862ed68f27a ] Request (FlavorsV261TestJSON:tearDownClass): 204 DELETE http://10.180.1.21:9696/networking/v2.0/security-groups/9c044da7-1734-4d79-bfc6-0872c43b14d4 0.115s
2025-05-19 15:56:14.370 71535 INFO tempest.lib.common.rest_client [req-7b40ddbd-889e-4c6a-80b2-1d339706c455 req-7b40ddbd-889e-4c6a-80b2-1d339706c455 ] Request (VolumesAssistedSnapshotsTest:test_volume_assisted_snapshot_create_delete): 200 POST http://10.180.1.21/compute/v2.1/os-keypairs 2.251s
2025-05-19 15:56:14.415 71589 INFO tempest.lib.common.rest_client [req-21ed8a5a-be61-49ab-a3e2-106ec43cf564 req-21ed8a5a-be61-49ab-a3e2-106ec43cf564 ] Request (ServerDiagnosticsV248Test:tearDownClass): 204 DELETE http://10.180.1.21/identity/v3/projects/3cfa8a5da2244d2b992e034d9e20d1cc 0.284s
2025-05-19 15:56:14.449 71529 INFO tempest.lib.common.rest_client [req-ef156ee7-5eac-44dc-8468-0abf2dae3d15 req-ef156ee7-5eac-44dc-8468-0abf2dae3d15 ] Request (ServersAdminTestJSON:setUpClass): 201 POST http://10.180.1.21:9696/networking/v2.0/networks 0.763s
2025-05-19 15:56:14.461 71563 INFO tempest.lib.common.rest_client [req-98c79338-d044-4506-8378-bd633080c4d2 req-98c79338-d044-4506-8378-bd633080c4d2 ] Request (FlavorsV255TestJSON:tearDownClass): 200 GET http://10.180.1.21:9696/networking/v2.0/security-groups?tenant_id=d493d09b2b044f9c9c2adf1dcfb476ac&name=default 0.322s
2025-05-19 15:56:14.489 71565 INFO tempest.lib.common.rest_client [req-5030698c-50e2-4c9d-9cdd-d299ef9ea8d4 req-5030698c-50e2-4c9d-9cdd-d299ef9ea8d4 ] Request (ImagesTestJSON:test_create_image_from_stopped_server): 200 GET http://10.180.1.21/compute/v2.1/servers/b03fd4fc-454c-475a-a7a7-fe2349723708 1.952s
2025-05-19 15:56:14.501 71581 INFO tempest.lib.common.rest_client [req-90a3ca3c-ac4b-4ac3-897c-8e938d180ec3 req-90a3ca3c-ac4b-4ac3-897c-8e938d180ec3 ] Request (QuotasAdminNegativeTest:test_update_quota_normal_user): 403 PUT http://10.180.1.21/compute/v2.1/os-quota-sets/9ebc73f4c93f499da049b4c9025ebe96 1.956s
2025-05-19 15:56:14.545 71576 INFO tempest.lib.common.rest_client [req-0c3339c0-e760-4202-b699-6d4bae22424f req-0c3339c0-e760-4202-b699-6d4bae22424f ] Request (HypervisorAdminV253TestBase:test_list_show_detail_hypervisors): 200 GET http://10.180.1.21/compute/v2.1/os-hypervisors/detail?with_servers=True 2.057s
2025-05-19 15:56:14.552 71591 INFO tempest.lib.common.rest_client [req-b6efda27-3f20-47a0-93b3-a5b0f4e58511 req-b6efda27-3f20-47a0-93b3-a5b0f4e58511 ] Request (ServersAdmin275Test:setUpClass): 201 POST http://10.180.1.21/identity/v3/auth/tokens 0.237s
2025-05-19 15:56:14.567 71535 INFO tempest.lib.common.rest_client [req-23c09b6d-b158-436d-b2e5-315f0e4f2bcd req-23c09b6d-b158-436d-b2e5-315f0e4f2bcd ] Request (VolumesAssistedSnapshotsTest:test_volume_assisted_snapshot_create_delete): 201 POST http://10.180.1.21:9696/networking/v2.0/security-groups 0.196s
2025-05-19 15:56:14.609 71577 INFO tempest.lib.common.rest_client [req-3c6bd2c0-36c5-4764-86ad-b4d1144b2266 req-3c6bd2c0-36c5-4764-86ad-b4d1144b2266 ] Request (ImagesOneServerNegativeTestJSON:tearDownClass): 204 DELETE http://10.180.1.21/identity/v3/projects/aade9ade62e3458e8f47afa0bcad6aba 0.282s
2025-05-19 15:56:14.644 71567 INFO tempest.lib.common.rest_client [req-334579c6-d4e8-4655-b79c-32614f50b46b req-334579c6-d4e8-4655-b79c-32614f50b46b ] Request (FlavorsV261TestJSON:tearDownClass): 204 DELETE http://10.180.1.21/identity/v3/projects/c4a7b4d6a9ba4883ad7ac2144c1d63e3 0.281s
2025-05-19 15:56:14.678 71589 INFO tempest.lib.common.rest_client [req-4d4ba1d7-a4fe-4480-9f9b-ec22df5a8843 req-4d4ba1d7-a4fe-4480-9f9b-ec22df5a8843 ] Request (SecurityGroupRulesNegativeTestJSON:setUpClass): 201 POST http://10.180.1.21/identity/v3/auth/tokens 0.260s
2025-05-19 15:56:14.725 71563 INFO tempest.lib.common.rest_client [req-91c9f553-0d84-4716-a935-989fb39d1c32 req-91c9f553-0d84-4716-a935-989fb39d1c32 ] Request (FlavorsV255TestJSON:tearDownClass): 204 DELETE http://10.180.1.21:9696/networking/v2.0/security-groups/dd49d8ac-54c8-4202-b304-c95d9f1f91a1 0.264s
2025-05-19 15:56:14.767 71581 INFO tempest.lib.common.rest_client [req-d7caa742-2324-440c-a64f-5fec327cc65a req-d7caa742-2324-440c-a64f-5fec327cc65a ] Request (QuotasAdminNegativeTest:tearDownClass): 204 DELETE http://10.180.1.21/identity/v3/users/4fa038cd621d442a9842f4e0a1de8f52 0.263s
2025-05-19 15:56:14.785 71547 INFO tempest.lib.common.rest_client [req-ea8b6c40-378e-4ce9-9553-7267f0b2d404 req-ea8b6c40-378e-4ce9-9553-7267f0b2d404 ] Request (KeyPairsV210TestJSON:tearDownClass): 200 GET http://10.180.1.21:9696/networking/v2.0/security-groups?tenant_id=88c6a012582f47dfbfd9bbfa9e1e0aa2&name=default 0.593s
2025-05-19 15:56:14.787 71557 INFO tempest.lib.common.rest_client [req-7b525f94-71d8-4269-b968-6cd3c8cab614 req-7b525f94-71d8-4269-b968-6cd3c8cab614 ] Request (AggregatesAdminNegativeTestJSON:test_aggregate_add_host_as_user): 403 POST http://10.180.1.21/compute/v2.1/os-aggregates/2/action 2.159s
2025-05-19 15:56:14.801 71535 INFO tempest.lib.common.rest_client [req-51c9b212-c005-4783-9527-37821aebe696 req-51c9b212-c005-4783-9527-37821aebe696 ] Request (VolumesAssistedSnapshotsTest:test_volume_assisted_snapshot_create_delete): 201 POST http://10.180.1.21:9696/networking/v2.0/security-group-rules 0.233s
2025-05-19 15:56:14.830 71591 INFO tempest.lib.common.rest_client [req-9526c88f-19ca-4786-9370-790f95ede954 req-9526c88f-19ca-4786-9370-790f95ede954 ] Request (ServersAdmin275Test:setUpClass): 201 POST http://10.180.1.21/identity/v3/auth/tokens 0.276s
2025-05-19 15:56:14.880 71576 INFO tempest.lib.common.rest_client [req-69d2a482-d213-4441-b9ed-a34e73c44f96 req-69d2a482-d213-4441-b9ed-a34e73c44f96 ] Request (HypervisorAdminV253TestBase:tearDownClass): 204 DELETE http://10.180.1.21/identity/v3/users/9437f45d085c4c6c89caed0f8998b891 0.325s
2025-05-19 15:56:14.896 71577 INFO tempest.lib.common.rest_client [req-cc7ce7d4-1608-4ef1-ab3d-eac042a137a5 req-cc7ce7d4-1608-4ef1-ab3d-eac042a137a5 ] Request (ServerActionsTestOtherA:setUpClass): 201 POST http://10.180.1.21/identity/v3/auth/tokens 0.276s
2025-05-19 15:56:14.938 71567 INFO tempest.lib.common.rest_client [req-168c6aa6-052f-4b5a-be10-2bb6b7473165 req-168c6aa6-052f-4b5a-be10-2bb6b7473165 ] Request (FloatingIPsNegativeTestJSON:setUpClass): 201 POST http://10.180.1.21/identity/v3/auth/tokens 0.293s
2025-05-19 15:56:14.964 71589 INFO tempest.lib.common.rest_client [req-aa0c5603-1d35-40e9-8746-064caac74627 req-aa0c5603-1d35-40e9-8746-064caac74627 ] Request (SecurityGroupRulesNegativeTestJSON:setUpClass): 201 POST http://10.180.1.21/identity/v3/auth/tokens 0.282s
2025-05-19 15:56:14.979 71529 INFO tempest.lib.common.rest_client [req-ec4128b2-e2b3-4c7f-90e7-37b5861fd82c req-ec4128b2-e2b3-4c7f-90e7-37b5861fd82c ] Request (ServersAdminTestJSON:setUpClass): 201 POST http://10.180.1.21:9696/networking/v2.0/subnets 0.529s
2025-05-19 15:56:15.012 71535 INFO tempest.lib.common.rest_client [req-6bc7c861-8c2c-46df-b996-e5c2fea4ebb3 req-6bc7c861-8c2c-46df-b996-e5c2fea4ebb3 ] Request (VolumesAssistedSnapshotsTest:test_volume_assisted_snapshot_create_delete): 201 POST http://10.180.1.21:9696/networking/v2.0/security-group-rules 0.210s
2025-05-19 15:56:15.016 71547 INFO tempest.lib.common.rest_client [req-e549eeca-ec34-47c9-8461-03d96a65ebf8 req-e549eeca-ec34-47c9-8461-03d96a65ebf8 ] Request (KeyPairsV210TestJSON:tearDownClass): 204 DELETE http://10.180.1.21:9696/networking/v2.0/security-groups/dd442eef-2e4a-4761-8489-9b0d9692b1a1 0.231s
2025-05-19 15:56:15.026 71563 INFO tempest.lib.common.rest_client [req-ba769fb5-cf38-4975-bb6e-f15e3acff061 req-ba769fb5-cf38-4975-bb6e-f15e3acff061 ] Request (FlavorsV255TestJSON:tearDownClass): 204 DELETE http://10.180.1.21/identity/v3/projects/d493d09b2b044f9c9c2adf1dcfb476ac 0.300s
2025-05-19 15:56:15.027 71563 INFO tempest.test [-] raised in LiveMigrationRemoteConsolesV26Test.setUpClass. Invoking tearDownClass.
2025-05-19 15:56:15.105 71579 INFO tempest.lib.common.rest_client [req-eaa397b5-c774-49fe-a0be-ad3832249af5 req-eaa397b5-c774-49fe-a0be-ad3832249af5 ] Request (QuotasAdminTestJSON:test_delete_quota): 200 GET http://10.180.1.21/compute/v2.1/os-quota-sets/c4476e2555614f17aa9a0d5b73586ff9 2.522s
2025-05-19 15:56:15.122 71591 INFO tempest.lib.common.rest_client [req-b0066b51-7dec-487b-85d4-17b9a8313d81 req-b0066b51-7dec-487b-85d4-17b9a8313d81 ] Request (ServersAdmin275Test:setUpClass): 200 GET http://10.180.1.21/identity/v3/domains?name=Default 0.292s
2025-05-19 15:56:15.176 71581 INFO tempest.lib.common.rest_client [req-ab77d7e9-66f0-4327-92f2-547afcfcc8a2 req-ab77d7e9-66f0-4327-92f2-547afcfcc8a2 ] Request (QuotasAdminNegativeTest:tearDownClass): 204 DELETE http://10.180.1.21/identity/v3/users/297743f0e77a47c2b08c4229e422976d 0.408s
2025-05-19 15:56:15.177 71581 INFO tempest.lib.common.dynamic_creds [-] Deleting project and security group for project: 9ebc73f4c93f499da049b4c9025ebe96
2025-05-19 15:56:15.251 71569 INFO tempest.lib.common.rest_client [req-dd5b42d6-2004-4148-a079-ef3c14c7b0d1 req-dd5b42d6-2004-4148-a079-ef3c14c7b0d1 ] Request (ServersTestMultiNic:test_verify_duplicate_network_nics): 200 GET http://10.180.1.21/compute/v2.1/servers/08652e9d-de00-4b44-9777-4216b7473225 2.009s
2025-05-19 15:56:15.256 71549 INFO tempest.lib.common.rest_client [req-a7a381fb-42cc-4454-819e-18d55521898e req-a7a381fb-42cc-4454-819e-18d55521898e ] Request (FloatingIPsAssociationTestJSON:tearDownClass): 204 DELETE http://10.180.1.21:9696/networking/v2.0/routers/312a111c-d4f6-4db9-89d2-c68c2ec9ce3c 1.138s
2025-05-19 15:56:15.260 71576 INFO tempest.lib.common.rest_client [req-5c774b11-da97-4bb7-953e-a1b9fd75d05b req-5c774b11-da97-4bb7-953e-a1b9fd75d05b ] Request (HypervisorAdminV253TestBase:tearDownClass): 204 DELETE http://10.180.1.21/identity/v3/users/ac924ea7628048b39c2a2dd73345b265 0.380s
2025-05-19 15:56:15.261 71576 INFO tempest.lib.common.dynamic_creds [-] Deleting project and security group for project: 903d7dc67d664fffa373c56ce1c0332c
2025-05-19 15:56:15.270 71583 INFO tempest.lib.common.rest_client [req-2cf7e7f8-52b6-4ff6-9c3f-ad1ff79678a2 req-2cf7e7f8-52b6-4ff6-9c3f-ad1ff79678a2 ] Request (ServersWithSpecificFlavorTestJSON:test_verify_created_server_ephemeral_disk): 200 POST http://10.180.1.21/compute/v2.1/flavors 1.988s
2025-05-19 15:56:15.271 71577 INFO tempest.lib.common.rest_client [req-8f1ced7b-aa25-4f04-85ce-eaed093bb8bd req-8f1ced7b-aa25-4f04-85ce-eaed093bb8bd ] Request (ServerActionsTestOtherA:setUpClass): 201 POST http://10.180.1.21/identity/v3/auth/tokens 0.373s
2025-05-19 15:56:15.299 71553 INFO tempest.lib.common.rest_client [req-48504e49-788f-4c78-a24f-d4650156bd30 req-48504e49-788f-4c78-a24f-d4650156bd30 ] Request (HostsAdminTestJSON:test_list_hosts_with_zone): 200 GET http://10.180.1.21/compute/v2.1/os-hosts?zone=internal 1.984s
2025-05-19 15:56:15.321 71571 INFO tempest.lib.common.rest_client [req-cd510e96-b937-4f7b-8343-123027c29480 req-cd510e96-b937-4f7b-8343-123027c29480 ] Request (FlavorsExtraSpecsTestJSON:test_flavor_set_get_update_show_unset_keys): 200 DELETE http://10.180.1.21/compute/v2.1/flavors/739735620/os-extra_specs/hw:numa_nodes 1.995s
2025-05-19 15:56:15.330 71567 INFO tempest.lib.common.rest_client [req-4d40fccc-18a8-47b7-b94a-55da6061f80f req-4d40fccc-18a8-47b7-b94a-55da6061f80f ] Request (FloatingIPsNegativeTestJSON:setUpClass): 201 POST http://10.180.1.21/identity/v3/auth/tokens 0.384s
2025-05-19 15:56:15.336 71585 INFO tempest.lib.common.rest_client [req-4695ec8e-d674-4ebe-b8d7-ba8c614dbe4f req-4695ec8e-d674-4ebe-b8d7-ba8c614dbe4f ] Request (KeyPairsV22TestJSON:_run_cleanups): 204 DELETE http://10.180.1.21/compute/v2.1/os-keypairs/tempest-keypair-33869513 1.998s
2025-05-19 15:56:15.338 71589 INFO tempest.lib.common.rest_client [req-afde887e-32da-4e43-b1ba-10d462d0448b req-afde887e-32da-4e43-b1ba-10d462d0448b ] Request (SecurityGroupRulesNegativeTestJSON:setUpClass): 200 GET http://10.180.1.21/identity/v3/domains?name=Default 0.373s
2025-05-19 15:56:15.342 71573 INFO tempest.lib.common.rest_client [req-e7bb6207-522f-4346-ae4b-ab0a872f312c req-e7bb6207-522f-4346-ae4b-ab0a872f312c ] Request (FlavorsExtraSpecsNegativeTestJSON:test_flavor_update_mismatch_key): 400 PUT http://10.180.1.21/compute/v2.1/flavors/669478511/os-extra_specs/hw:numa_nodes 1.991s
2025-05-19 15:56:15.351 71555 INFO tempest.lib.common.rest_client [req-dd4934b8-d70f-4e1e-86ca-c80b3f544bba req-dd4934b8-d70f-4e1e-86ca-c80b3f544bba ] Request (FlavorsAccessNegativeTestJSON:test_flavor_access_list_with_public_flavor): 404 GET http://10.180.1.21/compute/v2.1/flavors/644128620/os-flavor-access 1.980s
2025-05-19 15:56:15.360 71563 INFO tempest.lib.common.rest_client [req-49f3ab5e-2bf8-44d9-8f77-ffe4d139e5a5 req-49f3ab5e-2bf8-44d9-8f77-ffe4d139e5a5 ] Request (TenantUsagesTestJSON:setUpClass): 201 POST http://10.180.1.21/identity/v3/auth/tokens 0.327s
2025-05-19 15:56:15.366 71551 INFO tempest.lib.common.rest_client [req-de558fbe-5e45-43c5-b845-a285c3ec8353 req-de558fbe-5e45-43c5-b845-a285c3ec8353 ] Request (FlavorsAdminTestJSON:_run_cleanups): 202 DELETE http://10.180.1.21/compute/v2.1/flavors/1849279906 1.974s
2025-05-19 15:56:15.390 71587 INFO tempest.lib.common.rest_client [req-a7b0d708-6a42-4982-a161-f0e203ffce0b req-a7b0d708-6a42-4982-a161-f0e203ffce0b ] Request (ServerRescueNegativeTestJSON:setUpClass): 404 GET http://10.180.1.21/compute/v2.1/servers/c988f708-f509-4337-b924-0b960e23f312 1.714s
2025-05-19 15:56:15.390 71587 INFO tempest.test [-] raised in ServerRescueNegativeTestJSON.setUpClass. Invoking tearDownClass.
2025-05-19 15:56:15.403 71547 INFO tempest.lib.common.rest_client [req-5d37b5d6-6770-4aab-bf11-3a671e2b456c req-5d37b5d6-6770-4aab-bf11-3a671e2b456c ] Request (KeyPairsV210TestJSON:tearDownClass): 204 DELETE http://10.180.1.21/identity/v3/projects/88c6a012582f47dfbfd9bbfa9e1e0aa2 0.386s
2025-05-19 15:56:15.403 71547 INFO tempest.lib.common.dynamic_creds [-] Deleting project and security group for project: a271ef7362844b7d9a5ae0ee7cbd35ab
2025-05-19 15:56:15.478 71591 INFO tempest.lib.common.rest_client [req-a6f5de1d-69aa-4ec1-8a46-ccf180bf9737 req-a6f5de1d-69aa-4ec1-8a46-ccf180bf9737 ] Request (ServersAdmin275Test:setUpClass): 201 POST http://10.180.1.21/identity/v3/projects 0.355s
2025-05-19 15:56:15.493 71539 INFO tempest.lib.common.rest_client [req-6f22cb09-739b-415d-ae4f-ba8945b351bc req-6f22cb09-739b-415d-ae4f-ba8945b351bc ] Request (FloatingIPsAssociationNegativeTestJSON:setUpClass): 200 GET http://10.180.1.21/compute/v2.1/servers/25f27c95-cd6b-4529-9c37-3667f5ead54b 1.593s
2025-05-19 15:56:15.495 71579 INFO tempest.lib.common.rest_client [req-d1828814-32e2-4e45-bc66-840bd11c937a req-d1828814-32e2-4e45-bc66-840bd11c937a ] Request (QuotasAdminTestJSON:_run_cleanups): 204 DELETE http://10.180.1.21/identity/v3/projects/c4476e2555614f17aa9a0d5b73586ff9 0.388s
2025-05-19 15:56:15.515 71549 INFO tempest.lib.common.rest_client [req-59bda750-64bf-4ec5-b2f6-2be9e22bf4d8 req-59bda750-64bf-4ec5-b2f6-2be9e22bf4d8 ] Request (FloatingIPsAssociationTestJSON:tearDownClass): 204 DELETE http://10.180.1.21:9696/networking/v2.0/subnets/521eefb5-26d7-4431-ac31-7b705cc512a3 0.259s
2025-05-19 15:56:15.550 71581 INFO tempest.lib.common.rest_client [req-98e8c88a-a8b7-4a87-92b2-4701bed260cd req-98e8c88a-a8b7-4a87-92b2-4701bed260cd ] Request (QuotasAdminNegativeTest:tearDownClass): 201 POST http://10.180.1.21/identity/v3/auth/tokens 0.373s
2025-05-19 15:56:15.551 71576 INFO tempest.lib.common.rest_client [req-6e68e457-4f77-4ebd-97d4-686b7e209155 req-6e68e457-4f77-4ebd-97d4-686b7e209155 ] Request (HypervisorAdminV253TestBase:tearDownClass): 201 POST http://10.180.1.21/identity/v3/auth/tokens 0.290s
2025-05-19 15:56:15.568 71560 INFO tempest.lib.common.rest_client [req-f2ad4989-9b88-4ea7-adfe-d765315f9827 req-f2ad4989-9b88-4ea7-adfe-d765315f9827 ] Request (SecurityGroupRulesTestJSON:setUpClass): 201 POST http://10.180.1.21:9696/networking/v2.0/routers 1.937s
