2025-05-19 15:57:17.623 71561 INFO tempest.lib.common.rest_client [req-a01367cf-3d45-49f4-a768-2cb6529e0c06 req-a01367cf-3d45-49f4-a768-2cb6529e0c06 ] Request (ServersTestFqdnHostnames:test_create_server_with_fqdn_name): 200 POST http://10.180.1.21/compute/v2.1/os-keypairs 0.642s
2025-05-19 15:57:17.637 71553 INFO tempest.lib.common.rest_client [req-7366a28b-8f34-42ad-a549-bc9c1a58269c req-7366a28b-8f34-42ad-a549-bc9c1a58269c ] Request (ServerExternalEventsTest:setUpClass): 204 PUT http://10.180.1.21/identity/v3/projects/96f734f83d5c4da4a123974e309550b2/users/6706825ebc30498389194ee833e8e89e/roles/f82edbd907df4c2b9cf97c78bf983df7 0.151s
2025-05-19 15:57:17.637 71553 INFO tempest.lib.common.dynamic_creds [-] Dynamic test user 6706825ebc30498389194ee833e8e89e is created with scope project and roles: ['admin']
2025-05-19 15:57:17.637 71553 INFO tempest.lib.common.dynamic_creds [-] Acquired dynamic creds: credentials: Credentials: {'domain_id': 'default', 'domain_name': 'Default', 'username': 'tempest-ServerExternalEventsTest-1383949679-project-admin', 'project_domain_id': 'default', 'project_domain_name': 'Default', 'project_id': '96f734f83d5c4da4a123974e309550b2', 'project_name': 'tempest-ServerExternalEventsTest-1383949679', 'tenant_id': '96f734f83d5c4da4a123974e309550b2', 'tenant_name': 'tempest-ServerExternalEventsTest-1383949679', 'user_domain_id': 'default', 'user_domain_name': 'Default', 'user_id': '6706825ebc30498389194ee833e8e89e', 'system': None}, Network: None, Subnet: None, Router: None
2025-05-19 15:57:17.638 71553 INFO tempest.lib.common.dynamic_creds [-] Created isolated network resources for: credentials: Credentials: {'domain_id': 'default', 'domain_name': 'Default', 'username': 'tempest-ServerExternalEventsTest-1383949679-project-admin', 'project_domain_id': 'default', 'project_domain_name': 'Default', 'project_id': '96f734f83d5c4da4a123974e309550b2', 'project_name': 'tempest-ServerExternalEventsTest-1383949679', 'tenant_id': '96f734f83d5c4da4a123974e309550b2', 'tenant_name': 'tempest-ServerExternalEventsTest-1383949679', 'user_domain_id': 'default', 'user_domain_name': 'Default', 'user_id': '6706825ebc30498389194ee833e8e89e', 'system': None}, Network: None, Subnet: None, Router: None
2025-05-19 15:57:17.706 71547 INFO tempest.lib.common.rest_client [req-ff18f624-f16f-4ff7-9023-2f8091c479cb req-ff18f624-f16f-4ff7-9023-2f8091c479cb ] Request (ServicesAdminNegativeV253TestJSON:tearDownClass): 201 POST http://10.180.1.21/identity/v3/auth/tokens 0.130s
2025-05-19 15:57:17.807 71553 INFO tempest.lib.common.rest_client [req-35a6d746-5c10-4113-9469-9b2f0b19805b req-35a6d746-5c10-4113-9469-9b2f0b19805b ] Request (ServerExternalEventsTest:setUpClass): 201 POST http://10.180.1.21/identity/v3/auth/tokens 0.165s
2025-05-19 15:57:17.812 71579 INFO tempest.lib.common.rest_client [req-23a2a0ef-5d3c-4043-84d7-ccd7a0fdc970 req-23a2a0ef-5d3c-4043-84d7-ccd7a0fdc970 ] Request (ValidationResourcesFixture:setUp): 200 POST http://10.180.1.21/compute/v2.1/os-keypairs 0.622s
2025-05-19 15:57:17.844 71541 INFO tempest.lib.common.rest_client [req-92d4986d-ce35-42ca-b25d-8825933e8d80 req-92d4986d-ce35-42ca-b25d-8825933e8d80 ] Request (FlavorsV2TestJSON:test_list_flavors_filter_by_min_disk): 200 GET http://10.180.1.21/compute/v2.1/flavors/42 0.502s
2025-05-19 15:57:17.873 71577 INFO tempest.lib.common.rest_client [req-d1aef68d-008f-405e-bcda-32e5d8c52330 req-d1aef68d-008f-405e-bcda-32e5d8c52330 ] Request (ServerAddressesTestJSON:setUpClass): 404 GET http://10.180.1.21/compute/v2.1/servers/9295a627-aee8-47e8-be66-4ab7c8c606cb 0.466s
2025-05-19 15:57:17.874 71577 INFO tempest.test [-] raised in ServerAddressesTestJSON.setUpClass. Invoking tearDownClass.
2025-05-19 15:57:17.901 71531 INFO tempest.lib.common.rest_client [req-c2147f96-094a-419a-9809-3c7c15532871 req-c2147f96-094a-419a-9809-3c7c15532871 ] Request (ServerGroupTestJSON:test_create_delete_server_group_with_anti_affinity_policy): 204 DELETE http://10.180.1.21/compute/v2.1/os-server-groups/19cca5fa-3095-4d5a-83e1-9e3a791f83cb 0.470s
2025-05-19 15:57:17.904 71553 INFO tempest.lib.common.rest_client [req-3e1a7b8d-6b27-42e7-a826-8644fc40b089 req-3e1a7b8d-6b27-42e7-a826-8644fc40b089 ] Request (ServerExternalEventsTest:setUpClass): 201 POST http://10.180.1.21/identity/v3/projects 0.096s
2025-05-19 15:57:17.905 71576 INFO tempest.lib.common.rest_client [req-6c20a2a6-dd56-43fc-8b24-54456d999973 req-6c20a2a6-dd56-43fc-8b24-54456d999973 ] Request (ServersTestBootFromVolume:setUpClass): 204 DELETE http://10.180.1.21/compute/v2.1/servers/660c2b6e-7076-4bfb-a41b-b6153c8d41a1 0.912s
2025-05-19 15:57:17.927 71541 INFO tempest.lib.common.rest_client [req-b2d3158b-ffed-45c5-b031-8ff1ea4d7232 req-b2d3158b-ffed-45c5-b031-8ff1ea4d7232 ] Request (FlavorsV2TestJSON:test_list_flavors_filter_by_min_disk): 200 GET http://10.180.1.21/compute/v2.1/flavors?minDisk=2 0.080s
2025-05-19 15:57:17.943 71531 INFO tempest.lib.common.rest_client [req-aa6f831e-15ef-4dce-afd1-b972cbd28369 req-aa6f831e-15ef-4dce-afd1-b972cbd28369 ] Request (ServerGroupTestJSON:test_create_delete_server_group_with_anti_affinity_policy): 200 GET http://10.180.1.21/compute/v2.1/os-server-groups 0.041s
2025-05-19 15:57:17.964 71563 INFO tempest.lib.common.rest_client [req-dc6e82cd-33e6-46dc-abdc-0587895c5e63 req-dc6e82cd-33e6-46dc-abdc-0587895c5e63 ] Request (VolumesTestJSON:tearDownClass): 404 GET http://10.180.1.21/volume/v3/volumes/6caca08d-b87b-4f23-8ad7-7b83305e07bd 0.030s
2025-05-19 15:57:17.976 71576 INFO tempest.lib.common.rest_client [req-780a2ba2-aaf4-4970-835e-2d36682f2a24 req-780a2ba2-aaf4-4970-835e-2d36682f2a24 ] Request (ServersTestBootFromVolume:setUpClass): 404 GET http://10.180.1.21/compute/v2.1/servers/660c2b6e-7076-4bfb-a41b-b6153c8d41a1 0.071s
2025-05-19 15:57:17.977 71576 INFO tempest.test [-] raised in ServersTestBootFromVolume.setUpClass. Invoking tearDownClass.
2025-05-19 15:57:17.989 71553 INFO tempest.lib.common.rest_client [req-e80d938f-501c-4f27-903d-f78244cac579 req-e80d938f-501c-4f27-903d-f78244cac579 ] Request (ServerExternalEventsTest:setUpClass): 201 POST http://10.180.1.21/identity/v3/users 0.084s
2025-05-19 15:57:17.991 71541 INFO tempest.lib.common.rest_client [req-680fe608-126c-4390-85cd-20d54b327ea7 req-680fe608-126c-4390-85cd-20d54b327ea7 ] Request (FlavorsV2TestJSON:test_list_flavors_filter_by_min_ram): 200 GET http://10.180.1.21/compute/v2.1/flavors/42 0.053s
2025-05-19 15:57:18.026 71563 INFO tempest.lib.common.rest_client [req-0db6ad49-7202-4098-a430-3f421c6cb259 req-0db6ad49-7202-4098-a430-3f421c6cb259 ] Request (VolumesTestJSON:tearDownClass): 202 DELETE http://10.180.1.21/volume/v3/volumes/15154b7b-a707-444a-a86c-2ae86ed08fd9 0.062s
2025-05-19 15:57:18.028 71553 INFO tempest.lib.common.rest_client [req-1d8f9112-dec5-438e-9400-6a641368d874 req-1d8f9112-dec5-438e-9400-6a641368d874 ] Request (ServerExternalEventsTest:setUpClass): 200 GET http://10.180.1.21/identity/v3/roles 0.039s
2025-05-19 15:57:18.039 71583 INFO tempest.lib.common.rest_client [req-9c12b3b7-f223-4094-aa0a-a1c28f3d3f93 req-9c12b3b7-f223-4094-aa0a-a1c28f3d3f93 ] Request (ListImageFiltersTestJSON:setUpClass): 204 PUT http://10.180.1.21/image/v2/images/69cb639a-8a66-404d-a4a3-3ba458c49a37/file 1.515s
2025-05-19 15:57:18.043 71537 INFO tempest.lib.common.rest_client [req-23de14be-cc03-45a6-9a36-54c6594bf4b0 req-23de14be-cc03-45a6-9a36-54c6594bf4b0 ] Request (ServerDiskConfigTestJSON:test_resize_server_from_manual_to_auto): 200 GET http://10.180.1.21/compute/v2.1/servers/9942bcb1-bcd7-442d-a1ce-478a64ef1d8e 0.266s
2025-05-19 15:57:18.049 71537 INFO tempest.common.waiters [-] State transition "BUILD/scheduling" ==> "ERROR/None" after 2 second wait
2025-05-19 15:57:18.070 71563 INFO tempest.lib.common.rest_client [req-6f16b0f9-d914-45f1-8a00-7f24e2638c1b req-6f16b0f9-d914-45f1-8a00-7f24e2638c1b ] Request (VolumesTestJSON:tearDownClass): 200 GET http://10.180.1.21/volume/v3/volumes/15154b7b-a707-444a-a86c-2ae86ed08fd9 0.044s
2025-05-19 15:57:18.071 71587 INFO tempest.lib.common.rest_client [req-097d1146-6c14-4d19-b20d-7f2ba7a1d5ac req-097d1146-6c14-4d19-b20d-7f2ba7a1d5ac ] Request (VolumesNegativeTest:tearDownClass): 204 DELETE http://10.180.1.21:9696/networking/v2.0/security-groups/b095b54d-fb72-40ea-8be9-b6b3a8b0958e 0.977s
2025-05-19 15:57:18.075 71531 INFO tempest.lib.common.rest_client [req-3db3b6e5-9597-41eb-a62b-d80e4c19349b req-3db3b6e5-9597-41eb-a62b-d80e4c19349b ] Request (ServerGroupTestJSON:test_create_server_with_scheduler_hint_group): 201 POST http://10.180.1.21/identity/v3/auth/tokens 0.120s
2025-05-19 15:57:18.076 71531 INFO tempest.lib.common.fixed_network [-] (ServerGroupTestJSON:test_create_server_with_scheduler_hint_group) Found network {'id': 'b16f3e0b-2496-4077-b0e6-63a384af818a', 'name': 'tempest-ServerGroupTestJSON-202647138-network', 'tenant_id': '9fc2735c20d4445a9cf698909c3c494b', 'admin_state_up': True, 'mtu': 8950, 'status': 'ACTIVE', 'subnets': [], 'shared': False, 'project_id': '9fc2735c20d4445a9cf698909c3c494b', 'port_security_enabled': True, 'router:external': False, 'provider:network_type': 'vlan', 'provider:physical_network': 'default', 'provider:segmentation_id': 150, 'availability_zone_hints': [], 'availability_zones': [], 'ipv4_address_scope': None, 'ipv6_address_scope': None, 'description': '', 'tags': [], 'created_at': '2025-05-19T15:56:57Z', 'updated_at': '2025-05-19T15:56:57Z', 'revision_number': 1} available for tenant
2025-05-19 15:57:18.079 71576 INFO tempest.lib.common.rest_client [req-f12145a9-b99a-4f02-b76d-6b4c35808c23 req-f12145a9-b99a-4f02-b76d-6b4c35808c23 ] Request (ServersTestBootFromVolume:tearDownClass): 202 DELETE http://10.180.1.21/compute/v2.1/os-keypairs/tempest-keypair-1463906499 0.102s
2025-05-19 15:57:18.081 71553 INFO tempest.lib.common.rest_client [req-f283773c-01b1-4fe2-ab8d-66425db0d3a6 req-f283773c-01b1-4fe2-ab8d-66425db0d3a6 ] Request (ServerExternalEventsTest:setUpClass): 204 PUT http://10.180.1.21/identity/v3/projects/9f17c056e3b54a729fbf13175e538d22/users/43f7ca35cb26493988580b1387fc90ec/roles/da77b82692464e829538ef7fb9afe710 0.052s
2025-05-19 15:57:18.109 71529 INFO tempest.lib.common.rest_client [req-abb581e7-96c9-4702-bd4a-ca4978558f67 req-abb581e7-96c9-4702-bd4a-ca4978558f67 ] Request (AttachInterfacesTestJSON:setUpClass): 201 POST http://10.180.1.21:9696/networking/v2.0/subnets 1.691s
2025-05-19 15:57:18.115 71541 INFO tempest.lib.common.rest_client [req-1e30efde-33ae-4181-becb-c75f103930bf req-1e30efde-33ae-4181-becb-c75f103930bf ] Request (FlavorsV2TestJSON:test_list_flavors_filter_by_min_ram): 200 GET http://10.180.1.21/compute/v2.1/flavors?minRam=193 0.122s
2025-05-19 15:57:18.159 71583 INFO tempest.lib.common.rest_client [req-5bf06cc8-c123-47a9-82ec-c4d1bd04e7fb req-5bf06cc8-c123-47a9-82ec-c4d1bd04e7fb ] Request (ListImageFiltersTestJSON:setUpClass): 200 GET http://10.180.1.21/compute/v2.1/images/69cb639a-8a66-404d-a4a3-3ba458c49a37 0.119s
2025-05-19 15:57:18.171 71553 INFO tempest.lib.common.rest_client [req-fbb71bfd-1e8b-4a02-a2c6-bad69b7841e1 req-fbb71bfd-1e8b-4a02-a2c6-bad69b7841e1 ] Request (ServerExternalEventsTest:setUpClass): 200 GET http://10.180.1.21/identity/v3/roles 0.090s
2025-05-19 15:57:18.190 71543 INFO tempest.lib.common.rest_client [req-a4848714-7d98-4fa4-83d9-e1a97d0b201e req-a4848714-7d98-4fa4-83d9-e1a97d0b201e ] Request (ServersListShow2100Test:test_list_show_rebuild_update_server_2100): 200 GET http://10.180.1.21/compute/v2.1/servers/9fcec43b-1c44-4936-865d-daeff505c513 0.222s
2025-05-19 15:57:18.211 71543 INFO tempest.common.waiters [-] State transition "BUILD/scheduling" ==> "ERROR/None" after 2 second wait
2025-05-19 15:57:18.227 71549 INFO tempest.lib.common.rest_client [req-2d4ca89a-ec86-457d-8349-88c699d168c9 req-2d4ca89a-ec86-457d-8349-88c699d168c9 ] Request (ServerActionsV293TestJSON:setUpClass): 200 GET http://10.180.1.21/volume/v3/volumes/16fbf44e-2e58-43e5-87d7-884103687e3b 0.058s
2025-05-19 15:57:18.262 71587 INFO tempest.lib.common.rest_client [req-3a2a713a-97ad-4e66-8533-90d207efffd9 req-3a2a713a-97ad-4e66-8533-90d207efffd9 ] Request (VolumesNegativeTest:tearDownClass): 204 DELETE http://10.180.1.21/identity/v3/projects/615a7314de3641e3a7a3d22df4313e58 0.190s
2025-05-19 15:57:18.294 71553 INFO tempest.lib.common.rest_client [req-21c4728e-e8e8-4d2d-b959-892591d8688e req-21c4728e-e8e8-4d2d-b959-892591d8688e ] Request (ServerExternalEventsTest:setUpClass): 204 PUT http://10.180.1.21/identity/v3/projects/9f17c056e3b54a729fbf13175e538d22/users/43f7ca35cb26493988580b1387fc90ec/roles/f82edbd907df4c2b9cf97c78bf983df7 0.119s
2025-05-19 15:57:18.294 71553 INFO tempest.lib.common.dynamic_creds [-] Dynamic test user 43f7ca35cb26493988580b1387fc90ec is created with scope project and roles: ['service', 'admin']
2025-05-19 15:57:18.295 71553 INFO tempest.lib.common.dynamic_creds [-] Acquired dynamic creds: credentials: Credentials: {'domain_id': 'default', 'domain_name': 'Default', 'username': 'tempest-ServerExternalEventsTest-1304306151-project', 'project_domain_id': 'default', 'project_domain_name': 'Default', 'project_id': '9f17c056e3b54a729fbf13175e538d22', 'project_name': 'tempest-ServerExternalEventsTest-1304306151', 'tenant_id': '9f17c056e3b54a729fbf13175e538d22', 'tenant_name': 'tempest-ServerExternalEventsTest-1304306151', 'user_domain_id': 'default', 'user_domain_name': 'Default', 'user_id': '43f7ca35cb26493988580b1387fc90ec', 'system': None}, Network: None, Subnet: None, Router: None
2025-05-19 15:57:18.295 71553 INFO tempest.lib.common.dynamic_creds [-] Created isolated network resources for: credentials: Credentials: {'domain_id': 'default', 'domain_name': 'Default', 'username': 'tempest-ServerExternalEventsTest-1304306151-project', 'project_domain_id': 'default', 'project_domain_name': 'Default', 'project_id': '9f17c056e3b54a729fbf13175e538d22', 'project_name': 'tempest-ServerExternalEventsTest-1304306151', 'tenant_id': '9f17c056e3b54a729fbf13175e538d22', 'tenant_name': 'tempest-ServerExternalEventsTest-1304306151', 'user_domain_id': 'default', 'user_domain_name': 'Default', 'user_id': '43f7ca35cb26493988580b1387fc90ec', 'system': None}, Network: None, Subnet: None, Router: None
2025-05-19 15:57:18.313 71535 INFO tempest.lib.common.rest_client [req-5e399322-872f-4f58-8e93-a8e0c6758488 req-5e399322-872f-4f58-8e93-a8e0c6758488 ] Request (TenantUsagesNegativeTestJSON:tearDownClass): 204 DELETE http://10.180.1.21:9696/networking/v2.0/security-groups/4fb0263c-82d8-49a0-929e-b15819f95187 0.901s
2025-05-19 15:57:18.411 71553 INFO tempest.lib.common.rest_client [req-0e079f9b-c3a7-43e9-b4c2-7a7f7c60f8d4 req-0e079f9b-c3a7-43e9-b4c2-7a7f7c60f8d4 ] Request (ServerExternalEventsTest:setUpClass): 201 POST http://10.180.1.21/identity/v3/auth/tokens 0.114s
2025-05-19 15:57:18.420 71535 INFO tempest.lib.common.rest_client [req-98936468-4e60-459b-a19f-32056cb7c875 req-98936468-4e60-459b-a19f-32056cb7c875 ] Request (TenantUsagesNegativeTestJSON:tearDownClass): 204 DELETE http://10.180.1.21/identity/v3/projects/019ad1478ac6461e92333f7f1cda7dfc 0.106s
2025-05-19 15:57:18.420 71535 INFO tempest.lib.common.dynamic_creds [-] Deleting project and security group for project: bd561d6a1098425d9fcda10d319d5b95
2025-05-19 15:57:18.494 71553 INFO tempest.lib.common.rest_client [req-890dcc19-9d07-4748-b463-210e7a88dba3 req-890dcc19-9d07-4748-b463-210e7a88dba3 ] Request (ServerExternalEventsTest:test_create_server_external_events): 201 POST http://10.180.1.21/identity/v3/auth/tokens 0.076s
2025-05-19 15:57:18.495 71553 INFO tempest.lib.common.fixed_network [-] (ServerExternalEventsTest:test_create_server_external_events) Found network None available for tenant
2025-05-19 15:57:18.551 71551 INFO tempest.lib.common.rest_client [req-d10604e3-d370-4992-b8e5-da62730f3915 req-d10604e3-d370-4992-b8e5-da62730f3915 ] Request (FlavorsAdminTestJSON:tearDownClass): 200 GET http://10.180.1.21:9696/networking/v2.0/security-groups?tenant_id=6a0b77e10c7843f4a7f52c1c7afd0da6&name=default 1.205s
2025-05-19 15:57:18.557 71537 INFO tempest.lib.common.rest_client [req-7b04edca-e597-4cd9-925f-6620a51726bb req-7b04edca-e597-4cd9-925f-6620a51726bb ] Request (ServerDiskConfigTestJSON:test_resize_server_from_manual_to_auto): 204 DELETE http://10.180.1.21/compute/v2.1/servers/9942bcb1-bcd7-442d-a1ce-478a64ef1d8e 0.504s
2025-05-19 15:57:18.583 71541 INFO tempest.lib.common.rest_client [req-856876d3-0577-4553-903a-820659793ee2 req-856876d3-0577-4553-903a-820659793ee2 ] Request (FlavorsV2TestJSON:test_list_flavors_limit_results): 200 GET http://10.180.1.21/compute/v2.1/flavors?limit=1 0.457s
2025-05-19 15:57:18.609 71579 INFO tempest.lib.common.rest_client [req-d336bb3e-56f8-439b-82ab-fee8b0309b75 req-d336bb3e-56f8-439b-82ab-fee8b0309b75 ] Request (ValidationResourcesFixture:setUp): 201 POST http://10.180.1.21:9696/networking/v2.0/security-groups 0.795s
2025-05-19 15:57:18.627 71581 INFO tempest.lib.common.rest_client [req-304d5a32-0c95-41f4-895d-a227c0419c06 req-304d5a32-0c95-41f4-895d-a227c0419c06 ] Request (AttachInterfacesUnderV243Test:setUpClass): 201 POST http://10.180.1.21:9696/networking/v2.0/routers 6.272s
2025-05-19 15:57:18.631 71583 INFO tempest.lib.common.rest_client [req-be3efac7-d8ff-444a-906c-60b7616630ec req-be3efac7-d8ff-444a-906c-60b7616630ec ] Request (ListImageFiltersTestJSON:setUpClass): 200 GET http://10.180.1.21/compute/v2.1/images/69cb639a-8a66-404d-a4a3-3ba458c49a37 0.465s
2025-05-19 15:57:18.637 71561 INFO tempest.lib.common.rest_client [req-b74246b2-201e-4876-8068-7689b2e24627 req-b74246b2-201e-4876-8068-7689b2e24627 ] Request (ServersTestFqdnHostnames:test_create_server_with_fqdn_name): 201 POST http://10.180.1.21:9696/networking/v2.0/security-groups 1.011s
2025-05-19 15:57:18.640 71547 INFO tempest.lib.common.rest_client [req-18ccb1d8-6148-4971-81dd-dedbbb5e70e6 req-18ccb1d8-6148-4971-81dd-dedbbb5e70e6 ] Request (ServicesAdminNegativeV253TestJSON:tearDownClass): 200 GET http://10.180.1.21:9696/networking/v2.0/security-groups?tenant_id=4a2f2367bfa54f40bd1c6936c987a682&name=default 0.933s
2025-05-19 15:57:18.707 71576 INFO tempest.lib.common.rest_client [req-decf9a7a-6e29-43b7-ba51-4b1bd647db36 req-decf9a7a-6e29-43b7-ba51-4b1bd647db36 ] Request (ServersTestBootFromVolume:tearDownClass): 204 DELETE http://10.180.1.21:9696/networking/v2.0/security-groups/f1783137-76d2-421d-b350-41592108ca4b 0.628s
2025-05-19 15:57:18.779 71576 INFO tempest.lib.common.rest_client [req-c3399771-6784-43a2-867a-6a4f27787cf3 req-c3399771-6784-43a2-867a-6a4f27787cf3 ] Request (ServersTestBootFromVolume:tearDownClass): 404 GET http://10.180.1.21:9696/networking/v2.0/security-groups/f1783137-76d2-421d-b350-41592108ca4b 0.072s
2025-05-19 15:57:18.815 71569 INFO tempest.lib.common.rest_client [req-276c5c81-62a5-42d2-ba82-69a682ff5977 req-276c5c81-62a5-42d2-ba82-69a682ff5977 ] Request (AttachVolumeShelveTestJSON:setUpClass): 201 POST http://10.180.1.21:9696/networking/v2.0/networks 2.256s
2025-05-19 15:57:18.819 71573 INFO tempest.lib.common.rest_client [req-30318a11-32a8-45ba-a85c-4a0e63b652fd req-30318a11-32a8-45ba-a85c-4a0e63b652fd ] Request (VolumesAdminNegativeTest:tearDownClass): 204 DELETE http://10.180.1.21:9696/networking/v2.0/subnets/7e58cf67-28c5-4fbd-9478-df87a640bb21 1.601s
2025-05-19 15:57:19.003 71583 INFO tempest.lib.common.rest_client [req-8b7bbb8c-88c0-42f1-a4a6-1d135bc71bd2 req-8b7bbb8c-88c0-42f1-a4a6-1d135bc71bd2 ] Request (ListImageFiltersTestJSON:setUpClass): 201 POST http://10.180.1.21/image/v2/images 0.367s
2025-05-19 15:57:19.067 71535 INFO tempest.lib.common.rest_client [req-e9446ae0-0a8a-4e21-9735-7a5fe66bec60 req-e9446ae0-0a8a-4e21-9735-7a5fe66bec60 ] Request (TenantUsagesNegativeTestJSON:tearDownClass): 200 GET http://10.180.1.21:9696/networking/v2.0/security-groups?tenant_id=bd561d6a1098425d9fcda10d319d5b95&name=default 0.646s
2025-05-19 15:57:19.101 71563 INFO tempest.lib.common.rest_client [req-031e370f-4b24-4dce-830e-22730d46ff00 req-031e370f-4b24-4dce-830e-22730d46ff00 ] Request (VolumesTestJSON:tearDownClass): 404 GET http://10.180.1.21/volume/v3/volumes/15154b7b-a707-444a-a86c-2ae86ed08fd9 0.024s
2025-05-19 15:57:19.175 71563 INFO tempest.lib.common.rest_client [req-1d40f112-837e-46fe-840a-c684c303a12e req-1d40f112-837e-46fe-840a-c684c303a12e ] Request (VolumesTestJSON:tearDownClass): 202 DELETE http://10.180.1.21/volume/v3/volumes/5008076b-6a35-4b25-b895-cc87d8793f35 0.073s
2025-05-19 15:57:19.196 71543 INFO tempest.lib.common.rest_client [req-69831d9e-ba2b-42b5-8eaf-a223d58d44e3 req-69831d9e-ba2b-42b5-8eaf-a223d58d44e3 ] Request (ServersListShow2100Test:test_list_show_rebuild_update_server_2100): 204 DELETE http://10.180.1.21/compute/v2.1/servers/9fcec43b-1c44-4936-865d-daeff505c513 0.984s
2025-05-19 15:57:19.213 71563 INFO tempest.lib.common.rest_client [req-d5784b6a-821f-4d30-a395-9d6ca1cea472 req-d5784b6a-821f-4d30-a395-9d6ca1cea472 ] Request (VolumesTestJSON:tearDownClass): 200 GET http://10.180.1.21/volume/v3/volumes/5008076b-6a35-4b25-b895-cc87d8793f35 0.038s
2025-05-19 15:57:19.272 71549 INFO tempest.lib.common.rest_client [req-b7c61bf7-4f7f-4f52-9020-5b16ffd2ae81 req-b7c61bf7-4f7f-4f52-9020-5b16ffd2ae81 ] Request (ServerActionsV293TestJSON:setUpClass): 200 GET http://10.180.1.21/volume/v3/volumes/16fbf44e-2e58-43e5-87d7-884103687e3b 0.036s
2025-05-19 15:57:19.337 71579 INFO tempest.lib.common.rest_client [req-02f2f9ff-1f3b-4138-bb33-29fb17a4ad0c req-02f2f9ff-1f3b-4138-bb33-29fb17a4ad0c ] Request (ValidationResourcesFixture:setUp): 201 POST http://10.180.1.21:9696/networking/v2.0/security-group-rules 0.728s
2025-05-19 15:57:19.451 71560 INFO tempest.lib.common.rest_client [req-6312c54a-1574-4ee1-a6c4-fab790368a95 req-6312c54a-1574-4ee1-a6c4-fab790368a95 ] Request (SecurityGroupRulesTestJSON:tearDownClass): 204 DELETE http://10.180.1.21:9696/networking/v2.0/routers/941bd258-dfa1-462d-aaff-54a537000994 2.681s
2025-05-19 15:57:19.607 71535 INFO tempest.lib.common.rest_client [req-45d30794-a50b-4d4e-bc92-bf5f0f2598cd req-45d30794-a50b-4d4e-bc92-bf5f0f2598cd ] Request (TenantUsagesNegativeTestJSON:tearDownClass): 204 DELETE http://10.180.1.21:9696/networking/v2.0/security-groups/1e1416a0-7245-4b7c-bf9a-2d90e8ee31fa 0.540s
2025-05-19 15:57:19.696 71531 INFO tempest.lib.common.rest_client [req-66aea24a-4d63-4d95-8d93-023ca3400e78 req-66aea24a-4d63-4d95-8d93-023ca3400e78 ] Request (ServerGroupTestJSON:test_create_server_with_scheduler_hint_group): 202 POST http://10.180.1.21/compute/v2.1/servers 1.617s
2025-05-19 15:57:19.730 71537 INFO tempest.lib.common.rest_client [req-f164d334-5fb7-403d-b1ce-2cdb55759724 req-f164d334-5fb7-403d-b1ce-2cdb55759724 ] Request (ServerDiskConfigTestJSON:test_resize_server_from_manual_to_auto): 404 GET http://10.180.1.21/compute/v2.1/servers/9942bcb1-bcd7-442d-a1ce-478a64ef1d8e 1.172s
2025-05-19 15:57:19.750 71541 INFO tempest.lib.common.rest_client [req-31073e7d-71b9-48e8-8195-b3a8feadb6db req-31073e7d-71b9-48e8-8195-b3a8feadb6db ] Request (FlavorsV2TestJSON:test_list_flavors_using_marker): 200 GET http://10.180.1.21/compute/v2.1/flavors/42 1.164s
2025-05-19 15:57:19.774 71579 INFO tempest.lib.common.rest_client [req-cb2cc448-9f5e-4f8a-92ae-b33caf7b2d95 req-cb2cc448-9f5e-4f8a-92ae-b33caf7b2d95 ] Request (ValidationResourcesFixture:setUp): 201 POST http://10.180.1.21:9696/networking/v2.0/security-group-rules 0.435s
2025-05-19 15:57:19.778 71543 INFO tempest.lib.common.rest_client [req-9d418ab6-e94f-4c7c-8c26-1d9916fd8c11 req-9d418ab6-e94f-4c7c-8c26-1d9916fd8c11 ] Request (ServersListShow2100Test:test_list_show_rebuild_update_server_2100): 404 GET http://10.180.1.21/compute/v2.1/servers/9fcec43b-1c44-4936-865d-daeff505c513 0.582s
2025-05-19 15:57:19.778 71535 INFO tempest.lib.common.rest_client [req-3afc29e9-7e8b-4688-97a2-5c2ea45318e9 req-3afc29e9-7e8b-4688-97a2-5c2ea45318e9 ] Request (TenantUsagesNegativeTestJSON:tearDownClass): 204 DELETE http://10.180.1.21/identity/v3/projects/bd561d6a1098425d9fcda10d319d5b95 0.170s
2025-05-19 15:57:19.846 71537 INFO tempest.lib.common.rest_client [req-c362bdfc-317b-4858-a7d5-5b5312839891 req-c362bdfc-317b-4858-a7d5-5b5312839891 ] Request (ServerDiskConfigTestJSON:test_update_server_from_auto_to_manual): 201 POST http://10.180.1.21/identity/v3/auth/tokens 0.109s
2025-05-19 15:57:19.847 71537 INFO tempest.lib.common.fixed_network [-] (ServerDiskConfigTestJSON:test_update_server_from_auto_to_manual) Found network {'id': '0e56db1d-388a-4816-85e8-4a599869d8c8', 'name': 'tempest-ServerDiskConfigTestJSON-1294062889-network', 'tenant_id': 'adfef042b4764ada9803ca431250e3bd', 'admin_state_up': True, 'mtu': 8950, 'status': 'ACTIVE', 'subnets': [], 'shared': False, 'project_id': 'adfef042b4764ada9803ca431250e3bd', 'port_security_enabled': True, 'router:external': False, 'provider:network_type': 'vlan', 'provider:physical_network': 'default', 'provider:segmentation_id': 405, 'availability_zone_hints': [], 'availability_zones': [], 'ipv4_address_scope': None, 'ipv6_address_scope': None, 'description': '', 'tags': [], 'created_at': '2025-05-19T15:56:34Z', 'updated_at': '2025-05-19T15:56:34Z', 'revision_number': 1} available for tenant
2025-05-19 15:57:19.873 71535 INFO tempest.lib.common.rest_client [req-7e6df74a-70b7-4e8e-9372-12c6bb86ab92 req-7e6df74a-70b7-4e8e-9372-12c6bb86ab92 ] Request (AbsoluteLimitsTestJSON:setUpClass): 201 POST http://10.180.1.21/identity/v3/auth/tokens 0.092s
2025-05-19 15:57:19.876 71531 INFO tempest.lib.common.rest_client [req-7aa33b4a-aac7-4066-b957-d283fcc5a855 req-7aa33b4a-aac7-4066-b957-d283fcc5a855 ] Request (ServerGroupTestJSON:test_create_server_with_scheduler_hint_group): 200 GET http://10.180.1.21/compute/v2.1/servers/769da47a-fa0d-4bea-a1dd-8661b040f9f5 0.178s
2025-05-19 15:57:19.901 71541 INFO tempest.lib.common.rest_client [req-58e5c9c5-d008-4a8e-894f-97cad44a07f6 req-58e5c9c5-d008-4a8e-894f-97cad44a07f6 ] Request (FlavorsV2TestJSON:test_list_flavors_using_marker): 200 GET http://10.180.1.21/compute/v2.1/flavors?marker=42 0.148s
2025-05-19 15:57:19.909 71535 INFO tempest.lib.common.rest_client [req-7adb27b4-62df-49c5-8642-35fd12413e53 req-7adb27b4-62df-49c5-8642-35fd12413e53 ] Request (AbsoluteLimitsTestJSON:setUpClass): 201 POST http://10.180.1.21/identity/v3/auth/tokens 0.032s
2025-05-19 15:57:19.930 71576 INFO tempest.lib.common.rest_client [req-39f0c2b5-4352-4082-ba7a-f4fdd40c3fdd req-39f0c2b5-4352-4082-ba7a-f4fdd40c3fdd ] Request (ServersTestBootFromVolume:tearDownClass): 204 DELETE http://10.180.1.21:9696/networking/v2.0/floatingips/c0fae603-1f7c-4522-b907-25ac472fbc92 1.151s
2025-05-19 15:57:19.936 71535 INFO tempest.lib.common.rest_client [req-cc08cee1-0012-426a-92c5-9488b0108f02 req-cc08cee1-0012-426a-92c5-9488b0108f02 ] Request (AbsoluteLimitsTestJSON:setUpClass): 200 GET http://10.180.1.21/identity/v3/domains?name=Default 0.027s
2025-05-19 15:57:19.971 71535 INFO tempest.lib.common.rest_client [req-b8eb69f1-62d0-475a-9907-41779da4990e req-b8eb69f1-62d0-475a-9907-41779da4990e ] Request (AbsoluteLimitsTestJSON:setUpClass): 201 POST http://10.180.1.21/identity/v3/projects 0.033s
2025-05-19 15:57:19.975 71551 INFO tempest.lib.common.rest_client [req-0eeb9757-f995-4b91-86da-71e607b0e74b req-0eeb9757-f995-4b91-86da-71e607b0e74b ] Request (FlavorsAdminTestJSON:tearDownClass): 204 DELETE http://10.180.1.21:9696/networking/v2.0/security-groups/5a2866cf-5d38-45ae-8e56-1dcf3d50ba4b 1.424s
2025-05-19 15:57:19.985 71543 INFO tempest.lib.common.rest_client [req-09a06a83-0318-4802-a217-4deb7b06fb84 req-09a06a83-0318-4802-a217-4deb7b06fb84 ] Request (ServersListShow2100Test:tearDownClass): 204 DELETE http://10.180.1.21/identity/v3/users/6a155caa049c422ea52559f10cb1b462 0.187s
2025-05-19 15:57:19.986 71543 INFO tempest.lib.common.dynamic_creds [-] Deleting project and security group for project: cc6daebd5a47472388666a63c7e1090e
2025-05-19 15:57:20.030 71547 INFO tempest.lib.common.rest_client [req-ec38d0eb-0ee2-43db-840a-0c040abe361b req-ec38d0eb-0ee2-43db-840a-0c040abe361b ] Request (ServicesAdminNegativeV253TestJSON:tearDownClass): 204 DELETE http://10.180.1.21:9696/networking/v2.0/security-groups/6fc4e07a-bf05-42d0-88bf-6af0f01ad3cd 1.389s
2025-05-19 15:57:20.031 71560 INFO tempest.lib.common.rest_client [req-e6d4f343-bdf2-4c81-96f7-02d2ae482617 req-e6d4f343-bdf2-4c81-96f7-02d2ae482617 ] Request (SecurityGroupRulesTestJSON:tearDownClass): 204 DELETE http://10.180.1.21:9696/networking/v2.0/subnets/6611b1ec-96f9-4743-8bbe-4e8f2b94385d 0.579s
2025-05-19 15:57:20.057 71535 INFO tempest.lib.common.rest_client [req-9f4bdf36-e520-4e4a-89ef-a2715fb6ba49 req-9f4bdf36-e520-4e4a-89ef-a2715fb6ba49 ] Request (AbsoluteLimitsTestJSON:setUpClass): 201 POST http://10.180.1.21/identity/v3/users 0.086s
2025-05-19 15:57:20.098 71551 INFO tempest.lib.common.rest_client [req-162f2bae-aaa5-46b4-9b06-1420d6a9ba37 req-162f2bae-aaa5-46b4-9b06-1420d6a9ba37 ] Request (FlavorsAdminTestJSON:tearDownClass): 204 DELETE http://10.180.1.21/identity/v3/projects/6a0b77e10c7843f4a7f52c1c7afd0da6 0.122s
2025-05-19 15:57:20.098 71551 INFO tempest.lib.common.dynamic_creds [-] Deleting project and security group for project: 2edda1a15d964595a2e78d5d1edcead9
2025-05-19 15:57:20.114 71543 INFO tempest.lib.common.rest_client [req-4cbdac95-6d7c-41ef-8b40-d2ccdd579b03 req-4cbdac95-6d7c-41ef-8b40-d2ccdd579b03 ] Request (ServersListShow2100Test:tearDownClass): 201 POST http://10.180.1.21/identity/v3/auth/tokens 0.128s
2025-05-19 15:57:20.206 71547 INFO tempest.lib.common.rest_client [req-27428670-7ec8-4d9c-83b6-fde20a763d60 req-27428670-7ec8-4d9c-83b6-fde20a763d60 ] Request (ServicesAdminNegativeV253TestJSON:tearDownClass): 204 DELETE http://10.180.1.21/identity/v3/projects/4a2f2367bfa54f40bd1c6936c987a682 0.176s
2025-05-19 15:57:20.207 71547 INFO tempest.lib.common.dynamic_creds [-] Deleting project and security group for project: 7bef6b2a95b548c1a55612e9c5e3a23f
2025-05-19 15:57:20.244 71563 INFO tempest.lib.common.rest_client [req-168f4e2b-1468-4d42-8df8-e968310ac040 req-168f4e2b-1468-4d42-8df8-e968310ac040 ] Request (VolumesTestJSON:tearDownClass): 404 GET http://10.180.1.21/volume/v3/volumes/5008076b-6a35-4b25-b895-cc87d8793f35 0.020s
2025-05-19 15:57:20.269 71533 INFO tempest.lib.common.rest_client [req-f6d66978-eb28-46be-96c4-33f3260478f0 req-f6d66978-eb28-46be-96c4-33f3260478f0 ] Request (ImagesOneServerTestJSON:setUpClass): 201 POST http://10.180.1.21:9696/networking/v2.0/routers 7.145s
2025-05-19 15:57:20.270 71535 INFO tempest.lib.common.rest_client [req-7c9d71c0-6e50-42ae-a847-19d070554842 req-7c9d71c0-6e50-42ae-a847-19d070554842 ] Request (AbsoluteLimitsTestJSON:setUpClass): 200 GET http://10.180.1.21/identity/v3/roles 0.212s
2025-05-19 15:57:20.300 71561 INFO tempest.lib.common.rest_client [req-eb90684b-d740-4f9b-82af-ef0e8ce568a0 req-eb90684b-d740-4f9b-82af-ef0e8ce568a0 ] Request (ServersTestFqdnHostnames:test_create_server_with_fqdn_name): 201 POST http://10.180.1.21:9696/networking/v2.0/security-group-rules 1.662s
2025-05-19 15:57:20.309 71589 INFO tempest.lib.common.rest_client [req-d8dd955f-d07e-48c5-80a1-025227a66bbe req-d8dd955f-d07e-48c5-80a1-025227a66bbe ] Request (SecurityGroupRulesNegativeTestJSON:tearDownClass): 204 DELETE http://10.180.1.21:9696/networking/v2.0/routers/609f177b-da3a-459d-b31b-be4b4e6f7af8 4.163s
2025-05-19 15:57:20.312 71565 INFO tempest.lib.common.rest_client [req-d04f2db0-253b-451c-95aa-7f20ca82f7d6 req-d04f2db0-253b-451c-95aa-7f20ca82f7d6 ] Request (MultipleCreateTestJSON:setUpClass): 200 PUT http://10.180.1.21:9696/networking/v2.0/routers/a31179d2-1884-49eb-8cb5-7c9163f5f712/add_router_interface 8.538s
2025-05-19 15:57:20.312 71565 INFO tempest.lib.common.dynamic_creds [-] Created isolated network resources for: credentials: Credentials: {'domain_id': 'default', 'domain_name': 'Default', 'username': 'tempest-MultipleCreateTestJSON-220102439-project-member', 'project_domain_id': 'default', 'project_domain_name': 'Default', 'project_id': '9b3ef3e1d62143acb2fb7afa5dbb0ced', 'project_name': 'tempest-MultipleCreateTestJSON-220102439', 'tenant_id': '9b3ef3e1d62143acb2fb7afa5dbb0ced', 'tenant_name': 'tempest-MultipleCreateTestJSON-220102439', 'user_domain_id': 'default', 'user_domain_name': 'Default', 'user_id': '6662b57cb1e34d23b0527811dda1a450', 'system': None}, Network: {'id': 'a75c678f-f0b6-46b1-ac48-02a88e0b619d', 'name': 'tempest-MultipleCreateTestJSON-2073569580-network', 'tenant_id': '9b3ef3e1d62143acb2fb7afa5dbb0ced', 'admin_state_up': True, 'mtu': 8950, 'status': 'ACTIVE', 'subnets': [], 'shared': False, 'project_id': '9b3ef3e1d62143acb2fb7afa5dbb0ced', 'port_security_enabled': True, 'router:external': False, 'provider:network_type': 'vlan', 'provider:physical_network': 'default', 'provider:segmentation_id': 839, 'availability_zone_hints': [], 'availability_zones': [], 'ipv4_address_scope': None, 'ipv6_address_scope': None, 'description': '', 'tags': [], 'created_at': '2025-05-19T15:57:04Z', 'updated_at': '2025-05-19T15:57:04Z', 'revision_number': 1}, Subnet: {'id': '8a71d7f4-4143-412b-972d-f230187abd35', 'name': 'tempest-MultipleCreateTestJSON-2073569580-subnet', 'tenant_id': '9b3ef3e1d62143acb2fb7afa5dbb0ced', 'network_id': 'a75c678f-f0b6-46b1-ac48-02a88e0b619d', 'ip_version': 4, 'subnetpool_id': None, 'enable_dhcp': True, 'ipv6_ra_mode': None, 'ipv6_address_mode': None, 'gateway_ip': '192.168.128.1', 'cidr': '192.168.128.0/28', 'allocation_pools': [{'start': '192.168.128.2', 'end': '192.168.128.14'}], 'host_routes': [], 'dns_nameservers': [], 'description': '', 'router:external': False, 'service_types': [], 'tags': [], 'created_at': '2025-05-19T15:57:04Z', 'updated_at': '2025-05-19T15:57:04Z', 'revision_number': 0, 'project_id': '9b3ef3e1d62143acb2fb7afa5dbb0ced'}, Router: {'id': 'a31179d2-1884-49eb-8cb5-7c9163f5f712', 'name': 'tempest-MultipleCreateTestJSON-2073569580-router', 'tenant_id': '9b3ef3e1d62143acb2fb7afa5dbb0ced', 'admin_state_up': True, 'status': 'ACTIVE', 'external_gateway_info': {'network_id': '66efa607-5e41-4f8a-b837-b1de9f46fade', 'external_fixed_ips': [{'subnet_id': '956800f7-e740-4e3b-9877-97f0f96944ed', 'ip_address': '10.180.180.232'}], 'enable_snat': True}, 'description': '', 'availability_zones': [], 'distributed': False, 'ha': False, 'availability_zone_hints': [], 'routes': [], 'flavor_id': None, 'tags': [], 'created_at': '2025-05-19T15:57:06Z', 'updated_at': '2025-05-19T15:57:09Z', 'revision_number': 2, 'project_id': '9b3ef3e1d62143acb2fb7afa5dbb0ced'}
2025-05-19 15:57:20.332 71549 INFO tempest.lib.common.rest_client [req-8b8e8bbe-a370-4325-a9a1-cac8728d6d40 req-8b8e8bbe-a370-4325-a9a1-cac8728d6d40 ] Request (ServerActionsV293TestJSON:setUpClass): 200 GET http://10.180.1.21/volume/v3/volumes/16fbf44e-2e58-43e5-87d7-884103687e3b 0.044s
2025-05-19 15:57:20.431 71563 INFO tempest.lib.common.rest_client [req-dd824c06-6141-41fc-b3b8-94b0ece1ba39 req-dd824c06-6141-41fc-b3b8-94b0ece1ba39 ] Request (VolumesTestJSON:tearDownClass): 204 DELETE http://10.180.1.21/identity/v3/users/37203e2b08a04bbd821dbcce4d918639 0.186s
2025-05-19 15:57:20.431 71563 INFO tempest.lib.common.dynamic_creds [-] Deleting project and security group for project: 5398efeb17bb447c9b297e8f6e60db00
2025-05-19 15:57:20.439 71535 INFO tempest.lib.common.rest_client [req-3542c353-de6b-4a19-a0e2-ec5bcccbe523 req-3542c353-de6b-4a19-a0e2-ec5bcccbe523 ] Request (AbsoluteLimitsTestJSON:setUpClass): 204 PUT http://10.180.1.21/identity/v3/projects/4890d13a72804336923bbafa4f1a0199/users/39f3326c955b439295149d9475fd3101/roles/93a3e573a3cb4750a181f7aabe896ec9 0.167s
2025-05-19 15:57:20.439 71535 INFO tempest.lib.common.dynamic_creds [-] Dynamic test user 39f3326c955b439295149d9475fd3101 is created with scope project and roles: ['member']
2025-05-19 15:57:20.439 71535 INFO tempest.lib.common.dynamic_creds [-] Acquired dynamic creds: credentials: Credentials: {'domain_id': 'default', 'domain_name': 'Default', 'username': 'tempest-AbsoluteLimitsTestJSON-1607973554-project-member', 'project_domain_id': 'default', 'project_domain_name': 'Default', 'project_id': '4890d13a72804336923bbafa4f1a0199', 'project_name': 'tempest-AbsoluteLimitsTestJSON-1607973554', 'tenant_id': '4890d13a72804336923bbafa4f1a0199', 'tenant_name': 'tempest-AbsoluteLimitsTestJSON-1607973554', 'user_domain_id': 'default', 'user_domain_name': 'Default', 'user_id': '39f3326c955b439295149d9475fd3101', 'system': None}, Network: None, Subnet: None, Router: None
2025-05-19 15:57:20.439 71535 INFO tempest.lib.common.dynamic_creds [-] Created isolated network resources for: credentials: Credentials: {'domain_id': 'default', 'domain_name': 'Default', 'username': 'tempest-AbsoluteLimitsTestJSON-1607973554-project-member', 'project_domain_id': 'default', 'project_domain_name': 'Default', 'project_id': '4890d13a72804336923bbafa4f1a0199', 'project_name': 'tempest-AbsoluteLimitsTestJSON-1607973554', 'tenant_id': '4890d13a72804336923bbafa4f1a0199', 'tenant_name': 'tempest-AbsoluteLimitsTestJSON-1607973554', 'user_domain_id': 'default', 'user_domain_name': 'Default', 'user_id': '39f3326c955b439295149d9475fd3101', 'system': None}, Network: None, Subnet: None, Router: None
2025-05-19 15:57:20.573 71565 INFO tempest.lib.common.rest_client [req-1d3e3701-4b51-4282-914d-5a0e70770c2b req-1d3e3701-4b51-4282-914d-5a0e70770c2b ] Request (MultipleCreateTestJSON:setUpClass): 201 POST http://10.180.1.21/identity/v3/auth/tokens 0.258s
2025-05-19 15:57:20.630 71553 INFO tempest.lib.common.rest_client [req-fe45d1c1-15d7-445b-96ad-6bf0e2d63fbe req-fe45d1c1-15d7-445b-96ad-6bf0e2d63fbe ] Request (ServerExternalEventsTest:test_create_server_external_events): 202 POST http://10.180.1.21/compute/v2.1/servers 2.131s
2025-05-19 15:57:20.659 71563 INFO tempest.lib.common.rest_client [req-ca1af623-d687-4f72-9535-d23480a8b9fb req-ca1af623-d687-4f72-9535-d23480a8b9fb ] Request (VolumesTestJSON:tearDownClass): 201 POST http://10.180.1.21/identity/v3/auth/tokens 0.228s
2025-05-19 15:57:20.666 71535 INFO tempest.lib.common.rest_client [req-3fedf0db-531f-456d-a578-ca6af4a0874b req-3fedf0db-531f-456d-a578-ca6af4a0874b ] Request (AbsoluteLimitsTestJSON:setUpClass): 201 POST http://10.180.1.21/identity/v3/auth/tokens 0.218s
2025-05-19 15:57:20.667 71541 INFO tempest.lib.common.rest_client [req-3a218c31-5b72-4db6-9db5-aa5fe8f835fa req-3a218c31-5b72-4db6-9db5-aa5fe8f835fa ] Request (FlavorsV2TestJSON:test_list_flavors_with_detail): 200 GET http://10.180.1.21/compute/v2.1/flavors/detail 0.761s
2025-05-19 15:57:20.698 71565 INFO tempest.lib.common.rest_client [req-7562904b-11d8-4831-85d1-e255650b5232 req-7562904b-11d8-4831-85d1-e255650b5232 ] Request (MultipleCreateTestJSON:test_multiple_create): 201 POST http://10.180.1.21/identity/v3/auth/tokens 0.121s
2025-05-19 15:57:20.699 71565 INFO tempest.lib.common.fixed_network [-] (MultipleCreateTestJSON:test_multiple_create) Found network {'id': 'a75c678f-f0b6-46b1-ac48-02a88e0b619d', 'name': 'tempest-MultipleCreateTestJSON-2073569580-network', 'tenant_id': '9b3ef3e1d62143acb2fb7afa5dbb0ced', 'admin_state_up': True, 'mtu': 8950, 'status': 'ACTIVE', 'subnets': [], 'shared': False, 'project_id': '9b3ef3e1d62143acb2fb7afa5dbb0ced', 'port_security_enabled': True, 'router:external': False, 'provider:network_type': 'vlan', 'provider:physical_network': 'default', 'provider:segmentation_id': 839, 'availability_zone_hints': [], 'availability_zones': [], 'ipv4_address_scope': None, 'ipv6_address_scope': None, 'description': '', 'tags': [], 'created_at': '2025-05-19T15:57:04Z', 'updated_at': '2025-05-19T15:57:04Z', 'revision_number': 1} available for tenant
2025-05-19 15:57:20.831 71553 INFO tempest.lib.common.rest_client [req-e666371c-7816-4fee-a4dd-66e31fd5f14c req-e666371c-7816-4fee-a4dd-66e31fd5f14c ] Request (ServerExternalEventsTest:test_create_server_external_events): 200 GET http://10.180.1.21/compute/v2.1/servers/deb3ebb9-9e31-4006-8b89-5f8451c5d72a 0.199s
2025-05-19 15:57:20.935 71535 INFO tempest.lib.common.rest_client [req-2004a74e-74b0-4be4-af71-e35cee5c34b0 req-2004a74e-74b0-4be4-af71-e35cee5c34b0 ] Request (AbsoluteLimitsTestJSON:test_absLimits_get): 200 GET http://10.180.1.21/compute/v2.1/limits 0.268s
2025-05-19 15:57:20.957 71541 INFO tempest.lib.common.rest_client [req-4007cab9-76a4-42d9-a4a3-e5021d55d2e1 req-4007cab9-76a4-42d9-a4a3-e5021d55d2e1 ] Request (FlavorsV2TestJSON:test_list_flavors_with_detail): 200 GET http://10.180.1.21/compute/v2.1/flavors/42 0.274s
2025-05-19 15:57:20.969 71551 INFO tempest.lib.common.rest_client [req-a0edf960-9af1-4f6b-950e-fce4d3687810 req-a0edf960-9af1-4f6b-950e-fce4d3687810 ] Request (FlavorsAdminTestJSON:tearDownClass): 200 GET http://10.180.1.21:9696/networking/v2.0/security-groups?tenant_id=2edda1a15d964595a2e78d5d1edcead9&name=default 0.870s
2025-05-19 15:57:21.025 71535 INFO tempest.lib.common.rest_client [req-b679d5a5-d7f7-4f69-a2e3-e273cc157aa4 req-b679d5a5-d7f7-4f69-a2e3-e273cc157aa4 ] Request (AbsoluteLimitsTestJSON:tearDownClass): 204 DELETE http://10.180.1.21/identity/v3/users/39f3326c955b439295149d9475fd3101 0.084s
2025-05-19 15:57:21.025 71535 INFO tempest.lib.common.dynamic_creds [-] Deleting project and security group for project: 4890d13a72804336923bbafa4f1a0199
2025-05-19 15:57:21.104 71541 INFO tempest.lib.common.rest_client [req-19f96d12-8406-441e-aeca-26aa87ae69aa req-19f96d12-8406-441e-aeca-26aa87ae69aa ] Request (FlavorsV2TestJSON:tearDownClass): 204 DELETE http://10.180.1.21/identity/v3/users/7461c22296444f558bd79e475c8381cc 0.140s
2025-05-19 15:57:21.104 71541 INFO tempest.lib.common.dynamic_creds [-] Deleting project and security group for project: 0fc0ad12657d49f18a8cc964f9451c8d
2025-05-19 15:57:21.166 71535 INFO tempest.lib.common.rest_client [req-8c19fa35-9f71-49b7-a78f-4b5c4c717f26 req-8c19fa35-9f71-49b7-a78f-4b5c4c717f26 ] Request (AbsoluteLimitsTestJSON:tearDownClass): 201 POST http://10.180.1.21/identity/v3/auth/tokens 0.141s
2025-05-19 15:57:21.181 71583 INFO tempest.lib.common.rest_client [req-3b10f095-9270-4467-8668-d72bd6c02b83 req-3b10f095-9270-4467-8668-d72bd6c02b83 ] Request (ListImageFiltersTestJSON:setUpClass): 204 PUT http://10.180.1.21/image/v2/images/f70b2847-c4a5-480f-83cd-0d7bd8eb620c/file 1.176s
2025-05-19 15:57:21.228 71541 INFO tempest.lib.common.rest_client [req-36a4290c-ea4d-42c4-b45b-e84b40bc3af0 req-36a4290c-ea4d-42c4-b45b-e84b40bc3af0 ] Request (FlavorsV2TestJSON:tearDownClass): 201 POST http://10.180.1.21/identity/v3/auth/tokens 0.123s
2025-05-19 15:57:21.297 71561 INFO tempest.lib.common.rest_client [req-f166d429-a3ca-46f0-8fef-5beebbb7fb9d req-f166d429-a3ca-46f0-8fef-5beebbb7fb9d ] Request (ServersTestFqdnHostnames:test_create_server_with_fqdn_name): 201 POST http://10.180.1.21:9696/networking/v2.0/security-group-rules 0.996s
2025-05-19 15:57:21.368 71543 INFO tempest.lib.common.rest_client [req-faeeab3f-9d34-4080-ae0e-f7fe620a56cb req-faeeab3f-9d34-4080-ae0e-f7fe620a56cb ] Request (ServersListShow2100Test:tearDownClass): 200 GET http://10.180.1.21:9696/networking/v2.0/security-groups?tenant_id=cc6daebd5a47472388666a63c7e1090e&name=default 1.254s
2025-05-19 15:57:21.378 71547 INFO tempest.lib.common.rest_client [req-88fddd6d-3baa-4576-89a1-df00e5464608 req-88fddd6d-3baa-4576-89a1-df00e5464608 ] Request (ServicesAdminNegativeV253TestJSON:tearDownClass): 200 GET http://10.180.1.21:9696/networking/v2.0/security-groups?tenant_id=7bef6b2a95b548c1a55612e9c5e3a23f&name=default 1.171s
2025-05-19 15:57:21.385 71549 INFO tempest.lib.common.rest_client [req-493d97a2-e3c4-416a-bb18-235bc11d30a6 req-493d97a2-e3c4-416a-bb18-235bc11d30a6 ] Request (ServerActionsV293TestJSON:setUpClass): 200 GET http://10.180.1.21/volume/v3/volumes/16fbf44e-2e58-43e5-87d7-884103687e3b 0.042s
2025-05-19 15:57:21.397 71537 INFO tempest.lib.common.rest_client [req-ce9af7b0-2553-42e4-a9b4-50a6f8ec3342 req-ce9af7b0-2553-42e4-a9b4-50a6f8ec3342 ] Request (ServerDiskConfigTestJSON:test_update_server_from_auto_to_manual): 202 POST http://10.180.1.21/compute/v2.1/servers 1.549s
2025-05-19 15:57:21.540 71569 INFO tempest.lib.common.rest_client [req-8abea986-20b7-4ccb-b7b5-36c01cc0e642 req-8abea986-20b7-4ccb-b7b5-36c01cc0e642 ] Request (AttachVolumeShelveTestJSON:setUpClass): 201 POST http://10.180.1.21:9696/networking/v2.0/subnets 2.724s
2025-05-19 15:57:21.605 71551 INFO tempest.lib.common.rest_client [req-2e3cfe52-3b39-4dde-a30f-d4ecd098e897 req-2e3cfe52-3b39-4dde-a30f-d4ecd098e897 ] Request (FlavorsAdminTestJSON:tearDownClass): 204 DELETE http://10.180.1.21:9696/networking/v2.0/security-groups/aab49d56-9835-4403-a1ab-87efba842d23 0.636s
2025-05-19 15:57:21.627 71531 INFO tempest.lib.common.rest_client [req-3c97ea36-34b5-4e46-8fb4-b91db5cef81c req-3c97ea36-34b5-4e46-8fb4-b91db5cef81c ] Request (ServerGroupTestJSON:test_create_server_with_scheduler_hint_group): 200 GET http://10.180.1.21/compute/v2.1/servers/769da47a-fa0d-4bea-a1dd-8661b040f9f5 0.739s
2025-05-19 15:57:21.636 71531 INFO tempest.common.waiters [-] State transition "BUILD/scheduling" ==> "ERROR/None" after 2 second wait
2025-05-19 15:57:21.642 71589 INFO tempest.lib.common.rest_client [req-0bec2364-2f4d-4262-b192-a67b5cf5583f req-0bec2364-2f4d-4262-b192-a67b5cf5583f ] Request (SecurityGroupRulesNegativeTestJSON:tearDownClass): 204 DELETE http://10.180.1.21:9696/networking/v2.0/subnets/51a40586-eb8e-4ba4-a749-497c0e9d1dff 1.332s
2025-05-19 15:57:21.662 71583 INFO tempest.lib.common.rest_client [req-293ff925-cc7e-458c-8038-8a2088332221 req-293ff925-cc7e-458c-8038-8a2088332221 ] Request (ListImageFiltersTestJSON:setUpClass): 200 GET http://10.180.1.21/compute/v2.1/images/f70b2847-c4a5-480f-83cd-0d7bd8eb620c 0.480s
2025-05-19 15:57:21.681 71551 INFO tempest.lib.common.rest_client [req-41ca8ca7-e615-4103-aa60-721389750e74 req-41ca8ca7-e615-4103-aa60-721389750e74 ] Request (FlavorsAdminTestJSON:tearDownClass): 204 DELETE http://10.180.1.21/identity/v3/projects/2edda1a15d964595a2e78d5d1edcead9 0.075s
2025-05-19 15:57:21.754 71551 INFO tempest.lib.common.rest_client [req-e0216219-5eb4-4740-84b2-438bb742daec req-e0216219-5eb4-4740-84b2-438bb742daec ] Request (HypervisorAdminV228Test:setUpClass): 201 POST http://10.180.1.21/identity/v3/auth/tokens 0.069s
2025-05-19 15:57:21.790 71551 INFO tempest.lib.common.rest_client [req-03921854-0b78-46f7-ac53-9dffaaa1bfc2 req-03921854-0b78-46f7-ac53-9dffaaa1bfc2 ] Request (HypervisorAdminV228Test:setUpClass): 201 POST http://10.180.1.21/identity/v3/auth/tokens 0.033s
2025-05-19 15:57:21.815 71551 INFO tempest.lib.common.rest_client [req-738bb0dc-b410-496c-a6a2-cb68a50cacd6 req-738bb0dc-b410-496c-a6a2-cb68a50cacd6 ] Request (HypervisorAdminV228Test:setUpClass): 200 GET http://10.180.1.21/identity/v3/domains?name=Default 0.024s
2025-05-19 15:57:21.839 71537 INFO tempest.lib.common.rest_client [req-58e5baad-5771-468a-ab62-7b63abe6b2d4 req-58e5baad-5771-468a-ab62-7b63abe6b2d4 ] Request (ServerDiskConfigTestJSON:test_update_server_from_auto_to_manual): 200 GET http://10.180.1.21/compute/v2.1/servers/2f156653-76a5-4be4-a138-4758ad2f59bd 0.440s
2025-05-19 15:57:21.841 71563 INFO tempest.lib.common.rest_client [req-c1af1cf3-d823-4086-9e09-22fe698cea6d req-c1af1cf3-d823-4086-9e09-22fe698cea6d ] Request (VolumesTestJSON:tearDownClass): 200 GET http://10.180.1.21:9696/networking/v2.0/security-groups?tenant_id=5398efeb17bb447c9b297e8f6e60db00&name=default 1.181s
2025-05-19 15:57:21.851 71573 INFO tempest.lib.common.rest_client [req-b992c327-7306-4ecc-beb7-e555d385e137 req-b992c327-7306-4ecc-beb7-e555d385e137 ] Request (VolumesAdminNegativeTest:tearDownClass): 204 DELETE http://10.180.1.21:9696/networking/v2.0/networks/64aa6ff6-cb88-4ca4-b951-ef8b9b3bfdf5 3.032s
2025-05-19 15:57:21.852 71551 INFO tempest.lib.common.rest_client [req-407934c4-1f66-46e6-bdeb-f05cb5a8be70 req-407934c4-1f66-46e6-bdeb-f05cb5a8be70 ] Request (HypervisorAdminV228Test:setUpClass): 201 POST http://10.180.1.21/identity/v3/projects 0.036s
2025-05-19 15:57:21.927 71551 INFO tempest.lib.common.rest_client [req-27e99120-6f17-4425-bdee-9211b1bf32f0 req-27e99120-6f17-4425-bdee-9211b1bf32f0 ] Request (HypervisorAdminV228Test:setUpClass): 201 POST http://10.180.1.21/identity/v3/users 0.075s
2025-05-19 15:57:21.957 71551 INFO tempest.lib.common.rest_client [req-e63d9d99-fd19-461d-a726-6c15255a5a20 req-e63d9d99-fd19-461d-a726-6c15255a5a20 ] Request (HypervisorAdminV228Test:setUpClass): 200 GET http://10.180.1.21/identity/v3/roles 0.029s
2025-05-19 15:57:21.989 71551 INFO tempest.lib.common.rest_client [req-cd3c8056-4033-4545-95bc-87113e9f80ca req-cd3c8056-4033-4545-95bc-87113e9f80ca ] Request (HypervisorAdminV228Test:setUpClass): 204 PUT http://10.180.1.21/identity/v3/projects/d94c9ca36c78445581fae1fe130e6f33/users/c06b72dcfcac453e8cf7cda96cfbb873/roles/93a3e573a3cb4750a181f7aabe896ec9 0.031s
2025-05-19 15:57:21.989 71551 INFO tempest.lib.common.dynamic_creds [-] Dynamic test user c06b72dcfcac453e8cf7cda96cfbb873 is created with scope project and roles: ['member']
2025-05-19 15:57:21.989 71551 INFO tempest.lib.common.dynamic_creds [-] Acquired dynamic creds: credentials: Credentials: {'domain_id': 'default', 'domain_name': 'Default', 'username': 'tempest-HypervisorAdminV228Test-923508632-project-member', 'project_domain_id': 'default', 'project_domain_name': 'Default', 'project_id': 'd94c9ca36c78445581fae1fe130e6f33', 'project_name': 'tempest-HypervisorAdminV228Test-923508632', 'tenant_id': 'd94c9ca36c78445581fae1fe130e6f33', 'tenant_name': 'tempest-HypervisorAdminV228Test-923508632', 'user_domain_id': 'default', 'user_domain_name': 'Default', 'user_id': 'c06b72dcfcac453e8cf7cda96cfbb873', 'system': None}, Network: None, Subnet: None, Router: None
