2025-05-19 15:56:47.882 71569 INFO tempest.lib.common.rest_client [req-1215fdd8-9c09-4294-9358-5a94213c28ff req-1215fdd8-9c09-4294-9358-5a94213c28ff ] Request (InstanceActionsNegativeTestJSON:setUpClass): 201 POST http://10.180.1.21/identity/v3/users 0.156s
2025-05-19 15:56:47.890 71549 INFO tempest.lib.common.rest_client [req-d17a7847-3313-4747-b101-5a7e71b15676 req-d17a7847-3313-4747-b101-5a7e71b15676 ] Request (SecurityGroupsNegativeTestJSON:test_update_non_existent_security_group): 404 PUT http://10.180.1.21/compute/v2.1/os-security-groups/19de65bf-26ec-43e4-a5e5-7864a80ddc9d 2.792s
2025-05-19 15:56:47.913 71555 INFO tempest.lib.common.rest_client [req-bd2d7e92-c4f1-4807-ab41-da379be5fb43 req-bd2d7e92-c4f1-4807-ab41-da379be5fb43 ] Request (QuotaClassesAdmin257Test:setUpClass): 204 PUT http://10.180.1.21/identity/v3/projects/f9fcc431a1034dc88ce7e8b1948d6712/users/a048a6f8792c4d8099e33480978a0e58/roles/f82edbd907df4c2b9cf97c78bf983df7 0.067s
2025-05-19 15:56:47.913 71561 INFO tempest.lib.common.rest_client [req-ef21ffe1-1e0c-4355-b3cf-fb63b9a4e429 req-ef21ffe1-1e0c-4355-b3cf-fb63b9a4e429 ] Request (ServersAdminNegativeTestJSON:setUpClass): 201 POST http://10.180.1.21/identity/v3/auth/tokens 0.110s
2025-05-19 15:56:47.916 71583 INFO tempest.lib.common.rest_client [req-d71e7275-737a-4f11-9ecb-7760e7d4f531 req-d71e7275-737a-4f11-9ecb-7760e7d4f531 ] Request (ServersWithSpecificFlavorTestJSON:_run_cleanups): 200 GET http://10.180.1.21/compute/v2.1/flavors/detail 2.811s
2025-05-19 15:56:47.925 71557 INFO tempest.lib.common.rest_client [req-c0db5bd1-c1ea-46d3-b561-23e8239b0b4f req-c0db5bd1-c1ea-46d3-b561-23e8239b0b4f ] Request (AggregatesAdminNegativeTestJSON:test_aggregate_get_details_with_invalid_id): 404 GET http://10.180.1.21/compute/v2.1/os-aggregates/-1 2.786s
2025-05-19 15:56:47.971 71569 INFO tempest.lib.common.rest_client [req-e78856a4-6832-4543-ae4b-9064893616d1 req-e78856a4-6832-4543-ae4b-9064893616d1 ] Request (InstanceActionsNegativeTestJSON:setUpClass): 200 GET http://10.180.1.21/identity/v3/roles 0.088s
2025-05-19 15:56:47.976 71587 INFO tempest.lib.common.rest_client [req-9eaa5af7-3b1e-4bf4-868c-0e6f58acf6f1 req-9eaa5af7-3b1e-4bf4-868c-0e6f58acf6f1 ] Request (VolumesSnapshotsTestJSON:_run_cleanups): 202 DELETE http://10.180.1.21/compute/v2.1/os-volumes/764ba708-51fc-46cc-8dbb-9284e03dbb8b 2.831s
2025-05-19 15:56:47.993 71555 INFO tempest.lib.common.rest_client [req-bc66892a-521e-491d-ad74-1b5b42e04c47 req-bc66892a-521e-491d-ad74-1b5b42e04c47 ] Request (QuotaClassesAdmin257Test:setUpClass): 200 GET http://10.180.1.21/identity/v3/roles 0.080s
2025-05-19 15:56:48.006 71535 INFO tempest.lib.common.rest_client [req-b099304a-7d6a-4909-916c-1cee1467d139 req-b099304a-7d6a-4909-916c-1cee1467d139 ] Request (VolumesAssistedSnapshotsTest:tearDownClass): 204 DELETE http://10.180.1.21/identity/v3/projects/26fef35be46a4cdf8133ce0844d4de75 0.147s
2025-05-19 15:56:48.006 71535 INFO tempest.lib.common.dynamic_creds [-] Deleting project and security group for project: 4462a05875224f84882bccc51a7986c1
2025-05-19 15:56:48.052 71561 INFO tempest.lib.common.rest_client [req-02e16dea-2283-407d-a430-5a4734caa8b1 req-02e16dea-2283-407d-a430-5a4734caa8b1 ] Request (ServersAdminNegativeTestJSON:setUpClass): 201 POST http://10.180.1.21/identity/v3/projects 0.138s
2025-05-19 15:56:48.064 71535 INFO tempest.lib.common.rest_client [req-37e6c1ce-b835-454a-92d5-d9262936d092 req-37e6c1ce-b835-454a-92d5-d9262936d092 ] Request (VolumesAssistedSnapshotsTest:tearDownClass): 200 GET http://10.180.1.21:9696/networking/v2.0/security-groups?tenant_id=4462a05875224f84882bccc51a7986c1&name=default 0.058s
2025-05-19 15:56:48.066 71569 INFO tempest.lib.common.rest_client [req-3731ddd8-aae4-4d7d-94ba-5e13a51642df req-3731ddd8-aae4-4d7d-94ba-5e13a51642df ] Request (InstanceActionsNegativeTestJSON:setUpClass): 204 PUT http://10.180.1.21/identity/v3/projects/3bab3561ac2f4787bfd5d5534e5e0668/users/abcebfac4ed34aa5ae8a687e33a892f6/roles/93a3e573a3cb4750a181f7aabe896ec9 0.095s
2025-05-19 15:56:48.067 71569 INFO tempest.lib.common.dynamic_creds [-] Dynamic test user abcebfac4ed34aa5ae8a687e33a892f6 is created with scope project and roles: ['member']
2025-05-19 15:56:48.067 71569 INFO tempest.lib.common.dynamic_creds [-] Acquired dynamic creds: credentials: Credentials: {'domain_id': 'default', 'domain_name': 'Default', 'username': 'tempest-InstanceActionsNegativeTestJSON-1952530647-project-member', 'project_domain_id': 'default', 'project_domain_name': 'Default', 'project_id': '3bab3561ac2f4787bfd5d5534e5e0668', 'project_name': 'tempest-InstanceActionsNegativeTestJSON-1952530647', 'tenant_id': '3bab3561ac2f4787bfd5d5534e5e0668', 'tenant_name': 'tempest-InstanceActionsNegativeTestJSON-1952530647', 'user_domain_id': 'default', 'user_domain_name': 'Default', 'user_id': 'abcebfac4ed34aa5ae8a687e33a892f6', 'system': None}, Network: None, Subnet: None, Router: None
2025-05-19 15:56:48.146 71561 INFO tempest.lib.common.rest_client [req-fb8dbfa7-05c0-483c-905a-8b7185d2fa4d req-fb8dbfa7-05c0-483c-905a-8b7185d2fa4d ] Request (ServersAdminNegativeTestJSON:setUpClass): 201 POST http://10.180.1.21/identity/v3/users 0.093s
2025-05-19 15:56:48.149 71555 INFO tempest.lib.common.rest_client [req-d49e1f40-e565-47aa-88b5-fc8582cd7d88 req-d49e1f40-e565-47aa-88b5-fc8582cd7d88 ] Request (QuotaClassesAdmin257Test:setUpClass): 204 PUT http://10.180.1.21/identity/v3/projects/f9fcc431a1034dc88ce7e8b1948d6712/users/a048a6f8792c4d8099e33480978a0e58/roles/f82edbd907df4c2b9cf97c78bf983df7 0.155s
2025-05-19 15:56:48.150 71555 INFO tempest.lib.common.dynamic_creds [-] Dynamic test user a048a6f8792c4d8099e33480978a0e58 is created with scope project and roles: ['admin']
2025-05-19 15:56:48.150 71555 INFO tempest.lib.common.dynamic_creds [-] Acquired dynamic creds: credentials: Credentials: {'domain_id': 'default', 'domain_name': 'Default', 'username': 'tempest-QuotaClassesAdmin257Test-12938338-project-admin', 'project_domain_id': 'default', 'project_domain_name': 'Default', 'project_id': 'f9fcc431a1034dc88ce7e8b1948d6712', 'project_name': 'tempest-QuotaClassesAdmin257Test-12938338', 'tenant_id': 'f9fcc431a1034dc88ce7e8b1948d6712', 'tenant_name': 'tempest-QuotaClassesAdmin257Test-12938338', 'user_domain_id': 'default', 'user_domain_name': 'Default', 'user_id': 'a048a6f8792c4d8099e33480978a0e58', 'system': None}, Network: None, Subnet: None, Router: None
2025-05-19 15:56:48.150 71555 INFO tempest.lib.common.dynamic_creds [-] Created isolated network resources for: credentials: Credentials: {'domain_id': 'default', 'domain_name': 'Default', 'username': 'tempest-QuotaClassesAdmin257Test-12938338-project-admin', 'project_domain_id': 'default', 'project_domain_name': 'Default', 'project_id': 'f9fcc431a1034dc88ce7e8b1948d6712', 'project_name': 'tempest-QuotaClassesAdmin257Test-12938338', 'tenant_id': 'f9fcc431a1034dc88ce7e8b1948d6712', 'tenant_name': 'tempest-QuotaClassesAdmin257Test-12938338', 'user_domain_id': 'default', 'user_domain_name': 'Default', 'user_id': 'a048a6f8792c4d8099e33480978a0e58', 'system': None}, Network: None, Subnet: None, Router: None
2025-05-19 15:56:48.201 71561 INFO tempest.lib.common.rest_client [req-4f7fb142-a334-4d6f-8d65-490b89db603a req-4f7fb142-a334-4d6f-8d65-490b89db603a ] Request (ServersAdminNegativeTestJSON:setUpClass): 200 GET http://10.180.1.21/identity/v3/roles 0.055s
2025-05-19 15:56:48.210 71569 INFO tempest.lib.common.rest_client [req-6a1f46c9-6a45-4301-b2cb-102fa99e1a05 req-6a1f46c9-6a45-4301-b2cb-102fa99e1a05 ] Request (InstanceActionsNegativeTestJSON:setUpClass): 201 POST http://10.180.1.21/identity/v3/auth/tokens 0.143s
2025-05-19 15:56:48.249 71561 INFO tempest.lib.common.rest_client [req-1cd00b81-a403-4ec2-a4db-72c6ec6bca1a req-1cd00b81-a403-4ec2-a4db-72c6ec6bca1a ] Request (ServersAdminNegativeTestJSON:setUpClass): 204 PUT http://10.180.1.21/identity/v3/projects/7b11ac4a4c754bdc8820be4cb8345858/users/a0f2e45ba9b24f169d7ab0974c909cca/roles/f82edbd907df4c2b9cf97c78bf983df7 0.047s
2025-05-19 15:56:48.274 71555 INFO tempest.lib.common.rest_client [req-5eaf045a-c4c3-47c2-93fa-e19bfe566b20 req-5eaf045a-c4c3-47c2-93fa-e19bfe566b20 ] Request (QuotaClassesAdmin257Test:setUpClass): 201 POST http://10.180.1.21/identity/v3/auth/tokens 0.118s
2025-05-19 15:56:48.324 71561 INFO tempest.lib.common.rest_client [req-b97d7dbf-488b-4947-b2a4-d3c44bdf2a7e req-b97d7dbf-488b-4947-b2a4-d3c44bdf2a7e ] Request (ServersAdminNegativeTestJSON:setUpClass): 200 GET http://10.180.1.21/identity/v3/roles 0.074s
2025-05-19 15:56:48.325 71543 INFO tempest.lib.common.rest_client [req-9e343616-2623-4b32-8c16-8276a376e94f req-9e343616-2623-4b32-8c16-8276a376e94f ] Request (FloatingIPDetailsTestJSON:test_get_floating_ip_details): 200 POST http://10.180.1.21/compute/v2.1/os-floating-ips 4.200s
2025-05-19 15:56:48.348 71561 INFO tempest.lib.common.rest_client [req-ecec0d11-c51f-4c8d-8486-461a274512f6 req-ecec0d11-c51f-4c8d-8486-461a274512f6 ] Request (ServersAdminNegativeTestJSON:setUpClass): 204 PUT http://10.180.1.21/identity/v3/projects/7b11ac4a4c754bdc8820be4cb8345858/users/a0f2e45ba9b24f169d7ab0974c909cca/roles/f82edbd907df4c2b9cf97c78bf983df7 0.024s
2025-05-19 15:56:48.348 71561 INFO tempest.lib.common.dynamic_creds [-] Dynamic test user a0f2e45ba9b24f169d7ab0974c909cca is created with scope project and roles: ['admin']
2025-05-19 15:56:48.349 71561 INFO tempest.lib.common.dynamic_creds [-] Acquired dynamic creds: credentials: Credentials: {'domain_id': 'default', 'domain_name': 'Default', 'username': 'tempest-ServersAdminNegativeTestJSON-601381950-project-admin', 'project_domain_id': 'default', 'project_domain_name': 'Default', 'project_id': '7b11ac4a4c754bdc8820be4cb8345858', 'project_name': 'tempest-ServersAdminNegativeTestJSON-601381950', 'tenant_id': '7b11ac4a4c754bdc8820be4cb8345858', 'tenant_name': 'tempest-ServersAdminNegativeTestJSON-601381950', 'user_domain_id': 'default', 'user_domain_name': 'Default', 'user_id': 'a0f2e45ba9b24f169d7ab0974c909cca', 'system': None}, Network: None, Subnet: None, Router: None
2025-05-19 15:56:48.349 71561 INFO tempest.lib.common.dynamic_creds [-] Created isolated network resources for: credentials: Credentials: {'domain_id': 'default', 'domain_name': 'Default', 'username': 'tempest-ServersAdminNegativeTestJSON-601381950-project-admin', 'project_domain_id': 'default', 'project_domain_name': 'Default', 'project_id': '7b11ac4a4c754bdc8820be4cb8345858', 'project_name': 'tempest-ServersAdminNegativeTestJSON-601381950', 'tenant_id': '7b11ac4a4c754bdc8820be4cb8345858', 'tenant_name': 'tempest-ServersAdminNegativeTestJSON-601381950', 'user_domain_id': 'default', 'user_domain_name': 'Default', 'user_id': 'a0f2e45ba9b24f169d7ab0974c909cca', 'system': None}, Network: None, Subnet: None, Router: None
2025-05-19 15:56:48.351 71581 INFO tempest.lib.common.rest_client [req-3af8ed80-a953-4523-9c86-8094acdd5ded req-3af8ed80-a953-4523-9c86-8094acdd5ded ] Request (KeyPairsV2TestJSON:_run_cleanups): 202 DELETE http://10.180.1.21/compute/v2.1/os-keypairs/tempest-keypair-2101893432 3.087s
2025-05-19 15:56:48.364 71535 INFO tempest.lib.common.rest_client [req-a7133f79-1ceb-40ad-a829-d9c650277fdd req-a7133f79-1ceb-40ad-a829-d9c650277fdd ] Request (VolumesAssistedSnapshotsTest:tearDownClass): 204 DELETE http://10.180.1.21:9696/networking/v2.0/security-groups/7de4d15a-3d65-488d-83c0-1c9afe0b9433 0.300s
2025-05-19 15:56:48.443 71561 INFO tempest.lib.common.rest_client [req-713302d2-c64c-43df-8804-2252c74f417a req-713302d2-c64c-43df-8804-2252c74f417a ] Request (ServersAdminNegativeTestJSON:setUpClass): 201 POST http://10.180.1.21/identity/v3/auth/tokens 0.090s
2025-05-19 15:56:48.454 71577 INFO tempest.lib.common.rest_client [req-1a2421fb-cb79-4264-94a3-78033a5debd4 req-1a2421fb-cb79-4264-94a3-78033a5debd4 ] Request (ServerActionsTestOtherA:setUpClass): 204 DELETE http://10.180.1.21/compute/v2.1/servers/c3f7b5fc-5858-4c18-8576-53e8dd332604 3.198s
2025-05-19 15:56:48.482 71535 INFO tempest.lib.common.rest_client [req-03af2dac-0923-4afd-838f-33966c34f15c req-03af2dac-0923-4afd-838f-33966c34f15c ] Request (VolumesAssistedSnapshotsTest:tearDownClass): 204 DELETE http://10.180.1.21/identity/v3/projects/4462a05875224f84882bccc51a7986c1 0.117s
2025-05-19 15:56:48.520 71561 INFO tempest.lib.common.rest_client [req-a29d64f1-e0cd-442c-8bef-aba96d33803c req-a29d64f1-e0cd-442c-8bef-aba96d33803c ] Request (ServersAdminNegativeTestJSON:setUpClass): 201 POST http://10.180.1.21/identity/v3/auth/tokens 0.069s
2025-05-19 15:56:48.521 71561 INFO tempest.lib.common.fixed_network [-] (ServersAdminNegativeTestJSON:setUpClass) Found network None available for tenant
2025-05-19 15:56:48.548 71535 INFO tempest.lib.common.rest_client [req-14800175-d92c-40af-95ee-7c9dcfc77396 req-14800175-d92c-40af-95ee-7c9dcfc77396 ] Request (FlavorsAccessTestJSON:setUpClass): 201 POST http://10.180.1.21/identity/v3/auth/tokens 0.063s
2025-05-19 15:56:48.549 71531 INFO tempest.lib.common.rest_client [req-8548b498-c604-4826-9b73-aa7a248641f0 req-8548b498-c604-4826-9b73-aa7a248641f0 ] Request (ServersAaction247Test:test_create_backup): 200 GET http://10.180.1.21/compute/v2.1/servers/7f44793a-8a40-4c28-8c2e-fda0373df87a 2.820s
2025-05-19 15:56:48.578 71535 INFO tempest.lib.common.rest_client [req-98da1df4-0bc4-4f9a-a42e-be0bca85d0e6 req-98da1df4-0bc4-4f9a-a42e-be0bca85d0e6 ] Request (FlavorsAccessTestJSON:setUpClass): 201 POST http://10.180.1.21/identity/v3/auth/tokens 0.027s
2025-05-19 15:56:48.603 71535 INFO tempest.lib.common.rest_client [req-9fc130ef-9732-43ea-aefc-fb0f6cf48e40 req-9fc130ef-9732-43ea-aefc-fb0f6cf48e40 ] Request (FlavorsAccessTestJSON:setUpClass): 200 GET http://10.180.1.21/identity/v3/domains?name=Default 0.025s
2025-05-19 15:56:48.606 71539 INFO tempest.lib.common.rest_client [req-5a32ebbc-909c-4a85-bbe9-16cb23f0f6d7 req-5a32ebbc-909c-4a85-bbe9-16cb23f0f6d7 ] Request (InstanceActionsTestJSON:setUpClass): 204 DELETE http://10.180.1.21/compute/v2.1/servers/df3611f6-a5cd-4eee-92fc-01c55f94b123 3.260s
2025-05-19 15:56:48.634 71535 INFO tempest.lib.common.rest_client [req-c27bc31f-fba6-4ab7-89b0-95695ad8e0a2 req-c27bc31f-fba6-4ab7-89b0-95695ad8e0a2 ] Request (FlavorsAccessTestJSON:setUpClass): 201 POST http://10.180.1.21/identity/v3/projects 0.030s
2025-05-19 15:56:48.681 71565 INFO tempest.lib.common.rest_client [req-55d88e05-3b4c-48cf-a7c9-e0d583aedc65 req-55d88e05-3b4c-48cf-a7c9-e0d583aedc65 ] Request (ImagesTestJSON:test_delete_saving_image): 200 GET http://10.180.1.21/compute/v2.1/servers/a31bdb57-84c0-4fb5-b718-7c2172a87b8a 2.679s
2025-05-19 15:56:48.706 71535 INFO tempest.lib.common.rest_client [req-fa99199c-f701-4970-afbd-a3ff7f4ac3b4 req-fa99199c-f701-4970-afbd-a3ff7f4ac3b4 ] Request (FlavorsAccessTestJSON:setUpClass): 201 POST http://10.180.1.21/identity/v3/users 0.072s
2025-05-19 15:56:48.727 71535 INFO tempest.lib.common.rest_client [req-fb44892b-a57d-4e19-8ed5-e994c4493bc2 req-fb44892b-a57d-4e19-8ed5-e994c4493bc2 ] Request (FlavorsAccessTestJSON:setUpClass): 200 GET http://10.180.1.21/identity/v3/roles 0.020s
2025-05-19 15:56:48.756 71535 INFO tempest.lib.common.rest_client [req-0bcff6a0-5554-4aee-9018-0d3aa9e0063c req-0bcff6a0-5554-4aee-9018-0d3aa9e0063c ] Request (FlavorsAccessTestJSON:setUpClass): 204 PUT http://10.180.1.21/identity/v3/projects/ca52fcb0d51a44f999d8a5a42430e480/users/acf165cfc0a941b08f7cf41d8b84e864/roles/93a3e573a3cb4750a181f7aabe896ec9 0.028s
2025-05-19 15:56:48.756 71535 INFO tempest.lib.common.dynamic_creds [-] Dynamic test user acf165cfc0a941b08f7cf41d8b84e864 is created with scope project and roles: ['member']
2025-05-19 15:56:48.757 71535 INFO tempest.lib.common.dynamic_creds [-] Acquired dynamic creds: credentials: Credentials: {'domain_id': 'default', 'domain_name': 'Default', 'username': 'tempest-FlavorsAccessTestJSON-533299242-project-member', 'project_domain_id': 'default', 'project_domain_name': 'Default', 'project_id': 'ca52fcb0d51a44f999d8a5a42430e480', 'project_name': 'tempest-FlavorsAccessTestJSON-533299242', 'tenant_id': 'ca52fcb0d51a44f999d8a5a42430e480', 'tenant_name': 'tempest-FlavorsAccessTestJSON-533299242', 'user_domain_id': 'default', 'user_domain_name': 'Default', 'user_id': 'acf165cfc0a941b08f7cf41d8b84e864', 'system': None}, Network: None, Subnet: None, Router: None
2025-05-19 15:56:48.757 71535 INFO tempest.lib.common.dynamic_creds [-] Created isolated network resources for: credentials: Credentials: {'domain_id': 'default', 'domain_name': 'Default', 'username': 'tempest-FlavorsAccessTestJSON-533299242-project-member', 'project_domain_id': 'default', 'project_domain_name': 'Default', 'project_id': 'ca52fcb0d51a44f999d8a5a42430e480', 'project_name': 'tempest-FlavorsAccessTestJSON-533299242', 'tenant_id': 'ca52fcb0d51a44f999d8a5a42430e480', 'tenant_name': 'tempest-FlavorsAccessTestJSON-533299242', 'user_domain_id': 'default', 'user_domain_name': 'Default', 'user_id': 'acf165cfc0a941b08f7cf41d8b84e864', 'system': None}, Network: None, Subnet: None, Router: None
2025-05-19 15:56:48.811 71569 INFO tempest.lib.common.rest_client [req-71e8acbd-2fe6-41f0-887d-b972af74004c req-71e8acbd-2fe6-41f0-887d-b972af74004c ] Request (InstanceActionsNegativeTestJSON:setUpClass): 201 POST http://10.180.1.21:9696/networking/v2.0/networks 0.601s
2025-05-19 15:56:48.836 71535 INFO tempest.lib.common.rest_client [req-7b9a8276-7e27-443b-81f0-64d80f6efbb3 req-7b9a8276-7e27-443b-81f0-64d80f6efbb3 ] Request (FlavorsAccessTestJSON:setUpClass): 201 POST http://10.180.1.21/identity/v3/auth/tokens 0.075s
2025-05-19 15:56:48.884 71560 INFO tempest.lib.common.rest_client [req-ea03a162-8bc3-4c37-98c7-9d6c8a9f3b13 req-ea03a162-8bc3-4c37-98c7-9d6c8a9f3b13 ] Request (SecurityGroupRulesTestJSON:test_security_group_rules_delete_when_peer_group_deleted): 200 GET http://10.180.1.21/compute/v2.1/os-security-groups/ebd103e0-7d8b-4b20-9bc6-af53b83c701a 2.539s
2025-05-19 15:56:48.912 71535 INFO tempest.lib.common.rest_client [req-bb12c6df-13e8-40cc-b257-53cab249e5bf req-bb12c6df-13e8-40cc-b257-53cab249e5bf ] Request (FlavorsAccessTestJSON:setUpClass): 201 POST http://10.180.1.21/identity/v3/projects 0.075s
2025-05-19 15:56:48.973 71535 INFO tempest.lib.common.rest_client [req-7447927c-71a9-4bec-89a2-a3708bd215e0 req-7447927c-71a9-4bec-89a2-a3708bd215e0 ] Request (FlavorsAccessTestJSON:setUpClass): 201 POST http://10.180.1.21/identity/v3/users 0.061s
2025-05-19 15:56:48.984 71576 INFO tempest.lib.common.rest_client [req-44aeb4bf-4f7c-4ee5-bdd2-11d7a7a4d9ba req-44aeb4bf-4f7c-4ee5-bdd2-11d7a7a4d9ba ] Request (ServersTestBootFromVolume:setUpClass): 200 PUT http://10.180.1.21:9696/networking/v2.0/routers/c4155c01-fee2-450f-a20e-2230807b2464/add_router_interface 1.911s
2025-05-19 15:56:48.984 71576 INFO tempest.lib.common.dynamic_creds [-] Created isolated network resources for: credentials: Credentials: {'domain_id': 'default', 'domain_name': 'Default', 'username': 'tempest-ServersTestBootFromVolume-1067927147-project-member', 'project_domain_id': 'default', 'project_domain_name': 'Default', 'project_id': 'dd295669a4da46b7adb19c449faa24c1', 'project_name': 'tempest-ServersTestBootFromVolume-1067927147', 'tenant_id': 'dd295669a4da46b7adb19c449faa24c1', 'tenant_name': 'tempest-ServersTestBootFromVolume-1067927147', 'user_domain_id': 'default', 'user_domain_name': 'Default', 'user_id': '5ef87dca58364c569ff5d14eceef2072', 'system': None}, Network: {'id': 'bf752ec9-f6b9-476c-8f79-1689c9304092', 'name': 'tempest-ServersTestBootFromVolume-1086004718-network', 'tenant_id': 'dd295669a4da46b7adb19c449faa24c1', 'admin_state_up': True, 'mtu': 8950, 'status': 'ACTIVE', 'subnets': [], 'shared': False, 'project_id': 'dd295669a4da46b7adb19c449faa24c1', 'port_security_enabled': True, 'router:external': False, 'provider:network_type': 'vlan', 'provider:physical_network': 'default', 'provider:segmentation_id': 576, 'availability_zone_hints': [], 'availability_zones': [], 'ipv4_address_scope': None, 'ipv6_address_scope': None, 'description': '', 'tags': [], 'created_at': '2025-05-19T15:56:44Z', 'updated_at': '2025-05-19T15:56:44Z', 'revision_number': 1}, Subnet: {'id': '64f57b47-a0bc-4b17-86e0-53b1e690fb9a', 'name': 'tempest-ServersTestBootFromVolume-1086004718-subnet', 'tenant_id': 'dd295669a4da46b7adb19c449faa24c1', 'network_id': 'bf752ec9-f6b9-476c-8f79-1689c9304092', 'ip_version': 4, 'subnetpool_id': None, 'enable_dhcp': True, 'ipv6_ra_mode': None, 'ipv6_address_mode': None, 'gateway_ip': '192.168.128.1', 'cidr': '192.168.128.0/28', 'allocation_pools': [{'start': '192.168.128.2', 'end': '192.168.128.14'}], 'host_routes': [], 'dns_nameservers': [], 'description': '', 'router:external': False, 'service_types': [], 'tags': [], 'created_at': '2025-05-19T15:56:44Z', 'updated_at': '2025-05-19T15:56:44Z', 'revision_number': 0, 'project_id': 'dd295669a4da46b7adb19c449faa24c1'}, Router: {'id': 'c4155c01-fee2-450f-a20e-2230807b2464', 'name': 'tempest-ServersTestBootFromVolume-1086004718-router', 'tenant_id': 'dd295669a4da46b7adb19c449faa24c1', 'admin_state_up': True, 'status': 'ACTIVE', 'external_gateway_info': {'network_id': '66efa607-5e41-4f8a-b837-b1de9f46fade', 'external_fixed_ips': [{'subnet_id': '956800f7-e740-4e3b-9877-97f0f96944ed', 'ip_address': '10.180.180.177'}], 'enable_snat': True}, 'description': '', 'availability_zones': [], 'distributed': False, 'ha': False, 'availability_zone_hints': [], 'routes': [], 'flavor_id': None, 'tags': [], 'created_at': '2025-05-19T15:56:45Z', 'updated_at': '2025-05-19T15:56:46Z', 'revision_number': 2, 'project_id': 'dd295669a4da46b7adb19c449faa24c1'}
2025-05-19 15:56:48.998 71535 INFO tempest.lib.common.rest_client [req-e29f2969-a409-42ab-afc5-ef74d2e05294 req-e29f2969-a409-42ab-afc5-ef74d2e05294 ] Request (FlavorsAccessTestJSON:setUpClass): 200 GET http://10.180.1.21/identity/v3/roles 0.025s
2025-05-19 15:56:49.031 71535 INFO tempest.lib.common.rest_client [req-9ed1438a-3e4a-4f77-ad7c-843b2574ff90 req-9ed1438a-3e4a-4f77-ad7c-843b2574ff90 ] Request (FlavorsAccessTestJSON:setUpClass): 204 PUT http://10.180.1.21/identity/v3/projects/40a7759f1f5d43c89162c5259233fc4e/users/b0f60118288048af844bff962c2a024c/roles/f82edbd907df4c2b9cf97c78bf983df7 0.032s
2025-05-19 15:56:49.035 71547 INFO tempest.lib.common.rest_client [req-e9db312b-9570-4b35-9884-e89e7a4583ae req-e9db312b-9570-4b35-9884-e89e7a4583ae ] Request (SecurityGroupsTestAdminJSON:_run_cleanups): 202 DELETE http://10.180.1.21/compute/v2.1/os-security-groups/d6846473-9ee5-44aa-b742-5fe250959c6f 2.414s
2025-05-19 15:56:49.055 71576 INFO tempest.lib.common.rest_client [req-729868ce-cb67-497d-9520-9b39fbc43b09 req-729868ce-cb67-497d-9520-9b39fbc43b09 ] Request (ServersTestBootFromVolume:setUpClass): 201 POST http://10.180.1.21/identity/v3/auth/tokens 0.067s
2025-05-19 15:56:49.087 71535 INFO tempest.lib.common.rest_client [req-8dc5bedb-a887-47ec-8305-602aa8488e2d req-8dc5bedb-a887-47ec-8305-602aa8488e2d ] Request (FlavorsAccessTestJSON:setUpClass): 200 GET http://10.180.1.21/identity/v3/roles 0.055s
2025-05-19 15:56:49.112 71535 INFO tempest.lib.common.rest_client [req-a3eca73e-dabd-4255-9d82-4f797945492e req-a3eca73e-dabd-4255-9d82-4f797945492e ] Request (FlavorsAccessTestJSON:setUpClass): 204 PUT http://10.180.1.21/identity/v3/projects/40a7759f1f5d43c89162c5259233fc4e/users/b0f60118288048af844bff962c2a024c/roles/f82edbd907df4c2b9cf97c78bf983df7 0.023s
2025-05-19 15:56:49.112 71535 INFO tempest.lib.common.dynamic_creds [-] Dynamic test user b0f60118288048af844bff962c2a024c is created with scope project and roles: ['admin']
2025-05-19 15:56:49.113 71535 INFO tempest.lib.common.dynamic_creds [-] Acquired dynamic creds: credentials: Credentials: {'domain_id': 'default', 'domain_name': 'Default', 'username': 'tempest-FlavorsAccessTestJSON-1631865824-project-admin', 'project_domain_id': 'default', 'project_domain_name': 'Default', 'project_id': '40a7759f1f5d43c89162c5259233fc4e', 'project_name': 'tempest-FlavorsAccessTestJSON-1631865824', 'tenant_id': '40a7759f1f5d43c89162c5259233fc4e', 'tenant_name': 'tempest-FlavorsAccessTestJSON-1631865824', 'user_domain_id': 'default', 'user_domain_name': 'Default', 'user_id': 'b0f60118288048af844bff962c2a024c', 'system': None}, Network: None, Subnet: None, Router: None
2025-05-19 15:56:49.113 71535 INFO tempest.lib.common.dynamic_creds [-] Created isolated network resources for: credentials: Credentials: {'domain_id': 'default', 'domain_name': 'Default', 'username': 'tempest-FlavorsAccessTestJSON-1631865824-project-admin', 'project_domain_id': 'default', 'project_domain_name': 'Default', 'project_id': '40a7759f1f5d43c89162c5259233fc4e', 'project_name': 'tempest-FlavorsAccessTestJSON-1631865824', 'tenant_id': '40a7759f1f5d43c89162c5259233fc4e', 'tenant_name': 'tempest-FlavorsAccessTestJSON-1631865824', 'user_domain_id': 'default', 'user_domain_name': 'Default', 'user_id': 'b0f60118288048af844bff962c2a024c', 'system': None}, Network: None, Subnet: None, Router: None
2025-05-19 15:56:49.119 71579 INFO tempest.lib.common.rest_client [req-373111ba-28c6-4225-a1ab-73caeec43397 req-373111ba-28c6-4225-a1ab-73caeec43397 ] Request (InstanceActionsV221TestJSON:test_get_list_deleted_instance_actions): 200 GET http://10.180.1.21/compute/v2.1/servers/ebd8a624-9443-43a3-98a9-d28b20bee32e 2.072s
2025-05-19 15:56:49.129 71585 INFO tempest.lib.common.rest_client [req-d2da29ae-89c7-46b1-9477-2fc8dfa0343d req-d2da29ae-89c7-46b1-9477-2fc8dfa0343d ] Request (KeyPairsV22TestJSON:test_keypairsv22_create_list_show_with_type): 200 GET http://10.180.1.21/compute/v2.1/os-keypairs 2.077s
2025-05-19 15:56:49.134 71553 INFO tempest.lib.common.rest_client [req-5d7d360c-765e-45cd-aac5-f3e9b3ff0d9b req-5d7d360c-765e-45cd-aac5-f3e9b3ff0d9b ] Request (HostsAdminNegativeTestJSON:test_update_host_with_invalid_maintenance_mode): 400 PUT http://10.180.1.21/compute/v2.1/os-hosts/devstack 2.072s
2025-05-19 15:56:49.139 71549 INFO tempest.lib.common.rest_client [req-858852d7-3a36-4be5-ab57-3c9e71c80862 req-858852d7-3a36-4be5-ab57-3c9e71c80862 ] Request (SecurityGroupsNegativeTestJSON:tearDownClass): 200 PUT http://10.180.1.21:9696/networking/v2.0/routers/f850985d-90cc-414f-9a3c-8ffb5d5a2aad/remove_router_interface 1.247s
2025-05-19 15:56:49.176 71547 INFO tempest.lib.common.rest_client [req-c422b483-bb7f-4f59-a916-76fb39e41b2f req-c422b483-bb7f-4f59-a916-76fb39e41b2f ] Request (SecurityGroupsTestAdminJSON:tearDownClass): 204 DELETE http://10.180.1.21/identity/v3/users/03031862b2844b9ba62df8fa5e61d5a3 0.137s
2025-05-19 15:56:49.209 71573 INFO tempest.lib.common.rest_client [req-49e55266-4f11-4809-9bb2-e1f7060b893d req-49e55266-4f11-4809-9bb2-e1f7060b893d ] Request (VolumesAdminNegativeTest:test_update_attached_volume_with_nonexistent_volume_in_body): 200 GET http://10.180.1.21/compute/v2.1/servers/54aea1d2-6c21-43bb-a54d-d0dec9ead3dc 2.052s
2025-05-19 15:56:49.230 71535 INFO tempest.lib.common.rest_client [req-7f0a50ad-e1a2-414e-af2f-eb7f82653a0c req-7f0a50ad-e1a2-414e-af2f-eb7f82653a0c ] Request (FlavorsAccessTestJSON:setUpClass): 201 POST http://10.180.1.21/identity/v3/auth/tokens 0.113s
2025-05-19 15:56:49.231 71535 WARNING tempest.lib.common.rest_client [-] Deprecated: "tenant_id" property is deprecated for removal, use "project_id" instead
2025-05-19 15:56:49.233 71571 INFO tempest.lib.common.rest_client [req-8cbad383-7379-4f86-b972-7eaf5569e669 req-8cbad383-7379-4f86-b972-7eaf5569e669 ] Request (MigrationsAdminTest:test_resize_server_revert_deleted_flavor): 200 GET http://10.180.1.21/compute/v2.1/flavors/42 1.908s
2025-05-19 15:56:49.263 71551 INFO tempest.lib.common.rest_client [req-21912fc1-4ecf-4219-8f4d-c8d21158a014 req-21912fc1-4ecf-4219-8f4d-c8d21158a014 ] Request (FlavorsAdminTestJSON:test_is_public_string_variations): 200 POST http://10.180.1.21/compute/v2.1/flavors 1.912s
2025-05-19 15:56:49.278 71569 INFO tempest.lib.common.rest_client [req-12680e81-929e-4753-9a84-70851e859c87 req-12680e81-929e-4753-9a84-70851e859c87 ] Request (InstanceActionsNegativeTestJSON:setUpClass): 201 POST http://10.180.1.21:9696/networking/v2.0/subnets 0.466s
2025-05-19 15:56:49.368 71567 INFO tempest.lib.common.rest_client [req-c2d1a09e-84fa-4fd6-980a-3972704a5e3c req-c2d1a09e-84fa-4fd6-980a-3972704a5e3c ] Request (ServerRescueTestJSONUnderV235:setUpClass): 202 POST http://10.180.1.21/compute/v2.1/servers 3.609s
2025-05-19 15:56:49.403 71547 INFO tempest.lib.common.rest_client [req-dd2e8d30-f35d-4bc9-aa11-4578744c5c94 req-dd2e8d30-f35d-4bc9-aa11-4578744c5c94 ] Request (SecurityGroupsTestAdminJSON:tearDownClass): 204 DELETE http://10.180.1.21/identity/v3/users/c56bb873070d46b5b0a6f6ecf4974497 0.226s
2025-05-19 15:56:49.403 71547 INFO tempest.lib.common.dynamic_creds [-] Deleting project and security group for project: ceaa3702dfa84a49885f593dd8fd8b79
2025-05-19 15:56:49.497 71547 INFO tempest.lib.common.rest_client [req-b1ccf15a-9841-4d1a-998b-499c9892365c req-b1ccf15a-9841-4d1a-998b-499c9892365c ] Request (SecurityGroupsTestAdminJSON:tearDownClass): 201 POST http://10.180.1.21/identity/v3/auth/tokens 0.093s
2025-05-19 15:56:49.596 71529 INFO tempest.lib.common.rest_client [req-e7f372cd-c19f-460e-9026-0afc005fa42f req-e7f372cd-c19f-460e-9026-0afc005fa42f ] Request (ServersAdminTestJSON:setUpClass): 204 DELETE http://10.180.1.21/compute/v2.1/servers/242ef945-fda5-422b-a898-c0db3c332c70 2.136s
2025-05-19 15:56:49.600 71547 INFO tempest.lib.common.rest_client [req-3fd71504-e857-4cfb-a8f4-3707eb2144df req-3fd71504-e857-4cfb-a8f4-3707eb2144df ] Request (SecurityGroupsTestAdminJSON:tearDownClass): 200 GET http://10.180.1.21:9696/networking/v2.0/security-groups?tenant_id=ceaa3702dfa84a49885f593dd8fd8b79&name=default 0.103s
2025-05-19 15:56:49.636 71583 INFO tempest.lib.common.rest_client [req-4e7d606c-4e01-4c3c-acb0-aa3af2831aba req-4e7d606c-4e01-4c3c-acb0-aa3af2831aba ] Request (ServersWithSpecificFlavorTestJSON:tearDownClass): 200 PUT http://10.180.1.21:9696/networking/v2.0/routers/0ac1b84b-9865-474e-abab-2227bb75610c/remove_router_interface 1.710s
2025-05-19 15:56:49.799 71547 INFO tempest.lib.common.rest_client [req-6f865caa-79a1-41f3-9edc-3cc3a39cd48d req-6f865caa-79a1-41f3-9edc-3cc3a39cd48d ] Request (SecurityGroupsTestAdminJSON:tearDownClass): 204 DELETE http://10.180.1.21:9696/networking/v2.0/security-groups/67ee6839-048c-4a5d-a104-22c530c304a8 0.198s
2025-05-19 15:56:49.811 71549 INFO tempest.lib.common.rest_client [req-c5bc1bc5-d16e-4625-bf16-1918e82b0622 req-c5bc1bc5-d16e-4625-bf16-1918e82b0622 ] Request (SecurityGroupsNegativeTestJSON:tearDownClass): 204 DELETE http://10.180.1.21:9696/networking/v2.0/routers/f850985d-90cc-414f-9a3c-8ffb5d5a2aad 0.670s
2025-05-19 15:56:49.839 71589 INFO tempest.lib.common.rest_client [req-3c9b54fd-0068-4d6b-9687-bc0672d41e28 req-3c9b54fd-0068-4d6b-9687-bc0672d41e28 ] Request (SecurityGroupRulesNegativeTestJSON:test_create_security_group_rule_with_invalid_ip_protocol): 200 POST http://10.180.1.21/compute/v2.1/os-security-groups 2.046s
2025-05-19 15:56:49.911 71547 INFO tempest.lib.common.rest_client [req-149293b7-e032-4234-bff0-ceff2c237ee7 req-149293b7-e032-4234-bff0-ceff2c237ee7 ] Request (SecurityGroupsTestAdminJSON:tearDownClass): 204 DELETE http://10.180.1.21/identity/v3/projects/ceaa3702dfa84a49885f593dd8fd8b79 0.112s
2025-05-19 15:56:49.911 71547 INFO tempest.lib.common.dynamic_creds [-] Deleting project and security group for project: dfa189de338a4df7aa1aeb87554701c8
2025-05-19 15:56:49.919 71549 INFO tempest.lib.common.rest_client [req-709aa225-abea-4ac9-bcfd-2b3b233b554c req-709aa225-abea-4ac9-bcfd-2b3b233b554c ] Request (SecurityGroupsNegativeTestJSON:tearDownClass): 204 DELETE http://10.180.1.21:9696/networking/v2.0/subnets/4c2311f7-07e8-405d-b7b7-36c7a4fe8b40 0.106s
2025-05-19 15:56:50.016 71547 INFO tempest.lib.common.rest_client [req-870d0bba-bcdb-40de-bacf-e1302e0a1b60 req-870d0bba-bcdb-40de-bacf-e1302e0a1b60 ] Request (SecurityGroupsTestAdminJSON:tearDownClass): 200 GET http://10.180.1.21:9696/networking/v2.0/security-groups?tenant_id=dfa189de338a4df7aa1aeb87554701c8&name=default 0.105s
2025-05-19 15:56:50.031 71545 INFO tempest.lib.common.rest_client [req-8c3550a1-b91e-465b-bc27-68efe71013d7 req-8c3550a1-b91e-465b-bc27-68efe71013d7 ] Request (AbsoluteLimitsNegativeTestJSON:test_max_metadata_exceed_limit): 403 POST http://10.180.1.21/compute/v2.1/servers 2.210s
2025-05-19 15:56:50.036 71557 INFO tempest.lib.common.rest_client [req-2b2a3941-db66-447f-b794-af57b690ad3a req-2b2a3941-db66-447f-b794-af57b690ad3a ] Request (AggregatesAdminNegativeTestJSON:test_aggregate_list_as_user): 403 GET http://10.180.1.21/compute/v2.1/os-aggregates 2.110s
2025-05-19 15:56:50.067 71587 INFO tempest.lib.common.rest_client [req-d7ff39da-351a-4f5b-8420-93ece86df0de req-d7ff39da-351a-4f5b-8420-93ece86df0de ] Request (VolumesSnapshotsTestJSON:_run_cleanups): 404 GET http://10.180.1.21/compute/v2.1/os-volumes/764ba708-51fc-46cc-8dbb-9284e03dbb8b 2.090s
2025-05-19 15:56:50.120 71547 INFO tempest.lib.common.rest_client [req-32da5e2a-13e4-46e9-b8aa-848bdb9609be req-32da5e2a-13e4-46e9-b8aa-848bdb9609be ] Request (SecurityGroupsTestAdminJSON:tearDownClass): 204 DELETE http://10.180.1.21:9696/networking/v2.0/security-groups/f7a1738e-bc65-40af-88a5-f224f649ac53 0.103s
2025-05-19 15:56:50.146 71563 INFO tempest.lib.common.rest_client [req-29bf1047-8a27-4bec-b991-f33e210574aa req-29bf1047-8a27-4bec-b991-f33e210574aa ] Request (ServerMetadataNegativeTestJSON:setUpClass): 200 GET http://10.180.1.21/compute/v2.1/servers/655b692a-fa43-42a9-bcf6-be788a7bb9b1 1.846s
2025-05-19 15:56:50.184 71545 INFO tempest.lib.common.rest_client [req-cc498510-5de5-4200-9572-8075988b6960 req-cc498510-5de5-4200-9572-8075988b6960 ] Request (AbsoluteLimitsNegativeTestJSON:tearDownClass): 204 DELETE http://10.180.1.21/identity/v3/users/c9f42c2969724149990c0ad9ba6d363a 0.152s
2025-05-19 15:56:50.185 71545 INFO tempest.lib.common.dynamic_creds [-] Deleting project and security group for project: 0938cd9722fd4397a8df6093ca92cedc
2025-05-19 15:56:50.195 71547 INFO tempest.lib.common.rest_client [req-066db919-01a8-4750-b845-a812c8ba93f3 req-066db919-01a8-4750-b845-a812c8ba93f3 ] Request (SecurityGroupsTestAdminJSON:tearDownClass): 204 DELETE http://10.180.1.21/identity/v3/projects/dfa189de338a4df7aa1aeb87554701c8 0.074s
2025-05-19 15:56:50.243 71543 INFO tempest.lib.common.rest_client [req-b1d23b80-5b50-4bcd-a581-65f1944c6338 req-b1d23b80-5b50-4bcd-a581-65f1944c6338 ] Request (FloatingIPDetailsTestJSON:test_get_floating_ip_details): 200 GET http://10.180.1.21/compute/v2.1/os-floating-ips/daf42f97-60ac-4748-b054-c3596054dd5a 1.916s
2025-05-19 15:56:50.250 71545 INFO tempest.lib.common.rest_client [req-58491e56-f10e-4dc0-9404-808165446c4b req-58491e56-f10e-4dc0-9404-808165446c4b ] Request (AbsoluteLimitsNegativeTestJSON:tearDownClass): 201 POST http://10.180.1.21/identity/v3/auth/tokens 0.065s
2025-05-19 15:56:50.264 71547 INFO tempest.lib.common.rest_client [req-1224c44e-535b-454e-a067-b9d4c9bc5b45 req-1224c44e-535b-454e-a067-b9d4c9bc5b45 ] Request (ServicesAdminNegativeTestJSON:setUpClass): 201 POST http://10.180.1.21/identity/v3/auth/tokens 0.067s
2025-05-19 15:56:50.266 71549 INFO tempest.lib.common.rest_client [req-3026ed9b-f86b-498f-84f1-411c69be5cb8 req-3026ed9b-f86b-498f-84f1-411c69be5cb8 ] Request (SecurityGroupsNegativeTestJSON:tearDownClass): 204 DELETE http://10.180.1.21:9696/networking/v2.0/networks/d2952c68-cf7d-4541-91fc-5888a36793b3 0.347s
2025-05-19 15:56:50.280 71591 INFO tempest.lib.common.rest_client [req-902b52f7-aa41-442f-a0f9-1edf034c5283 req-902b52f7-aa41-442f-a0f9-1edf034c5283 ] Request (ServerActionsTestOtherB:setUpClass): 202 POST http://10.180.1.21/compute/v2.1/servers 2.518s
2025-05-19 15:56:50.282 71581 INFO tempest.lib.common.rest_client [req-9bc92211-c323-41af-a82a-db2287030d40 req-9bc92211-c323-41af-a82a-db2287030d40 ] Request (KeyPairsV2TestJSON:test_keypair_create_delete): 200 POST http://10.180.1.21/compute/v2.1/os-keypairs 1.929s
2025-05-19 15:56:50.312 71577 INFO tempest.lib.common.rest_client [req-3c7b2ca5-6c41-4e31-b8e0-213e0a222441 req-3c7b2ca5-6c41-4e31-b8e0-213e0a222441 ] Request (ServerActionsTestOtherA:setUpClass): 404 GET http://10.180.1.21/compute/v2.1/servers/c3f7b5fc-5858-4c18-8576-53e8dd332604 1.858s
2025-05-19 15:56:50.313 71577 INFO tempest.test [-] raised in ServerActionsTestOtherA.setUpClass. Invoking tearDownClass.
2025-05-19 15:56:50.332 71539 INFO tempest.lib.common.rest_client [req-8461977d-f13f-42da-874a-66a14dac7987 req-8461977d-f13f-42da-874a-66a14dac7987 ] Request (InstanceActionsTestJSON:setUpClass): 404 GET http://10.180.1.21/compute/v2.1/servers/df3611f6-a5cd-4eee-92fc-01c55f94b123 1.726s
2025-05-19 15:56:50.332 71539 INFO tempest.test [-] raised in InstanceActionsTestJSON.setUpClass. Invoking tearDownClass.
2025-05-19 15:56:50.355 71549 INFO tempest.lib.common.rest_client [req-cef07463-a0e7-4204-b896-32bf19a42424 req-cef07463-a0e7-4204-b896-32bf19a42424 ] Request (SecurityGroupsNegativeTestJSON:tearDownClass): 204 DELETE http://10.180.1.21/identity/v3/users/c23325543f59478fafc767490bc173b5 0.088s
2025-05-19 15:56:50.355 71549 INFO tempest.lib.common.dynamic_creds [-] Deleting project and security group for project: c73408ceacf74391961876c68e400768
2025-05-19 15:56:50.373 71547 INFO tempest.lib.common.rest_client [req-db94e7bd-defb-4971-a293-c5048ee267ba req-db94e7bd-defb-4971-a293-c5048ee267ba ] Request (ServicesAdminNegativeTestJSON:setUpClass): 201 POST http://10.180.1.21/identity/v3/auth/tokens 0.104s
2025-05-19 15:56:50.399 71549 INFO tempest.lib.common.rest_client [req-197e8abb-c84e-4e18-a272-252519e012a4 req-197e8abb-c84e-4e18-a272-252519e012a4 ] Request (SecurityGroupsNegativeTestJSON:tearDownClass): 200 GET http://10.180.1.21:9696/networking/v2.0/security-groups?tenant_id=c73408ceacf74391961876c68e400768&name=default 0.044s
2025-05-19 15:56:50.437 71533 INFO tempest.lib.common.rest_client [req-4e7282fe-9c0f-4c77-8552-67ae997d0119 req-4e7282fe-9c0f-4c77-8552-67ae997d0119 ] Request (ImagesNegativeTestJSON:test_create_image_from_deleted_server): 200 GET http://10.180.1.21/compute/v2.1/servers/5c8114c1-346a-46e4-858f-d6d741f9203f 1.640s
2025-05-19 15:56:50.448 71547 INFO tempest.lib.common.rest_client [req-151ef567-aa82-4945-9811-56f92cd0f31b req-151ef567-aa82-4945-9811-56f92cd0f31b ] Request (ServicesAdminNegativeTestJSON:setUpClass): 200 GET http://10.180.1.21/identity/v3/domains?name=Default 0.074s
2025-05-19 15:56:50.463 71545 INFO tempest.lib.common.rest_client [req-410dafa8-1cfc-4169-abd9-a1e0fdaf5c7c req-410dafa8-1cfc-4169-abd9-a1e0fdaf5c7c ] Request (AbsoluteLimitsNegativeTestJSON:tearDownClass): 200 GET http://10.180.1.21:9696/networking/v2.0/security-groups?tenant_id=0938cd9722fd4397a8df6093ca92cedc&name=default 0.213s
2025-05-19 15:56:50.496 71547 INFO tempest.lib.common.rest_client [req-ab24f4c7-9c43-4ee1-9886-9f829579f93e req-ab24f4c7-9c43-4ee1-9886-9f829579f93e ] Request (ServicesAdminNegativeTestJSON:setUpClass): 201 POST http://10.180.1.21/identity/v3/projects 0.047s
2025-05-19 15:56:50.539 71537 INFO tempest.lib.common.rest_client [req-11d21a1c-e5bc-4040-9a1c-9d17b5b9e704 req-11d21a1c-e5bc-4040-9a1c-9d17b5b9e704 ] Request (ServerDiskConfigTestJSON:test_rebuild_server_with_auto_disk_config): 200 GET http://10.180.1.21/compute/v2.1/servers/3128826f-b850-43d3-8b97-1214065d2c01 1.664s
2025-05-19 15:56:50.563 71549 INFO tempest.lib.common.rest_client [req-2beaa887-c73a-47ff-888c-4e06ae0f2354 req-2beaa887-c73a-47ff-888c-4e06ae0f2354 ] Request (SecurityGroupsNegativeTestJSON:tearDownClass): 204 DELETE http://10.180.1.21:9696/networking/v2.0/security-groups/c3fb4ab1-e7b5-4c6f-af28-5d891cf329a7 0.163s
2025-05-19 15:56:50.571 71547 INFO tempest.lib.common.rest_client [req-89f0558f-3bcf-440e-abf7-18c59af01919 req-89f0558f-3bcf-440e-abf7-18c59af01919 ] Request (ServicesAdminNegativeTestJSON:setUpClass): 201 POST http://10.180.1.21/identity/v3/users 0.074s
2025-05-19 15:56:50.578 71545 INFO tempest.lib.common.rest_client [req-b92dd3bc-cdb6-4f48-9042-19a5718574ea req-b92dd3bc-cdb6-4f48-9042-19a5718574ea ] Request (AbsoluteLimitsNegativeTestJSON:tearDownClass): 204 DELETE http://10.180.1.21:9696/networking/v2.0/security-groups/f3900903-dd86-40df-8a8a-4d93e9c4bc3b 0.114s
2025-05-19 15:56:50.596 71547 INFO tempest.lib.common.rest_client [req-a447e309-9cb5-438c-8ed4-8fd61cd0ca70 req-a447e309-9cb5-438c-8ed4-8fd61cd0ca70 ] Request (ServicesAdminNegativeTestJSON:setUpClass): 200 GET http://10.180.1.21/identity/v3/roles 0.025s
2025-05-19 15:56:50.637 71549 INFO tempest.lib.common.rest_client [req-0cb29124-ce65-4b79-a5ad-a7e2bec5e878 req-0cb29124-ce65-4b79-a5ad-a7e2bec5e878 ] Request (SecurityGroupsNegativeTestJSON:tearDownClass): 204 DELETE http://10.180.1.21/identity/v3/projects/c73408ceacf74391961876c68e400768 0.073s
2025-05-19 15:56:50.683 71583 INFO tempest.lib.common.rest_client [req-cb8bce1b-a4e1-4c9d-ab81-221b2b49b7cd req-cb8bce1b-a4e1-4c9d-ab81-221b2b49b7cd ] Request (ServersWithSpecificFlavorTestJSON:tearDownClass): 204 DELETE http://10.180.1.21:9696/networking/v2.0/routers/0ac1b84b-9865-474e-abab-2227bb75610c 1.046s
2025-05-19 15:56:50.697 71561 INFO tempest.lib.common.rest_client [req-a4b0cc79-3051-43c4-8114-6201d98c9e3d req-a4b0cc79-3051-43c4-8114-6201d98c9e3d ] Request (ServersAdminNegativeTestJSON:setUpClass): 202 POST http://10.180.1.21/compute/v2.1/servers 2.176s
2025-05-19 15:56:50.700 71545 INFO tempest.lib.common.rest_client [req-d4849859-f0c9-4cae-bb2c-4ac7b397bab6 req-d4849859-f0c9-4cae-bb2c-4ac7b397bab6 ] Request (AbsoluteLimitsNegativeTestJSON:tearDownClass): 204 DELETE http://10.180.1.21/identity/v3/projects/0938cd9722fd4397a8df6093ca92cedc 0.121s
2025-05-19 15:56:50.701 71545 INFO tempest.test [-] raised in ServerStableDeviceRescueTest.setUpClass. Invoking tearDownClass.
2025-05-19 15:56:50.729 71549 INFO tempest.lib.common.rest_client [req-38a8cacb-e8a8-425e-a1da-5e40841bd731 req-38a8cacb-e8a8-425e-a1da-5e40841bd731 ] Request (ServerActionsV293TestJSON:setUpClass): 201 POST http://10.180.1.21/identity/v3/auth/tokens 0.090s
2025-05-19 15:56:50.738 71547 INFO tempest.lib.common.rest_client [req-5fab1b87-53b2-4db3-ac2a-35a41d2886e7 req-5fab1b87-53b2-4db3-ac2a-35a41d2886e7 ] Request (ServicesAdminNegativeTestJSON:setUpClass): 204 PUT http://10.180.1.21/identity/v3/projects/1a0e45875cac405fabb22abd63610545/users/60c2b23bb9a0407c8aed1f9623854f35/roles/93a3e573a3cb4750a181f7aabe896ec9 0.141s
2025-05-19 15:56:50.738 71547 INFO tempest.lib.common.dynamic_creds [-] Dynamic test user 60c2b23bb9a0407c8aed1f9623854f35 is created with scope project and roles: ['member']
2025-05-19 15:56:50.739 71547 INFO tempest.lib.common.dynamic_creds [-] Acquired dynamic creds: credentials: Credentials: {'domain_id': 'default', 'domain_name': 'Default', 'username': 'tempest-ServicesAdminNegativeTestJSON-2004104071-project-member', 'project_domain_id': 'default', 'project_domain_name': 'Default', 'project_id': '1a0e45875cac405fabb22abd63610545', 'project_name': 'tempest-ServicesAdminNegativeTestJSON-2004104071', 'tenant_id': '1a0e45875cac405fabb22abd63610545', 'tenant_name': 'tempest-ServicesAdminNegativeTestJSON-2004104071', 'user_domain_id': 'default', 'user_domain_name': 'Default', 'user_id': '60c2b23bb9a0407c8aed1f9623854f35', 'system': None}, Network: None, Subnet: None, Router: None
2025-05-19 15:56:50.739 71547 INFO tempest.lib.common.dynamic_creds [-] Created isolated network resources for: credentials: Credentials: {'domain_id': 'default', 'domain_name': 'Default', 'username': 'tempest-ServicesAdminNegativeTestJSON-2004104071-project-member', 'project_domain_id': 'default', 'project_domain_name': 'Default', 'project_id': '1a0e45875cac405fabb22abd63610545', 'project_name': 'tempest-ServicesAdminNegativeTestJSON-2004104071', 'tenant_id': '1a0e45875cac405fabb22abd63610545', 'tenant_name': 'tempest-ServicesAdminNegativeTestJSON-2004104071', 'user_domain_id': 'default', 'user_domain_name': 'Default', 'user_id': '60c2b23bb9a0407c8aed1f9623854f35', 'system': None}, Network: None, Subnet: None, Router: None
2025-05-19 15:56:50.789 71545 INFO tempest.lib.common.rest_client [req-a5099057-4de6-4470-b737-41e2c68b309b req-a5099057-4de6-4470-b737-41e2c68b309b ] Request (ExtensionsTest:setUpClass): 201 POST http://10.180.1.21/identity/v3/auth/tokens 0.085s
2025-05-19 15:56:50.811 71583 INFO tempest.lib.common.rest_client [req-c10b4c23-dff0-4a31-9b8f-a0ab92b2db6c req-c10b4c23-dff0-4a31-9b8f-a0ab92b2db6c ] Request (ServersWithSpecificFlavorTestJSON:tearDownClass): 204 DELETE http://10.180.1.21:9696/networking/v2.0/subnets/d7cf9bd2-746a-4cf8-9de2-37848a59a8f0 0.128s
2025-05-19 15:56:50.815 71549 INFO tempest.lib.common.rest_client [req-fc4870f0-72e4-46ba-828c-d9a6b19d23b4 req-fc4870f0-72e4-46ba-828c-d9a6b19d23b4 ] Request (ServerActionsV293TestJSON:setUpClass): 201 POST http://10.180.1.21/identity/v3/auth/tokens 0.084s
2025-05-19 15:56:50.831 71560 INFO tempest.lib.common.rest_client [req-0f6ae387-e0de-49b0-8bad-f5bda068b1e3 req-0f6ae387-e0de-49b0-8bad-f5bda068b1e3 ] Request (SecurityGroupRulesTestJSON:test_security_group_rules_list): 200 POST http://10.180.1.21/compute/v2.1/os-security-groups 1.939s
2025-05-19 15:56:50.847 71585 INFO tempest.lib.common.rest_client [req-b9a1f429-0b6f-47e5-b928-cad9f692d25e req-b9a1f429-0b6f-47e5-b928-cad9f692d25e ] Request (KeyPairsV22TestJSON:_run_cleanups): 204 DELETE http://10.180.1.21/compute/v2.1/os-keypairs/tempest-keypair-62908234 1.717s
2025-05-19 15:56:50.855 71553 INFO tempest.lib.common.rest_client [req-fca1c89d-9b4a-499c-959d-bad42116fe9f req-fca1c89d-9b4a-499c-959d-bad42116fe9f ] Request (HostsAdminNegativeTestJSON:test_update_host_with_invalid_status): 400 PUT http://10.180.1.21/compute/v2.1/os-hosts/devstack 1.720s
2025-05-19 15:56:50.881 71547 INFO tempest.lib.common.rest_client [req-da28f15f-1023-4546-9e13-632a0f604b1e req-da28f15f-1023-4546-9e13-632a0f604b1e ] Request (ServicesAdminNegativeTestJSON:setUpClass): 201 POST http://10.180.1.21/identity/v3/auth/tokens 0.138s
2025-05-19 15:56:50.891 71545 INFO tempest.lib.common.rest_client [req-10c7e6d7-7503-4e93-a091-c8f36b532c58 req-10c7e6d7-7503-4e93-a091-c8f36b532c58 ] Request (ExtensionsTest:setUpClass): 201 POST http://10.180.1.21/identity/v3/auth/tokens 0.099s
2025-05-19 15:56:50.904 71576 INFO tempest.lib.common.rest_client [req-7c7dcf49-bfc9-4efc-8077-9cb86030800d req-7c7dcf49-bfc9-4efc-8077-9cb86030800d ] Request (ServersTestBootFromVolume:setUpClass): 200 POST http://10.180.1.21/compute/v2.1/os-keypairs 1.847s
2025-05-19 15:56:50.914 71549 INFO tempest.lib.common.rest_client [req-08f1c440-11b9-46c3-92c8-87e9d02ef49c req-08f1c440-11b9-46c3-92c8-87e9d02ef49c ] Request (ServerActionsV293TestJSON:setUpClass): 200 GET http://10.180.1.21/identity/v3/domains?name=Default 0.098s
2025-05-19 15:56:50.925 71571 INFO tempest.lib.common.rest_client [req-f90e3c8c-9394-4992-8e31-e378900a5824 req-f90e3c8c-9394-4992-8e31-e378900a5824 ] Request (MigrationsAdminTest:test_resize_server_revert_deleted_flavor): 200 POST http://10.180.1.21/compute/v2.1/flavors 1.689s
2025-05-19 15:56:50.943 71551 INFO tempest.lib.common.rest_client [req-beef2d6e-e738-4b85-9377-7baf10c4fc13 req-beef2d6e-e738-4b85-9377-7baf10c4fc13 ] Request (FlavorsAdminTestJSON:test_is_public_string_variations): 200 GET http://10.180.1.21/compute/v2.1/flavors/detail?is_public=f 1.674s
2025-05-19 15:56:50.968 71585 INFO tempest.lib.common.rest_client [req-a6d426e7-5602-4898-a51d-b86bbb65a8f0 req-a6d426e7-5602-4898-a51d-b86bbb65a8f0 ] Request (KeyPairsV22TestJSON:tearDownClass): 204 DELETE http://10.180.1.21/identity/v3/users/d9b7a178aa8c4d4fb3298d66545977ca 0.119s
2025-05-19 15:56:50.968 71585 INFO tempest.lib.common.dynamic_creds [-] Deleting project and security group for project: 2884f55164834a1dbc34326971993232
2025-05-19 15:56:50.989 71535 INFO tempest.lib.common.rest_client [req-ca2ff59c-53a4-417d-a9ef-bfeff553bf77 req-ca2ff59c-53a4-417d-a9ef-bfeff553bf77 ] Request (FlavorsAccessTestJSON:test_flavor_access_add_remove): 200 POST http://10.180.1.21/compute/v2.1/flavors 1.757s
2025-05-19 15:56:51.003 71567 INFO tempest.lib.common.rest_client [req-fefaea0b-81a1-4b87-841e-12615f781a75 req-fefaea0b-81a1-4b87-841e-12615f781a75 ] Request (ServerRescueTestJSONUnderV235:setUpClass): 200 GET http://10.180.1.21/compute/v2.1/servers/dc2ce8fd-9d38-41d1-9cc7-e986f64a1f19 1.632s
2025-05-19 15:56:51.023 71529 INFO tempest.lib.common.rest_client [req-878a463c-bc9b-4bba-9e52-81b00dd643e9 req-878a463c-bc9b-4bba-9e52-81b00dd643e9 ] Request (ServersAdminTestJSON:setUpClass): 404 GET http://10.180.1.21/compute/v2.1/servers/242ef945-fda5-422b-a898-c0db3c332c70 1.427s
2025-05-19 15:56:51.024 71529 INFO tempest.test [-] raised in ServersAdminTestJSON.setUpClass. Invoking tearDownClass.
2025-05-19 15:56:51.026 71545 INFO tempest.lib.common.rest_client [req-0a5d8890-186e-4769-9685-e4b88ec35997 req-0a5d8890-186e-4769-9685-e4b88ec35997 ] Request (ExtensionsTest:setUpClass): 200 GET http://10.180.1.21/identity/v3/domains?name=Default 0.134s
2025-05-19 15:56:51.035 71547 INFO tempest.lib.common.rest_client [req-dcc552ef-9265-409d-b19f-c12fe277d7f4 req-dcc552ef-9265-409d-b19f-c12fe277d7f4 ] Request (ServicesAdminNegativeTestJSON:setUpClass): 201 POST http://10.180.1.21/identity/v3/projects 0.154s
2025-05-19 15:56:51.047 71576 INFO tempest.lib.common.rest_client [req-d317da0d-dbdd-40ad-837b-476cbb8a86ab req-d317da0d-dbdd-40ad-837b-476cbb8a86ab ] Request (ServersTestBootFromVolume:setUpClass): 201 POST http://10.180.1.21:9696/networking/v2.0/security-groups 0.141s
2025-05-19 15:56:51.068 71531 INFO tempest.lib.common.rest_client [req-c9e6dfb4-a37d-4256-a8b4-194a31c27013 req-c9e6dfb4-a37d-4256-a8b4-194a31c27013 ] Request (ServersAaction247Test:test_create_backup): 200 GET http://10.180.1.21/compute/v2.1/servers/7f44793a-8a40-4c28-8c2e-fda0373df87a 1.503s
2025-05-19 15:56:51.087 71565 INFO tempest.lib.common.rest_client [req-787b7cdb-de63-4a4f-8adf-ec610e599909 req-787b7cdb-de63-4a4f-8adf-ec610e599909 ] Request (ImagesTestJSON:test_delete_saving_image): 200 GET http://10.180.1.21/compute/v2.1/servers/a31bdb57-84c0-4fb5-b718-7c2172a87b8a 1.393s
