2025-05-19 15:57:21.989 71551 INFO tempest.lib.common.dynamic_creds [-] Created isolated network resources for: credentials: Credentials: {'domain_id': 'default', 'domain_name': 'Default', 'username': 'tempest-HypervisorAdminV228Test-923508632-project-member', 'project_domain_id': 'default', 'project_domain_name': 'Default', 'project_id': 'd94c9ca36c78445581fae1fe130e6f33', 'project_name': 'tempest-HypervisorAdminV228Test-923508632', 'tenant_id': 'd94c9ca36c78445581fae1fe130e6f33', 'tenant_name': 'tempest-HypervisorAdminV228Test-923508632', 'user_domain_id': 'default', 'user_domain_name': 'Default', 'user_id': 'c06b72dcfcac453e8cf7cda96cfbb873', 'system': None}, Network: None, Subnet: None, Router: None
2025-05-19 15:57:22.020 71555 INFO tempest.lib.common.rest_client [req-830b9140-279e-4808-b8f5-54e29933eba4 req-830b9140-279e-4808-b8f5-54e29933eba4 ] Request (ServerActionsTestJSON:setUpClass): 200 PUT http://10.180.1.21:9696/networking/v2.0/routers/eb79c69e-4cba-49ea-8290-ff4ecffe6b5b/add_router_interface 8.898s
2025-05-19 15:57:22.021 71555 INFO tempest.lib.common.dynamic_creds [-] Created isolated network resources for: credentials: Credentials: {'domain_id': 'default', 'domain_name': 'Default', 'username': 'tempest-ServerActionsTestJSON-795503369-project-member', 'project_domain_id': 'default', 'project_domain_name': 'Default', 'project_id': '5363b6bd7a0b4b3e84aba6659505e126', 'project_name': 'tempest-ServerActionsTestJSON-795503369', 'tenant_id': '5363b6bd7a0b4b3e84aba6659505e126', 'tenant_name': 'tempest-ServerActionsTestJSON-795503369', 'user_domain_id': 'default', 'user_domain_name': 'Default', 'user_id': '73d8924922cf4a55984bda79180e8780', 'system': None}, Network: {'id': '7d07f113-7273-4b80-b648-a79a1524ebec', 'name': 'tempest-ServerActionsTestJSON-231980683-network', 'tenant_id': '5363b6bd7a0b4b3e84aba6659505e126', 'admin_state_up': True, 'mtu': 8950, 'status': 'ACTIVE', 'subnets': [], 'shared': False, 'project_id': '5363b6bd7a0b4b3e84aba6659505e126', 'port_security_enabled': True, 'router:external': False, 'provider:network_type': 'vlan', 'provider:physical_network': 'default', 'provider:segmentation_id': 773, 'availability_zone_hints': [], 'availability_zones': [], 'ipv4_address_scope': None, 'ipv6_address_scope': None, 'description': '', 'tags': [], 'created_at': '2025-05-19T15:57:05Z', 'updated_at': '2025-05-19T15:57:05Z', 'revision_number': 1}, Subnet: {'id': 'bce792a6-25e6-4697-a1ed-c923de699865', 'name': 'tempest-ServerActionsTestJSON-231980683-subnet', 'tenant_id': '5363b6bd7a0b4b3e84aba6659505e126', 'network_id': '7d07f113-7273-4b80-b648-a79a1524ebec', 'ip_version': 4, 'subnetpool_id': None, 'enable_dhcp': True, 'ipv6_ra_mode': None, 'ipv6_address_mode': None, 'gateway_ip': '192.168.128.1', 'cidr': '192.168.128.0/28', 'allocation_pools': [{'start': '192.168.128.2', 'end': '192.168.128.14'}], 'host_routes': [], 'dns_nameservers': [], 'description': '', 'router:external': False, 'service_types': [], 'tags': [], 'created_at': '2025-05-19T15:57:06Z', 'updated_at': '2025-05-19T15:57:06Z', 'revision_number': 0, 'project_id': '5363b6bd7a0b4b3e84aba6659505e126'}, Router: {'id': 'eb79c69e-4cba-49ea-8290-ff4ecffe6b5b', 'name': 'tempest-ServerActionsTestJSON-231980683-router', 'tenant_id': '5363b6bd7a0b4b3e84aba6659505e126', 'admin_state_up': True, 'status': 'ACTIVE', 'external_gateway_info': {'network_id': '66efa607-5e41-4f8a-b837-b1de9f46fade', 'external_fixed_ips': [{'subnet_id': '956800f7-e740-4e3b-9877-97f0f96944ed', 'ip_address': '10.180.180.254'}], 'enable_snat': True}, 'description': '', 'availability_zones': [], 'distributed': False, 'ha': False, 'availability_zone_hints': [], 'routes': [], 'flavor_id': None, 'tags': [], 'created_at': '2025-05-19T15:57:08Z', 'updated_at': '2025-05-19T15:57:10Z', 'revision_number': 2, 'project_id': '5363b6bd7a0b4b3e84aba6659505e126'}
2025-05-19 15:57:22.081 71551 INFO tempest.lib.common.rest_client [req-286b89c5-0d48-4ac9-b004-6dcf18a98c3e req-286b89c5-0d48-4ac9-b004-6dcf18a98c3e ] Request (HypervisorAdminV228Test:setUpClass): 201 POST http://10.180.1.21/identity/v3/auth/tokens 0.088s
2025-05-19 15:57:22.111 71555 INFO tempest.lib.common.rest_client [req-3aa0e534-910f-46b8-b22f-86c6d44af94e req-3aa0e534-910f-46b8-b22f-86c6d44af94e ] Request (ServerActionsTestJSON:setUpClass): 201 POST http://10.180.1.21/identity/v3/auth/tokens 0.085s
2025-05-19 15:57:22.148 71551 INFO tempest.lib.common.rest_client [req-8af36b48-e30e-4d00-a5a1-018c87ef6ec6 req-8af36b48-e30e-4d00-a5a1-018c87ef6ec6 ] Request (HypervisorAdminV228Test:setUpClass): 201 POST http://10.180.1.21/identity/v3/projects 0.067s
2025-05-19 15:57:22.164 71547 INFO tempest.lib.common.rest_client [req-9456f9e4-9d07-453c-bc0a-b1357c7572c4 req-9456f9e4-9d07-453c-bc0a-b1357c7572c4 ] Request (ServicesAdminNegativeV253TestJSON:tearDownClass): 204 DELETE http://10.180.1.21:9696/networking/v2.0/security-groups/b550563b-ad62-4af4-9bb3-8b6b1a520f6b 0.786s
2025-05-19 15:57:22.172 71543 INFO tempest.lib.common.rest_client [req-112daa26-62fc-411e-8a17-e3930ed31700 req-112daa26-62fc-411e-8a17-e3930ed31700 ] Request (ServersListShow2100Test:tearDownClass): 204 DELETE http://10.180.1.21:9696/networking/v2.0/security-groups/e26a3cd7-8dcb-4ff7-ba3e-5340a7a1c0ea 0.803s
2025-05-19 15:57:22.244 71535 INFO tempest.lib.common.rest_client [req-3ac43939-e0e7-491f-84dd-5e9e341f07dd req-3ac43939-e0e7-491f-84dd-5e9e341f07dd ] Request (AbsoluteLimitsTestJSON:tearDownClass): 200 GET http://10.180.1.21:9696/networking/v2.0/security-groups?tenant_id=4890d13a72804336923bbafa4f1a0199&name=default 1.077s
2025-05-19 15:57:22.245 71551 INFO tempest.lib.common.rest_client [req-9bfdb4e4-2368-4cb0-acde-205414e682a6 req-9bfdb4e4-2368-4cb0-acde-205414e682a6 ] Request (HypervisorAdminV228Test:setUpClass): 201 POST http://10.180.1.21/identity/v3/users 0.096s
2025-05-19 15:57:22.301 71547 INFO tempest.lib.common.rest_client [req-bc2d22fe-7bf6-492d-a37b-d8b843d8cd18 req-bc2d22fe-7bf6-492d-a37b-d8b843d8cd18 ] Request (ServicesAdminNegativeV253TestJSON:tearDownClass): 204 DELETE http://10.180.1.21/identity/v3/projects/7bef6b2a95b548c1a55612e9c5e3a23f 0.136s
2025-05-19 15:57:22.314 71543 INFO tempest.lib.common.rest_client [req-b8ad9884-2f13-4b84-8314-844fd9649e8b req-b8ad9884-2f13-4b84-8314-844fd9649e8b ] Request (ServersListShow2100Test:tearDownClass): 204 DELETE http://10.180.1.21/identity/v3/projects/cc6daebd5a47472388666a63c7e1090e 0.141s
2025-05-19 15:57:22.360 71531 INFO tempest.lib.common.rest_client [req-112e833d-14f4-4435-9f32-014dcd8a5594 req-112e833d-14f4-4435-9f32-014dcd8a5594 ] Request (ServerGroupTestJSON:test_create_server_with_scheduler_hint_group): 204 DELETE http://10.180.1.21/compute/v2.1/servers/769da47a-fa0d-4bea-a1dd-8661b040f9f5 0.723s
2025-05-19 15:57:22.388 71563 INFO tempest.lib.common.rest_client [req-c6ebfb42-2fdc-410c-8cfb-52cbcab8da97 req-c6ebfb42-2fdc-410c-8cfb-52cbcab8da97 ] Request (VolumesTestJSON:tearDownClass): 204 DELETE http://10.180.1.21:9696/networking/v2.0/security-groups/3e25516c-a43b-403a-82eb-d3aa2e7f0866 0.545s
2025-05-19 15:57:22.398 71547 INFO tempest.lib.common.rest_client [req-9fac3363-4bc8-4316-a671-451403a3d9f8 req-9fac3363-4bc8-4316-a671-451403a3d9f8 ] Request (AttachInterfacesV270Test:setUpClass): 201 POST http://10.180.1.21/identity/v3/auth/tokens 0.095s
2025-05-19 15:57:22.409 71583 INFO tempest.lib.common.rest_client [req-50e726dd-49ca-4ecc-930d-c87ed0678cd4 req-50e726dd-49ca-4ecc-930d-c87ed0678cd4 ] Request (ListImageFiltersTestJSON:setUpClass): 200 GET http://10.180.1.21/compute/v2.1/images/f70b2847-c4a5-480f-83cd-0d7bd8eb620c 0.743s
2025-05-19 15:57:22.416 71551 INFO tempest.lib.common.rest_client [req-70b888dd-4a56-433a-813d-efa43d6d9fb0 req-70b888dd-4a56-433a-813d-efa43d6d9fb0 ] Request (HypervisorAdminV228Test:setUpClass): 200 GET http://10.180.1.21/identity/v3/roles 0.171s
2025-05-19 15:57:22.433 71549 INFO tempest.lib.common.rest_client [req-b417393a-c32f-437a-a53f-13b339ff421a req-b417393a-c32f-437a-a53f-13b339ff421a ] Request (ServerActionsV293TestJSON:setUpClass): 200 GET http://10.180.1.21/volume/v3/volumes/16fbf44e-2e58-43e5-87d7-884103687e3b 0.040s
2025-05-19 15:57:22.458 71547 INFO tempest.lib.common.rest_client [req-f24a7436-3698-4c9b-8bb1-edce93d843dd req-f24a7436-3698-4c9b-8bb1-edce93d843dd ] Request (AttachInterfacesV270Test:setUpClass): 201 POST http://10.180.1.21/identity/v3/auth/tokens 0.058s
2025-05-19 15:57:22.488 71551 INFO tempest.lib.common.rest_client [req-b3c97ed6-4883-4f4a-85cc-3e0024c1dfe3 req-b3c97ed6-4883-4f4a-85cc-3e0024c1dfe3 ] Request (HypervisorAdminV228Test:setUpClass): 204 PUT http://10.180.1.21/identity/v3/projects/bf7865e0498b4af6aefaa0a9bdb6893b/users/8cce9cbbc1b542de976199412162ba0a/roles/f82edbd907df4c2b9cf97c78bf983df7 0.071s
2025-05-19 15:57:22.492 71563 INFO tempest.lib.common.rest_client [req-c6fc4d13-e0e5-4cc0-a2ac-df82c0d6b2e6 req-c6fc4d13-e0e5-4cc0-a2ac-df82c0d6b2e6 ] Request (VolumesTestJSON:tearDownClass): 204 DELETE http://10.180.1.21/identity/v3/projects/5398efeb17bb447c9b297e8f6e60db00 0.103s
2025-05-19 15:57:22.529 71539 INFO tempest.lib.common.rest_client [req-c9aa35f3-1478-4f90-91ee-e442a37eb0b0 req-c9aa35f3-1478-4f90-91ee-e442a37eb0b0 ] Request (ServerPasswordTestJSON:tearDownClass): 200 PUT http://10.180.1.21:9696/networking/v2.0/routers/850c45a1-6318-49d8-8c69-dfee6a05531d/remove_router_interface 7.183s
2025-05-19 15:57:22.540 71583 INFO tempest.lib.common.rest_client [req-7784ac02-1a84-4c15-a3cc-ad3f49cb9e32 req-7784ac02-1a84-4c15-a3cc-ad3f49cb9e32 ] Request (ListImageFiltersTestJSON:setUpClass): 201 POST http://10.180.1.21/identity/v3/auth/tokens 0.108s
2025-05-19 15:57:22.540 71583 INFO tempest.lib.common.fixed_network [-] (ListImageFiltersTestJSON:setUpClass) Found network None available for tenant
2025-05-19 15:57:22.546 71541 INFO tempest.lib.common.rest_client [req-add9f378-495d-45d4-a2a5-ef5dbd6a10af req-add9f378-495d-45d4-a2a5-ef5dbd6a10af ] Request (FlavorsV2TestJSON:tearDownClass): 200 GET http://10.180.1.21:9696/networking/v2.0/security-groups?tenant_id=0fc0ad12657d49f18a8cc964f9451c8d&name=default 1.317s
2025-05-19 15:57:22.586 71547 INFO tempest.lib.common.rest_client [req-95928308-488b-46c8-8925-f955e5d846ba req-95928308-488b-46c8-8925-f955e5d846ba ] Request (AttachInterfacesV270Test:setUpClass): 200 GET http://10.180.1.21/identity/v3/domains?name=Default 0.127s
2025-05-19 15:57:22.591 71551 INFO tempest.lib.common.rest_client [req-fc9ba00f-e1e1-44dd-aae5-7d71e02a2f43 req-fc9ba00f-e1e1-44dd-aae5-7d71e02a2f43 ] Request (HypervisorAdminV228Test:setUpClass): 200 GET http://10.180.1.21/identity/v3/roles 0.101s
2025-05-19 15:57:22.616 71547 INFO tempest.lib.common.rest_client [req-9caa241d-a112-4e83-9ac5-d6db419f63f3 req-9caa241d-a112-4e83-9ac5-d6db419f63f3 ] Request (AttachInterfacesV270Test:setUpClass): 201 POST http://10.180.1.21/identity/v3/projects 0.030s
2025-05-19 15:57:22.619 71553 INFO tempest.lib.common.rest_client [req-1e27ebb3-5c0a-43d6-8100-8926d3d4007c req-1e27ebb3-5c0a-43d6-8100-8926d3d4007c ] Request (ServerExternalEventsTest:test_create_server_external_events): 200 GET http://10.180.1.21/compute/v2.1/servers/deb3ebb9-9e31-4006-8b89-5f8451c5d72a 0.773s
2025-05-19 15:57:22.620 71551 INFO tempest.lib.common.rest_client [req-f8a99adb-d825-47af-931b-55f5957c728e req-f8a99adb-d825-47af-931b-55f5957c728e ] Request (HypervisorAdminV228Test:setUpClass): 204 PUT http://10.180.1.21/identity/v3/projects/bf7865e0498b4af6aefaa0a9bdb6893b/users/8cce9cbbc1b542de976199412162ba0a/roles/f82edbd907df4c2b9cf97c78bf983df7 0.029s
2025-05-19 15:57:22.620 71551 INFO tempest.lib.common.dynamic_creds [-] Dynamic test user 8cce9cbbc1b542de976199412162ba0a is created with scope project and roles: ['admin']
2025-05-19 15:57:22.620 71551 INFO tempest.lib.common.dynamic_creds [-] Acquired dynamic creds: credentials: Credentials: {'domain_id': 'default', 'domain_name': 'Default', 'username': 'tempest-HypervisorAdminV228Test-791287105-project-admin', 'project_domain_id': 'default', 'project_domain_name': 'Default', 'project_id': 'bf7865e0498b4af6aefaa0a9bdb6893b', 'project_name': 'tempest-HypervisorAdminV228Test-791287105', 'tenant_id': 'bf7865e0498b4af6aefaa0a9bdb6893b', 'tenant_name': 'tempest-HypervisorAdminV228Test-791287105', 'user_domain_id': 'default', 'user_domain_name': 'Default', 'user_id': '8cce9cbbc1b542de976199412162ba0a', 'system': None}, Network: None, Subnet: None, Router: None
2025-05-19 15:57:22.621 71551 INFO tempest.lib.common.dynamic_creds [-] Created isolated network resources for: credentials: Credentials: {'domain_id': 'default', 'domain_name': 'Default', 'username': 'tempest-HypervisorAdminV228Test-791287105-project-admin', 'project_domain_id': 'default', 'project_domain_name': 'Default', 'project_id': 'bf7865e0498b4af6aefaa0a9bdb6893b', 'project_name': 'tempest-HypervisorAdminV228Test-791287105', 'tenant_id': 'bf7865e0498b4af6aefaa0a9bdb6893b', 'tenant_name': 'tempest-HypervisorAdminV228Test-791287105', 'user_domain_id': 'default', 'user_domain_name': 'Default', 'user_id': '8cce9cbbc1b542de976199412162ba0a', 'system': None}, Network: None, Subnet: None, Router: None
2025-05-19 15:57:22.622 71560 INFO tempest.lib.common.rest_client [req-e9f14101-c2b0-4b7f-b6dc-661455e7f23f req-e9f14101-c2b0-4b7f-b6dc-661455e7f23f ] Request (SecurityGroupRulesTestJSON:tearDownClass): 204 DELETE http://10.180.1.21:9696/networking/v2.0/networks/d1794a2f-1a34-4a40-ad1d-02c20ef60d8e 2.591s
2025-05-19 15:57:22.631 71553 INFO tempest.common.waiters [-] State transition "BUILD/scheduling" ==> "ERROR/None" after 2 second wait
2025-05-19 15:57:22.711 71547 INFO tempest.lib.common.rest_client [req-e6bd1ff2-6fc0-49f3-a52a-3024513526a6 req-e6bd1ff2-6fc0-49f3-a52a-3024513526a6 ] Request (AttachInterfacesV270Test:setUpClass): 201 POST http://10.180.1.21/identity/v3/users 0.094s
2025-05-19 15:57:22.724 71560 INFO tempest.lib.common.rest_client [req-353513cf-5da8-49f4-bc40-028d5f98f31b req-353513cf-5da8-49f4-bc40-028d5f98f31b ] Request (SecurityGroupRulesTestJSON:tearDownClass): 204 DELETE http://10.180.1.21/identity/v3/users/77b6ecbaaaca4b3a99e0f59531ad9081 0.101s
2025-05-19 15:57:22.724 71560 INFO tempest.lib.common.dynamic_creds [-] Deleting project and security group for project: 8c7ffd41508245dfacd87534bb24fb4b
2025-05-19 15:57:22.740 71565 INFO tempest.lib.common.rest_client [req-6b909ca2-d6ed-428a-aa96-4367bac6b015 req-6b909ca2-d6ed-428a-aa96-4367bac6b015 ] Request (MultipleCreateTestJSON:test_multiple_create): 202 POST http://10.180.1.21/compute/v2.1/servers 2.040s
2025-05-19 15:57:22.760 71531 INFO tempest.lib.common.rest_client [req-2cc06546-668c-4a93-8919-aa576c573489 req-2cc06546-668c-4a93-8919-aa576c573489 ] Request (ServerGroupTestJSON:test_create_server_with_scheduler_hint_group): 404 GET http://10.180.1.21/compute/v2.1/servers/769da47a-fa0d-4bea-a1dd-8661b040f9f5 0.400s
2025-05-19 15:57:22.797 71551 INFO tempest.lib.common.rest_client [req-5f5d3159-358c-4016-838a-6da1f182b3b6 req-5f5d3159-358c-4016-838a-6da1f182b3b6 ] Request (HypervisorAdminV228Test:setUpClass): 201 POST http://10.180.1.21/identity/v3/auth/tokens 0.166s
2025-05-19 15:57:22.813 71535 INFO tempest.lib.common.rest_client [req-36c060e9-8a2f-444b-8988-7d5406b6a35c req-36c060e9-8a2f-444b-8988-7d5406b6a35c ] Request (AbsoluteLimitsTestJSON:tearDownClass): 204 DELETE http://10.180.1.21:9696/networking/v2.0/security-groups/27657b36-87f0-4d0c-8285-bb9c6148b717 0.568s
2025-05-19 15:57:22.863 71547 INFO tempest.lib.common.rest_client [req-c83fa3fa-6cb6-4efe-b7d9-33abbabbe34b req-c83fa3fa-6cb6-4efe-b7d9-33abbabbe34b ] Request (AttachInterfacesV270Test:setUpClass): 200 GET http://10.180.1.21/identity/v3/roles 0.152s
2025-05-19 15:57:22.876 71555 INFO tempest.lib.common.rest_client [req-7799024b-4878-4827-8d00-8ef998b67575 req-7799024b-4878-4827-8d00-8ef998b67575 ] Request (ServerActionsTestJSON:setUpClass): 200 POST http://10.180.1.21/compute/v2.1/os-keypairs 0.763s
2025-05-19 15:57:22.896 71547 INFO tempest.lib.common.rest_client [req-48d2e45d-5b72-4b7c-bff4-fc112d764c72 req-48d2e45d-5b72-4b7c-bff4-fc112d764c72 ] Request (AttachInterfacesV270Test:setUpClass): 204 PUT http://10.180.1.21/identity/v3/projects/409c43f45b244d198a6a070099a3bc6a/users/dde3642876104337b5e19b1665baa87a/roles/93a3e573a3cb4750a181f7aabe896ec9 0.031s
2025-05-19 15:57:22.896 71560 INFO tempest.lib.common.rest_client [req-b35c63c0-c754-4799-b4e2-3d6380c862a7 req-b35c63c0-c754-4799-b4e2-3d6380c862a7 ] Request (SecurityGroupRulesTestJSON:tearDownClass): 200 GET http://10.180.1.21:9696/networking/v2.0/security-groups?tenant_id=8c7ffd41508245dfacd87534bb24fb4b&name=default 0.171s
2025-05-19 15:57:22.897 71547 INFO tempest.lib.common.dynamic_creds [-] Dynamic test user dde3642876104337b5e19b1665baa87a is created with scope project and roles: ['member']
2025-05-19 15:57:22.897 71547 INFO tempest.lib.common.dynamic_creds [-] Acquired dynamic creds: credentials: Credentials: {'domain_id': 'default', 'domain_name': 'Default', 'username': 'tempest-AttachInterfacesV270Test-1076481052-project-member', 'project_domain_id': 'default', 'project_domain_name': 'Default', 'project_id': '409c43f45b244d198a6a070099a3bc6a', 'project_name': 'tempest-AttachInterfacesV270Test-1076481052', 'tenant_id': '409c43f45b244d198a6a070099a3bc6a', 'tenant_name': 'tempest-AttachInterfacesV270Test-1076481052', 'user_domain_id': 'default', 'user_domain_name': 'Default', 'user_id': 'dde3642876104337b5e19b1665baa87a', 'system': None}, Network: None, Subnet: None, Router: None
2025-05-19 15:57:22.914 71535 INFO tempest.lib.common.rest_client [req-3b6e12d8-b685-4ab1-8fb7-22db5663ce00 req-3b6e12d8-b685-4ab1-8fb7-22db5663ce00 ] Request (AbsoluteLimitsTestJSON:tearDownClass): 204 DELETE http://10.180.1.21/identity/v3/projects/4890d13a72804336923bbafa4f1a0199 0.100s
2025-05-19 15:57:22.957 71547 INFO tempest.lib.common.rest_client [req-b8f9e292-a820-4262-a96e-1cbec1beee88 req-b8f9e292-a820-4262-a96e-1cbec1beee88 ] Request (AttachInterfacesV270Test:setUpClass): 201 POST http://10.180.1.21/identity/v3/auth/tokens 0.059s
2025-05-19 15:57:22.977 71535 INFO tempest.lib.common.rest_client [req-d80639a3-08e7-47a2-9bae-a4aa327ff492 req-d80639a3-08e7-47a2-9bae-a4aa327ff492 ] Request (ServersV294TestFqdnHostnames:setUpClass): 201 POST http://10.180.1.21/identity/v3/auth/tokens 0.062s
2025-05-19 15:57:23.008 71535 INFO tempest.lib.common.rest_client [req-2c533164-b31d-4943-ad90-4eb4238c9d63 req-2c533164-b31d-4943-ad90-4eb4238c9d63 ] Request (ServersV294TestFqdnHostnames:setUpClass): 201 POST http://10.180.1.21/identity/v3/auth/tokens 0.028s
2025-05-19 15:57:23.030 71535 INFO tempest.lib.common.rest_client [req-cd43b2e8-0af4-4a06-8ba0-341af39d6062 req-cd43b2e8-0af4-4a06-8ba0-341af39d6062 ] Request (ServersV294TestFqdnHostnames:setUpClass): 200 GET http://10.180.1.21/identity/v3/domains?name=Default 0.022s
2025-05-19 15:57:23.058 71535 INFO tempest.lib.common.rest_client [req-ad0ee33b-f8e5-4061-85a0-c8ac105f4eb9 req-ad0ee33b-f8e5-4061-85a0-c8ac105f4eb9 ] Request (ServersV294TestFqdnHostnames:setUpClass): 201 POST http://10.180.1.21/identity/v3/projects 0.027s
2025-05-19 15:57:23.126 71535 INFO tempest.lib.common.rest_client [req-82a36463-369c-44a8-8c89-e3d8399fee3a req-82a36463-369c-44a8-8c89-e3d8399fee3a ] Request (ServersV294TestFqdnHostnames:setUpClass): 201 POST http://10.180.1.21/identity/v3/users 0.067s
2025-05-19 15:57:23.152 71535 INFO tempest.lib.common.rest_client [req-a163058a-8502-409c-9e5a-b73c1a2eed29 req-a163058a-8502-409c-9e5a-b73c1a2eed29 ] Request (ServersV294TestFqdnHostnames:setUpClass): 200 GET http://10.180.1.21/identity/v3/roles 0.026s
2025-05-19 15:57:23.190 71535 INFO tempest.lib.common.rest_client [req-90d8ea7d-cf47-4bcb-8f4e-ab20d82dd8de req-90d8ea7d-cf47-4bcb-8f4e-ab20d82dd8de ] Request (ServersV294TestFqdnHostnames:setUpClass): 204 PUT http://10.180.1.21/identity/v3/projects/8fe1f72cefed4888b64c016c0017915e/users/1c6ac9df5d6446339c591a89a061e154/roles/93a3e573a3cb4750a181f7aabe896ec9 0.037s
2025-05-19 15:57:23.190 71535 INFO tempest.lib.common.dynamic_creds [-] Dynamic test user 1c6ac9df5d6446339c591a89a061e154 is created with scope project and roles: ['member']
2025-05-19 15:57:23.191 71535 INFO tempest.lib.common.dynamic_creds [-] Acquired dynamic creds: credentials: Credentials: {'domain_id': 'default', 'domain_name': 'Default', 'username': 'tempest-ServersV294TestFqdnHostnames-721028120-project-member', 'project_domain_id': 'default', 'project_domain_name': 'Default', 'project_id': '8fe1f72cefed4888b64c016c0017915e', 'project_name': 'tempest-ServersV294TestFqdnHostnames-721028120', 'tenant_id': '8fe1f72cefed4888b64c016c0017915e', 'tenant_name': 'tempest-ServersV294TestFqdnHostnames-721028120', 'user_domain_id': 'default', 'user_domain_name': 'Default', 'user_id': '1c6ac9df5d6446339c591a89a061e154', 'system': None}, Network: None, Subnet: None, Router: None
2025-05-19 15:57:23.198 71553 INFO tempest.lib.common.rest_client [req-e5ef89b1-133a-41ee-9fb0-b56bca292e54 req-e5ef89b1-133a-41ee-9fb0-b56bca292e54 ] Request (ServerExternalEventsTest:test_create_server_external_events): 204 DELETE http://10.180.1.21/compute/v2.1/servers/deb3ebb9-9e31-4006-8b89-5f8451c5d72a 0.566s
2025-05-19 15:57:23.259 71535 INFO tempest.lib.common.rest_client [req-6f6cb488-a309-4bc9-a078-b8b231a692a8 req-6f6cb488-a309-4bc9-a078-b8b231a692a8 ] Request (ServersV294TestFqdnHostnames:setUpClass): 201 POST http://10.180.1.21/identity/v3/auth/tokens 0.068s
2025-05-19 15:57:23.268 71565 INFO tempest.lib.common.rest_client [req-522c8c6a-e897-4a66-a1da-3603b63eeba4 req-522c8c6a-e897-4a66-a1da-3603b63eeba4 ] Request (MultipleCreateTestJSON:test_multiple_create): 200 GET http://10.180.1.21/compute/v2.1/servers 0.527s
2025-05-19 15:57:23.294 71541 INFO tempest.lib.common.rest_client [req-bd32d4d2-b6d3-4506-a209-ea322d02ee44 req-bd32d4d2-b6d3-4506-a209-ea322d02ee44 ] Request (FlavorsV2TestJSON:tearDownClass): 204 DELETE http://10.180.1.21:9696/networking/v2.0/security-groups/eb63d4e0-c28c-4d98-ab61-1e2f731d69e9 0.748s
2025-05-19 15:57:23.310 71531 INFO tempest.lib.common.rest_client [req-f09b92ff-c615-4cd0-b046-34921039ad56 req-f09b92ff-c615-4cd0-b046-34921039ad56 ] Request (ServerGroupTestJSON:test_list_server_groups): 200 GET http://10.180.1.21/compute/v2.1/os-server-groups 0.547s
2025-05-19 15:57:23.387 71567 INFO tempest.lib.common.rest_client [req-1fed5e3f-fa87-4cac-8017-0dae44f7f06b req-1fed5e3f-fa87-4cac-8017-0dae44f7f06b ] Request (ServerTagsTestJSON:setUpClass): 200 PUT http://10.180.1.21:9696/networking/v2.0/routers/0e2ea124-bd19-44ee-9ddc-664b1b5c96b2/add_router_interface 6.777s
2025-05-19 15:57:23.388 71567 INFO tempest.lib.common.dynamic_creds [-] Created isolated network resources for: credentials: Credentials: {'domain_id': 'default', 'domain_name': 'Default', 'username': 'tempest-ServerTagsTestJSON-2040204114-project-member', 'project_domain_id': 'default', 'project_domain_name': 'Default', 'project_id': 'fd7e7276e9a245b3813b842d82a6088a', 'project_name': 'tempest-ServerTagsTestJSON-2040204114', 'tenant_id': 'fd7e7276e9a245b3813b842d82a6088a', 'tenant_name': 'tempest-ServerTagsTestJSON-2040204114', 'user_domain_id': 'default', 'user_domain_name': 'Default', 'user_id': 'afc7a8c86b0947fab663ffc117523559', 'system': None}, Network: {'id': 'ba0e5123-0ae9-4835-9b8d-d536e471c670', 'name': 'tempest-ServerTagsTestJSON-1299683994-network', 'tenant_id': 'fd7e7276e9a245b3813b842d82a6088a', 'admin_state_up': True, 'mtu': 8950, 'status': 'ACTIVE', 'subnets': [], 'shared': False, 'project_id': 'fd7e7276e9a245b3813b842d82a6088a', 'port_security_enabled': True, 'router:external': False, 'provider:network_type': 'vlan', 'provider:physical_network': 'default', 'provider:segmentation_id': 760, 'availability_zone_hints': [], 'availability_zones': [], 'ipv4_address_scope': None, 'ipv6_address_scope': None, 'description': '', 'tags': [], 'created_at': '2025-05-19T15:57:08Z', 'updated_at': '2025-05-19T15:57:08Z', 'revision_number': 1}, Subnet: {'id': 'b7a16858-47bf-415d-8439-5d4d13a88b3b', 'name': 'tempest-ServerTagsTestJSON-1299683994-subnet', 'tenant_id': 'fd7e7276e9a245b3813b842d82a6088a', 'network_id': 'ba0e5123-0ae9-4835-9b8d-d536e471c670', 'ip_version': 4, 'subnetpool_id': None, 'enable_dhcp': True, 'ipv6_ra_mode': None, 'ipv6_address_mode': None, 'gateway_ip': '192.168.128.1', 'cidr': '192.168.128.0/28', 'allocation_pools': [{'start': '192.168.128.2', 'end': '192.168.128.14'}], 'host_routes': [], 'dns_nameservers': [], 'description': '', 'router:external': False, 'service_types': [], 'tags': [], 'created_at': '2025-05-19T15:57:09Z', 'updated_at': '2025-05-19T15:57:09Z', 'revision_number': 0, 'project_id': 'fd7e7276e9a245b3813b842d82a6088a'}, Router: {'id': '0e2ea124-bd19-44ee-9ddc-664b1b5c96b2', 'name': 'tempest-ServerTagsTestJSON-1299683994-router', 'tenant_id': 'fd7e7276e9a245b3813b842d82a6088a', 'admin_state_up': True, 'status': 'ACTIVE', 'external_gateway_info': {'network_id': '66efa607-5e41-4f8a-b837-b1de9f46fade', 'external_fixed_ips': [{'subnet_id': '956800f7-e740-4e3b-9877-97f0f96944ed', 'ip_address': '10.180.180.229'}], 'enable_snat': True}, 'description': '', 'availability_zones': [], 'distributed': False, 'ha': False, 'availability_zone_hints': [], 'routes': [], 'flavor_id': None, 'tags': [], 'created_at': '2025-05-19T15:57:11Z', 'updated_at': '2025-05-19T15:57:14Z', 'revision_number': 2, 'project_id': 'fd7e7276e9a245b3813b842d82a6088a'}
2025-05-19 15:57:23.436 71541 INFO tempest.lib.common.rest_client [req-c644dac2-4835-4779-afc9-f1fb186fdaf2 req-c644dac2-4835-4779-afc9-f1fb186fdaf2 ] Request (FlavorsV2TestJSON:tearDownClass): 204 DELETE http://10.180.1.21/identity/v3/projects/0fc0ad12657d49f18a8cc964f9451c8d 0.141s
2025-05-19 15:57:23.486 71549 INFO tempest.lib.common.rest_client [req-1e725a82-d1b7-4d5f-bc23-3088e641b2e2 req-1e725a82-d1b7-4d5f-bc23-3088e641b2e2 ] Request (ServerActionsV293TestJSON:setUpClass): 200 GET http://10.180.1.21/volume/v3/volumes/16fbf44e-2e58-43e5-87d7-884103687e3b 0.042s
2025-05-19 15:57:23.497 71549 INFO tempest.common.waiters [-] volume 16fbf44e-2e58-43e5-87d7-884103687e3b reached available after waiting for 18.497466 seconds
2025-05-19 15:57:23.601 71551 INFO tempest.lib.common.rest_client [req-7ef6076c-b1cf-42eb-a742-fc884ca1cd72 req-7ef6076c-b1cf-42eb-a742-fc884ca1cd72 ] Request (HypervisorAdminV228Test:test_get_list_hypervisor_details): 200 GET http://10.180.1.21/compute/v2.1/os-hypervisors 0.803s
2025-05-19 15:57:23.609 71583 INFO tempest.lib.common.rest_client [req-1b6f69ea-02af-4e14-9509-e1144298ea77 req-1b6f69ea-02af-4e14-9509-e1144298ea77 ] Request (ListImageFiltersTestJSON:setUpClass): 202 POST http://10.180.1.21/compute/v2.1/servers 1.066s
2025-05-19 15:57:23.631 71579 INFO tempest.lib.common.rest_client [req-b2e4ad09-f132-4d86-b235-6a4f377519b4 req-b2e4ad09-f132-4d86-b235-6a4f377519b4 ] Request (ValidationResourcesFixture:setUp): 201 POST http://10.180.1.21:9696/networking/v2.0/floatingips 3.856s
2025-05-19 15:57:23.637 71553 INFO tempest.lib.common.rest_client [req-c557716d-bdcd-4ad7-9678-2db4a921e6a0 req-c557716d-bdcd-4ad7-9678-2db4a921e6a0 ] Request (ServerExternalEventsTest:test_create_server_external_events): 404 GET http://10.180.1.21/compute/v2.1/servers/deb3ebb9-9e31-4006-8b89-5f8451c5d72a 0.438s
2025-05-19 15:57:23.665 71560 INFO tempest.lib.common.rest_client [req-9ad7462b-79d4-4774-9fb8-ba68e6e7085d req-9ad7462b-79d4-4774-9fb8-ba68e6e7085d ] Request (SecurityGroupRulesTestJSON:tearDownClass): 204 DELETE http://10.180.1.21:9696/networking/v2.0/security-groups/bf6d085d-b842-4618-8717-e7171d6f6524 0.768s
2025-05-19 15:57:23.679 71541 INFO tempest.lib.common.rest_client [req-caa7226b-5876-4a5e-a5e9-f6747c3b1a4d req-caa7226b-5876-4a5e-a5e9-f6747c3b1a4d ] Request (ListServersNegativeTestJSON:setUpClass): 201 POST http://10.180.1.21/identity/v3/auth/tokens 0.240s
2025-05-19 15:57:23.685 71567 INFO tempest.lib.common.rest_client [req-4788dad8-7167-433d-9c40-9e595739d1c0 req-4788dad8-7167-433d-9c40-9e595739d1c0 ] Request (ServerTagsTestJSON:setUpClass): 201 POST http://10.180.1.21/identity/v3/auth/tokens 0.292s
2025-05-19 15:57:23.743 71579 INFO tempest.lib.common.rest_client [req-f587ad6c-55d0-4300-9729-c01458c0fd6e req-f587ad6c-55d0-4300-9729-c01458c0fd6e ] Request (AttachVolumeTestJSON:test_attach_detach_volume): 201 POST http://10.180.1.21/identity/v3/auth/tokens 0.107s
2025-05-19 15:57:23.744 71579 INFO tempest.lib.common.fixed_network [-] (AttachVolumeTestJSON:test_attach_detach_volume) Found network {'id': 'cfa00dad-dd9b-48e1-ba4d-3edb76e309d4', 'name': 'tempest-AttachVolumeTestJSON-1120358811-network', 'tenant_id': '7011cf516f704e4e810b75e90ae89bad', 'admin_state_up': True, 'mtu': 8950, 'status': 'ACTIVE', 'subnets': [], 'shared': False, 'project_id': '7011cf516f704e4e810b75e90ae89bad', 'port_security_enabled': True, 'router:external': False, 'provider:network_type': 'vlan', 'provider:physical_network': 'default', 'provider:segmentation_id': 943, 'availability_zone_hints': [], 'availability_zones': [], 'ipv4_address_scope': None, 'ipv6_address_scope': None, 'description': '', 'tags': [], 'created_at': '2025-05-19T15:57:03Z', 'updated_at': '2025-05-19T15:57:03Z', 'revision_number': 1} available for tenant
2025-05-19 15:57:23.745 71583 INFO tempest.lib.common.rest_client [req-2c376907-f084-4592-afad-34cbd2a0c5d7 req-2c376907-f084-4592-afad-34cbd2a0c5d7 ] Request (ListImageFiltersTestJSON:setUpClass): 201 POST http://10.180.1.21/identity/v3/auth/tokens 0.129s
2025-05-19 15:57:23.746 71583 INFO tempest.lib.common.fixed_network [-] (ListImageFiltersTestJSON:setUpClass) Found network None available for tenant
2025-05-19 15:57:23.776 71565 INFO tempest.lib.common.rest_client [req-ab970c26-399a-4023-918d-0a4381934330 req-ab970c26-399a-4023-918d-0a4381934330 ] Request (MultipleCreateTestJSON:test_multiple_create): 200 GET http://10.180.1.21/compute/v2.1/servers/a066b24c-3071-4235-9203-5d720cb9d218 0.506s
2025-05-19 15:57:23.778 71555 INFO tempest.lib.common.rest_client [req-80801a93-83fd-4f21-b3c4-f6352c8eb5c0 req-80801a93-83fd-4f21-b3c4-f6352c8eb5c0 ] Request (ServerActionsTestJSON:setUpClass): 201 POST http://10.180.1.21:9696/networking/v2.0/security-groups 0.900s
2025-05-19 15:57:23.783 71537 INFO tempest.lib.common.rest_client [req-ce336177-ee29-454f-934e-59655602d727 req-ce336177-ee29-454f-934e-59655602d727 ] Request (ServerDiskConfigTestJSON:test_update_server_from_auto_to_manual): 200 GET http://10.180.1.21/compute/v2.1/servers/2f156653-76a5-4be4-a138-4758ad2f59bd 0.935s
2025-05-19 15:57:23.794 71537 INFO tempest.common.waiters [-] State transition "BUILD/scheduling" ==> "ERROR/None" after 2 second wait
2025-05-19 15:57:23.810 71560 INFO tempest.lib.common.rest_client [req-00015bf9-acd6-43da-83d3-f3f8c338612b req-00015bf9-acd6-43da-83d3-f3f8c338612b ] Request (SecurityGroupRulesTestJSON:tearDownClass): 204 DELETE http://10.180.1.21/identity/v3/projects/8c7ffd41508245dfacd87534bb24fb4b 0.144s
2025-05-19 15:57:23.827 71553 INFO tempest.lib.common.rest_client [req-59c27168-e5a8-4793-b06f-52146a0dcde0 req-59c27168-e5a8-4793-b06f-52146a0dcde0 ] Request (ServerExternalEventsTest:tearDownClass): 204 DELETE http://10.180.1.21/identity/v3/users/8cc463ede79647a08c2f9252c88e3179 0.182s
2025-05-19 15:57:23.837 71531 INFO tempest.lib.common.rest_client [req-d2bf8e9a-52de-4706-9023-2631009a81db req-d2bf8e9a-52de-4706-9023-2631009a81db ] Request (ServerGroupTestJSON:test_show_server_group): 200 GET http://10.180.1.21/compute/v2.1/os-server-groups/e5651271-7fea-435a-81e5-9927b1d29856 0.519s
2025-05-19 15:57:23.857 71551 INFO tempest.lib.common.rest_client [req-5445cc68-b04c-4664-94a2-eae8c0c94a92 req-5445cc68-b04c-4664-94a2-eae8c0c94a92 ] Request (HypervisorAdminV228Test:test_get_list_hypervisor_details): 200 GET http://10.180.1.21/compute/v2.1/os-hypervisors/1 0.252s
2025-05-19 15:57:23.875 71541 INFO tempest.lib.common.rest_client [req-a97dcef1-eac3-4861-99b0-4f8c298a2269 req-a97dcef1-eac3-4861-99b0-4f8c298a2269 ] Request (ListServersNegativeTestJSON:setUpClass): 201 POST http://10.180.1.21/identity/v3/auth/tokens 0.190s
2025-05-19 15:57:23.881 71567 INFO tempest.lib.common.rest_client [req-d991aa09-9904-48ac-8616-d4ea3e5a0ce7 req-d991aa09-9904-48ac-8616-d4ea3e5a0ce7 ] Request (ServerTagsTestJSON:setUpClass): 201 POST http://10.180.1.21/identity/v3/auth/tokens 0.188s
2025-05-19 15:57:23.881 71567 INFO tempest.lib.common.fixed_network [-] (ServerTagsTestJSON:setUpClass) Found network {'id': 'ba0e5123-0ae9-4835-9b8d-d536e471c670', 'name': 'tempest-ServerTagsTestJSON-1299683994-network', 'tenant_id': 'fd7e7276e9a245b3813b842d82a6088a', 'admin_state_up': True, 'mtu': 8950, 'status': 'ACTIVE', 'subnets': [], 'shared': False, 'project_id': 'fd7e7276e9a245b3813b842d82a6088a', 'port_security_enabled': True, 'router:external': False, 'provider:network_type': 'vlan', 'provider:physical_network': 'default', 'provider:segmentation_id': 760, 'availability_zone_hints': [], 'availability_zones': [], 'ipv4_address_scope': None, 'ipv6_address_scope': None, 'description': '', 'tags': [], 'created_at': '2025-05-19T15:57:08Z', 'updated_at': '2025-05-19T15:57:08Z', 'revision_number': 1} available for tenant
2025-05-19 15:57:23.902 71560 INFO tempest.lib.common.rest_client [req-19b97216-3ec2-45d8-b723-8de0f7eb07a7 req-19b97216-3ec2-45d8-b723-8de0f7eb07a7 ] Request (AZV2TestJSON:setUpClass): 201 POST http://10.180.1.21/identity/v3/auth/tokens 0.090s
2025-05-19 15:57:23.940 71553 INFO tempest.lib.common.rest_client [req-5b9645ba-d317-40bf-a347-9d884ac3fe81 req-5b9645ba-d317-40bf-a347-9d884ac3fe81 ] Request (ServerExternalEventsTest:tearDownClass): 204 DELETE http://10.180.1.21/identity/v3/users/6706825ebc30498389194ee833e8e89e 0.112s
2025-05-19 15:57:23.959 71551 INFO tempest.lib.common.rest_client [req-f0b9f2a9-d03e-4ffb-88e4-1bbbae314078 req-f0b9f2a9-d03e-4ffb-88e4-1bbbae314078 ] Request (HypervisorAdminV228Test:tearDownClass): 204 DELETE http://10.180.1.21/identity/v3/users/c06b72dcfcac453e8cf7cda96cfbb873 0.090s
2025-05-19 15:57:24.018 71560 INFO tempest.lib.common.rest_client [req-1e8e1191-41e0-4c6f-9f5d-a8c86b019ab6 req-1e8e1191-41e0-4c6f-9f5d-a8c86b019ab6 ] Request (AZV2TestJSON:setUpClass): 201 POST http://10.180.1.21/identity/v3/auth/tokens 0.112s
2025-05-19 15:57:24.026 71589 INFO tempest.lib.common.rest_client [req-fa797220-a378-4dcb-8771-0cd9ddcc2fdc req-fa797220-a378-4dcb-8771-0cd9ddcc2fdc ] Request (SecurityGroupRulesNegativeTestJSON:tearDownClass): 204 DELETE http://10.180.1.21:9696/networking/v2.0/networks/b0b836a5-7ca6-49bf-aec7-3ea6ae5e083c 2.384s
2025-05-19 15:57:24.028 71541 INFO tempest.lib.common.rest_client [req-bcce64e8-506f-42d2-9afb-dbed98a75d21 req-bcce64e8-506f-42d2-9afb-dbed98a75d21 ] Request (ListServersNegativeTestJSON:setUpClass): 200 GET http://10.180.1.21/identity/v3/domains?name=Default 0.153s
2025-05-19 15:57:24.086 71551 INFO tempest.lib.common.rest_client [req-968f7cd8-c47a-42d2-9f09-db23aef479b3 req-968f7cd8-c47a-42d2-9f09-db23aef479b3 ] Request (HypervisorAdminV228Test:tearDownClass): 204 DELETE http://10.180.1.21/identity/v3/users/8cce9cbbc1b542de976199412162ba0a 0.126s
2025-05-19 15:57:24.086 71551 INFO tempest.lib.common.dynamic_creds [-] Deleting project and security group for project: d94c9ca36c78445581fae1fe130e6f33
2025-05-19 15:57:24.088 71553 INFO tempest.lib.common.rest_client [req-f5004fb9-d167-4295-846d-892564452b40 req-f5004fb9-d167-4295-846d-892564452b40 ] Request (ServerExternalEventsTest:tearDownClass): 204 DELETE http://10.180.1.21/identity/v3/users/43f7ca35cb26493988580b1387fc90ec 0.148s
2025-05-19 15:57:24.088 71553 INFO tempest.lib.common.dynamic_creds [-] Deleting project and security group for project: 96f734f83d5c4da4a123974e309550b2
2025-05-19 15:57:24.103 71529 INFO tempest.lib.common.rest_client [req-18b5723c-08bd-422a-9160-66d45b65bc87 req-18b5723c-08bd-422a-9160-66d45b65bc87 ] Request (AttachInterfacesTestJSON:setUpClass): 201 POST http://10.180.1.21:9696/networking/v2.0/routers 5.994s
2025-05-19 15:57:24.106 71577 INFO tempest.lib.common.rest_client [req-ea9a8f80-e9b8-4f0c-a492-dc1beb7b8253 req-ea9a8f80-e9b8-4f0c-a492-dc1beb7b8253 ] Request (ServerAddressesTestJSON:tearDownClass): 200 PUT http://10.180.1.21:9696/networking/v2.0/routers/683b6e68-8b07-49f5-b6c9-5d3a4dc5560a/remove_router_interface 6.232s
2025-05-19 15:57:24.141 71560 INFO tempest.lib.common.rest_client [req-c495dfdc-d172-4f33-98e3-35180eafd3b0 req-c495dfdc-d172-4f33-98e3-35180eafd3b0 ] Request (AZV2TestJSON:setUpClass): 200 GET http://10.180.1.21/identity/v3/domains?name=Default 0.123s
2025-05-19 15:57:24.174 71541 INFO tempest.lib.common.rest_client [req-387ab3ce-25dd-4733-98be-17e92175a5a8 req-387ab3ce-25dd-4733-98be-17e92175a5a8 ] Request (ListServersNegativeTestJSON:setUpClass): 201 POST http://10.180.1.21/identity/v3/projects 0.146s
2025-05-19 15:57:24.204 71589 INFO tempest.lib.common.rest_client [req-8b240ca3-aecb-4dbd-aead-ded9bbc7fabc req-8b240ca3-aecb-4dbd-aead-ded9bbc7fabc ] Request (SecurityGroupRulesNegativeTestJSON:tearDownClass): 204 DELETE http://10.180.1.21/identity/v3/users/07b8f7e3cf92408a8d392c7f53e3cc26 0.177s
2025-05-19 15:57:24.204 71589 INFO tempest.lib.common.dynamic_creds [-] Deleting project and security group for project: 0badefc7e4774075a5962af7fd405fbf
2025-05-19 15:57:24.241 71551 INFO tempest.lib.common.rest_client [req-3cc22d50-6925-4de3-9ad5-74dcb9a42e42 req-3cc22d50-6925-4de3-9ad5-74dcb9a42e42 ] Request (HypervisorAdminV228Test:tearDownClass): 201 POST http://10.180.1.21/identity/v3/auth/tokens 0.154s
2025-05-19 15:57:24.269 71553 INFO tempest.lib.common.rest_client [req-b2a0ebe8-b811-4d7a-904f-972f40bbf3f8 req-b2a0ebe8-b811-4d7a-904f-972f40bbf3f8 ] Request (ServerExternalEventsTest:tearDownClass): 201 POST http://10.180.1.21/identity/v3/auth/tokens 0.180s
2025-05-19 15:57:24.297 71541 INFO tempest.lib.common.rest_client [req-81c9ad35-5f08-4483-b747-4326fa8fb071 req-81c9ad35-5f08-4483-b747-4326fa8fb071 ] Request (ListServersNegativeTestJSON:setUpClass): 201 POST http://10.180.1.21/identity/v3/users 0.121s
2025-05-19 15:57:24.307 71560 INFO tempest.lib.common.rest_client [req-6084e760-ebcc-4628-aaa1-57e5d69340cb req-6084e760-ebcc-4628-aaa1-57e5d69340cb ] Request (AZV2TestJSON:setUpClass): 201 POST http://10.180.1.21/identity/v3/projects 0.165s
2025-05-19 15:57:24.348 71589 INFO tempest.lib.common.rest_client [req-20341391-c32f-4376-b102-377c1e0b304a req-20341391-c32f-4376-b102-377c1e0b304a ] Request (SecurityGroupRulesNegativeTestJSON:tearDownClass): 200 GET http://10.180.1.21:9696/networking/v2.0/security-groups?tenant_id=0badefc7e4774075a5962af7fd405fbf&name=default 0.144s
2025-05-19 15:57:24.354 71541 INFO tempest.lib.common.rest_client [req-e4bdd7aa-2821-4698-b612-24f6a068cbe7 req-e4bdd7aa-2821-4698-b612-24f6a068cbe7 ] Request (ListServersNegativeTestJSON:setUpClass): 200 GET http://10.180.1.21/identity/v3/roles 0.055s
2025-05-19 15:57:24.391 71557 INFO tempest.lib.common.rest_client [req-4d56654d-274b-4703-bff0-87f2863a0b83 req-4d56654d-274b-4703-bff0-87f2863a0b83 ] Request (ServerMetadataTestJSON:setUpClass): 200 PUT http://10.180.1.21:9696/networking/v2.0/routers/afbb85dd-de61-48aa-a14a-8c933326b9c8/add_router_interface 7.698s
2025-05-19 15:57:24.391 71557 INFO tempest.lib.common.dynamic_creds [-] Created isolated network resources for: credentials: Credentials: {'domain_id': 'default', 'domain_name': 'Default', 'username': 'tempest-ServerMetadataTestJSON-333872967-project-member', 'project_domain_id': 'default', 'project_domain_name': 'Default', 'project_id': 'a115b26d9fa142b48d2a9a1c9872d2e3', 'project_name': 'tempest-ServerMetadataTestJSON-333872967', 'tenant_id': 'a115b26d9fa142b48d2a9a1c9872d2e3', 'tenant_name': 'tempest-ServerMetadataTestJSON-333872967', 'user_domain_id': 'default', 'user_domain_name': 'Default', 'user_id': '0167f9a0dbf74e99b7d6761ea05e4b40', 'system': None}, Network: {'id': '56cacac9-c050-44e1-a598-de7a0f5fbb9d', 'name': 'tempest-ServerMetadataTestJSON-1036607428-network', 'tenant_id': 'a115b26d9fa142b48d2a9a1c9872d2e3', 'admin_state_up': True, 'mtu': 8950, 'status': 'ACTIVE', 'subnets': [], 'shared': False, 'project_id': 'a115b26d9fa142b48d2a9a1c9872d2e3', 'port_security_enabled': True, 'router:external': False, 'provider:network_type': 'vlan', 'provider:physical_network': 'default', 'provider:segmentation_id': 447, 'availability_zone_hints': [], 'availability_zones': [], 'ipv4_address_scope': None, 'ipv6_address_scope': None, 'description': '', 'tags': [], 'created_at': '2025-05-19T15:57:08Z', 'updated_at': '2025-05-19T15:57:08Z', 'revision_number': 1}, Subnet: {'id': 'c57d8c42-b28e-4401-99a5-1a619da584f7', 'name': 'tempest-ServerMetadataTestJSON-1036607428-subnet', 'tenant_id': 'a115b26d9fa142b48d2a9a1c9872d2e3', 'network_id': '56cacac9-c050-44e1-a598-de7a0f5fbb9d', 'ip_version': 4, 'subnetpool_id': None, 'enable_dhcp': True, 'ipv6_ra_mode': None, 'ipv6_address_mode': None, 'gateway_ip': '192.168.128.1', 'cidr': '192.168.128.0/28', 'allocation_pools': [{'start': '192.168.128.2', 'end': '192.168.128.14'}], 'host_routes': [], 'dns_nameservers': [], 'description': '', 'router:external': False, 'service_types': [], 'tags': [], 'created_at': '2025-05-19T15:57:09Z', 'updated_at': '2025-05-19T15:57:09Z', 'revision_number': 0, 'project_id': 'a115b26d9fa142b48d2a9a1c9872d2e3'}, Router: {'id': 'afbb85dd-de61-48aa-a14a-8c933326b9c8', 'name': 'tempest-ServerMetadataTestJSON-1036607428-router', 'tenant_id': 'a115b26d9fa142b48d2a9a1c9872d2e3', 'admin_state_up': True, 'status': 'ACTIVE', 'external_gateway_info': {'network_id': '66efa607-5e41-4f8a-b837-b1de9f46fade', 'external_fixed_ips': [{'subnet_id': '956800f7-e740-4e3b-9877-97f0f96944ed', 'ip_address': '10.180.180.134'}], 'enable_snat': True}, 'description': '', 'availability_zones': [], 'distributed': False, 'ha': False, 'availability_zone_hints': [], 'routes': [], 'flavor_id': None, 'tags': [], 'created_at': '2025-05-19T15:57:11Z', 'updated_at': '2025-05-19T15:57:13Z', 'revision_number': 2, 'project_id': 'a115b26d9fa142b48d2a9a1c9872d2e3'}
2025-05-19 15:57:24.414 71560 INFO tempest.lib.common.rest_client [req-fbfd4708-34d3-47cc-a20c-8109299d08b5 req-fbfd4708-34d3-47cc-a20c-8109299d08b5 ] Request (AZV2TestJSON:setUpClass): 201 POST http://10.180.1.21/identity/v3/users 0.107s
2025-05-19 15:57:24.419 71541 INFO tempest.lib.common.rest_client [req-3393e416-ea8b-4f79-ba7d-fa1fbe9e0e17 req-3393e416-ea8b-4f79-ba7d-fa1fbe9e0e17 ] Request (ListServersNegativeTestJSON:setUpClass): 204 PUT http://10.180.1.21/identity/v3/projects/92713da884b94e41bd6f135259494798/users/75eaa7c01870454fad164d04d09ec6bb/roles/93a3e573a3cb4750a181f7aabe896ec9 0.064s
2025-05-19 15:57:24.419 71541 INFO tempest.lib.common.dynamic_creds [-] Dynamic test user 75eaa7c01870454fad164d04d09ec6bb is created with scope project and roles: ['member']
2025-05-19 15:57:24.419 71541 INFO tempest.lib.common.dynamic_creds [-] Acquired dynamic creds: credentials: Credentials: {'domain_id': 'default', 'domain_name': 'Default', 'username': 'tempest-ListServersNegativeTestJSON-612788737-project-member', 'project_domain_id': 'default', 'project_domain_name': 'Default', 'project_id': '92713da884b94e41bd6f135259494798', 'project_name': 'tempest-ListServersNegativeTestJSON-612788737', 'tenant_id': '92713da884b94e41bd6f135259494798', 'tenant_name': 'tempest-ListServersNegativeTestJSON-612788737', 'user_domain_id': 'default', 'user_domain_name': 'Default', 'user_id': '75eaa7c01870454fad164d04d09ec6bb', 'system': None}, Network: None, Subnet: None, Router: None
2025-05-19 15:57:24.471 71560 INFO tempest.lib.common.rest_client [req-86a5d4ff-bac1-41b7-aef6-dae4273c12ab req-86a5d4ff-bac1-41b7-aef6-dae4273c12ab ] Request (AZV2TestJSON:setUpClass): 200 GET http://10.180.1.21/identity/v3/roles 0.056s
2025-05-19 15:57:24.485 71557 INFO tempest.lib.common.rest_client [req-4ecdeab6-2268-4923-8d7d-f0d46b7a2e60 req-4ecdeab6-2268-4923-8d7d-f0d46b7a2e60 ] Request (ServerMetadataTestJSON:setUpClass): 201 POST http://10.180.1.21/identity/v3/auth/tokens 0.090s
2025-05-19 15:57:24.493 71541 INFO tempest.lib.common.rest_client [req-b1ae5ff2-5789-47c7-a7fe-020e8156c44c req-b1ae5ff2-5789-47c7-a7fe-020e8156c44c ] Request (ListServersNegativeTestJSON:setUpClass): 201 POST http://10.180.1.21/identity/v3/auth/tokens 0.074s
2025-05-19 15:57:24.508 71560 INFO tempest.lib.common.rest_client [req-8bdd651e-d528-42ba-9754-d7c922430f86 req-8bdd651e-d528-42ba-9754-d7c922430f86 ] Request (AZV2TestJSON:setUpClass): 204 PUT http://10.180.1.21/identity/v3/projects/9cdb1d7188a84f20ad0c030669f71010/users/d01625e2f271473799950f0d05e7c215/roles/93a3e573a3cb4750a181f7aabe896ec9 0.037s
2025-05-19 15:57:24.509 71560 INFO tempest.lib.common.dynamic_creds [-] Dynamic test user d01625e2f271473799950f0d05e7c215 is created with scope project and roles: ['member']
2025-05-19 15:57:24.509 71560 INFO tempest.lib.common.dynamic_creds [-] Acquired dynamic creds: credentials: Credentials: {'domain_id': 'default', 'domain_name': 'Default', 'username': 'tempest-AZV2TestJSON-1134980117-project-member', 'project_domain_id': 'default', 'project_domain_name': 'Default', 'project_id': '9cdb1d7188a84f20ad0c030669f71010', 'project_name': 'tempest-AZV2TestJSON-1134980117', 'tenant_id': '9cdb1d7188a84f20ad0c030669f71010', 'tenant_name': 'tempest-AZV2TestJSON-1134980117', 'user_domain_id': 'default', 'user_domain_name': 'Default', 'user_id': 'd01625e2f271473799950f0d05e7c215', 'system': None}, Network: None, Subnet: None, Router: None
2025-05-19 15:57:24.509 71560 INFO tempest.lib.common.dynamic_creds [-] Created isolated network resources for: credentials: Credentials: {'domain_id': 'default', 'domain_name': 'Default', 'username': 'tempest-AZV2TestJSON-1134980117-project-member', 'project_domain_id': 'default', 'project_domain_name': 'Default', 'project_id': '9cdb1d7188a84f20ad0c030669f71010', 'project_name': 'tempest-AZV2TestJSON-1134980117', 'tenant_id': '9cdb1d7188a84f20ad0c030669f71010', 'tenant_name': 'tempest-AZV2TestJSON-1134980117', 'user_domain_id': 'default', 'user_domain_name': 'Default', 'user_id': 'd01625e2f271473799950f0d05e7c215', 'system': None}, Network: None, Subnet: None, Router: None
2025-05-19 15:57:24.523 71539 INFO tempest.lib.common.rest_client [req-9d947539-5c8a-4fe7-88f0-018911f5f091 req-9d947539-5c8a-4fe7-88f0-018911f5f091 ] Request (ServerPasswordTestJSON:tearDownClass): 204 DELETE http://10.180.1.21:9696/networking/v2.0/routers/850c45a1-6318-49d8-8c69-dfee6a05531d 1.994s
2025-05-19 15:57:24.547 71557 INFO tempest.lib.common.rest_client [req-9f2fcf48-6630-47da-b124-f6962228e3b4 req-9f2fcf48-6630-47da-b124-f6962228e3b4 ] Request (ServerMetadataTestJSON:setUpClass): 201 POST http://10.180.1.21/identity/v3/auth/tokens 0.057s
2025-05-19 15:57:24.548 71557 INFO tempest.lib.common.fixed_network [-] (ServerMetadataTestJSON:setUpClass) Found network {'id': '56cacac9-c050-44e1-a598-de7a0f5fbb9d', 'name': 'tempest-ServerMetadataTestJSON-1036607428-network', 'tenant_id': 'a115b26d9fa142b48d2a9a1c9872d2e3', 'admin_state_up': True, 'mtu': 8950, 'status': 'ACTIVE', 'subnets': [], 'shared': False, 'project_id': 'a115b26d9fa142b48d2a9a1c9872d2e3', 'port_security_enabled': True, 'router:external': False, 'provider:network_type': 'vlan', 'provider:physical_network': 'default', 'provider:segmentation_id': 447, 'availability_zone_hints': [], 'availability_zones': [], 'ipv4_address_scope': None, 'ipv6_address_scope': None, 'description': '', 'tags': [], 'created_at': '2025-05-19T15:57:08Z', 'updated_at': '2025-05-19T15:57:08Z', 'revision_number': 1} available for tenant
2025-05-19 15:57:24.585 71560 INFO tempest.lib.common.rest_client [req-02709963-1510-4eb3-bad9-18df9f439f54 req-02709963-1510-4eb3-bad9-18df9f439f54 ] Request (AZV2TestJSON:setUpClass): 201 POST http://10.180.1.21/identity/v3/auth/tokens 0.073s
2025-05-19 15:57:24.720 71547 INFO tempest.lib.common.rest_client [req-c7ef62a9-a869-4297-9c08-1a9ce1f466be req-c7ef62a9-a869-4297-9c08-1a9ce1f466be ] Request (AttachInterfacesV270Test:setUpClass): 201 POST http://10.180.1.21:9696/networking/v2.0/networks 1.763s
2025-05-19 15:57:24.819 71555 INFO tempest.lib.common.rest_client [req-04733753-4d39-4b04-9448-6d33cf7ebe4d req-04733753-4d39-4b04-9448-6d33cf7ebe4d ] Request (ServerActionsTestJSON:setUpClass): 201 POST http://10.180.1.21:9696/networking/v2.0/security-group-rules 1.040s
2025-05-19 15:57:24.836 71553 INFO tempest.lib.common.rest_client [req-078b0fa2-0cca-4ec9-83f9-67ffd12e50e7 req-078b0fa2-0cca-4ec9-83f9-67ffd12e50e7 ] Request (ServerExternalEventsTest:tearDownClass): 200 GET http://10.180.1.21:9696/networking/v2.0/security-groups?tenant_id=96f734f83d5c4da4a123974e309550b2&name=default 0.566s
2025-05-19 15:57:25.027 71551 INFO tempest.lib.common.rest_client [req-91380723-e26c-45b6-9fbc-c2c8b6c36850 req-91380723-e26c-45b6-9fbc-c2c8b6c36850 ] Request (HypervisorAdminV228Test:tearDownClass): 200 GET http://10.180.1.21:9696/networking/v2.0/security-groups?tenant_id=d94c9ca36c78445581fae1fe130e6f33&name=default 0.786s
2025-05-19 15:57:25.130 71589 INFO tempest.lib.common.rest_client [req-249e9746-5c89-4c7b-bffb-03746a858d06 req-249e9746-5c89-4c7b-bffb-03746a858d06 ] Request (SecurityGroupRulesNegativeTestJSON:tearDownClass): 204 DELETE http://10.180.1.21:9696/networking/v2.0/security-groups/baecfc24-9cd5-415d-8ec5-54d7f19d1a7b 0.781s
2025-05-19 15:57:25.153 71579 INFO tempest.lib.common.rest_client [req-f514285c-0f22-47e3-9c8d-8417085fbdd4 req-f514285c-0f22-47e3-9c8d-8417085fbdd4 ] Request (AttachVolumeTestJSON:test_attach_detach_volume): 202 POST http://10.180.1.21/compute/v2.1/servers 1.408s
2025-05-19 15:57:25.252 71589 INFO tempest.lib.common.rest_client [req-2e84ea47-8b36-47e5-bd34-8d96c4535321 req-2e84ea47-8b36-47e5-bd34-8d96c4535321 ] Request (SecurityGroupRulesNegativeTestJSON:tearDownClass): 204 DELETE http://10.180.1.21/identity/v3/projects/0badefc7e4774075a5962af7fd405fbf 0.122s
