2024-12-10 19:23:33.563 65463 INFO tempest.lib.common.rest_client [req-a88f665d-a8fc-434c-80f0-bd51939c3ba6 req-a88f665d-a8fc-434c-80f0-bd51939c3ba6 ] Request (ServerRescueTestJSONUnderV235:setUpClass): 200 GET http://10.180.1.21/compute/v2.1/servers/3fa0236a-1a4c-4545-8dee-67fbe3088153 0.244s
2024-12-10 19:23:33.622 65481 INFO tempest.lib.common.rest_client [req-b71f053f-808c-4398-854d-76512fb4d043 req-b71f053f-808c-4398-854d-76512fb4d043 ] Request (ServersWithSpecificFlavorTestJSON:test_verify_created_server_ephemeral_disk): 200 GET http://10.180.1.21/compute/v2.1/servers/d38527ec-8de0-48e6-9e96-b277704c3933 0.236s
2024-12-10 19:23:33.671 65473 INFO tempest.lib.common.rest_client [req-89ccc9f2-e598-4799-885b-c15f00583679 req-89ccc9f2-e598-4799-885b-c15f00583679 ] Request (DeleteServersTestJSON:test_delete_server_while_in_shelved_state): 202 POST http://10.180.1.21/compute/v2.1/servers 0.483s
2024-12-10 19:23:33.683 65507 INFO tempest.lib.common.rest_client [req-fa564b72-10de-48ba-8fef-b6d8402532fb req-fa564b72-10de-48ba-8fef-b6d8402532fb ] Request (ServersTestJSON:tearDownClass): 200 GET http://10.180.1.21/compute/v2.1/servers/1fd87373-b39e-468a-b509-f9021f787282 0.142s
2024-12-10 19:23:33.715 65473 INFO tempest.lib.common.rest_client [req-8d237fd4-f831-435d-bbea-5090e4213868 req-8d237fd4-f831-435d-bbea-5090e4213868 ] Request (DeleteServersTestJSON:test_delete_server_while_in_shelved_state): 200 GET http://10.180.1.21/compute/v2.1/servers/37cd43dd-d403-4673-b40c-52cbc993ba5b 0.042s
2024-12-10 19:23:33.755 65485 INFO tempest.lib.common.rest_client [req-256c943d-98bf-4a09-a4ef-bb4201e9dd33 req-256c943d-98bf-4a09-a4ef-bb4201e9dd33 ] Request (VolumesGetTestJSON:tearDownClass): 200 GET http://10.180.1.21:9696/networking/v2.0/security-groups?tenant_id=d886a2ec756c4288bbf8976e8b97762d&name=default 0.306s
2024-12-10 19:23:33.799 65461 INFO tempest.lib.common.rest_client [req-880f59dc-318b-42cb-b4c5-6d0bd0286860 req-880f59dc-318b-42cb-b4c5-6d0bd0286860 ] Request (ServersNegativeTestMultiTenantJSON:tearDownClass): 204 DELETE http://10.180.1.21:9696/networking/v2.0/routers/1520e3ca-fcfc-4488-87d3-6601f44e515a 0.579s
2024-12-10 19:23:33.919 65485 INFO tempest.lib.common.rest_client [req-06a96a7d-6c4a-4465-b91a-80c5234e1b3e req-06a96a7d-6c4a-4465-b91a-80c5234e1b3e ] Request (VolumesGetTestJSON:tearDownClass): 204 DELETE http://10.180.1.21:9696/networking/v2.0/security-groups/97f5a1ef-1033-430e-b198-7782ba4f3eee 0.164s
2024-12-10 19:23:33.980 65455 INFO tempest.lib.common.rest_client [req-fa60a368-aa26-468a-80a5-b3b87e47d114 req-fa60a368-aa26-468a-80a5-b3b87e47d114 ] Request (ServersTestFqdnHostnames:tearDownClass): 200 GET http://10.180.1.21/compute/v2.1/servers/2ef47ef2-763a-42af-954d-748f91ebc732 0.203s
2024-12-10 19:23:33.987 65451 INFO tempest.lib.common.rest_client [req-f9faf59b-8f41-40c1-b116-c5c4dbf59eab req-f9faf59b-8f41-40c1-b116-c5c4dbf59eab ] Request (ServersTestBootFromVolume:setUpClass): 200 GET http://10.180.1.21/compute/v2.1/servers/6451a7b7-2219-4159-9046-0184d55a5c70 0.163s
2024-12-10 19:23:34.031 65485 INFO tempest.lib.common.rest_client [req-a09636e5-aef2-4905-b6d0-cadfc39b9df8 req-a09636e5-aef2-4905-b6d0-cadfc39b9df8 ] Request (VolumesGetTestJSON:tearDownClass): 204 DELETE http://10.180.1.21/identity/v3/projects/d886a2ec756c4288bbf8976e8b97762d 0.111s
2024-12-10 19:23:34.067 65449 INFO tempest.lib.common.rest_client [req-a6f943b7-2a1d-4e50-acd9-caa8c2a996c6 req-a6f943b7-2a1d-4e50-acd9-caa8c2a996c6 ] Request (ServersAdminTestJSON:test_inject_network_info): 200 GET http://10.180.1.21/compute/v2.1/servers/af281b60-1bae-489d-8363-853112ca6f23 0.114s
2024-12-10 19:23:34.091 65461 INFO tempest.lib.common.rest_client [req-40634de2-b0e0-4a43-8fc6-c6e4a4c0699d req-40634de2-b0e0-4a43-8fc6-c6e4a4c0699d ] Request (ServersNegativeTestMultiTenantJSON:tearDownClass): 204 DELETE http://10.180.1.21:9696/networking/v2.0/subnets/b797c62a-30ee-4608-a61a-c1c7b0f0701c 0.291s
2024-12-10 19:23:34.133 65457 INFO tempest.lib.common.rest_client [req-8e31fc91-9a7d-47d1-890f-8e383409383c req-8e31fc91-9a7d-47d1-890f-8e383409383c ] Request (AttachInterfacesTestJSON:test_create_list_show_delete_interfaces_by_fixed_ip): 200 GET http://10.180.1.21/compute/v2.1/servers/bb6150c2-75de-4147-8831-fbe9122f8aac 0.117s
2024-12-10 19:23:34.198 65465 INFO tempest.lib.common.rest_client [req-9608faac-b5d1-4a44-b4b3-e9d9079c3701 req-9608faac-b5d1-4a44-b4b3-e9d9079c3701 ] Request (MultipleCreateTestJSON:test_multiple_create_with_reservation_return): 200 GET http://10.180.1.21/compute/v2.1/servers/d75e5a33-50fd-490e-b0d2-9242a25d32a3 0.144s
2024-12-10 19:23:34.224 65477 INFO tempest.lib.common.rest_client [req-208f2904-efc0-4784-9a91-eebe79899dca req-208f2904-efc0-4784-9a91-eebe79899dca ] Request (ListServerFiltersTestJSON:setUpClass): 200 GET http://10.180.1.21/compute/v2.1/servers/b75ffa1f-f876-4e28-96ea-72e223d0c01a 0.298s
2024-12-10 19:23:34.359 65493 INFO tempest.lib.common.rest_client [req-0b9e5501-731d-404d-97da-82c6dd7e0a44 req-0b9e5501-731d-404d-97da-82c6dd7e0a44 ] Request (AttachInterfacesV270Test:test_create_get_list_interfaces): 200 GET http://10.180.1.21/compute/v2.1/servers/a13b7d16-ca6c-4539-bf6c-750ba6765254 0.214s
2024-12-10 19:23:34.409 65469 INFO tempest.lib.common.rest_client [req-674bcf8a-df1f-45a3-8e58-3cb41cae99d4 req-674bcf8a-df1f-45a3-8e58-3cb41cae99d4 ] Request (ServerDiskConfigTestJSON:test_rebuild_server_with_auto_disk_config): 200 GET http://10.180.1.21/compute/v2.1/servers/8a1a54ef-36e9-4999-866d-dc2a0e95ecb8 0.193s
2024-12-10 19:23:34.486 65491 INFO tempest.lib.common.rest_client [req-57c044ac-1353-4bf0-b9a0-93fa3a33db7e req-57c044ac-1353-4bf0-b9a0-93fa3a33db7e ] Request (DeleteServersAdminTestJSON:test_admin_delete_servers_of_others): 200 GET http://10.180.1.21/compute/v2.1/servers/34d5541e-7fbf-499e-b552-78ad1c0e4ab6 0.253s
2024-12-10 19:23:34.510 65467 INFO tempest.lib.common.rest_client [req-65e2c5d9-1747-4986-ba60-eb52564542f2 req-65e2c5d9-1747-4986-ba60-eb52564542f2 ] Request (ImagesNegativeTestJSON:test_create_image_from_deleted_server): 200 GET http://10.180.1.21/compute/v2.1/servers/f5c15175-f2d1-4e11-a11c-8bee5cd69390 0.372s
2024-12-10 19:23:34.546 65479 INFO tempest.lib.common.rest_client [req-3bfe4262-c233-4fbd-b1a9-d5e5db844725 req-3bfe4262-c233-4fbd-b1a9-d5e5db844725 ] Request (MigrationsAdminTest:test_resize_server_revert_deleted_flavor): 200 GET http://10.180.1.21/compute/v2.1/servers/a95a65fd-cc81-4780-964d-fd0af5e1623b 0.262s
2024-12-10 19:23:34.573 65453 INFO tempest.lib.common.rest_client [req-c6461b33-ff35-4146-8497-fd8436ffb627 req-c6461b33-ff35-4146-8497-fd8436ffb627 ] Request (FloatingIPsAssociationTestJSON:test_associate_already_associated_floating_ip): 200 GET http://10.180.1.21/compute/v2.1/servers/7bdf55bc-9458-455e-8cad-56c7e895b5cc 0.266s
2024-12-10 19:23:34.603 65503 INFO tempest.lib.common.rest_client [req-7cd837d0-5367-4087-80a8-790698750a1d req-7cd837d0-5367-4087-80a8-790698750a1d ] Request (InstanceActionsTestJSON:setUpClass): 200 GET http://10.180.1.21/compute/v2.1/servers/416661b2-bf18-4e01-a7a2-ca928201ffe5 0.251s
2024-12-10 19:23:34.651 65471 INFO tempest.lib.common.rest_client [req-c943a2e4-19a8-431e-aba5-31cd831aa3bc req-c943a2e4-19a8-431e-aba5-31cd831aa3bc ] Request (ListImageFiltersTestJSON:tearDownClass): 200 GET http://10.180.1.21/compute/v2.1/servers/ca56abe8-e25d-4265-97ba-302492fa3660 0.279s
2024-12-10 19:23:34.664 65447 INFO tempest.lib.common.rest_client [req-c4be5bc1-a59c-45d5-8dfa-992037637c75 req-c4be5bc1-a59c-45d5-8dfa-992037637c75 ] Request (VolumesAssistedSnapshotsTest:tearDownClass): 200 GET http://10.180.1.21/compute/v2.1/servers/91f1486c-8f22-4844-8bef-1e08cfd08030 0.238s
2024-12-10 19:23:34.714 65463 INFO tempest.lib.common.rest_client [req-283131fd-7fb3-48a8-8b65-f5b17a8de37c req-283131fd-7fb3-48a8-8b65-f5b17a8de37c ] Request (ServerRescueTestJSONUnderV235:setUpClass): 200 GET http://10.180.1.21/compute/v2.1/servers/3fa0236a-1a4c-4545-8dee-67fbe3088153 0.139s
2024-12-10 19:23:34.729 65501 INFO tempest.lib.common.rest_client [req-e04b884f-ccaa-43f0-af53-c5b16371f89d req-e04b884f-ccaa-43f0-af53-c5b16371f89d ] Request (ServerMetadataTestJSON:tearDownClass): 200 GET http://10.180.1.21/compute/v2.1/servers/4f6686a9-12ad-460d-b826-1bb36f7b8e58 0.221s
2024-12-10 19:23:34.775 65481 INFO tempest.lib.common.rest_client [req-28342276-c9f7-462f-8771-e028154ba546 req-28342276-c9f7-462f-8771-e028154ba546 ] Request (ServersWithSpecificFlavorTestJSON:test_verify_created_server_ephemeral_disk): 200 GET http://10.180.1.21/compute/v2.1/servers/d38527ec-8de0-48e6-9e96-b277704c3933 0.141s
2024-12-10 19:23:34.792 65461 INFO tempest.lib.common.rest_client [req-f1ed008f-0d35-4cf6-9458-83b3c9214598 req-f1ed008f-0d35-4cf6-9458-83b3c9214598 ] Request (ServersNegativeTestMultiTenantJSON:tearDownClass): 204 DELETE http://10.180.1.21:9696/networking/v2.0/networks/8700cdb7-0fbb-4eb9-bfe7-f158dfb7e838 0.701s
2024-12-10 19:23:34.816 65507 INFO tempest.lib.common.rest_client [req-388f3d92-e841-4b0d-af38-ed1c3132349d req-388f3d92-e841-4b0d-af38-ed1c3132349d ] Request (ServersTestJSON:tearDownClass): 200 GET http://10.180.1.21/compute/v2.1/servers/1fd87373-b39e-468a-b509-f9021f787282 0.125s
2024-12-10 19:23:34.841 65473 INFO tempest.lib.common.rest_client [req-3cae3153-c27e-4ff1-ba13-64e092a1c907 req-3cae3153-c27e-4ff1-ba13-64e092a1c907 ] Request (DeleteServersTestJSON:test_delete_server_while_in_shelved_state): 200 GET http://10.180.1.21/compute/v2.1/servers/37cd43dd-d403-4673-b40c-52cbc993ba5b 0.118s
2024-12-10 19:23:35.194 65455 INFO tempest.lib.common.rest_client [req-6bdc7f3e-7b6d-4db5-a02f-74da12464e68 req-6bdc7f3e-7b6d-4db5-a02f-74da12464e68 ] Request (ServersTestFqdnHostnames:tearDownClass): 200 GET http://10.180.1.21/compute/v2.1/servers/2ef47ef2-763a-42af-954d-748f91ebc732 0.203s
2024-12-10 19:23:35.261 65449 INFO tempest.lib.common.rest_client [req-09ce1383-52a2-4f48-bae5-b12b142db129 req-09ce1383-52a2-4f48-bae5-b12b142db129 ] Request (ServersAdminTestJSON:test_inject_network_info): 200 GET http://10.180.1.21/compute/v2.1/servers/af281b60-1bae-489d-8363-853112ca6f23 0.184s
2024-12-10 19:23:35.316 65457 INFO tempest.lib.common.rest_client [req-4b42b539-ccf1-4fa3-bbaf-f09432d53823 req-4b42b539-ccf1-4fa3-bbaf-f09432d53823 ] Request (AttachInterfacesTestJSON:test_create_list_show_delete_interfaces_by_fixed_ip): 200 GET http://10.180.1.21/compute/v2.1/servers/bb6150c2-75de-4147-8831-fbe9122f8aac 0.173s
2024-12-10 19:23:35.382 65465 INFO tempest.lib.common.rest_client [req-cfb13237-bbd3-4dca-93a7-2afd7cc81e79 req-cfb13237-bbd3-4dca-93a7-2afd7cc81e79 ] Request (MultipleCreateTestJSON:test_multiple_create_with_reservation_return): 200 GET http://10.180.1.21/compute/v2.1/servers/d75e5a33-50fd-490e-b0d2-9242a25d32a3 0.176s
2024-12-10 19:23:35.420 65451 INFO tempest.lib.common.rest_client [req-39aff241-83f7-48ca-b58d-24c855ba8d80 req-39aff241-83f7-48ca-b58d-24c855ba8d80 ] Request (ServersTestBootFromVolume:setUpClass): 200 GET http://10.180.1.21/compute/v2.1/servers/6451a7b7-2219-4159-9046-0184d55a5c70 0.422s
2024-12-10 19:23:35.426 65451 INFO tempest.common.waiters [-] State transition "BUILD/block_device_mapping" ==> "BUILD/spawning" after 79 second wait
2024-12-10 19:23:35.494 65477 INFO tempest.lib.common.rest_client [req-6b99108b-c23c-4dff-ab3d-c3ab23cb56c1 req-6b99108b-c23c-4dff-ab3d-c3ab23cb56c1 ] Request (ListServerFiltersTestJSON:setUpClass): 200 GET http://10.180.1.21/compute/v2.1/servers/b75ffa1f-f876-4e28-96ea-72e223d0c01a 0.259s
2024-12-10 19:23:35.561 65469 INFO tempest.lib.common.rest_client [req-5e1af978-1e6f-40da-9930-78ef6b722e15 req-5e1af978-1e6f-40da-9930-78ef6b722e15 ] Request (ServerDiskConfigTestJSON:test_rebuild_server_with_auto_disk_config): 200 GET http://10.180.1.21/compute/v2.1/servers/8a1a54ef-36e9-4999-866d-dc2a0e95ecb8 0.142s
2024-12-10 19:23:35.625 65491 INFO tempest.lib.common.rest_client [req-2abe83bc-48ef-458f-9d35-add3620e4fdd req-2abe83bc-48ef-458f-9d35-add3620e4fdd ] Request (DeleteServersAdminTestJSON:test_admin_delete_servers_of_others): 200 GET http://10.180.1.21/compute/v2.1/servers/34d5541e-7fbf-499e-b552-78ad1c0e4ab6 0.128s
2024-12-10 19:23:35.672 65467 INFO tempest.lib.common.rest_client [req-e96f3c3c-3a61-4acd-846c-c5e9e0663bbd req-e96f3c3c-3a61-4acd-846c-c5e9e0663bbd ] Request (ImagesNegativeTestJSON:test_create_image_from_deleted_server): 200 GET http://10.180.1.21/compute/v2.1/servers/f5c15175-f2d1-4e11-a11c-8bee5cd69390 0.146s
2024-12-10 19:23:35.707 65493 INFO tempest.lib.common.rest_client [req-839b1519-b144-4040-b9ab-96d0155f00a4 req-839b1519-b144-4040-b9ab-96d0155f00a4 ] Request (AttachInterfacesV270Test:test_create_get_list_interfaces): 200 GET http://10.180.1.21/compute/v2.1/servers/a13b7d16-ca6c-4539-bf6c-750ba6765254 0.339s
2024-12-10 19:23:35.721 65479 INFO tempest.lib.common.rest_client [req-fe86b0a4-8ca4-43eb-8685-0670f8c3e0ce req-fe86b0a4-8ca4-43eb-8685-0670f8c3e0ce ] Request (MigrationsAdminTest:test_resize_server_revert_deleted_flavor): 200 GET http://10.180.1.21/compute/v2.1/servers/a95a65fd-cc81-4780-964d-fd0af5e1623b 0.161s
2024-12-10 19:23:35.768 65503 INFO tempest.lib.common.rest_client [req-435f7d9c-f8da-438a-9486-f35e8f2d7114 req-435f7d9c-f8da-438a-9486-f35e8f2d7114 ] Request (InstanceActionsTestJSON:setUpClass): 200 GET http://10.180.1.21/compute/v2.1/servers/416661b2-bf18-4e01-a7a2-ca928201ffe5 0.157s
2024-12-10 19:23:35.774 65453 INFO tempest.lib.common.rest_client [req-393d84d0-4efd-4ad2-bf5d-c4a11bfa7cb1 req-393d84d0-4efd-4ad2-bf5d-c4a11bfa7cb1 ] Request (FloatingIPsAssociationTestJSON:test_associate_already_associated_floating_ip): 200 GET http://10.180.1.21/compute/v2.1/servers/7bdf55bc-9458-455e-8cad-56c7e895b5cc 0.193s
2024-12-10 19:23:35.822 65471 INFO tempest.lib.common.rest_client [req-7ef1b13f-8c19-4236-88e9-e30690eb3e54 req-7ef1b13f-8c19-4236-88e9-e30690eb3e54 ] Request (ListImageFiltersTestJSON:tearDownClass): 200 GET http://10.180.1.21/compute/v2.1/servers/ca56abe8-e25d-4265-97ba-302492fa3660 0.162s
2024-12-10 19:23:35.842 65447 INFO tempest.lib.common.rest_client [req-1d6007e2-4d74-4491-8892-edefe29486dd req-1d6007e2-4d74-4491-8892-edefe29486dd ] Request (VolumesAssistedSnapshotsTest:tearDownClass): 200 GET http://10.180.1.21/compute/v2.1/servers/91f1486c-8f22-4844-8bef-1e08cfd08030 0.166s
2024-12-10 19:23:35.869 65463 INFO tempest.lib.common.rest_client [req-dab5519e-a317-4d4a-b41a-332a0be10371 req-dab5519e-a317-4d4a-b41a-332a0be10371 ] Request (ServerRescueTestJSONUnderV235:setUpClass): 200 GET http://10.180.1.21/compute/v2.1/servers/3fa0236a-1a4c-4545-8dee-67fbe3088153 0.145s
2024-12-10 19:23:35.915 65481 INFO tempest.lib.common.rest_client [req-711dbe36-3cbd-46a5-9b0a-68a46bd16601 req-711dbe36-3cbd-46a5-9b0a-68a46bd16601 ] Request (ServersWithSpecificFlavorTestJSON:test_verify_created_server_ephemeral_disk): 200 GET http://10.180.1.21/compute/v2.1/servers/d38527ec-8de0-48e6-9e96-b277704c3933 0.132s
2024-12-10 19:23:35.917 65501 INFO tempest.lib.common.rest_client [req-c381da48-4042-45b5-aa54-ef3bd0515825 req-c381da48-4042-45b5-aa54-ef3bd0515825 ] Request (ServerMetadataTestJSON:tearDownClass): 200 GET http://10.180.1.21/compute/v2.1/servers/4f6686a9-12ad-460d-b826-1bb36f7b8e58 0.181s
2024-12-10 19:23:35.968 65507 INFO tempest.lib.common.rest_client [req-680406c0-25dc-4a43-83cc-5604ed8147df req-680406c0-25dc-4a43-83cc-5604ed8147df ] Request (ServersTestJSON:tearDownClass): 200 GET http://10.180.1.21/compute/v2.1/servers/1fd87373-b39e-468a-b509-f9021f787282 0.144s
2024-12-10 19:23:36.008 65473 INFO tempest.lib.common.rest_client [req-108da1f2-cfd2-4077-8dd5-43c3ef6b830f req-108da1f2-cfd2-4077-8dd5-43c3ef6b830f ] Request (DeleteServersTestJSON:test_delete_server_while_in_shelved_state): 200 GET http://10.180.1.21/compute/v2.1/servers/37cd43dd-d403-4673-b40c-52cbc993ba5b 0.158s
2024-12-10 19:23:36.238 65461 INFO tempest.lib.common.rest_client [req-01edf023-e180-4856-bc70-ed28f545d96a req-01edf023-e180-4856-bc70-ed28f545d96a ] Request (ServersNegativeTestMultiTenantJSON:tearDownClass): 200 PUT http://10.180.1.21:9696/networking/v2.0/routers/8b90ebc7-b6c1-458a-9b9f-154fd5f5e129/remove_router_interface 1.446s
2024-12-10 19:23:36.281 65455 INFO tempest.lib.common.rest_client [req-723e18a8-3064-4c29-a418-77b7123466c4 req-723e18a8-3064-4c29-a418-77b7123466c4 ] Request (ServersTestFqdnHostnames:tearDownClass): 200 GET http://10.180.1.21/compute/v2.1/servers/2ef47ef2-763a-42af-954d-748f91ebc732 0.079s
2024-12-10 19:23:36.337 65449 INFO tempest.lib.common.rest_client [req-c15612e6-1148-4a04-b887-6edc85c9552b req-c15612e6-1148-4a04-b887-6edc85c9552b ] Request (ServersAdminTestJSON:test_inject_network_info): 200 GET http://10.180.1.21/compute/v2.1/servers/af281b60-1bae-489d-8363-853112ca6f23 0.068s
2024-12-10 19:23:36.386 65457 INFO tempest.lib.common.rest_client [req-2c4b57bb-1268-4bc6-a8a1-30543ba17745 req-2c4b57bb-1268-4bc6-a8a1-30543ba17745 ] Request (AttachInterfacesTestJSON:test_create_list_show_delete_interfaces_by_fixed_ip): 200 GET http://10.180.1.21/compute/v2.1/servers/bb6150c2-75de-4147-8831-fbe9122f8aac 0.056s
2024-12-10 19:23:36.447 65465 INFO tempest.lib.common.rest_client [req-7eb58515-8540-4839-ba95-757ec21a1ca4 req-7eb58515-8540-4839-ba95-757ec21a1ca4 ] Request (MultipleCreateTestJSON:test_multiple_create_with_reservation_return): 200 GET http://10.180.1.21/compute/v2.1/servers/d75e5a33-50fd-490e-b0d2-9242a25d32a3 0.055s
2024-12-10 19:23:36.454 65465 INFO tempest.common.waiters [-] State transition "BUILD/None" ==> "BUILD/networking" after 70 second wait
2024-12-10 19:23:36.599 65451 INFO tempest.lib.common.rest_client [req-71528aba-d96a-40d5-bfd1-6464bf552e2d req-71528aba-d96a-40d5-bfd1-6464bf552e2d ] Request (ServersTestBootFromVolume:setUpClass): 200 GET http://10.180.1.21/compute/v2.1/servers/6451a7b7-2219-4159-9046-0184d55a5c70 0.172s
2024-12-10 19:23:36.616 65477 INFO tempest.lib.common.rest_client [req-d440fdf5-76f5-47cb-9c95-a306f97198b2 req-d440fdf5-76f5-47cb-9c95-a306f97198b2 ] Request (ListServerFiltersTestJSON:setUpClass): 200 GET http://10.180.1.21/compute/v2.1/servers/b75ffa1f-f876-4e28-96ea-72e223d0c01a 0.111s
2024-12-10 19:23:36.625 65477 INFO tempest.common.waiters [-] State transition "BUILD/spawning" ==> "ACTIVE/None" after 98 second wait
2024-12-10 19:23:36.663 65469 INFO tempest.lib.common.rest_client [req-efeb9b04-0301-48ed-ad62-2f2bb1ca5c41 req-efeb9b04-0301-48ed-ad62-2f2bb1ca5c41 ] Request (ServerDiskConfigTestJSON:test_rebuild_server_with_auto_disk_config): 200 GET http://10.180.1.21/compute/v2.1/servers/8a1a54ef-36e9-4999-866d-dc2a0e95ecb8 0.093s
2024-12-10 19:23:36.731 65491 INFO tempest.lib.common.rest_client [req-0f59aeb2-cb8a-42c0-8012-df58a95601c7 req-0f59aeb2-cb8a-42c0-8012-df58a95601c7 ] Request (DeleteServersAdminTestJSON:test_admin_delete_servers_of_others): 200 GET http://10.180.1.21/compute/v2.1/servers/34d5541e-7fbf-499e-b552-78ad1c0e4ab6 0.099s
2024-12-10 19:23:36.735 65477 INFO tempest.lib.common.rest_client [req-3b01f6f3-fe07-4c15-a06c-a5186ec925cc req-3b01f6f3-fe07-4c15-a06c-a5186ec925cc ] Request (ListServerFiltersTestJSON:setUpClass): 200 GET http://10.180.1.21/compute/v2.1/servers/080b8050-abea-4f11-9a8a-125476d5a9e4 0.109s
2024-12-10 19:23:36.810 65467 INFO tempest.lib.common.rest_client [req-520f4ea1-dbf0-4e4c-8633-4c69dfbcf050 req-520f4ea1-dbf0-4e4c-8633-4c69dfbcf050 ] Request (ImagesNegativeTestJSON:test_create_image_from_deleted_server): 200 GET http://10.180.1.21/compute/v2.1/servers/f5c15175-f2d1-4e11-a11c-8bee5cd69390 0.128s
2024-12-10 19:23:36.835 65497 WARNING tempest.lib.common.ssh [-] Failed to establish authenticated ssh connection to cirros@10.180.180.242 ([Errno None] Unable to connect to port 22 on 10.180.180.242). Number attempts: 11. Retry after 12 seconds.: paramiko.ssh_exception.NoValidConnectionsError: [Errno None] Unable to connect to port 22 on 10.180.180.242
2024-12-10 19:23:36.840 65461 INFO tempest.lib.common.rest_client [req-77403b0e-e6b1-4c3f-a18e-1331211c6283 req-77403b0e-e6b1-4c3f-a18e-1331211c6283 ] Request (ServersNegativeTestMultiTenantJSON:tearDownClass): 204 DELETE http://10.180.1.21:9696/networking/v2.0/routers/8b90ebc7-b6c1-458a-9b9f-154fd5f5e129 0.600s
2024-12-10 19:23:36.895 65479 INFO tempest.lib.common.rest_client [req-4d2341f7-73e6-4cb9-a9d4-2b1c7c51c84c req-4d2341f7-73e6-4cb9-a9d4-2b1c7c51c84c ] Request (MigrationsAdminTest:test_resize_server_revert_deleted_flavor): 200 GET http://10.180.1.21/compute/v2.1/servers/a95a65fd-cc81-4780-964d-fd0af5e1623b 0.167s
2024-12-10 19:23:36.981 65493 INFO tempest.lib.common.rest_client [req-0ee94110-9c46-4b24-9731-45ffadc0dd15 req-0ee94110-9c46-4b24-9731-45ffadc0dd15 ] Request (AttachInterfacesV270Test:test_create_get_list_interfaces): 200 GET http://10.180.1.21/compute/v2.1/servers/a13b7d16-ca6c-4539-bf6c-750ba6765254 0.260s
2024-12-10 19:23:37.053 65477 INFO tempest.lib.common.rest_client [req-dc8dac66-844f-431e-9b5f-dfdc89198fc7 req-dc8dac66-844f-431e-9b5f-dfdc89198fc7 ] Request (ListServerFiltersTestJSON:setUpClass): 200 GET http://10.180.1.21/compute/v2.1/servers/e0a1472b-9c2b-4812-8e25-290623077bdc 0.311s
2024-12-10 19:23:37.066 65503 INFO tempest.lib.common.rest_client [req-684c5895-1555-48c0-ad76-ffbea782977e req-684c5895-1555-48c0-ad76-ffbea782977e ] Request (InstanceActionsTestJSON:setUpClass): 200 GET http://10.180.1.21/compute/v2.1/servers/416661b2-bf18-4e01-a7a2-ca928201ffe5 0.288s
2024-12-10 19:23:37.131 65453 INFO tempest.lib.common.rest_client [req-c94a7c67-29b2-4d8b-8a12-a0d6c3fa5e1f req-c94a7c67-29b2-4d8b-8a12-a0d6c3fa5e1f ] Request (FloatingIPsAssociationTestJSON:test_associate_already_associated_floating_ip): 200 GET http://10.180.1.21/compute/v2.1/servers/7bdf55bc-9458-455e-8cad-56c7e895b5cc 0.350s
2024-12-10 19:23:37.161 65461 INFO tempest.lib.common.rest_client [req-f879d16f-81e8-4485-ba19-f44e17688b37 req-f879d16f-81e8-4485-ba19-f44e17688b37 ] Request (ServersNegativeTestMultiTenantJSON:tearDownClass): 204 DELETE http://10.180.1.21:9696/networking/v2.0/subnets/393756ae-ae4b-4aa9-aeaf-98061ffa9d22 0.321s
2024-12-10 19:23:37.191 65471 INFO tempest.lib.common.rest_client [req-44a46ce4-0ef9-4660-87ec-b0eeecde3523 req-44a46ce4-0ef9-4660-87ec-b0eeecde3523 ] Request (ListImageFiltersTestJSON:tearDownClass): 200 GET http://10.180.1.21/compute/v2.1/servers/ca56abe8-e25d-4265-97ba-302492fa3660 0.362s
2024-12-10 19:23:37.213 65447 INFO tempest.lib.common.rest_client [req-0c3e4733-9482-4c7a-b143-31889dd05359 req-0c3e4733-9482-4c7a-b143-31889dd05359 ] Request (VolumesAssistedSnapshotsTest:tearDownClass): 200 GET http://10.180.1.21/compute/v2.1/servers/91f1486c-8f22-4844-8bef-1e08cfd08030 0.363s
2024-12-10 19:23:37.256 65463 INFO tempest.lib.common.rest_client [req-55a261ac-4b7e-4222-867c-28755119e44f req-55a261ac-4b7e-4222-867c-28755119e44f ] Request (ServerRescueTestJSONUnderV235:setUpClass): 200 GET http://10.180.1.21/compute/v2.1/servers/3fa0236a-1a4c-4545-8dee-67fbe3088153 0.378s
2024-12-10 19:23:37.272 65481 INFO tempest.lib.common.rest_client [req-bb3b1d27-ab50-4062-bf93-12ff2562213e req-bb3b1d27-ab50-4062-bf93-12ff2562213e ] Request (ServersWithSpecificFlavorTestJSON:test_verify_created_server_ephemeral_disk): 200 GET http://10.180.1.21/compute/v2.1/servers/d38527ec-8de0-48e6-9e96-b277704c3933 0.350s
2024-12-10 19:23:37.325 65501 INFO tempest.lib.common.rest_client [req-355a3223-da7d-49fa-823f-b0afa95eb19c req-355a3223-da7d-49fa-823f-b0afa95eb19c ] Request (ServerMetadataTestJSON:tearDownClass): 200 GET http://10.180.1.21/compute/v2.1/servers/4f6686a9-12ad-460d-b826-1bb36f7b8e58 0.400s
2024-12-10 19:23:37.336 65507 INFO tempest.lib.common.rest_client [req-29184ee0-e00c-4833-8309-e2f8b36a0787 req-29184ee0-e00c-4833-8309-e2f8b36a0787 ] Request (ServersTestJSON:tearDownClass): 200 GET http://10.180.1.21/compute/v2.1/servers/1fd87373-b39e-468a-b509-f9021f787282 0.361s
2024-12-10 19:23:37.381 65473 INFO tempest.lib.common.rest_client [req-4b22c6ad-e74e-4d77-b8a5-4e55d15bdcbc req-4b22c6ad-e74e-4d77-b8a5-4e55d15bdcbc ] Request (DeleteServersTestJSON:test_delete_server_while_in_shelved_state): 200 GET http://10.180.1.21/compute/v2.1/servers/37cd43dd-d403-4673-b40c-52cbc993ba5b 0.364s
2024-12-10 19:23:37.434 65455 INFO tempest.lib.common.rest_client [req-231dd557-a62d-4b3e-b1ee-1d1a38aee394 req-231dd557-a62d-4b3e-b1ee-1d1a38aee394 ] Request (ServersTestFqdnHostnames:tearDownClass): 200 GET http://10.180.1.21/compute/v2.1/servers/2ef47ef2-763a-42af-954d-748f91ebc732 0.141s
2024-12-10 19:23:37.482 65461 INFO tempest.lib.common.rest_client [req-0f3fa83a-8ded-4a95-9976-f3ad1e2950bc req-0f3fa83a-8ded-4a95-9976-f3ad1e2950bc ] Request (ServersNegativeTestMultiTenantJSON:tearDownClass): 204 DELETE http://10.180.1.21:9696/networking/v2.0/networks/af302b10-a985-4933-b80b-a708018df33d 0.320s
2024-12-10 19:23:37.496 65449 INFO tempest.lib.common.rest_client [req-e4fb0eee-a7eb-4d12-a263-aa13bb410dcf req-e4fb0eee-a7eb-4d12-a263-aa13bb410dcf ] Request (ServersAdminTestJSON:test_inject_network_info): 200 GET http://10.180.1.21/compute/v2.1/servers/af281b60-1bae-489d-8363-853112ca6f23 0.149s
2024-12-10 19:23:37.503 65489 INFO paramiko.transport [-] Connected (version 2.0, client dropbear_2020.81)
2024-12-10 19:23:37.545 65477 INFO tempest.lib.common.rest_client [req-69663f06-cb79-41de-b6f4-33b29059e1c6 req-69663f06-cb79-41de-b6f4-33b29059e1c6 ] Request (ListServerFiltersTestJSON:test_list_servers_detailed_filter_by_flavor): 200 GET http://10.180.1.21/compute/v2.1/servers/detail?flavor=84 0.482s
2024-12-10 19:23:37.558 65457 INFO tempest.lib.common.rest_client [req-39880b2a-ce8b-450a-898c-72160c0e86ab req-39880b2a-ce8b-450a-898c-72160c0e86ab ] Request (AttachInterfacesTestJSON:test_create_list_show_delete_interfaces_by_fixed_ip): 200 GET http://10.180.1.21/compute/v2.1/servers/bb6150c2-75de-4147-8831-fbe9122f8aac 0.163s
2024-12-10 19:23:37.605 65489 INFO paramiko.transport [-] Authentication (publickey) successful!
2024-12-10 19:23:37.606 65489 INFO tempest.lib.common.ssh [-] ssh connection to cirros@10.180.180.166 successfully created
2024-12-10 19:23:37.612 65461 INFO tempest.lib.common.rest_client [req-9da9185a-8f54-435a-91fa-fa92ca9ff20e req-9da9185a-8f54-435a-91fa-fa92ca9ff20e ] Request (ServersNegativeTestMultiTenantJSON:tearDownClass): 204 DELETE http://10.180.1.21/identity/v3/users/c08dffc78abc45c59cd548ccd154791a 0.130s
2024-12-10 19:23:37.693 65465 INFO tempest.lib.common.rest_client [req-f4561e6f-6f58-4beb-9dd2-d21ab7458a9b req-f4561e6f-6f58-4beb-9dd2-d21ab7458a9b ] Request (MultipleCreateTestJSON:test_multiple_create_with_reservation_return): 200 GET http://10.180.1.21/compute/v2.1/servers/d75e5a33-50fd-490e-b0d2-9242a25d32a3 0.238s
2024-12-10 19:23:37.703 65465 INFO tempest.common.waiters [-] State transition "BUILD/networking" ==> "BUILD/block_device_mapping" after 71 second wait
2024-12-10 19:23:37.710 65461 INFO tempest.lib.common.rest_client [req-1211cbcf-d361-4186-aee6-86aa430c8185 req-1211cbcf-d361-4186-aee6-86aa430c8185 ] Request (ServersNegativeTestMultiTenantJSON:tearDownClass): 204 DELETE http://10.180.1.21/identity/v3/users/26e20a70e63a4fe8a4ab5a0c24bfb26a 0.097s
2024-12-10 19:23:37.711 65461 INFO tempest.lib.common.dynamic_creds [-] Deleting project and security group for project: bf3891cdad964c4cb6e549f9e85fb88c
2024-12-10 19:23:37.758 65461 INFO tempest.lib.common.rest_client [req-d0722726-b82e-46e6-88e2-4e598a097d1d req-d0722726-b82e-46e6-88e2-4e598a097d1d ] Request (ServersNegativeTestMultiTenantJSON:tearDownClass): 200 GET http://10.180.1.21:9696/networking/v2.0/security-groups?tenant_id=bf3891cdad964c4cb6e549f9e85fb88c&name=default 0.047s
2024-12-10 19:23:37.771 65477 INFO tempest.lib.common.rest_client [req-226a0be7-649b-4fe7-9711-fe0252167bec req-226a0be7-649b-4fe7-9711-fe0252167bec ] Request (ListServerFiltersTestJSON:test_list_servers_detailed_filter_by_server_name): 200 GET http://10.180.1.21/compute/v2.1/servers/detail?name=tempest-ListServerFiltersTestJSON-instance-997935516 0.215s
2024-12-10 19:23:37.798 65451 INFO tempest.lib.common.rest_client [req-892cab13-8f62-4e70-b484-e5519f530633 req-892cab13-8f62-4e70-b484-e5519f530633 ] Request (ServersTestBootFromVolume:setUpClass): 200 GET http://10.180.1.21/compute/v2.1/servers/6451a7b7-2219-4159-9046-0184d55a5c70 0.192s
2024-12-10 19:23:37.853 65469 INFO tempest.lib.common.rest_client [req-bbc43118-f6f2-494c-8d60-fff71353a9dd req-bbc43118-f6f2-494c-8d60-fff71353a9dd ] Request (ServerDiskConfigTestJSON:test_rebuild_server_with_auto_disk_config): 200 GET http://10.180.1.21/compute/v2.1/servers/8a1a54ef-36e9-4999-866d-dc2a0e95ecb8 0.182s
2024-12-10 19:23:37.924 65491 INFO tempest.lib.common.rest_client [req-e603876d-21ab-4bc0-940c-8d42510bba10 req-e603876d-21ab-4bc0-940c-8d42510bba10 ] Request (DeleteServersAdminTestJSON:test_admin_delete_servers_of_others): 200 GET http://10.180.1.21/compute/v2.1/servers/34d5541e-7fbf-499e-b552-78ad1c0e4ab6 0.183s
2024-12-10 19:23:37.938 65461 INFO tempest.lib.common.rest_client [req-4e35c60f-d04b-467b-b72b-e912700a0719 req-4e35c60f-d04b-467b-b72b-e912700a0719 ] Request (ServersNegativeTestMultiTenantJSON:tearDownClass): 204 DELETE http://10.180.1.21:9696/networking/v2.0/security-groups/66c1c39e-f83d-4046-aec2-0db8c50823fc 0.179s
2024-12-10 19:23:37.965 65489 INFO tempest.lib.common.rest_client [req-d16a7715-99b6-4c67-92b6-79ace3034a82 req-d16a7715-99b6-4c67-92b6-79ace3034a82 ] Request (ServerActionsTestOtherB:setUp): 200 GET http://10.180.1.21/compute/v2.1/servers/ebc7284b-8da1-43e7-9a17-9572e4fe7e53 0.358s
2024-12-10 19:23:38.021 65467 INFO tempest.lib.common.rest_client [req-c55484f1-521e-4c96-abc7-8dad1ed75123 req-c55484f1-521e-4c96-abc7-8dad1ed75123 ] Request (ImagesNegativeTestJSON:test_create_image_from_deleted_server): 200 GET http://10.180.1.21/compute/v2.1/servers/f5c15175-f2d1-4e11-a11c-8bee5cd69390 0.204s
2024-12-10 19:23:38.063 65461 INFO tempest.lib.common.rest_client [req-f22352b4-fd33-4766-b3d6-92202cb4397a req-f22352b4-fd33-4766-b3d6-92202cb4397a ] Request (ServersNegativeTestMultiTenantJSON:tearDownClass): 204 DELETE http://10.180.1.21/identity/v3/projects/bf3891cdad964c4cb6e549f9e85fb88c 0.124s
2024-12-10 19:23:38.063 65461 INFO tempest.lib.common.dynamic_creds [-] Deleting project and security group for project: 23f382c588bd4e96886c6c29aca848f9
2024-12-10 19:23:38.079 65479 INFO tempest.lib.common.rest_client [req-98a20d62-5ed6-45b6-902f-517fbc16f242 req-98a20d62-5ed6-45b6-902f-517fbc16f242 ] Request (MigrationsAdminTest:test_resize_server_revert_deleted_flavor): 200 GET http://10.180.1.21/compute/v2.1/servers/a95a65fd-cc81-4780-964d-fd0af5e1623b 0.176s
2024-12-10 19:23:38.086 65479 INFO tempest.common.waiters [-] State transition "BUILD/scheduling" ==> "BUILD/None" after 33 second wait
2024-12-10 19:23:38.139 65461 INFO tempest.lib.common.rest_client [req-4d449139-8712-438a-bd10-45c66091c93c req-4d449139-8712-438a-bd10-45c66091c93c ] Request (ServersNegativeTestMultiTenantJSON:tearDownClass): 200 GET http://10.180.1.21:9696/networking/v2.0/security-groups?tenant_id=23f382c588bd4e96886c6c29aca848f9&name=default 0.075s
2024-12-10 19:23:38.145 65477 INFO tempest.lib.common.rest_client [req-af0cf00c-4b04-460c-9603-12b0b17fc5cd req-af0cf00c-4b04-460c-9603-12b0b17fc5cd ] Request (ListServerFiltersTestJSON:test_list_servers_detailed_filter_by_server_status): 200 GET http://10.180.1.21/compute/v2.1/servers/detail?status=active 0.364s
2024-12-10 19:23:38.188 65483 WARNING tempest.lib.common.ssh [-] Failed to establish authenticated ssh connection to cirros@10.180.180.218 ([Errno None] Unable to connect to port 22 on 10.180.180.218). Number attempts: 6. Retry after 7 seconds.: paramiko.ssh_exception.NoValidConnectionsError: [Errno None] Unable to connect to port 22 on 10.180.180.218
2024-12-10 19:23:38.219 65489 INFO tempest.lib.common.rest_client [req-909a6288-a585-4ec6-8c06-71cebef2f495 req-909a6288-a585-4ec6-8c06-71cebef2f495 ] Request (ServerActionsTestOtherB:setUp): 200 GET http://10.180.1.21/compute/v2.1/servers/ebc7284b-8da1-43e7-9a17-9572e4fe7e53 0.246s
2024-12-10 19:23:38.269 65461 INFO tempest.lib.common.rest_client [req-0f2cc09d-afa4-4c8a-b493-69d7144702e4 req-0f2cc09d-afa4-4c8a-b493-69d7144702e4 ] Request (ServersNegativeTestMultiTenantJSON:tearDownClass): 204 DELETE http://10.180.1.21:9696/networking/v2.0/security-groups/00686d2b-ca81-44ef-a993-f9b4b95dabca 0.129s
2024-12-10 19:23:38.275 65503 INFO tempest.lib.common.rest_client [req-457bbc79-371d-4338-9029-7fc2ffa8fa58 req-457bbc79-371d-4338-9029-7fc2ffa8fa58 ] Request (InstanceActionsTestJSON:setUpClass): 200 GET http://10.180.1.21/compute/v2.1/servers/416661b2-bf18-4e01-a7a2-ca928201ffe5 0.198s
2024-12-10 19:23:38.311 65493 INFO tempest.lib.common.rest_client [req-2658d677-dd33-49ef-b46a-8e960312b57d req-2658d677-dd33-49ef-b46a-8e960312b57d ] Request (AttachInterfacesV270Test:test_create_get_list_interfaces): 200 GET http://10.180.1.21/compute/v2.1/servers/a13b7d16-ca6c-4539-bf6c-750ba6765254 0.322s
2024-12-10 19:23:38.324 65453 INFO tempest.lib.common.rest_client [req-693f0f6f-ac0c-4399-87cf-199f0594f3b4 req-693f0f6f-ac0c-4399-87cf-199f0594f3b4 ] Request (FloatingIPsAssociationTestJSON:test_associate_already_associated_floating_ip): 200 GET http://10.180.1.21/compute/v2.1/servers/7bdf55bc-9458-455e-8cad-56c7e895b5cc 0.184s
2024-12-10 19:23:38.383 65461 INFO tempest.lib.common.rest_client [req-7a0cc999-0ecf-436f-ad85-a48dfc470cbd req-7a0cc999-0ecf-436f-ad85-a48dfc470cbd ] Request (ServersNegativeTestMultiTenantJSON:tearDownClass): 204 DELETE http://10.180.1.21/identity/v3/projects/23f382c588bd4e96886c6c29aca848f9 0.113s
2024-12-10 19:23:38.384 65461 INFO tempest.test [-] raised in AttachVolumeMultiAttachTest.setUpClass. Invoking tearDownClass.
2024-12-10 19:23:38.389 65471 INFO tempest.lib.common.rest_client [req-45587cd8-6e54-4567-adda-74c41a579133 req-45587cd8-6e54-4567-adda-74c41a579133 ] Request (ListImageFiltersTestJSON:tearDownClass): 200 GET http://10.180.1.21/compute/v2.1/servers/ca56abe8-e25d-4265-97ba-302492fa3660 0.191s
2024-12-10 19:23:38.423 65477 INFO tempest.lib.common.rest_client [req-ff47c2b0-4ade-494c-80c9-9308baae82df req-ff47c2b0-4ade-494c-80c9-9308baae82df ] Request (ListServerFiltersTestJSON:test_list_servers_detailed_limit_results): 200 GET http://10.180.1.21/compute/v2.1/servers/detail?limit=1 0.269s
2024-12-10 19:23:38.452 65447 INFO tempest.lib.common.rest_client [req-bc6a477d-d52f-4137-bbfe-dec04b4b08f3 req-bc6a477d-d52f-4137-bbfe-dec04b4b08f3 ] Request (VolumesAssistedSnapshotsTest:tearDownClass): 200 GET http://10.180.1.21/compute/v2.1/servers/91f1486c-8f22-4844-8bef-1e08cfd08030 0.231s
2024-12-10 19:23:38.497 65463 INFO tempest.lib.common.rest_client [req-3a93ff33-b24c-430e-86f7-f6a956b7cfd8 req-3a93ff33-b24c-430e-86f7-f6a956b7cfd8 ] Request (ServerRescueTestJSONUnderV235:setUpClass): 200 GET http://10.180.1.21/compute/v2.1/servers/3fa0236a-1a4c-4545-8dee-67fbe3088153 0.234s
2024-12-10 19:23:38.549 65489 INFO tempest.lib.common.rest_client [req-f20809c0-bc7a-49b7-94ad-f323db61bd79 req-f20809c0-bc7a-49b7-94ad-f323db61bd79 ] Request (ServerActionsTestOtherB:setUp): 200 GET http://10.180.1.21/compute/v2.1/servers/ebc7284b-8da1-43e7-9a17-9572e4fe7e53 0.321s
2024-12-10 19:23:38.573 65481 INFO tempest.lib.common.rest_client [req-da47f644-c0f6-4964-8f5d-424d7e0bb62a req-da47f644-c0f6-4964-8f5d-424d7e0bb62a ] Request (ServersWithSpecificFlavorTestJSON:test_verify_created_server_ephemeral_disk): 200 GET http://10.180.1.21/compute/v2.1/servers/d38527ec-8de0-48e6-9e96-b277704c3933 0.293s
2024-12-10 19:23:38.606 65501 INFO tempest.lib.common.rest_client [req-0d78e367-0a34-4ee2-9bd0-3d0ae4801f32 req-0d78e367-0a34-4ee2-9bd0-3d0ae4801f32 ] Request (ServerMetadataTestJSON:tearDownClass): 200 GET http://10.180.1.21/compute/v2.1/servers/4f6686a9-12ad-460d-b826-1bb36f7b8e58 0.271s
2024-12-10 19:23:38.637 65507 INFO tempest.lib.common.rest_client [req-493a2a78-2200-4927-8743-8efb957f3105 req-493a2a78-2200-4927-8743-8efb957f3105 ] Request (ServersTestJSON:tearDownClass): 200 GET http://10.180.1.21/compute/v2.1/servers/1fd87373-b39e-468a-b509-f9021f787282 0.291s
2024-12-10 19:23:38.658 65473 INFO tempest.lib.common.rest_client [req-d856dd1a-4744-4729-8278-87fb7da3810e req-d856dd1a-4744-4729-8278-87fb7da3810e ] Request (DeleteServersTestJSON:test_delete_server_while_in_shelved_state): 200 GET http://10.180.1.21/compute/v2.1/servers/37cd43dd-d403-4673-b40c-52cbc993ba5b 0.266s
2024-12-10 19:23:38.716 65455 INFO tempest.lib.common.rest_client [req-faff3dbf-9114-4f12-ae9c-c202f4f67255 req-faff3dbf-9114-4f12-ae9c-c202f4f67255 ] Request (ServersTestFqdnHostnames:tearDownClass): 200 GET http://10.180.1.21/compute/v2.1/servers/2ef47ef2-763a-42af-954d-748f91ebc732 0.275s
2024-12-10 19:23:38.718 65477 INFO tempest.lib.common.rest_client [req-a2fea57a-bc70-4e82-b686-1c2995ce5cdf req-a2fea57a-bc70-4e82-b686-1c2995ce5cdf ] Request (ListServerFiltersTestJSON:test_list_servers_filter_by_active_status): 200 GET http://10.180.1.21/compute/v2.1/servers?status=active 0.276s
2024-12-10 19:23:38.723 65455 INFO tempest.common.waiters [-] State transition "ACTIVE/deleting" ==> "DELETED/None" after 6 second wait
2024-12-10 19:23:38.767 65449 INFO tempest.lib.common.rest_client [req-b219d2ee-6cee-4bb6-83c9-0fbc1c60b9d2 req-b219d2ee-6cee-4bb6-83c9-0fbc1c60b9d2 ] Request (ServersAdminTestJSON:test_inject_network_info): 200 GET http://10.180.1.21/compute/v2.1/servers/af281b60-1bae-489d-8363-853112ca6f23 0.249s
2024-12-10 19:23:38.811 65457 INFO tempest.lib.common.rest_client [req-2e3e0dca-f5ee-4870-be49-6ce27a7fae5e req-2e3e0dca-f5ee-4870-be49-6ce27a7fae5e ] Request (AttachInterfacesTestJSON:test_create_list_show_delete_interfaces_by_fixed_ip): 200 GET http://10.180.1.21/compute/v2.1/servers/bb6150c2-75de-4147-8831-fbe9122f8aac 0.244s
2024-12-10 19:23:38.897 65465 INFO tempest.lib.common.rest_client [req-e6665f99-059c-4a28-a770-69924c8a6159 req-e6665f99-059c-4a28-a770-69924c8a6159 ] Request (MultipleCreateTestJSON:test_multiple_create_with_reservation_return): 200 GET http://10.180.1.21/compute/v2.1/servers/d75e5a33-50fd-490e-b0d2-9242a25d32a3 0.193s
2024-12-10 19:23:38.903 65465 INFO tempest.common.waiters [-] State transition "BUILD/block_device_mapping" ==> "BUILD/spawning" after 72 second wait
2024-12-10 19:23:38.950 65477 INFO tempest.lib.common.rest_client [req-da834533-7e63-4edd-8863-b022b3113117 req-da834533-7e63-4edd-8863-b022b3113117 ] Request (ListServerFiltersTestJSON:test_list_servers_filter_by_exceed_limit): 200 GET http://10.180.1.21/compute/v2.1/servers?limit=100000 0.229s
2024-12-10 19:23:39.070 65451 INFO tempest.lib.common.rest_client [req-35d66a50-fd59-4f0b-aae9-425336d9c1be req-35d66a50-fd59-4f0b-aae9-425336d9c1be ] Request (ServersTestBootFromVolume:setUpClass): 200 GET http://10.180.1.21/compute/v2.1/servers/6451a7b7-2219-4159-9046-0184d55a5c70 0.264s
2024-12-10 19:23:39.157 65489 INFO tempest.lib.common.rest_client [req-3a048763-4db1-4cd5-8fb6-f2a587d2ae1b req-3a048763-4db1-4cd5-8fb6-f2a587d2ae1b ] Request (ServerActionsTestOtherB:test_create_backup): 202 POST http://10.180.1.21/compute/v2.1/servers/ebc7284b-8da1-43e7-9a17-9572e4fe7e53/action 0.602s
2024-12-10 19:23:39.173 65469 INFO tempest.lib.common.rest_client [req-0a1f3b5f-d005-4ddb-bb48-d1b41ff16f92 req-0a1f3b5f-d005-4ddb-bb48-d1b41ff16f92 ] Request (ServerDiskConfigTestJSON:test_rebuild_server_with_auto_disk_config): 200 GET http://10.180.1.21/compute/v2.1/servers/8a1a54ef-36e9-4999-866d-dc2a0e95ecb8 0.312s
2024-12-10 19:23:39.181 65489 INFO tempest.lib.common.rest_client [req-85230dc7-0862-415d-86bc-e56c234c465e req-85230dc7-0862-415d-86bc-e56c234c465e ] Request (ServerActionsTestOtherB:test_create_backup): 200 GET http://10.180.1.21/image/v2/images/dd3e0a63-0883-4b94-ad78-d90dad6fa1bf 0.023s
2024-12-10 19:23:39.229 65477 INFO tempest.lib.common.rest_client [req-7a144b3f-9150-45a6-9f2e-5be711b5261f req-7a144b3f-9150-45a6-9f2e-5be711b5261f ] Request (ListServerFiltersTestJSON:test_list_servers_filter_by_exceed_limit): 200 GET http://10.180.1.21/compute/v2.1/servers 0.277s
2024-12-10 19:23:39.242 65491 INFO tempest.lib.common.rest_client [req-c3ebd620-eaaf-4f74-b840-a1475c37b106 req-c3ebd620-eaaf-4f74-b840-a1475c37b106 ] Request (DeleteServersAdminTestJSON:test_admin_delete_servers_of_others): 200 GET http://10.180.1.21/compute/v2.1/servers/34d5541e-7fbf-499e-b552-78ad1c0e4ab6 0.311s
2024-12-10 19:23:39.287 65467 INFO tempest.lib.common.rest_client [req-34cec8f0-11df-4cd1-86c1-faab313437bf req-34cec8f0-11df-4cd1-86c1-faab313437bf ] Request (ImagesNegativeTestJSON:test_create_image_from_deleted_server): 200 GET http://10.180.1.21/compute/v2.1/servers/f5c15175-f2d1-4e11-a11c-8bee5cd69390 0.256s
2024-12-10 19:23:39.289 65479 INFO tempest.lib.common.rest_client [req-ca4ad790-6ffb-47a8-b70f-1b13749e7b7d req-ca4ad790-6ffb-47a8-b70f-1b13749e7b7d ] Request (MigrationsAdminTest:test_resize_server_revert_deleted_flavor): 200 GET http://10.180.1.21/compute/v2.1/servers/a95a65fd-cc81-4780-964d-fd0af5e1623b 0.202s
2024-12-10 19:23:39.373 65503 INFO tempest.lib.common.rest_client [req-0628f6c7-1cb3-4939-be65-af472076f29c req-0628f6c7-1cb3-4939-be65-af472076f29c ] Request (InstanceActionsTestJSON:setUpClass): 200 GET http://10.180.1.21/compute/v2.1/servers/416661b2-bf18-4e01-a7a2-ca928201ffe5 0.087s
2024-12-10 19:23:39.383 65477 INFO tempest.lib.common.rest_client [req-154a86d5-532a-4613-8bb6-a84a98434cd4 req-154a86d5-532a-4613-8bb6-a84a98434cd4 ] Request (ListServerFiltersTestJSON:test_list_servers_filter_by_flavor): 200 GET http://10.180.1.21/compute/v2.1/servers?flavor=84 0.147s
2024-12-10 19:23:39.431 65453 INFO tempest.lib.common.rest_client [req-0b82ef2c-2faa-436c-9ca7-df9de17eb77a req-0b82ef2c-2faa-436c-9ca7-df9de17eb77a ] Request (FloatingIPsAssociationTestJSON:test_associate_already_associated_floating_ip): 200 GET http://10.180.1.21/compute/v2.1/servers/7bdf55bc-9458-455e-8cad-56c7e895b5cc 0.099s
2024-12-10 19:23:39.456 65477 INFO tempest.lib.common.rest_client [req-ae0dc96f-7a88-4f29-84ae-f4f399491ebd req-ae0dc96f-7a88-4f29-84ae-f4f399491ebd ] Request (ListServerFiltersTestJSON:test_list_servers_filter_by_limit): 200 GET http://10.180.1.21/compute/v2.1/servers?limit=1 0.070s
2024-12-10 19:23:39.476 65493 INFO tempest.lib.common.rest_client [req-3a8caab7-ef8f-4b15-9a5d-b20c406777ec req-3a8caab7-ef8f-4b15-9a5d-b20c406777ec ] Request (AttachInterfacesV270Test:test_create_get_list_interfaces): 200 GET http://10.180.1.21/compute/v2.1/servers/a13b7d16-ca6c-4539-bf6c-750ba6765254 0.155s
2024-12-10 19:23:39.485 65493 INFO tempest.common.waiters [-] State transition "BUILD/spawning" ==> "ACTIVE/None" after 92 second wait
2024-12-10 19:23:39.514 65471 INFO tempest.lib.common.rest_client [req-8ee083e4-4bec-420d-8bb0-f351320d4845 req-8ee083e4-4bec-420d-8bb0-f351320d4845 ] Request (ListImageFiltersTestJSON:tearDownClass): 200 GET http://10.180.1.21/compute/v2.1/servers/ca56abe8-e25d-4265-97ba-302492fa3660 0.118s
2024-12-10 19:23:39.568 65447 INFO tempest.lib.common.rest_client [req-0833b2aa-2d52-421c-9334-461282c25723 req-0833b2aa-2d52-421c-9334-461282c25723 ] Request (VolumesAssistedSnapshotsTest:tearDownClass): 200 GET http://10.180.1.21/compute/v2.1/servers/91f1486c-8f22-4844-8bef-1e08cfd08030 0.106s
2024-12-10 19:23:39.570 65477 INFO tempest.lib.common.rest_client [req-54d23de7-47db-4ff4-98e4-09d6c6f68e32 req-54d23de7-47db-4ff4-98e4-09d6c6f68e32 ] Request (ListServerFiltersTestJSON:test_list_servers_filter_by_server_name): 200 GET http://10.180.1.21/compute/v2.1/servers?name=tempest-ListServerFiltersTestJSON-instance-997935516 0.111s
2024-12-10 19:23:39.630 65463 INFO tempest.lib.common.rest_client [req-ecc6fdde-aeeb-4533-b787-1a6f01a897c6 req-ecc6fdde-aeeb-4533-b787-1a6f01a897c6 ] Request (ServerRescueTestJSONUnderV235:setUpClass): 200 GET http://10.180.1.21/compute/v2.1/servers/3fa0236a-1a4c-4545-8dee-67fbe3088153 0.125s
2024-12-10 19:23:39.641 65463 INFO tempest.common.waiters [-] State transition "BUILD/None" ==> "BUILD/networking" after 70 second wait
2024-12-10 19:23:39.727 65477 INFO tempest.lib.common.rest_client [req-95b12098-e407-4fca-b1cb-7d5aeefd3a9d req-95b12098-e407-4fca-b1cb-7d5aeefd3a9d ] Request (ListServerFiltersTestJSON:test_list_servers_filter_by_shutoff_status): 202 POST http://10.180.1.21/compute/v2.1/servers/080b8050-abea-4f11-9a8a-125476d5a9e4/action 0.154s
2024-12-10 19:23:39.791 65481 INFO tempest.lib.common.rest_client [req-9750bed3-5ca3-4ec3-b08b-950b850e828a req-9750bed3-5ca3-4ec3-b08b-950b850e828a ] Request (ServersWithSpecificFlavorTestJSON:test_verify_created_server_ephemeral_disk): 200 GET http://10.180.1.21/compute/v2.1/servers/d38527ec-8de0-48e6-9e96-b277704c3933 0.210s
2024-12-10 19:23:39.847 65501 INFO tempest.lib.common.rest_client [req-e415ddd8-6a87-4dd9-a87d-69bd35b09bb7 req-e415ddd8-6a87-4dd9-a87d-69bd35b09bb7 ] Request (ServerMetadataTestJSON:tearDownClass): 200 GET http://10.180.1.21/compute/v2.1/servers/4f6686a9-12ad-460d-b826-1bb36f7b8e58 0.231s
2024-12-10 19:23:39.903 65507 INFO tempest.lib.common.rest_client [req-7875670d-d919-4c68-b855-276d96114907 req-7875670d-d919-4c68-b855-276d96114907 ] Request (ServersTestJSON:tearDownClass): 200 GET http://10.180.1.21/compute/v2.1/servers/1fd87373-b39e-468a-b509-f9021f787282 0.254s
2024-12-10 19:23:39.947 65473 INFO tempest.lib.common.rest_client [req-e3f2b823-afeb-44af-b67a-00a967107484 req-e3f2b823-afeb-44af-b67a-00a967107484 ] Request (DeleteServersTestJSON:test_delete_server_while_in_shelved_state): 200 GET http://10.180.1.21/compute/v2.1/servers/37cd43dd-d403-4673-b40c-52cbc993ba5b 0.281s
2024-12-10 19:23:40.020 65455 INFO tempest.lib.common.rest_client [req-22e77ba3-063f-41c7-ab58-56f65fa3fd90 req-22e77ba3-063f-41c7-ab58-56f65fa3fd90 ] Request (ServersTestFqdnHostnames:tearDownClass): 200 GET http://10.180.1.21/compute/v2.1/servers/2ef47ef2-763a-42af-954d-748f91ebc732 0.297s
2024-12-10 19:23:40.154 65477 INFO tempest.lib.common.rest_client [req-a9071ca6-c76d-4d4b-8ac4-c2e9ee4a4d02 req-a9071ca6-c76d-4d4b-8ac4-c2e9ee4a4d02 ] Request (ListServerFiltersTestJSON:test_list_servers_filter_by_shutoff_status): 200 GET http://10.180.1.21/compute/v2.1/servers/080b8050-abea-4f11-9a8a-125476d5a9e4 0.426s
2024-12-10 19:23:40.207 65489 INFO tempest.lib.common.rest_client [req-4a12a30c-edc1-491f-99bd-9c722ad84212 req-4a12a30c-edc1-491f-99bd-9c722ad84212 ] Request (ServerActionsTestOtherB:test_create_backup): 200 GET http://10.180.1.21/image/v2/images/dd3e0a63-0883-4b94-ad78-d90dad6fa1bf 0.024s
2024-12-10 19:23:40.215 65449 INFO tempest.lib.common.rest_client [req-f0464dcf-62e0-4eda-95dc-0a17c1499634 req-f0464dcf-62e0-4eda-95dc-0a17c1499634 ] Request (ServersAdminTestJSON:test_inject_network_info): 200 GET http://10.180.1.21/compute/v2.1/servers/af281b60-1bae-489d-8363-853112ca6f23 0.441s
2024-12-10 19:23:40.262 65457 INFO tempest.lib.common.rest_client [req-f3e3191d-5456-49b2-b683-5ec861f13ed3 req-f3e3191d-5456-49b2-b683-5ec861f13ed3 ] Request (AttachInterfacesTestJSON:test_create_list_show_delete_interfaces_by_fixed_ip): 200 GET http://10.180.1.21/compute/v2.1/servers/bb6150c2-75de-4147-8831-fbe9122f8aac 0.442s
2024-12-10 19:23:40.367 65465 INFO tempest.lib.common.rest_client [req-fa495531-fe41-4f1b-97ca-257efad7e2c0 req-fa495531-fe41-4f1b-97ca-257efad7e2c0 ] Request (MultipleCreateTestJSON:test_multiple_create_with_reservation_return): 200 GET http://10.180.1.21/compute/v2.1/servers/d75e5a33-50fd-490e-b0d2-9242a25d32a3 0.462s
2024-12-10 19:23:40.468 65451 INFO tempest.lib.common.rest_client [req-0018d0bf-0834-42fa-91c6-383fe11b3e5b req-0018d0bf-0834-42fa-91c6-383fe11b3e5b ] Request (ServersTestBootFromVolume:setUpClass): 200 GET http://10.180.1.21/compute/v2.1/servers/6451a7b7-2219-4159-9046-0184d55a5c70 0.389s
2024-12-10 19:23:40.475 65451 INFO tempest.common.waiters [-] State transition "BUILD/spawning" ==> "ACTIVE/None" after 84 second wait
2024-12-10 19:23:40.520 65469 INFO tempest.lib.common.rest_client [req-ab76fdb1-d821-4a16-96cb-635661ad142b req-ab76fdb1-d821-4a16-96cb-635661ad142b ] Request (ServerDiskConfigTestJSON:test_rebuild_server_with_auto_disk_config): 200 GET http://10.180.1.21/compute/v2.1/servers/8a1a54ef-36e9-4999-866d-dc2a0e95ecb8 0.338s
2024-12-10 19:23:40.544 65491 INFO tempest.lib.common.rest_client [req-c3094fb3-2630-4322-9935-f062c73bc9fa req-c3094fb3-2630-4322-9935-f062c73bc9fa ] Request (DeleteServersAdminTestJSON:test_admin_delete_servers_of_others): 404 GET http://10.180.1.21/compute/v2.1/servers/34d5541e-7fbf-499e-b552-78ad1c0e4ab6 0.294s
2024-12-10 19:23:40.590 65467 INFO tempest.lib.common.rest_client [req-089d1287-0942-44cb-bed5-c447025badc4 req-089d1287-0942-44cb-bed5-c447025badc4 ] Request (ImagesNegativeTestJSON:test_create_image_from_deleted_server): 200 GET http://10.180.1.21/compute/v2.1/servers/f5c15175-f2d1-4e11-a11c-8bee5cd69390 0.297s
2024-12-10 19:23:40.613 65491 INFO tempest.lib.common.rest_client [req-72bf53a8-0978-4959-8afa-6c4bf40fca23 req-72bf53a8-0978-4959-8afa-6c4bf40fca23 ] Request (DeleteServersAdminTestJSON:test_delete_server_while_in_error_state): 201 POST http://10.180.1.21/identity/v3/auth/tokens 0.064s
2024-12-10 19:23:40.613 65491 INFO tempest.lib.common.fixed_network [-] (DeleteServersAdminTestJSON:test_delete_server_while_in_error_state) Found network None available for tenant
2024-12-10 19:23:40.639 65479 INFO tempest.lib.common.rest_client [req-0ebe1fe9-97a7-4593-91bd-7b886702b972 req-0ebe1fe9-97a7-4593-91bd-7b886702b972 ] Request (MigrationsAdminTest:test_resize_server_revert_deleted_flavor): 200 GET http://10.180.1.21/compute/v2.1/servers/a95a65fd-cc81-4780-964d-fd0af5e1623b 0.340s
2024-12-10 19:23:40.679 65503 INFO tempest.lib.common.rest_client [req-39ae154b-7cbb-44c9-a8fd-58e28903e93a req-39ae154b-7cbb-44c9-a8fd-58e28903e93a ] Request (InstanceActionsTestJSON:setUpClass): 200 GET http://10.180.1.21/compute/v2.1/servers/416661b2-bf18-4e01-a7a2-ca928201ffe5 0.299s
2024-12-10 19:23:40.686 65503 INFO tempest.common.waiters [-] State transition "BUILD/scheduling" ==> "BUILD/None" after 32 second wait
