2024-12-10 19:23:27.948 65493 INFO tempest.lib.common.rest_client [req-609fc721-059f-4e5c-a124-81cadb253ef9 req-609fc721-059f-4e5c-a124-81cadb253ef9 ] Request (AttachInterfacesV270Test:test_create_get_list_interfaces): 200 GET http://10.180.1.21/compute/v2.1/servers/a13b7d16-ca6c-4539-bf6c-750ba6765254 0.224s
2024-12-10 19:23:27.965 65453 INFO tempest.lib.common.rest_client [req-869376a2-27c4-4709-8f68-a5be3c66eb2d req-869376a2-27c4-4709-8f68-a5be3c66eb2d ] Request (FloatingIPsAssociationTestJSON:test_associate_already_associated_floating_ip): 201 POST http://10.180.1.21/identity/v3/auth/tokens 0.066s
2024-12-10 19:23:27.966 65453 INFO tempest.lib.common.fixed_network [-] (FloatingIPsAssociationTestJSON:test_associate_already_associated_floating_ip) Found network {'id': 'd7b517fa-ee4b-49e6-acf7-efbc3b039229', 'name': 'tempest-FloatingIPsAssociationTestJSON-1544103160-network', 'tenant_id': '9f58252a6fc8449c9f720942b7b02ee3', 'admin_state_up': True, 'mtu': 8950, 'status': 'ACTIVE', 'subnets': [], 'shared': False, 'project_id': '9f58252a6fc8449c9f720942b7b02ee3', 'port_security_enabled': True, 'router:external': False, 'provider:network_type': 'vlan', 'provider:physical_network': 'default', 'provider:segmentation_id': 734, 'availability_zone_hints': [], 'availability_zones': [], 'ipv4_address_scope': None, 'ipv6_address_scope': None, 'description': '', 'tags': [], 'created_at': '2024-12-10T19:21:51Z', 'updated_at': '2024-12-10T19:21:51Z', 'revision_number': 1} available for tenant
2024-12-10 19:23:27.982 65463 INFO tempest.lib.common.rest_client [req-fda9d8ca-4ac5-4a77-96c7-5f905eaf4838 req-fda9d8ca-4ac5-4a77-96c7-5f905eaf4838 ] Request (ServerRescueTestJSONUnderV235:setUpClass): 200 GET http://10.180.1.21/compute/v2.1/servers/3fa0236a-1a4c-4545-8dee-67fbe3088153 0.196s
2024-12-10 19:23:27.993 65481 INFO tempest.lib.common.rest_client [req-d298a0c9-bc9f-4bd5-865f-ddf385843f9d req-d298a0c9-bc9f-4bd5-865f-ddf385843f9d ] Request (ServersWithSpecificFlavorTestJSON:test_verify_created_server_ephemeral_disk): 200 GET http://10.180.1.21/compute/v2.1/servers/d38527ec-8de0-48e6-9e96-b277704c3933 0.151s
2024-12-10 19:23:27.999 65481 INFO tempest.common.waiters [-] State transition "BUILD/scheduling" ==> "BUILD/None" after 33 second wait
2024-12-10 19:23:28.092 65507 INFO tempest.lib.common.rest_client [req-48c3da82-2816-4c88-bb97-d6cc9b165cc5 req-48c3da82-2816-4c88-bb97-d6cc9b165cc5 ] Request (ServersTestJSON:tearDownClass): 200 GET http://10.180.1.21/compute/v2.1/servers/1fd87373-b39e-468a-b509-f9021f787282 0.157s
2024-12-10 19:23:28.116 65477 INFO tempest.lib.common.rest_client [req-60c00080-839b-441f-a78e-d829af30ecc0 req-60c00080-839b-441f-a78e-d829af30ecc0 ] Request (ListServerFiltersTestJSON:setUpClass): 200 GET http://10.180.1.21/compute/v2.1/servers/b75ffa1f-f876-4e28-96ea-72e223d0c01a 0.221s
2024-12-10 19:23:28.122 65477 INFO tempest.common.waiters [-] State transition "BUILD/networking" ==> "BUILD/spawning" after 90 second wait
2024-12-10 19:23:28.174 65451 INFO tempest.lib.common.rest_client [req-d5b1b5d8-2dfc-4362-b8c8-79dd8f392bab req-d5b1b5d8-2dfc-4362-b8c8-79dd8f392bab ] Request (ServersTestBootFromVolume:setUpClass): 200 GET http://10.180.1.21/compute/v2.1/servers/6451a7b7-2219-4159-9046-0184d55a5c70 0.148s
2024-12-10 19:23:28.228 65449 INFO tempest.lib.common.rest_client [req-a5d4b97b-5337-4474-8ac5-7d6b4346c777 req-a5d4b97b-5337-4474-8ac5-7d6b4346c777 ] Request (ServersAdminTestJSON:test_inject_network_info): 200 GET http://10.180.1.21/compute/v2.1/servers/af281b60-1bae-489d-8363-853112ca6f23 0.140s
2024-12-10 19:23:28.285 65457 INFO tempest.lib.common.rest_client [req-a817cbdc-7b76-47c8-ab28-f2febf99bd94 req-a817cbdc-7b76-47c8-ab28-f2febf99bd94 ] Request (AttachInterfacesTestJSON:test_create_list_show_delete_interfaces_by_fixed_ip): 200 GET http://10.180.1.21/compute/v2.1/servers/bb6150c2-75de-4147-8831-fbe9122f8aac 0.140s
2024-12-10 19:23:28.341 65465 INFO tempest.lib.common.rest_client [req-3cd8752a-5b04-4f2b-a567-06aefd327920 req-3cd8752a-5b04-4f2b-a567-06aefd327920 ] Request (MultipleCreateTestJSON:test_multiple_create_with_reservation_return): 200 GET http://10.180.1.21/compute/v2.1/servers/d75e5a33-50fd-490e-b0d2-9242a25d32a3 0.130s
2024-12-10 19:23:28.390 65467 INFO tempest.lib.common.rest_client [req-b5970093-8fd5-49c6-b178-beaa514be796 req-b5970093-8fd5-49c6-b178-beaa514be796 ] Request (ImagesNegativeTestJSON:test_create_image_from_deleted_server): 200 GET http://10.180.1.21/compute/v2.1/servers/f5c15175-f2d1-4e11-a11c-8bee5cd69390 0.161s
2024-12-10 19:23:28.419 65453 INFO tempest.lib.common.rest_client [req-787c30eb-7d8a-45b5-a0ea-e7b0934222a0 req-787c30eb-7d8a-45b5-a0ea-e7b0934222a0 ] Request (FloatingIPsAssociationTestJSON:test_associate_already_associated_floating_ip): 202 POST http://10.180.1.21/compute/v2.1/servers 0.453s
2024-12-10 19:23:28.469 65491 INFO tempest.lib.common.rest_client [req-d7babfc5-9964-4d9f-b504-27de7a2c1593 req-d7babfc5-9964-4d9f-b504-27de7a2c1593 ] Request (DeleteServersAdminTestJSON:test_admin_delete_servers_of_others): 200 GET http://10.180.1.21/compute/v2.1/servers/34d5541e-7fbf-499e-b552-78ad1c0e4ab6 0.191s
2024-12-10 19:23:28.478 65469 INFO tempest.lib.common.rest_client [req-cc0e3a18-8690-4f52-b7d9-f9db63cdad68 req-cc0e3a18-8690-4f52-b7d9-f9db63cdad68 ] Request (ServerDiskConfigTestJSON:test_rebuild_server_with_auto_disk_config): 200 GET http://10.180.1.21/compute/v2.1/servers/8a1a54ef-36e9-4999-866d-dc2a0e95ecb8 0.138s
2024-12-10 19:23:28.518 65453 INFO tempest.lib.common.rest_client [req-5105f07a-7bf1-41bd-873f-72b9fa3778b4 req-5105f07a-7bf1-41bd-873f-72b9fa3778b4 ] Request (FloatingIPsAssociationTestJSON:test_associate_already_associated_floating_ip): 200 GET http://10.180.1.21/compute/v2.1/servers/7bdf55bc-9458-455e-8cad-56c7e895b5cc 0.097s
2024-12-10 19:23:28.519 65479 INFO tempest.lib.common.rest_client [req-df811090-3fea-43c0-8965-9adb346e8f29 req-df811090-3fea-43c0-8965-9adb346e8f29 ] Request (MigrationsAdminTest:test_resize_server_revert_deleted_flavor): 200 GET http://10.180.1.21/compute/v2.1/servers/a95a65fd-cc81-4780-964d-fd0af5e1623b 0.118s
2024-12-10 19:23:28.574 65473 INFO tempest.lib.common.rest_client [req-a0030db7-8988-44cb-be3e-b8516690c9ea req-a0030db7-8988-44cb-be3e-b8516690c9ea ] Request (DeleteServersTestJSON:test_delete_server_while_in_attached_volume): 200 GET http://10.180.1.21/compute/v2.1/servers/bd01290a-44df-4f2a-8d72-d3f772cd4ee9 0.102s
2024-12-10 19:23:28.595 65485 INFO tempest.lib.common.rest_client [req-458cb7f3-1fb1-4670-80ed-ceb423a3d52c req-458cb7f3-1fb1-4670-80ed-ceb423a3d52c ] Request (TenantUsagesTestJSON:tearDownClass): 200 GET http://10.180.1.21/compute/v2.1/servers/34793292-f90e-42b4-b20d-0daf23faf552 0.055s
2024-12-10 19:23:28.648 65503 INFO tempest.lib.common.rest_client [req-3345af67-9c0b-4fd7-b3b6-bc2330275150 req-3345af67-9c0b-4fd7-b3b6-bc2330275150 ] Request (InstanceActionsTestJSON:setUpClass): 200 GET http://10.180.1.21/compute/v2.1/servers/416661b2-bf18-4e01-a7a2-ca928201ffe5 0.053s
2024-12-10 19:23:28.738 65471 INFO tempest.lib.common.rest_client [req-6ca5d550-77a8-4bbf-95c0-8a72720fa0e9 req-6ca5d550-77a8-4bbf-95c0-8a72720fa0e9 ] Request (ListImageFiltersTestJSON:tearDownClass): 200 GET http://10.180.1.21/compute/v2.1/servers/ca56abe8-e25d-4265-97ba-302492fa3660 0.064s
2024-12-10 19:23:28.802 65447 INFO tempest.lib.common.rest_client [req-ca4e1b54-4fd6-4572-9cfd-3ca90e302d6b req-ca4e1b54-4fd6-4572-9cfd-3ca90e302d6b ] Request (VolumesAssistedSnapshotsTest:tearDownClass): 200 GET http://10.180.1.21/compute/v2.1/servers/91f1486c-8f22-4844-8bef-1e08cfd08030 0.065s
2024-12-10 19:23:28.848 65461 INFO tempest.lib.common.rest_client [req-c1d66f05-24bb-44a1-8939-5ee507f4b41c req-c1d66f05-24bb-44a1-8939-5ee507f4b41c ] Request (ServersNegativeTestMultiTenantJSON:tearDownClass): 200 GET http://10.180.1.21/compute/v2.1/servers/ccc4782f-6f25-4050-a17c-fce1569dc9bd 0.059s
2024-12-10 19:23:28.948 65501 INFO tempest.lib.common.rest_client [req-8ad7a63d-0faa-47fc-94da-e82de9daddf1 req-8ad7a63d-0faa-47fc-94da-e82de9daddf1 ] Request (ServerMetadataTestJSON:tearDownClass): 200 GET http://10.180.1.21/compute/v2.1/servers/4f6686a9-12ad-460d-b826-1bb36f7b8e58 0.085s
2024-12-10 19:23:29.030 65493 INFO tempest.lib.common.rest_client [req-b56e8cda-5a59-4a84-8539-247e343b4529 req-b56e8cda-5a59-4a84-8539-247e343b4529 ] Request (AttachInterfacesV270Test:test_create_get_list_interfaces): 200 GET http://10.180.1.21/compute/v2.1/servers/a13b7d16-ca6c-4539-bf6c-750ba6765254 0.072s
2024-12-10 19:23:29.045 65463 INFO tempest.lib.common.rest_client [req-31753042-a0d0-4fd7-9479-28f1d7292b3c req-31753042-a0d0-4fd7-9479-28f1d7292b3c ] Request (ServerRescueTestJSONUnderV235:setUpClass): 200 GET http://10.180.1.21/compute/v2.1/servers/3fa0236a-1a4c-4545-8dee-67fbe3088153 0.056s
2024-12-10 19:23:29.085 65481 INFO tempest.lib.common.rest_client [req-42b54893-50b0-466f-9bf8-c686ec9c445b req-42b54893-50b0-466f-9bf8-c686ec9c445b ] Request (ServersWithSpecificFlavorTestJSON:test_verify_created_server_ephemeral_disk): 200 GET http://10.180.1.21/compute/v2.1/servers/d38527ec-8de0-48e6-9e96-b277704c3933 0.084s
2024-12-10 19:23:29.207 65507 INFO tempest.lib.common.rest_client [req-5a468718-b8b5-4737-ad79-62fe5e63654d req-5a468718-b8b5-4737-ad79-62fe5e63654d ] Request (ServersTestJSON:tearDownClass): 200 GET http://10.180.1.21/compute/v2.1/servers/1fd87373-b39e-468a-b509-f9021f787282 0.107s
2024-12-10 19:23:29.227 65477 INFO tempest.lib.common.rest_client [req-35e739d8-cb03-4e46-ae5e-0d9623a93aa0 req-35e739d8-cb03-4e46-ae5e-0d9623a93aa0 ] Request (ListServerFiltersTestJSON:setUpClass): 200 GET http://10.180.1.21/compute/v2.1/servers/b75ffa1f-f876-4e28-96ea-72e223d0c01a 0.104s
2024-12-10 19:23:29.249 65451 INFO tempest.lib.common.rest_client [req-afcd69b7-66cb-44b1-8f07-061f5da40988 req-afcd69b7-66cb-44b1-8f07-061f5da40988 ] Request (ServersTestBootFromVolume:setUpClass): 200 GET http://10.180.1.21/compute/v2.1/servers/6451a7b7-2219-4159-9046-0184d55a5c70 0.064s
2024-12-10 19:23:29.291 65449 INFO tempest.lib.common.rest_client [req-ac6ebd05-a7d4-4143-a744-3344bebd7815 req-ac6ebd05-a7d4-4143-a744-3344bebd7815 ] Request (ServersAdminTestJSON:test_inject_network_info): 200 GET http://10.180.1.21/compute/v2.1/servers/af281b60-1bae-489d-8363-853112ca6f23 0.045s
2024-12-10 19:23:29.347 65457 INFO tempest.lib.common.rest_client [req-6d1149db-d59a-4672-bc02-142f3a33161f req-6d1149db-d59a-4672-bc02-142f3a33161f ] Request (AttachInterfacesTestJSON:test_create_list_show_delete_interfaces_by_fixed_ip): 200 GET http://10.180.1.21/compute/v2.1/servers/bb6150c2-75de-4147-8831-fbe9122f8aac 0.049s
2024-12-10 19:23:29.395 65465 INFO tempest.lib.common.rest_client [req-d9349478-40eb-4fdd-b651-541d900cff9b req-d9349478-40eb-4fdd-b651-541d900cff9b ] Request (MultipleCreateTestJSON:test_multiple_create_with_reservation_return): 200 GET http://10.180.1.21/compute/v2.1/servers/d75e5a33-50fd-490e-b0d2-9242a25d32a3 0.046s
2024-12-10 19:23:29.452 65467 INFO tempest.lib.common.rest_client [req-3ce16a92-b87b-4315-b710-6442bf645197 req-3ce16a92-b87b-4315-b710-6442bf645197 ] Request (ImagesNegativeTestJSON:test_create_image_from_deleted_server): 200 GET http://10.180.1.21/compute/v2.1/servers/f5c15175-f2d1-4e11-a11c-8bee5cd69390 0.050s
2024-12-10 19:23:29.542 65469 INFO tempest.lib.common.rest_client [req-d188a4d8-7d62-41f1-8532-4f041068f257 req-d188a4d8-7d62-41f1-8532-4f041068f257 ] Request (ServerDiskConfigTestJSON:test_rebuild_server_with_auto_disk_config): 200 GET http://10.180.1.21/compute/v2.1/servers/8a1a54ef-36e9-4999-866d-dc2a0e95ecb8 0.055s
2024-12-10 19:23:29.544 65491 INFO tempest.lib.common.rest_client [req-6c35df20-682e-444c-889a-e3b8524572f3 req-6c35df20-682e-444c-889a-e3b8524572f3 ] Request (DeleteServersAdminTestJSON:test_admin_delete_servers_of_others): 200 GET http://10.180.1.21/compute/v2.1/servers/34d5541e-7fbf-499e-b552-78ad1c0e4ab6 0.063s
2024-12-10 19:23:29.596 65479 INFO tempest.lib.common.rest_client [req-cd063e64-a888-4ae4-b942-85318a12a79f req-cd063e64-a888-4ae4-b942-85318a12a79f ] Request (MigrationsAdminTest:test_resize_server_revert_deleted_flavor): 200 GET http://10.180.1.21/compute/v2.1/servers/a95a65fd-cc81-4780-964d-fd0af5e1623b 0.068s
2024-12-10 19:23:29.599 65453 INFO tempest.lib.common.rest_client [req-911ffebe-8b0b-4855-a715-798292b74e91 req-911ffebe-8b0b-4855-a715-798292b74e91 ] Request (FloatingIPsAssociationTestJSON:test_associate_already_associated_floating_ip): 200 GET http://10.180.1.21/compute/v2.1/servers/7bdf55bc-9458-455e-8cad-56c7e895b5cc 0.074s
2024-12-10 19:23:29.624 65485 INFO tempest.lib.common.rest_client [req-5779ec37-8a4d-4ec1-8f35-5a9986393aea req-5779ec37-8a4d-4ec1-8f35-5a9986393aea ] Request (TenantUsagesTestJSON:tearDownClass): 404 GET http://10.180.1.21/compute/v2.1/servers/34793292-f90e-42b4-b20d-0daf23faf552 0.023s
2024-12-10 19:23:29.652 65473 INFO tempest.lib.common.rest_client [req-7e3e7df2-2b0f-4f0e-b1e1-7956d99eca0a req-7e3e7df2-2b0f-4f0e-b1e1-7956d99eca0a ] Request (DeleteServersTestJSON:test_delete_server_while_in_attached_volume): 200 GET http://10.180.1.21/compute/v2.1/servers/bd01290a-44df-4f2a-8d72-d3f772cd4ee9 0.072s
2024-12-10 19:23:29.712 65503 INFO tempest.lib.common.rest_client [req-0da531f9-d8eb-41aa-b5ac-3cf7da34afe2 req-0da531f9-d8eb-41aa-b5ac-3cf7da34afe2 ] Request (InstanceActionsTestJSON:setUpClass): 200 GET http://10.180.1.21/compute/v2.1/servers/416661b2-bf18-4e01-a7a2-ca928201ffe5 0.056s
2024-12-10 19:23:29.730 65485 INFO tempest.lib.common.rest_client [req-280eddb0-6295-4412-bef7-18b9b4bc8e86 req-280eddb0-6295-4412-bef7-18b9b4bc8e86 ] Request (TenantUsagesTestJSON:tearDownClass): 204 DELETE http://10.180.1.21/identity/v3/users/c78df1b20d764fe0a8447bc1e2974135 0.106s
2024-12-10 19:23:29.799 65471 INFO tempest.lib.common.rest_client [req-9cb59347-ab00-40cf-9fe0-6d664b55080b req-9cb59347-ab00-40cf-9fe0-6d664b55080b ] Request (ListImageFiltersTestJSON:tearDownClass): 200 GET http://10.180.1.21/compute/v2.1/servers/ca56abe8-e25d-4265-97ba-302492fa3660 0.054s
2024-12-10 19:23:29.819 65485 INFO tempest.lib.common.rest_client [req-651b68d4-d7c5-4291-ac60-3b06c439787f req-651b68d4-d7c5-4291-ac60-3b06c439787f ] Request (TenantUsagesTestJSON:tearDownClass): 204 DELETE http://10.180.1.21/identity/v3/users/3e7a2654c4bf4c3093d1b5dfe820e312 0.088s
2024-12-10 19:23:29.819 65485 INFO tempest.lib.common.dynamic_creds [-] Deleting project and security group for project: fade4ff89f9e49cfb3a0887b07f8e793
2024-12-10 19:23:29.865 65447 INFO tempest.lib.common.rest_client [req-283b92c0-3134-4fea-80c0-80f5437148db req-283b92c0-3134-4fea-80c0-80f5437148db ] Request (VolumesAssistedSnapshotsTest:tearDownClass): 200 GET http://10.180.1.21/compute/v2.1/servers/91f1486c-8f22-4844-8bef-1e08cfd08030 0.056s
2024-12-10 19:23:29.877 65485 INFO tempest.lib.common.rest_client [req-aaaef369-3d26-4663-8001-4029906a8222 req-aaaef369-3d26-4663-8001-4029906a8222 ] Request (TenantUsagesTestJSON:tearDownClass): 201 POST http://10.180.1.21/identity/v3/auth/tokens 0.057s
2024-12-10 19:23:29.912 65461 INFO tempest.lib.common.rest_client [req-ee1c76b0-0826-48e9-9516-7dfa67243d2e req-ee1c76b0-0826-48e9-9516-7dfa67243d2e ] Request (ServersNegativeTestMultiTenantJSON:tearDownClass): 200 GET http://10.180.1.21/compute/v2.1/servers/ccc4782f-6f25-4050-a17c-fce1569dc9bd 0.056s
2024-12-10 19:23:29.991 65489 WARNING tempest.lib.common.ssh [-] Failed to establish authenticated ssh connection to cirros@10.180.180.166 ([Errno None] Unable to connect to port 22 on 10.180.180.166). Number attempts: 6. Retry after 7 seconds.: paramiko.ssh_exception.NoValidConnectionsError: [Errno None] Unable to connect to port 22 on 10.180.180.166
2024-12-10 19:23:30.034 65501 INFO tempest.lib.common.rest_client [req-f74ab07c-8c0c-4c63-b5f7-373cfebe4016 req-f74ab07c-8c0c-4c63-b5f7-373cfebe4016 ] Request (ServerMetadataTestJSON:tearDownClass): 200 GET http://10.180.1.21/compute/v2.1/servers/4f6686a9-12ad-460d-b826-1bb36f7b8e58 0.077s
2024-12-10 19:23:30.115 65463 INFO tempest.lib.common.rest_client [req-a6a1cd6a-5681-4469-b776-7962568b8c5d req-a6a1cd6a-5681-4469-b776-7962568b8c5d ] Request (ServerRescueTestJSONUnderV235:setUpClass): 200 GET http://10.180.1.21/compute/v2.1/servers/3fa0236a-1a4c-4545-8dee-67fbe3088153 0.063s
2024-12-10 19:23:30.167 65481 INFO tempest.lib.common.rest_client [req-67f5d936-72b3-49bc-bd8c-7af04027ed58 req-67f5d936-72b3-49bc-bd8c-7af04027ed58 ] Request (ServersWithSpecificFlavorTestJSON:test_verify_created_server_ephemeral_disk): 200 GET http://10.180.1.21/compute/v2.1/servers/d38527ec-8de0-48e6-9e96-b277704c3933 0.073s
2024-12-10 19:23:30.311 65507 INFO tempest.lib.common.rest_client [req-3205144f-894e-4c5c-a689-e749d9860883 req-3205144f-894e-4c5c-a689-e749d9860883 ] Request (ServersTestJSON:tearDownClass): 200 GET http://10.180.1.21/compute/v2.1/servers/1fd87373-b39e-468a-b509-f9021f787282 0.096s
2024-12-10 19:23:30.331 65485 INFO tempest.lib.common.rest_client [req-9ac8079b-a310-46c9-8703-c01f0775469e req-9ac8079b-a310-46c9-8703-c01f0775469e ] Request (TenantUsagesTestJSON:tearDownClass): 200 GET http://10.180.1.21:9696/networking/v2.0/security-groups?tenant_id=fade4ff89f9e49cfb3a0887b07f8e793&name=default 0.453s
2024-12-10 19:23:30.472 65485 INFO tempest.lib.common.rest_client [req-d9aa512b-e2fb-49a3-bfb9-94ac86320d64 req-d9aa512b-e2fb-49a3-bfb9-94ac86320d64 ] Request (TenantUsagesTestJSON:tearDownClass): 204 DELETE http://10.180.1.21:9696/networking/v2.0/security-groups/19ef93e1-96ed-488c-adaf-d12ccd5efe15 0.141s
2024-12-10 19:23:30.492 65477 INFO tempest.lib.common.rest_client [req-35787c57-0770-4e77-b61f-eafc3001cc1a req-35787c57-0770-4e77-b61f-eafc3001cc1a ] Request (ListServerFiltersTestJSON:setUpClass): 200 GET http://10.180.1.21/compute/v2.1/servers/b75ffa1f-f876-4e28-96ea-72e223d0c01a 0.257s
2024-12-10 19:23:30.541 65451 INFO tempest.lib.common.rest_client [req-f9499698-332d-473d-8bc2-d0029af06c5e req-f9499698-332d-473d-8bc2-d0029af06c5e ] Request (ServersTestBootFromVolume:setUpClass): 200 GET http://10.180.1.21/compute/v2.1/servers/6451a7b7-2219-4159-9046-0184d55a5c70 0.284s
2024-12-10 19:23:30.541 65493 INFO tempest.lib.common.rest_client [req-23af332f-7cbb-4830-898a-3064fc4fea35 req-23af332f-7cbb-4830-898a-3064fc4fea35 ] Request (AttachInterfacesV270Test:test_create_get_list_interfaces): 200 GET http://10.180.1.21/compute/v2.1/servers/a13b7d16-ca6c-4539-bf6c-750ba6765254 0.502s
2024-12-10 19:23:30.546 65485 INFO tempest.lib.common.rest_client [req-c1712935-ee4a-4f41-829b-30b65ba7f1e6 req-c1712935-ee4a-4f41-829b-30b65ba7f1e6 ] Request (TenantUsagesTestJSON:tearDownClass): 204 DELETE http://10.180.1.21/identity/v3/projects/fade4ff89f9e49cfb3a0887b07f8e793 0.073s
2024-12-10 19:23:30.546 65485 INFO tempest.lib.common.dynamic_creds [-] Deleting project and security group for project: 740baa2c41334e1e93622395809e72e7
2024-12-10 19:23:30.551 65493 INFO tempest.common.waiters [-] State transition "BUILD/None" ==> "BUILD/block_device_mapping" after 83 second wait
2024-12-10 19:23:30.573 65485 INFO tempest.lib.common.rest_client [req-0de62092-1f08-465f-98fe-2a73ca7da2d8 req-0de62092-1f08-465f-98fe-2a73ca7da2d8 ] Request (TenantUsagesTestJSON:tearDownClass): 200 GET http://10.180.1.21:9696/networking/v2.0/security-groups?tenant_id=740baa2c41334e1e93622395809e72e7&name=default 0.027s
2024-12-10 19:23:30.595 65449 INFO tempest.lib.common.rest_client [req-78740ed7-0343-4181-a824-70b7526302a6 req-78740ed7-0343-4181-a824-70b7526302a6 ] Request (ServersAdminTestJSON:test_inject_network_info): 200 GET http://10.180.1.21/compute/v2.1/servers/af281b60-1bae-489d-8363-853112ca6f23 0.295s
2024-12-10 19:23:30.607 65457 INFO tempest.lib.common.rest_client [req-b12309e9-9d21-4de5-b5d7-dd22d81e4208 req-b12309e9-9d21-4de5-b5d7-dd22d81e4208 ] Request (AttachInterfacesTestJSON:test_create_list_show_delete_interfaces_by_fixed_ip): 200 GET http://10.180.1.21/compute/v2.1/servers/bb6150c2-75de-4147-8831-fbe9122f8aac 0.252s
2024-12-10 19:23:30.646 65465 INFO tempest.lib.common.rest_client [req-988580b7-a3f3-46b4-940c-17906d45f250 req-988580b7-a3f3-46b4-940c-17906d45f250 ] Request (MultipleCreateTestJSON:test_multiple_create_with_reservation_return): 200 GET http://10.180.1.21/compute/v2.1/servers/d75e5a33-50fd-490e-b0d2-9242a25d32a3 0.244s
2024-12-10 19:23:30.670 65467 INFO tempest.lib.common.rest_client [req-80b049c7-00b1-47fb-83ad-88d022e57630 req-80b049c7-00b1-47fb-83ad-88d022e57630 ] Request (ImagesNegativeTestJSON:test_create_image_from_deleted_server): 200 GET http://10.180.1.21/compute/v2.1/servers/f5c15175-f2d1-4e11-a11c-8bee5cd69390 0.210s
2024-12-10 19:23:30.716 65491 INFO tempest.lib.common.rest_client [req-ef108646-48b3-4f3a-b483-b32c015b17cd req-ef108646-48b3-4f3a-b483-b32c015b17cd ] Request (DeleteServersAdminTestJSON:test_admin_delete_servers_of_others): 200 GET http://10.180.1.21/compute/v2.1/servers/34d5541e-7fbf-499e-b552-78ad1c0e4ab6 0.164s
2024-12-10 19:23:30.733 65469 INFO tempest.lib.common.rest_client [req-1a7dc2fa-f125-479a-8d5c-315a2f6f56fa req-1a7dc2fa-f125-479a-8d5c-315a2f6f56fa ] Request (ServerDiskConfigTestJSON:test_rebuild_server_with_auto_disk_config): 200 GET http://10.180.1.21/compute/v2.1/servers/8a1a54ef-36e9-4999-866d-dc2a0e95ecb8 0.181s
2024-12-10 19:23:30.762 65485 INFO tempest.lib.common.rest_client [req-22da9191-b1b5-4aa6-b065-677918687347 req-22da9191-b1b5-4aa6-b065-677918687347 ] Request (TenantUsagesTestJSON:tearDownClass): 204 DELETE http://10.180.1.21:9696/networking/v2.0/security-groups/f582a48e-688a-4b7e-9ed0-c249d0dee450 0.188s
2024-12-10 19:23:30.775 65479 INFO tempest.lib.common.rest_client [req-7a65a83d-8690-4a58-a9b7-0cc73a637e60 req-7a65a83d-8690-4a58-a9b7-0cc73a637e60 ] Request (MigrationsAdminTest:test_resize_server_revert_deleted_flavor): 200 GET http://10.180.1.21/compute/v2.1/servers/a95a65fd-cc81-4780-964d-fd0af5e1623b 0.172s
2024-12-10 19:23:30.783 65453 INFO tempest.lib.common.rest_client [req-43817540-2504-40a7-a4c6-c21b23cbca61 req-43817540-2504-40a7-a4c6-c21b23cbca61 ] Request (FloatingIPsAssociationTestJSON:test_associate_already_associated_floating_ip): 200 GET http://10.180.1.21/compute/v2.1/servers/7bdf55bc-9458-455e-8cad-56c7e895b5cc 0.177s
2024-12-10 19:23:30.832 65473 INFO tempest.lib.common.rest_client [req-38d911e4-4e6b-448e-abaf-850133d3bf74 req-38d911e4-4e6b-448e-abaf-850133d3bf74 ] Request (DeleteServersTestJSON:test_delete_server_while_in_attached_volume): 200 GET http://10.180.1.21/compute/v2.1/servers/bd01290a-44df-4f2a-8d72-d3f772cd4ee9 0.172s
2024-12-10 19:23:30.834 65503 INFO tempest.lib.common.rest_client [req-1b39065a-480c-48b7-960d-9236692a87de req-1b39065a-480c-48b7-960d-9236692a87de ] Request (InstanceActionsTestJSON:setUpClass): 200 GET http://10.180.1.21/compute/v2.1/servers/416661b2-bf18-4e01-a7a2-ca928201ffe5 0.115s
2024-12-10 19:23:30.854 65485 INFO tempest.lib.common.rest_client [req-935ad9d7-e434-49c9-bbb0-0ddbe8e53d10 req-935ad9d7-e434-49c9-bbb0-0ddbe8e53d10 ] Request (TenantUsagesTestJSON:tearDownClass): 204 DELETE http://10.180.1.21/identity/v3/projects/740baa2c41334e1e93622395809e72e7 0.091s
2024-12-10 19:23:30.894 65471 INFO tempest.lib.common.rest_client [req-92df889e-e1e7-4df4-881c-6d97ca7f9ef7 req-92df889e-e1e7-4df4-881c-6d97ca7f9ef7 ] Request (ListImageFiltersTestJSON:tearDownClass): 200 GET http://10.180.1.21/compute/v2.1/servers/ca56abe8-e25d-4265-97ba-302492fa3660 0.088s
2024-12-10 19:23:30.912 65485 INFO tempest.lib.common.rest_client [req-2b4e1108-45d6-42ef-9531-8d61caa629fc req-2b4e1108-45d6-42ef-9531-8d61caa629fc ] Request (VolumesGetTestJSON:setUpClass): 201 POST http://10.180.1.21/identity/v3/auth/tokens 0.057s
2024-12-10 19:23:30.940 65447 INFO tempest.lib.common.rest_client [req-e5259f52-da8d-497f-84d3-198283ce03fc req-e5259f52-da8d-497f-84d3-198283ce03fc ] Request (VolumesAssistedSnapshotsTest:tearDownClass): 200 GET http://10.180.1.21/compute/v2.1/servers/91f1486c-8f22-4844-8bef-1e08cfd08030 0.065s
2024-12-10 19:23:30.941 65485 INFO tempest.lib.common.rest_client [req-ffb954ec-ae51-49df-b81c-49496a8c91dd req-ffb954ec-ae51-49df-b81c-49496a8c91dd ] Request (VolumesGetTestJSON:setUpClass): 201 POST http://10.180.1.21/identity/v3/auth/tokens 0.026s
2024-12-10 19:23:30.967 65485 INFO tempest.lib.common.rest_client [req-70ff3c67-63ca-46f4-bcdc-256f6dfcd3fc req-70ff3c67-63ca-46f4-bcdc-256f6dfcd3fc ] Request (VolumesGetTestJSON:setUpClass): 200 GET http://10.180.1.21/identity/v3/domains?name=Default 0.026s
2024-12-10 19:23:30.978 65461 INFO tempest.lib.common.rest_client [req-d08be391-742c-4597-a433-7d2742da8d6f req-d08be391-742c-4597-a433-7d2742da8d6f ] Request (ServersNegativeTestMultiTenantJSON:tearDownClass): 200 GET http://10.180.1.21/compute/v2.1/servers/ccc4782f-6f25-4050-a17c-fce1569dc9bd 0.057s
2024-12-10 19:23:31.002 65485 INFO tempest.lib.common.rest_client [req-0c69f311-419f-4f2c-b378-9db51d954055 req-0c69f311-419f-4f2c-b378-9db51d954055 ] Request (VolumesGetTestJSON:setUpClass): 201 POST http://10.180.1.21/identity/v3/projects 0.034s
2024-12-10 19:23:31.106 65485 INFO tempest.lib.common.rest_client [req-52af9adb-b2f5-4a7a-bfc3-c1fa8fcf0bdc req-52af9adb-b2f5-4a7a-bfc3-c1fa8fcf0bdc ] Request (VolumesGetTestJSON:setUpClass): 201 POST http://10.180.1.21/identity/v3/users 0.103s
2024-12-10 19:23:31.133 65485 INFO tempest.lib.common.rest_client [req-0c9e87e2-87ba-4fec-a03e-9e857cd02931 req-0c9e87e2-87ba-4fec-a03e-9e857cd02931 ] Request (VolumesGetTestJSON:setUpClass): 200 GET http://10.180.1.21/identity/v3/roles 0.026s
2024-12-10 19:23:31.161 65501 INFO tempest.lib.common.rest_client [req-62c471c3-6575-4704-8e9b-41990cbbacc8 req-62c471c3-6575-4704-8e9b-41990cbbacc8 ] Request (ServerMetadataTestJSON:tearDownClass): 200 GET http://10.180.1.21/compute/v2.1/servers/4f6686a9-12ad-460d-b826-1bb36f7b8e58 0.118s
2024-12-10 19:23:31.180 65485 INFO tempest.lib.common.rest_client [req-14822f8a-6d8c-48b9-93cd-320aeab2ffc3 req-14822f8a-6d8c-48b9-93cd-320aeab2ffc3 ] Request (VolumesGetTestJSON:setUpClass): 204 PUT http://10.180.1.21/identity/v3/projects/d886a2ec756c4288bbf8976e8b97762d/users/dacd32cfcc50491ea154499a9d116d2e/roles/06bf4bf44df547fa8f42456dceb669ef 0.047s
2024-12-10 19:23:31.180 65485 INFO tempest.lib.common.dynamic_creds [-] Dynamic test user dacd32cfcc50491ea154499a9d116d2e is created with scope project and roles: ['member']
2024-12-10 19:23:31.181 65485 INFO tempest.lib.common.dynamic_creds [-] Acquired dynamic creds: credentials: Credentials: {'domain_id': 'default', 'domain_name': 'Default', 'username': 'tempest-VolumesGetTestJSON-32090864-project-member', 'project_domain_id': 'default', 'project_domain_name': 'Default', 'project_id': 'd886a2ec756c4288bbf8976e8b97762d', 'project_name': 'tempest-VolumesGetTestJSON-32090864', 'tenant_id': 'd886a2ec756c4288bbf8976e8b97762d', 'tenant_name': 'tempest-VolumesGetTestJSON-32090864', 'user_domain_id': 'default', 'user_domain_name': 'Default', 'user_id': 'dacd32cfcc50491ea154499a9d116d2e', 'system': None}, Network: None, Subnet: None, Router: None
2024-12-10 19:23:31.181 65485 INFO tempest.lib.common.dynamic_creds [-] Created isolated network resources for: credentials: Credentials: {'domain_id': 'default', 'domain_name': 'Default', 'username': 'tempest-VolumesGetTestJSON-32090864-project-member', 'project_domain_id': 'default', 'project_domain_name': 'Default', 'project_id': 'd886a2ec756c4288bbf8976e8b97762d', 'project_name': 'tempest-VolumesGetTestJSON-32090864', 'tenant_id': 'd886a2ec756c4288bbf8976e8b97762d', 'tenant_name': 'tempest-VolumesGetTestJSON-32090864', 'user_domain_id': 'default', 'user_domain_name': 'Default', 'user_id': 'dacd32cfcc50491ea154499a9d116d2e', 'system': None}, Network: None, Subnet: None, Router: None
2024-12-10 19:23:31.208 65463 INFO tempest.lib.common.rest_client [req-a7b2034b-82c6-432d-9ad2-3b27b4ff77d9 req-a7b2034b-82c6-432d-9ad2-3b27b4ff77d9 ] Request (ServerRescueTestJSONUnderV235:setUpClass): 200 GET http://10.180.1.21/compute/v2.1/servers/3fa0236a-1a4c-4545-8dee-67fbe3088153 0.085s
2024-12-10 19:23:31.243 65481 INFO tempest.lib.common.rest_client [req-5fed9af4-9f99-4dec-8393-50798841bbae req-5fed9af4-9f99-4dec-8393-50798841bbae ] Request (ServersWithSpecificFlavorTestJSON:test_verify_created_server_ephemeral_disk): 200 GET http://10.180.1.21/compute/v2.1/servers/d38527ec-8de0-48e6-9e96-b277704c3933 0.057s
2024-12-10 19:23:31.259 65485 INFO tempest.lib.common.rest_client [req-99ba2ace-9ccb-4bb7-83ee-8642388c53b7 req-99ba2ace-9ccb-4bb7-83ee-8642388c53b7 ] Request (VolumesGetTestJSON:setUpClass): 201 POST http://10.180.1.21/identity/v3/auth/tokens 0.074s
2024-12-10 19:23:31.373 65507 INFO tempest.lib.common.rest_client [req-e1c98f6f-0204-434d-bf29-6f3955ec1066 req-e1c98f6f-0204-434d-bf29-6f3955ec1066 ] Request (ServersTestJSON:tearDownClass): 200 GET http://10.180.1.21/compute/v2.1/servers/1fd87373-b39e-468a-b509-f9021f787282 0.055s
2024-12-10 19:23:31.522 65485 INFO tempest.lib.common.rest_client [req-693e3fc6-a884-4823-a08f-717d71b5932e req-693e3fc6-a884-4823-a08f-717d71b5932e ] Request (VolumesGetTestJSON:test_volume_create_get_delete): 200 POST http://10.180.1.21/compute/v2.1/os-volumes 0.260s
2024-12-10 19:23:31.564 65485 INFO tempest.lib.common.rest_client [req-414d8c68-a6f2-44a5-b28f-c760f03e60e5 req-414d8c68-a6f2-44a5-b28f-c760f03e60e5 ] Request (VolumesGetTestJSON:test_volume_create_get_delete): 200 GET http://10.180.1.21/compute/v2.1/os-volumes/d3adf529-8b19-4695-b94c-56fb6d11b7dc 0.039s
2024-12-10 19:23:31.628 65451 INFO tempest.lib.common.rest_client [req-b0854803-ed86-4d0b-b9ad-bcab041b5fae req-b0854803-ed86-4d0b-b9ad-bcab041b5fae ] Request (ServersTestBootFromVolume:setUpClass): 200 GET http://10.180.1.21/compute/v2.1/servers/6451a7b7-2219-4159-9046-0184d55a5c70 0.077s
2024-12-10 19:23:31.634 65477 INFO tempest.lib.common.rest_client [req-1d9fe255-8627-4abd-9a9a-ea1a17173109 req-1d9fe255-8627-4abd-9a9a-ea1a17173109 ] Request (ListServerFiltersTestJSON:setUpClass): 200 GET http://10.180.1.21/compute/v2.1/servers/b75ffa1f-f876-4e28-96ea-72e223d0c01a 0.131s
2024-12-10 19:23:31.635 65451 INFO tempest.common.waiters [-] State transition "BUILD/None" ==> "BUILD/networking" after 75 second wait
2024-12-10 19:23:31.681 65483 WARNING tempest.lib.common.ssh [-] Failed to establish authenticated ssh connection to cirros@10.180.180.218 ([Errno None] Unable to connect to port 22 on 10.180.180.218). Number attempts: 5. Retry after 6 seconds.: paramiko.ssh_exception.NoValidConnectionsError: [Errno None] Unable to connect to port 22 on 10.180.180.218
2024-12-10 19:23:31.686 65449 INFO tempest.lib.common.rest_client [req-15d83948-9c56-4649-aca8-7ce914c9e4f3 req-15d83948-9c56-4649-aca8-7ce914c9e4f3 ] Request (ServersAdminTestJSON:test_inject_network_info): 200 GET http://10.180.1.21/compute/v2.1/servers/af281b60-1bae-489d-8363-853112ca6f23 0.082s
2024-12-10 19:23:31.742 65457 INFO tempest.lib.common.rest_client [req-817e5f4b-51d8-4a03-b6e9-bd4df1bb55ee req-817e5f4b-51d8-4a03-b6e9-bd4df1bb55ee ] Request (AttachInterfacesTestJSON:test_create_list_show_delete_interfaces_by_fixed_ip): 200 GET http://10.180.1.21/compute/v2.1/servers/bb6150c2-75de-4147-8831-fbe9122f8aac 0.126s
2024-12-10 19:23:31.807 65465 INFO tempest.lib.common.rest_client [req-5f0069f0-ce6f-43ce-82b1-0a6d1deb7e25 req-5f0069f0-ce6f-43ce-82b1-0a6d1deb7e25 ] Request (MultipleCreateTestJSON:test_multiple_create_with_reservation_return): 200 GET http://10.180.1.21/compute/v2.1/servers/d75e5a33-50fd-490e-b0d2-9242a25d32a3 0.153s
2024-12-10 19:23:31.827 65493 INFO tempest.lib.common.rest_client [req-bb5ce077-b439-4d08-ae60-c5484a90f2b9 req-bb5ce077-b439-4d08-ae60-c5484a90f2b9 ] Request (AttachInterfacesV270Test:test_create_get_list_interfaces): 200 GET http://10.180.1.21/compute/v2.1/servers/a13b7d16-ca6c-4539-bf6c-750ba6765254 0.275s
2024-12-10 19:23:31.848 65493 INFO tempest.common.waiters [-] State transition "BUILD/block_device_mapping" ==> "BUILD/spawning" after 84 second wait
2024-12-10 19:23:31.864 65467 INFO tempest.lib.common.rest_client [req-08a251d9-6a1f-4667-b596-30a3d6112a7b req-08a251d9-6a1f-4667-b596-30a3d6112a7b ] Request (ImagesNegativeTestJSON:test_create_image_from_deleted_server): 200 GET http://10.180.1.21/compute/v2.1/servers/f5c15175-f2d1-4e11-a11c-8bee5cd69390 0.185s
2024-12-10 19:23:31.893 65491 INFO tempest.lib.common.rest_client [req-a5928589-987f-402e-a409-9fc8a7b0bde5 req-a5928589-987f-402e-a409-9fc8a7b0bde5 ] Request (DeleteServersAdminTestJSON:test_admin_delete_servers_of_others): 200 GET http://10.180.1.21/compute/v2.1/servers/34d5541e-7fbf-499e-b552-78ad1c0e4ab6 0.169s
2024-12-10 19:23:31.920 65469 INFO tempest.lib.common.rest_client [req-a39de758-8641-4cee-8d1b-5a964f92e2d9 req-a39de758-8641-4cee-8d1b-5a964f92e2d9 ] Request (ServerDiskConfigTestJSON:test_rebuild_server_with_auto_disk_config): 200 GET http://10.180.1.21/compute/v2.1/servers/8a1a54ef-36e9-4999-866d-dc2a0e95ecb8 0.173s
2024-12-10 19:23:31.940 65479 INFO tempest.lib.common.rest_client [req-8ced63fa-1ec3-45f8-ade3-d7dc6b32e4cb req-8ced63fa-1ec3-45f8-ade3-d7dc6b32e4cb ] Request (MigrationsAdminTest:test_resize_server_revert_deleted_flavor): 200 GET http://10.180.1.21/compute/v2.1/servers/a95a65fd-cc81-4780-964d-fd0af5e1623b 0.154s
2024-12-10 19:23:31.964 65473 INFO tempest.lib.common.rest_client [req-081e6c70-4540-4345-b562-bf5aa2cbca6f req-081e6c70-4540-4345-b562-bf5aa2cbca6f ] Request (DeleteServersTestJSON:test_delete_server_while_in_attached_volume): 404 GET http://10.180.1.21/compute/v2.1/servers/bd01290a-44df-4f2a-8d72-d3f772cd4ee9 0.124s
2024-12-10 19:23:31.980 65453 INFO tempest.lib.common.rest_client [req-895cd60d-59d8-4b5f-a829-ef419bed79b4 req-895cd60d-59d8-4b5f-a829-ef419bed79b4 ] Request (FloatingIPsAssociationTestJSON:test_associate_already_associated_floating_ip): 200 GET http://10.180.1.21/compute/v2.1/servers/7bdf55bc-9458-455e-8cad-56c7e895b5cc 0.187s
2024-12-10 19:23:31.995 65473 INFO tempest.lib.common.rest_client [req-d8da5a9b-e836-4e22-89a1-af7a721eb57e req-d8da5a9b-e836-4e22-89a1-af7a721eb57e ] Request (DeleteServersTestJSON:test_delete_server_while_in_attached_volume): 200 GET http://10.180.1.21/volume/v3/volumes/abc2921f-3504-4147-8608-1c406354443c 0.030s
2024-12-10 19:23:32.004 65473 INFO tempest.common.waiters [-] volume abc2921f-3504-4147-8608-1c406354443c reached available after waiting for 0.004725 seconds
2024-12-10 19:23:32.019 65503 INFO tempest.lib.common.rest_client [req-8f1099c5-f17a-4952-9f9f-dc3068a19773 req-8f1099c5-f17a-4952-9f9f-dc3068a19773 ] Request (InstanceActionsTestJSON:setUpClass): 200 GET http://10.180.1.21/compute/v2.1/servers/416661b2-bf18-4e01-a7a2-ca928201ffe5 0.177s
2024-12-10 19:23:32.035 65473 INFO tempest.lib.common.rest_client [req-e0fefb90-6558-4290-8a32-77c834972892 req-e0fefb90-6558-4290-8a32-77c834972892 ] Request (DeleteServersTestJSON:_run_cleanups): 200 GET http://10.180.1.21/volume/v3/volumes/abc2921f-3504-4147-8608-1c406354443c 0.030s
2024-12-10 19:23:32.038 65471 INFO tempest.lib.common.rest_client [req-36f6fb42-35b0-47a5-9662-191b64d3ccba req-36f6fb42-35b0-47a5-9662-191b64d3ccba ] Request (ListImageFiltersTestJSON:tearDownClass): 200 GET http://10.180.1.21/compute/v2.1/servers/ca56abe8-e25d-4265-97ba-302492fa3660 0.135s
2024-12-10 19:23:32.067 65461 INFO tempest.lib.common.rest_client [req-0e1a022c-aff2-4562-8561-969635ff883d req-0e1a022c-aff2-4562-8561-969635ff883d ] Request (ServersNegativeTestMultiTenantJSON:tearDownClass): 404 GET http://10.180.1.21/compute/v2.1/servers/ccc4782f-6f25-4050-a17c-fce1569dc9bd 0.083s
2024-12-10 19:23:32.091 65473 INFO tempest.lib.common.rest_client [req-e95b4f06-bb7e-4126-9631-1f4c3d247dfc req-e95b4f06-bb7e-4126-9631-1f4c3d247dfc ] Request (DeleteServersTestJSON:_run_cleanups): 404 GET http://10.180.1.21/compute/v2.1/servers/bd01290a-44df-4f2a-8d72-d3f772cd4ee9/os-volume_attachments 0.050s
2024-12-10 19:23:32.093 65447 INFO tempest.lib.common.rest_client [req-8dd0f32f-3a9f-4cfa-b49d-dc81f257ba04 req-8dd0f32f-3a9f-4cfa-b49d-dc81f257ba04 ] Request (VolumesAssistedSnapshotsTest:tearDownClass): 200 GET http://10.180.1.21/compute/v2.1/servers/91f1486c-8f22-4844-8bef-1e08cfd08030 0.143s
2024-12-10 19:23:32.121 65473 INFO tempest.lib.common.rest_client [req-40760b8b-33b9-45f4-9ced-3595d56ae7e1 req-40760b8b-33b9-45f4-9ced-3595d56ae7e1 ] Request (DeleteServersTestJSON:_run_cleanups): 200 GET http://10.180.1.21/volume/v3/volumes/abc2921f-3504-4147-8608-1c406354443c 0.029s
2024-12-10 19:23:32.128 65473 INFO tempest.common.waiters [-] volume abc2921f-3504-4147-8608-1c406354443c reached available after waiting for 0.128834 seconds
2024-12-10 19:23:32.188 65455 INFO paramiko.transport [-] Connected (version 2.0, client dropbear_2020.81)
2024-12-10 19:23:32.205 65473 INFO tempest.lib.common.rest_client [req-a2409bc7-5197-4227-8a4c-9312843fc83d req-a2409bc7-5197-4227-8a4c-9312843fc83d ] Request (DeleteServersTestJSON:test_delete_server_while_in_building_state): 201 POST http://10.180.1.21/identity/v3/auth/tokens 0.073s
2024-12-10 19:23:32.206 65473 INFO tempest.lib.common.fixed_network [-] (DeleteServersTestJSON:test_delete_server_while_in_building_state) Found network {'id': 'af5fd516-3686-49b8-982b-ca6afb3ecd45', 'name': 'tempest-DeleteServersTestJSON-671571966-network', 'tenant_id': 'd9502dfb6740421fb04e692040f08918', 'admin_state_up': True, 'mtu': 8950, 'status': 'ACTIVE', 'subnets': [], 'shared': False, 'project_id': 'd9502dfb6740421fb04e692040f08918', 'port_security_enabled': True, 'router:external': False, 'provider:network_type': 'vlan', 'provider:physical_network': 'default', 'provider:segmentation_id': 795, 'availability_zone_hints': [], 'availability_zones': [], 'ipv4_address_scope': None, 'ipv6_address_scope': None, 'description': '', 'tags': [], 'created_at': '2024-12-10T19:20:46Z', 'updated_at': '2024-12-10T19:20:46Z', 'revision_number': 1} available for tenant
2024-12-10 19:23:32.256 65501 INFO tempest.lib.common.rest_client [req-d3ed9fe9-6929-45f4-a112-4fcf12f37507 req-d3ed9fe9-6929-45f4-a112-4fcf12f37507 ] Request (ServerMetadataTestJSON:tearDownClass): 200 GET http://10.180.1.21/compute/v2.1/servers/4f6686a9-12ad-460d-b826-1bb36f7b8e58 0.082s
2024-12-10 19:23:32.294 65455 INFO paramiko.transport [-] Authentication (publickey) successful!
2024-12-10 19:23:32.295 65455 INFO tempest.lib.common.ssh [-] ssh connection to cirros@10.180.180.131 successfully created
2024-12-10 19:23:32.311 65463 INFO tempest.lib.common.rest_client [req-9e661a4d-14e3-4ac9-9e93-4394b38c9172 req-9e661a4d-14e3-4ac9-9e93-4394b38c9172 ] Request (ServerRescueTestJSONUnderV235:setUpClass): 200 GET http://10.180.1.21/compute/v2.1/servers/3fa0236a-1a4c-4545-8dee-67fbe3088153 0.096s
2024-12-10 19:23:32.373 65481 INFO tempest.lib.common.rest_client [req-42b25580-23ab-427b-9257-cf24b49b5ab0 req-42b25580-23ab-427b-9257-cf24b49b5ab0 ] Request (ServersWithSpecificFlavorTestJSON:test_verify_created_server_ephemeral_disk): 200 GET http://10.180.1.21/compute/v2.1/servers/d38527ec-8de0-48e6-9e96-b277704c3933 0.123s
2024-12-10 19:23:32.463 65455 INFO tempest.lib.common.rest_client [req-f837bb91-006f-4c87-bcf5-66855eb83a81 req-f837bb91-006f-4c87-bcf5-66855eb83a81 ] Request (ServersTestFqdnHostnames:tearDownClass): 204 DELETE http://10.180.1.21/compute/v2.1/servers/2ef47ef2-763a-42af-954d-748f91ebc732 0.156s
2024-12-10 19:23:32.533 65507 INFO tempest.lib.common.rest_client [req-b3615c40-2982-4271-848c-025c8715c255 req-b3615c40-2982-4271-848c-025c8715c255 ] Request (ServersTestJSON:tearDownClass): 200 GET http://10.180.1.21/compute/v2.1/servers/1fd87373-b39e-468a-b509-f9021f787282 0.152s
2024-12-10 19:23:32.540 65507 INFO tempest.common.waiters [-] State transition "ACTIVE/deleting" ==> "DELETED/None" after 4 second wait
2024-12-10 19:23:32.568 65473 INFO tempest.lib.common.rest_client [req-4403c556-20dc-4ba8-8917-8734ea7e4f2b req-4403c556-20dc-4ba8-8917-8734ea7e4f2b ] Request (DeleteServersTestJSON:test_delete_server_while_in_building_state): 202 POST http://10.180.1.21/compute/v2.1/servers 0.362s
2024-12-10 19:23:32.614 65485 INFO tempest.lib.common.rest_client [req-c5adbdfc-15fd-4665-9ace-09f9ff19eb98 req-c5adbdfc-15fd-4665-9ace-09f9ff19eb98 ] Request (VolumesGetTestJSON:test_volume_create_get_delete): 200 GET http://10.180.1.21/compute/v2.1/os-volumes/d3adf529-8b19-4695-b94c-56fb6d11b7dc 0.047s
2024-12-10 19:23:32.621 65485 INFO tempest.common.waiters [-] volume d3adf529-8b19-4695-b94c-56fb6d11b7dc reached available after waiting for 1.621404 seconds
2024-12-10 19:23:32.649 65473 INFO tempest.lib.common.rest_client [req-80a8abdf-8800-4922-965c-189b5cefec46 req-80a8abdf-8800-4922-965c-189b5cefec46 ] Request (DeleteServersTestJSON:test_delete_server_while_in_building_state): 200 GET http://10.180.1.21/compute/v2.1/servers/784f7d8c-0329-4a75-af3b-9f2d5a07b468 0.079s
2024-12-10 19:23:32.687 65485 INFO tempest.lib.common.rest_client [req-15b01c7f-2b2d-4b55-a017-ca3fc3b2f68b req-15b01c7f-2b2d-4b55-a017-ca3fc3b2f68b ] Request (VolumesGetTestJSON:test_volume_create_get_delete): 200 GET http://10.180.1.21/compute/v2.1/os-volumes/d3adf529-8b19-4695-b94c-56fb6d11b7dc 0.066s
2024-12-10 19:23:32.768 65455 INFO tempest.lib.common.rest_client [req-50550223-cd3c-4a60-b430-c261a56a6b7f req-50550223-cd3c-4a60-b430-c261a56a6b7f ] Request (ServersTestFqdnHostnames:tearDownClass): 200 GET http://10.180.1.21/compute/v2.1/servers/2ef47ef2-763a-42af-954d-748f91ebc732 0.305s
2024-12-10 19:23:32.812 65451 INFO tempest.lib.common.rest_client [req-c69ee031-7dbc-4e20-9702-67a0664c4229 req-c69ee031-7dbc-4e20-9702-67a0664c4229 ] Request (ServersTestBootFromVolume:setUpClass): 200 GET http://10.180.1.21/compute/v2.1/servers/6451a7b7-2219-4159-9046-0184d55a5c70 0.176s
2024-12-10 19:23:32.823 65451 INFO tempest.common.waiters [-] State transition "BUILD/networking" ==> "BUILD/block_device_mapping" after 76 second wait
2024-12-10 19:23:32.887 65473 INFO tempest.lib.common.rest_client [req-d9b20aca-d799-460e-b3ae-6263ef526a73 req-d9b20aca-d799-460e-b3ae-6263ef526a73 ] Request (DeleteServersTestJSON:test_delete_server_while_in_building_state): 204 DELETE http://10.180.1.21/compute/v2.1/servers/784f7d8c-0329-4a75-af3b-9f2d5a07b468 0.232s
2024-12-10 19:23:32.914 65477 INFO tempest.lib.common.rest_client [req-4d401953-d27b-4a33-b38b-a1647ffb0ea9 req-4d401953-d27b-4a33-b38b-a1647ffb0ea9 ] Request (ListServerFiltersTestJSON:setUpClass): 200 GET http://10.180.1.21/compute/v2.1/servers/b75ffa1f-f876-4e28-96ea-72e223d0c01a 0.273s
2024-12-10 19:23:32.945 65449 INFO tempest.lib.common.rest_client [req-a0f2cd61-8d83-4472-acfa-68a2ec17114b req-a0f2cd61-8d83-4472-acfa-68a2ec17114b ] Request (ServersAdminTestJSON:test_inject_network_info): 200 GET http://10.180.1.21/compute/v2.1/servers/af281b60-1bae-489d-8363-853112ca6f23 0.249s
2024-12-10 19:23:32.964 65485 INFO tempest.lib.common.rest_client [req-4c38cc9a-b314-4894-863c-c881d270e9cd req-4c38cc9a-b314-4894-863c-c881d270e9cd ] Request (VolumesGetTestJSON:tearDownClass): 202 DELETE http://10.180.1.21/compute/v2.1/os-volumes/d3adf529-8b19-4695-b94c-56fb6d11b7dc 0.265s
2024-12-10 19:23:33.006 65457 INFO tempest.lib.common.rest_client [req-d8602683-a76e-4ff4-97ab-da26fc3b6318 req-d8602683-a76e-4ff4-97ab-da26fc3b6318 ] Request (AttachInterfacesTestJSON:test_create_list_show_delete_interfaces_by_fixed_ip): 200 GET http://10.180.1.21/compute/v2.1/servers/bb6150c2-75de-4147-8831-fbe9122f8aac 0.252s
2024-12-10 19:23:33.040 65465 INFO tempest.lib.common.rest_client [req-06164d24-92e0-402a-a03a-291911671b2e req-06164d24-92e0-402a-a03a-291911671b2e ] Request (MultipleCreateTestJSON:test_multiple_create_with_reservation_return): 200 GET http://10.180.1.21/compute/v2.1/servers/d75e5a33-50fd-490e-b0d2-9242a25d32a3 0.220s
2024-12-10 19:23:33.093 65475 WARNING tempest.lib.common.ssh [-] Failed to establish authenticated ssh connection to cirros@10.180.180.192 ([Errno None] Unable to connect to port 22 on 10.180.180.192). Number attempts: 10. Retry after 11 seconds.: paramiko.ssh_exception.NoValidConnectionsError: [Errno None] Unable to connect to port 22 on 10.180.180.192
2024-12-10 19:23:33.130 65467 INFO tempest.lib.common.rest_client [req-d4c1df45-9a68-4dd2-a2dd-17599f5854cc req-d4c1df45-9a68-4dd2-a2dd-17599f5854cc ] Request (ImagesNegativeTestJSON:test_create_image_from_deleted_server): 200 GET http://10.180.1.21/compute/v2.1/servers/f5c15175-f2d1-4e11-a11c-8bee5cd69390 0.259s
2024-12-10 19:23:33.134 65493 INFO tempest.lib.common.rest_client [req-25bd8bfd-abde-44de-909f-9c2312e0f012 req-25bd8bfd-abde-44de-909f-9c2312e0f012 ] Request (AttachInterfacesV270Test:test_create_get_list_interfaces): 200 GET http://10.180.1.21/compute/v2.1/servers/a13b7d16-ca6c-4539-bf6c-750ba6765254 0.285s
2024-12-10 19:23:33.141 65473 INFO tempest.lib.common.rest_client [req-d24f33f7-7c0c-48a1-9bfb-126e7d0a2e9d req-d24f33f7-7c0c-48a1-9bfb-126e7d0a2e9d ] Request (DeleteServersTestJSON:test_delete_server_while_in_building_state): 404 GET http://10.180.1.21/compute/v2.1/servers/784f7d8c-0329-4a75-af3b-9f2d5a07b468 0.253s
2024-12-10 19:23:33.187 65473 INFO tempest.lib.common.rest_client [req-76dc877b-7396-4c29-9b0a-22ab2648472f req-76dc877b-7396-4c29-9b0a-22ab2648472f ] Request (DeleteServersTestJSON:test_delete_server_while_in_shelved_state): 201 POST http://10.180.1.21/identity/v3/auth/tokens 0.041s
2024-12-10 19:23:33.188 65473 INFO tempest.lib.common.fixed_network [-] (DeleteServersTestJSON:test_delete_server_while_in_shelved_state) Found network {'id': 'af5fd516-3686-49b8-982b-ca6afb3ecd45', 'name': 'tempest-DeleteServersTestJSON-671571966-network', 'tenant_id': 'd9502dfb6740421fb04e692040f08918', 'admin_state_up': True, 'mtu': 8950, 'status': 'ACTIVE', 'subnets': [], 'shared': False, 'project_id': 'd9502dfb6740421fb04e692040f08918', 'port_security_enabled': True, 'router:external': False, 'provider:network_type': 'vlan', 'provider:physical_network': 'default', 'provider:segmentation_id': 795, 'availability_zone_hints': [], 'availability_zones': [], 'ipv4_address_scope': None, 'ipv6_address_scope': None, 'description': '', 'tags': [], 'created_at': '2024-12-10T19:20:46Z', 'updated_at': '2024-12-10T19:20:46Z', 'revision_number': 1} available for tenant
2024-12-10 19:23:33.204 65469 INFO tempest.lib.common.rest_client [req-0c180e5d-fd60-4b30-bcaa-9fad6218b801 req-0c180e5d-fd60-4b30-bcaa-9fad6218b801 ] Request (ServerDiskConfigTestJSON:test_rebuild_server_with_auto_disk_config): 200 GET http://10.180.1.21/compute/v2.1/servers/8a1a54ef-36e9-4999-866d-dc2a0e95ecb8 0.274s
2024-12-10 19:23:33.220 65461 INFO tempest.lib.common.rest_client [req-cab9a1c1-c051-4d70-ad1a-78a3dc337b68 req-cab9a1c1-c051-4d70-ad1a-78a3dc337b68 ] Request (ServersNegativeTestMultiTenantJSON:tearDownClass): 200 PUT http://10.180.1.21:9696/networking/v2.0/routers/1520e3ca-fcfc-4488-87d3-6601f44e515a/remove_router_interface 1.152s
2024-12-10 19:23:33.226 65491 INFO tempest.lib.common.rest_client [req-d2702fdd-8ae7-4e38-8ceb-9458f3ab8585 req-d2702fdd-8ae7-4e38-8ceb-9458f3ab8585 ] Request (DeleteServersAdminTestJSON:test_admin_delete_servers_of_others): 200 GET http://10.180.1.21/compute/v2.1/servers/34d5541e-7fbf-499e-b552-78ad1c0e4ab6 0.321s
2024-12-10 19:23:33.251 65485 INFO tempest.lib.common.rest_client [req-dcec281c-8a66-478f-ba62-0565ecff2454 req-dcec281c-8a66-478f-ba62-0565ecff2454 ] Request (VolumesGetTestJSON:tearDownClass): 404 GET http://10.180.1.21/compute/v2.1/os-volumes/d3adf529-8b19-4695-b94c-56fb6d11b7dc 0.287s
2024-12-10 19:23:33.276 65479 INFO tempest.lib.common.rest_client [req-00c111d2-cd78-4f00-9520-7cbae3a765c4 req-00c111d2-cd78-4f00-9520-7cbae3a765c4 ] Request (MigrationsAdminTest:test_resize_server_revert_deleted_flavor): 200 GET http://10.180.1.21/compute/v2.1/servers/a95a65fd-cc81-4780-964d-fd0af5e1623b 0.327s
2024-12-10 19:23:33.300 65453 INFO tempest.lib.common.rest_client [req-138f4db6-90bf-4d67-bcde-81b97425e1f5 req-138f4db6-90bf-4d67-bcde-81b97425e1f5 ] Request (FloatingIPsAssociationTestJSON:test_associate_already_associated_floating_ip): 200 GET http://10.180.1.21/compute/v2.1/servers/7bdf55bc-9458-455e-8cad-56c7e895b5cc 0.312s
2024-12-10 19:23:33.340 65503 INFO tempest.lib.common.rest_client [req-8937a990-70b5-40d2-81ec-93379d4735ad req-8937a990-70b5-40d2-81ec-93379d4735ad ] Request (InstanceActionsTestJSON:setUpClass): 200 GET http://10.180.1.21/compute/v2.1/servers/416661b2-bf18-4e01-a7a2-ca928201ffe5 0.308s
2024-12-10 19:23:33.364 65485 INFO tempest.lib.common.rest_client [req-77e9d34e-8dc5-4086-afeb-44f299bfde6e req-77e9d34e-8dc5-4086-afeb-44f299bfde6e ] Request (VolumesGetTestJSON:tearDownClass): 204 DELETE http://10.180.1.21/identity/v3/users/dacd32cfcc50491ea154499a9d116d2e 0.113s
2024-12-10 19:23:33.364 65485 INFO tempest.lib.common.dynamic_creds [-] Deleting project and security group for project: d886a2ec756c4288bbf8976e8b97762d
2024-12-10 19:23:33.366 65471 INFO tempest.lib.common.rest_client [req-3a060544-4af4-4b57-9a72-e570cb7f3027 req-3a060544-4af4-4b57-9a72-e570cb7f3027 ] Request (ListImageFiltersTestJSON:tearDownClass): 200 GET http://10.180.1.21/compute/v2.1/servers/ca56abe8-e25d-4265-97ba-302492fa3660 0.317s
2024-12-10 19:23:33.417 65447 INFO tempest.lib.common.rest_client [req-42e498a1-1c6f-4454-8c4b-04d51ed2fc64 req-42e498a1-1c6f-4454-8c4b-04d51ed2fc64 ] Request (VolumesAssistedSnapshotsTest:tearDownClass): 200 GET http://10.180.1.21/compute/v2.1/servers/91f1486c-8f22-4844-8bef-1e08cfd08030 0.315s
2024-12-10 19:23:33.448 65485 INFO tempest.lib.common.rest_client [req-efbaab61-5f7d-4958-99c6-66ca66ea2002 req-efbaab61-5f7d-4958-99c6-66ca66ea2002 ] Request (VolumesGetTestJSON:tearDownClass): 201 POST http://10.180.1.21/identity/v3/auth/tokens 0.083s
2024-12-10 19:23:33.498 65501 INFO tempest.lib.common.rest_client [req-6a4303ae-4d43-47d1-bf5f-0c416224c67a req-6a4303ae-4d43-47d1-bf5f-0c416224c67a ] Request (ServerMetadataTestJSON:tearDownClass): 200 GET http://10.180.1.21/compute/v2.1/servers/4f6686a9-12ad-460d-b826-1bb36f7b8e58 0.229s
