2024-12-10 19:22:58.824 65447 INFO tempest.lib.common.rest_client [req-39d7aa70-49a6-4e77-a3c7-3983eccddc8e req-39d7aa70-49a6-4e77-a3c7-3983eccddc8e ] Request (VolumesAssistedSnapshotsTest:test_volume_assisted_snapshot_create_delete): 200 GET http://10.180.1.21/volume/v3/volumes/c718b6a8-1655-4001-9803-3f75f77a3e65 0.037s
2024-12-10 19:22:58.865 65465 INFO tempest.lib.common.rest_client [req-032e230a-7008-4808-8b36-e0e59da848d7 req-032e230a-7008-4808-8b36-e0e59da848d7 ] Request (MultipleCreateTestJSON:test_multiple_create_with_reservation_return): 200 GET http://10.180.1.21/compute/v2.1/servers/d75e5a33-50fd-490e-b0d2-9242a25d32a3 0.835s
2024-12-10 19:22:58.881 65459 INFO tempest.lib.common.rest_client [req-5ea7b2fb-ad3f-465e-ad01-a24630ca5ee3 req-5ea7b2fb-ad3f-465e-ad01-a24630ca5ee3 ] Request (InstanceActionsV221TestJSON:test_get_list_deleted_instance_actions): 200 GET http://10.180.1.21/compute/v2.1/servers/f58fec79-1f67-42ae-afa6-8c7377fc9a5e 0.880s
2024-12-10 19:22:58.937 65467 INFO tempest.lib.common.rest_client [req-02087b81-47e5-4e62-81b4-147d5c5463b8 req-02087b81-47e5-4e62-81b4-147d5c5463b8 ] Request (ImagesNegativeTestJSON:test_create_image_from_deleted_server): 200 GET http://10.180.1.21/compute/v2.1/servers/f5c15175-f2d1-4e11-a11c-8bee5cd69390 0.824s
2024-12-10 19:22:58.938 65449 INFO tempest.lib.common.rest_client [req-371deef5-fca9-4c2b-ad52-dc936847e0e2 req-371deef5-fca9-4c2b-ad52-dc936847e0e2 ] Request (ServersAdminTestJSON:test_inject_network_info): 200 GET http://10.180.1.21/compute/v2.1/servers/af281b60-1bae-489d-8363-853112ca6f23 0.887s
2024-12-10 19:22:58.999 65485 INFO tempest.lib.common.rest_client [req-e266e4d7-2416-4503-af72-9e783118f2db req-e266e4d7-2416-4503-af72-9e783118f2db ] Request (TenantUsagesTestJSON:tearDownClass): 200 GET http://10.180.1.21/compute/v2.1/servers/34793292-f90e-42b4-b20d-0daf23faf552 0.873s
2024-12-10 19:22:58.999 65501 INFO tempest.lib.common.rest_client [req-36c4ce28-12a7-420d-ab6e-3992a375cd5e req-36c4ce28-12a7-420d-ab6e-3992a375cd5e ] Request (ServerMetadataTestJSON:setUpClass): 200 GET http://10.180.1.21/compute/v2.1/servers/4f6686a9-12ad-460d-b826-1bb36f7b8e58 0.698s
2024-12-10 19:22:59.053 65469 INFO tempest.lib.common.rest_client [req-385ac3d1-6676-42a9-9110-9474843bdeff req-385ac3d1-6676-42a9-9110-9474843bdeff ] Request (ServerDiskConfigTestJSON:test_rebuild_server_with_auto_disk_config): 200 GET http://10.180.1.21/compute/v2.1/servers/8a1a54ef-36e9-4999-866d-dc2a0e95ecb8 0.644s
2024-12-10 19:22:59.057 65473 INFO tempest.lib.common.rest_client [req-467d997f-9e60-40d5-a841-26407c98498b req-467d997f-9e60-40d5-a841-26407c98498b ] Request (DeleteServersTestJSON:test_delete_server_while_in_attached_volume): 200 GET http://10.180.1.21/compute/v2.1/servers/bd01290a-44df-4f2a-8d72-d3f772cd4ee9 0.707s
2024-12-10 19:22:59.065 65473 INFO tempest.common.waiters [-] State transition "ACTIVE/deleting" ==> "DELETED/None" after 6 second wait
2024-12-10 19:22:59.106 65493 INFO tempest.lib.common.rest_client [req-6dad09e7-dfc9-49ac-b29c-cbf4b51d10e5 req-6dad09e7-dfc9-49ac-b29c-cbf4b51d10e5 ] Request (AttachInterfacesV270Test:test_create_get_list_interfaces): 200 GET http://10.180.1.21/compute/v2.1/servers/a13b7d16-ca6c-4539-bf6c-750ba6765254 0.647s
2024-12-10 19:22:59.114 65503 INFO tempest.lib.common.rest_client [req-be302910-6da1-4c48-a4b3-4106faeaf236 req-be302910-6da1-4c48-a4b3-4106faeaf236 ] Request (ImagesOneServerTestJSON:tearDownClass): 200 GET http://10.180.1.21/compute/v2.1/servers/a2c5514a-b46c-4157-b89b-79f5e16441af 0.165s
2024-12-10 19:22:59.158 65453 INFO tempest.lib.common.rest_client [req-5a37bb82-55b0-433d-9a94-edc494fd443c req-5a37bb82-55b0-433d-9a94-edc494fd443c ] Request (FloatingIPsAssociationTestJSON:setUpClass): 200 GET http://10.180.1.21/compute/v2.1/servers/b4635be1-b5df-4c4a-ace3-a438791c0b33 0.164s
2024-12-10 19:22:59.211 65489 INFO tempest.lib.common.rest_client [req-c08c3cd5-f3e1-45fe-a2ea-815d31f0e14a req-c08c3cd5-f3e1-45fe-a2ea-815d31f0e14a ] Request (ServerActionsTestOtherB:setUpClass): 200 GET http://10.180.1.21/compute/v2.1/servers/ebc7284b-8da1-43e7-9a17-9572e4fe7e53 0.092s
2024-12-10 19:22:59.217 65489 INFO tempest.common.waiters [-] State transition "BUILD/spawning" ==> "ACTIVE/None" after 72 second wait
2024-12-10 19:22:59.219 65461 INFO tempest.lib.common.rest_client [req-d745b445-bb93-4ee2-b949-3f3d06bba05f req-d745b445-bb93-4ee2-b949-3f3d06bba05f ] Request (ServersNegativeTestMultiTenantJSON:tearDownClass): 200 GET http://10.180.1.21/compute/v2.1/servers/ccc4782f-6f25-4050-a17c-fce1569dc9bd 0.054s
2024-12-10 19:22:59.225 65461 INFO tempest.common.waiters [-] State transition "ACTIVE/deleting" ==> "DELETED/None" after 4 second wait
2024-12-10 19:22:59.261 65477 INFO tempest.lib.common.rest_client [req-fa4423ea-b8db-4f93-ac75-594807284969 req-fa4423ea-b8db-4f93-ac75-594807284969 ] Request (ListServerFiltersTestJSON:setUpClass): 200 GET http://10.180.1.21/compute/v2.1/servers/b75ffa1f-f876-4e28-96ea-72e223d0c01a 0.055s
2024-12-10 19:22:59.271 65489 INFO tempest.lib.common.rest_client [req-458e6356-db8b-4d39-8d09-de730bc105af req-458e6356-db8b-4d39-8d09-de730bc105af ] Request (ServerActionsTestOtherB:setUpClass): 200 GET http://10.180.1.21/compute/v2.1/servers/ebc7284b-8da1-43e7-9a17-9572e4fe7e53/os-interface 0.054s
2024-12-10 19:22:59.418 65457 INFO tempest.lib.common.rest_client [req-186362cb-9d02-40a7-9541-f22e9bde4309 req-186362cb-9d02-40a7-9541-f22e9bde4309 ] Request (ServersAdminNegativeTestJSON:tearDownClass): 200 GET http://10.180.1.21/compute/v2.1/servers/253352c1-988b-44c7-a7d6-9700493a678c 0.070s
2024-12-10 19:22:59.435 65491 INFO tempest.lib.common.rest_client [req-3a2ad13f-d287-4491-a2ee-a34d8209bc19 req-3a2ad13f-d287-4491-a2ee-a34d8209bc19 ] Request (DeleteServersAdminTestJSON:test_admin_delete_servers_of_others): 200 GET http://10.180.1.21/compute/v2.1/servers/34d5541e-7fbf-499e-b552-78ad1c0e4ab6 0.139s
2024-12-10 19:22:59.482 65463 INFO tempest.lib.common.rest_client [req-86adcdd2-9e38-4f99-b20b-4e52afd566ab req-86adcdd2-9e38-4f99-b20b-4e52afd566ab ] Request (ServerRescueTestJSONUnderV235:setUpClass): 200 GET http://10.180.1.21/compute/v2.1/servers/3fa0236a-1a4c-4545-8dee-67fbe3088153 0.084s
2024-12-10 19:22:59.615 65471 INFO tempest.lib.common.rest_client [req-80cf27d5-33f4-4312-a25c-41e0a57a2ba3 req-80cf27d5-33f4-4312-a25c-41e0a57a2ba3 ] Request (ListImageFiltersTestJSON:setUpClass): 200 GET http://10.180.1.21/compute/v2.1/images/37953081-82d7-4b8f-893a-9f6195f4b1b9 0.050s
2024-12-10 19:22:59.672 65479 INFO tempest.lib.common.rest_client [req-be7b246c-b919-4469-ba5e-3dd490a29ddc req-be7b246c-b919-4469-ba5e-3dd490a29ddc ] Request (MigrationsAdminTest:test_list_migrations_in_flavor_resize_situation): 200 GET http://10.180.1.21/compute/v2.1/servers/eb051f2e-b4d8-4f2a-8b5e-4304e2eb90d0 0.153s
2024-12-10 19:22:59.690 65481 INFO tempest.lib.common.rest_client [req-3f79e346-ee7c-46cf-ac0d-b4c377a17c83 req-3f79e346-ee7c-46cf-ac0d-b4c377a17c83 ] Request (ServersWithSpecificFlavorTestJSON:test_verify_created_server_ephemeral_disk): 200 GET http://10.180.1.21/compute/v2.1/servers/d38527ec-8de0-48e6-9e96-b277704c3933 0.069s
2024-12-10 19:22:59.868 65447 INFO tempest.lib.common.rest_client [req-7a65322d-1915-43d9-961b-557316f361e2 req-7a65322d-1915-43d9-961b-557316f361e2 ] Request (VolumesAssistedSnapshotsTest:test_volume_assisted_snapshot_create_delete): 200 GET http://10.180.1.21/volume/v3/volumes/c718b6a8-1655-4001-9803-3f75f77a3e65 0.036s
2024-12-10 19:22:59.871 65451 INFO tempest.lib.common.rest_client [req-ace97ee4-7153-471a-86d0-9187b530abf0 req-ace97ee4-7153-471a-86d0-9187b530abf0 ] Request (ServersTestBootFromVolume:setUpClass): 200 GET http://10.180.1.21/compute/v2.1/servers/6451a7b7-2219-4159-9046-0184d55a5c70 0.064s
2024-12-10 19:22:59.881 65489 INFO tempest.lib.common.rest_client [req-cd0fff35-809f-44d0-beae-8e7ce08ac8f8 req-cd0fff35-809f-44d0-beae-8e7ce08ac8f8 ] Request (ServerActionsTestOtherB:setUpClass): 200 PUT http://10.180.1.21:9696/networking/v2.0/floatingips/7c09f8ce-61a4-4dc0-9652-da21a3406a43 0.608s
2024-12-10 19:22:59.883 65489 INFO tempest.lib.common.ssh [-] Creating ssh connection to '10.180.180.166:22' as 'cirros' with public key authentication
2024-12-10 19:22:59.884 65483 INFO tempest.lib.common.rest_client [req-458618fc-5cd8-46a8-9448-f63538a6af06 req-458618fc-5cd8-46a8-9448-f63538a6af06 ] Request (AttachInterfacesUnderV243Test:test_add_remove_fixed_ip): 200 GET http://10.180.1.21/compute/v2.1/servers/309977e4-9042-4911-9d4f-82d7e334b08f 0.138s
2024-12-10 19:22:59.931 65465 INFO tempest.lib.common.rest_client [req-1da3f87d-7c0c-4fe2-a244-aec869df8fc5 req-1da3f87d-7c0c-4fe2-a244-aec869df8fc5 ] Request (MultipleCreateTestJSON:test_multiple_create_with_reservation_return): 200 GET http://10.180.1.21/compute/v2.1/servers/d75e5a33-50fd-490e-b0d2-9242a25d32a3 0.052s
2024-12-10 19:22:59.951 65459 INFO tempest.lib.common.rest_client [req-4f118748-6351-43ab-8886-9a5b55a9c6e9 req-4f118748-6351-43ab-8886-9a5b55a9c6e9 ] Request (InstanceActionsV221TestJSON:test_get_list_deleted_instance_actions): 200 GET http://10.180.1.21/compute/v2.1/servers/f58fec79-1f67-42ae-afa6-8c7377fc9a5e 0.057s
2024-12-10 19:23:00.008 65449 INFO tempest.lib.common.rest_client [req-c9b84123-f797-4fb3-b855-f1377bccde64 req-c9b84123-f797-4fb3-b855-f1377bccde64 ] Request (ServersAdminTestJSON:test_inject_network_info): 200 GET http://10.180.1.21/compute/v2.1/servers/af281b60-1bae-489d-8363-853112ca6f23 0.058s
2024-12-10 19:23:00.009 65467 INFO tempest.lib.common.rest_client [req-19d914ae-01bb-4fd2-a310-615a2a2dd429 req-19d914ae-01bb-4fd2-a310-615a2a2dd429 ] Request (ImagesNegativeTestJSON:test_create_image_from_deleted_server): 200 GET http://10.180.1.21/compute/v2.1/servers/f5c15175-f2d1-4e11-a11c-8bee5cd69390 0.062s
2024-12-10 19:23:00.071 65501 INFO tempest.lib.common.rest_client [req-bc61ba41-f4d9-42b6-9d1d-1e4abe4e8e9c req-bc61ba41-f4d9-42b6-9d1d-1e4abe4e8e9c ] Request (ServerMetadataTestJSON:setUpClass): 200 GET http://10.180.1.21/compute/v2.1/servers/4f6686a9-12ad-460d-b826-1bb36f7b8e58 0.065s
2024-12-10 19:23:00.089 65485 INFO tempest.lib.common.rest_client [req-d3a38b7f-269d-46b5-9c4a-9d2671bd2d2c req-d3a38b7f-269d-46b5-9c4a-9d2671bd2d2c ] Request (TenantUsagesTestJSON:tearDownClass): 200 GET http://10.180.1.21/compute/v2.1/servers/34793292-f90e-42b4-b20d-0daf23faf552 0.082s
2024-12-10 19:23:00.113 65475 WARNING tempest.lib.common.ssh [-] Failed to establish authenticated ssh connection to cirros@10.180.180.192 ([Errno None] Unable to connect to port 22 on 10.180.180.192). Number attempts: 7. Retry after 8 seconds.: paramiko.ssh_exception.NoValidConnectionsError: [Errno None] Unable to connect to port 22 on 10.180.180.192
2024-12-10 19:23:00.142 65469 INFO tempest.lib.common.rest_client [req-4b7c42c4-53fc-4f6c-bd28-5e232d71209b req-4b7c42c4-53fc-4f6c-bd28-5e232d71209b ] Request (ServerDiskConfigTestJSON:test_rebuild_server_with_auto_disk_config): 200 GET http://10.180.1.21/compute/v2.1/servers/8a1a54ef-36e9-4999-866d-dc2a0e95ecb8 0.080s
2024-12-10 19:23:00.153 65473 INFO tempest.lib.common.rest_client [req-10a3896a-085d-4bb4-9151-6cf39b2704ca req-10a3896a-085d-4bb4-9151-6cf39b2704ca ] Request (DeleteServersTestJSON:test_delete_server_while_in_attached_volume): 200 GET http://10.180.1.21/compute/v2.1/servers/bd01290a-44df-4f2a-8d72-d3f772cd4ee9 0.086s
2024-12-10 19:23:00.170 65503 INFO tempest.lib.common.rest_client [req-fb6abdeb-8473-45a6-8dcf-c08d9917f2f9 req-fb6abdeb-8473-45a6-8dcf-c08d9917f2f9 ] Request (ImagesOneServerTestJSON:tearDownClass): 404 GET http://10.180.1.21/compute/v2.1/servers/a2c5514a-b46c-4157-b89b-79f5e16441af 0.048s
2024-12-10 19:23:00.200 65493 INFO tempest.lib.common.rest_client [req-58b9d240-6f3d-4dee-a197-c48c5c4fde48 req-58b9d240-6f3d-4dee-a197-c48c5c4fde48 ] Request (AttachInterfacesV270Test:test_create_get_list_interfaces): 200 GET http://10.180.1.21/compute/v2.1/servers/a13b7d16-ca6c-4539-bf6c-750ba6765254 0.085s
2024-12-10 19:23:00.241 65453 INFO tempest.lib.common.rest_client [req-4662d843-924b-4ca3-9b76-51d7c0827f0f req-4662d843-924b-4ca3-9b76-51d7c0827f0f ] Request (FloatingIPsAssociationTestJSON:setUpClass): 200 GET http://10.180.1.21/compute/v2.1/servers/b4635be1-b5df-4c4a-ace3-a438791c0b33 0.074s
2024-12-10 19:23:00.287 65461 INFO tempest.lib.common.rest_client [req-da892427-ed54-482b-83df-bd1ce06efe78 req-da892427-ed54-482b-83df-bd1ce06efe78 ] Request (ServersNegativeTestMultiTenantJSON:tearDownClass): 200 GET http://10.180.1.21/compute/v2.1/servers/ccc4782f-6f25-4050-a17c-fce1569dc9bd 0.061s
2024-12-10 19:23:00.329 65477 INFO tempest.lib.common.rest_client [req-c4969269-0446-4d1c-b41f-3a6d07a69ecd req-c4969269-0446-4d1c-b41f-3a6d07a69ecd ] Request (ListServerFiltersTestJSON:setUpClass): 200 GET http://10.180.1.21/compute/v2.1/servers/b75ffa1f-f876-4e28-96ea-72e223d0c01a 0.060s
2024-12-10 19:23:00.489 65457 INFO tempest.lib.common.rest_client [req-b3facf3c-59ef-4ee2-a4cb-1dd75ceba5f9 req-b3facf3c-59ef-4ee2-a4cb-1dd75ceba5f9 ] Request (ServersAdminNegativeTestJSON:tearDownClass): 200 GET http://10.180.1.21/compute/v2.1/servers/253352c1-988b-44c7-a7d6-9700493a678c 0.063s
2024-12-10 19:23:00.554 65463 INFO tempest.lib.common.rest_client [req-dfdc4147-04f3-44d1-98db-4b07af7892ad req-dfdc4147-04f3-44d1-98db-4b07af7892ad ] Request (ServerRescueTestJSONUnderV235:setUpClass): 200 GET http://10.180.1.21/compute/v2.1/servers/3fa0236a-1a4c-4545-8dee-67fbe3088153 0.065s
2024-12-10 19:23:00.620 65491 INFO tempest.lib.common.rest_client [req-aad97cd0-9aa7-4509-a240-1a28131c62e8 req-aad97cd0-9aa7-4509-a240-1a28131c62e8 ] Request (DeleteServersAdminTestJSON:test_admin_delete_servers_of_others): 200 GET http://10.180.1.21/compute/v2.1/servers/34d5541e-7fbf-499e-b552-78ad1c0e4ab6 0.177s
2024-12-10 19:23:00.658 65471 INFO tempest.lib.common.rest_client [req-b1f4dc13-a9ec-4f64-beba-1304c068a46b req-b1f4dc13-a9ec-4f64-beba-1304c068a46b ] Request (ListImageFiltersTestJSON:setUpClass): 200 GET http://10.180.1.21/compute/v2.1/images/37953081-82d7-4b8f-893a-9f6195f4b1b9 0.039s
2024-12-10 19:23:00.756 65481 INFO tempest.lib.common.rest_client [req-c6404b91-7276-49bb-aefa-874651ce9863 req-c6404b91-7276-49bb-aefa-874651ce9863 ] Request (ServersWithSpecificFlavorTestJSON:test_verify_created_server_ephemeral_disk): 200 GET http://10.180.1.21/compute/v2.1/servers/d38527ec-8de0-48e6-9e96-b277704c3933 0.060s
2024-12-10 19:23:00.912 65447 INFO tempest.lib.common.rest_client [req-56a6ec3e-7a04-4104-be5b-c5937159a04b req-56a6ec3e-7a04-4104-be5b-c5937159a04b ] Request (VolumesAssistedSnapshotsTest:test_volume_assisted_snapshot_create_delete): 200 GET http://10.180.1.21/volume/v3/volumes/c718b6a8-1655-4001-9803-3f75f77a3e65 0.031s
2024-12-10 19:23:00.935 65451 INFO tempest.lib.common.rest_client [req-76f075b7-bc5e-46b8-8ec0-310930161172 req-76f075b7-bc5e-46b8-8ec0-310930161172 ] Request (ServersTestBootFromVolume:setUpClass): 200 GET http://10.180.1.21/compute/v2.1/servers/6451a7b7-2219-4159-9046-0184d55a5c70 0.052s
2024-12-10 19:23:01.018 65479 INFO tempest.lib.common.rest_client [req-43f6d0bb-e8d7-459b-b0ff-29dfc6ed0c7b req-43f6d0bb-e8d7-459b-b0ff-29dfc6ed0c7b ] Request (MigrationsAdminTest:test_list_migrations_in_flavor_resize_situation): 200 GET http://10.180.1.21/compute/v2.1/servers/eb051f2e-b4d8-4f2a-8b5e-4304e2eb90d0 0.337s
2024-12-10 19:23:01.074 65465 INFO tempest.lib.common.rest_client [req-b23bb984-6371-4c45-bb7d-0f106ec7128b req-b23bb984-6371-4c45-bb7d-0f106ec7128b ] Request (MultipleCreateTestJSON:test_multiple_create_with_reservation_return): 200 GET http://10.180.1.21/compute/v2.1/servers/d75e5a33-50fd-490e-b0d2-9242a25d32a3 0.136s
2024-12-10 19:23:01.088 65483 INFO tempest.lib.common.rest_client [req-64e69fc1-4d09-4e7d-97fd-cf08b0e376a4 req-64e69fc1-4d09-4e7d-97fd-cf08b0e376a4 ] Request (AttachInterfacesUnderV243Test:test_add_remove_fixed_ip): 200 GET http://10.180.1.21/compute/v2.1/servers/309977e4-9042-4911-9d4f-82d7e334b08f 0.195s
2024-12-10 19:23:01.149 65449 INFO tempest.lib.common.rest_client [req-8876ae53-4500-419c-b28a-1c1f8302bd05 req-8876ae53-4500-419c-b28a-1c1f8302bd05 ] Request (ServersAdminTestJSON:test_inject_network_info): 200 GET http://10.180.1.21/compute/v2.1/servers/af281b60-1bae-489d-8363-853112ca6f23 0.134s
2024-12-10 19:23:01.154 65459 INFO tempest.lib.common.rest_client [req-35e494ff-7681-4f44-a35c-28a603a61f4b req-35e494ff-7681-4f44-a35c-28a603a61f4b ] Request (InstanceActionsV221TestJSON:test_get_list_deleted_instance_actions): 200 GET http://10.180.1.21/compute/v2.1/servers/f58fec79-1f67-42ae-afa6-8c7377fc9a5e 0.194s
2024-12-10 19:23:01.201 65467 INFO tempest.lib.common.rest_client [req-354db19f-295d-4715-99ef-a58d1ffccd80 req-354db19f-295d-4715-99ef-a58d1ffccd80 ] Request (ImagesNegativeTestJSON:test_create_image_from_deleted_server): 200 GET http://10.180.1.21/compute/v2.1/servers/f5c15175-f2d1-4e11-a11c-8bee5cd69390 0.177s
2024-12-10 19:23:01.204 65501 INFO tempest.lib.common.rest_client [req-74d73176-c4b1-46db-970f-ebfa6e539445 req-74d73176-c4b1-46db-970f-ebfa6e539445 ] Request (ServerMetadataTestJSON:setUpClass): 200 GET http://10.180.1.21/compute/v2.1/servers/4f6686a9-12ad-460d-b826-1bb36f7b8e58 0.124s
2024-12-10 19:23:01.255 65485 INFO tempest.lib.common.rest_client [req-0d06d4ef-3615-4173-96ee-6c2888c295c8 req-0d06d4ef-3615-4173-96ee-6c2888c295c8 ] Request (TenantUsagesTestJSON:tearDownClass): 200 GET http://10.180.1.21/compute/v2.1/servers/34793292-f90e-42b4-b20d-0daf23faf552 0.158s
2024-12-10 19:23:01.267 65469 INFO tempest.lib.common.rest_client [req-242c04f5-575c-438e-8aba-430bd3cd3b5c req-242c04f5-575c-438e-8aba-430bd3cd3b5c ] Request (ServerDiskConfigTestJSON:test_rebuild_server_with_auto_disk_config): 200 GET http://10.180.1.21/compute/v2.1/servers/8a1a54ef-36e9-4999-866d-dc2a0e95ecb8 0.117s
2024-12-10 19:23:01.311 65473 INFO tempest.lib.common.rest_client [req-1cfeac1e-f926-4684-96cc-1a3877024d03 req-1cfeac1e-f926-4684-96cc-1a3877024d03 ] Request (DeleteServersTestJSON:test_delete_server_while_in_attached_volume): 200 GET http://10.180.1.21/compute/v2.1/servers/bd01290a-44df-4f2a-8d72-d3f772cd4ee9 0.152s
2024-12-10 19:23:01.337 65493 INFO tempest.lib.common.rest_client [req-c451ac5c-dbad-420f-9c3a-be7473f189ea req-c451ac5c-dbad-420f-9c3a-be7473f189ea ] Request (AttachInterfacesV270Test:test_create_get_list_interfaces): 200 GET http://10.180.1.21/compute/v2.1/servers/a13b7d16-ca6c-4539-bf6c-750ba6765254 0.126s
2024-12-10 19:23:01.359 65453 INFO tempest.lib.common.rest_client [req-bfe6936d-1a12-44c2-978c-aed25c5c1ba8 req-bfe6936d-1a12-44c2-978c-aed25c5c1ba8 ] Request (FloatingIPsAssociationTestJSON:setUpClass): 200 GET http://10.180.1.21/compute/v2.1/servers/b4635be1-b5df-4c4a-ace3-a438791c0b33 0.111s
2024-12-10 19:23:01.405 65477 INFO tempest.lib.common.rest_client [req-9af718be-1fdd-445a-a856-c33280d95c24 req-9af718be-1fdd-445a-a856-c33280d95c24 ] Request (ListServerFiltersTestJSON:setUpClass): 200 GET http://10.180.1.21/compute/v2.1/servers/b75ffa1f-f876-4e28-96ea-72e223d0c01a 0.069s
2024-12-10 19:23:01.406 65461 INFO tempest.lib.common.rest_client [req-d1a015d8-8b67-452a-9a9b-26104bcf48e3 req-d1a015d8-8b67-452a-9a9b-26104bcf48e3 ] Request (ServersNegativeTestMultiTenantJSON:tearDownClass): 200 GET http://10.180.1.21/compute/v2.1/servers/ccc4782f-6f25-4050-a17c-fce1569dc9bd 0.112s
2024-12-10 19:23:01.488 65503 INFO tempest.lib.common.rest_client [req-9586f7b5-0afb-4968-a34a-27bab8c14ae5 req-9586f7b5-0afb-4968-a34a-27bab8c14ae5 ] Request (ImagesOneServerTestJSON:tearDownClass): 200 PUT http://10.180.1.21:9696/networking/v2.0/routers/2672c9d5-2c7e-4221-8e8a-0c94e2478547/remove_router_interface 1.317s
2024-12-10 19:23:01.566 65457 INFO tempest.lib.common.rest_client [req-a0339388-a21d-4804-9e1e-e10dc8011c60 req-a0339388-a21d-4804-9e1e-e10dc8011c60 ] Request (ServersAdminNegativeTestJSON:tearDownClass): 200 GET http://10.180.1.21/compute/v2.1/servers/253352c1-988b-44c7-a7d6-9700493a678c 0.069s
2024-12-10 19:23:01.632 65463 INFO tempest.lib.common.rest_client [req-eaa0e98d-be6a-4c7e-a350-99ee7b32816c req-eaa0e98d-be6a-4c7e-a350-99ee7b32816c ] Request (ServerRescueTestJSONUnderV235:setUpClass): 200 GET http://10.180.1.21/compute/v2.1/servers/3fa0236a-1a4c-4545-8dee-67fbe3088153 0.071s
2024-12-10 19:23:01.701 65471 INFO tempest.lib.common.rest_client [req-b4616987-203c-443b-9103-10911743e177 req-b4616987-203c-443b-9103-10911743e177 ] Request (ListImageFiltersTestJSON:setUpClass): 200 GET http://10.180.1.21/compute/v2.1/images/37953081-82d7-4b8f-893a-9f6195f4b1b9 0.039s
2024-12-10 19:23:01.779 65491 INFO tempest.lib.common.rest_client [req-59ddc524-fc5b-458e-b56e-d70d1b977d3b req-59ddc524-fc5b-458e-b56e-d70d1b977d3b ] Request (DeleteServersAdminTestJSON:test_admin_delete_servers_of_others): 200 GET http://10.180.1.21/compute/v2.1/servers/34d5541e-7fbf-499e-b552-78ad1c0e4ab6 0.149s
2024-12-10 19:23:01.823 65481 INFO tempest.lib.common.rest_client [req-ca00ea15-b44d-4dc4-82e5-07476b2d1971 req-ca00ea15-b44d-4dc4-82e5-07476b2d1971 ] Request (ServersWithSpecificFlavorTestJSON:test_verify_created_server_ephemeral_disk): 200 GET http://10.180.1.21/compute/v2.1/servers/d38527ec-8de0-48e6-9e96-b277704c3933 0.060s
2024-12-10 19:23:01.867 65503 INFO tempest.lib.common.rest_client [req-749d66a3-f0c8-4fbc-bf71-c26aeb3cfb92 req-749d66a3-f0c8-4fbc-bf71-c26aeb3cfb92 ] Request (ImagesOneServerTestJSON:tearDownClass): 204 DELETE http://10.180.1.21:9696/networking/v2.0/routers/2672c9d5-2c7e-4221-8e8a-0c94e2478547 0.378s
2024-12-10 19:23:01.954 65447 INFO tempest.lib.common.rest_client [req-9b14b676-5484-47ea-aaa6-38d9fbc75d10 req-9b14b676-5484-47ea-aaa6-38d9fbc75d10 ] Request (VolumesAssistedSnapshotsTest:test_volume_assisted_snapshot_create_delete): 200 GET http://10.180.1.21/volume/v3/volumes/c718b6a8-1655-4001-9803-3f75f77a3e65 0.035s
2024-12-10 19:23:02.011 65451 INFO tempest.lib.common.rest_client [req-fb7d7472-3caf-4cca-bf47-2a37d5611afd req-fb7d7472-3caf-4cca-bf47-2a37d5611afd ] Request (ServersTestBootFromVolume:setUpClass): 200 GET http://10.180.1.21/compute/v2.1/servers/6451a7b7-2219-4159-9046-0184d55a5c70 0.067s
2024-12-10 19:23:02.051 65503 INFO tempest.lib.common.rest_client [req-70b52030-3271-4fdf-accb-79786535488a req-70b52030-3271-4fdf-accb-79786535488a ] Request (ImagesOneServerTestJSON:tearDownClass): 204 DELETE http://10.180.1.21:9696/networking/v2.0/subnets/c5cee41f-c3d6-4db7-bcb0-530635525912 0.184s
2024-12-10 19:23:02.157 65465 INFO tempest.lib.common.rest_client [req-1c4fbd8a-fd68-402a-b84e-f1e28cbcb201 req-1c4fbd8a-fd68-402a-b84e-f1e28cbcb201 ] Request (MultipleCreateTestJSON:test_multiple_create_with_reservation_return): 200 GET http://10.180.1.21/compute/v2.1/servers/d75e5a33-50fd-490e-b0d2-9242a25d32a3 0.074s
2024-12-10 19:23:02.192 65479 INFO tempest.lib.common.rest_client [req-df757529-b441-48a7-bd39-be01dbd3d85a req-df757529-b441-48a7-bd39-be01dbd3d85a ] Request (MigrationsAdminTest:test_list_migrations_in_flavor_resize_situation): 200 GET http://10.180.1.21/compute/v2.1/servers/eb051f2e-b4d8-4f2a-8b5e-4304e2eb90d0 0.164s
2024-12-10 19:23:02.281 65449 INFO tempest.lib.common.rest_client [req-7c440294-8d49-4d99-a0b5-73f7b5a66063 req-7c440294-8d49-4d99-a0b5-73f7b5a66063 ] Request (ServersAdminTestJSON:test_inject_network_info): 200 GET http://10.180.1.21/compute/v2.1/servers/af281b60-1bae-489d-8363-853112ca6f23 0.124s
2024-12-10 19:23:02.336 65459 INFO tempest.lib.common.rest_client [req-3866ca06-bf95-4ead-9f85-0e1568e28334 req-3866ca06-bf95-4ead-9f85-0e1568e28334 ] Request (InstanceActionsV221TestJSON:test_get_list_deleted_instance_actions): 200 GET http://10.180.1.21/compute/v2.1/servers/f58fec79-1f67-42ae-afa6-8c7377fc9a5e 0.171s
2024-12-10 19:23:02.341 65483 INFO tempest.lib.common.rest_client [req-3085ea45-9937-4e9a-8d5e-d6abddcbf38d req-3085ea45-9937-4e9a-8d5e-d6abddcbf38d ] Request (AttachInterfacesUnderV243Test:test_add_remove_fixed_ip): 200 GET http://10.180.1.21/compute/v2.1/servers/309977e4-9042-4911-9d4f-82d7e334b08f 0.240s
2024-12-10 19:23:02.384 65467 INFO tempest.lib.common.rest_client [req-9515c9a1-442b-404b-9c6c-0a6aba5718ac req-9515c9a1-442b-404b-9c6c-0a6aba5718ac ] Request (ImagesNegativeTestJSON:test_create_image_from_deleted_server): 200 GET http://10.180.1.21/compute/v2.1/servers/f5c15175-f2d1-4e11-a11c-8bee5cd69390 0.173s
2024-12-10 19:23:02.398 65501 INFO tempest.lib.common.rest_client [req-4aaf5825-65ca-47fc-bec7-14b9b6bb6502 req-4aaf5825-65ca-47fc-bec7-14b9b6bb6502 ] Request (ServerMetadataTestJSON:setUpClass): 200 GET http://10.180.1.21/compute/v2.1/servers/4f6686a9-12ad-460d-b826-1bb36f7b8e58 0.184s
2024-12-10 19:23:02.436 65485 INFO tempest.lib.common.rest_client [req-0d13f148-4230-43fb-8898-6ae2fa68651c req-0d13f148-4230-43fb-8898-6ae2fa68651c ] Request (TenantUsagesTestJSON:tearDownClass): 200 GET http://10.180.1.21/compute/v2.1/servers/34793292-f90e-42b4-b20d-0daf23faf552 0.173s
2024-12-10 19:23:02.445 65507 WARNING tempest.lib.common.ssh [-] Failed to establish authenticated ssh connection to cirros@10.180.180.187 ([Errno None] Unable to connect to port 22 on 10.180.180.187). Number attempts: 3. Retry after 4 seconds.: paramiko.ssh_exception.NoValidConnectionsError: [Errno None] Unable to connect to port 22 on 10.180.180.187
2024-12-10 19:23:02.448 65469 INFO tempest.lib.common.rest_client [req-c6998794-d7ff-46f0-ae82-0e6d57019a43 req-c6998794-d7ff-46f0-ae82-0e6d57019a43 ] Request (ServerDiskConfigTestJSON:test_rebuild_server_with_auto_disk_config): 200 GET http://10.180.1.21/compute/v2.1/servers/8a1a54ef-36e9-4999-866d-dc2a0e95ecb8 0.173s
2024-12-10 19:23:02.500 65473 INFO tempest.lib.common.rest_client [req-27ec9acb-3844-4f5e-a58f-fc90d659c5c0 req-27ec9acb-3844-4f5e-a58f-fc90d659c5c0 ] Request (DeleteServersTestJSON:test_delete_server_while_in_attached_volume): 200 GET http://10.180.1.21/compute/v2.1/servers/bd01290a-44df-4f2a-8d72-d3f772cd4ee9 0.181s
2024-12-10 19:23:02.505 65503 INFO tempest.lib.common.rest_client [req-09d08176-acba-4e0a-be8f-6efed0891406 req-09d08176-acba-4e0a-be8f-6efed0891406 ] Request (ImagesOneServerTestJSON:tearDownClass): 204 DELETE http://10.180.1.21:9696/networking/v2.0/networks/1dc2c5e5-87c2-4f78-a781-84304a350f30 0.453s
2024-12-10 19:23:02.506 65493 INFO tempest.lib.common.rest_client [req-db9c554d-6657-48d3-a428-eb81a41720aa req-db9c554d-6657-48d3-a428-eb81a41720aa ] Request (AttachInterfacesV270Test:test_create_get_list_interfaces): 200 GET http://10.180.1.21/compute/v2.1/servers/a13b7d16-ca6c-4539-bf6c-750ba6765254 0.160s
2024-12-10 19:23:02.553 65453 INFO tempest.lib.common.rest_client [req-d99b7016-8e5f-4fea-91f7-f2787b75027c req-d99b7016-8e5f-4fea-91f7-f2787b75027c ] Request (FloatingIPsAssociationTestJSON:setUpClass): 200 GET http://10.180.1.21/compute/v2.1/servers/b4635be1-b5df-4c4a-ace3-a438791c0b33 0.184s
2024-12-10 19:23:02.559 65461 INFO tempest.lib.common.rest_client [req-99e424ea-876e-4b81-b18e-93db82723b07 req-99e424ea-876e-4b81-b18e-93db82723b07 ] Request (ServersNegativeTestMultiTenantJSON:tearDownClass): 200 GET http://10.180.1.21/compute/v2.1/servers/ccc4782f-6f25-4050-a17c-fce1569dc9bd 0.147s
2024-12-10 19:23:02.600 65477 INFO tempest.lib.common.rest_client [req-4516aea2-c45f-443e-93d1-7d52f3d7f446 req-4516aea2-c45f-443e-93d1-7d52f3d7f446 ] Request (ListServerFiltersTestJSON:setUpClass): 200 GET http://10.180.1.21/compute/v2.1/servers/b75ffa1f-f876-4e28-96ea-72e223d0c01a 0.187s
2024-12-10 19:23:02.617 65503 INFO tempest.lib.common.rest_client [req-80406e47-867e-4061-9e08-38330616f795 req-80406e47-867e-4061-9e08-38330616f795 ] Request (ImagesOneServerTestJSON:tearDownClass): 204 DELETE http://10.180.1.21/identity/v3/users/a82bab7a43844c439ce32b45f05e9ea2 0.112s
2024-12-10 19:23:02.617 65503 INFO tempest.lib.common.dynamic_creds [-] Deleting project and security group for project: 5a35c260c40648aca6ac8793ec49a79d
2024-12-10 19:23:02.630 65457 INFO tempest.lib.common.rest_client [req-c3da349e-5c33-4a78-938c-2f0761d59087 req-c3da349e-5c33-4a78-938c-2f0761d59087 ] Request (ServersAdminNegativeTestJSON:tearDownClass): 200 GET http://10.180.1.21/compute/v2.1/servers/253352c1-988b-44c7-a7d6-9700493a678c 0.057s
2024-12-10 19:23:02.648 65503 INFO tempest.lib.common.rest_client [req-c06c0b28-215f-4941-a3a3-79383af18fbc req-c06c0b28-215f-4941-a3a3-79383af18fbc ] Request (ImagesOneServerTestJSON:tearDownClass): 200 GET http://10.180.1.21:9696/networking/v2.0/security-groups?tenant_id=5a35c260c40648aca6ac8793ec49a79d&name=default 0.030s
2024-12-10 19:23:02.697 65463 INFO tempest.lib.common.rest_client [req-67782d79-7c41-45da-a282-9979fa12cf35 req-67782d79-7c41-45da-a282-9979fa12cf35 ] Request (ServerRescueTestJSONUnderV235:setUpClass): 200 GET http://10.180.1.21/compute/v2.1/servers/3fa0236a-1a4c-4545-8dee-67fbe3088153 0.057s
2024-12-10 19:23:02.744 65471 INFO tempest.lib.common.rest_client [req-a09791ea-73b4-4b13-a976-cdd0a4e85a39 req-a09791ea-73b4-4b13-a976-cdd0a4e85a39 ] Request (ListImageFiltersTestJSON:setUpClass): 200 GET http://10.180.1.21/compute/v2.1/images/37953081-82d7-4b8f-893a-9f6195f4b1b9 0.039s
2024-12-10 19:23:02.744 65503 INFO tempest.lib.common.rest_client [req-a6a4d04f-39f7-4dec-88d5-aa1f0bb5e5d7 req-a6a4d04f-39f7-4dec-88d5-aa1f0bb5e5d7 ] Request (ImagesOneServerTestJSON:tearDownClass): 204 DELETE http://10.180.1.21:9696/networking/v2.0/security-groups/03bf541b-24ef-4b62-9ac6-eecbff0ad636 0.096s
2024-12-10 19:23:02.838 65503 INFO tempest.lib.common.rest_client [req-d4871c2a-a58e-4e09-8fe0-c2d630a6dfe3 req-d4871c2a-a58e-4e09-8fe0-c2d630a6dfe3 ] Request (ImagesOneServerTestJSON:tearDownClass): 204 DELETE http://10.180.1.21/identity/v3/projects/5a35c260c40648aca6ac8793ec49a79d 0.094s
2024-12-10 19:23:02.879 65481 INFO tempest.lib.common.rest_client [req-0f40ce85-0010-4d57-b9b8-fd149940cc7f req-0f40ce85-0010-4d57-b9b8-fd149940cc7f ] Request (ServersWithSpecificFlavorTestJSON:test_verify_created_server_ephemeral_disk): 200 GET http://10.180.1.21/compute/v2.1/servers/d38527ec-8de0-48e6-9e96-b277704c3933 0.049s
2024-12-10 19:23:02.880 65491 INFO tempest.lib.common.rest_client [req-139f2821-6729-4572-9dab-e9992e662f0c req-139f2821-6729-4572-9dab-e9992e662f0c ] Request (DeleteServersAdminTestJSON:test_admin_delete_servers_of_others): 200 GET http://10.180.1.21/compute/v2.1/servers/34d5541e-7fbf-499e-b552-78ad1c0e4ab6 0.093s
2024-12-10 19:23:02.895 65503 INFO tempest.lib.common.rest_client [req-968c5ce7-f4d5-4b74-a874-1f1d43b2c246 req-968c5ce7-f4d5-4b74-a874-1f1d43b2c246 ] Request (ListImagesTestJSON:setUpClass): 201 POST http://10.180.1.21/identity/v3/auth/tokens 0.055s
2024-12-10 19:23:02.925 65503 INFO tempest.lib.common.rest_client [req-fe721e08-8256-4664-bab7-454c92e26fef req-fe721e08-8256-4664-bab7-454c92e26fef ] Request (ListImagesTestJSON:setUpClass): 201 POST http://10.180.1.21/identity/v3/auth/tokens 0.028s
2024-12-10 19:23:02.948 65503 INFO tempest.lib.common.rest_client [req-9e71ab25-64ad-4a24-a71a-995abf9dcfd7 req-9e71ab25-64ad-4a24-a71a-995abf9dcfd7 ] Request (ListImagesTestJSON:setUpClass): 200 GET http://10.180.1.21/identity/v3/domains?name=Default 0.023s
2024-12-10 19:23:02.979 65503 INFO tempest.lib.common.rest_client [req-50b8934f-fca6-4ef2-9fd0-a57c212bbfe1 req-50b8934f-fca6-4ef2-9fd0-a57c212bbfe1 ] Request (ListImagesTestJSON:setUpClass): 201 POST http://10.180.1.21/identity/v3/projects 0.029s
2024-12-10 19:23:02.997 65447 INFO tempest.lib.common.rest_client [req-d8878e38-a1b4-4810-b5d4-91fc7f584e9c req-d8878e38-a1b4-4810-b5d4-91fc7f584e9c ] Request (VolumesAssistedSnapshotsTest:test_volume_assisted_snapshot_create_delete): 200 GET http://10.180.1.21/volume/v3/volumes/c718b6a8-1655-4001-9803-3f75f77a3e65 0.036s
2024-12-10 19:23:03.035 65503 INFO tempest.lib.common.rest_client [req-845041e8-0f6c-401e-af22-01cdb2978f35 req-845041e8-0f6c-401e-af22-01cdb2978f35 ] Request (ListImagesTestJSON:setUpClass): 201 POST http://10.180.1.21/identity/v3/users 0.056s
2024-12-10 19:23:03.062 65503 INFO tempest.lib.common.rest_client [req-97f7ee64-cff4-4e5e-9c35-f2bc550387bc req-97f7ee64-cff4-4e5e-9c35-f2bc550387bc ] Request (ListImagesTestJSON:setUpClass): 200 GET http://10.180.1.21/identity/v3/roles 0.026s
2024-12-10 19:23:03.092 65451 INFO tempest.lib.common.rest_client [req-da43a119-655e-4c0e-bcc5-931716082dd3 req-da43a119-655e-4c0e-bcc5-931716082dd3 ] Request (ServersTestBootFromVolume:setUpClass): 200 GET http://10.180.1.21/compute/v2.1/servers/6451a7b7-2219-4159-9046-0184d55a5c70 0.070s
2024-12-10 19:23:03.095 65503 INFO tempest.lib.common.rest_client [req-cfcb1ceb-0d1d-499d-8054-61dedbd37e9d req-cfcb1ceb-0d1d-499d-8054-61dedbd37e9d ] Request (ListImagesTestJSON:setUpClass): 204 PUT http://10.180.1.21/identity/v3/projects/dc13099f11e644f58b2c80ce033e2430/users/ddab33f1e87b406a9da68ec1e6eef2b4/roles/06bf4bf44df547fa8f42456dceb669ef 0.032s
2024-12-10 19:23:03.096 65503 INFO tempest.lib.common.dynamic_creds [-] Dynamic test user ddab33f1e87b406a9da68ec1e6eef2b4 is created with scope project and roles: ['member']
2024-12-10 19:23:03.096 65503 INFO tempest.lib.common.dynamic_creds [-] Acquired dynamic creds: credentials: Credentials: {'domain_id': 'default', 'domain_name': 'Default', 'username': 'tempest-ListImagesTestJSON-397046123-project-member', 'project_domain_id': 'default', 'project_domain_name': 'Default', 'project_id': 'dc13099f11e644f58b2c80ce033e2430', 'project_name': 'tempest-ListImagesTestJSON-397046123', 'tenant_id': 'dc13099f11e644f58b2c80ce033e2430', 'tenant_name': 'tempest-ListImagesTestJSON-397046123', 'user_domain_id': 'default', 'user_domain_name': 'Default', 'user_id': 'ddab33f1e87b406a9da68ec1e6eef2b4', 'system': None}, Network: None, Subnet: None, Router: None
2024-12-10 19:23:03.096 65503 INFO tempest.lib.common.dynamic_creds [-] Created isolated network resources for: credentials: Credentials: {'domain_id': 'default', 'domain_name': 'Default', 'username': 'tempest-ListImagesTestJSON-397046123-project-member', 'project_domain_id': 'default', 'project_domain_name': 'Default', 'project_id': 'dc13099f11e644f58b2c80ce033e2430', 'project_name': 'tempest-ListImagesTestJSON-397046123', 'tenant_id': 'dc13099f11e644f58b2c80ce033e2430', 'tenant_name': 'tempest-ListImagesTestJSON-397046123', 'user_domain_id': 'default', 'user_domain_name': 'Default', 'user_id': 'ddab33f1e87b406a9da68ec1e6eef2b4', 'system': None}, Network: None, Subnet: None, Router: None
2024-12-10 19:23:03.168 65503 INFO tempest.lib.common.rest_client [req-ea1046c6-5821-4317-9ae2-244201e45409 req-ea1046c6-5821-4317-9ae2-244201e45409 ] Request (ListImagesTestJSON:setUpClass): 201 POST http://10.180.1.21/identity/v3/auth/tokens 0.068s
2024-12-10 19:23:03.228 65465 INFO tempest.lib.common.rest_client [req-7fb5344d-d83d-406c-a455-31ba1f3bf01a req-7fb5344d-d83d-406c-a455-31ba1f3bf01a ] Request (MultipleCreateTestJSON:test_multiple_create_with_reservation_return): 200 GET http://10.180.1.21/compute/v2.1/servers/d75e5a33-50fd-490e-b0d2-9242a25d32a3 0.062s
2024-12-10 19:23:03.277 65503 INFO tempest.lib.common.rest_client [req-b7e9cc3f-31d8-496f-be9b-92d896af627e req-b7e9cc3f-31d8-496f-be9b-92d896af627e ] Request (ListImagesTestJSON:test_get_image): 200 GET http://10.180.1.21/compute/v2.1/images/542833cb-1d3a-45b2-82af-d617b2896229 0.108s
2024-12-10 19:23:03.338 65503 INFO tempest.lib.common.rest_client [req-76b4e462-4715-48c2-b1a0-f489cf0010b0 req-76b4e462-4715-48c2-b1a0-f489cf0010b0 ] Request (ListImagesTestJSON:test_list_images): 200 GET http://10.180.1.21/compute/v2.1/images 0.056s
2024-12-10 19:23:03.356 65479 INFO tempest.lib.common.rest_client [req-30900016-79fa-4440-9a69-72dfbc1a3eb4 req-30900016-79fa-4440-9a69-72dfbc1a3eb4 ] Request (MigrationsAdminTest:test_list_migrations_in_flavor_resize_situation): 200 GET http://10.180.1.21/compute/v2.1/servers/eb051f2e-b4d8-4f2a-8b5e-4304e2eb90d0 0.149s
2024-12-10 19:23:03.361 65479 INFO tempest.common.waiters [-] State transition "VERIFY_RESIZE/None" ==> "ACTIVE/None" after 41 second wait
2024-12-10 19:23:03.391 65449 INFO tempest.lib.common.rest_client [req-3c464279-4fde-467c-b7e5-323f00473d6a req-3c464279-4fde-467c-b7e5-323f00473d6a ] Request (ServersAdminTestJSON:test_inject_network_info): 200 GET http://10.180.1.21/compute/v2.1/servers/af281b60-1bae-489d-8363-853112ca6f23 0.100s
2024-12-10 19:23:03.397 65503 INFO tempest.lib.common.rest_client [req-56bf6275-5f9d-4274-ac81-cb1de67f99c8 req-56bf6275-5f9d-4274-ac81-cb1de67f99c8 ] Request (ListImagesTestJSON:test_list_images_with_detail): 200 GET http://10.180.1.21/compute/v2.1/images/detail 0.056s
2024-12-10 19:23:03.472 65459 INFO tempest.lib.common.rest_client [req-6e611f0f-c409-4e4e-b402-eeb81ae84037 req-6e611f0f-c409-4e4e-b402-eeb81ae84037 ] Request (InstanceActionsV221TestJSON:test_get_list_deleted_instance_actions): 200 GET http://10.180.1.21/compute/v2.1/servers/f58fec79-1f67-42ae-afa6-8c7377fc9a5e 0.124s
2024-12-10 19:23:03.527 65503 INFO tempest.lib.common.rest_client [req-8cf65b26-329e-42ea-b709-85d21eae965a req-8cf65b26-329e-42ea-b709-85d21eae965a ] Request (ListImagesTestJSON:tearDownClass): 204 DELETE http://10.180.1.21/identity/v3/users/ddab33f1e87b406a9da68ec1e6eef2b4 0.125s
2024-12-10 19:23:03.527 65503 INFO tempest.lib.common.dynamic_creds [-] Deleting project and security group for project: dc13099f11e644f58b2c80ce033e2430
2024-12-10 19:23:03.575 65483 INFO tempest.lib.common.rest_client [req-d2eb998a-b252-49b3-8639-4931f962c50c req-d2eb998a-b252-49b3-8639-4931f962c50c ] Request (AttachInterfacesUnderV243Test:test_add_remove_fixed_ip): 200 GET http://10.180.1.21/compute/v2.1/servers/309977e4-9042-4911-9d4f-82d7e334b08f 0.226s
2024-12-10 19:23:03.599 65503 INFO tempest.lib.common.rest_client [req-20715af5-b442-4f17-abba-52d8efa46cff req-20715af5-b442-4f17-abba-52d8efa46cff ] Request (ListImagesTestJSON:tearDownClass): 201 POST http://10.180.1.21/identity/v3/auth/tokens 0.072s
2024-12-10 19:23:03.604 65479 INFO tempest.lib.common.rest_client [req-f3f8a29f-9a46-4d29-bf44-8c0367f36131 req-f3f8a29f-9a46-4d29-bf44-8c0367f36131 ] Request (MigrationsAdminTest:test_list_migrations_in_flavor_resize_situation): 200 GET http://10.180.1.21/compute/v2.1/servers/eb051f2e-b4d8-4f2a-8b5e-4304e2eb90d0 0.242s
2024-12-10 19:23:03.642 65467 INFO tempest.lib.common.rest_client [req-89074a5c-c95c-4cdf-abb5-f913fc4812d3 req-89074a5c-c95c-4cdf-abb5-f913fc4812d3 ] Request (ImagesNegativeTestJSON:test_create_image_from_deleted_server): 200 GET http://10.180.1.21/compute/v2.1/servers/f5c15175-f2d1-4e11-a11c-8bee5cd69390 0.250s
2024-12-10 19:23:03.669 65501 INFO tempest.lib.common.rest_client [req-344f8329-b510-453b-997f-ee7411617d98 req-344f8329-b510-453b-997f-ee7411617d98 ] Request (ServerMetadataTestJSON:setUpClass): 200 GET http://10.180.1.21/compute/v2.1/servers/4f6686a9-12ad-460d-b826-1bb36f7b8e58 0.262s
2024-12-10 19:23:03.711 65485 INFO tempest.lib.common.rest_client [req-1cfc7acc-5323-4013-974c-5520dbad85d1 req-1cfc7acc-5323-4013-974c-5520dbad85d1 ] Request (TenantUsagesTestJSON:tearDownClass): 200 GET http://10.180.1.21/compute/v2.1/servers/34793292-f90e-42b4-b20d-0daf23faf552 0.263s
2024-12-10 19:23:03.725 65469 INFO tempest.lib.common.rest_client [req-66f9e1e8-0efe-438f-903d-9e72c3346ecb req-66f9e1e8-0efe-438f-903d-9e72c3346ecb ] Request (ServerDiskConfigTestJSON:test_rebuild_server_with_auto_disk_config): 200 GET http://10.180.1.21/compute/v2.1/servers/8a1a54ef-36e9-4999-866d-dc2a0e95ecb8 0.266s
2024-12-10 19:23:03.780 65473 INFO tempest.lib.common.rest_client [req-f2df43e3-ebee-42f1-b027-a2a98a82c200 req-f2df43e3-ebee-42f1-b027-a2a98a82c200 ] Request (DeleteServersTestJSON:test_delete_server_while_in_attached_volume): 200 GET http://10.180.1.21/compute/v2.1/servers/bd01290a-44df-4f2a-8d72-d3f772cd4ee9 0.273s
2024-12-10 19:23:03.787 65493 INFO tempest.lib.common.rest_client [req-1f285bc9-a44e-4876-8a22-3185455dc251 req-1f285bc9-a44e-4876-8a22-3185455dc251 ] Request (AttachInterfacesV270Test:test_create_get_list_interfaces): 200 GET http://10.180.1.21/compute/v2.1/servers/a13b7d16-ca6c-4539-bf6c-750ba6765254 0.269s
2024-12-10 19:23:03.811 65503 INFO tempest.lib.common.rest_client [req-72f005de-f8bb-416e-857c-b20fa00c983f req-72f005de-f8bb-416e-857c-b20fa00c983f ] Request (ListImagesTestJSON:tearDownClass): 200 GET http://10.180.1.21:9696/networking/v2.0/security-groups?tenant_id=dc13099f11e644f58b2c80ce033e2430&name=default 0.211s
2024-12-10 19:23:03.833 65453 INFO tempest.lib.common.rest_client [req-10f7976d-a527-4ff2-9348-c79e2e700278 req-10f7976d-a527-4ff2-9348-c79e2e700278 ] Request (FloatingIPsAssociationTestJSON:setUpClass): 200 GET http://10.180.1.21/compute/v2.1/servers/b4635be1-b5df-4c4a-ace3-a438791c0b33 0.272s
2024-12-10 19:23:03.844 65461 INFO tempest.lib.common.rest_client [req-a0012e1e-a0ee-4798-81fa-41b15232b737 req-a0012e1e-a0ee-4798-81fa-41b15232b737 ] Request (ServersNegativeTestMultiTenantJSON:tearDownClass): 200 GET http://10.180.1.21/compute/v2.1/servers/ccc4782f-6f25-4050-a17c-fce1569dc9bd 0.277s
2024-12-10 19:23:03.873 65479 INFO tempest.lib.common.rest_client [req-00fa7796-8f60-4dc5-8438-b1d337780cf1 req-00fa7796-8f60-4dc5-8438-b1d337780cf1 ] Request (MigrationsAdminTest:test_list_migrations_in_flavor_resize_situation): 200 POST http://10.180.1.21/compute/v2.1/os-keypairs 0.256s
2024-12-10 19:23:03.875 65477 INFO tempest.lib.common.rest_client [req-232ea1b8-1737-4742-9740-56537f0e00d5 req-232ea1b8-1737-4742-9740-56537f0e00d5 ] Request (ListServerFiltersTestJSON:setUpClass): 200 GET http://10.180.1.21/compute/v2.1/servers/b75ffa1f-f876-4e28-96ea-72e223d0c01a 0.265s
2024-12-10 19:23:03.920 65463 INFO tempest.lib.common.rest_client [req-b12309f7-1904-4df5-bd16-0bd3efadf82e req-b12309f7-1904-4df5-bd16-0bd3efadf82e ] Request (ServerRescueTestJSONUnderV235:setUpClass): 200 GET http://10.180.1.21/compute/v2.1/servers/3fa0236a-1a4c-4545-8dee-67fbe3088153 0.217s
2024-12-10 19:23:03.933 65457 INFO tempest.lib.common.rest_client [req-36950dc8-4b3d-47ca-9434-9eae6727fd2d req-36950dc8-4b3d-47ca-9434-9eae6727fd2d ] Request (ServersAdminNegativeTestJSON:tearDownClass): 200 GET http://10.180.1.21/compute/v2.1/servers/253352c1-988b-44c7-a7d6-9700493a678c 0.293s
2024-12-10 19:23:03.933 65503 INFO tempest.lib.common.rest_client [req-16c2e31d-1c8a-4c9c-b1ed-02c3234516dd req-16c2e31d-1c8a-4c9c-b1ed-02c3234516dd ] Request (ListImagesTestJSON:tearDownClass): 204 DELETE http://10.180.1.21:9696/networking/v2.0/security-groups/64cdff8b-747d-4b15-90c9-372f7eeb95f2 0.122s
2024-12-10 19:23:03.954 65471 INFO tempest.lib.common.rest_client [req-37cd18ea-1962-4dc8-9379-cf62cce1a752 req-37cd18ea-1962-4dc8-9379-cf62cce1a752 ] Request (ListImageFiltersTestJSON:setUpClass): 200 GET http://10.180.1.21/compute/v2.1/images/37953081-82d7-4b8f-893a-9f6195f4b1b9 0.207s
2024-12-10 19:23:04.006 65481 INFO tempest.lib.common.rest_client [req-593dd14a-f1be-449f-83c5-477c2cd2ecfd req-593dd14a-f1be-449f-83c5-477c2cd2ecfd ] Request (ServersWithSpecificFlavorTestJSON:test_verify_created_server_ephemeral_disk): 200 GET http://10.180.1.21/compute/v2.1/servers/d38527ec-8de0-48e6-9e96-b277704c3933 0.118s
2024-12-10 19:23:04.011 65503 INFO tempest.lib.common.rest_client [req-b1c05aa2-c078-4990-93dd-17de9e5578e7 req-b1c05aa2-c078-4990-93dd-17de9e5578e7 ] Request (ListImagesTestJSON:tearDownClass): 204 DELETE http://10.180.1.21/identity/v3/projects/dc13099f11e644f58b2c80ce033e2430 0.077s
2024-12-10 19:23:04.019 65489 WARNING tempest.lib.common.ssh [-] Failed to establish authenticated ssh connection to cirros@10.180.180.166 ([Errno None] Unable to connect to port 22 on 10.180.180.166). Number attempts: 1. Retry after 2 seconds.: paramiko.ssh_exception.NoValidConnectionsError: [Errno None] Unable to connect to port 22 on 10.180.180.166
2024-12-10 19:23:04.035 65479 INFO tempest.lib.common.rest_client [req-78af8f85-abc5-4698-ad4b-fd2f8979b08d req-78af8f85-abc5-4698-ad4b-fd2f8979b08d ] Request (MigrationsAdminTest:test_list_migrations_in_flavor_resize_situation): 201 POST http://10.180.1.21:9696/networking/v2.0/security-groups 0.160s
2024-12-10 19:23:04.039 65447 INFO tempest.lib.common.rest_client [req-f7b22acd-f0f0-4995-b15b-6571d5ea82e0 req-f7b22acd-f0f0-4995-b15b-6571d5ea82e0 ] Request (VolumesAssistedSnapshotsTest:test_volume_assisted_snapshot_create_delete): 200 GET http://10.180.1.21/volume/v3/volumes/c718b6a8-1655-4001-9803-3f75f77a3e65 0.036s
2024-12-10 19:23:04.062 65491 INFO tempest.lib.common.rest_client [req-bd251c4d-9ec3-400b-ab4b-ebf38fc4b241 req-bd251c4d-9ec3-400b-ab4b-ebf38fc4b241 ] Request (DeleteServersAdminTestJSON:test_admin_delete_servers_of_others): 200 GET http://10.180.1.21/compute/v2.1/servers/34d5541e-7fbf-499e-b552-78ad1c0e4ab6 0.176s
2024-12-10 19:23:04.069 65491 INFO tempest.common.waiters [-] State transition "BUILD/spawning" ==> "ACTIVE/None" after 77 second wait
2024-12-10 19:23:04.090 65503 INFO tempest.lib.common.rest_client [req-636f5296-d4fd-4a5b-b133-c4d4e956ca0c req-636f5296-d4fd-4a5b-b133-c4d4e956ca0c ] Request (InstanceActionsTestJSON:setUpClass): 201 POST http://10.180.1.21/identity/v3/auth/tokens 0.077s
2024-12-10 19:23:04.118 65503 INFO tempest.lib.common.rest_client [req-54ee0511-a80e-4079-9657-b2d9ffbd13e4 req-54ee0511-a80e-4079-9657-b2d9ffbd13e4 ] Request (InstanceActionsTestJSON:setUpClass): 201 POST http://10.180.1.21/identity/v3/auth/tokens 0.025s
2024-12-10 19:23:04.137 65479 INFO tempest.lib.common.rest_client [req-3502f436-2c6a-4e89-b4d1-46132a5b247e req-3502f436-2c6a-4e89-b4d1-46132a5b247e ] Request (MigrationsAdminTest:test_list_migrations_in_flavor_resize_situation): 201 POST http://10.180.1.21:9696/networking/v2.0/security-group-rules 0.102s
2024-12-10 19:23:04.148 65503 INFO tempest.lib.common.rest_client [req-d70d09bc-0ea9-46c9-9ba9-040d856671e7 req-d70d09bc-0ea9-46c9-9ba9-040d856671e7 ] Request (InstanceActionsTestJSON:setUpClass): 200 GET http://10.180.1.21/identity/v3/domains?name=Default 0.029s
2024-12-10 19:23:04.179 65503 INFO tempest.lib.common.rest_client [req-18b4cea3-2e43-4e24-8686-e3538120537a req-18b4cea3-2e43-4e24-8686-e3538120537a ] Request (InstanceActionsTestJSON:setUpClass): 201 POST http://10.180.1.21/identity/v3/projects 0.030s
2024-12-10 19:23:04.180 65451 INFO tempest.lib.common.rest_client [req-8bbb6c98-1993-419e-9dba-e4b5ba9271e5 req-8bbb6c98-1993-419e-9dba-e4b5ba9271e5 ] Request (ServersTestBootFromVolume:setUpClass): 200 GET http://10.180.1.21/compute/v2.1/servers/6451a7b7-2219-4159-9046-0184d55a5c70 0.079s
2024-12-10 19:23:04.225 65479 INFO tempest.lib.common.rest_client [req-32dfd585-b258-46bc-8553-500f4e75d798 req-32dfd585-b258-46bc-8553-500f4e75d798 ] Request (MigrationsAdminTest:test_list_migrations_in_flavor_resize_situation): 201 POST http://10.180.1.21:9696/networking/v2.0/security-group-rules 0.087s
2024-12-10 19:23:04.241 65503 INFO tempest.lib.common.rest_client [req-8f2c42cb-ff9b-4e94-b6e9-5cbdd52b3f5f req-8f2c42cb-ff9b-4e94-b6e9-5cbdd52b3f5f ] Request (InstanceActionsTestJSON:setUpClass): 201 POST http://10.180.1.21/identity/v3/users 0.061s
2024-12-10 19:23:04.258 65503 INFO tempest.lib.common.rest_client [req-ed4b38c8-c43b-41a6-854d-5ac10ec315dc req-ed4b38c8-c43b-41a6-854d-5ac10ec315dc ] Request (InstanceActionsTestJSON:setUpClass): 200 GET http://10.180.1.21/identity/v3/roles 0.017s
2024-12-10 19:23:04.284 65503 INFO tempest.lib.common.rest_client [req-194fffb6-ba2d-4c23-94cd-bc86cd0fad57 req-194fffb6-ba2d-4c23-94cd-bc86cd0fad57 ] Request (InstanceActionsTestJSON:setUpClass): 204 PUT http://10.180.1.21/identity/v3/projects/35ee24ca5b474f209e715ac250354437/users/db3ffff24e324a90af36c42bf7ccf3c8/roles/06bf4bf44df547fa8f42456dceb669ef 0.025s
2024-12-10 19:23:04.284 65503 INFO tempest.lib.common.dynamic_creds [-] Dynamic test user db3ffff24e324a90af36c42bf7ccf3c8 is created with scope project and roles: ['member']
2024-12-10 19:23:04.284 65503 INFO tempest.lib.common.dynamic_creds [-] Acquired dynamic creds: credentials: Credentials: {'domain_id': 'default', 'domain_name': 'Default', 'username': 'tempest-InstanceActionsTestJSON-1286111523-project-member', 'project_domain_id': 'default', 'project_domain_name': 'Default', 'project_id': '35ee24ca5b474f209e715ac250354437', 'project_name': 'tempest-InstanceActionsTestJSON-1286111523', 'tenant_id': '35ee24ca5b474f209e715ac250354437', 'tenant_name': 'tempest-InstanceActionsTestJSON-1286111523', 'user_domain_id': 'default', 'user_domain_name': 'Default', 'user_id': 'db3ffff24e324a90af36c42bf7ccf3c8', 'system': None}, Network: None, Subnet: None, Router: None
2024-12-10 19:23:04.295 65465 INFO tempest.lib.common.rest_client [req-d1a61fd1-304b-410e-888b-9875f8526d2a req-d1a61fd1-304b-410e-888b-9875f8526d2a ] Request (MultipleCreateTestJSON:test_multiple_create_with_reservation_return): 200 GET http://10.180.1.21/compute/v2.1/servers/d75e5a33-50fd-490e-b0d2-9242a25d32a3 0.059s
2024-12-10 19:23:04.304 65491 INFO tempest.lib.common.rest_client [req-f89b9edb-6fad-4aec-8147-868f8a5126ae req-f89b9edb-6fad-4aec-8147-868f8a5126ae ] Request (DeleteServersAdminTestJSON:test_admin_delete_servers_of_others): 204 DELETE http://10.180.1.21/compute/v2.1/servers/34d5541e-7fbf-499e-b552-78ad1c0e4ab6 0.235s
2024-12-10 19:23:04.345 65503 INFO tempest.lib.common.rest_client [req-000b9b70-bb1a-4489-a8f8-c63672fec118 req-000b9b70-bb1a-4489-a8f8-c63672fec118 ] Request (InstanceActionsTestJSON:setUpClass): 201 POST http://10.180.1.21/identity/v3/auth/tokens 0.060s
2024-12-10 19:23:04.414 65491 INFO tempest.lib.common.rest_client [req-de547336-75ad-4d91-a644-d2e570ca9055 req-de547336-75ad-4d91-a644-d2e570ca9055 ] Request (DeleteServersAdminTestJSON:test_admin_delete_servers_of_others): 200 GET http://10.180.1.21/compute/v2.1/servers/34d5541e-7fbf-499e-b552-78ad1c0e4ab6 0.110s
2024-12-10 19:23:04.468 65449 INFO tempest.lib.common.rest_client [req-4af7e4f3-b609-4d0b-b618-9a7d3e5687c1 req-4af7e4f3-b609-4d0b-b618-9a7d3e5687c1 ] Request (ServersAdminTestJSON:test_inject_network_info): 200 GET http://10.180.1.21/compute/v2.1/servers/af281b60-1bae-489d-8363-853112ca6f23 0.069s
