2024-12-10 19:21:08.653 65485 INFO tempest.lib.common.rest_client [req-d6b6d21c-3b1a-4a72-9598-8e6fa28bf5cf req-d6b6d21c-3b1a-4a72-9598-8e6fa28bf5cf ] Request (FlavorsAccessNegativeTestJSON:test_flavor_non_admin_remove): 400 POST http://10.180.1.21/compute/v2.1/flavors/1737962953/action 1.624s
2024-12-10 19:21:08.665 65491 INFO tempest.lib.common.rest_client [req-272d5804-fe72-45a3-8286-024ae617269a req-272d5804-fe72-45a3-8286-024ae617269a ] Request (AggregatesAdminNegativeTestJSON:test_aggregate_create_as_user): 403 POST http://10.180.1.21/compute/v2.1/os-aggregates 1.426s
2024-12-10 19:21:08.678 65503 INFO tempest.lib.common.rest_client [req-6a46f1c1-2a1e-4c59-96b3-2565fdbef966 req-6a46f1c1-2a1e-4c59-96b3-2565fdbef966 ] Request (ImagesOneServerTestJSON:setUpClass): 201 POST http://10.180.1.21/identity/v3/auth/tokens 0.235s
2024-12-10 19:21:08.678 65503 INFO tempest.lib.common.fixed_network [-] (ImagesOneServerTestJSON:setUpClass) Found network {'id': '1dc2c5e5-87c2-4f78-a781-84304a350f30', 'name': 'tempest-ImagesOneServerTestJSON-1966591354-network', 'tenant_id': '5a35c260c40648aca6ac8793ec49a79d', 'admin_state_up': True, 'mtu': 8950, 'status': 'ACTIVE', 'subnets': [], 'shared': False, 'project_id': '5a35c260c40648aca6ac8793ec49a79d', 'port_security_enabled': True, 'router:external': False, 'provider:network_type': 'vlan', 'provider:physical_network': 'default', 'provider:segmentation_id': 540, 'availability_zone_hints': [], 'availability_zones': [], 'ipv4_address_scope': None, 'ipv6_address_scope': None, 'description': '', 'tags': [], 'created_at': '2024-12-10T19:20:58Z', 'updated_at': '2024-12-10T19:20:58Z', 'revision_number': 1} available for tenant
2024-12-10 19:21:08.692 65499 INFO tempest.lib.common.rest_client [req-5aedd6da-e7fe-4d21-9679-259451a21cb3 req-5aedd6da-e7fe-4d21-9679-259451a21cb3 ] Request (HostsAdminNegativeTestJSON:test_update_nonexistent_host): 404 PUT http://10.180.1.21/compute/v2.1/os-hosts/nonexistent_hostname 1.446s
2024-12-10 19:21:08.709 65477 INFO tempest.lib.common.rest_client [req-f00ae735-a4e3-4846-8a0f-672227b7ad70 req-f00ae735-a4e3-4846-8a0f-672227b7ad70 ] Request (QuotasAdminTestV236:test_get_updated_quotas): 200 GET http://10.180.1.21/compute/v2.1/os-quota-sets/c8fa6361cad646398a91086788de5043/detail 1.580s
2024-12-10 19:21:08.726 65493 INFO tempest.lib.common.rest_client [req-604e8bb4-abec-4bac-90f8-a93b2f6dc9cb req-604e8bb4-abec-4bac-90f8-a93b2f6dc9cb ] Request (FlavorsAdminTestJSON:_run_cleanups): 202 DELETE http://10.180.1.21/compute/v2.1/flavors/b2bf13da-9239-4067-b322-8538e5445f89 1.454s
2024-12-10 19:21:08.770 65489 INFO tempest.lib.common.rest_client [req-521caca9-3c1f-4822-9f37-f8920acbf384 req-521caca9-3c1f-4822-9f37-f8920acbf384 ] Request (QuotasAdminTestV257:setUpClass): 201 POST http://10.180.1.21/identity/v3/auth/tokens 0.257s
2024-12-10 19:21:08.807 65461 INFO tempest.lib.common.rest_client [req-7783907f-d7fc-4dc4-b77f-b887fbd57413 req-7783907f-d7fc-4dc4-b77f-b887fbd57413 ] Request (FlavorsExtraSpecsTestJSON:tearDownClass): 204 DELETE http://10.180.1.21/identity/v3/projects/e2e9f15780204ef8a43be894f7c82241 0.334s
2024-12-10 19:21:08.808 65461 INFO tempest.lib.common.dynamic_creds [-] Deleting project and security group for project: a6bdab3b364647d3bc335b2184041615
2024-12-10 19:21:08.968 65469 INFO tempest.lib.common.rest_client [req-5961057c-f5db-4f06-b2f3-a11678e58eaa req-5961057c-f5db-4f06-b2f3-a11678e58eaa ] Request (FlavorsExtraSpecsNegativeTestJSON:tearDownClass): 204 DELETE http://10.180.1.21/identity/v3/projects/bbb6c9632b904bd4838f8a352f6600de 0.318s
2024-12-10 19:21:08.968 65469 INFO tempest.lib.common.dynamic_creds [-] Deleting project and security group for project: 9f7a8af6972b4e60ac493fdf2f91090c
2024-12-10 19:21:08.987 65499 INFO tempest.lib.common.rest_client [req-3dfa8ebc-5c3f-4196-af38-bdeee3259c3a req-3dfa8ebc-5c3f-4196-af38-bdeee3259c3a ] Request (HostsAdminNegativeTestJSON:tearDownClass): 204 DELETE http://10.180.1.21/identity/v3/users/4168ae72e6824b558f54e0c095c2b196 0.291s
2024-12-10 19:21:09.054 65501 INFO tempest.lib.common.rest_client [req-13b79a6d-4a6d-4fad-b904-606733003b2f req-13b79a6d-4a6d-4fad-b904-606733003b2f ] Request (SecurityGroupRulesNegativeTestJSON:setUpClass): 201 POST http://10.180.1.21:9696/networking/v2.0/routers 4.308s
2024-12-10 19:21:09.120 65477 INFO tempest.lib.common.rest_client [req-e91cfce4-7ec9-4a7c-96f3-fd388a6dbec7 req-e91cfce4-7ec9-4a7c-96f3-fd388a6dbec7 ] Request (QuotasAdminTestV236:test_get_updated_quotas): 200 GET http://10.180.1.21/identity/v3/domains?name=Default 0.407s
2024-12-10 19:21:09.193 65489 INFO tempest.lib.common.rest_client [req-a2e5583d-8533-4d6b-b4c1-5b5c7bfa21b4 req-a2e5583d-8533-4d6b-b4c1-5b5c7bfa21b4 ] Request (QuotasAdminTestV257:setUpClass): 200 GET http://10.180.1.21/identity/v3/domains?name=Default 0.422s
2024-12-10 19:21:09.268 65461 INFO tempest.lib.common.rest_client [req-3f6e6387-20a9-4ead-8fff-6667d2255981 req-3f6e6387-20a9-4ead-8fff-6667d2255981 ] Request (FlavorsExtraSpecsTestJSON:tearDownClass): 200 GET http://10.180.1.21:9696/networking/v2.0/security-groups?tenant_id=a6bdab3b364647d3bc335b2184041615&name=default 0.460s
2024-12-10 19:21:09.278 65499 INFO tempest.lib.common.rest_client [req-143eadaf-74dd-4b89-9cf0-a872a68fa9e9 req-143eadaf-74dd-4b89-9cf0-a872a68fa9e9 ] Request (HostsAdminNegativeTestJSON:tearDownClass): 204 DELETE http://10.180.1.21/identity/v3/users/e82e2b62ea8f4077b4e166cacb0f8801 0.290s
2024-12-10 19:21:09.278 65499 INFO tempest.lib.common.dynamic_creds [-] Deleting project and security group for project: 8c86ce0f2e534c4293ded137921c5159
2024-12-10 19:21:09.305 65467 INFO tempest.lib.common.rest_client [req-c39f86cd-d69e-4da6-a2ee-e3d25ef209b7 req-c39f86cd-d69e-4da6-a2ee-e3d25ef209b7 ] Request (ServerDiagnosticsV248Test:test_get_server_diagnostics): 202 POST http://10.180.1.21/compute/v2.1/servers 1.973s
2024-12-10 19:21:09.352 65477 INFO tempest.lib.common.rest_client [req-03b3a770-df5a-4ff9-80de-a0593800aea9 req-03b3a770-df5a-4ff9-80de-a0593800aea9 ] Request (QuotasAdminTestV236:test_get_updated_quotas): 201 POST http://10.180.1.21/identity/v3/users 0.230s
2024-12-10 19:21:09.357 65457 INFO tempest.lib.common.rest_client [req-9081de3a-7600-4001-ad91-7b53bedff531 req-9081de3a-7600-4001-ad91-7b53bedff531 ] Request (ServersAdminNegativeTestJSON:setUpClass): 200 GET http://10.180.1.21/compute/v2.1/servers/253352c1-988b-44c7-a7d6-9700493a678c 2.072s
2024-12-10 19:21:09.367 65457 INFO tempest.common.waiters [-] State transition "BUILD/spawning" ==> "ACTIVE/None" after 20 second wait
2024-12-10 19:21:09.368 65489 INFO tempest.lib.common.rest_client [req-0a8c7d0b-766d-4712-a3b7-49210abbb93b req-0a8c7d0b-766d-4712-a3b7-49210abbb93b ] Request (QuotasAdminTestV257:setUpClass): 201 POST http://10.180.1.21/identity/v3/projects 0.175s
2024-12-10 19:21:09.369 65455 INFO tempest.lib.common.rest_client [req-e9b3a147-ea37-4300-9e86-3539079b7b39 req-e9b3a147-ea37-4300-9e86-3539079b7b39 ] Request (SecurityGroupsNegativeTestJSON:test_delete_security_group_without_passing_id): 404 DELETE http://10.180.1.21/compute/v2.1/os-security-groups/ 1.909s
2024-12-10 19:21:09.447 65499 INFO tempest.lib.common.rest_client [req-7f266166-b441-4d03-b0c7-0a5aaea9f431 req-7f266166-b441-4d03-b0c7-0a5aaea9f431 ] Request (HostsAdminNegativeTestJSON:tearDownClass): 201 POST http://10.180.1.21/identity/v3/auth/tokens 0.169s
2024-12-10 19:21:09.467 65489 INFO tempest.lib.common.rest_client [req-38265174-f4df-4092-a04e-31e2c8349057 req-38265174-f4df-4092-a04e-31e2c8349057 ] Request (QuotasAdminTestV257:setUpClass): 201 POST http://10.180.1.21/identity/v3/users 0.098s
2024-12-10 19:21:09.495 65477 INFO tempest.lib.common.rest_client [req-532d88e8-6b6b-4024-9517-7bf0442b3a09 req-532d88e8-6b6b-4024-9517-7bf0442b3a09 ] Request (QuotasAdminTestV236:test_get_updated_quotas): 200 GET http://10.180.1.21/identity/v3/domains?name=Default 0.142s
2024-12-10 19:21:09.501 65479 INFO tempest.lib.common.rest_client [req-a0aaa30d-d233-40a1-b9e9-b1c432cfa937 req-a0aaa30d-d233-40a1-b9e9-b1c432cfa937 ] Request (MigrationsAdminTest:test_list_migrations_in_flavor_resize_situation): 200 GET http://10.180.1.21/compute/v2.1/servers/eb051f2e-b4d8-4f2a-8b5e-4304e2eb90d0 1.986s
2024-12-10 19:21:09.507 65489 INFO tempest.lib.common.rest_client [req-4fbe6095-3d51-4a49-9d50-b4e6c9135dae req-4fbe6095-3d51-4a49-9d50-b4e6c9135dae ] Request (QuotasAdminTestV257:setUpClass): 200 GET http://10.180.1.21/identity/v3/roles 0.039s
2024-12-10 19:21:09.571 65489 INFO tempest.lib.common.rest_client [req-6869c95f-70a5-4dfb-b4e3-9cee7f750b3d req-6869c95f-70a5-4dfb-b4e3-9cee7f750b3d ] Request (QuotasAdminTestV257:setUpClass): 204 PUT http://10.180.1.21/identity/v3/projects/2ff89a7b967945cb94e7a3533eed1df5/users/0de3a5074bb4440aa5734f8b94a44e89/roles/06bf4bf44df547fa8f42456dceb669ef 0.063s
2024-12-10 19:21:09.571 65489 INFO tempest.lib.common.dynamic_creds [-] Dynamic test user 0de3a5074bb4440aa5734f8b94a44e89 is created with scope project and roles: ['member']
2024-12-10 19:21:09.571 65489 INFO tempest.lib.common.dynamic_creds [-] Acquired dynamic creds: credentials: Credentials: {'domain_id': 'default', 'domain_name': 'Default', 'username': 'tempest-QuotasAdminTestV257-155827285-project-member', 'project_domain_id': 'default', 'project_domain_name': 'Default', 'project_id': '2ff89a7b967945cb94e7a3533eed1df5', 'project_name': 'tempest-QuotasAdminTestV257-155827285', 'tenant_id': '2ff89a7b967945cb94e7a3533eed1df5', 'tenant_name': 'tempest-QuotasAdminTestV257-155827285', 'user_domain_id': 'default', 'user_domain_name': 'Default', 'user_id': '0de3a5074bb4440aa5734f8b94a44e89', 'system': None}, Network: None, Subnet: None, Router: None
2024-12-10 19:21:09.571 65489 INFO tempest.lib.common.dynamic_creds [-] Created isolated network resources for: credentials: Credentials: {'domain_id': 'default', 'domain_name': 'Default', 'username': 'tempest-QuotasAdminTestV257-155827285-project-member', 'project_domain_id': 'default', 'project_domain_name': 'Default', 'project_id': '2ff89a7b967945cb94e7a3533eed1df5', 'project_name': 'tempest-QuotasAdminTestV257-155827285', 'tenant_id': '2ff89a7b967945cb94e7a3533eed1df5', 'tenant_name': 'tempest-QuotasAdminTestV257-155827285', 'user_domain_id': 'default', 'user_domain_name': 'Default', 'user_id': '0de3a5074bb4440aa5734f8b94a44e89', 'system': None}, Network: None, Subnet: None, Router: None
2024-12-10 19:21:09.628 65451 INFO tempest.lib.common.rest_client [req-eec3ef8e-2f29-4d06-a858-6bbc95bd9d33 req-eec3ef8e-2f29-4d06-a858-6bbc95bd9d33 ] Request (ServerDiagnosticsTest:test_get_server_diagnostics): 200 GET http://10.180.1.21/compute/v2.1/servers/9d50cb49-63ed-468e-a774-7e96d64acecb 2.260s
2024-12-10 19:21:09.689 65471 INFO tempest.lib.common.rest_client [req-d0779b9f-5b09-4b18-81d4-d71a62a86d37 req-d0779b9f-5b09-4b18-81d4-d71a62a86d37 ] Request (ListImageFiltersTestJSON:setUpClass): 204 PUT http://10.180.1.21/image/v2/images/e010e4c1-a28d-4212-a0a4-421e50328bdc/file 1.565s
2024-12-10 19:21:09.693 65461 INFO tempest.lib.common.rest_client [req-baebf78a-416c-4668-ac35-350fd1aa91ba req-baebf78a-416c-4668-ac35-350fd1aa91ba ] Request (FlavorsExtraSpecsTestJSON:tearDownClass): 204 DELETE http://10.180.1.21:9696/networking/v2.0/security-groups/516bfdf0-f0ee-47cf-b423-5abf1519ebc9 0.424s
2024-12-10 19:21:09.703 65509 INFO tempest.lib.common.rest_client [req-1f047585-6762-49f5-86f9-0f7a5e7bd47c req-1f047585-6762-49f5-86f9-0f7a5e7bd47c ] Request (FlavorMetadataValidation:test_flavor_update_with_custom_namespace): 200 POST http://10.180.1.21/compute/v2.1/flavors 2.091s
2024-12-10 19:21:09.711 65489 INFO tempest.lib.common.rest_client [req-7b572ad7-2260-40b4-bb00-7f43e96b9966 req-7b572ad7-2260-40b4-bb00-7f43e96b9966 ] Request (QuotasAdminTestV257:setUpClass): 201 POST http://10.180.1.21/identity/v3/auth/tokens 0.137s
2024-12-10 19:21:09.731 65469 INFO tempest.lib.common.rest_client [req-fda5dcb1-9285-45ac-9c5d-d9ae069847ae req-fda5dcb1-9285-45ac-9c5d-d9ae069847ae ] Request (FlavorsExtraSpecsNegativeTestJSON:tearDownClass): 200 GET http://10.180.1.21:9696/networking/v2.0/security-groups?tenant_id=9f7a8af6972b4e60ac493fdf2f91090c&name=default 0.763s
2024-12-10 19:21:09.799 65489 INFO tempest.lib.common.rest_client [req-9e5c9e0e-f65b-4cc9-8a2b-a259fa78fdca req-9e5c9e0e-f65b-4cc9-8a2b-a259fa78fdca ] Request (QuotasAdminTestV257:setUpClass): 201 POST http://10.180.1.21/identity/v3/projects 0.087s
2024-12-10 19:21:09.812 65447 INFO tempest.lib.common.rest_client [req-939a93e2-54c4-4f27-a715-35bb9813bdf0 req-939a93e2-54c4-4f27-a715-35bb9813bdf0 ] Request (VolumesAssistedSnapshotsTest:test_volume_assisted_snapshot_create_delete): 200 GET http://10.180.1.21/volume/v3/volumes/c718b6a8-1655-4001-9803-3f75f77a3e65 0.188s
2024-12-10 19:21:09.821 65447 INFO tempest.common.waiters [-] volume c718b6a8-1655-4001-9803-3f75f77a3e65 reached available after waiting for 1.820739 seconds
2024-12-10 19:21:09.847 65461 INFO tempest.lib.common.rest_client [req-a08a8d75-b84b-4a17-808b-96a349f9f449 req-a08a8d75-b84b-4a17-808b-96a349f9f449 ] Request (FlavorsExtraSpecsTestJSON:tearDownClass): 204 DELETE http://10.180.1.21/identity/v3/projects/a6bdab3b364647d3bc335b2184041615 0.150s
2024-12-10 19:21:09.886 65463 INFO tempest.lib.common.rest_client [req-4b7881fd-0c41-4df9-80dd-be93841ee3f5 req-4b7881fd-0c41-4df9-80dd-be93841ee3f5 ] Request (ServersAdmin275Test:test_rebuild_update_server_275): 200 GET http://10.180.1.21/compute/v2.1/servers/3caafb87-21d6-4f25-b151-af64f83162ed 1.635s
2024-12-10 19:21:09.890 65449 INFO tempest.lib.common.rest_client [req-28cc101d-71c3-4f66-84ea-418638dd8b06 req-28cc101d-71c3-4f66-84ea-418638dd8b06 ] Request (ServersAdminTestJSON:setUpClass): 200 GET http://10.180.1.21/compute/v2.1/servers/4f34bca7-5bb3-4f12-9074-a87c5d43bb91 1.652s
2024-12-10 19:21:09.903 65487 INFO tempest.lib.common.rest_client [req-48d7423e-17c5-46c3-aa19-cd75d732d867 req-48d7423e-17c5-46c3-aa19-cd75d732d867 ] Request (QuotasAdminNegativeTest:test_update_quota_normal_user): 403 PUT http://10.180.1.21/compute/v2.1/os-quota-sets/1cfb144d4ca94f25ad941d69c7b4b61a 1.542s
2024-12-10 19:21:09.909 65463 INFO tempest.common.waiters [-] State transition "BUILD/spawning" ==> "ACTIVE/None" after 12 second wait
2024-12-10 19:21:09.923 65489 INFO tempest.lib.common.rest_client [req-b6213f8f-de58-46d7-a276-f1b1963fb643 req-b6213f8f-de58-46d7-a276-f1b1963fb643 ] Request (QuotasAdminTestV257:setUpClass): 201 POST http://10.180.1.21/identity/v3/users 0.123s
2024-12-10 19:21:09.942 65461 INFO tempest.lib.common.rest_client [req-7eac5e46-79f4-46ed-8ce5-0a4fd6c8fa28 req-7eac5e46-79f4-46ed-8ce5-0a4fd6c8fa28 ] Request (FlavorsV255TestJSON:setUpClass): 201 POST http://10.180.1.21/identity/v3/auth/tokens 0.093s
2024-12-10 19:21:09.949 65507 INFO tempest.lib.common.rest_client [req-0174aab5-ca3c-41d8-ab55-476c6908f2f2 req-0174aab5-ca3c-41d8-ab55-476c6908f2f2 ] Request (FlavorsV2TestJSON:test_list_flavors_detailed_using_marker): 200 GET http://10.180.1.21/compute/v2.1/flavors/detail?marker=42 1.598s
2024-12-10 19:21:09.976 65465 INFO tempest.lib.common.rest_client [req-0bf2b961-433a-4d27-a444-2386dc1d960a req-0bf2b961-433a-4d27-a444-2386dc1d960a ] Request (MultipleCreateTestJSON:test_multiple_create): 200 GET http://10.180.1.21/compute/v2.1/servers/4ad5f8ec-b4a5-42e9-831b-6b0f93327311 1.603s
2024-12-10 19:21:09.978 65505 INFO tempest.lib.common.rest_client [req-f2cdb54f-1395-4105-bf74-7dc6f0f64308 req-f2cdb54f-1395-4105-bf74-7dc6f0f64308 ] Request (ImagesMetadataNegativeTestJSON:test_set_nonexistent_image_metadata_item): 404 PUT http://10.180.1.21/compute/v2.1/images/e4a95dae-f57b-471b-8294-9f1b4efedeb9/metadata/os_distro 1.593s
2024-12-10 19:21:09.989 65489 INFO tempest.lib.common.rest_client [req-92a0e9f0-49a2-4028-87a2-e84918549e3d req-92a0e9f0-49a2-4028-87a2-e84918549e3d ] Request (QuotasAdminTestV257:setUpClass): 200 GET http://10.180.1.21/identity/v3/roles 0.065s
2024-12-10 19:21:09.993 65485 INFO tempest.lib.common.rest_client [req-1a145d9e-d2d0-47b0-9cf6-3a2e764b21b8 req-1a145d9e-d2d0-47b0-9cf6-3a2e764b21b8 ] Request (FlavorsAccessNegativeTestJSON:_run_cleanups): 202 DELETE http://10.180.1.21/compute/v2.1/flavors/1737962953 1.340s
2024-12-10 19:21:10.013 65491 INFO tempest.lib.common.rest_client [req-d4d5e1b4-e7b1-4b1c-9e26-366655763c83 req-d4d5e1b4-e7b1-4b1c-9e26-366655763c83 ] Request (AggregatesAdminNegativeTestJSON:test_aggregate_create_with_existent_aggregate_name): 200 POST http://10.180.1.21/compute/v2.1/os-aggregates 1.344s
2024-12-10 19:21:10.035 65493 INFO tempest.lib.common.rest_client [req-ca4f9884-2b93-455f-8b3a-bff90e4a4a43 req-ca4f9884-2b93-455f-8b3a-bff90e4a4a43 ] Request (FlavorsAdminTestJSON:_run_cleanups): 200 GET http://10.180.1.21/compute/v2.1/flavors/detail 1.309s
2024-12-10 19:21:10.070 65487 INFO tempest.lib.common.rest_client [req-11f07003-7d97-46bf-a939-7b89f10e3b46 req-11f07003-7d97-46bf-a939-7b89f10e3b46 ] Request (QuotasAdminNegativeTest:tearDownClass): 204 DELETE http://10.180.1.21/identity/v3/users/b66f2957f0764cda828a25f7e9c54b8c 0.163s
2024-12-10 19:21:10.098 65461 INFO tempest.lib.common.rest_client [req-842c18e3-e0e9-4105-afdc-2537f534c14e req-842c18e3-e0e9-4105-afdc-2537f534c14e ] Request (FlavorsV255TestJSON:setUpClass): 201 POST http://10.180.1.21/identity/v3/auth/tokens 0.154s
2024-12-10 19:21:10.153 65489 INFO tempest.lib.common.rest_client [req-6233334b-d35a-4570-afd2-10471cc57f07 req-6233334b-d35a-4570-afd2-10471cc57f07 ] Request (QuotasAdminTestV257:setUpClass): 204 PUT http://10.180.1.21/identity/v3/projects/3dea9d1110e9441ebd224b0ddbd9bb92/users/49026fd646004d9d88a457459aa1cb79/roles/030db6bb9bd54cb59354c27fb564ad21 0.163s
2024-12-10 19:21:10.267 65487 INFO tempest.lib.common.rest_client [req-73f2c711-1fb8-487b-bb1b-2a7e95f627ae req-73f2c711-1fb8-487b-bb1b-2a7e95f627ae ] Request (QuotasAdminNegativeTest:tearDownClass): 204 DELETE http://10.180.1.21/identity/v3/users/b661602a3b03418a88fad4ef6e253e75 0.196s
2024-12-10 19:21:10.267 65487 INFO tempest.lib.common.dynamic_creds [-] Deleting project and security group for project: 5683f88b6ffd416090b76c78d77cf1b9
2024-12-10 19:21:10.327 65461 INFO tempest.lib.common.rest_client [req-ce78ada0-3a75-49f5-8bf1-47acba540c24 req-ce78ada0-3a75-49f5-8bf1-47acba540c24 ] Request (FlavorsV255TestJSON:setUpClass): 200 GET http://10.180.1.21/identity/v3/domains?name=Default 0.229s
2024-12-10 19:21:10.328 65489 INFO tempest.lib.common.rest_client [req-43bb172e-5ddb-43cd-878f-bc114232189c req-43bb172e-5ddb-43cd-878f-bc114232189c ] Request (QuotasAdminTestV257:setUpClass): 200 GET http://10.180.1.21/identity/v3/roles 0.174s
2024-12-10 19:21:10.353 65487 INFO tempest.lib.common.rest_client [req-0a7bf762-2072-4d57-89ef-e827880a3a75 req-0a7bf762-2072-4d57-89ef-e827880a3a75 ] Request (QuotasAdminNegativeTest:tearDownClass): 201 POST http://10.180.1.21/identity/v3/auth/tokens 0.086s
2024-12-10 19:21:10.377 65461 INFO tempest.lib.common.rest_client [req-e443a2bd-3f27-42de-b724-cee6dfb07f61 req-e443a2bd-3f27-42de-b724-cee6dfb07f61 ] Request (FlavorsV255TestJSON:setUpClass): 201 POST http://10.180.1.21/identity/v3/projects 0.048s
2024-12-10 19:21:10.377 65489 INFO tempest.lib.common.rest_client [req-914f61f9-c939-4509-b009-37663f527e4f req-914f61f9-c939-4509-b009-37663f527e4f ] Request (QuotasAdminTestV257:setUpClass): 204 PUT http://10.180.1.21/identity/v3/projects/3dea9d1110e9441ebd224b0ddbd9bb92/users/49026fd646004d9d88a457459aa1cb79/roles/030db6bb9bd54cb59354c27fb564ad21 0.049s
2024-12-10 19:21:10.377 65489 INFO tempest.lib.common.dynamic_creds [-] Dynamic test user 49026fd646004d9d88a457459aa1cb79 is created with scope project and roles: ['admin']
2024-12-10 19:21:10.377 65489 INFO tempest.lib.common.dynamic_creds [-] Acquired dynamic creds: credentials: Credentials: {'domain_id': 'default', 'domain_name': 'Default', 'username': 'tempest-QuotasAdminTestV257-232480499-project-admin', 'project_domain_id': 'default', 'project_domain_name': 'Default', 'project_id': '3dea9d1110e9441ebd224b0ddbd9bb92', 'project_name': 'tempest-QuotasAdminTestV257-232480499', 'tenant_id': '3dea9d1110e9441ebd224b0ddbd9bb92', 'tenant_name': 'tempest-QuotasAdminTestV257-232480499', 'user_domain_id': 'default', 'user_domain_name': 'Default', 'user_id': '49026fd646004d9d88a457459aa1cb79', 'system': None}, Network: None, Subnet: None, Router: None
2024-12-10 19:21:10.378 65489 INFO tempest.lib.common.dynamic_creds [-] Created isolated network resources for: credentials: Credentials: {'domain_id': 'default', 'domain_name': 'Default', 'username': 'tempest-QuotasAdminTestV257-232480499-project-admin', 'project_domain_id': 'default', 'project_domain_name': 'Default', 'project_id': '3dea9d1110e9441ebd224b0ddbd9bb92', 'project_name': 'tempest-QuotasAdminTestV257-232480499', 'tenant_id': '3dea9d1110e9441ebd224b0ddbd9bb92', 'tenant_name': 'tempest-QuotasAdminTestV257-232480499', 'user_domain_id': 'default', 'user_domain_name': 'Default', 'user_id': '49026fd646004d9d88a457459aa1cb79', 'system': None}, Network: None, Subnet: None, Router: None
2024-12-10 19:21:10.425 65483 INFO tempest.lib.common.rest_client [req-5a7ddb06-4403-406d-bab7-4bbaa39287f2 req-5a7ddb06-4403-406d-bab7-4bbaa39287f2 ] Request (FloatingIPDetailsTestJSON:setUpClass): 201 POST http://10.180.1.21:9696/networking/v2.0/routers 5.560s
2024-12-10 19:21:10.470 65461 INFO tempest.lib.common.rest_client [req-58a9609d-ffd8-4db5-85e3-50a69a2fe111 req-58a9609d-ffd8-4db5-85e3-50a69a2fe111 ] Request (FlavorsV255TestJSON:setUpClass): 201 POST http://10.180.1.21/identity/v3/users 0.093s
2024-12-10 19:21:10.476 65499 INFO tempest.lib.common.rest_client [req-0deef3de-88a8-4637-8b38-3b591855f020 req-0deef3de-88a8-4637-8b38-3b591855f020 ] Request (HostsAdminNegativeTestJSON:tearDownClass): 200 GET http://10.180.1.21:9696/networking/v2.0/security-groups?tenant_id=8c86ce0f2e534c4293ded137921c5159&name=default 1.028s
2024-12-10 19:21:10.487 65461 INFO tempest.lib.common.rest_client [req-848db3bb-f1e7-4933-a886-fc1266e67076 req-848db3bb-f1e7-4933-a886-fc1266e67076 ] Request (FlavorsV255TestJSON:setUpClass): 200 GET http://10.180.1.21/identity/v3/roles 0.016s
2024-12-10 19:21:10.513 65461 INFO tempest.lib.common.rest_client [req-45c2f313-08ef-40c6-a0c7-54f879890a95 req-45c2f313-08ef-40c6-a0c7-54f879890a95 ] Request (FlavorsV255TestJSON:setUpClass): 204 PUT http://10.180.1.21/identity/v3/projects/75ff324fcf0c421b99b0eda4b0c75fb8/users/cff88e08349440f4b68b5916c08ea367/roles/06bf4bf44df547fa8f42456dceb669ef 0.026s
2024-12-10 19:21:10.513 65461 INFO tempest.lib.common.dynamic_creds [-] Dynamic test user cff88e08349440f4b68b5916c08ea367 is created with scope project and roles: ['member']
2024-12-10 19:21:10.514 65461 INFO tempest.lib.common.dynamic_creds [-] Acquired dynamic creds: credentials: Credentials: {'domain_id': 'default', 'domain_name': 'Default', 'username': 'tempest-FlavorsV255TestJSON-745638516-project-member', 'project_domain_id': 'default', 'project_domain_name': 'Default', 'project_id': '75ff324fcf0c421b99b0eda4b0c75fb8', 'project_name': 'tempest-FlavorsV255TestJSON-745638516', 'tenant_id': '75ff324fcf0c421b99b0eda4b0c75fb8', 'tenant_name': 'tempest-FlavorsV255TestJSON-745638516', 'user_domain_id': 'default', 'user_domain_name': 'Default', 'user_id': 'cff88e08349440f4b68b5916c08ea367', 'system': None}, Network: None, Subnet: None, Router: None
2024-12-10 19:21:10.514 65461 INFO tempest.lib.common.dynamic_creds [-] Created isolated network resources for: credentials: Credentials: {'domain_id': 'default', 'domain_name': 'Default', 'username': 'tempest-FlavorsV255TestJSON-745638516-project-member', 'project_domain_id': 'default', 'project_domain_name': 'Default', 'project_id': '75ff324fcf0c421b99b0eda4b0c75fb8', 'project_name': 'tempest-FlavorsV255TestJSON-745638516', 'tenant_id': '75ff324fcf0c421b99b0eda4b0c75fb8', 'tenant_name': 'tempest-FlavorsV255TestJSON-745638516', 'user_domain_id': 'default', 'user_domain_name': 'Default', 'user_id': 'cff88e08349440f4b68b5916c08ea367', 'system': None}, Network: None, Subnet: None, Router: None
2024-12-10 19:21:10.548 65489 INFO tempest.lib.common.rest_client [req-5ffc7c24-85d2-4214-b4d3-98fa5372e422 req-5ffc7c24-85d2-4214-b4d3-98fa5372e422 ] Request (QuotasAdminTestV257:setUpClass): 201 POST http://10.180.1.21/identity/v3/auth/tokens 0.166s
2024-12-10 19:21:10.549 65489 WARNING tempest.lib.common.rest_client [-] Deprecated: "tenant_id" property is deprecated for removal, use "project_id" instead
2024-12-10 19:21:10.585 65461 INFO tempest.lib.common.rest_client [req-f73a61bb-079f-463a-ac8b-80d28d4e9417 req-f73a61bb-079f-463a-ac8b-80d28d4e9417 ] Request (FlavorsV255TestJSON:setUpClass): 201 POST http://10.180.1.21/identity/v3/auth/tokens 0.068s
2024-12-10 19:21:10.625 65481 INFO tempest.lib.common.rest_client [req-4a030acd-bf52-400a-bf5c-c00cb01c8844 req-4a030acd-bf52-400a-bf5c-c00cb01c8844 ] Request (ValidationResourcesFixture:setUp): 201 POST http://10.180.1.21:9696/networking/v2.0/floatingips 3.506s
2024-12-10 19:21:10.667 65461 INFO tempest.lib.common.rest_client [req-4066311f-7f5f-41db-9265-2f04be16033b req-4066311f-7f5f-41db-9265-2f04be16033b ] Request (FlavorsV255TestJSON:setUpClass): 201 POST http://10.180.1.21/identity/v3/projects 0.082s
2024-12-10 19:21:10.672 65469 INFO tempest.lib.common.rest_client [req-917bb1ee-b218-408e-9872-90460ab7e214 req-917bb1ee-b218-408e-9872-90460ab7e214 ] Request (FlavorsExtraSpecsNegativeTestJSON:tearDownClass): 204 DELETE http://10.180.1.21:9696/networking/v2.0/security-groups/4218abf0-3e3d-4177-84bb-a74b943da99e 0.940s
2024-12-10 19:21:10.691 65481 INFO tempest.lib.common.rest_client [req-a02de367-3686-47d6-8573-8bb8b07d5c50 req-a02de367-3686-47d6-8573-8bb8b07d5c50 ] Request (ServersWithSpecificFlavorTestJSON:test_verify_created_server_ephemeral_disk): 201 POST http://10.180.1.21/identity/v3/auth/tokens 0.060s
2024-12-10 19:21:10.691 65481 INFO tempest.lib.common.fixed_network [-] (ServersWithSpecificFlavorTestJSON:test_verify_created_server_ephemeral_disk) Found network {'id': '0169f8bd-051c-41ae-b4f1-bc1c5d4991fc', 'name': 'tempest-ServersWithSpecificFlavorTestJSON-1580410336-network', 'tenant_id': 'd47b752ac53846759047f62709198a62', 'admin_state_up': True, 'mtu': 8950, 'status': 'ACTIVE', 'subnets': [], 'shared': False, 'project_id': 'd47b752ac53846759047f62709198a62', 'port_security_enabled': True, 'router:external': False, 'provider:network_type': 'vlan', 'provider:physical_network': 'default', 'provider:segmentation_id': 108, 'availability_zone_hints': [], 'availability_zones': [], 'ipv4_address_scope': None, 'ipv6_address_scope': None, 'description': '', 'tags': [], 'created_at': '2024-12-10T19:20:46Z', 'updated_at': '2024-12-10T19:20:46Z', 'revision_number': 1} available for tenant
2024-12-10 19:21:10.745 65461 INFO tempest.lib.common.rest_client [req-8c0316d8-610b-43ba-b3c6-e3537924a2c6 req-8c0316d8-610b-43ba-b3c6-e3537924a2c6 ] Request (FlavorsV255TestJSON:setUpClass): 201 POST http://10.180.1.21/identity/v3/users 0.077s
2024-12-10 19:21:10.766 65461 INFO tempest.lib.common.rest_client [req-35d595e1-00a6-45dd-9f86-2795c02e07a7 req-35d595e1-00a6-45dd-9f86-2795c02e07a7 ] Request (FlavorsV255TestJSON:setUpClass): 200 GET http://10.180.1.21/identity/v3/roles 0.020s
2024-12-10 19:21:10.785 65469 INFO tempest.lib.common.rest_client [req-5a0466e2-6a5b-4479-b1a3-4fb62df45870 req-5a0466e2-6a5b-4479-b1a3-4fb62df45870 ] Request (FlavorsExtraSpecsNegativeTestJSON:tearDownClass): 204 DELETE http://10.180.1.21/identity/v3/projects/9f7a8af6972b4e60ac493fdf2f91090c 0.112s
2024-12-10 19:21:10.829 65469 INFO tempest.lib.common.rest_client [req-7dcc5d8c-0f80-48d8-ab60-762669000a43 req-7dcc5d8c-0f80-48d8-ab60-762669000a43 ] Request (ServerDiagnosticsNegativeTest:setUpClass): 201 POST http://10.180.1.21/identity/v3/auth/tokens 0.043s
2024-12-10 19:21:10.830 65459 INFO tempest.lib.common.rest_client [req-ca4319d6-e926-455c-b82b-f7fc69ab594d req-ca4319d6-e926-455c-b82b-f7fc69ab594d ] Request (FloatingIPsNegativeTestJSON:setUpClass): 200 PUT http://10.180.1.21:9696/networking/v2.0/routers/81970538-8983-4f76-8115-0cb6c794f8dd/add_router_interface 4.631s
2024-12-10 19:21:10.831 65459 INFO tempest.lib.common.dynamic_creds [-] Created isolated network resources for: credentials: Credentials: {'domain_id': 'default', 'domain_name': 'Default', 'username': 'tempest-FloatingIPsNegativeTestJSON-790092774-project-member', 'project_domain_id': 'default', 'project_domain_name': 'Default', 'project_id': '2afd1dfbaf684876b369f51c001b1ade', 'project_name': 'tempest-FloatingIPsNegativeTestJSON-790092774', 'tenant_id': '2afd1dfbaf684876b369f51c001b1ade', 'tenant_name': 'tempest-FloatingIPsNegativeTestJSON-790092774', 'user_domain_id': 'default', 'user_domain_name': 'Default', 'user_id': '9d5f7e8715cd46fc96fc476efaa18110', 'system': None}, Network: {'id': '948093a4-8db7-4de1-a143-a8196a031976', 'name': 'tempest-FloatingIPsNegativeTestJSON-1540344333-network', 'tenant_id': '2afd1dfbaf684876b369f51c001b1ade', 'admin_state_up': True, 'mtu': 8950, 'status': 'ACTIVE', 'subnets': [], 'shared': False, 'project_id': '2afd1dfbaf684876b369f51c001b1ade', 'port_security_enabled': True, 'router:external': False, 'provider:network_type': 'vlan', 'provider:physical_network': 'default', 'provider:segmentation_id': 814, 'availability_zone_hints': [], 'availability_zones': [], 'ipv4_address_scope': None, 'ipv6_address_scope': None, 'description': '', 'tags': [], 'created_at': '2024-12-10T19:21:00Z', 'updated_at': '2024-12-10T19:21:00Z', 'revision_number': 1}, Subnet: {'id': 'c77f2556-f3c4-4b46-8297-b52637d72de0', 'name': 'tempest-FloatingIPsNegativeTestJSON-1540344333-subnet', 'tenant_id': '2afd1dfbaf684876b369f51c001b1ade', 'network_id': '948093a4-8db7-4de1-a143-a8196a031976', 'ip_version': 4, 'subnetpool_id': None, 'enable_dhcp': True, 'ipv6_ra_mode': None, 'ipv6_address_mode': None, 'gateway_ip': '192.168.128.1', 'cidr': '192.168.128.0/28', 'allocation_pools': [{'start': '192.168.128.2', 'end': '192.168.128.14'}], 'host_routes': [], 'dns_nameservers': [], 'description': '', 'router:external': False, 'service_types': [], 'tags': [], 'created_at': '2024-12-10T19:21:00Z', 'updated_at': '2024-12-10T19:21:00Z', 'revision_number': 0, 'project_id': '2afd1dfbaf684876b369f51c001b1ade'}, Router: {'id': '81970538-8983-4f76-8115-0cb6c794f8dd', 'name': 'tempest-FloatingIPsNegativeTestJSON-1540344333-router', 'tenant_id': '2afd1dfbaf684876b369f51c001b1ade', 'admin_state_up': True, 'status': 'ACTIVE', 'external_gateway_info': {'network_id': 'eb8c071d-0530-477b-b8ae-8050fab5bbfe', 'external_fixed_ips': [{'subnet_id': '0f50d970-3450-4ba5-b4d0-def9977c42c1', 'ip_address': '10.180.180.191'}], 'enable_snat': True}, 'description': '', 'availability_zones': [], 'distributed': False, 'ha': False, 'availability_zone_hints': [], 'routes': [], 'flavor_id': None, 'tags': [], 'created_at': '2024-12-10T19:21:02Z', 'updated_at': '2024-12-10T19:21:04Z', 'revision_number': 2, 'project_id': '2afd1dfbaf684876b369f51c001b1ade'}
2024-12-10 19:21:10.853 65461 INFO tempest.lib.common.rest_client [req-ceea859a-563e-4624-a9f9-1d3db0190ceb req-ceea859a-563e-4624-a9f9-1d3db0190ceb ] Request (FlavorsV255TestJSON:setUpClass): 204 PUT http://10.180.1.21/identity/v3/projects/7707293915124f80a3dc262aca5ce0bb/users/c59a43874fb249ed8fc56dab97becfca/roles/030db6bb9bd54cb59354c27fb564ad21 0.086s
2024-12-10 19:21:10.899 65469 INFO tempest.lib.common.rest_client [req-b964d17c-bcd1-4ed0-83d9-37be40a2c4a5 req-b964d17c-bcd1-4ed0-83d9-37be40a2c4a5 ] Request (ServerDiagnosticsNegativeTest:setUpClass): 201 POST http://10.180.1.21/identity/v3/auth/tokens 0.068s
2024-12-10 19:21:10.915 65453 INFO tempest.lib.common.rest_client [req-352ec071-fca4-4c03-811a-94a73a4a73a2 req-352ec071-fca4-4c03-811a-94a73a4a73a2 ] Request (ServerExternalEventsTest:test_create_server_external_events): 200 GET http://10.180.1.21/compute/v2.1/servers/d7737573-ca13-4b98-9273-dcf4439155cf 1.790s
2024-12-10 19:21:10.917 65461 INFO tempest.lib.common.rest_client [req-a0a70e83-63a1-4018-a611-147b4096b4e3 req-a0a70e83-63a1-4018-a611-147b4096b4e3 ] Request (FlavorsV255TestJSON:setUpClass): 200 GET http://10.180.1.21/identity/v3/roles 0.064s
2024-12-10 19:21:10.926 65459 INFO tempest.lib.common.rest_client [req-9dc98b33-768f-43cc-b109-5ec51234754a req-9dc98b33-768f-43cc-b109-5ec51234754a ] Request (FloatingIPsNegativeTestJSON:setUpClass): 201 POST http://10.180.1.21/identity/v3/auth/tokens 0.091s
2024-12-10 19:21:10.940 65469 INFO tempest.lib.common.rest_client [req-0572c770-5ee7-407d-930c-770cd94321b2 req-0572c770-5ee7-407d-930c-770cd94321b2 ] Request (ServerDiagnosticsNegativeTest:setUpClass): 200 GET http://10.180.1.21/identity/v3/domains?name=Default 0.040s
2024-12-10 19:21:10.945 65461 INFO tempest.lib.common.rest_client [req-0ca6b8f0-0349-4d61-8d30-35a1e3036eaf req-0ca6b8f0-0349-4d61-8d30-35a1e3036eaf ] Request (FlavorsV255TestJSON:setUpClass): 204 PUT http://10.180.1.21/identity/v3/projects/7707293915124f80a3dc262aca5ce0bb/users/c59a43874fb249ed8fc56dab97becfca/roles/030db6bb9bd54cb59354c27fb564ad21 0.027s
2024-12-10 19:21:10.945 65461 INFO tempest.lib.common.dynamic_creds [-] Dynamic test user c59a43874fb249ed8fc56dab97becfca is created with scope project and roles: ['admin']
2024-12-10 19:21:10.945 65461 INFO tempest.lib.common.dynamic_creds [-] Acquired dynamic creds: credentials: Credentials: {'domain_id': 'default', 'domain_name': 'Default', 'username': 'tempest-FlavorsV255TestJSON-93239264-project-admin', 'project_domain_id': 'default', 'project_domain_name': 'Default', 'project_id': '7707293915124f80a3dc262aca5ce0bb', 'project_name': 'tempest-FlavorsV255TestJSON-93239264', 'tenant_id': '7707293915124f80a3dc262aca5ce0bb', 'tenant_name': 'tempest-FlavorsV255TestJSON-93239264', 'user_domain_id': 'default', 'user_domain_name': 'Default', 'user_id': 'c59a43874fb249ed8fc56dab97becfca', 'system': None}, Network: None, Subnet: None, Router: None
2024-12-10 19:21:10.945 65461 INFO tempest.lib.common.dynamic_creds [-] Created isolated network resources for: credentials: Credentials: {'domain_id': 'default', 'domain_name': 'Default', 'username': 'tempest-FlavorsV255TestJSON-93239264-project-admin', 'project_domain_id': 'default', 'project_domain_name': 'Default', 'project_id': '7707293915124f80a3dc262aca5ce0bb', 'project_name': 'tempest-FlavorsV255TestJSON-93239264', 'tenant_id': '7707293915124f80a3dc262aca5ce0bb', 'tenant_name': 'tempest-FlavorsV255TestJSON-93239264', 'user_domain_id': 'default', 'user_domain_name': 'Default', 'user_id': 'c59a43874fb249ed8fc56dab97becfca', 'system': None}, Network: None, Subnet: None, Router: None
2024-12-10 19:21:11.006 65469 INFO tempest.lib.common.rest_client [req-6b1c69aa-9289-4e97-99f4-ac183ee2517b req-6b1c69aa-9289-4e97-99f4-ac183ee2517b ] Request (ServerDiagnosticsNegativeTest:setUpClass): 201 POST http://10.180.1.21/identity/v3/projects 0.065s
2024-12-10 19:21:11.071 65469 INFO tempest.lib.common.rest_client [req-5285e6af-575a-4913-b530-1e53c05a95ab req-5285e6af-575a-4913-b530-1e53c05a95ab ] Request (ServerDiagnosticsNegativeTest:setUpClass): 201 POST http://10.180.1.21/identity/v3/users 0.064s
2024-12-10 19:21:11.071 65467 INFO tempest.lib.common.rest_client [req-2e9e60a3-871c-4896-a173-7767acf250e2 req-2e9e60a3-871c-4896-a173-7767acf250e2 ] Request (ServerDiagnosticsV248Test:test_get_server_diagnostics): 200 GET http://10.180.1.21/compute/v2.1/servers/88554528-b370-49cb-ac2e-75864d0d33bf 1.765s
2024-12-10 19:21:11.073 65461 INFO tempest.lib.common.rest_client [req-76516c5a-e61f-4b91-804b-b3653372410f req-76516c5a-e61f-4b91-804b-b3653372410f ] Request (FlavorsV255TestJSON:setUpClass): 201 POST http://10.180.1.21/identity/v3/auth/tokens 0.123s
2024-12-10 19:21:11.097 65469 INFO tempest.lib.common.rest_client [req-86a78e9c-f13b-4371-b293-b1fec2467e1d req-86a78e9c-f13b-4371-b293-b1fec2467e1d ] Request (ServerDiagnosticsNegativeTest:setUpClass): 200 GET http://10.180.1.21/identity/v3/roles 0.025s
2024-12-10 19:21:11.138 65469 INFO tempest.lib.common.rest_client [req-8865ceea-e9b9-42f0-8cf6-8e93e8852f8e req-8865ceea-e9b9-42f0-8cf6-8e93e8852f8e ] Request (ServerDiagnosticsNegativeTest:setUpClass): 204 PUT http://10.180.1.21/identity/v3/projects/ac499310893f40acaa22d07eafcdfdcc/users/9874b90a177d471881d86aae2acabc9d/roles/06bf4bf44df547fa8f42456dceb669ef 0.040s
2024-12-10 19:21:11.139 65469 INFO tempest.lib.common.dynamic_creds [-] Dynamic test user 9874b90a177d471881d86aae2acabc9d is created with scope project and roles: ['member']
2024-12-10 19:21:11.139 65469 INFO tempest.lib.common.dynamic_creds [-] Acquired dynamic creds: credentials: Credentials: {'domain_id': 'default', 'domain_name': 'Default', 'username': 'tempest-ServerDiagnosticsNegativeTest-1489235049-project-member', 'project_domain_id': 'default', 'project_domain_name': 'Default', 'project_id': 'ac499310893f40acaa22d07eafcdfdcc', 'project_name': 'tempest-ServerDiagnosticsNegativeTest-1489235049', 'tenant_id': 'ac499310893f40acaa22d07eafcdfdcc', 'tenant_name': 'tempest-ServerDiagnosticsNegativeTest-1489235049', 'user_domain_id': 'default', 'user_domain_name': 'Default', 'user_id': '9874b90a177d471881d86aae2acabc9d', 'system': None}, Network: None, Subnet: None, Router: None
2024-12-10 19:21:11.139 65469 INFO tempest.lib.common.dynamic_creds [-] Created isolated network resources for: credentials: Credentials: {'domain_id': 'default', 'domain_name': 'Default', 'username': 'tempest-ServerDiagnosticsNegativeTest-1489235049-project-member', 'project_domain_id': 'default', 'project_domain_name': 'Default', 'project_id': 'ac499310893f40acaa22d07eafcdfdcc', 'project_name': 'tempest-ServerDiagnosticsNegativeTest-1489235049', 'tenant_id': 'ac499310893f40acaa22d07eafcdfdcc', 'tenant_name': 'tempest-ServerDiagnosticsNegativeTest-1489235049', 'user_domain_id': 'default', 'user_domain_name': 'Default', 'user_id': '9874b90a177d471881d86aae2acabc9d', 'system': None}, Network: None, Subnet: None, Router: None
2024-12-10 19:21:11.249 65469 INFO tempest.lib.common.rest_client [req-2a51fd36-7b03-41dd-8472-a00265a7d244 req-2a51fd36-7b03-41dd-8472-a00265a7d244 ] Request (ServerDiagnosticsNegativeTest:setUpClass): 201 POST http://10.180.1.21/identity/v3/auth/tokens 0.108s
2024-12-10 19:21:11.254 65497 INFO tempest.lib.common.rest_client [req-2c1a8ab5-229a-4d82-bf3a-ed39697cde79 req-2c1a8ab5-229a-4d82-bf3a-ed39697cde79 ] Request (ServersV294TestFqdnHostnames:setUpClass): 200 PUT http://10.180.1.21:9696/networking/v2.0/routers/ebc8e1ee-3cb2-423b-b48c-f41d8bbf0eb0/add_router_interface 6.328s
2024-12-10 19:21:11.254 65497 INFO tempest.lib.common.dynamic_creds [-] Created isolated network resources for: credentials: Credentials: {'domain_id': 'default', 'domain_name': 'Default', 'username': 'tempest-ServersV294TestFqdnHostnames-181050239-project-member', 'project_domain_id': 'default', 'project_domain_name': 'Default', 'project_id': '8b26e01aa1c6459494a6edaa83a99c0f', 'project_name': 'tempest-ServersV294TestFqdnHostnames-181050239', 'tenant_id': '8b26e01aa1c6459494a6edaa83a99c0f', 'tenant_name': 'tempest-ServersV294TestFqdnHostnames-181050239', 'user_domain_id': 'default', 'user_domain_name': 'Default', 'user_id': '7c45dc24daf54428ad5656ab711b2f95', 'system': None}, Network: {'id': 'cb204d10-4250-4999-abd2-0ce9cb72c256', 'name': 'tempest-ServersV294TestFqdnHostnames-1310724758-network', 'tenant_id': '8b26e01aa1c6459494a6edaa83a99c0f', 'admin_state_up': True, 'mtu': 8950, 'status': 'ACTIVE', 'subnets': [], 'shared': False, 'project_id': '8b26e01aa1c6459494a6edaa83a99c0f', 'port_security_enabled': True, 'router:external': False, 'provider:network_type': 'vlan', 'provider:physical_network': 'default', 'provider:segmentation_id': 806, 'availability_zone_hints': [], 'availability_zones': [], 'ipv4_address_scope': None, 'ipv6_address_scope': None, 'description': '', 'tags': [], 'created_at': '2024-12-10T19:20:59Z', 'updated_at': '2024-12-10T19:20:59Z', 'revision_number': 1}, Subnet: {'id': '3cab91fd-8f8f-4cab-b4b6-7ecf2b59ae2c', 'name': 'tempest-ServersV294TestFqdnHostnames-1310724758-subnet', 'tenant_id': '8b26e01aa1c6459494a6edaa83a99c0f', 'network_id': 'cb204d10-4250-4999-abd2-0ce9cb72c256', 'ip_version': 4, 'subnetpool_id': None, 'enable_dhcp': True, 'ipv6_ra_mode': None, 'ipv6_address_mode': None, 'gateway_ip': '192.168.128.1', 'cidr': '192.168.128.0/28', 'allocation_pools': [{'start': '192.168.128.2', 'end': '192.168.128.14'}], 'host_routes': [], 'dns_nameservers': [], 'description': '', 'router:external': False, 'service_types': [], 'tags': [], 'created_at': '2024-12-10T19:20:59Z', 'updated_at': '2024-12-10T19:20:59Z', 'revision_number': 0, 'project_id': '8b26e01aa1c6459494a6edaa83a99c0f'}, Router: {'id': 'ebc8e1ee-3cb2-423b-b48c-f41d8bbf0eb0', 'name': 'tempest-ServersV294TestFqdnHostnames-1310724758-router', 'tenant_id': '8b26e01aa1c6459494a6edaa83a99c0f', 'admin_state_up': True, 'status': 'ACTIVE', 'external_gateway_info': {'network_id': 'eb8c071d-0530-477b-b8ae-8050fab5bbfe', 'external_fixed_ips': [{'subnet_id': '0f50d970-3450-4ba5-b4d0-def9977c42c1', 'ip_address': '10.180.180.194'}], 'enable_snat': True}, 'description': '', 'availability_zones': [], 'distributed': False, 'ha': False, 'availability_zone_hints': [], 'routes': [], 'flavor_id': None, 'tags': [], 'created_at': '2024-12-10T19:21:00Z', 'updated_at': '2024-12-10T19:21:03Z', 'revision_number': 2, 'project_id': '8b26e01aa1c6459494a6edaa83a99c0f'}
2024-12-10 19:21:11.296 65499 INFO tempest.lib.common.rest_client [req-3fa3dba1-1eb2-46e8-9362-01a9fdee43e4 req-3fa3dba1-1eb2-46e8-9362-01a9fdee43e4 ] Request (HostsAdminNegativeTestJSON:tearDownClass): 204 DELETE http://10.180.1.21:9696/networking/v2.0/security-groups/34a7718a-569a-47f9-ac4c-49ab5c834eb3 0.820s
2024-12-10 19:21:11.317 65469 INFO tempest.lib.common.rest_client [req-c1bf5525-09a5-4ec3-b91b-ac8e76c77859 req-c1bf5525-09a5-4ec3-b91b-ac8e76c77859 ] Request (ServerDiagnosticsNegativeTest:setUpClass): 201 POST http://10.180.1.21/identity/v3/projects 0.067s
2024-12-10 19:21:11.329 65497 INFO tempest.lib.common.rest_client [req-3f02c372-ad4e-4ad7-a13f-f054d7770328 req-3f02c372-ad4e-4ad7-a13f-f054d7770328 ] Request (ServersV294TestFqdnHostnames:setUpClass): 201 POST http://10.180.1.21/identity/v3/auth/tokens 0.072s
2024-12-10 19:21:11.363 65473 INFO tempest.lib.common.rest_client [req-6f77471f-c9b5-4ed2-984c-6bd6b2543466 req-6f77471f-c9b5-4ed2-984c-6bd6b2543466 ] Request (DeleteServersTestJSON:test_delete_active_server): 200 GET http://10.180.1.21/compute/v2.1/servers/95d0f45c-f990-41b5-b6e0-f95c026c12d9 2.034s
2024-12-10 19:21:11.372 65473 INFO tempest.common.waiters [-] State transition "BUILD/spawning" ==> "ACTIVE/None" after 17 second wait
2024-12-10 19:21:11.417 65487 INFO tempest.lib.common.rest_client [req-fa9ef769-7aae-4e63-a465-771304a83180 req-fa9ef769-7aae-4e63-a465-771304a83180 ] Request (QuotasAdminNegativeTest:tearDownClass): 200 GET http://10.180.1.21:9696/networking/v2.0/security-groups?tenant_id=5683f88b6ffd416090b76c78d77cf1b9&name=default 1.063s
2024-12-10 19:21:11.419 65469 INFO tempest.lib.common.rest_client [req-bf6c175c-4801-41dc-8904-1c462faeb4ae req-bf6c175c-4801-41dc-8904-1c462faeb4ae ] Request (ServerDiagnosticsNegativeTest:setUpClass): 201 POST http://10.180.1.21/identity/v3/users 0.102s
2024-12-10 19:21:11.422 65499 INFO tempest.lib.common.rest_client [req-36b0e70b-59b5-445e-a07b-8057d489c83e req-36b0e70b-59b5-445e-a07b-8057d489c83e ] Request (HostsAdminNegativeTestJSON:tearDownClass): 204 DELETE http://10.180.1.21/identity/v3/projects/8c86ce0f2e534c4293ded137921c5159 0.125s
2024-12-10 19:21:11.422 65499 INFO tempest.lib.common.dynamic_creds [-] Deleting project and security group for project: 026639a79dfc4482be7671a62fa7b46b
2024-12-10 19:21:11.480 65469 INFO tempest.lib.common.rest_client [req-ef466a7a-d5c0-4ff4-b845-9c060e4550a7 req-ef466a7a-d5c0-4ff4-b845-9c060e4550a7 ] Request (ServerDiagnosticsNegativeTest:setUpClass): 200 GET http://10.180.1.21/identity/v3/roles 0.060s
2024-12-10 19:21:11.508 65469 INFO tempest.lib.common.rest_client [req-8cd5c6e7-0917-4503-9f75-022c3756fc34 req-8cd5c6e7-0917-4503-9f75-022c3756fc34 ] Request (ServerDiagnosticsNegativeTest:setUpClass): 204 PUT http://10.180.1.21/identity/v3/projects/4781c710974c4e8781e200fdcae95b39/users/a8d43b05a30042ff9da7beb8d18e4537/roles/030db6bb9bd54cb59354c27fb564ad21 0.027s
2024-12-10 19:21:11.579 65457 INFO tempest.lib.common.rest_client [req-131c067a-9ab9-4b0e-8371-63928109677a req-131c067a-9ab9-4b0e-8371-63928109677a ] Request (ServersAdminNegativeTestJSON:test_migrate_non_existent_server): 404 POST http://10.180.1.21/compute/v2.1/servers/ba58dd48-4371-49c1-88b5-b52c87565d2c/action 2.210s
2024-12-10 19:21:11.605 65469 INFO tempest.lib.common.rest_client [req-5a8734d8-0c01-413c-8bb1-f17034a18219 req-5a8734d8-0c01-413c-8bb1-f17034a18219 ] Request (ServerDiagnosticsNegativeTest:setUpClass): 200 GET http://10.180.1.21/identity/v3/roles 0.097s
2024-12-10 19:21:11.626 65469 INFO tempest.lib.common.rest_client [req-bd473378-8fc8-4297-845c-61a80ae0b7b4 req-bd473378-8fc8-4297-845c-61a80ae0b7b4 ] Request (ServerDiagnosticsNegativeTest:setUpClass): 204 PUT http://10.180.1.21/identity/v3/projects/4781c710974c4e8781e200fdcae95b39/users/a8d43b05a30042ff9da7beb8d18e4537/roles/030db6bb9bd54cb59354c27fb564ad21 0.019s
2024-12-10 19:21:11.627 65469 INFO tempest.lib.common.dynamic_creds [-] Dynamic test user a8d43b05a30042ff9da7beb8d18e4537 is created with scope project and roles: ['admin']
2024-12-10 19:21:11.627 65469 INFO tempest.lib.common.dynamic_creds [-] Acquired dynamic creds: credentials: Credentials: {'domain_id': 'default', 'domain_name': 'Default', 'username': 'tempest-ServerDiagnosticsNegativeTest-1172482641-project-admin', 'project_domain_id': 'default', 'project_domain_name': 'Default', 'project_id': '4781c710974c4e8781e200fdcae95b39', 'project_name': 'tempest-ServerDiagnosticsNegativeTest-1172482641', 'tenant_id': '4781c710974c4e8781e200fdcae95b39', 'tenant_name': 'tempest-ServerDiagnosticsNegativeTest-1172482641', 'user_domain_id': 'default', 'user_domain_name': 'Default', 'user_id': 'a8d43b05a30042ff9da7beb8d18e4537', 'system': None}, Network: None, Subnet: None, Router: None
2024-12-10 19:21:11.627 65469 INFO tempest.lib.common.dynamic_creds [-] Created isolated network resources for: credentials: Credentials: {'domain_id': 'default', 'domain_name': 'Default', 'username': 'tempest-ServerDiagnosticsNegativeTest-1172482641-project-admin', 'project_domain_id': 'default', 'project_domain_name': 'Default', 'project_id': '4781c710974c4e8781e200fdcae95b39', 'project_name': 'tempest-ServerDiagnosticsNegativeTest-1172482641', 'tenant_id': '4781c710974c4e8781e200fdcae95b39', 'tenant_name': 'tempest-ServerDiagnosticsNegativeTest-1172482641', 'user_domain_id': 'default', 'user_domain_name': 'Default', 'user_id': 'a8d43b05a30042ff9da7beb8d18e4537', 'system': None}, Network: None, Subnet: None, Router: None
2024-12-10 19:21:11.653 65457 INFO tempest.lib.common.rest_client [req-69716b63-0523-4ac6-ac0b-42a3643e590d req-69716b63-0523-4ac6-ac0b-42a3643e590d ] Request (ServersAdminNegativeTestJSON:test_migrate_server_invalid_state): 201 POST http://10.180.1.21/identity/v3/auth/tokens 0.062s
2024-12-10 19:21:11.654 65457 INFO tempest.lib.common.fixed_network [-] (ServersAdminNegativeTestJSON:test_migrate_server_invalid_state) Found network None available for tenant
2024-12-10 19:21:11.674 65503 INFO tempest.lib.common.rest_client [req-0b630cda-0fd9-459a-a842-12419625b21a req-0b630cda-0fd9-459a-a842-12419625b21a ] Request (ImagesOneServerTestJSON:setUpClass): 202 POST http://10.180.1.21/compute/v2.1/servers 2.994s
2024-12-10 19:21:11.735 65469 INFO tempest.lib.common.rest_client [req-3bf80e0c-5dfe-4e11-974c-7e1528c8e7de req-3bf80e0c-5dfe-4e11-974c-7e1528c8e7de ] Request (ServerDiagnosticsNegativeTest:setUpClass): 201 POST http://10.180.1.21/identity/v3/auth/tokens 0.105s
2024-12-10 19:21:11.816 65469 INFO tempest.lib.common.rest_client [req-559c7a17-73b1-4028-b714-5d5a6519d9a5 req-559c7a17-73b1-4028-b714-5d5a6519d9a5 ] Request (ServerDiagnosticsNegativeTest:test_get_server_diagnostics_by_non_admin): 201 POST http://10.180.1.21/identity/v3/auth/tokens 0.077s
2024-12-10 19:21:11.816 65469 INFO tempest.lib.common.fixed_network [-] (ServerDiagnosticsNegativeTest:test_get_server_diagnostics_by_non_admin) Found network None available for tenant
2024-12-10 19:21:11.819 65487 INFO tempest.lib.common.rest_client [req-654ea1a8-2fe7-418a-ba62-ba3e0d117b9a req-654ea1a8-2fe7-418a-ba62-ba3e0d117b9a ] Request (QuotasAdminNegativeTest:tearDownClass): 204 DELETE http://10.180.1.21:9696/networking/v2.0/security-groups/1382aa88-582f-468c-bac0-c36093d5f306 0.401s
2024-12-10 19:21:11.841 65499 INFO tempest.lib.common.rest_client [req-7ee3d4f9-6669-4a01-8654-e4585a151c95 req-7ee3d4f9-6669-4a01-8654-e4585a151c95 ] Request (HostsAdminNegativeTestJSON:tearDownClass): 200 GET http://10.180.1.21:9696/networking/v2.0/security-groups?tenant_id=026639a79dfc4482be7671a62fa7b46b&name=default 0.418s
2024-12-10 19:21:11.924 65487 INFO tempest.lib.common.rest_client [req-943d6e81-9ff3-4b93-b184-c383ef96fd55 req-943d6e81-9ff3-4b93-b184-c383ef96fd55 ] Request (QuotasAdminNegativeTest:tearDownClass): 204 DELETE http://10.180.1.21/identity/v3/projects/5683f88b6ffd416090b76c78d77cf1b9 0.104s
2024-12-10 19:21:11.924 65487 INFO tempest.lib.common.dynamic_creds [-] Deleting project and security group for project: 1cfb144d4ca94f25ad941d69c7b4b61a
2024-12-10 19:21:11.937 65477 INFO tempest.lib.common.rest_client [req-d94ab4b0-8297-4521-bf95-151b2ace3985 req-d94ab4b0-8297-4521-bf95-151b2ace3985 ] Request (QuotasAdminTestV236:test_get_updated_quotas): 200 PUT http://10.180.1.21/compute/v2.1/os-quota-sets/c8fa6361cad646398a91086788de5043?user_id=96f79e692bc5453eaaa20ab2f1d835c2 2.442s
