2024-12-10 19:22:21.621 65467 INFO tempest.lib.common.rest_client [req-00ba91c3-2c81-42ba-aaca-457be11e2a9c req-00ba91c3-2c81-42ba-aaca-457be11e2a9c ] Request (ServerDiagnosticsV248Test:tearDownClass): 200 GET http://10.180.1.21/compute/v2.1/servers/88554528-b370-49cb-ac2e-75864d0d33bf 0.078s
2024-12-10 19:22:21.631 65489 INFO tempest.lib.common.rest_client [req-afa8fd38-9d1e-4ec8-8bb5-d518263b29ef req-afa8fd38-9d1e-4ec8-8bb5-d518263b29ef ] Request (ServerActionsTestOtherB:setUpClass): 200 GET http://10.180.1.21/compute/v2.1/servers/ebc7284b-8da1-43e7-9a17-9572e4fe7e53 0.061s
2024-12-10 19:22:21.663 65463 INFO tempest.lib.common.rest_client [req-64019006-168a-4360-8184-fac7b29303dd req-64019006-168a-4360-8184-fac7b29303dd ] Request (ServersAdmin275Test:tearDownClass): 204 DELETE http://10.180.1.21/identity/v3/users/79200553988d4657b2f796ce624e9f4c 0.108s
2024-12-10 19:22:21.677 65485 INFO tempest.lib.common.rest_client [req-3dd16682-9b57-46b1-ae4b-9771c5128871 req-3dd16682-9b57-46b1-ae4b-9771c5128871 ] Request (TenantUsagesTestJSON:setUpClass): 200 GET http://10.180.1.21/compute/v2.1/servers/34793292-f90e-42b4-b20d-0daf23faf552 0.090s
2024-12-10 19:22:21.688 65493 INFO tempest.lib.common.rest_client [req-ddb3b12e-348b-45bc-b7b4-a1ac06376095 req-ddb3b12e-348b-45bc-b7b4-a1ac06376095 ] Request (AttachInterfacesV270Test:test_create_get_list_interfaces): 200 GET http://10.180.1.21/compute/v2.1/servers/a13b7d16-ca6c-4539-bf6c-750ba6765254 0.069s
2024-12-10 19:22:21.727 65501 INFO tempest.lib.common.rest_client [req-dbc069f2-2160-4b69-ae17-cb7aa1789527 req-dbc069f2-2160-4b69-ae17-cb7aa1789527 ] Request (ServerMetadataTestJSON:setUpClass): 200 GET http://10.180.1.21/compute/v2.1/servers/4f6686a9-12ad-460d-b826-1bb36f7b8e58 0.065s
2024-12-10 19:22:21.781 65463 INFO tempest.lib.common.rest_client [req-5a6e3a16-db2c-4be0-8bce-33e859aacae2 req-5a6e3a16-db2c-4be0-8bce-33e859aacae2 ] Request (ServersAdmin275Test:tearDownClass): 204 DELETE http://10.180.1.21/identity/v3/users/7e3d007e684e4d56a4870260cba492d9 0.118s
2024-12-10 19:22:21.781 65463 INFO tempest.lib.common.dynamic_creds [-] Deleting project and security group for project: 4703a6997645423691073fdfb830053a
2024-12-10 19:22:21.824 65503 INFO tempest.lib.common.rest_client [req-8f6195cc-d4b8-4395-94f8-6397eee0765f req-8f6195cc-d4b8-4395-94f8-6397eee0765f ] Request (ImagesOneServerTestJSON:tearDownClass): 200 GET http://10.180.1.21/compute/v2.1/servers/a2c5514a-b46c-4157-b89b-79f5e16441af 0.118s
2024-12-10 19:22:21.857 65463 INFO tempest.lib.common.rest_client [req-46e32fce-c94e-4580-b6e7-5ca6808d90d3 req-46e32fce-c94e-4580-b6e7-5ca6808d90d3 ] Request (ServersAdmin275Test:tearDownClass): 201 POST http://10.180.1.21/identity/v3/auth/tokens 0.075s
2024-12-10 19:22:21.869 65479 INFO tempest.lib.common.rest_client [req-57ceedee-e962-4967-a5b3-71d02bc2954c req-57ceedee-e962-4967-a5b3-71d02bc2954c ] Request (MigrationsAdminTest:test_list_migrations_in_flavor_resize_situation): 200 GET http://10.180.1.21/compute/v2.1/servers/eb051f2e-b4d8-4f2a-8b5e-4304e2eb90d0 0.120s
2024-12-10 19:22:21.878 65479 INFO tempest.common.waiters [-] State transition "RESIZE/resize_finish" ==> "VERIFY_RESIZE/None" after 45 second wait
2024-12-10 19:22:21.923 65461 INFO tempest.lib.common.rest_client [req-4146ed07-bcb2-41d4-8ea9-bd061a93219c req-4146ed07-bcb2-41d4-8ea9-bd061a93219c ] Request (ServersNegativeTestMultiTenantJSON:setUpClass): 200 GET http://10.180.1.21/compute/v2.1/servers/ccc4782f-6f25-4050-a17c-fce1569dc9bd 0.060s
2024-12-10 19:22:21.941 65449 INFO tempest.lib.common.rest_client [req-498a6b6f-25f9-4fc6-807b-96ff89c07c5a req-498a6b6f-25f9-4fc6-807b-96ff89c07c5a ] Request (ServersAdminTestJSON:test_create_server_with_scheduling_hint): 200 GET http://10.180.1.21/compute/v2.1/servers/2e5864ad-737f-4a8b-9b5a-c55602b41e0f 0.120s
2024-12-10 19:22:22.002 65479 INFO tempest.lib.common.rest_client [req-d99b2f19-72fc-4003-b00e-e77fd2238394 req-d99b2f19-72fc-4003-b00e-e77fd2238394 ] Request (MigrationsAdminTest:test_list_migrations_in_flavor_resize_situation): 204 POST http://10.180.1.21/compute/v2.1/servers/eb051f2e-b4d8-4f2a-8b5e-4304e2eb90d0/action 0.124s
2024-12-10 19:22:22.063 65473 INFO tempest.lib.common.rest_client [req-01f3bc1b-d7bf-481e-9f21-7e99a080d470 req-01f3bc1b-d7bf-481e-9f21-7e99a080d470 ] Request (DeleteServersTestJSON:test_delete_server_while_in_attached_volume): 200 GET http://10.180.1.21/compute/v2.1/servers/bd01290a-44df-4f2a-8d72-d3f772cd4ee9 0.152s
2024-12-10 19:22:22.065 65459 INFO tempest.lib.common.rest_client [req-77cc473b-f490-45fe-977e-e91d3a17d3b2 req-77cc473b-f490-45fe-977e-e91d3a17d3b2 ] Request (InstanceActionsV221TestJSON:test_get_list_deleted_instance_actions): 200 GET http://10.180.1.21/compute/v2.1/servers/f58fec79-1f67-42ae-afa6-8c7377fc9a5e 0.192s
2024-12-10 19:22:22.072 65459 INFO tempest.common.waiters [-] State transition "BUILD/spawning" ==> "ACTIVE/None" after 52 second wait
2024-12-10 19:22:22.089 65463 INFO tempest.lib.common.rest_client [req-056e65c9-c5e5-4d0e-aeca-22361e128686 req-056e65c9-c5e5-4d0e-aeca-22361e128686 ] Request (ServersAdmin275Test:tearDownClass): 200 GET http://10.180.1.21:9696/networking/v2.0/security-groups?tenant_id=4703a6997645423691073fdfb830053a&name=default 0.231s
2024-12-10 19:22:22.128 65465 INFO tempest.lib.common.rest_client [req-bb272828-67ce-4c54-9b5a-5054dec6e647 req-bb272828-67ce-4c54-9b5a-5054dec6e647 ] Request (MultipleCreateTestJSON:_run_cleanups): 200 GET http://10.180.1.21/compute/v2.1/servers/d530a3a4-72b9-44d8-8d1d-536d1cdb61dd 0.190s
2024-12-10 19:22:22.132 65507 INFO tempest.lib.common.rest_client [req-fe77e595-c86b-4dd7-b6af-4cbb153d291f req-fe77e595-c86b-4dd7-b6af-4cbb153d291f ] Request (ServersTestJSON:setUpClass): 200 GET http://10.180.1.21/compute/v2.1/servers/1fd87373-b39e-468a-b509-f9021f787282 0.133s
2024-12-10 19:22:22.185 65491 INFO tempest.lib.common.rest_client [req-b9f7c123-7264-40c1-9a2d-0501556d1921 req-b9f7c123-7264-40c1-9a2d-0501556d1921 ] Request (DeleteServersAdminTestJSON:test_admin_delete_servers_of_others): 200 GET http://10.180.1.21/compute/v2.1/servers/34d5541e-7fbf-499e-b552-78ad1c0e4ab6 0.126s
2024-12-10 19:22:22.201 65463 INFO tempest.lib.common.rest_client [req-780fe4f1-5b12-49b4-9e42-d9b477fbd9e7 req-780fe4f1-5b12-49b4-9e42-d9b477fbd9e7 ] Request (ServersAdmin275Test:tearDownClass): 204 DELETE http://10.180.1.21:9696/networking/v2.0/security-groups/d668c2f2-a5c5-4eb8-b5b7-e608f08df4d5 0.111s
2024-12-10 19:22:22.257 65459 INFO tempest.lib.common.rest_client [req-ae3e8e27-6367-413a-b25d-c53188bccffb req-ae3e8e27-6367-413a-b25d-c53188bccffb ] Request (InstanceActionsV221TestJSON:test_get_list_deleted_instance_actions): 204 DELETE http://10.180.1.21/compute/v2.1/servers/f58fec79-1f67-42ae-afa6-8c7377fc9a5e 0.184s
2024-12-10 19:22:22.274 65463 INFO tempest.lib.common.rest_client [req-45f6048f-4219-4c95-8cb8-f61e73fa49be req-45f6048f-4219-4c95-8cb8-f61e73fa49be ] Request (ServersAdmin275Test:tearDownClass): 204 DELETE http://10.180.1.21/identity/v3/projects/4703a6997645423691073fdfb830053a 0.072s
2024-12-10 19:22:22.274 65463 INFO tempest.lib.common.dynamic_creds [-] Deleting project and security group for project: ac0f8f9ae33d4694a5395053c18c04ee
2024-12-10 19:22:22.275 65479 INFO tempest.lib.common.rest_client [req-427cc23c-24de-4dcb-98dd-134bf699fe17 req-427cc23c-24de-4dcb-98dd-134bf699fe17 ] Request (MigrationsAdminTest:test_list_migrations_in_flavor_resize_situation): 200 GET http://10.180.1.21/compute/v2.1/servers/eb051f2e-b4d8-4f2a-8b5e-4304e2eb90d0 0.272s
2024-12-10 19:22:22.327 65453 INFO tempest.lib.common.rest_client [req-0c45eeb8-9188-43c5-af1a-6451ebe9daaa req-0c45eeb8-9188-43c5-af1a-6451ebe9daaa ] Request (FloatingIPsAssociationTestJSON:setUpClass): 200 GET http://10.180.1.21/compute/v2.1/servers/b4635be1-b5df-4c4a-ace3-a438791c0b33 0.187s
2024-12-10 19:22:22.380 65477 INFO tempest.lib.common.rest_client [req-9249435d-3e7b-4d40-876c-a2600747c1bd req-9249435d-3e7b-4d40-876c-a2600747c1bd ] Request (ListServerFiltersTestJSON:setUpClass): 200 GET http://10.180.1.21/compute/v2.1/servers/b75ffa1f-f876-4e28-96ea-72e223d0c01a 0.162s
2024-12-10 19:22:22.386 65471 INFO tempest.lib.common.rest_client [req-398b22f7-e7bc-4322-b8f1-caf0f072f7d7 req-398b22f7-e7bc-4322-b8f1-caf0f072f7d7 ] Request (ListImageFiltersTestJSON:setUpClass): 200 GET http://10.180.1.21/compute/v2.1/servers/ca56abe8-e25d-4265-97ba-302492fa3660 0.251s
2024-12-10 19:22:22.393 65471 INFO tempest.common.waiters [-] State transition "BUILD/spawning" ==> "ACTIVE/None" after 53 second wait
2024-12-10 19:22:22.439 65463 INFO tempest.lib.common.rest_client [req-0798021b-6721-47bb-a247-68e65546b5b9 req-0798021b-6721-47bb-a247-68e65546b5b9 ] Request (ServersAdmin275Test:tearDownClass): 200 GET http://10.180.1.21:9696/networking/v2.0/security-groups?tenant_id=ac0f8f9ae33d4694a5395053c18c04ee&name=default 0.164s
2024-12-10 19:22:22.446 65483 INFO tempest.lib.common.rest_client [req-a9577158-c2b8-4238-95a7-a786231713e8 req-a9577158-c2b8-4238-95a7-a786231713e8 ] Request (AttachInterfacesUnderV243Test:test_add_remove_fixed_ip): 200 GET http://10.180.1.21/compute/v2.1/servers/309977e4-9042-4911-9d4f-82d7e334b08f 0.167s
2024-12-10 19:22:22.509 65469 INFO tempest.lib.common.rest_client [req-88364390-d8be-4ab7-875f-eef3f8c407ff req-88364390-d8be-4ab7-875f-eef3f8c407ff ] Request (ServerDiagnosticsNegativeTest:tearDownClass): 200 GET http://10.180.1.21/compute/v2.1/servers/50c9eae8-cb56-4984-9b42-cc9b9e83e623 0.132s
2024-12-10 19:22:22.521 65459 INFO tempest.lib.common.rest_client [req-fa927800-dd84-40f7-84ed-7a1ddf2f849f req-fa927800-dd84-40f7-84ed-7a1ddf2f849f ] Request (InstanceActionsV221TestJSON:test_get_list_deleted_instance_actions): 200 GET http://10.180.1.21/compute/v2.1/servers/f58fec79-1f67-42ae-afa6-8c7377fc9a5e 0.264s
2024-12-10 19:22:22.523 65463 INFO tempest.lib.common.rest_client [req-a2b49419-375f-4028-8190-da52447f2661 req-a2b49419-375f-4028-8190-da52447f2661 ] Request (ServersAdmin275Test:tearDownClass): 204 DELETE http://10.180.1.21:9696/networking/v2.0/security-groups/1de9d74c-bb9b-4834-b325-d85d899029aa 0.083s
2024-12-10 19:22:22.561 65451 INFO tempest.lib.common.rest_client [req-9a1c9044-4da0-4ad4-9b95-c081ff9a90f0 req-9a1c9044-4da0-4ad4-9b95-c081ff9a90f0 ] Request (ServersTestBootFromVolume:setUpClass): 200 GET http://10.180.1.21/compute/v2.1/servers/6451a7b7-2219-4159-9046-0184d55a5c70 0.173s
2024-12-10 19:22:22.617 65457 INFO tempest.lib.common.rest_client [req-480de581-6d85-4110-98b6-f0d09fcb065f req-480de581-6d85-4110-98b6-f0d09fcb065f ] Request (ServersAdminNegativeTestJSON:tearDownClass): 200 GET http://10.180.1.21/compute/v2.1/servers/cdb11f98-7e4b-4dec-af3a-2127d945a592 0.164s
2024-12-10 19:22:22.620 65463 INFO tempest.lib.common.rest_client [req-5f59f95b-e2d1-48e3-8229-9c82e824f9d8 req-5f59f95b-e2d1-48e3-8229-9c82e824f9d8 ] Request (ServersAdmin275Test:tearDownClass): 204 DELETE http://10.180.1.21/identity/v3/projects/ac0f8f9ae33d4694a5395053c18c04ee 0.097s
2024-12-10 19:22:22.622 65463 INFO tempest.test [-] raised in ServersOnMultiNodesTest.setUpClass. Invoking tearDownClass.
2024-12-10 19:22:22.629 65471 INFO tempest.lib.common.rest_client [req-873bb12b-2c44-40e1-b239-5de8340956ac req-873bb12b-2c44-40e1-b239-5de8340956ac ] Request (ListImageFiltersTestJSON:setUpClass): 200 GET http://10.180.1.21/compute/v2.1/servers/03bded63-fcac-4cc4-8f6f-65e9e2f291b6 0.235s
2024-12-10 19:22:22.692 65463 INFO tempest.lib.common.rest_client [req-b5b2783e-74b6-4b67-b931-4ce0b58ce264 req-b5b2783e-74b6-4b67-b931-4ce0b58ce264 ] Request (KeyPairsV22TestJSON:setUpClass): 201 POST http://10.180.1.21/identity/v3/auth/tokens 0.068s
2024-12-10 19:22:22.721 65463 INFO tempest.lib.common.rest_client [req-c05585b3-05e4-41f5-8162-00e969fcdd95 req-c05585b3-05e4-41f5-8162-00e969fcdd95 ] Request (KeyPairsV22TestJSON:setUpClass): 201 POST http://10.180.1.21/identity/v3/auth/tokens 0.026s
2024-12-10 19:22:22.740 65505 INFO tempest.lib.common.rest_client [req-a05cd9b0-539d-433b-9d1a-fb522beb8601 req-a05cd9b0-539d-433b-9d1a-fb522beb8601 ] Request (ServerShowV254Test:tearDownClass): 200 GET http://10.180.1.21/compute/v2.1/servers/371c2c59-aff3-4552-96d3-1899068e79ef 0.188s
2024-12-10 19:22:22.746 65463 INFO tempest.lib.common.rest_client [req-aa072b16-8da0-4f8b-8d37-337beb9f54bb req-aa072b16-8da0-4f8b-8d37-337beb9f54bb ] Request (KeyPairsV22TestJSON:setUpClass): 200 GET http://10.180.1.21/identity/v3/domains?name=Default 0.025s
2024-12-10 19:22:22.774 65455 INFO tempest.lib.common.rest_client [req-1ce0a7a0-b072-497b-88dd-86035df8f8e3 req-1ce0a7a0-b072-497b-88dd-86035df8f8e3 ] Request (ServersTestFqdnHostnames:test_create_server_with_fqdn_name): 200 GET http://10.180.1.21/compute/v2.1/servers/2ef47ef2-763a-42af-954d-748f91ebc732 0.245s
2024-12-10 19:22:22.774 65463 INFO tempest.lib.common.rest_client [req-6471f14a-181f-4116-b7cd-3ea2f6770b5b req-6471f14a-181f-4116-b7cd-3ea2f6770b5b ] Request (KeyPairsV22TestJSON:setUpClass): 201 POST http://10.180.1.21/identity/v3/projects 0.027s
2024-12-10 19:22:22.814 65467 INFO tempest.lib.common.rest_client [req-626f8b5e-423d-4d69-b6cc-cd8fc2d6f26e req-626f8b5e-423d-4d69-b6cc-cd8fc2d6f26e ] Request (ServerDiagnosticsV248Test:tearDownClass): 200 GET http://10.180.1.21/compute/v2.1/servers/88554528-b370-49cb-ac2e-75864d0d33bf 0.185s
2024-12-10 19:22:22.845 65463 INFO tempest.lib.common.rest_client [req-c5b723e0-2fb6-41d6-9bcd-eee5bfb70f6a req-c5b723e0-2fb6-41d6-9bcd-eee5bfb70f6a ] Request (KeyPairsV22TestJSON:setUpClass): 201 POST http://10.180.1.21/identity/v3/users 0.071s
2024-12-10 19:22:22.871 65463 INFO tempest.lib.common.rest_client [req-15e33c39-3928-487c-a18d-959a37fbda5d req-15e33c39-3928-487c-a18d-959a37fbda5d ] Request (KeyPairsV22TestJSON:setUpClass): 200 GET http://10.180.1.21/identity/v3/roles 0.026s
2024-12-10 19:22:22.884 65489 INFO tempest.lib.common.rest_client [req-ec8af6f2-6739-4945-abec-0e52aa25bc04 req-ec8af6f2-6739-4945-abec-0e52aa25bc04 ] Request (ServerActionsTestOtherB:setUpClass): 200 GET http://10.180.1.21/compute/v2.1/servers/ebc7284b-8da1-43e7-9a17-9572e4fe7e53 0.245s
2024-12-10 19:22:22.912 65463 INFO tempest.lib.common.rest_client [req-8fd35576-17cb-4a13-aec6-7739987e71f4 req-8fd35576-17cb-4a13-aec6-7739987e71f4 ] Request (KeyPairsV22TestJSON:setUpClass): 204 PUT http://10.180.1.21/identity/v3/projects/b28372c032524f228551e5bf839ae2cb/users/5ca59d04bb78425ab35dd0d09dcf746d/roles/06bf4bf44df547fa8f42456dceb669ef 0.040s
2024-12-10 19:22:22.912 65463 INFO tempest.lib.common.dynamic_creds [-] Dynamic test user 5ca59d04bb78425ab35dd0d09dcf746d is created with scope project and roles: ['member']
2024-12-10 19:22:22.912 65463 INFO tempest.lib.common.dynamic_creds [-] Acquired dynamic creds: credentials: Credentials: {'domain_id': 'default', 'domain_name': 'Default', 'username': 'tempest-KeyPairsV22TestJSON-167293107-project-member', 'project_domain_id': 'default', 'project_domain_name': 'Default', 'project_id': 'b28372c032524f228551e5bf839ae2cb', 'project_name': 'tempest-KeyPairsV22TestJSON-167293107', 'tenant_id': 'b28372c032524f228551e5bf839ae2cb', 'tenant_name': 'tempest-KeyPairsV22TestJSON-167293107', 'user_domain_id': 'default', 'user_domain_name': 'Default', 'user_id': '5ca59d04bb78425ab35dd0d09dcf746d', 'system': None}, Network: None, Subnet: None, Router: None
2024-12-10 19:22:22.912 65463 INFO tempest.lib.common.dynamic_creds [-] Created isolated network resources for: credentials: Credentials: {'domain_id': 'default', 'domain_name': 'Default', 'username': 'tempest-KeyPairsV22TestJSON-167293107-project-member', 'project_domain_id': 'default', 'project_domain_name': 'Default', 'project_id': 'b28372c032524f228551e5bf839ae2cb', 'project_name': 'tempest-KeyPairsV22TestJSON-167293107', 'tenant_id': 'b28372c032524f228551e5bf839ae2cb', 'tenant_name': 'tempest-KeyPairsV22TestJSON-167293107', 'user_domain_id': 'default', 'user_domain_name': 'Default', 'user_id': '5ca59d04bb78425ab35dd0d09dcf746d', 'system': None}, Network: None, Subnet: None, Router: None
2024-12-10 19:22:22.953 65485 INFO tempest.lib.common.rest_client [req-8c84cce7-6579-4a59-820d-f5535b170cef req-8c84cce7-6579-4a59-820d-f5535b170cef ] Request (TenantUsagesTestJSON:setUpClass): 200 GET http://10.180.1.21/compute/v2.1/servers/34793292-f90e-42b4-b20d-0daf23faf552 0.267s
2024-12-10 19:22:22.990 65463 INFO tempest.lib.common.rest_client [req-9776d1e8-cea5-421d-aeaf-9cfeeb8bdbf1 req-9776d1e8-cea5-421d-aeaf-9cfeeb8bdbf1 ] Request (KeyPairsV22TestJSON:setUpClass): 201 POST http://10.180.1.21/identity/v3/auth/tokens 0.073s
2024-12-10 19:22:23.018 65493 INFO tempest.lib.common.rest_client [req-d773f29f-bda8-4695-b4b1-f4eec5570408 req-d773f29f-bda8-4695-b4b1-f4eec5570408 ] Request (AttachInterfacesV270Test:test_create_get_list_interfaces): 200 GET http://10.180.1.21/compute/v2.1/servers/a13b7d16-ca6c-4539-bf6c-750ba6765254 0.321s
2024-12-10 19:22:23.090 65501 INFO tempest.lib.common.rest_client [req-b19b4147-68c6-44d7-b4e7-9facbaa6014a req-b19b4147-68c6-44d7-b4e7-9facbaa6014a ] Request (ServerMetadataTestJSON:setUpClass): 200 GET http://10.180.1.21/compute/v2.1/servers/4f6686a9-12ad-460d-b826-1bb36f7b8e58 0.356s
2024-12-10 19:22:23.149 65503 INFO tempest.lib.common.rest_client [req-61f12d01-c879-4e4b-b5c7-1f5ca6c7b6a3 req-61f12d01-c879-4e4b-b5c7-1f5ca6c7b6a3 ] Request (ImagesOneServerTestJSON:tearDownClass): 200 GET http://10.180.1.21/compute/v2.1/servers/a2c5514a-b46c-4157-b89b-79f5e16441af 0.318s
2024-12-10 19:22:23.197 65461 INFO tempest.lib.common.rest_client [req-5ac5f7cd-1f1a-43c3-97f6-857a802a816e req-5ac5f7cd-1f1a-43c3-97f6-857a802a816e ] Request (ServersNegativeTestMultiTenantJSON:setUpClass): 200 GET http://10.180.1.21/compute/v2.1/servers/ccc4782f-6f25-4050-a17c-fce1569dc9bd 0.266s
2024-12-10 19:22:23.240 65471 INFO tempest.lib.common.rest_client [req-533097bc-23e6-457c-bc4c-6cbef1640b90 req-533097bc-23e6-457c-bc4c-6cbef1640b90 ] Request (ListImageFiltersTestJSON:setUpClass): 202 POST http://10.180.1.21/compute/v2.1/servers/03bded63-fcac-4cc4-8f6f-65e9e2f291b6/action 0.604s
2024-12-10 19:22:23.291 65449 INFO tempest.lib.common.rest_client [req-ae62e925-d911-4380-ac55-983c7ff7f672 req-ae62e925-d911-4380-ac55-983c7ff7f672 ] Request (ServersAdminTestJSON:test_create_server_with_scheduling_hint): 200 GET http://10.180.1.21/compute/v2.1/servers/2e5864ad-737f-4a8b-9b5a-c55602b41e0f 0.340s
2024-12-10 19:22:23.340 65473 INFO tempest.lib.common.rest_client [req-5d82342d-983d-4471-a80d-5d4ed74e5059 req-5d82342d-983d-4471-a80d-5d4ed74e5059 ] Request (DeleteServersTestJSON:test_delete_server_while_in_attached_volume): 200 GET http://10.180.1.21/compute/v2.1/servers/bd01290a-44df-4f2a-8d72-d3f772cd4ee9 0.265s
2024-12-10 19:22:23.349 65463 INFO tempest.lib.common.rest_client [req-d9c137d0-423f-4a18-9d5b-5646fa55d3b9 req-d9c137d0-423f-4a18-9d5b-5646fa55d3b9 ] Request (KeyPairsV22TestJSON:test_get_keypair_detail): 201 POST http://10.180.1.21/compute/v2.1/os-keypairs 0.357s
2024-12-10 19:22:23.395 65465 INFO tempest.lib.common.rest_client [req-a8280d27-4f74-499d-815c-630f40569b7b req-a8280d27-4f74-499d-815c-630f40569b7b ] Request (MultipleCreateTestJSON:_run_cleanups): 200 GET http://10.180.1.21/compute/v2.1/servers/d530a3a4-72b9-44d8-8d1d-536d1cdb61dd 0.259s
2024-12-10 19:22:23.399 65507 INFO tempest.lib.common.rest_client [req-50656a45-4dee-424b-b894-f5457d4b7e1a req-50656a45-4dee-424b-b894-f5457d4b7e1a ] Request (ServersTestJSON:setUpClass): 200 GET http://10.180.1.21/compute/v2.1/servers/1fd87373-b39e-468a-b509-f9021f787282 0.261s
2024-12-10 19:22:23.429 65471 INFO tempest.lib.common.rest_client [req-eda7722c-adb6-41c3-b983-83cae35dd38d req-eda7722c-adb6-41c3-b983-83cae35dd38d ] Request (ListImageFiltersTestJSON:setUpClass): 200 GET http://10.180.1.21/compute/v2.1/images/5156131b-02c0-4e1c-97ce-8711a0cacf67 0.188s
2024-12-10 19:22:23.445 65491 INFO tempest.lib.common.rest_client [req-f3bf18e8-d057-44a0-ad0e-5e48bed74911 req-f3bf18e8-d057-44a0-ad0e-5e48bed74911 ] Request (DeleteServersAdminTestJSON:test_admin_delete_servers_of_others): 200 GET http://10.180.1.21/compute/v2.1/servers/34d5541e-7fbf-499e-b552-78ad1c0e4ab6 0.253s
2024-12-10 19:22:23.492 65453 INFO tempest.lib.common.rest_client [req-711c3ce1-98e1-42bc-a34a-16d78305d95b req-711c3ce1-98e1-42bc-a34a-16d78305d95b ] Request (FloatingIPsAssociationTestJSON:setUpClass): 200 GET http://10.180.1.21/compute/v2.1/servers/b4635be1-b5df-4c4a-ace3-a438791c0b33 0.158s
2024-12-10 19:22:23.501 65463 INFO tempest.lib.common.rest_client [req-fd03d74f-445b-4371-b17e-96d0aa47c2d9 req-fd03d74f-445b-4371-b17e-96d0aa47c2d9 ] Request (KeyPairsV22TestJSON:test_get_keypair_detail): 200 GET http://10.180.1.21/compute/v2.1/os-keypairs/tempest-keypair-719389365 0.150s
2024-12-10 19:22:23.527 65479 INFO tempest.lib.common.rest_client [req-249369b8-04f5-4e10-bfd6-f1ba3bbb0cb3 req-249369b8-04f5-4e10-bfd6-f1ba3bbb0cb3 ] Request (MigrationsAdminTest:test_list_migrations_in_flavor_resize_situation): 200 GET http://10.180.1.21/compute/v2.1/servers/eb051f2e-b4d8-4f2a-8b5e-4304e2eb90d0 0.244s
2024-12-10 19:22:23.548 65477 INFO tempest.lib.common.rest_client [req-4cf2ff2f-7a11-46b3-be99-958e2d229e2c req-4cf2ff2f-7a11-46b3-be99-958e2d229e2c ] Request (ListServerFiltersTestJSON:setUpClass): 200 GET http://10.180.1.21/compute/v2.1/servers/b75ffa1f-f876-4e28-96ea-72e223d0c01a 0.160s
2024-12-10 19:22:23.561 65463 INFO tempest.lib.common.rest_client [req-2950dd02-03a0-4a30-82bf-5be16895d304 req-2950dd02-03a0-4a30-82bf-5be16895d304 ] Request (KeyPairsV22TestJSON:_run_cleanups): 204 DELETE http://10.180.1.21/compute/v2.1/os-keypairs/tempest-keypair-719389365 0.058s
2024-12-10 19:22:23.576 65483 INFO tempest.lib.common.rest_client [req-6dbd8959-49da-4144-a22d-98fc93703efa req-6dbd8959-49da-4144-a22d-98fc93703efa ] Request (AttachInterfacesUnderV243Test:test_add_remove_fixed_ip): 200 GET http://10.180.1.21/compute/v2.1/servers/309977e4-9042-4911-9d4f-82d7e334b08f 0.122s
2024-12-10 19:22:23.582 65483 INFO tempest.common.waiters [-] State transition "BUILD/scheduling" ==> "BUILD/None" after 32 second wait
2024-12-10 19:22:23.624 65469 INFO tempest.lib.common.rest_client [req-11c219bf-f5ee-4dff-b7e6-16e05b003800 req-11c219bf-f5ee-4dff-b7e6-16e05b003800 ] Request (ServerDiagnosticsNegativeTest:tearDownClass): 200 GET http://10.180.1.21/compute/v2.1/servers/50c9eae8-cb56-4984-9b42-cc9b9e83e623 0.108s
2024-12-10 19:22:23.651 65463 INFO tempest.lib.common.rest_client [req-1eb4c63a-d466-43a0-b417-6b2aecf90f2e req-1eb4c63a-d466-43a0-b417-6b2aecf90f2e ] Request (KeyPairsV22TestJSON:test_keypair_create_delete): 201 POST http://10.180.1.21/compute/v2.1/os-keypairs 0.088s
2024-12-10 19:22:23.678 65459 INFO tempest.lib.common.rest_client [req-76bfb583-6fff-4e84-860a-3e9fef99594c req-76bfb583-6fff-4e84-860a-3e9fef99594c ] Request (InstanceActionsV221TestJSON:test_get_list_deleted_instance_actions): 200 GET http://10.180.1.21/compute/v2.1/servers/f58fec79-1f67-42ae-afa6-8c7377fc9a5e 0.147s
2024-12-10 19:22:23.706 65451 INFO tempest.lib.common.rest_client [req-76eab6a7-8518-4c8e-a9c9-5c0bb5256a2e req-76eab6a7-8518-4c8e-a9c9-5c0bb5256a2e ] Request (ServersTestBootFromVolume:setUpClass): 200 GET http://10.180.1.21/compute/v2.1/servers/6451a7b7-2219-4159-9046-0184d55a5c70 0.137s
2024-12-10 19:22:23.721 65463 INFO tempest.lib.common.rest_client [req-83957dfe-da30-438c-9e71-3b8870b27548 req-83957dfe-da30-438c-9e71-3b8870b27548 ] Request (KeyPairsV22TestJSON:_run_cleanups): 204 DELETE http://10.180.1.21/compute/v2.1/os-keypairs/tempest-keypair-736064626 0.068s
2024-12-10 19:22:23.741 65457 INFO tempest.lib.common.rest_client [req-e064f041-1d55-4f15-9a04-e119696136db req-e064f041-1d55-4f15-9a04-e119696136db ] Request (ServersAdminNegativeTestJSON:tearDownClass): 200 GET http://10.180.1.21/compute/v2.1/servers/cdb11f98-7e4b-4dec-af3a-2127d945a592 0.115s
2024-12-10 19:22:23.752 65463 INFO tempest.lib.common.rest_client [req-ce3833a3-c3f8-4c00-be8d-5f6bb0679595 req-ce3833a3-c3f8-4c00-be8d-5f6bb0679595 ] Request (KeyPairsV22TestJSON:test_keypair_create_with_pub_key): 201 POST http://10.180.1.21/compute/v2.1/os-keypairs 0.030s
2024-12-10 19:22:23.762 65475 WARNING tempest.lib.common.ssh [-] Failed to establish authenticated ssh connection to cirros@10.180.180.192 ([Errno None] Unable to connect to port 22 on 10.180.180.192). Number attempts: 3. Retry after 4 seconds.: paramiko.ssh_exception.NoValidConnectionsError: [Errno None] Unable to connect to port 22 on 10.180.180.192
2024-12-10 19:22:23.772 65463 INFO tempest.lib.common.rest_client [req-523c31cd-0fac-45cb-9186-941b1aff8013 req-523c31cd-0fac-45cb-9186-941b1aff8013 ] Request (KeyPairsV22TestJSON:_run_cleanups): 204 DELETE http://10.180.1.21/compute/v2.1/os-keypairs/tempest-keypair-894878512 0.018s
2024-12-10 19:22:23.810 65463 INFO tempest.lib.common.rest_client [req-97e0c666-eec5-4210-9c75-2c07edbacb8d req-97e0c666-eec5-4210-9c75-2c07edbacb8d ] Request (KeyPairsV22TestJSON:test_keypairs_create_list_delete): 201 POST http://10.180.1.21/compute/v2.1/os-keypairs 0.036s
2024-12-10 19:22:23.817 65505 INFO tempest.lib.common.rest_client [req-7934aba7-dcd3-4235-8bef-c095a85f45e0 req-7934aba7-dcd3-4235-8bef-c095a85f45e0 ] Request (ServerShowV254Test:tearDownClass): 200 GET http://10.180.1.21/compute/v2.1/servers/371c2c59-aff3-4552-96d3-1899068e79ef 0.068s
2024-12-10 19:22:23.849 65463 INFO tempest.lib.common.rest_client [req-089f7767-7e06-4d64-ae4e-c613645f73df req-089f7767-7e06-4d64-ae4e-c613645f73df ] Request (KeyPairsV22TestJSON:test_keypairs_create_list_delete): 201 POST http://10.180.1.21/compute/v2.1/os-keypairs 0.036s
2024-12-10 19:22:23.906 65467 INFO tempest.lib.common.rest_client [req-8d3c1a68-e3b6-4e22-9796-b9ac6601e342 req-8d3c1a68-e3b6-4e22-9796-b9ac6601e342 ] Request (ServerDiagnosticsV248Test:tearDownClass): 200 GET http://10.180.1.21/compute/v2.1/servers/88554528-b370-49cb-ac2e-75864d0d33bf 0.080s
2024-12-10 19:22:23.936 65463 INFO tempest.lib.common.rest_client [req-fbebc230-7418-4bf9-a6df-7668414724d0 req-fbebc230-7418-4bf9-a6df-7668414724d0 ] Request (KeyPairsV22TestJSON:test_keypairs_create_list_delete): 201 POST http://10.180.1.21/compute/v2.1/os-keypairs 0.085s
2024-12-10 19:22:23.944 65455 INFO tempest.lib.common.rest_client [req-b5f222cb-fcf0-4a7c-bd6c-bdbf6d991281 req-b5f222cb-fcf0-4a7c-bd6c-bdbf6d991281 ] Request (ServersTestFqdnHostnames:test_create_server_with_fqdn_name): 200 GET http://10.180.1.21/compute/v2.1/servers/2ef47ef2-763a-42af-954d-748f91ebc732 0.162s
2024-12-10 19:22:23.954 65463 INFO tempest.lib.common.rest_client [req-f339b839-6466-4933-981b-6c1dc00c12ef req-f339b839-6466-4933-981b-6c1dc00c12ef ] Request (KeyPairsV22TestJSON:test_keypairs_create_list_delete): 200 GET http://10.180.1.21/compute/v2.1/os-keypairs 0.016s
2024-12-10 19:22:23.972 65463 INFO tempest.lib.common.rest_client [req-9dc36eb1-b5c6-4630-a2a3-b48d312c2e9b req-9dc36eb1-b5c6-4630-a2a3-b48d312c2e9b ] Request (KeyPairsV22TestJSON:_run_cleanups): 204 DELETE http://10.180.1.21/compute/v2.1/os-keypairs/tempest-KeyPairsV22TestJSON-keypair-1778125194 0.016s
2024-12-10 19:22:23.999 65489 INFO tempest.lib.common.rest_client [req-8115f87c-fc21-4e36-b67f-1bfcc2b002f1 req-8115f87c-fc21-4e36-b67f-1bfcc2b002f1 ] Request (ServerActionsTestOtherB:setUpClass): 200 GET http://10.180.1.21/compute/v2.1/servers/ebc7284b-8da1-43e7-9a17-9572e4fe7e53 0.103s
2024-12-10 19:22:24.017 65463 INFO tempest.lib.common.rest_client [req-2ed3ba47-2b33-4060-8c77-7463b2620e73 req-2ed3ba47-2b33-4060-8c77-7463b2620e73 ] Request (KeyPairsV22TestJSON:_run_cleanups): 204 DELETE http://10.180.1.21/compute/v2.1/os-keypairs/tempest-KeyPairsV22TestJSON-keypair-1622662097 0.044s
2024-12-10 19:22:24.025 65485 INFO tempest.lib.common.rest_client [req-dedd24b7-dd4c-4a29-9c3b-00f0a71ba1e0 req-dedd24b7-dd4c-4a29-9c3b-00f0a71ba1e0 ] Request (TenantUsagesTestJSON:setUpClass): 200 GET http://10.180.1.21/compute/v2.1/servers/34793292-f90e-42b4-b20d-0daf23faf552 0.060s
2024-12-10 19:22:24.050 65463 INFO tempest.lib.common.rest_client [req-b869a417-ee37-4480-a916-f287bed07946 req-b869a417-ee37-4480-a916-f287bed07946 ] Request (KeyPairsV22TestJSON:_run_cleanups): 204 DELETE http://10.180.1.21/compute/v2.1/os-keypairs/tempest-KeyPairsV22TestJSON-keypair-2127910793 0.033s
2024-12-10 19:22:24.086 65463 INFO tempest.lib.common.rest_client [req-2815c9c6-3047-4947-9590-02b94ead4d2b req-2815c9c6-3047-4947-9590-02b94ead4d2b ] Request (KeyPairsV22TestJSON:test_keypairsv22_create_list_show): 201 POST http://10.180.1.21/compute/v2.1/os-keypairs 0.034s
2024-12-10 19:22:24.090 65493 INFO tempest.lib.common.rest_client [req-0af31897-9f0a-4ef4-9657-80a0095cbcca req-0af31897-9f0a-4ef4-9657-80a0095cbcca ] Request (AttachInterfacesV270Test:test_create_get_list_interfaces): 200 GET http://10.180.1.21/compute/v2.1/servers/a13b7d16-ca6c-4539-bf6c-750ba6765254 0.063s
2024-12-10 19:22:24.097 65463 INFO tempest.lib.common.rest_client [req-36f745a2-4287-4108-bf9f-7845c088a928 req-36f745a2-4287-4108-bf9f-7845c088a928 ] Request (KeyPairsV22TestJSON:test_keypairsv22_create_list_show): 200 GET http://10.180.1.21/compute/v2.1/os-keypairs/tempest-keypair-963454311 0.009s
2024-12-10 19:22:24.111 65463 INFO tempest.lib.common.rest_client [req-519dd033-baee-4958-85d0-71354298f316 req-519dd033-baee-4958-85d0-71354298f316 ] Request (KeyPairsV22TestJSON:test_keypairsv22_create_list_show): 200 GET http://10.180.1.21/compute/v2.1/os-keypairs 0.012s
2024-12-10 19:22:24.132 65463 INFO tempest.lib.common.rest_client [req-6fc01ac2-c867-4ce4-9ce6-fc772990aede req-6fc01ac2-c867-4ce4-9ce6-fc772990aede ] Request (KeyPairsV22TestJSON:_run_cleanups): 204 DELETE http://10.180.1.21/compute/v2.1/os-keypairs/tempest-keypair-963454311 0.019s
2024-12-10 19:22:24.157 65501 INFO tempest.lib.common.rest_client [req-3fc766e7-5336-42b4-aa49-5d96b1a88742 req-3fc766e7-5336-42b4-aa49-5d96b1a88742 ] Request (ServerMetadataTestJSON:setUpClass): 200 GET http://10.180.1.21/compute/v2.1/servers/4f6686a9-12ad-460d-b826-1bb36f7b8e58 0.059s
2024-12-10 19:22:24.222 65503 INFO tempest.lib.common.rest_client [req-7e24ad82-d153-4e75-a87d-4b7d9d2ecf5a req-7e24ad82-d153-4e75-a87d-4b7d9d2ecf5a ] Request (ImagesOneServerTestJSON:tearDownClass): 200 GET http://10.180.1.21/compute/v2.1/servers/a2c5514a-b46c-4157-b89b-79f5e16441af 0.067s
2024-12-10 19:22:24.234 65503 INFO tempest.common.waiters [-] State transition "ACTIVE/deleting" ==> "DELETED/None" after 4 second wait
2024-12-10 19:22:24.292 65461 INFO tempest.lib.common.rest_client [req-25469d8f-e68e-4c29-bd4f-815a74af38ff req-25469d8f-e68e-4c29-bd4f-815a74af38ff ] Request (ServersNegativeTestMultiTenantJSON:setUpClass): 200 GET http://10.180.1.21/compute/v2.1/servers/ccc4782f-6f25-4050-a17c-fce1569dc9bd 0.087s
2024-12-10 19:22:24.439 65449 INFO tempest.lib.common.rest_client [req-0b644e26-6d5b-4d61-a406-8429f5e8e25d req-0b644e26-6d5b-4d61-a406-8429f5e8e25d ] Request (ServersAdminTestJSON:test_create_server_with_scheduling_hint): 200 GET http://10.180.1.21/compute/v2.1/servers/2e5864ad-737f-4a8b-9b5a-c55602b41e0f 0.141s
2024-12-10 19:22:24.486 65473 INFO tempest.lib.common.rest_client [req-2c1c0d27-c06a-45af-a631-c906236a49bb req-2c1c0d27-c06a-45af-a631-c906236a49bb ] Request (DeleteServersTestJSON:test_delete_server_while_in_attached_volume): 200 GET http://10.180.1.21/compute/v2.1/servers/bd01290a-44df-4f2a-8d72-d3f772cd4ee9 0.139s
2024-12-10 19:22:24.545 65465 INFO tempest.lib.common.rest_client [req-2f0904fd-4cd2-4d96-9df9-44bd805eb788 req-2f0904fd-4cd2-4d96-9df9-44bd805eb788 ] Request (MultipleCreateTestJSON:_run_cleanups): 200 GET http://10.180.1.21/compute/v2.1/servers/d530a3a4-72b9-44d8-8d1d-536d1cdb61dd 0.143s
2024-12-10 19:22:24.596 65507 INFO tempest.lib.common.rest_client [req-dbfd4127-ecf0-4dbc-b905-9d7d6f494484 req-dbfd4127-ecf0-4dbc-b905-9d7d6f494484 ] Request (ServersTestJSON:setUpClass): 200 GET http://10.180.1.21/compute/v2.1/servers/1fd87373-b39e-468a-b509-f9021f787282 0.190s
2024-12-10 19:22:24.636 65471 INFO tempest.lib.common.rest_client [req-ce986052-9daf-4125-96a3-bab4b5ae2f39 req-ce986052-9daf-4125-96a3-bab4b5ae2f39 ] Request (ListImageFiltersTestJSON:setUpClass): 200 GET http://10.180.1.21/compute/v2.1/images/5156131b-02c0-4e1c-97ce-8711a0cacf67 0.203s
2024-12-10 19:22:24.703 65491 INFO tempest.lib.common.rest_client [req-bf602286-5c1f-43fd-905d-fdc6940f8111 req-bf602286-5c1f-43fd-905d-fdc6940f8111 ] Request (DeleteServersAdminTestJSON:test_admin_delete_servers_of_others): 200 GET http://10.180.1.21/compute/v2.1/servers/34d5541e-7fbf-499e-b552-78ad1c0e4ab6 0.251s
2024-12-10 19:22:24.704 65463 INFO tempest.lib.common.rest_client [req-81609923-d486-4db1-a999-4ec17f08f782 req-81609923-d486-4db1-a999-4ec17f08f782 ] Request (KeyPairsV22TestJSON:test_keypairsv22_create_list_show_with_type): 201 POST http://10.180.1.21/compute/v2.1/os-keypairs 0.571s
2024-12-10 19:22:24.778 65453 INFO tempest.lib.common.rest_client [req-d6c16fed-ca1f-4a1e-82c9-a57a9606f890 req-d6c16fed-ca1f-4a1e-82c9-a57a9606f890 ] Request (FloatingIPsAssociationTestJSON:setUpClass): 200 GET http://10.180.1.21/compute/v2.1/servers/b4635be1-b5df-4c4a-ace3-a438791c0b33 0.275s
2024-12-10 19:22:24.829 65477 INFO tempest.lib.common.rest_client [req-bbc50417-f56c-44bf-a933-e33258b01d12 req-bbc50417-f56c-44bf-a933-e33258b01d12 ] Request (ListServerFiltersTestJSON:setUpClass): 200 GET http://10.180.1.21/compute/v2.1/servers/b75ffa1f-f876-4e28-96ea-72e223d0c01a 0.274s
2024-12-10 19:22:24.846 65479 INFO tempest.lib.common.rest_client [req-c7166681-d656-4287-958c-cdefb37866a5 req-c7166681-d656-4287-958c-cdefb37866a5 ] Request (MigrationsAdminTest:test_list_migrations_in_flavor_resize_situation): 200 GET http://10.180.1.21/compute/v2.1/servers/eb051f2e-b4d8-4f2a-8b5e-4304e2eb90d0 0.310s
2024-12-10 19:22:24.874 65483 INFO tempest.lib.common.rest_client [req-e549dd92-d42f-418e-88dd-4018ba5746f4 req-e549dd92-d42f-418e-88dd-4018ba5746f4 ] Request (AttachInterfacesUnderV243Test:test_add_remove_fixed_ip): 200 GET http://10.180.1.21/compute/v2.1/servers/309977e4-9042-4911-9d4f-82d7e334b08f 0.292s
2024-12-10 19:22:24.906 65469 INFO tempest.lib.common.rest_client [req-28d92d78-3ac4-4d40-8ecc-eeba735c3a81 req-28d92d78-3ac4-4d40-8ecc-eeba735c3a81 ] Request (ServerDiagnosticsNegativeTest:tearDownClass): 200 GET http://10.180.1.21/compute/v2.1/servers/50c9eae8-cb56-4984-9b42-cc9b9e83e623 0.274s
2024-12-10 19:22:24.913 65463 INFO tempest.lib.common.rest_client [req-099ff9aa-d992-4247-84c3-bc9b67cbb581 req-099ff9aa-d992-4247-84c3-bc9b67cbb581 ] Request (KeyPairsV22TestJSON:test_keypairsv22_create_list_show_with_type): 200 GET http://10.180.1.21/compute/v2.1/os-keypairs/tempest-keypair-1100264169 0.207s
2024-12-10 19:22:24.925 65459 INFO tempest.lib.common.rest_client [req-d612d57c-b204-4a9c-a414-a96084c008f2 req-d612d57c-b204-4a9c-a414-a96084c008f2 ] Request (InstanceActionsV221TestJSON:test_get_list_deleted_instance_actions): 200 GET http://10.180.1.21/compute/v2.1/servers/f58fec79-1f67-42ae-afa6-8c7377fc9a5e 0.237s
2024-12-10 19:22:24.957 65451 INFO tempest.lib.common.rest_client [req-9d35e2e7-a45a-4acc-9530-0ccb893ecbc9 req-9d35e2e7-a45a-4acc-9530-0ccb893ecbc9 ] Request (ServersTestBootFromVolume:setUpClass): 200 GET http://10.180.1.21/compute/v2.1/servers/6451a7b7-2219-4159-9046-0184d55a5c70 0.243s
2024-12-10 19:22:24.976 65457 INFO tempest.lib.common.rest_client [req-96d54a60-6374-45b3-9e74-a015c996bb42 req-96d54a60-6374-45b3-9e74-a015c996bb42 ] Request (ServersAdminNegativeTestJSON:tearDownClass): 200 GET http://10.180.1.21/compute/v2.1/servers/cdb11f98-7e4b-4dec-af3a-2127d945a592 0.228s
2024-12-10 19:22:24.978 65497 WARNING tempest.lib.common.ssh [-] Failed to establish authenticated ssh connection to cirros@10.180.180.242 ([Errno None] Unable to connect to port 22 on 10.180.180.242). Number attempts: 4. Retry after 5 seconds.: paramiko.ssh_exception.NoValidConnectionsError: [Errno None] Unable to connect to port 22 on 10.180.180.242
2024-12-10 19:22:24.984 65463 INFO tempest.lib.common.rest_client [req-2f5ef586-9cf7-46da-9661-df0e6f72dde5 req-2f5ef586-9cf7-46da-9661-df0e6f72dde5 ] Request (KeyPairsV22TestJSON:test_keypairsv22_create_list_show_with_type): 200 GET http://10.180.1.21/compute/v2.1/os-keypairs 0.069s
2024-12-10 19:22:25.041 65467 INFO tempest.lib.common.rest_client [req-93cd79dc-2e96-4ac8-8c0d-43bc0ff6ea15 req-93cd79dc-2e96-4ac8-8c0d-43bc0ff6ea15 ] Request (ServerDiagnosticsV248Test:tearDownClass): 200 GET http://10.180.1.21/compute/v2.1/servers/88554528-b370-49cb-ac2e-75864d0d33bf 0.123s
2024-12-10 19:22:25.182 65505 INFO tempest.lib.common.rest_client [req-f9d23778-6db5-4b98-8ee3-45fa300855d3 req-f9d23778-6db5-4b98-8ee3-45fa300855d3 ] Request (ServerShowV254Test:tearDownClass): 200 GET http://10.180.1.21/compute/v2.1/servers/371c2c59-aff3-4552-96d3-1899068e79ef 0.350s
2024-12-10 19:22:25.188 65455 INFO tempest.lib.common.rest_client [req-6a806a5e-992e-4455-97d1-535cbf5744f2 req-6a806a5e-992e-4455-97d1-535cbf5744f2 ] Request (ServersTestFqdnHostnames:test_create_server_with_fqdn_name): 200 GET http://10.180.1.21/compute/v2.1/servers/2ef47ef2-763a-42af-954d-748f91ebc732 0.236s
2024-12-10 19:22:25.203 65463 INFO tempest.lib.common.rest_client [req-8741eec1-1d8c-4be3-b04f-2d7c36ab1ff9 req-8741eec1-1d8c-4be3-b04f-2d7c36ab1ff9 ] Request (KeyPairsV22TestJSON:_run_cleanups): 204 DELETE http://10.180.1.21/compute/v2.1/os-keypairs/tempest-keypair-1100264169 0.217s
2024-12-10 19:22:25.244 65489 INFO tempest.lib.common.rest_client [req-4a62ba90-6302-4618-8f4e-dd846560e947 req-4a62ba90-6302-4618-8f4e-dd846560e947 ] Request (ServerActionsTestOtherB:setUpClass): 200 GET http://10.180.1.21/compute/v2.1/servers/ebc7284b-8da1-43e7-9a17-9572e4fe7e53 0.234s
2024-12-10 19:22:25.262 65485 INFO tempest.lib.common.rest_client [req-3719f6f0-89c4-446c-8e84-bb79049a05bf req-3719f6f0-89c4-446c-8e84-bb79049a05bf ] Request (TenantUsagesTestJSON:setUpClass): 200 GET http://10.180.1.21/compute/v2.1/servers/34793292-f90e-42b4-b20d-0daf23faf552 0.229s
2024-12-10 19:22:25.312 65493 INFO tempest.lib.common.rest_client [req-ede45670-d3ec-4cce-b275-9ebec7bb0534 req-ede45670-d3ec-4cce-b275-9ebec7bb0534 ] Request (AttachInterfacesV270Test:test_create_get_list_interfaces): 200 GET http://10.180.1.21/compute/v2.1/servers/a13b7d16-ca6c-4539-bf6c-750ba6765254 0.212s
2024-12-10 19:22:25.317 65501 INFO tempest.lib.common.rest_client [req-c56e15a5-ab2b-4e18-8e13-e5dc443b3241 req-c56e15a5-ab2b-4e18-8e13-e5dc443b3241 ] Request (ServerMetadataTestJSON:setUpClass): 200 GET http://10.180.1.21/compute/v2.1/servers/4f6686a9-12ad-460d-b826-1bb36f7b8e58 0.153s
2024-12-10 19:22:25.340 65463 INFO tempest.lib.common.rest_client [req-20c34ee0-daab-4840-85f2-35432a5839da req-20c34ee0-daab-4840-85f2-35432a5839da ] Request (KeyPairsV22TestJSON:tearDownClass): 204 DELETE http://10.180.1.21/identity/v3/users/5ca59d04bb78425ab35dd0d09dcf746d 0.135s
2024-12-10 19:22:25.340 65463 INFO tempest.lib.common.dynamic_creds [-] Deleting project and security group for project: b28372c032524f228551e5bf839ae2cb
2024-12-10 19:22:25.376 65503 INFO tempest.lib.common.rest_client [req-c3c18934-10b6-4e03-b29b-52f9a0be25d1 req-c3c18934-10b6-4e03-b29b-52f9a0be25d1 ] Request (ImagesOneServerTestJSON:tearDownClass): 200 GET http://10.180.1.21/compute/v2.1/servers/a2c5514a-b46c-4157-b89b-79f5e16441af 0.140s
2024-12-10 19:22:25.400 65461 INFO tempest.lib.common.rest_client [req-c6e3eff6-1a5f-41e1-a6cf-d81dd4148a78 req-c6e3eff6-1a5f-41e1-a6cf-d81dd4148a78 ] Request (ServersNegativeTestMultiTenantJSON:setUpClass): 200 GET http://10.180.1.21/compute/v2.1/servers/ccc4782f-6f25-4050-a17c-fce1569dc9bd 0.093s
2024-12-10 19:22:25.402 65463 INFO tempest.lib.common.rest_client [req-f7015f64-7ece-4f6f-a65a-af108f8f7c89 req-f7015f64-7ece-4f6f-a65a-af108f8f7c89 ] Request (KeyPairsV22TestJSON:tearDownClass): 201 POST http://10.180.1.21/identity/v3/auth/tokens 0.062s
2024-12-10 19:22:25.552 65473 INFO tempest.lib.common.rest_client [req-010f4f97-3ae6-433a-bd5c-483988681efd req-010f4f97-3ae6-433a-bd5c-483988681efd ] Request (DeleteServersTestJSON:test_delete_server_while_in_attached_volume): 200 GET http://10.180.1.21/compute/v2.1/servers/bd01290a-44df-4f2a-8d72-d3f772cd4ee9 0.058s
2024-12-10 19:22:25.574 65465 INFO tempest.lib.common.rest_client [req-855b3f8b-a31f-4495-9f77-1d4c03ac1840 req-855b3f8b-a31f-4495-9f77-1d4c03ac1840 ] Request (MultipleCreateTestJSON:_run_cleanups): 404 GET http://10.180.1.21/compute/v2.1/servers/d530a3a4-72b9-44d8-8d1d-536d1cdb61dd 0.021s
2024-12-10 19:22:25.576 65463 INFO tempest.lib.common.rest_client [req-7db7a6dd-8500-4131-aa2e-484c194e8fdb req-7db7a6dd-8500-4131-aa2e-484c194e8fdb ] Request (KeyPairsV22TestJSON:tearDownClass): 200 GET http://10.180.1.21:9696/networking/v2.0/security-groups?tenant_id=b28372c032524f228551e5bf839ae2cb&name=default 0.173s
2024-12-10 19:22:25.590 65449 INFO tempest.lib.common.rest_client [req-6b1dca9b-d021-4ca0-8580-c75d13946389 req-6b1dca9b-d021-4ca0-8580-c75d13946389 ] Request (ServersAdminTestJSON:test_create_server_with_scheduling_hint): 200 GET http://10.180.1.21/compute/v2.1/servers/2e5864ad-737f-4a8b-9b5a-c55602b41e0f 0.143s
2024-12-10 19:22:25.596 65465 INFO tempest.lib.common.rest_client [req-982f300c-8ae6-40fc-b496-11b0c3d4e191 req-982f300c-8ae6-40fc-b496-11b0c3d4e191 ] Request (MultipleCreateTestJSON:_run_cleanups): 404 GET http://10.180.1.21/compute/v2.1/servers/4ad5f8ec-b4a5-42e9-831b-6b0f93327311 0.022s
2024-12-10 19:22:25.651 65507 INFO tempest.lib.common.rest_client [req-44850e1b-110a-4588-9221-60030224a054 req-44850e1b-110a-4588-9221-60030224a054 ] Request (ServersTestJSON:setUpClass): 200 GET http://10.180.1.21/compute/v2.1/servers/1fd87373-b39e-468a-b509-f9021f787282 0.048s
2024-12-10 19:22:25.654 65465 INFO tempest.lib.common.rest_client [req-c90fb7a4-d109-48a6-8fd0-fa1b8a92be5c req-c90fb7a4-d109-48a6-8fd0-fa1b8a92be5c ] Request (MultipleCreateTestJSON:test_multiple_create_with_reservation_return): 201 POST http://10.180.1.21/identity/v3/auth/tokens 0.054s
2024-12-10 19:22:25.654 65465 INFO tempest.lib.common.fixed_network [-] (MultipleCreateTestJSON:test_multiple_create_with_reservation_return) Found network {'id': 'b03b2acc-cafa-4f60-b4d0-e5379e3e5084', 'name': 'tempest-MultipleCreateTestJSON-251914768-network', 'tenant_id': '21b82f1a674145a2af9becff29881005', 'admin_state_up': True, 'mtu': 8950, 'status': 'ACTIVE', 'subnets': [], 'shared': False, 'project_id': '21b82f1a674145a2af9becff29881005', 'port_security_enabled': True, 'router:external': False, 'provider:network_type': 'vlan', 'provider:physical_network': 'default', 'provider:segmentation_id': 849, 'availability_zone_hints': [], 'availability_zones': [], 'ipv4_address_scope': None, 'ipv6_address_scope': None, 'description': '', 'tags': [], 'created_at': '2024-12-10T19:20:53Z', 'updated_at': '2024-12-10T19:20:53Z', 'revision_number': 1} available for tenant
2024-12-10 19:22:25.660 65463 INFO tempest.lib.common.rest_client [req-9f98f2a0-75b6-404f-aa04-8168b59c20ad req-9f98f2a0-75b6-404f-aa04-8168b59c20ad ] Request (KeyPairsV22TestJSON:tearDownClass): 204 DELETE http://10.180.1.21:9696/networking/v2.0/security-groups/f80d873e-f8f9-4999-9104-e3101ad737bd 0.084s
2024-12-10 19:22:25.675 65471 INFO tempest.lib.common.rest_client [req-6ffc530b-2ed3-445e-b573-bc5038b9d2a0 req-6ffc530b-2ed3-445e-b573-bc5038b9d2a0 ] Request (ListImageFiltersTestJSON:setUpClass): 200 GET http://10.180.1.21/compute/v2.1/images/5156131b-02c0-4e1c-97ce-8711a0cacf67 0.035s
2024-12-10 19:22:25.713 65463 INFO tempest.lib.common.rest_client [req-2556eff9-69c9-4287-bf37-662d38f16387 req-2556eff9-69c9-4287-bf37-662d38f16387 ] Request (KeyPairsV22TestJSON:tearDownClass): 204 DELETE http://10.180.1.21/identity/v3/projects/b28372c032524f228551e5bf839ae2cb 0.052s
2024-12-10 19:22:25.769 65491 INFO tempest.lib.common.rest_client [req-0718fccc-b4be-4dd6-9363-3a6b2648a35e req-0718fccc-b4be-4dd6-9363-3a6b2648a35e ] Request (DeleteServersAdminTestJSON:test_admin_delete_servers_of_others): 200 GET http://10.180.1.21/compute/v2.1/servers/34d5541e-7fbf-499e-b552-78ad1c0e4ab6 0.055s
2024-12-10 19:22:25.784 65463 INFO tempest.lib.common.rest_client [req-5813a8e5-b856-4664-b39c-13f366df02ed req-5813a8e5-b856-4664-b39c-13f366df02ed ] Request (ServerRescueTestJSONUnderV235:setUpClass): 201 POST http://10.180.1.21/identity/v3/auth/tokens 0.069s
2024-12-10 19:22:25.827 65463 INFO tempest.lib.common.rest_client [req-c62c0e3f-d921-4f90-9ab0-50e2b7a6e3b4 req-c62c0e3f-d921-4f90-9ab0-50e2b7a6e3b4 ] Request (ServerRescueTestJSONUnderV235:setUpClass): 201 POST http://10.180.1.21/identity/v3/auth/tokens 0.041s
2024-12-10 19:22:25.854 65453 INFO tempest.lib.common.rest_client [req-af26d8c9-f7e9-4557-a101-aa325efd9236 req-af26d8c9-f7e9-4557-a101-aa325efd9236 ] Request (FloatingIPsAssociationTestJSON:setUpClass): 200 GET http://10.180.1.21/compute/v2.1/servers/b4635be1-b5df-4c4a-ace3-a438791c0b33 0.062s
2024-12-10 19:22:25.856 65463 INFO tempest.lib.common.rest_client [req-5247afd0-efba-4613-a527-a95463100c12 req-5247afd0-efba-4613-a527-a95463100c12 ] Request (ServerRescueTestJSONUnderV235:setUpClass): 200 GET http://10.180.1.21/identity/v3/domains?name=Default 0.029s
2024-12-10 19:22:25.896 65463 INFO tempest.lib.common.rest_client [req-ea290631-8476-472e-b724-5789ca0d5320 req-ea290631-8476-472e-b724-5789ca0d5320 ] Request (ServerRescueTestJSONUnderV235:setUpClass): 201 POST http://10.180.1.21/identity/v3/projects 0.039s
2024-12-10 19:22:25.902 65477 INFO tempest.lib.common.rest_client [req-074b87de-c4de-453d-abc7-3a7a9b0789a5 req-074b87de-c4de-453d-abc7-3a7a9b0789a5 ] Request (ListServerFiltersTestJSON:setUpClass): 200 GET http://10.180.1.21/compute/v2.1/servers/b75ffa1f-f876-4e28-96ea-72e223d0c01a 0.065s
2024-12-10 19:22:25.949 65463 INFO tempest.lib.common.rest_client [req-8bcf1d3d-1dc1-4b7d-abb6-63b8ea10d3fa req-8bcf1d3d-1dc1-4b7d-abb6-63b8ea10d3fa ] Request (ServerRescueTestJSONUnderV235:setUpClass): 201 POST http://10.180.1.21/identity/v3/users 0.053s
2024-12-10 19:22:25.968 65463 INFO tempest.lib.common.rest_client [req-a5ff7e28-5179-4a91-8451-f1e8924466dc req-a5ff7e28-5179-4a91-8451-f1e8924466dc ] Request (ServerRescueTestJSONUnderV235:setUpClass): 200 GET http://10.180.1.21/identity/v3/roles 0.018s
2024-12-10 19:22:25.997 65463 INFO tempest.lib.common.rest_client [req-993417e1-b767-4dd3-aa82-5689481456a5 req-993417e1-b767-4dd3-aa82-5689481456a5 ] Request (ServerRescueTestJSONUnderV235:setUpClass): 204 PUT http://10.180.1.21/identity/v3/projects/857cd19710624db1b29eda4d018fff9d/users/7fdaebb1f533460a899c41cdb5544d7e/roles/06bf4bf44df547fa8f42456dceb669ef 0.029s
2024-12-10 19:22:25.997 65463 INFO tempest.lib.common.dynamic_creds [-] Dynamic test user 7fdaebb1f533460a899c41cdb5544d7e is created with scope project and roles: ['member']
2024-12-10 19:22:25.998 65463 INFO tempest.lib.common.dynamic_creds [-] Acquired dynamic creds: credentials: Credentials: {'domain_id': 'default', 'domain_name': 'Default', 'username': 'tempest-ServerRescueTestJSONUnderV235-822284822-project-member', 'project_domain_id': 'default', 'project_domain_name': 'Default', 'project_id': '857cd19710624db1b29eda4d018fff9d', 'project_name': 'tempest-ServerRescueTestJSONUnderV235-822284822', 'tenant_id': '857cd19710624db1b29eda4d018fff9d', 'tenant_name': 'tempest-ServerRescueTestJSONUnderV235-822284822', 'user_domain_id': 'default', 'user_domain_name': 'Default', 'user_id': '7fdaebb1f533460a899c41cdb5544d7e', 'system': None}, Network: None, Subnet: None, Router: None
2024-12-10 19:22:26.013 65479 INFO tempest.lib.common.rest_client [req-5008f85a-3fd3-4416-8986-e176553172af req-5008f85a-3fd3-4416-8986-e176553172af ] Request (MigrationsAdminTest:test_list_migrations_in_flavor_resize_situation): 200 GET http://10.180.1.21/compute/v2.1/servers/eb051f2e-b4d8-4f2a-8b5e-4304e2eb90d0 0.160s
2024-12-10 19:22:26.020 65465 INFO tempest.lib.common.rest_client [req-65b09a23-9339-4060-ba99-d75965a94064 req-65b09a23-9339-4060-ba99-d75965a94064 ] Request (MultipleCreateTestJSON:test_multiple_create_with_reservation_return): 202 POST http://10.180.1.21/compute/v2.1/servers 0.364s
2024-12-10 19:22:26.082 65469 INFO tempest.lib.common.rest_client [req-19a544d7-11fc-4d78-98d4-ba0fd3406829 req-19a544d7-11fc-4d78-98d4-ba0fd3406829 ] Request (ServerDiagnosticsNegativeTest:tearDownClass): 200 GET http://10.180.1.21/compute/v2.1/servers/50c9eae8-cb56-4984-9b42-cc9b9e83e623 0.169s
2024-12-10 19:22:26.083 65463 INFO tempest.lib.common.rest_client [req-d0cc0f2b-f89c-40f8-8e65-69aa137fa43c req-d0cc0f2b-f89c-40f8-8e65-69aa137fa43c ] Request (ServerRescueTestJSONUnderV235:setUpClass): 201 POST http://10.180.1.21/identity/v3/auth/tokens 0.084s
2024-12-10 19:22:26.083 65483 INFO tempest.lib.common.rest_client [req-f83eb5f1-bee1-4aae-af66-e133ab02909a req-f83eb5f1-bee1-4aae-af66-e133ab02909a ] Request (AttachInterfacesUnderV243Test:test_add_remove_fixed_ip): 200 GET http://10.180.1.21/compute/v2.1/servers/309977e4-9042-4911-9d4f-82d7e334b08f 0.201s
2024-12-10 19:22:26.137 65451 INFO tempest.lib.common.rest_client [req-2ae628d7-5140-4ff2-a806-efc371d32f6c req-2ae628d7-5140-4ff2-a806-efc371d32f6c ] Request (ServersTestBootFromVolume:setUpClass): 200 GET http://10.180.1.21/compute/v2.1/servers/6451a7b7-2219-4159-9046-0184d55a5c70 0.173s
2024-12-10 19:22:26.139 65459 INFO tempest.lib.common.rest_client [req-a2a11956-9ca5-491c-ac4d-9d24b3601bba req-a2a11956-9ca5-491c-ac4d-9d24b3601bba ] Request (InstanceActionsV221TestJSON:test_get_list_deleted_instance_actions): 200 GET http://10.180.1.21/compute/v2.1/servers/f58fec79-1f67-42ae-afa6-8c7377fc9a5e 0.206s
2024-12-10 19:22:26.147 65459 INFO tempest.common.waiters [-] State transition "ACTIVE/deleting" ==> "DELETED/None" after 4 second wait
2024-12-10 19:22:26.192 65457 INFO tempest.lib.common.rest_client [req-73ee862f-9063-4559-8b96-4c15dd5ad4eb req-73ee862f-9063-4559-8b96-4c15dd5ad4eb ] Request (ServersAdminNegativeTestJSON:tearDownClass): 200 GET http://10.180.1.21/compute/v2.1/servers/cdb11f98-7e4b-4dec-af3a-2127d945a592 0.209s
