2024-12-10 19:23:04.553 65459 INFO tempest.lib.common.rest_client [req-6225ef37-8a5e-4385-ae79-3893c09696d7 req-6225ef37-8a5e-4385-ae79-3893c09696d7 ] Request (InstanceActionsV221TestJSON:test_get_list_deleted_instance_actions): 200 GET http://10.180.1.21/compute/v2.1/servers/f58fec79-1f67-42ae-afa6-8c7377fc9a5e 0.072s
2024-12-10 19:23:04.707 65467 INFO tempest.lib.common.rest_client [req-a1a6c38c-4775-498c-8f45-bdf241daa20b req-a1a6c38c-4775-498c-8f45-bdf241daa20b ] Request (ImagesNegativeTestJSON:test_create_image_from_deleted_server): 200 GET http://10.180.1.21/compute/v2.1/servers/f5c15175-f2d1-4e11-a11c-8bee5cd69390 0.058s
2024-12-10 19:23:04.746 65503 INFO tempest.lib.common.rest_client [req-9671d526-9add-406c-8ec3-13684447921d req-9671d526-9add-406c-8ec3-13684447921d ] Request (InstanceActionsTestJSON:setUpClass): 201 POST http://10.180.1.21:9696/networking/v2.0/networks 0.400s
2024-12-10 19:23:04.765 65483 INFO tempest.lib.common.rest_client [req-fd689434-c82f-4300-bb3a-1abb085c2ca8 req-fd689434-c82f-4300-bb3a-1abb085c2ca8 ] Request (AttachInterfacesUnderV243Test:test_add_remove_fixed_ip): 200 GET http://10.180.1.21/compute/v2.1/servers/309977e4-9042-4911-9d4f-82d7e334b08f 0.179s
2024-12-10 19:23:04.778 65501 INFO tempest.lib.common.rest_client [req-54b94bef-3153-4037-be50-5f171387cdbd req-54b94bef-3153-4037-be50-5f171387cdbd ] Request (ServerMetadataTestJSON:setUpClass): 200 GET http://10.180.1.21/compute/v2.1/servers/4f6686a9-12ad-460d-b826-1bb36f7b8e58 0.097s
2024-12-10 19:23:04.840 65469 INFO tempest.lib.common.rest_client [req-3d121397-262e-4377-b05a-463b306412a5 req-3d121397-262e-4377-b05a-463b306412a5 ] Request (ServerDiskConfigTestJSON:test_rebuild_server_with_auto_disk_config): 200 GET http://10.180.1.21/compute/v2.1/servers/8a1a54ef-36e9-4999-866d-dc2a0e95ecb8 0.105s
2024-12-10 19:23:04.852 65485 INFO tempest.lib.common.rest_client [req-1dbbb457-1efd-467f-b328-f2a7764f3dd9 req-1dbbb457-1efd-467f-b328-f2a7764f3dd9 ] Request (TenantUsagesTestJSON:tearDownClass): 200 GET http://10.180.1.21/compute/v2.1/servers/34793292-f90e-42b4-b20d-0daf23faf552 0.134s
2024-12-10 19:23:04.914 65473 INFO tempest.lib.common.rest_client [req-2f5837cc-e9cd-4431-9766-8984055dc51c req-2f5837cc-e9cd-4431-9766-8984055dc51c ] Request (DeleteServersTestJSON:test_delete_server_while_in_attached_volume): 200 GET http://10.180.1.21/compute/v2.1/servers/bd01290a-44df-4f2a-8d72-d3f772cd4ee9 0.126s
2024-12-10 19:23:04.920 65479 INFO tempest.lib.common.rest_client [req-6bbfba92-eb46-4ca8-81d6-8a6bc35dd74d req-6bbfba92-eb46-4ca8-81d6-8a6bc35dd74d ] Request (MigrationsAdminTest:test_list_migrations_in_flavor_resize_situation): 201 POST http://10.180.1.21:9696/networking/v2.0/floatingips 0.694s
2024-12-10 19:23:04.929 65493 INFO tempest.lib.common.rest_client [req-d9c1ee77-5684-4e2c-9b66-dff0fd846703 req-d9c1ee77-5684-4e2c-9b66-dff0fd846703 ] Request (AttachInterfacesV270Test:test_create_get_list_interfaces): 200 GET http://10.180.1.21/compute/v2.1/servers/a13b7d16-ca6c-4539-bf6c-750ba6765254 0.127s
2024-12-10 19:23:04.972 65453 INFO tempest.lib.common.rest_client [req-0598d755-201b-4845-ac94-52328fe0433f req-0598d755-201b-4845-ac94-52328fe0433f ] Request (FloatingIPsAssociationTestJSON:setUpClass): 200 GET http://10.180.1.21/compute/v2.1/servers/b4635be1-b5df-4c4a-ace3-a438791c0b33 0.126s
2024-12-10 19:23:05.006 65461 INFO tempest.lib.common.rest_client [req-e548eb3f-ce02-499e-a65f-bce408c71515 req-e548eb3f-ce02-499e-a65f-bce408c71515 ] Request (ServersNegativeTestMultiTenantJSON:tearDownClass): 200 GET http://10.180.1.21/compute/v2.1/servers/ccc4782f-6f25-4050-a17c-fce1569dc9bd 0.153s
2024-12-10 19:23:05.025 65479 INFO tempest.lib.common.rest_client [req-57deeb20-5a4f-43bd-aabd-0600108c9776 req-57deeb20-5a4f-43bd-aabd-0600108c9776 ] Request (MigrationsAdminTest:test_list_migrations_in_flavor_resize_situation): 200 GET http://10.180.1.21/compute/v2.1/os-migrations 0.105s
2024-12-10 19:23:05.034 65503 INFO tempest.lib.common.rest_client [req-f517cdbe-57c5-48c0-ae68-ec8f5bf5b384 req-f517cdbe-57c5-48c0-ae68-ec8f5bf5b384 ] Request (InstanceActionsTestJSON:setUpClass): 201 POST http://10.180.1.21:9696/networking/v2.0/subnets 0.287s
2024-12-10 19:23:05.039 65477 INFO tempest.lib.common.rest_client [req-95dfed4a-a27b-4a08-8f27-742f3caba483 req-95dfed4a-a27b-4a08-8f27-742f3caba483 ] Request (ListServerFiltersTestJSON:setUpClass): 200 GET http://10.180.1.21/compute/v2.1/servers/b75ffa1f-f876-4e28-96ea-72e223d0c01a 0.157s
2024-12-10 19:23:05.093 65463 INFO tempest.lib.common.rest_client [req-c845accc-72db-4757-b308-58d261419cec req-c845accc-72db-4757-b308-58d261419cec ] Request (ServerRescueTestJSONUnderV235:setUpClass): 200 GET http://10.180.1.21/compute/v2.1/servers/3fa0236a-1a4c-4545-8dee-67fbe3088153 0.165s
2024-12-10 19:23:05.099 65447 INFO tempest.lib.common.rest_client [req-c807a6ff-d9d1-47ff-a315-7997aeb7ce93 req-c807a6ff-d9d1-47ff-a315-7997aeb7ce93 ] Request (VolumesAssistedSnapshotsTest:test_volume_assisted_snapshot_create_delete): 200 GET http://10.180.1.21/volume/v3/volumes/c718b6a8-1655-4001-9803-3f75f77a3e65 0.053s
2024-12-10 19:23:05.131 65471 INFO tempest.lib.common.rest_client [req-def1f3ad-5176-4291-bf75-decf10f525eb req-def1f3ad-5176-4291-bf75-decf10f525eb ] Request (ListImageFiltersTestJSON:setUpClass): 200 GET http://10.180.1.21/compute/v2.1/images/37953081-82d7-4b8f-893a-9f6195f4b1b9 0.173s
2024-12-10 19:23:05.139 65457 INFO tempest.lib.common.rest_client [req-fa2b25d2-8dbd-4ea4-a75a-e45ec79ac308 req-fa2b25d2-8dbd-4ea4-a75a-e45ec79ac308 ] Request (ServersAdminNegativeTestJSON:tearDownClass): 200 GET http://10.180.1.21/compute/v2.1/servers/253352c1-988b-44c7-a7d6-9700493a678c 0.198s
2024-12-10 19:23:05.149 65479 INFO tempest.lib.common.rest_client [req-2af0771e-38dd-4e03-b145-38e9af7115a5 req-2af0771e-38dd-4e03-b145-38e9af7115a5 ] Request (MigrationsAdminTest:test_resize_server_revert_deleted_flavor): 200 GET http://10.180.1.21/compute/v2.1/flavors/42 0.117s
2024-12-10 19:23:05.171 65479 INFO tempest.lib.common.rest_client [req-1c50ebaa-b7cb-4c43-b586-984c5ca70e3e req-1c50ebaa-b7cb-4c43-b586-984c5ca70e3e ] Request (MigrationsAdminTest:test_resize_server_revert_deleted_flavor): 200 POST http://10.180.1.21/compute/v2.1/flavors 0.019s
2024-12-10 19:23:05.189 65479 INFO tempest.lib.common.rest_client [req-b6a5c510-c810-4afa-a095-d83df2f05e96 req-b6a5c510-c810-4afa-a095-d83df2f05e96 ] Request (MigrationsAdminTest:test_resize_server_revert_deleted_flavor): 200 GET http://10.180.1.21/compute/v2.1/flavors/42/os-extra_specs 0.015s
2024-12-10 19:23:05.199 65481 INFO tempest.lib.common.rest_client [req-d886acdf-e971-4dd6-b766-bb0ef4631710 req-d886acdf-e971-4dd6-b766-bb0ef4631710 ] Request (ServersWithSpecificFlavorTestJSON:test_verify_created_server_ephemeral_disk): 200 GET http://10.180.1.21/compute/v2.1/servers/d38527ec-8de0-48e6-9e96-b277704c3933 0.185s
2024-12-10 19:23:05.219 65479 INFO tempest.lib.common.rest_client [req-76ef5695-cad6-40ff-8b6a-c0f7f69d0f3c req-76ef5695-cad6-40ff-8b6a-c0f7f69d0f3c ] Request (MigrationsAdminTest:test_resize_server_revert_deleted_flavor): 200 POST http://10.180.1.21/compute/v2.1/flavors/e7def125-bcca-4799-ba43-52fc6856713d/os-extra_specs 0.029s
2024-12-10 19:23:05.247 65451 INFO tempest.lib.common.rest_client [req-f7d53e58-5852-46cc-986b-11c0e8cdd763 req-f7d53e58-5852-46cc-986b-11c0e8cdd763 ] Request (ServersTestBootFromVolume:setUpClass): 200 GET http://10.180.1.21/compute/v2.1/servers/6451a7b7-2219-4159-9046-0184d55a5c70 0.060s
2024-12-10 19:23:05.297 65497 WARNING tempest.lib.common.ssh [-] Failed to establish authenticated ssh connection to cirros@10.180.180.242 ([Errno None] Unable to connect to port 22 on 10.180.180.242). Number attempts: 8. Retry after 9 seconds.: paramiko.ssh_exception.NoValidConnectionsError: [Errno None] Unable to connect to port 22 on 10.180.180.242
2024-12-10 19:23:05.298 65479 INFO tempest.lib.common.rest_client [req-e1cfc834-734e-44ed-972a-354c759a7d2b req-e1cfc834-734e-44ed-972a-354c759a7d2b ] Request (MigrationsAdminTest:test_resize_server_revert_deleted_flavor): 201 POST http://10.180.1.21/identity/v3/auth/tokens 0.075s
2024-12-10 19:23:05.298 65479 INFO tempest.lib.common.fixed_network [-] (MigrationsAdminTest:test_resize_server_revert_deleted_flavor) Found network None available for tenant
2024-12-10 19:23:05.366 65465 INFO tempest.lib.common.rest_client [req-c9906097-8e13-42d0-9294-1cf035a2f9d8 req-c9906097-8e13-42d0-9294-1cf035a2f9d8 ] Request (MultipleCreateTestJSON:test_multiple_create_with_reservation_return): 200 GET http://10.180.1.21/compute/v2.1/servers/d75e5a33-50fd-490e-b0d2-9242a25d32a3 0.060s
2024-12-10 19:23:05.376 65465 INFO tempest.common.waiters [-] State transition "BUILD/scheduling" ==> "BUILD/None" after 39 second wait
2024-12-10 19:23:05.542 65491 INFO tempest.lib.common.rest_client [req-b37bfcbf-5af5-423a-9cba-53cb9a2a76b6 req-b37bfcbf-5af5-423a-9cba-53cb9a2a76b6 ] Request (DeleteServersAdminTestJSON:test_admin_delete_servers_of_others): 200 GET http://10.180.1.21/compute/v2.1/servers/34d5541e-7fbf-499e-b552-78ad1c0e4ab6 0.119s
2024-12-10 19:23:05.554 65479 INFO tempest.lib.common.rest_client [req-ee5788c0-bbe4-41de-991b-85f03faeb44c req-ee5788c0-bbe4-41de-991b-85f03faeb44c ] Request (MigrationsAdminTest:test_resize_server_revert_deleted_flavor): 202 POST http://10.180.1.21/compute/v2.1/servers 0.255s
2024-12-10 19:23:05.604 65449 INFO tempest.lib.common.rest_client [req-9bfea7ee-e1a1-4b02-ae05-90c0ff97ffd9 req-9bfea7ee-e1a1-4b02-ae05-90c0ff97ffd9 ] Request (ServersAdminTestJSON:test_inject_network_info): 200 GET http://10.180.1.21/compute/v2.1/servers/af281b60-1bae-489d-8363-853112ca6f23 0.129s
2024-12-10 19:23:05.628 65459 INFO tempest.lib.common.rest_client [req-e98ca98a-908a-4d5c-bfd6-065be31fef9b req-e98ca98a-908a-4d5c-bfd6-065be31fef9b ] Request (InstanceActionsV221TestJSON:test_get_list_deleted_instance_actions): 404 GET http://10.180.1.21/compute/v2.1/servers/f58fec79-1f67-42ae-afa6-8c7377fc9a5e 0.067s
2024-12-10 19:23:05.689 65459 INFO tempest.lib.common.rest_client [req-8c1aa4fe-d785-485a-a7f7-4dbbc4d4c8c9 req-8c1aa4fe-d785-485a-a7f7-4dbbc4d4c8c9 ] Request (InstanceActionsV221TestJSON:test_get_list_deleted_instance_actions): 200 GET http://10.180.1.21/compute/v2.1/servers/f58fec79-1f67-42ae-afa6-8c7377fc9a5e/os-instance-actions 0.061s
2024-12-10 19:23:05.716 65459 INFO tempest.lib.common.rest_client [req-6174ab69-71da-46f1-bc7a-b313c7da2e6b req-6174ab69-71da-46f1-bc7a-b313c7da2e6b ] Request (InstanceActionsV221TestJSON:tearDownClass): 404 DELETE http://10.180.1.21/compute/v2.1/servers/f58fec79-1f67-42ae-afa6-8c7377fc9a5e 0.023s
2024-12-10 19:23:05.739 65459 INFO tempest.lib.common.rest_client [req-1b33c8d8-b559-48f7-9016-28daad1cb180 req-1b33c8d8-b559-48f7-9016-28daad1cb180 ] Request (InstanceActionsV221TestJSON:tearDownClass): 404 GET http://10.180.1.21/compute/v2.1/servers/f58fec79-1f67-42ae-afa6-8c7377fc9a5e 0.023s
2024-12-10 19:23:05.794 65467 INFO tempest.lib.common.rest_client [req-c1cae8c0-368f-4e7d-ac7c-85d83c62452b req-c1cae8c0-368f-4e7d-ac7c-85d83c62452b ] Request (ImagesNegativeTestJSON:test_create_image_from_deleted_server): 200 GET http://10.180.1.21/compute/v2.1/servers/f5c15175-f2d1-4e11-a11c-8bee5cd69390 0.076s
2024-12-10 19:23:05.809 65479 INFO tempest.lib.common.rest_client [req-76b8a0dc-edd6-4617-82c1-55d82fa68723 req-76b8a0dc-edd6-4617-82c1-55d82fa68723 ] Request (MigrationsAdminTest:test_resize_server_revert_deleted_flavor): 200 GET http://10.180.1.21/compute/v2.1/servers/a95a65fd-cc81-4780-964d-fd0af5e1623b 0.252s
2024-12-10 19:23:05.864 65501 INFO tempest.lib.common.rest_client [req-48c7a5ba-1abb-42d0-a8de-52b293fdb734 req-48c7a5ba-1abb-42d0-a8de-52b293fdb734 ] Request (ServerMetadataTestJSON:setUpClass): 200 GET http://10.180.1.21/compute/v2.1/servers/4f6686a9-12ad-460d-b826-1bb36f7b8e58 0.078s
2024-12-10 19:23:05.920 65469 INFO tempest.lib.common.rest_client [req-5e3a502a-de80-4176-b4cd-b3f2bb61b86e req-5e3a502a-de80-4176-b4cd-b3f2bb61b86e ] Request (ServerDiskConfigTestJSON:test_rebuild_server_with_auto_disk_config): 200 GET http://10.180.1.21/compute/v2.1/servers/8a1a54ef-36e9-4999-866d-dc2a0e95ecb8 0.072s
2024-12-10 19:23:05.980 65485 INFO tempest.lib.common.rest_client [req-0c6a5073-24b9-4e02-b0a7-1c69552e7d62 req-0c6a5073-24b9-4e02-b0a7-1c69552e7d62 ] Request (TenantUsagesTestJSON:tearDownClass): 200 GET http://10.180.1.21/compute/v2.1/servers/34793292-f90e-42b4-b20d-0daf23faf552 0.120s
2024-12-10 19:23:06.020 65483 INFO tempest.lib.common.rest_client [req-eda31ed0-05d0-4275-87ba-97ae8634defa req-eda31ed0-05d0-4275-87ba-97ae8634defa ] Request (AttachInterfacesUnderV243Test:test_add_remove_fixed_ip): 200 GET http://10.180.1.21/compute/v2.1/servers/309977e4-9042-4911-9d4f-82d7e334b08f 0.246s
2024-12-10 19:23:06.050 65473 INFO tempest.lib.common.rest_client [req-6a8dec1f-8f21-4b13-b02f-31f3bd8b14ac req-6a8dec1f-8f21-4b13-b02f-31f3bd8b14ac ] Request (DeleteServersTestJSON:test_delete_server_while_in_attached_volume): 200 GET http://10.180.1.21/compute/v2.1/servers/bd01290a-44df-4f2a-8d72-d3f772cd4ee9 0.127s
2024-12-10 19:23:06.109 65453 INFO tempest.lib.common.rest_client [req-943b96d8-e901-4ac3-9150-5a976163d744 req-943b96d8-e901-4ac3-9150-5a976163d744 ] Request (FloatingIPsAssociationTestJSON:setUpClass): 200 GET http://10.180.1.21/compute/v2.1/servers/b4635be1-b5df-4c4a-ace3-a438791c0b33 0.129s
2024-12-10 19:23:06.110 65503 INFO tempest.lib.common.rest_client [req-70eec670-38ee-4b41-8756-c69c737911e1 req-70eec670-38ee-4b41-8756-c69c737911e1 ] Request (InstanceActionsTestJSON:setUpClass): 201 POST http://10.180.1.21:9696/networking/v2.0/routers 1.075s
2024-12-10 19:23:06.121 65493 INFO tempest.lib.common.rest_client [req-b7a7303e-9c09-4e2d-b12b-1b2b42039633 req-b7a7303e-9c09-4e2d-b12b-1b2b42039633 ] Request (AttachInterfacesV270Test:test_create_get_list_interfaces): 200 GET http://10.180.1.21/compute/v2.1/servers/a13b7d16-ca6c-4539-bf6c-750ba6765254 0.180s
2024-12-10 19:23:06.160 65447 INFO tempest.lib.common.rest_client [req-547f89a5-d215-499d-ab6f-b7d92188230d req-547f89a5-d215-499d-ab6f-b7d92188230d ] Request (VolumesAssistedSnapshotsTest:test_volume_assisted_snapshot_create_delete): 200 GET http://10.180.1.21/volume/v3/volumes/c718b6a8-1655-4001-9803-3f75f77a3e65 0.053s
2024-12-10 19:23:06.195 65477 INFO tempest.lib.common.rest_client [req-8dbf11df-3795-4154-b824-f30cc8dd3237 req-8dbf11df-3795-4154-b824-f30cc8dd3237 ] Request (ListServerFiltersTestJSON:setUpClass): 200 GET http://10.180.1.21/compute/v2.1/servers/b75ffa1f-f876-4e28-96ea-72e223d0c01a 0.146s
2024-12-10 19:23:06.198 65461 INFO tempest.lib.common.rest_client [req-8f487674-100a-4ee1-a2d7-d5405425fc60 req-8f487674-100a-4ee1-a2d7-d5405425fc60 ] Request (ServersNegativeTestMultiTenantJSON:tearDownClass): 200 GET http://10.180.1.21/compute/v2.1/servers/ccc4782f-6f25-4050-a17c-fce1569dc9bd 0.185s
2024-12-10 19:23:06.242 65471 INFO tempest.lib.common.rest_client [req-ab06234b-a458-4bef-a273-76a22375bfa6 req-ab06234b-a458-4bef-a273-76a22375bfa6 ] Request (ListImageFiltersTestJSON:setUpClass): 200 GET http://10.180.1.21/compute/v2.1/images/37953081-82d7-4b8f-893a-9f6195f4b1b9 0.107s
2024-12-10 19:23:06.269 65463 INFO tempest.lib.common.rest_client [req-a3405cb1-88eb-4871-8cf3-a1f4c7a0e346 req-a3405cb1-88eb-4871-8cf3-a1f4c7a0e346 ] Request (ServerRescueTestJSONUnderV235:setUpClass): 200 GET http://10.180.1.21/compute/v2.1/servers/3fa0236a-1a4c-4545-8dee-67fbe3088153 0.165s
2024-12-10 19:23:06.320 65457 INFO tempest.lib.common.rest_client [req-a7cf7b4d-ac31-48c0-bd08-ecdc06ed4941 req-a7cf7b4d-ac31-48c0-bd08-ecdc06ed4941 ] Request (ServersAdminNegativeTestJSON:tearDownClass): 200 GET http://10.180.1.21/compute/v2.1/servers/253352c1-988b-44c7-a7d6-9700493a678c 0.168s
2024-12-10 19:23:06.326 65481 INFO tempest.lib.common.rest_client [req-45fe5ff9-baa6-4ac9-a3a2-663baf349390 req-45fe5ff9-baa6-4ac9-a3a2-663baf349390 ] Request (ServersWithSpecificFlavorTestJSON:test_verify_created_server_ephemeral_disk): 200 GET http://10.180.1.21/compute/v2.1/servers/d38527ec-8de0-48e6-9e96-b277704c3933 0.119s
2024-12-10 19:23:06.387 65451 INFO tempest.lib.common.rest_client [req-7e02e248-fe36-41e2-9f94-bfbabce9c788 req-7e02e248-fe36-41e2-9f94-bfbabce9c788 ] Request (ServersTestBootFromVolume:setUpClass): 200 GET http://10.180.1.21/compute/v2.1/servers/6451a7b7-2219-4159-9046-0184d55a5c70 0.131s
2024-12-10 19:23:06.439 65465 INFO tempest.lib.common.rest_client [req-fbe39167-6cdb-46bb-8636-8d7f905d890d req-fbe39167-6cdb-46bb-8636-8d7f905d890d ] Request (MultipleCreateTestJSON:test_multiple_create_with_reservation_return): 200 GET http://10.180.1.21/compute/v2.1/servers/d75e5a33-50fd-490e-b0d2-9242a25d32a3 0.062s
2024-12-10 19:23:06.641 65455 WARNING tempest.lib.common.ssh [-] Failed to establish authenticated ssh connection to cirros@10.180.180.131 ([Errno None] Unable to connect to port 22 on 10.180.180.131). Number attempts: 6. Retry after 7 seconds.: paramiko.ssh_exception.NoValidConnectionsError: [Errno None] Unable to connect to port 22 on 10.180.180.131
2024-12-10 19:23:06.667 65459 INFO tempest.lib.common.rest_client [req-6128b3ef-976d-4734-bf27-c9e02ac8053c req-6128b3ef-976d-4734-bf27-c9e02ac8053c ] Request (InstanceActionsV221TestJSON:tearDownClass): 200 PUT http://10.180.1.21:9696/networking/v2.0/routers/63ef8679-4867-499c-b757-c24f1c374888/remove_router_interface 0.927s
2024-12-10 19:23:06.674 65449 INFO tempest.lib.common.rest_client [req-90c6720a-2c01-44f9-8f3a-cb84b09b3709 req-90c6720a-2c01-44f9-8f3a-cb84b09b3709 ] Request (ServersAdminTestJSON:test_inject_network_info): 200 GET http://10.180.1.21/compute/v2.1/servers/af281b60-1bae-489d-8363-853112ca6f23 0.062s
2024-12-10 19:23:06.742 65491 INFO tempest.lib.common.rest_client [req-8bf83a41-9902-4ebe-91bc-054487ac6f2b req-8bf83a41-9902-4ebe-91bc-054487ac6f2b ] Request (DeleteServersAdminTestJSON:test_admin_delete_servers_of_others): 200 GET http://10.180.1.21/compute/v2.1/servers/34d5541e-7fbf-499e-b552-78ad1c0e4ab6 0.192s
2024-12-10 19:23:06.874 65467 INFO tempest.lib.common.rest_client [req-6d0e534a-a2c5-4b1a-8782-3080328e12bb req-6d0e534a-a2c5-4b1a-8782-3080328e12bb ] Request (ImagesNegativeTestJSON:test_create_image_from_deleted_server): 200 GET http://10.180.1.21/compute/v2.1/servers/f5c15175-f2d1-4e11-a11c-8bee5cd69390 0.070s
2024-12-10 19:23:06.892 65479 INFO tempest.lib.common.rest_client [req-28016ac0-9612-4970-b4f0-445be48f40f1 req-28016ac0-9612-4970-b4f0-445be48f40f1 ] Request (MigrationsAdminTest:test_resize_server_revert_deleted_flavor): 200 GET http://10.180.1.21/compute/v2.1/servers/a95a65fd-cc81-4780-964d-fd0af5e1623b 0.076s
2024-12-10 19:23:06.950 65507 WARNING tempest.lib.common.ssh [-] Failed to establish authenticated ssh connection to cirros@10.180.180.187 ([Errno None] Unable to connect to port 22 on 10.180.180.187). Number attempts: 4. Retry after 5 seconds.: paramiko.ssh_exception.NoValidConnectionsError: [Errno None] Unable to connect to port 22 on 10.180.180.187
2024-12-10 19:23:06.962 65501 INFO tempest.lib.common.rest_client [req-a9814f84-67c7-4018-b1ce-ef71142370c7 req-a9814f84-67c7-4018-b1ce-ef71142370c7 ] Request (ServerMetadataTestJSON:setUpClass): 200 GET http://10.180.1.21/compute/v2.1/servers/4f6686a9-12ad-460d-b826-1bb36f7b8e58 0.086s
2024-12-10 19:23:06.988 65469 INFO tempest.lib.common.rest_client [req-a45842af-7159-4c76-95c8-cee46524d334 req-a45842af-7159-4c76-95c8-cee46524d334 ] Request (ServerDiskConfigTestJSON:test_rebuild_server_with_auto_disk_config): 200 GET http://10.180.1.21/compute/v2.1/servers/8a1a54ef-36e9-4999-866d-dc2a0e95ecb8 0.058s
2024-12-10 19:23:07.086 65485 INFO tempest.lib.common.rest_client [req-6ecc9b05-4a9c-4d16-98b0-02406967210c req-6ecc9b05-4a9c-4d16-98b0-02406967210c ] Request (TenantUsagesTestJSON:tearDownClass): 200 GET http://10.180.1.21/compute/v2.1/servers/34793292-f90e-42b4-b20d-0daf23faf552 0.099s
2024-12-10 19:23:07.097 65489 WARNING tempest.lib.common.ssh [-] Failed to establish authenticated ssh connection to cirros@10.180.180.166 ([Errno None] Unable to connect to port 22 on 10.180.180.166). Number attempts: 2. Retry after 3 seconds.: paramiko.ssh_exception.NoValidConnectionsError: [Errno None] Unable to connect to port 22 on 10.180.180.166
2024-12-10 19:23:07.113 65459 INFO tempest.lib.common.rest_client [req-63de0185-fad8-4ac4-b3d6-de9bce562dc5 req-63de0185-fad8-4ac4-b3d6-de9bce562dc5 ] Request (InstanceActionsV221TestJSON:tearDownClass): 204 DELETE http://10.180.1.21:9696/networking/v2.0/routers/63ef8679-4867-499c-b757-c24f1c374888 0.445s
2024-12-10 19:23:07.163 65473 INFO tempest.lib.common.rest_client [req-93afa624-bffd-4018-b6b5-1206bcc0aede req-93afa624-bffd-4018-b6b5-1206bcc0aede ] Request (DeleteServersTestJSON:test_delete_server_while_in_attached_volume): 200 GET http://10.180.1.21/compute/v2.1/servers/bd01290a-44df-4f2a-8d72-d3f772cd4ee9 0.101s
2024-12-10 19:23:07.212 65447 INFO tempest.lib.common.rest_client [req-7648ef41-cd89-4b1f-b177-b7db3a3e0b04 req-7648ef41-cd89-4b1f-b177-b7db3a3e0b04 ] Request (VolumesAssistedSnapshotsTest:test_volume_assisted_snapshot_create_delete): 200 GET http://10.180.1.21/volume/v3/volumes/c718b6a8-1655-4001-9803-3f75f77a3e65 0.044s
2024-12-10 19:23:07.218 65447 INFO tempest.common.waiters [-] Attachment ddb0f05a-bba6-4eed-b18e-8c4123ca46d3 created for volume c718b6a8-1655-4001-9803-3f75f77a3e65 to server 91f1486c-8f22-4844-8bef-1e08cfd08030 after waiting for 9.218686 seconds
2024-12-10 19:23:07.238 65453 INFO tempest.lib.common.rest_client [req-c9bbbec4-617a-4f28-b137-1b5ad7faa43c req-c9bbbec4-617a-4f28-b137-1b5ad7faa43c ] Request (FloatingIPsAssociationTestJSON:setUpClass): 200 GET http://10.180.1.21/compute/v2.1/servers/b4635be1-b5df-4c4a-ace3-a438791c0b33 0.121s
2024-12-10 19:23:07.239 65483 INFO tempest.lib.common.rest_client [req-73fc583d-504d-4c64-8898-a18c46a5a834 req-73fc583d-504d-4c64-8898-a18c46a5a834 ] Request (AttachInterfacesUnderV243Test:test_add_remove_fixed_ip): 200 GET http://10.180.1.21/compute/v2.1/servers/309977e4-9042-4911-9d4f-82d7e334b08f 0.210s
2024-12-10 19:23:07.250 65483 INFO tempest.common.waiters [-] State transition "BUILD/spawning" ==> "ACTIVE/None" after 76 second wait
2024-12-10 19:23:07.266 65447 INFO tempest.lib.common.rest_client [req-bb3f082d-8507-438a-a020-5df9d2d025e7 req-bb3f082d-8507-438a-a020-5df9d2d025e7 ] Request (VolumesAssistedSnapshotsTest:test_volume_assisted_snapshot_create_delete): 200 GET http://10.180.1.21/volume/v3/volumes/c718b6a8-1655-4001-9803-3f75f77a3e65 0.048s
2024-12-10 19:23:07.270 65459 INFO tempest.lib.common.rest_client [req-54d3fd47-e2c8-47b6-a6c6-a654d6fa7e72 req-54d3fd47-e2c8-47b6-a6c6-a654d6fa7e72 ] Request (InstanceActionsV221TestJSON:tearDownClass): 204 DELETE http://10.180.1.21:9696/networking/v2.0/subnets/e3217b44-14f1-467b-b373-8503f4e2fee4 0.156s
2024-12-10 19:23:07.273 65447 INFO tempest.common.waiters [-] volume c718b6a8-1655-4001-9803-3f75f77a3e65 reached in-use after waiting for 0.273376 seconds
2024-12-10 19:23:07.312 65477 INFO tempest.lib.common.rest_client [req-be10df45-9475-4cf1-acf0-bac993e4156e req-be10df45-9475-4cf1-acf0-bac993e4156e ] Request (ListServerFiltersTestJSON:setUpClass): 200 GET http://10.180.1.21/compute/v2.1/servers/b75ffa1f-f876-4e28-96ea-72e223d0c01a 0.107s
2024-12-10 19:23:07.343 65503 INFO tempest.lib.common.rest_client [req-f9003aab-05fb-4a39-a147-b568752ab2e1 req-f9003aab-05fb-4a39-a147-b568752ab2e1 ] Request (InstanceActionsTestJSON:setUpClass): 200 PUT http://10.180.1.21:9696/networking/v2.0/routers/fb7776b2-9488-43da-a38c-0df799ec2c5a/add_router_interface 1.233s
2024-12-10 19:23:07.344 65503 INFO tempest.lib.common.dynamic_creds [-] Created isolated network resources for: credentials: Credentials: {'domain_id': 'default', 'domain_name': 'Default', 'username': 'tempest-InstanceActionsTestJSON-1286111523-project-member', 'project_domain_id': 'default', 'project_domain_name': 'Default', 'project_id': '35ee24ca5b474f209e715ac250354437', 'project_name': 'tempest-InstanceActionsTestJSON-1286111523', 'tenant_id': '35ee24ca5b474f209e715ac250354437', 'tenant_name': 'tempest-InstanceActionsTestJSON-1286111523', 'user_domain_id': 'default', 'user_domain_name': 'Default', 'user_id': 'db3ffff24e324a90af36c42bf7ccf3c8', 'system': None}, Network: {'id': '5efdb096-ca41-45fd-af86-2496ea8f83d7', 'name': 'tempest-InstanceActionsTestJSON-1899870700-network', 'tenant_id': '35ee24ca5b474f209e715ac250354437', 'admin_state_up': True, 'mtu': 8950, 'status': 'ACTIVE', 'subnets': [], 'shared': False, 'project_id': '35ee24ca5b474f209e715ac250354437', 'port_security_enabled': True, 'router:external': False, 'provider:network_type': 'vlan', 'provider:physical_network': 'default', 'provider:segmentation_id': 689, 'availability_zone_hints': [], 'availability_zones': [], 'ipv4_address_scope': None, 'ipv6_address_scope': None, 'description': '', 'tags': [], 'created_at': '2024-12-10T19:23:04Z', 'updated_at': '2024-12-10T19:23:04Z', 'revision_number': 1}, Subnet: {'id': '5dac8c06-d45b-4c79-bd64-26e3fe298f35', 'name': 'tempest-InstanceActionsTestJSON-1899870700-subnet', 'tenant_id': '35ee24ca5b474f209e715ac250354437', 'network_id': '5efdb096-ca41-45fd-af86-2496ea8f83d7', 'ip_version': 4, 'subnetpool_id': None, 'enable_dhcp': True, 'ipv6_ra_mode': None, 'ipv6_address_mode': None, 'gateway_ip': '192.168.128.1', 'cidr': '192.168.128.0/28', 'allocation_pools': [{'start': '192.168.128.2', 'end': '192.168.128.14'}], 'host_routes': [], 'dns_nameservers': [], 'description': '', 'router:external': False, 'service_types': [], 'tags': [], 'created_at': '2024-12-10T19:23:04Z', 'updated_at': '2024-12-10T19:23:04Z', 'revision_number': 0, 'project_id': '35ee24ca5b474f209e715ac250354437'}, Router: {'id': 'fb7776b2-9488-43da-a38c-0df799ec2c5a', 'name': 'tempest-InstanceActionsTestJSON-1899870700-router', 'tenant_id': '35ee24ca5b474f209e715ac250354437', 'admin_state_up': True, 'status': 'ACTIVE', 'external_gateway_info': {'network_id': 'eb8c071d-0530-477b-b8ae-8050fab5bbfe', 'external_fixed_ips': [{'subnet_id': '0f50d970-3450-4ba5-b4d0-def9977c42c1', 'ip_address': '10.180.180.231'}], 'enable_snat': True}, 'description': '', 'availability_zones': [], 'distributed': False, 'ha': False, 'availability_zone_hints': [], 'routes': [], 'flavor_id': None, 'tags': [], 'created_at': '2024-12-10T19:23:05Z', 'updated_at': '2024-12-10T19:23:05Z', 'revision_number': 2, 'project_id': '35ee24ca5b474f209e715ac250354437'}
2024-12-10 19:23:07.382 65461 INFO tempest.lib.common.rest_client [req-7467b2c3-1b2a-40c5-928a-c9e8688c521d req-7467b2c3-1b2a-40c5-928a-c9e8688c521d ] Request (ServersNegativeTestMultiTenantJSON:tearDownClass): 200 GET http://10.180.1.21/compute/v2.1/servers/ccc4782f-6f25-4050-a17c-fce1569dc9bd 0.173s
2024-12-10 19:23:07.423 65503 INFO tempest.lib.common.rest_client [req-b45aeede-6995-4b5b-96be-28159515f30a req-b45aeede-6995-4b5b-96be-28159515f30a ] Request (InstanceActionsTestJSON:setUpClass): 201 POST http://10.180.1.21/identity/v3/auth/tokens 0.075s
2024-12-10 19:23:07.425 65471 INFO tempest.lib.common.rest_client [req-437385ff-1b18-493f-856f-2b0c896c6c2b req-437385ff-1b18-493f-856f-2b0c896c6c2b ] Request (ListImageFiltersTestJSON:setUpClass): 200 GET http://10.180.1.21/compute/v2.1/images/37953081-82d7-4b8f-893a-9f6195f4b1b9 0.179s
2024-12-10 19:23:07.467 65503 INFO tempest.lib.common.rest_client [req-9a36f590-535b-4457-b480-7fd47a126416 req-9a36f590-535b-4457-b480-7fd47a126416 ] Request (InstanceActionsTestJSON:setUpClass): 201 POST http://10.180.1.21/identity/v3/auth/tokens 0.034s
2024-12-10 19:23:07.468 65503 INFO tempest.lib.common.fixed_network [-] (InstanceActionsTestJSON:setUpClass) Found network {'id': '5efdb096-ca41-45fd-af86-2496ea8f83d7', 'name': 'tempest-InstanceActionsTestJSON-1899870700-network', 'tenant_id': '35ee24ca5b474f209e715ac250354437', 'admin_state_up': True, 'mtu': 8950, 'status': 'ACTIVE', 'subnets': [], 'shared': False, 'project_id': '35ee24ca5b474f209e715ac250354437', 'port_security_enabled': True, 'router:external': False, 'provider:network_type': 'vlan', 'provider:physical_network': 'default', 'provider:segmentation_id': 689, 'availability_zone_hints': [], 'availability_zones': [], 'ipv4_address_scope': None, 'ipv6_address_scope': None, 'description': '', 'tags': [], 'created_at': '2024-12-10T19:23:04Z', 'updated_at': '2024-12-10T19:23:04Z', 'revision_number': 1} available for tenant
2024-12-10 19:23:07.499 65483 INFO tempest.lib.common.rest_client [req-604f4d59-03a4-45d1-b85f-771faeb421a7 req-604f4d59-03a4-45d1-b85f-771faeb421a7 ] Request (AttachInterfacesUnderV243Test:test_add_remove_fixed_ip): 200 GET http://10.180.1.21/compute/v2.1/servers/309977e4-9042-4911-9d4f-82d7e334b08f/os-interface 0.248s
2024-12-10 19:23:07.524 65493 INFO tempest.lib.common.rest_client [req-c07dfea5-2e4e-413b-bb86-4a1ef98176bc req-c07dfea5-2e4e-413b-bb86-4a1ef98176bc ] Request (AttachInterfacesV270Test:test_create_get_list_interfaces): 200 GET http://10.180.1.21/compute/v2.1/servers/a13b7d16-ca6c-4539-bf6c-750ba6765254 0.391s
2024-12-10 19:23:07.591 65463 INFO tempest.lib.common.rest_client [req-1e048181-2303-49c2-9063-46605479450d req-1e048181-2303-49c2-9063-46605479450d ] Request (ServerRescueTestJSONUnderV235:setUpClass): 200 GET http://10.180.1.21/compute/v2.1/servers/3fa0236a-1a4c-4545-8dee-67fbe3088153 0.312s
2024-12-10 19:23:07.651 65447 INFO tempest.lib.common.rest_client [req-197e9656-0370-4a65-a5a3-b7e0c9cbcdcb req-197e9656-0370-4a65-a5a3-b7e0c9cbcdcb ] Request (VolumesAssistedSnapshotsTest:test_volume_assisted_snapshot_create_delete): 200 POST http://10.180.1.21/compute/v2.1/os-assisted-volume-snapshots 0.377s
2024-12-10 19:23:07.665 65457 INFO tempest.lib.common.rest_client [req-8536b672-3b47-46c5-8ba1-2a61f7b0fdaf req-8536b672-3b47-46c5-8ba1-2a61f7b0fdaf ] Request (ServersAdminNegativeTestJSON:tearDownClass): 200 GET http://10.180.1.21/compute/v2.1/servers/253352c1-988b-44c7-a7d6-9700493a678c 0.338s
2024-12-10 19:23:07.726 65481 INFO tempest.lib.common.rest_client [req-a3c54717-c09a-4bdd-9811-6a45be768534 req-a3c54717-c09a-4bdd-9811-6a45be768534 ] Request (ServersWithSpecificFlavorTestJSON:test_verify_created_server_ephemeral_disk): 200 GET http://10.180.1.21/compute/v2.1/servers/d38527ec-8de0-48e6-9e96-b277704c3933 0.390s
2024-12-10 19:23:07.745 65451 INFO tempest.lib.common.rest_client [req-4d418e40-f6a1-4a33-8b82-2364858550e5 req-4d418e40-f6a1-4a33-8b82-2364858550e5 ] Request (ServersTestBootFromVolume:setUpClass): 200 GET http://10.180.1.21/compute/v2.1/servers/6451a7b7-2219-4159-9046-0184d55a5c70 0.348s
2024-12-10 19:23:07.807 65465 INFO tempest.lib.common.rest_client [req-933612c4-43f4-47d3-ade0-79c87cd084a2 req-933612c4-43f4-47d3-ade0-79c87cd084a2 ] Request (MultipleCreateTestJSON:test_multiple_create_with_reservation_return): 200 GET http://10.180.1.21/compute/v2.1/servers/d75e5a33-50fd-490e-b0d2-9242a25d32a3 0.354s
2024-12-10 19:23:07.814 65459 INFO tempest.lib.common.rest_client [req-3a276727-7367-4990-8353-7cd01eb3711a req-3a276727-7367-4990-8353-7cd01eb3711a ] Request (InstanceActionsV221TestJSON:tearDownClass): 204 DELETE http://10.180.1.21:9696/networking/v2.0/networks/6a53c024-490b-44ef-8150-5a8c7bd63b96 0.544s
2024-12-10 19:23:07.835 65447 INFO tempest.lib.common.rest_client [req-2af4fd03-a773-4684-886d-3a43feac11bc req-2af4fd03-a773-4684-886d-3a43feac11bc ] Request (VolumesAssistedSnapshotsTest:test_volume_assisted_snapshot_create_delete): 204 DELETE http://10.180.1.21/compute/v2.1/os-assisted-volume-snapshots/None?delete_info=%7B%22volume_id%22%3A+%22c718b6a8-1655-4001-9803-3f75f77a3e65%22%7D 0.184s
2024-12-10 19:23:07.881 65447 INFO tempest.lib.common.rest_client [req-d3e6ed86-5c6f-47f0-9ebb-a7b884588866 req-d3e6ed86-5c6f-47f0-9ebb-a7b884588866 ] Request (VolumesAssistedSnapshotsTest:_run_cleanups): 200 GET http://10.180.1.21/volume/v3/volumes/c718b6a8-1655-4001-9803-3f75f77a3e65 0.045s
2024-12-10 19:23:07.908 65459 INFO tempest.lib.common.rest_client [req-8a3993d3-6a33-46be-a5a8-74d3008ece45 req-8a3993d3-6a33-46be-a5a8-74d3008ece45 ] Request (InstanceActionsV221TestJSON:tearDownClass): 204 DELETE http://10.180.1.21/identity/v3/users/34ec6c59f8fd438ba933c78dab8e8c2c 0.094s
2024-12-10 19:23:07.909 65459 INFO tempest.lib.common.dynamic_creds [-] Deleting project and security group for project: e76ae27c3e6745c6ae42905193d1a0e4
2024-12-10 19:23:07.933 65449 INFO tempest.lib.common.rest_client [req-0e6f0da9-aef5-4dfc-8723-0098176eaaa4 req-0e6f0da9-aef5-4dfc-8723-0098176eaaa4 ] Request (ServersAdminTestJSON:test_inject_network_info): 200 GET http://10.180.1.21/compute/v2.1/servers/af281b60-1bae-489d-8363-853112ca6f23 0.249s
2024-12-10 19:23:07.979 65459 INFO tempest.lib.common.rest_client [req-95eb8cd2-4ea9-49a5-a72a-c390b9530dd4 req-95eb8cd2-4ea9-49a5-a72a-c390b9530dd4 ] Request (InstanceActionsV221TestJSON:tearDownClass): 200 GET http://10.180.1.21:9696/networking/v2.0/security-groups?tenant_id=e76ae27c3e6745c6ae42905193d1a0e4&name=default 0.070s
2024-12-10 19:23:07.992 65491 INFO tempest.lib.common.rest_client [req-9a030e9f-4833-4168-a861-b4a5a4ebcc92 req-9a030e9f-4833-4168-a861-b4a5a4ebcc92 ] Request (DeleteServersAdminTestJSON:test_admin_delete_servers_of_others): 200 GET http://10.180.1.21/compute/v2.1/servers/34d5541e-7fbf-499e-b552-78ad1c0e4ab6 0.243s
2024-12-10 19:23:08.061 65467 INFO tempest.lib.common.rest_client [req-2ca40872-6e97-4682-83d5-bfe3a96851ae req-2ca40872-6e97-4682-83d5-bfe3a96851ae ] Request (ImagesNegativeTestJSON:test_create_image_from_deleted_server): 200 GET http://10.180.1.21/compute/v2.1/servers/f5c15175-f2d1-4e11-a11c-8bee5cd69390 0.178s
2024-12-10 19:23:08.088 65483 INFO tempest.lib.common.rest_client [req-17418cf4-d553-4f5d-9339-366d660481be req-17418cf4-d553-4f5d-9339-366d660481be ] Request (AttachInterfacesUnderV243Test:test_add_remove_fixed_ip): 200 PUT http://10.180.1.21:9696/networking/v2.0/floatingips/6bd0f7b1-d707-4a88-aac2-eda57efa7692 0.587s
2024-12-10 19:23:08.141 65459 INFO tempest.lib.common.rest_client [req-e7061b50-2589-4f9f-8de2-136ee85fb64e req-e7061b50-2589-4f9f-8de2-136ee85fb64e ] Request (InstanceActionsV221TestJSON:tearDownClass): 204 DELETE http://10.180.1.21:9696/networking/v2.0/security-groups/20aed858-79ae-42a0-8455-55f5515b0251 0.161s
2024-12-10 19:23:08.247 65447 INFO tempest.lib.common.rest_client [req-6a3df43b-7e3b-4a92-a948-ae59f4ae078c req-6a3df43b-7e3b-4a92-a948-ae59f4ae078c ] Request (VolumesAssistedSnapshotsTest:_run_cleanups): 202 DELETE http://10.180.1.21/compute/v2.1/servers/91f1486c-8f22-4844-8bef-1e08cfd08030/os-volume_attachments/c718b6a8-1655-4001-9803-3f75f77a3e65 0.360s
2024-12-10 19:23:08.252 65503 INFO tempest.lib.common.rest_client [req-cbd0a1a2-08ad-4b41-8d2c-3f4efeb7df26 req-cbd0a1a2-08ad-4b41-8d2c-3f4efeb7df26 ] Request (InstanceActionsTestJSON:setUpClass): 202 POST http://10.180.1.21/compute/v2.1/servers 0.784s
2024-12-10 19:23:08.294 65459 INFO tempest.lib.common.rest_client [req-e9ed0f83-182b-456b-9a11-5c528e0689d0 req-e9ed0f83-182b-456b-9a11-5c528e0689d0 ] Request (InstanceActionsV221TestJSON:tearDownClass): 204 DELETE http://10.180.1.21/identity/v3/projects/e76ae27c3e6745c6ae42905193d1a0e4 0.153s
2024-12-10 19:23:08.325 65501 INFO tempest.lib.common.rest_client [req-166f2882-4be2-4327-b072-be23eaf228f3 req-166f2882-4be2-4327-b072-be23eaf228f3 ] Request (ServerMetadataTestJSON:setUpClass): 200 GET http://10.180.1.21/compute/v2.1/servers/4f6686a9-12ad-460d-b826-1bb36f7b8e58 0.354s
2024-12-10 19:23:08.333 65479 INFO tempest.lib.common.rest_client [req-8deb3fdd-42c1-4064-ae5b-20dc203c3124 req-8deb3fdd-42c1-4064-ae5b-20dc203c3124 ] Request (MigrationsAdminTest:test_resize_server_revert_deleted_flavor): 200 GET http://10.180.1.21/compute/v2.1/servers/a95a65fd-cc81-4780-964d-fd0af5e1623b 0.431s
2024-12-10 19:23:08.366 65459 INFO tempest.lib.common.rest_client [req-dde2adcd-376e-40bd-b5af-c99ee4b65d69 req-dde2adcd-376e-40bd-b5af-c99ee4b65d69 ] Request (VolumesTestJSON:setUpClass): 201 POST http://10.180.1.21/identity/v3/auth/tokens 0.070s
2024-12-10 19:23:08.399 65469 INFO tempest.lib.common.rest_client [req-84b0d975-25d7-4a24-b6a0-a7114f6ff0e5 req-84b0d975-25d7-4a24-b6a0-a7114f6ff0e5 ] Request (ServerDiskConfigTestJSON:test_rebuild_server_with_auto_disk_config): 200 GET http://10.180.1.21/compute/v2.1/servers/8a1a54ef-36e9-4999-866d-dc2a0e95ecb8 0.399s
2024-12-10 19:23:08.412 65459 INFO tempest.lib.common.rest_client [req-9e39388a-02d5-4cd9-b3f9-2ba5b031f318 req-9e39388a-02d5-4cd9-b3f9-2ba5b031f318 ] Request (VolumesTestJSON:setUpClass): 201 POST http://10.180.1.21/identity/v3/auth/tokens 0.043s
2024-12-10 19:23:08.443 65459 INFO tempest.lib.common.rest_client [req-1909626a-7d48-4425-9e72-94341840514b req-1909626a-7d48-4425-9e72-94341840514b ] Request (VolumesTestJSON:setUpClass): 200 GET http://10.180.1.21/identity/v3/domains?name=Default 0.031s
2024-12-10 19:23:08.460 65485 INFO tempest.lib.common.rest_client [req-f5c9883e-c108-4875-b200-6d2e3d3718f1 req-f5c9883e-c108-4875-b200-6d2e3d3718f1 ] Request (TenantUsagesTestJSON:tearDownClass): 200 GET http://10.180.1.21/compute/v2.1/servers/34793292-f90e-42b4-b20d-0daf23faf552 0.361s
2024-12-10 19:23:08.484 65459 INFO tempest.lib.common.rest_client [req-9bce66de-5dad-4d82-bcae-838f3060ab27 req-9bce66de-5dad-4d82-bcae-838f3060ab27 ] Request (VolumesTestJSON:setUpClass): 201 POST http://10.180.1.21/identity/v3/projects 0.041s
2024-12-10 19:23:08.492 65483 INFO tempest.lib.common.rest_client [req-4254bee5-a254-491a-8c9a-2d371dada231 req-4254bee5-a254-491a-8c9a-2d371dada231 ] Request (AttachInterfacesUnderV243Test:test_add_remove_fixed_ip): 200 GET http://10.180.1.21/compute/v2.1/servers/309977e4-9042-4911-9d4f-82d7e334b08f 0.403s
2024-12-10 19:23:08.503 65483 INFO tempest.lib.common.ssh [-] Creating ssh connection to '10.180.180.218:22' as 'cirros' with public key authentication
2024-12-10 19:23:08.527 65473 INFO tempest.lib.common.rest_client [req-67e62935-8457-43ed-912c-c5390bfb1b04 req-67e62935-8457-43ed-912c-c5390bfb1b04 ] Request (DeleteServersTestJSON:test_delete_server_while_in_attached_volume): 200 GET http://10.180.1.21/compute/v2.1/servers/bd01290a-44df-4f2a-8d72-d3f772cd4ee9 0.351s
2024-12-10 19:23:08.529 65447 INFO tempest.lib.common.rest_client [req-39b55fc1-6a54-49a1-87ee-8314d5a59f97 req-39b55fc1-6a54-49a1-87ee-8314d5a59f97 ] Request (VolumesAssistedSnapshotsTest:_run_cleanups): 200 GET http://10.180.1.21/compute/v2.1/servers/91f1486c-8f22-4844-8bef-1e08cfd08030/os-volume_attachments 0.281s
2024-12-10 19:23:08.570 65459 INFO tempest.lib.common.rest_client [req-66c22707-fc99-496b-af12-c4ff02dbe41c req-66c22707-fc99-496b-af12-c4ff02dbe41c ] Request (VolumesTestJSON:setUpClass): 201 POST http://10.180.1.21/identity/v3/users 0.085s
2024-12-10 19:23:08.581 65503 INFO tempest.lib.common.rest_client [req-b6fe9cfd-3af8-4be7-9598-03466166e8d3 req-b6fe9cfd-3af8-4be7-9598-03466166e8d3 ] Request (InstanceActionsTestJSON:setUpClass): 200 GET http://10.180.1.21/compute/v2.1/servers/416661b2-bf18-4e01-a7a2-ca928201ffe5 0.326s
2024-12-10 19:23:08.591 65453 INFO tempest.lib.common.rest_client [req-c17d128c-a024-4119-aec1-36d180362e6f req-c17d128c-a024-4119-aec1-36d180362e6f ] Request (FloatingIPsAssociationTestJSON:setUpClass): 200 GET http://10.180.1.21/compute/v2.1/servers/b4635be1-b5df-4c4a-ace3-a438791c0b33 0.341s
2024-12-10 19:23:08.603 65459 INFO tempest.lib.common.rest_client [req-94a262cd-96e3-48a8-9408-1e8ded7279f7 req-94a262cd-96e3-48a8-9408-1e8ded7279f7 ] Request (VolumesTestJSON:setUpClass): 200 GET http://10.180.1.21/identity/v3/roles 0.033s
2024-12-10 19:23:08.635 65459 INFO tempest.lib.common.rest_client [req-aadb0c30-3f2a-46f5-9b88-79eb43bd00b9 req-aadb0c30-3f2a-46f5-9b88-79eb43bd00b9 ] Request (VolumesTestJSON:setUpClass): 204 PUT http://10.180.1.21/identity/v3/projects/d4773b607ec24980a706293ad6fcb5d2/users/fc530c895650463c8851ac2ae603752e/roles/06bf4bf44df547fa8f42456dceb669ef 0.031s
2024-12-10 19:23:08.635 65459 INFO tempest.lib.common.dynamic_creds [-] Dynamic test user fc530c895650463c8851ac2ae603752e is created with scope project and roles: ['member']
2024-12-10 19:23:08.636 65459 INFO tempest.lib.common.dynamic_creds [-] Acquired dynamic creds: credentials: Credentials: {'domain_id': 'default', 'domain_name': 'Default', 'username': 'tempest-VolumesTestJSON-137877961-project-member', 'project_domain_id': 'default', 'project_domain_name': 'Default', 'project_id': 'd4773b607ec24980a706293ad6fcb5d2', 'project_name': 'tempest-VolumesTestJSON-137877961', 'tenant_id': 'd4773b607ec24980a706293ad6fcb5d2', 'tenant_name': 'tempest-VolumesTestJSON-137877961', 'user_domain_id': 'default', 'user_domain_name': 'Default', 'user_id': 'fc530c895650463c8851ac2ae603752e', 'system': None}, Network: None, Subnet: None, Router: None
2024-12-10 19:23:08.636 65459 INFO tempest.lib.common.dynamic_creds [-] Created isolated network resources for: credentials: Credentials: {'domain_id': 'default', 'domain_name': 'Default', 'username': 'tempest-VolumesTestJSON-137877961-project-member', 'project_domain_id': 'default', 'project_domain_name': 'Default', 'project_id': 'd4773b607ec24980a706293ad6fcb5d2', 'project_name': 'tempest-VolumesTestJSON-137877961', 'tenant_id': 'd4773b607ec24980a706293ad6fcb5d2', 'tenant_name': 'tempest-VolumesTestJSON-137877961', 'user_domain_id': 'default', 'user_domain_name': 'Default', 'user_id': 'fc530c895650463c8851ac2ae603752e', 'system': None}, Network: None, Subnet: None, Router: None
2024-12-10 19:23:08.660 65477 INFO tempest.lib.common.rest_client [req-0aa85f53-b44d-47f8-9fa1-f000c5a5803e req-0aa85f53-b44d-47f8-9fa1-f000c5a5803e ] Request (ListServerFiltersTestJSON:setUpClass): 200 GET http://10.180.1.21/compute/v2.1/servers/b75ffa1f-f876-4e28-96ea-72e223d0c01a 0.337s
2024-12-10 19:23:08.664 65461 INFO tempest.lib.common.rest_client [req-c7b6bb78-443b-4722-8c0b-08ebe9562b95 req-c7b6bb78-443b-4722-8c0b-08ebe9562b95 ] Request (ServersNegativeTestMultiTenantJSON:tearDownClass): 200 GET http://10.180.1.21/compute/v2.1/servers/ccc4782f-6f25-4050-a17c-fce1569dc9bd 0.271s
2024-12-10 19:23:08.720 65471 INFO tempest.lib.common.rest_client [req-4451b575-7e0e-455a-8c41-a0cddf5383c5 req-4451b575-7e0e-455a-8c41-a0cddf5383c5 ] Request (ListImageFiltersTestJSON:setUpClass): 200 GET http://10.180.1.21/compute/v2.1/images/37953081-82d7-4b8f-893a-9f6195f4b1b9 0.291s
2024-12-10 19:23:08.721 65493 INFO tempest.lib.common.rest_client [req-68f9cf04-8b22-4d91-a3b0-7430d81d7e61 req-68f9cf04-8b22-4d91-a3b0-7430d81d7e61 ] Request (AttachInterfacesV270Test:test_create_get_list_interfaces): 200 GET http://10.180.1.21/compute/v2.1/servers/a13b7d16-ca6c-4539-bf6c-750ba6765254 0.186s
2024-12-10 19:23:08.730 65459 INFO tempest.lib.common.rest_client [req-26551a00-c6ea-46df-b81a-97371b4ae926 req-26551a00-c6ea-46df-b81a-97371b4ae926 ] Request (VolumesTestJSON:setUpClass): 201 POST http://10.180.1.21/identity/v3/auth/tokens 0.089s
2024-12-10 19:23:08.786 65457 INFO tempest.lib.common.rest_client [req-b5519257-f1da-4d35-b522-7302d3349ee7 req-b5519257-f1da-4d35-b522-7302d3349ee7 ] Request (ServersAdminNegativeTestJSON:tearDownClass): 200 GET http://10.180.1.21/compute/v2.1/servers/253352c1-988b-44c7-a7d6-9700493a678c 0.110s
2024-12-10 19:23:08.800 65463 INFO tempest.lib.common.rest_client [req-9a69bec3-01b2-432b-a7e6-53c098a63c5e req-9a69bec3-01b2-432b-a7e6-53c098a63c5e ] Request (ServerRescueTestJSONUnderV235:setUpClass): 200 GET http://10.180.1.21/compute/v2.1/servers/3fa0236a-1a4c-4545-8dee-67fbe3088153 0.199s
2024-12-10 19:23:08.812 65463 INFO tempest.common.waiters [-] State transition "BUILD/scheduling" ==> "BUILD/None" after 39 second wait
2024-12-10 19:23:08.863 65481 INFO tempest.lib.common.rest_client [req-03ee78bb-ca76-46df-9a50-241c14d06741 req-03ee78bb-ca76-46df-9a50-241c14d06741 ] Request (ServersWithSpecificFlavorTestJSON:test_verify_created_server_ephemeral_disk): 200 GET http://10.180.1.21/compute/v2.1/servers/d38527ec-8de0-48e6-9e96-b277704c3933 0.129s
2024-12-10 19:23:08.875 65451 INFO tempest.lib.common.rest_client [req-52fc1cbf-faf4-4045-a40e-95f242b3a8f0 req-52fc1cbf-faf4-4045-a40e-95f242b3a8f0 ] Request (ServersTestBootFromVolume:setUpClass): 200 GET http://10.180.1.21/compute/v2.1/servers/6451a7b7-2219-4159-9046-0184d55a5c70 0.122s
2024-12-10 19:23:08.935 65465 INFO tempest.lib.common.rest_client [req-b62e9b09-0e7f-4bbd-a0cd-0d83e5939e1b req-b62e9b09-0e7f-4bbd-a0cd-0d83e5939e1b ] Request (MultipleCreateTestJSON:test_multiple_create_with_reservation_return): 200 GET http://10.180.1.21/compute/v2.1/servers/d75e5a33-50fd-490e-b0d2-9242a25d32a3 0.113s
2024-12-10 19:23:08.978 65459 INFO tempest.lib.common.rest_client [req-2f51204b-ab2b-4ce8-b7f2-8bd5d8274c23 req-2f51204b-ab2b-4ce8-b7f2-8bd5d8274c23 ] Request (VolumesTestJSON:setUpClass): 202 POST http://10.180.1.21/volume/v3/volumes 0.247s
2024-12-10 19:23:09.009 65449 INFO tempest.lib.common.rest_client [req-bc44c0e8-7a58-4708-81c3-f7f1dc852813 req-bc44c0e8-7a58-4708-81c3-f7f1dc852813 ] Request (ServersAdminTestJSON:test_inject_network_info): 200 GET http://10.180.1.21/compute/v2.1/servers/af281b60-1bae-489d-8363-853112ca6f23 0.065s
2024-12-10 19:23:09.020 65459 INFO tempest.lib.common.rest_client [req-5f98825c-0f70-475d-817b-7355b6e2ae9d req-5f98825c-0f70-475d-817b-7355b6e2ae9d ] Request (VolumesTestJSON:setUpClass): 200 GET http://10.180.1.21/volume/v3/volumes/28fb6d80-86c4-4051-8af5-43402e804533 0.033s
2024-12-10 19:23:09.079 65491 INFO tempest.lib.common.rest_client [req-3358eb63-6149-41cd-a7ab-f3d8a74fb6a3 req-3358eb63-6149-41cd-a7ab-f3d8a74fb6a3 ] Request (DeleteServersAdminTestJSON:test_admin_delete_servers_of_others): 200 GET http://10.180.1.21/compute/v2.1/servers/34d5541e-7fbf-499e-b552-78ad1c0e4ab6 0.077s
2024-12-10 19:23:09.087 65491 INFO tempest.common.waiters [-] State transition "ACTIVE/deleting" ==> "DELETED/None" after 5 second wait
2024-12-10 19:23:09.140 65467 INFO tempest.lib.common.rest_client [req-9953f157-f634-4eb7-aee1-3a6df1986b0e req-9953f157-f634-4eb7-aee1-3a6df1986b0e ] Request (ImagesNegativeTestJSON:test_create_image_from_deleted_server): 200 GET http://10.180.1.21/compute/v2.1/servers/f5c15175-f2d1-4e11-a11c-8bee5cd69390 0.073s
2024-12-10 19:23:09.396 65501 INFO tempest.lib.common.rest_client [req-8a8c00d2-f029-4dcb-9a95-33226bae110a req-8a8c00d2-f029-4dcb-9a95-33226bae110a ] Request (ServerMetadataTestJSON:setUpClass): 200 GET http://10.180.1.21/compute/v2.1/servers/4f6686a9-12ad-460d-b826-1bb36f7b8e58 0.061s
2024-12-10 19:23:09.401 65479 INFO tempest.lib.common.rest_client [req-05099a5b-43ec-42be-8fa9-06b085345281 req-05099a5b-43ec-42be-8fa9-06b085345281 ] Request (MigrationsAdminTest:test_resize_server_revert_deleted_flavor): 200 GET http://10.180.1.21/compute/v2.1/servers/a95a65fd-cc81-4780-964d-fd0af5e1623b 0.058s
2024-12-10 19:23:09.461 65469 INFO tempest.lib.common.rest_client [req-f22c1430-cb39-4903-80cd-f0f691bcb0ab req-f22c1430-cb39-4903-80cd-f0f691bcb0ab ] Request (ServerDiskConfigTestJSON:test_rebuild_server_with_auto_disk_config): 200 GET http://10.180.1.21/compute/v2.1/servers/8a1a54ef-36e9-4999-866d-dc2a0e95ecb8 0.049s
2024-12-10 19:23:09.540 65485 INFO tempest.lib.common.rest_client [req-e8430556-22fc-4279-a84f-6b0b07cb72df req-e8430556-22fc-4279-a84f-6b0b07cb72df ] Request (TenantUsagesTestJSON:tearDownClass): 200 GET http://10.180.1.21/compute/v2.1/servers/34793292-f90e-42b4-b20d-0daf23faf552 0.072s
2024-12-10 19:23:09.564 65447 INFO tempest.lib.common.rest_client [req-f1076bf3-31ce-4f8c-97dd-46a46980f361 req-f1076bf3-31ce-4f8c-97dd-46a46980f361 ] Request (VolumesAssistedSnapshotsTest:_run_cleanups): 200 GET http://10.180.1.21/compute/v2.1/servers/91f1486c-8f22-4844-8bef-1e08cfd08030/os-volume_attachments 0.033s
2024-12-10 19:23:09.608 65473 INFO tempest.lib.common.rest_client [req-917ad37a-fcad-407f-8ec0-194c13ef2e1a req-917ad37a-fcad-407f-8ec0-194c13ef2e1a ] Request (DeleteServersTestJSON:test_delete_server_while_in_attached_volume): 200 GET http://10.180.1.21/compute/v2.1/servers/bd01290a-44df-4f2a-8d72-d3f772cd4ee9 0.069s
2024-12-10 19:23:09.645 65503 INFO tempest.lib.common.rest_client [req-abf409ed-2ed0-40fe-af3f-a370fc80c9a1 req-abf409ed-2ed0-40fe-af3f-a370fc80c9a1 ] Request (InstanceActionsTestJSON:setUpClass): 200 GET http://10.180.1.21/compute/v2.1/servers/416661b2-bf18-4e01-a7a2-ca928201ffe5 0.054s
2024-12-10 19:23:09.666 65453 INFO tempest.lib.common.rest_client [req-a7f40571-ff63-4c47-9e8c-d536559c78ee req-a7f40571-ff63-4c47-9e8c-d536559c78ee ] Request (FloatingIPsAssociationTestJSON:setUpClass): 200 GET http://10.180.1.21/compute/v2.1/servers/b4635be1-b5df-4c4a-ace3-a438791c0b33 0.066s
2024-12-10 19:23:09.728 65477 INFO tempest.lib.common.rest_client [req-0e6b359c-1a6c-455c-b025-70c07dc455b7 req-0e6b359c-1a6c-455c-b025-70c07dc455b7 ] Request (ListServerFiltersTestJSON:setUpClass): 200 GET http://10.180.1.21/compute/v2.1/servers/b75ffa1f-f876-4e28-96ea-72e223d0c01a 0.056s
2024-12-10 19:23:09.741 65461 INFO tempest.lib.common.rest_client [req-30c73e2a-80ea-479f-8383-f485dd14677c req-30c73e2a-80ea-479f-8383-f485dd14677c ] Request (ServersNegativeTestMultiTenantJSON:tearDownClass): 200 GET http://10.180.1.21/compute/v2.1/servers/ccc4782f-6f25-4050-a17c-fce1569dc9bd 0.067s
2024-12-10 19:23:09.771 65471 INFO tempest.lib.common.rest_client [req-6266fcc5-a77a-4dc7-be16-e1122b1e206c req-6266fcc5-a77a-4dc7-be16-e1122b1e206c ] Request (ListImageFiltersTestJSON:setUpClass): 200 GET http://10.180.1.21/compute/v2.1/images/37953081-82d7-4b8f-893a-9f6195f4b1b9 0.044s
2024-12-10 19:23:09.797 65493 INFO tempest.lib.common.rest_client [req-6fe71dfb-2819-432c-89ac-b2a886b9ff67 req-6fe71dfb-2819-432c-89ac-b2a886b9ff67 ] Request (AttachInterfacesV270Test:test_create_get_list_interfaces): 200 GET http://10.180.1.21/compute/v2.1/servers/a13b7d16-ca6c-4539-bf6c-750ba6765254 0.067s
2024-12-10 19:23:09.854 65457 INFO tempest.lib.common.rest_client [req-bdf94818-b314-4de2-a871-e7e82760b1d6 req-bdf94818-b314-4de2-a871-e7e82760b1d6 ] Request (ServersAdminNegativeTestJSON:tearDownClass): 200 GET http://10.180.1.21/compute/v2.1/servers/253352c1-988b-44c7-a7d6-9700493a678c 0.058s
