2024-12-10 20:03:45.844 66243 INFO tempest.lib.common.rest_client [req-79fb710f-abe8-4d84-8c9c-aeb001502873 req-79fb710f-abe8-4d84-8c9c-aeb001502873 ] Request (ServersAdminTestJSON:setUpClass): 200 GET http://10.180.1.21/compute/v2.1/servers/fd85eb9e-eeab-4688-9215-ed22e1eab49f 0.161s
2024-12-10 20:03:45.904 66239 INFO tempest.lib.common.rest_client [req-98d6f66b-ac53-4376-a306-6ec53ffc439e req-98d6f66b-ac53-4376-a306-6ec53ffc439e ] Request (ServerTagsTestJSON:setUpClass): 201 POST http://10.180.1.21/identity/v3/users 0.102s
2024-12-10 20:03:45.989 66253 INFO tempest.lib.common.rest_client [req-547d0038-5173-4eb1-8cf2-8dc600b4e7ce req-547d0038-5173-4eb1-8cf2-8dc600b4e7ce ] Request (ImagesTestJSON:test_create_image_from_suspended_server): 200 GET http://10.180.1.21/compute/v2.1/images/7ba39f2b-80d0-4f74-a46b-cae853e39c9f 0.075s
2024-12-10 20:03:46.006 66243 INFO tempest.lib.common.rest_client [req-e3600ea1-877f-423c-83d9-c4cc8ba574c0 req-e3600ea1-877f-423c-83d9-c4cc8ba574c0 ] Request (ServersAdminTestJSON:test_create_server_with_scheduling_hint): 201 POST http://10.180.1.21/identity/v3/auth/tokens 0.150s
2024-12-10 20:03:46.007 66243 INFO tempest.lib.common.fixed_network [-] (ServersAdminTestJSON:test_create_server_with_scheduling_hint) Found network {'id': '4c63b9b9-1632-40b7-a89e-d509541574c3', 'name': 'tempest-ServersAdminTestJSON-1991024810-network', 'tenant_id': '922f74d22fdd42559ad25ec18ec3bdfe', 'admin_state_up': True, 'mtu': 8950, 'status': 'ACTIVE', 'subnets': [], 'shared': False, 'project_id': '922f74d22fdd42559ad25ec18ec3bdfe', 'port_security_enabled': True, 'router:external': False, 'provider:network_type': 'vlan', 'provider:physical_network': 'default', 'provider:segmentation_id': 472, 'availability_zone_hints': [], 'availability_zones': [], 'ipv4_address_scope': None, 'ipv6_address_scope': None, 'description': '', 'tags': [], 'created_at': '2024-12-10T20:02:21Z', 'updated_at': '2024-12-10T20:02:21Z', 'revision_number': 1} available for tenant
2024-12-10 20:03:46.007 66277 INFO tempest.lib.common.rest_client [req-34c5d2ea-ec3f-4d63-aa0c-3cbcde263b92 req-34c5d2ea-ec3f-4d63-aa0c-3cbcde263b92 ] Request (VolumesAssistedSnapshotsTest:test_volume_assisted_snapshot_create_delete): 200 GET http://10.180.1.21/volume/v3/volumes/d32f1064-8515-44fb-a1d2-15a3c18b202a 0.060s
2024-12-10 20:03:46.022 66239 INFO tempest.lib.common.rest_client [req-a593b592-c8c9-4fcc-89cb-55d49f652516 req-a593b592-c8c9-4fcc-89cb-55d49f652516 ] Request (ServerTagsTestJSON:setUpClass): 200 GET http://10.180.1.21/identity/v3/roles 0.116s
2024-12-10 20:03:46.046 66259 INFO tempest.lib.common.rest_client [req-7e9a8b94-0cca-4a9f-b34c-6b740488900e req-7e9a8b94-0cca-4a9f-b34c-6b740488900e ] Request (SecurityGroupsTestJSON:test_list_security_groups_by_server): 200 GET http://10.180.1.21/compute/v2.1/servers/4837a7c6-6688-457e-ba85-d57b99a13ed9 0.179s
2024-12-10 20:03:46.054 66239 INFO tempest.lib.common.rest_client [req-da97402b-9e65-4fb2-a9b0-88c2d442edac req-da97402b-9e65-4fb2-a9b0-88c2d442edac ] Request (ServerTagsTestJSON:setUpClass): 204 PUT http://10.180.1.21/identity/v3/projects/d4637e659dfb4ea99bc4f40195f53863/users/3702b9bb516543af83fbaca13d1056bc/roles/f9de37e6d10d4781bc3319f625b1b137 0.032s
2024-12-10 20:03:46.054 66239 INFO tempest.lib.common.dynamic_creds [-] Dynamic test user 3702b9bb516543af83fbaca13d1056bc is created with scope project and roles: ['member']
2024-12-10 20:03:46.055 66239 INFO tempest.lib.common.dynamic_creds [-] Acquired dynamic creds: credentials: Credentials: {'domain_id': 'default', 'domain_name': 'Default', 'username': 'tempest-ServerTagsTestJSON-1667011695-project-member', 'project_domain_id': 'default', 'project_domain_name': 'Default', 'project_id': 'd4637e659dfb4ea99bc4f40195f53863', 'project_name': 'tempest-ServerTagsTestJSON-1667011695', 'tenant_id': 'd4637e659dfb4ea99bc4f40195f53863', 'tenant_name': 'tempest-ServerTagsTestJSON-1667011695', 'user_domain_id': 'default', 'user_domain_name': 'Default', 'user_id': '3702b9bb516543af83fbaca13d1056bc', 'system': None}, Network: None, Subnet: None, Router: None
2024-12-10 20:03:46.104 66291 INFO tempest.lib.common.rest_client [req-63fe5581-f32d-40c0-8a3a-fe5826db28bf req-63fe5581-f32d-40c0-8a3a-fe5826db28bf ] Request (ServerRescueTestJSONUnderV235:tearDownClass): 200 PUT http://10.180.1.21:9696/networking/v2.0/routers/75df418d-de14-4dfc-8ad9-dc551c63a1eb/remove_router_interface 1.270s
2024-12-10 20:03:46.138 66239 INFO tempest.lib.common.rest_client [req-504ca00f-bc1b-48dd-b5ea-11d258637a69 req-504ca00f-bc1b-48dd-b5ea-11d258637a69 ] Request (ServerTagsTestJSON:setUpClass): 201 POST http://10.180.1.21/identity/v3/auth/tokens 0.083s
2024-12-10 20:03:46.233 66297 INFO tempest.lib.common.rest_client [req-c4ede418-8783-4477-9d80-c784622cf3b5 req-c4ede418-8783-4477-9d80-c784622cf3b5 ] Request (ServersAdminNegativeTestJSON:test_migrate_server_invalid_state): 200 GET http://10.180.1.21/compute/v2.1/servers/447825a7-a6e1-4f03-942a-c5a3a7eca6ec 0.207s
2024-12-10 20:03:46.347 66241 INFO tempest.lib.common.rest_client [req-a2678c09-acd1-4838-9e3e-6b0df853711b req-a2678c09-acd1-4838-9e3e-6b0df853711b ] Request (ServerGroup264TestJSON:tearDownClass): 204 DELETE http://10.180.1.21:9696/networking/v2.0/networks/3e6be7fc-a576-4906-8e25-8f872d3bb2da 0.630s
2024-12-10 20:03:46.357 66251 INFO tempest.lib.common.rest_client [req-29b86e8e-8eb0-451b-9f79-e1ccae29b526 req-29b86e8e-8eb0-451b-9f79-e1ccae29b526 ] Request (ServersTestMultiNic:_run_cleanups): 200 GET http://10.180.1.21/compute/v2.1/servers/a77c7cf3-02f6-4db7-9187-ba6a7a5c452f 0.332s
2024-12-10 20:03:46.448 66241 INFO tempest.lib.common.rest_client [req-f99f2e96-42b7-485a-9ff1-a988bf66cbd5 req-f99f2e96-42b7-485a-9ff1-a988bf66cbd5 ] Request (ServerGroup264TestJSON:tearDownClass): 204 DELETE http://10.180.1.21/identity/v3/users/12df34ebc391408d98fc373efda7f9d3 0.100s
2024-12-10 20:03:46.448 66241 INFO tempest.lib.common.dynamic_creds [-] Deleting project and security group for project: 9d05ef91b71c4d3794a609734638e30f
2024-12-10 20:03:46.454 66285 INFO tempest.lib.common.rest_client [req-4c4486d7-6ffd-47ed-b2d9-3e11d9565d65 req-4c4486d7-6ffd-47ed-b2d9-3e11d9565d65 ] Request (ServerDiagnosticsV248Test:tearDownClass): 200 GET http://10.180.1.21/compute/v2.1/servers/31ae588a-dfd8-4f45-b862-0c6222702a84 0.289s
2024-12-10 20:03:46.485 66241 INFO tempest.lib.common.rest_client [req-9c677171-0b6e-4e65-8e07-1fd383d844cc req-9c677171-0b6e-4e65-8e07-1fd383d844cc ] Request (ServerGroup264TestJSON:tearDownClass): 200 GET http://10.180.1.21:9696/networking/v2.0/security-groups?tenant_id=9d05ef91b71c4d3794a609734638e30f&name=default 0.036s
2024-12-10 20:03:46.558 66255 INFO tempest.lib.common.rest_client [req-84e8b783-7cad-4441-80d8-288f13765214 req-84e8b783-7cad-4441-80d8-288f13765214 ] Request (AttachInterfacesUnderV243Test:test_add_remove_fixed_ip): 200 GET http://10.180.1.21/compute/v2.1/servers/831d4c6b-09ba-4f1b-99cd-8c5f95374cd3 0.316s
2024-12-10 20:03:46.681 66291 INFO tempest.lib.common.rest_client [req-2e0198dc-f9e7-4ef3-b11d-23c26c3257b8 req-2e0198dc-f9e7-4ef3-b11d-23c26c3257b8 ] Request (ServerRescueTestJSONUnderV235:tearDownClass): 204 DELETE http://10.180.1.21:9696/networking/v2.0/routers/75df418d-de14-4dfc-8ad9-dc551c63a1eb 0.576s
2024-12-10 20:03:46.705 66241 INFO tempest.lib.common.rest_client [req-6b9a46de-7ed2-4393-903f-0d10ba2ed9e6 req-6b9a46de-7ed2-4393-903f-0d10ba2ed9e6 ] Request (ServerGroup264TestJSON:tearDownClass): 204 DELETE http://10.180.1.21:9696/networking/v2.0/security-groups/fb859c14-294d-41f5-9dc7-2c2d8c4d9608 0.219s
2024-12-10 20:03:46.740 66243 INFO tempest.lib.common.rest_client [req-acf14e4d-e86e-4935-9ca2-e421c7eacea7 req-acf14e4d-e86e-4935-9ca2-e421c7eacea7 ] Request (ServersAdminTestJSON:test_create_server_with_scheduling_hint): 202 POST http://10.180.1.21/compute/v2.1/servers 0.732s
2024-12-10 20:03:46.824 66291 INFO tempest.lib.common.rest_client [req-0bab46e1-aa6a-4450-b817-ac4d91fe9a62 req-0bab46e1-aa6a-4450-b817-ac4d91fe9a62 ] Request (ServerRescueTestJSONUnderV235:tearDownClass): 204 DELETE http://10.180.1.21:9696/networking/v2.0/subnets/278429a5-7ea9-4b8a-be07-b07470589f01 0.142s
2024-12-10 20:03:46.843 66241 INFO tempest.lib.common.rest_client [req-eef4dfb8-55d6-4a25-890e-aead57d9f162 req-eef4dfb8-55d6-4a25-890e-aead57d9f162 ] Request (ServerGroup264TestJSON:tearDownClass): 204 DELETE http://10.180.1.21/identity/v3/projects/9d05ef91b71c4d3794a609734638e30f 0.137s
2024-12-10 20:03:46.851 66295 INFO tempest.lib.common.rest_client [req-288cbf8a-c559-4040-a1f1-29107200c983 req-288cbf8a-c559-4040-a1f1-29107200c983 ] Request (FloatingIPsAssociationNegativeTestJSON:tearDownClass): 200 GET http://10.180.1.21/compute/v2.1/servers/8332bd6b-dd48-4809-be1e-9102ad9eb1ce 0.539s
2024-12-10 20:03:46.875 66239 INFO tempest.lib.common.rest_client [req-7c42d606-0bc9-44c8-a50b-4dc6400ee0d7 req-7c42d606-0bc9-44c8-a50b-4dc6400ee0d7 ] Request (ServerTagsTestJSON:setUpClass): 201 POST http://10.180.1.21:9696/networking/v2.0/networks 0.737s
2024-12-10 20:03:46.901 66287 INFO tempest.lib.common.rest_client [req-a03646f3-5800-458f-8c87-dbd51e40991f req-a03646f3-5800-458f-8c87-dbd51e40991f ] Request (ServerRescueTestJSON:setUpClass): 200 GET http://10.180.1.21/compute/v2.1/servers/970f5425-a9c9-4195-9e62-b66aaffdc05f 0.620s
2024-12-10 20:03:46.937 66263 INFO tempest.lib.common.rest_client [req-d8af9e5f-f54a-4ab1-b47a-90b2be32edc4 req-d8af9e5f-f54a-4ab1-b47a-90b2be32edc4 ] Request (ListServerFiltersTestJSON:setUpClass): 200 GET http://10.180.1.21/compute/v2.1/servers/b7d0868f-148b-4d9a-b070-bd882b34bc35 0.595s
2024-12-10 20:03:47.005 66261 INFO tempest.lib.common.rest_client [req-f74fffdc-d10a-4b0f-8682-fcab3cc6885e req-f74fffdc-d10a-4b0f-8682-fcab3cc6885e ] Request (ServersWithSpecificFlavorTestJSON:test_verify_created_server_ephemeral_disk): 200 GET http://10.180.1.21/compute/v2.1/servers/4290adde-f861-4f47-8343-4f937865b4e6 0.615s
2024-12-10 20:03:47.029 66281 INFO tempest.lib.common.rest_client [req-c6de3fa1-ae62-4039-b6ba-9968840e7f98 req-c6de3fa1-ae62-4039-b6ba-9968840e7f98 ] Request (ImagesOneServerNegativeTestJSON:_run_cleanups): 200 GET http://10.180.1.21/compute/v2.1/servers/fa4dfbf7-948e-45df-9f11-dbabe8051577 0.609s
2024-12-10 20:03:47.063 66277 INFO tempest.lib.common.rest_client [req-45f7b9e8-838a-413f-8c9b-4568efba4148 req-45f7b9e8-838a-413f-8c9b-4568efba4148 ] Request (VolumesAssistedSnapshotsTest:test_volume_assisted_snapshot_create_delete): 200 GET http://10.180.1.21/volume/v3/volumes/d32f1064-8515-44fb-a1d2-15a3c18b202a 0.045s
2024-12-10 20:03:47.075 66291 INFO tempest.lib.common.rest_client [req-bae3c14a-d573-4105-9eac-c243bd9d8c87 req-bae3c14a-d573-4105-9eac-c243bd9d8c87 ] Request (ServerRescueTestJSONUnderV235:tearDownClass): 204 DELETE http://10.180.1.21:9696/networking/v2.0/networks/35afeda4-af27-419c-9253-5e73c09f2a1f 0.251s
2024-12-10 20:03:47.109 66237 INFO tempest.lib.common.rest_client [req-bd69a53e-f916-40cf-a3e8-9d2c02deb87c req-bd69a53e-f916-40cf-a3e8-9d2c02deb87c ] Request (ServersTestJSON:setUpClass): 200 GET http://10.180.1.21/compute/v2.1/servers/eeaafee9-6976-4796-a177-5fffaa70ee15 0.645s
2024-12-10 20:03:47.112 66249 INFO tempest.lib.common.rest_client [req-fb34dd63-1cbd-483f-bb39-0d524800fc96 req-fb34dd63-1cbd-483f-bb39-0d524800fc96 ] Request (MigrationsAdminTest:test_resize_server_revert_deleted_flavor): 200 GET http://10.180.1.21/compute/v2.1/servers/c9cd4322-e60f-4744-9dd4-739249b96d34 0.621s
2024-12-10 20:03:47.182 66279 INFO tempest.lib.common.rest_client [req-5e29f15d-5e43-41be-b9b9-40b29d9ea6c8 req-5e29f15d-5e43-41be-b9b9-40b29d9ea6c8 ] Request (ServerRescueNegativeTestJSON:setUpClass): 200 GET http://10.180.1.21/compute/v2.1/servers/5531e02e-939b-4dfa-b341-9f3d4dd2a875 0.620s
2024-12-10 20:03:47.191 66299 INFO tempest.lib.common.rest_client [req-ce112950-2b11-4866-aa08-263db412c976 req-ce112950-2b11-4866-aa08-263db412c976 ] Request (FloatingIPsAssociationTestJSON:tearDownClass): 200 GET http://10.180.1.21/compute/v2.1/servers/4103f309-bdfb-488a-a904-163ccc0216e8 0.522s
2024-12-10 20:03:47.205 66291 INFO tempest.lib.common.rest_client [req-f2cb3116-f93b-4108-abeb-b049bb5a29ed req-f2cb3116-f93b-4108-abeb-b049bb5a29ed ] Request (ServerRescueTestJSONUnderV235:tearDownClass): 204 DELETE http://10.180.1.21/identity/v3/users/92a98ca91450447ebb93f68c69ff9bf8 0.129s
2024-12-10 20:03:47.205 66291 INFO tempest.lib.common.dynamic_creds [-] Deleting project and security group for project: f4f3436f86c742a9b8485a7aedb24708
2024-12-10 20:03:47.229 66243 INFO tempest.lib.common.rest_client [req-39c0d9ba-7500-4f4d-abfe-23e78e04d8c2 req-39c0d9ba-7500-4f4d-abfe-23e78e04d8c2 ] Request (ServersAdminTestJSON:test_create_server_with_scheduling_hint): 200 GET http://10.180.1.21/compute/v2.1/servers/47a16523-83e6-4b11-9695-06b96a92dd13 0.484s
2024-12-10 20:03:47.245 66291 INFO tempest.lib.common.rest_client [req-eb29ba69-67a5-4ae6-9c28-9652691cfb6c req-eb29ba69-67a5-4ae6-9c28-9652691cfb6c ] Request (ServerRescueTestJSONUnderV235:tearDownClass): 200 GET http://10.180.1.21:9696/networking/v2.0/security-groups?tenant_id=f4f3436f86c742a9b8485a7aedb24708&name=default 0.039s
2024-12-10 20:03:47.253 66271 INFO tempest.lib.common.rest_client [req-0cee8341-2f21-4f43-bc5a-62d580bd63fc req-0cee8341-2f21-4f43-bc5a-62d580bd63fc ] Request (ServerPasswordTestJSON:setUpClass): 200 GET http://10.180.1.21/compute/v2.1/servers/f895c262-2599-4660-a5d2-f0d78355aa45 0.503s
2024-12-10 20:03:47.272 66239 INFO tempest.lib.common.rest_client [req-c185e8b0-e780-4fdd-814b-ff329e208c7f req-c185e8b0-e780-4fdd-814b-ff329e208c7f ] Request (ServerTagsTestJSON:setUpClass): 201 POST http://10.180.1.21:9696/networking/v2.0/subnets 0.396s
2024-12-10 20:03:47.272 66253 INFO tempest.lib.common.rest_client [req-51cfcaf4-b4e9-4145-9004-09731e0419b5 req-51cfcaf4-b4e9-4145-9004-09731e0419b5 ] Request (ImagesTestJSON:test_create_image_from_suspended_server): 200 GET http://10.180.1.21/compute/v2.1/images/7ba39f2b-80d0-4f74-a46b-cae853e39c9f 0.279s
2024-12-10 20:03:47.344 66291 INFO tempest.lib.common.rest_client [req-0b03f225-9bdc-447c-840f-e330fc17d90a req-0b03f225-9bdc-447c-840f-e330fc17d90a ] Request (ServerRescueTestJSONUnderV235:tearDownClass): 204 DELETE http://10.180.1.21:9696/networking/v2.0/security-groups/00a3c66f-f71e-4e2f-9b05-4538f830aca8 0.098s
2024-12-10 20:03:47.441 66291 INFO tempest.lib.common.rest_client [req-08041408-293f-4ca3-888e-3f87541e8203 req-08041408-293f-4ca3-888e-3f87541e8203 ] Request (ServerRescueTestJSONUnderV235:tearDownClass): 204 DELETE http://10.180.1.21/identity/v3/projects/f4f3436f86c742a9b8485a7aedb24708 0.097s
2024-12-10 20:03:47.691 66297 INFO tempest.lib.common.rest_client [req-9ed1fe9c-dbe4-49f9-8a97-15f8727b9fe8 req-9ed1fe9c-dbe4-49f9-8a97-15f8727b9fe8 ] Request (ServersAdminNegativeTestJSON:test_migrate_server_invalid_state): 200 GET http://10.180.1.21/compute/v2.1/servers/447825a7-a6e1-4f03-942a-c5a3a7eca6ec 0.441s
2024-12-10 20:03:47.720 66259 INFO tempest.lib.common.rest_client [req-f907d76f-3df3-4bda-b9ae-6a12238bff2a req-f907d76f-3df3-4bda-b9ae-6a12238bff2a ] Request (SecurityGroupsTestJSON:test_list_security_groups_by_server): 200 GET http://10.180.1.21/compute/v2.1/servers/4837a7c6-6688-457e-ba85-d57b99a13ed9 0.658s
2024-12-10 20:03:47.761 66251 INFO tempest.lib.common.rest_client [req-f3e88922-301e-49f0-9ebd-348207f90453 req-f3e88922-301e-49f0-9ebd-348207f90453 ] Request (ServersTestMultiNic:_run_cleanups): 200 GET http://10.180.1.21/compute/v2.1/servers/a77c7cf3-02f6-4db7-9187-ba6a7a5c452f 0.393s
2024-12-10 20:03:47.801 66285 INFO tempest.lib.common.rest_client [req-c67cbd22-f93c-44f4-9029-18c7157f4ddc req-c67cbd22-f93c-44f4-9029-18c7157f4ddc ] Request (ServerDiagnosticsV248Test:tearDownClass): 200 GET http://10.180.1.21/compute/v2.1/servers/31ae588a-dfd8-4f45-b862-0c6222702a84 0.337s
2024-12-10 20:03:47.814 66255 INFO tempest.lib.common.rest_client [req-d7b21f10-05e0-4925-b782-0c483f5a9fc3 req-d7b21f10-05e0-4925-b782-0c483f5a9fc3 ] Request (AttachInterfacesUnderV243Test:test_add_remove_fixed_ip): 200 GET http://10.180.1.21/compute/v2.1/servers/831d4c6b-09ba-4f1b-99cd-8c5f95374cd3 0.248s
2024-12-10 20:03:47.938 66295 INFO tempest.lib.common.rest_client [req-33b4538a-3a05-44f4-9078-badfef7f1b7c req-33b4538a-3a05-44f4-9078-badfef7f1b7c ] Request (FloatingIPsAssociationNegativeTestJSON:tearDownClass): 200 GET http://10.180.1.21/compute/v2.1/servers/8332bd6b-dd48-4809-be1e-9102ad9eb1ce 0.075s
2024-12-10 20:03:48.017 66263 INFO tempest.lib.common.rest_client [req-50a58a0b-56d4-4595-9253-b9b80a0cbcb6 req-50a58a0b-56d4-4595-9253-b9b80a0cbcb6 ] Request (ListServerFiltersTestJSON:setUpClass): 200 GET http://10.180.1.21/compute/v2.1/servers/b7d0868f-148b-4d9a-b070-bd882b34bc35 0.072s
2024-12-10 20:03:48.023 66269 WARNING tempest.lib.common.ssh [-] Failed to establish authenticated ssh connection to cirros@10.180.180.156 ([Errno None] Unable to connect to port 22 on 10.180.180.156). Number attempts: 10. Retry after 11 seconds.: paramiko.ssh_exception.NoValidConnectionsError: [Errno None] Unable to connect to port 22 on 10.180.180.156
2024-12-10 20:03:48.109 66277 INFO tempest.lib.common.rest_client [req-dbf65cc4-d1d0-4e0e-96d4-4d8e7815b15e req-dbf65cc4-d1d0-4e0e-96d4-4d8e7815b15e ] Request (VolumesAssistedSnapshotsTest:test_volume_assisted_snapshot_create_delete): 200 GET http://10.180.1.21/volume/v3/volumes/d32f1064-8515-44fb-a1d2-15a3c18b202a 0.038s
2024-12-10 20:03:48.111 66261 INFO tempest.lib.common.rest_client [req-117758b7-3d52-4e36-b92b-a1b7c48807f4 req-117758b7-3d52-4e36-b92b-a1b7c48807f4 ] Request (ServersWithSpecificFlavorTestJSON:test_verify_created_server_ephemeral_disk): 200 GET http://10.180.1.21/compute/v2.1/servers/4290adde-f861-4f47-8343-4f937865b4e6 0.086s
2024-12-10 20:03:48.132 66287 INFO tempest.lib.common.rest_client [req-8e6705b2-36a6-48b3-9855-6b87435182b9 req-8e6705b2-36a6-48b3-9855-6b87435182b9 ] Request (ServerRescueTestJSON:setUpClass): 200 GET http://10.180.1.21/compute/v2.1/servers/970f5425-a9c9-4195-9e62-b66aaffdc05f 0.217s
2024-12-10 20:03:48.184 66281 INFO tempest.lib.common.rest_client [req-2834ed67-f77c-4053-ad65-c2d9a1e04cc3 req-2834ed67-f77c-4053-ad65-c2d9a1e04cc3 ] Request (ImagesOneServerNegativeTestJSON:_run_cleanups): 200 GET http://10.180.1.21/compute/v2.1/servers/fa4dfbf7-948e-45df-9f11-dbabe8051577 0.145s
2024-12-10 20:03:48.198 66237 INFO tempest.lib.common.rest_client [req-c92ba8ff-faa9-43eb-aabf-5a9d4b0234dc req-c92ba8ff-faa9-43eb-aabf-5a9d4b0234dc ] Request (ServersTestJSON:setUpClass): 200 GET http://10.180.1.21/compute/v2.1/servers/eeaafee9-6976-4796-a177-5fffaa70ee15 0.081s
2024-12-10 20:03:48.263 66249 INFO tempest.lib.common.rest_client [req-2569ec0d-94e7-4799-9836-3cabc152d05f req-2569ec0d-94e7-4799-9836-3cabc152d05f ] Request (MigrationsAdminTest:test_resize_server_revert_deleted_flavor): 200 GET http://10.180.1.21/compute/v2.1/servers/c9cd4322-e60f-4744-9dd4-739249b96d34 0.138s
2024-12-10 20:03:48.283 66279 INFO tempest.lib.common.rest_client [req-397d8756-39db-48a1-8ef2-bd45fc99f995 req-397d8756-39db-48a1-8ef2-bd45fc99f995 ] Request (ServerRescueNegativeTestJSON:setUpClass): 200 GET http://10.180.1.21/compute/v2.1/servers/5531e02e-939b-4dfa-b341-9f3d4dd2a875 0.086s
2024-12-10 20:03:48.346 66299 INFO tempest.lib.common.rest_client [req-39a76bab-f62b-4a42-933f-f9d7329121a8 req-39a76bab-f62b-4a42-933f-f9d7329121a8 ] Request (FloatingIPsAssociationTestJSON:tearDownClass): 200 GET http://10.180.1.21/compute/v2.1/servers/4103f309-bdfb-488a-a904-163ccc0216e8 0.146s
2024-12-10 20:03:48.349 66243 INFO tempest.lib.common.rest_client [req-0ae6b3f5-40b9-4e54-b172-2d041eca3daa req-0ae6b3f5-40b9-4e54-b172-2d041eca3daa ] Request (ServersAdminTestJSON:test_create_server_with_scheduling_hint): 200 GET http://10.180.1.21/compute/v2.1/servers/47a16523-83e6-4b11-9695-06b96a92dd13 0.111s
2024-12-10 20:03:48.384 66253 INFO tempest.lib.common.rest_client [req-ec06f9ed-7242-4fd2-84ec-b2896a2d2c19 req-ec06f9ed-7242-4fd2-84ec-b2896a2d2c19 ] Request (ImagesTestJSON:test_create_image_from_suspended_server): 200 GET http://10.180.1.21/compute/v2.1/images/7ba39f2b-80d0-4f74-a46b-cae853e39c9f 0.107s
2024-12-10 20:03:48.402 66271 INFO tempest.lib.common.rest_client [req-13888398-147a-45e4-ae68-bb49d22ab771 req-13888398-147a-45e4-ae68-bb49d22ab771 ] Request (ServerPasswordTestJSON:setUpClass): 200 GET http://10.180.1.21/compute/v2.1/servers/f895c262-2599-4660-a5d2-f0d78355aa45 0.141s
2024-12-10 20:03:48.458 66247 WARNING tempest.lib.common.ssh [-] Failed to establish authenticated ssh connection to cirros@10.180.180.132 ([Errno None] Unable to connect to port 22 on 10.180.180.132). Number attempts: 2. Retry after 3 seconds.: paramiko.ssh_exception.NoValidConnectionsError: [Errno None] Unable to connect to port 22 on 10.180.180.132
2024-12-10 20:03:48.538 66239 INFO tempest.lib.common.rest_client [req-86f09cdc-f756-4c70-9f7a-6014100c39d2 req-86f09cdc-f756-4c70-9f7a-6014100c39d2 ] Request (ServerTagsTestJSON:setUpClass): 201 POST http://10.180.1.21:9696/networking/v2.0/routers 1.265s
2024-12-10 20:03:48.909 66259 INFO tempest.lib.common.rest_client [req-b2b79a3f-1435-40a5-82e3-e404f40a5686 req-b2b79a3f-1435-40a5-82e3-e404f40a5686 ] Request (SecurityGroupsTestJSON:test_list_security_groups_by_server): 200 GET http://10.180.1.21/compute/v2.1/servers/4837a7c6-6688-457e-ba85-d57b99a13ed9 0.183s
2024-12-10 20:03:48.940 66297 INFO tempest.lib.common.rest_client [req-2ae4af3f-c3b0-4a93-8876-608380c16750 req-2ae4af3f-c3b0-4a93-8876-608380c16750 ] Request (ServersAdminNegativeTestJSON:test_migrate_server_invalid_state): 200 GET http://10.180.1.21/compute/v2.1/servers/447825a7-a6e1-4f03-942a-c5a3a7eca6ec 0.235s
2024-12-10 20:03:48.947 66297 INFO tempest.common.waiters [-] State transition "BUILD/spawning" ==> "ACTIVE/None" after 76 second wait
2024-12-10 20:03:48.959 66285 INFO tempest.lib.common.rest_client [req-4e599a40-f969-4688-9ad4-ebd1b022e7ad req-4e599a40-f969-4688-9ad4-ebd1b022e7ad ] Request (ServerDiagnosticsV248Test:tearDownClass): 404 GET http://10.180.1.21/compute/v2.1/servers/31ae588a-dfd8-4f45-b862-0c6222702a84 0.149s
2024-12-10 20:03:48.981 66251 INFO tempest.lib.common.rest_client [req-2df1eb2d-6c61-446c-bbba-041d44ea6cec req-2df1eb2d-6c61-446c-bbba-041d44ea6cec ] Request (ServersTestMultiNic:_run_cleanups): 200 GET http://10.180.1.21/compute/v2.1/servers/a77c7cf3-02f6-4db7-9187-ba6a7a5c452f 0.210s
2024-12-10 20:03:49.017 66255 INFO tempest.lib.common.rest_client [req-2b7a5811-59a0-4112-8b4c-c6655b81ff45 req-2b7a5811-59a0-4112-8b4c-c6655b81ff45 ] Request (AttachInterfacesUnderV243Test:test_add_remove_fixed_ip): 200 GET http://10.180.1.21/compute/v2.1/servers/831d4c6b-09ba-4f1b-99cd-8c5f95374cd3 0.194s
2024-12-10 20:03:49.064 66295 INFO tempest.lib.common.rest_client [req-74df1686-5fa9-47eb-9427-aa3ff046498e req-74df1686-5fa9-47eb-9427-aa3ff046498e ] Request (FloatingIPsAssociationNegativeTestJSON:tearDownClass): 200 GET http://10.180.1.21/compute/v2.1/servers/8332bd6b-dd48-4809-be1e-9102ad9eb1ce 0.117s
2024-12-10 20:03:49.114 66297 INFO tempest.lib.common.rest_client [req-efe9f97a-3ab0-42ac-8da2-3ab415442633 req-efe9f97a-3ab0-42ac-8da2-3ab415442633 ] Request (ServersAdminNegativeTestJSON:test_migrate_server_invalid_state): 202 POST http://10.180.1.21/compute/v2.1/servers/447825a7-a6e1-4f03-942a-c5a3a7eca6ec/action 0.167s
2024-12-10 20:03:49.123 66285 INFO tempest.lib.common.rest_client [req-b95d4bd4-1b7f-49fa-b88f-629b21bc9d99 req-b95d4bd4-1b7f-49fa-b88f-629b21bc9d99 ] Request (ServerDiagnosticsV248Test:tearDownClass): 204 DELETE http://10.180.1.21/identity/v3/users/9b2e1ebbdfbf4a0a818b4d4ad6eba711 0.163s
2024-12-10 20:03:49.126 66263 INFO tempest.lib.common.rest_client [req-16f4fbb3-ce1f-4e54-b264-c47751d14257 req-16f4fbb3-ce1f-4e54-b264-c47751d14257 ] Request (ListServerFiltersTestJSON:setUpClass): 200 GET http://10.180.1.21/compute/v2.1/servers/b7d0868f-148b-4d9a-b070-bd882b34bc35 0.101s
2024-12-10 20:03:49.160 66277 INFO tempest.lib.common.rest_client [req-eb51989e-532b-4574-b010-0af6851f2c04 req-eb51989e-532b-4574-b010-0af6851f2c04 ] Request (VolumesAssistedSnapshotsTest:test_volume_assisted_snapshot_create_delete): 200 GET http://10.180.1.21/volume/v3/volumes/d32f1064-8515-44fb-a1d2-15a3c18b202a 0.042s
2024-12-10 20:03:49.167 66277 INFO tempest.common.waiters [-] Attachment 35a8ad9f-fe2b-4102-875e-4b3aa1055cb4 created for volume d32f1064-8515-44fb-a1d2-15a3c18b202a to server edf2a86a-4a12-4eca-91c6-bf8af0557ae0 after waiting for 9.167788 seconds
2024-12-10 20:03:49.204 66261 INFO tempest.lib.common.rest_client [req-b132cae0-1602-4144-ab49-5ba6303d121f req-b132cae0-1602-4144-ab49-5ba6303d121f ] Request (ServersWithSpecificFlavorTestJSON:test_verify_created_server_ephemeral_disk): 200 GET http://10.180.1.21/compute/v2.1/servers/4290adde-f861-4f47-8343-4f937865b4e6 0.085s
2024-12-10 20:03:49.210 66277 INFO tempest.lib.common.rest_client [req-fdff0943-cb56-4028-b444-ca82d64fd659 req-fdff0943-cb56-4028-b444-ca82d64fd659 ] Request (VolumesAssistedSnapshotsTest:test_volume_assisted_snapshot_create_delete): 200 GET http://10.180.1.21/volume/v3/volumes/d32f1064-8515-44fb-a1d2-15a3c18b202a 0.043s
2024-12-10 20:03:49.216 66277 INFO tempest.common.waiters [-] volume d32f1064-8515-44fb-a1d2-15a3c18b202a reached in-use after waiting for 0.216456 seconds
2024-12-10 20:03:49.233 66285 INFO tempest.lib.common.rest_client [req-0b351bd5-056e-4c45-9a05-ee7912e1884d req-0b351bd5-056e-4c45-9a05-ee7912e1884d ] Request (ServerDiagnosticsV248Test:tearDownClass): 204 DELETE http://10.180.1.21/identity/v3/users/4e4acbab869d46a0bcdee17cc59eaec4 0.110s
2024-12-10 20:03:49.234 66285 INFO tempest.lib.common.dynamic_creds [-] Deleting project and security group for project: 9d385e53216b48d9828ed1011a8be713
2024-12-10 20:03:49.296 66285 INFO tempest.lib.common.rest_client [req-d99201d2-70e0-4c47-8275-36537808c40c req-d99201d2-70e0-4c47-8275-36537808c40c ] Request (ServerDiagnosticsV248Test:tearDownClass): 201 POST http://10.180.1.21/identity/v3/auth/tokens 0.062s
2024-12-10 20:03:49.380 66287 INFO tempest.lib.common.rest_client [req-cb85a184-d8c0-4ef5-86c5-dec34e60ef48 req-cb85a184-d8c0-4ef5-86c5-dec34e60ef48 ] Request (ServerRescueTestJSON:setUpClass): 200 GET http://10.180.1.21/compute/v2.1/servers/970f5425-a9c9-4195-9e62-b66aaffdc05f 0.235s
2024-12-10 20:03:49.457 66281 INFO tempest.lib.common.rest_client [req-bd944626-d267-4cb7-8750-cae8ec2b8052 req-bd944626-d267-4cb7-8750-cae8ec2b8052 ] Request (ImagesOneServerNegativeTestJSON:_run_cleanups): 200 GET http://10.180.1.21/compute/v2.1/servers/fa4dfbf7-948e-45df-9f11-dbabe8051577 0.260s
2024-12-10 20:03:49.479 66297 INFO tempest.lib.common.rest_client [req-30f78f15-eb35-4360-bb64-6791e7fb4389 req-30f78f15-eb35-4360-bb64-6791e7fb4389 ] Request (ServersAdminNegativeTestJSON:test_migrate_server_invalid_state): 200 GET http://10.180.1.21/compute/v2.1/servers/447825a7-a6e1-4f03-942a-c5a3a7eca6ec 0.361s
2024-12-10 20:03:49.487 66285 INFO tempest.lib.common.rest_client [req-bf3ee9c0-e31d-4ec2-a34d-7578dbcf258a req-bf3ee9c0-e31d-4ec2-a34d-7578dbcf258a ] Request (ServerDiagnosticsV248Test:tearDownClass): 200 GET http://10.180.1.21:9696/networking/v2.0/security-groups?tenant_id=9d385e53216b48d9828ed1011a8be713&name=default 0.190s
2024-12-10 20:03:49.519 66237 INFO tempest.lib.common.rest_client [req-230164aa-decd-4004-8c4f-a3d98911aba8 req-230164aa-decd-4004-8c4f-a3d98911aba8 ] Request (ServersTestJSON:setUpClass): 200 GET http://10.180.1.21/compute/v2.1/servers/eeaafee9-6976-4796-a177-5fffaa70ee15 0.312s
2024-12-10 20:03:49.575 66249 INFO tempest.lib.common.rest_client [req-ad2aa936-a345-491f-bac9-2ea7e20aa096 req-ad2aa936-a345-491f-bac9-2ea7e20aa096 ] Request (MigrationsAdminTest:test_resize_server_revert_deleted_flavor): 200 GET http://10.180.1.21/compute/v2.1/servers/c9cd4322-e60f-4744-9dd4-739249b96d34 0.301s
2024-12-10 20:03:49.586 66285 INFO tempest.lib.common.rest_client [req-d66b761d-e934-4225-bbb5-2d85848e3913 req-d66b761d-e934-4225-bbb5-2d85848e3913 ] Request (ServerDiagnosticsV248Test:tearDownClass): 204 DELETE http://10.180.1.21:9696/networking/v2.0/security-groups/61882c74-c48b-4fb9-82a7-41f9f932d386 0.099s
2024-12-10 20:03:49.634 66279 INFO tempest.lib.common.rest_client [req-182465f3-af75-4e5d-a84a-47bebf58b779 req-182465f3-af75-4e5d-a84a-47bebf58b779 ] Request (ServerRescueNegativeTestJSON:setUpClass): 200 GET http://10.180.1.21/compute/v2.1/servers/5531e02e-939b-4dfa-b341-9f3d4dd2a875 0.339s
2024-12-10 20:03:49.641 66279 INFO tempest.common.waiters [-] State transition "BUILD/scheduling" ==> "BUILD/None" after 20 second wait
2024-12-10 20:03:49.650 66277 INFO tempest.lib.common.rest_client [req-ca03df27-df09-49bc-a082-0993939570c3 req-ca03df27-df09-49bc-a082-0993939570c3 ] Request (VolumesAssistedSnapshotsTest:test_volume_assisted_snapshot_create_delete): 200 POST http://10.180.1.21/compute/v2.1/os-assisted-volume-snapshots 0.433s
2024-12-10 20:03:49.670 66285 INFO tempest.lib.common.rest_client [req-cf187df9-836a-4a0e-9eb4-080e59e3bb3e req-cf187df9-836a-4a0e-9eb4-080e59e3bb3e ] Request (ServerDiagnosticsV248Test:tearDownClass): 204 DELETE http://10.180.1.21/identity/v3/projects/9d385e53216b48d9828ed1011a8be713 0.083s
2024-12-10 20:03:49.670 66285 INFO tempest.lib.common.dynamic_creds [-] Deleting project and security group for project: 2621333a2da449dda81a6d4e4a9c2e5d
2024-12-10 20:03:49.703 66243 INFO tempest.lib.common.rest_client [req-63e4af77-f269-4551-ad9f-1b3631772e87 req-63e4af77-f269-4551-ad9f-1b3631772e87 ] Request (ServersAdminTestJSON:test_create_server_with_scheduling_hint): 200 GET http://10.180.1.21/compute/v2.1/servers/47a16523-83e6-4b11-9695-06b96a92dd13 0.347s
2024-12-10 20:03:49.722 66299 INFO tempest.lib.common.rest_client [req-47df49ac-6f5e-4e92-8671-fd4b1ba9e49e req-47df49ac-6f5e-4e92-8671-fd4b1ba9e49e ] Request (FloatingIPsAssociationTestJSON:tearDownClass): 200 GET http://10.180.1.21/compute/v2.1/servers/4103f309-bdfb-488a-a904-163ccc0216e8 0.366s
2024-12-10 20:03:49.750 66253 INFO tempest.lib.common.rest_client [req-699b4940-1b37-495e-85f4-3b7c7d47f269 req-699b4940-1b37-495e-85f4-3b7c7d47f269 ] Request (ImagesTestJSON:test_create_image_from_suspended_server): 200 GET http://10.180.1.21/compute/v2.1/images/7ba39f2b-80d0-4f74-a46b-cae853e39c9f 0.361s
2024-12-10 20:03:49.777 66271 INFO tempest.lib.common.rest_client [req-d10b20a2-e997-422f-85ee-a0310e88a71b req-d10b20a2-e997-422f-85ee-a0310e88a71b ] Request (ServerPasswordTestJSON:setUpClass): 200 GET http://10.180.1.21/compute/v2.1/servers/f895c262-2599-4660-a5d2-f0d78355aa45 0.367s
2024-12-10 20:03:49.778 66285 INFO tempest.lib.common.rest_client [req-016bbdfc-c7df-4440-9c59-b3361c58cd2b req-016bbdfc-c7df-4440-9c59-b3361c58cd2b ] Request (ServerDiagnosticsV248Test:tearDownClass): 200 GET http://10.180.1.21:9696/networking/v2.0/security-groups?tenant_id=2621333a2da449dda81a6d4e4a9c2e5d&name=default 0.107s
2024-12-10 20:03:49.811 66277 INFO tempest.lib.common.rest_client [req-b7579665-d595-46e4-958d-ef9384338df8 req-b7579665-d595-46e4-958d-ef9384338df8 ] Request (VolumesAssistedSnapshotsTest:test_volume_assisted_snapshot_create_delete): 204 DELETE http://10.180.1.21/compute/v2.1/os-assisted-volume-snapshots/None?delete_info=%7B%22volume_id%22%3A+%22d32f1064-8515-44fb-a1d2-15a3c18b202a%22%7D 0.160s
2024-12-10 20:03:49.814 66239 INFO tempest.lib.common.rest_client [req-cd56234e-6ead-4c1f-8558-d473fc9ec311 req-cd56234e-6ead-4c1f-8558-d473fc9ec311 ] Request (ServerTagsTestJSON:setUpClass): 200 PUT http://10.180.1.21:9696/networking/v2.0/routers/930e9e12-2875-4c9e-8e9a-4cc63e9d4451/add_router_interface 1.275s
2024-12-10 20:03:49.814 66239 INFO tempest.lib.common.dynamic_creds [-] Created isolated network resources for: credentials: Credentials: {'domain_id': 'default', 'domain_name': 'Default', 'username': 'tempest-ServerTagsTestJSON-1667011695-project-member', 'project_domain_id': 'default', 'project_domain_name': 'Default', 'project_id': 'd4637e659dfb4ea99bc4f40195f53863', 'project_name': 'tempest-ServerTagsTestJSON-1667011695', 'tenant_id': 'd4637e659dfb4ea99bc4f40195f53863', 'tenant_name': 'tempest-ServerTagsTestJSON-1667011695', 'user_domain_id': 'default', 'user_domain_name': 'Default', 'user_id': '3702b9bb516543af83fbaca13d1056bc', 'system': None}, Network: {'id': '037f60a3-2dc8-411a-a71d-bb4211ba5f4a', 'name': 'tempest-ServerTagsTestJSON-403168446-network', 'tenant_id': 'd4637e659dfb4ea99bc4f40195f53863', 'admin_state_up': True, 'mtu': 8950, 'status': 'ACTIVE', 'subnets': [], 'shared': False, 'project_id': 'd4637e659dfb4ea99bc4f40195f53863', 'port_security_enabled': True, 'router:external': False, 'provider:network_type': 'vlan', 'provider:physical_network': 'default', 'provider:segmentation_id': 758, 'availability_zone_hints': [], 'availability_zones': [], 'ipv4_address_scope': None, 'ipv6_address_scope': None, 'description': '', 'tags': [], 'created_at': '2024-12-10T20:03:46Z', 'updated_at': '2024-12-10T20:03:46Z', 'revision_number': 1}, Subnet: {'id': 'c8c8ec6a-2ef9-4616-87d2-439bce81b138', 'name': 'tempest-ServerTagsTestJSON-403168446-subnet', 'tenant_id': 'd4637e659dfb4ea99bc4f40195f53863', 'network_id': '037f60a3-2dc8-411a-a71d-bb4211ba5f4a', 'ip_version': 4, 'subnetpool_id': None, 'enable_dhcp': True, 'ipv6_ra_mode': None, 'ipv6_address_mode': None, 'gateway_ip': '192.168.128.1', 'cidr': '192.168.128.0/28', 'allocation_pools': [{'start': '192.168.128.2', 'end': '192.168.128.14'}], 'host_routes': [], 'dns_nameservers': [], 'description': '', 'router:external': False, 'service_types': [], 'tags': [], 'created_at': '2024-12-10T20:03:47Z', 'updated_at': '2024-12-10T20:03:47Z', 'revision_number': 0, 'project_id': 'd4637e659dfb4ea99bc4f40195f53863'}, Router: {'id': '930e9e12-2875-4c9e-8e9a-4cc63e9d4451', 'name': 'tempest-ServerTagsTestJSON-403168446-router', 'tenant_id': 'd4637e659dfb4ea99bc4f40195f53863', 'admin_state_up': True, 'status': 'ACTIVE', 'external_gateway_info': {'network_id': 'c5370eb9-7220-468e-9f3b-d6a057ba94e3', 'external_fixed_ips': [{'subnet_id': '81ff4526-9db1-45ef-93c2-5ea17c9150d7', 'ip_address': '10.180.180.142'}], 'enable_snat': True}, 'description': '', 'availability_zones': [], 'distributed': False, 'ha': False, 'availability_zone_hints': [], 'routes': [], 'flavor_id': None, 'tags': [], 'created_at': '2024-12-10T20:03:47Z', 'updated_at': '2024-12-10T20:03:48Z', 'revision_number': 2, 'project_id': 'd4637e659dfb4ea99bc4f40195f53863'}
2024-12-10 20:03:49.850 66277 INFO tempest.lib.common.rest_client [req-e10792fe-3a57-4fb4-9255-0ff361dff97e req-e10792fe-3a57-4fb4-9255-0ff361dff97e ] Request (VolumesAssistedSnapshotsTest:_run_cleanups): 200 GET http://10.180.1.21/volume/v3/volumes/d32f1064-8515-44fb-a1d2-15a3c18b202a 0.038s
2024-12-10 20:03:49.875 66285 INFO tempest.lib.common.rest_client [req-e5e68002-06e5-4216-b927-c0ac0e5c495b req-e5e68002-06e5-4216-b927-c0ac0e5c495b ] Request (ServerDiagnosticsV248Test:tearDownClass): 204 DELETE http://10.180.1.21:9696/networking/v2.0/security-groups/dcb40f63-5281-4969-9ed7-4708b923e61c 0.097s
2024-12-10 20:03:49.903 66239 INFO tempest.lib.common.rest_client [req-159109dd-05e0-45d0-899a-aeb1659ee5cd req-159109dd-05e0-45d0-899a-aeb1659ee5cd ] Request (ServerTagsTestJSON:setUpClass): 201 POST http://10.180.1.21/identity/v3/auth/tokens 0.085s
2024-12-10 20:03:49.945 66239 INFO tempest.lib.common.rest_client [req-263460e3-9273-47d4-945a-b6b809a94ab5 req-263460e3-9273-47d4-945a-b6b809a94ab5 ] Request (ServerTagsTestJSON:setUpClass): 201 POST http://10.180.1.21/identity/v3/auth/tokens 0.037s
2024-12-10 20:03:49.946 66239 INFO tempest.lib.common.fixed_network [-] (ServerTagsTestJSON:setUpClass) Found network {'id': '037f60a3-2dc8-411a-a71d-bb4211ba5f4a', 'name': 'tempest-ServerTagsTestJSON-403168446-network', 'tenant_id': 'd4637e659dfb4ea99bc4f40195f53863', 'admin_state_up': True, 'mtu': 8950, 'status': 'ACTIVE', 'subnets': [], 'shared': False, 'project_id': 'd4637e659dfb4ea99bc4f40195f53863', 'port_security_enabled': True, 'router:external': False, 'provider:network_type': 'vlan', 'provider:physical_network': 'default', 'provider:segmentation_id': 758, 'availability_zone_hints': [], 'availability_zones': [], 'ipv4_address_scope': None, 'ipv6_address_scope': None, 'description': '', 'tags': [], 'created_at': '2024-12-10T20:03:46Z', 'updated_at': '2024-12-10T20:03:46Z', 'revision_number': 1} available for tenant
2024-12-10 20:03:50.016 66285 INFO tempest.lib.common.rest_client [req-6e6d7fa5-261e-40a9-a513-f50aa3f55ab4 req-6e6d7fa5-261e-40a9-a513-f50aa3f55ab4 ] Request (ServerDiagnosticsV248Test:tearDownClass): 204 DELETE http://10.180.1.21/identity/v3/projects/2621333a2da449dda81a6d4e4a9c2e5d 0.140s
2024-12-10 20:03:50.022 66277 INFO tempest.lib.common.rest_client [req-8513fe24-fe3d-4541-a0b6-d8b690ec5a19 req-8513fe24-fe3d-4541-a0b6-d8b690ec5a19 ] Request (VolumesAssistedSnapshotsTest:_run_cleanups): 202 DELETE http://10.180.1.21/compute/v2.1/servers/edf2a86a-4a12-4eca-91c6-bf8af0557ae0/os-volume_attachments/d32f1064-8515-44fb-a1d2-15a3c18b202a 0.167s
2024-12-10 20:03:50.070 66259 INFO tempest.lib.common.rest_client [req-33da1a28-dd5a-4fd0-9c70-1341fb24c38f req-33da1a28-dd5a-4fd0-9c70-1341fb24c38f ] Request (SecurityGroupsTestJSON:test_list_security_groups_by_server): 200 GET http://10.180.1.21/compute/v2.1/servers/4837a7c6-6688-457e-ba85-d57b99a13ed9 0.151s
2024-12-10 20:03:50.100 66285 INFO tempest.lib.common.rest_client [req-dfe4a8b3-bd8c-4122-9d80-284000410389 req-dfe4a8b3-bd8c-4122-9d80-284000410389 ] Request (AbsoluteLimitsTestJSON:setUpClass): 201 POST http://10.180.1.21/identity/v3/auth/tokens 0.082s
2024-12-10 20:03:50.141 66285 INFO tempest.lib.common.rest_client [req-dc3e77f7-a1e2-4ef0-ac29-94de2edf1b94 req-dc3e77f7-a1e2-4ef0-ac29-94de2edf1b94 ] Request (AbsoluteLimitsTestJSON:setUpClass): 201 POST http://10.180.1.21/identity/v3/auth/tokens 0.038s
2024-12-10 20:03:50.157 66251 INFO tempest.lib.common.rest_client [req-d292e765-9d5e-412c-a66c-f5aec31f503d req-d292e765-9d5e-412c-a66c-f5aec31f503d ] Request (ServersTestMultiNic:_run_cleanups): 200 GET http://10.180.1.21/compute/v2.1/servers/a77c7cf3-02f6-4db7-9187-ba6a7a5c452f 0.164s
2024-12-10 20:03:50.175 66285 INFO tempest.lib.common.rest_client [req-d10ede23-07d6-48f5-a7e2-323cc3c3bc16 req-d10ede23-07d6-48f5-a7e2-323cc3c3bc16 ] Request (AbsoluteLimitsTestJSON:setUpClass): 200 GET http://10.180.1.21/identity/v3/domains?name=Default 0.033s
2024-12-10 20:03:50.190 66277 INFO tempest.lib.common.rest_client [req-99eccecb-0603-4ac7-86c2-60984d216af8 req-99eccecb-0603-4ac7-86c2-60984d216af8 ] Request (VolumesAssistedSnapshotsTest:_run_cleanups): 200 GET http://10.180.1.21/compute/v2.1/servers/edf2a86a-4a12-4eca-91c6-bf8af0557ae0/os-volume_attachments 0.168s
2024-12-10 20:03:50.213 66285 INFO tempest.lib.common.rest_client [req-41fb0e24-72a9-41cc-813e-c87dfca34fd1 req-41fb0e24-72a9-41cc-813e-c87dfca34fd1 ] Request (AbsoluteLimitsTestJSON:setUpClass): 201 POST http://10.180.1.21/identity/v3/projects 0.036s
2024-12-10 20:03:50.262 66255 INFO tempest.lib.common.rest_client [req-227f2897-1564-49d0-ace1-f61078a8693d req-227f2897-1564-49d0-ace1-f61078a8693d ] Request (AttachInterfacesUnderV243Test:test_add_remove_fixed_ip): 200 GET http://10.180.1.21/compute/v2.1/servers/831d4c6b-09ba-4f1b-99cd-8c5f95374cd3 0.237s
2024-12-10 20:03:50.272 66285 INFO tempest.lib.common.rest_client [req-a9286bb3-878e-4301-bd35-69d44e13cb83 req-a9286bb3-878e-4301-bd35-69d44e13cb83 ] Request (AbsoluteLimitsTestJSON:setUpClass): 201 POST http://10.180.1.21/identity/v3/users 0.058s
2024-12-10 20:03:50.299 66285 INFO tempest.lib.common.rest_client [req-67494db9-215d-4e72-b32c-d070be2b5830 req-67494db9-215d-4e72-b32c-d070be2b5830 ] Request (AbsoluteLimitsTestJSON:setUpClass): 200 GET http://10.180.1.21/identity/v3/roles 0.027s
2024-12-10 20:03:50.328 66285 INFO tempest.lib.common.rest_client [req-919902c5-5883-4451-bd3e-2ed62f4f3361 req-919902c5-5883-4451-bd3e-2ed62f4f3361 ] Request (AbsoluteLimitsTestJSON:setUpClass): 204 PUT http://10.180.1.21/identity/v3/projects/90a284d65edf48afb9581e50edb88a19/users/db7740946e464440bb00c81ee9d16ff6/roles/f9de37e6d10d4781bc3319f625b1b137 0.028s
2024-12-10 20:03:50.328 66285 INFO tempest.lib.common.dynamic_creds [-] Dynamic test user db7740946e464440bb00c81ee9d16ff6 is created with scope project and roles: ['member']
2024-12-10 20:03:50.328 66285 INFO tempest.lib.common.dynamic_creds [-] Acquired dynamic creds: credentials: Credentials: {'domain_id': 'default', 'domain_name': 'Default', 'username': 'tempest-AbsoluteLimitsTestJSON-945380712-project-member', 'project_domain_id': 'default', 'project_domain_name': 'Default', 'project_id': '90a284d65edf48afb9581e50edb88a19', 'project_name': 'tempest-AbsoluteLimitsTestJSON-945380712', 'tenant_id': '90a284d65edf48afb9581e50edb88a19', 'tenant_name': 'tempest-AbsoluteLimitsTestJSON-945380712', 'user_domain_id': 'default', 'user_domain_name': 'Default', 'user_id': 'db7740946e464440bb00c81ee9d16ff6', 'system': None}, Network: None, Subnet: None, Router: None
2024-12-10 20:03:50.328 66285 INFO tempest.lib.common.dynamic_creds [-] Created isolated network resources for: credentials: Credentials: {'domain_id': 'default', 'domain_name': 'Default', 'username': 'tempest-AbsoluteLimitsTestJSON-945380712-project-member', 'project_domain_id': 'default', 'project_domain_name': 'Default', 'project_id': '90a284d65edf48afb9581e50edb88a19', 'project_name': 'tempest-AbsoluteLimitsTestJSON-945380712', 'tenant_id': '90a284d65edf48afb9581e50edb88a19', 'tenant_name': 'tempest-AbsoluteLimitsTestJSON-945380712', 'user_domain_id': 'default', 'user_domain_name': 'Default', 'user_id': 'db7740946e464440bb00c81ee9d16ff6', 'system': None}, Network: None, Subnet: None, Router: None
2024-12-10 20:03:50.337 66295 INFO tempest.lib.common.rest_client [req-fb805f78-65e1-42d1-b906-1379ae08bfd4 req-fb805f78-65e1-42d1-b906-1379ae08bfd4 ] Request (FloatingIPsAssociationNegativeTestJSON:tearDownClass): 200 GET http://10.180.1.21/compute/v2.1/servers/8332bd6b-dd48-4809-be1e-9102ad9eb1ce 0.259s
2024-12-10 20:03:50.395 66263 INFO tempest.lib.common.rest_client [req-3d796dbd-d690-43bc-bfde-c8b56175a7e9 req-3d796dbd-d690-43bc-bfde-c8b56175a7e9 ] Request (ListServerFiltersTestJSON:setUpClass): 200 GET http://10.180.1.21/compute/v2.1/servers/b7d0868f-148b-4d9a-b070-bd882b34bc35 0.256s
2024-12-10 20:03:50.417 66285 INFO tempest.lib.common.rest_client [req-f28c93b6-36c7-4b90-8143-618075fd4d54 req-f28c93b6-36c7-4b90-8143-618075fd4d54 ] Request (AbsoluteLimitsTestJSON:setUpClass): 201 POST http://10.180.1.21/identity/v3/auth/tokens 0.086s
2024-12-10 20:03:50.447 66261 INFO tempest.lib.common.rest_client [req-db9e8e00-96a7-4114-86c4-876900311437 req-db9e8e00-96a7-4114-86c4-876900311437 ] Request (ServersWithSpecificFlavorTestJSON:test_verify_created_server_ephemeral_disk): 200 GET http://10.180.1.21/compute/v2.1/servers/4290adde-f861-4f47-8343-4f937865b4e6 0.231s
2024-12-10 20:03:50.549 66287 INFO tempest.lib.common.rest_client [req-3934b777-11b2-4365-b168-dad8a1fcd918 req-3934b777-11b2-4365-b168-dad8a1fcd918 ] Request (ServerRescueTestJSON:setUpClass): 200 GET http://10.180.1.21/compute/v2.1/servers/970f5425-a9c9-4195-9e62-b66aaffdc05f 0.157s
2024-12-10 20:03:50.555 66287 INFO tempest.common.waiters [-] State transition "ACTIVE/rescuing" ==> "RESCUE/None" after 8 second wait
2024-12-10 20:03:50.573 66239 INFO tempest.lib.common.rest_client [req-3e01f364-0d06-4bc5-9738-346251eaffd4 req-3e01f364-0d06-4bc5-9738-346251eaffd4 ] Request (ServerTagsTestJSON:setUpClass): 202 POST http://10.180.1.21/compute/v2.1/servers 0.626s
2024-12-10 20:03:50.613 66287 INFO tempest.lib.common.rest_client [req-9fc846ad-9b9d-481b-89b6-5f5dd6db076b req-9fc846ad-9b9d-481b-89b6-5f5dd6db076b ] Request (ServerRescueTestJSON:test_rescue_unrescue_instance): 201 POST http://10.180.1.21/identity/v3/auth/tokens 0.055s
2024-12-10 20:03:50.614 66287 INFO tempest.lib.common.fixed_network [-] (ServerRescueTestJSON:test_rescue_unrescue_instance) Found network {'id': 'eea4f756-3fd2-44df-bc23-12c40387b4d5', 'name': 'tempest-ServerRescueTestJSON-181693125-network', 'tenant_id': 'a9325da5887f4914a93c5eea99e5a5f2', 'admin_state_up': True, 'mtu': 8950, 'status': 'ACTIVE', 'subnets': [], 'shared': False, 'project_id': 'a9325da5887f4914a93c5eea99e5a5f2', 'port_security_enabled': True, 'router:external': False, 'provider:network_type': 'vlan', 'provider:physical_network': 'default', 'provider:segmentation_id': 768, 'availability_zone_hints': [], 'availability_zones': [], 'ipv4_address_scope': None, 'ipv6_address_scope': None, 'description': '', 'tags': [], 'created_at': '2024-12-10T20:02:25Z', 'updated_at': '2024-12-10T20:02:25Z', 'revision_number': 1} available for tenant
2024-12-10 20:03:50.623 66281 INFO tempest.lib.common.rest_client [req-ed5fa90d-950c-4fad-b42b-82b21ecf7dbb req-ed5fa90d-950c-4fad-b42b-82b21ecf7dbb ] Request (ImagesOneServerNegativeTestJSON:_run_cleanups): 200 GET http://10.180.1.21/compute/v2.1/servers/fa4dfbf7-948e-45df-9f11-dbabe8051577 0.157s
2024-12-10 20:03:50.644 66285 INFO tempest.lib.common.rest_client [req-88f5562f-f01b-4faf-94a3-9f11186f9e23 req-88f5562f-f01b-4faf-94a3-9f11186f9e23 ] Request (AbsoluteLimitsTestJSON:test_absLimits_get): 200 GET http://10.180.1.21/compute/v2.1/limits 0.225s
2024-12-10 20:03:50.706 66237 INFO tempest.lib.common.rest_client [req-87b58999-4117-4793-a68f-ba827f38eb28 req-87b58999-4117-4793-a68f-ba827f38eb28 ] Request (ServersTestJSON:setUpClass): 200 GET http://10.180.1.21/compute/v2.1/servers/eeaafee9-6976-4796-a177-5fffaa70ee15 0.179s
2024-12-10 20:03:50.754 66239 INFO tempest.lib.common.rest_client [req-a0e94704-ed31-4dd6-a52c-d4dab18498e2 req-a0e94704-ed31-4dd6-a52c-d4dab18498e2 ] Request (ServerTagsTestJSON:setUpClass): 200 GET http://10.180.1.21/compute/v2.1/servers/d21ddb2e-1206-4135-b9e2-7d76dcf27864 0.179s
2024-12-10 20:03:50.768 66297 INFO tempest.lib.common.rest_client [req-92e037e3-4d60-4af2-ab6b-79563e16a906 req-92e037e3-4d60-4af2-ab6b-79563e16a906 ] Request (ServersAdminNegativeTestJSON:test_migrate_server_invalid_state): 200 GET http://10.180.1.21/compute/v2.1/servers/447825a7-a6e1-4f03-942a-c5a3a7eca6ec 0.277s
2024-12-10 20:03:50.774 66285 INFO tempest.lib.common.rest_client [req-d41d780a-903b-49be-84ff-3016632dcf86 req-d41d780a-903b-49be-84ff-3016632dcf86 ] Request (AbsoluteLimitsTestJSON:tearDownClass): 204 DELETE http://10.180.1.21/identity/v3/users/db7740946e464440bb00c81ee9d16ff6 0.125s
2024-12-10 20:03:50.774 66285 INFO tempest.lib.common.dynamic_creds [-] Deleting project and security group for project: 90a284d65edf48afb9581e50edb88a19
2024-12-10 20:03:50.812 66249 INFO tempest.lib.common.rest_client [req-6afb225e-2852-4473-acd7-cdc7ec26f5f2 req-6afb225e-2852-4473-acd7-cdc7ec26f5f2 ] Request (MigrationsAdminTest:test_resize_server_revert_deleted_flavor): 200 GET http://10.180.1.21/compute/v2.1/servers/c9cd4322-e60f-4744-9dd4-739249b96d34 0.226s
2024-12-10 20:03:50.826 66289 WARNING tempest.lib.common.ssh [-] Failed to establish authenticated ssh connection to cirros@10.180.180.186 ([Errno None] Unable to connect to port 22 on 10.180.180.186). Number attempts: 3. Retry after 4 seconds.: paramiko.ssh_exception.NoValidConnectionsError: [Errno None] Unable to connect to port 22 on 10.180.180.186
2024-12-10 20:03:50.857 66285 INFO tempest.lib.common.rest_client [req-f0910741-395d-4710-b33d-586a6c7d72c2 req-f0910741-395d-4710-b33d-586a6c7d72c2 ] Request (AbsoluteLimitsTestJSON:tearDownClass): 201 POST http://10.180.1.21/identity/v3/auth/tokens 0.083s
2024-12-10 20:03:50.869 66279 INFO tempest.lib.common.rest_client [req-04cc768d-47e9-4d14-8f8a-1a2cb153c587 req-04cc768d-47e9-4d14-8f8a-1a2cb153c587 ] Request (ServerRescueNegativeTestJSON:setUpClass): 200 GET http://10.180.1.21/compute/v2.1/servers/5531e02e-939b-4dfa-b341-9f3d4dd2a875 0.226s
2024-12-10 20:03:50.924 66243 INFO tempest.lib.common.rest_client [req-4b712577-7c41-4e68-9680-a3ac9fadd118 req-4b712577-7c41-4e68-9680-a3ac9fadd118 ] Request (ServersAdminTestJSON:test_create_server_with_scheduling_hint): 200 GET http://10.180.1.21/compute/v2.1/servers/47a16523-83e6-4b11-9695-06b96a92dd13 0.213s
2024-12-10 20:03:51.009 66299 INFO tempest.lib.common.rest_client [req-5915c261-2ef1-44bf-a9b5-57bd4155db5b req-5915c261-2ef1-44bf-a9b5-57bd4155db5b ] Request (FloatingIPsAssociationTestJSON:tearDownClass): 200 GET http://10.180.1.21/compute/v2.1/servers/4103f309-bdfb-488a-a904-163ccc0216e8 0.279s
2024-12-10 20:03:51.049 66253 INFO tempest.lib.common.rest_client [req-192a6c00-bafc-4d70-bd99-f2d9dd5e60a3 req-192a6c00-bafc-4d70-bd99-f2d9dd5e60a3 ] Request (ImagesTestJSON:test_create_image_from_suspended_server): 200 GET http://10.180.1.21/compute/v2.1/images/7ba39f2b-80d0-4f74-a46b-cae853e39c9f 0.289s
2024-12-10 20:03:51.084 66285 INFO tempest.lib.common.rest_client [req-ebbdadb0-8c0d-497a-bc11-fbc93cde9149 req-ebbdadb0-8c0d-497a-bc11-fbc93cde9149 ] Request (AbsoluteLimitsTestJSON:tearDownClass): 200 GET http://10.180.1.21:9696/networking/v2.0/security-groups?tenant_id=90a284d65edf48afb9581e50edb88a19&name=default 0.227s
2024-12-10 20:03:51.128 66271 INFO tempest.lib.common.rest_client [req-89a1cbf9-6805-4d8f-ba51-2da84d3b9927 req-89a1cbf9-6805-4d8f-ba51-2da84d3b9927 ] Request (ServerPasswordTestJSON:setUpClass): 200 GET http://10.180.1.21/compute/v2.1/servers/f895c262-2599-4660-a5d2-f0d78355aa45 0.345s
2024-12-10 20:03:51.164 66287 INFO tempest.lib.common.rest_client [req-c18851cc-006c-442b-bf4c-d2e7315620ac req-c18851cc-006c-442b-bf4c-d2e7315620ac ] Request (ServerRescueTestJSON:test_rescue_unrescue_instance): 202 POST http://10.180.1.21/compute/v2.1/servers 0.549s
2024-12-10 20:03:51.181 66285 INFO tempest.lib.common.rest_client [req-f708f4f0-bad0-4004-9f03-a43531d763b6 req-f708f4f0-bad0-4004-9f03-a43531d763b6 ] Request (AbsoluteLimitsTestJSON:tearDownClass): 204 DELETE http://10.180.1.21:9696/networking/v2.0/security-groups/ede49ffc-d098-48f6-8894-a17887a19b08 0.096s
