2024-12-10 20:02:08.352 66251 INFO tempest.lib.common.rest_client [req-343e89d8-07bc-4e33-84f6-5788996e18ae req-343e89d8-07bc-4e33-84f6-5788996e18ae ] Request (QuotasAdminTestJSON:tearDownClass): 204 DELETE http://10.180.1.21/identity/v3/users/d7759bb5fdb44fa9966adca38d828521 0.150s
2024-12-10 20:02:08.378 66259 INFO tempest.lib.common.rest_client [req-bf27c1ac-fca0-46d3-91db-9f5dd0966d3c req-bf27c1ac-fca0-46d3-91db-9f5dd0966d3c ] Request (ServerExternalEventsTest:tearDownClass): 200 GET http://10.180.1.21/compute/v2.1/servers/a8ef1d4f-1369-4e14-8234-2fe1cbb27688 0.821s
2024-12-10 20:02:08.408 66287 INFO tempest.lib.common.rest_client [req-7d92cb4c-58bf-4f1f-a920-d99d7b385869 req-7d92cb4c-58bf-4f1f-a920-d99d7b385869 ] Request (SecurityGroupRulesTestJSON:test_security_group_rules_list): 200 POST http://10.180.1.21/compute/v2.1/os-security-groups 0.969s
2024-12-10 20:02:08.437 66239 INFO tempest.lib.common.rest_client [req-527abb0d-9198-4e59-97cd-d2252aa621b1 req-527abb0d-9198-4e59-97cd-d2252aa621b1 ] Request (ServerMetadataNegativeTestJSON:setUpClass): 200 GET http://10.180.1.21/compute/v2.1/servers/3acb452f-249e-4e05-b147-735cd02bfca1 0.859s
2024-12-10 20:02:08.455 66285 INFO tempest.lib.common.rest_client [req-b38ec246-a9af-416b-b134-bc1110c0bce2 req-b38ec246-a9af-416b-b134-bc1110c0bce2 ] Request (AggregatesAdminNegativeTestJSON:tearDownClass): 204 DELETE http://10.180.1.21/identity/v3/projects/d3239939d4bd44b7ae403c46028886dd 0.107s
2024-12-10 20:02:08.471 66251 INFO tempest.lib.common.rest_client [req-95b3ed64-1129-40b9-b39b-7f73cbae1037 req-95b3ed64-1129-40b9-b39b-7f73cbae1037 ] Request (QuotasAdminTestJSON:tearDownClass): 204 DELETE http://10.180.1.21/identity/v3/users/fbd2de4c48af4254b26a9877cc525ce0 0.119s
2024-12-10 20:02:08.472 66251 INFO tempest.lib.common.dynamic_creds [-] Deleting project and security group for project: c19ad5ae0bc44cc39091f246f6f9f4ff
2024-12-10 20:02:08.515 66285 INFO tempest.lib.common.rest_client [req-e53a9d3a-bb9e-46e1-8787-8aa1065b1bff req-e53a9d3a-bb9e-46e1-8787-8aa1065b1bff ] Request (ServerDiagnosticsV248Test:setUpClass): 201 POST http://10.180.1.21/identity/v3/auth/tokens 0.059s
2024-12-10 20:02:08.516 66267 INFO tempest.lib.common.rest_client [req-cad12a95-fdf7-4ead-89d2-6bb107f9c5cb req-cad12a95-fdf7-4ead-89d2-6bb107f9c5cb ] Request (VolumesAdminNegativeTest:test_update_attached_volume_with_nonexistent_volume_in_body): 200 GET http://10.180.1.21/compute/v2.1/servers/3fc6298e-db1d-4b87-8938-1261e2fc00d9 0.927s
2024-12-10 20:02:08.521 66267 INFO tempest.common.waiters [-] State transition "BUILD/block_device_mapping" ==> "BUILD/spawning" after 22 second wait
2024-12-10 20:02:08.524 66281 INFO tempest.lib.common.rest_client [req-15594c70-b133-4773-a426-156a2ad42fef req-15594c70-b133-4773-a426-156a2ad42fef ] Request (ImagesOneServerNegativeTestJSON:test_create_image_specify_name_over_character_limit): 400 POST http://10.180.1.21/compute/v2.1/servers/3b78fdd6-112b-4037-9b1a-2228b7b0c0da/action 0.699s
2024-12-10 20:02:08.537 66251 INFO tempest.lib.common.rest_client [req-1f629059-9132-4394-837e-58d59fce547c req-1f629059-9132-4394-837e-58d59fce547c ] Request (QuotasAdminTestJSON:tearDownClass): 201 POST http://10.180.1.21/identity/v3/auth/tokens 0.065s
2024-12-10 20:02:08.545 66295 INFO tempest.lib.common.rest_client [req-2f2e7c0d-c2ff-4887-b231-6ada9a01df37 req-2f2e7c0d-c2ff-4887-b231-6ada9a01df37 ] Request (TenantUsagesTestJSON:tearDownClass): 404 GET http://10.180.1.21/compute/v2.1/servers/a7779533-b163-43dd-9f60-69f64fce8885 0.720s
2024-12-10 20:02:08.552 66289 INFO tempest.lib.common.rest_client [req-bda2a4d3-a22f-486d-b8f8-692426beda2d req-bda2a4d3-a22f-486d-b8f8-692426beda2d ] Request (HostsAdminNegativeTestJSON:test_update_host_with_invalid_maintenance_mode): 400 PUT http://10.180.1.21/compute/v2.1/os-hosts/devstack 0.723s
2024-12-10 20:02:08.563 66285 INFO tempest.lib.common.rest_client [req-99e63f19-1dfe-46a0-9622-882ed87aed78 req-99e63f19-1dfe-46a0-9622-882ed87aed78 ] Request (ServerDiagnosticsV248Test:setUpClass): 201 POST http://10.180.1.21/identity/v3/auth/tokens 0.045s
2024-12-10 20:02:08.645 66295 INFO tempest.lib.common.rest_client [req-7655b82a-2040-4365-bb59-e433c091551b req-7655b82a-2040-4365-bb59-e433c091551b ] Request (TenantUsagesTestJSON:tearDownClass): 204 DELETE http://10.180.1.21/identity/v3/users/10622a84a4984c3c829841e014b2055a 0.099s
2024-12-10 20:02:08.702 66251 INFO tempest.lib.common.rest_client [req-c80a33d3-cb8e-4afd-b615-f00b58dfc01e req-c80a33d3-cb8e-4afd-b615-f00b58dfc01e ] Request (QuotasAdminTestJSON:tearDownClass): 200 GET http://10.180.1.21:9696/networking/v2.0/security-groups?tenant_id=c19ad5ae0bc44cc39091f246f6f9f4ff&name=default 0.165s
2024-12-10 20:02:08.762 66285 INFO tempest.lib.common.rest_client [req-2f148a10-e73e-4acb-afab-89add3b798a8 req-2f148a10-e73e-4acb-afab-89add3b798a8 ] Request (ServerDiagnosticsV248Test:setUpClass): 200 GET http://10.180.1.21/identity/v3/domains?name=Default 0.198s
2024-12-10 20:02:08.794 66251 INFO tempest.lib.common.rest_client [req-1e5625d4-cdf2-42c7-a20b-6f525814b41d req-1e5625d4-cdf2-42c7-a20b-6f525814b41d ] Request (QuotasAdminTestJSON:tearDownClass): 204 DELETE http://10.180.1.21:9696/networking/v2.0/security-groups/c3c41be0-12f1-4776-82cf-a7719263995e 0.091s
2024-12-10 20:02:08.808 66295 INFO tempest.lib.common.rest_client [req-b2d461b8-3fa4-4fa6-95ae-77cfa596a17f req-b2d461b8-3fa4-4fa6-95ae-77cfa596a17f ] Request (TenantUsagesTestJSON:tearDownClass): 204 DELETE http://10.180.1.21/identity/v3/users/6ae6d8eb75c24715911d8797ddd90f76 0.163s
2024-12-10 20:02:08.808 66295 INFO tempest.lib.common.dynamic_creds [-] Deleting project and security group for project: 59a744aa0b4b4bd798ecd6cfc33fea67
2024-12-10 20:02:08.892 66285 INFO tempest.lib.common.rest_client [req-d913240f-379a-4902-ae5b-6844e9388593 req-d913240f-379a-4902-ae5b-6844e9388593 ] Request (ServerDiagnosticsV248Test:setUpClass): 201 POST http://10.180.1.21/identity/v3/projects 0.129s
2024-12-10 20:02:08.952 66251 INFO tempest.lib.common.rest_client [req-c1ee7e4e-8b66-44d6-b0b3-a064cb88cf17 req-c1ee7e4e-8b66-44d6-b0b3-a064cb88cf17 ] Request (QuotasAdminTestJSON:tearDownClass): 204 DELETE http://10.180.1.21/identity/v3/projects/c19ad5ae0bc44cc39091f246f6f9f4ff 0.157s
2024-12-10 20:02:08.952 66251 INFO tempest.lib.common.dynamic_creds [-] Deleting project and security group for project: 047d02cdc0234567b39c4da1b1336246
2024-12-10 20:02:08.974 66295 INFO tempest.lib.common.rest_client [req-e8c9948f-c8a4-4efd-9df1-0ca3c734ad25 req-e8c9948f-c8a4-4efd-9df1-0ca3c734ad25 ] Request (TenantUsagesTestJSON:tearDownClass): 201 POST http://10.180.1.21/identity/v3/auth/tokens 0.165s
2024-12-10 20:02:09.001 66285 INFO tempest.lib.common.rest_client [req-b99981e8-428d-449b-aab9-272783d49745 req-b99981e8-428d-449b-aab9-272783d49745 ] Request (ServerDiagnosticsV248Test:setUpClass): 201 POST http://10.180.1.21/identity/v3/users 0.109s
2024-12-10 20:02:09.045 66285 INFO tempest.lib.common.rest_client [req-be2bd97a-9da2-4c99-8b0b-69364be04ffa req-be2bd97a-9da2-4c99-8b0b-69364be04ffa ] Request (ServerDiagnosticsV248Test:setUpClass): 200 GET http://10.180.1.21/identity/v3/roles 0.044s
2024-12-10 20:02:09.067 66251 INFO tempest.lib.common.rest_client [req-2b117c0a-8bb9-4fca-b112-ef0d56536458 req-2b117c0a-8bb9-4fca-b112-ef0d56536458 ] Request (QuotasAdminTestJSON:tearDownClass): 200 GET http://10.180.1.21:9696/networking/v2.0/security-groups?tenant_id=047d02cdc0234567b39c4da1b1336246&name=default 0.115s
2024-12-10 20:02:09.071 66285 INFO tempest.lib.common.rest_client [req-d898597c-14ca-4225-adda-96f2c2c2e6ea req-d898597c-14ca-4225-adda-96f2c2c2e6ea ] Request (ServerDiagnosticsV248Test:setUpClass): 204 PUT http://10.180.1.21/identity/v3/projects/9d385e53216b48d9828ed1011a8be713/users/9b2e1ebbdfbf4a0a818b4d4ad6eba711/roles/f9de37e6d10d4781bc3319f625b1b137 0.025s
2024-12-10 20:02:09.071 66285 INFO tempest.lib.common.dynamic_creds [-] Dynamic test user 9b2e1ebbdfbf4a0a818b4d4ad6eba711 is created with scope project and roles: ['member']
2024-12-10 20:02:09.071 66285 INFO tempest.lib.common.dynamic_creds [-] Acquired dynamic creds: credentials: Credentials: {'domain_id': 'default', 'domain_name': 'Default', 'username': 'tempest-ServerDiagnosticsV248Test-1317210523-project-member', 'project_domain_id': 'default', 'project_domain_name': 'Default', 'project_id': '9d385e53216b48d9828ed1011a8be713', 'project_name': 'tempest-ServerDiagnosticsV248Test-1317210523', 'tenant_id': '9d385e53216b48d9828ed1011a8be713', 'tenant_name': 'tempest-ServerDiagnosticsV248Test-1317210523', 'user_domain_id': 'default', 'user_domain_name': 'Default', 'user_id': '9b2e1ebbdfbf4a0a818b4d4ad6eba711', 'system': None}, Network: None, Subnet: None, Router: None
2024-12-10 20:02:09.071 66285 INFO tempest.lib.common.dynamic_creds [-] Created isolated network resources for: credentials: Credentials: {'domain_id': 'default', 'domain_name': 'Default', 'username': 'tempest-ServerDiagnosticsV248Test-1317210523-project-member', 'project_domain_id': 'default', 'project_domain_name': 'Default', 'project_id': '9d385e53216b48d9828ed1011a8be713', 'project_name': 'tempest-ServerDiagnosticsV248Test-1317210523', 'tenant_id': '9d385e53216b48d9828ed1011a8be713', 'tenant_name': 'tempest-ServerDiagnosticsV248Test-1317210523', 'user_domain_id': 'default', 'user_domain_name': 'Default', 'user_id': '9b2e1ebbdfbf4a0a818b4d4ad6eba711', 'system': None}, Network: None, Subnet: None, Router: None
2024-12-10 20:02:09.124 66255 INFO tempest.lib.common.rest_client [req-f099706f-c3c6-4a2c-adb2-c7a59b117cc6 req-f099706f-c3c6-4a2c-adb2-c7a59b117cc6 ] Request (ImagesOneServerTestJSON:test_create_image_specify_multibyte_character_image_name): 202 POST http://10.180.1.21/compute/v2.1/servers/df1dac83-ea5d-4513-a4cf-3eb11f420dc7/action 1.427s
2024-12-10 20:02:09.151 66295 INFO tempest.lib.common.rest_client [req-3ae2dd53-6245-4254-abbd-5148b2f28e3f req-3ae2dd53-6245-4254-abbd-5148b2f28e3f ] Request (TenantUsagesTestJSON:tearDownClass): 200 GET http://10.180.1.21:9696/networking/v2.0/security-groups?tenant_id=59a744aa0b4b4bd798ecd6cfc33fea67&name=default 0.176s
2024-12-10 20:02:09.160 66285 INFO tempest.lib.common.rest_client [req-df17ac4c-6536-44d2-bb1b-ebd45b287e9f req-df17ac4c-6536-44d2-bb1b-ebd45b287e9f ] Request (ServerDiagnosticsV248Test:setUpClass): 201 POST http://10.180.1.21/identity/v3/auth/tokens 0.086s
2024-12-10 20:02:09.176 66251 INFO tempest.lib.common.rest_client [req-0297a18d-dd8f-4401-9c5c-120e9f75520f req-0297a18d-dd8f-4401-9c5c-120e9f75520f ] Request (QuotasAdminTestJSON:tearDownClass): 204 DELETE http://10.180.1.21:9696/networking/v2.0/security-groups/03189f91-8e2e-4504-ae71-f0ad194af26a 0.108s
2024-12-10 20:02:09.187 66241 INFO tempest.lib.common.rest_client [req-ae2a7492-8545-4d4b-939e-2d27d55b37a1 req-ae2a7492-8545-4d4b-939e-2d27d55b37a1 ] Request (AttachInterfacesV270Test:test_create_get_list_interfaces): 200 GET http://10.180.1.21/compute/v2.1/servers/a2f51bfc-1fab-496c-ac76-274ab8f49c3f 1.282s
2024-12-10 20:02:09.237 66285 INFO tempest.lib.common.rest_client [req-fadd8263-00c0-4d35-8e45-5157dc99b7fb req-fadd8263-00c0-4d35-8e45-5157dc99b7fb ] Request (ServerDiagnosticsV248Test:setUpClass): 201 POST http://10.180.1.21/identity/v3/projects 0.076s
2024-12-10 20:02:09.245 66295 INFO tempest.lib.common.rest_client [req-dd735b8c-c19e-4360-a0eb-d68070e48ec0 req-dd735b8c-c19e-4360-a0eb-d68070e48ec0 ] Request (TenantUsagesTestJSON:tearDownClass): 204 DELETE http://10.180.1.21:9696/networking/v2.0/security-groups/9e04fc17-5ef1-4b07-92bc-3e8c778a0f00 0.094s
2024-12-10 20:02:09.255 66265 INFO tempest.lib.common.rest_client [req-47b90860-92e4-4d52-b49a-cc468af6cb97 req-47b90860-92e4-4d52-b49a-cc468af6cb97 ] Request (ServerAddressesNegativeTestJSON:setUpClass): 200 GET http://10.180.1.21/compute/v2.1/servers/31eb31de-1d2d-45ed-8cd6-f46a7fd3e6dd 1.279s
2024-12-10 20:02:09.275 66251 INFO tempest.lib.common.rest_client [req-c91da84d-6e0c-4569-ae5c-5cb78796a7af req-c91da84d-6e0c-4569-ae5c-5cb78796a7af ] Request (QuotasAdminTestJSON:tearDownClass): 204 DELETE http://10.180.1.21/identity/v3/projects/047d02cdc0234567b39c4da1b1336246 0.098s
2024-12-10 20:02:09.276 66251 INFO tempest.test [-] raised in UpdateMultiattachVolumeNegativeTest.setUpClass. Invoking tearDownClass.
2024-12-10 20:02:09.301 66247 INFO tempest.lib.common.rest_client [req-a5698562-8854-4c84-b559-dcdc96f35f52 req-a5698562-8854-4c84-b559-dcdc96f35f52 ] Request (ImagesMetadataTestJSON:test_set_image_metadata_item): 200 PUT http://10.180.1.21/compute/v2.1/images/4bd1e083-d0ca-4e59-b52c-8f21db915829/metadata/os_version 1.445s
2024-12-10 20:02:09.317 66283 INFO tempest.lib.common.rest_client [req-8654711d-60e1-408d-ba87-4e453eb41622 req-8654711d-60e1-408d-ba87-4e453eb41622 ] Request (ServerShowV254Test:test_rebuild_server): 200 GET http://10.180.1.21/compute/v2.1/servers/94774863-facf-4e99-b7ae-02ef0500fcad 1.335s
2024-12-10 20:02:09.326 66283 INFO tempest.common.waiters [-] State transition "REBUILD/rebuilding" ==> "REBUILD/rebuild_block_device_mapping" after 3 second wait
2024-12-10 20:02:09.356 66269 INFO tempest.lib.common.rest_client [req-bef3cc66-02e9-4b44-ae6b-3979cc68c030 req-bef3cc66-02e9-4b44-ae6b-3979cc68c030 ] Request (ServersTestFqdnHostnames:test_create_server_with_fqdn_name): 200 GET http://10.180.1.21/compute/v2.1/servers/c846f03f-5847-4c38-b654-fe7cf846f059 1.312s
2024-12-10 20:02:09.358 66285 INFO tempest.lib.common.rest_client [req-e011015b-d113-4d58-8480-aebbdc57642b req-e011015b-d113-4d58-8480-aebbdc57642b ] Request (ServerDiagnosticsV248Test:setUpClass): 201 POST http://10.180.1.21/identity/v3/users 0.121s
2024-12-10 20:02:09.376 66295 INFO tempest.lib.common.rest_client [req-26ddd054-375c-4840-ba9b-6f864e918895 req-26ddd054-375c-4840-ba9b-6f864e918895 ] Request (TenantUsagesTestJSON:tearDownClass): 204 DELETE http://10.180.1.21/identity/v3/projects/59a744aa0b4b4bd798ecd6cfc33fea67 0.129s
2024-12-10 20:02:09.376 66295 INFO tempest.lib.common.dynamic_creds [-] Deleting project and security group for project: bcf01301e69d48a0be11a5494cac60e7
2024-12-10 20:02:09.419 66251 INFO tempest.lib.common.rest_client [req-b90b5580-9cb2-4769-8073-c4f06d532720 req-b90b5580-9cb2-4769-8073-c4f06d532720 ] Request (ServersTestMultiNic:setUpClass): 201 POST http://10.180.1.21/identity/v3/auth/tokens 0.139s
2024-12-10 20:02:09.442 66295 INFO tempest.lib.common.rest_client [req-211968cf-e806-439b-8c63-7018311c66b2 req-211968cf-e806-439b-8c63-7018311c66b2 ] Request (TenantUsagesTestJSON:tearDownClass): 200 GET http://10.180.1.21:9696/networking/v2.0/security-groups?tenant_id=bcf01301e69d48a0be11a5494cac60e7&name=default 0.066s
2024-12-10 20:02:09.443 66285 INFO tempest.lib.common.rest_client [req-511e620f-3d8d-41f2-a054-1726d10a58ac req-511e620f-3d8d-41f2-a054-1726d10a58ac ] Request (ServerDiagnosticsV248Test:setUpClass): 200 GET http://10.180.1.21/identity/v3/roles 0.083s
2024-12-10 20:02:09.472 66251 INFO tempest.lib.common.rest_client [req-4aae1e3a-1551-4b78-96fb-52664438c28d req-4aae1e3a-1551-4b78-96fb-52664438c28d ] Request (ServersTestMultiNic:setUpClass): 201 POST http://10.180.1.21/identity/v3/auth/tokens 0.050s
2024-12-10 20:02:09.494 66299 INFO tempest.lib.common.rest_client [req-12df97b3-7794-42ac-b150-4d0e27c1f2d4 req-12df97b3-7794-42ac-b150-4d0e27c1f2d4 ] Request (FloatingIPsAssociationTestJSON:setUpClass): 200 GET http://10.180.1.21/compute/v2.1/servers/ab7344d3-bb0b-48f7-bcf6-37edf6daef0e 1.386s
2024-12-10 20:02:09.502 66285 INFO tempest.lib.common.rest_client [req-f66a7af5-505d-4fa4-84c1-0e023314411d req-f66a7af5-505d-4fa4-84c1-0e023314411d ] Request (ServerDiagnosticsV248Test:setUpClass): 204 PUT http://10.180.1.21/identity/v3/projects/2621333a2da449dda81a6d4e4a9c2e5d/users/4e4acbab869d46a0bcdee17cc59eaec4/roles/5019db62950a43c48e8cf90e346b826d 0.059s
2024-12-10 20:02:09.506 66251 INFO tempest.lib.common.rest_client [req-004f4a8f-ca0b-452b-a7ec-2c2f1156d1ae req-004f4a8f-ca0b-452b-a7ec-2c2f1156d1ae ] Request (ServersTestMultiNic:setUpClass): 200 GET http://10.180.1.21/identity/v3/domains?name=Default 0.034s
2024-12-10 20:02:09.513 66275 INFO tempest.lib.common.rest_client [req-0a1b807f-8dd0-4b52-ad62-7f6841440d9e req-0a1b807f-8dd0-4b52-ad62-7f6841440d9e ] Request (AbsoluteLimitsNegativeTestJSON:test_max_metadata_exceed_limit): 200 GET http://10.180.1.21/compute/v2.1/limits 1.306s
2024-12-10 20:02:09.559 66285 INFO tempest.lib.common.rest_client [req-6ca59523-eef8-4bdc-9ab2-a5d1c6ea475f req-6ca59523-eef8-4bdc-9ab2-a5d1c6ea475f ] Request (ServerDiagnosticsV248Test:setUpClass): 200 GET http://10.180.1.21/identity/v3/roles 0.055s
2024-12-10 20:02:09.569 66295 INFO tempest.lib.common.rest_client [req-e19eb068-699f-402f-9289-2f9fcd23aff8 req-e19eb068-699f-402f-9289-2f9fcd23aff8 ] Request (TenantUsagesTestJSON:tearDownClass): 204 DELETE http://10.180.1.21:9696/networking/v2.0/security-groups/2e62425f-9b35-4fc7-b867-8959c156933c 0.126s
2024-12-10 20:02:09.570 66251 INFO tempest.lib.common.rest_client [req-82845639-d212-47a4-98f5-a4b33e297020 req-82845639-d212-47a4-98f5-a4b33e297020 ] Request (ServersTestMultiNic:setUpClass): 201 POST http://10.180.1.21/identity/v3/projects 0.064s
2024-12-10 20:02:09.580 66297 INFO tempest.lib.common.rest_client [req-63014da4-5962-44c9-ba77-29e07e1085a9 req-63014da4-5962-44c9-ba77-29e07e1085a9 ] Request (ServersAdminNegativeTestJSON:setUpClass): 200 GET http://10.180.1.21/compute/v2.1/servers/5407aef9-6270-418f-b018-fee8ef74dbe4 1.228s
2024-12-10 20:02:09.619 66275 INFO tempest.lib.common.rest_client [req-a4e7946f-ad8f-43bb-8816-4d1261f120bb req-a4e7946f-ad8f-43bb-8816-4d1261f120bb ] Request (AbsoluteLimitsNegativeTestJSON:test_max_metadata_exceed_limit): 201 POST http://10.180.1.21/identity/v3/auth/tokens 0.100s
2024-12-10 20:02:09.620 66275 INFO tempest.lib.common.fixed_network [-] (AbsoluteLimitsNegativeTestJSON:test_max_metadata_exceed_limit) Found network None available for tenant
2024-12-10 20:02:09.627 66285 INFO tempest.lib.common.rest_client [req-95458011-ca4a-4968-b412-64478419b796 req-95458011-ca4a-4968-b412-64478419b796 ] Request (ServerDiagnosticsV248Test:setUpClass): 204 PUT http://10.180.1.21/identity/v3/projects/2621333a2da449dda81a6d4e4a9c2e5d/users/4e4acbab869d46a0bcdee17cc59eaec4/roles/5019db62950a43c48e8cf90e346b826d 0.068s
2024-12-10 20:02:09.627 66285 INFO tempest.lib.common.dynamic_creds [-] Dynamic test user 4e4acbab869d46a0bcdee17cc59eaec4 is created with scope project and roles: ['admin']
2024-12-10 20:02:09.627 66285 INFO tempest.lib.common.dynamic_creds [-] Acquired dynamic creds: credentials: Credentials: {'domain_id': 'default', 'domain_name': 'Default', 'username': 'tempest-ServerDiagnosticsV248Test-832411301-project-admin', 'project_domain_id': 'default', 'project_domain_name': 'Default', 'project_id': '2621333a2da449dda81a6d4e4a9c2e5d', 'project_name': 'tempest-ServerDiagnosticsV248Test-832411301', 'tenant_id': '2621333a2da449dda81a6d4e4a9c2e5d', 'tenant_name': 'tempest-ServerDiagnosticsV248Test-832411301', 'user_domain_id': 'default', 'user_domain_name': 'Default', 'user_id': '4e4acbab869d46a0bcdee17cc59eaec4', 'system': None}, Network: None, Subnet: None, Router: None
2024-12-10 20:02:09.628 66285 INFO tempest.lib.common.dynamic_creds [-] Created isolated network resources for: credentials: Credentials: {'domain_id': 'default', 'domain_name': 'Default', 'username': 'tempest-ServerDiagnosticsV248Test-832411301-project-admin', 'project_domain_id': 'default', 'project_domain_name': 'Default', 'project_id': '2621333a2da449dda81a6d4e4a9c2e5d', 'project_name': 'tempest-ServerDiagnosticsV248Test-832411301', 'tenant_id': '2621333a2da449dda81a6d4e4a9c2e5d', 'tenant_name': 'tempest-ServerDiagnosticsV248Test-832411301', 'user_domain_id': 'default', 'user_domain_name': 'Default', 'user_id': '4e4acbab869d46a0bcdee17cc59eaec4', 'system': None}, Network: None, Subnet: None, Router: None
2024-12-10 20:02:09.655 66249 INFO tempest.lib.common.rest_client [req-d438e988-9f05-44dd-aa3d-b777b328df6c req-d438e988-9f05-44dd-aa3d-b777b328df6c ] Request (MigrationsAdminTest:test_list_migrations_in_flavor_resize_situation): 200 GET http://10.180.1.21/compute/v2.1/servers/34828a36-3444-435b-98a2-cd82665c4ef9 1.364s
2024-12-10 20:02:09.693 66251 INFO tempest.lib.common.rest_client [req-0ea5354a-9d5f-493a-8d83-b65eb74ce7d8 req-0ea5354a-9d5f-493a-8d83-b65eb74ce7d8 ] Request (ServersTestMultiNic:setUpClass): 201 POST http://10.180.1.21/identity/v3/users 0.123s
2024-12-10 20:02:09.714 66295 INFO tempest.lib.common.rest_client [req-d0da8e35-3715-45f9-8b42-e67a7eb49942 req-d0da8e35-3715-45f9-8b42-e67a7eb49942 ] Request (TenantUsagesTestJSON:tearDownClass): 204 DELETE http://10.180.1.21/identity/v3/projects/bcf01301e69d48a0be11a5494cac60e7 0.145s
2024-12-10 20:02:09.728 66243 INFO tempest.lib.common.rest_client [req-594d91d7-8cbe-4e8e-8bb3-9f7fb569e56f req-594d91d7-8cbe-4e8e-8bb3-9f7fb569e56f ] Request (ServerDiagnosticsNegativeTest:tearDownClass): 200 GET http://10.180.1.21/compute/v2.1/servers/bc049f7b-e4f8-46e5-b873-58de47cae810 1.206s
2024-12-10 20:02:09.747 66287 INFO tempest.lib.common.rest_client [req-1f16e7f4-c201-4268-9130-290e4576878e req-1f16e7f4-c201-4268-9130-290e4576878e ] Request (SecurityGroupRulesTestJSON:test_security_group_rules_list): 200 POST http://10.180.1.21/compute/v2.1/os-security-group-rules 1.336s
2024-12-10 20:02:09.762 66289 INFO tempest.lib.common.rest_client [req-f6f1356e-fc02-4d2d-bf2d-bdbf07f346b0 req-f6f1356e-fc02-4d2d-bf2d-bdbf07f346b0 ] Request (HostsAdminNegativeTestJSON:test_update_host_with_invalid_status): 400 PUT http://10.180.1.21/compute/v2.1/os-hosts/devstack 1.207s
2024-12-10 20:02:09.773 66285 INFO tempest.lib.common.rest_client [req-9cddc1b9-0229-4432-9b53-a4fe80751e94 req-9cddc1b9-0229-4432-9b53-a4fe80751e94 ] Request (ServerDiagnosticsV248Test:setUpClass): 201 POST http://10.180.1.21/identity/v3/auth/tokens 0.142s
2024-12-10 20:02:09.783 66251 INFO tempest.lib.common.rest_client [req-ae6f7973-62c0-46f6-9236-1c0533da73a3 req-ae6f7973-62c0-46f6-9236-1c0533da73a3 ] Request (ServersTestMultiNic:setUpClass): 200 GET http://10.180.1.21/identity/v3/roles 0.089s
2024-12-10 20:02:09.800 66295 INFO tempest.lib.common.rest_client [req-b034612e-4952-4959-a218-14d570d694db req-b034612e-4952-4959-a218-14d570d694db ] Request (FloatingIPsAssociationNegativeTestJSON:setUpClass): 201 POST http://10.180.1.21/identity/v3/auth/tokens 0.083s
2024-12-10 20:02:09.826 66271 INFO tempest.lib.common.rest_client [req-9cc88e98-8837-4dbf-aeaf-a6a5936132fb req-9cc88e98-8837-4dbf-aeaf-a6a5936132fb ] Request (ServerAddressesTestJSON:setUpClass): 200 GET http://10.180.1.21/compute/v2.1/servers/19cf7bed-b39d-4139-a4a2-f92fe9e350d0 1.242s
2024-12-10 20:02:09.827 66251 INFO tempest.lib.common.rest_client [req-6d7769db-2176-4d96-875a-b30d03232b89 req-6d7769db-2176-4d96-875a-b30d03232b89 ] Request (ServersTestMultiNic:setUpClass): 204 PUT http://10.180.1.21/identity/v3/projects/3988fd3c673a43c2845ad67612608a66/users/c4f5148580924d86a2f4fabd748e98d0/roles/f9de37e6d10d4781bc3319f625b1b137 0.044s
2024-12-10 20:02:09.827 66251 INFO tempest.lib.common.dynamic_creds [-] Dynamic test user c4f5148580924d86a2f4fabd748e98d0 is created with scope project and roles: ['member']
2024-12-10 20:02:09.828 66251 INFO tempest.lib.common.dynamic_creds [-] Acquired dynamic creds: credentials: Credentials: {'domain_id': 'default', 'domain_name': 'Default', 'username': 'tempest-ServersTestMultiNic-990808214-project-member', 'project_domain_id': 'default', 'project_domain_name': 'Default', 'project_id': '3988fd3c673a43c2845ad67612608a66', 'project_name': 'tempest-ServersTestMultiNic-990808214', 'tenant_id': '3988fd3c673a43c2845ad67612608a66', 'tenant_name': 'tempest-ServersTestMultiNic-990808214', 'user_domain_id': 'default', 'user_domain_name': 'Default', 'user_id': 'c4f5148580924d86a2f4fabd748e98d0', 'system': None}, Network: None, Subnet: None, Router: None
2024-12-10 20:02:09.837 66285 INFO tempest.lib.common.rest_client [req-b6d9f933-0a74-47d1-97e6-39a67fd7e042 req-b6d9f933-0a74-47d1-97e6-39a67fd7e042 ] Request (ServerDiagnosticsV248Test:test_get_server_diagnostics): 201 POST http://10.180.1.21/identity/v3/auth/tokens 0.058s
2024-12-10 20:02:09.838 66285 INFO tempest.lib.common.fixed_network [-] (ServerDiagnosticsV248Test:test_get_server_diagnostics) Found network None available for tenant
2024-12-10 20:02:09.846 66281 INFO tempest.lib.common.rest_client [req-60424595-519a-446a-96b6-cedfa5ba7b33 req-60424595-519a-446a-96b6-cedfa5ba7b33 ] Request (ImagesOneServerNegativeTestJSON:tearDown): 200 GET http://10.180.1.21/compute/v2.1/servers/3b78fdd6-112b-4037-9b1a-2228b7b0c0da 1.321s
2024-12-10 20:02:09.904 66251 INFO tempest.lib.common.rest_client [req-08f708dd-cb24-4605-a985-68d615db0941 req-08f708dd-cb24-4605-a985-68d615db0941 ] Request (ServersTestMultiNic:setUpClass): 201 POST http://10.180.1.21/identity/v3/auth/tokens 0.076s
2024-12-10 20:02:09.911 66279 INFO tempest.lib.common.rest_client [req-3b75a563-5da5-4973-9c04-1d5165a46d36 req-3b75a563-5da5-4973-9c04-1d5165a46d36 ] Request (DeleteServersAdminTestJSON:test_delete_server_while_in_error_state): 200 GET http://10.180.1.21/compute/v2.1/servers/e45f5583-5fff-41bd-bc36-027e74429264 1.006s
2024-12-10 20:02:09.923 66295 INFO tempest.lib.common.rest_client [req-bf3ae3d8-1e26-4caf-8cfa-e670c5f3191f req-bf3ae3d8-1e26-4caf-8cfa-e670c5f3191f ] Request (FloatingIPsAssociationNegativeTestJSON:setUpClass): 201 POST http://10.180.1.21/identity/v3/auth/tokens 0.120s
2024-12-10 20:02:09.925 66257 INFO tempest.lib.common.rest_client [req-45e8f7d8-52d9-4913-b541-9233460c60c6 req-45e8f7d8-52d9-4913-b541-9233460c60c6 ] Request (ServersAdmin275Test:tearDownClass): 200 GET http://10.180.1.21/compute/v2.1/servers/c48d86ef-48b1-480b-8aab-090a7840e481 1.239s
2024-12-10 20:02:09.958 66295 INFO tempest.lib.common.rest_client [req-ea0ecfaa-a376-4f33-a2f2-8826605334ca req-ea0ecfaa-a376-4f33-a2f2-8826605334ca ] Request (FloatingIPsAssociationNegativeTestJSON:setUpClass): 200 GET http://10.180.1.21/identity/v3/domains?name=Default 0.035s
2024-12-10 20:02:09.984 66237 INFO tempest.lib.common.rest_client [req-dd918ef2-eb5f-4c1e-9727-4b66f65b564f req-dd918ef2-eb5f-4c1e-9727-4b66f65b564f ] Request (ServerDiagnosticsTest:tearDownClass): 200 GET http://10.180.1.21/compute/v2.1/servers/73d5176a-a77d-4d36-ad7c-1cc73c6f1556 1.014s
2024-12-10 20:02:09.998 66263 INFO tempest.lib.common.rest_client [req-f9feb871-3f34-4483-b7f3-6f9b247baa89 req-f9feb871-3f34-4483-b7f3-6f9b247baa89 ] Request (InstanceActionsNegativeTestJSON:tearDownClass): 200 GET http://10.180.1.21/compute/v2.1/servers/bb5dc6a9-7772-41b1-bcc8-eee2f3c7f5f7 0.959s
2024-12-10 20:02:10.013 66295 INFO tempest.lib.common.rest_client [req-29bdc525-9e71-44e0-9153-2d194888b0b5 req-29bdc525-9e71-44e0-9153-2d194888b0b5 ] Request (FloatingIPsAssociationNegativeTestJSON:setUpClass): 201 POST http://10.180.1.21/identity/v3/projects 0.054s
2024-12-10 20:02:10.020 66255 INFO tempest.lib.common.rest_client [req-f8c76de0-ef56-44c6-ac3f-f83089d6f735 req-f8c76de0-ef56-44c6-ac3f-f83089d6f735 ] Request (ImagesOneServerTestJSON:test_create_image_specify_multibyte_character_image_name): 200 GET http://10.180.1.21/compute/v2.1/images/6d464390-91e5-4b68-95ba-329220e8dbdf 0.894s
2024-12-10 20:02:10.090 66295 INFO tempest.lib.common.rest_client [req-f4bc7331-7ca9-4b24-bba1-2d3e99ca0aa8 req-f4bc7331-7ca9-4b24-bba1-2d3e99ca0aa8 ] Request (FloatingIPsAssociationNegativeTestJSON:setUpClass): 201 POST http://10.180.1.21/identity/v3/users 0.076s
2024-12-10 20:02:10.113 66295 INFO tempest.lib.common.rest_client [req-0d1916f8-1ee0-4d27-bcbc-39d8b0655178 req-0d1916f8-1ee0-4d27-bcbc-39d8b0655178 ] Request (FloatingIPsAssociationNegativeTestJSON:setUpClass): 200 GET http://10.180.1.21/identity/v3/roles 0.023s
2024-12-10 20:02:10.147 66295 INFO tempest.lib.common.rest_client [req-e5943918-dfc8-4578-8484-5518899f7132 req-e5943918-dfc8-4578-8484-5518899f7132 ] Request (FloatingIPsAssociationNegativeTestJSON:setUpClass): 204 PUT http://10.180.1.21/identity/v3/projects/a17e830df5624cdf97ed7c3c823137bc/users/c66794ed0b1d4f5db19fed4c6592395d/roles/f9de37e6d10d4781bc3319f625b1b137 0.033s
2024-12-10 20:02:10.148 66295 INFO tempest.lib.common.dynamic_creds [-] Dynamic test user c66794ed0b1d4f5db19fed4c6592395d is created with scope project and roles: ['member']
2024-12-10 20:02:10.148 66295 INFO tempest.lib.common.dynamic_creds [-] Acquired dynamic creds: credentials: Credentials: {'domain_id': 'default', 'domain_name': 'Default', 'username': 'tempest-FloatingIPsAssociationNegativeTestJSON-231617868-project-member', 'project_domain_id': 'default', 'project_domain_name': 'Default', 'project_id': 'a17e830df5624cdf97ed7c3c823137bc', 'project_name': 'tempest-FloatingIPsAssociationNegativeTestJSON-231617868', 'tenant_id': 'a17e830df5624cdf97ed7c3c823137bc', 'tenant_name': 'tempest-FloatingIPsAssociationNegativeTestJSON-231617868', 'user_domain_id': 'default', 'user_domain_name': 'Default', 'user_id': 'c66794ed0b1d4f5db19fed4c6592395d', 'system': None}, Network: None, Subnet: None, Router: None
2024-12-10 20:02:10.211 66251 INFO tempest.lib.common.rest_client [req-8e90403d-27e9-4bd0-aed7-60f378013f49 req-8e90403d-27e9-4bd0-aed7-60f378013f49 ] Request (ServersTestMultiNic:setUpClass): 201 POST http://10.180.1.21:9696/networking/v2.0/networks 0.307s
2024-12-10 20:02:10.222 66295 INFO tempest.lib.common.rest_client [req-e041d6eb-4266-4f6d-8882-bcead8712124 req-e041d6eb-4266-4f6d-8882-bcead8712124 ] Request (FloatingIPsAssociationNegativeTestJSON:setUpClass): 201 POST http://10.180.1.21/identity/v3/auth/tokens 0.074s
2024-12-10 20:02:10.295 66291 INFO tempest.lib.common.rest_client [req-6ad2d367-464c-4dff-87e3-279958610dc0 req-6ad2d367-464c-4dff-87e3-279958610dc0 ] Request (ServerRescueTestJSONUnderV235:setUpClass): 200 GET http://10.180.1.21/compute/v2.1/servers/1a49fdbd-e6e8-4337-beeb-d3f2c6b0af8c 1.037s
2024-12-10 20:02:10.331 66253 INFO tempest.lib.common.rest_client [req-11209fb6-ebcd-49b7-ae78-83c9ed170441 req-11209fb6-ebcd-49b7-ae78-83c9ed170441 ] Request (ImagesTestJSON:test_create_image_from_stopped_server): 200 GET http://10.180.1.21/compute/v2.1/images/f64e3b1a-ee51-4fc5-b7e5-720797657adb 1.028s
2024-12-10 20:02:10.362 66247 INFO tempest.lib.common.rest_client [req-22f367cb-ad56-454c-a6d8-b7279ae07cce req-22f367cb-ad56-454c-a6d8-b7279ae07cce ] Request (ImagesMetadataTestJSON:test_set_image_metadata_item): 200 GET http://10.180.1.21/compute/v2.1/images/4bd1e083-d0ca-4e59-b52c-8f21db915829/metadata 1.060s
2024-12-10 20:02:10.371 66245 INFO tempest.lib.common.rest_client [req-e72b261c-3140-464d-9caa-9e01a0a3a02e req-e72b261c-3140-464d-9caa-9e01a0a3a02e ] Request (AttachInterfacesTestJSON:test_create_list_show_delete_interfaces_by_fixed_ip): 200 GET http://10.180.1.21/compute/v2.1/servers/6073fd04-afee-4fe8-bbe8-5f283c134cf7 1.191s
2024-12-10 20:02:10.433 66239 INFO tempest.lib.common.rest_client [req-834e991d-deef-4cc9-802d-a9aefe6e6b78 req-834e991d-deef-4cc9-802d-a9aefe6e6b78 ] Request (ServerMetadataNegativeTestJSON:setUpClass): 200 GET http://10.180.1.21/compute/v2.1/servers/3acb452f-249e-4e05-b147-735cd02bfca1 0.987s
2024-12-10 20:02:10.433 66259 INFO tempest.lib.common.rest_client [req-21f849e3-39f4-412f-993d-a18da3e59064 req-21f849e3-39f4-412f-993d-a18da3e59064 ] Request (ServerExternalEventsTest:tearDownClass): 200 GET http://10.180.1.21/compute/v2.1/servers/a8ef1d4f-1369-4e14-8234-2fe1cbb27688 1.049s
2024-12-10 20:02:10.493 66251 INFO tempest.lib.common.rest_client [req-e7409185-2fdc-462b-9f72-4a3ccc24a761 req-e7409185-2fdc-462b-9f72-4a3ccc24a761 ] Request (ServersTestMultiNic:setUpClass): 201 POST http://10.180.1.21:9696/networking/v2.0/subnets 0.282s
2024-12-10 20:02:10.542 66295 INFO tempest.lib.common.rest_client [req-420ffd63-a138-47d2-8275-9f44cc95e4ad req-420ffd63-a138-47d2-8275-9f44cc95e4ad ] Request (FloatingIPsAssociationNegativeTestJSON:setUpClass): 201 POST http://10.180.1.21:9696/networking/v2.0/networks 0.319s
2024-12-10 20:02:10.575 66267 INFO tempest.lib.common.rest_client [req-d8d6a4fa-36e7-47b1-963c-61285be5ab0f req-d8d6a4fa-36e7-47b1-963c-61285be5ab0f ] Request (VolumesAdminNegativeTest:test_update_attached_volume_with_nonexistent_volume_in_body): 200 GET http://10.180.1.21/compute/v2.1/servers/3fc6298e-db1d-4b87-8938-1261e2fc00d9 1.053s
2024-12-10 20:02:10.693 66295 INFO tempest.lib.common.rest_client [req-5505b584-6280-469b-9159-8113a9216526 req-5505b584-6280-469b-9159-8113a9216526 ] Request (FloatingIPsAssociationNegativeTestJSON:setUpClass): 201 POST http://10.180.1.21:9696/networking/v2.0/subnets 0.150s
2024-12-10 20:02:10.730 66275 INFO tempest.lib.common.rest_client [req-e9f8ecc4-59a9-49a9-95c0-6ba9930102c5 req-e9f8ecc4-59a9-49a9-95c0-6ba9930102c5 ] Request (AbsoluteLimitsNegativeTestJSON:test_max_metadata_exceed_limit): 403 POST http://10.180.1.21/compute/v2.1/servers 1.109s
2024-12-10 20:02:10.731 66277 WARNING tempest.lib.common.ssh [-] Failed to establish authenticated ssh connection to cirros@10.180.180.202 ([Errno None] Unable to connect to port 22 on 10.180.180.202). Number attempts: 2. Retry after 3 seconds.: paramiko.ssh_exception.NoValidConnectionsError: [Errno None] Unable to connect to port 22 on 10.180.180.202
2024-12-10 20:02:10.739 66289 INFO tempest.lib.common.rest_client [req-0c453277-3665-4c43-a05c-92ec09825b75 req-0c453277-3665-4c43-a05c-92ec09825b75 ] Request (HostsAdminNegativeTestJSON:test_update_host_with_non_admin_user): 403 PUT http://10.180.1.21/compute/v2.1/os-hosts/devstack 0.976s
2024-12-10 20:02:10.835 66275 INFO tempest.lib.common.rest_client [req-2101defd-81c7-4ac3-bd9e-f500d34f6d9f req-2101defd-81c7-4ac3-bd9e-f500d34f6d9f ] Request (AbsoluteLimitsNegativeTestJSON:tearDownClass): 204 DELETE http://10.180.1.21/identity/v3/users/d9dad91ec0d94f18b6cee2a6a2f918bc 0.098s
2024-12-10 20:02:10.836 66275 INFO tempest.lib.common.dynamic_creds [-] Deleting project and security group for project: 8f28fb31025844e0a667e00d8d02911b
2024-12-10 20:02:10.841 66287 INFO tempest.lib.common.rest_client [req-aa68099a-cd52-4cee-b56d-b3611a060391 req-aa68099a-cd52-4cee-b56d-b3611a060391 ] Request (SecurityGroupRulesTestJSON:test_security_group_rules_list): 200 POST http://10.180.1.21/compute/v2.1/os-security-group-rules 1.091s
2024-12-10 20:02:10.904 66275 INFO tempest.lib.common.rest_client [req-d0e53654-684f-48d8-9070-f2dff7164366 req-d0e53654-684f-48d8-9070-f2dff7164366 ] Request (AbsoluteLimitsNegativeTestJSON:tearDownClass): 201 POST http://10.180.1.21/identity/v3/auth/tokens 0.068s
2024-12-10 20:02:11.008 66281 INFO tempest.lib.common.rest_client [req-8bee7bf6-2b8e-4a0d-8408-70354a750a5b req-8bee7bf6-2b8e-4a0d-8408-70354a750a5b ] Request (ImagesOneServerNegativeTestJSON:setUp): 200 GET http://10.180.1.21/compute/v2.1/servers/3b78fdd6-112b-4037-9b1a-2228b7b0c0da 1.156s
2024-12-10 20:02:11.018 66285 INFO tempest.lib.common.rest_client [req-9bce486e-8447-4d60-8b60-dd83de8a64ba req-9bce486e-8447-4d60-8b60-dd83de8a64ba ] Request (ServerDiagnosticsV248Test:test_get_server_diagnostics): 202 POST http://10.180.1.21/compute/v2.1/servers 1.178s
2024-12-10 20:02:11.084 66241 INFO tempest.lib.common.rest_client [req-410084e8-6b55-45f8-b8b0-22b67a603b13 req-410084e8-6b55-45f8-b8b0-22b67a603b13 ] Request (AttachInterfacesV270Test:test_create_get_list_interfaces): 200 GET http://10.180.1.21/compute/v2.1/servers/a2f51bfc-1fab-496c-ac76-274ab8f49c3f 0.881s
2024-12-10 20:02:11.092 66265 INFO tempest.lib.common.rest_client [req-fbafc245-3bd1-450a-92e2-62d7b205ece7 req-fbafc245-3bd1-450a-92e2-62d7b205ece7 ] Request (ServerAddressesNegativeTestJSON:setUpClass): 200 GET http://10.180.1.21/compute/v2.1/servers/31eb31de-1d2d-45ed-8cd6-f46a7fd3e6dd 0.827s
2024-12-10 20:02:11.158 66283 INFO tempest.lib.common.rest_client [req-89eda451-c35a-449a-b6fe-e44ebfee77ae req-89eda451-c35a-449a-b6fe-e44ebfee77ae ] Request (ServerShowV254Test:test_rebuild_server): 200 GET http://10.180.1.21/compute/v2.1/servers/94774863-facf-4e99-b7ae-02ef0500fcad 0.831s
2024-12-10 20:02:11.172 66283 INFO tempest.common.waiters [-] State transition "REBUILD/rebuild_block_device_mapping" ==> "REBUILD/rebuild_spawning" after 5 second wait
2024-12-10 20:02:11.219 66269 INFO tempest.lib.common.rest_client [req-53cea88d-5a47-4c81-a0fb-09a37085adc3 req-53cea88d-5a47-4c81-a0fb-09a37085adc3 ] Request (ServersTestFqdnHostnames:test_create_server_with_fqdn_name): 200 GET http://10.180.1.21/compute/v2.1/servers/c846f03f-5847-4c38-b654-fe7cf846f059 0.855s
2024-12-10 20:02:11.252 66275 INFO tempest.lib.common.rest_client [req-c377d8f0-7f6f-4c17-be29-5adf2d3d50e6 req-c377d8f0-7f6f-4c17-be29-5adf2d3d50e6 ] Request (AbsoluteLimitsNegativeTestJSON:tearDownClass): 200 GET http://10.180.1.21:9696/networking/v2.0/security-groups?tenant_id=8f28fb31025844e0a667e00d8d02911b&name=default 0.348s
2024-12-10 20:02:11.300 66247 INFO tempest.lib.common.rest_client [req-4cfb3d07-b723-418b-a237-a9eec8ed3f22 req-4cfb3d07-b723-418b-a237-a9eec8ed3f22 ] Request (ImagesMetadataTestJSON:setUp): 200 PUT http://10.180.1.21/compute/v2.1/images/4bd1e083-d0ca-4e59-b52c-8f21db915829/metadata 0.936s
2024-12-10 20:02:11.362 66297 INFO tempest.lib.common.rest_client [req-88985fc1-0161-4476-9a0f-347babe9b9d0 req-88985fc1-0161-4476-9a0f-347babe9b9d0 ] Request (ServersAdminNegativeTestJSON:setUpClass): 200 GET http://10.180.1.21/compute/v2.1/servers/5407aef9-6270-418f-b018-fee8ef74dbe4 0.774s
2024-12-10 20:02:11.374 66299 INFO tempest.lib.common.rest_client [req-3b649a55-9d88-41a9-8963-41e30624d735 req-3b649a55-9d88-41a9-8963-41e30624d735 ] Request (FloatingIPsAssociationTestJSON:setUpClass): 200 GET http://10.180.1.21/compute/v2.1/servers/ab7344d3-bb0b-48f7-bcf6-37edf6daef0e 0.873s
2024-12-10 20:02:11.459 66243 INFO tempest.lib.common.rest_client [req-a4e5dc1c-2bb8-4b63-ba7b-971e0c8c4607 req-a4e5dc1c-2bb8-4b63-ba7b-971e0c8c4607 ] Request (ServerDiagnosticsNegativeTest:tearDownClass): 200 GET http://10.180.1.21/compute/v2.1/servers/bc049f7b-e4f8-46e5-b873-58de47cae810 0.723s
2024-12-10 20:02:11.468 66289 INFO tempest.lib.common.rest_client [req-611485ed-29b0-491c-a47f-4beea06f2a59 req-611485ed-29b0-491c-a47f-4beea06f2a59 ] Request (HostsAdminNegativeTestJSON:test_update_host_without_param): 400 PUT http://10.180.1.21/compute/v2.1/os-hosts/devstack 0.727s
2024-12-10 20:02:11.482 66275 INFO tempest.lib.common.rest_client [req-f5fe1805-3ce2-4f6d-8b80-7bb3ed770622 req-f5fe1805-3ce2-4f6d-8b80-7bb3ed770622 ] Request (AbsoluteLimitsNegativeTestJSON:tearDownClass): 204 DELETE http://10.180.1.21:9696/networking/v2.0/security-groups/12ad4d43-a0f8-4a9f-a5d3-3c344f276a5e 0.229s
2024-12-10 20:02:11.505 66249 INFO tempest.lib.common.rest_client [req-d5758452-babe-4d6b-9146-4f91c727d783 req-d5758452-babe-4d6b-9146-4f91c727d783 ] Request (MigrationsAdminTest:test_list_migrations_in_flavor_resize_situation): 200 GET http://10.180.1.21/compute/v2.1/servers/34828a36-3444-435b-98a2-cd82665c4ef9 0.841s
2024-12-10 20:02:11.530 66271 INFO tempest.lib.common.rest_client [req-ba1b26c3-e0c5-4f25-a68b-9c51ff9fe98c req-ba1b26c3-e0c5-4f25-a68b-9c51ff9fe98c ] Request (ServerAddressesTestJSON:setUpClass): 200 GET http://10.180.1.21/compute/v2.1/servers/19cf7bed-b39d-4139-a4a2-f92fe9e350d0 0.693s
2024-12-10 20:02:11.552 66287 INFO tempest.lib.common.rest_client [req-3ca2fd94-5904-466a-b51c-4ab65b4a6a63 req-3ca2fd94-5904-466a-b51c-4ab65b4a6a63 ] Request (SecurityGroupRulesTestJSON:test_security_group_rules_list): 200 GET http://10.180.1.21/compute/v2.1/os-security-groups/dae06f86-e74d-4e43-b67a-2aa12a8dae96 0.709s
2024-12-10 20:02:11.577 66275 INFO tempest.lib.common.rest_client [req-32c933e2-80b6-425f-a554-200ed9c1511d req-32c933e2-80b6-425f-a554-200ed9c1511d ] Request (AbsoluteLimitsNegativeTestJSON:tearDownClass): 204 DELETE http://10.180.1.21/identity/v3/projects/8f28fb31025844e0a667e00d8d02911b 0.094s
2024-12-10 20:02:11.604 66279 INFO tempest.lib.common.rest_client [req-eb2cde11-13e2-43b9-a7ff-888823779f94 req-eb2cde11-13e2-43b9-a7ff-888823779f94 ] Request (DeleteServersAdminTestJSON:test_delete_server_while_in_error_state): 200 GET http://10.180.1.21/compute/v2.1/servers/e45f5583-5fff-41bd-bc36-027e74429264 0.684s
2024-12-10 20:02:11.642 66257 INFO tempest.lib.common.rest_client [req-8688b08d-40c1-438c-82c6-d361a84ba969 req-8688b08d-40c1-438c-82c6-d361a84ba969 ] Request (ServersAdmin275Test:tearDownClass): 200 GET http://10.180.1.21/compute/v2.1/servers/c48d86ef-48b1-480b-8aab-090a7840e481 0.708s
2024-12-10 20:02:11.675 66251 INFO tempest.lib.common.rest_client [req-2a387387-b690-477e-ac52-efbc33f293bd req-2a387387-b690-477e-ac52-efbc33f293bd ] Request (ServersTestMultiNic:setUpClass): 201 POST http://10.180.1.21:9696/networking/v2.0/routers 1.181s
2024-12-10 20:02:11.686 66237 INFO tempest.lib.common.rest_client [req-c8095462-77d3-4443-850a-f364a55c1add req-c8095462-77d3-4443-850a-f364a55c1add ] Request (ServerDiagnosticsTest:tearDownClass): 200 GET http://10.180.1.21/compute/v2.1/servers/73d5176a-a77d-4d36-ad7c-1cc73c6f1556 0.692s
2024-12-10 20:02:11.746 66263 INFO tempest.lib.common.rest_client [req-481b5210-feaa-4995-8fdf-08ffef7bff1e req-481b5210-feaa-4995-8fdf-08ffef7bff1e ] Request (InstanceActionsNegativeTestJSON:tearDownClass): 200 GET http://10.180.1.21/compute/v2.1/servers/bb5dc6a9-7772-41b1-bcc8-eee2f3c7f5f7 0.740s
2024-12-10 20:02:11.778 66295 INFO tempest.lib.common.rest_client [req-0bc66e99-fbd1-40f3-ab35-e5238efe1ffb req-0bc66e99-fbd1-40f3-ab35-e5238efe1ffb ] Request (FloatingIPsAssociationNegativeTestJSON:setUpClass): 201 POST http://10.180.1.21:9696/networking/v2.0/routers 1.085s
2024-12-10 20:02:11.817 66285 INFO tempest.lib.common.rest_client [req-24ccb9f8-a547-4cf6-8296-c9a9b7a3c46e req-24ccb9f8-a547-4cf6-8296-c9a9b7a3c46e ] Request (ServerDiagnosticsV248Test:test_get_server_diagnostics): 200 GET http://10.180.1.21/compute/v2.1/servers/31ae588a-dfd8-4f45-b862-0c6222702a84 0.797s
2024-12-10 20:02:11.862 66255 INFO tempest.lib.common.rest_client [req-dcd8a52d-9c51-47f0-820b-75da720d4de7 req-dcd8a52d-9c51-47f0-820b-75da720d4de7 ] Request (ImagesOneServerTestJSON:test_create_image_specify_multibyte_character_image_name): 200 GET http://10.180.1.21/compute/v2.1/images/6d464390-91e5-4b68-95ba-329220e8dbdf 0.837s
2024-12-10 20:02:12.200 66247 INFO tempest.lib.common.rest_client [req-d18880b7-bb31-496e-81be-ba4000a26467 req-d18880b7-bb31-496e-81be-ba4000a26467 ] Request (ImagesMetadataTestJSON:test_update_image_metadata): 200 POST http://10.180.1.21/compute/v2.1/images/4bd1e083-d0ca-4e59-b52c-8f21db915829/metadata 0.899s
2024-12-10 20:02:12.285 66291 INFO tempest.lib.common.rest_client [req-d68a5aa1-fe8a-41d4-92e8-ef001f5c2df6 req-d68a5aa1-fe8a-41d4-92e8-ef001f5c2df6 ] Request (ServerRescueTestJSONUnderV235:setUpClass): 200 GET http://10.180.1.21/compute/v2.1/servers/1a49fdbd-e6e8-4337-beeb-d3f2c6b0af8c 0.982s
2024-12-10 20:02:12.310 66281 INFO tempest.lib.common.rest_client [req-fef0a19c-0b17-45bd-a225-680f0792fbd5 req-fef0a19c-0b17-45bd-a225-680f0792fbd5 ] Request (ImagesOneServerNegativeTestJSON:test_create_second_image_when_first_image_is_being_saved): 202 POST http://10.180.1.21/compute/v2.1/servers/3b78fdd6-112b-4037-9b1a-2228b7b0c0da/action 1.295s
2024-12-10 20:02:12.332 66253 INFO tempest.lib.common.rest_client [req-924ca4b8-1ae6-456d-a772-e1984fb02254 req-924ca4b8-1ae6-456d-a772-e1984fb02254 ] Request (ImagesTestJSON:test_create_image_from_stopped_server): 200 GET http://10.180.1.21/compute/v2.1/images/f64e3b1a-ee51-4fc5-b7e5-720797657adb 0.996s
2024-12-10 20:02:12.410 66259 INFO tempest.lib.common.rest_client [req-e0c8905e-4a0a-4238-8dbf-2efe621d56f9 req-e0c8905e-4a0a-4238-8dbf-2efe621d56f9 ] Request (ServerExternalEventsTest:tearDownClass): 200 GET http://10.180.1.21/compute/v2.1/servers/a8ef1d4f-1369-4e14-8234-2fe1cbb27688 0.966s
2024-12-10 20:02:12.477 66239 INFO tempest.lib.common.rest_client [req-2cf231dd-ed09-4bb9-893b-31d0eec0942b req-2cf231dd-ed09-4bb9-893b-31d0eec0942b ] Request (ServerMetadataNegativeTestJSON:setUpClass): 200 GET http://10.180.1.21/compute/v2.1/servers/3acb452f-249e-4e05-b147-735cd02bfca1 1.032s
2024-12-10 20:02:12.491 66289 INFO tempest.lib.common.rest_client [req-ee3d5492-264e-4591-8cdb-c113fc8971bc req-ee3d5492-264e-4591-8cdb-c113fc8971bc ] Request (HostsAdminNegativeTestJSON:test_update_nonexistent_host): 404 PUT http://10.180.1.21/compute/v2.1/os-hosts/nonexistent_hostname 1.022s
2024-12-10 20:02:12.504 66245 INFO tempest.lib.common.rest_client [req-c7d01823-3fae-4b91-860e-0f9a50f47983 req-c7d01823-3fae-4b91-860e-0f9a50f47983 ] Request (AttachInterfacesTestJSON:test_create_list_show_delete_interfaces_by_fixed_ip): 200 GET http://10.180.1.21/compute/v2.1/servers/6073fd04-afee-4fe8-bbe8-5f283c134cf7 1.123s
2024-12-10 20:02:12.628 66289 INFO tempest.lib.common.rest_client [req-16524d24-983c-4afc-8462-9e9380d3e4f7 req-16524d24-983c-4afc-8462-9e9380d3e4f7 ] Request (HostsAdminNegativeTestJSON:tearDownClass): 204 DELETE http://10.180.1.21/identity/v3/users/3787d85debf84675acd9b1c580fec64a 0.134s
2024-12-10 20:02:12.725 66287 INFO tempest.lib.common.rest_client [req-ab2801aa-b1e5-45fd-9b26-4e7ef1155871 req-ab2801aa-b1e5-45fd-9b26-4e7ef1155871 ] Request (SecurityGroupRulesTestJSON:_run_cleanups): 202 DELETE http://10.180.1.21/compute/v2.1/os-security-group-rules/937a8cd9-b522-43a8-84c1-5d535645811e 1.169s
2024-12-10 20:02:12.750 66267 INFO tempest.lib.common.rest_client [req-de5c8fd8-39b8-4b8f-aa10-4c91dac3484e req-de5c8fd8-39b8-4b8f-aa10-4c91dac3484e ] Request (VolumesAdminNegativeTest:test_update_attached_volume_with_nonexistent_volume_in_body): 200 GET http://10.180.1.21/compute/v2.1/servers/3fc6298e-db1d-4b87-8938-1261e2fc00d9 1.164s
2024-12-10 20:02:12.755 66289 INFO tempest.lib.common.rest_client [req-3ab70f6f-ec97-4147-ad2f-4a8868612274 req-3ab70f6f-ec97-4147-ad2f-4a8868612274 ] Request (HostsAdminNegativeTestJSON:tearDownClass): 204 DELETE http://10.180.1.21/identity/v3/users/2076219985e44a4191eddcf912e41962 0.127s
2024-12-10 20:02:12.755 66289 INFO tempest.lib.common.dynamic_creds [-] Deleting project and security group for project: ac46c0fc01354a3b9ea14e9ba5457e02
2024-12-10 20:02:12.795 66295 INFO tempest.lib.common.rest_client [req-35de466c-b24e-4a7c-9561-fb6cc3ed5afc req-35de466c-b24e-4a7c-9561-fb6cc3ed5afc ] Request (FloatingIPsAssociationNegativeTestJSON:setUpClass): 200 PUT http://10.180.1.21:9696/networking/v2.0/routers/6f42a410-c1bb-47b3-b51b-1a3943052176/add_router_interface 1.017s
2024-12-10 20:02:12.796 66295 INFO tempest.lib.common.dynamic_creds [-] Created isolated network resources for: credentials: Credentials: {'domain_id': 'default', 'domain_name': 'Default', 'username': 'tempest-FloatingIPsAssociationNegativeTestJSON-231617868-project-member', 'project_domain_id': 'default', 'project_domain_name': 'Default', 'project_id': 'a17e830df5624cdf97ed7c3c823137bc', 'project_name': 'tempest-FloatingIPsAssociationNegativeTestJSON-231617868', 'tenant_id': 'a17e830df5624cdf97ed7c3c823137bc', 'tenant_name': 'tempest-FloatingIPsAssociationNegativeTestJSON-231617868', 'user_domain_id': 'default', 'user_domain_name': 'Default', 'user_id': 'c66794ed0b1d4f5db19fed4c6592395d', 'system': None}, Network: {'id': '0af9b2c5-af42-4a56-b790-9c349375ca68', 'name': 'tempest-FloatingIPsAssociationNegativeTestJSON-25758691-network', 'tenant_id': 'a17e830df5624cdf97ed7c3c823137bc', 'admin_state_up': True, 'mtu': 8950, 'status': 'ACTIVE', 'subnets': [], 'shared': False, 'project_id': 'a17e830df5624cdf97ed7c3c823137bc', 'port_security_enabled': True, 'router:external': False, 'provider:network_type': 'vlan', 'provider:physical_network': 'default', 'provider:segmentation_id': 219, 'availability_zone_hints': [], 'availability_zones': [], 'ipv4_address_scope': None, 'ipv6_address_scope': None, 'description': '', 'tags': [], 'created_at': '2024-12-10T20:02:10Z', 'updated_at': '2024-12-10T20:02:10Z', 'revision_number': 1}, Subnet: {'id': '8dd4dc20-907d-4f4d-99f9-84c2ee00eb21', 'name': 'tempest-FloatingIPsAssociationNegativeTestJSON-25758691-subnet', 'tenant_id': 'a17e830df5624cdf97ed7c3c823137bc', 'network_id': '0af9b2c5-af42-4a56-b790-9c349375ca68', 'ip_version': 4, 'subnetpool_id': None, 'enable_dhcp': True, 'ipv6_ra_mode': None, 'ipv6_address_mode': None, 'gateway_ip': '192.168.128.1', 'cidr': '192.168.128.0/28', 'allocation_pools': [{'start': '192.168.128.2', 'end': '192.168.128.14'}], 'host_routes': [], 'dns_nameservers': [], 'description': '', 'router:external': False, 'service_types': [], 'tags': [], 'created_at': '2024-12-10T20:02:10Z', 'updated_at': '2024-12-10T20:02:10Z', 'revision_number': 0, 'project_id': 'a17e830df5624cdf97ed7c3c823137bc'}, Router: {'id': '6f42a410-c1bb-47b3-b51b-1a3943052176', 'name': 'tempest-FloatingIPsAssociationNegativeTestJSON-25758691-router', 'tenant_id': 'a17e830df5624cdf97ed7c3c823137bc', 'admin_state_up': True, 'status': 'ACTIVE', 'external_gateway_info': {'network_id': 'c5370eb9-7220-468e-9f3b-d6a057ba94e3', 'external_fixed_ips': [{'subnet_id': '81ff4526-9db1-45ef-93c2-5ea17c9150d7', 'ip_address': '10.180.180.164'}], 'enable_snat': True}, 'description': '', 'availability_zones': [], 'distributed': False, 'ha': False, 'availability_zone_hints': [], 'routes': [], 'flavor_id': None, 'tags': [], 'created_at': '2024-12-10T20:02:10Z', 'updated_at': '2024-12-10T20:02:11Z', 'revision_number': 2, 'project_id': 'a17e830df5624cdf97ed7c3c823137bc'}
2024-12-10 20:02:12.803 66241 INFO tempest.lib.common.rest_client [req-6c84ff69-b80f-4762-9698-ad5f7aec3cef req-6c84ff69-b80f-4762-9698-ad5f7aec3cef ] Request (AttachInterfacesV270Test:test_create_get_list_interfaces): 200 GET http://10.180.1.21/compute/v2.1/servers/a2f51bfc-1fab-496c-ac76-274ab8f49c3f 0.710s
2024-12-10 20:02:12.820 66265 INFO tempest.lib.common.rest_client [req-64d2c394-8a14-4dbe-8fe0-0b6d005be85b req-64d2c394-8a14-4dbe-8fe0-0b6d005be85b ] Request (ServerAddressesNegativeTestJSON:setUpClass): 200 GET http://10.180.1.21/compute/v2.1/servers/31eb31de-1d2d-45ed-8cd6-f46a7fd3e6dd 0.713s
