2024-12-10 20:02:01.636 66239 INFO tempest.lib.common.rest_client [req-41ac5f6a-57c2-4539-9f3d-d3ff20666dfb req-41ac5f6a-57c2-4539-9f3d-d3ff20666dfb ] Request (KeyPairsV22TestJSON:tearDownClass): 204 DELETE http://10.180.1.21/identity/v3/projects/c3eac7d0ca49475d82bded7d9669809b 0.069s
2024-12-10 20:02:01.718 66281 INFO tempest.lib.common.rest_client [req-02f81cb9-0dab-45bb-8295-9bb87ef67882 req-02f81cb9-0dab-45bb-8295-9bb87ef67882 ] Request (ImagesOneServerNegativeTestJSON:setUp): 200 GET http://10.180.1.21/compute/v2.1/servers/3b78fdd6-112b-4037-9b1a-2228b7b0c0da 1.178s
2024-12-10 20:02:01.727 66287 INFO tempest.lib.common.rest_client [req-0e7f1c1a-5b62-4586-be66-0a1cb6379688 req-0e7f1c1a-5b62-4586-be66-0a1cb6379688 ] Request (SecurityGroupRulesTestJSON:test_security_group_rules_create_with_optional_group_id): 200 POST http://10.180.1.21/compute/v2.1/os-security-group-rules 1.606s
2024-12-10 20:02:01.729 66239 INFO tempest.lib.common.rest_client [req-b916a054-a2d0-464c-85c7-44417693045d req-b916a054-a2d0-464c-85c7-44417693045d ] Request (ServerMetadataNegativeTestJSON:setUpClass): 201 POST http://10.180.1.21/identity/v3/auth/tokens 0.090s
2024-12-10 20:02:01.729 66287 WARNING tempest.lib.common.rest_client [-] Deprecated: "tenant_id" property is deprecated for removal, use "project_id" instead
2024-12-10 20:02:01.774 66239 INFO tempest.lib.common.rest_client [req-9155d14e-6e82-424c-a3cb-ffde662604d0 req-9155d14e-6e82-424c-a3cb-ffde662604d0 ] Request (ServerMetadataNegativeTestJSON:setUpClass): 201 POST http://10.180.1.21/identity/v3/auth/tokens 0.041s
2024-12-10 20:02:01.809 66239 INFO tempest.lib.common.rest_client [req-1379371a-f8c5-4d44-bb92-fb732bdb92bd req-1379371a-f8c5-4d44-bb92-fb732bdb92bd ] Request (ServerMetadataNegativeTestJSON:setUpClass): 200 GET http://10.180.1.21/identity/v3/domains?name=Default 0.035s
2024-12-10 20:02:01.811 66279 INFO tempest.lib.common.rest_client [req-0f6a20ca-3cb0-4c3d-84fe-80a3560081c2 req-0f6a20ca-3cb0-4c3d-84fe-80a3560081c2 ] Request (DeleteServersAdminTestJSON:test_delete_server_while_in_error_state): 200 GET http://10.180.1.21/compute/v2.1/servers/e45f5583-5fff-41bd-bc36-027e74429264 1.253s
2024-12-10 20:02:01.826 66245 INFO tempest.lib.common.rest_client [req-056e17c9-58bd-4f9d-8f4e-b32efc443102 req-056e17c9-58bd-4f9d-8f4e-b32efc443102 ] Request (AttachInterfacesTestJSON:test_create_list_show_delete_interfaces_by_fixed_ip): 200 GET http://10.180.1.21/compute/v2.1/servers/6073fd04-afee-4fe8-bbe8-5f283c134cf7 1.173s
2024-12-10 20:02:01.863 66239 INFO tempest.lib.common.rest_client [req-50af3d5f-8427-47c7-981c-79294b98e500 req-50af3d5f-8427-47c7-981c-79294b98e500 ] Request (ServerMetadataNegativeTestJSON:setUpClass): 201 POST http://10.180.1.21/identity/v3/projects 0.053s
2024-12-10 20:02:01.927 66237 INFO tempest.lib.common.rest_client [req-94f40040-1bc7-42b3-a129-175e349177f9 req-94f40040-1bc7-42b3-a129-175e349177f9 ] Request (ServerDiagnosticsTest:tearDownClass): 200 GET http://10.180.1.21/compute/v2.1/servers/73d5176a-a77d-4d36-ad7c-1cc73c6f1556 1.269s
2024-12-10 20:02:01.977 66239 INFO tempest.lib.common.rest_client [req-b39bc490-7ace-459e-94a7-e065df9ecd3e req-b39bc490-7ace-459e-94a7-e065df9ecd3e ] Request (ServerMetadataNegativeTestJSON:setUpClass): 201 POST http://10.180.1.21/identity/v3/users 0.113s
2024-12-10 20:02:02.008 66239 INFO tempest.lib.common.rest_client [req-6b63f74a-ee86-4a22-b1d9-77dbbc66e410 req-6b63f74a-ee86-4a22-b1d9-77dbbc66e410 ] Request (ServerMetadataNegativeTestJSON:setUpClass): 200 GET http://10.180.1.21/identity/v3/roles 0.031s
2024-12-10 20:02:02.019 66263 INFO tempest.lib.common.rest_client [req-49a3ab28-d661-49e7-b0d1-ecb9d7c026c4 req-49a3ab28-d661-49e7-b0d1-ecb9d7c026c4 ] Request (InstanceActionsNegativeTestJSON:tearDownClass): 200 GET http://10.180.1.21/compute/v2.1/servers/bb5dc6a9-7772-41b1-bcc8-eee2f3c7f5f7 1.354s
2024-12-10 20:02:02.045 66239 INFO tempest.lib.common.rest_client [req-bfd4f595-bb20-4288-9e29-5a1ce05a01e2 req-bfd4f595-bb20-4288-9e29-5a1ce05a01e2 ] Request (ServerMetadataNegativeTestJSON:setUpClass): 204 PUT http://10.180.1.21/identity/v3/projects/ecfc77691f6848039a46070427c68b2b/users/05cfbb32894440ea8d3fb49de8c0672e/roles/f9de37e6d10d4781bc3319f625b1b137 0.036s
2024-12-10 20:02:02.045 66239 INFO tempest.lib.common.dynamic_creds [-] Dynamic test user 05cfbb32894440ea8d3fb49de8c0672e is created with scope project and roles: ['member']
2024-12-10 20:02:02.045 66239 INFO tempest.lib.common.dynamic_creds [-] Acquired dynamic creds: credentials: Credentials: {'domain_id': 'default', 'domain_name': 'Default', 'username': 'tempest-ServerMetadataNegativeTestJSON-1177113002-project-member', 'project_domain_id': 'default', 'project_domain_name': 'Default', 'project_id': 'ecfc77691f6848039a46070427c68b2b', 'project_name': 'tempest-ServerMetadataNegativeTestJSON-1177113002', 'tenant_id': 'ecfc77691f6848039a46070427c68b2b', 'tenant_name': 'tempest-ServerMetadataNegativeTestJSON-1177113002', 'user_domain_id': 'default', 'user_domain_name': 'Default', 'user_id': '05cfbb32894440ea8d3fb49de8c0672e', 'system': None}, Network: None, Subnet: None, Router: None
2024-12-10 20:02:02.099 66291 INFO tempest.lib.common.rest_client [req-b1c04e75-642a-41cf-b2ab-f578e2b6a910 req-b1c04e75-642a-41cf-b2ab-f578e2b6a910 ] Request (ServerRescueTestJSONUnderV235:setUpClass): 200 GET http://10.180.1.21/compute/v2.1/servers/1a49fdbd-e6e8-4337-beeb-d3f2c6b0af8c 1.296s
2024-12-10 20:02:02.112 66239 INFO tempest.lib.common.rest_client [req-d6ecb1e9-b55d-4c3a-a568-0986ea0a99d9 req-d6ecb1e9-b55d-4c3a-a568-0986ea0a99d9 ] Request (ServerMetadataNegativeTestJSON:setUpClass): 201 POST http://10.180.1.21/identity/v3/auth/tokens 0.067s
2024-12-10 20:02:02.222 66261 INFO tempest.lib.common.rest_client [req-de74d3ef-2c0d-46d1-97a6-26c51d0a19e4 req-de74d3ef-2c0d-46d1-97a6-26c51d0a19e4 ] Request (ServersWithSpecificFlavorTestJSON:test_verify_created_server_ephemeral_disk): 200 PUT http://10.180.1.21:9696/networking/v2.0/floatingips/b959a1ab-f266-4d37-abd5-eb2f8ea7f916 0.999s
2024-12-10 20:02:02.252 66251 INFO tempest.lib.common.rest_client [req-9e924624-6f15-48b8-b5e1-2eef25ac5068 req-9e924624-6f15-48b8-b5e1-2eef25ac5068 ] Request (QuotasAdminTestJSON:test_get_updated_quotas): 200 GET http://10.180.1.21/compute/v2.1/os-quota-sets/579f0f8f609c472e94cd1f86b1abb517/detail 1.263s
2024-12-10 20:02:02.290 66251 INFO tempest.lib.common.rest_client [req-859594c9-2ac8-48d8-82cc-c4cf6e597726 req-859594c9-2ac8-48d8-82cc-c4cf6e597726 ] Request (QuotasAdminTestJSON:test_get_updated_quotas): 200 GET http://10.180.1.21/identity/v3/domains?name=Default 0.033s
2024-12-10 20:02:02.326 66251 INFO tempest.lib.common.rest_client [req-96b065d7-74d9-41f4-a2e0-51022cfba316 req-96b065d7-74d9-41f4-a2e0-51022cfba316 ] Request (QuotasAdminTestJSON:test_get_updated_quotas): 201 POST http://10.180.1.21/identity/v3/users 0.035s
2024-12-10 20:02:02.360 66251 INFO tempest.lib.common.rest_client [req-b2b0ec67-1357-4e0f-be29-e25a8c491947 req-b2b0ec67-1357-4e0f-be29-e25a8c491947 ] Request (QuotasAdminTestJSON:test_get_updated_quotas): 200 GET http://10.180.1.21/identity/v3/domains?name=Default 0.033s
2024-12-10 20:02:02.408 66239 INFO tempest.lib.common.rest_client [req-e7559f87-41a3-4602-ba69-5feda481b8fa req-e7559f87-41a3-4602-ba69-5feda481b8fa ] Request (ServerMetadataNegativeTestJSON:setUpClass): 201 POST http://10.180.1.21:9696/networking/v2.0/networks 0.295s
2024-12-10 20:02:02.421 66247 INFO tempest.lib.common.rest_client [req-431989b0-9841-453b-a69b-42d4c1bd4435 req-431989b0-9841-453b-a69b-42d4c1bd4435 ] Request (ImagesMetadataTestJSON:setUp): 200 PUT http://10.180.1.21/compute/v2.1/images/4bd1e083-d0ca-4e59-b52c-8f21db915829/metadata 1.390s
2024-12-10 20:02:02.441 66289 INFO tempest.lib.common.rest_client [req-730ea3ea-a8a4-4cd5-a718-3c8169542c5a req-730ea3ea-a8a4-4cd5-a718-3c8169542c5a ] Request (HostsAdminNegativeTestJSON:test_reboot_nonexistent_host): 404 GET http://10.180.1.21/compute/v2.1/os-hosts/nonexistent_hostname/reboot 1.402s
2024-12-10 20:02:02.541 66271 INFO tempest.lib.common.rest_client [req-63f6eabe-15a1-4146-a15d-ba9f468dd199 req-63f6eabe-15a1-4146-a15d-ba9f468dd199 ] Request (ServerAddressesTestJSON:setUpClass): 202 POST http://10.180.1.21/compute/v2.1/servers 1.760s
2024-12-10 20:02:02.558 66257 INFO tempest.lib.common.rest_client [req-16ad62b9-fe8d-4783-9edf-5ef2b65badca req-16ad62b9-fe8d-4783-9edf-5ef2b65badca ] Request (ServersAdmin275Test:tearDownClass): 204 DELETE http://10.180.1.21/compute/v2.1/servers/c48d86ef-48b1-480b-8aab-090a7840e481 1.392s
2024-12-10 20:02:02.566 66285 INFO tempest.lib.common.rest_client [req-fdc3e0e2-9fce-4ed2-bd1f-16939e1f645c req-fdc3e0e2-9fce-4ed2-bd1f-16939e1f645c ] Request (AggregatesAdminNegativeTestJSON:test_aggregate_remove_host_as_user): 403 POST http://10.180.1.21/compute/v2.1/os-aggregates/7/action 1.220s
2024-12-10 20:02:02.606 66267 INFO tempest.lib.common.rest_client [req-efe04b45-2bd4-499c-b53b-0c44930bf7ae req-efe04b45-2bd4-499c-b53b-0c44930bf7ae ] Request (VolumesAdminNegativeTest:test_update_attached_volume_with_nonexistent_volume_in_body): 200 GET http://10.180.1.21/compute/v2.1/servers/3fc6298e-db1d-4b87-8938-1261e2fc00d9 1.412s
2024-12-10 20:02:02.635 66259 INFO tempest.lib.common.rest_client [req-7b6e2877-9be6-4ce1-8f5e-268ff925e2ce req-7b6e2877-9be6-4ce1-8f5e-268ff925e2ce ] Request (ServerExternalEventsTest:tearDownClass): 200 GET http://10.180.1.21/compute/v2.1/servers/a8ef1d4f-1369-4e14-8234-2fe1cbb27688 1.161s
2024-12-10 20:02:02.639 66255 INFO tempest.lib.common.rest_client [req-8570ba38-6191-4885-b9fc-f529024f3839 req-8570ba38-6191-4885-b9fc-f529024f3839 ] Request (ImagesOneServerTestJSON:test_create_delete_image): 200 GET http://10.180.1.21/compute/v2.1/images/8df055c8-3e7b-46b6-8e87-d5485dee9f80 1.160s
2024-12-10 20:02:02.661 66239 INFO tempest.lib.common.rest_client [req-7c2082ee-b7f7-4ac7-a063-5cdea2717e3e req-7c2082ee-b7f7-4ac7-a063-5cdea2717e3e ] Request (ServerMetadataNegativeTestJSON:setUpClass): 201 POST http://10.180.1.21:9696/networking/v2.0/subnets 0.253s
2024-12-10 20:02:02.679 66253 INFO tempest.lib.common.rest_client [req-8277145d-cce2-4a51-ba9d-3c408a77d63f req-8277145d-cce2-4a51-ba9d-3c408a77d63f ] Request (ImagesTestJSON:test_create_image_from_stopped_server): 200 GET http://10.180.1.21/compute/v2.1/images/f64e3b1a-ee51-4fc5-b7e5-720797657adb 1.104s
2024-12-10 20:02:02.696 66283 INFO tempest.lib.common.rest_client [req-48be0272-4ea2-4a25-9cbd-533d3c414923 req-48be0272-4ea2-4a25-9cbd-533d3c414923 ] Request (ServerShowV254Test:test_rebuild_server): 200 GET http://10.180.1.21/compute/v2.1/servers/94774863-facf-4e99-b7ae-02ef0500fcad 1.143s
2024-12-10 20:02:02.763 66295 INFO tempest.lib.common.rest_client [req-baeb3b12-cc98-488b-adee-7c361705a223 req-baeb3b12-cc98-488b-adee-7c361705a223 ] Request (TenantUsagesTestJSON:tearDownClass): 200 GET http://10.180.1.21/compute/v2.1/servers/a7779533-b163-43dd-9f60-69f64fce8885 1.135s
2024-12-10 20:02:02.768 66281 INFO tempest.lib.common.rest_client [req-852f680e-f689-48de-a3ca-bad5ee0e8f44 req-852f680e-f689-48de-a3ca-bad5ee0e8f44 ] Request (ImagesOneServerNegativeTestJSON:test_create_image_specify_invalid_metadata): 400 POST http://10.180.1.21/compute/v2.1/servers/3b78fdd6-112b-4037-9b1a-2228b7b0c0da/action 1.034s
2024-12-10 20:02:02.777 66241 INFO tempest.lib.common.rest_client [req-7cd8af40-5840-4599-a3f8-fdb3e77c19f7 req-7cd8af40-5840-4599-a3f8-fdb3e77c19f7 ] Request (AttachInterfacesV270Test:test_create_get_list_interfaces): 200 GET http://10.180.1.21/compute/v2.1/servers/a2f51bfc-1fab-496c-ac76-274ab8f49c3f 1.067s
2024-12-10 20:02:02.852 66265 INFO tempest.lib.common.rest_client [req-067e5719-1757-4ab3-9688-ad9e92a03b8c req-067e5719-1757-4ab3-9688-ad9e92a03b8c ] Request (ServerAddressesNegativeTestJSON:setUpClass): 200 GET http://10.180.1.21/compute/v2.1/servers/31eb31de-1d2d-45ed-8cd6-f46a7fd3e6dd 1.072s
2024-12-10 20:02:03.047 66287 INFO tempest.lib.common.rest_client [req-0807a66c-e02e-41ca-96bc-5d97e591f42a req-0807a66c-e02e-41ca-96bc-5d97e591f42a ] Request (SecurityGroupRulesTestJSON:test_security_group_rules_delete_when_peer_group_deleted): 200 POST http://10.180.1.21/compute/v2.1/os-security-groups 1.312s
2024-12-10 20:02:03.233 66299 INFO tempest.lib.common.rest_client [req-fee1a399-f386-4dee-be17-31d5018b312c req-fee1a399-f386-4dee-be17-31d5018b312c ] Request (FloatingIPsAssociationTestJSON:setUpClass): 200 GET http://10.180.1.21/compute/v2.1/servers/ab7344d3-bb0b-48f7-bcf6-37edf6daef0e 1.373s
2024-12-10 20:02:03.245 66299 INFO tempest.common.waiters [-] State transition "BUILD/block_device_mapping" ==> "BUILD/spawning" after 20 second wait
2024-12-10 20:02:03.332 66249 INFO tempest.lib.common.rest_client [req-20f82cb5-c72d-44ad-b0c9-491205b3803d req-20f82cb5-c72d-44ad-b0c9-491205b3803d ] Request (MigrationsAdminTest:test_list_migrations_in_flavor_resize_situation): 200 GET http://10.180.1.21/compute/v2.1/servers/34828a36-3444-435b-98a2-cd82665c4ef9 1.334s
2024-12-10 20:02:03.346 66269 INFO tempest.lib.common.rest_client [req-5dbc6ef3-3c81-4add-a585-812bb019252c req-5dbc6ef3-3c81-4add-a585-812bb019252c ] Request (ServersTestFqdnHostnames:test_create_server_with_fqdn_name): 200 GET http://10.180.1.21/compute/v2.1/servers/c846f03f-5847-4c38-b654-fe7cf846f059 1.219s
2024-12-10 20:02:03.608 66297 INFO tempest.lib.common.rest_client [req-656d68cd-e784-41ce-b602-c045ffc03b78 req-656d68cd-e784-41ce-b602-c045ffc03b78 ] Request (ServersAdminNegativeTestJSON:setUpClass): 200 GET http://10.180.1.21/compute/v2.1/servers/5407aef9-6270-418f-b018-fee8ef74dbe4 1.403s
2024-12-10 20:02:03.706 66251 INFO tempest.lib.common.rest_client [req-7000c1e9-318a-45e9-a93e-55eb1dad98c6 req-7000c1e9-318a-45e9-a93e-55eb1dad98c6 ] Request (QuotasAdminTestJSON:test_get_updated_quotas): 200 PUT http://10.180.1.21/compute/v2.1/os-quota-sets/579f0f8f609c472e94cd1f86b1abb517?user_id=5c38fdc3099b4c8f94950d1762e77906 1.346s
2024-12-10 20:02:03.741 66247 INFO tempest.lib.common.rest_client [req-cf5ed3ae-33a8-421a-92b0-0bb28b7d956c req-cf5ed3ae-33a8-421a-92b0-0bb28b7d956c ] Request (ImagesMetadataTestJSON:test_list_image_metadata): 200 GET http://10.180.1.21/compute/v2.1/images/4bd1e083-d0ca-4e59-b52c-8f21db915829/metadata 1.319s
2024-12-10 20:02:03.833 66243 INFO tempest.lib.common.rest_client [req-763eaa0a-45e5-4e13-860f-aa2e10b50606 req-763eaa0a-45e5-4e13-860f-aa2e10b50606 ] Request (ServerDiagnosticsNegativeTest:tearDownClass): 200 GET http://10.180.1.21/compute/v2.1/servers/bc049f7b-e4f8-46e5-b873-58de47cae810 1.394s
2024-12-10 20:02:03.842 66289 INFO tempest.lib.common.rest_client [req-44354242-1b31-4598-9f2c-6ed0c73fd81a req-44354242-1b31-4598-9f2c-6ed0c73fd81a ] Request (HostsAdminNegativeTestJSON:test_show_host_detail_with_non_admin_user): 403 GET http://10.180.1.21/compute/v2.1/os-hosts/devstack 1.399s
2024-12-10 20:02:03.904 66261 INFO tempest.lib.common.rest_client [req-5906ad3e-37d0-451c-81f3-d8da141aa5b0 req-5906ad3e-37d0-451c-81f3-d8da141aa5b0 ] Request (ServersWithSpecificFlavorTestJSON:test_verify_created_server_ephemeral_disk): 200 GET http://10.180.1.21/compute/v2.1/servers/d1725c27-a544-4755-b46f-ddeecfe314e5 1.681s
2024-12-10 20:02:03.914 66261 INFO tempest.lib.common.ssh [-] Creating ssh connection to '10.180.180.203:22' as 'cirros' with public key authentication
2024-12-10 20:02:03.929 66271 INFO tempest.lib.common.rest_client [req-b5e60861-f29d-416d-8cfd-cd6a622e7980 req-b5e60861-f29d-416d-8cfd-cd6a622e7980 ] Request (ServerAddressesTestJSON:setUpClass): 200 GET http://10.180.1.21/compute/v2.1/servers/19cf7bed-b39d-4139-a4a2-f92fe9e350d0 1.386s
2024-12-10 20:02:03.993 66257 INFO tempest.lib.common.rest_client [req-ff3c67c5-ca52-47d2-890f-1cc7fdf92011 req-ff3c67c5-ca52-47d2-890f-1cc7fdf92011 ] Request (ServersAdmin275Test:tearDownClass): 200 GET http://10.180.1.21/compute/v2.1/servers/c48d86ef-48b1-480b-8aab-090a7840e481 1.434s
2024-12-10 20:02:04.056 66285 INFO tempest.lib.common.rest_client [req-ae27d302-409f-442a-89ab-af583bb7b0a6 req-ae27d302-409f-442a-89ab-af583bb7b0a6 ] Request (AggregatesAdminNegativeTestJSON:_run_cleanups): 200 POST http://10.180.1.21/compute/v2.1/os-aggregates/7/action 1.489s
2024-12-10 20:02:04.324 66281 INFO tempest.lib.common.rest_client [req-44abe13d-e2a9-4fb1-bb21-7b4c2cc01303 req-44abe13d-e2a9-4fb1-bb21-7b4c2cc01303 ] Request (ImagesOneServerNegativeTestJSON:tearDown): 200 GET http://10.180.1.21/compute/v2.1/servers/3b78fdd6-112b-4037-9b1a-2228b7b0c0da 1.555s
2024-12-10 20:02:04.327 66255 INFO tempest.lib.common.rest_client [req-145d99e9-ef9b-45db-a154-944ba2d675c4 req-145d99e9-ef9b-45db-a154-944ba2d675c4 ] Request (ImagesOneServerTestJSON:test_create_delete_image): 200 GET http://10.180.1.21/compute/v2.1/servers/df1dac83-ea5d-4513-a4cf-3eb11f420dc7 1.684s
2024-12-10 20:02:04.401 66279 INFO tempest.lib.common.rest_client [req-c83f6701-0b7f-46c9-9397-14d9fb01aeee req-c83f6701-0b7f-46c9-9397-14d9fb01aeee ] Request (DeleteServersAdminTestJSON:test_delete_server_while_in_error_state): 200 GET http://10.180.1.21/compute/v2.1/servers/e45f5583-5fff-41bd-bc36-027e74429264 1.581s
2024-12-10 20:02:04.459 66237 INFO tempest.lib.common.rest_client [req-170a64ec-7c7d-47f0-9ebe-89536b013ea0 req-170a64ec-7c7d-47f0-9ebe-89536b013ea0 ] Request (ServerDiagnosticsTest:tearDownClass): 200 GET http://10.180.1.21/compute/v2.1/servers/73d5176a-a77d-4d36-ad7c-1cc73c6f1556 1.525s
2024-12-10 20:02:04.519 66263 INFO tempest.lib.common.rest_client [req-be41f69e-f927-4f97-a3d1-4c80a047b399 req-be41f69e-f927-4f97-a3d1-4c80a047b399 ] Request (InstanceActionsNegativeTestJSON:tearDownClass): 200 GET http://10.180.1.21/compute/v2.1/servers/bb5dc6a9-7772-41b1-bcc8-eee2f3c7f5f7 1.488s
2024-12-10 20:02:04.529 66263 INFO tempest.common.waiters [-] State transition "ACTIVE/deleting" ==> "DELETED/None" after 2 second wait
2024-12-10 20:02:04.536 66245 INFO tempest.lib.common.rest_client [req-0a3e01bc-6b23-44c4-ab68-082daf84b5b4 req-0a3e01bc-6b23-44c4-ab68-082daf84b5b4 ] Request (AttachInterfacesTestJSON:test_create_list_show_delete_interfaces_by_fixed_ip): 200 GET http://10.180.1.21/compute/v2.1/servers/6073fd04-afee-4fe8-bbe8-5f283c134cf7 1.701s
2024-12-10 20:02:04.543 66245 INFO tempest.common.waiters [-] State transition "BUILD/None" ==> "BUILD/spawning" after 19 second wait
2024-12-10 20:02:04.586 66291 INFO tempest.lib.common.rest_client [req-281eb4cd-5949-4581-a4c7-7e83d8a481ad req-281eb4cd-5949-4581-a4c7-7e83d8a481ad ] Request (ServerRescueTestJSONUnderV235:setUpClass): 200 GET http://10.180.1.21/compute/v2.1/servers/1a49fdbd-e6e8-4337-beeb-d3f2c6b0af8c 1.474s
2024-12-10 20:02:04.615 66239 INFO tempest.lib.common.rest_client [req-7c22c1c7-b251-48d7-9fe2-a25f5947e7dc req-7c22c1c7-b251-48d7-9fe2-a25f5947e7dc ] Request (ServerMetadataNegativeTestJSON:setUpClass): 201 POST http://10.180.1.21:9696/networking/v2.0/routers 1.952s
2024-12-10 20:02:04.659 66267 INFO tempest.lib.common.rest_client [req-8b3043fd-2a33-45cf-8e4d-f0d1460ea8bc req-8b3043fd-2a33-45cf-8e4d-f0d1460ea8bc ] Request (VolumesAdminNegativeTest:test_update_attached_volume_with_nonexistent_volume_in_body): 200 GET http://10.180.1.21/compute/v2.1/servers/3fc6298e-db1d-4b87-8938-1261e2fc00d9 1.044s
2024-12-10 20:02:04.695 66287 INFO tempest.lib.common.rest_client [req-1152ea4a-c2db-40a2-b8be-d36587b5464c req-1152ea4a-c2db-40a2-b8be-d36587b5464c ] Request (SecurityGroupRulesTestJSON:test_security_group_rules_delete_when_peer_group_deleted): 200 POST http://10.180.1.21/compute/v2.1/os-security-groups 1.645s
2024-12-10 20:02:04.726 66253 INFO tempest.lib.common.rest_client [req-76e45f41-7b38-425b-ad87-3d42481d236a req-76e45f41-7b38-425b-ad87-3d42481d236a ] Request (ImagesTestJSON:test_create_image_from_stopped_server): 200 GET http://10.180.1.21/compute/v2.1/images/f64e3b1a-ee51-4fc5-b7e5-720797657adb 1.040s
2024-12-10 20:02:04.736 66259 INFO tempest.lib.common.rest_client [req-1c331bef-49ca-4488-94b1-6e6ab6eaed13 req-1c331bef-49ca-4488-94b1-6e6ab6eaed13 ] Request (ServerExternalEventsTest:tearDownClass): 200 GET http://10.180.1.21/compute/v2.1/servers/a8ef1d4f-1369-4e14-8234-2fe1cbb27688 1.090s
2024-12-10 20:02:04.780 66283 INFO tempest.lib.common.rest_client [req-48818943-19c7-4d3a-a35b-712212f17a17 req-48818943-19c7-4d3a-a35b-712212f17a17 ] Request (ServerShowV254Test:test_rebuild_server): 200 GET http://10.180.1.21/compute/v2.1/servers/94774863-facf-4e99-b7ae-02ef0500fcad 1.069s
2024-12-10 20:02:04.795 66283 INFO tempest.common.waiters [-] State transition "BUILD/spawning" ==> "ACTIVE/None" after 21 second wait
2024-12-10 20:02:04.799 66251 INFO tempest.lib.common.rest_client [req-4258748e-db53-4775-bbb3-95b807a12d0e req-4258748e-db53-4775-bbb3-95b807a12d0e ] Request (QuotasAdminTestJSON:test_get_updated_quotas): 200 GET http://10.180.1.21/compute/v2.1/os-quota-sets/579f0f8f609c472e94cd1f86b1abb517?user_id=5c38fdc3099b4c8f94950d1762e77906 1.090s
2024-12-10 20:02:04.890 66295 INFO tempest.lib.common.rest_client [req-5619efa7-aca3-474e-a362-51339e2b93e8 req-5619efa7-aca3-474e-a362-51339e2b93e8 ] Request (TenantUsagesTestJSON:tearDownClass): 200 GET http://10.180.1.21/compute/v2.1/servers/a7779533-b163-43dd-9f60-69f64fce8885 1.120s
2024-12-10 20:02:04.948 66251 INFO tempest.lib.common.rest_client [req-54cde620-3b7e-4836-8b90-56464d71204e req-54cde620-3b7e-4836-8b90-56464d71204e ] Request (QuotasAdminTestJSON:_run_cleanups): 204 DELETE http://10.180.1.21/identity/v3/users/5c38fdc3099b4c8f94950d1762e77906 0.147s
2024-12-10 20:02:04.962 66241 INFO tempest.lib.common.rest_client [req-964bb153-974d-4035-a19d-bd4160fec8b9 req-964bb153-974d-4035-a19d-bd4160fec8b9 ] Request (AttachInterfacesV270Test:test_create_get_list_interfaces): 200 GET http://10.180.1.21/compute/v2.1/servers/a2f51bfc-1fab-496c-ac76-274ab8f49c3f 1.171s
2024-12-10 20:02:04.975 66289 INFO tempest.lib.common.rest_client [req-e93877bb-dce4-49ad-a09a-51193300bc54 req-e93877bb-dce4-49ad-a09a-51193300bc54 ] Request (HostsAdminNegativeTestJSON:test_show_host_detail_with_nonexistent_hostname): 404 GET http://10.180.1.21/compute/v2.1/os-hosts/nonexistent_hostname 1.132s
2024-12-10 20:02:04.976 66247 INFO tempest.lib.common.rest_client [req-e96a0595-e99b-4430-b94d-a3c7dcae93fc req-e96a0595-e99b-4430-b94d-a3c7dcae93fc ] Request (ImagesMetadataTestJSON:setUp): 200 PUT http://10.180.1.21/compute/v2.1/images/4bd1e083-d0ca-4e59-b52c-8f21db915829/metadata 1.233s
2024-12-10 20:02:05.002 66285 INFO tempest.lib.common.rest_client [req-bb6ba0ef-a6d7-46c4-8a71-847aa3a2d663 req-bb6ba0ef-a6d7-46c4-8a71-847aa3a2d663 ] Request (AggregatesAdminNegativeTestJSON:_run_cleanups): 200 DELETE http://10.180.1.21/compute/v2.1/os-aggregates/7 0.943s
2024-12-10 20:02:05.040 66265 INFO tempest.lib.common.rest_client [req-a2dd39b3-dffa-4166-9719-7c5193439a1a req-a2dd39b3-dffa-4166-9719-7c5193439a1a ] Request (ServerAddressesNegativeTestJSON:setUpClass): 200 GET http://10.180.1.21/compute/v2.1/servers/31eb31de-1d2d-45ed-8cd6-f46a7fd3e6dd 1.179s
2024-12-10 20:02:05.058 66251 INFO tempest.lib.common.rest_client [req-a2e0ee23-b865-417e-871e-3fbc870a313f req-a2e0ee23-b865-417e-871e-3fbc870a313f ] Request (QuotasAdminTestJSON:_run_cleanups): 204 DELETE http://10.180.1.21/identity/v3/projects/579f0f8f609c472e94cd1f86b1abb517 0.110s
2024-12-10 20:02:05.120 66299 INFO tempest.lib.common.rest_client [req-919a28ff-fb39-410d-8d1c-c24b6f00fde0 req-919a28ff-fb39-410d-8d1c-c24b6f00fde0 ] Request (FloatingIPsAssociationTestJSON:setUpClass): 200 GET http://10.180.1.21/compute/v2.1/servers/ab7344d3-bb0b-48f7-bcf6-37edf6daef0e 0.873s
2024-12-10 20:02:05.151 66255 INFO tempest.lib.common.rest_client [req-8c419741-aa59-4eff-a86b-7770b78a1562 req-8c419741-aa59-4eff-a86b-7770b78a1562 ] Request (ImagesOneServerTestJSON:test_create_delete_image): 200 GET http://10.180.1.21/compute/v2.1/images/7b6d5136-2882-460a-9eb3-e3abf696f07b 0.812s
2024-12-10 20:02:05.163 66281 INFO tempest.lib.common.rest_client [req-e9a8edb4-c4ba-41aa-99f3-ebab8e8bd6fe req-e9a8edb4-c4ba-41aa-99f3-ebab8e8bd6fe ] Request (ImagesOneServerNegativeTestJSON:setUp): 200 GET http://10.180.1.21/compute/v2.1/servers/3b78fdd6-112b-4037-9b1a-2228b7b0c0da 0.828s
2024-12-10 20:02:05.165 66277 WARNING tempest.lib.common.ssh [-] Failed to establish authenticated ssh connection to cirros@10.180.180.202 ([Errno None] Unable to connect to port 22 on 10.180.180.202). Number attempts: 1. Retry after 2 seconds.: paramiko.ssh_exception.NoValidConnectionsError: [Errno None] Unable to connect to port 22 on 10.180.180.202
2024-12-10 20:02:05.231 66269 INFO tempest.lib.common.rest_client [req-2a31466b-4dcc-48e2-95a0-c55ca6350cb0 req-2a31466b-4dcc-48e2-95a0-c55ca6350cb0 ] Request (ServersTestFqdnHostnames:test_create_server_with_fqdn_name): 200 GET http://10.180.1.21/compute/v2.1/servers/c846f03f-5847-4c38-b654-fe7cf846f059 0.870s
2024-12-10 20:02:05.279 66249 INFO tempest.lib.common.rest_client [req-e5152efc-2d6f-4cab-a2d6-6959f40cdca9 req-e5152efc-2d6f-4cab-a2d6-6959f40cdca9 ] Request (MigrationsAdminTest:test_list_migrations_in_flavor_resize_situation): 200 GET http://10.180.1.21/compute/v2.1/servers/34828a36-3444-435b-98a2-cd82665c4ef9 0.937s
2024-12-10 20:02:05.327 66297 INFO tempest.lib.common.rest_client [req-c9998b0d-3a8f-4e60-a1cc-8bbcc6556515 req-c9998b0d-3a8f-4e60-a1cc-8bbcc6556515 ] Request (ServersAdminNegativeTestJSON:setUpClass): 200 GET http://10.180.1.21/compute/v2.1/servers/5407aef9-6270-418f-b018-fee8ef74dbe4 0.711s
2024-12-10 20:02:05.369 66283 INFO tempest.lib.common.rest_client [req-eefc3d07-c384-4e50-8a57-2ffa67cfd0ab req-eefc3d07-c384-4e50-8a57-2ffa67cfd0ab ] Request (ServerShowV254Test:test_rebuild_server): 201 POST http://10.180.1.21/compute/v2.1/os-keypairs 0.573s
2024-12-10 20:02:05.446 66243 INFO tempest.lib.common.rest_client [req-8a13807a-6453-432d-b6ea-9f2786586e95 req-8a13807a-6453-432d-b6ea-9f2786586e95 ] Request (ServerDiagnosticsNegativeTest:tearDownClass): 200 GET http://10.180.1.21/compute/v2.1/servers/bc049f7b-e4f8-46e5-b873-58de47cae810 0.604s
2024-12-10 20:02:05.519 66271 INFO tempest.lib.common.rest_client [req-7444e71f-3de9-4547-b64e-eec91437dca2 req-7444e71f-3de9-4547-b64e-eec91437dca2 ] Request (ServerAddressesTestJSON:setUpClass): 200 GET http://10.180.1.21/compute/v2.1/servers/19cf7bed-b39d-4139-a4a2-f92fe9e350d0 0.580s
2024-12-10 20:02:05.526 66289 INFO tempest.lib.common.rest_client [req-8f2f944c-9d5d-4aa8-9b64-0fec2607cd88 req-8f2f944c-9d5d-4aa8-9b64-0fec2607cd88 ] Request (HostsAdminNegativeTestJSON:test_shutdown_host_with_non_admin_user): 403 GET http://10.180.1.21/compute/v2.1/os-hosts/devstack/shutdown 0.549s
2024-12-10 20:02:05.571 66287 INFO tempest.lib.common.rest_client [req-99e9df9b-3c08-4316-84e8-0aa445e058f7 req-99e9df9b-3c08-4316-84e8-0aa445e058f7 ] Request (SecurityGroupRulesTestJSON:test_security_group_rules_delete_when_peer_group_deleted): 200 POST http://10.180.1.21/compute/v2.1/os-security-group-rules 0.874s
2024-12-10 20:02:05.597 66285 INFO tempest.lib.common.rest_client [req-e7b9d290-b4a9-4b1b-9ccf-e02985c02658 req-e7b9d290-b4a9-4b1b-9ccf-e02985c02658 ] Request (AggregatesAdminNegativeTestJSON:test_aggregate_remove_nonexistent_host): 200 POST http://10.180.1.21/compute/v2.1/os-aggregates 0.594s
2024-12-10 20:02:05.673 66257 INFO tempest.lib.common.rest_client [req-a656a88e-6b98-42b0-b5ea-2f54a9757686 req-a656a88e-6b98-42b0-b5ea-2f54a9757686 ] Request (ServersAdmin275Test:tearDownClass): 200 GET http://10.180.1.21/compute/v2.1/servers/c48d86ef-48b1-480b-8aab-090a7840e481 0.666s
2024-12-10 20:02:05.788 66247 INFO tempest.lib.common.rest_client [req-a3a830ad-27ec-4a70-88b1-0fd7ea9197a0 req-a3a830ad-27ec-4a70-88b1-0fd7ea9197a0 ] Request (ImagesMetadataTestJSON:test_set_image_metadata): 200 PUT http://10.180.1.21/compute/v2.1/images/4bd1e083-d0ca-4e59-b52c-8f21db915829/metadata 0.811s
2024-12-10 20:02:05.805 66255 INFO tempest.lib.common.rest_client [req-94524f5e-b3be-4707-936b-b9cb7ae4febc req-94524f5e-b3be-4707-936b-b9cb7ae4febc ] Request (ImagesOneServerTestJSON:test_create_delete_image): 200 GET http://10.180.1.21/compute/v2.1/flavors/42 0.650s
2024-12-10 20:02:05.811 66251 INFO tempest.lib.common.rest_client [req-840e701f-0489-431b-9603-e80e099382a5 req-840e701f-0489-431b-9603-e80e099382a5 ] Request (QuotasAdminTestJSON:test_update_all_quota_resources_for_tenant): 200 GET http://10.180.1.21/compute/v2.1/os-quota-sets/047d02cdc0234567b39c4da1b1336246/defaults 0.751s
2024-12-10 20:02:05.812 66281 INFO tempest.lib.common.rest_client [req-c2a7ea2a-3a49-4e6b-8fde-5cc88a3c67d2 req-c2a7ea2a-3a49-4e6b-8fde-5cc88a3c67d2 ] Request (ImagesOneServerNegativeTestJSON:test_create_image_specify_metadata_over_limits): 400 POST http://10.180.1.21/compute/v2.1/servers/3b78fdd6-112b-4037-9b1a-2228b7b0c0da/action 0.638s
2024-12-10 20:02:05.872 66279 INFO tempest.lib.common.rest_client [req-bfb2eecf-af78-46bf-b62e-075948fb5de5 req-bfb2eecf-af78-46bf-b62e-075948fb5de5 ] Request (DeleteServersAdminTestJSON:test_delete_server_while_in_error_state): 200 GET http://10.180.1.21/compute/v2.1/servers/e45f5583-5fff-41bd-bc36-027e74429264 0.464s
2024-12-10 20:02:05.946 66237 INFO tempest.lib.common.rest_client [req-673b5cd6-2f1e-4db5-a4e3-ae58b8368515 req-673b5cd6-2f1e-4db5-a4e3-ae58b8368515 ] Request (ServerDiagnosticsTest:tearDownClass): 200 GET http://10.180.1.21/compute/v2.1/servers/73d5176a-a77d-4d36-ad7c-1cc73c6f1556 0.480s
2024-12-10 20:02:05.961 66289 INFO tempest.lib.common.rest_client [req-651a347a-8d4f-4ca6-97f3-c34d58c5f538 req-651a347a-8d4f-4ca6-97f3-c34d58c5f538 ] Request (HostsAdminNegativeTestJSON:test_shutdown_nonexistent_host): 404 GET http://10.180.1.21/compute/v2.1/os-hosts/nonexistent_hostname/shutdown 0.433s
2024-12-10 20:02:06.032 66263 INFO tempest.lib.common.rest_client [req-064e0d1d-b358-459b-9895-e8b613e9388b req-064e0d1d-b358-459b-9895-e8b613e9388b ] Request (InstanceActionsNegativeTestJSON:tearDownClass): 200 GET http://10.180.1.21/compute/v2.1/servers/bb5dc6a9-7772-41b1-bcc8-eee2f3c7f5f7 0.501s
2024-12-10 20:02:06.040 66283 INFO tempest.lib.common.rest_client [req-91a2d8cb-6e9e-4d6a-a132-46b15f5cbc3f req-91a2d8cb-6e9e-4d6a-a132-46b15f5cbc3f ] Request (ServerShowV254Test:test_rebuild_server): 202 POST http://10.180.1.21/compute/v2.1/servers/94774863-facf-4e99-b7ae-02ef0500fcad/action 0.669s
2024-12-10 20:02:06.138 66239 INFO tempest.lib.common.rest_client [req-01ff961c-5f4d-4b83-97c3-e49b41c6ae9b req-01ff961c-5f4d-4b83-97c3-e49b41c6ae9b ] Request (ServerMetadataNegativeTestJSON:setUpClass): 200 PUT http://10.180.1.21:9696/networking/v2.0/routers/4c0c827e-278f-4fb2-bac9-f50719a3d971/add_router_interface 1.522s
2024-12-10 20:02:06.138 66239 INFO tempest.lib.common.dynamic_creds [-] Created isolated network resources for: credentials: Credentials: {'domain_id': 'default', 'domain_name': 'Default', 'username': 'tempest-ServerMetadataNegativeTestJSON-1177113002-project-member', 'project_domain_id': 'default', 'project_domain_name': 'Default', 'project_id': 'ecfc77691f6848039a46070427c68b2b', 'project_name': 'tempest-ServerMetadataNegativeTestJSON-1177113002', 'tenant_id': 'ecfc77691f6848039a46070427c68b2b', 'tenant_name': 'tempest-ServerMetadataNegativeTestJSON-1177113002', 'user_domain_id': 'default', 'user_domain_name': 'Default', 'user_id': '05cfbb32894440ea8d3fb49de8c0672e', 'system': None}, Network: {'id': 'e8b0c3e0-604c-41b3-9c47-7cee055a7dd7', 'name': 'tempest-ServerMetadataNegativeTestJSON-497144060-network', 'tenant_id': 'ecfc77691f6848039a46070427c68b2b', 'admin_state_up': True, 'mtu': 8950, 'status': 'ACTIVE', 'subnets': [], 'shared': False, 'project_id': 'ecfc77691f6848039a46070427c68b2b', 'port_security_enabled': True, 'router:external': False, 'provider:network_type': 'vlan', 'provider:physical_network': 'default', 'provider:segmentation_id': 809, 'availability_zone_hints': [], 'availability_zones': [], 'ipv4_address_scope': None, 'ipv6_address_scope': None, 'description': '', 'tags': [], 'created_at': '2024-12-10T20:02:02Z', 'updated_at': '2024-12-10T20:02:02Z', 'revision_number': 1}, Subnet: {'id': '466db40e-67d2-4348-96eb-388308672744', 'name': 'tempest-ServerMetadataNegativeTestJSON-497144060-subnet', 'tenant_id': 'ecfc77691f6848039a46070427c68b2b', 'network_id': 'e8b0c3e0-604c-41b3-9c47-7cee055a7dd7', 'ip_version': 4, 'subnetpool_id': None, 'enable_dhcp': True, 'ipv6_ra_mode': None, 'ipv6_address_mode': None, 'gateway_ip': '192.168.128.1', 'cidr': '192.168.128.0/28', 'allocation_pools': [{'start': '192.168.128.2', 'end': '192.168.128.14'}], 'host_routes': [], 'dns_nameservers': [], 'description': '', 'router:external': False, 'service_types': [], 'tags': [], 'created_at': '2024-12-10T20:02:02Z', 'updated_at': '2024-12-10T20:02:02Z', 'revision_number': 0, 'project_id': 'ecfc77691f6848039a46070427c68b2b'}, Router: {'id': '4c0c827e-278f-4fb2-bac9-f50719a3d971', 'name': 'tempest-ServerMetadataNegativeTestJSON-497144060-router', 'tenant_id': 'ecfc77691f6848039a46070427c68b2b', 'admin_state_up': True, 'status': 'ACTIVE', 'external_gateway_info': {'network_id': 'c5370eb9-7220-468e-9f3b-d6a057ba94e3', 'external_fixed_ips': [{'subnet_id': '81ff4526-9db1-45ef-93c2-5ea17c9150d7', 'ip_address': '10.180.180.212'}], 'enable_snat': True}, 'description': '', 'availability_zones': [], 'distributed': False, 'ha': False, 'availability_zone_hints': [], 'routes': [], 'flavor_id': None, 'tags': [], 'created_at': '2024-12-10T20:02:02Z', 'updated_at': '2024-12-10T20:02:03Z', 'revision_number': 2, 'project_id': 'ecfc77691f6848039a46070427c68b2b'}
2024-12-10 20:02:06.226 66239 INFO tempest.lib.common.rest_client [req-03cd2d19-670a-4f92-8942-e5e7a02f4b53 req-03cd2d19-670a-4f92-8942-e5e7a02f4b53 ] Request (ServerMetadataNegativeTestJSON:setUpClass): 201 POST http://10.180.1.21/identity/v3/auth/tokens 0.083s
2024-12-10 20:02:06.227 66239 WARNING tempest.lib.common.rest_client [-] Deprecated: "tenant_id" property is deprecated for removal, use "project_id" instead
2024-12-10 20:02:06.254 66245 INFO tempest.lib.common.rest_client [req-1d4708cb-8558-4e9e-a199-203530add162 req-1d4708cb-8558-4e9e-a199-203530add162 ] Request (AttachInterfacesTestJSON:test_create_list_show_delete_interfaces_by_fixed_ip): 200 GET http://10.180.1.21/compute/v2.1/servers/6073fd04-afee-4fe8-bbe8-5f283c134cf7 0.709s
2024-12-10 20:02:06.271 66239 INFO tempest.lib.common.rest_client [req-56e8e2aa-e6f6-4523-902e-0632ba0a280e req-56e8e2aa-e6f6-4523-902e-0632ba0a280e ] Request (ServerMetadataNegativeTestJSON:setUpClass): 201 POST http://10.180.1.21/identity/v3/auth/tokens 0.041s
2024-12-10 20:02:06.271 66239 INFO tempest.lib.common.fixed_network [-] (ServerMetadataNegativeTestJSON:setUpClass) Found network {'id': 'e8b0c3e0-604c-41b3-9c47-7cee055a7dd7', 'name': 'tempest-ServerMetadataNegativeTestJSON-497144060-network', 'tenant_id': 'ecfc77691f6848039a46070427c68b2b', 'admin_state_up': True, 'mtu': 8950, 'status': 'ACTIVE', 'subnets': [], 'shared': False, 'project_id': 'ecfc77691f6848039a46070427c68b2b', 'port_security_enabled': True, 'router:external': False, 'provider:network_type': 'vlan', 'provider:physical_network': 'default', 'provider:segmentation_id': 809, 'availability_zone_hints': [], 'availability_zones': [], 'ipv4_address_scope': None, 'ipv6_address_scope': None, 'description': '', 'tags': [], 'created_at': '2024-12-10T20:02:02Z', 'updated_at': '2024-12-10T20:02:02Z', 'revision_number': 1} available for tenant
2024-12-10 20:02:06.338 66291 INFO tempest.lib.common.rest_client [req-8793536b-c3e0-4dad-8359-1c7c30912963 req-8793536b-c3e0-4dad-8359-1c7c30912963 ] Request (ServerRescueTestJSONUnderV235:setUpClass): 200 GET http://10.180.1.21/compute/v2.1/servers/1a49fdbd-e6e8-4337-beeb-d3f2c6b0af8c 0.743s
2024-12-10 20:02:06.367 66285 INFO tempest.lib.common.rest_client [req-39878935-60c2-40ef-8f79-eb4a86a5adad req-39878935-60c2-40ef-8f79-eb4a86a5adad ] Request (AggregatesAdminNegativeTestJSON:test_aggregate_remove_nonexistent_host): 404 POST http://10.180.1.21/compute/v2.1/os-aggregates/8/action 0.767s
2024-12-10 20:02:06.417 66287 INFO tempest.lib.common.rest_client [req-0e3b1e75-855d-43a7-9139-ae73195ecb9c req-0e3b1e75-855d-43a7-9139-ae73195ecb9c ] Request (SecurityGroupRulesTestJSON:test_security_group_rules_delete_when_peer_group_deleted): 202 DELETE http://10.180.1.21/compute/v2.1/os-security-groups/75f4a4d1-916b-49d5-9100-288cda194d27 0.843s
2024-12-10 20:02:06.464 66253 INFO tempest.lib.common.rest_client [req-9b157967-4a19-4222-9c28-65d49ef43b9d req-9b157967-4a19-4222-9c28-65d49ef43b9d ] Request (ImagesTestJSON:test_create_image_from_stopped_server): 200 GET http://10.180.1.21/compute/v2.1/images/f64e3b1a-ee51-4fc5-b7e5-720797657adb 0.733s
2024-12-10 20:02:06.547 66259 INFO tempest.lib.common.rest_client [req-02d12a30-49d6-4a90-9432-7d9b65f0b796 req-02d12a30-49d6-4a90-9432-7d9b65f0b796 ] Request (ServerExternalEventsTest:tearDownClass): 200 GET http://10.180.1.21/compute/v2.1/servers/a8ef1d4f-1369-4e14-8234-2fe1cbb27688 0.804s
2024-12-10 20:02:06.579 66267 INFO tempest.lib.common.rest_client [req-d3436d70-9f30-4eed-94f6-708f206dc60b req-d3436d70-9f30-4eed-94f6-708f206dc60b ] Request (VolumesAdminNegativeTest:test_update_attached_volume_with_nonexistent_volume_in_body): 200 GET http://10.180.1.21/compute/v2.1/servers/3fc6298e-db1d-4b87-8938-1261e2fc00d9 0.912s
2024-12-10 20:02:06.586 66267 INFO tempest.common.waiters [-] State transition "BUILD/None" ==> "BUILD/block_device_mapping" after 20 second wait
2024-12-10 20:02:06.598 66247 INFO tempest.lib.common.rest_client [req-29075e50-523e-49ed-9986-b86baba67159 req-29075e50-523e-49ed-9986-b86baba67159 ] Request (ImagesMetadataTestJSON:test_set_image_metadata): 200 GET http://10.180.1.21/compute/v2.1/images/4bd1e083-d0ca-4e59-b52c-8f21db915829/metadata 0.809s
2024-12-10 20:02:06.700 66255 INFO tempest.lib.common.rest_client [req-f5d9374a-91f3-430c-9914-2c58be8a6a43 req-f5d9374a-91f3-430c-9914-2c58be8a6a43 ] Request (ImagesOneServerTestJSON:test_create_delete_image): 204 DELETE http://10.180.1.21/compute/v2.1/images/8df055c8-3e7b-46b6-8e87-d5485dee9f80 0.891s
2024-12-10 20:02:06.739 66281 INFO tempest.lib.common.rest_client [req-c4d17271-0acd-44d7-b3a4-f9858cd4398a req-c4d17271-0acd-44d7-b3a4-f9858cd4398a ] Request (ImagesOneServerNegativeTestJSON:tearDown): 200 GET http://10.180.1.21/compute/v2.1/servers/3b78fdd6-112b-4037-9b1a-2228b7b0c0da 0.927s
2024-12-10 20:02:06.815 66295 INFO tempest.lib.common.rest_client [req-f14f187a-2ee7-41fa-b140-b7bbd05eb07e req-f14f187a-2ee7-41fa-b140-b7bbd05eb07e ] Request (TenantUsagesTestJSON:tearDownClass): 200 GET http://10.180.1.21/compute/v2.1/servers/a7779533-b163-43dd-9f60-69f64fce8885 0.915s
2024-12-10 20:02:06.822 66289 INFO tempest.lib.common.rest_client [req-1cf2844a-ac16-4212-a2df-e0dfb155ea88 req-1cf2844a-ac16-4212-a2df-e0dfb155ea88 ] Request (HostsAdminNegativeTestJSON:test_startup_host_with_non_admin_user): 403 GET http://10.180.1.21/compute/v2.1/os-hosts/devstack/startup 0.860s
2024-12-10 20:02:06.895 66241 INFO tempest.lib.common.rest_client [req-af762ec8-4537-4967-8bbc-1f0888763880 req-af762ec8-4537-4967-8bbc-1f0888763880 ] Request (AttachInterfacesV270Test:test_create_get_list_interfaces): 200 GET http://10.180.1.21/compute/v2.1/servers/a2f51bfc-1fab-496c-ac76-274ab8f49c3f 0.920s
2024-12-10 20:02:06.910 66251 INFO tempest.lib.common.rest_client [req-0e462b15-65d4-4ae8-b92d-72dc7d459793 req-0e462b15-65d4-4ae8-b92d-72dc7d459793 ] Request (QuotasAdminTestJSON:test_update_all_quota_resources_for_tenant): 200 PUT http://10.180.1.21/compute/v2.1/os-quota-sets/047d02cdc0234567b39c4da1b1336246 1.096s
2024-12-10 20:02:06.968 66265 INFO tempest.lib.common.rest_client [req-c3a283d3-175e-4050-8c0d-1a3a08637fd1 req-c3a283d3-175e-4050-8c0d-1a3a08637fd1 ] Request (ServerAddressesNegativeTestJSON:setUpClass): 200 GET http://10.180.1.21/compute/v2.1/servers/31eb31de-1d2d-45ed-8cd6-f46a7fd3e6dd 0.916s
2024-12-10 20:02:06.973 66283 INFO tempest.lib.common.rest_client [req-2bdd2cce-5764-43a7-84c2-696fea176d7a req-2bdd2cce-5764-43a7-84c2-696fea176d7a ] Request (ServerShowV254Test:test_rebuild_server): 200 GET http://10.180.1.21/compute/v2.1/servers/94774863-facf-4e99-b7ae-02ef0500fcad 0.924s
2024-12-10 20:02:07.038 66269 INFO tempest.lib.common.rest_client [req-2535a9b4-98ad-4538-bc9a-5d98406b3052 req-2535a9b4-98ad-4538-bc9a-5d98406b3052 ] Request (ServersTestFqdnHostnames:test_create_server_with_fqdn_name): 200 GET http://10.180.1.21/compute/v2.1/servers/c846f03f-5847-4c38-b654-fe7cf846f059 0.798s
2024-12-10 20:02:07.101 66299 INFO tempest.lib.common.rest_client [req-05b2b991-5d01-49de-9909-e50b83e4f29c req-05b2b991-5d01-49de-9909-e50b83e4f29c ] Request (FloatingIPsAssociationTestJSON:setUpClass): 200 GET http://10.180.1.21/compute/v2.1/servers/ab7344d3-bb0b-48f7-bcf6-37edf6daef0e 0.974s
2024-12-10 20:02:07.283 66249 INFO tempest.lib.common.rest_client [req-084c7289-1bec-4b15-b8a4-e6700368faff req-084c7289-1bec-4b15-b8a4-e6700368faff ] Request (MigrationsAdminTest:test_list_migrations_in_flavor_resize_situation): 200 GET http://10.180.1.21/compute/v2.1/servers/34828a36-3444-435b-98a2-cd82665c4ef9 0.992s
2024-12-10 20:02:07.345 66297 INFO tempest.lib.common.rest_client [req-e289dff3-4245-46ed-afe2-7cc78728ac01 req-e289dff3-4245-46ed-afe2-7cc78728ac01 ] Request (ServersAdminNegativeTestJSON:setUpClass): 200 GET http://10.180.1.21/compute/v2.1/servers/5407aef9-6270-418f-b018-fee8ef74dbe4 1.007s
2024-12-10 20:02:07.366 66285 INFO tempest.lib.common.rest_client [req-64a7927d-e796-4a95-a678-4dc35092d1cf req-64a7927d-e796-4a95-a678-4dc35092d1cf ] Request (AggregatesAdminNegativeTestJSON:_run_cleanups): 200 DELETE http://10.180.1.21/compute/v2.1/os-aggregates/8 0.999s
2024-12-10 20:02:07.429 66287 INFO tempest.lib.common.rest_client [req-e76684aa-a419-4413-924d-5ee83566e154 req-e76684aa-a419-4413-924d-5ee83566e154 ] Request (SecurityGroupRulesTestJSON:test_security_group_rules_delete_when_peer_group_deleted): 200 GET http://10.180.1.21/compute/v2.1/os-security-groups/78b56357-bf79-482b-94d6-9cb64559f933 1.011s
2024-12-10 20:02:07.501 66285 INFO tempest.lib.common.rest_client [req-4477826e-13b3-417c-8a49-06b3af9290df req-4477826e-13b3-417c-8a49-06b3af9290df ] Request (AggregatesAdminNegativeTestJSON:tearDownClass): 204 DELETE http://10.180.1.21/identity/v3/users/ac8500304f404e0b945007ce18821df1 0.132s
2024-12-10 20:02:07.515 66243 INFO tempest.lib.common.rest_client [req-d963fa0c-69d0-480e-8fd4-9f84c249ba06 req-d963fa0c-69d0-480e-8fd4-9f84c249ba06 ] Request (ServerDiagnosticsNegativeTest:tearDownClass): 200 GET http://10.180.1.21/compute/v2.1/servers/bc049f7b-e4f8-46e5-b873-58de47cae810 1.059s
2024-12-10 20:02:07.574 66271 INFO tempest.lib.common.rest_client [req-52335ee8-6dbf-43c0-8d17-d3bda3cf3025 req-52335ee8-6dbf-43c0-8d17-d3bda3cf3025 ] Request (ServerAddressesTestJSON:setUpClass): 200 GET http://10.180.1.21/compute/v2.1/servers/19cf7bed-b39d-4139-a4a2-f92fe9e350d0 1.043s
2024-12-10 20:02:07.576 66239 INFO tempest.lib.common.rest_client [req-68135a5f-c53c-4cc2-b961-d1ecfc82d8e5 req-68135a5f-c53c-4cc2-b961-d1ecfc82d8e5 ] Request (ServerMetadataNegativeTestJSON:setUpClass): 202 POST http://10.180.1.21/compute/v2.1/servers 1.304s
2024-12-10 20:02:07.582 66271 INFO tempest.common.waiters [-] State transition "BUILD/scheduling" ==> "BUILD/None" after 4 second wait
2024-12-10 20:02:07.594 66285 INFO tempest.lib.common.rest_client [req-3669d762-f857-40f7-a656-0e0701d75e53 req-3669d762-f857-40f7-a656-0e0701d75e53 ] Request (AggregatesAdminNegativeTestJSON:tearDownClass): 204 DELETE http://10.180.1.21/identity/v3/users/f6049f14bc584314aa9aba73be6dd7bc 0.093s
2024-12-10 20:02:07.594 66285 INFO tempest.lib.common.dynamic_creds [-] Deleting project and security group for project: 435861d9524849c6870072d56542661e
2024-12-10 20:02:07.672 66257 INFO tempest.lib.common.rest_client [req-7beb61d2-03d5-4a64-8610-19cdbeffeeb5 req-7beb61d2-03d5-4a64-8610-19cdbeffeeb5 ] Request (ServersAdmin275Test:tearDownClass): 200 GET http://10.180.1.21/compute/v2.1/servers/c48d86ef-48b1-480b-8aab-090a7840e481 0.984s
2024-12-10 20:02:07.683 66285 INFO tempest.lib.common.rest_client [req-4888e805-b23a-4518-9100-3775ce0cad32 req-4888e805-b23a-4518-9100-3775ce0cad32 ] Request (AggregatesAdminNegativeTestJSON:tearDownClass): 201 POST http://10.180.1.21/identity/v3/auth/tokens 0.089s
2024-12-10 20:02:07.685 66257 INFO tempest.common.waiters [-] State transition "ACTIVE/deleting" ==> "DELETED/None" after 3 second wait
2024-12-10 20:02:07.691 66255 INFO tempest.lib.common.rest_client [req-b4e1deb0-2b7f-4d6d-bf55-3dc4e76c7356 req-b4e1deb0-2b7f-4d6d-bf55-3dc4e76c7356 ] Request (ImagesOneServerTestJSON:test_create_delete_image): 404 GET http://10.180.1.21/compute/v2.1/images/8df055c8-3e7b-46b6-8e87-d5485dee9f80 0.991s
2024-12-10 20:02:07.814 66281 INFO tempest.lib.common.rest_client [req-d2056d9c-20f4-4c1b-a489-1786e515303a req-d2056d9c-20f4-4c1b-a489-1786e515303a ] Request (ImagesOneServerNegativeTestJSON:setUp): 200 GET http://10.180.1.21/compute/v2.1/servers/3b78fdd6-112b-4037-9b1a-2228b7b0c0da 1.066s
2024-12-10 20:02:07.827 66289 INFO tempest.lib.common.rest_client [req-7bbc291d-2d8c-4fb0-9df5-4a1680983cc1 req-7bbc291d-2d8c-4fb0-9df5-4a1680983cc1 ] Request (HostsAdminNegativeTestJSON:test_startup_nonexistent_host): 404 GET http://10.180.1.21/compute/v2.1/os-hosts/nonexistent_hostname/startup 1.002s
2024-12-10 20:02:07.855 66247 INFO tempest.lib.common.rest_client [req-d37a3cac-5e57-4345-a9ea-ef8d29b8802c req-d37a3cac-5e57-4345-a9ea-ef8d29b8802c ] Request (ImagesMetadataTestJSON:setUp): 200 PUT http://10.180.1.21/compute/v2.1/images/4bd1e083-d0ca-4e59-b52c-8f21db915829/metadata 1.255s
2024-12-10 20:02:07.873 66285 INFO tempest.lib.common.rest_client [req-e0f308b7-43b7-4bfe-b925-4746684e3897 req-e0f308b7-43b7-4bfe-b925-4746684e3897 ] Request (AggregatesAdminNegativeTestJSON:tearDownClass): 200 GET http://10.180.1.21:9696/networking/v2.0/security-groups?tenant_id=435861d9524849c6870072d56542661e&name=default 0.189s
2024-12-10 20:02:07.897 66279 INFO tempest.lib.common.rest_client [req-78c44c6c-ce1b-4b8d-b7b6-c81f5548ac26 req-78c44c6c-ce1b-4b8d-b7b6-c81f5548ac26 ] Request (DeleteServersAdminTestJSON:test_delete_server_while_in_error_state): 200 GET http://10.180.1.21/compute/v2.1/servers/e45f5583-5fff-41bd-bc36-027e74429264 1.017s
2024-12-10 20:02:07.963 66285 INFO tempest.lib.common.rest_client [req-dae6ce51-7640-4a68-8de3-b5069712d1d9 req-dae6ce51-7640-4a68-8de3-b5069712d1d9 ] Request (AggregatesAdminNegativeTestJSON:tearDownClass): 204 DELETE http://10.180.1.21:9696/networking/v2.0/security-groups/ff9e3c02-207d-4d7f-a543-62256b4485cc 0.090s
2024-12-10 20:02:07.964 66237 INFO tempest.lib.common.rest_client [req-800390bd-be2d-4e41-92a1-1582a69678b4 req-800390bd-be2d-4e41-92a1-1582a69678b4 ] Request (ServerDiagnosticsTest:tearDownClass): 200 GET http://10.180.1.21/compute/v2.1/servers/73d5176a-a77d-4d36-ad7c-1cc73c6f1556 1.009s
2024-12-10 20:02:08.031 66263 INFO tempest.lib.common.rest_client [req-6c63bcdb-1cca-472d-93d0-04022712c8aa req-6c63bcdb-1cca-472d-93d0-04022712c8aa ] Request (InstanceActionsNegativeTestJSON:tearDownClass): 200 GET http://10.180.1.21/compute/v2.1/servers/bb5dc6a9-7772-41b1-bcc8-eee2f3c7f5f7 0.993s
2024-12-10 20:02:08.038 66285 INFO tempest.lib.common.rest_client [req-38fcb3c3-ddfc-4e92-824c-d05676fc556a req-38fcb3c3-ddfc-4e92-824c-d05676fc556a ] Request (AggregatesAdminNegativeTestJSON:tearDownClass): 204 DELETE http://10.180.1.21/identity/v3/projects/435861d9524849c6870072d56542661e 0.074s
2024-12-10 20:02:08.039 66285 INFO tempest.lib.common.dynamic_creds [-] Deleting project and security group for project: d3239939d4bd44b7ae403c46028886dd
2024-12-10 20:02:08.043 66261 WARNING tempest.lib.common.ssh [-] Failed to establish authenticated ssh connection to cirros@10.180.180.203 ([Errno None] Unable to connect to port 22 on 10.180.180.203). Number attempts: 1. Retry after 2 seconds.: paramiko.ssh_exception.NoValidConnectionsError: [Errno None] Unable to connect to port 22 on 10.180.180.203
2024-12-10 20:02:08.171 66245 INFO tempest.lib.common.rest_client [req-54b87604-1371-4d4d-b425-5de746373f39 req-54b87604-1371-4d4d-b425-5de746373f39 ] Request (AttachInterfacesTestJSON:test_create_list_show_delete_interfaces_by_fixed_ip): 200 GET http://10.180.1.21/compute/v2.1/servers/6073fd04-afee-4fe8-bbe8-5f283c134cf7 0.908s
2024-12-10 20:02:08.174 66285 INFO tempest.lib.common.rest_client [req-44244531-2692-47cf-9f8f-03e02852399d req-44244531-2692-47cf-9f8f-03e02852399d ] Request (AggregatesAdminNegativeTestJSON:tearDownClass): 200 GET http://10.180.1.21:9696/networking/v2.0/security-groups?tenant_id=d3239939d4bd44b7ae403c46028886dd&name=default 0.135s
2024-12-10 20:02:08.199 66251 INFO tempest.lib.common.rest_client [req-9d8553e9-563d-4aeb-bd73-766b868cbd66 req-9d8553e9-563d-4aeb-bd73-766b868cbd66 ] Request (QuotasAdminTestJSON:_run_cleanups): 200 PUT http://10.180.1.21/compute/v2.1/os-quota-sets/047d02cdc0234567b39c4da1b1336246 1.287s
2024-12-10 20:02:08.248 66291 INFO tempest.lib.common.rest_client [req-aaba0ec4-d39c-49ca-be8a-a9edcfa7ad48 req-aaba0ec4-d39c-49ca-be8a-a9edcfa7ad48 ] Request (ServerRescueTestJSONUnderV235:setUpClass): 200 GET http://10.180.1.21/compute/v2.1/servers/1a49fdbd-e6e8-4337-beeb-d3f2c6b0af8c 0.902s
2024-12-10 20:02:08.298 66253 INFO tempest.lib.common.rest_client [req-554e55bb-285a-4591-b813-2b7d9eaf7e3a req-554e55bb-285a-4591-b813-2b7d9eaf7e3a ] Request (ImagesTestJSON:test_create_image_from_stopped_server): 200 GET http://10.180.1.21/compute/v2.1/images/f64e3b1a-ee51-4fc5-b7e5-720797657adb 0.827s
2024-12-10 20:02:08.347 66285 INFO tempest.lib.common.rest_client [req-1b887bb3-7792-4ba3-b66f-7397841fec5f req-1b887bb3-7792-4ba3-b66f-7397841fec5f ] Request (AggregatesAdminNegativeTestJSON:tearDownClass): 204 DELETE http://10.180.1.21:9696/networking/v2.0/security-groups/0dd25f89-941d-43f8-aa69-23cc30889f11 0.170s
