2024-12-10 20:03:05.346 66299 INFO tempest.lib.common.rest_client [req-3cb0528d-d072-4c38-9c52-2942c837fcf8 req-3cb0528d-d072-4c38-9c52-2942c837fcf8 ] Request (FloatingIPsAssociationTestJSON:test_associate_already_associated_floating_ip): 200 GET http://10.180.1.21/compute/v2.1/servers/4103f309-bdfb-488a-a904-163ccc0216e8 0.053s
2024-12-10 20:03:05.407 66253 INFO tempest.lib.common.rest_client [req-3b7c878a-ff2a-4fd5-bead-5017a3155ecb req-3b7c878a-ff2a-4fd5-bead-5017a3155ecb ] Request (ImagesTestJSON:test_create_image_from_suspended_server): 200 GET http://10.180.1.21/compute/v2.1/servers/18a1b107-48ee-4015-8c12-8ffb99fabb26 0.051s
2024-12-10 20:03:05.521 66271 INFO tempest.lib.common.rest_client [req-04df3dc7-3d8a-4925-9ed2-5c96f74b3495 req-04df3dc7-3d8a-4925-9ed2-5c96f74b3495 ] Request (ServerAddressesTestJSON:tearDownClass): 200 GET http://10.180.1.21/compute/v2.1/servers/19cf7bed-b39d-4139-a4a2-f92fe9e350d0 0.056s
2024-12-10 20:03:05.576 66243 INFO tempest.lib.common.rest_client [req-c6582413-3bde-4cc3-b77d-1bd56650d51f req-c6582413-3bde-4cc3-b77d-1bd56650d51f ] Request (ServersAdminTestJSON:setUpClass): 200 GET http://10.180.1.21/compute/v2.1/servers/b0fa6b1c-5bab-4391-ba3d-4e1584a011e7 0.053s
2024-12-10 20:03:05.591 66249 INFO tempest.lib.common.rest_client [req-84959f9f-a1d9-4aad-a663-2b6c4a73d0a0 req-84959f9f-a1d9-4aad-a663-2b6c4a73d0a0 ] Request (MigrationsAdminTest:test_list_migrations_in_flavor_resize_situation): 200 GET http://10.180.1.21/compute/v2.1/servers/34828a36-3444-435b-98a2-cd82665c4ef9 0.102s
2024-12-10 20:03:05.623 66263 INFO tempest.lib.common.rest_client [req-0f744a46-d08b-4fe3-8e1c-449efe9b0810 req-0f744a46-d08b-4fe3-8e1c-449efe9b0810 ] Request (ListServerFiltersTestJSON:setUpClass): 200 GET http://10.180.1.21/compute/v2.1/servers/b7d0868f-148b-4d9a-b070-bd882b34bc35 0.050s
2024-12-10 20:03:05.717 66237 INFO tempest.lib.common.rest_client [req-d9b42434-1963-4b34-a745-6e8d4710358c req-d9b42434-1963-4b34-a745-6e8d4710358c ] Request (ServersTestJSON:setUpClass): 200 GET http://10.180.1.21/compute/v2.1/servers/eeaafee9-6976-4796-a177-5fffaa70ee15 0.061s
2024-12-10 20:03:05.724 66279 INFO tempest.lib.common.rest_client [req-fca795ff-1860-40a9-a322-927a3ec5e034 req-fca795ff-1860-40a9-a322-927a3ec5e034 ] Request (DeleteServersAdminTestJSON:test_delete_server_while_in_error_state): 200 GET http://10.180.1.21/compute/v2.1/servers/e45f5583-5fff-41bd-bc36-027e74429264 0.058s
2024-12-10 20:03:05.787 66283 INFO tempest.lib.common.rest_client [req-9153aaae-b889-4042-9886-a76836c60345 req-9153aaae-b889-4042-9886-a76836c60345 ] Request (ServerShowV254Test:tearDownClass): 200 GET http://10.180.1.21/compute/v2.1/servers/94774863-facf-4e99-b7ae-02ef0500fcad 0.062s
2024-12-10 20:03:05.804 66247 INFO tempest.lib.common.rest_client [req-4b59407b-00a0-40f4-aa5c-d89558bd7d8c req-4b59407b-00a0-40f4-aa5c-d89558bd7d8c ] Request (ServerActionsTestJSON:setUpClass): 200 GET http://10.180.1.21/compute/v2.1/servers/9507999b-d5a3-4091-8457-a119a1726ea2 0.049s
2024-12-10 20:03:05.834 66269 WARNING tempest.lib.common.ssh [-] Failed to establish authenticated ssh connection to cirros@10.180.180.156 ([Errno None] Unable to connect to port 22 on 10.180.180.156). Number attempts: 6. Retry after 7 seconds.: paramiko.ssh_exception.NoValidConnectionsError: [Errno None] Unable to connect to port 22 on 10.180.180.156
2024-12-10 20:03:05.835 66259 INFO tempest.lib.common.rest_client [req-b49f58e7-cf51-47c9-9d43-cc985be49f87 req-b49f58e7-cf51-47c9-9d43-cc985be49f87 ] Request (SecurityGroupsTestJSON:test_list_security_groups_by_server): 200 GET http://10.180.1.21/compute/v2.1/servers/4837a7c6-6688-457e-ba85-d57b99a13ed9 0.065s
2024-12-10 20:03:05.884 66255 INFO tempest.lib.common.rest_client [req-bf0a5dd7-0018-4f5e-8e37-50d341ccc1e7 req-bf0a5dd7-0018-4f5e-8e37-50d341ccc1e7 ] Request (ImagesOneServerTestJSON:tearDownClass): 200 GET http://10.180.1.21/compute/v2.1/servers/df1dac83-ea5d-4513-a4cf-3eb11f420dc7 0.055s
2024-12-10 20:03:05.938 66281 INFO tempest.lib.common.rest_client [req-0909ad31-3029-44b1-96c8-a8ce38613c85 req-0909ad31-3029-44b1-96c8-a8ce38613c85 ] Request (ImagesOneServerNegativeTestJSON:_run_cleanups): 200 GET http://10.180.1.21/compute/v2.1/servers/3b78fdd6-112b-4037-9b1a-2228b7b0c0da 0.060s
2024-12-10 20:03:05.981 66287 INFO tempest.lib.common.rest_client [req-2b8a77aa-df3c-47b7-980f-b633ab680b5e req-2b8a77aa-df3c-47b7-980f-b633ab680b5e ] Request (ServerRescueTestJSON:setUpClass): 200 GET http://10.180.1.21/compute/v2.1/servers/970f5425-a9c9-4195-9e62-b66aaffdc05f 0.044s
2024-12-10 20:03:06.034 66297 INFO tempest.lib.common.rest_client [req-6b3b3cb1-4b96-48de-9300-3630e3f3cff8 req-6b3b3cb1-4b96-48de-9300-3630e3f3cff8 ] Request (ServersAdminNegativeTestJSON:test_migrate_server_invalid_state): 200 GET http://10.180.1.21/compute/v2.1/servers/447825a7-a6e1-4f03-942a-c5a3a7eca6ec 0.051s
2024-12-10 20:03:06.047 66291 INFO tempest.lib.common.rest_client [req-53c624df-3cf4-4dac-8553-c68dd3b960ad req-53c624df-3cf4-4dac-8553-c68dd3b960ad ] Request (ServerRescueTestJSONUnderV235:tearDownClass): 200 GET http://10.180.1.21/compute/v2.1/servers/1a49fdbd-e6e8-4337-beeb-d3f2c6b0af8c 0.095s
2024-12-10 20:03:06.089 66241 INFO tempest.lib.common.rest_client [req-96843ba3-d789-44cb-a60e-e52ab41f0804 req-96843ba3-d789-44cb-a60e-e52ab41f0804 ] Request (AttachInterfacesV270Test:tearDownClass): 200 GET http://10.180.1.21/compute/v2.1/servers/a2f51bfc-1fab-496c-ac76-274ab8f49c3f 0.077s
2024-12-10 20:03:06.226 66265 INFO tempest.lib.common.rest_client [req-1fd7c26b-0e4d-4caa-800b-e257109afa4d req-1fd7c26b-0e4d-4caa-800b-e257109afa4d ] Request (ServerAddressesNegativeTestJSON:tearDownClass): 200 GET http://10.180.1.21/compute/v2.1/servers/31eb31de-1d2d-45ed-8cd6-f46a7fd3e6dd 0.059s
2024-12-10 20:03:06.247 66295 INFO tempest.lib.common.rest_client [req-92ccbb30-a509-46bb-b3cf-6c47863eedc9 req-92ccbb30-a509-46bb-b3cf-6c47863eedc9 ] Request (FloatingIPsAssociationNegativeTestJSON:setUpClass): 200 GET http://10.180.1.21/compute/v2.1/servers/8332bd6b-dd48-4809-be1e-9102ad9eb1ce 0.100s
2024-12-10 20:03:06.272 66251 INFO tempest.lib.common.rest_client [req-5b79ec9b-2d1a-4e5f-b15c-2aca32901911 req-5b79ec9b-2d1a-4e5f-b15c-2aca32901911 ] Request (ServersTestMultiNic:test_verify_duplicate_network_nics): 200 GET http://10.180.1.21/compute/v2.1/servers/a77c7cf3-02f6-4db7-9187-ba6a7a5c452f 0.057s
2024-12-10 20:03:06.346 66289 INFO tempest.lib.common.rest_client [req-1cfbb261-7e8f-4d4c-bb5a-3d3c2d27be7c req-1cfbb261-7e8f-4d4c-bb5a-3d3c2d27be7c ] Request (ServerActionsTestOtherA:setUpClass): 200 GET http://10.180.1.21/compute/v2.1/servers/82834fab-3c1c-4451-a202-49dced9c36ac 0.053s
2024-12-10 20:03:06.404 66299 INFO tempest.lib.common.rest_client [req-a78f804c-1319-46d4-b7be-72f9ab5b6627 req-a78f804c-1319-46d4-b7be-72f9ab5b6627 ] Request (FloatingIPsAssociationTestJSON:test_associate_already_associated_floating_ip): 200 GET http://10.180.1.21/compute/v2.1/servers/4103f309-bdfb-488a-a904-163ccc0216e8 0.049s
2024-12-10 20:03:06.424 66239 INFO tempest.lib.common.rest_client [req-244dc937-34ea-444b-a505-b3e433bd2857 req-244dc937-34ea-444b-a505-b3e433bd2857 ] Request (ServerMetadataNegativeTestJSON:tearDownClass): 200 GET http://10.180.1.21/compute/v2.1/servers/3acb452f-249e-4e05-b147-735cd02bfca1 0.129s
2024-12-10 20:03:06.459 66253 INFO tempest.lib.common.rest_client [req-f246562a-db9d-4e28-8f25-08bbe165d23f req-f246562a-db9d-4e28-8f25-08bbe165d23f ] Request (ImagesTestJSON:test_create_image_from_suspended_server): 200 GET http://10.180.1.21/compute/v2.1/servers/18a1b107-48ee-4015-8c12-8ffb99fabb26 0.045s
2024-12-10 20:03:06.583 66271 INFO tempest.lib.common.rest_client [req-a0b64828-ecf8-45b8-be62-81826fdf0f5b req-a0b64828-ecf8-45b8-be62-81826fdf0f5b ] Request (ServerAddressesTestJSON:tearDownClass): 200 GET http://10.180.1.21/compute/v2.1/servers/19cf7bed-b39d-4139-a4a2-f92fe9e350d0 0.055s
2024-12-10 20:03:06.632 66243 INFO tempest.lib.common.rest_client [req-dcb9c6ee-6f2e-4723-ba28-50ee0efd030f req-dcb9c6ee-6f2e-4723-ba28-50ee0efd030f ] Request (ServersAdminTestJSON:setUpClass): 200 GET http://10.180.1.21/compute/v2.1/servers/b0fa6b1c-5bab-4391-ba3d-4e1584a011e7 0.048s
2024-12-10 20:03:06.675 66263 INFO tempest.lib.common.rest_client [req-04deaf0f-5b4e-43b1-90cf-211d0a66093e req-04deaf0f-5b4e-43b1-90cf-211d0a66093e ] Request (ListServerFiltersTestJSON:setUpClass): 200 GET http://10.180.1.21/compute/v2.1/servers/b7d0868f-148b-4d9a-b070-bd882b34bc35 0.046s
2024-12-10 20:03:06.696 66249 INFO tempest.lib.common.rest_client [req-292998df-c21e-4027-ae19-f4d7eb3022ac req-292998df-c21e-4027-ae19-f4d7eb3022ac ] Request (MigrationsAdminTest:test_list_migrations_in_flavor_resize_situation): 200 GET http://10.180.1.21/compute/v2.1/servers/34828a36-3444-435b-98a2-cd82665c4ef9 0.097s
2024-12-10 20:03:06.773 66237 INFO tempest.lib.common.rest_client [req-f301dbf9-1e09-4704-a4d2-d67ec956c610 req-f301dbf9-1e09-4704-a4d2-d67ec956c610 ] Request (ServersTestJSON:setUpClass): 200 GET http://10.180.1.21/compute/v2.1/servers/eeaafee9-6976-4796-a177-5fffaa70ee15 0.049s
2024-12-10 20:03:06.784 66279 INFO tempest.lib.common.rest_client [req-d611cdcc-2b15-46d3-b00c-191b071f09f5 req-d611cdcc-2b15-46d3-b00c-191b071f09f5 ] Request (DeleteServersAdminTestJSON:test_delete_server_while_in_error_state): 200 GET http://10.180.1.21/compute/v2.1/servers/e45f5583-5fff-41bd-bc36-027e74429264 0.053s
2024-12-10 20:03:06.817 66283 INFO tempest.lib.common.rest_client [req-a2443a5f-a449-451d-98cb-298a53d89cc5 req-a2443a5f-a449-451d-98cb-298a53d89cc5 ] Request (ServerShowV254Test:tearDownClass): 404 GET http://10.180.1.21/compute/v2.1/servers/94774863-facf-4e99-b7ae-02ef0500fcad 0.021s
2024-12-10 20:03:06.867 66247 INFO tempest.lib.common.rest_client [req-34663ff0-c5a0-4bd2-aa19-b0a484f9d9b9 req-34663ff0-c5a0-4bd2-aa19-b0a484f9d9b9 ] Request (ServerActionsTestJSON:setUpClass): 200 GET http://10.180.1.21/compute/v2.1/servers/9507999b-d5a3-4091-8457-a119a1726ea2 0.055s
2024-12-10 20:03:06.894 66259 INFO tempest.lib.common.rest_client [req-3f40c13a-a7b5-4444-9f83-b6369328c341 req-3f40c13a-a7b5-4444-9f83-b6369328c341 ] Request (SecurityGroupsTestJSON:test_list_security_groups_by_server): 200 GET http://10.180.1.21/compute/v2.1/servers/4837a7c6-6688-457e-ba85-d57b99a13ed9 0.052s
2024-12-10 20:03:06.935 66283 INFO tempest.lib.common.rest_client [req-06e1fe17-4e45-4f51-afd6-1607b252387a req-06e1fe17-4e45-4f51-afd6-1607b252387a ] Request (ServerShowV254Test:tearDownClass): 204 DELETE http://10.180.1.21/identity/v3/users/53ece1593dae4388bfe1a86eb823d2b6 0.117s
2024-12-10 20:03:06.935 66283 INFO tempest.lib.common.dynamic_creds [-] Deleting project and security group for project: ae75816f9dc4478db97f6ec5692e322d
2024-12-10 20:03:06.967 66255 INFO tempest.lib.common.rest_client [req-bef8973c-03b6-4b5e-b8ea-8ffe649bf165 req-bef8973c-03b6-4b5e-b8ea-8ffe649bf165 ] Request (ImagesOneServerTestJSON:tearDownClass): 200 GET http://10.180.1.21/compute/v2.1/servers/df1dac83-ea5d-4513-a4cf-3eb11f420dc7 0.077s
2024-12-10 20:03:06.986 66283 INFO tempest.lib.common.rest_client [req-5f690f53-acfe-42bb-9553-46058ea1607e req-5f690f53-acfe-42bb-9553-46058ea1607e ] Request (ServerShowV254Test:tearDownClass): 201 POST http://10.180.1.21/identity/v3/auth/tokens 0.051s
2024-12-10 20:03:06.999 66281 INFO tempest.lib.common.rest_client [req-3ba0f8cc-f2f5-460a-92bc-c744cacf3635 req-3ba0f8cc-f2f5-460a-92bc-c744cacf3635 ] Request (ImagesOneServerNegativeTestJSON:_run_cleanups): 200 GET http://10.180.1.21/compute/v2.1/servers/3b78fdd6-112b-4037-9b1a-2228b7b0c0da 0.054s
2024-12-10 20:03:07.038 66287 INFO tempest.lib.common.rest_client [req-b6504fcf-5fae-4773-8790-a0efd62218d2 req-b6504fcf-5fae-4773-8790-a0efd62218d2 ] Request (ServerRescueTestJSON:setUpClass): 200 GET http://10.180.1.21/compute/v2.1/servers/970f5425-a9c9-4195-9e62-b66aaffdc05f 0.050s
2024-12-10 20:03:07.094 66297 INFO tempest.lib.common.rest_client [req-b16e5be3-9b8a-4737-bc4b-0fcc840e0f95 req-b16e5be3-9b8a-4737-bc4b-0fcc840e0f95 ] Request (ServersAdminNegativeTestJSON:test_migrate_server_invalid_state): 200 GET http://10.180.1.21/compute/v2.1/servers/447825a7-a6e1-4f03-942a-c5a3a7eca6ec 0.052s
2024-12-10 20:03:07.150 66283 INFO tempest.lib.common.rest_client [req-eb5b619d-49a8-4f9f-822a-d5ed950c28da req-eb5b619d-49a8-4f9f-822a-d5ed950c28da ] Request (ServerShowV254Test:tearDownClass): 200 GET http://10.180.1.21:9696/networking/v2.0/security-groups?tenant_id=ae75816f9dc4478db97f6ec5692e322d&name=default 0.163s
2024-12-10 20:03:07.159 66241 INFO tempest.lib.common.rest_client [req-a5c49bf0-029c-4fc0-bb71-cf036955c88b req-a5c49bf0-029c-4fc0-bb71-cf036955c88b ] Request (AttachInterfacesV270Test:tearDownClass): 200 GET http://10.180.1.21/compute/v2.1/servers/a2f51bfc-1fab-496c-ac76-274ab8f49c3f 0.061s
2024-12-10 20:03:07.164 66291 INFO tempest.lib.common.rest_client [req-beb3b572-4df2-4da3-aa68-9d49ab3b715f req-beb3b572-4df2-4da3-aa68-9d49ab3b715f ] Request (ServerRescueTestJSONUnderV235:tearDownClass): 200 GET http://10.180.1.21/compute/v2.1/servers/1a49fdbd-e6e8-4337-beeb-d3f2c6b0af8c 0.110s
2024-12-10 20:03:07.220 66283 INFO tempest.lib.common.rest_client [req-0fef6448-c362-4777-95cd-45466a4c6174 req-0fef6448-c362-4777-95cd-45466a4c6174 ] Request (ServerShowV254Test:tearDownClass): 204 DELETE http://10.180.1.21:9696/networking/v2.0/security-groups/415068fe-8281-4e6e-82a3-c15b4205cb64 0.069s
2024-12-10 20:03:07.275 66283 INFO tempest.lib.common.rest_client [req-db8b7de6-e956-40f9-9255-218fd13d1e80 req-db8b7de6-e956-40f9-9255-218fd13d1e80 ] Request (ServerShowV254Test:tearDownClass): 204 DELETE http://10.180.1.21/identity/v3/projects/ae75816f9dc4478db97f6ec5692e322d 0.054s
2024-12-10 20:03:07.290 66265 INFO tempest.lib.common.rest_client [req-b0e94c9e-4b36-49f3-a86f-2c19a024779f req-b0e94c9e-4b36-49f3-a86f-2c19a024779f ] Request (ServerAddressesNegativeTestJSON:tearDownClass): 200 GET http://10.180.1.21/compute/v2.1/servers/31eb31de-1d2d-45ed-8cd6-f46a7fd3e6dd 0.056s
2024-12-10 20:03:07.333 66283 INFO tempest.lib.common.rest_client [req-7ecef770-f8c0-4d3c-ba8a-12c9ca3715a6 req-7ecef770-f8c0-4d3c-ba8a-12c9ca3715a6 ] Request (VolumesTestJSON:setUpClass): 201 POST http://10.180.1.21/identity/v3/auth/tokens 0.057s
2024-12-10 20:03:07.347 66251 INFO tempest.lib.common.rest_client [req-71747ff1-b315-434f-8e03-a7755b78cf26 req-71747ff1-b315-434f-8e03-a7755b78cf26 ] Request (ServersTestMultiNic:test_verify_duplicate_network_nics): 200 GET http://10.180.1.21/compute/v2.1/servers/a77c7cf3-02f6-4db7-9187-ba6a7a5c452f 0.064s
2024-12-10 20:03:07.356 66295 INFO tempest.lib.common.rest_client [req-a68cf853-6a61-44c8-bb61-d7df59d9bcef req-a68cf853-6a61-44c8-bb61-d7df59d9bcef ] Request (FloatingIPsAssociationNegativeTestJSON:setUpClass): 200 GET http://10.180.1.21/compute/v2.1/servers/8332bd6b-dd48-4809-be1e-9102ad9eb1ce 0.102s
2024-12-10 20:03:07.362 66283 INFO tempest.lib.common.rest_client [req-7e8ce761-b039-4d39-919e-94c45a63cae6 req-7e8ce761-b039-4d39-919e-94c45a63cae6 ] Request (VolumesTestJSON:setUpClass): 201 POST http://10.180.1.21/identity/v3/auth/tokens 0.025s
2024-12-10 20:03:07.362 66295 INFO tempest.common.waiters [-] State transition "BUILD/spawning" ==> "ACTIVE/None" after 52 second wait
2024-12-10 20:03:07.386 66283 INFO tempest.lib.common.rest_client [req-5824929f-f02c-42fd-a7f5-b8147814cd04 req-5824929f-f02c-42fd-a7f5-b8147814cd04 ] Request (VolumesTestJSON:setUpClass): 200 GET http://10.180.1.21/identity/v3/domains?name=Default 0.024s
2024-12-10 20:03:07.414 66289 INFO tempest.lib.common.rest_client [req-bc4741f8-a99a-40fe-92e7-4b2af9a5f9cd req-bc4741f8-a99a-40fe-92e7-4b2af9a5f9cd ] Request (ServerActionsTestOtherA:setUpClass): 200 GET http://10.180.1.21/compute/v2.1/servers/82834fab-3c1c-4451-a202-49dced9c36ac 0.060s
2024-12-10 20:03:07.414 66283 INFO tempest.lib.common.rest_client [req-935837b9-bcb8-40d0-8436-82cb18c1c7de req-935837b9-bcb8-40d0-8436-82cb18c1c7de ] Request (VolumesTestJSON:setUpClass): 201 POST http://10.180.1.21/identity/v3/projects 0.027s
2024-12-10 20:03:07.462 66299 INFO tempest.lib.common.rest_client [req-aa65f98c-2cc8-4b27-8f47-8011b7c9655e req-aa65f98c-2cc8-4b27-8f47-8011b7c9655e ] Request (FloatingIPsAssociationTestJSON:test_associate_already_associated_floating_ip): 200 GET http://10.180.1.21/compute/v2.1/servers/4103f309-bdfb-488a-a904-163ccc0216e8 0.051s
2024-12-10 20:03:07.464 66283 INFO tempest.lib.common.rest_client [req-3a703521-29f8-40df-b096-c022f571c176 req-3a703521-29f8-40df-b096-c022f571c176 ] Request (VolumesTestJSON:setUpClass): 201 POST http://10.180.1.21/identity/v3/users 0.049s
2024-12-10 20:03:07.481 66283 INFO tempest.lib.common.rest_client [req-03173bed-ced2-4b60-8792-ef59e63fcf21 req-03173bed-ced2-4b60-8792-ef59e63fcf21 ] Request (VolumesTestJSON:setUpClass): 200 GET http://10.180.1.21/identity/v3/roles 0.016s
2024-12-10 20:03:07.513 66283 INFO tempest.lib.common.rest_client [req-38cd74e0-6be7-4a03-b490-2f7012020f17 req-38cd74e0-6be7-4a03-b490-2f7012020f17 ] Request (VolumesTestJSON:setUpClass): 204 PUT http://10.180.1.21/identity/v3/projects/be6f241a85be474c9303eb5c213021f2/users/c8fd67292ecf4c1aad17ce1221dc0fa2/roles/f9de37e6d10d4781bc3319f625b1b137 0.031s
2024-12-10 20:03:07.513 66283 INFO tempest.lib.common.dynamic_creds [-] Dynamic test user c8fd67292ecf4c1aad17ce1221dc0fa2 is created with scope project and roles: ['member']
2024-12-10 20:03:07.513 66283 INFO tempest.lib.common.dynamic_creds [-] Acquired dynamic creds: credentials: Credentials: {'domain_id': 'default', 'domain_name': 'Default', 'username': 'tempest-VolumesTestJSON-558394877-project-member', 'project_domain_id': 'default', 'project_domain_name': 'Default', 'project_id': 'be6f241a85be474c9303eb5c213021f2', 'project_name': 'tempest-VolumesTestJSON-558394877', 'tenant_id': 'be6f241a85be474c9303eb5c213021f2', 'tenant_name': 'tempest-VolumesTestJSON-558394877', 'user_domain_id': 'default', 'user_domain_name': 'Default', 'user_id': 'c8fd67292ecf4c1aad17ce1221dc0fa2', 'system': None}, Network: None, Subnet: None, Router: None
2024-12-10 20:03:07.513 66283 INFO tempest.lib.common.dynamic_creds [-] Created isolated network resources for: credentials: Credentials: {'domain_id': 'default', 'domain_name': 'Default', 'username': 'tempest-VolumesTestJSON-558394877-project-member', 'project_domain_id': 'default', 'project_domain_name': 'Default', 'project_id': 'be6f241a85be474c9303eb5c213021f2', 'project_name': 'tempest-VolumesTestJSON-558394877', 'tenant_id': 'be6f241a85be474c9303eb5c213021f2', 'tenant_name': 'tempest-VolumesTestJSON-558394877', 'user_domain_id': 'default', 'user_domain_name': 'Default', 'user_id': 'c8fd67292ecf4c1aad17ce1221dc0fa2', 'system': None}, Network: None, Subnet: None, Router: None
2024-12-10 20:03:07.579 66283 INFO tempest.lib.common.rest_client [req-955385bf-20da-4306-9053-6236f4bcce24 req-955385bf-20da-4306-9053-6236f4bcce24 ] Request (VolumesTestJSON:setUpClass): 201 POST http://10.180.1.21/identity/v3/auth/tokens 0.063s
2024-12-10 20:03:07.594 66239 INFO tempest.lib.common.rest_client [req-1910646f-271f-4cff-81c5-89762c8b24e8 req-1910646f-271f-4cff-81c5-89762c8b24e8 ] Request (ServerMetadataNegativeTestJSON:tearDownClass): 200 GET http://10.180.1.21/compute/v2.1/servers/3acb452f-249e-4e05-b147-735cd02bfca1 0.162s
2024-12-10 20:03:07.650 66253 INFO tempest.lib.common.rest_client [req-f9bf595c-0a88-41df-9f07-4c014ec267f3 req-f9bf595c-0a88-41df-9f07-4c014ec267f3 ] Request (ImagesTestJSON:test_create_image_from_suspended_server): 200 GET http://10.180.1.21/compute/v2.1/servers/18a1b107-48ee-4015-8c12-8ffb99fabb26 0.184s
2024-12-10 20:03:07.715 66271 INFO tempest.lib.common.rest_client [req-f493ffbe-1ae2-4677-a245-1ed0b40a79a7 req-f493ffbe-1ae2-4677-a245-1ed0b40a79a7 ] Request (ServerAddressesTestJSON:tearDownClass): 200 GET http://10.180.1.21/compute/v2.1/servers/19cf7bed-b39d-4139-a4a2-f92fe9e350d0 0.124s
2024-12-10 20:03:07.772 66243 INFO tempest.lib.common.rest_client [req-8ba79128-33aa-44f7-8bde-a1caec5fc213 req-8ba79128-33aa-44f7-8bde-a1caec5fc213 ] Request (ServersAdminTestJSON:setUpClass): 200 GET http://10.180.1.21/compute/v2.1/servers/b0fa6b1c-5bab-4391-ba3d-4e1584a011e7 0.134s
2024-12-10 20:03:07.826 66263 INFO tempest.lib.common.rest_client [req-b87bb7bd-a6e1-436d-a735-f3821771b5d9 req-b87bb7bd-a6e1-436d-a735-f3821771b5d9 ] Request (ListServerFiltersTestJSON:setUpClass): 200 GET http://10.180.1.21/compute/v2.1/servers/b7d0868f-148b-4d9a-b070-bd882b34bc35 0.143s
2024-12-10 20:03:08.022 66249 INFO tempest.lib.common.rest_client [req-0def62ef-9a84-4e02-b79b-d991587ce449 req-0def62ef-9a84-4e02-b79b-d991587ce449 ] Request (MigrationsAdminTest:test_list_migrations_in_flavor_resize_situation): 200 GET http://10.180.1.21/compute/v2.1/servers/34828a36-3444-435b-98a2-cd82665c4ef9 0.319s
2024-12-10 20:03:08.049 66283 INFO tempest.lib.common.rest_client [req-7deb4d85-105a-4deb-aa6e-ac5f90f38cb6 req-7deb4d85-105a-4deb-aa6e-ac5f90f38cb6 ] Request (VolumesTestJSON:setUpClass): 202 POST http://10.180.1.21/volume/v3/volumes 0.469s
2024-12-10 20:03:08.098 66237 INFO tempest.lib.common.rest_client [req-d3cc9d80-57ee-4e18-8adc-02f0898b3be4 req-d3cc9d80-57ee-4e18-8adc-02f0898b3be4 ] Request (ServersTestJSON:setUpClass): 200 GET http://10.180.1.21/compute/v2.1/servers/eeaafee9-6976-4796-a177-5fffaa70ee15 0.318s
2024-12-10 20:03:08.113 66283 INFO tempest.lib.common.rest_client [req-248ac2f6-44f1-4092-b389-b9e0475c734d req-248ac2f6-44f1-4092-b389-b9e0475c734d ] Request (VolumesTestJSON:setUpClass): 200 GET http://10.180.1.21/volume/v3/volumes/b438b2cd-714f-442c-a8f2-7487802dc217 0.052s
2024-12-10 20:03:08.138 66261 WARNING tempest.lib.common.ssh [-] Failed to establish authenticated ssh connection to cirros@10.180.180.203 ([Errno None] Unable to connect to port 22 on 10.180.180.203). Number attempts: 8. Retry after 9 seconds.: paramiko.ssh_exception.NoValidConnectionsError: [Errno None] Unable to connect to port 22 on 10.180.180.203
2024-12-10 20:03:08.315 66279 INFO tempest.lib.common.rest_client [req-57d1039e-1d58-4b39-967c-cf744c15fe66 req-57d1039e-1d58-4b39-967c-cf744c15fe66 ] Request (DeleteServersAdminTestJSON:test_delete_server_while_in_error_state): 200 GET http://10.180.1.21/compute/v2.1/servers/e45f5583-5fff-41bd-bc36-027e74429264 0.523s
2024-12-10 20:03:08.376 66247 INFO tempest.lib.common.rest_client [req-3875f500-02c3-4eb2-b718-e27a451b825a req-3875f500-02c3-4eb2-b718-e27a451b825a ] Request (ServerActionsTestJSON:setUpClass): 200 GET http://10.180.1.21/compute/v2.1/servers/9507999b-d5a3-4091-8457-a119a1726ea2 0.500s
2024-12-10 20:03:08.451 66259 INFO tempest.lib.common.rest_client [req-d980ff14-9f27-4da7-96d5-99ab85d769ca req-d980ff14-9f27-4da7-96d5-99ab85d769ca ] Request (SecurityGroupsTestJSON:test_list_security_groups_by_server): 200 GET http://10.180.1.21/compute/v2.1/servers/4837a7c6-6688-457e-ba85-d57b99a13ed9 0.549s
2024-12-10 20:03:08.462 66259 INFO tempest.common.waiters [-] State transition "BUILD/scheduling" ==> "BUILD/None" after 31 second wait
2024-12-10 20:03:08.512 66255 INFO tempest.lib.common.rest_client [req-3589795b-9000-451e-83c4-20a41fffd556 req-3589795b-9000-451e-83c4-20a41fffd556 ] Request (ImagesOneServerTestJSON:tearDownClass): 200 GET http://10.180.1.21/compute/v2.1/servers/df1dac83-ea5d-4513-a4cf-3eb11f420dc7 0.538s
2024-12-10 20:03:08.545 66295 INFO tempest.lib.common.rest_client [req-82bb22f6-03e7-47a4-aaad-d90c863eeb10 req-82bb22f6-03e7-47a4-aaad-d90c863eeb10 ] Request (FloatingIPsAssociationNegativeTestJSON:test_associate_ip_to_server_with_floating_ip): 200 POST http://10.180.1.21/compute/v2.1/os-floating-ips 1.182s
2024-12-10 20:03:08.582 66281 INFO tempest.lib.common.rest_client [req-9febef48-46b0-4937-9d9d-2c22aad59637 req-9febef48-46b0-4937-9d9d-2c22aad59637 ] Request (ImagesOneServerNegativeTestJSON:_run_cleanups): 200 GET http://10.180.1.21/compute/v2.1/servers/3b78fdd6-112b-4037-9b1a-2228b7b0c0da 0.576s
2024-12-10 20:03:08.596 66287 INFO tempest.lib.common.rest_client [req-2f8465af-2139-40ea-9d50-29d6fc69e3c6 req-2f8465af-2139-40ea-9d50-29d6fc69e3c6 ] Request (ServerRescueTestJSON:setUpClass): 200 GET http://10.180.1.21/compute/v2.1/servers/970f5425-a9c9-4195-9e62-b66aaffdc05f 0.549s
2024-12-10 20:03:08.632 66297 INFO tempest.lib.common.rest_client [req-f7691dc9-549e-413f-8017-ccfe774302cb req-f7691dc9-549e-413f-8017-ccfe774302cb ] Request (ServersAdminNegativeTestJSON:test_migrate_server_invalid_state): 200 GET http://10.180.1.21/compute/v2.1/servers/447825a7-a6e1-4f03-942a-c5a3a7eca6ec 0.532s
2024-12-10 20:03:08.652 66241 INFO tempest.lib.common.rest_client [req-532ac490-f3d5-422f-9742-bd1fdd04a5a2 req-532ac490-f3d5-422f-9742-bd1fdd04a5a2 ] Request (AttachInterfacesV270Test:tearDownClass): 200 GET http://10.180.1.21/compute/v2.1/servers/a2f51bfc-1fab-496c-ac76-274ab8f49c3f 0.485s
2024-12-10 20:03:08.677 66291 INFO tempest.lib.common.rest_client [req-0487060f-a9c1-480e-bdfd-b5a69d0eb513 req-0487060f-a9c1-480e-bdfd-b5a69d0eb513 ] Request (ServerRescueTestJSONUnderV235:tearDownClass): 200 GET http://10.180.1.21/compute/v2.1/servers/1a49fdbd-e6e8-4337-beeb-d3f2c6b0af8c 0.507s
2024-12-10 20:03:08.702 66265 INFO tempest.lib.common.rest_client [req-88dbaaaf-9bbf-4669-99ab-062cb81b697d req-88dbaaaf-9bbf-4669-99ab-062cb81b697d ] Request (ServerAddressesNegativeTestJSON:tearDownClass): 200 GET http://10.180.1.21/compute/v2.1/servers/31eb31de-1d2d-45ed-8cd6-f46a7fd3e6dd 0.405s
2024-12-10 20:03:08.717 66251 INFO tempest.lib.common.rest_client [req-a72ce8b6-56bf-428c-b635-5876b50d0d3b req-a72ce8b6-56bf-428c-b635-5876b50d0d3b ] Request (ServersTestMultiNic:test_verify_duplicate_network_nics): 200 GET http://10.180.1.21/compute/v2.1/servers/a77c7cf3-02f6-4db7-9187-ba6a7a5c452f 0.363s
2024-12-10 20:03:08.746 66289 INFO tempest.lib.common.rest_client [req-955fd99a-84d5-45b6-9675-f7792c7dd126 req-955fd99a-84d5-45b6-9675-f7792c7dd126 ] Request (ServerActionsTestOtherA:setUpClass): 200 GET http://10.180.1.21/compute/v2.1/servers/82834fab-3c1c-4451-a202-49dced9c36ac 0.325s
2024-12-10 20:03:08.776 66299 INFO tempest.lib.common.rest_client [req-a2abf562-bd85-4f5f-bb30-3457b1e0a905 req-a2abf562-bd85-4f5f-bb30-3457b1e0a905 ] Request (FloatingIPsAssociationTestJSON:test_associate_already_associated_floating_ip): 200 GET http://10.180.1.21/compute/v2.1/servers/4103f309-bdfb-488a-a904-163ccc0216e8 0.307s
2024-12-10 20:03:08.822 66239 INFO tempest.lib.common.rest_client [req-e651be14-d638-496a-b1d5-cf10a9ef7ace req-e651be14-d638-496a-b1d5-cf10a9ef7ace ] Request (ServerMetadataNegativeTestJSON:tearDownClass): 200 GET http://10.180.1.21/compute/v2.1/servers/3acb452f-249e-4e05-b147-735cd02bfca1 0.217s
2024-12-10 20:03:08.872 66253 INFO tempest.lib.common.rest_client [req-a0edd4f3-f069-4ec3-9420-f5042eae2443 req-a0edd4f3-f069-4ec3-9420-f5042eae2443 ] Request (ImagesTestJSON:test_create_image_from_suspended_server): 200 GET http://10.180.1.21/compute/v2.1/servers/18a1b107-48ee-4015-8c12-8ffb99fabb26 0.216s
2024-12-10 20:03:08.941 66271 INFO tempest.lib.common.rest_client [req-9019429a-a920-40a2-b9b3-736377d0b19b req-9019429a-a920-40a2-b9b3-736377d0b19b ] Request (ServerAddressesTestJSON:tearDownClass): 200 GET http://10.180.1.21/compute/v2.1/servers/19cf7bed-b39d-4139-a4a2-f92fe9e350d0 0.220s
2024-12-10 20:03:08.990 66243 INFO tempest.lib.common.rest_client [req-acbd10a4-b950-45ef-9ce0-48b8bff0bd2d req-acbd10a4-b950-45ef-9ce0-48b8bff0bd2d ] Request (ServersAdminTestJSON:setUpClass): 200 GET http://10.180.1.21/compute/v2.1/servers/b0fa6b1c-5bab-4391-ba3d-4e1584a011e7 0.212s
2024-12-10 20:03:09.037 66263 INFO tempest.lib.common.rest_client [req-de96c495-7036-4c63-90ce-e4f21d9de808 req-de96c495-7036-4c63-90ce-e4f21d9de808 ] Request (ListServerFiltersTestJSON:setUpClass): 200 GET http://10.180.1.21/compute/v2.1/servers/b7d0868f-148b-4d9a-b070-bd882b34bc35 0.201s
2024-12-10 20:03:09.153 66283 INFO tempest.lib.common.rest_client [req-ce97b58d-0081-46c9-8269-aae5c8f47058 req-ce97b58d-0081-46c9-8269-aae5c8f47058 ] Request (VolumesTestJSON:setUpClass): 200 GET http://10.180.1.21/volume/v3/volumes/b438b2cd-714f-442c-a8f2-7487802dc217 0.032s
2024-12-10 20:03:09.162 66283 INFO tempest.common.waiters [-] volume b438b2cd-714f-442c-a8f2-7487802dc217 reached available after waiting for 1.162434 seconds
2024-12-10 20:03:09.241 66249 INFO tempest.lib.common.rest_client [req-08c47851-5fb6-4ca7-8b87-1328d3105c50 req-08c47851-5fb6-4ca7-8b87-1328d3105c50 ] Request (MigrationsAdminTest:test_list_migrations_in_flavor_resize_situation): 200 GET http://10.180.1.21/compute/v2.1/servers/34828a36-3444-435b-98a2-cd82665c4ef9 0.212s
2024-12-10 20:03:09.296 66237 INFO tempest.lib.common.rest_client [req-8eae8dd5-c513-4ee8-a14a-ea46f0bba8b6 req-8eae8dd5-c513-4ee8-a14a-ea46f0bba8b6 ] Request (ServersTestJSON:setUpClass): 200 GET http://10.180.1.21/compute/v2.1/servers/eeaafee9-6976-4796-a177-5fffaa70ee15 0.189s
2024-12-10 20:03:09.336 66283 INFO tempest.lib.common.rest_client [req-5356adae-dd80-45da-bde5-edee057b0cc0 req-5356adae-dd80-45da-bde5-edee057b0cc0 ] Request (VolumesTestJSON:setUpClass): 200 GET http://10.180.1.21/compute/v2.1/os-volumes/b438b2cd-714f-442c-a8f2-7487802dc217 0.169s
2024-12-10 20:03:09.401 66279 INFO tempest.lib.common.rest_client [req-36ef63a6-89d4-4fa9-ad79-9e2f303d5df7 req-36ef63a6-89d4-4fa9-ad79-9e2f303d5df7 ] Request (DeleteServersAdminTestJSON:test_delete_server_while_in_error_state): 200 GET http://10.180.1.21/compute/v2.1/servers/e45f5583-5fff-41bd-bc36-027e74429264 0.079s
2024-12-10 20:03:09.462 66247 INFO tempest.lib.common.rest_client [req-7ca6e533-5b3c-4c6c-9905-a085cd4587e6 req-7ca6e533-5b3c-4c6c-9905-a085cd4587e6 ] Request (ServerActionsTestJSON:setUpClass): 200 GET http://10.180.1.21/compute/v2.1/servers/9507999b-d5a3-4091-8457-a119a1726ea2 0.079s
2024-12-10 20:03:09.489 66283 INFO tempest.lib.common.rest_client [req-d264877e-fd6c-428c-86be-94c63848d4fc req-d264877e-fd6c-428c-86be-94c63848d4fc ] Request (VolumesTestJSON:setUpClass): 202 POST http://10.180.1.21/volume/v3/volumes 0.151s
2024-12-10 20:03:09.520 66283 INFO tempest.lib.common.rest_client [req-89b6dd5c-fbbf-4a10-b556-900168606d47 req-89b6dd5c-fbbf-4a10-b556-900168606d47 ] Request (VolumesTestJSON:setUpClass): 200 GET http://10.180.1.21/volume/v3/volumes/70f06797-6d4b-4a68-932c-ec1b7259a38c 0.026s
2024-12-10 20:03:09.525 66259 INFO tempest.lib.common.rest_client [req-bbc206aa-9a32-4cde-b3d9-3297b03f02f5 req-bbc206aa-9a32-4cde-b3d9-3297b03f02f5 ] Request (SecurityGroupsTestJSON:test_list_security_groups_by_server): 200 GET http://10.180.1.21/compute/v2.1/servers/4837a7c6-6688-457e-ba85-d57b99a13ed9 0.062s
2024-12-10 20:03:09.542 66255 INFO tempest.lib.common.rest_client [req-c06e8774-bd52-471d-a0e6-4f05a4008754 req-c06e8774-bd52-471d-a0e6-4f05a4008754 ] Request (ImagesOneServerTestJSON:tearDownClass): 404 GET http://10.180.1.21/compute/v2.1/servers/df1dac83-ea5d-4513-a4cf-3eb11f420dc7 0.022s
2024-12-10 20:03:09.616 66281 INFO tempest.lib.common.rest_client [req-009b379f-5b39-4fcc-a1c0-bc6f2213b267 req-009b379f-5b39-4fcc-a1c0-bc6f2213b267 ] Request (ImagesOneServerNegativeTestJSON:_run_cleanups): 404 GET http://10.180.1.21/compute/v2.1/servers/3b78fdd6-112b-4037-9b1a-2228b7b0c0da 0.026s
2024-12-10 20:03:09.685 66287 INFO tempest.lib.common.rest_client [req-8dfbbcf9-569a-45b7-b96d-68b6face5cc5 req-8dfbbcf9-569a-45b7-b96d-68b6face5cc5 ] Request (ServerRescueTestJSON:setUpClass): 200 GET http://10.180.1.21/compute/v2.1/servers/970f5425-a9c9-4195-9e62-b66aaffdc05f 0.083s
2024-12-10 20:03:09.722 66281 INFO tempest.lib.common.rest_client [req-851c9a21-764b-47d3-97c5-bd862bb6f042 req-851c9a21-764b-47d3-97c5-bd862bb6f042 ] Request (ImagesOneServerNegativeTestJSON:_run_cleanups): 200 POST http://10.180.1.21/compute/v2.1/os-keypairs 0.104s
2024-12-10 20:03:09.792 66297 INFO tempest.lib.common.rest_client [req-da8fc48f-2a01-4a8d-af56-c1c77cc0230c req-da8fc48f-2a01-4a8d-af56-c1c77cc0230c ] Request (ServersAdminNegativeTestJSON:test_migrate_server_invalid_state): 200 GET http://10.180.1.21/compute/v2.1/servers/447825a7-a6e1-4f03-942a-c5a3a7eca6ec 0.153s
2024-12-10 20:03:09.840 66281 INFO tempest.lib.common.rest_client [req-de99176f-477d-4d51-bea0-d845dab40c58 req-de99176f-477d-4d51-bea0-d845dab40c58 ] Request (ImagesOneServerNegativeTestJSON:_run_cleanups): 201 POST http://10.180.1.21:9696/networking/v2.0/security-groups 0.117s
2024-12-10 20:03:09.874 66241 INFO tempest.lib.common.rest_client [req-41d9f288-df5a-432a-b8c2-d0ee5ca6e6e7 req-41d9f288-df5a-432a-b8c2-d0ee5ca6e6e7 ] Request (AttachInterfacesV270Test:tearDownClass): 200 GET http://10.180.1.21/compute/v2.1/servers/a2f51bfc-1fab-496c-ac76-274ab8f49c3f 0.212s
2024-12-10 20:03:09.928 66295 INFO tempest.lib.common.rest_client [req-53444c35-a57f-4e83-9758-d7f68629d5f7 req-53444c35-a57f-4e83-9758-d7f68629d5f7 ] Request (FloatingIPsAssociationNegativeTestJSON:test_associate_ip_to_server_with_floating_ip): 202 POST http://10.180.1.21/compute/v2.1/servers/8332bd6b-dd48-4809-be1e-9102ad9eb1ce/action 1.381s
2024-12-10 20:03:09.947 66281 INFO tempest.lib.common.rest_client [req-8d3e7a81-2717-47fa-90f7-1e86ca919799 req-8d3e7a81-2717-47fa-90f7-1e86ca919799 ] Request (ImagesOneServerNegativeTestJSON:_run_cleanups): 201 POST http://10.180.1.21:9696/networking/v2.0/security-group-rules 0.107s
2024-12-10 20:03:09.962 66291 INFO tempest.lib.common.rest_client [req-07a68a1a-0117-44f7-bff0-cc1aecb9c922 req-07a68a1a-0117-44f7-bff0-cc1aecb9c922 ] Request (ServerRescueTestJSONUnderV235:tearDownClass): 200 GET http://10.180.1.21/compute/v2.1/servers/1a49fdbd-e6e8-4337-beeb-d3f2c6b0af8c 0.276s
2024-12-10 20:03:09.969 66291 INFO tempest.common.waiters [-] State transition "RESCUE/deleting" ==> "DELETED/None" after 6 second wait
2024-12-10 20:03:10.034 66265 INFO tempest.lib.common.rest_client [req-a3dbed34-2145-44cb-bc61-9f8517807f3d req-a3dbed34-2145-44cb-bc61-9f8517807f3d ] Request (ServerAddressesNegativeTestJSON:tearDownClass): 200 GET http://10.180.1.21/compute/v2.1/servers/31eb31de-1d2d-45ed-8cd6-f46a7fd3e6dd 0.325s
2024-12-10 20:03:10.041 66251 INFO tempest.lib.common.rest_client [req-62b83de4-cf98-46b9-9580-c4a15cbf2577 req-62b83de4-cf98-46b9-9580-c4a15cbf2577 ] Request (ServersTestMultiNic:test_verify_duplicate_network_nics): 200 GET http://10.180.1.21/compute/v2.1/servers/a77c7cf3-02f6-4db7-9187-ba6a7a5c452f 0.314s
2024-12-10 20:03:10.052 66251 INFO tempest.common.waiters [-] State transition "BUILD/None" ==> "BUILD/networking" after 52 second wait
2024-12-10 20:03:10.063 66281 INFO tempest.lib.common.rest_client [req-92c87593-9c4d-40e7-97c4-fdbe783393c9 req-92c87593-9c4d-40e7-97c4-fdbe783393c9 ] Request (ImagesOneServerNegativeTestJSON:_run_cleanups): 201 POST http://10.180.1.21:9696/networking/v2.0/security-group-rules 0.115s
2024-12-10 20:03:10.137 66289 INFO tempest.lib.common.rest_client [req-74e730e7-44d5-4297-9774-38f3f0ee0785 req-74e730e7-44d5-4297-9774-38f3f0ee0785 ] Request (ServerActionsTestOtherA:setUpClass): 200 GET http://10.180.1.21/compute/v2.1/servers/82834fab-3c1c-4451-a202-49dced9c36ac 0.383s
2024-12-10 20:03:10.145 66299 INFO tempest.lib.common.rest_client [req-d1458ae7-9a35-4ef3-9d0d-060f52305ffb req-d1458ae7-9a35-4ef3-9d0d-060f52305ffb ] Request (FloatingIPsAssociationTestJSON:test_associate_already_associated_floating_ip): 200 GET http://10.180.1.21/compute/v2.1/servers/4103f309-bdfb-488a-a904-163ccc0216e8 0.361s
2024-12-10 20:03:10.216 66253 INFO tempest.lib.common.rest_client [req-7dfe9ee7-5195-4e73-bf9a-ba8404e833e9 req-7dfe9ee7-5195-4e73-bf9a-ba8404e833e9 ] Request (ImagesTestJSON:test_create_image_from_suspended_server): 200 GET http://10.180.1.21/compute/v2.1/servers/18a1b107-48ee-4015-8c12-8ffb99fabb26 0.336s
2024-12-10 20:03:10.217 66239 INFO tempest.lib.common.rest_client [req-b65b7fb2-53b4-47ee-9d5a-0cc814f0fe30 req-b65b7fb2-53b4-47ee-9d5a-0cc814f0fe30 ] Request (ServerMetadataNegativeTestJSON:tearDownClass): 200 GET http://10.180.1.21/compute/v2.1/servers/3acb452f-249e-4e05-b147-735cd02bfca1 0.388s
2024-12-10 20:03:10.225 66239 INFO tempest.common.waiters [-] State transition "ACTIVE/deleting" ==> "DELETED/None" after 6 second wait
2024-12-10 20:03:10.290 66271 INFO tempest.lib.common.rest_client [req-288dde43-e620-497a-8fd6-f212e072b540 req-288dde43-e620-497a-8fd6-f212e072b540 ] Request (ServerAddressesTestJSON:tearDownClass): 200 GET http://10.180.1.21/compute/v2.1/servers/19cf7bed-b39d-4139-a4a2-f92fe9e350d0 0.341s
2024-12-10 20:03:10.357 66243 INFO tempest.lib.common.rest_client [req-13a301e1-9311-4b26-9521-3ac61dfbc992 req-13a301e1-9311-4b26-9521-3ac61dfbc992 ] Request (ServersAdminTestJSON:setUpClass): 200 GET http://10.180.1.21/compute/v2.1/servers/b0fa6b1c-5bab-4391-ba3d-4e1584a011e7 0.359s
2024-12-10 20:03:10.416 66281 INFO tempest.lib.common.rest_client [req-f109545b-b3c2-42c6-88d5-ca64d4f68f5b req-f109545b-b3c2-42c6-88d5-ca64d4f68f5b ] Request (ImagesOneServerNegativeTestJSON:_run_cleanups): 201 POST http://10.180.1.21:9696/networking/v2.0/floatingips 0.352s
2024-12-10 20:03:10.433 66263 INFO tempest.lib.common.rest_client [req-575d2f56-fefb-4779-b08d-1c07c7102ed8 req-575d2f56-fefb-4779-b08d-1c07c7102ed8 ] Request (ListServerFiltersTestJSON:setUpClass): 200 GET http://10.180.1.21/compute/v2.1/servers/b7d0868f-148b-4d9a-b070-bd882b34bc35 0.389s
2024-12-10 20:03:10.486 66281 INFO tempest.lib.common.rest_client [req-c3495e06-ead6-4ff0-bad5-33534e61bedd req-c3495e06-ead6-4ff0-bad5-33534e61bedd ] Request (ImagesOneServerNegativeTestJSON:_run_cleanups): 201 POST http://10.180.1.21/identity/v3/auth/tokens 0.066s
2024-12-10 20:03:10.486 66281 INFO tempest.lib.common.fixed_network [-] (ImagesOneServerNegativeTestJSON:_run_cleanups) Found network {'id': 'dde653ed-e241-43fb-a29a-8874ce81a6f4', 'name': 'tempest-ImagesOneServerNegativeTestJSON-2010813893-network', 'tenant_id': '928fbc51b1534ddf9371dc2db4a3d9ca', 'admin_state_up': True, 'mtu': 8950, 'status': 'ACTIVE', 'subnets': [], 'shared': False, 'project_id': '928fbc51b1534ddf9371dc2db4a3d9ca', 'port_security_enabled': True, 'router:external': False, 'provider:network_type': 'vlan', 'provider:physical_network': 'default', 'provider:segmentation_id': 551, 'availability_zone_hints': [], 'availability_zones': [], 'ipv4_address_scope': None, 'ipv6_address_scope': None, 'description': '', 'tags': [], 'created_at': '2024-12-10T20:01:22Z', 'updated_at': '2024-12-10T20:01:22Z', 'revision_number': 1} available for tenant
2024-12-10 20:03:10.556 66283 INFO tempest.lib.common.rest_client [req-0770aef3-3f75-4aa5-86d9-ca5e6b53d40c req-0770aef3-3f75-4aa5-86d9-ca5e6b53d40c ] Request (VolumesTestJSON:setUpClass): 200 GET http://10.180.1.21/volume/v3/volumes/70f06797-6d4b-4a68-932c-ec1b7259a38c 0.029s
2024-12-10 20:03:10.563 66283 INFO tempest.common.waiters [-] volume 70f06797-6d4b-4a68-932c-ec1b7259a38c reached available after waiting for 1.563249 seconds
2024-12-10 20:03:10.658 66249 INFO tempest.lib.common.rest_client [req-af64d8ce-07c9-44be-832f-a58dd10d0ebd req-af64d8ce-07c9-44be-832f-a58dd10d0ebd ] Request (MigrationsAdminTest:test_list_migrations_in_flavor_resize_situation): 200 GET http://10.180.1.21/compute/v2.1/servers/34828a36-3444-435b-98a2-cd82665c4ef9 0.406s
2024-12-10 20:03:10.729 66237 INFO tempest.lib.common.rest_client [req-25d7fa76-bb3d-47a0-a0e8-acd07f4830cd req-25d7fa76-bb3d-47a0-a0e8-acd07f4830cd ] Request (ServersTestJSON:setUpClass): 200 GET http://10.180.1.21/compute/v2.1/servers/eeaafee9-6976-4796-a177-5fffaa70ee15 0.426s
2024-12-10 20:03:10.807 66279 INFO tempest.lib.common.rest_client [req-1b07bf04-1228-4bdf-a3bf-a422e3b2deeb req-1b07bf04-1228-4bdf-a3bf-a422e3b2deeb ] Request (DeleteServersAdminTestJSON:test_delete_server_while_in_error_state): 200 GET http://10.180.1.21/compute/v2.1/servers/e45f5583-5fff-41bd-bc36-027e74429264 0.396s
2024-12-10 20:03:10.878 66247 INFO tempest.lib.common.rest_client [req-64853ff9-bd7e-4718-a04e-63b1b7f00e72 req-64853ff9-bd7e-4718-a04e-63b1b7f00e72 ] Request (ServerActionsTestJSON:setUpClass): 200 GET http://10.180.1.21/compute/v2.1/servers/9507999b-d5a3-4091-8457-a119a1726ea2 0.409s
2024-12-10 20:03:11.146 66245 WARNING tempest.lib.common.ssh [-] Failed to establish authenticated ssh connection to cirros@10.180.180.228 ([Errno None] Unable to connect to port 22 on 10.180.180.228). Number attempts: 7. Retry after 8 seconds.: paramiko.ssh_exception.NoValidConnectionsError: [Errno None] Unable to connect to port 22 on 10.180.180.228
2024-12-10 20:03:11.617 66255 INFO tempest.lib.common.rest_client [req-dd56b7d0-a838-4cea-a67f-50f763bec907 req-dd56b7d0-a838-4cea-a67f-50f763bec907 ] Request (ImagesOneServerTestJSON:tearDownClass): 200 PUT http://10.180.1.21:9696/networking/v2.0/routers/05948a22-9140-4deb-a4af-ee95d0301549/remove_router_interface 2.075s
2024-12-10 20:03:11.729 66281 INFO tempest.lib.common.rest_client [req-72a7575d-6a22-4e2f-87ee-63d349fcd02a req-72a7575d-6a22-4e2f-87ee-63d349fcd02a ] Request (ImagesOneServerNegativeTestJSON:_run_cleanups): 202 POST http://10.180.1.21/compute/v2.1/servers 1.242s
2024-12-10 20:03:11.758 66295 INFO tempest.lib.common.rest_client [req-17a5accc-cd8e-4020-b106-15312210b1ac req-17a5accc-cd8e-4020-b106-15312210b1ac ] Request (FloatingIPsAssociationNegativeTestJSON:test_associate_ip_to_server_with_floating_ip): 200 POST http://10.180.1.21/compute/v2.1/os-floating-ips 1.829s
2024-12-10 20:03:11.795 66259 INFO tempest.lib.common.rest_client [req-6bb6502d-8def-4083-9f08-119d0ee64017 req-6bb6502d-8def-4083-9f08-119d0ee64017 ] Request (SecurityGroupsTestJSON:test_list_security_groups_by_server): 200 GET http://10.180.1.21/compute/v2.1/servers/4837a7c6-6688-457e-ba85-d57b99a13ed9 1.264s
2024-12-10 20:03:11.803 66283 INFO tempest.lib.common.rest_client [req-3c720bc9-e84a-4445-ac68-490ce07eadd6 req-3c720bc9-e84a-4445-ac68-490ce07eadd6 ] Request (VolumesTestJSON:setUpClass): 200 GET http://10.180.1.21/compute/v2.1/os-volumes/70f06797-6d4b-4a68-932c-ec1b7259a38c 1.240s
2024-12-10 20:03:11.865 66287 INFO tempest.lib.common.rest_client [req-762a4556-d3d1-467c-9a05-52c4b76d1cdd req-762a4556-d3d1-467c-9a05-52c4b76d1cdd ] Request (ServerRescueTestJSON:setUpClass): 200 GET http://10.180.1.21/compute/v2.1/servers/970f5425-a9c9-4195-9e62-b66aaffdc05f 1.171s
2024-12-10 20:03:11.906 66297 INFO tempest.lib.common.rest_client [req-6bc60f2c-bef2-4b06-9593-d8016027e0e5 req-6bc60f2c-bef2-4b06-9593-d8016027e0e5 ] Request (ServersAdminNegativeTestJSON:test_migrate_server_invalid_state): 200 GET http://10.180.1.21/compute/v2.1/servers/447825a7-a6e1-4f03-942a-c5a3a7eca6ec 1.107s
2024-12-10 20:03:11.959 66241 INFO tempest.lib.common.rest_client [req-25ee48cc-df71-45bb-a714-5f129fa6c04e req-25ee48cc-df71-45bb-a714-5f129fa6c04e ] Request (AttachInterfacesV270Test:tearDownClass): 200 GET http://10.180.1.21/compute/v2.1/servers/a2f51bfc-1fab-496c-ac76-274ab8f49c3f 1.071s
2024-12-10 20:03:11.965 66283 INFO tempest.lib.common.rest_client [req-33167482-3b55-4070-8d5e-d2349ef2fa5f req-33167482-3b55-4070-8d5e-d2349ef2fa5f ] Request (VolumesTestJSON:setUpClass): 202 POST http://10.180.1.21/volume/v3/volumes 0.159s
2024-12-10 20:03:11.974 66291 INFO tempest.lib.common.rest_client [req-46a586c2-43ab-4584-8cfc-875f967d6131 req-46a586c2-43ab-4584-8cfc-875f967d6131 ] Request (ServerRescueTestJSONUnderV235:tearDownClass): 200 GET http://10.180.1.21/compute/v2.1/servers/1a49fdbd-e6e8-4337-beeb-d3f2c6b0af8c 1.004s
2024-12-10 20:03:12.005 66283 INFO tempest.lib.common.rest_client [req-eaa01fc5-88bc-446c-8f2e-055188eb8a18 req-eaa01fc5-88bc-446c-8f2e-055188eb8a18 ] Request (VolumesTestJSON:setUpClass): 200 GET http://10.180.1.21/volume/v3/volumes/7b7753a3-13fa-4d1e-ad30-d2ffb3ae855c 0.033s
2024-12-10 20:03:12.041 66265 INFO tempest.lib.common.rest_client [req-19023390-1318-44f3-897b-b9f630a6d3af req-19023390-1318-44f3-897b-b9f630a6d3af ] Request (ServerAddressesNegativeTestJSON:tearDownClass): 200 GET http://10.180.1.21/compute/v2.1/servers/31eb31de-1d2d-45ed-8cd6-f46a7fd3e6dd 0.997s
2024-12-10 20:03:12.180 66255 INFO tempest.lib.common.rest_client [req-75f1c22c-68dd-4ca1-8d0f-ea2cfa2f2d4a req-75f1c22c-68dd-4ca1-8d0f-ea2cfa2f2d4a ] Request (ImagesOneServerTestJSON:tearDownClass): 204 DELETE http://10.180.1.21:9696/networking/v2.0/routers/05948a22-9140-4deb-a4af-ee95d0301549 0.563s
2024-12-10 20:03:12.230 66251 INFO tempest.lib.common.rest_client [req-6d7f8c7a-51d0-41f6-be5b-865af19a5f88 req-6d7f8c7a-51d0-41f6-be5b-865af19a5f88 ] Request (ServersTestMultiNic:test_verify_duplicate_network_nics): 200 GET http://10.180.1.21/compute/v2.1/servers/a77c7cf3-02f6-4db7-9187-ba6a7a5c452f 1.177s
2024-12-10 20:03:12.238 66251 INFO tempest.common.waiters [-] State transition "BUILD/networking" ==> "BUILD/spawning" after 54 second wait
2024-12-10 20:03:12.294 66255 INFO tempest.lib.common.rest_client [req-f6bc75e3-7654-4fc6-8bb4-7a5fddd771c8 req-f6bc75e3-7654-4fc6-8bb4-7a5fddd771c8 ] Request (ImagesOneServerTestJSON:tearDownClass): 204 DELETE http://10.180.1.21:9696/networking/v2.0/subnets/d32b9cff-8156-405b-b88f-02e49a61f1a1 0.113s
2024-12-10 20:03:12.297 66289 INFO tempest.lib.common.rest_client [req-b70434cc-51e3-4a6c-b080-2b298c850ae6 req-b70434cc-51e3-4a6c-b080-2b298c850ae6 ] Request (ServerActionsTestOtherA:setUpClass): 200 GET http://10.180.1.21/compute/v2.1/servers/82834fab-3c1c-4451-a202-49dced9c36ac 1.152s
2024-12-10 20:03:12.359 66299 INFO tempest.lib.common.rest_client [req-b08b6d20-948a-46be-bf14-6605a9cba5e6 req-b08b6d20-948a-46be-bf14-6605a9cba5e6 ] Request (FloatingIPsAssociationTestJSON:test_associate_already_associated_floating_ip): 200 GET http://10.180.1.21/compute/v2.1/servers/4103f309-bdfb-488a-a904-163ccc0216e8 1.207s
2024-12-10 20:03:12.370 66299 INFO tempest.common.waiters [-] State transition "BUILD/None" ==> "BUILD/networking" after 53 second wait
2024-12-10 20:03:12.427 66253 INFO tempest.lib.common.rest_client [req-1a66f96c-7d0b-4fbc-8c2f-4b5c1481971b req-1a66f96c-7d0b-4fbc-8c2f-4b5c1481971b ] Request (ImagesTestJSON:test_create_image_from_suspended_server): 200 GET http://10.180.1.21/compute/v2.1/servers/18a1b107-48ee-4015-8c12-8ffb99fabb26 1.203s
2024-12-10 20:03:12.493 66239 INFO tempest.lib.common.rest_client [req-a1b51461-079a-4e33-babc-83c02636e405 req-a1b51461-079a-4e33-babc-83c02636e405 ] Request (ServerMetadataNegativeTestJSON:tearDownClass): 200 GET http://10.180.1.21/compute/v2.1/servers/3acb452f-249e-4e05-b147-735cd02bfca1 1.267s
2024-12-10 20:03:12.560 66271 INFO tempest.lib.common.rest_client [req-57672573-cb4b-4b54-9860-138e13ecf4df req-57672573-cb4b-4b54-9860-138e13ecf4df ] Request (ServerAddressesTestJSON:tearDownClass): 200 GET http://10.180.1.21/compute/v2.1/servers/19cf7bed-b39d-4139-a4a2-f92fe9e350d0 1.259s
2024-12-10 20:03:12.573 66285 INFO tempest.lib.common.rest_client [req-8bdb8618-4170-43fb-9ac7-1e1c437834b7 req-8bdb8618-4170-43fb-9ac7-1e1c437834b7 ] Request (ServerDiagnosticsV248Test:test_get_server_diagnostics): 200 GET http://10.180.1.21/compute/v2.1/servers/31ae588a-dfd8-4f45-b862-0c6222702a84/diagnostics 1.457s
2024-12-10 20:03:12.627 66243 INFO tempest.lib.common.rest_client [req-33f08ceb-6bca-4a72-8487-1a4684395bc2 req-33f08ceb-6bca-4a72-8487-1a4684395bc2 ] Request (ServersAdminTestJSON:setUpClass): 200 GET http://10.180.1.21/compute/v2.1/servers/b0fa6b1c-5bab-4391-ba3d-4e1584a011e7 1.258s
2024-12-10 20:03:12.640 66263 INFO tempest.lib.common.rest_client [req-32d39fc2-d3d8-4503-83a6-aeb6e16020b1 req-32d39fc2-d3d8-4503-83a6-aeb6e16020b1 ] Request (ListServerFiltersTestJSON:setUpClass): 200 GET http://10.180.1.21/compute/v2.1/servers/b7d0868f-148b-4d9a-b070-bd882b34bc35 1.198s
2024-12-10 20:03:12.676 66255 INFO tempest.lib.common.rest_client [req-b1c584d2-204e-41fe-b6f9-db76c0b355ec req-b1c584d2-204e-41fe-b6f9-db76c0b355ec ] Request (ImagesOneServerTestJSON:tearDownClass): 204 DELETE http://10.180.1.21:9696/networking/v2.0/networks/02256b52-775f-4283-b872-d6ec7c40acc4 0.381s
2024-12-10 20:03:12.706 66281 INFO tempest.lib.common.rest_client [req-65cc43e9-eef3-4019-a238-6aa2d328b697 req-65cc43e9-eef3-4019-a238-6aa2d328b697 ] Request (ImagesOneServerNegativeTestJSON:_run_cleanups): 200 GET http://10.180.1.21/compute/v2.1/servers/fa4dfbf7-948e-45df-9f11-dbabe8051577 0.975s
2024-12-10 20:03:12.771 66237 INFO tempest.lib.common.rest_client [req-5fa276a5-654d-4f63-9bf6-7606d0fcdc8e req-5fa276a5-654d-4f63-9bf6-7606d0fcdc8e ] Request (ServersTestJSON:setUpClass): 200 GET http://10.180.1.21/compute/v2.1/servers/eeaafee9-6976-4796-a177-5fffaa70ee15 1.035s
2024-12-10 20:03:12.781 66249 INFO tempest.lib.common.rest_client [req-4cb6ff52-a7e2-4d7d-8a82-2143c2732a22 req-4cb6ff52-a7e2-4d7d-8a82-2143c2732a22 ] Request (MigrationsAdminTest:test_list_migrations_in_flavor_resize_situation): 200 GET http://10.180.1.21/compute/v2.1/servers/34828a36-3444-435b-98a2-cd82665c4ef9 1.114s
2024-12-10 20:03:12.835 66255 INFO tempest.lib.common.rest_client [req-0689fd11-84c9-4749-9d91-0cd0eb13b0fb req-0689fd11-84c9-4749-9d91-0cd0eb13b0fb ] Request (ImagesOneServerTestJSON:tearDownClass): 204 DELETE http://10.180.1.21/identity/v3/users/35b60220d3154c729ba351ff1bcd77c4 0.158s
2024-12-10 20:03:12.835 66255 INFO tempest.lib.common.dynamic_creds [-] Deleting project and security group for project: a05b6446f3dc4313a49f8dc034ff4e86
2024-12-10 20:03:12.864 66279 INFO tempest.lib.common.rest_client [req-16757935-63dd-4b8a-b7fa-e54b3f030801 req-16757935-63dd-4b8a-b7fa-e54b3f030801 ] Request (DeleteServersAdminTestJSON:test_delete_server_while_in_error_state): 200 GET http://10.180.1.21/compute/v2.1/servers/e45f5583-5fff-41bd-bc36-027e74429264 1.049s
2024-12-10 20:03:12.940 66255 INFO tempest.lib.common.rest_client [req-aacd36bb-613d-40f6-93f5-7e714cb01f62 req-aacd36bb-613d-40f6-93f5-7e714cb01f62 ] Request (ImagesOneServerTestJSON:tearDownClass): 200 GET http://10.180.1.21:9696/networking/v2.0/security-groups?tenant_id=a05b6446f3dc4313a49f8dc034ff4e86&name=default 0.104s
