2024-12-10 21:52:09.084 65076 INFO tempest.lib.common.rest_client [req-8271adc4-f14c-4907-8abd-42961eceae32 req-8271adc4-f14c-4907-8abd-42961eceae32 ] Request (ImagesTestJSON:setUpClass): 201 POST http://10.180.1.21/identity/v3/auth/tokens 0.031s
2024-12-10 21:52:09.096 65112 INFO tempest.lib.common.rest_client [req-9cd21c16-2b17-4b2e-914c-c9fd97ee8b07 req-9cd21c16-2b17-4b2e-914c-c9fd97ee8b07 ] Request (VolumesAssistedSnapshotsTest:test_volume_assisted_snapshot_create_delete): 200 GET http://10.180.1.21/compute/v2.1/servers/31be046d-be83-42b0-a594-21849b0d577f 1.803s
2024-12-10 21:52:09.105 65112 INFO tempest.common.waiters [-] State transition "BUILD/spawning" ==> "ACTIVE/None" after 21 second wait
2024-12-10 21:52:09.108 65098 INFO tempest.lib.common.rest_client [req-8c257491-15e9-42e3-9b31-73db4da25b5d req-8c257491-15e9-42e3-9b31-73db4da25b5d ] Request (MigrationsAdminTest:setUpClass): 201 POST http://10.180.1.21/identity/v3/projects 0.033s
2024-12-10 21:52:09.118 65076 INFO tempest.lib.common.rest_client [req-d94f2e16-0d8a-4046-ad6a-343c028eb0e6 req-d94f2e16-0d8a-4046-ad6a-343c028eb0e6 ] Request (ImagesTestJSON:setUpClass): 200 GET http://10.180.1.21/identity/v3/domains?name=Default 0.033s
2024-12-10 21:52:09.153 65062 INFO tempest.lib.common.rest_client [req-52636beb-958e-492d-934b-2ee52f966eed req-52636beb-958e-492d-934b-2ee52f966eed ] Request (FlavorsV261TestJSON:tearDownClass): 200 GET http://10.180.1.21:9696/networking/v2.0/security-groups?tenant_id=42bd678788904a8cb83ca9f0924b037c&name=default 0.387s
2024-12-10 21:52:09.200 65104 INFO tempest.lib.common.rest_client [req-4449d30f-62d8-439a-bdb9-36c015c23c14 req-4449d30f-62d8-439a-bdb9-36c015c23c14 ] Request (ServerDiagnosticsNegativeTest:tearDownClass): 200 GET http://10.180.1.21/compute/v2.1/servers/adf1f186-01f6-4e45-ba26-4bdd1695ab29 1.795s
2024-12-10 21:52:09.248 65080 INFO tempest.lib.common.rest_client [req-04008afb-a9b6-431b-b432-5ec46f0bc97b req-04008afb-a9b6-431b-b432-5ec46f0bc97b ] Request (ServersTestJSON:setUpClass): 201 POST http://10.180.1.21:9696/networking/v2.0/security-groups 0.296s
2024-12-10 21:52:09.279 65076 INFO tempest.lib.common.rest_client [req-0c002229-6e75-4798-9fe5-0830e28af91f req-0c002229-6e75-4798-9fe5-0830e28af91f ] Request (ImagesTestJSON:setUpClass): 201 POST http://10.180.1.21/identity/v3/projects 0.160s
2024-12-10 21:52:09.284 65098 INFO tempest.lib.common.rest_client [req-8c87eb53-cead-44df-9cfc-2d658b0c85e9 req-8c87eb53-cead-44df-9cfc-2d658b0c85e9 ] Request (MigrationsAdminTest:setUpClass): 201 POST http://10.180.1.21/identity/v3/users 0.173s
2024-12-10 21:52:09.360 65072 INFO tempest.lib.common.rest_client [req-45f9612f-ad15-4f2f-a00f-cff2ca08ceea req-45f9612f-ad15-4f2f-a00f-cff2ca08ceea ] Request (ServersAdmin275Test:test_rebuild_update_server_275): 202 POST http://10.180.1.21/compute/v2.1/servers/7ed1869b-528e-4d30-81a6-f4783d4ada88/action 2.133s
2024-12-10 21:52:09.365 65098 INFO tempest.lib.common.rest_client [req-6fc3d20d-4caa-40f8-9c10-c7de52ac533a req-6fc3d20d-4caa-40f8-9c10-c7de52ac533a ] Request (MigrationsAdminTest:setUpClass): 200 GET http://10.180.1.21/identity/v3/roles 0.080s
2024-12-10 21:52:09.385 65076 INFO tempest.lib.common.rest_client [req-e3e3328f-37fd-411a-b486-7acf7cb647e4 req-e3e3328f-37fd-411a-b486-7acf7cb647e4 ] Request (ImagesTestJSON:setUpClass): 201 POST http://10.180.1.21/identity/v3/users 0.105s
2024-12-10 21:52:09.407 65076 INFO tempest.lib.common.rest_client [req-ef2cb01d-1f57-4701-b5e8-4b8e3a5d1c34 req-ef2cb01d-1f57-4701-b5e8-4b8e3a5d1c34 ] Request (ImagesTestJSON:setUpClass): 200 GET http://10.180.1.21/identity/v3/roles 0.021s
2024-12-10 21:52:09.412 65098 INFO tempest.lib.common.rest_client [req-f1e2d8b2-8c99-4fae-a708-a211968fe593 req-f1e2d8b2-8c99-4fae-a708-a211968fe593 ] Request (MigrationsAdminTest:setUpClass): 204 PUT http://10.180.1.21/identity/v3/projects/50bb7056522b4c30994a9f5e2a0296cb/users/f6e93fab32274462bde5599a54b36b1d/roles/d9ac59841022492db57c4b9ce759cbeb 0.046s
2024-12-10 21:52:09.412 65098 INFO tempest.lib.common.dynamic_creds [-] Dynamic test user f6e93fab32274462bde5599a54b36b1d is created with scope project and roles: ['member']
2024-12-10 21:52:09.412 65098 INFO tempest.lib.common.dynamic_creds [-] Acquired dynamic creds: credentials: Credentials: {'domain_id': 'default', 'domain_name': 'Default', 'username': 'tempest-MigrationsAdminTest-1694118054-project-member', 'project_domain_id': 'default', 'project_domain_name': 'Default', 'project_id': '50bb7056522b4c30994a9f5e2a0296cb', 'project_name': 'tempest-MigrationsAdminTest-1694118054', 'tenant_id': '50bb7056522b4c30994a9f5e2a0296cb', 'tenant_name': 'tempest-MigrationsAdminTest-1694118054', 'user_domain_id': 'default', 'user_domain_name': 'Default', 'user_id': 'f6e93fab32274462bde5599a54b36b1d', 'system': None}, Network: None, Subnet: None, Router: None
2024-12-10 21:52:09.412 65098 INFO tempest.lib.common.dynamic_creds [-] Created isolated network resources for: credentials: Credentials: {'domain_id': 'default', 'domain_name': 'Default', 'username': 'tempest-MigrationsAdminTest-1694118054-project-member', 'project_domain_id': 'default', 'project_domain_name': 'Default', 'project_id': '50bb7056522b4c30994a9f5e2a0296cb', 'project_name': 'tempest-MigrationsAdminTest-1694118054', 'tenant_id': '50bb7056522b4c30994a9f5e2a0296cb', 'tenant_name': 'tempest-MigrationsAdminTest-1694118054', 'user_domain_id': 'default', 'user_domain_name': 'Default', 'user_id': 'f6e93fab32274462bde5599a54b36b1d', 'system': None}, Network: None, Subnet: None, Router: None
2024-12-10 21:52:09.433 65062 INFO tempest.lib.common.rest_client [req-b4961d10-ae17-4481-9d96-9a968f03b447 req-b4961d10-ae17-4481-9d96-9a968f03b447 ] Request (FlavorsV261TestJSON:tearDownClass): 204 DELETE http://10.180.1.21:9696/networking/v2.0/security-groups/2525bebf-b6e1-4657-9363-cc122ee0999f 0.280s
2024-12-10 21:52:09.434 65090 INFO tempest.lib.common.rest_client [req-a0757785-c4a8-4b11-8de7-fff33971b58c req-a0757785-c4a8-4b11-8de7-fff33971b58c ] Request (ServersNegativeTestMultiTenantJSON:setUpClass): 200 GET http://10.180.1.21/compute/v2.1/servers/bef4fa43-1623-428b-8626-bad5d6ac5eb2 1.739s
2024-12-10 21:52:09.445 65090 INFO tempest.common.waiters [-] State transition "BUILD/scheduling" ==> "BUILD/None" after 6 second wait
2024-12-10 21:52:09.457 65080 INFO tempest.lib.common.rest_client [req-802d654e-2713-4434-bba1-fde5d8878fae req-802d654e-2713-4434-bba1-fde5d8878fae ] Request (ServersTestJSON:setUpClass): 201 POST http://10.180.1.21:9696/networking/v2.0/security-group-rules 0.209s
2024-12-10 21:52:09.489 65076 INFO tempest.lib.common.rest_client [req-ea6ad929-c36c-491b-8de7-32fff5983c19 req-ea6ad929-c36c-491b-8de7-32fff5983c19 ] Request (ImagesTestJSON:setUpClass): 204 PUT http://10.180.1.21/identity/v3/projects/dbdc7b988a614ddd8820f3b2181c92e4/users/72b3718ca34d4eefaa915c1785ee1c68/roles/d9ac59841022492db57c4b9ce759cbeb 0.081s
2024-12-10 21:52:09.489 65076 INFO tempest.lib.common.dynamic_creds [-] Dynamic test user 72b3718ca34d4eefaa915c1785ee1c68 is created with scope project and roles: ['member']
2024-12-10 21:52:09.490 65076 INFO tempest.lib.common.dynamic_creds [-] Acquired dynamic creds: credentials: Credentials: {'domain_id': 'default', 'domain_name': 'Default', 'username': 'tempest-ImagesTestJSON-1856039503-project-member', 'project_domain_id': 'default', 'project_domain_name': 'Default', 'project_id': 'dbdc7b988a614ddd8820f3b2181c92e4', 'project_name': 'tempest-ImagesTestJSON-1856039503', 'tenant_id': 'dbdc7b988a614ddd8820f3b2181c92e4', 'tenant_name': 'tempest-ImagesTestJSON-1856039503', 'user_domain_id': 'default', 'user_domain_name': 'Default', 'user_id': '72b3718ca34d4eefaa915c1785ee1c68', 'system': None}, Network: None, Subnet: None, Router: None
2024-12-10 21:52:09.500 65070 INFO tempest.lib.common.rest_client [req-34afb6ca-98cd-4629-8f63-c8919dc186b2 req-34afb6ca-98cd-4629-8f63-c8919dc186b2 ] Request (ServerActionsTestJSON:setUpClass): 200 GET http://10.180.1.21/compute/v2.1/servers/1e8ac6e2-f994-4d5e-afe3-2e25da989f9b 1.777s
2024-12-10 21:52:09.507 65098 INFO tempest.lib.common.rest_client [req-bbbbabfd-9219-4198-bc6d-8138182ab348 req-bbbbabfd-9219-4198-bc6d-8138182ab348 ] Request (MigrationsAdminTest:setUpClass): 201 POST http://10.180.1.21/identity/v3/auth/tokens 0.092s
2024-12-10 21:52:09.520 65058 INFO tempest.lib.common.rest_client [req-d0301ae4-bc41-4c3a-acd9-da66ee0402b6 req-d0301ae4-bc41-4c3a-acd9-da66ee0402b6 ] Request (VolumesAdminNegativeTest:test_update_attached_volume_with_nonexistent_volume_in_body): 200 GET http://10.180.1.21/compute/v2.1/servers/58b211a6-d6a3-49ec-900e-63a32c7a98d2 2.021s
2024-12-10 21:52:09.538 65076 INFO tempest.lib.common.rest_client [req-d701199b-2b26-4490-9883-09966b7bc906 req-d701199b-2b26-4490-9883-09966b7bc906 ] Request (ImagesTestJSON:setUpClass): 201 POST http://10.180.1.21/identity/v3/auth/tokens 0.047s
2024-12-10 21:52:09.554 65060 INFO tempest.lib.common.rest_client [req-61182a19-bd14-427a-b21e-655362b8a54a req-61182a19-bd14-427a-b21e-655362b8a54a ] Request (FlavorsAdminTestJSON:_run_cleanups): 200 GET http://10.180.1.21/compute/v2.1/flavors/detail 1.799s
2024-12-10 21:52:09.561 65110 INFO tempest.lib.common.rest_client [req-4981db9e-8913-41ae-a453-3b0ea913193b req-4981db9e-8913-41ae-a453-3b0ea913193b ] Request (ServerAddressesTestJSON:setUpClass): 200 GET http://10.180.1.21/compute/v2.1/servers/00dd6a8f-70a2-474a-ba86-5cdd56139088 1.812s
2024-12-10 21:52:09.574 65098 INFO tempest.lib.common.rest_client [req-6e518bc0-a640-45d1-96cb-cd9e1af5ceb7 req-6e518bc0-a640-45d1-96cb-cd9e1af5ceb7 ] Request (MigrationsAdminTest:setUpClass): 201 POST http://10.180.1.21/identity/v3/projects 0.065s
2024-12-10 21:52:09.596 65062 INFO tempest.lib.common.rest_client [req-dd3697d4-b397-4ea2-9fd5-ced5cec8b556 req-dd3697d4-b397-4ea2-9fd5-ced5cec8b556 ] Request (FlavorsV261TestJSON:tearDownClass): 204 DELETE http://10.180.1.21/identity/v3/projects/42bd678788904a8cb83ca9f0924b037c 0.163s
2024-12-10 21:52:09.596 65062 INFO tempest.lib.common.dynamic_creds [-] Deleting project and security group for project: 05c9e9410b20439583a3b2e22cad0efa
2024-12-10 21:52:09.626 65082 INFO tempest.lib.common.rest_client [req-ee1aa9ab-1452-49d5-b398-00f992ccdfe0 req-ee1aa9ab-1452-49d5-b398-00f992ccdfe0 ] Request (ServersTestManualDisk:setUpClass): 200 GET http://10.180.1.21/compute/v2.1/servers/09ca33a1-e1b2-4a80-8e6c-d17cf9a21e49 1.791s
2024-12-10 21:52:09.636 65082 INFO tempest.common.waiters [-] State transition "BUILD/None" ==> "BUILD/networking" after 11 second wait
2024-12-10 21:52:09.643 65080 INFO tempest.lib.common.rest_client [req-1831b670-7957-4439-ad40-e208be63024b req-1831b670-7957-4439-ad40-e208be63024b ] Request (ServersTestJSON:setUpClass): 201 POST http://10.180.1.21:9696/networking/v2.0/security-group-rules 0.185s
2024-12-10 21:52:09.645 65102 INFO tempest.lib.common.rest_client [req-5bbec28b-8a64-42ad-a49b-0e6a907ef6a7 req-5bbec28b-8a64-42ad-a49b-0e6a907ef6a7 ] Request (FloatingIPsAssociationTestJSON:setUpClass): 200 GET http://10.180.1.21/compute/v2.1/servers/ccfb805b-1922-4f0b-97f5-db4d814b642f 1.709s
2024-12-10 21:52:09.706 65098 INFO tempest.lib.common.rest_client [req-dec70ec8-7769-4a91-8b61-7afbae16ab02 req-dec70ec8-7769-4a91-8b61-7afbae16ab02 ] Request (MigrationsAdminTest:setUpClass): 201 POST http://10.180.1.21/identity/v3/users 0.132s
2024-12-10 21:52:09.723 65098 INFO tempest.lib.common.rest_client [req-1125f8d4-ab71-462d-be13-9fe84daaca5e req-1125f8d4-ab71-462d-be13-9fe84daaca5e ] Request (MigrationsAdminTest:setUpClass): 200 GET http://10.180.1.21/identity/v3/roles 0.016s
2024-12-10 21:52:09.731 65116 INFO tempest.lib.common.rest_client [req-b37fe0ee-9da0-48df-96dc-86962b2ed9ff req-b37fe0ee-9da0-48df-96dc-86962b2ed9ff ] Request (ServersAdminNegativeTestJSON:test_migrate_server_invalid_state): 200 GET http://10.180.1.21/compute/v2.1/servers/c04d4d7e-b824-45b5-a1d5-8ba1ada04c43 1.699s
2024-12-10 21:52:09.748 65088 INFO tempest.lib.common.rest_client [req-9b34a745-8bb9-47ef-b939-9e2599e53409 req-9b34a745-8bb9-47ef-b939-9e2599e53409 ] Request (DeleteServersAdminTestJSON:test_admin_delete_servers_of_others): 200 GET http://10.180.1.21/compute/v2.1/servers/9d0d6b11-ca83-4a62-8bbd-91f3d2af81f7 1.621s
2024-12-10 21:52:09.762 65098 INFO tempest.lib.common.rest_client [req-8944ebda-84a6-489f-8b1d-f682b203b3be req-8944ebda-84a6-489f-8b1d-f682b203b3be ] Request (MigrationsAdminTest:setUpClass): 204 PUT http://10.180.1.21/identity/v3/projects/570daa9fe93d455c8d685a884b4dcedf/users/968a872a68844e13adc3eab997e4dd9b/roles/919fea8c121e49b2b5d1240356da8d81 0.038s
2024-12-10 21:52:09.810 65118 INFO tempest.lib.common.rest_client [req-d52bff4c-6b06-49c1-a22b-0891bbfe8416 req-d52bff4c-6b06-49c1-a22b-0891bbfe8416 ] Request (SecurityGroupRulesNegativeTestJSON:test_create_security_group_rule_duplicate): 400 POST http://10.180.1.21/compute/v2.1/os-security-group-rules 1.494s
2024-12-10 21:52:09.824 65098 INFO tempest.lib.common.rest_client [req-5365f66c-c7a4-4c52-ac31-c2c21d437cea req-5365f66c-c7a4-4c52-ac31-c2c21d437cea ] Request (MigrationsAdminTest:setUpClass): 200 GET http://10.180.1.21/identity/v3/roles 0.061s
2024-12-10 21:52:09.841 65114 INFO tempest.lib.common.rest_client [req-2eeec43a-e663-4db4-9275-6483c846b472 req-2eeec43a-e663-4db4-9275-6483c846b472 ] Request (FlavorsAccessNegativeTestJSON:_run_cleanups): 200 GET http://10.180.1.21/compute/v2.1/flavors/detail 1.424s
2024-12-10 21:52:09.854 65100 INFO tempest.lib.common.rest_client [req-24515fe8-7b9a-49e4-b181-8c45ca9989b8 req-24515fe8-7b9a-49e4-b181-8c45ca9989b8 ] Request (ServerGroup264TestJSON:tearDownClass): 404 DELETE http://10.180.1.21/compute/v2.1/os-server-groups/ebe5e79c-3fdc-499f-9acc-ce714e82f36c 1.380s
2024-12-10 21:52:09.859 65098 INFO tempest.lib.common.rest_client [req-32ab1110-d9e9-487d-93f8-2285514d16df req-32ab1110-d9e9-487d-93f8-2285514d16df ] Request (MigrationsAdminTest:setUpClass): 204 PUT http://10.180.1.21/identity/v3/projects/570daa9fe93d455c8d685a884b4dcedf/users/968a872a68844e13adc3eab997e4dd9b/roles/919fea8c121e49b2b5d1240356da8d81 0.034s
2024-12-10 21:52:09.859 65098 INFO tempest.lib.common.dynamic_creds [-] Dynamic test user 968a872a68844e13adc3eab997e4dd9b is created with scope project and roles: ['admin']
2024-12-10 21:52:09.859 65098 INFO tempest.lib.common.dynamic_creds [-] Acquired dynamic creds: credentials: Credentials: {'domain_id': 'default', 'domain_name': 'Default', 'username': 'tempest-MigrationsAdminTest-302773437-project-admin', 'project_domain_id': 'default', 'project_domain_name': 'Default', 'project_id': '570daa9fe93d455c8d685a884b4dcedf', 'project_name': 'tempest-MigrationsAdminTest-302773437', 'tenant_id': '570daa9fe93d455c8d685a884b4dcedf', 'tenant_name': 'tempest-MigrationsAdminTest-302773437', 'user_domain_id': 'default', 'user_domain_name': 'Default', 'user_id': '968a872a68844e13adc3eab997e4dd9b', 'system': None}, Network: None, Subnet: None, Router: None
2024-12-10 21:52:09.859 65098 INFO tempest.lib.common.dynamic_creds [-] Created isolated network resources for: credentials: Credentials: {'domain_id': 'default', 'domain_name': 'Default', 'username': 'tempest-MigrationsAdminTest-302773437-project-admin', 'project_domain_id': 'default', 'project_domain_name': 'Default', 'project_id': '570daa9fe93d455c8d685a884b4dcedf', 'project_name': 'tempest-MigrationsAdminTest-302773437', 'tenant_id': '570daa9fe93d455c8d685a884b4dcedf', 'tenant_name': 'tempest-MigrationsAdminTest-302773437', 'user_domain_id': 'default', 'user_domain_name': 'Default', 'user_id': '968a872a68844e13adc3eab997e4dd9b', 'system': None}, Network: None, Subnet: None, Router: None
2024-12-10 21:52:09.886 65094 INFO tempest.lib.common.rest_client [req-fde62b6b-6f22-41c0-b3fe-ba4363e231b9 req-fde62b6b-6f22-41c0-b3fe-ba4363e231b9 ] Request (VolumesNegativeTest:test_volume_get_nonexistent_volume_id): 404 GET http://10.180.1.21/compute/v2.1/os-volumes/40975351-8de7-4e17-b99b-c4769202424a 1.354s
2024-12-10 21:52:09.928 65092 INFO tempest.lib.common.rest_client [req-338b5a1c-dc49-4ed3-8583-f6c42510b195 req-338b5a1c-dc49-4ed3-8583-f6c42510b195 ] Request (QuotasAdminTestJSON:test_delete_quota): 202 DELETE http://10.180.1.21/compute/v2.1/os-quota-sets/ce19f4ab501142d0bc9d2c4db55f3674 1.375s
2024-12-10 21:52:09.931 65062 INFO tempest.lib.common.rest_client [req-f1482d84-3535-49bc-9430-31a29e9ce88f req-f1482d84-3535-49bc-9430-31a29e9ce88f ] Request (FlavorsV261TestJSON:tearDownClass): 200 GET http://10.180.1.21:9696/networking/v2.0/security-groups?tenant_id=05c9e9410b20439583a3b2e22cad0efa&name=default 0.334s
2024-12-10 21:52:09.956 65086 INFO tempest.lib.common.rest_client [req-890f7137-99e5-4b17-8a4b-c3fdd5b96f1b req-890f7137-99e5-4b17-8a4b-c3fdd5b96f1b ] Request (AggregatesAdminNegativeTestJSON:_run_cleanups): 200 DELETE http://10.180.1.21/compute/v2.1/os-aggregates/6 1.394s
2024-12-10 21:52:09.980 65114 INFO tempest.lib.common.rest_client [req-9ced74ab-458a-4187-915d-2c493e21f5d9 req-9ced74ab-458a-4187-915d-2c493e21f5d9 ] Request (FlavorsAccessNegativeTestJSON:tearDownClass): 204 DELETE http://10.180.1.21/identity/v3/users/c4fd85a111f7482488fdaf4166655edd 0.126s
2024-12-10 21:52:10.038 65098 INFO tempest.lib.common.rest_client [req-772a365c-6620-4a5c-9815-784e47a74bcb req-772a365c-6620-4a5c-9815-784e47a74bcb ] Request (MigrationsAdminTest:setUpClass): 201 POST http://10.180.1.21/identity/v3/auth/tokens 0.173s
2024-12-10 21:52:10.072 65076 INFO tempest.lib.common.rest_client [req-d9b73a0d-1923-4b91-9884-05ef3edadac1 req-d9b73a0d-1923-4b91-9884-05ef3edadac1 ] Request (ImagesTestJSON:setUpClass): 201 POST http://10.180.1.21:9696/networking/v2.0/networks 0.534s
2024-12-10 21:52:10.102 65094 INFO tempest.lib.common.rest_client [req-547f101e-8d1f-47cd-a9a7-e82fc924b544 req-547f101e-8d1f-47cd-a9a7-e82fc924b544 ] Request (VolumesNegativeTest:tearDownClass): 204 DELETE http://10.180.1.21/identity/v3/users/086f6cae4c834f8bbbf7d8d6e67c41a3 0.210s
2024-12-10 21:52:10.103 65094 INFO tempest.lib.common.dynamic_creds [-] Deleting project and security group for project: 40ce4b977127462690a0f0448631f05f
2024-12-10 21:52:10.117 65114 INFO tempest.lib.common.rest_client [req-144dc626-0501-41e6-a0b5-96a0ba812a17 req-144dc626-0501-41e6-a0b5-96a0ba812a17 ] Request (FlavorsAccessNegativeTestJSON:tearDownClass): 204 DELETE http://10.180.1.21/identity/v3/users/fc96be24a6744d3b9af7eeb680b1f069 0.136s
2024-12-10 21:52:10.196 65094 INFO tempest.lib.common.rest_client [req-7dca1b34-5dde-4cc5-8b81-34f8cf24a061 req-7dca1b34-5dde-4cc5-8b81-34f8cf24a061 ] Request (VolumesNegativeTest:tearDownClass): 201 POST http://10.180.1.21/identity/v3/auth/tokens 0.093s
2024-12-10 21:52:10.264 65114 INFO tempest.lib.common.rest_client [req-316ede7f-1e96-4e83-9926-3f1605935746 req-316ede7f-1e96-4e83-9926-3f1605935746 ] Request (FlavorsAccessNegativeTestJSON:tearDownClass): 204 DELETE http://10.180.1.21/identity/v3/users/94ffa11ca460491fb5d76fa0b7b46060 0.147s
2024-12-10 21:52:10.265 65114 INFO tempest.lib.common.dynamic_creds [-] Deleting project and security group for project: 56562e6b817944729d0e5c994319c8b1
2024-12-10 21:52:10.341 65114 INFO tempest.lib.common.rest_client [req-916ec766-9023-4394-bd95-8748a8d6001c req-916ec766-9023-4394-bd95-8748a8d6001c ] Request (FlavorsAccessNegativeTestJSON:tearDownClass): 201 POST http://10.180.1.21/identity/v3/auth/tokens 0.076s
2024-12-10 21:52:10.359 65106 INFO tempest.lib.common.rest_client [req-890ee5f8-9fb3-49d5-a365-c567c36e7faa req-890ee5f8-9fb3-49d5-a365-c567c36e7faa ] Request (ServersTestFqdnHostnames:test_create_server_with_fqdn_name): 200 GET http://10.180.1.21/compute/v2.1/servers/62388118-a0b4-4aa5-80ad-5c6c2f70bab5 1.775s
2024-12-10 21:52:10.381 65062 INFO tempest.lib.common.rest_client [req-312de851-3d68-4bc4-9f51-c390f53ab359 req-312de851-3d68-4bc4-9f51-c390f53ab359 ] Request (FlavorsV261TestJSON:tearDownClass): 204 DELETE http://10.180.1.21:9696/networking/v2.0/security-groups/e977fd1b-ced8-41f1-9cfb-045f430c1d69 0.449s
2024-12-10 21:52:10.466 65062 INFO tempest.lib.common.rest_client [req-1cccf891-f8fc-44fa-bc69-f9d40e6ff2a8 req-1cccf891-f8fc-44fa-bc69-f9d40e6ff2a8 ] Request (FlavorsV261TestJSON:tearDownClass): 204 DELETE http://10.180.1.21/identity/v3/projects/05c9e9410b20439583a3b2e22cad0efa 0.085s
2024-12-10 21:52:10.510 65108 INFO tempest.lib.common.rest_client [req-38e38cf5-334d-4929-99d6-eff2800e9ca6 req-38e38cf5-334d-4929-99d6-eff2800e9ca6 ] Request (ServerDiagnosticsTest:test_get_server_diagnostics): 200 GET http://10.180.1.21/compute/v2.1/servers/28d3fdf1-7353-4386-b8fe-db7527e88c14/diagnostics 2.148s
2024-12-10 21:52:10.530 65062 INFO tempest.lib.common.rest_client [req-11de929e-a737-4df0-9737-1a23772e63ef req-11de929e-a737-4df0-9737-1a23772e63ef ] Request (ServersAdminTestJSON:setUpClass): 201 POST http://10.180.1.21/identity/v3/auth/tokens 0.062s
2024-12-10 21:52:10.576 65062 INFO tempest.lib.common.rest_client [req-0cb5bb08-7054-459a-84ca-efbc1dae05b3 req-0cb5bb08-7054-459a-84ca-efbc1dae05b3 ] Request (ServersAdminTestJSON:setUpClass): 201 POST http://10.180.1.21/identity/v3/auth/tokens 0.042s
2024-12-10 21:52:10.608 65062 INFO tempest.lib.common.rest_client [req-1cd44368-6232-4b57-87bb-8743a9463827 req-1cd44368-6232-4b57-87bb-8743a9463827 ] Request (ServersAdminTestJSON:setUpClass): 200 GET http://10.180.1.21/identity/v3/domains?name=Default 0.031s
2024-12-10 21:52:10.637 65062 INFO tempest.lib.common.rest_client [req-42298d17-3c21-4aed-b022-c5db0c0e19d1 req-42298d17-3c21-4aed-b022-c5db0c0e19d1 ] Request (ServersAdminTestJSON:setUpClass): 201 POST http://10.180.1.21/identity/v3/projects 0.029s
2024-12-10 21:52:10.643 65076 INFO tempest.lib.common.rest_client [req-358dbe95-ee04-4ace-9a7b-2e84663ddb30 req-358dbe95-ee04-4ace-9a7b-2e84663ddb30 ] Request (ImagesTestJSON:setUpClass): 201 POST http://10.180.1.21:9696/networking/v2.0/subnets 0.570s
2024-12-10 21:52:10.696 65066 INFO tempest.lib.common.rest_client [req-4ab58412-0a5f-4bfc-b6d5-6a2ebec2bbcd req-4ab58412-0a5f-4bfc-b6d5-6a2ebec2bbcd ] Request (ServerGroupTestJSON:setUpClass): 200 PUT http://10.180.1.21:9696/networking/v2.0/routers/9eb9490e-fa5b-491e-8db5-bb4e6c2fe4c4/add_router_interface 2.032s
2024-12-10 21:52:10.697 65066 INFO tempest.lib.common.dynamic_creds [-] Created isolated network resources for: credentials: Credentials: {'domain_id': 'default', 'domain_name': 'Default', 'username': 'tempest-ServerGroupTestJSON-703885498-project-member', 'project_domain_id': 'default', 'project_domain_name': 'Default', 'project_id': 'fbb8aaef8e584ac3ab5cd5ae3e15ac1f', 'project_name': 'tempest-ServerGroupTestJSON-703885498', 'tenant_id': 'fbb8aaef8e584ac3ab5cd5ae3e15ac1f', 'tenant_name': 'tempest-ServerGroupTestJSON-703885498', 'user_domain_id': 'default', 'user_domain_name': 'Default', 'user_id': 'edd34b1ae43d440badf16bc83303464e', 'system': None}, Network: {'id': '505dc07a-f38a-42f6-8f3f-fc18fd216a6f', 'name': 'tempest-ServerGroupTestJSON-966896755-network', 'tenant_id': 'fbb8aaef8e584ac3ab5cd5ae3e15ac1f', 'admin_state_up': True, 'mtu': 8950, 'status': 'ACTIVE', 'subnets': [], 'shared': False, 'project_id': 'fbb8aaef8e584ac3ab5cd5ae3e15ac1f', 'port_security_enabled': True, 'router:external': False, 'provider:network_type': 'vlan', 'provider:physical_network': 'default', 'provider:segmentation_id': 872, 'availability_zone_hints': [], 'availability_zones': [], 'ipv4_address_scope': None, 'ipv6_address_scope': None, 'description': '', 'tags': [], 'created_at': '2024-12-10T21:52:06Z', 'updated_at': '2024-12-10T21:52:06Z', 'revision_number': 1}, Subnet: {'id': 'e6b08ef0-b703-4e8f-a7f5-f787106ed0be', 'name': 'tempest-ServerGroupTestJSON-966896755-subnet', 'tenant_id': 'fbb8aaef8e584ac3ab5cd5ae3e15ac1f', 'network_id': '505dc07a-f38a-42f6-8f3f-fc18fd216a6f', 'ip_version': 4, 'subnetpool_id': None, 'enable_dhcp': True, 'ipv6_ra_mode': None, 'ipv6_address_mode': None, 'gateway_ip': '192.168.128.1', 'cidr': '192.168.128.0/28', 'allocation_pools': [{'start': '192.168.128.2', 'end': '192.168.128.14'}], 'host_routes': [], 'dns_nameservers': [], 'description': '', 'router:external': False, 'service_types': [], 'tags': [], 'created_at': '2024-12-10T21:52:06Z', 'updated_at': '2024-12-10T21:52:06Z', 'revision_number': 0, 'project_id': 'fbb8aaef8e584ac3ab5cd5ae3e15ac1f'}, Router: {'id': '9eb9490e-fa5b-491e-8db5-bb4e6c2fe4c4', 'name': 'tempest-ServerGroupTestJSON-966896755-router', 'tenant_id': 'fbb8aaef8e584ac3ab5cd5ae3e15ac1f', 'admin_state_up': True, 'status': 'ACTIVE', 'external_gateway_info': {'network_id': '7f3c3475-e521-4054-a63a-36553750aba0', 'external_fixed_ips': [{'subnet_id': 'd70aa703-b895-4eb5-a91e-90b3d78d2169', 'ip_address': '10.180.180.139'}], 'enable_snat': True}, 'description': '', 'availability_zones': [], 'distributed': False, 'ha': False, 'availability_zone_hints': [], 'routes': [], 'flavor_id': None, 'tags': [], 'created_at': '2024-12-10T21:52:07Z', 'updated_at': '2024-12-10T21:52:08Z', 'revision_number': 2, 'project_id': 'fbb8aaef8e584ac3ab5cd5ae3e15ac1f'}
2024-12-10 21:52:10.703 65094 INFO tempest.lib.common.rest_client [req-343a5944-4a4b-4e3a-a4ee-dbe952c53ef7 req-343a5944-4a4b-4e3a-a4ee-dbe952c53ef7 ] Request (VolumesNegativeTest:tearDownClass): 200 GET http://10.180.1.21:9696/networking/v2.0/security-groups?tenant_id=40ce4b977127462690a0f0448631f05f&name=default 0.507s
2024-12-10 21:52:10.722 65062 INFO tempest.lib.common.rest_client [req-1009c598-ab51-4eab-acd1-9025dd7fcef5 req-1009c598-ab51-4eab-acd1-9025dd7fcef5 ] Request (ServersAdminTestJSON:setUpClass): 201 POST http://10.180.1.21/identity/v3/users 0.084s
2024-12-10 21:52:10.744 65062 INFO tempest.lib.common.rest_client [req-62c17ce6-03d4-4626-8fd6-78f4a1bbcde6 req-62c17ce6-03d4-4626-8fd6-78f4a1bbcde6 ] Request (ServersAdminTestJSON:setUpClass): 200 GET http://10.180.1.21/identity/v3/roles 0.022s
2024-12-10 21:52:10.782 65062 INFO tempest.lib.common.rest_client [req-48be5ee0-03b2-4f75-b052-97ac42b9c2e7 req-48be5ee0-03b2-4f75-b052-97ac42b9c2e7 ] Request (ServersAdminTestJSON:setUpClass): 204 PUT http://10.180.1.21/identity/v3/projects/06f859cf609c4e588cedcfa0489d550f/users/aa415d94504c41b8bd174100b2836387/roles/d9ac59841022492db57c4b9ce759cbeb 0.038s
2024-12-10 21:52:10.783 65062 INFO tempest.lib.common.dynamic_creds [-] Dynamic test user aa415d94504c41b8bd174100b2836387 is created with scope project and roles: ['member']
2024-12-10 21:52:10.783 65062 INFO tempest.lib.common.dynamic_creds [-] Acquired dynamic creds: credentials: Credentials: {'domain_id': 'default', 'domain_name': 'Default', 'username': 'tempest-ServersAdminTestJSON-1410067233-project-member', 'project_domain_id': 'default', 'project_domain_name': 'Default', 'project_id': '06f859cf609c4e588cedcfa0489d550f', 'project_name': 'tempest-ServersAdminTestJSON-1410067233', 'tenant_id': '06f859cf609c4e588cedcfa0489d550f', 'tenant_name': 'tempest-ServersAdminTestJSON-1410067233', 'user_domain_id': 'default', 'user_domain_name': 'Default', 'user_id': 'aa415d94504c41b8bd174100b2836387', 'system': None}, Network: None, Subnet: None, Router: None
2024-12-10 21:52:10.802 65078 WARNING tempest.lib.common.ssh [-] Failed to establish authenticated ssh connection to cirros@10.180.180.194 ([Errno None] Unable to connect to port 22 on 10.180.180.194). Number attempts: 2. Retry after 3 seconds.: paramiko.ssh_exception.NoValidConnectionsError: [Errno None] Unable to connect to port 22 on 10.180.180.194
2024-12-10 21:52:10.807 65066 INFO tempest.lib.common.rest_client [req-682240a1-a87e-407e-9380-7ad1c0609810 req-682240a1-a87e-407e-9380-7ad1c0609810 ] Request (ServerGroupTestJSON:setUpClass): 201 POST http://10.180.1.21/identity/v3/auth/tokens 0.108s
2024-12-10 21:52:10.852 65062 INFO tempest.lib.common.rest_client [req-611058da-072b-4161-9613-48ae61e90579 req-611058da-072b-4161-9613-48ae61e90579 ] Request (ServersAdminTestJSON:setUpClass): 201 POST http://10.180.1.21/identity/v3/auth/tokens 0.068s
2024-12-10 21:52:10.876 65094 INFO tempest.lib.common.rest_client [req-d7a6c3be-7f28-4fbe-a724-564e90fc946f req-d7a6c3be-7f28-4fbe-a724-564e90fc946f ] Request (VolumesNegativeTest:tearDownClass): 204 DELETE http://10.180.1.21:9696/networking/v2.0/security-groups/7ad6544b-96e6-4f19-9124-66f654639ad0 0.172s
2024-12-10 21:52:10.972 65094 INFO tempest.lib.common.rest_client [req-6e40c3f1-d2f7-4b3e-b66a-caddd710a4eb req-6e40c3f1-d2f7-4b3e-b66a-caddd710a4eb ] Request (VolumesNegativeTest:tearDownClass): 204 DELETE http://10.180.1.21/identity/v3/projects/40ce4b977127462690a0f0448631f05f 0.095s
2024-12-10 21:52:11.203 65064 INFO tempest.lib.common.rest_client [req-0f696137-36a8-4dac-a6e3-e4d125eef54c req-0f696137-36a8-4dac-a6e3-e4d125eef54c ] Request (ImagesOneServerNegativeTestJSON:setUpClass): 200 GET http://10.180.1.21/compute/v2.1/servers/6650dd8a-f0e5-4dd5-ba2b-09c589d74512 2.530s
2024-12-10 21:52:11.210 65064 INFO tempest.common.waiters [-] State transition "BUILD/networking" ==> "BUILD/spawning" after 16 second wait
2024-12-10 21:52:11.263 65114 INFO tempest.lib.common.rest_client [req-dfa2d391-23c1-4b4b-b0a3-19bc1d83e54f req-dfa2d391-23c1-4b4b-b0a3-19bc1d83e54f ] Request (FlavorsAccessNegativeTestJSON:tearDownClass): 200 GET http://10.180.1.21:9696/networking/v2.0/security-groups?tenant_id=56562e6b817944729d0e5c994319c8b1&name=default 0.922s
2024-12-10 21:52:11.327 65084 INFO tempest.lib.common.rest_client [req-71626df4-7e91-4b9c-a6af-76b8b95b6b48 req-71626df4-7e91-4b9c-a6af-76b8b95b6b48 ] Request (ServerExternalEventsTest:tearDownClass): 200 GET http://10.180.1.21/compute/v2.1/servers/a11ebf7b-95fb-45af-a954-655135e5309f 2.452s
2024-12-10 21:52:11.455 65062 INFO tempest.lib.common.rest_client [req-a16b0e76-61e3-4301-ac75-7a777e292f7a req-a16b0e76-61e3-4301-ac75-7a777e292f7a ] Request (ServersAdminTestJSON:setUpClass): 201 POST http://10.180.1.21:9696/networking/v2.0/networks 0.602s
2024-12-10 21:52:11.459 65112 INFO tempest.lib.common.rest_client [req-2ad6ef44-c44e-43a7-bf4e-92891f38be74 req-2ad6ef44-c44e-43a7-bf4e-92891f38be74 ] Request (VolumesAssistedSnapshotsTest:test_volume_assisted_snapshot_create_delete): 200 GET http://10.180.1.21/compute/v2.1/servers/31be046d-be83-42b0-a594-21849b0d577f/os-interface 2.353s
2024-12-10 21:52:11.585 65072 INFO tempest.lib.common.rest_client [req-74a1d267-4249-4637-93ea-a19d87bc085e req-74a1d267-4249-4637-93ea-a19d87bc085e ] Request (ServersAdmin275Test:_run_cleanups): 200 GET http://10.180.1.21/compute/v2.1/servers/7ed1869b-528e-4d30-81a6-f4783d4ada88 2.209s
2024-12-10 21:52:11.643 65114 INFO tempest.lib.common.rest_client [req-1dbd806f-172a-4ad1-b6c8-fa2ddb468ed3 req-1dbd806f-172a-4ad1-b6c8-fa2ddb468ed3 ] Request (FlavorsAccessNegativeTestJSON:tearDownClass): 204 DELETE http://10.180.1.21:9696/networking/v2.0/security-groups/66e7861c-5032-4962-9be3-f4fe09bc5483 0.379s
2024-12-10 21:52:11.684 65068 INFO tempest.lib.common.rest_client [req-0e76e256-441b-4922-8ae8-16944e55f6c3 req-0e76e256-441b-4922-8ae8-16944e55f6c3 ] Request (ImagesOneServerTestJSON:setUpClass): 200 GET http://10.180.1.21/compute/v2.1/servers/0d81385e-654e-4640-aa9f-a66309657995 2.275s
2024-12-10 21:52:11.708 65060 INFO tempest.lib.common.rest_client [req-134936f7-667f-4c8e-961f-c411a306b1c9 req-134936f7-667f-4c8e-961f-c411a306b1c9 ] Request (FlavorsAdminTestJSON:test_is_public_string_variations): 200 POST http://10.180.1.21/compute/v2.1/flavors 2.145s
2024-12-10 21:52:11.758 65114 INFO tempest.lib.common.rest_client [req-984ece62-e525-47f3-92d3-5b658f1c242a req-984ece62-e525-47f3-92d3-5b658f1c242a ] Request (FlavorsAccessNegativeTestJSON:tearDownClass): 204 DELETE http://10.180.1.21/identity/v3/projects/56562e6b817944729d0e5c994319c8b1 0.114s
2024-12-10 21:52:11.758 65114 INFO tempest.lib.common.dynamic_creds [-] Deleting project and security group for project: d5a206583b9441649e7abd5dcd65051b
2024-12-10 21:52:11.776 65062 INFO tempest.lib.common.rest_client [req-8f73de19-d6d4-4600-acc4-af91c142cc17 req-8f73de19-d6d4-4600-acc4-af91c142cc17 ] Request (ServersAdminTestJSON:setUpClass): 201 POST http://10.180.1.21:9696/networking/v2.0/subnets 0.321s
2024-12-10 21:52:11.874 65080 INFO tempest.lib.common.rest_client [req-db078267-9933-4d2d-9e9c-0488d796e02f req-db078267-9933-4d2d-9e9c-0488d796e02f ] Request (ServersTestJSON:setUpClass): 201 POST http://10.180.1.21:9696/networking/v2.0/floatingips 2.230s
2024-12-10 21:52:11.920 65114 INFO tempest.lib.common.rest_client [req-a3569f5a-7aac-4e04-9f24-bc91772a3551 req-a3569f5a-7aac-4e04-9f24-bc91772a3551 ] Request (FlavorsAccessNegativeTestJSON:tearDownClass): 200 GET http://10.180.1.21:9696/networking/v2.0/security-groups?tenant_id=d5a206583b9441649e7abd5dcd65051b&name=default 0.161s
2024-12-10 21:52:11.948 65080 INFO tempest.lib.common.rest_client [req-2ef6e8b4-90ef-4740-a7a8-1b9225d94e2b req-2ef6e8b4-90ef-4740-a7a8-1b9225d94e2b ] Request (ServersTestJSON:setUpClass): 201 POST http://10.180.1.21/identity/v3/auth/tokens 0.071s
2024-12-10 21:52:11.949 65080 INFO tempest.lib.common.fixed_network [-] (ServersTestJSON:setUpClass) Found network {'id': '20fb322c-a5a1-453a-bb1a-97a2f891b55c', 'name': 'tempest-ServersTestJSON-1034008460-network', 'tenant_id': 'cbb80d3e0e99489a832d02d73470ec93', 'admin_state_up': True, 'mtu': 8950, 'status': 'ACTIVE', 'subnets': [], 'shared': False, 'project_id': 'cbb80d3e0e99489a832d02d73470ec93', 'port_security_enabled': True, 'router:external': False, 'provider:network_type': 'vlan', 'provider:physical_network': 'default', 'provider:segmentation_id': 226, 'availability_zone_hints': [], 'availability_zones': [], 'ipv4_address_scope': None, 'ipv6_address_scope': None, 'description': '', 'tags': [], 'created_at': '2024-12-10T21:52:03Z', 'updated_at': '2024-12-10T21:52:03Z', 'revision_number': 1} available for tenant
2024-12-10 21:52:11.963 65076 INFO tempest.lib.common.rest_client [req-e2bcd4c7-f774-424f-ab73-b949593986e4 req-e2bcd4c7-f774-424f-ab73-b949593986e4 ] Request (ImagesTestJSON:setUpClass): 201 POST http://10.180.1.21:9696/networking/v2.0/routers 1.320s
2024-12-10 21:52:12.085 65114 INFO tempest.lib.common.rest_client [req-687fa231-0bed-4e48-a943-93da364cb493 req-687fa231-0bed-4e48-a943-93da364cb493 ] Request (FlavorsAccessNegativeTestJSON:tearDownClass): 204 DELETE http://10.180.1.21:9696/networking/v2.0/security-groups/4bc5f55e-9652-4206-bb0e-1ffc168423da 0.165s
2024-12-10 21:52:12.214 65114 INFO tempest.lib.common.rest_client [req-f762a319-8d6e-48b6-988b-cf0ba0b4f2d4 req-f762a319-8d6e-48b6-988b-cf0ba0b4f2d4 ] Request (FlavorsAccessNegativeTestJSON:tearDownClass): 204 DELETE http://10.180.1.21/identity/v3/projects/d5a206583b9441649e7abd5dcd65051b 0.128s
2024-12-10 21:52:12.214 65114 INFO tempest.lib.common.dynamic_creds [-] Deleting project and security group for project: d7be666210bb4dcca91a664c0c8e8b28
2024-12-10 21:52:12.374 65056 INFO tempest.lib.common.rest_client [req-e6987c59-a8d8-40a1-acab-00ed8bfa73c8 req-e6987c59-a8d8-40a1-acab-00ed8bfa73c8 ] Request (FloatingIPsTestJSON:_run_cleanups): 202 DELETE http://10.180.1.21/compute/v2.1/os-floating-ips/9c62c09f-2ee9-4bd3-b300-1a7481c16d75 3.591s
2024-12-10 21:52:12.383 65118 INFO tempest.lib.common.rest_client [req-12e9dfcc-b2c7-488b-b49a-5743b7930f11 req-12e9dfcc-b2c7-488b-b49a-5743b7930f11 ] Request (SecurityGroupRulesNegativeTestJSON:_run_cleanups): 202 DELETE http://10.180.1.21/compute/v2.1/os-security-group-rules/8ab6a925-7a91-4f91-9285-f45d1d664be9 2.572s
2024-12-10 21:52:12.393 65114 INFO tempest.lib.common.rest_client [req-418008ad-25ea-4710-84d7-bdd8f05c212b req-418008ad-25ea-4710-84d7-bdd8f05c212b ] Request (FlavorsAccessNegativeTestJSON:tearDownClass): 200 GET http://10.180.1.21:9696/networking/v2.0/security-groups?tenant_id=d7be666210bb4dcca91a664c0c8e8b28&name=default 0.178s
2024-12-10 21:52:12.515 65092 INFO tempest.lib.common.rest_client [req-86bd62dd-0de9-4a50-8ef6-346729fe5cb5 req-86bd62dd-0de9-4a50-8ef6-346729fe5cb5 ] Request (QuotasAdminTestJSON:test_delete_quota): 200 GET http://10.180.1.21/compute/v2.1/os-quota-sets/ce19f4ab501142d0bc9d2c4db55f3674 2.587s
2024-12-10 21:52:12.526 65114 INFO tempest.lib.common.rest_client [req-4f79099f-1724-48d6-baba-46a7766ee0b8 req-4f79099f-1724-48d6-baba-46a7766ee0b8 ] Request (FlavorsAccessNegativeTestJSON:tearDownClass): 204 DELETE http://10.180.1.21:9696/networking/v2.0/security-groups/a7e741da-fe39-4b90-8f70-518f96adc017 0.133s
2024-12-10 21:52:12.536 65086 INFO tempest.lib.common.rest_client [req-7543c7ab-7e80-43eb-bc61-007f5f9b02ac req-7543c7ab-7e80-43eb-bc61-007f5f9b02ac ] Request (AggregatesAdminNegativeTestJSON:test_aggregate_get_details_with_invalid_id): 404 GET http://10.180.1.21/compute/v2.1/os-aggregates/-1 2.577s
2024-12-10 21:52:12.593 65092 INFO tempest.lib.common.rest_client [req-8c2a13fa-11b9-4c35-ba38-30e4e5d23d2b req-8c2a13fa-11b9-4c35-ba38-30e4e5d23d2b ] Request (QuotasAdminTestJSON:_run_cleanups): 204 DELETE http://10.180.1.21/identity/v3/projects/ce19f4ab501142d0bc9d2c4db55f3674 0.075s
2024-12-10 21:52:12.672 65114 INFO tempest.lib.common.rest_client [req-09213360-7570-4d1a-8540-3f3b59fd6894 req-09213360-7570-4d1a-8540-3f3b59fd6894 ] Request (FlavorsAccessNegativeTestJSON:tearDownClass): 204 DELETE http://10.180.1.21/identity/v3/projects/d7be666210bb4dcca91a664c0c8e8b28 0.146s
2024-12-10 21:52:12.738 65114 INFO tempest.lib.common.rest_client [req-d845d6f5-c5d2-44de-99cf-4e9dfbca332b req-d845d6f5-c5d2-44de-99cf-4e9dfbca332b ] Request (InstanceUsageAuditLogTestJSON:setUpClass): 201 POST http://10.180.1.21/identity/v3/auth/tokens 0.060s
2024-12-10 21:52:12.758 65098 INFO tempest.lib.common.rest_client [req-7e9c8f5a-7888-4947-ac74-68cbf0c03055 req-7e9c8f5a-7888-4947-ac74-68cbf0c03055 ] Request (MigrationsAdminTest:test_list_migrations): 200 GET http://10.180.1.21/compute/v2.1/os-migrations 2.718s
2024-12-10 21:52:12.781 65114 INFO tempest.lib.common.rest_client [req-ad635cb8-78e5-41e1-b784-ed20265413dc req-ad635cb8-78e5-41e1-b784-ed20265413dc ] Request (InstanceUsageAuditLogTestJSON:setUpClass): 201 POST http://10.180.1.21/identity/v3/auth/tokens 0.040s
2024-12-10 21:52:12.812 65114 INFO tempest.lib.common.rest_client [req-d2ff35cc-4cf0-4f7d-825b-2a2a9c6dc1e3 req-d2ff35cc-4cf0-4f7d-825b-2a2a9c6dc1e3 ] Request (InstanceUsageAuditLogTestJSON:setUpClass): 200 GET http://10.180.1.21/identity/v3/domains?name=Default 0.031s
2024-12-10 21:52:12.828 65098 INFO tempest.lib.common.rest_client [req-abd5fe03-a2bb-4af3-9bce-51ea9a5199e4 req-abd5fe03-a2bb-4af3-9bce-51ea9a5199e4 ] Request (MigrationsAdminTest:test_list_migrations_in_flavor_resize_situation): 201 POST http://10.180.1.21/identity/v3/auth/tokens 0.060s
2024-12-10 21:52:12.828 65098 INFO tempest.lib.common.fixed_network [-] (MigrationsAdminTest:test_list_migrations_in_flavor_resize_situation) Found network None available for tenant
2024-12-10 21:52:12.841 65114 INFO tempest.lib.common.rest_client [req-32d94566-8b50-41c5-a6a9-d0488005314b req-32d94566-8b50-41c5-a6a9-d0488005314b ] Request (InstanceUsageAuditLogTestJSON:setUpClass): 201 POST http://10.180.1.21/identity/v3/projects 0.028s
2024-12-10 21:52:12.880 65104 INFO tempest.lib.common.rest_client [req-13ff0228-abae-429c-977c-641d5696df12 req-13ff0228-abae-429c-977c-641d5696df12 ] Request (ServerDiagnosticsNegativeTest:tearDownClass): 200 GET http://10.180.1.21/compute/v2.1/servers/adf1f186-01f6-4e45-ba26-4bdd1695ab29 2.666s
2024-12-10 21:52:12.907 65114 INFO tempest.lib.common.rest_client [req-fc6369c2-286b-4c8a-a6cd-1d10ac5aae40 req-fc6369c2-286b-4c8a-a6cd-1d10ac5aae40 ] Request (InstanceUsageAuditLogTestJSON:setUpClass): 201 POST http://10.180.1.21/identity/v3/users 0.066s
2024-12-10 21:52:12.930 65114 INFO tempest.lib.common.rest_client [req-4ef4dec0-8158-4fe3-8b67-3ddac2f77582 req-4ef4dec0-8158-4fe3-8b67-3ddac2f77582 ] Request (InstanceUsageAuditLogTestJSON:setUpClass): 200 GET http://10.180.1.21/identity/v3/roles 0.022s
2024-12-10 21:52:12.957 65114 INFO tempest.lib.common.rest_client [req-35906a25-0fb9-43fd-8213-0467bded283a req-35906a25-0fb9-43fd-8213-0467bded283a ] Request (InstanceUsageAuditLogTestJSON:setUpClass): 204 PUT http://10.180.1.21/identity/v3/projects/8f7b70c84f3f4d16a0cbe34753ab7460/users/306ce74425bb45f0a007db6221353e51/roles/d9ac59841022492db57c4b9ce759cbeb 0.027s
2024-12-10 21:52:12.958 65114 INFO tempest.lib.common.dynamic_creds [-] Dynamic test user 306ce74425bb45f0a007db6221353e51 is created with scope project and roles: ['member']
2024-12-10 21:52:12.958 65114 INFO tempest.lib.common.dynamic_creds [-] Acquired dynamic creds: credentials: Credentials: {'domain_id': 'default', 'domain_name': 'Default', 'username': 'tempest-InstanceUsageAuditLogTestJSON-1645939149-project-member', 'project_domain_id': 'default', 'project_domain_name': 'Default', 'project_id': '8f7b70c84f3f4d16a0cbe34753ab7460', 'project_name': 'tempest-InstanceUsageAuditLogTestJSON-1645939149', 'tenant_id': '8f7b70c84f3f4d16a0cbe34753ab7460', 'tenant_name': 'tempest-InstanceUsageAuditLogTestJSON-1645939149', 'user_domain_id': 'default', 'user_domain_name': 'Default', 'user_id': '306ce74425bb45f0a007db6221353e51', 'system': None}, Network: None, Subnet: None, Router: None
2024-12-10 21:52:12.958 65114 INFO tempest.lib.common.dynamic_creds [-] Created isolated network resources for: credentials: Credentials: {'domain_id': 'default', 'domain_name': 'Default', 'username': 'tempest-InstanceUsageAuditLogTestJSON-1645939149-project-member', 'project_domain_id': 'default', 'project_domain_name': 'Default', 'project_id': '8f7b70c84f3f4d16a0cbe34753ab7460', 'project_name': 'tempest-InstanceUsageAuditLogTestJSON-1645939149', 'tenant_id': '8f7b70c84f3f4d16a0cbe34753ab7460', 'tenant_name': 'tempest-InstanceUsageAuditLogTestJSON-1645939149', 'user_domain_id': 'default', 'user_domain_name': 'Default', 'user_id': '306ce74425bb45f0a007db6221353e51', 'system': None}, Network: None, Subnet: None, Router: None
2024-12-10 21:52:12.991 65090 INFO tempest.lib.common.rest_client [req-1db9fccc-9f3b-4163-b13c-bdc981af091a req-1db9fccc-9f3b-4163-b13c-bdc981af091a ] Request (ServersNegativeTestMultiTenantJSON:setUpClass): 200 GET http://10.180.1.21/compute/v2.1/servers/bef4fa43-1623-428b-8626-bad5d6ac5eb2 2.545s
2024-12-10 21:52:13.027 65076 INFO tempest.lib.common.rest_client [req-2eedd06a-6bd0-4e1e-a0fd-ca8cc7baf6d8 req-2eedd06a-6bd0-4e1e-a0fd-ca8cc7baf6d8 ] Request (ImagesTestJSON:setUpClass): 200 PUT http://10.180.1.21:9696/networking/v2.0/routers/de108b79-36cd-4e78-82f0-93f4817404bc/add_router_interface 1.063s
2024-12-10 21:52:13.028 65076 INFO tempest.lib.common.dynamic_creds [-] Created isolated network resources for: credentials: Credentials: {'domain_id': 'default', 'domain_name': 'Default', 'username': 'tempest-ImagesTestJSON-1856039503-project-member', 'project_domain_id': 'default', 'project_domain_name': 'Default', 'project_id': 'dbdc7b988a614ddd8820f3b2181c92e4', 'project_name': 'tempest-ImagesTestJSON-1856039503', 'tenant_id': 'dbdc7b988a614ddd8820f3b2181c92e4', 'tenant_name': 'tempest-ImagesTestJSON-1856039503', 'user_domain_id': 'default', 'user_domain_name': 'Default', 'user_id': '72b3718ca34d4eefaa915c1785ee1c68', 'system': None}, Network: {'id': '9fa29801-e953-4dd1-b5d3-af3aca98db8d', 'name': 'tempest-ImagesTestJSON-1379994969-network', 'tenant_id': 'dbdc7b988a614ddd8820f3b2181c92e4', 'admin_state_up': True, 'mtu': 8950, 'status': 'ACTIVE', 'subnets': [], 'shared': False, 'project_id': 'dbdc7b988a614ddd8820f3b2181c92e4', 'port_security_enabled': True, 'router:external': False, 'provider:network_type': 'vlan', 'provider:physical_network': 'default', 'provider:segmentation_id': 106, 'availability_zone_hints': [], 'availability_zones': [], 'ipv4_address_scope': None, 'ipv6_address_scope': None, 'description': '', 'tags': [], 'created_at': '2024-12-10T21:52:09Z', 'updated_at': '2024-12-10T21:52:09Z', 'revision_number': 1}, Subnet: {'id': '8beaabed-cc76-4fe5-93f3-d5934e8f9183', 'name': 'tempest-ImagesTestJSON-1379994969-subnet', 'tenant_id': 'dbdc7b988a614ddd8820f3b2181c92e4', 'network_id': '9fa29801-e953-4dd1-b5d3-af3aca98db8d', 'ip_version': 4, 'subnetpool_id': None, 'enable_dhcp': True, 'ipv6_ra_mode': None, 'ipv6_address_mode': None, 'gateway_ip': '192.168.128.1', 'cidr': '192.168.128.0/28', 'allocation_pools': [{'start': '192.168.128.2', 'end': '192.168.128.14'}], 'host_routes': [], 'dns_nameservers': [], 'description': '', 'router:external': False, 'service_types': [], 'tags': [], 'created_at': '2024-12-10T21:52:10Z', 'updated_at': '2024-12-10T21:52:10Z', 'revision_number': 0, 'project_id': 'dbdc7b988a614ddd8820f3b2181c92e4'}, Router: {'id': 'de108b79-36cd-4e78-82f0-93f4817404bc', 'name': 'tempest-ImagesTestJSON-1379994969-router', 'tenant_id': 'dbdc7b988a614ddd8820f3b2181c92e4', 'admin_state_up': True, 'status': 'ACTIVE', 'external_gateway_info': {'network_id': '7f3c3475-e521-4054-a63a-36553750aba0', 'external_fixed_ips': [{'subnet_id': 'd70aa703-b895-4eb5-a91e-90b3d78d2169', 'ip_address': '10.180.180.245'}], 'enable_snat': True}, 'description': '', 'availability_zones': [], 'distributed': False, 'ha': False, 'availability_zone_hints': [], 'routes': [], 'flavor_id': None, 'tags': [], 'created_at': '2024-12-10T21:52:10Z', 'updated_at': '2024-12-10T21:52:11Z', 'revision_number': 2, 'project_id': 'dbdc7b988a614ddd8820f3b2181c92e4'}
2024-12-10 21:52:13.050 65114 INFO tempest.lib.common.rest_client [req-902a9f27-73c5-4512-8230-6221e77ad202 req-902a9f27-73c5-4512-8230-6221e77ad202 ] Request (InstanceUsageAuditLogTestJSON:setUpClass): 201 POST http://10.180.1.21/identity/v3/auth/tokens 0.088s
2024-12-10 21:52:13.098 65108 INFO tempest.lib.common.rest_client [req-d61fb0e0-59a4-44c0-bd0a-1ccce83a0e85 req-d61fb0e0-59a4-44c0-bd0a-1ccce83a0e85 ] Request (ServerDiagnosticsTest:tearDownClass): 204 DELETE http://10.180.1.21/compute/v2.1/servers/28d3fdf1-7353-4386-b8fe-db7527e88c14 2.586s
2024-12-10 21:52:13.105 65076 INFO tempest.lib.common.rest_client [req-8426d9a6-054b-416b-9dd2-08e022953bfd req-8426d9a6-054b-416b-9dd2-08e022953bfd ] Request (ImagesTestJSON:setUpClass): 201 POST http://10.180.1.21/identity/v3/auth/tokens 0.070s
2024-12-10 21:52:13.130 65114 INFO tempest.lib.common.rest_client [req-126ebe0b-8b33-49c3-884b-a802b6fb74ce req-126ebe0b-8b33-49c3-884b-a802b6fb74ce ] Request (InstanceUsageAuditLogTestJSON:setUpClass): 201 POST http://10.180.1.21/identity/v3/projects 0.078s
2024-12-10 21:52:13.181 65076 INFO tempest.lib.common.rest_client [req-e077a0a5-feb8-4ffe-afb6-af31e1050968 req-e077a0a5-feb8-4ffe-afb6-af31e1050968 ] Request (ImagesTestJSON:test_create_image_from_stopped_server): 201 POST http://10.180.1.21/identity/v3/auth/tokens 0.070s
2024-12-10 21:52:13.181 65076 INFO tempest.lib.common.fixed_network [-] (ImagesTestJSON:test_create_image_from_stopped_server) Found network {'id': '9fa29801-e953-4dd1-b5d3-af3aca98db8d', 'name': 'tempest-ImagesTestJSON-1379994969-network', 'tenant_id': 'dbdc7b988a614ddd8820f3b2181c92e4', 'admin_state_up': True, 'mtu': 8950, 'status': 'ACTIVE', 'subnets': [], 'shared': False, 'project_id': 'dbdc7b988a614ddd8820f3b2181c92e4', 'port_security_enabled': True, 'router:external': False, 'provider:network_type': 'vlan', 'provider:physical_network': 'default', 'provider:segmentation_id': 106, 'availability_zone_hints': [], 'availability_zones': [], 'ipv4_address_scope': None, 'ipv6_address_scope': None, 'description': '', 'tags': [], 'created_at': '2024-12-10T21:52:09Z', 'updated_at': '2024-12-10T21:52:09Z', 'revision_number': 1} available for tenant
2024-12-10 21:52:13.226 65114 INFO tempest.lib.common.rest_client [req-0c79cd5b-0cfe-4565-bc0e-4344c4d6983d req-0c79cd5b-0cfe-4565-bc0e-4344c4d6983d ] Request (InstanceUsageAuditLogTestJSON:setUpClass): 201 POST http://10.180.1.21/identity/v3/users 0.096s
2024-12-10 21:52:13.248 65114 INFO tempest.lib.common.rest_client [req-65f00353-4e8b-4cf5-8f9b-58f34be235a9 req-65f00353-4e8b-4cf5-8f9b-58f34be235a9 ] Request (InstanceUsageAuditLogTestJSON:setUpClass): 200 GET http://10.180.1.21/identity/v3/roles 0.021s
2024-12-10 21:52:13.250 65070 INFO tempest.lib.common.rest_client [req-63f64f14-a734-490f-9d74-a02ffb003e94 req-63f64f14-a734-490f-9d74-a02ffb003e94 ] Request (ServerActionsTestJSON:setUpClass): 200 GET http://10.180.1.21/compute/v2.1/servers/1e8ac6e2-f994-4d5e-afe3-2e25da989f9b 2.736s
2024-12-10 21:52:13.265 65070 INFO tempest.common.waiters [-] State transition "BUILD/scheduling" ==> "BUILD/None" after 4 second wait
2024-12-10 21:52:13.288 65114 INFO tempest.lib.common.rest_client [req-bb2f9dd5-fa5a-44dc-bb01-8755e17e2588 req-bb2f9dd5-fa5a-44dc-bb01-8755e17e2588 ] Request (InstanceUsageAuditLogTestJSON:setUpClass): 204 PUT http://10.180.1.21/identity/v3/projects/bb0eb2b5a84e408e8d5e69789689690a/users/5bdd865c8ad64070b16ec6fb42c0d308/roles/919fea8c121e49b2b5d1240356da8d81 0.039s
2024-12-10 21:52:13.301 65096 INFO tempest.lib.common.rest_client [req-7edb4267-134d-4a92-843a-184aef4f2ad6 req-7edb4267-134d-4a92-843a-184aef4f2ad6 ] Request (ServersWithSpecificFlavorTestJSON:test_verify_created_server_ephemeral_disk): 200 GET http://10.180.1.21/compute/v2.1/servers/7338f203-3717-4b4c-9d6b-39a9c2a74449 3.488s
2024-12-10 21:52:13.310 65096 INFO tempest.common.waiters [-] State transition "BUILD/spawning" ==> "ACTIVE/None" after 21 second wait
2024-12-10 21:52:13.354 65114 INFO tempest.lib.common.rest_client [req-65f3f913-318e-4d92-852e-c6fd9184166f req-65f3f913-318e-4d92-852e-c6fd9184166f ] Request (InstanceUsageAuditLogTestJSON:setUpClass): 200 GET http://10.180.1.21/identity/v3/roles 0.066s
2024-12-10 21:52:13.380 65114 INFO tempest.lib.common.rest_client [req-112296ce-560e-4bed-b392-341af77af123 req-112296ce-560e-4bed-b392-341af77af123 ] Request (InstanceUsageAuditLogTestJSON:setUpClass): 204 PUT http://10.180.1.21/identity/v3/projects/bb0eb2b5a84e408e8d5e69789689690a/users/5bdd865c8ad64070b16ec6fb42c0d308/roles/919fea8c121e49b2b5d1240356da8d81 0.026s
2024-12-10 21:52:13.381 65114 INFO tempest.lib.common.dynamic_creds [-] Dynamic test user 5bdd865c8ad64070b16ec6fb42c0d308 is created with scope project and roles: ['admin']
