2024-12-10 21:52:03.251 65080 INFO tempest.lib.common.rest_client [req-e47fc00b-c411-4f74-a13c-9a8ae58ccd4d req-e47fc00b-c411-4f74-a13c-9a8ae58ccd4d ] Request (ServersTestJSON:setUpClass): 201 POST http://10.180.1.21/identity/v3/auth/tokens 0.040s
2024-12-10 21:52:03.258 65058 INFO tempest.common.waiters [-] State transition "BUILD/None" ==> "BUILD/block_device_mapping" after 10 second wait
2024-12-10 21:52:03.283 65080 INFO tempest.lib.common.rest_client [req-6ac9661c-eebd-41ce-a8cb-720dfdffc3cf req-6ac9661c-eebd-41ce-a8cb-720dfdffc3cf ] Request (ServersTestJSON:setUpClass): 200 GET http://10.180.1.21/identity/v3/domains?name=Default 0.032s
2024-12-10 21:52:03.304 65104 INFO tempest.lib.common.rest_client [req-fcadceb3-f6be-4e5d-b025-9bf3065b6374 req-fcadceb3-f6be-4e5d-b025-9bf3065b6374 ] Request (ServerDiagnosticsNegativeTest:tearDownClass): 200 GET http://10.180.1.21/compute/v2.1/servers/adf1f186-01f6-4e45-ba26-4bdd1695ab29 1.506s
2024-12-10 21:52:03.311 65104 INFO tempest.common.waiters [-] State transition "ACTIVE/deleting" ==> "DELETED/None" after 3 second wait
2024-12-10 21:52:03.319 65080 INFO tempest.lib.common.rest_client [req-2d74c22a-d6ba-4e64-b1d7-7a96a1b00f3c req-2d74c22a-d6ba-4e64-b1d7-7a96a1b00f3c ] Request (ServersTestJSON:setUpClass): 201 POST http://10.180.1.21/identity/v3/projects 0.035s
2024-12-10 21:52:03.321 65090 INFO tempest.lib.common.rest_client [req-b3f493b5-6dbf-461b-9dca-22efacfd3f52 req-b3f493b5-6dbf-461b-9dca-22efacfd3f52 ] Request (ServersNegativeTestMultiTenantJSON:setUpClass): 200 GET http://10.180.1.21/compute/v2.1/servers/bef4fa43-1623-428b-8626-bad5d6ac5eb2 1.492s
2024-12-10 21:52:03.388 65080 INFO tempest.lib.common.rest_client [req-00cdbf50-cbe6-482f-81a4-8052d7876b31 req-00cdbf50-cbe6-482f-81a4-8052d7876b31 ] Request (ServersTestJSON:setUpClass): 201 POST http://10.180.1.21/identity/v3/users 0.069s
2024-12-10 21:52:03.402 65084 INFO tempest.lib.common.rest_client [req-7df642f4-3101-4790-8eb3-ac2971d6dfb5 req-7df642f4-3101-4790-8eb3-ac2971d6dfb5 ] Request (ServerExternalEventsTest:tearDownClass): 204 DELETE http://10.180.1.21/compute/v2.1/servers/a11ebf7b-95fb-45af-a954-655135e5309f 1.547s
2024-12-10 21:52:03.425 65080 INFO tempest.lib.common.rest_client [req-e000a1eb-f9d6-4fbd-a64b-dd951cfd44fb req-e000a1eb-f9d6-4fbd-a64b-dd951cfd44fb ] Request (ServersTestJSON:setUpClass): 200 GET http://10.180.1.21/identity/v3/roles 0.037s
2024-12-10 21:52:03.458 65080 INFO tempest.lib.common.rest_client [req-18fd3446-762d-4b12-b98a-85ad4fb4efdb req-18fd3446-762d-4b12-b98a-85ad4fb4efdb ] Request (ServersTestJSON:setUpClass): 204 PUT http://10.180.1.21/identity/v3/projects/cbb80d3e0e99489a832d02d73470ec93/users/d5ead337ebb04e0984cf44eb6294f279/roles/d9ac59841022492db57c4b9ce759cbeb 0.032s
2024-12-10 21:52:03.458 65080 INFO tempest.lib.common.dynamic_creds [-] Dynamic test user d5ead337ebb04e0984cf44eb6294f279 is created with scope project and roles: ['member']
2024-12-10 21:52:03.459 65080 INFO tempest.lib.common.dynamic_creds [-] Acquired dynamic creds: credentials: Credentials: {'domain_id': 'default', 'domain_name': 'Default', 'username': 'tempest-ServersTestJSON-2062992219-project-member', 'project_domain_id': 'default', 'project_domain_name': 'Default', 'project_id': 'cbb80d3e0e99489a832d02d73470ec93', 'project_name': 'tempest-ServersTestJSON-2062992219', 'tenant_id': 'cbb80d3e0e99489a832d02d73470ec93', 'tenant_name': 'tempest-ServersTestJSON-2062992219', 'user_domain_id': 'default', 'user_domain_name': 'Default', 'user_id': 'd5ead337ebb04e0984cf44eb6294f279', 'system': None}, Network: None, Subnet: None, Router: None
2024-12-10 21:52:03.493 65110 INFO tempest.lib.common.rest_client [req-fa1f5adf-e063-4dac-b376-91428a0fab3a req-fa1f5adf-e063-4dac-b376-91428a0fab3a ] Request (ServerAddressesTestJSON:setUpClass): 200 GET http://10.180.1.21/compute/v2.1/servers/00dd6a8f-70a2-474a-ba86-5cdd56139088 1.513s
2024-12-10 21:52:03.499 65110 INFO tempest.common.waiters [-] State transition "BUILD/scheduling" ==> "BUILD/None" after 3 second wait
2024-12-10 21:52:03.502 65070 INFO tempest.lib.common.rest_client [req-b33b80d5-c92d-469b-b911-e652e60fe838 req-b33b80d5-c92d-469b-b911-e652e60fe838 ] Request (ServerActionsTestJSON:setUpClass): 200 POST http://10.180.1.21/compute/v2.1/os-keypairs 1.614s
2024-12-10 21:52:03.529 65086 INFO tempest.lib.common.rest_client [req-054b6dee-b1d7-475c-8d3e-0c9363690691 req-054b6dee-b1d7-475c-8d3e-0c9363690691 ] Request (AggregatesAdminNegativeTestJSON:_run_cleanups): 200 DELETE http://10.180.1.21/compute/v2.1/os-aggregates/5 1.358s
2024-12-10 21:52:03.537 65080 INFO tempest.lib.common.rest_client [req-b8d366af-25b0-4679-928a-07c792501dde req-b8d366af-25b0-4679-928a-07c792501dde ] Request (ServersTestJSON:setUpClass): 201 POST http://10.180.1.21/identity/v3/auth/tokens 0.078s
2024-12-10 21:52:03.695 65066 INFO tempest.lib.common.rest_client [req-d6afd2b4-fb9b-4eed-adaf-a99da1300d4c req-d6afd2b4-fb9b-4eed-adaf-a99da1300d4c ] Request (QuotasAdminTestV236:test_get_updated_quotas): 200 GET http://10.180.1.21/compute/v2.1/os-quota-sets/a8e2f360fc404ae495a24365e5689339?user_id=344ee26071f643fca0f735e56751962d 1.507s
2024-12-10 21:52:03.747 65070 INFO tempest.lib.common.rest_client [req-9eb45f19-bc9d-4703-965c-a4524896ad84 req-9eb45f19-bc9d-4703-965c-a4524896ad84 ] Request (ServerActionsTestJSON:setUpClass): 201 POST http://10.180.1.21:9696/networking/v2.0/security-groups 0.243s
2024-12-10 21:52:03.785 65066 INFO tempest.lib.common.rest_client [req-907d6ad7-19be-41c8-8f0f-3105be2f73d8 req-907d6ad7-19be-41c8-8f0f-3105be2f73d8 ] Request (QuotasAdminTestV236:_run_cleanups): 204 DELETE http://10.180.1.21/identity/v3/users/344ee26071f643fca0f735e56751962d 0.087s
2024-12-10 21:52:03.825 65080 INFO tempest.lib.common.rest_client [req-58460827-dec5-48e5-8011-1f35aeed10ac req-58460827-dec5-48e5-8011-1f35aeed10ac ] Request (ServersTestJSON:setUpClass): 201 POST http://10.180.1.21:9696/networking/v2.0/networks 0.288s
2024-12-10 21:52:03.885 65066 INFO tempest.lib.common.rest_client [req-bc4f0e04-3d6b-462f-858f-eac0d9a0e659 req-bc4f0e04-3d6b-462f-858f-eac0d9a0e659 ] Request (QuotasAdminTestV236:_run_cleanups): 204 DELETE http://10.180.1.21/identity/v3/projects/a8e2f360fc404ae495a24365e5689339 0.100s
2024-12-10 21:52:03.958 65118 INFO tempest.lib.common.rest_client [req-3739a890-2f9e-4597-9cf7-5887ed734b01 req-3739a890-2f9e-4597-9cf7-5887ed734b01 ] Request (SecurityGroupRulesNegativeTestJSON:setUpClass): 200 PUT http://10.180.1.21:9696/networking/v2.0/routers/9edde1b5-01d4-473b-9b50-f3d795293b49/add_router_interface 2.421s
2024-12-10 21:52:03.958 65118 INFO tempest.lib.common.dynamic_creds [-] Created isolated network resources for: credentials: Credentials: {'domain_id': 'default', 'domain_name': 'Default', 'username': 'tempest-SecurityGroupRulesNegativeTestJSON-142016260-project-member', 'project_domain_id': 'default', 'project_domain_name': 'Default', 'project_id': '91118b6739d842a1b68b26f78313e0a6', 'project_name': 'tempest-SecurityGroupRulesNegativeTestJSON-142016260', 'tenant_id': '91118b6739d842a1b68b26f78313e0a6', 'tenant_name': 'tempest-SecurityGroupRulesNegativeTestJSON-142016260', 'user_domain_id': 'default', 'user_domain_name': 'Default', 'user_id': '828955f84fd747fa8eed226a358d5ee0', 'system': None}, Network: {'id': '13288d7e-dd44-4b85-a300-6968a487efdb', 'name': 'tempest-SecurityGroupRulesNegativeTestJSON-1813566157-network', 'tenant_id': '91118b6739d842a1b68b26f78313e0a6', 'admin_state_up': True, 'mtu': 8950, 'status': 'ACTIVE', 'subnets': [], 'shared': False, 'project_id': '91118b6739d842a1b68b26f78313e0a6', 'port_security_enabled': True, 'router:external': False, 'provider:network_type': 'vlan', 'provider:physical_network': 'default', 'provider:segmentation_id': 194, 'availability_zone_hints': [], 'availability_zones': [], 'ipv4_address_scope': None, 'ipv6_address_scope': None, 'description': '', 'tags': [], 'created_at': '2024-12-10T21:51:57Z', 'updated_at': '2024-12-10T21:51:57Z', 'revision_number': 1}, Subnet: {'id': '9f116263-1c30-4a24-b669-2c03183c1709', 'name': 'tempest-SecurityGroupRulesNegativeTestJSON-1813566157-subnet', 'tenant_id': '91118b6739d842a1b68b26f78313e0a6', 'network_id': '13288d7e-dd44-4b85-a300-6968a487efdb', 'ip_version': 4, 'subnetpool_id': None, 'enable_dhcp': True, 'ipv6_ra_mode': None, 'ipv6_address_mode': None, 'gateway_ip': '192.168.128.1', 'cidr': '192.168.128.0/28', 'allocation_pools': [{'start': '192.168.128.2', 'end': '192.168.128.14'}], 'host_routes': [], 'dns_nameservers': [], 'description': '', 'router:external': False, 'service_types': [], 'tags': [], 'created_at': '2024-12-10T21:51:57Z', 'updated_at': '2024-12-10T21:51:57Z', 'revision_number': 0, 'project_id': '91118b6739d842a1b68b26f78313e0a6'}, Router: {'id': '9edde1b5-01d4-473b-9b50-f3d795293b49', 'name': 'tempest-SecurityGroupRulesNegativeTestJSON-1813566157-router', 'tenant_id': '91118b6739d842a1b68b26f78313e0a6', 'admin_state_up': True, 'status': 'ACTIVE', 'external_gateway_info': {'network_id': '7f3c3475-e521-4054-a63a-36553750aba0', 'external_fixed_ips': [{'subnet_id': 'd70aa703-b895-4eb5-a91e-90b3d78d2169', 'ip_address': '10.180.180.191'}], 'enable_snat': True}, 'description': '', 'availability_zones': [], 'distributed': False, 'ha': False, 'availability_zone_hints': [], 'routes': [], 'flavor_id': None, 'tags': [], 'created_at': '2024-12-10T21:51:58Z', 'updated_at': '2024-12-10T21:51:59Z', 'revision_number': 2, 'project_id': '91118b6739d842a1b68b26f78313e0a6'}
2024-12-10 21:52:03.965 65070 INFO tempest.lib.common.rest_client [req-73b9471a-72f7-4622-9507-92bfbe2c056e req-73b9471a-72f7-4622-9507-92bfbe2c056e ] Request (ServerActionsTestJSON:setUpClass): 201 POST http://10.180.1.21:9696/networking/v2.0/security-group-rules 0.217s
2024-12-10 21:52:04.004 65080 INFO tempest.lib.common.rest_client [req-5ed2a855-d6a1-4688-a783-d0b7dad9ed47 req-5ed2a855-d6a1-4688-a783-d0b7dad9ed47 ] Request (ServersTestJSON:setUpClass): 201 POST http://10.180.1.21:9696/networking/v2.0/subnets 0.178s
2024-12-10 21:52:04.059 65118 INFO tempest.lib.common.rest_client [req-1e1b0de3-e017-4b49-bce7-673db4101c24 req-1e1b0de3-e017-4b49-bce7-673db4101c24 ] Request (SecurityGroupRulesNegativeTestJSON:setUpClass): 201 POST http://10.180.1.21/identity/v3/auth/tokens 0.096s
2024-12-10 21:52:04.065 65066 INFO tempest.lib.common.rest_client [req-1ca0f56c-a016-4fa8-8169-3e454c758094 req-1ca0f56c-a016-4fa8-8169-3e454c758094 ] Request (QuotasAdminTestV236:tearDownClass): 204 DELETE http://10.180.1.21/identity/v3/users/aa0426fe4fba40ea9caa8b9d8376b5b8 0.177s
2024-12-10 21:52:04.157 65070 INFO tempest.lib.common.rest_client [req-2fc091e5-4ce1-48e0-86d8-30161ab3445b req-2fc091e5-4ce1-48e0-86d8-30161ab3445b ] Request (ServerActionsTestJSON:setUpClass): 201 POST http://10.180.1.21:9696/networking/v2.0/security-group-rules 0.192s
2024-12-10 21:52:04.168 65092 INFO tempest.lib.common.rest_client [req-4e1a21f6-ce4f-4241-990f-8e08388b6b29 req-4e1a21f6-ce4f-4241-990f-8e08388b6b29 ] Request (QuotasAdminTestJSON:test_delete_quota): 200 GET http://10.180.1.21/identity/v3/domains?name=Default 0.198s
2024-12-10 21:52:04.180 65074 INFO tempest.lib.common.rest_client [req-247d5def-c0da-4f36-9460-a2eb439a4d47 req-247d5def-c0da-4f36-9460-a2eb439a4d47 ] Request (ServerDiagnosticsV248Test:test_get_server_diagnostics): 200 GET http://10.180.1.21/compute/v2.1/servers/db9fdb62-302f-4138-ac43-aa013df3fa38/diagnostics 2.093s
2024-12-10 21:52:04.208 65060 INFO tempest.lib.common.rest_client [req-8b34f215-74c0-46de-98d5-86c7a6ce07fd req-8b34f215-74c0-46de-98d5-86c7a6ce07fd ] Request (FlavorsAdminTestJSON:test_create_server_with_non_public_flavor): 200 POST http://10.180.1.21/compute/v2.1/flavors 1.993s
2024-12-10 21:52:04.219 65066 INFO tempest.lib.common.rest_client [req-a853a36b-3d87-4de1-9e9e-49f94b862279 req-a853a36b-3d87-4de1-9e9e-49f94b862279 ] Request (QuotasAdminTestV236:tearDownClass): 204 DELETE http://10.180.1.21/identity/v3/users/baf59bdd72414394aa7fbc243676ffe3 0.152s
2024-12-10 21:52:04.219 65066 INFO tempest.lib.common.dynamic_creds [-] Deleting project and security group for project: c2eb62db57844581b6e688bd2b7776f9
2024-12-10 21:52:04.248 65092 INFO tempest.lib.common.rest_client [req-072d9059-bceb-47ab-a3c7-c26fbec0055d req-072d9059-bceb-47ab-a3c7-c26fbec0055d ] Request (QuotasAdminTestJSON:test_delete_quota): 201 POST http://10.180.1.21/identity/v3/projects 0.079s
2024-12-10 21:52:04.288 65066 INFO tempest.lib.common.rest_client [req-ac44f384-d258-4224-aed8-854b205f2a64 req-ac44f384-d258-4224-aed8-854b205f2a64 ] Request (QuotasAdminTestV236:tearDownClass): 201 POST http://10.180.1.21/identity/v3/auth/tokens 0.069s
2024-12-10 21:52:04.298 65082 INFO tempest.lib.common.rest_client [req-00adbe85-9e3b-4b47-b96d-c8831a13fcfc req-00adbe85-9e3b-4b47-b96d-c8831a13fcfc ] Request (ServersTestManualDisk:setUpClass): 200 GET http://10.180.1.21/compute/v2.1/servers/09ca33a1-e1b2-4a80-8e6c-d17cf9a21e49 2.061s
2024-12-10 21:52:04.313 65092 INFO tempest.lib.common.rest_client [req-01cc0f0c-1363-4651-94a2-35c4b5beb6b9 req-01cc0f0c-1363-4651-94a2-35c4b5beb6b9 ] Request (QuotasAdminTestJSON:test_delete_quota): 200 GET http://10.180.1.21/identity/v3/domains?name=Default 0.064s
2024-12-10 21:52:04.316 65114 INFO tempest.lib.common.rest_client [req-ce3d3238-52fd-45ee-a3ce-894e53bccb72 req-ce3d3238-52fd-45ee-a3ce-894e53bccb72 ] Request (FlavorsAccessNegativeTestJSON:test_remove_flavor_access_not_found): 200 POST http://10.180.1.21/compute/v2.1/flavors 1.984s
2024-12-10 21:52:04.367 65102 INFO tempest.lib.common.rest_client [req-abe9620c-4671-4cdd-86e4-c46bf3942c2c req-abe9620c-4671-4cdd-86e4-c46bf3942c2c ] Request (FloatingIPsAssociationTestJSON:setUpClass): 200 GET http://10.180.1.21/compute/v2.1/servers/ccfb805b-1922-4f0b-97f5-db4d814b642f 2.011s
2024-12-10 21:52:04.389 65062 INFO tempest.lib.common.rest_client [req-1176352b-ee2f-4cc1-8110-6bcc7036d96f req-1176352b-ee2f-4cc1-8110-6bcc7036d96f ] Request (FlavorsV261TestJSON:test_crud_flavor): 200 GET http://10.180.1.21/compute/v2.1/flavors 2.028s
2024-12-10 21:52:04.608 65066 INFO tempest.lib.common.rest_client [req-705f9580-9a45-49b1-93ef-ab460a1bc797 req-705f9580-9a45-49b1-93ef-ab460a1bc797 ] Request (QuotasAdminTestV236:tearDownClass): 200 GET http://10.180.1.21:9696/networking/v2.0/security-groups?tenant_id=c2eb62db57844581b6e688bd2b7776f9&name=default 0.319s
2024-12-10 21:52:04.633 65078 INFO tempest.lib.common.rest_client [req-71a72a92-6153-40b4-a397-e16a9a78c972 req-71a72a92-6153-40b4-a397-e16a9a78c972 ] Request (AttachInterfacesTestJSON:test_create_list_show_delete_interfaces_by_fixed_ip): 200 GET http://10.180.1.21/compute/v2.1/servers/bc46f22b-e915-4f69-8cec-960ab8c3d1f5 2.242s
2024-12-10 21:52:04.643 65078 INFO tempest.lib.common.ssh [-] Creating ssh connection to '10.180.180.194:22' as 'cirros' with public key authentication
2024-12-10 21:52:04.647 65098 INFO tempest.lib.common.rest_client [req-fb19ddc0-4607-414d-af35-50d266c4c80b req-fb19ddc0-4607-414d-af35-50d266c4c80b ] Request (HypervisorAdminNegativeTestJSON:test_show_hypervisor_with_non_admin_user): 403 GET http://10.180.1.21/compute/v2.1/os-hypervisors/1 2.139s
2024-12-10 21:52:04.661 65100 INFO tempest.lib.common.rest_client [req-b0216eba-1a39-46fd-9118-35503c4c8132 req-b0216eba-1a39-46fd-9118-35503c4c8132 ] Request (ServerGroup264TestJSON:test_create_get_server_group): 200 GET http://10.180.1.21/compute/v2.1/os-server-groups 2.139s
2024-12-10 21:52:04.665 65094 INFO tempest.lib.common.rest_client [req-38659c20-8e7c-43c2-aa51-50c8e2705882 req-38659c20-8e7c-43c2-aa51-50c8e2705882 ] Request (VolumesNegativeTest:test_delete_volume_without_passing_volume_id): 404 DELETE http://10.180.1.21/compute/v2.1/os-volumes/ 2.088s
2024-12-10 21:52:04.725 65116 INFO tempest.lib.common.rest_client [req-406d61c1-85c4-41b1-9afd-6470cccc20ff req-406d61c1-85c4-41b1-9afd-6470cccc20ff ] Request (ServersAdminNegativeTestJSON:test_migrate_server_invalid_state): 200 GET http://10.180.1.21/compute/v2.1/servers/c04d4d7e-b824-45b5-a1d5-8ba1ada04c43 2.084s
2024-12-10 21:52:04.813 65056 INFO tempest.lib.common.rest_client [req-c01f5c33-db80-42c2-b471-ba92fe9185c6 req-c01f5c33-db80-42c2-b471-ba92fe9185c6 ] Request (FloatingIPsTestJSON:test_allocate_floating_ip): 200 POST http://10.180.1.21/compute/v2.1/os-floating-ips 2.607s
2024-12-10 21:52:04.814 65088 INFO tempest.lib.common.rest_client [req-b4b65cc9-5bcb-4a94-82f9-61eca18ae057 req-b4b65cc9-5bcb-4a94-82f9-61eca18ae057 ] Request (DeleteServersAdminTestJSON:test_admin_delete_servers_of_others): 200 GET http://10.180.1.21/compute/v2.1/servers/9d0d6b11-ca83-4a62-8bbd-91f3d2af81f7 1.844s
2024-12-10 21:52:04.878 65072 INFO tempest.lib.common.rest_client [req-effdcea6-6d57-4ab3-a436-5df4646388d1 req-effdcea6-6d57-4ab3-a436-5df4646388d1 ] Request (ServersAdmin275Test:test_rebuild_update_server_275): 200 GET http://10.180.1.21/compute/v2.1/servers/7ed1869b-528e-4d30-81a6-f4783d4ada88 1.888s
2024-12-10 21:52:04.891 65066 INFO tempest.lib.common.rest_client [req-2d6aa5e8-29f2-4ef4-9eff-b01bc1069693 req-2d6aa5e8-29f2-4ef4-9eff-b01bc1069693 ] Request (QuotasAdminTestV236:tearDownClass): 204 DELETE http://10.180.1.21:9696/networking/v2.0/security-groups/6f52cc91-fe49-4bc5-8445-0d9fb117e7b3 0.283s
2024-12-10 21:52:04.892 65106 INFO tempest.lib.common.rest_client [req-c6f3ea88-3d96-46b2-87ab-fabf60d47da4 req-c6f3ea88-3d96-46b2-87ab-fabf60d47da4 ] Request (ServersTestFqdnHostnames:test_create_server_with_fqdn_name): 200 GET http://10.180.1.21/compute/v2.1/servers/62388118-a0b4-4aa5-80ad-5c6c2f70bab5 1.714s
2024-12-10 21:52:04.902 65106 INFO tempest.common.waiters [-] State transition "BUILD/None" ==> "BUILD/networking" after 9 second wait
2024-12-10 21:52:04.906 65076 INFO tempest.lib.common.rest_client [req-8815c027-1275-4134-b0b5-e9c45bfb1d22 req-8815c027-1275-4134-b0b5-e9c45bfb1d22 ] Request (FloatingIPsNegativeTestJSON:test_delete_nonexistent_floating_ip): 404 DELETE http://10.180.1.21/compute/v2.1/os-floating-ips/f44f6cd3-fdc8-43eb-98dc-52bb2f44b13e 1.679s
2024-12-10 21:52:04.963 65066 INFO tempest.lib.common.rest_client [req-53627ffa-6e1b-4849-9d12-f9585c3a9a03 req-53627ffa-6e1b-4849-9d12-f9585c3a9a03 ] Request (QuotasAdminTestV236:tearDownClass): 204 DELETE http://10.180.1.21/identity/v3/projects/c2eb62db57844581b6e688bd2b7776f9 0.071s
2024-12-10 21:52:04.963 65066 INFO tempest.lib.common.dynamic_creds [-] Deleting project and security group for project: 4ddfd9c8c7b64529a5650ca7b7e96ec4
2024-12-10 21:52:04.970 65064 INFO tempest.lib.common.rest_client [req-40fac3b8-3e76-4767-ae9a-d5b975cc055d req-40fac3b8-3e76-4767-ae9a-d5b975cc055d ] Request (ImagesOneServerNegativeTestJSON:setUpClass): 200 GET http://10.180.1.21/compute/v2.1/servers/6650dd8a-f0e5-4dd5-ba2b-09c589d74512 1.657s
2024-12-10 21:52:05.319 65084 INFO tempest.lib.common.rest_client [req-066f6fe9-5bb3-4106-8ce4-4af74f60e30f req-066f6fe9-5bb3-4106-8ce4-4af74f60e30f ] Request (ServerExternalEventsTest:tearDownClass): 200 GET http://10.180.1.21/compute/v2.1/servers/a11ebf7b-95fb-45af-a954-655135e5309f 1.917s
2024-12-10 21:52:05.340 65086 INFO tempest.lib.common.rest_client [req-01e68028-917b-463a-aaf9-55d21464d6eb req-01e68028-917b-463a-aaf9-55d21464d6eb ] Request (AggregatesAdminNegativeTestJSON:test_aggregate_delete_with_invalid_id): 404 DELETE http://10.180.1.21/compute/v2.1/os-aggregates/-1 1.810s
2024-12-10 21:52:05.366 65066 INFO tempest.lib.common.rest_client [req-7c75a0db-b374-4d37-ae84-fb07fcdc4d4b req-7c75a0db-b374-4d37-ae84-fb07fcdc4d4b ] Request (QuotasAdminTestV236:tearDownClass): 200 GET http://10.180.1.21:9696/networking/v2.0/security-groups?tenant_id=4ddfd9c8c7b64529a5650ca7b7e96ec4&name=default 0.402s
2024-12-10 21:52:05.395 65108 INFO tempest.lib.common.rest_client [req-9213d72c-0f07-4de6-8a31-b81b98c66405 req-9213d72c-0f07-4de6-8a31-b81b98c66405 ] Request (ServerDiagnosticsTest:test_get_server_diagnostics): 200 GET http://10.180.1.21/compute/v2.1/servers/28d3fdf1-7353-4386-b8fe-db7527e88c14 1.911s
2024-12-10 21:52:05.438 65068 INFO tempest.lib.common.rest_client [req-3191f148-53bf-4be3-be3e-f8944da0c0bb req-3191f148-53bf-4be3-be3e-f8944da0c0bb ] Request (ImagesOneServerTestJSON:setUpClass): 200 GET http://10.180.1.21/compute/v2.1/servers/0d81385e-654e-4640-aa9f-a66309657995 1.568s
2024-12-10 21:52:05.544 65070 INFO tempest.lib.common.rest_client [req-d6bf4a78-50f5-4a81-b2c5-dcfd97fc58ba req-d6bf4a78-50f5-4a81-b2c5-dcfd97fc58ba ] Request (ServerActionsTestJSON:setUpClass): 201 POST http://10.180.1.21:9696/networking/v2.0/floatingips 1.385s
2024-12-10 21:52:05.611 65070 INFO tempest.lib.common.rest_client [req-d547670c-67c3-412e-8774-09559a73f8e3 req-d547670c-67c3-412e-8774-09559a73f8e3 ] Request (ServerActionsTestJSON:setUpClass): 201 POST http://10.180.1.21/identity/v3/auth/tokens 0.064s
2024-12-10 21:52:05.611 65070 INFO tempest.lib.common.fixed_network [-] (ServerActionsTestJSON:setUpClass) Found network {'id': 'd060f318-8ee9-4d75-8a0d-cf560a2b2ca7', 'name': 'tempest-ServerActionsTestJSON-644033224-network', 'tenant_id': '58b7ad398c5a419ab299020d20611452', 'admin_state_up': True, 'mtu': 8950, 'status': 'ACTIVE', 'subnets': [], 'shared': False, 'project_id': '58b7ad398c5a419ab299020d20611452', 'port_security_enabled': True, 'router:external': False, 'provider:network_type': 'vlan', 'provider:physical_network': 'default', 'provider:segmentation_id': 109, 'availability_zone_hints': [], 'availability_zones': [], 'ipv4_address_scope': None, 'ipv6_address_scope': None, 'description': '', 'tags': [], 'created_at': '2024-12-10T21:51:53Z', 'updated_at': '2024-12-10T21:51:53Z', 'revision_number': 1} available for tenant
2024-12-10 21:52:05.804 65080 INFO tempest.lib.common.rest_client [req-801d7c03-4cf8-4cf3-b151-ba0bceaabb1b req-801d7c03-4cf8-4cf3-b151-ba0bceaabb1b ] Request (ServersTestJSON:setUpClass): 201 POST http://10.180.1.21:9696/networking/v2.0/routers 1.799s
2024-12-10 21:52:05.906 65066 INFO tempest.lib.common.rest_client [req-5713d356-0aa8-421c-91ea-2dba49eda83d req-5713d356-0aa8-421c-91ea-2dba49eda83d ] Request (QuotasAdminTestV236:tearDownClass): 204 DELETE http://10.180.1.21:9696/networking/v2.0/security-groups/c2f89a94-eda4-4b40-a646-bd685d45ba06 0.539s
2024-12-10 21:52:05.996 65066 INFO tempest.lib.common.rest_client [req-2c299f1f-0c04-4e2b-974f-07f648df15fb req-2c299f1f-0c04-4e2b-974f-07f648df15fb ] Request (QuotasAdminTestV236:tearDownClass): 204 DELETE http://10.180.1.21/identity/v3/projects/4ddfd9c8c7b64529a5650ca7b7e96ec4 0.089s
2024-12-10 21:52:05.997 65066 INFO tempest.test [-] raised in TestVolumeSwap.setUpClass. Invoking tearDownClass.
2024-12-10 21:52:06.028 65096 INFO tempest.lib.common.rest_client [req-eef2afaa-8798-4ddd-a536-82e1b51e74cc req-eef2afaa-8798-4ddd-a536-82e1b51e74cc ] Request (ServersWithSpecificFlavorTestJSON:test_verify_created_server_ephemeral_disk): 200 GET http://10.180.1.21/compute/v2.1/servers/7338f203-3717-4b4c-9d6b-39a9c2a74449 2.025s
2024-12-10 21:52:06.065 65066 INFO tempest.lib.common.rest_client [req-2b3ee2b5-2afa-4358-953c-4397d69c4b28 req-2b3ee2b5-2afa-4358-953c-4397d69c4b28 ] Request (ServerGroupTestJSON:setUpClass): 201 POST http://10.180.1.21/identity/v3/auth/tokens 0.065s
2024-12-10 21:52:06.103 65066 INFO tempest.lib.common.rest_client [req-5155b832-6c99-4f50-a043-b729a16f6f0c req-5155b832-6c99-4f50-a043-b729a16f6f0c ] Request (ServerGroupTestJSON:setUpClass): 201 POST http://10.180.1.21/identity/v3/auth/tokens 0.032s
2024-12-10 21:52:06.137 65066 INFO tempest.lib.common.rest_client [req-0b238da9-c906-43eb-8afa-1d749a76398d req-0b238da9-c906-43eb-8afa-1d749a76398d ] Request (ServerGroupTestJSON:setUpClass): 200 GET http://10.180.1.21/identity/v3/domains?name=Default 0.034s
2024-12-10 21:52:06.169 65066 INFO tempest.lib.common.rest_client [req-d1533069-1419-4f59-ae6c-a98db9340f71 req-d1533069-1419-4f59-ae6c-a98db9340f71 ] Request (ServerGroupTestJSON:setUpClass): 201 POST http://10.180.1.21/identity/v3/projects 0.031s
2024-12-10 21:52:06.193 65118 INFO tempest.lib.common.rest_client [req-4a04bfe5-9183-481e-ac13-4a8c03d19efe req-4a04bfe5-9183-481e-ac13-4a8c03d19efe ] Request (SecurityGroupRulesNegativeTestJSON:test_create_security_group_rule_duplicate): 200 POST http://10.180.1.21/compute/v2.1/os-security-groups 2.133s
2024-12-10 21:52:06.216 65060 INFO tempest.lib.common.rest_client [req-9c1b6726-7de1-499a-a2e1-792e8d8a08a6 req-9c1b6726-7de1-499a-a2e1-792e8d8a08a6 ] Request (FlavorsAdminTestJSON:test_create_server_with_non_public_flavor): 400 POST http://10.180.1.21/compute/v2.1/servers 2.003s
2024-12-10 21:52:06.252 65066 INFO tempest.lib.common.rest_client [req-16260983-089c-4f9a-b5a3-ac03b8bb6acb req-16260983-089c-4f9a-b5a3-ac03b8bb6acb ] Request (ServerGroupTestJSON:setUpClass): 201 POST http://10.180.1.21/identity/v3/users 0.082s
2024-12-10 21:52:06.280 65066 INFO tempest.lib.common.rest_client [req-d34e521d-6c89-48e8-8ec5-83adb2af5f86 req-d34e521d-6c89-48e8-8ec5-83adb2af5f86 ] Request (ServerGroupTestJSON:setUpClass): 200 GET http://10.180.1.21/identity/v3/roles 0.028s
2024-12-10 21:52:06.282 65112 INFO tempest.lib.common.rest_client [req-b9d07d23-f755-4cdb-a088-39d44cc0e2e7 req-b9d07d23-f755-4cdb-a088-39d44cc0e2e7 ] Request (VolumesAssistedSnapshotsTest:test_volume_assisted_snapshot_create_delete): 200 GET http://10.180.1.21/compute/v2.1/servers/31be046d-be83-42b0-a594-21849b0d577f 2.079s
2024-12-10 21:52:06.311 65066 INFO tempest.lib.common.rest_client [req-31b20440-c65a-4c13-82c8-e2559b59c748 req-31b20440-c65a-4c13-82c8-e2559b59c748 ] Request (ServerGroupTestJSON:setUpClass): 204 PUT http://10.180.1.21/identity/v3/projects/fbb8aaef8e584ac3ab5cd5ae3e15ac1f/users/edd34b1ae43d440badf16bc83303464e/roles/d9ac59841022492db57c4b9ce759cbeb 0.030s
2024-12-10 21:52:06.311 65066 INFO tempest.lib.common.dynamic_creds [-] Dynamic test user edd34b1ae43d440badf16bc83303464e is created with scope project and roles: ['member']
2024-12-10 21:52:06.311 65066 INFO tempest.lib.common.dynamic_creds [-] Acquired dynamic creds: credentials: Credentials: {'domain_id': 'default', 'domain_name': 'Default', 'username': 'tempest-ServerGroupTestJSON-703885498-project-member', 'project_domain_id': 'default', 'project_domain_name': 'Default', 'project_id': 'fbb8aaef8e584ac3ab5cd5ae3e15ac1f', 'project_name': 'tempest-ServerGroupTestJSON-703885498', 'tenant_id': 'fbb8aaef8e584ac3ab5cd5ae3e15ac1f', 'tenant_name': 'tempest-ServerGroupTestJSON-703885498', 'user_domain_id': 'default', 'user_domain_name': 'Default', 'user_id': 'edd34b1ae43d440badf16bc83303464e', 'system': None}, Network: None, Subnet: None, Router: None
2024-12-10 21:52:06.388 65066 INFO tempest.lib.common.rest_client [req-32c16e9e-c2c5-4e36-adb6-527c562115c5 req-32c16e9e-c2c5-4e36-adb6-527c562115c5 ] Request (ServerGroupTestJSON:setUpClass): 201 POST http://10.180.1.21/identity/v3/auth/tokens 0.077s
2024-12-10 21:52:06.396 65104 INFO tempest.lib.common.rest_client [req-67866cfb-a014-41f8-840b-3aef96cdb96f req-67866cfb-a014-41f8-840b-3aef96cdb96f ] Request (ServerDiagnosticsNegativeTest:tearDownClass): 200 GET http://10.180.1.21/compute/v2.1/servers/adf1f186-01f6-4e45-ba26-4bdd1695ab29 2.083s
2024-12-10 21:52:06.491 65058 INFO tempest.lib.common.rest_client [req-61c2ffe8-1c85-4b54-895b-582e8aed5f56 req-61c2ffe8-1c85-4b54-895b-582e8aed5f56 ] Request (VolumesAdminNegativeTest:test_update_attached_volume_with_nonexistent_volume_in_body): 200 GET http://10.180.1.21/compute/v2.1/servers/58b211a6-d6a3-49ec-900e-63a32c7a98d2 2.232s
2024-12-10 21:52:06.498 65058 INFO tempest.common.waiters [-] State transition "BUILD/block_device_mapping" ==> "BUILD/spawning" after 13 second wait
2024-12-10 21:52:06.584 65092 INFO tempest.lib.common.rest_client [req-68ac598d-400f-4d02-836b-16745a929021 req-68ac598d-400f-4d02-836b-16745a929021 ] Request (QuotasAdminTestJSON:test_delete_quota): 200 GET http://10.180.1.21/compute/v2.1/os-quota-sets/ce19f4ab501142d0bc9d2c4db55f3674 2.271s
2024-12-10 21:52:06.617 65114 INFO tempest.lib.common.rest_client [req-6cffc071-8ee3-4153-b3ea-13ff77a6b95f req-6cffc071-8ee3-4153-b3ea-13ff77a6b95f ] Request (FlavorsAccessNegativeTestJSON:test_remove_flavor_access_not_found): 404 POST http://10.180.1.21/compute/v2.1/flavors/849767501/action 2.299s
2024-12-10 21:52:06.642 65062 INFO tempest.lib.common.rest_client [req-9eb14328-16ed-442f-80d5-3f5860fe147f req-9eb14328-16ed-442f-80d5-3f5860fe147f ] Request (FlavorsV261TestJSON:_run_cleanups): 202 DELETE http://10.180.1.21/compute/v2.1/flavors/687686640 2.249s
2024-12-10 21:52:06.681 65090 INFO tempest.lib.common.rest_client [req-0fd079a5-ee9c-4291-8051-1b9cebf5fff5 req-0fd079a5-ee9c-4291-8051-1b9cebf5fff5 ] Request (ServersNegativeTestMultiTenantJSON:setUpClass): 200 GET http://10.180.1.21/compute/v2.1/servers/bef4fa43-1623-428b-8626-bad5d6ac5eb2 2.350s
2024-12-10 21:52:06.692 65098 INFO tempest.lib.common.rest_client [req-f556fb20-ad47-42f7-95d3-d2317c853082 req-f556fb20-ad47-42f7-95d3-d2317c853082 ] Request (HypervisorAdminNegativeTestJSON:test_show_nonexistent_hypervisor): 404 GET http://10.180.1.21/compute/v2.1/os-hypervisors/8f484ed1-15ef-4f6f-95b7-512a8bd5c07d 2.044s
2024-12-10 21:52:06.723 65100 INFO tempest.lib.common.rest_client [req-ec6683e5-3f91-4aa4-abed-0bdde58b2b00 req-ec6683e5-3f91-4aa4-abed-0bdde58b2b00 ] Request (ServerGroup264TestJSON:test_create_get_server_group): 200 GET http://10.180.1.21/compute/v2.1/os-server-groups/ebe5e79c-3fdc-499f-9acc-ce714e82f36c 2.060s
2024-12-10 21:52:06.729 65094 INFO tempest.lib.common.rest_client [req-4ba27300-0ef9-4690-bdb9-68b0ea5eff70 req-4ba27300-0ef9-4690-bdb9-68b0ea5eff70 ] Request (VolumesNegativeTest:test_get_volume_without_passing_volume_id): 404 GET http://10.180.1.21/compute/v2.1/os-volumes/ 2.063s
2024-12-10 21:52:06.739 65110 INFO tempest.lib.common.rest_client [req-3e43d852-31d4-4dd9-88d4-f6f851902f7c req-3e43d852-31d4-4dd9-88d4-f6f851902f7c ] Request (ServerAddressesTestJSON:setUpClass): 200 GET http://10.180.1.21/compute/v2.1/servers/00dd6a8f-70a2-474a-ba86-5cdd56139088 2.239s
2024-12-10 21:52:06.809 65098 INFO tempest.lib.common.rest_client [req-d46a6613-7526-4196-9887-00891eb1c189 req-d46a6613-7526-4196-9887-00891eb1c189 ] Request (HypervisorAdminNegativeTestJSON:tearDownClass): 204 DELETE http://10.180.1.21/identity/v3/users/094082de8a9c480dbf4953a1e9ae11b3 0.115s
2024-12-10 21:52:06.827 65082 INFO tempest.lib.common.rest_client [req-0dfbf63f-54f1-4532-8d7a-588267a81aed req-0dfbf63f-54f1-4532-8d7a-588267a81aed ] Request (ServersTestManualDisk:setUpClass): 200 GET http://10.180.1.21/compute/v2.1/servers/09ca33a1-e1b2-4a80-8e6c-d17cf9a21e49 1.521s
2024-12-10 21:52:06.859 65086 INFO tempest.lib.common.rest_client [req-1008db09-8cb0-44e6-ba57-d3d64f88459a req-1008db09-8cb0-44e6-ba57-d3d64f88459a ] Request (AggregatesAdminNegativeTestJSON:test_aggregate_get_details_as_user): 200 POST http://10.180.1.21/compute/v2.1/os-aggregates 1.517s
2024-12-10 21:52:06.866 65066 INFO tempest.lib.common.rest_client [req-a6f2dec7-7923-4295-8488-51818bde2328 req-a6f2dec7-7923-4295-8488-51818bde2328 ] Request (ServerGroupTestJSON:setUpClass): 201 POST http://10.180.1.21:9696/networking/v2.0/networks 0.477s
2024-12-10 21:52:06.894 65056 INFO tempest.lib.common.rest_client [req-bc05c7c8-709e-42ca-a1cf-a1f51d7198f7 req-bc05c7c8-709e-42ca-a1cf-a1f51d7198f7 ] Request (FloatingIPsTestJSON:test_allocate_floating_ip): 200 GET http://10.180.1.21/compute/v2.1/os-floating-ips/9c62c09f-2ee9-4bd3-b300-1a7481c16d75 2.078s
2024-12-10 21:52:06.929 65102 INFO tempest.lib.common.rest_client [req-e7bb4a73-60c7-40c7-b02c-35b35ce0ef0a req-e7bb4a73-60c7-40c7-b02c-35b35ce0ef0a ] Request (FloatingIPsAssociationTestJSON:setUpClass): 200 GET http://10.180.1.21/compute/v2.1/servers/ccfb805b-1922-4f0b-97f5-db4d814b642f 1.549s
2024-12-10 21:52:06.943 65098 INFO tempest.lib.common.rest_client [req-bb7cddc0-dee7-49a4-a17e-ece95393b8c1 req-bb7cddc0-dee7-49a4-a17e-ece95393b8c1 ] Request (HypervisorAdminNegativeTestJSON:tearDownClass): 204 DELETE http://10.180.1.21/identity/v3/users/7b89698f46304301b47ef97d34bfa5f6 0.133s
2024-12-10 21:52:06.943 65098 INFO tempest.lib.common.dynamic_creds [-] Deleting project and security group for project: 6764908bfbec4261a96f5c1d3239a122
2024-12-10 21:52:07.022 65116 INFO tempest.lib.common.rest_client [req-818a0202-9174-41b9-8342-64246c64a4c7 req-818a0202-9174-41b9-8342-64246c64a4c7 ] Request (ServersAdminNegativeTestJSON:test_migrate_server_invalid_state): 200 GET http://10.180.1.21/compute/v2.1/servers/c04d4d7e-b824-45b5-a1d5-8ba1ada04c43 1.288s
2024-12-10 21:52:07.029 65116 INFO tempest.common.waiters [-] State transition "BUILD/scheduling" ==> "BUILD/None" after 6 second wait
2024-12-10 21:52:07.035 65098 INFO tempest.lib.common.rest_client [req-4b73aa60-0c0f-4176-9223-502fcec45439 req-4b73aa60-0c0f-4176-9223-502fcec45439 ] Request (HypervisorAdminNegativeTestJSON:tearDownClass): 201 POST http://10.180.1.21/identity/v3/auth/tokens 0.092s
2024-12-10 21:52:07.062 65080 INFO tempest.lib.common.rest_client [req-d56db911-0742-440f-8e9c-eacafb1ed849 req-d56db911-0742-440f-8e9c-eacafb1ed849 ] Request (ServersTestJSON:setUpClass): 200 PUT http://10.180.1.21:9696/networking/v2.0/routers/2e32f781-871e-444d-8ec9-10145668953e/add_router_interface 1.258s
2024-12-10 21:52:07.062 65080 INFO tempest.lib.common.dynamic_creds [-] Created isolated network resources for: credentials: Credentials: {'domain_id': 'default', 'domain_name': 'Default', 'username': 'tempest-ServersTestJSON-2062992219-project-member', 'project_domain_id': 'default', 'project_domain_name': 'Default', 'project_id': 'cbb80d3e0e99489a832d02d73470ec93', 'project_name': 'tempest-ServersTestJSON-2062992219', 'tenant_id': 'cbb80d3e0e99489a832d02d73470ec93', 'tenant_name': 'tempest-ServersTestJSON-2062992219', 'user_domain_id': 'default', 'user_domain_name': 'Default', 'user_id': 'd5ead337ebb04e0984cf44eb6294f279', 'system': None}, Network: {'id': '20fb322c-a5a1-453a-bb1a-97a2f891b55c', 'name': 'tempest-ServersTestJSON-1034008460-network', 'tenant_id': 'cbb80d3e0e99489a832d02d73470ec93', 'admin_state_up': True, 'mtu': 8950, 'status': 'ACTIVE', 'subnets': [], 'shared': False, 'project_id': 'cbb80d3e0e99489a832d02d73470ec93', 'port_security_enabled': True, 'router:external': False, 'provider:network_type': 'vlan', 'provider:physical_network': 'default', 'provider:segmentation_id': 226, 'availability_zone_hints': [], 'availability_zones': [], 'ipv4_address_scope': None, 'ipv6_address_scope': None, 'description': '', 'tags': [], 'created_at': '2024-12-10T21:52:03Z', 'updated_at': '2024-12-10T21:52:03Z', 'revision_number': 1}, Subnet: {'id': 'c16f09e6-5ad2-48ee-bfbe-9f8b76d46f20', 'name': 'tempest-ServersTestJSON-1034008460-subnet', 'tenant_id': 'cbb80d3e0e99489a832d02d73470ec93', 'network_id': '20fb322c-a5a1-453a-bb1a-97a2f891b55c', 'ip_version': 4, 'subnetpool_id': None, 'enable_dhcp': True, 'ipv6_ra_mode': None, 'ipv6_address_mode': None, 'gateway_ip': '192.168.128.1', 'cidr': '192.168.128.0/28', 'allocation_pools': [{'start': '192.168.128.2', 'end': '192.168.128.14'}], 'host_routes': [], 'dns_nameservers': [], 'description': '', 'router:external': False, 'service_types': [], 'tags': [], 'created_at': '2024-12-10T21:52:03Z', 'updated_at': '2024-12-10T21:52:03Z', 'revision_number': 0, 'project_id': 'cbb80d3e0e99489a832d02d73470ec93'}, Router: {'id': '2e32f781-871e-444d-8ec9-10145668953e', 'name': 'tempest-ServersTestJSON-1034008460-router', 'tenant_id': 'cbb80d3e0e99489a832d02d73470ec93', 'admin_state_up': True, 'status': 'ACTIVE', 'external_gateway_info': {'network_id': '7f3c3475-e521-4054-a63a-36553750aba0', 'external_fixed_ips': [{'subnet_id': 'd70aa703-b895-4eb5-a91e-90b3d78d2169', 'ip_address': '10.180.180.143'}], 'enable_snat': True}, 'description': '', 'availability_zones': [], 'distributed': False, 'ha': False, 'availability_zone_hints': [], 'routes': [], 'flavor_id': None, 'tags': [], 'created_at': '2024-12-10T21:52:04Z', 'updated_at': '2024-12-10T21:52:05Z', 'revision_number': 2, 'project_id': 'cbb80d3e0e99489a832d02d73470ec93'}
2024-12-10 21:52:07.103 65066 INFO tempest.lib.common.rest_client [req-b11367ef-8e9b-4b1c-a666-9d76bbd8aad4 req-b11367ef-8e9b-4b1c-a666-9d76bbd8aad4 ] Request (ServerGroupTestJSON:setUpClass): 201 POST http://10.180.1.21:9696/networking/v2.0/subnets 0.236s
2024-12-10 21:52:07.113 65088 INFO tempest.lib.common.rest_client [req-77a39e4f-91ca-4115-a0fa-64992a930bb2 req-77a39e4f-91ca-4115-a0fa-64992a930bb2 ] Request (DeleteServersAdminTestJSON:test_admin_delete_servers_of_others): 200 GET http://10.180.1.21/compute/v2.1/servers/9d0d6b11-ca83-4a62-8bbd-91f3d2af81f7 1.285s
2024-12-10 21:52:07.179 65080 INFO tempest.lib.common.rest_client [req-d5394e7b-76b9-4ad9-b672-943df8e0e68f req-d5394e7b-76b9-4ad9-b672-943df8e0e68f ] Request (ServersTestJSON:setUpClass): 201 POST http://10.180.1.21/identity/v3/auth/tokens 0.112s
2024-12-10 21:52:07.215 65072 INFO tempest.lib.common.rest_client [req-b5c4ae61-ced7-4409-92c3-3d507dcfbd3c req-b5c4ae61-ced7-4409-92c3-3d507dcfbd3c ] Request (ServersAdmin275Test:test_rebuild_update_server_275): 200 GET http://10.180.1.21/compute/v2.1/servers/7ed1869b-528e-4d30-81a6-f4783d4ada88 1.328s
2024-12-10 21:52:07.226 65072 INFO tempest.common.waiters [-] State transition "REBUILD/rebuild_spawning" ==> "ACTIVE/None" after 8 second wait
2024-12-10 21:52:07.253 65076 INFO tempest.lib.common.rest_client [req-dc1242f9-4a95-449c-9bb3-2a966149ccfb req-dc1242f9-4a95-449c-9bb3-2a966149ccfb ] Request (FloatingIPsNegativeTestJSON:tearDownClass): 200 PUT http://10.180.1.21:9696/networking/v2.0/routers/efd5fbd0-3824-4e26-8951-94a47aebfd99/remove_router_interface 2.346s
2024-12-10 21:52:07.512 65098 INFO tempest.lib.common.rest_client [req-0f462178-34d7-44a9-b293-a2b08dd657bf req-0f462178-34d7-44a9-b293-a2b08dd657bf ] Request (HypervisorAdminNegativeTestJSON:tearDownClass): 200 GET http://10.180.1.21:9696/networking/v2.0/security-groups?tenant_id=6764908bfbec4261a96f5c1d3239a122&name=default 0.476s
2024-12-10 21:52:07.575 65106 INFO tempest.lib.common.rest_client [req-a6caa42e-70de-44ea-b390-bcdbc5faa67c req-a6caa42e-70de-44ea-b390-bcdbc5faa67c ] Request (ServersTestFqdnHostnames:test_create_server_with_fqdn_name): 200 GET http://10.180.1.21/compute/v2.1/servers/62388118-a0b4-4aa5-80ad-5c6c2f70bab5 1.670s
2024-12-10 21:52:07.583 65106 INFO tempest.common.waiters [-] State transition "BUILD/networking" ==> "BUILD/spawning" after 12 second wait
2024-12-10 21:52:07.659 65064 INFO tempest.lib.common.rest_client [req-413853b0-ce5c-4f47-920e-aad61d4c9464 req-413853b0-ce5c-4f47-920e-aad61d4c9464 ] Request (ImagesOneServerNegativeTestJSON:setUpClass): 200 GET http://10.180.1.21/compute/v2.1/servers/6650dd8a-f0e5-4dd5-ba2b-09c589d74512 1.678s
2024-12-10 21:52:07.670 65064 INFO tempest.common.waiters [-] State transition "BUILD/None" ==> "BUILD/networking" after 12 second wait
2024-12-10 21:52:07.722 65070 INFO tempest.lib.common.rest_client [req-5b8743c1-bb63-47f7-8497-a26afaa0c26c req-5b8743c1-bb63-47f7-8497-a26afaa0c26c ] Request (ServerActionsTestJSON:setUpClass): 202 POST http://10.180.1.21/compute/v2.1/servers 2.110s
2024-12-10 21:52:07.727 65078 WARNING tempest.lib.common.ssh [-] Failed to establish authenticated ssh connection to cirros@10.180.180.194 ([Errno None] Unable to connect to port 22 on 10.180.180.194). Number attempts: 1. Retry after 2 seconds.: paramiko.ssh_exception.NoValidConnectionsError: [Errno None] Unable to connect to port 22 on 10.180.180.194
2024-12-10 21:52:07.755 65060 INFO tempest.lib.common.rest_client [req-826de797-87d3-4693-b086-8f7fdf7a2e83 req-826de797-87d3-4693-b086-8f7fdf7a2e83 ] Request (FlavorsAdminTestJSON:_run_cleanups): 202 DELETE http://10.180.1.21/compute/v2.1/flavors/2143814200 1.539s
2024-12-10 21:52:07.789 65098 INFO tempest.lib.common.rest_client [req-9e931c69-8773-4a63-ab06-00011376054f req-9e931c69-8773-4a63-ab06-00011376054f ] Request (HypervisorAdminNegativeTestJSON:tearDownClass): 204 DELETE http://10.180.1.21:9696/networking/v2.0/security-groups/51ab3f7b-92ad-4238-ae1c-90877fccf0d7 0.277s
2024-12-10 21:52:07.861 65084 INFO tempest.lib.common.rest_client [req-113862e9-3d0d-4096-b8e7-5260e2c0f43b req-113862e9-3d0d-4096-b8e7-5260e2c0f43b ] Request (ServerExternalEventsTest:tearDownClass): 200 GET http://10.180.1.21/compute/v2.1/servers/a11ebf7b-95fb-45af-a954-655135e5309f 1.526s
2024-12-10 21:52:07.874 65084 INFO tempest.common.waiters [-] State transition "ACTIVE/deleting" ==> "DELETED/None" after 2 second wait
2024-12-10 21:52:07.931 65098 INFO tempest.lib.common.rest_client [req-be7ea5dd-ee46-442c-a240-7c604dd5089d req-be7ea5dd-ee46-442c-a240-7c604dd5089d ] Request (HypervisorAdminNegativeTestJSON:tearDownClass): 204 DELETE http://10.180.1.21/identity/v3/projects/6764908bfbec4261a96f5c1d3239a122 0.141s
2024-12-10 21:52:07.931 65098 INFO tempest.lib.common.dynamic_creds [-] Deleting project and security group for project: c653e413ebdb438bb1b6d88dcdf75ebb
2024-12-10 21:52:08.197 65076 INFO tempest.lib.common.rest_client [req-9845116e-e3e4-4bd6-ab6b-3c51030714b1 req-9845116e-e3e4-4bd6-ab6b-3c51030714b1 ] Request (FloatingIPsNegativeTestJSON:tearDownClass): 204 DELETE http://10.180.1.21:9696/networking/v2.0/routers/efd5fbd0-3824-4e26-8951-94a47aebfd99 0.943s
2024-12-10 21:52:08.313 65118 INFO tempest.lib.common.rest_client [req-c71b4a38-2e03-49f1-9f69-80f9add49a9a req-c71b4a38-2e03-49f1-9f69-80f9add49a9a ] Request (SecurityGroupRulesNegativeTestJSON:test_create_security_group_rule_duplicate): 200 POST http://10.180.1.21/compute/v2.1/os-security-group-rules 2.115s
2024-12-10 21:52:08.353 65108 INFO tempest.lib.common.rest_client [req-41bd582c-583c-4d4c-95ab-3b439d82f1a7 req-41bd582c-583c-4d4c-95ab-3b439d82f1a7 ] Request (ServerDiagnosticsTest:test_get_server_diagnostics): 200 GET http://10.180.1.21/compute/v2.1/servers/28d3fdf1-7353-4386-b8fe-db7527e88c14 1.949s
2024-12-10 21:52:08.361 65108 INFO tempest.common.waiters [-] State transition "BUILD/spawning" ==> "ACTIVE/None" after 21 second wait
2024-12-10 21:52:08.399 65068 INFO tempest.lib.common.rest_client [req-8d7315da-6ea2-48dc-b2f6-db733e5d2a58 req-8d7315da-6ea2-48dc-b2f6-db733e5d2a58 ] Request (ImagesOneServerTestJSON:setUpClass): 200 GET http://10.180.1.21/compute/v2.1/servers/0d81385e-654e-4640-aa9f-a66309657995 1.948s
2024-12-10 21:52:08.417 65114 INFO tempest.lib.common.rest_client [req-3ab3342b-35b3-44e1-aa30-69b4dfd2d4ce req-3ab3342b-35b3-44e1-aa30-69b4dfd2d4ce ] Request (FlavorsAccessNegativeTestJSON:_run_cleanups): 202 DELETE http://10.180.1.21/compute/v2.1/flavors/849767501 1.798s
2024-12-10 21:52:08.421 65076 INFO tempest.lib.common.rest_client [req-cfeaa653-345e-4c88-95ba-71e86140ba57 req-cfeaa653-345e-4c88-95ba-71e86140ba57 ] Request (FloatingIPsNegativeTestJSON:tearDownClass): 204 DELETE http://10.180.1.21:9696/networking/v2.0/subnets/f0dfbb0c-c8fc-4712-bc44-f2262038af16 0.223s
2024-12-10 21:52:08.442 65062 INFO tempest.lib.common.rest_client [req-83e023f2-cdce-4d6c-853b-4fc5a5d3fd7f req-83e023f2-cdce-4d6c-853b-4fc5a5d3fd7f ] Request (FlavorsV261TestJSON:_run_cleanups): 200 GET http://10.180.1.21/compute/v2.1/flavors/detail 1.796s
2024-12-10 21:52:08.454 65098 INFO tempest.lib.common.rest_client [req-73ced437-2975-4aef-a9b2-d891430ea251 req-73ced437-2975-4aef-a9b2-d891430ea251 ] Request (HypervisorAdminNegativeTestJSON:tearDownClass): 200 GET http://10.180.1.21:9696/networking/v2.0/security-groups?tenant_id=c653e413ebdb438bb1b6d88dcdf75ebb&name=default 0.522s
2024-12-10 21:52:08.473 65100 INFO tempest.lib.common.rest_client [req-a8dc3fff-097f-4d49-9248-938ac5e20b0a req-a8dc3fff-097f-4d49-9248-938ac5e20b0a ] Request (ServerGroup264TestJSON:_run_cleanups): 204 DELETE http://10.180.1.21/compute/v2.1/os-server-groups/ebe5e79c-3fdc-499f-9acc-ce714e82f36c 1.747s
2024-12-10 21:52:08.530 65094 INFO tempest.lib.common.rest_client [req-03bca835-ffa6-4ab4-ba8b-8c74c675b834 req-03bca835-ffa6-4ab4-ba8b-8c74c675b834 ] Request (VolumesNegativeTest:test_volume_delete_nonexistent_volume_id): 404 DELETE http://10.180.1.21/compute/v2.1/os-volumes/d417125f-eae3-42c6-a6c6-c51b17de5437 1.799s
2024-12-10 21:52:08.551 65092 INFO tempest.lib.common.rest_client [req-04a57873-c241-43cb-be20-a045d91ba8c4 req-04a57873-c241-43cb-be20-a045d91ba8c4 ] Request (QuotasAdminTestJSON:test_delete_quota): 200 PUT http://10.180.1.21/compute/v2.1/os-quota-sets/ce19f4ab501142d0bc9d2c4db55f3674 1.961s
2024-12-10 21:52:08.561 65086 INFO tempest.lib.common.rest_client [req-558dc229-c993-43c4-ad9e-1a3ab8533d25 req-558dc229-c993-43c4-ad9e-1a3ab8533d25 ] Request (AggregatesAdminNegativeTestJSON:test_aggregate_get_details_as_user): 403 GET http://10.180.1.21/compute/v2.1/os-aggregates/6 1.701s
2024-12-10 21:52:08.567 65062 INFO tempest.lib.common.rest_client [req-58f8e2ee-2308-4f6a-bd05-8e84a5533275 req-58f8e2ee-2308-4f6a-bd05-8e84a5533275 ] Request (FlavorsV261TestJSON:tearDownClass): 204 DELETE http://10.180.1.21/identity/v3/users/282ec0e47c154a5a82d8c97e7d406011 0.116s
2024-12-10 21:52:08.634 65076 INFO tempest.lib.common.rest_client [req-4bcad6e4-d524-412a-87ec-369091303139 req-4bcad6e4-d524-412a-87ec-369091303139 ] Request (FloatingIPsNegativeTestJSON:tearDownClass): 204 DELETE http://10.180.1.21:9696/networking/v2.0/networks/13afe873-18ee-46c0-9dbe-44a9fc41e5ea 0.212s
2024-12-10 21:52:08.664 65066 INFO tempest.lib.common.rest_client [req-32c77c75-0ed5-42ac-bd95-e6bef7bb5f8f req-32c77c75-0ed5-42ac-bd95-e6bef7bb5f8f ] Request (ServerGroupTestJSON:setUpClass): 201 POST http://10.180.1.21:9696/networking/v2.0/routers 1.560s
2024-12-10 21:52:08.700 65062 INFO tempest.lib.common.rest_client [req-2eca6bd7-da0d-4cce-97c9-38d115e190c5 req-2eca6bd7-da0d-4cce-97c9-38d115e190c5 ] Request (FlavorsV261TestJSON:tearDownClass): 204 DELETE http://10.180.1.21/identity/v3/users/e5a0340984b3421094d394218f39f9eb 0.133s
2024-12-10 21:52:08.701 65062 INFO tempest.lib.common.dynamic_creds [-] Deleting project and security group for project: 42bd678788904a8cb83ca9f0924b037c
2024-12-10 21:52:08.703 65076 INFO tempest.lib.common.rest_client [req-9ec90b34-d796-4794-aa5a-038b118a0388 req-9ec90b34-d796-4794-aa5a-038b118a0388 ] Request (FloatingIPsNegativeTestJSON:tearDownClass): 204 DELETE http://10.180.1.21/identity/v3/users/584ac6adf33141da83b4ca95d72413de 0.068s
2024-12-10 21:52:08.703 65076 INFO tempest.lib.common.dynamic_creds [-] Deleting project and security group for project: 90868d7a242e45b186878b02f840d003
2024-12-10 21:52:08.724 65098 INFO tempest.lib.common.rest_client [req-46d27cbf-95b9-47a4-9cc1-8966ee36d3fa req-46d27cbf-95b9-47a4-9cc1-8966ee36d3fa ] Request (HypervisorAdminNegativeTestJSON:tearDownClass): 204 DELETE http://10.180.1.21:9696/networking/v2.0/security-groups/5220b465-3a60-4f45-8861-661b9e687bd2 0.270s
2024-12-10 21:52:08.743 65076 INFO tempest.lib.common.rest_client [req-97dda7cd-ab8d-4c09-86e6-6b63b3ff9526 req-97dda7cd-ab8d-4c09-86e6-6b63b3ff9526 ] Request (FloatingIPsNegativeTestJSON:tearDownClass): 200 GET http://10.180.1.21:9696/networking/v2.0/security-groups?tenant_id=90868d7a242e45b186878b02f840d003&name=default 0.040s
2024-12-10 21:52:08.765 65062 INFO tempest.lib.common.rest_client [req-0d67d98a-9a9e-494c-841f-3f53d79c1038 req-0d67d98a-9a9e-494c-841f-3f53d79c1038 ] Request (FlavorsV261TestJSON:tearDownClass): 201 POST http://10.180.1.21/identity/v3/auth/tokens 0.064s
2024-12-10 21:52:08.780 65056 INFO tempest.lib.common.rest_client [req-20688c07-eead-4197-a9dc-ff1109c5f14a req-20688c07-eead-4197-a9dc-ff1109c5f14a ] Request (FloatingIPsTestJSON:test_allocate_floating_ip): 200 GET http://10.180.1.21/compute/v2.1/os-floating-ips 1.884s
2024-12-10 21:52:08.806 65096 INFO tempest.lib.common.rest_client [req-f989a219-51ce-40be-ba9d-489c36162912 req-f989a219-51ce-40be-ba9d-489c36162912 ] Request (ServersWithSpecificFlavorTestJSON:test_verify_created_server_ephemeral_disk): 200 GET http://10.180.1.21/compute/v2.1/servers/7338f203-3717-4b4c-9d6b-39a9c2a74449 1.768s
2024-12-10 21:52:08.822 65098 INFO tempest.lib.common.rest_client [req-5cfa778e-2a8a-43ad-b8cd-ec70b8637d6b req-5cfa778e-2a8a-43ad-b8cd-ec70b8637d6b ] Request (HypervisorAdminNegativeTestJSON:tearDownClass): 204 DELETE http://10.180.1.21/identity/v3/projects/c653e413ebdb438bb1b6d88dcdf75ebb 0.098s
2024-12-10 21:52:08.900 65076 INFO tempest.lib.common.rest_client [req-9160324e-c117-4281-882d-db0b6c96a367 req-9160324e-c117-4281-882d-db0b6c96a367 ] Request (FloatingIPsNegativeTestJSON:tearDownClass): 204 DELETE http://10.180.1.21:9696/networking/v2.0/security-groups/2aedb07f-2aff-4151-b723-e394e49f1ff6 0.156s
2024-12-10 21:52:08.937 65098 INFO tempest.lib.common.rest_client [req-df6586e8-0517-43f0-afce-09e4aaab28c1 req-df6586e8-0517-43f0-afce-09e4aaab28c1 ] Request (MigrationsAdminTest:setUpClass): 201 POST http://10.180.1.21/identity/v3/auth/tokens 0.113s
2024-12-10 21:52:08.950 65080 INFO tempest.lib.common.rest_client [req-14b0c24e-8227-495c-8aad-d3afab9d73b6 req-14b0c24e-8227-495c-8aad-d3afab9d73b6 ] Request (ServersTestJSON:setUpClass): 200 POST http://10.180.1.21/compute/v2.1/os-keypairs 1.770s
2024-12-10 21:52:09.006 65076 INFO tempest.lib.common.rest_client [req-2b9ec4d2-5237-42a7-98d2-059323dabbd1 req-2b9ec4d2-5237-42a7-98d2-059323dabbd1 ] Request (FloatingIPsNegativeTestJSON:tearDownClass): 204 DELETE http://10.180.1.21/identity/v3/projects/90868d7a242e45b186878b02f840d003 0.105s
2024-12-10 21:52:09.042 65098 INFO tempest.lib.common.rest_client [req-83515818-daff-4b6b-abd2-3937051d506c req-83515818-daff-4b6b-abd2-3937051d506c ] Request (MigrationsAdminTest:setUpClass): 201 POST http://10.180.1.21/identity/v3/auth/tokens 0.102s
2024-12-10 21:52:09.049 65076 INFO tempest.lib.common.rest_client [req-af00845a-91fc-44e1-b5bd-0b498c253aea req-af00845a-91fc-44e1-b5bd-0b498c253aea ] Request (ImagesTestJSON:setUpClass): 201 POST http://10.180.1.21/identity/v3/auth/tokens 0.041s
2024-12-10 21:52:09.075 65098 INFO tempest.lib.common.rest_client [req-10a462bc-fc06-4e12-b59b-643fe659e910 req-10a462bc-fc06-4e12-b59b-643fe659e910 ] Request (MigrationsAdminTest:setUpClass): 200 GET http://10.180.1.21/identity/v3/domains?name=Default 0.032s
