2024-12-10 21:52:39.579 65076 INFO tempest.lib.common.rest_client [req-df2943db-9101-4f06-a46c-1885baeb97a5 req-df2943db-9101-4f06-a46c-1885baeb97a5 ] Request (ImagesTestJSON:test_create_image_from_stopped_server): 200 GET http://10.180.1.21/compute/v2.1/servers/d936e23a-03b5-4ddc-b214-cfa9a0112756 0.295s
2024-12-10 21:52:39.625 65080 INFO tempest.lib.common.rest_client [req-05290c7f-ae6e-4c8a-954e-5dbea3f97cec req-05290c7f-ae6e-4c8a-954e-5dbea3f97cec ] Request (ServersTestJSON:setUpClass): 200 GET http://10.180.1.21/compute/v2.1/servers/18012d6c-3324-4100-9a2a-ec0f292556ab 0.372s
2024-12-10 21:52:39.636 65060 INFO tempest.lib.common.rest_client [req-6d64415e-7781-46e6-9db7-7fca45a85211 req-6d64415e-7781-46e6-9db7-7fca45a85211 ] Request (FlavorsAdminTestJSON:tearDownClass): 204 DELETE http://10.180.1.21:9696/networking/v2.0/security-groups/e0f70623-9c8d-4a4c-bd6c-dd36cb37fe47 0.186s
2024-12-10 21:52:39.657 65098 INFO tempest.lib.common.rest_client [req-3ef0c36f-c82b-4f64-b139-f8878983c1d8 req-3ef0c36f-c82b-4f64-b139-f8878983c1d8 ] Request (MigrationsAdminTest:test_list_migrations_in_flavor_resize_situation): 200 GET http://10.180.1.21/compute/v2.1/servers/a3e48e71-e343-48f3-8bbf-8498f4db9f9d 0.340s
2024-12-10 21:52:39.727 65060 INFO tempest.lib.common.rest_client [req-821e6bd4-228b-4bf9-b154-99b30b0dbdc7 req-821e6bd4-228b-4bf9-b154-99b30b0dbdc7 ] Request (FlavorsAdminTestJSON:tearDownClass): 204 DELETE http://10.180.1.21/identity/v3/projects/11f8e98a676046ec9f15926398d60b3b 0.090s
2024-12-10 21:52:39.727 65060 INFO tempest.lib.common.dynamic_creds [-] Deleting project and security group for project: d94ad3c8037c43f7b00e10a7bdb03b5c
2024-12-10 21:52:39.742 65110 INFO tempest.lib.common.rest_client [req-17917069-d278-4c7f-bcb6-17678b2fb866 req-17917069-d278-4c7f-bcb6-17678b2fb866 ] Request (ServerAddressesTestJSON:tearDownClass): 200 GET http://10.180.1.21/compute/v2.1/servers/00dd6a8f-70a2-474a-ba86-5cdd56139088 0.379s
2024-12-10 21:52:39.744 65114 INFO tempest.lib.common.rest_client [req-e2134ca6-1e2d-42d8-9053-924e20db12f1 req-e2134ca6-1e2d-42d8-9053-924e20db12f1 ] Request (TenantUsagesTestJSON:setUpClass): 200 GET http://10.180.1.21/compute/v2.1/servers/4baacc94-eb68-4560-94fc-ace9700a751a 0.361s
2024-12-10 21:52:39.750 65108 INFO tempest.lib.common.rest_client [req-cc332265-77cd-46d4-95f1-523dd8cac296 req-cc332265-77cd-46d4-95f1-523dd8cac296 ] Request (MultipleCreateNegativeTestJSON:tearDownClass): 200 GET http://10.180.1.21:9696/networking/v2.0/security-groups?tenant_id=80b59b41288b4d4880d6b3715646d186&name=default 0.517s
2024-12-10 21:52:39.757 65110 INFO tempest.common.waiters [-] State transition "ACTIVE/deleting" ==> "DELETED/None" after 3 second wait
2024-12-10 21:52:39.790 65096 WARNING tempest.lib.common.ssh [-] Failed to establish authenticated ssh connection to cirros@10.180.180.133 ([Errno None] Unable to connect to port 22 on 10.180.180.133). Number attempts: 4. Retry after 5 seconds.: paramiko.ssh_exception.NoValidConnectionsError: [Errno None] Unable to connect to port 22 on 10.180.180.133
2024-12-10 21:52:39.816 65088 INFO tempest.lib.common.rest_client [req-b29568c0-673a-48d1-a435-557a4b9ddfa3 req-b29568c0-673a-48d1-a435-557a4b9ddfa3 ] Request (DeleteServersAdminTestJSON:test_delete_server_while_in_error_state): 200 GET http://10.180.1.21/compute/v2.1/servers/53d953ab-e962-4a94-8332-4f9a00655b37 0.379s
2024-12-10 21:52:39.823 65072 INFO tempest.lib.common.rest_client [req-5bd3536d-3370-4751-b917-121e81f7c789 req-5bd3536d-3370-4751-b917-121e81f7c789 ] Request (ServersAdmin275Test:tearDownClass): 200 GET http://10.180.1.21/compute/v2.1/servers/7ed1869b-528e-4d30-81a6-f4783d4ada88 0.357s
2024-12-10 21:52:39.885 65056 INFO tempest.lib.common.rest_client [req-172b2300-7b57-40a1-a064-047384c65883 req-172b2300-7b57-40a1-a064-047384c65883 ] Request (ServersNegativeTestJSON:setUpClass): 200 GET http://10.180.1.21/compute/v2.1/servers/64c40b08-3480-4869-8d35-f8b4db862733 0.383s
2024-12-10 21:52:39.891 65056 INFO tempest.common.waiters [-] State transition "BUILD/scheduling" ==> "BUILD/None" after 6 second wait
2024-12-10 21:52:39.943 65086 INFO tempest.lib.common.rest_client [req-a2139f71-a15d-4df9-9667-531f090b9363 req-a2139f71-a15d-4df9-9667-531f090b9363 ] Request (AttachInterfacesUnderV243Test:test_add_remove_fixed_ip): 200 GET http://10.180.1.21/compute/v2.1/servers/720ede3f-9e51-482b-bcfb-a2d5488711a5 0.403s
2024-12-10 21:52:39.956 65118 INFO tempest.lib.common.rest_client [req-76da65bd-7055-4249-af57-fae8a8bf116d req-76da65bd-7055-4249-af57-fae8a8bf116d ] Request (SecurityGroupsTestJSON:setUpClass): 201 POST http://10.180.1.21:9696/networking/v2.0/networks 0.515s
2024-12-10 21:52:39.981 65108 INFO tempest.lib.common.rest_client [req-fe786e14-44be-4859-ac89-f69d6342662c req-fe786e14-44be-4859-ac89-f69d6342662c ] Request (MultipleCreateNegativeTestJSON:tearDownClass): 204 DELETE http://10.180.1.21:9696/networking/v2.0/security-groups/f64172f3-3942-4446-a05a-f3f712b869ec 0.230s
2024-12-10 21:52:39.994 65060 INFO tempest.lib.common.rest_client [req-af739e7d-cf94-48dd-8fea-de5ee711311a req-af739e7d-cf94-48dd-8fea-de5ee711311a ] Request (FlavorsAdminTestJSON:tearDownClass): 200 GET http://10.180.1.21:9696/networking/v2.0/security-groups?tenant_id=d94ad3c8037c43f7b00e10a7bdb03b5c&name=default 0.267s
2024-12-10 21:52:40.043 65102 INFO tempest.lib.common.rest_client [req-00ec4979-9225-4952-b208-deb41806b2e1 req-00ec4979-9225-4952-b208-deb41806b2e1 ] Request (FloatingIPsAssociationTestJSON:test_associate_already_associated_floating_ip): 200 GET http://10.180.1.21/compute/v2.1/servers/ceeacedc-7164-45b6-ae5f-3c65c86053b9 0.482s
2024-12-10 21:52:40.096 65108 INFO tempest.lib.common.rest_client [req-7ae868fe-fe54-43a3-bd03-474bb1de0b8a req-7ae868fe-fe54-43a3-bd03-474bb1de0b8a ] Request (MultipleCreateNegativeTestJSON:tearDownClass): 204 DELETE http://10.180.1.21/identity/v3/projects/80b59b41288b4d4880d6b3715646d186 0.114s
2024-12-10 21:52:40.156 65060 INFO tempest.lib.common.rest_client [req-fc25f8bf-dd20-4381-9e2e-9059d162cf20 req-fc25f8bf-dd20-4381-9e2e-9059d162cf20 ] Request (FlavorsAdminTestJSON:tearDownClass): 204 DELETE http://10.180.1.21:9696/networking/v2.0/security-groups/a3242ffe-c042-49fd-97bb-4775f197144f 0.162s
2024-12-10 21:52:40.164 65108 INFO tempest.lib.common.rest_client [req-24e4ecb3-f8b9-482e-87a5-1a3ffa191041 req-24e4ecb3-f8b9-482e-87a5-1a3ffa191041 ] Request (ServerRescueTestJSONUnderV235:setUpClass): 201 POST http://10.180.1.21/identity/v3/auth/tokens 0.061s
2024-12-10 21:52:40.181 65116 INFO tempest.lib.common.rest_client [req-b38f6ac9-325f-4202-84af-2b6fbf2919e3 req-b38f6ac9-325f-4202-84af-2b6fbf2919e3 ] Request (ServersAdminNegativeTestJSON:test_migrate_server_invalid_state): 200 GET http://10.180.1.21/compute/v2.1/servers/c04d4d7e-b824-45b5-a1d5-8ba1ada04c43 0.668s
2024-12-10 21:52:40.232 65108 INFO tempest.lib.common.rest_client [req-822bdef8-6dca-42c1-a7c7-f2a988c881ef req-822bdef8-6dca-42c1-a7c7-f2a988c881ef ] Request (ServerRescueTestJSONUnderV235:setUpClass): 201 POST http://10.180.1.21/identity/v3/auth/tokens 0.064s
2024-12-10 21:52:40.260 65060 INFO tempest.lib.common.rest_client [req-0b5b0ef6-0c12-4f09-88b4-6f855897f22b req-0b5b0ef6-0c12-4f09-88b4-6f855897f22b ] Request (FlavorsAdminTestJSON:tearDownClass): 204 DELETE http://10.180.1.21/identity/v3/projects/d94ad3c8037c43f7b00e10a7bdb03b5c 0.103s
2024-12-10 21:52:40.269 65104 INFO tempest.lib.common.rest_client [req-fffd662d-038d-466b-981a-adbc3b500c3a req-fffd662d-038d-466b-981a-adbc3b500c3a ] Request (InstanceActionsTestJSON:setUpClass): 200 GET http://10.180.1.21/compute/v2.1/servers/a899078d-6722-4934-98f2-977c269928cd 0.654s
2024-12-10 21:52:40.269 65118 INFO tempest.lib.common.rest_client [req-973e67d5-dc03-4094-9956-e402e59f4996 req-973e67d5-dc03-4094-9956-e402e59f4996 ] Request (SecurityGroupsTestJSON:setUpClass): 201 POST http://10.180.1.21:9696/networking/v2.0/subnets 0.312s
2024-12-10 21:52:40.302 65060 INFO tempest.lib.common.rest_client [req-5b119a6c-92df-49be-a3c8-be7ff77e0532 req-5b119a6c-92df-49be-a3c8-be7ff77e0532 ] Request (ListImageFiltersNegativeTestJSON:setUpClass): 201 POST http://10.180.1.21/identity/v3/auth/tokens 0.039s
2024-12-10 21:52:40.313 65108 INFO tempest.lib.common.rest_client [req-981f73a6-0a6a-4280-a33b-47fbb19d9d18 req-981f73a6-0a6a-4280-a33b-47fbb19d9d18 ] Request (ServerRescueTestJSONUnderV235:setUpClass): 200 GET http://10.180.1.21/identity/v3/domains?name=Default 0.081s
2024-12-10 21:52:40.342 65060 INFO tempest.lib.common.rest_client [req-008aa13b-f0dd-4f51-909f-31f4366f372a req-008aa13b-f0dd-4f51-909f-31f4366f372a ] Request (ListImageFiltersNegativeTestJSON:setUpClass): 201 POST http://10.180.1.21/identity/v3/auth/tokens 0.037s
2024-12-10 21:52:40.352 65108 INFO tempest.lib.common.rest_client [req-553caefb-5a16-4eaf-9b09-d11cf7b2e1d1 req-553caefb-5a16-4eaf-9b09-d11cf7b2e1d1 ] Request (ServerRescueTestJSONUnderV235:setUpClass): 201 POST http://10.180.1.21/identity/v3/projects 0.038s
2024-12-10 21:52:40.424 65060 INFO tempest.lib.common.rest_client [req-e6e3b91a-c679-4220-9874-598dd158f4c4 req-e6e3b91a-c679-4220-9874-598dd158f4c4 ] Request (ListImageFiltersNegativeTestJSON:setUpClass): 200 GET http://10.180.1.21/identity/v3/domains?name=Default 0.081s
2024-12-10 21:52:40.457 65108 INFO tempest.lib.common.rest_client [req-a29d8bf9-a0e8-4bdd-9e9f-09f7adb58ef3 req-a29d8bf9-a0e8-4bdd-9e9f-09f7adb58ef3 ] Request (ServerRescueTestJSONUnderV235:setUpClass): 201 POST http://10.180.1.21/identity/v3/users 0.103s
2024-12-10 21:52:40.459 65090 INFO tempest.lib.common.rest_client [req-c419eb46-3baa-4b63-8114-17a4e16ee466 req-c419eb46-3baa-4b63-8114-17a4e16ee466 ] Request (ServersNegativeTestMultiTenantJSON:setUpClass): 200 GET http://10.180.1.21/compute/v2.1/servers/bef4fa43-1623-428b-8626-bad5d6ac5eb2 0.611s
2024-12-10 21:52:40.466 65090 INFO tempest.common.waiters [-] State transition "BUILD/spawning" ==> "ACTIVE/None" after 37 second wait
2024-12-10 21:52:40.467 65060 INFO tempest.lib.common.rest_client [req-c347b554-d3c7-40af-a718-c74550a0f587 req-c347b554-d3c7-40af-a718-c74550a0f587 ] Request (ListImageFiltersNegativeTestJSON:setUpClass): 201 POST http://10.180.1.21/identity/v3/projects 0.041s
2024-12-10 21:52:40.532 65108 INFO tempest.lib.common.rest_client [req-06eee523-e35c-4e84-8622-dd0836a34ec5 req-06eee523-e35c-4e84-8622-dd0836a34ec5 ] Request (ServerRescueTestJSONUnderV235:setUpClass): 200 GET http://10.180.1.21/identity/v3/roles 0.074s
2024-12-10 21:52:40.559 65060 INFO tempest.lib.common.rest_client [req-74759098-ce6c-45f7-a809-fa730fbad631 req-74759098-ce6c-45f7-a809-fa730fbad631 ] Request (ListImageFiltersNegativeTestJSON:setUpClass): 201 POST http://10.180.1.21/identity/v3/users 0.091s
2024-12-10 21:52:40.563 65108 INFO tempest.lib.common.rest_client [req-40be6fd5-cff5-4ea2-9b03-5ff4ae16b096 req-40be6fd5-cff5-4ea2-9b03-5ff4ae16b096 ] Request (ServerRescueTestJSONUnderV235:setUpClass): 204 PUT http://10.180.1.21/identity/v3/projects/39b3b297ab92429e8c79cc5674a98ddc/users/b5c4203da74e42889e8d63e3b4348cce/roles/d9ac59841022492db57c4b9ce759cbeb 0.030s
2024-12-10 21:52:40.563 65108 INFO tempest.lib.common.dynamic_creds [-] Dynamic test user b5c4203da74e42889e8d63e3b4348cce is created with scope project and roles: ['member']
2024-12-10 21:52:40.563 65108 INFO tempest.lib.common.dynamic_creds [-] Acquired dynamic creds: credentials: Credentials: {'domain_id': 'default', 'domain_name': 'Default', 'username': 'tempest-ServerRescueTestJSONUnderV235-1501345169-project-member', 'project_domain_id': 'default', 'project_domain_name': 'Default', 'project_id': '39b3b297ab92429e8c79cc5674a98ddc', 'project_name': 'tempest-ServerRescueTestJSONUnderV235-1501345169', 'tenant_id': '39b3b297ab92429e8c79cc5674a98ddc', 'tenant_name': 'tempest-ServerRescueTestJSONUnderV235-1501345169', 'user_domain_id': 'default', 'user_domain_name': 'Default', 'user_id': 'b5c4203da74e42889e8d63e3b4348cce', 'system': None}, Network: None, Subnet: None, Router: None
2024-12-10 21:52:40.616 65064 INFO tempest.lib.common.rest_client [req-b498b028-4fcb-4612-8b2e-9db41c30990f req-b498b028-4fcb-4612-8b2e-9db41c30990f ] Request (ImagesOneServerNegativeTestJSON:tearDown): 200 GET http://10.180.1.21/compute/v2.1/servers/6650dd8a-f0e5-4dd5-ba2b-09c589d74512 0.688s
2024-12-10 21:52:40.616 65060 INFO tempest.lib.common.rest_client [req-bdd36216-4546-484d-80dd-a623e23761dc req-bdd36216-4546-484d-80dd-a623e23761dc ] Request (ListImageFiltersNegativeTestJSON:setUpClass): 200 GET http://10.180.1.21/identity/v3/roles 0.056s
2024-12-10 21:52:40.625 65064 INFO tempest.common.waiters [-] State transition "ACTIVE/image_pending_upload" ==> "ACTIVE/image_uploading" after 2 second wait
2024-12-10 21:52:40.632 65108 INFO tempest.lib.common.rest_client [req-ddbe4c63-0ccd-48f8-bfa6-e7eecf5d63b2 req-ddbe4c63-0ccd-48f8-bfa6-e7eecf5d63b2 ] Request (ServerRescueTestJSONUnderV235:setUpClass): 201 POST http://10.180.1.21/identity/v3/auth/tokens 0.068s
2024-12-10 21:52:40.652 65060 INFO tempest.lib.common.rest_client [req-483fbde1-5775-4aa4-ac00-55c3e3f7f445 req-483fbde1-5775-4aa4-ac00-55c3e3f7f445 ] Request (ListImageFiltersNegativeTestJSON:setUpClass): 204 PUT http://10.180.1.21/identity/v3/projects/b3bc89e48f454127af92d19e058224ae/users/80b8cfb0c6744028a72eff9b6bf995ee/roles/d9ac59841022492db57c4b9ce759cbeb 0.035s
2024-12-10 21:52:40.652 65060 INFO tempest.lib.common.dynamic_creds [-] Dynamic test user 80b8cfb0c6744028a72eff9b6bf995ee is created with scope project and roles: ['member']
2024-12-10 21:52:40.652 65060 INFO tempest.lib.common.dynamic_creds [-] Acquired dynamic creds: credentials: Credentials: {'domain_id': 'default', 'domain_name': 'Default', 'username': 'tempest-ListImageFiltersNegativeTestJSON-2138915364-project-member', 'project_domain_id': 'default', 'project_domain_name': 'Default', 'project_id': 'b3bc89e48f454127af92d19e058224ae', 'project_name': 'tempest-ListImageFiltersNegativeTestJSON-2138915364', 'tenant_id': 'b3bc89e48f454127af92d19e058224ae', 'tenant_name': 'tempest-ListImageFiltersNegativeTestJSON-2138915364', 'user_domain_id': 'default', 'user_domain_name': 'Default', 'user_id': '80b8cfb0c6744028a72eff9b6bf995ee', 'system': None}, Network: None, Subnet: None, Router: None
2024-12-10 21:52:40.652 65060 INFO tempest.lib.common.dynamic_creds [-] Created isolated network resources for: credentials: Credentials: {'domain_id': 'default', 'domain_name': 'Default', 'username': 'tempest-ListImageFiltersNegativeTestJSON-2138915364-project-member', 'project_domain_id': 'default', 'project_domain_name': 'Default', 'project_id': 'b3bc89e48f454127af92d19e058224ae', 'project_name': 'tempest-ListImageFiltersNegativeTestJSON-2138915364', 'tenant_id': 'b3bc89e48f454127af92d19e058224ae', 'tenant_name': 'tempest-ListImageFiltersNegativeTestJSON-2138915364', 'user_domain_id': 'default', 'user_domain_name': 'Default', 'user_id': '80b8cfb0c6744028a72eff9b6bf995ee', 'system': None}, Network: None, Subnet: None, Router: None
2024-12-10 21:52:40.689 65084 INFO tempest.lib.common.rest_client [req-fa77b116-02ee-4a50-9a30-d7f4c6274382 req-fa77b116-02ee-4a50-9a30-d7f4c6274382 ] Request (ImagesNegativeTestJSON:test_create_image_from_deleted_server): 202 POST http://10.180.1.21/compute/v2.1/servers 1.123s
2024-12-10 21:52:40.726 65060 INFO tempest.lib.common.rest_client [req-526ea776-826f-48d3-8a45-5d287c4da6ce req-526ea776-826f-48d3-8a45-5d287c4da6ce ] Request (ListImageFiltersNegativeTestJSON:setUpClass): 201 POST http://10.180.1.21/identity/v3/auth/tokens 0.071s
2024-12-10 21:52:40.740 65070 INFO tempest.lib.common.rest_client [req-2bc9a268-c21b-4ea1-aee6-060afd7773ff req-2bc9a268-c21b-4ea1-aee6-060afd7773ff ] Request (ServerActionsTestJSON:setUpClass): 200 GET http://10.180.1.21/compute/v2.1/servers/1e8ac6e2-f994-4d5e-afe3-2e25da989f9b 0.578s
2024-12-10 21:52:40.749 65062 INFO tempest.lib.common.rest_client [req-b529a22f-c6f3-4455-94a9-ae7ee891243a req-b529a22f-c6f3-4455-94a9-ae7ee891243a ] Request (ServersAdminTestJSON:setUpClass): 200 GET http://10.180.1.21/compute/v2.1/servers/92aba8b4-7a12-483d-9e69-e591f2ce5e64 0.500s
2024-12-10 21:52:40.777 65068 INFO tempest.lib.common.rest_client [req-65a25398-681f-44a6-936b-13f09a1554cd req-65a25398-681f-44a6-936b-13f09a1554cd ] Request (ImagesOneServerTestJSON:test_create_delete_image): 200 GET http://10.180.1.21/compute/v2.1/images/44157a3a-069b-4f78-a1f9-245fb0187222 0.462s
2024-12-10 21:52:40.808 65066 INFO tempest.lib.common.rest_client [req-3aaf4bbe-8b0c-41df-880f-8f61ed8d373a req-3aaf4bbe-8b0c-41df-880f-8f61ed8d373a ] Request (ServerGroupTestJSON:test_create_server_with_scheduler_hint_group): 200 GET http://10.180.1.21/compute/v2.1/servers/3f8f25f5-c0d9-4ff8-92a0-938afc643166 0.464s
2024-12-10 21:52:40.841 65092 INFO tempest.lib.common.rest_client [req-41dbb603-707b-4619-ba16-952cec1af879 req-41dbb603-707b-4619-ba16-952cec1af879 ] Request (ServerTagsTestJSON:setUpClass): 200 GET http://10.180.1.21/compute/v2.1/servers/7ca1e716-f3b6-412c-abba-03915c9e5bf1 0.433s
2024-12-10 21:52:40.886 65074 INFO tempest.lib.common.rest_client [req-0d7ff342-a8be-4ae7-9d0f-abe7ebf3f8c0 req-0d7ff342-a8be-4ae7-9d0f-abe7ebf3f8c0 ] Request (ServerDiagnosticsV248Test:tearDownClass): 200 GET http://10.180.1.21/compute/v2.1/servers/db9fdb62-302f-4138-ac43-aa013df3fa38 0.456s
2024-12-10 21:52:40.971 65076 INFO tempest.lib.common.rest_client [req-cfcdc09c-518e-4368-8c75-7d6a5470a4df req-cfcdc09c-518e-4368-8c75-7d6a5470a4df ] Request (ImagesTestJSON:test_create_image_from_stopped_server): 200 GET http://10.180.1.21/compute/v2.1/servers/d936e23a-03b5-4ddc-b214-cfa9a0112756 0.384s
2024-12-10 21:52:41.101 65090 INFO tempest.lib.common.rest_client [req-15c5043c-1bfd-4c24-9713-d2b4ef73d6f8 req-15c5043c-1bfd-4c24-9713-d2b4ef73d6f8 ] Request (ServersNegativeTestMultiTenantJSON:setUp): 200 GET http://10.180.1.21/compute/v2.1/servers/bef4fa43-1623-428b-8626-bad5d6ac5eb2 0.634s
2024-12-10 21:52:41.190 65098 INFO tempest.lib.common.rest_client [req-ff3756db-40bf-4bca-a65d-21ffa5f72cba req-ff3756db-40bf-4bca-a65d-21ffa5f72cba ] Request (MigrationsAdminTest:test_list_migrations_in_flavor_resize_situation): 200 GET http://10.180.1.21/compute/v2.1/servers/a3e48e71-e343-48f3-8bbf-8498f4db9f9d 0.519s
2024-12-10 21:52:41.202 65098 INFO tempest.common.waiters [-] State transition "BUILD/None" ==> "BUILD/networking" after 23 second wait
2024-12-10 21:52:41.214 65080 INFO tempest.lib.common.rest_client [req-b06e5d26-07bc-4d84-8316-5f623d4d6491 req-b06e5d26-07bc-4d84-8316-5f623d4d6491 ] Request (ServersTestJSON:setUpClass): 200 GET http://10.180.1.21/compute/v2.1/servers/18012d6c-3324-4100-9a2a-ec0f292556ab 0.577s
2024-12-10 21:52:41.223 65108 INFO tempest.lib.common.rest_client [req-3be39277-9415-4ba2-a7c9-5989f8b8818e req-3be39277-9415-4ba2-a7c9-5989f8b8818e ] Request (ServerRescueTestJSONUnderV235:setUpClass): 201 POST http://10.180.1.21:9696/networking/v2.0/networks 0.591s
2024-12-10 21:52:41.259 65084 INFO tempest.lib.common.rest_client [req-fb503d26-f1ac-4eb3-a15d-bd62d7892e75 req-fb503d26-f1ac-4eb3-a15d-bd62d7892e75 ] Request (ImagesNegativeTestJSON:test_create_image_from_deleted_server): 200 GET http://10.180.1.21/compute/v2.1/servers/ecfc3f4a-03dc-41dd-b81b-ead559732ec0 0.567s
2024-12-10 21:52:41.331 65114 INFO tempest.lib.common.rest_client [req-ac4d6c73-f6c0-449b-9a69-ef92d0c9a719 req-ac4d6c73-f6c0-449b-9a69-ef92d0c9a719 ] Request (TenantUsagesTestJSON:setUpClass): 200 GET http://10.180.1.21/compute/v2.1/servers/4baacc94-eb68-4560-94fc-ace9700a751a 0.577s
2024-12-10 21:52:41.359 65060 INFO tempest.lib.common.rest_client [req-afe135c2-d88b-4480-a7fc-3205e90c4395 req-afe135c2-d88b-4480-a7fc-3205e90c4395 ] Request (ListImageFiltersNegativeTestJSON:test_get_nonexistent_image): 404 GET http://10.180.1.21/compute/v2.1/images/59e578de-5a62-4a53-a117-73b0b3255f2b 0.631s
2024-12-10 21:52:41.417 65110 INFO tempest.lib.common.rest_client [req-bcdb703b-11bb-4f32-8400-462b56d23b30 req-bcdb703b-11bb-4f32-8400-462b56d23b30 ] Request (ServerAddressesTestJSON:tearDownClass): 200 GET http://10.180.1.21/compute/v2.1/servers/00dd6a8f-70a2-474a-ba86-5cdd56139088 0.656s
2024-12-10 21:52:41.423 65118 INFO tempest.lib.common.rest_client [req-a4a64c3e-81b9-4a56-a3d8-283bec5e125f req-a4a64c3e-81b9-4a56-a3d8-283bec5e125f ] Request (SecurityGroupsTestJSON:setUpClass): 201 POST http://10.180.1.21:9696/networking/v2.0/routers 1.154s
2024-12-10 21:52:41.436 65088 INFO tempest.lib.common.rest_client [req-d45411e1-ae50-4e63-b20d-097d16c8a649 req-d45411e1-ae50-4e63-b20d-097d16c8a649 ] Request (DeleteServersAdminTestJSON:test_delete_server_while_in_error_state): 200 GET http://10.180.1.21/compute/v2.1/servers/53d953ab-e962-4a94-8332-4f9a00655b37 0.608s
2024-12-10 21:52:41.445 65060 INFO tempest.lib.common.rest_client [req-0e31a3a3-9ef1-4afd-b318-836d27d3e5f6 req-0e31a3a3-9ef1-4afd-b318-836d27d3e5f6 ] Request (ListImageFiltersNegativeTestJSON:tearDownClass): 204 DELETE http://10.180.1.21/identity/v3/users/80b8cfb0c6744028a72eff9b6bf995ee 0.084s
2024-12-10 21:52:41.446 65060 INFO tempest.lib.common.dynamic_creds [-] Deleting project and security group for project: b3bc89e48f454127af92d19e058224ae
2024-12-10 21:52:41.513 65060 INFO tempest.lib.common.rest_client [req-3419d8d5-3e2d-44ca-bdde-72f277ff2322 req-3419d8d5-3e2d-44ca-bdde-72f277ff2322 ] Request (ListImageFiltersNegativeTestJSON:tearDownClass): 201 POST http://10.180.1.21/identity/v3/auth/tokens 0.067s
2024-12-10 21:52:41.524 65056 INFO tempest.lib.common.rest_client [req-b76286da-cd52-44e3-9cbf-110db06f7fcb req-b76286da-cd52-44e3-9cbf-110db06f7fcb ] Request (ServersNegativeTestJSON:setUpClass): 200 GET http://10.180.1.21/compute/v2.1/servers/64c40b08-3480-4869-8d35-f8b4db862733 0.632s
2024-12-10 21:52:41.528 65072 INFO tempest.lib.common.rest_client [req-f9260af2-eb06-4286-9e9d-acc74dc1fa4e req-f9260af2-eb06-4286-9e9d-acc74dc1fa4e ] Request (ServersAdmin275Test:tearDownClass): 200 GET http://10.180.1.21/compute/v2.1/servers/7ed1869b-528e-4d30-81a6-f4783d4ada88 0.694s
2024-12-10 21:52:41.598 65086 INFO tempest.lib.common.rest_client [req-16f46f5e-427b-4a00-9185-f1acea49cd89 req-16f46f5e-427b-4a00-9185-f1acea49cd89 ] Request (AttachInterfacesUnderV243Test:test_add_remove_fixed_ip): 200 GET http://10.180.1.21/compute/v2.1/servers/720ede3f-9e51-482b-bcfb-a2d5488711a5 0.643s
2024-12-10 21:52:41.599 65102 INFO tempest.lib.common.rest_client [req-ed529fcb-d8de-4a99-aaeb-8291f90b48d3 req-ed529fcb-d8de-4a99-aaeb-8291f90b48d3 ] Request (FloatingIPsAssociationTestJSON:test_associate_already_associated_floating_ip): 200 GET http://10.180.1.21/compute/v2.1/servers/ceeacedc-7164-45b6-ae5f-3c65c86053b9 0.545s
2024-12-10 21:52:41.608 65102 INFO tempest.common.waiters [-] State transition "BUILD/scheduling" ==> "BUILD/None" after 8 second wait
2024-12-10 21:52:41.666 65108 INFO tempest.lib.common.rest_client [req-1f843097-672d-4494-8558-817e1b60d527 req-1f843097-672d-4494-8558-817e1b60d527 ] Request (ServerRescueTestJSONUnderV235:setUpClass): 201 POST http://10.180.1.21:9696/networking/v2.0/subnets 0.442s
2024-12-10 21:52:41.711 65082 WARNING tempest.lib.common.ssh [-] Failed to establish authenticated ssh connection to cirros@10.180.180.173 ([Errno None] Unable to connect to port 22 on 10.180.180.173). Number attempts: 3. Retry after 4 seconds.: paramiko.ssh_exception.NoValidConnectionsError: [Errno None] Unable to connect to port 22 on 10.180.180.173
2024-12-10 21:52:41.734 65090 INFO tempest.lib.common.rest_client [req-4d3c95e5-4de1-49af-a54f-55a739d4b48b req-4d3c95e5-4de1-49af-a54f-55a739d4b48b ] Request (ServersNegativeTestMultiTenantJSON:test_delete_a_server_of_another_tenant): 404 DELETE http://10.180.1.21/compute/v2.1/servers/bef4fa43-1623-428b-8626-bad5d6ac5eb2 0.620s
2024-12-10 21:52:41.772 65116 INFO tempest.lib.common.rest_client [req-eb3d9131-a19c-4e13-897c-c574e9b29507 req-eb3d9131-a19c-4e13-897c-c574e9b29507 ] Request (ServersAdminNegativeTestJSON:test_migrate_server_invalid_state): 200 GET http://10.180.1.21/compute/v2.1/servers/c04d4d7e-b824-45b5-a1d5-8ba1ada04c43 0.579s
2024-12-10 21:52:41.775 65058 WARNING tempest.lib.common.ssh [-] Failed to establish authenticated ssh connection to cirros@10.180.180.212 ([Errno None] Unable to connect to port 22 on 10.180.180.212). Number attempts: 4. Retry after 5 seconds.: paramiko.ssh_exception.NoValidConnectionsError: [Errno None] Unable to connect to port 22 on 10.180.180.212
2024-12-10 21:52:41.782 65116 INFO tempest.common.waiters [-] State transition "ACTIVE/suspending" ==> "SUSPENDED/None" after 1 second wait
2024-12-10 21:52:41.798 65104 INFO tempest.lib.common.rest_client [req-698e6b9a-587a-4800-8a70-7eba0be1f7f1 req-698e6b9a-587a-4800-8a70-7eba0be1f7f1 ] Request (InstanceActionsTestJSON:setUpClass): 200 GET http://10.180.1.21/compute/v2.1/servers/a899078d-6722-4934-98f2-977c269928cd 0.516s
2024-12-10 21:52:41.860 65060 INFO tempest.lib.common.rest_client [req-4d16d054-7362-4056-b429-9868513a99b1 req-4d16d054-7362-4056-b429-9868513a99b1 ] Request (ListImageFiltersNegativeTestJSON:tearDownClass): 200 GET http://10.180.1.21:9696/networking/v2.0/security-groups?tenant_id=b3bc89e48f454127af92d19e058224ae&name=default 0.347s
2024-12-10 21:52:41.934 65064 INFO tempest.lib.common.rest_client [req-4c554d97-28df-44df-a84d-23f62374de9c req-4c554d97-28df-44df-a84d-23f62374de9c ] Request (ImagesOneServerNegativeTestJSON:tearDown): 200 GET http://10.180.1.21/compute/v2.1/servers/6650dd8a-f0e5-4dd5-ba2b-09c589d74512 0.308s
2024-12-10 21:52:41.937 65090 INFO tempest.lib.common.rest_client [req-fd4598a9-41ca-41b7-9305-a99289b86b7c req-fd4598a9-41ca-41b7-9305-a99289b86b7c ] Request (ServersNegativeTestMultiTenantJSON:setUp): 200 GET http://10.180.1.21/compute/v2.1/servers/bef4fa43-1623-428b-8626-bad5d6ac5eb2 0.201s
2024-12-10 21:52:42.001 65062 INFO tempest.lib.common.rest_client [req-815568a7-ab35-412e-8c6b-28865678aaff req-815568a7-ab35-412e-8c6b-28865678aaff ] Request (ServersAdminTestJSON:setUpClass): 200 GET http://10.180.1.21/compute/v2.1/servers/92aba8b4-7a12-483d-9e69-e591f2ce5e64 0.239s
2024-12-10 21:52:42.038 65068 INFO tempest.lib.common.rest_client [req-a1425a4b-2c27-40b4-9e26-8834dfd30fe1 req-a1425a4b-2c27-40b4-9e26-8834dfd30fe1 ] Request (ImagesOneServerTestJSON:test_create_delete_image): 200 GET http://10.180.1.21/compute/v2.1/images/44157a3a-069b-4f78-a1f9-245fb0187222 0.258s
2024-12-10 21:52:42.051 65070 INFO tempest.lib.common.rest_client [req-ac3e75c4-f632-4975-8509-4852df250e30 req-ac3e75c4-f632-4975-8509-4852df250e30 ] Request (ServerActionsTestJSON:setUpClass): 200 GET http://10.180.1.21/compute/v2.1/servers/1e8ac6e2-f994-4d5e-afe3-2e25da989f9b 0.304s
2024-12-10 21:52:42.061 65060 INFO tempest.lib.common.rest_client [req-c88fe31c-03e9-4ced-b80e-00636e674a5e req-c88fe31c-03e9-4ced-b80e-00636e674a5e ] Request (ListImageFiltersNegativeTestJSON:tearDownClass): 204 DELETE http://10.180.1.21:9696/networking/v2.0/security-groups/b2867d9a-474b-45d2-b8ea-96dfb9b40ea5 0.200s
2024-12-10 21:52:42.123 65066 INFO tempest.lib.common.rest_client [req-ba1ec311-d09c-4989-be51-9674459c0b9d req-ba1ec311-d09c-4989-be51-9674459c0b9d ] Request (ServerGroupTestJSON:test_create_server_with_scheduler_hint_group): 200 GET http://10.180.1.21/compute/v2.1/servers/3f8f25f5-c0d9-4ff8-92a0-938afc643166 0.305s
2024-12-10 21:52:42.145 65060 INFO tempest.lib.common.rest_client [req-cc5d3937-3ecd-4aad-a7eb-b59b37002759 req-cc5d3937-3ecd-4aad-a7eb-b59b37002759 ] Request (ListImageFiltersNegativeTestJSON:tearDownClass): 204 DELETE http://10.180.1.21/identity/v3/projects/b3bc89e48f454127af92d19e058224ae 0.083s
2024-12-10 21:52:42.150 65116 INFO tempest.lib.common.rest_client [req-64b626ee-29f9-4d41-b585-5ea28c8edaf3 req-64b626ee-29f9-4d41-b585-5ea28c8edaf3 ] Request (ServersAdminNegativeTestJSON:test_migrate_server_invalid_state): 409 POST http://10.180.1.21/compute/v2.1/servers/c04d4d7e-b824-45b5-a1d5-8ba1ada04c43/action 0.367s
2024-12-10 21:52:42.232 65060 INFO tempest.lib.common.rest_client [req-a9f6d93c-9c5f-4358-a12a-96f78627f4af req-a9f6d93c-9c5f-4358-a12a-96f78627f4af ] Request (ServerMetadataNegativeTestJSON:setUpClass): 201 POST http://10.180.1.21/identity/v3/auth/tokens 0.085s
2024-12-10 21:52:42.274 65060 INFO tempest.lib.common.rest_client [req-34b3f0d6-72ae-4b77-b082-58ddf104bd33 req-34b3f0d6-72ae-4b77-b082-58ddf104bd33 ] Request (ServerMetadataNegativeTestJSON:setUpClass): 201 POST http://10.180.1.21/identity/v3/auth/tokens 0.038s
2024-12-10 21:52:42.306 65060 INFO tempest.lib.common.rest_client [req-8f9a0149-e5fc-4355-aeaf-e4cb1dfb85b8 req-8f9a0149-e5fc-4355-aeaf-e4cb1dfb85b8 ] Request (ServerMetadataNegativeTestJSON:setUpClass): 200 GET http://10.180.1.21/identity/v3/domains?name=Default 0.032s
2024-12-10 21:52:42.344 65060 INFO tempest.lib.common.rest_client [req-b45bb8d6-b900-4f41-84c8-2c4ba99369d8 req-b45bb8d6-b900-4f41-84c8-2c4ba99369d8 ] Request (ServerMetadataNegativeTestJSON:setUpClass): 201 POST http://10.180.1.21/identity/v3/projects 0.037s
2024-12-10 21:52:42.395 65092 INFO tempest.lib.common.rest_client [req-7e6dc7f3-6109-4fb9-86d5-815e30c60c97 req-7e6dc7f3-6109-4fb9-86d5-815e30c60c97 ] Request (ServerTagsTestJSON:setUpClass): 200 GET http://10.180.1.21/compute/v2.1/servers/7ca1e716-f3b6-412c-abba-03915c9e5bf1 0.542s
2024-12-10 21:52:42.407 65074 INFO tempest.lib.common.rest_client [req-0fcc2829-fb18-4409-b6bd-41df8a013ff9 req-0fcc2829-fb18-4409-b6bd-41df8a013ff9 ] Request (ServerDiagnosticsV248Test:tearDownClass): 200 GET http://10.180.1.21/compute/v2.1/servers/db9fdb62-302f-4138-ac43-aa013df3fa38 0.510s
2024-12-10 21:52:42.415 65060 INFO tempest.lib.common.rest_client [req-e44ea676-eaf9-484e-952a-0cd4985b338c req-e44ea676-eaf9-484e-952a-0cd4985b338c ] Request (ServerMetadataNegativeTestJSON:setUpClass): 201 POST http://10.180.1.21/identity/v3/users 0.071s
2024-12-10 21:52:42.427 65090 INFO tempest.lib.common.rest_client [req-52f68be1-f561-4259-aa55-dc2b97d752d1 req-52f68be1-f561-4259-aa55-dc2b97d752d1 ] Request (ServersNegativeTestMultiTenantJSON:test_update_server_of_another_tenant): 404 PUT http://10.180.1.21/compute/v2.1/servers/bef4fa43-1623-428b-8626-bad5d6ac5eb2 0.483s
2024-12-10 21:52:42.441 65116 INFO tempest.lib.common.rest_client [req-da795a82-a584-47bc-9285-6abe54516e3f req-da795a82-a584-47bc-9285-6abe54516e3f ] Request (ServersAdminNegativeTestJSON:test_reset_state_server_invalid_state): 400 POST http://10.180.1.21/compute/v2.1/servers/0b2f15b5-9356-4da5-bc52-8a02128a3997/action 0.289s
2024-12-10 21:52:42.446 65060 INFO tempest.lib.common.rest_client [req-1330f17d-1965-415e-bfdf-c8f0f98e0ec0 req-1330f17d-1965-415e-bfdf-c8f0f98e0ec0 ] Request (ServerMetadataNegativeTestJSON:setUpClass): 200 GET http://10.180.1.21/identity/v3/roles 0.030s
2024-12-10 21:52:42.475 65076 INFO tempest.lib.common.rest_client [req-991f2daa-a794-4dba-8474-c62eddac0e9f req-991f2daa-a794-4dba-8474-c62eddac0e9f ] Request (ImagesTestJSON:test_create_image_from_stopped_server): 200 GET http://10.180.1.21/compute/v2.1/servers/d936e23a-03b5-4ddc-b214-cfa9a0112756 0.491s
2024-12-10 21:52:42.487 65060 INFO tempest.lib.common.rest_client [req-0a1d8c40-a295-4805-bd93-1e835c1862a2 req-0a1d8c40-a295-4805-bd93-1e835c1862a2 ] Request (ServerMetadataNegativeTestJSON:setUpClass): 204 PUT http://10.180.1.21/identity/v3/projects/64bb4f4e521f4b1e9195ebf6430b64c3/users/7f9f1d410bea4bb297f92875d13c4f46/roles/d9ac59841022492db57c4b9ce759cbeb 0.041s
2024-12-10 21:52:42.488 65060 INFO tempest.lib.common.dynamic_creds [-] Dynamic test user 7f9f1d410bea4bb297f92875d13c4f46 is created with scope project and roles: ['member']
2024-12-10 21:52:42.488 65060 INFO tempest.lib.common.dynamic_creds [-] Acquired dynamic creds: credentials: Credentials: {'domain_id': 'default', 'domain_name': 'Default', 'username': 'tempest-ServerMetadataNegativeTestJSON-500563199-project-member', 'project_domain_id': 'default', 'project_domain_name': 'Default', 'project_id': '64bb4f4e521f4b1e9195ebf6430b64c3', 'project_name': 'tempest-ServerMetadataNegativeTestJSON-500563199', 'tenant_id': '64bb4f4e521f4b1e9195ebf6430b64c3', 'tenant_name': 'tempest-ServerMetadataNegativeTestJSON-500563199', 'user_domain_id': 'default', 'user_domain_name': 'Default', 'user_id': '7f9f1d410bea4bb297f92875d13c4f46', 'system': None}, Network: None, Subnet: None, Router: None
2024-12-10 21:52:42.553 65060 INFO tempest.lib.common.rest_client [req-0b478190-c827-4795-bbfd-1b04d3279aa1 req-0b478190-c827-4795-bbfd-1b04d3279aa1 ] Request (ServerMetadataNegativeTestJSON:setUpClass): 201 POST http://10.180.1.21/identity/v3/auth/tokens 0.065s
2024-12-10 21:52:42.638 65098 INFO tempest.lib.common.rest_client [req-5c84809b-e77c-4349-9bf3-e3344934e1d5 req-5c84809b-e77c-4349-9bf3-e3344934e1d5 ] Request (MigrationsAdminTest:test_list_migrations_in_flavor_resize_situation): 200 GET http://10.180.1.21/compute/v2.1/servers/a3e48e71-e343-48f3-8bbf-8498f4db9f9d 0.434s
2024-12-10 21:52:42.646 65098 INFO tempest.common.waiters [-] State transition "BUILD/networking" ==> "BUILD/spawning" after 24 second wait
2024-12-10 21:52:42.672 65106 WARNING tempest.lib.common.ssh [-] Failed to establish authenticated ssh connection to cirros@10.180.180.138 ([Errno None] Unable to connect to port 22 on 10.180.180.138). Number attempts: 4. Retry after 5 seconds.: paramiko.ssh_exception.NoValidConnectionsError: [Errno None] Unable to connect to port 22 on 10.180.180.138
2024-12-10 21:52:42.683 65080 INFO tempest.lib.common.rest_client [req-31385f5b-c2f6-4fbb-af80-6655b9b04c4d req-31385f5b-c2f6-4fbb-af80-6655b9b04c4d ] Request (ServersTestJSON:setUpClass): 200 GET http://10.180.1.21/compute/v2.1/servers/18012d6c-3324-4100-9a2a-ec0f292556ab 0.458s
2024-12-10 21:52:42.731 65084 INFO tempest.lib.common.rest_client [req-69a99a2d-9953-4c09-8d87-3b9754af90a1 req-69a99a2d-9953-4c09-8d87-3b9754af90a1 ] Request (ImagesNegativeTestJSON:test_create_image_from_deleted_server): 200 GET http://10.180.1.21/compute/v2.1/servers/ecfc3f4a-03dc-41dd-b81b-ead559732ec0 0.465s
2024-12-10 21:52:42.743 65114 INFO tempest.lib.common.rest_client [req-9d893e26-14f9-4879-9d85-61a6eb65a83b req-9d893e26-14f9-4879-9d85-61a6eb65a83b ] Request (TenantUsagesTestJSON:setUpClass): 200 GET http://10.180.1.21/compute/v2.1/servers/4baacc94-eb68-4560-94fc-ace9700a751a 0.402s
2024-12-10 21:52:42.832 65110 INFO tempest.lib.common.rest_client [req-bd16fdb3-a6ad-49a9-b933-3e8ba88a9caa req-bd16fdb3-a6ad-49a9-b933-3e8ba88a9caa ] Request (ServerAddressesTestJSON:tearDownClass): 200 GET http://10.180.1.21/compute/v2.1/servers/00dd6a8f-70a2-474a-ba86-5cdd56139088 0.404s
2024-12-10 21:52:42.836 65090 INFO tempest.lib.common.rest_client [req-f3b4058b-cd8c-4957-a270-726424a00f62 req-f3b4058b-cd8c-4957-a270-726424a00f62 ] Request (ServersNegativeTestMultiTenantJSON:tearDownClass): 204 DELETE http://10.180.1.21/compute/v2.1/servers/bef4fa43-1623-428b-8626-bad5d6ac5eb2 0.407s
2024-12-10 21:52:42.848 65116 INFO tempest.lib.common.rest_client [req-4db9d872-25c1-437f-b158-be3f75c4b25d req-4db9d872-25c1-437f-b158-be3f75c4b25d ] Request (ServersAdminNegativeTestJSON:test_reset_state_server_invalid_type): 400 POST http://10.180.1.21/compute/v2.1/servers/0b2f15b5-9356-4da5-bc52-8a02128a3997/action 0.405s
2024-12-10 21:52:42.904 65108 INFO tempest.lib.common.rest_client [req-29cfb51d-211c-4b7c-b243-0d8f24c9dd0d req-29cfb51d-211c-4b7c-b243-0d8f24c9dd0d ] Request (ServerRescueTestJSONUnderV235:setUpClass): 201 POST http://10.180.1.21:9696/networking/v2.0/routers 1.237s
2024-12-10 21:52:42.924 65088 INFO tempest.lib.common.rest_client [req-41066eb4-7bef-4f26-93f9-449c252d41b3 req-41066eb4-7bef-4f26-93f9-449c252d41b3 ] Request (DeleteServersAdminTestJSON:test_delete_server_while_in_error_state): 200 GET http://10.180.1.21/compute/v2.1/servers/53d953ab-e962-4a94-8332-4f9a00655b37 0.476s
2024-12-10 21:52:42.970 65118 INFO tempest.lib.common.rest_client [req-90c14a5a-b9f9-4b09-922a-3cd0abebb1a2 req-90c14a5a-b9f9-4b09-922a-3cd0abebb1a2 ] Request (SecurityGroupsTestJSON:setUpClass): 200 PUT http://10.180.1.21:9696/networking/v2.0/routers/1a55b0a1-d8c1-4569-8a4e-c41bb43e0dac/add_router_interface 1.546s
2024-12-10 21:52:42.970 65118 INFO tempest.lib.common.dynamic_creds [-] Created isolated network resources for: credentials: Credentials: {'domain_id': 'default', 'domain_name': 'Default', 'username': 'tempest-SecurityGroupsTestJSON-1003820399-project-member', 'project_domain_id': 'default', 'project_domain_name': 'Default', 'project_id': '87adb936868248f28126c4ce0f15098c', 'project_name': 'tempest-SecurityGroupsTestJSON-1003820399', 'tenant_id': '87adb936868248f28126c4ce0f15098c', 'tenant_name': 'tempest-SecurityGroupsTestJSON-1003820399', 'user_domain_id': 'default', 'user_domain_name': 'Default', 'user_id': '56e0e4fc389f42c2ac26e72184079239', 'system': None}, Network: {'id': '0dd7d017-a8fc-4ba2-9952-db9bb5e6ac44', 'name': 'tempest-SecurityGroupsTestJSON-1392857051-network', 'tenant_id': '87adb936868248f28126c4ce0f15098c', 'admin_state_up': True, 'mtu': 8950, 'status': 'ACTIVE', 'subnets': [], 'shared': False, 'project_id': '87adb936868248f28126c4ce0f15098c', 'port_security_enabled': True, 'router:external': False, 'provider:network_type': 'vlan', 'provider:physical_network': 'default', 'provider:segmentation_id': 956, 'availability_zone_hints': [], 'availability_zones': [], 'ipv4_address_scope': None, 'ipv6_address_scope': None, 'description': '', 'tags': [], 'created_at': '2024-12-10T21:52:39Z', 'updated_at': '2024-12-10T21:52:39Z', 'revision_number': 1}, Subnet: {'id': 'b2042ddb-b4b5-4a32-bf36-727a502ae143', 'name': 'tempest-SecurityGroupsTestJSON-1392857051-subnet', 'tenant_id': '87adb936868248f28126c4ce0f15098c', 'network_id': '0dd7d017-a8fc-4ba2-9952-db9bb5e6ac44', 'ip_version': 4, 'subnetpool_id': None, 'enable_dhcp': True, 'ipv6_ra_mode': None, 'ipv6_address_mode': None, 'gateway_ip': '192.168.128.1', 'cidr': '192.168.128.0/28', 'allocation_pools': [{'start': '192.168.128.2', 'end': '192.168.128.14'}], 'host_routes': [], 'dns_nameservers': [], 'description': '', 'router:external': False, 'service_types': [], 'tags': [], 'created_at': '2024-12-10T21:52:40Z', 'updated_at': '2024-12-10T21:52:40Z', 'revision_number': 0, 'project_id': '87adb936868248f28126c4ce0f15098c'}, Router: {'id': '1a55b0a1-d8c1-4569-8a4e-c41bb43e0dac', 'name': 'tempest-SecurityGroupsTestJSON-1392857051-router', 'tenant_id': '87adb936868248f28126c4ce0f15098c', 'admin_state_up': True, 'status': 'ACTIVE', 'external_gateway_info': {'network_id': '7f3c3475-e521-4054-a63a-36553750aba0', 'external_fixed_ips': [{'subnet_id': 'd70aa703-b895-4eb5-a91e-90b3d78d2169', 'ip_address': '10.180.180.191'}], 'enable_snat': True}, 'description': '', 'availability_zones': [], 'distributed': False, 'ha': False, 'availability_zone_hints': [], 'routes': [], 'flavor_id': None, 'tags': [], 'created_at': '2024-12-10T21:52:40Z', 'updated_at': '2024-12-10T21:52:40Z', 'revision_number': 2, 'project_id': '87adb936868248f28126c4ce0f15098c'}
2024-12-10 21:52:42.986 65056 INFO tempest.lib.common.rest_client [req-18994bfe-091c-4e27-ab24-e730837c156f req-18994bfe-091c-4e27-ab24-e730837c156f ] Request (ServersNegativeTestJSON:setUpClass): 200 GET http://10.180.1.21/compute/v2.1/servers/64c40b08-3480-4869-8d35-f8b4db862733 0.453s
2024-12-10 21:52:43.028 65072 INFO tempest.lib.common.rest_client [req-7d4c889c-054c-4926-9efa-bfaa7f323219 req-7d4c889c-054c-4926-9efa-bfaa7f323219 ] Request (ServersAdmin275Test:tearDownClass): 200 GET http://10.180.1.21/compute/v2.1/servers/7ed1869b-528e-4d30-81a6-f4783d4ada88 0.489s
2024-12-10 21:52:43.055 65118 INFO tempest.lib.common.rest_client [req-1ac73d77-df83-4fa5-bce1-3ad1da73216f req-1ac73d77-df83-4fa5-bce1-3ad1da73216f ] Request (SecurityGroupsTestJSON:setUpClass): 201 POST http://10.180.1.21/identity/v3/auth/tokens 0.082s
2024-12-10 21:52:43.071 65086 INFO tempest.lib.common.rest_client [req-979acdef-b438-4a4e-b79f-31eb4aadce48 req-979acdef-b438-4a4e-b79f-31eb4aadce48 ] Request (AttachInterfacesUnderV243Test:test_add_remove_fixed_ip): 200 GET http://10.180.1.21/compute/v2.1/servers/720ede3f-9e51-482b-bcfb-a2d5488711a5 0.464s
2024-12-10 21:52:43.122 65102 INFO tempest.lib.common.rest_client [req-e1b655e5-dece-4322-a217-82ccdb54622d req-e1b655e5-dece-4322-a217-82ccdb54622d ] Request (FloatingIPsAssociationTestJSON:test_associate_already_associated_floating_ip): 200 GET http://10.180.1.21/compute/v2.1/servers/ceeacedc-7164-45b6-ae5f-3c65c86053b9 0.511s
2024-12-10 21:52:43.160 65104 INFO tempest.lib.common.rest_client [req-e938e01a-a6c3-4a7b-b32f-13e962f9c128 req-e938e01a-a6c3-4a7b-b32f-13e962f9c128 ] Request (InstanceActionsTestJSON:setUpClass): 200 GET http://10.180.1.21/compute/v2.1/servers/a899078d-6722-4934-98f2-977c269928cd 0.344s
2024-12-10 21:52:43.173 65116 INFO tempest.lib.common.rest_client [req-b1d67f0d-508a-4102-8225-01422f291b7b req-b1d67f0d-508a-4102-8225-01422f291b7b ] Request (ServersAdminNegativeTestJSON:test_reset_state_server_nonexistent_server): 404 POST http://10.180.1.21/compute/v2.1/servers/999/action 0.323s
2024-12-10 21:52:43.175 65060 INFO tempest.lib.common.rest_client [req-d9829471-f5a6-4aa0-ba64-44c80e256504 req-d9829471-f5a6-4aa0-ba64-44c80e256504 ] Request (ServerMetadataNegativeTestJSON:setUpClass): 201 POST http://10.180.1.21:9696/networking/v2.0/networks 0.621s
2024-12-10 21:52:43.184 65078 WARNING tempest.lib.common.ssh [-] Failed to establish authenticated ssh connection to cirros@10.180.180.194 ([Errno None] Unable to connect to port 22 on 10.180.180.194). Number attempts: 6. Retry after 7 seconds.: paramiko.ssh_exception.NoValidConnectionsError: [Errno None] Unable to connect to port 22 on 10.180.180.194
2024-12-10 21:52:43.345 65090 INFO tempest.lib.common.rest_client [req-17617236-15f0-4208-9db0-a0b627257276 req-17617236-15f0-4208-9db0-a0b627257276 ] Request (ServersNegativeTestMultiTenantJSON:tearDownClass): 200 GET http://10.180.1.21/compute/v2.1/servers/bef4fa43-1623-428b-8626-bad5d6ac5eb2 0.507s
2024-12-10 21:52:43.370 65064 INFO tempest.lib.common.rest_client [req-1153b91b-671d-4fd7-a68c-a246fe8a3f31 req-1153b91b-671d-4fd7-a68c-a246fe8a3f31 ] Request (ImagesOneServerNegativeTestJSON:tearDown): 200 GET http://10.180.1.21/compute/v2.1/servers/6650dd8a-f0e5-4dd5-ba2b-09c589d74512 0.424s
2024-12-10 21:52:43.378 65060 INFO tempest.lib.common.rest_client [req-caa2960f-a9f9-4df0-94bc-6f44dba88562 req-caa2960f-a9f9-4df0-94bc-6f44dba88562 ] Request (ServerMetadataNegativeTestJSON:setUpClass): 201 POST http://10.180.1.21:9696/networking/v2.0/subnets 0.201s
2024-12-10 21:52:43.415 65068 INFO tempest.lib.common.rest_client [req-1ad12d34-8cdb-4ae8-9086-c44ea02b6ec6 req-1ad12d34-8cdb-4ae8-9086-c44ea02b6ec6 ] Request (ImagesOneServerTestJSON:test_create_delete_image): 200 GET http://10.180.1.21/compute/v2.1/images/44157a3a-069b-4f78-a1f9-245fb0187222 0.370s
2024-12-10 21:52:43.439 65062 INFO tempest.lib.common.rest_client [req-db0f61ac-b5f6-4752-b395-9cde8c522001 req-db0f61ac-b5f6-4752-b395-9cde8c522001 ] Request (ServersAdminTestJSON:setUpClass): 200 GET http://10.180.1.21/compute/v2.1/servers/92aba8b4-7a12-483d-9e69-e591f2ce5e64 0.427s
2024-12-10 21:52:43.703 65070 INFO tempest.lib.common.rest_client [req-08304f4b-ae13-4eb0-b7c1-d363fa61e66b req-08304f4b-ae13-4eb0-b7c1-d363fa61e66b ] Request (ServerActionsTestJSON:setUpClass): 200 GET http://10.180.1.21/compute/v2.1/servers/1e8ac6e2-f994-4d5e-afe3-2e25da989f9b 0.638s
2024-12-10 21:52:43.783 65066 INFO tempest.lib.common.rest_client [req-7011dc4a-0d33-4aff-95d9-483113cf4c10 req-7011dc4a-0d33-4aff-95d9-483113cf4c10 ] Request (ServerGroupTestJSON:test_create_server_with_scheduler_hint_group): 200 GET http://10.180.1.21/compute/v2.1/servers/3f8f25f5-c0d9-4ff8-92a0-938afc643166 0.648s
2024-12-10 21:52:43.864 65118 INFO tempest.lib.common.rest_client [req-a29de246-c03c-4749-aad9-5332a4ca4fa6 req-a29de246-c03c-4749-aad9-5332a4ca4fa6 ] Request (SecurityGroupsTestJSON:test_list_security_groups_by_server): 200 POST http://10.180.1.21/compute/v2.1/os-security-groups 0.807s
2024-12-10 21:52:43.882 65116 INFO tempest.lib.common.rest_client [req-c15d7b67-083e-4b70-9d60-9b69ff0a1ebe req-c15d7b67-083e-4b70-9d60-9b69ff0a1ebe ] Request (ServersAdminNegativeTestJSON:test_resize_server_using_overlimit_ram): 200 GET http://10.180.1.21/compute/v2.1/os-quota-sets/9661bd2134f442d7ab44d07543c3520e 0.707s
2024-12-10 21:52:43.947 65092 INFO tempest.lib.common.rest_client [req-c9be33e5-fd52-40f9-8dbe-c3bd9742bea2 req-c9be33e5-fd52-40f9-8dbe-c3bd9742bea2 ] Request (ServerTagsTestJSON:setUpClass): 200 GET http://10.180.1.21/compute/v2.1/servers/7ca1e716-f3b6-412c-abba-03915c9e5bf1 0.538s
2024-12-10 21:52:43.970 65074 INFO tempest.lib.common.rest_client [req-013b1e33-ad06-40ef-9862-0f96a8e7be45 req-013b1e33-ad06-40ef-9862-0f96a8e7be45 ] Request (ServerDiagnosticsV248Test:tearDownClass): 200 GET http://10.180.1.21/compute/v2.1/servers/db9fdb62-302f-4138-ac43-aa013df3fa38 0.543s
2024-12-10 21:52:44.050 65076 INFO tempest.lib.common.rest_client [req-5ebf2afb-eb4c-43b3-80be-b250849742f7 req-5ebf2afb-eb4c-43b3-80be-b250849742f7 ] Request (ImagesTestJSON:test_create_image_from_stopped_server): 200 GET http://10.180.1.21/compute/v2.1/servers/d936e23a-03b5-4ddc-b214-cfa9a0112756 0.565s
2024-12-10 21:52:44.194 65098 INFO tempest.lib.common.rest_client [req-67eb1337-a614-4d28-963d-c2ffac425a30 req-67eb1337-a614-4d28-963d-c2ffac425a30 ] Request (MigrationsAdminTest:test_list_migrations_in_flavor_resize_situation): 200 GET http://10.180.1.21/compute/v2.1/servers/a3e48e71-e343-48f3-8bbf-8498f4db9f9d 0.547s
2024-12-10 21:52:44.284 65084 INFO tempest.lib.common.rest_client [req-74d33d72-7862-46fd-90bf-1eee577ce5c5 req-74d33d72-7862-46fd-90bf-1eee577ce5c5 ] Request (ImagesNegativeTestJSON:test_create_image_from_deleted_server): 200 GET http://10.180.1.21/compute/v2.1/servers/ecfc3f4a-03dc-41dd-b81b-ead559732ec0 0.539s
2024-12-10 21:52:44.366 65114 INFO tempest.lib.common.rest_client [req-b3acc72b-dfeb-464a-a9f0-058a8dcf671c req-b3acc72b-dfeb-464a-a9f0-058a8dcf671c ] Request (TenantUsagesTestJSON:setUpClass): 200 GET http://10.180.1.21/compute/v2.1/servers/4baacc94-eb68-4560-94fc-ace9700a751a 0.606s
2024-12-10 21:52:44.415 65080 INFO tempest.lib.common.rest_client [req-1f60c0a7-33b3-4e63-b355-840b0dfa648a req-1f60c0a7-33b3-4e63-b355-840b0dfa648a ] Request (ServersTestJSON:setUpClass): 200 GET http://10.180.1.21/compute/v2.1/servers/18012d6c-3324-4100-9a2a-ec0f292556ab 0.721s
2024-12-10 21:52:44.443 65110 INFO tempest.lib.common.rest_client [req-ab27806f-6fa0-4492-b569-c0891046c888 req-ab27806f-6fa0-4492-b569-c0891046c888 ] Request (ServerAddressesTestJSON:tearDownClass): 200 GET http://10.180.1.21/compute/v2.1/servers/00dd6a8f-70a2-474a-ba86-5cdd56139088 0.597s
2024-12-10 21:52:44.459 65116 INFO tempest.lib.common.rest_client [req-ae634364-bd87-4adb-8e86-f26d0479d077 req-ae634364-bd87-4adb-8e86-f26d0479d077 ] Request (ServersAdminNegativeTestJSON:test_resize_server_using_overlimit_ram): 200 POST http://10.180.1.21/compute/v2.1/flavors 0.571s
2024-12-10 21:52:44.535 65088 INFO tempest.lib.common.rest_client [req-7b047496-2d02-407c-9e88-891b846b6993 req-7b047496-2d02-407c-9e88-891b846b6993 ] Request (DeleteServersAdminTestJSON:test_delete_server_while_in_error_state): 200 GET http://10.180.1.21/compute/v2.1/servers/53d953ab-e962-4a94-8332-4f9a00655b37 0.604s
2024-12-10 21:52:44.613 65056 INFO tempest.lib.common.rest_client [req-cc57379a-df2a-415f-9059-e8788affb270 req-cc57379a-df2a-415f-9059-e8788affb270 ] Request (ServersNegativeTestJSON:setUpClass): 200 GET http://10.180.1.21/compute/v2.1/servers/64c40b08-3480-4869-8d35-f8b4db862733 0.617s
2024-12-10 21:52:44.722 65072 INFO tempest.lib.common.rest_client [req-6cbc3734-3c98-438b-9eca-3f9f1596de13 req-6cbc3734-3c98-438b-9eca-3f9f1596de13 ] Request (ServersAdmin275Test:tearDownClass): 200 GET http://10.180.1.21/compute/v2.1/servers/7ed1869b-528e-4d30-81a6-f4783d4ada88 0.679s
2024-12-10 21:52:44.798 65086 INFO tempest.lib.common.rest_client [req-5635aa6c-baa6-458e-a69e-c46bdb6e8846 req-5635aa6c-baa6-458e-a69e-c46bdb6e8846 ] Request (AttachInterfacesUnderV243Test:test_add_remove_fixed_ip): 200 GET http://10.180.1.21/compute/v2.1/servers/720ede3f-9e51-482b-bcfb-a2d5488711a5 0.716s
2024-12-10 21:52:44.821 65118 INFO tempest.lib.common.rest_client [req-f1acf5f7-4ab3-4c44-ab27-ca8c2376b6af req-f1acf5f7-4ab3-4c44-ab27-ca8c2376b6af ] Request (SecurityGroupsTestJSON:test_list_security_groups_by_server): 200 POST http://10.180.1.21/compute/v2.1/os-security-groups 0.953s
2024-12-10 21:52:44.872 65118 INFO tempest.lib.common.rest_client [req-b7e0f97f-1210-4950-9fc7-aa7538285470 req-b7e0f97f-1210-4950-9fc7-aa7538285470 ] Request (SecurityGroupsTestJSON:test_list_security_groups_by_server): 201 POST http://10.180.1.21/identity/v3/auth/tokens 0.042s
2024-12-10 21:52:44.872 65118 INFO tempest.lib.common.fixed_network [-] (SecurityGroupsTestJSON:test_list_security_groups_by_server) Found network {'id': '0dd7d017-a8fc-4ba2-9952-db9bb5e6ac44', 'name': 'tempest-SecurityGroupsTestJSON-1392857051-network', 'tenant_id': '87adb936868248f28126c4ce0f15098c', 'admin_state_up': True, 'mtu': 8950, 'status': 'ACTIVE', 'subnets': [], 'shared': False, 'project_id': '87adb936868248f28126c4ce0f15098c', 'port_security_enabled': True, 'router:external': False, 'provider:network_type': 'vlan', 'provider:physical_network': 'default', 'provider:segmentation_id': 956, 'availability_zone_hints': [], 'availability_zones': [], 'ipv4_address_scope': None, 'ipv6_address_scope': None, 'description': '', 'tags': [], 'created_at': '2024-12-10T21:52:39Z', 'updated_at': '2024-12-10T21:52:39Z', 'revision_number': 1} available for tenant
2024-12-10 21:52:44.974 65112 WARNING tempest.lib.common.ssh [-] Failed to establish authenticated ssh connection to cirros@10.180.180.226 ([Errno None] Unable to connect to port 22 on 10.180.180.226). Number attempts: 5. Retry after 6 seconds.: paramiko.ssh_exception.NoValidConnectionsError: [Errno None] Unable to connect to port 22 on 10.180.180.226
