2024-12-10 21:52:35.488 65108 INFO tempest.lib.common.rest_client [req-ee444515-a158-450a-a9fb-f9a6ca41f7a2 req-ee444515-a158-450a-a9fb-f9a6ca41f7a2 ] Request (ServerDiagnosticsTest:tearDownClass): 204 DELETE http://10.180.1.21:9696/networking/v2.0/security-groups/59e5a21c-7ba7-4325-951c-afd66a856c7a 0.187s
2024-12-10 21:52:35.502 65070 INFO tempest.lib.common.rest_client [req-2bee5522-576d-428d-b6d6-1175eba9c153 req-2bee5522-576d-428d-b6d6-1175eba9c153 ] Request (ServerActionsTestJSON:setUpClass): 200 GET http://10.180.1.21/compute/v2.1/servers/1e8ac6e2-f994-4d5e-afe3-2e25da989f9b 0.973s
2024-12-10 21:52:35.503 65116 INFO tempest.lib.common.rest_client [req-e26506f9-195f-4985-90b8-280087d20749 req-e26506f9-195f-4985-90b8-280087d20749 ] Request (ServersAdminNegativeTestJSON:test_migrate_server_invalid_state): 200 GET http://10.180.1.21/compute/v2.1/servers/c04d4d7e-b824-45b5-a1d5-8ba1ada04c43 0.892s
2024-12-10 21:52:35.590 65062 INFO tempest.lib.common.rest_client [req-cb681f24-b179-4b05-b039-e00ce66583f0 req-cb681f24-b179-4b05-b039-e00ce66583f0 ] Request (ServersAdminTestJSON:setUpClass): 200 GET http://10.180.1.21/compute/v2.1/servers/92aba8b4-7a12-483d-9e69-e591f2ce5e64 0.978s
2024-12-10 21:52:35.597 65066 INFO tempest.lib.common.rest_client [req-479435f2-e5cb-4d99-ae69-d7933c254e48 req-479435f2-e5cb-4d99-ae69-d7933c254e48 ] Request (ServerGroupTestJSON:test_create_server_with_scheduler_hint_group): 200 GET http://10.180.1.21/compute/v2.1/servers/3f8f25f5-c0d9-4ff8-92a0-938afc643166 0.925s
2024-12-10 21:52:35.628 65108 INFO tempest.lib.common.rest_client [req-8fe79d5a-fb95-49cb-8689-306b8ff07525 req-8fe79d5a-fb95-49cb-8689-306b8ff07525 ] Request (ServerDiagnosticsTest:tearDownClass): 204 DELETE http://10.180.1.21/identity/v3/projects/88d200565b3848a082d7c0e6ae69ef98 0.139s
2024-12-10 21:52:35.639 65084 INFO tempest.lib.common.rest_client [req-69496cfe-0230-4303-ac30-22fb04f8520c req-69496cfe-0230-4303-ac30-22fb04f8520c ] Request (TenantUsagesNegativeTestJSON:tearDownClass): 204 DELETE http://10.180.1.21/identity/v3/projects/7906194e51cc4d7ab09b4ff127d7838b 0.155s
2024-12-10 21:52:35.643 65068 INFO tempest.lib.common.rest_client [req-ddb93770-e820-4d53-a9d5-75c94b900e32 req-ddb93770-e820-4d53-a9d5-75c94b900e32 ] Request (ImagesOneServerTestJSON:test_create_delete_image): 200 GET http://10.180.1.21/compute/v2.1/images/44157a3a-069b-4f78-a1f9-245fb0187222 0.925s
2024-12-10 21:52:35.685 65080 INFO tempest.lib.common.rest_client [req-fda5e6f9-346b-47bb-9a67-8ae9a4aa5f11 req-fda5e6f9-346b-47bb-9a67-8ae9a4aa5f11 ] Request (ServersTestJSON:setUpClass): 200 GET http://10.180.1.21/compute/v2.1/servers/18012d6c-3324-4100-9a2a-ec0f292556ab 0.882s
2024-12-10 21:52:35.710 65108 INFO tempest.lib.common.rest_client [req-0db89982-86e6-407a-aa2c-497f62d6c9f4 req-0db89982-86e6-407a-aa2c-497f62d6c9f4 ] Request (MultipleCreateNegativeTestJSON:setUpClass): 201 POST http://10.180.1.21/identity/v3/auth/tokens 0.081s
2024-12-10 21:52:35.711 65084 INFO tempest.lib.common.rest_client [req-1cd9bea5-7faf-4f33-bf43-0ba9206910ff req-1cd9bea5-7faf-4f33-bf43-0ba9206910ff ] Request (ImagesNegativeTestJSON:setUpClass): 201 POST http://10.180.1.21/identity/v3/auth/tokens 0.068s
2024-12-10 21:52:35.712 65092 INFO tempest.lib.common.rest_client [req-27c42d8d-549b-44c3-b0a3-6562e8946a86 req-27c42d8d-549b-44c3-b0a3-6562e8946a86 ] Request (ServerTagsTestJSON:setUpClass): 200 GET http://10.180.1.21/compute/v2.1/servers/7ca1e716-f3b6-412c-abba-03915c9e5bf1 0.846s
2024-12-10 21:52:35.743 65060 INFO tempest.lib.common.rest_client [req-0cbdeeda-3f75-46fb-81d8-c757947e4677 req-0cbdeeda-3f75-46fb-81d8-c757947e4677 ] Request (FlavorsAdminTestJSON:test_list_public_flavor_with_other_user): 200 POST http://10.180.1.21/compute/v2.1/flavors 0.841s
2024-12-10 21:52:35.749 65108 INFO tempest.lib.common.rest_client [req-8832b024-4ab2-43f1-9120-dc8a78f3c859 req-8832b024-4ab2-43f1-9120-dc8a78f3c859 ] Request (MultipleCreateNegativeTestJSON:setUpClass): 201 POST http://10.180.1.21/identity/v3/auth/tokens 0.036s
2024-12-10 21:52:35.750 65084 INFO tempest.lib.common.rest_client [req-5bc60cef-22ab-44c0-b2ee-e0f89b185296 req-5bc60cef-22ab-44c0-b2ee-e0f89b185296 ] Request (ImagesNegativeTestJSON:setUpClass): 201 POST http://10.180.1.21/identity/v3/auth/tokens 0.037s
2024-12-10 21:52:35.753 65086 INFO tempest.lib.common.rest_client [req-e289654c-a551-4153-b069-5424ee8c281e req-e289654c-a551-4153-b069-5424ee8c281e ] Request (ValidationResourcesFixture:setUp): 201 POST http://10.180.1.21:9696/networking/v2.0/floatingips 1.291s
2024-12-10 21:52:35.767 65074 INFO tempest.lib.common.rest_client [req-d8168f21-b5ad-4bfa-98d5-1c4565453735 req-d8168f21-b5ad-4bfa-98d5-1c4565453735 ] Request (ServerDiagnosticsV248Test:tearDownClass): 200 GET http://10.180.1.21/compute/v2.1/servers/db9fdb62-302f-4138-ac43-aa013df3fa38 0.871s
2024-12-10 21:52:35.773 65084 INFO tempest.lib.common.rest_client [req-229c3bff-c455-4ed3-8a90-c76a7bdefc29 req-229c3bff-c455-4ed3-8a90-c76a7bdefc29 ] Request (ImagesNegativeTestJSON:setUpClass): 200 GET http://10.180.1.21/identity/v3/domains?name=Default 0.023s
2024-12-10 21:52:35.777 65108 INFO tempest.lib.common.rest_client [req-ae10de94-d1ff-4f84-be78-4d5435257c11 req-ae10de94-d1ff-4f84-be78-4d5435257c11 ] Request (MultipleCreateNegativeTestJSON:setUpClass): 200 GET http://10.180.1.21/identity/v3/domains?name=Default 0.027s
2024-12-10 21:52:35.801 65076 INFO tempest.lib.common.rest_client [req-4455b960-9302-471d-8600-4fb3c8ea850b req-4455b960-9302-471d-8600-4fb3c8ea850b ] Request (ImagesTestJSON:test_create_image_from_stopped_server): 200 GET http://10.180.1.21/compute/v2.1/servers/d936e23a-03b5-4ddc-b214-cfa9a0112756 0.821s
2024-12-10 21:52:35.805 65084 INFO tempest.lib.common.rest_client [req-38abc3e7-c44b-47e2-b5ea-bc9be0286f47 req-38abc3e7-c44b-47e2-b5ea-bc9be0286f47 ] Request (ImagesNegativeTestJSON:setUpClass): 201 POST http://10.180.1.21/identity/v3/projects 0.032s
2024-12-10 21:52:35.842 65086 INFO tempest.lib.common.rest_client [req-3dd1a748-9ab5-4fb4-958a-286de19137e1 req-3dd1a748-9ab5-4fb4-958a-286de19137e1 ] Request (AttachInterfacesUnderV243Test:test_add_remove_fixed_ip): 201 POST http://10.180.1.21/identity/v3/auth/tokens 0.081s
2024-12-10 21:52:35.842 65086 INFO tempest.lib.common.fixed_network [-] (AttachInterfacesUnderV243Test:test_add_remove_fixed_ip) Found network {'id': 'd5cfd37d-1598-4c38-9b28-dde97dbe102f', 'name': 'tempest-AttachInterfacesUnderV243Test-1193982296-network', 'tenant_id': '35a274d6089e4b85a7c3bffa30e7f162', 'admin_state_up': True, 'mtu': 8950, 'status': 'ACTIVE', 'subnets': [], 'shared': False, 'project_id': '35a274d6089e4b85a7c3bffa30e7f162', 'port_security_enabled': True, 'router:external': False, 'provider:network_type': 'vlan', 'provider:physical_network': 'default', 'provider:segmentation_id': 748, 'availability_zone_hints': [], 'availability_zones': [], 'ipv4_address_scope': None, 'ipv6_address_scope': None, 'description': '', 'tags': [], 'created_at': '2024-12-10T21:52:28Z', 'updated_at': '2024-12-10T21:52:28Z', 'revision_number': 1} available for tenant
2024-12-10 21:52:35.877 65108 INFO tempest.lib.common.rest_client [req-01e0ea13-b228-407f-8e8c-e2390d3454b8 req-01e0ea13-b228-407f-8e8c-e2390d3454b8 ] Request (MultipleCreateNegativeTestJSON:setUpClass): 201 POST http://10.180.1.21/identity/v3/projects 0.099s
2024-12-10 21:52:35.880 65084 INFO tempest.lib.common.rest_client [req-4e287e85-cd73-419a-b88f-67be91533e86 req-4e287e85-cd73-419a-b88f-67be91533e86 ] Request (ImagesNegativeTestJSON:setUpClass): 201 POST http://10.180.1.21/identity/v3/users 0.074s
2024-12-10 21:52:35.904 65098 INFO tempest.lib.common.rest_client [req-d078bed7-13ab-41f0-b8b4-9ae399b65516 req-d078bed7-13ab-41f0-b8b4-9ae399b65516 ] Request (MigrationsAdminTest:test_list_migrations_in_flavor_resize_situation): 200 GET http://10.180.1.21/compute/v2.1/servers/a3e48e71-e343-48f3-8bbf-8498f4db9f9d 0.853s
2024-12-10 21:52:35.943 65108 INFO tempest.lib.common.rest_client [req-1642d0dc-da95-428b-8753-af0823ee2230 req-1642d0dc-da95-428b-8753-af0823ee2230 ] Request (MultipleCreateNegativeTestJSON:setUpClass): 201 POST http://10.180.1.21/identity/v3/users 0.066s
2024-12-10 21:52:35.960 65100 INFO tempest.lib.common.rest_client [req-9a68fb9c-8b06-413f-88e5-8cd90d883cc9 req-9a68fb9c-8b06-413f-88e5-8cd90d883cc9 ] Request (VolumesTestJSON:tearDownClass): 404 GET http://10.180.1.21/volume/v3/volumes/487e2fc7-f3fc-4e65-bbae-dff024ad3901 0.017s
2024-12-10 21:52:35.969 65084 INFO tempest.lib.common.rest_client [req-5a46b515-d3f0-4752-ab8c-02e64540da52 req-5a46b515-d3f0-4752-ab8c-02e64540da52 ] Request (ImagesNegativeTestJSON:setUpClass): 200 GET http://10.180.1.21/identity/v3/roles 0.089s
2024-12-10 21:52:35.985 65108 INFO tempest.lib.common.rest_client [req-f5eed999-5f8e-47f7-8931-c214c17485a1 req-f5eed999-5f8e-47f7-8931-c214c17485a1 ] Request (MultipleCreateNegativeTestJSON:setUpClass): 200 GET http://10.180.1.21/identity/v3/roles 0.041s
2024-12-10 21:52:36.005 65100 INFO tempest.lib.common.rest_client [req-591447fe-e950-439a-a739-b6db0b8a10b6 req-591447fe-e950-439a-a739-b6db0b8a10b6 ] Request (VolumesTestJSON:tearDownClass): 202 DELETE http://10.180.1.21/volume/v3/volumes/73a0bba7-c2d9-4888-805a-dfe34484e39b 0.044s
2024-12-10 21:52:36.015 65084 INFO tempest.lib.common.rest_client [req-f3e3ab08-b4a5-430e-8f38-5276c731e88e req-f3e3ab08-b4a5-430e-8f38-5276c731e88e ] Request (ImagesNegativeTestJSON:setUpClass): 204 PUT http://10.180.1.21/identity/v3/projects/073c65ea5f9b40a4a5b8b0c0ad3205a3/users/2276fe115dce496abe980919297652bd/roles/d9ac59841022492db57c4b9ce759cbeb 0.045s
2024-12-10 21:52:36.015 65084 INFO tempest.lib.common.dynamic_creds [-] Dynamic test user 2276fe115dce496abe980919297652bd is created with scope project and roles: ['member']
2024-12-10 21:52:36.015 65084 INFO tempest.lib.common.dynamic_creds [-] Acquired dynamic creds: credentials: Credentials: {'domain_id': 'default', 'domain_name': 'Default', 'username': 'tempest-ImagesNegativeTestJSON-1007010465-project-member', 'project_domain_id': 'default', 'project_domain_name': 'Default', 'project_id': '073c65ea5f9b40a4a5b8b0c0ad3205a3', 'project_name': 'tempest-ImagesNegativeTestJSON-1007010465', 'tenant_id': '073c65ea5f9b40a4a5b8b0c0ad3205a3', 'tenant_name': 'tempest-ImagesNegativeTestJSON-1007010465', 'user_domain_id': 'default', 'user_domain_name': 'Default', 'user_id': '2276fe115dce496abe980919297652bd', 'system': None}, Network: None, Subnet: None, Router: None
2024-12-10 21:52:36.017 65104 INFO tempest.lib.common.rest_client [req-4c8aef30-2419-4cf0-8a0d-d615e71939da req-4c8aef30-2419-4cf0-8a0d-d615e71939da ] Request (InstanceActionsTestJSON:setUpClass): 200 PUT http://10.180.1.21:9696/networking/v2.0/routers/6860aefa-01ca-433e-8d3e-fc5646275a9b/add_router_interface 1.563s
2024-12-10 21:52:36.017 65104 INFO tempest.lib.common.dynamic_creds [-] Created isolated network resources for: credentials: Credentials: {'domain_id': 'default', 'domain_name': 'Default', 'username': 'tempest-InstanceActionsTestJSON-1155906592-project-member', 'project_domain_id': 'default', 'project_domain_name': 'Default', 'project_id': 'ed4e76ffe1ab4b35969ce91ec00a067e', 'project_name': 'tempest-InstanceActionsTestJSON-1155906592', 'tenant_id': 'ed4e76ffe1ab4b35969ce91ec00a067e', 'tenant_name': 'tempest-InstanceActionsTestJSON-1155906592', 'user_domain_id': 'default', 'user_domain_name': 'Default', 'user_id': '06c46ddcc9cf4e8fa37729aadf50a5af', 'system': None}, Network: {'id': '3437dbb8-2e85-4eca-a301-8e7e4691deba', 'name': 'tempest-InstanceActionsTestJSON-860447714-network', 'tenant_id': 'ed4e76ffe1ab4b35969ce91ec00a067e', 'admin_state_up': True, 'mtu': 8950, 'status': 'ACTIVE', 'subnets': [], 'shared': False, 'project_id': 'ed4e76ffe1ab4b35969ce91ec00a067e', 'port_security_enabled': True, 'router:external': False, 'provider:network_type': 'vlan', 'provider:physical_network': 'default', 'provider:segmentation_id': 274, 'availability_zone_hints': [], 'availability_zones': [], 'ipv4_address_scope': None, 'ipv6_address_scope': None, 'description': '', 'tags': [], 'created_at': '2024-12-10T21:52:32Z', 'updated_at': '2024-12-10T21:52:32Z', 'revision_number': 1}, Subnet: {'id': '6980a010-785d-4d68-a635-f598e1bcd39c', 'name': 'tempest-InstanceActionsTestJSON-860447714-subnet', 'tenant_id': 'ed4e76ffe1ab4b35969ce91ec00a067e', 'network_id': '3437dbb8-2e85-4eca-a301-8e7e4691deba', 'ip_version': 4, 'subnetpool_id': None, 'enable_dhcp': True, 'ipv6_ra_mode': None, 'ipv6_address_mode': None, 'gateway_ip': '192.168.128.1', 'cidr': '192.168.128.0/28', 'allocation_pools': [{'start': '192.168.128.2', 'end': '192.168.128.14'}], 'host_routes': [], 'dns_nameservers': [], 'description': '', 'router:external': False, 'service_types': [], 'tags': [], 'created_at': '2024-12-10T21:52:32Z', 'updated_at': '2024-12-10T21:52:32Z', 'revision_number': 0, 'project_id': 'ed4e76ffe1ab4b35969ce91ec00a067e'}, Router: {'id': '6860aefa-01ca-433e-8d3e-fc5646275a9b', 'name': 'tempest-InstanceActionsTestJSON-860447714-router', 'tenant_id': 'ed4e76ffe1ab4b35969ce91ec00a067e', 'admin_state_up': True, 'status': 'ACTIVE', 'external_gateway_info': {'network_id': '7f3c3475-e521-4054-a63a-36553750aba0', 'external_fixed_ips': [{'subnet_id': 'd70aa703-b895-4eb5-a91e-90b3d78d2169', 'ip_address': '10.180.180.234'}], 'enable_snat': True}, 'description': '', 'availability_zones': [], 'distributed': False, 'ha': False, 'availability_zone_hints': [], 'routes': [], 'flavor_id': None, 'tags': [], 'created_at': '2024-12-10T21:52:33Z', 'updated_at': '2024-12-10T21:52:33Z', 'revision_number': 2, 'project_id': 'ed4e76ffe1ab4b35969ce91ec00a067e'}
2024-12-10 21:52:36.036 65100 INFO tempest.lib.common.rest_client [req-b054685a-e6f5-409a-9e22-59faee1697af req-b054685a-e6f5-409a-9e22-59faee1697af ] Request (VolumesTestJSON:tearDownClass): 200 GET http://10.180.1.21/volume/v3/volumes/73a0bba7-c2d9-4888-805a-dfe34484e39b 0.030s
2024-12-10 21:52:36.070 65108 INFO tempest.lib.common.rest_client [req-09f0d45b-ce8b-4656-b206-4afbfef4265b req-09f0d45b-ce8b-4656-b206-4afbfef4265b ] Request (MultipleCreateNegativeTestJSON:setUpClass): 204 PUT http://10.180.1.21/identity/v3/projects/80b59b41288b4d4880d6b3715646d186/users/89af0c4d8e1440eba1268199fcca34e4/roles/d9ac59841022492db57c4b9ce759cbeb 0.084s
2024-12-10 21:52:36.070 65108 INFO tempest.lib.common.dynamic_creds [-] Dynamic test user 89af0c4d8e1440eba1268199fcca34e4 is created with scope project and roles: ['member']
2024-12-10 21:52:36.070 65108 INFO tempest.lib.common.dynamic_creds [-] Acquired dynamic creds: credentials: Credentials: {'domain_id': 'default', 'domain_name': 'Default', 'username': 'tempest-MultipleCreateNegativeTestJSON-1453907587-project-member', 'project_domain_id': 'default', 'project_domain_name': 'Default', 'project_id': '80b59b41288b4d4880d6b3715646d186', 'project_name': 'tempest-MultipleCreateNegativeTestJSON-1453907587', 'tenant_id': '80b59b41288b4d4880d6b3715646d186', 'tenant_name': 'tempest-MultipleCreateNegativeTestJSON-1453907587', 'user_domain_id': 'default', 'user_domain_name': 'Default', 'user_id': '89af0c4d8e1440eba1268199fcca34e4', 'system': None}, Network: None, Subnet: None, Router: None
2024-12-10 21:52:36.070 65108 INFO tempest.lib.common.dynamic_creds [-] Created isolated network resources for: credentials: Credentials: {'domain_id': 'default', 'domain_name': 'Default', 'username': 'tempest-MultipleCreateNegativeTestJSON-1453907587-project-member', 'project_domain_id': 'default', 'project_domain_name': 'Default', 'project_id': '80b59b41288b4d4880d6b3715646d186', 'project_name': 'tempest-MultipleCreateNegativeTestJSON-1453907587', 'tenant_id': '80b59b41288b4d4880d6b3715646d186', 'tenant_name': 'tempest-MultipleCreateNegativeTestJSON-1453907587', 'user_domain_id': 'default', 'user_domain_name': 'Default', 'user_id': '89af0c4d8e1440eba1268199fcca34e4', 'system': None}, Network: None, Subnet: None, Router: None
2024-12-10 21:52:36.084 65084 INFO tempest.lib.common.rest_client [req-5c51e581-9485-44ef-a9ec-fd8189caeb76 req-5c51e581-9485-44ef-a9ec-fd8189caeb76 ] Request (ImagesNegativeTestJSON:setUpClass): 201 POST http://10.180.1.21/identity/v3/auth/tokens 0.069s
2024-12-10 21:52:36.150 65110 INFO tempest.lib.common.rest_client [req-843e4d12-1bf5-44af-b469-20c6a21ef2d5 req-843e4d12-1bf5-44af-b469-20c6a21ef2d5 ] Request (ServerAddressesTestJSON:tearDownClass): 200 GET http://10.180.1.21/compute/v2.1/servers/00dd6a8f-70a2-474a-ba86-5cdd56139088 1.067s
2024-12-10 21:52:36.166 65104 INFO tempest.lib.common.rest_client [req-2c4553c6-d11e-4774-9047-d0feaf729fac req-2c4553c6-d11e-4774-9047-d0feaf729fac ] Request (InstanceActionsTestJSON:setUpClass): 201 POST http://10.180.1.21/identity/v3/auth/tokens 0.140s
2024-12-10 21:52:36.191 65108 INFO tempest.lib.common.rest_client [req-e77b1da1-d6f0-40b4-abb2-cd329b83df26 req-e77b1da1-d6f0-40b4-abb2-cd329b83df26 ] Request (MultipleCreateNegativeTestJSON:setUpClass): 201 POST http://10.180.1.21/identity/v3/auth/tokens 0.114s
2024-12-10 21:52:36.213 65114 INFO tempest.lib.common.rest_client [req-0799bbc3-3900-493e-a001-79ce4e00662f req-0799bbc3-3900-493e-a001-79ce4e00662f ] Request (TenantUsagesTestJSON:setUpClass): 200 GET http://10.180.1.21/compute/v2.1/servers/4baacc94-eb68-4560-94fc-ace9700a751a 1.093s
2024-12-10 21:52:36.269 65104 INFO tempest.lib.common.rest_client [req-ff88ec0b-d17a-4d20-9038-31d1cde42c40 req-ff88ec0b-d17a-4d20-9038-31d1cde42c40 ] Request (InstanceActionsTestJSON:setUpClass): 201 POST http://10.180.1.21/identity/v3/auth/tokens 0.096s
2024-12-10 21:52:36.270 65104 INFO tempest.lib.common.fixed_network [-] (InstanceActionsTestJSON:setUpClass) Found network {'id': '3437dbb8-2e85-4eca-a301-8e7e4691deba', 'name': 'tempest-InstanceActionsTestJSON-860447714-network', 'tenant_id': 'ed4e76ffe1ab4b35969ce91ec00a067e', 'admin_state_up': True, 'mtu': 8950, 'status': 'ACTIVE', 'subnets': [], 'shared': False, 'project_id': 'ed4e76ffe1ab4b35969ce91ec00a067e', 'port_security_enabled': True, 'router:external': False, 'provider:network_type': 'vlan', 'provider:physical_network': 'default', 'provider:segmentation_id': 274, 'availability_zone_hints': [], 'availability_zones': [], 'ipv4_address_scope': None, 'ipv6_address_scope': None, 'description': '', 'tags': [], 'created_at': '2024-12-10T21:52:32Z', 'updated_at': '2024-12-10T21:52:32Z', 'revision_number': 1} available for tenant
2024-12-10 21:52:36.272 65108 INFO tempest.lib.common.rest_client [req-a2c40016-9d23-4341-b255-e2aadbcf12c0 req-a2c40016-9d23-4341-b255-e2aadbcf12c0 ] Request (MultipleCreateNegativeTestJSON:test_max_count_less_than_min_count): 201 POST http://10.180.1.21/identity/v3/auth/tokens 0.077s
2024-12-10 21:52:36.273 65108 INFO tempest.lib.common.fixed_network [-] (MultipleCreateNegativeTestJSON:test_max_count_less_than_min_count) Found network None available for tenant
2024-12-10 21:52:36.278 65088 INFO tempest.lib.common.rest_client [req-02b6ad1b-7eb1-40cf-9745-2f3290365f04 req-02b6ad1b-7eb1-40cf-9745-2f3290365f04 ] Request (DeleteServersAdminTestJSON:test_delete_server_while_in_error_state): 200 GET http://10.180.1.21/compute/v2.1/servers/53d953ab-e962-4a94-8332-4f9a00655b37 1.103s
2024-12-10 21:52:36.290 65118 INFO tempest.lib.common.rest_client [req-7b2e7f20-c6b8-4c82-b734-50ee422f1eda req-7b2e7f20-c6b8-4c82-b734-50ee422f1eda ] Request (SecurityGroupRulesNegativeTestJSON:tearDownClass): 200 PUT http://10.180.1.21:9696/networking/v2.0/routers/9edde1b5-01d4-473b-9b50-f3d795293b49/remove_router_interface 1.548s
2024-12-10 21:52:36.363 65072 INFO tempest.lib.common.rest_client [req-e2049996-2073-4702-bf53-01b6fa8e9b88 req-e2049996-2073-4702-bf53-01b6fa8e9b88 ] Request (ServersAdmin275Test:tearDownClass): 200 GET http://10.180.1.21/compute/v2.1/servers/7ed1869b-528e-4d30-81a6-f4783d4ada88 1.004s
2024-12-10 21:52:36.398 65112 WARNING tempest.lib.common.ssh [-] Failed to establish authenticated ssh connection to cirros@10.180.180.226 ([Errno None] Unable to connect to port 22 on 10.180.180.226). Number attempts: 4. Retry after 5 seconds.: paramiko.ssh_exception.NoValidConnectionsError: [Errno None] Unable to connect to port 22 on 10.180.180.226
2024-12-10 21:52:36.443 65056 INFO tempest.lib.common.rest_client [req-55821c31-a68e-454a-981c-fd8dc1aae28b req-55821c31-a68e-454a-981c-fd8dc1aae28b ] Request (ServersNegativeTestJSON:setUpClass): 200 GET http://10.180.1.21/compute/v2.1/servers/64c40b08-3480-4869-8d35-f8b4db862733 0.981s
2024-12-10 21:52:36.479 65064 INFO tempest.lib.common.rest_client [req-999781c8-0820-41f7-b809-45ef45e2d2a7 req-999781c8-0820-41f7-b809-45ef45e2d2a7 ] Request (ImagesOneServerNegativeTestJSON:test_create_second_image_when_first_image_is_being_saved): 202 POST http://10.180.1.21/compute/v2.1/servers/6650dd8a-f0e5-4dd5-ba2b-09c589d74512/action 1.494s
2024-12-10 21:52:36.511 65060 INFO tempest.lib.common.rest_client [req-aaf6782d-f1a5-4dd7-98e4-c565ce2a1042 req-aaf6782d-f1a5-4dd7-98e4-c565ce2a1042 ] Request (FlavorsAdminTestJSON:test_list_public_flavor_with_other_user): 200 GET http://10.180.1.21/compute/v2.1/flavors/detail 0.765s
2024-12-10 21:52:36.601 65102 INFO tempest.lib.common.rest_client [req-7378d077-b214-4856-a9fb-6ac14629c5b1 req-7378d077-b214-4856-a9fb-6ac14629c5b1 ] Request (FloatingIPsAssociationTestJSON:test_associate_already_associated_floating_ip): 200 GET http://10.180.1.21/compute/v2.1/servers/ceeacedc-7164-45b6-ae5f-3c65c86053b9 0.405s
2024-12-10 21:52:36.613 65084 INFO tempest.lib.common.rest_client [req-9b6f14fb-7899-4bc6-a2b2-841a0d1a8e97 req-9b6f14fb-7899-4bc6-a2b2-841a0d1a8e97 ] Request (ImagesNegativeTestJSON:setUpClass): 201 POST http://10.180.1.21:9696/networking/v2.0/networks 0.528s
2024-12-10 21:52:36.806 65090 INFO tempest.lib.common.rest_client [req-805f47ff-511a-4d29-927b-e91f464e214e req-805f47ff-511a-4d29-927b-e91f464e214e ] Request (ServersNegativeTestMultiTenantJSON:setUpClass): 200 GET http://10.180.1.21/compute/v2.1/servers/bef4fa43-1623-428b-8626-bad5d6ac5eb2 0.603s
2024-12-10 21:52:36.816 65118 INFO tempest.lib.common.rest_client [req-e600a008-d467-46b4-93de-9fda305eb714 req-e600a008-d467-46b4-93de-9fda305eb714 ] Request (SecurityGroupRulesNegativeTestJSON:tearDownClass): 204 DELETE http://10.180.1.21:9696/networking/v2.0/routers/9edde1b5-01d4-473b-9b50-f3d795293b49 0.525s
2024-12-10 21:52:37.021 65084 INFO tempest.lib.common.rest_client [req-784f3278-782b-402b-b4e3-78a8f5975a0b req-784f3278-782b-402b-b4e3-78a8f5975a0b ] Request (ImagesNegativeTestJSON:setUpClass): 201 POST http://10.180.1.21:9696/networking/v2.0/subnets 0.407s
2024-12-10 21:52:37.067 65100 INFO tempest.lib.common.rest_client [req-6f8d9565-3e2d-43d4-9f68-7848e760a39d req-6f8d9565-3e2d-43d4-9f68-7848e760a39d ] Request (VolumesTestJSON:tearDownClass): 404 GET http://10.180.1.21/volume/v3/volumes/73a0bba7-c2d9-4888-805a-dfe34484e39b 0.024s
2024-12-10 21:52:37.234 65100 INFO tempest.lib.common.rest_client [req-7bde92c6-7fca-4b31-8023-dcfa548a7813 req-7bde92c6-7fca-4b31-8023-dcfa548a7813 ] Request (VolumesTestJSON:tearDownClass): 204 DELETE http://10.180.1.21/identity/v3/users/98b0a778b3f74bcbb53f115ecdaed407 0.166s
2024-12-10 21:52:37.234 65100 INFO tempest.lib.common.dynamic_creds [-] Deleting project and security group for project: 7143688dfaad41e0a778ed8b85e30618
2024-12-10 21:52:37.408 65100 INFO tempest.lib.common.rest_client [req-2788f193-2ec6-4345-a5ad-cf5c5e44d5cd req-2788f193-2ec6-4345-a5ad-cf5c5e44d5cd ] Request (VolumesTestJSON:tearDownClass): 201 POST http://10.180.1.21/identity/v3/auth/tokens 0.174s
2024-12-10 21:52:37.436 65118 INFO tempest.lib.common.rest_client [req-906358ae-65b6-4942-aa33-9d375bb2b2fc req-906358ae-65b6-4942-aa33-9d375bb2b2fc ] Request (SecurityGroupRulesNegativeTestJSON:tearDownClass): 204 DELETE http://10.180.1.21:9696/networking/v2.0/subnets/9f116263-1c30-4a24-b669-2c03183c1709 0.620s
2024-12-10 21:52:37.541 65086 INFO tempest.lib.common.rest_client [req-0e38be25-08c0-48ff-b53c-cb0dbb79330c req-0e38be25-08c0-48ff-b53c-cb0dbb79330c ] Request (AttachInterfacesUnderV243Test:test_add_remove_fixed_ip): 202 POST http://10.180.1.21/compute/v2.1/servers 1.696s
2024-12-10 21:52:37.703 65108 INFO tempest.lib.common.rest_client [req-e76a35e9-20bc-4d19-ae7d-427edca29516 req-e76a35e9-20bc-4d19-ae7d-427edca29516 ] Request (MultipleCreateNegativeTestJSON:test_max_count_less_than_min_count): 400 POST http://10.180.1.21/compute/v2.1/servers 1.429s
2024-12-10 21:52:37.726 65100 INFO tempest.lib.common.rest_client [req-53343779-19d4-4ed2-a6ec-33169a5f32e5 req-53343779-19d4-4ed2-a6ec-33169a5f32e5 ] Request (VolumesTestJSON:tearDownClass): 200 GET http://10.180.1.21:9696/networking/v2.0/security-groups?tenant_id=7143688dfaad41e0a778ed8b85e30618&name=default 0.318s
2024-12-10 21:52:37.750 65104 INFO tempest.lib.common.rest_client [req-45dae031-70c5-468c-9ce4-c8d7db038d1c req-45dae031-70c5-468c-9ce4-c8d7db038d1c ] Request (InstanceActionsTestJSON:setUpClass): 202 POST http://10.180.1.21/compute/v2.1/servers 1.480s
2024-12-10 21:52:37.753 65108 INFO tempest.lib.common.rest_client [req-9f2d57c5-61a2-44c2-8db6-20c8227f5631 req-9f2d57c5-61a2-44c2-8db6-20c8227f5631 ] Request (MultipleCreateNegativeTestJSON:test_max_count_less_than_one): 201 POST http://10.180.1.21/identity/v3/auth/tokens 0.045s
2024-12-10 21:52:37.753 65108 INFO tempest.lib.common.fixed_network [-] (MultipleCreateNegativeTestJSON:test_max_count_less_than_one) Found network None available for tenant
2024-12-10 21:52:37.757 65064 INFO tempest.lib.common.rest_client [req-d6b72730-4047-4fff-b337-818ff2928b2b req-d6b72730-4047-4fff-b337-818ff2928b2b ] Request (ImagesOneServerNegativeTestJSON:test_create_second_image_when_first_image_is_being_saved): 409 POST http://10.180.1.21/compute/v2.1/servers/6650dd8a-f0e5-4dd5-ba2b-09c589d74512/action 1.277s
2024-12-10 21:52:37.769 65060 INFO tempest.lib.common.rest_client [req-675d626b-fea0-46e6-ba6c-33973e8783be req-675d626b-fea0-46e6-ba6c-33973e8783be ] Request (FlavorsAdminTestJSON:_run_cleanups): 202 DELETE http://10.180.1.21/compute/v2.1/flavors/1681324717 1.253s
2024-12-10 21:52:37.926 65116 INFO tempest.lib.common.rest_client [req-6f5d1572-20d4-457c-be93-afc834bf7233 req-6f5d1572-20d4-457c-be93-afc834bf7233 ] Request (ServersAdminNegativeTestJSON:test_migrate_server_invalid_state): 200 GET http://10.180.1.21/compute/v2.1/servers/c04d4d7e-b824-45b5-a1d5-8ba1ada04c43 1.408s
2024-12-10 21:52:37.936 65070 INFO tempest.lib.common.rest_client [req-9f1c960d-2514-4b9e-afa8-b599a096c0c9 req-9f1c960d-2514-4b9e-afa8-b599a096c0c9 ] Request (ServerActionsTestJSON:setUpClass): 200 GET http://10.180.1.21/compute/v2.1/servers/1e8ac6e2-f994-4d5e-afe3-2e25da989f9b 1.417s
2024-12-10 21:52:37.984 65100 INFO tempest.lib.common.rest_client [req-14dcf7ba-2a66-40fd-9cd1-b9c8c4b134d2 req-14dcf7ba-2a66-40fd-9cd1-b9c8c4b134d2 ] Request (VolumesTestJSON:tearDownClass): 204 DELETE http://10.180.1.21:9696/networking/v2.0/security-groups/05129528-bf7a-4e1e-80c4-92b469c1dde4 0.257s
2024-12-10 21:52:37.994 65062 INFO tempest.lib.common.rest_client [req-33b3d2d5-f722-4e33-9e77-4adcafdf544a req-33b3d2d5-f722-4e33-9e77-4adcafdf544a ] Request (ServersAdminTestJSON:setUpClass): 200 GET http://10.180.1.21/compute/v2.1/servers/92aba8b4-7a12-483d-9e69-e591f2ce5e64 1.395s
2024-12-10 21:52:38.012 65066 INFO tempest.lib.common.rest_client [req-89f45565-350c-425f-9a8e-b4f2239f4194 req-89f45565-350c-425f-9a8e-b4f2239f4194 ] Request (ServerGroupTestJSON:test_create_server_with_scheduler_hint_group): 200 GET http://10.180.1.21/compute/v2.1/servers/3f8f25f5-c0d9-4ff8-92a0-938afc643166 1.408s
2024-12-10 21:52:38.040 65068 INFO tempest.lib.common.rest_client [req-1fddcb71-ef00-4bb4-808f-f9b2d78c94ae req-1fddcb71-ef00-4bb4-808f-f9b2d78c94ae ] Request (ImagesOneServerTestJSON:test_create_delete_image): 200 GET http://10.180.1.21/compute/v2.1/images/44157a3a-069b-4f78-a1f9-245fb0187222 1.389s
2024-12-10 21:52:38.079 65118 INFO tempest.lib.common.rest_client [req-c80efae9-4a09-4bcc-be64-217dbcd54aa2 req-c80efae9-4a09-4bcc-be64-217dbcd54aa2 ] Request (SecurityGroupRulesNegativeTestJSON:tearDownClass): 204 DELETE http://10.180.1.21:9696/networking/v2.0/networks/13288d7e-dd44-4b85-a300-6968a487efdb 0.643s
2024-12-10 21:52:38.087 65100 INFO tempest.lib.common.rest_client [req-60694181-d12d-4fd3-a67a-bac2083f8931 req-60694181-d12d-4fd3-a67a-bac2083f8931 ] Request (VolumesTestJSON:tearDownClass): 204 DELETE http://10.180.1.21/identity/v3/projects/7143688dfaad41e0a778ed8b85e30618 0.103s
2024-12-10 21:52:38.117 65092 INFO tempest.lib.common.rest_client [req-29e10559-3c33-42d7-bdec-6a0f4b087c1f req-29e10559-3c33-42d7-bdec-6a0f4b087c1f ] Request (ServerTagsTestJSON:setUpClass): 200 GET http://10.180.1.21/compute/v2.1/servers/7ca1e716-f3b6-412c-abba-03915c9e5bf1 1.395s
2024-12-10 21:52:38.211 65074 INFO tempest.lib.common.rest_client [req-0da79c89-711b-4351-b951-af661a8311b1 req-0da79c89-711b-4351-b951-af661a8311b1 ] Request (ServerDiagnosticsV248Test:tearDownClass): 200 GET http://10.180.1.21/compute/v2.1/servers/db9fdb62-302f-4138-ac43-aa013df3fa38 1.432s
2024-12-10 21:52:38.232 65118 INFO tempest.lib.common.rest_client [req-49b3975a-b5cb-458f-bbc1-c8357c594994 req-49b3975a-b5cb-458f-bbc1-c8357c594994 ] Request (SecurityGroupRulesNegativeTestJSON:tearDownClass): 204 DELETE http://10.180.1.21/identity/v3/users/828955f84fd747fa8eed226a358d5ee0 0.151s
2024-12-10 21:52:38.233 65118 INFO tempest.lib.common.dynamic_creds [-] Deleting project and security group for project: 91118b6739d842a1b68b26f78313e0a6
2024-12-10 21:52:38.243 65080 INFO tempest.lib.common.rest_client [req-b1e27823-cf7d-4cfc-b282-5773a4c18fc0 req-b1e27823-cf7d-4cfc-b282-5773a4c18fc0 ] Request (ServersTestJSON:setUpClass): 200 GET http://10.180.1.21/compute/v2.1/servers/18012d6c-3324-4100-9a2a-ec0f292556ab 1.550s
2024-12-10 21:52:38.250 65080 INFO tempest.common.waiters [-] State transition "BUILD/None" ==> "BUILD/spawning" after 21 second wait
2024-12-10 21:52:38.275 65118 INFO tempest.lib.common.rest_client [req-f5fb6005-4255-409f-b8cc-8cf0f0a212ca req-f5fb6005-4255-409f-b8cc-8cf0f0a212ca ] Request (SecurityGroupRulesNegativeTestJSON:tearDownClass): 200 GET http://10.180.1.21:9696/networking/v2.0/security-groups?tenant_id=91118b6739d842a1b68b26f78313e0a6&name=default 0.042s
2024-12-10 21:52:38.276 65076 INFO tempest.lib.common.rest_client [req-a6f9507b-63e6-45a6-9ece-a6a5dc3e3ea3 req-a6f9507b-63e6-45a6-9ece-a6a5dc3e3ea3 ] Request (ImagesTestJSON:test_create_image_from_stopped_server): 200 GET http://10.180.1.21/compute/v2.1/servers/d936e23a-03b5-4ddc-b214-cfa9a0112756 1.462s
2024-12-10 21:52:38.309 65098 INFO tempest.lib.common.rest_client [req-30115ec9-0edf-4dbe-90b6-92aaef5e11ea req-30115ec9-0edf-4dbe-90b6-92aaef5e11ea ] Request (MigrationsAdminTest:test_list_migrations_in_flavor_resize_situation): 200 GET http://10.180.1.21/compute/v2.1/servers/a3e48e71-e343-48f3-8bbf-8498f4db9f9d 1.397s
2024-12-10 21:52:38.346 65084 INFO tempest.lib.common.rest_client [req-9eaed237-b59a-41ba-9f21-d935f194b0eb req-9eaed237-b59a-41ba-9f21-d935f194b0eb ] Request (ImagesNegativeTestJSON:setUpClass): 201 POST http://10.180.1.21:9696/networking/v2.0/routers 1.325s
2024-12-10 21:52:38.356 65110 INFO tempest.lib.common.rest_client [req-c17884e1-8a3d-4b0f-882f-0fa1ae3fa71b req-c17884e1-8a3d-4b0f-882f-0fa1ae3fa71b ] Request (ServerAddressesTestJSON:tearDownClass): 200 GET http://10.180.1.21/compute/v2.1/servers/00dd6a8f-70a2-474a-ba86-5cdd56139088 1.196s
2024-12-10 21:52:38.374 65114 INFO tempest.lib.common.rest_client [req-0ff8e8e3-4f8a-4e10-abb4-ec93ab0ae7ef req-0ff8e8e3-4f8a-4e10-abb4-ec93ab0ae7ef ] Request (TenantUsagesTestJSON:setUpClass): 200 GET http://10.180.1.21/compute/v2.1/servers/4baacc94-eb68-4560-94fc-ace9700a751a 1.150s
2024-12-10 21:52:38.428 65088 INFO tempest.lib.common.rest_client [req-3a4bbdcc-550f-4584-883c-aaf43efeb667 req-3a4bbdcc-550f-4584-883c-aaf43efeb667 ] Request (DeleteServersAdminTestJSON:test_delete_server_while_in_error_state): 200 GET http://10.180.1.21/compute/v2.1/servers/53d953ab-e962-4a94-8332-4f9a00655b37 1.142s
2024-12-10 21:52:38.451 65072 INFO tempest.lib.common.rest_client [req-58eb3548-4cb1-4092-bcb0-91a53d7614e0 req-58eb3548-4cb1-4092-bcb0-91a53d7614e0 ] Request (ServersAdmin275Test:tearDownClass): 200 GET http://10.180.1.21/compute/v2.1/servers/7ed1869b-528e-4d30-81a6-f4783d4ada88 1.077s
2024-12-10 21:52:38.484 65118 INFO tempest.lib.common.rest_client [req-69e9f576-ddfb-4a00-a163-9e9f0651c4d5 req-69e9f576-ddfb-4a00-a163-9e9f0651c4d5 ] Request (SecurityGroupRulesNegativeTestJSON:tearDownClass): 204 DELETE http://10.180.1.21:9696/networking/v2.0/security-groups/998ae080-3c43-4d28-a142-9fd85ae64833 0.207s
2024-12-10 21:52:38.494 65056 INFO tempest.lib.common.rest_client [req-ca10a7b7-3bff-4e98-b6b1-ec1b512b814a req-ca10a7b7-3bff-4e98-b6b1-ec1b512b814a ] Request (ServersNegativeTestJSON:setUpClass): 200 GET http://10.180.1.21/compute/v2.1/servers/64c40b08-3480-4869-8d35-f8b4db862733 1.039s
2024-12-10 21:52:38.527 65086 INFO tempest.lib.common.rest_client [req-d9204de7-c05b-4d0f-b2e5-7af6184d97ea req-d9204de7-c05b-4d0f-b2e5-7af6184d97ea ] Request (AttachInterfacesUnderV243Test:test_add_remove_fixed_ip): 200 GET http://10.180.1.21/compute/v2.1/servers/720ede3f-9e51-482b-bcfb-a2d5488711a5 0.984s
2024-12-10 21:52:38.539 65108 INFO tempest.lib.common.rest_client [req-0ee7b7d4-a953-40d5-97df-39a1bc616938 req-0ee7b7d4-a953-40d5-97df-39a1bc616938 ] Request (MultipleCreateNegativeTestJSON:test_max_count_less_than_one): 400 POST http://10.180.1.21/compute/v2.1/servers 0.785s
2024-12-10 21:52:38.551 65102 INFO tempest.lib.common.rest_client [req-f620d5a0-32fc-4753-bdab-8b4a97ef2a15 req-f620d5a0-32fc-4753-bdab-8b4a97ef2a15 ] Request (FloatingIPsAssociationTestJSON:test_associate_already_associated_floating_ip): 200 GET http://10.180.1.21/compute/v2.1/servers/ceeacedc-7164-45b6-ae5f-3c65c86053b9 0.942s
2024-12-10 21:52:38.604 65104 INFO tempest.lib.common.rest_client [req-0ed3f407-f68d-49fa-8704-6d86018f064e req-0ed3f407-f68d-49fa-8704-6d86018f064e ] Request (InstanceActionsTestJSON:setUpClass): 200 GET http://10.180.1.21/compute/v2.1/servers/a899078d-6722-4934-98f2-977c269928cd 0.852s
2024-12-10 21:52:38.623 65108 INFO tempest.lib.common.rest_client [req-ccda7610-53cb-4b79-a4a9-b71e57409e5f req-ccda7610-53cb-4b79-a4a9-b71e57409e5f ] Request (MultipleCreateNegativeTestJSON:test_max_count_non_integer): 201 POST http://10.180.1.21/identity/v3/auth/tokens 0.077s
2024-12-10 21:52:38.624 65108 INFO tempest.lib.common.fixed_network [-] (MultipleCreateNegativeTestJSON:test_max_count_non_integer) Found network None available for tenant
2024-12-10 21:52:38.628 65060 INFO tempest.lib.common.rest_client [req-9896e3e6-59c8-47b0-9108-562f3a8f1ac4 req-9896e3e6-59c8-47b0-9108-562f3a8f1ac4 ] Request (FlavorsAdminTestJSON:_run_cleanups): 200 GET http://10.180.1.21/compute/v2.1/flavors/detail 0.857s
2024-12-10 21:52:38.646 65118 INFO tempest.lib.common.rest_client [req-13ad8378-e7f5-4e75-98e2-9f5397d5425d req-13ad8378-e7f5-4e75-98e2-9f5397d5425d ] Request (SecurityGroupRulesNegativeTestJSON:tearDownClass): 204 DELETE http://10.180.1.21/identity/v3/projects/91118b6739d842a1b68b26f78313e0a6 0.162s
2024-12-10 21:52:38.668 65064 INFO tempest.lib.common.rest_client [req-8d0ebd98-317d-40f9-a2b3-a94057661428 req-8d0ebd98-317d-40f9-a2b3-a94057661428 ] Request (ImagesOneServerNegativeTestJSON:test_create_second_image_when_first_image_is_being_saved): 204 DELETE http://10.180.1.21/compute/v2.1/images/7ff05427-4db2-45a3-99b8-b5f37b17e14a 0.910s
2024-12-10 21:52:38.721 65108 INFO tempest.lib.common.rest_client [req-723a2524-5410-46c4-a110-a990cbb3f9e1 req-723a2524-5410-46c4-a110-a990cbb3f9e1 ] Request (MultipleCreateNegativeTestJSON:test_max_count_non_integer): 400 POST http://10.180.1.21/compute/v2.1/servers 0.096s
2024-12-10 21:52:38.733 65118 INFO tempest.lib.common.rest_client [req-e4fb4605-359d-4461-96d8-53e91ab9b8f2 req-e4fb4605-359d-4461-96d8-53e91ab9b8f2 ] Request (SecurityGroupsTestJSON:setUpClass): 201 POST http://10.180.1.21/identity/v3/auth/tokens 0.083s
2024-12-10 21:52:38.790 65060 INFO tempest.lib.common.rest_client [req-396352c0-95a9-4860-9773-56d86a7efd38 req-396352c0-95a9-4860-9773-56d86a7efd38 ] Request (FlavorsAdminTestJSON:tearDownClass): 204 DELETE http://10.180.1.21/identity/v3/users/ba909651fc84481c99359deb686dc218 0.151s
2024-12-10 21:52:38.795 65108 INFO tempest.lib.common.rest_client [req-b683ff82-d935-4c8a-aab7-199c2a91db41 req-b683ff82-d935-4c8a-aab7-199c2a91db41 ] Request (MultipleCreateNegativeTestJSON:test_min_count_less_than_one): 201 POST http://10.180.1.21/identity/v3/auth/tokens 0.070s
2024-12-10 21:52:38.796 65108 INFO tempest.lib.common.fixed_network [-] (MultipleCreateNegativeTestJSON:test_min_count_less_than_one) Found network None available for tenant
2024-12-10 21:52:38.839 65090 INFO tempest.lib.common.rest_client [req-4690495c-4e97-4e7f-ad05-0b166c899e8b req-4690495c-4e97-4e7f-ad05-0b166c899e8b ] Request (ServersNegativeTestMultiTenantJSON:setUpClass): 200 GET http://10.180.1.21/compute/v2.1/servers/bef4fa43-1623-428b-8626-bad5d6ac5eb2 1.023s
2024-12-10 21:52:38.846 65108 INFO tempest.lib.common.rest_client [req-e98220d5-424d-4249-bd63-ffe5976205b4 req-e98220d5-424d-4249-bd63-ffe5976205b4 ] Request (MultipleCreateNegativeTestJSON:test_min_count_less_than_one): 400 POST http://10.180.1.21/compute/v2.1/servers 0.049s
2024-12-10 21:52:38.859 65118 INFO tempest.lib.common.rest_client [req-00a479da-5a23-4a9b-82a6-2eadf63c1acc req-00a479da-5a23-4a9b-82a6-2eadf63c1acc ] Request (SecurityGroupsTestJSON:setUpClass): 201 POST http://10.180.1.21/identity/v3/auth/tokens 0.121s
2024-12-10 21:52:38.918 65064 INFO tempest.lib.common.rest_client [req-156f2a7f-da06-40ec-81cb-f70be01490a7 req-156f2a7f-da06-40ec-81cb-f70be01490a7 ] Request (ImagesOneServerNegativeTestJSON:tearDown): 200 GET http://10.180.1.21/compute/v2.1/servers/6650dd8a-f0e5-4dd5-ba2b-09c589d74512 0.250s
2024-12-10 21:52:38.919 65108 INFO tempest.lib.common.rest_client [req-6ec375e2-417e-4478-91e5-b7c1eb464dfa req-6ec375e2-417e-4478-91e5-b7c1eb464dfa ] Request (MultipleCreateNegativeTestJSON:test_min_count_non_integer): 201 POST http://10.180.1.21/identity/v3/auth/tokens 0.070s
2024-12-10 21:52:38.919 65108 INFO tempest.lib.common.fixed_network [-] (MultipleCreateNegativeTestJSON:test_min_count_non_integer) Found network None available for tenant
2024-12-10 21:52:38.925 65060 INFO tempest.lib.common.rest_client [req-6786d301-e3bb-40ba-80e0-9cb040641030 req-6786d301-e3bb-40ba-80e0-9cb040641030 ] Request (FlavorsAdminTestJSON:tearDownClass): 204 DELETE http://10.180.1.21/identity/v3/users/39e049dd11a140dbbc5dc29f8f2abbb3 0.135s
2024-12-10 21:52:38.926 65060 INFO tempest.lib.common.dynamic_creds [-] Deleting project and security group for project: 11f8e98a676046ec9f15926398d60b3b
2024-12-10 21:52:38.931 65108 INFO tempest.lib.common.rest_client [req-1a3ce7fc-34bb-452b-9276-7edeb4c596a0 req-1a3ce7fc-34bb-452b-9276-7edeb4c596a0 ] Request (MultipleCreateNegativeTestJSON:test_min_count_non_integer): 400 POST http://10.180.1.21/compute/v2.1/servers 0.011s
2024-12-10 21:52:38.995 65060 INFO tempest.lib.common.rest_client [req-d6d7d9a4-181d-4bdb-8274-51393f32201f req-d6d7d9a4-181d-4bdb-8274-51393f32201f ] Request (FlavorsAdminTestJSON:tearDownClass): 201 POST http://10.180.1.21/identity/v3/auth/tokens 0.069s
2024-12-10 21:52:39.009 65118 INFO tempest.lib.common.rest_client [req-4cee14ca-416b-4be6-ae29-b869a66a2a3d req-4cee14ca-416b-4be6-ae29-b869a66a2a3d ] Request (SecurityGroupsTestJSON:setUpClass): 200 GET http://10.180.1.21/identity/v3/domains?name=Default 0.149s
2024-12-10 21:52:39.049 65108 INFO tempest.lib.common.rest_client [req-04ad5ca7-f3c5-47a2-988c-1970e25beed8 req-04ad5ca7-f3c5-47a2-988c-1970e25beed8 ] Request (MultipleCreateNegativeTestJSON:tearDownClass): 204 DELETE http://10.180.1.21/identity/v3/users/89af0c4d8e1440eba1268199fcca34e4 0.117s
2024-12-10 21:52:39.049 65108 INFO tempest.lib.common.dynamic_creds [-] Deleting project and security group for project: 80b59b41288b4d4880d6b3715646d186
2024-12-10 21:52:39.117 65118 INFO tempest.lib.common.rest_client [req-390e4b3d-d66e-472f-b64f-a19a44f635b0 req-390e4b3d-d66e-472f-b64f-a19a44f635b0 ] Request (SecurityGroupsTestJSON:setUpClass): 201 POST http://10.180.1.21/identity/v3/projects 0.108s
2024-12-10 21:52:39.150 65070 INFO tempest.lib.common.rest_client [req-da21c94d-3f7f-4df6-8cb8-122fb6c419da req-da21c94d-3f7f-4df6-8cb8-122fb6c419da ] Request (ServerActionsTestJSON:setUpClass): 200 GET http://10.180.1.21/compute/v2.1/servers/1e8ac6e2-f994-4d5e-afe3-2e25da989f9b 0.205s
2024-12-10 21:52:39.224 65118 INFO tempest.lib.common.rest_client [req-54013c13-03ed-42f7-8e2f-bc874b5d42a5 req-54013c13-03ed-42f7-8e2f-bc874b5d42a5 ] Request (SecurityGroupsTestJSON:setUpClass): 201 POST http://10.180.1.21/identity/v3/users 0.106s
2024-12-10 21:52:39.232 65108 INFO tempest.lib.common.rest_client [req-2e9ffa5b-7caf-4999-859a-2316c1df602d req-2e9ffa5b-7caf-4999-859a-2316c1df602d ] Request (MultipleCreateNegativeTestJSON:tearDownClass): 201 POST http://10.180.1.21/identity/v3/auth/tokens 0.183s
2024-12-10 21:52:39.238 65062 INFO tempest.lib.common.rest_client [req-85ee568a-0a64-4269-b03f-479c98dde1ad req-85ee568a-0a64-4269-b03f-479c98dde1ad ] Request (ServersAdminTestJSON:setUpClass): 200 GET http://10.180.1.21/compute/v2.1/servers/92aba8b4-7a12-483d-9e69-e591f2ce5e64 0.232s
2024-12-10 21:52:39.249 65118 INFO tempest.lib.common.rest_client [req-c2d66d05-5f72-4e4c-b5e9-d36dcafaa2c0 req-c2d66d05-5f72-4e4c-b5e9-d36dcafaa2c0 ] Request (SecurityGroupsTestJSON:setUpClass): 200 GET http://10.180.1.21/identity/v3/roles 0.024s
2024-12-10 21:52:39.255 65116 INFO tempest.lib.common.rest_client [req-8dde2a9c-54fc-4a1f-ba97-9ae49d5c3100 req-8dde2a9c-54fc-4a1f-ba97-9ae49d5c3100 ] Request (ServersAdminNegativeTestJSON:test_migrate_server_invalid_state): 200 GET http://10.180.1.21/compute/v2.1/servers/c04d4d7e-b824-45b5-a1d5-8ba1ada04c43 0.318s
2024-12-10 21:52:39.266 65116 INFO tempest.common.waiters [-] State transition "BUILD/spawning" ==> "ACTIVE/None" after 38 second wait
2024-12-10 21:52:39.293 65118 INFO tempest.lib.common.rest_client [req-6cb4dda0-d4d5-4cd5-ab6a-41eb5a1c158b req-6cb4dda0-d4d5-4cd5-ab6a-41eb5a1c158b ] Request (SecurityGroupsTestJSON:setUpClass): 204 PUT http://10.180.1.21/identity/v3/projects/87adb936868248f28126c4ce0f15098c/users/56e0e4fc389f42c2ac26e72184079239/roles/d9ac59841022492db57c4b9ce759cbeb 0.044s
2024-12-10 21:52:39.293 65118 INFO tempest.lib.common.dynamic_creds [-] Dynamic test user 56e0e4fc389f42c2ac26e72184079239 is created with scope project and roles: ['member']
2024-12-10 21:52:39.293 65118 INFO tempest.lib.common.dynamic_creds [-] Acquired dynamic creds: credentials: Credentials: {'domain_id': 'default', 'domain_name': 'Default', 'username': 'tempest-SecurityGroupsTestJSON-1003820399-project-member', 'project_domain_id': 'default', 'project_domain_name': 'Default', 'project_id': '87adb936868248f28126c4ce0f15098c', 'project_name': 'tempest-SecurityGroupsTestJSON-1003820399', 'tenant_id': '87adb936868248f28126c4ce0f15098c', 'tenant_name': 'tempest-SecurityGroupsTestJSON-1003820399', 'user_domain_id': 'default', 'user_domain_name': 'Default', 'user_id': '56e0e4fc389f42c2ac26e72184079239', 'system': None}, Network: None, Subnet: None, Router: None
2024-12-10 21:52:39.308 65068 INFO tempest.lib.common.rest_client [req-1e5803d6-c6d3-41f8-928c-3d87edc57e99 req-1e5803d6-c6d3-41f8-928c-3d87edc57e99 ] Request (ImagesOneServerTestJSON:test_create_delete_image): 200 GET http://10.180.1.21/compute/v2.1/images/44157a3a-069b-4f78-a1f9-245fb0187222 0.258s
2024-12-10 21:52:39.333 65066 INFO tempest.lib.common.rest_client [req-bde0ca1b-85be-40cb-a17c-83546a8244cc req-bde0ca1b-85be-40cb-a17c-83546a8244cc ] Request (ServerGroupTestJSON:test_create_server_with_scheduler_hint_group): 200 GET http://10.180.1.21/compute/v2.1/servers/3f8f25f5-c0d9-4ff8-92a0-938afc643166 0.306s
2024-12-10 21:52:39.395 65092 INFO tempest.lib.common.rest_client [req-94e230a1-44e7-4e50-89f1-162296e2b80b req-94e230a1-44e7-4e50-89f1-162296e2b80b ] Request (ServerTagsTestJSON:setUpClass): 200 GET http://10.180.1.21/compute/v2.1/servers/7ca1e716-f3b6-412c-abba-03915c9e5bf1 0.262s
2024-12-10 21:52:39.399 65084 INFO tempest.lib.common.rest_client [req-2b4197c2-3bf1-4a46-9e57-66e1cd5b1c08 req-2b4197c2-3bf1-4a46-9e57-66e1cd5b1c08 ] Request (ImagesNegativeTestJSON:setUpClass): 200 PUT http://10.180.1.21:9696/networking/v2.0/routers/5f654b22-1f0a-45b7-ac60-88de3cb39492/add_router_interface 1.049s
2024-12-10 21:52:39.399 65084 INFO tempest.lib.common.dynamic_creds [-] Created isolated network resources for: credentials: Credentials: {'domain_id': 'default', 'domain_name': 'Default', 'username': 'tempest-ImagesNegativeTestJSON-1007010465-project-member', 'project_domain_id': 'default', 'project_domain_name': 'Default', 'project_id': '073c65ea5f9b40a4a5b8b0c0ad3205a3', 'project_name': 'tempest-ImagesNegativeTestJSON-1007010465', 'tenant_id': '073c65ea5f9b40a4a5b8b0c0ad3205a3', 'tenant_name': 'tempest-ImagesNegativeTestJSON-1007010465', 'user_domain_id': 'default', 'user_domain_name': 'Default', 'user_id': '2276fe115dce496abe980919297652bd', 'system': None}, Network: {'id': 'a3fdb934-8782-443b-ae5f-061f12633438', 'name': 'tempest-ImagesNegativeTestJSON-1864185165-network', 'tenant_id': '073c65ea5f9b40a4a5b8b0c0ad3205a3', 'admin_state_up': True, 'mtu': 8950, 'status': 'ACTIVE', 'subnets': [], 'shared': False, 'project_id': '073c65ea5f9b40a4a5b8b0c0ad3205a3', 'port_security_enabled': True, 'router:external': False, 'provider:network_type': 'vlan', 'provider:physical_network': 'default', 'provider:segmentation_id': 386, 'availability_zone_hints': [], 'availability_zones': [], 'ipv4_address_scope': None, 'ipv6_address_scope': None, 'description': '', 'tags': [], 'created_at': '2024-12-10T21:52:36Z', 'updated_at': '2024-12-10T21:52:36Z', 'revision_number': 1}, Subnet: {'id': '5dd6216d-8df4-47d8-8dd8-a5480602501e', 'name': 'tempest-ImagesNegativeTestJSON-1864185165-subnet', 'tenant_id': '073c65ea5f9b40a4a5b8b0c0ad3205a3', 'network_id': 'a3fdb934-8782-443b-ae5f-061f12633438', 'ip_version': 4, 'subnetpool_id': None, 'enable_dhcp': True, 'ipv6_ra_mode': None, 'ipv6_address_mode': None, 'gateway_ip': '192.168.128.1', 'cidr': '192.168.128.0/28', 'allocation_pools': [{'start': '192.168.128.2', 'end': '192.168.128.14'}], 'host_routes': [], 'dns_nameservers': [], 'description': '', 'router:external': False, 'service_types': [], 'tags': [], 'created_at': '2024-12-10T21:52:36Z', 'updated_at': '2024-12-10T21:52:36Z', 'revision_number': 0, 'project_id': '073c65ea5f9b40a4a5b8b0c0ad3205a3'}, Router: {'id': '5f654b22-1f0a-45b7-ac60-88de3cb39492', 'name': 'tempest-ImagesNegativeTestJSON-1864185165-router', 'tenant_id': '073c65ea5f9b40a4a5b8b0c0ad3205a3', 'admin_state_up': True, 'status': 'ACTIVE', 'external_gateway_info': {'network_id': '7f3c3475-e521-4054-a63a-36553750aba0', 'external_fixed_ips': [{'subnet_id': 'd70aa703-b895-4eb5-a91e-90b3d78d2169', 'ip_address': '10.180.180.229'}], 'enable_snat': True}, 'description': '', 'availability_zones': [], 'distributed': False, 'ha': False, 'availability_zone_hints': [], 'routes': [], 'flavor_id': None, 'tags': [], 'created_at': '2024-12-10T21:52:37Z', 'updated_at': '2024-12-10T21:52:37Z', 'revision_number': 2, 'project_id': '073c65ea5f9b40a4a5b8b0c0ad3205a3'}
2024-12-10 21:52:39.420 65074 INFO tempest.lib.common.rest_client [req-0dc54614-8536-4be6-9a00-74f83a85fafd req-0dc54614-8536-4be6-9a00-74f83a85fafd ] Request (ServerDiagnosticsV248Test:tearDownClass): 200 GET http://10.180.1.21/compute/v2.1/servers/db9fdb62-302f-4138-ac43-aa013df3fa38 0.195s
2024-12-10 21:52:39.441 65118 INFO tempest.lib.common.rest_client [req-2c647f8a-b5c9-4c0c-acf7-194c07aa3655 req-2c647f8a-b5c9-4c0c-acf7-194c07aa3655 ] Request (SecurityGroupsTestJSON:setUpClass): 201 POST http://10.180.1.21/identity/v3/auth/tokens 0.148s
2024-12-10 21:52:39.449 65060 INFO tempest.lib.common.rest_client [req-c6edb6d7-1917-4d84-94e1-fc0ffcfad68f req-c6edb6d7-1917-4d84-94e1-fc0ffcfad68f ] Request (FlavorsAdminTestJSON:tearDownClass): 200 GET http://10.180.1.21:9696/networking/v2.0/security-groups?tenant_id=11f8e98a676046ec9f15926398d60b3b&name=default 0.454s
2024-12-10 21:52:39.512 65116 INFO tempest.lib.common.rest_client [req-2a08242f-b4bd-40d7-96a0-22ca3e99ff9c req-2a08242f-b4bd-40d7-96a0-22ca3e99ff9c ] Request (ServersAdminNegativeTestJSON:test_migrate_server_invalid_state): 202 POST http://10.180.1.21/compute/v2.1/servers/c04d4d7e-b824-45b5-a1d5-8ba1ada04c43/action 0.245s
2024-12-10 21:52:39.518 65084 INFO tempest.lib.common.rest_client [req-d872ddc0-b3d5-4499-aa95-5ae09fe8294c req-d872ddc0-b3d5-4499-aa95-5ae09fe8294c ] Request (ImagesNegativeTestJSON:setUpClass): 201 POST http://10.180.1.21/identity/v3/auth/tokens 0.115s
2024-12-10 21:52:39.565 65084 INFO tempest.lib.common.rest_client [req-814604c6-e93a-4a1e-94da-7181442748fe req-814604c6-e93a-4a1e-94da-7181442748fe ] Request (ImagesNegativeTestJSON:test_create_image_from_deleted_server): 201 POST http://10.180.1.21/identity/v3/auth/tokens 0.041s
2024-12-10 21:52:39.565 65084 INFO tempest.lib.common.fixed_network [-] (ImagesNegativeTestJSON:test_create_image_from_deleted_server) Found network {'id': 'a3fdb934-8782-443b-ae5f-061f12633438', 'name': 'tempest-ImagesNegativeTestJSON-1864185165-network', 'tenant_id': '073c65ea5f9b40a4a5b8b0c0ad3205a3', 'admin_state_up': True, 'mtu': 8950, 'status': 'ACTIVE', 'subnets': [], 'shared': False, 'project_id': '073c65ea5f9b40a4a5b8b0c0ad3205a3', 'port_security_enabled': True, 'router:external': False, 'provider:network_type': 'vlan', 'provider:physical_network': 'default', 'provider:segmentation_id': 386, 'availability_zone_hints': [], 'availability_zones': [], 'ipv4_address_scope': None, 'ipv6_address_scope': None, 'description': '', 'tags': [], 'created_at': '2024-12-10T21:52:36Z', 'updated_at': '2024-12-10T21:52:36Z', 'revision_number': 1} available for tenant
