2024-12-10 21:53:08.185 65114 INFO tempest.lib.common.rest_client [req-e337ba73-a0af-4f98-90eb-8fc2dc57afbc req-e337ba73-a0af-4f98-90eb-8fc2dc57afbc ] Request (TenantUsagesTestJSON:setUpClass): 200 GET http://10.180.1.21/compute/v2.1/servers/4baacc94-eb68-4560-94fc-ace9700a751a 0.225s
2024-12-10 21:53:08.194 65114 INFO tempest.common.waiters [-] State transition "BUILD/spawning" ==> "ACTIVE/None" after 45 second wait
2024-12-10 21:53:08.198 65072 INFO tempest.lib.common.rest_client [req-7862d504-14ac-40e3-98cb-9c2946839e58 req-7862d504-14ac-40e3-98cb-9c2946839e58 ] Request (ServerPasswordTestJSON:setUpClass): 201 POST http://10.180.1.21:9696/networking/v2.0/routers 0.900s
2024-12-10 21:53:08.208 65076 INFO tempest.lib.common.rest_client [req-e9667811-4aa7-43ce-bff9-904b2d3913c3 req-e9667811-4aa7-43ce-bff9-904b2d3913c3 ] Request (ImagesTestJSON:test_create_image_from_stopped_server): 200 GET http://10.180.1.21/compute/v2.1/images/d76383e7-8385-438a-aee5-0b73e655925b 0.160s
2024-12-10 21:53:08.262 65092 INFO tempest.lib.common.rest_client [req-1eff831d-0f01-4bf4-93b8-05cdff92b09b req-1eff831d-0f01-4bf4-93b8-05cdff92b09b ] Request (ServerTagsTestJSON:setUpClass): 200 GET http://10.180.1.21/compute/v2.1/servers/7ca1e716-f3b6-412c-abba-03915c9e5bf1 0.138s
2024-12-10 21:53:08.288 65066 INFO tempest.lib.common.rest_client [req-f97108dd-6999-492f-ba4d-35b2f2ba7a8c req-f97108dd-6999-492f-ba4d-35b2f2ba7a8c ] Request (ServerGroupTestJSON:test_create_server_with_scheduler_hint_group): 200 GET http://10.180.1.21/compute/v2.1/servers/3f8f25f5-c0d9-4ff8-92a0-938afc643166 0.154s
2024-12-10 21:53:08.317 65110 INFO tempest.lib.common.rest_client [req-fc04ab97-9f91-44e4-aab5-beae312e0323 req-fc04ab97-9f91-44e4-aab5-beae312e0323 ] Request (ServerRescueTestJSON:setUpClass): 201 POST http://10.180.1.21:9696/networking/v2.0/routers 1.395s
2024-12-10 21:53:08.344 65084 INFO tempest.lib.common.rest_client [req-104766a5-69f6-460f-ab08-bc925e6dccc1 req-104766a5-69f6-460f-ab08-bc925e6dccc1 ] Request (ImagesNegativeTestJSON:test_create_image_from_deleted_server): 200 GET http://10.180.1.21/compute/v2.1/servers/ecfc3f4a-03dc-41dd-b81b-ead559732ec0 0.116s
2024-12-10 21:53:08.398 65108 INFO tempest.lib.common.rest_client [req-c352365f-40ce-4e10-b084-6bc9bdb412d9 req-c352365f-40ce-4e10-b084-6bc9bdb412d9 ] Request (ServerRescueTestJSONUnderV235:setUpClass): 200 GET http://10.180.1.21/compute/v2.1/servers/55e6177f-5550-4c5b-947e-0a0a4b6ed60b 0.095s
2024-12-10 21:53:08.455 65114 INFO tempest.lib.common.rest_client [req-73618d24-a89d-4ca4-88f5-0596c88ccde3 req-73618d24-a89d-4ca4-88f5-0596c88ccde3 ] Request (TenantUsagesTestJSON:test_get_usage_tenant): 200 GET http://10.180.1.21/compute/v2.1/os-simple-tenant-usage/bc3884bfe96f4310abc2f045cf7f7762?start=2024-12-09T21%3A53%3A08.195143&end=2024-12-11T21%3A53%3A08.195143 0.259s
2024-12-10 21:53:08.521 65086 INFO tempest.lib.common.rest_client [req-25f7a348-a5b7-4386-a9e5-eb06fcd5b81e req-25f7a348-a5b7-4386-a9e5-eb06fcd5b81e ] Request (AttachInterfacesUnderV243Test:test_add_remove_fixed_ip): 200 GET http://10.180.1.21/compute/v2.1/servers/720ede3f-9e51-482b-bcfb-a2d5488711a5 0.101s
2024-12-10 21:53:08.527 65096 WARNING tempest.lib.common.ssh [-] Failed to establish authenticated ssh connection to cirros@10.180.180.133 ([Errno None] Unable to connect to port 22 on 10.180.180.133). Number attempts: 7. Retry after 8 seconds.: paramiko.ssh_exception.NoValidConnectionsError: [Errno None] Unable to connect to port 22 on 10.180.180.133
2024-12-10 21:53:08.547 65114 INFO tempest.lib.common.rest_client [req-6fa98128-75e4-4640-b405-8808cf7e869c req-6fa98128-75e4-4640-b405-8808cf7e869c ] Request (TenantUsagesTestJSON:test_get_usage_tenant_with_non_admin_user): 200 GET http://10.180.1.21/compute/v2.1/os-simple-tenant-usage/bc3884bfe96f4310abc2f045cf7f7762?start=2024-12-09T21%3A53%3A08.195143&end=2024-12-11T21%3A53%3A08.195143 0.088s
2024-12-10 21:53:08.574 65098 INFO tempest.lib.common.rest_client [req-196aeae1-f812-4004-af07-cf5c523c6abf req-196aeae1-f812-4004-af07-cf5c523c6abf ] Request (MigrationsAdminTest:test_list_migrations_in_flavor_resize_situation): 200 GET http://10.180.1.21/compute/v2.1/servers/a3e48e71-e343-48f3-8bbf-8498f4db9f9d 0.237s
2024-12-10 21:53:08.602 65074 INFO tempest.lib.common.rest_client [req-557183da-41fc-4cd4-b5f9-c3fef7b49397 req-557183da-41fc-4cd4-b5f9-c3fef7b49397 ] Request (InstanceActionsV221TestJSON:test_get_list_deleted_instance_actions): 200 GET http://10.180.1.21/compute/v2.1/servers/765f8738-4082-4ee1-a948-7f27effc12ee 0.112s
2024-12-10 21:53:08.641 65114 INFO tempest.lib.common.rest_client [req-aac8ec0c-539b-4ef6-8e1e-0bf2f6a745d3 req-aac8ec0c-539b-4ef6-8e1e-0bf2f6a745d3 ] Request (TenantUsagesTestJSON:test_list_usage_all_tenants): 200 GET http://10.180.1.21/compute/v2.1/os-simple-tenant-usage?start=2024-12-09T21%3A53%3A08.195143&end=2024-12-11T21%3A53%3A08.195143&detailed=1 0.088s
2024-12-10 21:53:08.744 65114 INFO tempest.lib.common.rest_client [req-091f3e17-11ba-47bc-a2fb-cf6f20a1c46a req-091f3e17-11ba-47bc-a2fb-cf6f20a1c46a ] Request (TenantUsagesTestJSON:tearDownClass): 204 DELETE http://10.180.1.21/compute/v2.1/servers/4baacc94-eb68-4560-94fc-ace9700a751a 0.088s
2024-12-10 21:53:08.770 65062 INFO tempest.lib.common.rest_client [req-91e76915-2fc8-4a24-98f2-33381f209fa0 req-91e76915-2fc8-4a24-98f2-33381f209fa0 ] Request (ServersAdminTestJSON:setUpClass): 200 GET http://10.180.1.21/compute/v2.1/servers/92aba8b4-7a12-483d-9e69-e591f2ce5e64 0.118s
2024-12-10 21:53:08.836 65102 INFO tempest.lib.common.rest_client [req-0378650c-dbf9-416f-8bf1-bd8234480f40 req-0378650c-dbf9-416f-8bf1-bd8234480f40 ] Request (FloatingIPsAssociationTestJSON:test_associate_already_associated_floating_ip): 200 GET http://10.180.1.21/compute/v2.1/servers/ceeacedc-7164-45b6-ae5f-3c65c86053b9 0.108s
2024-12-10 21:53:08.896 65056 INFO tempest.lib.common.rest_client [req-75d6c6fc-e4fb-4d81-ba40-819efd78e097 req-75d6c6fc-e4fb-4d81-ba40-819efd78e097 ] Request (ServersNegativeTestJSON:setUpClass): 200 GET http://10.180.1.21/compute/v2.1/servers/64c40b08-3480-4869-8d35-f8b4db862733 0.174s
2024-12-10 21:53:08.961 65104 INFO tempest.lib.common.rest_client [req-c1098245-113c-42d0-9c3b-29da044b604f req-c1098245-113c-42d0-9c3b-29da044b604f ] Request (InstanceActionsTestJSON:setUpClass): 200 GET http://10.180.1.21/compute/v2.1/servers/a899078d-6722-4934-98f2-977c269928cd 0.145s
2024-12-10 21:53:08.993 65114 INFO tempest.lib.common.rest_client [req-a625f86f-24fd-4996-bb29-61b854996949 req-a625f86f-24fd-4996-bb29-61b854996949 ] Request (TenantUsagesTestJSON:tearDownClass): 200 GET http://10.180.1.21/compute/v2.1/servers/4baacc94-eb68-4560-94fc-ace9700a751a 0.249s
2024-12-10 21:53:09.030 65116 INFO tempest.lib.common.rest_client [req-85a4a654-63ec-4a86-b331-dc7f31459375 req-85a4a654-63ec-4a86-b331-dc7f31459375 ] Request (ServersAdminNegativeTestJSON:tearDownClass): 200 GET http://10.180.1.21/compute/v2.1/servers/c04d4d7e-b824-45b5-a1d5-8ba1ada04c43 0.204s
2024-12-10 21:53:09.032 65068 INFO tempest.lib.common.rest_client [req-de2136ee-1de1-4b8f-a23b-c04639571697 req-de2136ee-1de1-4b8f-a23b-c04639571697 ] Request (ImagesOneServerTestJSON:test_create_image_specify_multibyte_character_image_name): 200 GET http://10.180.1.21/compute/v2.1/images/a1724397-993b-4e92-a2ad-17be67d75119 0.178s
2024-12-10 21:53:09.085 65072 INFO tempest.lib.common.rest_client [req-0837ffc2-0ecb-4827-b011-2edfd7e4eb64 req-0837ffc2-0ecb-4827-b011-2edfd7e4eb64 ] Request (ServerPasswordTestJSON:setUpClass): 200 PUT http://10.180.1.21:9696/networking/v2.0/routers/f5fe3884-7037-444b-b350-fad131f9636e/add_router_interface 0.887s
2024-12-10 21:53:09.086 65072 INFO tempest.lib.common.dynamic_creds [-] Created isolated network resources for: credentials: Credentials: {'domain_id': 'default', 'domain_name': 'Default', 'username': 'tempest-ServerPasswordTestJSON-736626373-project-member', 'project_domain_id': 'default', 'project_domain_name': 'Default', 'project_id': '0214027bec404543ab47249af504a542', 'project_name': 'tempest-ServerPasswordTestJSON-736626373', 'tenant_id': '0214027bec404543ab47249af504a542', 'tenant_name': 'tempest-ServerPasswordTestJSON-736626373', 'user_domain_id': 'default', 'user_domain_name': 'Default', 'user_id': '890b773dcd7c4600853c981b75eacfec', 'system': None}, Network: {'id': 'de7db3cc-e21e-4058-b447-7677ffad8025', 'name': 'tempest-ServerPasswordTestJSON-1305745657-network', 'tenant_id': '0214027bec404543ab47249af504a542', 'admin_state_up': True, 'mtu': 8950, 'status': 'ACTIVE', 'subnets': [], 'shared': False, 'project_id': '0214027bec404543ab47249af504a542', 'port_security_enabled': True, 'router:external': False, 'provider:network_type': 'vlan', 'provider:physical_network': 'default', 'provider:segmentation_id': 632, 'availability_zone_hints': [], 'availability_zones': [], 'ipv4_address_scope': None, 'ipv6_address_scope': None, 'description': '', 'tags': [], 'created_at': '2024-12-10T21:53:06Z', 'updated_at': '2024-12-10T21:53:07Z', 'revision_number': 1}, Subnet: {'id': '8617e825-60a5-4747-a9c2-c8b6a0cc29e6', 'name': 'tempest-ServerPasswordTestJSON-1305745657-subnet', 'tenant_id': '0214027bec404543ab47249af504a542', 'network_id': 'de7db3cc-e21e-4058-b447-7677ffad8025', 'ip_version': 4, 'subnetpool_id': None, 'enable_dhcp': True, 'ipv6_ra_mode': None, 'ipv6_address_mode': None, 'gateway_ip': '192.168.128.1', 'cidr': '192.168.128.0/28', 'allocation_pools': [{'start': '192.168.128.2', 'end': '192.168.128.14'}], 'host_routes': [], 'dns_nameservers': [], 'description': '', 'router:external': False, 'service_types': [], 'tags': [], 'created_at': '2024-12-10T21:53:07Z', 'updated_at': '2024-12-10T21:53:07Z', 'revision_number': 0, 'project_id': '0214027bec404543ab47249af504a542'}, Router: {'id': 'f5fe3884-7037-444b-b350-fad131f9636e', 'name': 'tempest-ServerPasswordTestJSON-1305745657-router', 'tenant_id': '0214027bec404543ab47249af504a542', 'admin_state_up': True, 'status': 'ACTIVE', 'external_gateway_info': {'network_id': '7f3c3475-e521-4054-a63a-36553750aba0', 'external_fixed_ips': [{'subnet_id': 'd70aa703-b895-4eb5-a91e-90b3d78d2169', 'ip_address': '10.180.180.170'}], 'enable_snat': True}, 'description': '', 'availability_zones': [], 'distributed': False, 'ha': False, 'availability_zone_hints': [], 'routes': [], 'flavor_id': None, 'tags': [], 'created_at': '2024-12-10T21:53:07Z', 'updated_at': '2024-12-10T21:53:07Z', 'revision_number': 2, 'project_id': '0214027bec404543ab47249af504a542'}
2024-12-10 21:53:09.093 65060 INFO tempest.lib.common.rest_client [req-2e0c1daf-f41d-4fc0-ace8-0b6afe3f7d48 req-2e0c1daf-f41d-4fc0-ace8-0b6afe3f7d48 ] Request (ServerMetadataNegativeTestJSON:setUpClass): 200 GET http://10.180.1.21/compute/v2.1/servers/5c7db1fd-3305-4177-b915-13aaef65955e 0.215s
2024-12-10 21:53:09.104 65070 WARNING tempest.lib.common.ssh [-] Failed to establish authenticated ssh connection to cirros@10.180.180.175 ([Errno None] Unable to connect to port 22 on 10.180.180.175). Number attempts: 4. Retry after 5 seconds.: paramiko.ssh_exception.NoValidConnectionsError: [Errno None] Unable to connect to port 22 on 10.180.180.175
2024-12-10 21:53:09.108 65088 INFO tempest.lib.common.rest_client [req-081d82b8-129f-4737-a97d-540350cb367f req-081d82b8-129f-4737-a97d-540350cb367f ] Request (DeleteServersAdminTestJSON:test_delete_server_while_in_error_state): 200 GET http://10.180.1.21/compute/v2.1/servers/53d953ab-e962-4a94-8332-4f9a00655b37 0.177s
2024-12-10 21:53:09.150 65068 INFO tempest.lib.common.rest_client [req-e4e78e6a-8cc0-4022-88d1-145bda2ab341 req-e4e78e6a-8cc0-4022-88d1-145bda2ab341 ] Request (ImagesOneServerTestJSON:test_create_image_specify_multibyte_character_image_name): 200 GET http://10.180.1.21/compute/v2.1/images/a1724397-993b-4e92-a2ad-17be67d75119 0.114s
2024-12-10 21:53:09.160 65118 INFO tempest.lib.common.rest_client [req-7fccbc49-c4f2-42f5-9cdf-7752c1316e25 req-7fccbc49-c4f2-42f5-9cdf-7752c1316e25 ] Request (SecurityGroupsTestJSON:test_list_security_groups_by_server): 200 GET http://10.180.1.21/compute/v2.1/servers/6fe8a5ce-e7d1-41d9-a9c7-6e5db9601035 0.157s
2024-12-10 21:53:09.206 65072 INFO tempest.lib.common.rest_client [req-a90b295f-181a-4974-9c09-834a9401505a req-a90b295f-181a-4974-9c09-834a9401505a ] Request (ServerPasswordTestJSON:setUpClass): 201 POST http://10.180.1.21/identity/v3/auth/tokens 0.117s
2024-12-10 21:53:09.236 65090 INFO tempest.lib.common.rest_client [req-c550c2e6-9101-47b0-916d-e7cee2974724 req-c550c2e6-9101-47b0-916d-e7cee2974724 ] Request (ServersNegativeTestMultiTenantJSON:tearDownClass): 200 GET http://10.180.1.21/compute/v2.1/servers/bef4fa43-1623-428b-8626-bad5d6ac5eb2 0.140s
2024-12-10 21:53:09.248 65072 INFO tempest.lib.common.rest_client [req-6f8d4f72-2c48-4116-9884-8daebdefa74b req-6f8d4f72-2c48-4116-9884-8daebdefa74b ] Request (ServerPasswordTestJSON:setUpClass): 201 POST http://10.180.1.21/identity/v3/auth/tokens 0.037s
2024-12-10 21:53:09.249 65072 INFO tempest.lib.common.fixed_network [-] (ServerPasswordTestJSON:setUpClass) Found network {'id': 'de7db3cc-e21e-4058-b447-7677ffad8025', 'name': 'tempest-ServerPasswordTestJSON-1305745657-network', 'tenant_id': '0214027bec404543ab47249af504a542', 'admin_state_up': True, 'mtu': 8950, 'status': 'ACTIVE', 'subnets': [], 'shared': False, 'project_id': '0214027bec404543ab47249af504a542', 'port_security_enabled': True, 'router:external': False, 'provider:network_type': 'vlan', 'provider:physical_network': 'default', 'provider:segmentation_id': 632, 'availability_zone_hints': [], 'availability_zones': [], 'ipv4_address_scope': None, 'ipv6_address_scope': None, 'description': '', 'tags': [], 'created_at': '2024-12-10T21:53:06Z', 'updated_at': '2024-12-10T21:53:07Z', 'revision_number': 1} available for tenant
2024-12-10 21:53:09.322 65064 INFO tempest.lib.common.rest_client [req-62cb6052-7847-47bb-b805-e1c6194fcbbb req-62cb6052-7847-47bb-b805-e1c6194fcbbb ] Request (ImagesOneServerNegativeTestJSON:_run_cleanups): 200 GET http://10.180.1.21/compute/v2.1/servers/6650dd8a-f0e5-4dd5-ba2b-09c589d74512 0.155s
2024-12-10 21:53:09.363 65076 INFO tempest.lib.common.rest_client [req-a13b4d17-12a7-4a8b-86be-98c4a09f6afe req-a13b4d17-12a7-4a8b-86be-98c4a09f6afe ] Request (ImagesTestJSON:test_create_image_from_stopped_server): 200 GET http://10.180.1.21/compute/v2.1/images/d76383e7-8385-438a-aee5-0b73e655925b 0.150s
2024-12-10 21:53:09.395 65068 INFO tempest.lib.common.rest_client [req-3e5cef7b-fc5d-4fbe-9748-23bdd685adec req-3e5cef7b-fc5d-4fbe-9748-23bdd685adec ] Request (ImagesOneServerTestJSON:test_create_image_specify_multibyte_character_image_name): 200 GET http://10.180.1.21/compute/v2.1/servers/0d81385e-654e-4640-aa9f-a66309657995 0.240s
2024-12-10 21:53:09.484 65092 INFO tempest.lib.common.rest_client [req-01f49742-7600-4cc9-9ab3-ba0bc6597649 req-01f49742-7600-4cc9-9ab3-ba0bc6597649 ] Request (ServerTagsTestJSON:setUpClass): 200 GET http://10.180.1.21/compute/v2.1/servers/7ca1e716-f3b6-412c-abba-03915c9e5bf1 0.207s
2024-12-10 21:53:09.543 65066 INFO tempest.lib.common.rest_client [req-9044546f-6811-43a7-a3ec-da93a1394494 req-9044546f-6811-43a7-a3ec-da93a1394494 ] Request (ServerGroupTestJSON:test_create_server_with_scheduler_hint_group): 200 GET http://10.180.1.21/compute/v2.1/servers/3f8f25f5-c0d9-4ff8-92a0-938afc643166 0.248s
2024-12-10 21:53:09.802 65084 INFO tempest.lib.common.rest_client [req-04f3657d-d2fe-405d-9660-da5d780a5db5 req-04f3657d-d2fe-405d-9660-da5d780a5db5 ] Request (ImagesNegativeTestJSON:test_create_image_from_deleted_server): 200 GET http://10.180.1.21/compute/v2.1/servers/ecfc3f4a-03dc-41dd-b81b-ead559732ec0 0.448s
2024-12-10 21:53:09.834 65110 INFO tempest.lib.common.rest_client [req-c21299ed-9c86-4b57-9098-63742bdbf97f req-c21299ed-9c86-4b57-9098-63742bdbf97f ] Request (ServerRescueTestJSON:setUpClass): 200 PUT http://10.180.1.21:9696/networking/v2.0/routers/d964ac42-7470-4572-94a3-1dbed209f0df/add_router_interface 1.517s
2024-12-10 21:53:09.834 65110 INFO tempest.lib.common.dynamic_creds [-] Created isolated network resources for: credentials: Credentials: {'domain_id': 'default', 'domain_name': 'Default', 'username': 'tempest-ServerRescueTestJSON-1370260993-project-member', 'project_domain_id': 'default', 'project_domain_name': 'Default', 'project_id': '7653e1bd3c4e45d5a2204bc940e42b4e', 'project_name': 'tempest-ServerRescueTestJSON-1370260993', 'tenant_id': '7653e1bd3c4e45d5a2204bc940e42b4e', 'tenant_name': 'tempest-ServerRescueTestJSON-1370260993', 'user_domain_id': 'default', 'user_domain_name': 'Default', 'user_id': '4c4538d7edea4f05ad0403fd482be53d', 'system': None}, Network: {'id': 'c9e35232-c97f-4d9e-85ab-5671be48bc98', 'name': 'tempest-ServerRescueTestJSON-1540052459-network', 'tenant_id': '7653e1bd3c4e45d5a2204bc940e42b4e', 'admin_state_up': True, 'mtu': 8950, 'status': 'ACTIVE', 'subnets': [], 'shared': False, 'project_id': '7653e1bd3c4e45d5a2204bc940e42b4e', 'port_security_enabled': True, 'router:external': False, 'provider:network_type': 'vlan', 'provider:physical_network': 'default', 'provider:segmentation_id': 164, 'availability_zone_hints': [], 'availability_zones': [], 'ipv4_address_scope': None, 'ipv6_address_scope': None, 'description': '', 'tags': [], 'created_at': '2024-12-10T21:53:06Z', 'updated_at': '2024-12-10T21:53:06Z', 'revision_number': 1}, Subnet: {'id': 'bea823ee-b6d5-4f0b-889e-f63244b2a655', 'name': 'tempest-ServerRescueTestJSON-1540052459-subnet', 'tenant_id': '7653e1bd3c4e45d5a2204bc940e42b4e', 'network_id': 'c9e35232-c97f-4d9e-85ab-5671be48bc98', 'ip_version': 4, 'subnetpool_id': None, 'enable_dhcp': False, 'ipv6_ra_mode': None, 'ipv6_address_mode': None, 'gateway_ip': '192.168.128.1', 'cidr': '192.168.128.0/28', 'allocation_pools': [{'start': '192.168.128.2', 'end': '192.168.128.14'}], 'host_routes': [], 'dns_nameservers': [], 'description': '', 'router:external': False, 'service_types': [], 'tags': [], 'created_at': '2024-12-10T21:53:06Z', 'updated_at': '2024-12-10T21:53:06Z', 'revision_number': 0, 'project_id': '7653e1bd3c4e45d5a2204bc940e42b4e'}, Router: {'id': 'd964ac42-7470-4572-94a3-1dbed209f0df', 'name': 'tempest-ServerRescueTestJSON-1540052459-router', 'tenant_id': '7653e1bd3c4e45d5a2204bc940e42b4e', 'admin_state_up': True, 'status': 'ACTIVE', 'external_gateway_info': {'network_id': '7f3c3475-e521-4054-a63a-36553750aba0', 'external_fixed_ips': [{'subnet_id': 'd70aa703-b895-4eb5-a91e-90b3d78d2169', 'ip_address': '10.180.180.129'}], 'enable_snat': True}, 'description': '', 'availability_zones': [], 'distributed': False, 'ha': False, 'availability_zone_hints': [], 'routes': [], 'flavor_id': None, 'tags': [], 'created_at': '2024-12-10T21:53:06Z', 'updated_at': '2024-12-10T21:53:07Z', 'revision_number': 2, 'project_id': '7653e1bd3c4e45d5a2204bc940e42b4e'}
2024-12-10 21:53:09.864 65108 INFO tempest.lib.common.rest_client [req-131f441a-5156-4843-9832-026f9a09198d req-131f441a-5156-4843-9832-026f9a09198d ] Request (ServerRescueTestJSONUnderV235:setUpClass): 200 GET http://10.180.1.21/compute/v2.1/servers/55e6177f-5550-4c5b-947e-0a0a4b6ed60b 0.459s
2024-12-10 21:53:09.933 65086 INFO tempest.lib.common.rest_client [req-cc9a7715-5a57-49df-915f-b9b16336fb64 req-cc9a7715-5a57-49df-915f-b9b16336fb64 ] Request (AttachInterfacesUnderV243Test:test_add_remove_fixed_ip): 200 GET http://10.180.1.21/compute/v2.1/servers/720ede3f-9e51-482b-bcfb-a2d5488711a5 0.399s
2024-12-10 21:53:09.958 65110 INFO tempest.lib.common.rest_client [req-11ada23f-06fd-43c8-a8d3-60b918b519b2 req-11ada23f-06fd-43c8-a8d3-60b918b519b2 ] Request (ServerRescueTestJSON:setUpClass): 201 POST http://10.180.1.21/identity/v3/auth/tokens 0.118s
2024-12-10 21:53:10.000 65110 INFO tempest.lib.common.rest_client [req-9654f48e-61af-4531-b72c-de237cf2b383 req-9654f48e-61af-4531-b72c-de237cf2b383 ] Request (ServerRescueTestJSON:setUpClass): 201 POST http://10.180.1.21/identity/v3/auth/tokens 0.034s
2024-12-10 21:53:10.001 65110 INFO tempest.lib.common.fixed_network [-] (ServerRescueTestJSON:setUpClass) Found network {'id': 'c9e35232-c97f-4d9e-85ab-5671be48bc98', 'name': 'tempest-ServerRescueTestJSON-1540052459-network', 'tenant_id': '7653e1bd3c4e45d5a2204bc940e42b4e', 'admin_state_up': True, 'mtu': 8950, 'status': 'ACTIVE', 'subnets': [], 'shared': False, 'project_id': '7653e1bd3c4e45d5a2204bc940e42b4e', 'port_security_enabled': True, 'router:external': False, 'provider:network_type': 'vlan', 'provider:physical_network': 'default', 'provider:segmentation_id': 164, 'availability_zone_hints': [], 'availability_zones': [], 'ipv4_address_scope': None, 'ipv6_address_scope': None, 'description': '', 'tags': [], 'created_at': '2024-12-10T21:53:06Z', 'updated_at': '2024-12-10T21:53:06Z', 'revision_number': 1} available for tenant
2024-12-10 21:53:10.049 65098 INFO tempest.lib.common.rest_client [req-5bc9a7fc-8f4e-4846-9c96-a731a745bb08 req-5bc9a7fc-8f4e-4846-9c96-a731a745bb08 ] Request (MigrationsAdminTest:test_list_migrations_in_flavor_resize_situation): 200 GET http://10.180.1.21/compute/v2.1/servers/a3e48e71-e343-48f3-8bbf-8498f4db9f9d 0.466s
2024-12-10 21:53:10.056 65072 INFO tempest.lib.common.rest_client [req-225024f6-ee2b-4528-a43b-33ae429614f1 req-225024f6-ee2b-4528-a43b-33ae429614f1 ] Request (ServerPasswordTestJSON:setUpClass): 202 POST http://10.180.1.21/compute/v2.1/servers 0.807s
2024-12-10 21:53:10.138 65074 INFO tempest.lib.common.rest_client [req-839cc080-2483-457f-9aec-371fe7504802 req-839cc080-2483-457f-9aec-371fe7504802 ] Request (InstanceActionsV221TestJSON:test_get_list_deleted_instance_actions): 200 GET http://10.180.1.21/compute/v2.1/servers/765f8738-4082-4ee1-a948-7f27effc12ee 0.526s
2024-12-10 21:53:10.193 65062 INFO tempest.lib.common.rest_client [req-b5eb780a-136f-4941-8442-145bb5ac034c req-b5eb780a-136f-4941-8442-145bb5ac034c ] Request (ServersAdminTestJSON:setUpClass): 200 GET http://10.180.1.21/compute/v2.1/servers/92aba8b4-7a12-483d-9e69-e591f2ce5e64 0.412s
2024-12-10 21:53:10.199 65102 INFO tempest.lib.common.rest_client [req-0e56bb1f-9df7-4f04-bcf5-484a42224995 req-0e56bb1f-9df7-4f04-bcf5-484a42224995 ] Request (FloatingIPsAssociationTestJSON:test_associate_already_associated_floating_ip): 200 GET http://10.180.1.21/compute/v2.1/servers/ceeacedc-7164-45b6-ae5f-3c65c86053b9 0.352s
2024-12-10 21:53:10.282 65104 INFO tempest.lib.common.rest_client [req-e21d7053-e6cc-410c-ab99-e0d9a8a14d70 req-e21d7053-e6cc-410c-ab99-e0d9a8a14d70 ] Request (InstanceActionsTestJSON:setUpClass): 200 GET http://10.180.1.21/compute/v2.1/servers/a899078d-6722-4934-98f2-977c269928cd 0.312s
2024-12-10 21:53:10.338 65056 INFO tempest.lib.common.rest_client [req-fed426cc-67e4-4a0e-b67f-ab3a1a854717 req-fed426cc-67e4-4a0e-b67f-ab3a1a854717 ] Request (ServersNegativeTestJSON:setUpClass): 200 GET http://10.180.1.21/compute/v2.1/servers/64c40b08-3480-4869-8d35-f8b4db862733 0.433s
2024-12-10 21:53:10.484 65114 INFO tempest.lib.common.rest_client [req-0227d4b0-998c-43c3-8aba-102ebc08823e req-0227d4b0-998c-43c3-8aba-102ebc08823e ] Request (TenantUsagesTestJSON:tearDownClass): 200 GET http://10.180.1.21/compute/v2.1/servers/4baacc94-eb68-4560-94fc-ace9700a751a 0.480s
2024-12-10 21:53:10.510 65058 WARNING tempest.lib.common.ssh [-] Failed to establish authenticated ssh connection to cirros@10.180.180.212 ([Errno None] Unable to connect to port 22 on 10.180.180.212). Number attempts: 7. Retry after 8 seconds.: paramiko.ssh_exception.NoValidConnectionsError: [Errno None] Unable to connect to port 22 on 10.180.180.212
2024-12-10 21:53:10.558 65116 INFO tempest.lib.common.rest_client [req-5d820ab4-3002-4c7f-875a-3ace029d783a req-5d820ab4-3002-4c7f-875a-3ace029d783a ] Request (ServersAdminNegativeTestJSON:tearDownClass): 200 GET http://10.180.1.21/compute/v2.1/servers/c04d4d7e-b824-45b5-a1d5-8ba1ada04c43 0.517s
2024-12-10 21:53:10.603 65072 INFO tempest.lib.common.rest_client [req-d0e39dae-555b-4f2c-86c8-5db985733da7 req-d0e39dae-555b-4f2c-86c8-5db985733da7 ] Request (ServerPasswordTestJSON:setUpClass): 200 GET http://10.180.1.21/compute/v2.1/servers/0b266399-2979-47cc-b68d-6e961904ad56 0.545s
2024-12-10 21:53:10.657 65060 INFO tempest.lib.common.rest_client [req-dec85e6d-bed1-4e7f-ad40-8f1d02ecbd9d req-dec85e6d-bed1-4e7f-ad40-8f1d02ecbd9d ] Request (ServerMetadataNegativeTestJSON:setUpClass): 200 GET http://10.180.1.21/compute/v2.1/servers/5c7db1fd-3305-4177-b915-13aaef65955e 0.553s
2024-12-10 21:53:10.696 65110 INFO tempest.lib.common.rest_client [req-f05a3afe-3f97-4e3a-9ed0-e7251afc07ea req-f05a3afe-3f97-4e3a-9ed0-e7251afc07ea ] Request (ServerRescueTestJSON:setUpClass): 202 POST http://10.180.1.21/compute/v2.1/servers 0.693s
2024-12-10 21:53:10.725 65088 INFO tempest.lib.common.rest_client [req-aae081ed-8e2f-461b-b13a-2bf4e8022d84 req-aae081ed-8e2f-461b-b13a-2bf4e8022d84 ] Request (DeleteServersAdminTestJSON:test_delete_server_while_in_error_state): 200 GET http://10.180.1.21/compute/v2.1/servers/53d953ab-e962-4a94-8332-4f9a00655b37 0.606s
2024-12-10 21:53:10.764 65118 INFO tempest.lib.common.rest_client [req-c278b2e1-0f68-450e-b07d-ae7f9313aaa9 req-c278b2e1-0f68-450e-b07d-ae7f9313aaa9 ] Request (SecurityGroupsTestJSON:test_list_security_groups_by_server): 200 GET http://10.180.1.21/compute/v2.1/servers/6fe8a5ce-e7d1-41d9-a9c7-6e5db9601035 0.593s
2024-12-10 21:53:10.772 65118 INFO tempest.common.waiters [-] State transition "BUILD/scheduling" ==> "BUILD/None" after 23 second wait
2024-12-10 21:53:10.800 65090 INFO tempest.lib.common.rest_client [req-e6f43505-8cec-4357-8e25-dcae524350c6 req-e6f43505-8cec-4357-8e25-dcae524350c6 ] Request (ServersNegativeTestMultiTenantJSON:tearDownClass): 200 GET http://10.180.1.21/compute/v2.1/servers/bef4fa43-1623-428b-8626-bad5d6ac5eb2 0.555s
2024-12-10 21:53:10.845 65064 INFO tempest.lib.common.rest_client [req-c3f5295c-f657-4b3c-81ad-93d071cdbfe7 req-c3f5295c-f657-4b3c-81ad-93d071cdbfe7 ] Request (ImagesOneServerNegativeTestJSON:_run_cleanups): 200 GET http://10.180.1.21/compute/v2.1/servers/6650dd8a-f0e5-4dd5-ba2b-09c589d74512 0.515s
2024-12-10 21:53:10.858 65076 INFO tempest.lib.common.rest_client [req-e1d8d765-007f-4e3b-81fc-d4a585f67e62 req-e1d8d765-007f-4e3b-81fc-d4a585f67e62 ] Request (ImagesTestJSON:test_create_image_from_stopped_server): 200 GET http://10.180.1.21/compute/v2.1/images/d76383e7-8385-438a-aee5-0b73e655925b 0.489s
2024-12-10 21:53:10.930 65092 INFO tempest.lib.common.rest_client [req-c7a31e6e-583f-453d-b8eb-ca2fd56afcdc req-c7a31e6e-583f-453d-b8eb-ca2fd56afcdc ] Request (ServerTagsTestJSON:setUpClass): 200 GET http://10.180.1.21/compute/v2.1/servers/7ca1e716-f3b6-412c-abba-03915c9e5bf1 0.438s
2024-12-10 21:53:11.015 65066 INFO tempest.lib.common.rest_client [req-95b4e1bf-a6aa-46be-8878-0c63be30dde5 req-95b4e1bf-a6aa-46be-8878-0c63be30dde5 ] Request (ServerGroupTestJSON:test_create_server_with_scheduler_hint_group): 200 GET http://10.180.1.21/compute/v2.1/servers/3f8f25f5-c0d9-4ff8-92a0-938afc643166 0.465s
2024-12-10 21:53:11.049 65068 INFO tempest.lib.common.rest_client [req-36ce52cb-efeb-4988-abf6-0d6d13966381 req-36ce52cb-efeb-4988-abf6-0d6d13966381 ] Request (ImagesOneServerTestJSON:test_create_image_specify_multibyte_character_image_name): 200 GET http://10.180.1.21/compute/v2.1/servers/0d81385e-654e-4640-aa9f-a66309657995 0.642s
2024-12-10 21:53:11.056 65068 INFO tempest.common.waiters [-] State transition "ACTIVE/image_uploading" ==> "ACTIVE/None" after 2 second wait
2024-12-10 21:53:11.064 65110 INFO tempest.lib.common.rest_client [req-832f1727-488d-404c-b25b-0d284356f92d req-832f1727-488d-404c-b25b-0d284356f92d ] Request (ServerRescueTestJSON:setUpClass): 200 GET http://10.180.1.21/compute/v2.1/servers/1d5a8822-ed1f-497c-9705-123f1afa1cd3 0.366s
2024-12-10 21:53:11.103 65084 INFO tempest.lib.common.rest_client [req-767c54fe-6fe6-4711-bb7b-e24b17427eb0 req-767c54fe-6fe6-4711-bb7b-e24b17427eb0 ] Request (ImagesNegativeTestJSON:test_create_image_from_deleted_server): 200 GET http://10.180.1.21/compute/v2.1/servers/ecfc3f4a-03dc-41dd-b81b-ead559732ec0 0.288s
2024-12-10 21:53:11.126 65108 INFO tempest.lib.common.rest_client [req-c9bab138-6077-41fe-bf82-457632007063 req-c9bab138-6077-41fe-bf82-457632007063 ] Request (ServerRescueTestJSONUnderV235:setUpClass): 200 GET http://10.180.1.21/compute/v2.1/servers/55e6177f-5550-4c5b-947e-0a0a4b6ed60b 0.254s
2024-12-10 21:53:11.135 65108 INFO tempest.common.waiters [-] State transition "BUILD/scheduling" ==> "BUILD/None" after 23 second wait
2024-12-10 21:53:11.164 65086 INFO tempest.lib.common.rest_client [req-3bec684f-ea4f-44cd-8f49-d8d17b3b8e35 req-3bec684f-ea4f-44cd-8f49-d8d17b3b8e35 ] Request (AttachInterfacesUnderV243Test:test_add_remove_fixed_ip): 200 GET http://10.180.1.21/compute/v2.1/servers/720ede3f-9e51-482b-bcfb-a2d5488711a5 0.217s
2024-12-10 21:53:11.243 65098 INFO tempest.lib.common.rest_client [req-c3c6a7ca-f101-44cd-b71c-edef8a96cfd2 req-c3c6a7ca-f101-44cd-b71c-edef8a96cfd2 ] Request (MigrationsAdminTest:test_list_migrations_in_flavor_resize_situation): 200 GET http://10.180.1.21/compute/v2.1/servers/a3e48e71-e343-48f3-8bbf-8498f4db9f9d 0.187s
2024-12-10 21:53:11.281 65068 INFO tempest.lib.common.rest_client [req-68e9b184-c0ec-47c6-8982-993bdead9356 req-68e9b184-c0ec-47c6-8982-993bdead9356 ] Request (ImagesOneServerTestJSON:tearDownClass): 204 DELETE http://10.180.1.21/compute/v2.1/images/a1724397-993b-4e92-a2ad-17be67d75119 0.223s
2024-12-10 21:53:11.308 65074 INFO tempest.lib.common.rest_client [req-4141c595-773f-4ca0-b013-bc7110aeadc0 req-4141c595-773f-4ca0-b013-bc7110aeadc0 ] Request (InstanceActionsV221TestJSON:test_get_list_deleted_instance_actions): 200 GET http://10.180.1.21/compute/v2.1/servers/765f8738-4082-4ee1-a948-7f27effc12ee 0.161s
2024-12-10 21:53:11.370 65102 INFO tempest.lib.common.rest_client [req-1393908d-551d-4a20-8d3f-b7a4a9003680 req-1393908d-551d-4a20-8d3f-b7a4a9003680 ] Request (FloatingIPsAssociationTestJSON:test_associate_already_associated_floating_ip): 200 GET http://10.180.1.21/compute/v2.1/servers/ceeacedc-7164-45b6-ae5f-3c65c86053b9 0.158s
2024-12-10 21:53:11.390 65068 INFO tempest.lib.common.rest_client [req-43bcfb27-bab4-4c74-a8b1-8a910aa21ce4 req-43bcfb27-bab4-4c74-a8b1-8a910aa21ce4 ] Request (ImagesOneServerTestJSON:tearDownClass): 404 DELETE http://10.180.1.21/compute/v2.1/images/44157a3a-069b-4f78-a1f9-245fb0187222 0.109s
2024-12-10 21:53:11.396 65062 INFO tempest.lib.common.rest_client [req-defd5c88-96b5-4cda-8975-57a0710a2744 req-defd5c88-96b5-4cda-8975-57a0710a2744 ] Request (ServersAdminTestJSON:setUpClass): 200 GET http://10.180.1.21/compute/v2.1/servers/92aba8b4-7a12-483d-9e69-e591f2ce5e64 0.188s
2024-12-10 21:53:11.409 65106 WARNING tempest.lib.common.ssh [-] Failed to establish authenticated ssh connection to cirros@10.180.180.138 ([Errno None] Unable to connect to port 22 on 10.180.180.138). Number attempts: 7. Retry after 8 seconds.: paramiko.ssh_exception.NoValidConnectionsError: [Errno None] Unable to connect to port 22 on 10.180.180.138
2024-12-10 21:53:11.450 65104 INFO tempest.lib.common.rest_client [req-5225899e-1782-472d-a02e-233576e81f95 req-5225899e-1782-472d-a02e-233576e81f95 ] Request (InstanceActionsTestJSON:setUpClass): 200 GET http://10.180.1.21/compute/v2.1/servers/a899078d-6722-4934-98f2-977c269928cd 0.162s
2024-12-10 21:53:11.526 65068 INFO tempest.lib.common.rest_client [req-146a76e5-d4b7-4307-bc96-a9fa9620b897 req-146a76e5-d4b7-4307-bc96-a9fa9620b897 ] Request (ImagesOneServerTestJSON:tearDownClass): 204 DELETE http://10.180.1.21/compute/v2.1/servers/0d81385e-654e-4640-aa9f-a66309657995 0.135s
2024-12-10 21:53:11.542 65056 INFO tempest.lib.common.rest_client [req-96a660e8-bd6d-4d4a-8489-4f24513b1b59 req-96a660e8-bd6d-4d4a-8489-4f24513b1b59 ] Request (ServersNegativeTestJSON:setUpClass): 200 GET http://10.180.1.21/compute/v2.1/servers/64c40b08-3480-4869-8d35-f8b4db862733 0.192s
2024-12-10 21:53:11.579 65114 INFO tempest.lib.common.rest_client [req-29a5a481-5c4b-4c85-b117-9d1196e7e91d req-29a5a481-5c4b-4c85-b117-9d1196e7e91d ] Request (TenantUsagesTestJSON:tearDownClass): 200 GET http://10.180.1.21/compute/v2.1/servers/4baacc94-eb68-4560-94fc-ace9700a751a 0.087s
2024-12-10 21:53:11.643 65116 INFO tempest.lib.common.rest_client [req-cfa93545-1ff4-4b3b-b92c-3e0c3e84bcba req-cfa93545-1ff4-4b3b-b92c-3e0c3e84bcba ] Request (ServersAdminNegativeTestJSON:tearDownClass): 200 GET http://10.180.1.21/compute/v2.1/servers/c04d4d7e-b824-45b5-a1d5-8ba1ada04c43 0.076s
2024-12-10 21:53:11.658 65068 INFO tempest.lib.common.rest_client [req-2d1ca916-cc17-4586-a5e9-35d9153b82dd req-2d1ca916-cc17-4586-a5e9-35d9153b82dd ] Request (ImagesOneServerTestJSON:tearDownClass): 200 GET http://10.180.1.21/compute/v2.1/servers/0d81385e-654e-4640-aa9f-a66309657995 0.131s
2024-12-10 21:53:11.692 65072 INFO tempest.lib.common.rest_client [req-f07dbf18-d4b0-4b06-90b5-ea8414299d0b req-f07dbf18-d4b0-4b06-90b5-ea8414299d0b ] Request (ServerPasswordTestJSON:setUpClass): 200 GET http://10.180.1.21/compute/v2.1/servers/0b266399-2979-47cc-b68d-6e961904ad56 0.078s
2024-12-10 21:53:11.718 65060 INFO tempest.lib.common.rest_client [req-3ab68854-e1ff-45d7-a9c3-388cede51927 req-3ab68854-e1ff-45d7-a9c3-388cede51927 ] Request (ServerMetadataNegativeTestJSON:setUpClass): 200 GET http://10.180.1.21/compute/v2.1/servers/5c7db1fd-3305-4177-b915-13aaef65955e 0.052s
2024-12-10 21:53:11.802 65088 INFO tempest.lib.common.rest_client [req-3d886b31-3eab-4894-8fd8-d5755977adcb req-3d886b31-3eab-4894-8fd8-d5755977adcb ] Request (DeleteServersAdminTestJSON:test_delete_server_while_in_error_state): 200 GET http://10.180.1.21/compute/v2.1/servers/53d953ab-e962-4a94-8332-4f9a00655b37 0.068s
2024-12-10 21:53:11.848 65118 INFO tempest.lib.common.rest_client [req-74e29d90-8e45-49f1-add8-23139a89f3fa req-74e29d90-8e45-49f1-add8-23139a89f3fa ] Request (SecurityGroupsTestJSON:test_list_security_groups_by_server): 200 GET http://10.180.1.21/compute/v2.1/servers/6fe8a5ce-e7d1-41d9-a9c7-6e5db9601035 0.075s
2024-12-10 21:53:11.879 65090 INFO tempest.lib.common.rest_client [req-56e9a6bb-4c9d-4d84-9f2e-f8230ff98e33 req-56e9a6bb-4c9d-4d84-9f2e-f8230ff98e33 ] Request (ServersNegativeTestMultiTenantJSON:tearDownClass): 200 GET http://10.180.1.21/compute/v2.1/servers/bef4fa43-1623-428b-8626-bad5d6ac5eb2 0.070s
2024-12-10 21:53:11.912 65076 INFO tempest.lib.common.rest_client [req-b8b917d4-ea51-473d-a6d4-5012dc9d2934 req-b8b917d4-ea51-473d-a6d4-5012dc9d2934 ] Request (ImagesTestJSON:test_create_image_from_stopped_server): 200 GET http://10.180.1.21/compute/v2.1/images/d76383e7-8385-438a-aee5-0b73e655925b 0.049s
2024-12-10 21:53:11.934 65064 INFO tempest.lib.common.rest_client [req-a35619d6-2c82-443c-86be-4d1ac1072806 req-a35619d6-2c82-443c-86be-4d1ac1072806 ] Request (ImagesOneServerNegativeTestJSON:_run_cleanups): 200 GET http://10.180.1.21/compute/v2.1/servers/6650dd8a-f0e5-4dd5-ba2b-09c589d74512 0.074s
2024-12-10 21:53:12.015 65092 INFO tempest.lib.common.rest_client [req-53d721e8-e66f-4354-979e-c0b20b912636 req-53d721e8-e66f-4354-979e-c0b20b912636 ] Request (ServerTagsTestJSON:setUpClass): 200 GET http://10.180.1.21/compute/v2.1/servers/7ca1e716-f3b6-412c-abba-03915c9e5bf1 0.063s
2024-12-10 21:53:12.046 65080 WARNING tempest.lib.common.ssh [-] Failed to establish authenticated ssh connection to cirros@10.180.180.189 ([Errno None] Unable to connect to port 22 on 10.180.180.189). Number attempts: 4. Retry after 5 seconds.: paramiko.ssh_exception.NoValidConnectionsError: [Errno None] Unable to connect to port 22 on 10.180.180.189
2024-12-10 21:53:12.080 65066 INFO tempest.lib.common.rest_client [req-ee0137f9-a8ae-4bf2-8d33-880bad09da96 req-ee0137f9-a8ae-4bf2-8d33-880bad09da96 ] Request (ServerGroupTestJSON:test_create_server_with_scheduler_hint_group): 200 GET http://10.180.1.21/compute/v2.1/servers/3f8f25f5-c0d9-4ff8-92a0-938afc643166 0.054s
2024-12-10 21:53:12.123 65110 INFO tempest.lib.common.rest_client [req-2bb85665-5ac5-461d-a805-53fd2ad012e6 req-2bb85665-5ac5-461d-a805-53fd2ad012e6 ] Request (ServerRescueTestJSON:setUpClass): 200 GET http://10.180.1.21/compute/v2.1/servers/1d5a8822-ed1f-497c-9705-123f1afa1cd3 0.051s
2024-12-10 21:53:12.165 65084 INFO tempest.lib.common.rest_client [req-eb5ab993-c801-451d-839a-5fc2500f82d9 req-eb5ab993-c801-451d-839a-5fc2500f82d9 ] Request (ImagesNegativeTestJSON:test_create_image_from_deleted_server): 200 GET http://10.180.1.21/compute/v2.1/servers/ecfc3f4a-03dc-41dd-b81b-ead559732ec0 0.054s
2024-12-10 21:53:12.191 65108 INFO tempest.lib.common.rest_client [req-1b74ff98-fd67-4574-9ca9-c91218bbfa82 req-1b74ff98-fd67-4574-9ca9-c91218bbfa82 ] Request (ServerRescueTestJSONUnderV235:setUpClass): 200 GET http://10.180.1.21/compute/v2.1/servers/55e6177f-5550-4c5b-947e-0a0a4b6ed60b 0.055s
2024-12-10 21:53:12.226 65086 INFO tempest.lib.common.rest_client [req-8725638b-fd67-4774-b395-fb13421f959a req-8725638b-fd67-4774-b395-fb13421f959a ] Request (AttachInterfacesUnderV243Test:test_add_remove_fixed_ip): 200 GET http://10.180.1.21/compute/v2.1/servers/720ede3f-9e51-482b-bcfb-a2d5488711a5 0.054s
2024-12-10 21:53:12.356 65098 INFO tempest.lib.common.rest_client [req-6df9c6e0-6dba-4596-af30-9bfc875a80b5 req-6df9c6e0-6dba-4596-af30-9bfc875a80b5 ] Request (MigrationsAdminTest:test_list_migrations_in_flavor_resize_situation): 200 GET http://10.180.1.21/compute/v2.1/servers/a3e48e71-e343-48f3-8bbf-8498f4db9f9d 0.102s
2024-12-10 21:53:12.367 65074 INFO tempest.lib.common.rest_client [req-e0f45f80-d611-4672-be61-44bf94e3ee7a req-e0f45f80-d611-4672-be61-44bf94e3ee7a ] Request (InstanceActionsV221TestJSON:test_get_list_deleted_instance_actions): 200 GET http://10.180.1.21/compute/v2.1/servers/765f8738-4082-4ee1-a948-7f27effc12ee 0.049s
2024-12-10 21:53:12.424 65102 INFO tempest.lib.common.rest_client [req-2f029c46-46a9-4cb0-8444-e6729887f702 req-2f029c46-46a9-4cb0-8444-e6729887f702 ] Request (FloatingIPsAssociationTestJSON:test_associate_already_associated_floating_ip): 200 GET http://10.180.1.21/compute/v2.1/servers/ceeacedc-7164-45b6-ae5f-3c65c86053b9 0.046s
2024-12-10 21:53:12.498 65062 INFO tempest.lib.common.rest_client [req-536d7f90-7f51-4b49-8ce6-31dbd060fca6 req-536d7f90-7f51-4b49-8ce6-31dbd060fca6 ] Request (ServersAdminTestJSON:setUpClass): 200 GET http://10.180.1.21/compute/v2.1/servers/92aba8b4-7a12-483d-9e69-e591f2ce5e64 0.094s
2024-12-10 21:53:12.505 65062 INFO tempest.common.waiters [-] State transition "BUILD/spawning" ==> "ACTIVE/None" after 46 second wait
2024-12-10 21:53:12.509 65104 INFO tempest.lib.common.rest_client [req-f5c0b922-cf84-457f-b4fc-abed11ea4c92 req-f5c0b922-cf84-457f-b4fc-abed11ea4c92 ] Request (InstanceActionsTestJSON:setUpClass): 200 GET http://10.180.1.21/compute/v2.1/servers/a899078d-6722-4934-98f2-977c269928cd 0.051s
2024-12-10 21:53:12.682 65056 INFO tempest.lib.common.rest_client [req-4d28ad27-87d9-4e1b-8a00-99b0cccabb24 req-4d28ad27-87d9-4e1b-8a00-99b0cccabb24 ] Request (ServersNegativeTestJSON:setUpClass): 200 GET http://10.180.1.21/compute/v2.1/servers/64c40b08-3480-4869-8d35-f8b4db862733 0.130s
2024-12-10 21:53:12.693 65062 INFO tempest.lib.common.rest_client [req-0b3b5b56-646c-4de7-8aa7-241c0b16e673 req-0b3b5b56-646c-4de7-8aa7-241c0b16e673 ] Request (ServersAdminTestJSON:setUpClass): 200 GET http://10.180.1.21/compute/v2.1/servers/2ed2dce7-7f24-4479-a059-36811c24b914 0.188s
2024-12-10 21:53:12.749 65114 INFO tempest.lib.common.rest_client [req-037472ca-995d-4aeb-8036-a8da6ea93295 req-037472ca-995d-4aeb-8036-a8da6ea93295 ] Request (TenantUsagesTestJSON:tearDownClass): 200 GET http://10.180.1.21/compute/v2.1/servers/4baacc94-eb68-4560-94fc-ace9700a751a 0.163s
2024-12-10 21:53:12.756 65116 INFO tempest.lib.common.rest_client [req-5f375813-49d8-4a79-b7ad-9b4188a51fe0 req-5f375813-49d8-4a79-b7ad-9b4188a51fe0 ] Request (ServersAdminNegativeTestJSON:tearDownClass): 200 GET http://10.180.1.21/compute/v2.1/servers/c04d4d7e-b824-45b5-a1d5-8ba1ada04c43 0.106s
2024-12-10 21:53:12.758 65114 INFO tempest.common.waiters [-] State transition "ACTIVE/deleting" ==> "DELETED/None" after 3 second wait
2024-12-10 21:53:12.765 65062 INFO tempest.lib.common.rest_client [req-61dc77c6-a02e-4931-9976-f61ddeb3e5d3 req-61dc77c6-a02e-4931-9976-f61ddeb3e5d3 ] Request (ServersAdminTestJSON:test_create_server_with_scheduling_hint): 201 POST http://10.180.1.21/identity/v3/auth/tokens 0.062s
2024-12-10 21:53:12.765 65062 INFO tempest.lib.common.fixed_network [-] (ServersAdminTestJSON:test_create_server_with_scheduling_hint) Found network {'id': 'f2a61209-4dd7-4abf-a1be-6aeb3fd567c8', 'name': 'tempest-ServersAdminTestJSON-1984904657-network', 'tenant_id': '06f859cf609c4e588cedcfa0489d550f', 'admin_state_up': True, 'mtu': 8950, 'status': 'ACTIVE', 'subnets': [], 'shared': False, 'project_id': '06f859cf609c4e588cedcfa0489d550f', 'port_security_enabled': True, 'router:external': False, 'provider:network_type': 'vlan', 'provider:physical_network': 'default', 'provider:segmentation_id': 819, 'availability_zone_hints': [], 'availability_zones': [], 'ipv4_address_scope': None, 'ipv6_address_scope': None, 'description': '', 'tags': [], 'created_at': '2024-12-10T21:52:11Z', 'updated_at': '2024-12-10T21:52:11Z', 'revision_number': 1} available for tenant
2024-12-10 21:53:12.808 65072 INFO tempest.lib.common.rest_client [req-cf0f0132-dbeb-4d0e-bd66-b058b8e859cb req-cf0f0132-dbeb-4d0e-bd66-b058b8e859cb ] Request (ServerPasswordTestJSON:setUpClass): 200 GET http://10.180.1.21/compute/v2.1/servers/0b266399-2979-47cc-b68d-6e961904ad56 0.108s
2024-12-10 21:53:12.855 65060 INFO tempest.lib.common.rest_client [req-f618e5d0-b3ed-45cb-8c47-ff3af8999b02 req-f618e5d0-b3ed-45cb-8c47-ff3af8999b02 ] Request (ServerMetadataNegativeTestJSON:setUpClass): 200 GET http://10.180.1.21/compute/v2.1/servers/5c7db1fd-3305-4177-b915-13aaef65955e 0.126s
2024-12-10 21:53:12.874 65068 INFO tempest.lib.common.rest_client [req-db48771c-4458-4b72-b3f0-963a5e951c52 req-db48771c-4458-4b72-b3f0-963a5e951c52 ] Request (ImagesOneServerTestJSON:tearDownClass): 200 GET http://10.180.1.21/compute/v2.1/servers/0d81385e-654e-4640-aa9f-a66309657995 0.207s
2024-12-10 21:53:12.927 65088 INFO tempest.lib.common.rest_client [req-7520c175-fb7e-45d9-8e43-a028d58eecb5 req-7520c175-fb7e-45d9-8e43-a028d58eecb5 ] Request (DeleteServersAdminTestJSON:test_delete_server_while_in_error_state): 200 GET http://10.180.1.21/compute/v2.1/servers/53d953ab-e962-4a94-8332-4f9a00655b37 0.116s
2024-12-10 21:53:12.974 65118 INFO tempest.lib.common.rest_client [req-8c1110cf-2c64-467b-b519-85b6d5f05a78 req-8c1110cf-2c64-467b-b519-85b6d5f05a78 ] Request (SecurityGroupsTestJSON:test_list_security_groups_by_server): 200 GET http://10.180.1.21/compute/v2.1/servers/6fe8a5ce-e7d1-41d9-a9c7-6e5db9601035 0.119s
2024-12-10 21:53:13.025 65090 INFO tempest.lib.common.rest_client [req-815eb52f-98d1-4ff4-adff-292ab324b0ed req-815eb52f-98d1-4ff4-adff-292ab324b0ed ] Request (ServersNegativeTestMultiTenantJSON:tearDownClass): 200 GET http://10.180.1.21/compute/v2.1/servers/bef4fa43-1623-428b-8626-bad5d6ac5eb2 0.135s
2024-12-10 21:53:13.055 65076 INFO tempest.lib.common.rest_client [req-3c04975e-9ee0-4d0d-8f41-747db4e32ff0 req-3c04975e-9ee0-4d0d-8f41-747db4e32ff0 ] Request (ImagesTestJSON:test_create_image_from_stopped_server): 200 GET http://10.180.1.21/compute/v2.1/images/d76383e7-8385-438a-aee5-0b73e655925b 0.139s
2024-12-10 21:53:13.114 65064 INFO tempest.lib.common.rest_client [req-dd554f8f-bceb-4599-92b9-2c396c0ca421 req-dd554f8f-bceb-4599-92b9-2c396c0ca421 ] Request (ImagesOneServerNegativeTestJSON:_run_cleanups): 200 GET http://10.180.1.21/compute/v2.1/servers/6650dd8a-f0e5-4dd5-ba2b-09c589d74512 0.173s
2024-12-10 21:53:13.140 65062 INFO tempest.lib.common.rest_client [req-a31fc39d-3d0a-4482-bc86-52f8bcf10a96 req-a31fc39d-3d0a-4482-bc86-52f8bcf10a96 ] Request (ServersAdminTestJSON:test_create_server_with_scheduling_hint): 202 POST http://10.180.1.21/compute/v2.1/servers 0.373s
2024-12-10 21:53:13.166 65092 INFO tempest.lib.common.rest_client [req-2511f6bf-2869-4d17-beea-6601f741a7e3 req-2511f6bf-2869-4d17-beea-6601f741a7e3 ] Request (ServerTagsTestJSON:setUpClass): 200 GET http://10.180.1.21/compute/v2.1/servers/7ca1e716-f3b6-412c-abba-03915c9e5bf1 0.142s
2024-12-10 21:53:13.185 65066 INFO tempest.lib.common.rest_client [req-d1450edf-d8bf-4ad8-9fb0-4ad417e7fa93 req-d1450edf-d8bf-4ad8-9fb0-4ad417e7fa93 ] Request (ServerGroupTestJSON:test_create_server_with_scheduler_hint_group): 200 GET http://10.180.1.21/compute/v2.1/servers/3f8f25f5-c0d9-4ff8-92a0-938afc643166 0.098s
2024-12-10 21:53:13.228 65110 INFO tempest.lib.common.rest_client [req-bbe2f6a1-f1c7-4011-b364-267a668fd8ef req-bbe2f6a1-f1c7-4011-b364-267a668fd8ef ] Request (ServerRescueTestJSON:setUpClass): 200 GET http://10.180.1.21/compute/v2.1/servers/1d5a8822-ed1f-497c-9705-123f1afa1cd3 0.098s
2024-12-10 21:53:13.237 65062 INFO tempest.lib.common.rest_client [req-4da8d16e-01a8-4961-b616-720560eb7604 req-4da8d16e-01a8-4961-b616-720560eb7604 ] Request (ServersAdminTestJSON:test_create_server_with_scheduling_hint): 200 GET http://10.180.1.21/compute/v2.1/servers/b0d3bf76-6ad3-468a-9f10-6e4d59354c79 0.096s
2024-12-10 21:53:13.290 65084 INFO tempest.lib.common.rest_client [req-2802e892-0620-4b18-836e-2e368ad97381 req-2802e892-0620-4b18-836e-2e368ad97381 ] Request (ImagesNegativeTestJSON:test_create_image_from_deleted_server): 200 GET http://10.180.1.21/compute/v2.1/servers/ecfc3f4a-03dc-41dd-b81b-ead559732ec0 0.118s
2024-12-10 21:53:13.293 65108 INFO tempest.lib.common.rest_client [req-dffc0b03-238e-4248-9d1e-7bed5dbae301 req-dffc0b03-238e-4248-9d1e-7bed5dbae301 ] Request (ServerRescueTestJSONUnderV235:setUpClass): 200 GET http://10.180.1.21/compute/v2.1/servers/55e6177f-5550-4c5b-947e-0a0a4b6ed60b 0.093s
2024-12-10 21:53:13.335 65086 INFO tempest.lib.common.rest_client [req-cf2089f3-e71e-40b2-862a-b46107f15add req-cf2089f3-e71e-40b2-862a-b46107f15add ] Request (AttachInterfacesUnderV243Test:test_add_remove_fixed_ip): 200 GET http://10.180.1.21/compute/v2.1/servers/720ede3f-9e51-482b-bcfb-a2d5488711a5 0.099s
2024-12-10 21:53:13.434 65074 INFO tempest.lib.common.rest_client [req-d32d8a63-909f-4104-b7a5-183dd54b86f7 req-d32d8a63-909f-4104-b7a5-183dd54b86f7 ] Request (InstanceActionsV221TestJSON:test_get_list_deleted_instance_actions): 200 GET http://10.180.1.21/compute/v2.1/servers/765f8738-4082-4ee1-a948-7f27effc12ee 0.059s
2024-12-10 21:53:13.486 65102 INFO tempest.lib.common.rest_client [req-16ac658f-19de-4ebf-85ba-79e1d56cb8bc req-16ac658f-19de-4ebf-85ba-79e1d56cb8bc ] Request (FloatingIPsAssociationTestJSON:test_associate_already_associated_floating_ip): 200 GET http://10.180.1.21/compute/v2.1/servers/ceeacedc-7164-45b6-ae5f-3c65c86053b9 0.054s
2024-12-10 21:53:13.560 65098 INFO tempest.lib.common.rest_client [req-ec645d6c-6d42-4ced-b955-7f60349b4bca req-ec645d6c-6d42-4ced-b955-7f60349b4bca ] Request (MigrationsAdminTest:test_list_migrations_in_flavor_resize_situation): 200 GET http://10.180.1.21/compute/v2.1/servers/a3e48e71-e343-48f3-8bbf-8498f4db9f9d 0.196s
2024-12-10 21:53:13.567 65104 INFO tempest.lib.common.rest_client [req-d0736830-490c-44ad-a500-d96d62ebe9d2 req-d0736830-490c-44ad-a500-d96d62ebe9d2 ] Request (InstanceActionsTestJSON:setUpClass): 200 GET http://10.180.1.21/compute/v2.1/servers/a899078d-6722-4934-98f2-977c269928cd 0.050s
2024-12-10 21:53:13.789 65056 INFO tempest.lib.common.rest_client [req-9f9238c7-30e6-4b55-b4be-2577f8c6a748 req-9f9238c7-30e6-4b55-b4be-2577f8c6a748 ] Request (ServersNegativeTestJSON:setUpClass): 200 GET http://10.180.1.21/compute/v2.1/servers/64c40b08-3480-4869-8d35-f8b4db862733 0.099s
2024-12-10 21:53:13.819 65114 INFO tempest.lib.common.rest_client [req-5deeca3b-f412-46f2-918d-a412b03771fc req-5deeca3b-f412-46f2-918d-a412b03771fc ] Request (TenantUsagesTestJSON:tearDownClass): 200 GET http://10.180.1.21/compute/v2.1/servers/4baacc94-eb68-4560-94fc-ace9700a751a 0.058s
2024-12-10 21:53:13.842 65116 INFO tempest.lib.common.rest_client [req-effafd91-d111-431c-9f77-51482c1abc8a req-effafd91-d111-431c-9f77-51482c1abc8a ] Request (ServersAdminNegativeTestJSON:tearDownClass): 200 GET http://10.180.1.21/compute/v2.1/servers/c04d4d7e-b824-45b5-a1d5-8ba1ada04c43 0.077s
2024-12-10 21:53:13.861 65072 INFO tempest.lib.common.rest_client [req-1c49ea63-45ff-46af-93f4-16247ee138ad req-1c49ea63-45ff-46af-93f4-16247ee138ad ] Request (ServerPasswordTestJSON:setUpClass): 200 GET http://10.180.1.21/compute/v2.1/servers/0b266399-2979-47cc-b68d-6e961904ad56 0.046s
2024-12-10 21:53:13.910 65060 INFO tempest.lib.common.rest_client [req-31093c12-52a3-4e53-8fed-ba0d15c7fd39 req-31093c12-52a3-4e53-8fed-ba0d15c7fd39 ] Request (ServerMetadataNegativeTestJSON:setUpClass): 200 GET http://10.180.1.21/compute/v2.1/servers/5c7db1fd-3305-4177-b915-13aaef65955e 0.048s
2024-12-10 21:53:13.917 65060 INFO tempest.common.waiters [-] State transition "BUILD/scheduling" ==> "BUILD/None" after 25 second wait
2024-12-10 21:53:13.930 65068 INFO tempest.lib.common.rest_client [req-e7eca287-b3cd-4bc4-89a7-fe2e750913c7 req-e7eca287-b3cd-4bc4-89a7-fe2e750913c7 ] Request (ImagesOneServerTestJSON:tearDownClass): 200 GET http://10.180.1.21/compute/v2.1/servers/0d81385e-654e-4640-aa9f-a66309657995 0.050s
2024-12-10 21:53:13.990 65088 INFO tempest.lib.common.rest_client [req-64dfeb34-61dd-4b51-82bd-4b86fd362979 req-64dfeb34-61dd-4b51-82bd-4b86fd362979 ] Request (DeleteServersAdminTestJSON:test_delete_server_while_in_error_state): 200 GET http://10.180.1.21/compute/v2.1/servers/53d953ab-e962-4a94-8332-4f9a00655b37 0.056s
2024-12-10 21:53:14.035 65118 INFO tempest.lib.common.rest_client [req-b2d4fcf9-c513-40c5-b47d-b9cbeddb6c33 req-b2d4fcf9-c513-40c5-b47d-b9cbeddb6c33 ] Request (SecurityGroupsTestJSON:test_list_security_groups_by_server): 200 GET http://10.180.1.21/compute/v2.1/servers/6fe8a5ce-e7d1-41d9-a9c7-6e5db9601035 0.054s
2024-12-10 21:53:14.092 65076 INFO tempest.lib.common.rest_client [req-29d43c75-ee67-401f-93ae-764106ad63f5 req-29d43c75-ee67-401f-93ae-764106ad63f5 ] Request (ImagesTestJSON:test_create_image_from_stopped_server): 200 GET http://10.180.1.21/compute/v2.1/images/d76383e7-8385-438a-aee5-0b73e655925b 0.034s
