2024-12-10 21:51:48.560 65064 INFO tempest.lib.common.rest_client [req-9956d519-a995-4e68-bdd1-ff358b563246 req-9956d519-a995-4e68-bdd1-ff358b563246 ] Request (ImagesOneServerNegativeTestJSON:setUpClass): 200 PUT http://10.180.1.21:9696/networking/v2.0/routers/c44f5240-245e-42a8-964b-31b9a60d5a45/add_router_interface 5.170s
2024-12-10 21:51:48.561 65064 INFO tempest.lib.common.dynamic_creds [-] Created isolated network resources for: credentials: Credentials: {'domain_id': 'default', 'domain_name': 'Default', 'username': 'tempest-ImagesOneServerNegativeTestJSON-38658954-project-member', 'project_domain_id': 'default', 'project_domain_name': 'Default', 'project_id': '48bd2a740d1041e7b31324930572bb4a', 'project_name': 'tempest-ImagesOneServerNegativeTestJSON-38658954', 'tenant_id': '48bd2a740d1041e7b31324930572bb4a', 'tenant_name': 'tempest-ImagesOneServerNegativeTestJSON-38658954', 'user_domain_id': 'default', 'user_domain_name': 'Default', 'user_id': 'd6857740b5d34953b0c8803be178d0e2', 'system': None}, Network: {'id': 'f6893aa8-c578-474b-b141-170988cd5bc3', 'name': 'tempest-ImagesOneServerNegativeTestJSON-1103354755-network', 'tenant_id': '48bd2a740d1041e7b31324930572bb4a', 'admin_state_up': True, 'mtu': 8950, 'status': 'ACTIVE', 'subnets': [], 'shared': False, 'project_id': '48bd2a740d1041e7b31324930572bb4a', 'port_security_enabled': True, 'router:external': False, 'provider:network_type': 'vlan', 'provider:physical_network': 'default', 'provider:segmentation_id': 931, 'availability_zone_hints': [], 'availability_zones': [], 'ipv4_address_scope': None, 'ipv6_address_scope': None, 'description': '', 'tags': [], 'created_at': '2024-12-10T21:51:38Z', 'updated_at': '2024-12-10T21:51:38Z', 'revision_number': 1}, Subnet: {'id': '3cb85c3d-fdf9-4935-a4e4-39952f53e671', 'name': 'tempest-ImagesOneServerNegativeTestJSON-1103354755-subnet', 'tenant_id': '48bd2a740d1041e7b31324930572bb4a', 'network_id': 'f6893aa8-c578-474b-b141-170988cd5bc3', 'ip_version': 4, 'subnetpool_id': None, 'enable_dhcp': True, 'ipv6_ra_mode': None, 'ipv6_address_mode': None, 'gateway_ip': '192.168.128.1', 'cidr': '192.168.128.0/28', 'allocation_pools': [{'start': '192.168.128.2', 'end': '192.168.128.14'}], 'host_routes': [], 'dns_nameservers': [], 'description': '', 'router:external': False, 'service_types': [], 'tags': [], 'created_at': '2024-12-10T21:51:38Z', 'updated_at': '2024-12-10T21:51:38Z', 'revision_number': 0, 'project_id': '48bd2a740d1041e7b31324930572bb4a'}, Router: {'id': 'c44f5240-245e-42a8-964b-31b9a60d5a45', 'name': 'tempest-ImagesOneServerNegativeTestJSON-1103354755-router', 'tenant_id': '48bd2a740d1041e7b31324930572bb4a', 'admin_state_up': True, 'status': 'ACTIVE', 'external_gateway_info': {'network_id': '7f3c3475-e521-4054-a63a-36553750aba0', 'external_fixed_ips': [{'subnet_id': 'd70aa703-b895-4eb5-a91e-90b3d78d2169', 'ip_address': '10.180.180.155'}], 'enable_snat': True}, 'description': '', 'availability_zones': [], 'distributed': False, 'ha': False, 'availability_zone_hints': [], 'routes': [], 'flavor_id': None, 'tags': [], 'created_at': '2024-12-10T21:51:39Z', 'updated_at': '2024-12-10T21:51:41Z', 'revision_number': 2, 'project_id': '48bd2a740d1041e7b31324930572bb4a'}
2024-12-10 21:51:48.567 65098 INFO tempest.lib.common.rest_client [req-0c322135-278b-47ac-b541-a31fa5c6c8b3 req-0c322135-278b-47ac-b541-a31fa5c6c8b3 ] Request (HypervisorAdminNegativeTestJSON:test_get_hypervisor_list_details_with_non_admin_user): 403 GET http://10.180.1.21/compute/v2.1/os-hypervisors/detail 2.184s
2024-12-10 21:51:48.662 65064 INFO tempest.lib.common.rest_client [req-8e7bd1da-30b0-424b-92c3-20ff6057b912 req-8e7bd1da-30b0-424b-92c3-20ff6057b912 ] Request (ImagesOneServerNegativeTestJSON:setUpClass): 201 POST http://10.180.1.21/identity/v3/auth/tokens 0.093s
2024-12-10 21:51:48.670 65112 INFO tempest.lib.common.rest_client [req-eb9ec329-bf35-4027-8c08-42d1373723ee req-eb9ec329-bf35-4027-8c08-42d1373723ee ] Request (VolumesAssistedSnapshotsTest:test_volume_assisted_snapshot_create_delete): 200 GET http://10.180.1.21/compute/v2.1/servers/31be046d-be83-42b0-a594-21849b0d577f 1.766s
2024-12-10 21:51:48.701 65082 INFO tempest.lib.common.rest_client [req-38b5eeb2-3469-4d50-b92b-0a00dc404892 req-38b5eeb2-3469-4d50-b92b-0a00dc404892 ] Request (ServersTestManualDisk:setUpClass): 201 POST http://10.180.1.21:9696/networking/v2.0/security-group-rules 0.538s
2024-12-10 21:51:48.706 65064 INFO tempest.lib.common.rest_client [req-6ad7c2ff-578e-48d1-b516-20acb5c11702 req-6ad7c2ff-578e-48d1-b516-20acb5c11702 ] Request (ImagesOneServerNegativeTestJSON:setUpClass): 201 POST http://10.180.1.21/identity/v3/auth/tokens 0.038s
2024-12-10 21:51:48.706 65064 INFO tempest.lib.common.fixed_network [-] (ImagesOneServerNegativeTestJSON:setUpClass) Found network {'id': 'f6893aa8-c578-474b-b141-170988cd5bc3', 'name': 'tempest-ImagesOneServerNegativeTestJSON-1103354755-network', 'tenant_id': '48bd2a740d1041e7b31324930572bb4a', 'admin_state_up': True, 'mtu': 8950, 'status': 'ACTIVE', 'subnets': [], 'shared': False, 'project_id': '48bd2a740d1041e7b31324930572bb4a', 'port_security_enabled': True, 'router:external': False, 'provider:network_type': 'vlan', 'provider:physical_network': 'default', 'provider:segmentation_id': 931, 'availability_zone_hints': [], 'availability_zones': [], 'ipv4_address_scope': None, 'ipv6_address_scope': None, 'description': '', 'tags': [], 'created_at': '2024-12-10T21:51:38Z', 'updated_at': '2024-12-10T21:51:38Z', 'revision_number': 1} available for tenant
2024-12-10 21:51:48.770 65092 INFO tempest.lib.common.rest_client [req-21f844e3-516e-4037-948f-d0cea3686408 req-21f844e3-516e-4037-948f-d0cea3686408 ] Request (QuotaClassesAdminTestJSON:tearDownClass): 204 DELETE http://10.180.1.21:9696/networking/v2.0/security-groups/2e2af3cd-3a93-4c0a-a3d2-5019056aa5b6 0.330s
2024-12-10 21:51:48.871 65062 INFO tempest.lib.common.rest_client [req-739fa660-442f-4988-8ee2-684b2267377d req-739fa660-442f-4988-8ee2-684b2267377d ] Request (FlavorsExtraSpecsTestJSON:tearDownClass): 204 DELETE http://10.180.1.21:9696/networking/v2.0/security-groups/e7925798-6483-4cad-89d9-a4bfa2b0de81 0.322s
2024-12-10 21:51:48.871 65092 INFO tempest.lib.common.rest_client [req-5d056920-d529-47b0-9736-440bd737a952 req-5d056920-d529-47b0-9736-440bd737a952 ] Request (QuotaClassesAdminTestJSON:tearDownClass): 204 DELETE http://10.180.1.21/identity/v3/projects/aba4f64618a84d499338b7ad4b9b1e61 0.100s
2024-12-10 21:51:48.871 65092 INFO tempest.lib.common.dynamic_creds [-] Deleting project and security group for project: 4daa2752f6084159ad1ef130f75ca26a
2024-12-10 21:51:48.932 65080 INFO tempest.lib.common.rest_client [req-2296d666-a9ed-41b4-8a24-b284c3899f7d req-2296d666-a9ed-41b4-8a24-b284c3899f7d ] Request (FloatingIPDetailsTestJSON:tearDownClass): 200 PUT http://10.180.1.21:9696/networking/v2.0/routers/6d03032a-fef4-4626-a67c-ae3ccf98efee/remove_router_interface 3.727s
2024-12-10 21:51:48.936 65088 INFO tempest.lib.common.rest_client [req-7f55debd-bd80-4738-9ec7-c80003438cc5 req-7f55debd-bd80-4738-9ec7-c80003438cc5 ] Request (DeleteServersAdminTestJSON:test_admin_delete_servers_of_others): 200 GET http://10.180.1.21/compute/v2.1/servers/9d0d6b11-ca83-4a62-8bbd-91f3d2af81f7 1.987s
2024-12-10 21:51:48.964 65070 INFO tempest.lib.common.rest_client [req-c2676a4f-79c3-40be-9d14-b905cc9c2e0f req-c2676a4f-79c3-40be-9d14-b905cc9c2e0f ] Request (ImagesMetadataNegativeTestJSON:test_update_nonexistent_image_metadata): 404 POST http://10.180.1.21/compute/v2.1/images/b4605c1f-15a9-474d-8440-4bbad5533f6c/metadata 1.929s
2024-12-10 21:51:48.980 65076 INFO tempest.lib.common.rest_client [req-2f326713-d790-455d-b723-8a7b89d01e81 req-2f326713-d790-455d-b723-8a7b89d01e81 ] Request (HostsAdminNegativeTestJSON:test_update_nonexistent_host): 404 PUT http://10.180.1.21/compute/v2.1/os-hosts/nonexistent_hostname 1.920s
2024-12-10 21:51:48.986 65086 INFO tempest.lib.common.rest_client [req-8b7a07d0-4571-4572-b9d4-8f5453fa07d5 req-8b7a07d0-4571-4572-b9d4-8f5453fa07d5 ] Request (AggregatesAdminNegativeTestJSON:test_aggregate_create_as_user): 403 POST http://10.180.1.21/compute/v2.1/os-aggregates 1.916s
2024-12-10 21:51:49.004 65062 INFO tempest.lib.common.rest_client [req-75892914-ec56-495f-ad6f-59028b1be929 req-75892914-ec56-495f-ad6f-59028b1be929 ] Request (FlavorsExtraSpecsTestJSON:tearDownClass): 204 DELETE http://10.180.1.21/identity/v3/projects/3c33a09ad816485f83f9f1e880a4b94d 0.133s
2024-12-10 21:51:49.004 65062 INFO tempest.lib.common.dynamic_creds [-] Deleting project and security group for project: 711a45c90e424c0c82dee640436ec77e
2024-12-10 21:51:49.061 65082 INFO tempest.lib.common.rest_client [req-ee763fc3-466e-40a1-8297-88ca35c23735 req-ee763fc3-466e-40a1-8297-88ca35c23735 ] Request (ServersTestManualDisk:setUpClass): 201 POST http://10.180.1.21:9696/networking/v2.0/security-group-rules 0.359s
2024-12-10 21:51:49.097 65072 INFO tempest.lib.common.rest_client [req-397a471f-42af-4afd-9d18-073c73f1e02d req-397a471f-42af-4afd-9d18-073c73f1e02d ] Request (ServersAdmin275Test:test_rebuild_update_server_275): 200 GET http://10.180.1.21/compute/v2.1/servers/7ed1869b-528e-4d30-81a6-f4783d4ada88 2.012s
2024-12-10 21:51:49.131 65060 INFO tempest.lib.common.rest_client [req-55ac23da-e0e9-46e6-9761-cdef721c0cda req-55ac23da-e0e9-46e6-9761-cdef721c0cda ] Request (FlavorsAdminTestJSON:_run_cleanups): 200 GET http://10.180.1.21/compute/v2.1/flavors/detail 2.023s
2024-12-10 21:51:49.144 65096 INFO tempest.lib.common.rest_client [req-55187882-dc60-4c79-b1d8-9099ce8af973 req-55187882-dc60-4c79-b1d8-9099ce8af973 ] Request (ServersWithSpecificFlavorTestJSON:test_verify_created_server_ephemeral_disk): 202 POST http://10.180.1.21/compute/v2.1/servers 3.986s
2024-12-10 21:51:49.167 65076 INFO tempest.lib.common.rest_client [req-40c28c99-64d8-4912-9f6c-bdcbe11b7d98 req-40c28c99-64d8-4912-9f6c-bdcbe11b7d98 ] Request (HostsAdminNegativeTestJSON:tearDownClass): 204 DELETE http://10.180.1.21/identity/v3/users/1eda83274838457bab215c00e7ca2e5e 0.185s
2024-12-10 21:51:49.172 65070 INFO tempest.lib.common.rest_client [req-6045157b-680e-48ee-a97d-33897c100497 req-6045157b-680e-48ee-a97d-33897c100497 ] Request (ImagesMetadataNegativeTestJSON:tearDownClass): 204 DELETE http://10.180.1.21/identity/v3/users/822127a615fa4dcf8d915b6045ffbade 0.205s
2024-12-10 21:51:49.173 65070 INFO tempest.lib.common.dynamic_creds [-] Deleting project and security group for project: 5248faac35e54942be27e0271e8715b1
2024-12-10 21:51:49.273 65070 INFO tempest.lib.common.rest_client [req-9f9b466a-9db7-46df-bb0c-99bb852cc82c req-9f9b466a-9db7-46df-bb0c-99bb852cc82c ] Request (ImagesMetadataNegativeTestJSON:tearDownClass): 201 POST http://10.180.1.21/identity/v3/auth/tokens 0.099s
2024-12-10 21:51:49.342 65092 INFO tempest.lib.common.rest_client [req-2b215c39-00eb-48d9-a2d9-f637c5fa88f7 req-2b215c39-00eb-48d9-a2d9-f637c5fa88f7 ] Request (QuotaClassesAdminTestJSON:tearDownClass): 200 GET http://10.180.1.21:9696/networking/v2.0/security-groups?tenant_id=4daa2752f6084159ad1ef130f75ca26a&name=default 0.470s
2024-12-10 21:51:49.371 65076 INFO tempest.lib.common.rest_client [req-7d00e298-1a41-4022-b405-83f05a2cb109 req-7d00e298-1a41-4022-b405-83f05a2cb109 ] Request (HostsAdminNegativeTestJSON:tearDownClass): 204 DELETE http://10.180.1.21/identity/v3/users/bbca1c98017a4ebd98065dbb68a76ead 0.203s
2024-12-10 21:51:49.372 65076 INFO tempest.lib.common.dynamic_creds [-] Deleting project and security group for project: f6b3df51326745209e8706437d27aa98
2024-12-10 21:51:49.431 65076 INFO tempest.lib.common.rest_client [req-c113038e-3908-479a-bd91-56801142ab52 req-c113038e-3908-479a-bd91-56801142ab52 ] Request (HostsAdminNegativeTestJSON:tearDownClass): 201 POST http://10.180.1.21/identity/v3/auth/tokens 0.059s
2024-12-10 21:51:49.668 65068 INFO tempest.lib.common.rest_client [req-b9cb6cc4-02b2-4e03-8d99-01b14e528fdf req-b9cb6cc4-02b2-4e03-8d99-01b14e528fdf ] Request (ImagesOneServerTestJSON:setUpClass): 201 POST http://10.180.1.21:9696/networking/v2.0/routers 3.279s
2024-12-10 21:51:49.705 65078 INFO tempest.lib.common.rest_client [req-3cf21715-8f15-488f-9756-14e11a9e4f99 req-3cf21715-8f15-488f-9756-14e11a9e4f99 ] Request (AttachInterfacesTestJSON:test_create_list_show_delete_interfaces_by_fixed_ip): 200 GET http://10.180.1.21/compute/v2.1/servers/bc46f22b-e915-4f69-8cec-960ab8c3d1f5 2.035s
2024-12-10 21:51:49.746 65114 INFO tempest.lib.common.rest_client [req-daa2fc4a-cdfe-41b8-a8c0-3d507fe438b1 req-daa2fc4a-cdfe-41b8-a8c0-3d507fe438b1 ] Request (FlavorsAccessNegativeTestJSON:test_flavor_non_admin_remove): 200 POST http://10.180.1.21/compute/v2.1/flavors 2.033s
2024-12-10 21:51:49.921 65118 INFO tempest.lib.common.rest_client [req-c6d04891-da1c-4de4-b1d2-68d07fc76b96 req-c6d04891-da1c-4de4-b1d2-68d07fc76b96 ] Request (AbsoluteLimitsNegativeTestJSON:test_max_metadata_exceed_limit): 200 GET http://10.180.1.21/compute/v2.1/limits 2.203s
2024-12-10 21:51:49.963 65118 INFO tempest.lib.common.rest_client [req-7915ede1-2766-4442-88e2-9b95272b183a req-7915ede1-2766-4442-88e2-9b95272b183a ] Request (AbsoluteLimitsNegativeTestJSON:test_max_metadata_exceed_limit): 201 POST http://10.180.1.21/identity/v3/auth/tokens 0.032s
2024-12-10 21:51:49.964 65118 INFO tempest.lib.common.fixed_network [-] (AbsoluteLimitsNegativeTestJSON:test_max_metadata_exceed_limit) Found network None available for tenant
2024-12-10 21:51:49.990 65062 INFO tempest.lib.common.rest_client [req-fb360a44-12e4-4d73-b208-3b45e2c58ef8 req-fb360a44-12e4-4d73-b208-3b45e2c58ef8 ] Request (FlavorsExtraSpecsTestJSON:tearDownClass): 200 GET http://10.180.1.21:9696/networking/v2.0/security-groups?tenant_id=711a45c90e424c0c82dee640436ec77e&name=default 0.985s
2024-12-10 21:51:50.047 65092 INFO tempest.lib.common.rest_client [req-18e03e46-4ae3-42bc-be22-d4bcb57bd86d req-18e03e46-4ae3-42bc-be22-d4bcb57bd86d ] Request (QuotaClassesAdminTestJSON:tearDownClass): 204 DELETE http://10.180.1.21:9696/networking/v2.0/security-groups/2481aa98-1f4e-4ce2-a852-b9de7cd2512a 0.704s
2024-12-10 21:51:50.144 65092 INFO tempest.lib.common.rest_client [req-42b6228f-4062-4b34-b785-3b8ee8ea36b8 req-42b6228f-4062-4b34-b785-3b8ee8ea36b8 ] Request (QuotaClassesAdminTestJSON:tearDownClass): 204 DELETE http://10.180.1.21/identity/v3/projects/4daa2752f6084159ad1ef130f75ca26a 0.096s
2024-12-10 21:51:50.148 65070 INFO tempest.lib.common.rest_client [req-b6b5ac8d-ac83-4490-b3a8-0db4e226ad3a req-b6b5ac8d-ac83-4490-b3a8-0db4e226ad3a ] Request (ImagesMetadataNegativeTestJSON:tearDownClass): 200 GET http://10.180.1.21:9696/networking/v2.0/security-groups?tenant_id=5248faac35e54942be27e0271e8715b1&name=default 0.874s
2024-12-10 21:51:50.243 65092 INFO tempest.lib.common.rest_client [req-5d0f5154-2c1e-49b1-b126-96f5b5f15577 req-5d0f5154-2c1e-49b1-b126-96f5b5f15577 ] Request (QuotasAdminTestJSON:setUpClass): 201 POST http://10.180.1.21/identity/v3/auth/tokens 0.098s
2024-12-10 21:51:50.285 65092 INFO tempest.lib.common.rest_client [req-59944f0d-8d71-4947-8382-615aadc591b0 req-59944f0d-8d71-4947-8382-615aadc591b0 ] Request (QuotasAdminTestJSON:setUpClass): 201 POST http://10.180.1.21/identity/v3/auth/tokens 0.038s
2024-12-10 21:51:50.324 65092 INFO tempest.lib.common.rest_client [req-7be6bd49-da76-40c6-a1bd-c9111f0ac7e5 req-7be6bd49-da76-40c6-a1bd-c9111f0ac7e5 ] Request (QuotasAdminTestJSON:setUpClass): 200 GET http://10.180.1.21/identity/v3/domains?name=Default 0.039s
2024-12-10 21:51:50.389 65076 INFO tempest.lib.common.rest_client [req-78cd647a-2d7e-455f-9270-56260e0644ab req-78cd647a-2d7e-455f-9270-56260e0644ab ] Request (HostsAdminNegativeTestJSON:tearDownClass): 200 GET http://10.180.1.21:9696/networking/v2.0/security-groups?tenant_id=f6b3df51326745209e8706437d27aa98&name=default 0.957s
2024-12-10 21:51:50.392 65092 INFO tempest.lib.common.rest_client [req-88206253-35ef-40f8-b875-f3562d0faefd req-88206253-35ef-40f8-b875-f3562d0faefd ] Request (QuotasAdminTestJSON:setUpClass): 201 POST http://10.180.1.21/identity/v3/projects 0.067s
2024-12-10 21:51:50.393 65094 INFO tempest.lib.common.rest_client [req-eedba14e-0ac4-4ec7-be97-1f8b1b103957 req-eedba14e-0ac4-4ec7-be97-1f8b1b103957 ] Request (FlavorsV2NegativeTest:test_boot_with_low_ram): 400 POST http://10.180.1.21/compute/v2.1/servers 2.650s
2024-12-10 21:51:50.428 65102 INFO tempest.lib.common.rest_client [req-b2d86e4a-b597-4234-82ac-3c028ccdf267 req-b2d86e4a-b597-4234-82ac-3c028ccdf267 ] Request (FloatingIPsAssociationTestJSON:setUpClass): 200 PUT http://10.180.1.21:9696/networking/v2.0/routers/3a4f49c3-9530-4a04-b93c-435dc84c792e/add_router_interface 5.198s
2024-12-10 21:51:50.428 65102 INFO tempest.lib.common.dynamic_creds [-] Created isolated network resources for: credentials: Credentials: {'domain_id': 'default', 'domain_name': 'Default', 'username': 'tempest-FloatingIPsAssociationTestJSON-925366443-project-member', 'project_domain_id': 'default', 'project_domain_name': 'Default', 'project_id': 'fec63d75a8fa4160a1440a98548a1c34', 'project_name': 'tempest-FloatingIPsAssociationTestJSON-925366443', 'tenant_id': 'fec63d75a8fa4160a1440a98548a1c34', 'tenant_name': 'tempest-FloatingIPsAssociationTestJSON-925366443', 'user_domain_id': 'default', 'user_domain_name': 'Default', 'user_id': '07d8b3db0f8b41c8b2bebef3b5ecfda5', 'system': None}, Network: {'id': '0d367938-2607-4225-b12e-ca2b1d282491', 'name': 'tempest-FloatingIPsAssociationTestJSON-283887230-network', 'tenant_id': 'fec63d75a8fa4160a1440a98548a1c34', 'admin_state_up': True, 'mtu': 8950, 'status': 'ACTIVE', 'subnets': [], 'shared': False, 'project_id': 'fec63d75a8fa4160a1440a98548a1c34', 'port_security_enabled': True, 'router:external': False, 'provider:network_type': 'vlan', 'provider:physical_network': 'default', 'provider:segmentation_id': 578, 'availability_zone_hints': [], 'availability_zones': [], 'ipv4_address_scope': None, 'ipv6_address_scope': None, 'description': '', 'tags': [], 'created_at': '2024-12-10T21:51:39Z', 'updated_at': '2024-12-10T21:51:39Z', 'revision_number': 1}, Subnet: {'id': '25ae4280-f8ec-4b9a-b85c-a31637ff8c8f', 'name': 'tempest-FloatingIPsAssociationTestJSON-283887230-subnet', 'tenant_id': 'fec63d75a8fa4160a1440a98548a1c34', 'network_id': '0d367938-2607-4225-b12e-ca2b1d282491', 'ip_version': 4, 'subnetpool_id': None, 'enable_dhcp': True, 'ipv6_ra_mode': None, 'ipv6_address_mode': None, 'gateway_ip': '192.168.128.1', 'cidr': '192.168.128.0/28', 'allocation_pools': [{'start': '192.168.128.2', 'end': '192.168.128.14'}], 'host_routes': [], 'dns_nameservers': [], 'description': '', 'router:external': False, 'service_types': [], 'tags': [], 'created_at': '2024-12-10T21:51:40Z', 'updated_at': '2024-12-10T21:51:40Z', 'revision_number': 0, 'project_id': 'fec63d75a8fa4160a1440a98548a1c34'}, Router: {'id': '3a4f49c3-9530-4a04-b93c-435dc84c792e', 'name': 'tempest-FloatingIPsAssociationTestJSON-283887230-router', 'tenant_id': 'fec63d75a8fa4160a1440a98548a1c34', 'admin_state_up': True, 'status': 'ACTIVE', 'external_gateway_info': {'network_id': '7f3c3475-e521-4054-a63a-36553750aba0', 'external_fixed_ips': [{'subnet_id': 'd70aa703-b895-4eb5-a91e-90b3d78d2169', 'ip_address': '10.180.180.130'}], 'enable_snat': True}, 'description': '', 'availability_zones': [], 'distributed': False, 'ha': False, 'availability_zone_hints': [], 'routes': [], 'flavor_id': None, 'tags': [], 'created_at': '2024-12-10T21:51:41Z', 'updated_at': '2024-12-10T21:51:43Z', 'revision_number': 2, 'project_id': 'fec63d75a8fa4160a1440a98548a1c34'}
2024-12-10 21:51:50.461 65056 INFO tempest.lib.common.rest_client [req-0f581de2-6eee-484c-a423-003ed6e84e99 req-0f581de2-6eee-484c-a423-003ed6e84e99 ] Request (HypervisorAdminUnderV252Test:test_get_hypervisor_show_servers): 200 GET http://10.180.1.21/compute/v2.1/os-hypervisors/domain-c8.fc996f14-c53b-4953-92e3-bdfa48f5cc28/servers 2.485s
2024-12-10 21:51:50.472 65092 INFO tempest.lib.common.rest_client [req-b855666c-7112-49dc-8e9a-51c25da70f49 req-b855666c-7112-49dc-8e9a-51c25da70f49 ] Request (QuotasAdminTestJSON:setUpClass): 201 POST http://10.180.1.21/identity/v3/users 0.080s
2024-12-10 21:51:50.489 65062 INFO tempest.lib.common.rest_client [req-83aa174f-c7b0-4103-857a-c5d813350cad req-83aa174f-c7b0-4103-857a-c5d813350cad ] Request (FlavorsExtraSpecsTestJSON:tearDownClass): 204 DELETE http://10.180.1.21:9696/networking/v2.0/security-groups/a0d264c8-f961-438c-9e31-24edc7d737c2 0.498s
2024-12-10 21:51:50.499 65094 INFO tempest.lib.common.rest_client [req-4663a2ee-e039-49bc-85ac-b45d279668b6 req-4663a2ee-e039-49bc-85ac-b45d279668b6 ] Request (FlavorsV2NegativeTest:_run_cleanups): 204 DELETE http://10.180.1.21/image/v2/images/fa7c83e1-375a-4775-82ca-8f1d256d6e99 0.105s
2024-12-10 21:51:50.500 65092 INFO tempest.lib.common.rest_client [req-604c5a38-ad61-441f-bf0e-16e562b03282 req-604c5a38-ad61-441f-bf0e-16e562b03282 ] Request (QuotasAdminTestJSON:setUpClass): 200 GET http://10.180.1.21/identity/v3/roles 0.027s
2024-12-10 21:51:50.550 65102 INFO tempest.lib.common.rest_client [req-ae5156f8-25e4-4e1e-88c9-8801152b2a87 req-ae5156f8-25e4-4e1e-88c9-8801152b2a87 ] Request (FloatingIPsAssociationTestJSON:setUpClass): 201 POST http://10.180.1.21/identity/v3/auth/tokens 0.110s
2024-12-10 21:51:50.580 65062 INFO tempest.lib.common.rest_client [req-7224795b-ee2f-4729-81e3-53b1facc6179 req-7224795b-ee2f-4729-81e3-53b1facc6179 ] Request (FlavorsExtraSpecsTestJSON:tearDownClass): 204 DELETE http://10.180.1.21/identity/v3/projects/711a45c90e424c0c82dee640436ec77e 0.090s
2024-12-10 21:51:50.669 65092 INFO tempest.lib.common.rest_client [req-750827fd-9324-4aff-be53-524e0ecc7f0c req-750827fd-9324-4aff-be53-524e0ecc7f0c ] Request (QuotasAdminTestJSON:setUpClass): 204 PUT http://10.180.1.21/identity/v3/projects/7340073540804134a215a1843cd2ac0a/users/b108e1223ac148df8188efc9dfa70538/roles/d9ac59841022492db57c4b9ce759cbeb 0.168s
2024-12-10 21:51:50.669 65092 INFO tempest.lib.common.dynamic_creds [-] Dynamic test user b108e1223ac148df8188efc9dfa70538 is created with scope project and roles: ['member']
2024-12-10 21:51:50.669 65092 INFO tempest.lib.common.dynamic_creds [-] Acquired dynamic creds: credentials: Credentials: {'domain_id': 'default', 'domain_name': 'Default', 'username': 'tempest-QuotasAdminTestJSON-1360552553-project-member', 'project_domain_id': 'default', 'project_domain_name': 'Default', 'project_id': '7340073540804134a215a1843cd2ac0a', 'project_name': 'tempest-QuotasAdminTestJSON-1360552553', 'tenant_id': '7340073540804134a215a1843cd2ac0a', 'tenant_name': 'tempest-QuotasAdminTestJSON-1360552553', 'user_domain_id': 'default', 'user_domain_name': 'Default', 'user_id': 'b108e1223ac148df8188efc9dfa70538', 'system': None}, Network: None, Subnet: None, Router: None
2024-12-10 21:51:50.669 65092 INFO tempest.lib.common.dynamic_creds [-] Created isolated network resources for: credentials: Credentials: {'domain_id': 'default', 'domain_name': 'Default', 'username': 'tempest-QuotasAdminTestJSON-1360552553-project-member', 'project_domain_id': 'default', 'project_domain_name': 'Default', 'project_id': '7340073540804134a215a1843cd2ac0a', 'project_name': 'tempest-QuotasAdminTestJSON-1360552553', 'tenant_id': '7340073540804134a215a1843cd2ac0a', 'tenant_name': 'tempest-QuotasAdminTestJSON-1360552553', 'user_domain_id': 'default', 'user_domain_name': 'Default', 'user_id': 'b108e1223ac148df8188efc9dfa70538', 'system': None}, Network: None, Subnet: None, Router: None
2024-12-10 21:51:50.676 65070 INFO tempest.lib.common.rest_client [req-a8fde686-43d7-4e46-8a4c-6e3a25bbc0f7 req-a8fde686-43d7-4e46-8a4c-6e3a25bbc0f7 ] Request (ImagesMetadataNegativeTestJSON:tearDownClass): 204 DELETE http://10.180.1.21:9696/networking/v2.0/security-groups/1b0b8dd9-1685-48f1-8a76-045d484ae2df 0.528s
2024-12-10 21:51:50.682 65094 INFO tempest.lib.common.rest_client [req-00c7e5e8-ab81-4a90-9b24-7b60c8c1055c req-00c7e5e8-ab81-4a90-9b24-7b60c8c1055c ] Request (FlavorsV2NegativeTest:tearDownClass): 204 DELETE http://10.180.1.21/identity/v3/users/64183ee759104709b35e4ece9f9b5dcf 0.180s
2024-12-10 21:51:50.682 65094 INFO tempest.lib.common.dynamic_creds [-] Deleting project and security group for project: fa1bf44fc5ea42709a81473ae07bad8d
2024-12-10 21:51:50.684 65058 INFO tempest.lib.common.rest_client [req-cfd0be71-f5b5-4809-afdf-7ffb4c73b181 req-cfd0be71-f5b5-4809-afdf-7ffb4c73b181 ] Request (VolumesAdminNegativeTest:test_update_attached_volume_with_nonexistent_volume_in_body): 202 POST http://10.180.1.21/compute/v2.1/servers 2.998s
2024-12-10 21:51:50.749 65102 INFO tempest.lib.common.rest_client [req-acd4911f-f939-46cb-9ad0-4c15c251feb7 req-acd4911f-f939-46cb-9ad0-4c15c251feb7 ] Request (FloatingIPsAssociationTestJSON:setUpClass): 201 POST http://10.180.1.21/identity/v3/auth/tokens 0.193s
2024-12-10 21:51:50.749 65102 INFO tempest.lib.common.fixed_network [-] (FloatingIPsAssociationTestJSON:setUpClass) Found network {'id': '0d367938-2607-4225-b12e-ca2b1d282491', 'name': 'tempest-FloatingIPsAssociationTestJSON-283887230-network', 'tenant_id': 'fec63d75a8fa4160a1440a98548a1c34', 'admin_state_up': True, 'mtu': 8950, 'status': 'ACTIVE', 'subnets': [], 'shared': False, 'project_id': 'fec63d75a8fa4160a1440a98548a1c34', 'port_security_enabled': True, 'router:external': False, 'provider:network_type': 'vlan', 'provider:physical_network': 'default', 'provider:segmentation_id': 578, 'availability_zone_hints': [], 'availability_zones': [], 'ipv4_address_scope': None, 'ipv6_address_scope': None, 'description': '', 'tags': [], 'created_at': '2024-12-10T21:51:39Z', 'updated_at': '2024-12-10T21:51:39Z', 'revision_number': 1} available for tenant
2024-12-10 21:51:50.767 65062 INFO tempest.lib.common.rest_client [req-6c0f0691-81ae-4bbf-8abc-d98cea1484a9 req-6c0f0691-81ae-4bbf-8abc-d98cea1484a9 ] Request (FlavorsV261TestJSON:setUpClass): 201 POST http://10.180.1.21/identity/v3/auth/tokens 0.184s
2024-12-10 21:51:50.803 65076 INFO tempest.lib.common.rest_client [req-11600f6e-53a3-4029-9c8e-c2250f8cd1f8 req-11600f6e-53a3-4029-9c8e-c2250f8cd1f8 ] Request (HostsAdminNegativeTestJSON:tearDownClass): 204 DELETE http://10.180.1.21:9696/networking/v2.0/security-groups/5cc2eb38-1c25-49ad-86f1-d67dcf8aff9e 0.413s
2024-12-10 21:51:50.838 65090 INFO tempest.lib.common.rest_client [req-9f60bbf5-aa00-49b6-aa06-22b68fae93d5 req-9f60bbf5-aa00-49b6-aa06-22b68fae93d5 ] Request (ServersNegativeTestMultiTenantJSON:setUpClass): 200 PUT http://10.180.1.21:9696/networking/v2.0/routers/a7c3fcc7-4bd4-4a21-a104-03a97ce898b9/add_router_interface 4.967s
2024-12-10 21:51:50.838 65090 INFO tempest.lib.common.dynamic_creds [-] Created isolated network resources for: credentials: Credentials: {'domain_id': 'default', 'domain_name': 'Default', 'username': 'tempest-ServersNegativeTestMultiTenantJSON-986482821-project-member', 'project_domain_id': 'default', 'project_domain_name': 'Default', 'project_id': '1e409db89ea84eb59c295ead9e79d65e', 'project_name': 'tempest-ServersNegativeTestMultiTenantJSON-986482821', 'tenant_id': '1e409db89ea84eb59c295ead9e79d65e', 'tenant_name': 'tempest-ServersNegativeTestMultiTenantJSON-986482821', 'user_domain_id': 'default', 'user_domain_name': 'Default', 'user_id': '2265962fe2b94660883f94576731c63a', 'system': None}, Network: {'id': '3d9abfd8-2d8a-4555-8c08-757c362789e8', 'name': 'tempest-ServersNegativeTestMultiTenantJSON-680080698-network', 'tenant_id': '1e409db89ea84eb59c295ead9e79d65e', 'admin_state_up': True, 'mtu': 8950, 'status': 'ACTIVE', 'subnets': [], 'shared': False, 'project_id': '1e409db89ea84eb59c295ead9e79d65e', 'port_security_enabled': True, 'router:external': False, 'provider:network_type': 'vlan', 'provider:physical_network': 'default', 'provider:segmentation_id': 549, 'availability_zone_hints': [], 'availability_zones': [], 'ipv4_address_scope': None, 'ipv6_address_scope': None, 'description': '', 'tags': [], 'created_at': '2024-12-10T21:51:39Z', 'updated_at': '2024-12-10T21:51:39Z', 'revision_number': 1}, Subnet: {'id': '39f47d99-0b5b-458b-bcad-61a6c76017ca', 'name': 'tempest-ServersNegativeTestMultiTenantJSON-680080698-subnet', 'tenant_id': '1e409db89ea84eb59c295ead9e79d65e', 'network_id': '3d9abfd8-2d8a-4555-8c08-757c362789e8', 'ip_version': 4, 'subnetpool_id': None, 'enable_dhcp': True, 'ipv6_ra_mode': None, 'ipv6_address_mode': None, 'gateway_ip': '192.168.128.1', 'cidr': '192.168.128.0/28', 'allocation_pools': [{'start': '192.168.128.2', 'end': '192.168.128.14'}], 'host_routes': [], 'dns_nameservers': [], 'description': '', 'router:external': False, 'service_types': [], 'tags': [], 'created_at': '2024-12-10T21:51:40Z', 'updated_at': '2024-12-10T21:51:40Z', 'revision_number': 0, 'project_id': '1e409db89ea84eb59c295ead9e79d65e'}, Router: {'id': 'a7c3fcc7-4bd4-4a21-a104-03a97ce898b9', 'name': 'tempest-ServersNegativeTestMultiTenantJSON-680080698-router', 'tenant_id': '1e409db89ea84eb59c295ead9e79d65e', 'admin_state_up': True, 'status': 'ACTIVE', 'external_gateway_info': {'network_id': '7f3c3475-e521-4054-a63a-36553750aba0', 'external_fixed_ips': [{'subnet_id': 'd70aa703-b895-4eb5-a91e-90b3d78d2169', 'ip_address': '10.180.180.160'}], 'enable_snat': True}, 'description': '', 'availability_zones': [], 'distributed': False, 'ha': False, 'availability_zone_hints': [], 'routes': [], 'flavor_id': None, 'tags': [], 'created_at': '2024-12-10T21:51:41Z', 'updated_at': '2024-12-10T21:51:43Z', 'revision_number': 2, 'project_id': '1e409db89ea84eb59c295ead9e79d65e'}
2024-12-10 21:51:50.859 65110 INFO tempest.lib.common.rest_client [req-e94fd0fd-3f88-4436-9ea2-6f92c9a55ba0 req-e94fd0fd-3f88-4436-9ea2-6f92c9a55ba0 ] Request (ServerAddressesTestJSON:setUpClass): 201 POST http://10.180.1.21:9696/networking/v2.0/routers 3.627s
2024-12-10 21:51:50.860 65070 INFO tempest.lib.common.rest_client [req-18a26635-98af-4a2b-aa5c-04388578c097 req-18a26635-98af-4a2b-aa5c-04388578c097 ] Request (ImagesMetadataNegativeTestJSON:tearDownClass): 204 DELETE http://10.180.1.21/identity/v3/projects/5248faac35e54942be27e0271e8715b1 0.183s
2024-12-10 21:51:50.879 65084 INFO tempest.lib.common.rest_client [req-70ea8b1a-4a25-4d71-97cc-970f692e6c56 req-70ea8b1a-4a25-4d71-97cc-970f692e6c56 ] Request (ServerExternalEventsTest:test_create_server_external_events): 200 GET http://10.180.1.21/compute/v2.1/servers/a11ebf7b-95fb-45af-a954-655135e5309f 2.871s
2024-12-10 21:51:50.884 65092 INFO tempest.lib.common.rest_client [req-b04635d2-ec7c-4ebd-89f3-ac5733b200f6 req-b04635d2-ec7c-4ebd-89f3-ac5733b200f6 ] Request (QuotasAdminTestJSON:setUpClass): 201 POST http://10.180.1.21/identity/v3/auth/tokens 0.206s
2024-12-10 21:51:50.904 65100 INFO tempest.lib.common.rest_client [req-0900f726-2ff1-4bc9-bc92-df6c54071451 req-0900f726-2ff1-4bc9-bc92-df6c54071451 ] Request (ServicesAdminTestJSON:test_list_services): 200 GET http://10.180.1.21/compute/v2.1/os-services 2.889s
2024-12-10 21:51:50.943 65094 INFO tempest.lib.common.rest_client [req-1fe9111b-080c-4c68-a330-4e8956724ae1 req-1fe9111b-080c-4c68-a330-4e8956724ae1 ] Request (FlavorsV2NegativeTest:tearDownClass): 201 POST http://10.180.1.21/identity/v3/auth/tokens 0.260s
2024-12-10 21:51:50.956 65062 INFO tempest.lib.common.rest_client [req-8211d53f-7687-46fa-846b-de30ee771511 req-8211d53f-7687-46fa-846b-de30ee771511 ] Request (FlavorsV261TestJSON:setUpClass): 201 POST http://10.180.1.21/identity/v3/auth/tokens 0.187s
2024-12-10 21:51:50.962 65080 INFO tempest.lib.common.rest_client [req-1d239748-91a6-4f57-873a-3247b4c47463 req-1d239748-91a6-4f57-873a-3247b4c47463 ] Request (FloatingIPDetailsTestJSON:tearDownClass): 204 DELETE http://10.180.1.21:9696/networking/v2.0/routers/6d03032a-fef4-4626-a67c-ae3ccf98efee 2.026s
2024-12-10 21:51:51.007 65076 INFO tempest.lib.common.rest_client [req-46701901-a796-4572-bc17-e774f00e0d42 req-46701901-a796-4572-bc17-e774f00e0d42 ] Request (HostsAdminNegativeTestJSON:tearDownClass): 204 DELETE http://10.180.1.21/identity/v3/projects/f6b3df51326745209e8706437d27aa98 0.203s
2024-12-10 21:51:51.007 65076 INFO tempest.lib.common.dynamic_creds [-] Deleting project and security group for project: 03f571f402134a7299addc3ae1786dcf
2024-12-10 21:51:51.023 65090 INFO tempest.lib.common.rest_client [req-c99cfc81-7190-4610-bfb2-95353ac7be94 req-c99cfc81-7190-4610-bfb2-95353ac7be94 ] Request (ServersNegativeTestMultiTenantJSON:setUpClass): 201 POST http://10.180.1.21/identity/v3/auth/tokens 0.180s
2024-12-10 21:51:51.055 65108 INFO tempest.lib.common.rest_client [req-04a0ce92-7b78-41f6-a3f4-433c3464c055 req-04a0ce92-7b78-41f6-a3f4-433c3464c055 ] Request (ServerDiagnosticsTest:test_get_server_diagnostics): 200 GET http://10.180.1.21/compute/v2.1/servers/28d3fdf1-7353-4386-b8fe-db7527e88c14 3.043s
2024-12-10 21:51:51.069 65070 INFO tempest.lib.common.rest_client [req-5697cb3f-180f-4dfc-98cb-e1921b8433ba req-5697cb3f-180f-4dfc-98cb-e1921b8433ba ] Request (ServerActionsTestJSON:setUpClass): 201 POST http://10.180.1.21/identity/v3/auth/tokens 0.207s
2024-12-10 21:51:51.073 65108 INFO tempest.common.waiters [-] State transition "BUILD/None" ==> "BUILD/spawning" after 4 second wait
2024-12-10 21:51:51.153 65092 INFO tempest.lib.common.rest_client [req-86a60201-be10-4f8d-aa4b-5fb334bc814d req-86a60201-be10-4f8d-aa4b-5fb334bc814d ] Request (QuotasAdminTestJSON:setUpClass): 201 POST http://10.180.1.21/identity/v3/projects 0.269s
2024-12-10 21:51:51.208 65080 INFO tempest.lib.common.rest_client [req-48c43cbf-1340-49ba-b65a-8842f3059823 req-48c43cbf-1340-49ba-b65a-8842f3059823 ] Request (FloatingIPDetailsTestJSON:tearDownClass): 204 DELETE http://10.180.1.21:9696/networking/v2.0/subnets/197354aa-d444-45aa-ae3b-2bc53bd4ad56 0.245s
2024-12-10 21:51:51.217 65100 INFO tempest.lib.common.rest_client [req-6cbd31ff-05bb-4af2-9e17-8f75decf099b req-6cbd31ff-05bb-4af2-9e17-8f75decf099b ] Request (ServicesAdminTestJSON:tearDownClass): 204 DELETE http://10.180.1.21/identity/v3/users/8bcd09b8dd9f46ddb3c0514c72a2e49c 0.306s
2024-12-10 21:51:51.269 65074 INFO tempest.lib.common.rest_client [req-4328b5d6-c6b2-4cec-ac5c-7a641d89f935 req-4328b5d6-c6b2-4cec-ac5c-7a641d89f935 ] Request (ServerDiagnosticsV248Test:test_get_server_diagnostics): 200 GET http://10.180.1.21/compute/v2.1/servers/db9fdb62-302f-4138-ac43-aa013df3fa38 2.715s
2024-12-10 21:51:51.279 65074 INFO tempest.common.waiters [-] State transition "BUILD/None" ==> "BUILD/networking" after 4 second wait
2024-12-10 21:51:51.282 65098 INFO tempest.lib.common.rest_client [req-3229862d-603f-463f-855e-89dc69e0b122 req-3229862d-603f-463f-855e-89dc69e0b122 ] Request (HypervisorAdminNegativeTestJSON:test_get_hypervisor_list_with_non_admin_user): 403 GET http://10.180.1.21/compute/v2.1/os-hypervisors 2.714s
2024-12-10 21:51:51.295 65062 INFO tempest.lib.common.rest_client [req-c0881096-681a-409e-a1d3-256104ce250e req-c0881096-681a-409e-a1d3-256104ce250e ] Request (FlavorsV261TestJSON:setUpClass): 200 GET http://10.180.1.21/identity/v3/domains?name=Default 0.338s
2024-12-10 21:51:51.343 65090 INFO tempest.lib.common.rest_client [req-dcaf5bf8-5319-4206-bd08-5598edff0808 req-dcaf5bf8-5319-4206-bd08-5598edff0808 ] Request (ServersNegativeTestMultiTenantJSON:setUpClass): 201 POST http://10.180.1.21/identity/v3/projects 0.320s
2024-12-10 21:51:51.350 65082 INFO tempest.lib.common.rest_client [req-4e67816a-d8ac-4202-b266-f7997ee1e025 req-4e67816a-d8ac-4202-b266-f7997ee1e025 ] Request (ServersTestManualDisk:setUpClass): 201 POST http://10.180.1.21:9696/networking/v2.0/floatingips 2.289s
2024-12-10 21:51:51.419 65070 INFO tempest.lib.common.rest_client [req-1c9c0d9e-a61e-4ca0-bd6b-525ee5d0aecd req-1c9c0d9e-a61e-4ca0-bd6b-525ee5d0aecd ] Request (ServerActionsTestJSON:setUpClass): 201 POST http://10.180.1.21/identity/v3/auth/tokens 0.343s
2024-12-10 21:51:51.460 65092 INFO tempest.lib.common.rest_client [req-3a528ef8-a0cc-46e3-8fb4-f56feafb9f0e req-3a528ef8-a0cc-46e3-8fb4-f56feafb9f0e ] Request (QuotasAdminTestJSON:setUpClass): 201 POST http://10.180.1.21/identity/v3/users 0.306s
2024-12-10 21:51:51.491 65100 INFO tempest.lib.common.rest_client [req-94bd8578-9fec-4540-b061-451b160d3d5a req-94bd8578-9fec-4540-b061-451b160d3d5a ] Request (ServicesAdminTestJSON:tearDownClass): 204 DELETE http://10.180.1.21/identity/v3/users/fd0d5acfbd674a3d9540caf57c356f12 0.273s
2024-12-10 21:51:51.491 65100 INFO tempest.lib.common.dynamic_creds [-] Deleting project and security group for project: bf41655aff484ba6bc7c771a9efad668
2024-12-10 21:51:51.542 65062 INFO tempest.lib.common.rest_client [req-39a29981-d548-41b8-bb4d-2e31f6e5f60e req-39a29981-d548-41b8-bb4d-2e31f6e5f60e ] Request (FlavorsV261TestJSON:setUpClass): 201 POST http://10.180.1.21/identity/v3/projects 0.245s
2024-12-10 21:51:51.590 65090 INFO tempest.lib.common.rest_client [req-86f5a953-6128-4931-999b-9b603575dd8b req-86f5a953-6128-4931-999b-9b603575dd8b ] Request (ServersNegativeTestMultiTenantJSON:setUpClass): 201 POST http://10.180.1.21/identity/v3/users 0.245s
2024-12-10 21:51:51.609 65082 INFO tempest.lib.common.rest_client [req-0bce9cc9-1bdb-4f76-805d-4b6236fe7a51 req-0bce9cc9-1bdb-4f76-805d-4b6236fe7a51 ] Request (ServersTestManualDisk:setUpClass): 201 POST http://10.180.1.21/identity/v3/auth/tokens 0.252s
2024-12-10 21:51:51.610 65082 INFO tempest.lib.common.fixed_network [-] (ServersTestManualDisk:setUpClass) Found network {'id': '5ee26b65-08a1-4488-b96e-53edf193becb', 'name': 'tempest-ServersTestManualDisk-997072312-network', 'tenant_id': 'b463c7c7fe6a4ce69be343594769a59c', 'admin_state_up': True, 'mtu': 8950, 'status': 'ACTIVE', 'subnets': [], 'shared': False, 'project_id': 'b463c7c7fe6a4ce69be343594769a59c', 'port_security_enabled': True, 'router:external': False, 'provider:network_type': 'vlan', 'provider:physical_network': 'default', 'provider:segmentation_id': 949, 'availability_zone_hints': [], 'availability_zones': [], 'ipv4_address_scope': None, 'ipv6_address_scope': None, 'description': '', 'tags': [], 'created_at': '2024-12-10T21:51:35Z', 'updated_at': '2024-12-10T21:51:35Z', 'revision_number': 1} available for tenant
2024-12-10 21:51:51.616 65070 INFO tempest.lib.common.rest_client [req-ff255620-ff02-4369-8321-271a23d7490e req-ff255620-ff02-4369-8321-271a23d7490e ] Request (ServerActionsTestJSON:setUpClass): 200 GET http://10.180.1.21/identity/v3/domains?name=Default 0.197s
2024-12-10 21:51:51.632 65092 INFO tempest.lib.common.rest_client [req-3b698aef-c5d6-4502-82c3-5360e7df3654 req-3b698aef-c5d6-4502-82c3-5360e7df3654 ] Request (QuotasAdminTestJSON:setUpClass): 200 GET http://10.180.1.21/identity/v3/roles 0.171s
2024-12-10 21:51:51.643 65100 INFO tempest.lib.common.rest_client [req-0a3e37d4-f5f6-4d3a-babf-5c2f677c4a12 req-0a3e37d4-f5f6-4d3a-babf-5c2f677c4a12 ] Request (ServicesAdminTestJSON:tearDownClass): 201 POST http://10.180.1.21/identity/v3/auth/tokens 0.152s
2024-12-10 21:51:51.657 65090 INFO tempest.lib.common.rest_client [req-3f1eac83-c725-447d-9e2e-7424b23eee98 req-3f1eac83-c725-447d-9e2e-7424b23eee98 ] Request (ServersNegativeTestMultiTenantJSON:setUpClass): 200 GET http://10.180.1.21/identity/v3/roles 0.067s
2024-12-10 21:51:51.658 65076 INFO tempest.lib.common.rest_client [req-8dc99f3b-b1b4-4638-b2bc-7eb681302a33 req-8dc99f3b-b1b4-4638-b2bc-7eb681302a33 ] Request (HostsAdminNegativeTestJSON:tearDownClass): 200 GET http://10.180.1.21:9696/networking/v2.0/security-groups?tenant_id=03f571f402134a7299addc3ae1786dcf&name=default 0.651s
2024-12-10 21:51:51.673 65080 INFO tempest.lib.common.rest_client [req-6542283b-4d07-489c-a7bb-91d48e4a5a30 req-6542283b-4d07-489c-a7bb-91d48e4a5a30 ] Request (FloatingIPDetailsTestJSON:tearDownClass): 204 DELETE http://10.180.1.21:9696/networking/v2.0/networks/59c1c0e9-31e6-472a-9c61-2602136d1c86 0.465s
2024-12-10 21:51:51.674 65062 INFO tempest.lib.common.rest_client [req-c58862a0-fad4-4c33-9c5d-00d8338ba978 req-c58862a0-fad4-4c33-9c5d-00d8338ba978 ] Request (FlavorsV261TestJSON:setUpClass): 201 POST http://10.180.1.21/identity/v3/users 0.132s
2024-12-10 21:51:51.691 65070 INFO tempest.lib.common.rest_client [req-d129c864-74de-422a-92ca-d823848d5931 req-d129c864-74de-422a-92ca-d823848d5931 ] Request (ServerActionsTestJSON:setUpClass): 201 POST http://10.180.1.21/identity/v3/projects 0.074s
2024-12-10 21:51:51.715 65092 INFO tempest.lib.common.rest_client [req-a2eaa2ae-76cd-48b3-975f-89220f11843d req-a2eaa2ae-76cd-48b3-975f-89220f11843d ] Request (QuotasAdminTestJSON:setUpClass): 204 PUT http://10.180.1.21/identity/v3/projects/a609ab9faf4049958941e4b2ffdc6ede/users/3aa511a0e5c546cb886a44edc77ea27c/roles/919fea8c121e49b2b5d1240356da8d81 0.083s
2024-12-10 21:51:51.730 65104 INFO tempest.lib.common.rest_client [req-ab7b18a6-ad59-40ab-a928-c7ef9b4f4c9e req-ab7b18a6-ad59-40ab-a928-c7ef9b4f4c9e ] Request (ServerDiagnosticsNegativeTest:test_get_server_diagnostics_by_non_admin): 200 GET http://10.180.1.21/compute/v2.1/servers/adf1f186-01f6-4e45-ba26-4bdd1695ab29 3.150s
2024-12-10 21:51:51.741 65104 INFO tempest.common.waiters [-] State transition "BUILD/spawning" ==> "ACTIVE/None" after 20 second wait
2024-12-10 21:51:51.808 65090 INFO tempest.lib.common.rest_client [req-257fa3f5-fb0c-4b06-9a26-c62a74838ef6 req-257fa3f5-fb0c-4b06-9a26-c62a74838ef6 ] Request (ServersNegativeTestMultiTenantJSON:setUpClass): 204 PUT http://10.180.1.21/identity/v3/projects/b13d3e0f619a4fcfb70f258b37877bee/users/31ad2cdf930d40d2afc2caef9441140c/roles/d9ac59841022492db57c4b9ce759cbeb 0.150s
2024-12-10 21:51:51.808 65090 INFO tempest.lib.common.dynamic_creds [-] Dynamic test user 31ad2cdf930d40d2afc2caef9441140c is created with scope project and roles: ['member']
2024-12-10 21:51:51.808 65090 INFO tempest.lib.common.dynamic_creds [-] Acquired dynamic creds: credentials: Credentials: {'domain_id': 'default', 'domain_name': 'Default', 'username': 'tempest-ServersNegativeTestMultiTenantJSON-2094387257-project-member', 'project_domain_id': 'default', 'project_domain_name': 'Default', 'project_id': 'b13d3e0f619a4fcfb70f258b37877bee', 'project_name': 'tempest-ServersNegativeTestMultiTenantJSON-2094387257', 'tenant_id': 'b13d3e0f619a4fcfb70f258b37877bee', 'tenant_name': 'tempest-ServersNegativeTestMultiTenantJSON-2094387257', 'user_domain_id': 'default', 'user_domain_name': 'Default', 'user_id': '31ad2cdf930d40d2afc2caef9441140c', 'system': None}, Network: None, Subnet: None, Router: None
2024-12-10 21:51:51.810 65076 INFO tempest.lib.common.rest_client [req-5a700bfb-c063-49a8-bdda-5dc6fb42f1e0 req-5a700bfb-c063-49a8-bdda-5dc6fb42f1e0 ] Request (HostsAdminNegativeTestJSON:tearDownClass): 204 DELETE http://10.180.1.21:9696/networking/v2.0/security-groups/b5948c8d-4415-4ca8-b84a-d96881e8f27c 0.151s
2024-12-10 21:51:51.866 65062 INFO tempest.lib.common.rest_client [req-b28665d0-16e7-43db-bd72-79b3b416d00f req-b28665d0-16e7-43db-bd72-79b3b416d00f ] Request (FlavorsV261TestJSON:setUpClass): 200 GET http://10.180.1.21/identity/v3/roles 0.191s
2024-12-10 21:51:51.929 65070 INFO tempest.lib.common.rest_client [req-58cd529f-113b-4875-b757-1ad6614eb867 req-58cd529f-113b-4875-b757-1ad6614eb867 ] Request (ServerActionsTestJSON:setUpClass): 201 POST http://10.180.1.21/identity/v3/users 0.238s
2024-12-10 21:51:51.938 65080 INFO tempest.lib.common.rest_client [req-94d9a552-1339-49ec-ae49-9bb2b0979605 req-94d9a552-1339-49ec-ae49-9bb2b0979605 ] Request (FloatingIPDetailsTestJSON:tearDownClass): 204 DELETE http://10.180.1.21/identity/v3/users/de0ebd1436ce4256b6e65876a82423ba 0.264s
2024-12-10 21:51:51.938 65080 INFO tempest.lib.common.dynamic_creds [-] Deleting project and security group for project: c51277d6c6434d59b65baeb93b3b8bb1
2024-12-10 21:51:51.983 65092 INFO tempest.lib.common.rest_client [req-d5cf2536-9f91-4f9f-91d1-853a8d88edf9 req-d5cf2536-9f91-4f9f-91d1-853a8d88edf9 ] Request (QuotasAdminTestJSON:setUpClass): 200 GET http://10.180.1.21/identity/v3/roles 0.268s
2024-12-10 21:51:52.025 65100 INFO tempest.lib.common.rest_client [req-b6375920-60b2-4192-8bf0-f4ddd897fc46 req-b6375920-60b2-4192-8bf0-f4ddd897fc46 ] Request (ServicesAdminTestJSON:tearDownClass): 200 GET http://10.180.1.21:9696/networking/v2.0/security-groups?tenant_id=bf41655aff484ba6bc7c771a9efad668&name=default 0.381s
2024-12-10 21:51:52.034 65080 INFO tempest.lib.common.rest_client [req-e4e7b4b2-9467-4250-b8ac-5c14027d63ca req-e4e7b4b2-9467-4250-b8ac-5c14027d63ca ] Request (FloatingIPDetailsTestJSON:tearDownClass): 200 GET http://10.180.1.21:9696/networking/v2.0/security-groups?tenant_id=c51277d6c6434d59b65baeb93b3b8bb1&name=default 0.095s
2024-12-10 21:51:52.123 65062 INFO tempest.lib.common.rest_client [req-4647d3e7-a0d9-4469-86db-b54fcd472f01 req-4647d3e7-a0d9-4469-86db-b54fcd472f01 ] Request (FlavorsV261TestJSON:setUpClass): 204 PUT http://10.180.1.21/identity/v3/projects/05c9e9410b20439583a3b2e22cad0efa/users/282ec0e47c154a5a82d8c97e7d406011/roles/d9ac59841022492db57c4b9ce759cbeb 0.257s
2024-12-10 21:51:52.123 65062 INFO tempest.lib.common.dynamic_creds [-] Dynamic test user 282ec0e47c154a5a82d8c97e7d406011 is created with scope project and roles: ['member']
2024-12-10 21:51:52.124 65062 INFO tempest.lib.common.dynamic_creds [-] Acquired dynamic creds: credentials: Credentials: {'domain_id': 'default', 'domain_name': 'Default', 'username': 'tempest-FlavorsV261TestJSON-48198923-project-member', 'project_domain_id': 'default', 'project_domain_name': 'Default', 'project_id': '05c9e9410b20439583a3b2e22cad0efa', 'project_name': 'tempest-FlavorsV261TestJSON-48198923', 'tenant_id': '05c9e9410b20439583a3b2e22cad0efa', 'tenant_name': 'tempest-FlavorsV261TestJSON-48198923', 'user_domain_id': 'default', 'user_domain_name': 'Default', 'user_id': '282ec0e47c154a5a82d8c97e7d406011', 'system': None}, Network: None, Subnet: None, Router: None
2024-12-10 21:51:52.124 65062 INFO tempest.lib.common.dynamic_creds [-] Created isolated network resources for: credentials: Credentials: {'domain_id': 'default', 'domain_name': 'Default', 'username': 'tempest-FlavorsV261TestJSON-48198923-project-member', 'project_domain_id': 'default', 'project_domain_name': 'Default', 'project_id': '05c9e9410b20439583a3b2e22cad0efa', 'project_name': 'tempest-FlavorsV261TestJSON-48198923', 'tenant_id': '05c9e9410b20439583a3b2e22cad0efa', 'tenant_name': 'tempest-FlavorsV261TestJSON-48198923', 'user_domain_id': 'default', 'user_domain_name': 'Default', 'user_id': '282ec0e47c154a5a82d8c97e7d406011', 'system': None}, Network: None, Subnet: None, Router: None
2024-12-10 21:51:52.142 65076 INFO tempest.lib.common.rest_client [req-80d4df94-ce55-44a9-9b41-66320e8a1e3b req-80d4df94-ce55-44a9-9b41-66320e8a1e3b ] Request (HostsAdminNegativeTestJSON:tearDownClass): 204 DELETE http://10.180.1.21/identity/v3/projects/03f571f402134a7299addc3ae1786dcf 0.329s
2024-12-10 21:51:52.143 65076 INFO tempest.test [-] raised in LiveAutoBlockMigrationV225Test.setUpClass. Invoking tearDownClass.
2024-12-10 21:51:52.196 65094 INFO tempest.lib.common.rest_client [req-8b9850c4-1d9d-4cef-a9eb-e09ead6a5b31 req-8b9850c4-1d9d-4cef-a9eb-e09ead6a5b31 ] Request (FlavorsV2NegativeTest:tearDownClass): 200 GET http://10.180.1.21:9696/networking/v2.0/security-groups?tenant_id=fa1bf44fc5ea42709a81473ae07bad8d&name=default 1.252s
2024-12-10 21:51:52.249 65070 INFO tempest.lib.common.rest_client [req-8f284540-611c-45d3-a8d5-9ff4a960916f req-8f284540-611c-45d3-a8d5-9ff4a960916f ] Request (ServerActionsTestJSON:setUpClass): 200 GET http://10.180.1.21/identity/v3/roles 0.319s
2024-12-10 21:51:52.299 65092 INFO tempest.lib.common.rest_client [req-442faf56-8a6e-43cd-9083-84b26d88e269 req-442faf56-8a6e-43cd-9083-84b26d88e269 ] Request (QuotasAdminTestJSON:setUpClass): 204 PUT http://10.180.1.21/identity/v3/projects/a609ab9faf4049958941e4b2ffdc6ede/users/3aa511a0e5c546cb886a44edc77ea27c/roles/919fea8c121e49b2b5d1240356da8d81 0.315s
2024-12-10 21:51:52.299 65092 INFO tempest.lib.common.dynamic_creds [-] Dynamic test user 3aa511a0e5c546cb886a44edc77ea27c is created with scope project and roles: ['admin']
2024-12-10 21:51:52.299 65092 INFO tempest.lib.common.dynamic_creds [-] Acquired dynamic creds: credentials: Credentials: {'domain_id': 'default', 'domain_name': 'Default', 'username': 'tempest-QuotasAdminTestJSON-1257305024-project-admin', 'project_domain_id': 'default', 'project_domain_name': 'Default', 'project_id': 'a609ab9faf4049958941e4b2ffdc6ede', 'project_name': 'tempest-QuotasAdminTestJSON-1257305024', 'tenant_id': 'a609ab9faf4049958941e4b2ffdc6ede', 'tenant_name': 'tempest-QuotasAdminTestJSON-1257305024', 'user_domain_id': 'default', 'user_domain_name': 'Default', 'user_id': '3aa511a0e5c546cb886a44edc77ea27c', 'system': None}, Network: None, Subnet: None, Router: None
2024-12-10 21:51:52.300 65092 INFO tempest.lib.common.dynamic_creds [-] Created isolated network resources for: credentials: Credentials: {'domain_id': 'default', 'domain_name': 'Default', 'username': 'tempest-QuotasAdminTestJSON-1257305024-project-admin', 'project_domain_id': 'default', 'project_domain_name': 'Default', 'project_id': 'a609ab9faf4049958941e4b2ffdc6ede', 'project_name': 'tempest-QuotasAdminTestJSON-1257305024', 'tenant_id': 'a609ab9faf4049958941e4b2ffdc6ede', 'tenant_name': 'tempest-QuotasAdminTestJSON-1257305024', 'user_domain_id': 'default', 'user_domain_name': 'Default', 'user_id': '3aa511a0e5c546cb886a44edc77ea27c', 'system': None}, Network: None, Subnet: None, Router: None
2024-12-10 21:51:52.332 65062 INFO tempest.lib.common.rest_client [req-6a5e3e53-9578-4fb5-b556-aa185dcd7674 req-6a5e3e53-9578-4fb5-b556-aa185dcd7674 ] Request (FlavorsV261TestJSON:setUpClass): 201 POST http://10.180.1.21/identity/v3/auth/tokens 0.202s
2024-12-10 21:51:52.374 65076 INFO tempest.lib.common.rest_client [req-778eeda8-33ff-48a5-b506-5dcfc82a2a2c req-778eeda8-33ff-48a5-b506-5dcfc82a2a2c ] Request (FloatingIPsNegativeTestJSON:setUpClass): 201 POST http://10.180.1.21/identity/v3/auth/tokens 0.225s
2024-12-10 21:51:52.395 65070 INFO tempest.lib.common.rest_client [req-2074178f-4f08-423f-a6dc-f060a55e67b9 req-2074178f-4f08-423f-a6dc-f060a55e67b9 ] Request (ServerActionsTestJSON:setUpClass): 204 PUT http://10.180.1.21/identity/v3/projects/58b7ad398c5a419ab299020d20611452/users/a0321c61f60649b5870b720d13db9f3e/roles/d9ac59841022492db57c4b9ce759cbeb 0.145s
