2024-12-10 21:51:38.012 65074 INFO tempest.lib.common.rest_client [req-0514a5f3-01f4-4bd7-9339-41ca033be0a4 req-0514a5f3-01f4-4bd7-9339-41ca033be0a4 ] Request (KeyPairsV210TestJSON:tearDownClass): 204 DELETE http://10.180.1.21/identity/v3/users/1445b0358c804028af014fc000f85d08 0.113s
2024-12-10 21:51:38.013 65074 INFO tempest.lib.common.dynamic_creds [-] Deleting project and security group for project: e2768770c58345a2a07e61f939e30148
2024-12-10 21:51:38.103 65070 INFO tempest.lib.common.rest_client [req-33ed1a9f-a3bd-495b-9263-f718e1a5365f req-33ed1a9f-a3bd-495b-9263-f718e1a5365f ] Request (ImagesMetadataNegativeTestJSON:setUpClass): 201 POST http://10.180.1.21/identity/v3/auth/tokens 0.191s
2024-12-10 21:51:38.154 65102 INFO tempest.lib.common.rest_client [req-fe19cfed-7ccd-4a47-b78f-aaa615e58a8b req-fe19cfed-7ccd-4a47-b78f-aaa615e58a8b ] Request (FloatingIPsAssociationTestJSON:setUpClass): 201 POST http://10.180.1.21/identity/v3/projects 0.184s
2024-12-10 21:51:38.164 65090 INFO tempest.lib.common.rest_client [req-a16de5eb-e02e-445d-9fad-3f26fb709d2d req-a16de5eb-e02e-445d-9fad-3f26fb709d2d ] Request (KeyPairsNegativeTestJSON:tearDownClass): 200 GET http://10.180.1.21:9696/networking/v2.0/security-groups?tenant_id=2ff2ebddc17c4874bd2d98521ac44694&name=default 0.742s
2024-12-10 21:51:38.176 65100 INFO tempest.lib.common.rest_client [req-577a3f60-32c4-42c4-ab6b-ee0c9babcbc2 req-577a3f60-32c4-42c4-ab6b-ee0c9babcbc2 ] Request (HypervisorAdminNegativeUnderV252Test:tearDownClass): 204 DELETE http://10.180.1.21:9696/networking/v2.0/security-groups/4e15ca51-858f-4e29-9adc-1f6d5a7b04ce 0.522s
2024-12-10 21:51:38.219 65074 INFO tempest.lib.common.rest_client [req-ded5b48f-17e6-4c0e-9821-da465fc16e9c req-ded5b48f-17e6-4c0e-9821-da465fc16e9c ] Request (KeyPairsV210TestJSON:tearDownClass): 201 POST http://10.180.1.21/identity/v3/auth/tokens 0.205s
2024-12-10 21:51:38.261 65070 INFO tempest.lib.common.rest_client [req-3a039d4c-a277-4277-88ff-90cd9d0aeba9 req-3a039d4c-a277-4277-88ff-90cd9d0aeba9 ] Request (ImagesMetadataNegativeTestJSON:setUpClass): 200 GET http://10.180.1.21/identity/v3/domains?name=Default 0.158s
2024-12-10 21:51:38.290 65102 INFO tempest.lib.common.rest_client [req-53840a91-ff85-41e8-80b7-dd94f68ba644 req-53840a91-ff85-41e8-80b7-dd94f68ba644 ] Request (FloatingIPsAssociationTestJSON:setUpClass): 201 POST http://10.180.1.21/identity/v3/users 0.134s
2024-12-10 21:51:38.293 65110 INFO tempest.lib.common.rest_client [req-00b39de5-782a-40ff-bc5b-4d7df5cd520e req-00b39de5-782a-40ff-bc5b-4d7df5cd520e ] Request (QuotasAdminTestV257:test_get_updated_quotas): 200 PUT http://10.180.1.21/compute/v2.1/os-quota-sets/700e0ff6b5de4361adad6a252a6aaf27?user_id=f9f8d8fe08524d74bce678dd83c789e3 0.998s
2024-12-10 21:51:38.315 65068 INFO tempest.lib.common.rest_client [req-fd31fab1-94e6-4ad8-8e4e-49392452bcdb req-fd31fab1-94e6-4ad8-8e4e-49392452bcdb ] Request (ImagesDeleteNegativeTestJSON:test_delete_image_with_id_over_character_limit): 404 DELETE http://10.180.1.21/compute/v2.1/images/6d138e6c-8983-49e2-bca4-fb5f36b8ce531 1.005s
2024-12-10 21:51:38.354 65100 INFO tempest.lib.common.rest_client [req-bf8b596c-494a-408c-9129-a33f12fd9661 req-bf8b596c-494a-408c-9129-a33f12fd9661 ] Request (HypervisorAdminNegativeUnderV252Test:tearDownClass): 204 DELETE http://10.180.1.21/identity/v3/projects/80f9e5ae84354b4d929f9e8e6c07b2b8 0.178s
2024-12-10 21:51:38.355 65100 INFO tempest.lib.common.dynamic_creds [-] Deleting project and security group for project: 8775e364c2ed488a964ed8608ab6984d
2024-12-10 21:51:38.419 65070 INFO tempest.lib.common.rest_client [req-604bc018-41c7-4f3d-afe8-b5a28f1d435a req-604bc018-41c7-4f3d-afe8-b5a28f1d435a ] Request (ImagesMetadataNegativeTestJSON:setUpClass): 201 POST http://10.180.1.21/identity/v3/projects 0.157s
2024-12-10 21:51:38.424 65102 INFO tempest.lib.common.rest_client [req-71dd1d27-b2b9-4a28-80a8-d445e7637ebe req-71dd1d27-b2b9-4a28-80a8-d445e7637ebe ] Request (FloatingIPsAssociationTestJSON:setUpClass): 200 GET http://10.180.1.21/identity/v3/roles 0.133s
2024-12-10 21:51:38.434 65108 INFO tempest.lib.common.rest_client [req-a57f934d-8b4b-46ce-a6d3-cd23a17f34d5 req-a57f934d-8b4b-46ce-a6d3-cd23a17f34d5 ] Request (FlavorsV255TestJSON:tearDownClass): 200 GET http://10.180.1.21:9696/networking/v2.0/security-groups?tenant_id=e077a40155be4c058f83a61aed19c69a&name=default 0.893s
2024-12-10 21:51:38.452 65064 INFO tempest.lib.common.rest_client [req-1775b519-480a-429b-add9-2c3f5921bde6 req-1775b519-480a-429b-add9-2c3f5921bde6 ] Request (ImagesOneServerNegativeTestJSON:setUpClass): 201 POST http://10.180.1.21:9696/networking/v2.0/networks 1.304s
2024-12-10 21:51:38.476 65102 INFO tempest.lib.common.rest_client [req-5a37a30a-f7ea-428e-bf97-27e32c32fdea req-5a37a30a-f7ea-428e-bf97-27e32c32fdea ] Request (FloatingIPsAssociationTestJSON:setUpClass): 204 PUT http://10.180.1.21/identity/v3/projects/fec63d75a8fa4160a1440a98548a1c34/users/07d8b3db0f8b41c8b2bebef3b5ecfda5/roles/d9ac59841022492db57c4b9ce759cbeb 0.051s
2024-12-10 21:51:38.476 65102 INFO tempest.lib.common.dynamic_creds [-] Dynamic test user 07d8b3db0f8b41c8b2bebef3b5ecfda5 is created with scope project and roles: ['member']
2024-12-10 21:51:38.476 65102 INFO tempest.lib.common.dynamic_creds [-] Acquired dynamic creds: credentials: Credentials: {'domain_id': 'default', 'domain_name': 'Default', 'username': 'tempest-FloatingIPsAssociationTestJSON-925366443-project-member', 'project_domain_id': 'default', 'project_domain_name': 'Default', 'project_id': 'fec63d75a8fa4160a1440a98548a1c34', 'project_name': 'tempest-FloatingIPsAssociationTestJSON-925366443', 'tenant_id': 'fec63d75a8fa4160a1440a98548a1c34', 'tenant_name': 'tempest-FloatingIPsAssociationTestJSON-925366443', 'user_domain_id': 'default', 'user_domain_name': 'Default', 'user_id': '07d8b3db0f8b41c8b2bebef3b5ecfda5', 'system': None}, Network: None, Subnet: None, Router: None
2024-12-10 21:51:38.490 65070 INFO tempest.lib.common.rest_client [req-89ab9e1e-5cdb-4b1d-ba70-db04381f3d02 req-89ab9e1e-5cdb-4b1d-ba70-db04381f3d02 ] Request (ImagesMetadataNegativeTestJSON:setUpClass): 201 POST http://10.180.1.21/identity/v3/users 0.070s
2024-12-10 21:51:38.531 65102 INFO tempest.lib.common.rest_client [req-d1a670cf-9d33-4ac5-a3d4-64796d9684d8 req-d1a670cf-9d33-4ac5-a3d4-64796d9684d8 ] Request (FloatingIPsAssociationTestJSON:setUpClass): 201 POST http://10.180.1.21/identity/v3/auth/tokens 0.054s
2024-12-10 21:51:38.553 65070 INFO tempest.lib.common.rest_client [req-94ee82e7-8917-4f93-ab9b-4f2a90bf99c0 req-94ee82e7-8917-4f93-ab9b-4f2a90bf99c0 ] Request (ImagesMetadataNegativeTestJSON:setUpClass): 200 GET http://10.180.1.21/identity/v3/roles 0.062s
2024-12-10 21:51:38.555 65090 INFO tempest.lib.common.rest_client [req-913f411b-74f2-4202-96e4-029907add6af req-913f411b-74f2-4202-96e4-029907add6af ] Request (KeyPairsNegativeTestJSON:tearDownClass): 204 DELETE http://10.180.1.21:9696/networking/v2.0/security-groups/a022c108-8106-480c-a017-5235b99b73b9 0.391s
2024-12-10 21:51:38.563 65118 INFO tempest.lib.common.rest_client [req-7b8370b9-0074-47d6-8c2e-ef14a588cc92 req-7b8370b9-0074-47d6-8c2e-ef14a588cc92 ] Request (ServicesAdminNegativeTestJSON:tearDownClass): 200 GET http://10.180.1.21:9696/networking/v2.0/security-groups?tenant_id=2008d143bf1248a9a05e1a0397a2c998&name=default 0.819s
2024-12-10 21:51:38.579 65070 INFO tempest.lib.common.rest_client [req-f184462e-9b62-44e2-8c08-35ca3bcbd7d0 req-f184462e-9b62-44e2-8c08-35ca3bcbd7d0 ] Request (ImagesMetadataNegativeTestJSON:setUpClass): 204 PUT http://10.180.1.21/identity/v3/projects/5248faac35e54942be27e0271e8715b1/users/822127a615fa4dcf8d915b6045ffbade/roles/d9ac59841022492db57c4b9ce759cbeb 0.026s
2024-12-10 21:51:38.579 65070 INFO tempest.lib.common.dynamic_creds [-] Dynamic test user 822127a615fa4dcf8d915b6045ffbade is created with scope project and roles: ['member']
2024-12-10 21:51:38.579 65070 INFO tempest.lib.common.dynamic_creds [-] Acquired dynamic creds: credentials: Credentials: {'domain_id': 'default', 'domain_name': 'Default', 'username': 'tempest-ImagesMetadataNegativeTestJSON-1431772291-project-member', 'project_domain_id': 'default', 'project_domain_name': 'Default', 'project_id': '5248faac35e54942be27e0271e8715b1', 'project_name': 'tempest-ImagesMetadataNegativeTestJSON-1431772291', 'tenant_id': '5248faac35e54942be27e0271e8715b1', 'tenant_name': 'tempest-ImagesMetadataNegativeTestJSON-1431772291', 'user_domain_id': 'default', 'user_domain_name': 'Default', 'user_id': '822127a615fa4dcf8d915b6045ffbade', 'system': None}, Network: None, Subnet: None, Router: None
2024-12-10 21:51:38.579 65070 INFO tempest.lib.common.dynamic_creds [-] Created isolated network resources for: credentials: Credentials: {'domain_id': 'default', 'domain_name': 'Default', 'username': 'tempest-ImagesMetadataNegativeTestJSON-1431772291-project-member', 'project_domain_id': 'default', 'project_domain_name': 'Default', 'project_id': '5248faac35e54942be27e0271e8715b1', 'project_name': 'tempest-ImagesMetadataNegativeTestJSON-1431772291', 'tenant_id': '5248faac35e54942be27e0271e8715b1', 'tenant_name': 'tempest-ImagesMetadataNegativeTestJSON-1431772291', 'user_domain_id': 'default', 'user_domain_name': 'Default', 'user_id': '822127a615fa4dcf8d915b6045ffbade', 'system': None}, Network: None, Subnet: None, Router: None
2024-12-10 21:51:38.673 65090 INFO tempest.lib.common.rest_client [req-7b95594e-8e26-42c0-9b7b-303efc202c6f req-7b95594e-8e26-42c0-9b7b-303efc202c6f ] Request (KeyPairsNegativeTestJSON:tearDownClass): 204 DELETE http://10.180.1.21/identity/v3/projects/2ff2ebddc17c4874bd2d98521ac44694 0.117s
2024-12-10 21:51:38.708 65070 INFO tempest.lib.common.rest_client [req-8547af12-f8e9-428d-9fb0-92b03af47b74 req-8547af12-f8e9-428d-9fb0-92b03af47b74 ] Request (ImagesMetadataNegativeTestJSON:setUpClass): 201 POST http://10.180.1.21/identity/v3/auth/tokens 0.126s
2024-12-10 21:51:38.735 65090 INFO tempest.lib.common.rest_client [req-b7c12946-8f65-40d4-9e71-79cd2c8cd6c9 req-b7c12946-8f65-40d4-9e71-79cd2c8cd6c9 ] Request (ServersNegativeTestMultiTenantJSON:setUpClass): 201 POST http://10.180.1.21/identity/v3/auth/tokens 0.061s
2024-12-10 21:51:38.761 65104 INFO tempest.lib.common.rest_client [req-882da682-c39b-4dea-b589-573d8f43b542 req-882da682-c39b-4dea-b589-573d8f43b542 ] Request (ServerDiagnosticsNegativeTest:test_get_server_diagnostics_by_non_admin): 200 GET http://10.180.1.21/compute/v2.1/servers/adf1f186-01f6-4e45-ba26-4bdd1695ab29 1.376s
2024-12-10 21:51:38.807 65090 INFO tempest.lib.common.rest_client [req-1c98e138-fcfc-4cd4-b65c-41f1eb8aafe8 req-1c98e138-fcfc-4cd4-b65c-41f1eb8aafe8 ] Request (ServersNegativeTestMultiTenantJSON:setUpClass): 201 POST http://10.180.1.21/identity/v3/auth/tokens 0.027s
2024-12-10 21:51:38.818 65080 INFO tempest.lib.common.rest_client [req-9c0259c7-5c2c-4db5-80c1-0738803f8599 req-9c0259c7-5c2c-4db5-80c1-0738803f8599 ] Request (FloatingIPDetailsTestJSON:tearDownClass): 202 DELETE http://10.180.1.21/compute/v2.1/os-floating-ips/0c1c0f64-bf4a-403d-8517-61baab87a137 1.951s
2024-12-10 21:51:38.829 65090 INFO tempest.lib.common.rest_client [req-bb4ea645-2732-4a1b-8ab1-13873b61861d req-bb4ea645-2732-4a1b-8ab1-13873b61861d ] Request (ServersNegativeTestMultiTenantJSON:setUpClass): 200 GET http://10.180.1.21/identity/v3/domains?name=Default 0.021s
2024-12-10 21:51:38.859 65090 INFO tempest.lib.common.rest_client [req-c244194d-5de0-476a-954e-9bf49ab4b337 req-c244194d-5de0-476a-954e-9bf49ab4b337 ] Request (ServersNegativeTestMultiTenantJSON:setUpClass): 201 POST http://10.180.1.21/identity/v3/projects 0.030s
2024-12-10 21:51:38.927 65112 INFO tempest.lib.common.rest_client [req-9c0a9c43-3271-428e-a0e9-538793be1de4 req-9c0a9c43-3271-428e-a0e9-538793be1de4 ] Request (VolumesAssistedSnapshotsTest:test_volume_assisted_snapshot_create_delete): 200 POST http://10.180.1.21/compute/v2.1/os-keypairs 1.484s
2024-12-10 21:51:38.934 65090 INFO tempest.lib.common.rest_client [req-4f7623ce-8314-486d-9491-a3991cce5c5f req-4f7623ce-8314-486d-9491-a3991cce5c5f ] Request (ServersNegativeTestMultiTenantJSON:setUpClass): 201 POST http://10.180.1.21/identity/v3/users 0.074s
2024-12-10 21:51:38.950 65108 INFO tempest.lib.common.rest_client [req-4f950c54-5ccf-44c5-b6c9-85a511e9d577 req-4f950c54-5ccf-44c5-b6c9-85a511e9d577 ] Request (FlavorsV255TestJSON:tearDownClass): 204 DELETE http://10.180.1.21:9696/networking/v2.0/security-groups/5758e70d-e89d-4b5d-bcfe-4e3270f4d8da 0.516s
2024-12-10 21:51:38.965 65090 INFO tempest.lib.common.rest_client [req-d7465a0f-0902-46ad-a488-e4f9a35ca0c4 req-d7465a0f-0902-46ad-a488-e4f9a35ca0c4 ] Request (ServersNegativeTestMultiTenantJSON:setUpClass): 200 GET http://10.180.1.21/identity/v3/roles 0.031s
2024-12-10 21:51:38.972 65100 INFO tempest.lib.common.rest_client [req-f917f466-bed6-4b60-8b09-5fd788ac472a req-f917f466-bed6-4b60-8b09-5fd788ac472a ] Request (HypervisorAdminNegativeUnderV252Test:tearDownClass): 200 GET http://10.180.1.21:9696/networking/v2.0/security-groups?tenant_id=8775e364c2ed488a964ed8608ab6984d&name=default 0.618s
2024-12-10 21:51:39.000 65090 INFO tempest.lib.common.rest_client [req-6f8f8f13-6195-4bbd-b3fc-58cb55c4e446 req-6f8f8f13-6195-4bbd-b3fc-58cb55c4e446 ] Request (ServersNegativeTestMultiTenantJSON:setUpClass): 204 PUT http://10.180.1.21/identity/v3/projects/1e409db89ea84eb59c295ead9e79d65e/users/2265962fe2b94660883f94576731c63a/roles/d9ac59841022492db57c4b9ce759cbeb 0.034s
2024-12-10 21:51:39.000 65090 INFO tempest.lib.common.dynamic_creds [-] Dynamic test user 2265962fe2b94660883f94576731c63a is created with scope project and roles: ['member']
2024-12-10 21:51:39.000 65090 INFO tempest.lib.common.dynamic_creds [-] Acquired dynamic creds: credentials: Credentials: {'domain_id': 'default', 'domain_name': 'Default', 'username': 'tempest-ServersNegativeTestMultiTenantJSON-986482821-project-member', 'project_domain_id': 'default', 'project_domain_name': 'Default', 'project_id': '1e409db89ea84eb59c295ead9e79d65e', 'project_name': 'tempest-ServersNegativeTestMultiTenantJSON-986482821', 'tenant_id': '1e409db89ea84eb59c295ead9e79d65e', 'tenant_name': 'tempest-ServersNegativeTestMultiTenantJSON-986482821', 'user_domain_id': 'default', 'user_domain_name': 'Default', 'user_id': '2265962fe2b94660883f94576731c63a', 'system': None}, Network: None, Subnet: None, Router: None
2024-12-10 21:51:39.019 65108 INFO tempest.lib.common.rest_client [req-6cac05c9-126b-44f7-b908-a8641973e12d req-6cac05c9-126b-44f7-b908-a8641973e12d ] Request (FlavorsV255TestJSON:tearDownClass): 204 DELETE http://10.180.1.21/identity/v3/projects/e077a40155be4c058f83a61aed19c69a 0.068s
2024-12-10 21:51:39.019 65108 INFO tempest.lib.common.dynamic_creds [-] Deleting project and security group for project: 7179403f334b45e89a380d4dfd895c83
2024-12-10 21:51:39.064 65074 INFO tempest.lib.common.rest_client [req-b48f94e3-fd23-4965-a2a1-90dfe9352e37 req-b48f94e3-fd23-4965-a2a1-90dfe9352e37 ] Request (KeyPairsV210TestJSON:tearDownClass): 200 GET http://10.180.1.21:9696/networking/v2.0/security-groups?tenant_id=e2768770c58345a2a07e61f939e30148&name=default 0.845s
2024-12-10 21:51:39.079 65090 INFO tempest.lib.common.rest_client [req-a19c04f0-7ed2-40d1-a8b9-262c8bc56316 req-a19c04f0-7ed2-40d1-a8b9-262c8bc56316 ] Request (ServersNegativeTestMultiTenantJSON:setUpClass): 201 POST http://10.180.1.21/identity/v3/auth/tokens 0.079s
2024-12-10 21:51:39.084 65118 INFO tempest.lib.common.rest_client [req-8a7ab340-5e93-4891-9c2e-3a898bbc4380 req-8a7ab340-5e93-4891-9c2e-3a898bbc4380 ] Request (ServicesAdminNegativeTestJSON:tearDownClass): 204 DELETE http://10.180.1.21:9696/networking/v2.0/security-groups/40dc4738-6448-4802-a0fa-2fbc316836a0 0.520s
2024-12-10 21:51:39.202 65118 INFO tempest.lib.common.rest_client [req-3d19d4b6-ce8e-462c-baa6-b3113c29d3f7 req-3d19d4b6-ce8e-462c-baa6-b3113c29d3f7 ] Request (ServicesAdminNegativeTestJSON:tearDownClass): 204 DELETE http://10.180.1.21/identity/v3/projects/2008d143bf1248a9a05e1a0397a2c998 0.117s
2024-12-10 21:51:39.202 65118 INFO tempest.lib.common.dynamic_creds [-] Deleting project and security group for project: 4cbb9c4d91274a4e8a0201f25c4ec136
2024-12-10 21:51:39.328 65116 INFO tempest.lib.common.rest_client [req-511c2687-f0f9-4681-95d2-16f5d2fe7901 req-511c2687-f0f9-4681-95d2-16f5d2fe7901 ] Request (ServersAdminNegativeTestJSON:setUpClass): 200 GET http://10.180.1.21/compute/v2.1/servers/0b2f15b5-9356-4da5-bc52-8a02128a3997 1.881s
2024-12-10 21:51:39.346 65062 INFO tempest.lib.common.rest_client [req-285b5bba-6b68-4f02-b67d-add08d53fd6a req-285b5bba-6b68-4f02-b67d-add08d53fd6a ] Request (FlavorsExtraSpecsTestJSON:test_flavor_set_get_update_show_unset_keys): 200 GET http://10.180.1.21/compute/v2.1/flavors/1072661544/os-extra_specs 1.856s
2024-12-10 21:51:39.353 65076 INFO tempest.lib.common.rest_client [req-1613c322-240c-4df4-9a84-0e8a15e3cd7f req-1613c322-240c-4df4-9a84-0e8a15e3cd7f ] Request (HostsAdminNegativeTestJSON:test_startup_host_with_non_admin_user): 403 GET http://10.180.1.21/compute/v2.1/os-hosts/devstack/startup 1.853s
2024-12-10 21:51:39.383 65100 INFO tempest.lib.common.rest_client [req-0f17c76c-22bb-41be-9c1f-52cbe3c0f16a req-0f17c76c-22bb-41be-9c1f-52cbe3c0f16a ] Request (HypervisorAdminNegativeUnderV252Test:tearDownClass): 204 DELETE http://10.180.1.21:9696/networking/v2.0/security-groups/398f56dc-fe07-48f4-82dd-6af4438d01cf 0.410s
2024-12-10 21:51:39.386 65088 INFO tempest.lib.common.rest_client [req-1c50612f-fdf7-4831-bac5-50638fd267c7 req-1c50612f-fdf7-4831-bac5-50638fd267c7 ] Request (DeleteServersAdminTestJSON:test_admin_delete_servers_of_others): 200 GET http://10.180.1.21/compute/v2.1/servers/9d0d6b11-ca83-4a62-8bbd-91f3d2af81f7 1.903s
2024-12-10 21:51:39.395 65088 INFO tempest.common.waiters [-] State transition "BUILD/networking" ==> "BUILD/spawning" after 8 second wait
2024-12-10 21:51:39.417 65064 INFO tempest.lib.common.rest_client [req-33b33adf-a7d6-4cfa-b747-1fa5faeb0b26 req-33b33adf-a7d6-4cfa-b747-1fa5faeb0b26 ] Request (ImagesOneServerNegativeTestJSON:setUpClass): 201 POST http://10.180.1.21:9696/networking/v2.0/subnets 0.964s
2024-12-10 21:51:39.417 65074 INFO tempest.lib.common.rest_client [req-55cc11c6-9f97-4194-9157-6fe07393f2a0 req-55cc11c6-9f97-4194-9157-6fe07393f2a0 ] Request (KeyPairsV210TestJSON:tearDownClass): 204 DELETE http://10.180.1.21:9696/networking/v2.0/security-groups/f078cf52-3392-4f49-a991-27ae1eb4c307 0.353s
2024-12-10 21:51:39.418 65098 INFO tempest.lib.common.rest_client [req-b2b82c55-7f7e-4a6e-a61c-29c57d797c22 req-b2b82c55-7f7e-4a6e-a61c-29c57d797c22 ] Request (HostsAdminTestJSON:test_show_host_detail): 200 GET http://10.180.1.21/compute/v2.1/os-hosts 1.867s
2024-12-10 21:51:39.489 65078 INFO tempest.lib.common.rest_client [req-4c096b20-e1fd-42a3-8448-a2562dc135a2 req-4c096b20-e1fd-42a3-8448-a2562dc135a2 ] Request (AttachInterfacesTestJSON:test_create_list_show_delete_interfaces_by_fixed_ip): 200 GET http://10.180.1.21/compute/v2.1/servers/bc46f22b-e915-4f69-8cec-960ab8c3d1f5 1.853s
2024-12-10 21:51:39.497 65078 INFO tempest.common.waiters [-] State transition "BUILD/None" ==> "BUILD/block_device_mapping" after 7 second wait
2024-12-10 21:51:39.508 65086 INFO tempest.lib.common.rest_client [req-464722fc-4874-4e72-bcf6-0ef914c5606f req-464722fc-4874-4e72-bcf6-0ef914c5606f ] Request (AggregatesAdminNegativeTestJSON:_run_cleanups): 200 DELETE http://10.180.1.21/compute/v2.1/os-aggregates/2 1.807s
2024-12-10 21:51:39.508 65094 INFO tempest.lib.common.rest_client [req-3aa39859-c68b-445b-bd69-d5a9d83d59b4 req-3aa39859-c68b-445b-bd69-d5a9d83d59b4 ] Request (ServicesAdminNegativeV253TestJSON:test_list_services_with_non_admin_user): 403 GET http://10.180.1.21/compute/v2.1/os-services 1.981s
2024-12-10 21:51:39.508 65100 INFO tempest.lib.common.rest_client [req-efb73cf1-ad8a-46e3-ae9b-4cf0a899158d req-efb73cf1-ad8a-46e3-ae9b-4cf0a899158d ] Request (HypervisorAdminNegativeUnderV252Test:tearDownClass): 204 DELETE http://10.180.1.21/identity/v3/projects/8775e364c2ed488a964ed8608ab6984d 0.125s
2024-12-10 21:51:39.521 65112 INFO tempest.lib.common.rest_client [req-0458881c-8447-400c-8cf6-5ab0571ffbfa req-0458881c-8447-400c-8cf6-5ab0571ffbfa ] Request (VolumesAssistedSnapshotsTest:test_volume_assisted_snapshot_create_delete): 201 POST http://10.180.1.21:9696/networking/v2.0/security-groups 0.592s
2024-12-10 21:51:39.527 65066 INFO tempest.lib.common.rest_client [req-18efd96f-fe1c-44d9-9d85-653ac056b472 req-18efd96f-fe1c-44d9-9d85-653ac056b472 ] Request (FlavorsExtraSpecsNegativeTestJSON:tearDownClass): 202 DELETE http://10.180.1.21/compute/v2.1/flavors/753575972 1.767s
2024-12-10 21:51:39.536 65060 INFO tempest.lib.common.rest_client [req-794a3aaa-1b29-4b2f-92f7-fbe322add085 req-794a3aaa-1b29-4b2f-92f7-fbe322add085 ] Request (FlavorsAdminTestJSON:_run_cleanups): 200 GET http://10.180.1.21/compute/v2.1/flavors/detail 1.788s
2024-12-10 21:51:39.552 65114 INFO tempest.lib.common.rest_client [req-b38d2847-7462-4e9c-a9e4-a2305d917f7c req-b38d2847-7462-4e9c-a9e4-a2305d917f7c ] Request (FlavorsAccessNegativeTestJSON:_run_cleanups): 202 DELETE http://10.180.1.21/compute/v2.1/flavors/896668509 1.759s
2024-12-10 21:51:39.559 65096 INFO tempest.lib.common.rest_client [req-fc9c7e51-2f77-4ea8-926f-67b7eb3e2c61 req-fc9c7e51-2f77-4ea8-926f-67b7eb3e2c61 ] Request (ServersWithSpecificFlavorTestJSON:test_verify_created_server_ephemeral_disk): 200 POST http://10.180.1.21/compute/v2.1/flavors/436022953/os-extra_specs 1.778s
2024-12-10 21:51:39.568 65056 INFO tempest.lib.common.rest_client [req-13cb4290-b7e9-47be-8d1a-353a625b9759 req-13cb4290-b7e9-47be-8d1a-353a625b9759 ] Request (FlavorsAccessTestJSON:_run_cleanups): 202 DELETE http://10.180.1.21/compute/v2.1/flavors/78176884 1.761s
2024-12-10 21:51:39.588 65108 INFO tempest.lib.common.rest_client [req-4aadd6fc-378d-4a7b-8fcb-1ca9e247e7e8 req-4aadd6fc-378d-4a7b-8fcb-1ca9e247e7e8 ] Request (FlavorsV255TestJSON:tearDownClass): 200 GET http://10.180.1.21:9696/networking/v2.0/security-groups?tenant_id=7179403f334b45e89a380d4dfd895c83&name=default 0.568s
2024-12-10 21:51:39.602 65074 INFO tempest.lib.common.rest_client [req-3d3ff494-84cc-4206-9fa4-0141a66021a4 req-3d3ff494-84cc-4206-9fa4-0141a66021a4 ] Request (KeyPairsV210TestJSON:tearDownClass): 204 DELETE http://10.180.1.21/identity/v3/projects/e2768770c58345a2a07e61f939e30148 0.184s
2024-12-10 21:51:39.602 65074 INFO tempest.lib.common.dynamic_creds [-] Deleting project and security group for project: 8a44a6adf9364f508be4b50492b4238a
2024-12-10 21:51:39.618 65094 INFO tempest.lib.common.rest_client [req-e372b847-cf68-481d-baed-049400f26f53 req-e372b847-cf68-481d-baed-049400f26f53 ] Request (ServicesAdminNegativeV253TestJSON:tearDownClass): 204 DELETE http://10.180.1.21/identity/v3/users/52e5f937a10645c2b1a6900eccd947aa 0.109s
2024-12-10 21:51:39.647 65100 INFO tempest.lib.common.rest_client [req-f8a8a0aa-4643-48ca-a9ea-c2d4cca9b756 req-f8a8a0aa-4643-48ca-a9ea-c2d4cca9b756 ] Request (ServicesAdminTestJSON:setUpClass): 201 POST http://10.180.1.21/identity/v3/auth/tokens 0.137s
2024-12-10 21:51:39.667 65072 INFO tempest.lib.common.rest_client [req-6710a73a-b799-4e1a-bd08-1ce788c117c7 req-6710a73a-b799-4e1a-bd08-1ce788c117c7 ] Request (ServersAdmin275Test:test_rebuild_update_server_275): 200 GET http://10.180.1.21/compute/v2.1/servers/7ed1869b-528e-4d30-81a6-f4783d4ada88 1.650s
2024-12-10 21:51:39.709 65094 INFO tempest.lib.common.rest_client [req-ef8de897-a5f8-4fed-a05b-0a344f3de3fc req-ef8de897-a5f8-4fed-a05b-0a344f3de3fc ] Request (ServicesAdminNegativeV253TestJSON:tearDownClass): 204 DELETE http://10.180.1.21/identity/v3/users/292e436808dd4998804b85475eb3e061 0.090s
2024-12-10 21:51:39.709 65094 INFO tempest.lib.common.dynamic_creds [-] Deleting project and security group for project: 8a9a183a950a49099b658d8997ec6d99
2024-12-10 21:51:39.768 65100 INFO tempest.lib.common.rest_client [req-59107997-d1c2-472a-8811-d61990b17a43 req-59107997-d1c2-472a-8811-d61990b17a43 ] Request (ServicesAdminTestJSON:setUpClass): 201 POST http://10.180.1.21/identity/v3/auth/tokens 0.118s
2024-12-10 21:51:39.771 65110 INFO tempest.lib.common.rest_client [req-ac52fec2-4f87-41c1-a181-e9daae3de6a3 req-ac52fec2-4f87-41c1-a181-e9daae3de6a3 ] Request (QuotasAdminTestV257:test_get_updated_quotas): 200 GET http://10.180.1.21/compute/v2.1/os-quota-sets/700e0ff6b5de4361adad6a252a6aaf27?user_id=f9f8d8fe08524d74bce678dd83c789e3 1.477s
2024-12-10 21:51:39.774 65102 INFO tempest.lib.common.rest_client [req-fe7808ab-74ab-46b3-bcbf-88488fda2cee req-fe7808ab-74ab-46b3-bcbf-88488fda2cee ] Request (FloatingIPsAssociationTestJSON:setUpClass): 201 POST http://10.180.1.21:9696/networking/v2.0/networks 1.243s
2024-12-10 21:51:39.793 65068 INFO tempest.lib.common.rest_client [req-e3320824-91be-49b9-9bde-9dcb7301fb10 req-e3320824-91be-49b9-9bde-9dcb7301fb10 ] Request (ImagesDeleteNegativeTestJSON:test_delete_image_with_invalid_image_id): 404 DELETE http://10.180.1.21/compute/v2.1/images/tempest-invalid-502050347 1.476s
2024-12-10 21:51:39.794 65094 INFO tempest.lib.common.rest_client [req-d23912fd-3bce-4eb8-88f2-52f793279570 req-d23912fd-3bce-4eb8-88f2-52f793279570 ] Request (ServicesAdminNegativeV253TestJSON:tearDownClass): 201 POST http://10.180.1.21/identity/v3/auth/tokens 0.084s
2024-12-10 21:51:39.801 65118 INFO tempest.lib.common.rest_client [req-399366ed-3306-4188-9f7c-1f19d4a6f620 req-399366ed-3306-4188-9f7c-1f19d4a6f620 ] Request (ServicesAdminNegativeTestJSON:tearDownClass): 200 GET http://10.180.1.21:9696/networking/v2.0/security-groups?tenant_id=4cbb9c4d91274a4e8a0201f25c4ec136&name=default 0.598s
2024-12-10 21:51:39.819 65100 INFO tempest.lib.common.rest_client [req-60adc0e5-a44b-440f-8d8e-f0b11ac49e8e req-60adc0e5-a44b-440f-8d8e-f0b11ac49e8e ] Request (ServicesAdminTestJSON:setUpClass): 200 GET http://10.180.1.21/identity/v3/domains?name=Default 0.050s
2024-12-10 21:51:39.860 65100 INFO tempest.lib.common.rest_client [req-34e9affa-827b-4ae0-b366-5b60eab1aa71 req-34e9affa-827b-4ae0-b366-5b60eab1aa71 ] Request (ServicesAdminTestJSON:setUpClass): 201 POST http://10.180.1.21/identity/v3/projects 0.041s
2024-12-10 21:51:39.882 65082 INFO tempest.lib.common.rest_client [req-b0894bc4-60e8-41ea-ade8-a32008dbab54 req-b0894bc4-60e8-41ea-ade8-a32008dbab54 ] Request (ServersTestManualDisk:setUpClass): 201 POST http://10.180.1.21:9696/networking/v2.0/routers 3.245s
2024-12-10 21:51:39.882 65110 INFO tempest.lib.common.rest_client [req-b04a7735-03a6-4daa-85e3-b38f1e076777 req-b04a7735-03a6-4daa-85e3-b38f1e076777 ] Request (QuotasAdminTestV257:_run_cleanups): 204 DELETE http://10.180.1.21/identity/v3/users/f9f8d8fe08524d74bce678dd83c789e3 0.109s
2024-12-10 21:51:39.939 65084 INFO tempest.lib.common.rest_client [req-638c3d8f-053f-45b3-be8f-3893fa224d62 req-638c3d8f-053f-45b3-be8f-3893fa224d62 ] Request (ServerExternalEventsTest:test_create_server_external_events): 200 GET http://10.180.1.21/compute/v2.1/servers/a11ebf7b-95fb-45af-a954-655135e5309f 1.470s
2024-12-10 21:51:39.955 65112 INFO tempest.lib.common.rest_client [req-a7fccafb-522e-4d1f-8ef3-77fa2fd12952 req-a7fccafb-522e-4d1f-8ef3-77fa2fd12952 ] Request (VolumesAssistedSnapshotsTest:test_volume_assisted_snapshot_create_delete): 201 POST http://10.180.1.21:9696/networking/v2.0/security-group-rules 0.432s
2024-12-10 21:51:39.988 65070 INFO tempest.lib.common.rest_client [req-912fcb20-4dd8-49af-8a5c-a1545c9c2d8b req-912fcb20-4dd8-49af-8a5c-a1545c9c2d8b ] Request (ImagesMetadataNegativeTestJSON:test_delete_nonexistent_image_metadata_item): 404 DELETE http://10.180.1.21/compute/v2.1/images/42351539-5992-4132-a765-f0a657b91a75/metadata/os_distro 1.279s
2024-12-10 21:51:40.023 65100 INFO tempest.lib.common.rest_client [req-ee6ff94e-7bcf-4c13-9acd-d794e34df1e4 req-ee6ff94e-7bcf-4c13-9acd-d794e34df1e4 ] Request (ServicesAdminTestJSON:setUpClass): 201 POST http://10.180.1.21/identity/v3/users 0.162s
2024-12-10 21:51:40.029 65062 INFO tempest.lib.common.rest_client [req-7f6ed07b-3164-4240-b2b5-0a2f1209d53f req-7f6ed07b-3164-4240-b2b5-0a2f1209d53f ] Request (FlavorsExtraSpecsTestJSON:test_flavor_set_get_update_show_unset_keys): 200 DELETE http://10.180.1.21/compute/v2.1/flavors/1072661544/os-extra_specs/hw:numa_nodes 0.683s
2024-12-10 21:51:40.041 65076 INFO tempest.lib.common.rest_client [req-65f5f909-1122-42ca-9b5c-c69aec00ee3e req-65f5f909-1122-42ca-9b5c-c69aec00ee3e ] Request (HostsAdminNegativeTestJSON:test_startup_nonexistent_host): 404 GET http://10.180.1.21/compute/v2.1/os-hosts/nonexistent_hostname/startup 0.687s
2024-12-10 21:51:40.041 65100 INFO tempest.lib.common.rest_client [req-8c720e54-2ad4-4ea7-a9b8-367b4fcfd000 req-8c720e54-2ad4-4ea7-a9b8-367b4fcfd000 ] Request (ServicesAdminTestJSON:setUpClass): 200 GET http://10.180.1.21/identity/v3/roles 0.018s
2024-12-10 21:51:40.068 65100 INFO tempest.lib.common.rest_client [req-ab54185c-207c-4fe1-a6e3-781fa9cd09d0 req-ab54185c-207c-4fe1-a6e3-781fa9cd09d0 ] Request (ServicesAdminTestJSON:setUpClass): 204 PUT http://10.180.1.21/identity/v3/projects/bf41655aff484ba6bc7c771a9efad668/users/8bcd09b8dd9f46ddb3c0514c72a2e49c/roles/d9ac59841022492db57c4b9ce759cbeb 0.026s
2024-12-10 21:51:40.069 65108 INFO tempest.lib.common.rest_client [req-b332e7e6-2895-43c0-8631-aa4bcb9bb401 req-b332e7e6-2895-43c0-8631-aa4bcb9bb401 ] Request (FlavorsV255TestJSON:tearDownClass): 204 DELETE http://10.180.1.21:9696/networking/v2.0/security-groups/8adc0b5e-d414-496d-9597-9f2c61d286cd 0.481s
2024-12-10 21:51:40.069 65100 INFO tempest.lib.common.dynamic_creds [-] Dynamic test user 8bcd09b8dd9f46ddb3c0514c72a2e49c is created with scope project and roles: ['member']
2024-12-10 21:51:40.070 65100 INFO tempest.lib.common.dynamic_creds [-] Acquired dynamic creds: credentials: Credentials: {'domain_id': 'default', 'domain_name': 'Default', 'username': 'tempest-ServicesAdminTestJSON-277587053-project-member', 'project_domain_id': 'default', 'project_domain_name': 'Default', 'project_id': 'bf41655aff484ba6bc7c771a9efad668', 'project_name': 'tempest-ServicesAdminTestJSON-277587053', 'tenant_id': 'bf41655aff484ba6bc7c771a9efad668', 'tenant_name': 'tempest-ServicesAdminTestJSON-277587053', 'user_domain_id': 'default', 'user_domain_name': 'Default', 'user_id': '8bcd09b8dd9f46ddb3c0514c72a2e49c', 'system': None}, Network: None, Subnet: None, Router: None
2024-12-10 21:51:40.070 65100 INFO tempest.lib.common.dynamic_creds [-] Created isolated network resources for: credentials: Credentials: {'domain_id': 'default', 'domain_name': 'Default', 'username': 'tempest-ServicesAdminTestJSON-277587053-project-member', 'project_domain_id': 'default', 'project_domain_name': 'Default', 'project_id': 'bf41655aff484ba6bc7c771a9efad668', 'project_name': 'tempest-ServicesAdminTestJSON-277587053', 'tenant_id': 'bf41655aff484ba6bc7c771a9efad668', 'tenant_name': 'tempest-ServicesAdminTestJSON-277587053', 'user_domain_id': 'default', 'user_domain_name': 'Default', 'user_id': '8bcd09b8dd9f46ddb3c0514c72a2e49c', 'system': None}, Network: None, Subnet: None, Router: None
2024-12-10 21:51:40.095 65098 INFO tempest.lib.common.rest_client [req-9ed24cd4-d643-445b-b410-f80b9d6284ff req-9ed24cd4-d643-445b-b410-f80b9d6284ff ] Request (HostsAdminTestJSON:test_show_host_detail): 200 GET http://10.180.1.21/compute/v2.1/os-hosts/cpu-1 0.675s
2024-12-10 21:51:40.133 65086 INFO tempest.lib.common.rest_client [req-246a9295-9c58-4193-b0a0-ee6018719692 req-246a9295-9c58-4193-b0a0-ee6018719692 ] Request (AggregatesAdminNegativeTestJSON:test_aggregate_add_non_exist_host): 200 POST http://10.180.1.21/compute/v2.1/os-aggregates 0.623s
2024-12-10 21:51:40.163 65066 INFO tempest.lib.common.rest_client [req-1de507ac-9019-4e61-ac62-c729f5028c99 req-1de507ac-9019-4e61-ac62-c729f5028c99 ] Request (FlavorsExtraSpecsNegativeTestJSON:tearDownClass): 200 GET http://10.180.1.21/compute/v2.1/flavors/detail 0.635s
2024-12-10 21:51:40.166 65110 INFO tempest.lib.common.rest_client [req-1b23c9ac-b6a9-4af8-9628-e3a014e1b652 req-1b23c9ac-b6a9-4af8-9628-e3a014e1b652 ] Request (QuotasAdminTestV257:_run_cleanups): 204 DELETE http://10.180.1.21/identity/v3/projects/700e0ff6b5de4361adad6a252a6aaf27 0.284s
2024-12-10 21:51:40.183 65060 INFO tempest.lib.common.rest_client [req-12af84fc-ac9e-4968-82d9-2133b1e99e25 req-12af84fc-ac9e-4968-82d9-2133b1e99e25 ] Request (FlavorsAdminTestJSON:test_create_flavor_with_none_id): 200 POST http://10.180.1.21/compute/v2.1/flavors 0.636s
2024-12-10 21:51:40.196 65090 INFO tempest.lib.common.rest_client [req-c8aceeb4-da2c-456f-bc49-ca653fbbccc0 req-c8aceeb4-da2c-456f-bc49-ca653fbbccc0 ] Request (ServersNegativeTestMultiTenantJSON:setUpClass): 201 POST http://10.180.1.21:9696/networking/v2.0/networks 1.116s
2024-12-10 21:51:40.215 65114 INFO tempest.lib.common.rest_client [req-4afb88b2-6628-4dc8-8432-4bd8134865da req-4afb88b2-6628-4dc8-8432-4bd8134865da ] Request (FlavorsAccessNegativeTestJSON:_run_cleanups): 200 GET http://10.180.1.21/compute/v2.1/flavors/detail 0.663s
2024-12-10 21:51:40.236 65108 INFO tempest.lib.common.rest_client [req-7cf5b85c-9c2c-4d1d-a1af-94edca3a324f req-7cf5b85c-9c2c-4d1d-a1af-94edca3a324f ] Request (FlavorsV255TestJSON:tearDownClass): 204 DELETE http://10.180.1.21/identity/v3/projects/7179403f334b45e89a380d4dfd895c83 0.166s
2024-12-10 21:51:40.247 65100 INFO tempest.lib.common.rest_client [req-68676602-61e2-457c-948d-45218fd1dcbd req-68676602-61e2-457c-948d-45218fd1dcbd ] Request (ServicesAdminTestJSON:setUpClass): 201 POST http://10.180.1.21/identity/v3/auth/tokens 0.172s
2024-12-10 21:51:40.262 65096 INFO tempest.lib.common.rest_client [req-5a807ed6-6128-42af-a2d0-ba2dccae4e2a req-5a807ed6-6128-42af-a2d0-ba2dccae4e2a ] Request (ValidationResourcesFixture:setUp): 200 POST http://10.180.1.21/compute/v2.1/os-keypairs 0.702s
2024-12-10 21:51:40.292 65056 INFO tempest.lib.common.rest_client [req-2fba9457-b08b-412c-b70d-724c8a5134f1 req-2fba9457-b08b-412c-b70d-724c8a5134f1 ] Request (FlavorsAccessTestJSON:_run_cleanups): 200 GET http://10.180.1.21/compute/v2.1/flavors/detail 0.723s
2024-12-10 21:51:40.295 65074 INFO tempest.lib.common.rest_client [req-e797b132-a3dc-4223-8f50-d7a9c670209b req-e797b132-a3dc-4223-8f50-d7a9c670209b ] Request (KeyPairsV210TestJSON:tearDownClass): 200 GET http://10.180.1.21:9696/networking/v2.0/security-groups?tenant_id=8a44a6adf9364f508be4b50492b4238a&name=default 0.692s
2024-12-10 21:51:40.374 65066 INFO tempest.lib.common.rest_client [req-10fbaec1-fb64-4fba-89e5-eb0d1117bd80 req-10fbaec1-fb64-4fba-89e5-eb0d1117bd80 ] Request (FlavorsExtraSpecsNegativeTestJSON:tearDownClass): 204 DELETE http://10.180.1.21/identity/v3/users/147a6a0d7b6b493da9c157c7be6631e0 0.202s
2024-12-10 21:51:40.375 65098 INFO tempest.lib.common.rest_client [req-845721c7-76cd-4a49-a4f1-d9b7d11a3da0 req-845721c7-76cd-4a49-a4f1-d9b7d11a3da0 ] Request (HostsAdminTestJSON:tearDownClass): 204 DELETE http://10.180.1.21/identity/v3/users/7804ea62f4c8470783868802bba7f823 0.276s
2024-12-10 21:51:40.377 65118 INFO tempest.lib.common.rest_client [req-943cb434-d5f0-4006-9c1e-4f8f5bb30010 req-943cb434-d5f0-4006-9c1e-4f8f5bb30010 ] Request (ServicesAdminNegativeTestJSON:tearDownClass): 204 DELETE http://10.180.1.21:9696/networking/v2.0/security-groups/7f0b00d0-17d8-4d9e-83ab-aa2795dbfde6 0.576s
2024-12-10 21:51:40.439 65108 INFO tempest.lib.common.rest_client [req-57658a56-1209-4c42-ae48-6b2d1759ca62 req-57658a56-1209-4c42-ae48-6b2d1759ca62 ] Request (ServerDiagnosticsTest:setUpClass): 201 POST http://10.180.1.21/identity/v3/auth/tokens 0.199s
2024-12-10 21:51:40.456 65112 INFO tempest.lib.common.rest_client [req-a6ba93c5-d55c-42f9-9a81-c9042567f01d req-a6ba93c5-d55c-42f9-9a81-c9042567f01d ] Request (VolumesAssistedSnapshotsTest:test_volume_assisted_snapshot_create_delete): 201 POST http://10.180.1.21:9696/networking/v2.0/security-group-rules 0.499s
2024-12-10 21:51:40.481 65100 INFO tempest.lib.common.rest_client [req-dfaf7758-eaf7-456d-a219-7f69aef19342 req-dfaf7758-eaf7-456d-a219-7f69aef19342 ] Request (ServicesAdminTestJSON:setUpClass): 201 POST http://10.180.1.21/identity/v3/projects 0.233s
2024-12-10 21:51:40.513 65110 INFO tempest.lib.common.rest_client [req-c8b64d37-991e-4609-b840-667615d6c1c8 req-c8b64d37-991e-4609-b840-667615d6c1c8 ] Request (QuotasAdminTestV257:tearDownClass): 204 DELETE http://10.180.1.21/identity/v3/users/b7b64e06f6fe4982a2df7a3a183d57c5 0.340s
2024-12-10 21:51:40.610 65066 INFO tempest.lib.common.rest_client [req-2c4aaa3c-153d-4545-9f63-ad2175c28f02 req-2c4aaa3c-153d-4545-9f63-ad2175c28f02 ] Request (FlavorsExtraSpecsNegativeTestJSON:tearDownClass): 204 DELETE http://10.180.1.21/identity/v3/users/1dfc41e9efbb4d26bba38899c9a83c3d 0.235s
2024-12-10 21:51:40.610 65066 INFO tempest.lib.common.dynamic_creds [-] Deleting project and security group for project: 744315225c1347ff8408b2f6c393dee6
2024-12-10 21:51:40.613 65094 INFO tempest.lib.common.rest_client [req-cfc668a1-739f-433d-b3be-42b9d12cb6b7 req-cfc668a1-739f-433d-b3be-42b9d12cb6b7 ] Request (ServicesAdminNegativeV253TestJSON:tearDownClass): 200 GET http://10.180.1.21:9696/networking/v2.0/security-groups?tenant_id=8a9a183a950a49099b658d8997ec6d99&name=default 0.819s
2024-12-10 21:51:40.615 65056 INFO tempest.lib.common.rest_client [req-f7481e14-b80b-439d-9675-3f004b27a6e8 req-f7481e14-b80b-439d-9675-3f004b27a6e8 ] Request (FlavorsAccessTestJSON:tearDownClass): 204 DELETE http://10.180.1.21/identity/v3/users/7e0d4446768f42a387e80bf36897185d 0.310s
2024-12-10 21:51:40.723 65104 INFO tempest.lib.common.rest_client [req-c88e6e6a-6a6a-4424-8dc4-08d7c9ebbe4e req-c88e6e6a-6a6a-4424-8dc4-08d7c9ebbe4e ] Request (ServerDiagnosticsNegativeTest:test_get_server_diagnostics_by_non_admin): 200 GET http://10.180.1.21/compute/v2.1/servers/adf1f186-01f6-4e45-ba26-4bdd1695ab29 0.949s
2024-12-10 21:51:40.740 65098 INFO tempest.lib.common.rest_client [req-ce110807-881c-4bb3-91f0-a4826750f890 req-ce110807-881c-4bb3-91f0-a4826750f890 ] Request (HostsAdminTestJSON:tearDownClass): 204 DELETE http://10.180.1.21/identity/v3/users/761f1bb4891b401ea4a6576b77addbb7 0.365s
2024-12-10 21:51:40.741 65098 INFO tempest.lib.common.dynamic_creds [-] Deleting project and security group for project: de919adfa93140da9d63d84e6fceb864
2024-12-10 21:51:40.743 65118 INFO tempest.lib.common.rest_client [req-39a7c3c6-1b73-49c5-971c-b7f95d5cd5f5 req-39a7c3c6-1b73-49c5-971c-b7f95d5cd5f5 ] Request (ServicesAdminNegativeTestJSON:tearDownClass): 204 DELETE http://10.180.1.21/identity/v3/projects/4cbb9c4d91274a4e8a0201f25c4ec136 0.365s
2024-12-10 21:51:40.747 65068 INFO tempest.lib.common.rest_client [req-990cc602-676d-4295-ad24-8715e18eeadf req-990cc602-676d-4295-ad24-8715e18eeadf ] Request (ImagesDeleteNegativeTestJSON:test_delete_non_existent_image): 404 DELETE http://10.180.1.21/compute/v2.1/images/aaa7f81b-4e3c-4d72-858a-32ec90a56c15 0.953s
2024-12-10 21:51:40.765 65070 INFO tempest.lib.common.rest_client [req-44f8dbd4-0f2b-43e6-a704-31850c7ad20d req-44f8dbd4-0f2b-43e6-a704-31850c7ad20d ] Request (ImagesMetadataNegativeTestJSON:test_get_nonexistent_image_metadata_item): 404 GET http://10.180.1.21/compute/v2.1/images/f0b40061-5f9e-4026-b10f-2ff3c11e6adb/metadata/os_version 0.775s
2024-12-10 21:51:40.790 65062 INFO tempest.lib.common.rest_client [req-5c7c83f8-1242-44c4-82f1-94519888e5f2 req-5c7c83f8-1242-44c4-82f1-94519888e5f2 ] Request (FlavorsExtraSpecsTestJSON:test_flavor_set_get_update_show_unset_keys): 200 DELETE http://10.180.1.21/compute/v2.1/flavors/1072661544/os-extra_specs/hw:cpu_policy 0.760s
2024-12-10 21:51:40.797 65076 INFO tempest.lib.common.rest_client [req-150f36c5-de90-4eea-9c69-deba54ee36b7 req-150f36c5-de90-4eea-9c69-deba54ee36b7 ] Request (HostsAdminNegativeTestJSON:test_update_host_with_invalid_maintenance_mode): 400 PUT http://10.180.1.21/compute/v2.1/os-hosts/devstack 0.754s
2024-12-10 21:51:40.803 65108 INFO tempest.lib.common.rest_client [req-8ac5d714-7663-4bd8-a647-f5b678fc23ff req-8ac5d714-7663-4bd8-a647-f5b678fc23ff ] Request (ServerDiagnosticsTest:setUpClass): 201 POST http://10.180.1.21/identity/v3/auth/tokens 0.362s
2024-12-10 21:51:40.813 65074 INFO tempest.lib.common.rest_client [req-f918e7ae-dc44-4aaf-9194-0aaf8cd1c3da req-f918e7ae-dc44-4aaf-9194-0aaf8cd1c3da ] Request (KeyPairsV210TestJSON:tearDownClass): 204 DELETE http://10.180.1.21:9696/networking/v2.0/security-groups/bb99abf4-55c0-49e2-8afc-b5b7177b32b4 0.517s
2024-12-10 21:51:40.822 65100 INFO tempest.lib.common.rest_client [req-90bae5bf-4413-4c47-99f1-3a590df8805e req-90bae5bf-4413-4c47-99f1-3a590df8805e ] Request (ServicesAdminTestJSON:setUpClass): 201 POST http://10.180.1.21/identity/v3/users 0.341s
2024-12-10 21:51:40.829 65086 INFO tempest.lib.common.rest_client [req-abc1314b-ac3c-4b33-95a8-49ebff63a50a req-abc1314b-ac3c-4b33-95a8-49ebff63a50a ] Request (AggregatesAdminNegativeTestJSON:test_aggregate_add_non_exist_host): 404 POST http://10.180.1.21/compute/v2.1/os-aggregates/3/action 0.695s
2024-12-10 21:51:40.847 65060 INFO tempest.lib.common.rest_client [req-17a1a317-e8b6-4c18-b3f8-f1c71451d005 req-17a1a317-e8b6-4c18-b3f8-f1c71451d005 ] Request (FlavorsAdminTestJSON:_run_cleanups): 202 DELETE http://10.180.1.21/compute/v2.1/flavors/bc6a8c7d-eb64-4de3-8079-73a93421b20c 0.662s
2024-12-10 21:51:40.873 65110 INFO tempest.lib.common.rest_client [req-7396121a-d2c6-4402-81e8-c41434a7306c req-7396121a-d2c6-4402-81e8-c41434a7306c ] Request (QuotasAdminTestV257:tearDownClass): 204 DELETE http://10.180.1.21/identity/v3/users/9710c2011ee9430ba70c0538c4638458 0.360s
2024-12-10 21:51:40.874 65110 INFO tempest.lib.common.dynamic_creds [-] Deleting project and security group for project: e843fd13a96b4c4aae18b9fcb2b8562f
2024-12-10 21:51:40.882 65066 INFO tempest.lib.common.rest_client [req-b63f4482-a895-4d50-90f0-8ad32fd9d852 req-b63f4482-a895-4d50-90f0-8ad32fd9d852 ] Request (FlavorsExtraSpecsNegativeTestJSON:tearDownClass): 201 POST http://10.180.1.21/identity/v3/auth/tokens 0.272s
2024-12-10 21:51:40.884 65102 INFO tempest.lib.common.rest_client [req-9f30d377-efc0-4ef6-b2a6-e9e36bb08c6a req-9f30d377-efc0-4ef6-b2a6-e9e36bb08c6a ] Request (FloatingIPsAssociationTestJSON:setUpClass): 201 POST http://10.180.1.21:9696/networking/v2.0/subnets 1.109s
2024-12-10 21:51:40.962 65096 INFO tempest.lib.common.rest_client [req-37ee55ce-4a78-473d-a5b9-2d595ff77675 req-37ee55ce-4a78-473d-a5b9-2d595ff77675 ] Request (ValidationResourcesFixture:setUp): 201 POST http://10.180.1.21:9696/networking/v2.0/security-groups 0.697s
2024-12-10 21:51:40.962 65098 INFO tempest.lib.common.rest_client [req-d2a16422-ae37-4f34-a0e1-a2e9ed7b6f0c req-d2a16422-ae37-4f34-a0e1-a2e9ed7b6f0c ] Request (HostsAdminTestJSON:tearDownClass): 201 POST http://10.180.1.21/identity/v3/auth/tokens 0.221s
2024-12-10 21:51:40.972 65056 INFO tempest.lib.common.rest_client [req-612d9598-0d33-4229-b31c-349a7e57e942 req-612d9598-0d33-4229-b31c-349a7e57e942 ] Request (FlavorsAccessTestJSON:tearDownClass): 204 DELETE http://10.180.1.21/identity/v3/users/52486bff4ae44017ba4de0c486592d0e 0.357s
2024-12-10 21:51:40.973 65056 INFO tempest.lib.common.dynamic_creds [-] Deleting project and security group for project: b3d4fff7a2b24398adb1ac14a70e3342
2024-12-10 21:51:41.019 65118 INFO tempest.lib.common.rest_client [req-832958f1-9d8e-4f93-b7e3-e2a0a955d348 req-832958f1-9d8e-4f93-b7e3-e2a0a955d348 ] Request (AbsoluteLimitsNegativeTestJSON:setUpClass): 201 POST http://10.180.1.21/identity/v3/auth/tokens 0.274s
2024-12-10 21:51:41.046 65108 INFO tempest.lib.common.rest_client [req-39975340-b18f-4cbe-9379-a32e74fea9da req-39975340-b18f-4cbe-9379-a32e74fea9da ] Request (ServerDiagnosticsTest:setUpClass): 200 GET http://10.180.1.21/identity/v3/domains?name=Default 0.242s
2024-12-10 21:51:41.100 65068 INFO tempest.lib.common.rest_client [req-fe573806-860d-46b4-be6f-be8c1f491d11 req-fe573806-860d-46b4-be6f-be8c1f491d11 ] Request (ImagesDeleteNegativeTestJSON:tearDownClass): 204 DELETE http://10.180.1.21/identity/v3/users/56c845d968be4968a08a04cbdafde3c4 0.351s
2024-12-10 21:51:41.101 65068 INFO tempest.lib.common.dynamic_creds [-] Deleting project and security group for project: daa2f8d3219c48479462e9379c1a1418
2024-12-10 21:51:41.203 65094 INFO tempest.lib.common.rest_client [req-e937aef5-5f3a-410e-9265-c80c0af4e4eb req-e937aef5-5f3a-410e-9265-c80c0af4e4eb ] Request (ServicesAdminNegativeV253TestJSON:tearDownClass): 204 DELETE http://10.180.1.21:9696/networking/v2.0/security-groups/8f94c6e4-bda5-4cdb-ba96-1f3b5d8dd66c 0.589s
2024-12-10 21:51:41.222 65074 INFO tempest.lib.common.rest_client [req-5018ff9b-1c88-46a5-8402-46f1edd86e14 req-5018ff9b-1c88-46a5-8402-46f1edd86e14 ] Request (KeyPairsV210TestJSON:tearDownClass): 204 DELETE http://10.180.1.21/identity/v3/projects/8a44a6adf9364f508be4b50492b4238a 0.408s
2024-12-10 21:51:41.264 65100 INFO tempest.lib.common.rest_client [req-f6f18c97-60d0-4db2-be7f-9bc32bdd46fd req-f6f18c97-60d0-4db2-be7f-9bc32bdd46fd ] Request (ServicesAdminTestJSON:setUpClass): 200 GET http://10.180.1.21/identity/v3/roles 0.441s
2024-12-10 21:51:41.293 65110 INFO tempest.lib.common.rest_client [req-555d2762-d50c-4f5e-b185-1a34c83363b9 req-555d2762-d50c-4f5e-b185-1a34c83363b9 ] Request (QuotasAdminTestV257:tearDownClass): 201 POST http://10.180.1.21/identity/v3/auth/tokens 0.419s
2024-12-10 21:51:41.378 65092 INFO tempest.lib.common.rest_client [req-88f02f1c-8f6a-4f24-8b48-cce942fa55f3 req-88f02f1c-8f6a-4f24-8b48-cce942fa55f3 ] Request (QuotaClassesAdminTestJSON:test_update_default_quotas): 200 GET http://10.180.1.21/compute/v2.1/os-quota-class-sets/default 1.160s
2024-12-10 21:51:41.385 65056 INFO tempest.lib.common.rest_client [req-2190a0a7-03bd-4473-bd4d-46f7856f78d3 req-2190a0a7-03bd-4473-bd4d-46f7856f78d3 ] Request (FlavorsAccessTestJSON:tearDownClass): 201 POST http://10.180.1.21/identity/v3/auth/tokens 0.412s
2024-12-10 21:51:41.405 65114 INFO tempest.lib.common.rest_client [req-ca208ed3-295b-4bd0-9f58-ec71b09bdba4 req-ca208ed3-295b-4bd0-9f58-ec71b09bdba4 ] Request (FlavorsAccessNegativeTestJSON:test_flavor_non_admin_add): 200 POST http://10.180.1.21/compute/v2.1/flavors 1.181s
2024-12-10 21:51:41.420 65108 INFO tempest.lib.common.rest_client [req-92845324-0342-4187-81c6-a5e0e0b1db83 req-92845324-0342-4187-81c6-a5e0e0b1db83 ] Request (ServerDiagnosticsTest:setUpClass): 201 POST http://10.180.1.21/identity/v3/projects 0.373s
2024-12-10 21:51:41.424 65118 INFO tempest.lib.common.rest_client [req-087067be-b386-47bf-aca6-38cf2435c9dd req-087067be-b386-47bf-aca6-38cf2435c9dd ] Request (AbsoluteLimitsNegativeTestJSON:setUpClass): 201 POST http://10.180.1.21/identity/v3/auth/tokens 0.397s
2024-12-10 21:51:41.447 65106 INFO tempest.lib.common.rest_client [req-9660d71e-252c-4e3f-a8e3-0702c49b60a5 req-9660d71e-252c-4e3f-a8e3-0702c49b60a5 ] Request (ServersTestFqdnHostnames:setUpClass): 200 PUT http://10.180.1.21:9696/networking/v2.0/routers/752aa751-a471-4d52-97d0-daa4c7de76da/add_router_interface 4.275s
2024-12-10 21:51:41.448 65106 INFO tempest.lib.common.dynamic_creds [-] Created isolated network resources for: credentials: Credentials: {'domain_id': 'default', 'domain_name': 'Default', 'username': 'tempest-ServersTestFqdnHostnames-1087979297-project-member', 'project_domain_id': 'default', 'project_domain_name': 'Default', 'project_id': 'af187e0acf3448439ee37d5e7d04d572', 'project_name': 'tempest-ServersTestFqdnHostnames-1087979297', 'tenant_id': 'af187e0acf3448439ee37d5e7d04d572', 'tenant_name': 'tempest-ServersTestFqdnHostnames-1087979297', 'user_domain_id': 'default', 'user_domain_name': 'Default', 'user_id': '35d162b010f94e9aa300c645c3cfd0f0', 'system': None}, Network: {'id': '8672e9a9-6080-4b98-8ed9-857973ed31d1', 'name': 'tempest-ServersTestFqdnHostnames-2026797930-network', 'tenant_id': 'af187e0acf3448439ee37d5e7d04d572', 'admin_state_up': True, 'mtu': 8950, 'status': 'ACTIVE', 'subnets': [], 'shared': False, 'project_id': 'af187e0acf3448439ee37d5e7d04d572', 'port_security_enabled': True, 'router:external': False, 'provider:network_type': 'vlan', 'provider:physical_network': 'default', 'provider:segmentation_id': 547, 'availability_zone_hints': [], 'availability_zones': [], 'ipv4_address_scope': None, 'ipv6_address_scope': None, 'description': '', 'tags': [], 'created_at': '2024-12-10T21:51:33Z', 'updated_at': '2024-12-10T21:51:33Z', 'revision_number': 1}, Subnet: {'id': '10752357-8d04-4ccd-9905-22f53d4ad8aa', 'name': 'tempest-ServersTestFqdnHostnames-2026797930-subnet', 'tenant_id': 'af187e0acf3448439ee37d5e7d04d572', 'network_id': '8672e9a9-6080-4b98-8ed9-857973ed31d1', 'ip_version': 4, 'subnetpool_id': None, 'enable_dhcp': True, 'ipv6_ra_mode': None, 'ipv6_address_mode': None, 'gateway_ip': '192.168.128.1', 'cidr': '192.168.128.0/28', 'allocation_pools': [{'start': '192.168.128.2', 'end': '192.168.128.14'}], 'host_routes': [], 'dns_nameservers': [], 'description': '', 'router:external': False, 'service_types': [], 'tags': [], 'created_at': '2024-12-10T21:51:34Z', 'updated_at': '2024-12-10T21:51:34Z', 'revision_number': 0, 'project_id': 'af187e0acf3448439ee37d5e7d04d572'}, Router: {'id': '752aa751-a471-4d52-97d0-daa4c7de76da', 'name': 'tempest-ServersTestFqdnHostnames-2026797930-router', 'tenant_id': 'af187e0acf3448439ee37d5e7d04d572', 'admin_state_up': True, 'status': 'ACTIVE', 'external_gateway_info': {'network_id': '7f3c3475-e521-4054-a63a-36553750aba0', 'external_fixed_ips': [{'subnet_id': 'd70aa703-b895-4eb5-a91e-90b3d78d2169', 'ip_address': '10.180.180.201'}], 'enable_snat': True}, 'description': '', 'availability_zones': [], 'distributed': False, 'ha': False, 'availability_zone_hints': [], 'routes': [], 'flavor_id': None, 'tags': [], 'created_at': '2024-12-10T21:51:34Z', 'updated_at': '2024-12-10T21:51:36Z', 'revision_number': 2, 'project_id': 'af187e0acf3448439ee37d5e7d04d572'}
2024-12-10 21:51:41.478 65068 INFO tempest.lib.common.rest_client [req-a6fb71de-33d6-4701-af43-5edf3066ff76 req-a6fb71de-33d6-4701-af43-5edf3066ff76 ] Request (ImagesDeleteNegativeTestJSON:tearDownClass): 201 POST http://10.180.1.21/identity/v3/auth/tokens 0.377s
