2024-12-10 21:52:30.360 65084 INFO tempest.lib.common.rest_client [req-a538c301-9eb8-43dd-954f-abdbde3e39b8 req-a538c301-9eb8-43dd-954f-abdbde3e39b8 ] Request (TenantUsagesNegativeTestJSON:setUpClass): 200 GET http://10.180.1.21/identity/v3/roles 0.030s
2024-12-10 21:52:30.386 65084 INFO tempest.lib.common.rest_client [req-24c0f634-0d28-40cf-83c8-2457fd4dcf35 req-24c0f634-0d28-40cf-83c8-2457fd4dcf35 ] Request (TenantUsagesNegativeTestJSON:setUpClass): 204 PUT http://10.180.1.21/identity/v3/projects/88a548db31f14fa3a036d112de507209/users/b6a9826dac00473cb23f8163724ed8b2/roles/d9ac59841022492db57c4b9ce759cbeb 0.025s
2024-12-10 21:52:30.386 65084 INFO tempest.lib.common.dynamic_creds [-] Dynamic test user b6a9826dac00473cb23f8163724ed8b2 is created with scope project and roles: ['member']
2024-12-10 21:52:30.386 65084 INFO tempest.lib.common.dynamic_creds [-] Acquired dynamic creds: credentials: Credentials: {'domain_id': 'default', 'domain_name': 'Default', 'username': 'tempest-TenantUsagesNegativeTestJSON-614011770-project-member', 'project_domain_id': 'default', 'project_domain_name': 'Default', 'project_id': '88a548db31f14fa3a036d112de507209', 'project_name': 'tempest-TenantUsagesNegativeTestJSON-614011770', 'tenant_id': '88a548db31f14fa3a036d112de507209', 'tenant_name': 'tempest-TenantUsagesNegativeTestJSON-614011770', 'user_domain_id': 'default', 'user_domain_name': 'Default', 'user_id': 'b6a9826dac00473cb23f8163724ed8b2', 'system': None}, Network: None, Subnet: None, Router: None
2024-12-10 21:52:30.386 65084 INFO tempest.lib.common.dynamic_creds [-] Created isolated network resources for: credentials: Credentials: {'domain_id': 'default', 'domain_name': 'Default', 'username': 'tempest-TenantUsagesNegativeTestJSON-614011770-project-member', 'project_domain_id': 'default', 'project_domain_name': 'Default', 'project_id': '88a548db31f14fa3a036d112de507209', 'project_name': 'tempest-TenantUsagesNegativeTestJSON-614011770', 'tenant_id': '88a548db31f14fa3a036d112de507209', 'tenant_name': 'tempest-TenantUsagesNegativeTestJSON-614011770', 'user_domain_id': 'default', 'user_domain_name': 'Default', 'user_id': 'b6a9826dac00473cb23f8163724ed8b2', 'system': None}, Network: None, Subnet: None, Router: None
2024-12-10 21:52:30.394 65064 INFO tempest.lib.common.rest_client [req-eb3e8c31-4b21-4acd-952e-d80ae794da25 req-eb3e8c31-4b21-4acd-952e-d80ae794da25 ] Request (ImagesOneServerNegativeTestJSON:tearDown): 200 GET http://10.180.1.21/compute/v2.1/servers/6650dd8a-f0e5-4dd5-ba2b-09c589d74512 1.624s
2024-12-10 21:52:30.445 65068 INFO tempest.lib.common.rest_client [req-b8eb1950-392a-449a-848e-4efe7bcf29a7 req-b8eb1950-392a-449a-848e-4efe7bcf29a7 ] Request (ImagesOneServerTestJSON:setUpClass): 200 GET http://10.180.1.21/compute/v2.1/servers/0d81385e-654e-4640-aa9f-a66309657995 1.227s
2024-12-10 21:52:30.454 65068 INFO tempest.common.waiters [-] State transition "BUILD/spawning" ==> "ACTIVE/None" after 30 second wait
2024-12-10 21:52:30.484 65070 INFO tempest.lib.common.rest_client [req-ae758d8c-7e43-41a0-8a07-20bef205f4b4 req-ae758d8c-7e43-41a0-8a07-20bef205f4b4 ] Request (ServerActionsTestJSON:setUpClass): 200 GET http://10.180.1.21/compute/v2.1/servers/1e8ac6e2-f994-4d5e-afe3-2e25da989f9b 1.166s
2024-12-10 21:52:30.486 65084 INFO tempest.lib.common.rest_client [req-d416bc81-e282-4eae-9fc4-ac92eaf01257 req-d416bc81-e282-4eae-9fc4-ac92eaf01257 ] Request (TenantUsagesNegativeTestJSON:setUpClass): 201 POST http://10.180.1.21/identity/v3/auth/tokens 0.097s
2024-12-10 21:52:30.538 65100 INFO tempest.lib.common.rest_client [req-fc7354df-9e18-40ea-af86-b9adf6f35819 req-fc7354df-9e18-40ea-af86-b9adf6f35819 ] Request (VolumesTestJSON:test_volume_list_with_detail_param_offset_and_limit): 200 GET http://10.180.1.21/compute/v2.1/os-volumes/detail 0.879s
2024-12-10 21:52:30.582 65084 INFO tempest.lib.common.rest_client [req-8bc624ba-b56f-4d31-ab4c-3753269d4cfd req-8bc624ba-b56f-4d31-ab4c-3753269d4cfd ] Request (TenantUsagesNegativeTestJSON:setUpClass): 201 POST http://10.180.1.21/identity/v3/projects 0.095s
2024-12-10 21:52:30.638 65084 INFO tempest.lib.common.rest_client [req-6ccffef4-29ec-49a3-89a1-962adbe09ece req-6ccffef4-29ec-49a3-89a1-962adbe09ece ] Request (TenantUsagesNegativeTestJSON:setUpClass): 201 POST http://10.180.1.21/identity/v3/users 0.055s
2024-12-10 21:52:30.660 65084 INFO tempest.lib.common.rest_client [req-adc05737-27da-46a1-912f-36e1f75afa39 req-adc05737-27da-46a1-912f-36e1f75afa39 ] Request (TenantUsagesNegativeTestJSON:setUpClass): 200 GET http://10.180.1.21/identity/v3/roles 0.021s
2024-12-10 21:52:30.687 65084 INFO tempest.lib.common.rest_client [req-4d3635f4-65b7-4752-9582-32063a57f711 req-4d3635f4-65b7-4752-9582-32063a57f711 ] Request (TenantUsagesNegativeTestJSON:setUpClass): 204 PUT http://10.180.1.21/identity/v3/projects/7906194e51cc4d7ab09b4ff127d7838b/users/7b32dab22a2d48d697d84a991a6a376a/roles/919fea8c121e49b2b5d1240356da8d81 0.026s
2024-12-10 21:52:30.726 65104 INFO tempest.lib.common.rest_client [req-8bf4b557-7eb3-43f9-8653-92f3ecc758a5 req-8bf4b557-7eb3-43f9-8653-92f3ecc758a5 ] Request (FloatingIPDetailsNegativeTestJSON:tearDownClass): 204 DELETE http://10.180.1.21:9696/networking/v2.0/routers/02ef1081-8148-4234-b90b-23928caaa665 0.955s
2024-12-10 21:52:30.739 65084 INFO tempest.lib.common.rest_client [req-5f099b9f-f153-4562-afcc-7174f0f51b64 req-5f099b9f-f153-4562-afcc-7174f0f51b64 ] Request (TenantUsagesNegativeTestJSON:setUpClass): 200 GET http://10.180.1.21/identity/v3/roles 0.052s
2024-12-10 21:52:30.762 65084 INFO tempest.lib.common.rest_client [req-19642844-cf7b-4c82-9212-ea7dcc113617 req-19642844-cf7b-4c82-9212-ea7dcc113617 ] Request (TenantUsagesNegativeTestJSON:setUpClass): 204 PUT http://10.180.1.21/identity/v3/projects/7906194e51cc4d7ab09b4ff127d7838b/users/7b32dab22a2d48d697d84a991a6a376a/roles/919fea8c121e49b2b5d1240356da8d81 0.022s
2024-12-10 21:52:30.766 65084 INFO tempest.lib.common.dynamic_creds [-] Dynamic test user 7b32dab22a2d48d697d84a991a6a376a is created with scope project and roles: ['admin']
2024-12-10 21:52:30.766 65084 INFO tempest.lib.common.dynamic_creds [-] Acquired dynamic creds: credentials: Credentials: {'domain_id': 'default', 'domain_name': 'Default', 'username': 'tempest-TenantUsagesNegativeTestJSON-1794643690-project-admin', 'project_domain_id': 'default', 'project_domain_name': 'Default', 'project_id': '7906194e51cc4d7ab09b4ff127d7838b', 'project_name': 'tempest-TenantUsagesNegativeTestJSON-1794643690', 'tenant_id': '7906194e51cc4d7ab09b4ff127d7838b', 'tenant_name': 'tempest-TenantUsagesNegativeTestJSON-1794643690', 'user_domain_id': 'default', 'user_domain_name': 'Default', 'user_id': '7b32dab22a2d48d697d84a991a6a376a', 'system': None}, Network: None, Subnet: None, Router: None
2024-12-10 21:52:30.767 65084 INFO tempest.lib.common.dynamic_creds [-] Created isolated network resources for: credentials: Credentials: {'domain_id': 'default', 'domain_name': 'Default', 'username': 'tempest-TenantUsagesNegativeTestJSON-1794643690-project-admin', 'project_domain_id': 'default', 'project_domain_name': 'Default', 'project_id': '7906194e51cc4d7ab09b4ff127d7838b', 'project_name': 'tempest-TenantUsagesNegativeTestJSON-1794643690', 'tenant_id': '7906194e51cc4d7ab09b4ff127d7838b', 'tenant_name': 'tempest-TenantUsagesNegativeTestJSON-1794643690', 'user_domain_id': 'default', 'user_domain_name': 'Default', 'user_id': '7b32dab22a2d48d697d84a991a6a376a', 'system': None}, Network: None, Subnet: None, Router: None
2024-12-10 21:52:30.790 65086 INFO tempest.lib.common.rest_client [req-df24f9c6-a57f-43cd-bb20-be177d921a44 req-df24f9c6-a57f-43cd-bb20-be177d921a44 ] Request (AttachInterfacesUnderV243Test:setUpClass): 201 POST http://10.180.1.21:9696/networking/v2.0/routers 1.104s
2024-12-10 21:52:30.792 65116 INFO tempest.lib.common.rest_client [req-d4d5426d-7e81-484d-a5da-d66bb8d362a9 req-d4d5426d-7e81-484d-a5da-d66bb8d362a9 ] Request (ServersAdminNegativeTestJSON:test_migrate_server_invalid_state): 200 GET http://10.180.1.21/compute/v2.1/servers/c04d4d7e-b824-45b5-a1d5-8ba1ada04c43 1.109s
2024-12-10 21:52:30.818 65060 INFO tempest.lib.common.rest_client [req-fc1e456b-2a7d-4a2c-8e94-dde9d0020c0a req-fc1e456b-2a7d-4a2c-8e94-dde9d0020c0a ] Request (FlavorsAdminTestJSON:test_list_non_public_flavor): 200 POST http://10.180.1.21/compute/v2.1/flavors 1.061s
2024-12-10 21:52:30.878 65084 INFO tempest.lib.common.rest_client [req-25c4a24b-e71c-4148-a682-888f1a1566a5 req-25c4a24b-e71c-4148-a682-888f1a1566a5 ] Request (TenantUsagesNegativeTestJSON:setUpClass): 201 POST http://10.180.1.21/identity/v3/auth/tokens 0.107s
2024-12-10 21:52:30.912 65062 INFO tempest.lib.common.rest_client [req-4951bc46-5639-45b4-8b1f-dc8725b5887a req-4951bc46-5639-45b4-8b1f-dc8725b5887a ] Request (ServersAdminTestJSON:setUpClass): 200 GET http://10.180.1.21/compute/v2.1/servers/92aba8b4-7a12-483d-9e69-e591f2ce5e64 1.139s
2024-12-10 21:52:30.952 65104 INFO tempest.lib.common.rest_client [req-1d2c4c35-383f-4d07-8ce1-a285ddd65ee2 req-1d2c4c35-383f-4d07-8ce1-a285ddd65ee2 ] Request (FloatingIPDetailsNegativeTestJSON:tearDownClass): 204 DELETE http://10.180.1.21:9696/networking/v2.0/subnets/d59bbc83-9a94-4efd-b412-e5c0d56bd139 0.225s
2024-12-10 21:52:31.180 65104 INFO tempest.lib.common.rest_client [req-b4f6898b-004c-479f-9846-e8bc31cedce7 req-b4f6898b-004c-479f-9846-e8bc31cedce7 ] Request (FloatingIPDetailsNegativeTestJSON:tearDownClass): 204 DELETE http://10.180.1.21:9696/networking/v2.0/networks/505b6776-f762-426f-9aad-b5d0d0d74f02 0.227s
2024-12-10 21:52:31.246 65056 INFO tempest.lib.common.rest_client [req-dcf93c68-1b40-46c2-a366-22bd4408db70 req-dcf93c68-1b40-46c2-a366-22bd4408db70 ] Request (ServersNegativeTestJSON:setUpClass): 202 POST http://10.180.1.21/compute/v2.1/servers 1.595s
2024-12-10 21:52:31.340 65104 INFO tempest.lib.common.rest_client [req-7625afc2-b2ed-46bf-b028-8b697dee74ed req-7625afc2-b2ed-46bf-b028-8b697dee74ed ] Request (FloatingIPDetailsNegativeTestJSON:tearDownClass): 204 DELETE http://10.180.1.21/identity/v3/users/d744527f8f1b40989fe03cf2a48ce848 0.160s
2024-12-10 21:52:31.340 65104 INFO tempest.lib.common.dynamic_creds [-] Deleting project and security group for project: a991426fb8674dd9b9ebf198db7ba404
2024-12-10 21:52:31.388 65104 INFO tempest.lib.common.rest_client [req-df1c4a7a-2bb1-453a-bbe1-315b24b43beb req-df1c4a7a-2bb1-453a-bbe1-315b24b43beb ] Request (FloatingIPDetailsNegativeTestJSON:tearDownClass): 200 GET http://10.180.1.21:9696/networking/v2.0/security-groups?tenant_id=a991426fb8674dd9b9ebf198db7ba404&name=default 0.048s
2024-12-10 21:52:31.468 65118 INFO tempest.lib.common.rest_client [req-c91f4cb9-3f88-4128-ba62-105796a360f7 req-c91f4cb9-3f88-4128-ba62-105796a360f7 ] Request (SecurityGroupRulesNegativeTestJSON:tearDownClass): 202 DELETE http://10.180.1.21/compute/v2.1/os-security-groups/941c7569-aabb-4ef4-be6f-eeabd252d73f 1.411s
2024-12-10 21:52:31.524 65102 INFO tempest.lib.common.rest_client [req-18beb0f4-d776-4413-849c-129955364858 req-18beb0f4-d776-4413-849c-129955364858 ] Request (FloatingIPsAssociationTestJSON:test_associate_already_associated_floating_ip): 202 POST http://10.180.1.21/compute/v2.1/servers 1.728s
2024-12-10 21:52:31.532 65104 INFO tempest.lib.common.rest_client [req-b708c63a-abf9-4905-b1b7-408a4c38d234 req-b708c63a-abf9-4905-b1b7-408a4c38d234 ] Request (FloatingIPDetailsNegativeTestJSON:tearDownClass): 204 DELETE http://10.180.1.21:9696/networking/v2.0/security-groups/e8476c3b-4596-415d-9dd2-a65088bee2a1 0.143s
2024-12-10 21:52:31.593 65080 INFO tempest.lib.common.rest_client [req-e2889224-1800-49c2-885d-0efc02baf58d req-e2889224-1800-49c2-885d-0efc02baf58d ] Request (ServersTestJSON:setUpClass): 200 GET http://10.180.1.21/compute/v2.1/servers/18012d6c-3324-4100-9a2a-ec0f292556ab 1.328s
2024-12-10 21:52:31.647 65092 INFO tempest.lib.common.rest_client [req-00ccbe2d-4403-47a6-99e2-099c8ce3d3c5 req-00ccbe2d-4403-47a6-99e2-099c8ce3d3c5 ] Request (ServerTagsTestJSON:setUpClass): 201 POST http://10.180.1.21:9696/networking/v2.0/routers 1.479s
2024-12-10 21:52:31.659 65110 INFO tempest.lib.common.rest_client [req-83f672e3-a0a3-4c8c-8754-05623d2e6ef0 req-83f672e3-a0a3-4c8c-8754-05623d2e6ef0 ] Request (ServerAddressesTestJSON:setUpClass): 200 GET http://10.180.1.21/compute/v2.1/servers/00dd6a8f-70a2-474a-ba86-5cdd56139088 1.517s
2024-12-10 21:52:31.671 65110 INFO tempest.common.waiters [-] State transition "BUILD/spawning" ==> "ACTIVE/None" after 31 second wait
2024-12-10 21:52:31.696 65104 INFO tempest.lib.common.rest_client [req-a6090e0f-47f0-4dc6-837f-725caae66478 req-a6090e0f-47f0-4dc6-837f-725caae66478 ] Request (FloatingIPDetailsNegativeTestJSON:tearDownClass): 204 DELETE http://10.180.1.21/identity/v3/projects/a991426fb8674dd9b9ebf198db7ba404 0.163s
2024-12-10 21:52:31.781 65104 INFO tempest.lib.common.rest_client [req-7a69e5a1-0889-4072-b70f-7655fb47607a req-7a69e5a1-0889-4072-b70f-7655fb47607a ] Request (InstanceActionsTestJSON:setUpClass): 201 POST http://10.180.1.21/identity/v3/auth/tokens 0.083s
2024-12-10 21:52:31.805 65064 INFO tempest.lib.common.rest_client [req-dfa67c0d-97f7-4b54-8236-1bc4c1fc1f17 req-dfa67c0d-97f7-4b54-8236-1bc4c1fc1f17 ] Request (ImagesOneServerNegativeTestJSON:setUp): 200 GET http://10.180.1.21/compute/v2.1/servers/6650dd8a-f0e5-4dd5-ba2b-09c589d74512 1.399s
2024-12-10 21:52:31.830 65104 INFO tempest.lib.common.rest_client [req-a6eecc7b-14bd-457d-a8df-c2e534980402 req-a6eecc7b-14bd-457d-a8df-c2e534980402 ] Request (InstanceActionsTestJSON:setUpClass): 201 POST http://10.180.1.21/identity/v3/auth/tokens 0.044s
2024-12-10 21:52:31.877 65104 INFO tempest.lib.common.rest_client [req-768ed0b5-8e77-4a61-af7c-cb8e5d5f969d req-768ed0b5-8e77-4a61-af7c-cb8e5d5f969d ] Request (InstanceActionsTestJSON:setUpClass): 200 GET http://10.180.1.21/identity/v3/domains?name=Default 0.046s
2024-12-10 21:52:31.908 65104 INFO tempest.lib.common.rest_client [req-19e58e4d-45ba-4dab-9e3b-bcd288abb430 req-19e58e4d-45ba-4dab-9e3b-bcd288abb430 ] Request (InstanceActionsTestJSON:setUpClass): 201 POST http://10.180.1.21/identity/v3/projects 0.030s
2024-12-10 21:52:31.972 65104 INFO tempest.lib.common.rest_client [req-d5c72b09-4031-4847-834b-406c6cd1d0d2 req-d5c72b09-4031-4847-834b-406c6cd1d0d2 ] Request (InstanceActionsTestJSON:setUpClass): 201 POST http://10.180.1.21/identity/v3/users 0.064s
2024-12-10 21:52:31.991 65104 INFO tempest.lib.common.rest_client [req-8ed939d5-bf2b-422f-9336-46e247d1b8ce req-8ed939d5-bf2b-422f-9336-46e247d1b8ce ] Request (InstanceActionsTestJSON:setUpClass): 200 GET http://10.180.1.21/identity/v3/roles 0.018s
2024-12-10 21:52:32.018 65104 INFO tempest.lib.common.rest_client [req-273e0bb4-7c6b-4ecc-8bc5-f5ca63a365ee req-273e0bb4-7c6b-4ecc-8bc5-f5ca63a365ee ] Request (InstanceActionsTestJSON:setUpClass): 204 PUT http://10.180.1.21/identity/v3/projects/ed4e76ffe1ab4b35969ce91ec00a067e/users/06c46ddcc9cf4e8fa37729aadf50a5af/roles/d9ac59841022492db57c4b9ce759cbeb 0.027s
2024-12-10 21:52:32.018 65104 INFO tempest.lib.common.dynamic_creds [-] Dynamic test user 06c46ddcc9cf4e8fa37729aadf50a5af is created with scope project and roles: ['member']
2024-12-10 21:52:32.019 65104 INFO tempest.lib.common.dynamic_creds [-] Acquired dynamic creds: credentials: Credentials: {'domain_id': 'default', 'domain_name': 'Default', 'username': 'tempest-InstanceActionsTestJSON-1155906592-project-member', 'project_domain_id': 'default', 'project_domain_name': 'Default', 'project_id': 'ed4e76ffe1ab4b35969ce91ec00a067e', 'project_name': 'tempest-InstanceActionsTestJSON-1155906592', 'tenant_id': 'ed4e76ffe1ab4b35969ce91ec00a067e', 'tenant_name': 'tempest-InstanceActionsTestJSON-1155906592', 'user_domain_id': 'default', 'user_domain_name': 'Default', 'user_id': '06c46ddcc9cf4e8fa37729aadf50a5af', 'system': None}, Network: None, Subnet: None, Router: None
2024-12-10 21:52:32.047 65082 WARNING tempest.lib.common.ssh [-] Failed to establish authenticated ssh connection to cirros@10.180.180.173 ([Errno None] Unable to connect to port 22 on 10.180.180.173). Number attempts: 1. Retry after 2 seconds.: paramiko.ssh_exception.NoValidConnectionsError: [Errno None] Unable to connect to port 22 on 10.180.180.173
2024-12-10 21:52:32.079 65066 INFO tempest.lib.common.rest_client [req-18b2f05b-dcb0-4f2b-a9a1-17efeecb4d80 req-18b2f05b-dcb0-4f2b-a9a1-17efeecb4d80 ] Request (ServerGroupTestJSON:test_create_server_with_scheduler_hint_group): 202 POST http://10.180.1.21/compute/v2.1/servers 1.806s
2024-12-10 21:52:32.090 65104 INFO tempest.lib.common.rest_client [req-7b25e804-6a2a-44ea-8a32-4efb2ddd3f78 req-7b25e804-6a2a-44ea-8a32-4efb2ddd3f78 ] Request (InstanceActionsTestJSON:setUpClass): 201 POST http://10.180.1.21/identity/v3/auth/tokens 0.071s
2024-12-10 21:52:32.176 65096 WARNING tempest.lib.common.ssh [-] Failed to establish authenticated ssh connection to cirros@10.180.180.133 ([Errno None] Unable to connect to port 22 on 10.180.180.133). Number attempts: 3. Retry after 4 seconds.: paramiko.ssh_exception.NoValidConnectionsError: [Errno None] Unable to connect to port 22 on 10.180.180.133
2024-12-10 21:52:32.196 65074 INFO tempest.lib.common.rest_client [req-cf408afb-e646-4d03-ada8-285208b7187c req-cf408afb-e646-4d03-ada8-285208b7187c ] Request (ServerDiagnosticsV248Test:tearDownClass): 200 GET http://10.180.1.21/compute/v2.1/servers/db9fdb62-302f-4138-ac43-aa013df3fa38 1.676s
2024-12-10 21:52:32.247 65100 INFO tempest.lib.common.rest_client [req-9a80bb48-f6e1-4313-a3b6-1811f8011d06 req-9a80bb48-f6e1-4313-a3b6-1811f8011d06 ] Request (VolumesTestJSON:test_volume_list_with_detail_param_offset_and_limit): 200 GET http://10.180.1.21/compute/v2.1/os-volumes/detail?offset=1&limit=1 1.706s
2024-12-10 21:52:32.339 65076 INFO tempest.lib.common.rest_client [req-71ebaf18-813d-46e6-89a0-38e4dc5b0cc7 req-71ebaf18-813d-46e6-89a0-38e4dc5b0cc7 ] Request (ImagesTestJSON:test_create_image_from_stopped_server): 200 GET http://10.180.1.21/compute/v2.1/servers/d936e23a-03b5-4ddc-b214-cfa9a0112756 1.718s
2024-12-10 21:52:32.422 65098 INFO tempest.lib.common.rest_client [req-50ae7b8b-576b-4b7e-8bd3-092c40330ca9 req-50ae7b8b-576b-4b7e-8bd3-092c40330ca9 ] Request (MigrationsAdminTest:test_list_migrations_in_flavor_resize_situation): 200 GET http://10.180.1.21/compute/v2.1/servers/a3e48e71-e343-48f3-8bbf-8498f4db9f9d 1.676s
2024-12-10 21:52:32.429 65086 INFO tempest.lib.common.rest_client [req-2348d277-d8f5-4091-9b11-fa08dd695225 req-2348d277-d8f5-4091-9b11-fa08dd695225 ] Request (AttachInterfacesUnderV243Test:setUpClass): 200 PUT http://10.180.1.21:9696/networking/v2.0/routers/9d980c73-28a0-4f7e-9fe3-a1c6594e97b6/add_router_interface 1.639s
2024-12-10 21:52:32.430 65086 INFO tempest.lib.common.dynamic_creds [-] Created isolated network resources for: credentials: Credentials: {'domain_id': 'default', 'domain_name': 'Default', 'username': 'tempest-AttachInterfacesUnderV243Test-344193317-project-member', 'project_domain_id': 'default', 'project_domain_name': 'Default', 'project_id': '35a274d6089e4b85a7c3bffa30e7f162', 'project_name': 'tempest-AttachInterfacesUnderV243Test-344193317', 'tenant_id': '35a274d6089e4b85a7c3bffa30e7f162', 'tenant_name': 'tempest-AttachInterfacesUnderV243Test-344193317', 'user_domain_id': 'default', 'user_domain_name': 'Default', 'user_id': '617149c4b591446d8e435741a8b2cd67', 'system': None}, Network: {'id': 'd5cfd37d-1598-4c38-9b28-dde97dbe102f', 'name': 'tempest-AttachInterfacesUnderV243Test-1193982296-network', 'tenant_id': '35a274d6089e4b85a7c3bffa30e7f162', 'admin_state_up': True, 'mtu': 8950, 'status': 'ACTIVE', 'subnets': [], 'shared': False, 'project_id': '35a274d6089e4b85a7c3bffa30e7f162', 'port_security_enabled': True, 'router:external': False, 'provider:network_type': 'vlan', 'provider:physical_network': 'default', 'provider:segmentation_id': 748, 'availability_zone_hints': [], 'availability_zones': [], 'ipv4_address_scope': None, 'ipv6_address_scope': None, 'description': '', 'tags': [], 'created_at': '2024-12-10T21:52:28Z', 'updated_at': '2024-12-10T21:52:28Z', 'revision_number': 1}, Subnet: {'id': '66a488a1-4b81-4d43-9ce5-13d500ac970c', 'name': 'tempest-AttachInterfacesUnderV243Test-1193982296-subnet', 'tenant_id': '35a274d6089e4b85a7c3bffa30e7f162', 'network_id': 'd5cfd37d-1598-4c38-9b28-dde97dbe102f', 'ip_version': 4, 'subnetpool_id': None, 'enable_dhcp': True, 'ipv6_ra_mode': None, 'ipv6_address_mode': None, 'gateway_ip': '192.168.128.1', 'cidr': '192.168.128.0/28', 'allocation_pools': [{'start': '192.168.128.2', 'end': '192.168.128.14'}], 'host_routes': [], 'dns_nameservers': [], 'description': '', 'router:external': False, 'service_types': [], 'tags': [], 'created_at': '2024-12-10T21:52:29Z', 'updated_at': '2024-12-10T21:52:29Z', 'revision_number': 0, 'project_id': '35a274d6089e4b85a7c3bffa30e7f162'}, Router: {'id': '9d980c73-28a0-4f7e-9fe3-a1c6594e97b6', 'name': 'tempest-AttachInterfacesUnderV243Test-1193982296-router', 'tenant_id': '35a274d6089e4b85a7c3bffa30e7f162', 'admin_state_up': True, 'status': 'ACTIVE', 'external_gateway_info': {'network_id': '7f3c3475-e521-4054-a63a-36553750aba0', 'external_fixed_ips': [{'subnet_id': 'd70aa703-b895-4eb5-a91e-90b3d78d2169', 'ip_address': '10.180.180.248'}], 'enable_snat': True}, 'description': '', 'availability_zones': [], 'distributed': False, 'ha': False, 'availability_zone_hints': [], 'routes': [], 'flavor_id': None, 'tags': [], 'created_at': '2024-12-10T21:52:29Z', 'updated_at': '2024-12-10T21:52:30Z', 'revision_number': 2, 'project_id': '35a274d6089e4b85a7c3bffa30e7f162'}
2024-12-10 21:52:32.463 65068 INFO tempest.lib.common.rest_client [req-72418d50-097e-4e15-9bf1-b13470fa68e6 req-72418d50-097e-4e15-9bf1-b13470fa68e6 ] Request (ImagesOneServerTestJSON:test_create_delete_image): 202 POST http://10.180.1.21/compute/v2.1/servers/0d81385e-654e-4640-aa9f-a66309657995/action 2.008s
2024-12-10 21:52:32.490 65060 INFO tempest.lib.common.rest_client [req-10e17764-566a-4776-9c97-efeee6d37154 req-10e17764-566a-4776-9c97-efeee6d37154 ] Request (FlavorsAdminTestJSON:test_list_non_public_flavor): 200 GET http://10.180.1.21/compute/v2.1/flavors/detail 1.669s
2024-12-10 21:52:32.549 65086 INFO tempest.lib.common.rest_client [req-6a020f5e-dc80-4c46-8dab-0c0b04ea0dd9 req-6a020f5e-dc80-4c46-8dab-0c0b04ea0dd9 ] Request (AttachInterfacesUnderV243Test:setUpClass): 201 POST http://10.180.1.21/identity/v3/auth/tokens 0.116s
2024-12-10 21:52:32.570 65114 INFO tempest.lib.common.rest_client [req-a0b3fd75-e2b4-4efd-8a89-3fb16c4f48df req-a0b3fd75-e2b4-4efd-8a89-3fb16c4f48df ] Request (TenantUsagesTestJSON:setUpClass): 200 GET http://10.180.1.21/compute/v2.1/servers/4baacc94-eb68-4560-94fc-ace9700a751a 1.702s
2024-12-10 21:52:32.635 65084 INFO tempest.lib.common.rest_client [req-73bcf86e-7cd0-4f0d-9e55-992fb47e6d8b req-73bcf86e-7cd0-4f0d-9e55-992fb47e6d8b ] Request (TenantUsagesNegativeTestJSON:test_get_usage_tenant_with_empty_tenant_id): 404 GET http://10.180.1.21/compute/v2.1/os-simple-tenant-usage/?start=2024-12-09T21%3A52%3A30.879101&end=2024-12-11T21%3A52%3A30.879101 1.756s
2024-12-10 21:52:32.637 65084 WARNING tempest.lib.common.rest_client [-] Deprecated: "tenant_id" property is deprecated for removal, use "project_id" instead
2024-12-10 21:52:32.644 65088 INFO tempest.lib.common.rest_client [req-319c184e-26d0-40f6-a5fb-149ece3c4b60 req-319c184e-26d0-40f6-a5fb-149ece3c4b60 ] Request (DeleteServersAdminTestJSON:test_delete_server_while_in_error_state): 200 GET http://10.180.1.21/compute/v2.1/servers/53d953ab-e962-4a94-8332-4f9a00655b37 1.706s
2024-12-10 21:52:32.832 65104 INFO tempest.lib.common.rest_client [req-8d155db1-57ce-4008-945e-778c6d5bcff9 req-8d155db1-57ce-4008-945e-778c6d5bcff9 ] Request (InstanceActionsTestJSON:setUpClass): 201 POST http://10.180.1.21:9696/networking/v2.0/networks 0.742s
2024-12-10 21:52:32.947 65108 INFO tempest.lib.common.rest_client [req-3bfabc6b-72bc-46c7-83c2-c52c7c9d3d51 req-3bfabc6b-72bc-46c7-83c2-c52c7c9d3d51 ] Request (ServerDiagnosticsTest:tearDownClass): 200 GET http://10.180.1.21/compute/v2.1/servers/28d3fdf1-7353-4386-b8fe-db7527e88c14 1.904s
2024-12-10 21:52:32.957 65072 INFO tempest.lib.common.rest_client [req-55e4fcf9-7ff9-4ef3-915c-972e8ea3e026 req-55e4fcf9-7ff9-4ef3-915c-972e8ea3e026 ] Request (ServersAdmin275Test:tearDownClass): 200 GET http://10.180.1.21/compute/v2.1/servers/7ed1869b-528e-4d30-81a6-f4783d4ada88 1.835s
2024-12-10 21:52:33.034 65056 INFO tempest.lib.common.rest_client [req-b1d654ee-6429-4df5-8d49-32ed56fe9c16 req-b1d654ee-6429-4df5-8d49-32ed56fe9c16 ] Request (ServersNegativeTestJSON:setUpClass): 200 GET http://10.180.1.21/compute/v2.1/servers/64c40b08-3480-4869-8d35-f8b4db862733 1.787s
2024-12-10 21:52:33.227 65104 INFO tempest.lib.common.rest_client [req-ff153ff3-d33e-4ff2-9676-85df1d70dd67 req-ff153ff3-d33e-4ff2-9676-85df1d70dd67 ] Request (InstanceActionsTestJSON:setUpClass): 201 POST http://10.180.1.21:9696/networking/v2.0/subnets 0.394s
2024-12-10 21:52:33.244 65090 INFO tempest.lib.common.rest_client [req-f7dd7d48-8934-4f85-b7e1-9c63001c85cf req-f7dd7d48-8934-4f85-b7e1-9c63001c85cf ] Request (ServersNegativeTestMultiTenantJSON:setUpClass): 200 GET http://10.180.1.21/compute/v2.1/servers/bef4fa43-1623-428b-8626-bad5d6ac5eb2 2.056s
2024-12-10 21:52:33.250 65090 INFO tempest.common.waiters [-] State transition "BUILD/block_device_mapping" ==> "BUILD/spawning" after 30 second wait
2024-12-10 21:52:33.299 65118 INFO tempest.lib.common.rest_client [req-77541153-fc65-4b25-b9fc-cab61b6ac2cd req-77541153-fc65-4b25-b9fc-cab61b6ac2cd ] Request (SecurityGroupRulesNegativeTestJSON:tearDownClass): 202 DELETE http://10.180.1.21/compute/v2.1/os-security-groups/5ec19c51-34ed-44be-9284-c8e7586c68f3 1.830s
2024-12-10 21:52:33.391 65102 INFO tempest.lib.common.rest_client [req-52567869-4b45-476f-b64e-6359866c0812 req-52567869-4b45-476f-b64e-6359866c0812 ] Request (FloatingIPsAssociationTestJSON:test_associate_already_associated_floating_ip): 200 GET http://10.180.1.21/compute/v2.1/servers/ceeacedc-7164-45b6-ae5f-3c65c86053b9 1.865s
2024-12-10 21:52:33.430 65110 INFO tempest.lib.common.rest_client [req-e0a03904-0eca-4667-8eb7-6648d50309da req-e0a03904-0eca-4667-8eb7-6648d50309da ] Request (ServerAddressesTestJSON:test_list_server_addresses): 200 GET http://10.180.1.21/compute/v2.1/servers/00dd6a8f-70a2-474a-ba86-5cdd56139088/ips 1.757s
2024-12-10 21:52:33.518 65070 INFO tempest.lib.common.rest_client [req-95d145bc-d4cf-435d-854b-0a50e67cc885 req-95d145bc-d4cf-435d-854b-0a50e67cc885 ] Request (ServerActionsTestJSON:setUpClass): 200 GET http://10.180.1.21/compute/v2.1/servers/1e8ac6e2-f994-4d5e-afe3-2e25da989f9b 2.023s
2024-12-10 21:52:33.527 65070 INFO tempest.common.waiters [-] State transition "BUILD/None" ==> "BUILD/spawning" after 24 second wait
2024-12-10 21:52:33.533 65064 INFO tempest.lib.common.rest_client [req-22506bc0-dd29-453e-8013-ea2ac17dbbe3 req-22506bc0-dd29-453e-8013-ea2ac17dbbe3 ] Request (ImagesOneServerNegativeTestJSON:test_create_image_specify_name_over_character_limit): 400 POST http://10.180.1.21/compute/v2.1/servers/6650dd8a-f0e5-4dd5-ba2b-09c589d74512/action 1.719s
2024-12-10 21:52:33.583 65078 WARNING tempest.lib.common.ssh [-] Failed to establish authenticated ssh connection to cirros@10.180.180.194 ([Errno None] Unable to connect to port 22 on 10.180.180.194). Number attempts: 5. Retry after 6 seconds.: paramiko.ssh_exception.NoValidConnectionsError: [Errno None] Unable to connect to port 22 on 10.180.180.194
2024-12-10 21:52:33.598 65062 INFO tempest.lib.common.rest_client [req-39473c69-6a7b-4ba8-86c4-238e8495a53a req-39473c69-6a7b-4ba8-86c4-238e8495a53a ] Request (ServersAdminTestJSON:setUpClass): 200 GET http://10.180.1.21/compute/v2.1/servers/92aba8b4-7a12-483d-9e69-e591f2ce5e64 1.675s
2024-12-10 21:52:33.604 65116 INFO tempest.lib.common.rest_client [req-bf86ce01-96a0-4535-87f8-e55c1814c1c2 req-bf86ce01-96a0-4535-87f8-e55c1814c1c2 ] Request (ServersAdminNegativeTestJSON:test_migrate_server_invalid_state): 200 GET http://10.180.1.21/compute/v2.1/servers/c04d4d7e-b824-45b5-a1d5-8ba1ada04c43 1.803s
2024-12-10 21:52:33.609 65062 INFO tempest.common.waiters [-] State transition "BUILD/scheduling" ==> "BUILD/None" after 7 second wait
2024-12-10 21:52:33.663 65100 INFO tempest.lib.common.rest_client [req-2f4ba674-7167-435a-97d5-c5cbad4fdfa6 req-2f4ba674-7167-435a-97d5-c5cbad4fdfa6 ] Request (VolumesTestJSON:test_volume_list_with_details): 200 GET http://10.180.1.21/compute/v2.1/os-volumes/detail 1.412s
2024-12-10 21:52:33.665 65066 INFO tempest.lib.common.rest_client [req-55b38135-6ed8-4689-b0ae-5854c9b4826e req-55b38135-6ed8-4689-b0ae-5854c9b4826e ] Request (ServerGroupTestJSON:test_create_server_with_scheduler_hint_group): 200 GET http://10.180.1.21/compute/v2.1/servers/3f8f25f5-c0d9-4ff8-92a0-938afc643166 1.584s
2024-12-10 21:52:33.704 65060 INFO tempest.lib.common.rest_client [req-95c08a58-e4c9-4c7c-b4c2-7f11a3ec4abc req-95c08a58-e4c9-4c7c-b4c2-7f11a3ec4abc ] Request (FlavorsAdminTestJSON:test_list_non_public_flavor): 200 GET http://10.180.1.21/compute/v2.1/flavors/detail 1.206s
2024-12-10 21:52:33.709 65068 INFO tempest.lib.common.rest_client [req-e1d7096d-2154-4116-8fae-ad57e30934ed req-e1d7096d-2154-4116-8fae-ad57e30934ed ] Request (ImagesOneServerTestJSON:test_create_delete_image): 200 GET http://10.180.1.21/compute/v2.1/images/44157a3a-069b-4f78-a1f9-245fb0187222 1.245s
2024-12-10 21:52:33.731 65100 INFO tempest.lib.common.rest_client [req-9038c0d8-70c1-4347-b402-e0154f3cab03 req-9038c0d8-70c1-4347-b402-e0154f3cab03 ] Request (VolumesTestJSON:tearDownClass): 202 DELETE http://10.180.1.21/volume/v3/volumes/ae52eb67-a595-4e7f-9dcc-dc3f9ff475f7 0.059s
2024-12-10 21:52:33.770 65100 INFO tempest.lib.common.rest_client [req-e36c6edd-7c84-4162-9c99-bbbaff08b255 req-e36c6edd-7c84-4162-9c99-bbbaff08b255 ] Request (VolumesTestJSON:tearDownClass): 200 GET http://10.180.1.21/volume/v3/volumes/ae52eb67-a595-4e7f-9dcc-dc3f9ff475f7 0.039s
2024-12-10 21:52:33.795 65080 INFO tempest.lib.common.rest_client [req-ec6493c6-a2a2-4089-8c53-3e600c6b9477 req-ec6493c6-a2a2-4089-8c53-3e600c6b9477 ] Request (ServersTestJSON:setUpClass): 200 GET http://10.180.1.21/compute/v2.1/servers/18012d6c-3324-4100-9a2a-ec0f292556ab 1.190s
2024-12-10 21:52:33.801 65084 INFO tempest.lib.common.rest_client [req-7c304e1b-657a-462e-8d43-2c251bc2bae7 req-7c304e1b-657a-462e-8d43-2c251bc2bae7 ] Request (TenantUsagesNegativeTestJSON:test_get_usage_tenant_with_invalid_date): 400 GET http://10.180.1.21/compute/v2.1/os-simple-tenant-usage/88a548db31f14fa3a036d112de507209?start=2024-12-11T21%3A52%3A30.879101&end=2024-12-09T21%3A52%3A30.879101 1.164s
2024-12-10 21:52:33.808 65092 INFO tempest.lib.common.rest_client [req-573337cd-16c5-457c-a59a-9209c7256190 req-573337cd-16c5-457c-a59a-9209c7256190 ] Request (ServerTagsTestJSON:setUpClass): 200 PUT http://10.180.1.21:9696/networking/v2.0/routers/21b94cb7-521b-4db8-a965-a679484139fe/add_router_interface 2.161s
2024-12-10 21:52:33.809 65092 INFO tempest.lib.common.dynamic_creds [-] Created isolated network resources for: credentials: Credentials: {'domain_id': 'default', 'domain_name': 'Default', 'username': 'tempest-ServerTagsTestJSON-1239608086-project-member', 'project_domain_id': 'default', 'project_domain_name': 'Default', 'project_id': '6b037513bd4b44d683a563334b815163', 'project_name': 'tempest-ServerTagsTestJSON-1239608086', 'tenant_id': '6b037513bd4b44d683a563334b815163', 'tenant_name': 'tempest-ServerTagsTestJSON-1239608086', 'user_domain_id': 'default', 'user_domain_name': 'Default', 'user_id': '33d426e2225e4d38a0edfcfe3934a987', 'system': None}, Network: {'id': '47834c9e-1111-4974-9dd3-702d185ebdb1', 'name': 'tempest-ServerTagsTestJSON-1033719303-network', 'tenant_id': '6b037513bd4b44d683a563334b815163', 'admin_state_up': True, 'mtu': 8950, 'status': 'ACTIVE', 'subnets': [], 'shared': False, 'project_id': '6b037513bd4b44d683a563334b815163', 'port_security_enabled': True, 'router:external': False, 'provider:network_type': 'vlan', 'provider:physical_network': 'default', 'provider:segmentation_id': 93, 'availability_zone_hints': [], 'availability_zones': [], 'ipv4_address_scope': None, 'ipv6_address_scope': None, 'description': '', 'tags': [], 'created_at': '2024-12-10T21:52:29Z', 'updated_at': '2024-12-10T21:52:29Z', 'revision_number': 1}, Subnet: {'id': 'ba689b7a-f707-4b9f-821c-1ed3bd416157', 'name': 'tempest-ServerTagsTestJSON-1033719303-subnet', 'tenant_id': '6b037513bd4b44d683a563334b815163', 'network_id': '47834c9e-1111-4974-9dd3-702d185ebdb1', 'ip_version': 4, 'subnetpool_id': None, 'enable_dhcp': True, 'ipv6_ra_mode': None, 'ipv6_address_mode': None, 'gateway_ip': '192.168.128.1', 'cidr': '192.168.128.0/28', 'allocation_pools': [{'start': '192.168.128.2', 'end': '192.168.128.14'}], 'host_routes': [], 'dns_nameservers': [], 'description': '', 'router:external': False, 'service_types': [], 'tags': [], 'created_at': '2024-12-10T21:52:29Z', 'updated_at': '2024-12-10T21:52:29Z', 'revision_number': 0, 'project_id': '6b037513bd4b44d683a563334b815163'}, Router: {'id': '21b94cb7-521b-4db8-a965-a679484139fe', 'name': 'tempest-ServerTagsTestJSON-1033719303-router', 'tenant_id': '6b037513bd4b44d683a563334b815163', 'admin_state_up': True, 'status': 'ACTIVE', 'external_gateway_info': {'network_id': '7f3c3475-e521-4054-a63a-36553750aba0', 'external_fixed_ips': [{'subnet_id': 'd70aa703-b895-4eb5-a91e-90b3d78d2169', 'ip_address': '10.180.180.137'}], 'enable_snat': True}, 'description': '', 'availability_zones': [], 'distributed': False, 'ha': False, 'availability_zone_hints': [], 'routes': [], 'flavor_id': None, 'tags': [], 'created_at': '2024-12-10T21:52:30Z', 'updated_at': '2024-12-10T21:52:31Z', 'revision_number': 2, 'project_id': '6b037513bd4b44d683a563334b815163'}
2024-12-10 21:52:33.821 65086 INFO tempest.lib.common.rest_client [req-69f4a66c-c32c-41e7-bbd7-de7c3d429b50 req-69f4a66c-c32c-41e7-bbd7-de7c3d429b50 ] Request (ValidationResourcesFixture:setUp): 200 POST http://10.180.1.21/compute/v2.1/os-keypairs 1.270s
2024-12-10 21:52:33.883 65074 INFO tempest.lib.common.rest_client [req-10d2ff9b-c283-478d-961e-b4bcd6251f4e req-10d2ff9b-c283-478d-961e-b4bcd6251f4e ] Request (ServerDiagnosticsV248Test:tearDownClass): 200 GET http://10.180.1.21/compute/v2.1/servers/db9fdb62-302f-4138-ac43-aa013df3fa38 0.677s
2024-12-10 21:52:33.917 65092 INFO tempest.lib.common.rest_client [req-0bf0c97c-1ff6-4c7d-a153-15456ccb98bc req-0bf0c97c-1ff6-4c7d-a153-15456ccb98bc ] Request (ServerTagsTestJSON:setUpClass): 201 POST http://10.180.1.21/identity/v3/auth/tokens 0.103s
2024-12-10 21:52:33.957 65092 INFO tempest.lib.common.rest_client [req-1833cc78-b6dc-4eeb-9d55-49b8baea2f48 req-1833cc78-b6dc-4eeb-9d55-49b8baea2f48 ] Request (ServerTagsTestJSON:setUpClass): 201 POST http://10.180.1.21/identity/v3/auth/tokens 0.034s
2024-12-10 21:52:33.958 65092 INFO tempest.lib.common.fixed_network [-] (ServerTagsTestJSON:setUpClass) Found network {'id': '47834c9e-1111-4974-9dd3-702d185ebdb1', 'name': 'tempest-ServerTagsTestJSON-1033719303-network', 'tenant_id': '6b037513bd4b44d683a563334b815163', 'admin_state_up': True, 'mtu': 8950, 'status': 'ACTIVE', 'subnets': [], 'shared': False, 'project_id': '6b037513bd4b44d683a563334b815163', 'port_security_enabled': True, 'router:external': False, 'provider:network_type': 'vlan', 'provider:physical_network': 'default', 'provider:segmentation_id': 93, 'availability_zone_hints': [], 'availability_zones': [], 'ipv4_address_scope': None, 'ipv6_address_scope': None, 'description': '', 'tags': [], 'created_at': '2024-12-10T21:52:29Z', 'updated_at': '2024-12-10T21:52:29Z', 'revision_number': 1} available for tenant
2024-12-10 21:52:33.961 65076 INFO tempest.lib.common.rest_client [req-e0659839-1070-41aa-990d-5c91bc3d2852 req-e0659839-1070-41aa-990d-5c91bc3d2852 ] Request (ImagesTestJSON:test_create_image_from_stopped_server): 200 GET http://10.180.1.21/compute/v2.1/servers/d936e23a-03b5-4ddc-b214-cfa9a0112756 0.612s
2024-12-10 21:52:33.985 65110 INFO tempest.lib.common.rest_client [req-201dbd30-52bd-46d9-97ba-10e87c378e81 req-201dbd30-52bd-46d9-97ba-10e87c378e81 ] Request (ServerAddressesTestJSON:test_list_server_addresses_by_network): 200 GET http://10.180.1.21/compute/v2.1/servers/00dd6a8f-70a2-474a-ba86-5cdd56139088/ips 0.553s
2024-12-10 21:52:34.038 65098 INFO tempest.lib.common.rest_client [req-9d3d572b-759f-481c-8b39-0afe82fd4cfa req-9d3d572b-759f-481c-8b39-0afe82fd4cfa ] Request (MigrationsAdminTest:test_list_migrations_in_flavor_resize_situation): 200 GET http://10.180.1.21/compute/v2.1/servers/a3e48e71-e343-48f3-8bbf-8498f4db9f9d 0.601s
2024-12-10 21:52:34.045 65086 INFO tempest.lib.common.rest_client [req-a0b3ce2c-adb7-45ed-8ffa-c412c0bc1b8c req-a0b3ce2c-adb7-45ed-8ffa-c412c0bc1b8c ] Request (ValidationResourcesFixture:setUp): 201 POST http://10.180.1.21:9696/networking/v2.0/security-groups 0.222s
2024-12-10 21:52:34.052 65118 INFO tempest.lib.common.rest_client [req-bb0230fc-c297-4029-97e5-b706767dc294 req-bb0230fc-c297-4029-97e5-b706767dc294 ] Request (SecurityGroupRulesNegativeTestJSON:tearDownClass): 202 DELETE http://10.180.1.21/compute/v2.1/os-security-groups/72f7c9ec-a3be-4045-96d8-59792c64de81 0.753s
2024-12-10 21:52:34.110 65114 INFO tempest.lib.common.rest_client [req-e76e6435-43d8-4a6f-879b-5bd2b93c6e3b req-e76e6435-43d8-4a6f-879b-5bd2b93c6e3b ] Request (TenantUsagesTestJSON:setUpClass): 200 GET http://10.180.1.21/compute/v2.1/servers/4baacc94-eb68-4560-94fc-ace9700a751a 0.530s
2024-12-10 21:52:34.156 65064 INFO tempest.lib.common.rest_client [req-a15e04fc-9782-448d-83fa-8c29281f2460 req-a15e04fc-9782-448d-83fa-8c29281f2460 ] Request (ImagesOneServerNegativeTestJSON:tearDown): 200 GET http://10.180.1.21/compute/v2.1/servers/6650dd8a-f0e5-4dd5-ba2b-09c589d74512 0.623s
2024-12-10 21:52:34.158 65058 WARNING tempest.lib.common.ssh [-] Failed to establish authenticated ssh connection to cirros@10.180.180.212 ([Errno None] Unable to connect to port 22 on 10.180.180.212). Number attempts: 3. Retry after 4 seconds.: paramiko.ssh_exception.NoValidConnectionsError: [Errno None] Unable to connect to port 22 on 10.180.180.212
2024-12-10 21:52:34.167 65088 INFO tempest.lib.common.rest_client [req-51e28102-a37f-4f5b-87bf-b8e3b42b37fe req-51e28102-a37f-4f5b-87bf-b8e3b42b37fe ] Request (DeleteServersAdminTestJSON:test_delete_server_while_in_error_state): 200 GET http://10.180.1.21/compute/v2.1/servers/53d953ab-e962-4a94-8332-4f9a00655b37 0.508s
2024-12-10 21:52:34.174 65060 INFO tempest.lib.common.rest_client [req-d1658609-c874-4f08-80b7-66182b5008d6 req-d1658609-c874-4f08-80b7-66182b5008d6 ] Request (FlavorsAdminTestJSON:_run_cleanups): 202 DELETE http://10.180.1.21/compute/v2.1/flavors/206699281 0.464s
2024-12-10 21:52:34.203 65108 INFO tempest.lib.common.rest_client [req-c24d4ae3-5ed4-4eeb-acff-93f3ec1b980e req-c24d4ae3-5ed4-4eeb-acff-93f3ec1b980e ] Request (ServerDiagnosticsTest:tearDownClass): 404 GET http://10.180.1.21/compute/v2.1/servers/28d3fdf1-7353-4386-b8fe-db7527e88c14 0.246s
2024-12-10 21:52:34.258 65084 INFO tempest.lib.common.rest_client [req-aaefa4e8-b52a-4adf-9144-5b3d034e5be8 req-aaefa4e8-b52a-4adf-9144-5b3d034e5be8 ] Request (TenantUsagesNegativeTestJSON:test_list_usage_all_tenants_with_non_admin_user): 403 GET http://10.180.1.21/compute/v2.1/os-simple-tenant-usage?start=2024-12-09T21%3A52%3A30.879101&end=2024-12-11T21%3A52%3A30.879101&detailed=1 0.454s
2024-12-10 21:52:34.270 65086 INFO tempest.lib.common.rest_client [req-a6a1a70d-d853-4f1c-b632-0059e7fb17b7 req-a6a1a70d-d853-4f1c-b632-0059e7fb17b7 ] Request (ValidationResourcesFixture:setUp): 201 POST http://10.180.1.21:9696/networking/v2.0/security-group-rules 0.224s
2024-12-10 21:52:34.333 65084 INFO tempest.lib.common.rest_client [req-f6faf7a7-fccc-4901-9357-12f5b2b96ff3 req-f6faf7a7-fccc-4901-9357-12f5b2b96ff3 ] Request (TenantUsagesNegativeTestJSON:tearDownClass): 204 DELETE http://10.180.1.21/identity/v3/users/b6a9826dac00473cb23f8163724ed8b2 0.073s
2024-12-10 21:52:34.341 65108 INFO tempest.lib.common.rest_client [req-d8ab9051-41b5-4191-9f40-9526735685ce req-d8ab9051-41b5-4191-9f40-9526735685ce ] Request (ServerDiagnosticsTest:tearDownClass): 204 DELETE http://10.180.1.21/identity/v3/users/a7feab18329e416caaf866f3b88ea14c 0.137s
2024-12-10 21:52:34.348 65072 INFO tempest.lib.common.rest_client [req-474d2de1-b504-4bc5-8291-a8a4494a1a5a req-474d2de1-b504-4bc5-8291-a8a4494a1a5a ] Request (ServersAdmin275Test:tearDownClass): 200 GET http://10.180.1.21/compute/v2.1/servers/7ed1869b-528e-4d30-81a6-f4783d4ada88 0.380s
2024-12-10 21:52:34.385 65110 INFO tempest.lib.common.rest_client [req-55b2244a-35c0-46ce-acd2-c3c9ad7f9860 req-55b2244a-35c0-46ce-acd2-c3c9ad7f9860 ] Request (ServerAddressesTestJSON:test_list_server_addresses_by_network): 200 GET http://10.180.1.21/compute/v2.1/servers/00dd6a8f-70a2-474a-ba86-5cdd56139088/ips/tempest-ServerAddressesTestJSON-1496058883-network 0.399s
2024-12-10 21:52:34.447 65056 INFO tempest.lib.common.rest_client [req-c1b866ba-7c46-45de-9078-36d70af3fa76 req-c1b866ba-7c46-45de-9078-36d70af3fa76 ] Request (ServersNegativeTestJSON:setUpClass): 200 GET http://10.180.1.21/compute/v2.1/servers/64c40b08-3480-4869-8d35-f8b4db862733 0.402s
2024-12-10 21:52:34.451 65084 INFO tempest.lib.common.rest_client [req-911cca86-3242-43cf-9dbf-bc46823468a8 req-911cca86-3242-43cf-9dbf-bc46823468a8 ] Request (TenantUsagesNegativeTestJSON:tearDownClass): 204 DELETE http://10.180.1.21/identity/v3/users/7b32dab22a2d48d697d84a991a6a376a 0.117s
2024-12-10 21:52:34.451 65084 INFO tempest.lib.common.dynamic_creds [-] Deleting project and security group for project: 88a548db31f14fa3a036d112de507209
2024-12-10 21:52:34.453 65104 INFO tempest.lib.common.rest_client [req-1390c134-cdf7-4781-9b6a-632363c7d610 req-1390c134-cdf7-4781-9b6a-632363c7d610 ] Request (InstanceActionsTestJSON:setUpClass): 201 POST http://10.180.1.21:9696/networking/v2.0/routers 1.225s
2024-12-10 21:52:34.459 65108 INFO tempest.lib.common.rest_client [req-952be486-7772-498d-8b2f-8596017713a7 req-952be486-7772-498d-8b2f-8596017713a7 ] Request (ServerDiagnosticsTest:tearDownClass): 204 DELETE http://10.180.1.21/identity/v3/users/99394bc251744d5fa3faf2a822a9a1d4 0.118s
2024-12-10 21:52:34.459 65108 INFO tempest.lib.common.dynamic_creds [-] Deleting project and security group for project: 419c95eebb9d42d7a7a47c54385b34a1
2024-12-10 21:52:34.461 65086 INFO tempest.lib.common.rest_client [req-a17f9ea6-9788-43ad-b03f-0ce2c68d9627 req-a17f9ea6-9788-43ad-b03f-0ce2c68d9627 ] Request (ValidationResourcesFixture:setUp): 201 POST http://10.180.1.21:9696/networking/v2.0/security-group-rules 0.191s
2024-12-10 21:52:34.512 65084 INFO tempest.lib.common.rest_client [req-e79a9729-5dc8-451a-87aa-aa608f91dd07 req-e79a9729-5dc8-451a-87aa-aa608f91dd07 ] Request (TenantUsagesNegativeTestJSON:tearDownClass): 201 POST http://10.180.1.21/identity/v3/auth/tokens 0.061s
2024-12-10 21:52:34.512 65108 INFO tempest.lib.common.rest_client [req-b78a5c51-93e5-4a10-9a7e-94d1e1d460c1 req-b78a5c51-93e5-4a10-9a7e-94d1e1d460c1 ] Request (ServerDiagnosticsTest:tearDownClass): 201 POST http://10.180.1.21/identity/v3/auth/tokens 0.052s
2024-12-10 21:52:34.741 65118 INFO tempest.lib.common.rest_client [req-05943711-f72c-40eb-bea8-d06a091b59b0 req-05943711-f72c-40eb-bea8-d06a091b59b0 ] Request (SecurityGroupRulesNegativeTestJSON:tearDownClass): 202 DELETE http://10.180.1.21/compute/v2.1/os-security-groups/dd045283-8216-41ab-801a-ae70b31b4734 0.689s
2024-12-10 21:52:34.800 65108 INFO tempest.lib.common.rest_client [req-c89def28-401f-453e-9ca5-c0cabbf95baa req-c89def28-401f-453e-9ca5-c0cabbf95baa ] Request (ServerDiagnosticsTest:tearDownClass): 200 GET http://10.180.1.21:9696/networking/v2.0/security-groups?tenant_id=419c95eebb9d42d7a7a47c54385b34a1&name=default 0.288s
2024-12-10 21:52:34.803 65100 INFO tempest.lib.common.rest_client [req-c477478a-c71c-475f-878a-7a829a3e1a66 req-c477478a-c71c-475f-878a-7a829a3e1a66 ] Request (VolumesTestJSON:tearDownClass): 404 GET http://10.180.1.21/volume/v3/volumes/ae52eb67-a595-4e7f-9dcc-dc3f9ff475f7 0.023s
2024-12-10 21:52:34.811 65084 INFO tempest.lib.common.rest_client [req-2ba200fe-303b-485b-83a5-f870571ce3ae req-2ba200fe-303b-485b-83a5-f870571ce3ae ] Request (TenantUsagesNegativeTestJSON:tearDownClass): 200 GET http://10.180.1.21:9696/networking/v2.0/security-groups?tenant_id=88a548db31f14fa3a036d112de507209&name=default 0.298s
2024-12-10 21:52:34.864 65092 INFO tempest.lib.common.rest_client [req-8f783d02-32da-4703-b505-23d29bae755f req-8f783d02-32da-4703-b505-23d29bae755f ] Request (ServerTagsTestJSON:setUpClass): 202 POST http://10.180.1.21/compute/v2.1/servers 0.906s
2024-12-10 21:52:34.882 65100 INFO tempest.lib.common.rest_client [req-d31cf7b3-d8bc-442c-ba72-902d1ca3efe8 req-d31cf7b3-d8bc-442c-ba72-902d1ca3efe8 ] Request (VolumesTestJSON:tearDownClass): 202 DELETE http://10.180.1.21/volume/v3/volumes/487e2fc7-f3fc-4e65-bbae-dff024ad3901 0.078s
2024-12-10 21:52:34.895 65060 INFO tempest.lib.common.rest_client [req-9b5c3703-e9c8-479a-9125-7d7f9547314f req-9b5c3703-e9c8-479a-9125-7d7f9547314f ] Request (FlavorsAdminTestJSON:_run_cleanups): 200 GET http://10.180.1.21/compute/v2.1/flavors/detail 0.720s
2024-12-10 21:52:34.930 65100 INFO tempest.lib.common.rest_client [req-f5f7b721-07ae-4e36-9685-6aed81fd8ae9 req-f5f7b721-07ae-4e36-9685-6aed81fd8ae9 ] Request (VolumesTestJSON:tearDownClass): 200 GET http://10.180.1.21/volume/v3/volumes/487e2fc7-f3fc-4e65-bbae-dff024ad3901 0.047s
2024-12-10 21:52:34.972 65064 INFO tempest.lib.common.rest_client [req-e865e3b4-206a-40e7-acc9-7473c327821b req-e865e3b4-206a-40e7-acc9-7473c327821b ] Request (ImagesOneServerNegativeTestJSON:setUp): 200 GET http://10.180.1.21/compute/v2.1/servers/6650dd8a-f0e5-4dd5-ba2b-09c589d74512 0.805s
2024-12-10 21:52:35.017 65084 INFO tempest.lib.common.rest_client [req-74e8279d-0947-4ead-953d-5e7ab169974a req-74e8279d-0947-4ead-953d-5e7ab169974a ] Request (TenantUsagesNegativeTestJSON:tearDownClass): 204 DELETE http://10.180.1.21:9696/networking/v2.0/security-groups/4946330a-a0de-44be-998e-3b8182d2489d 0.206s
2024-12-10 21:52:35.039 65108 INFO tempest.lib.common.rest_client [req-70e6bbc6-9f42-41ea-96e1-265cca3cc8a5 req-70e6bbc6-9f42-41ea-96e1-265cca3cc8a5 ] Request (ServerDiagnosticsTest:tearDownClass): 204 DELETE http://10.180.1.21:9696/networking/v2.0/security-groups/b58c0253-0fa3-4146-ba27-7d4760ab5753 0.238s
2024-12-10 21:52:35.056 65106 WARNING tempest.lib.common.ssh [-] Failed to establish authenticated ssh connection to cirros@10.180.180.138 ([Errno None] Unable to connect to port 22 on 10.180.180.138). Number attempts: 3. Retry after 4 seconds.: paramiko.ssh_exception.NoValidConnectionsError: [Errno None] Unable to connect to port 22 on 10.180.180.138
2024-12-10 21:52:35.082 65110 INFO tempest.lib.common.rest_client [req-18f75f74-2710-47e0-b96e-96d9f94d4783 req-18f75f74-2710-47e0-b96e-96d9f94d4783 ] Request (ServerAddressesTestJSON:tearDownClass): 204 DELETE http://10.180.1.21/compute/v2.1/servers/00dd6a8f-70a2-474a-ba86-5cdd56139088 0.694s
2024-12-10 21:52:35.117 65084 INFO tempest.lib.common.rest_client [req-cfe4375b-2963-40a7-94c5-808a00c24f2e req-cfe4375b-2963-40a7-94c5-808a00c24f2e ] Request (TenantUsagesNegativeTestJSON:tearDownClass): 204 DELETE http://10.180.1.21/identity/v3/projects/88a548db31f14fa3a036d112de507209 0.099s
2024-12-10 21:52:35.118 65084 INFO tempest.lib.common.dynamic_creds [-] Deleting project and security group for project: 7906194e51cc4d7ab09b4ff127d7838b
2024-12-10 21:52:35.119 65082 WARNING tempest.lib.common.ssh [-] Failed to establish authenticated ssh connection to cirros@10.180.180.173 ([Errno None] Unable to connect to port 22 on 10.180.180.173). Number attempts: 2. Retry after 3 seconds.: paramiko.ssh_exception.NoValidConnectionsError: [Errno None] Unable to connect to port 22 on 10.180.180.173
2024-12-10 21:52:35.144 65108 INFO tempest.lib.common.rest_client [req-9e652a5a-1e6b-4483-a8d8-ee6ed34659c5 req-9e652a5a-1e6b-4483-a8d8-ee6ed34659c5 ] Request (ServerDiagnosticsTest:tearDownClass): 204 DELETE http://10.180.1.21/identity/v3/projects/419c95eebb9d42d7a7a47c54385b34a1 0.104s
2024-12-10 21:52:35.144 65108 INFO tempest.lib.common.dynamic_creds [-] Deleting project and security group for project: 88d200565b3848a082d7c0e6ae69ef98
2024-12-10 21:52:35.186 65102 INFO tempest.lib.common.rest_client [req-2f453c1d-327d-4c20-85f9-31d944fbfded req-2f453c1d-327d-4c20-85f9-31d944fbfded ] Request (FloatingIPsAssociationTestJSON:test_associate_already_associated_floating_ip): 200 GET http://10.180.1.21/compute/v2.1/servers/ceeacedc-7164-45b6-ae5f-3c65c86053b9 0.788s
2024-12-10 21:52:35.189 65090 INFO tempest.lib.common.rest_client [req-68ce06e2-884a-4315-bb35-96a46b57806e req-68ce06e2-884a-4315-bb35-96a46b57806e ] Request (ServersNegativeTestMultiTenantJSON:setUpClass): 200 GET http://10.180.1.21/compute/v2.1/servers/bef4fa43-1623-428b-8626-bad5d6ac5eb2 0.938s
2024-12-10 21:52:35.289 65084 INFO tempest.lib.common.rest_client [req-62eb8064-5471-4291-af18-f325859acb4a req-62eb8064-5471-4291-af18-f325859acb4a ] Request (TenantUsagesNegativeTestJSON:tearDownClass): 200 GET http://10.180.1.21:9696/networking/v2.0/security-groups?tenant_id=7906194e51cc4d7ab09b4ff127d7838b&name=default 0.171s
2024-12-10 21:52:35.300 65108 INFO tempest.lib.common.rest_client [req-0ec59770-8997-4dec-8dba-fc8cab753dd1 req-0ec59770-8997-4dec-8dba-fc8cab753dd1 ] Request (ServerDiagnosticsTest:tearDownClass): 200 GET http://10.180.1.21:9696/networking/v2.0/security-groups?tenant_id=88d200565b3848a082d7c0e6ae69ef98&name=default 0.156s
2024-12-10 21:52:35.484 65084 INFO tempest.lib.common.rest_client [req-5d9fc9a9-b107-4e4c-996a-5db209676fd9 req-5d9fc9a9-b107-4e4c-996a-5db209676fd9 ] Request (TenantUsagesNegativeTestJSON:tearDownClass): 204 DELETE http://10.180.1.21:9696/networking/v2.0/security-groups/7c7de6ee-c53a-42a3-baa9-189af0e7df1a 0.195s
