2025-04-04 07:33:52.424 70116 INFO tempest.lib.common.rest_client [req-9d69ee09-0e37-402e-8ee3-d2bef43ed9d7 req-9d69ee09-0e37-402e-8ee3-d2bef43ed9d7 ] Request (AZV2TestJSON:tearDownClass): 204 DELETE http://10.180.1.21/identity/v3/projects/21e2353647fd4fe38d3fe676f6ac7fe1 0.427s
2025-04-04 07:33:52.442 70096 INFO tempest.lib.common.rest_client [req-91c1e71a-b8d8-4595-91aa-65e923d92580 req-91c1e71a-b8d8-4595-91aa-65e923d92580 ] Request (FlavorsAdminTestJSON:test_create_flavor_with_int_id): 200 POST http://10.180.1.21/compute/v2.1/flavors 1.043s
2025-04-04 07:33:52.483 70114 INFO tempest.lib.common.rest_client [req-2f44fdbf-1716-4b24-bcd9-a75db64843db req-2f44fdbf-1716-4b24-bcd9-a75db64843db ] Request (KeyPairsV22TestJSON:test_keypairs_create_list_delete): 201 POST http://10.180.1.21/compute/v2.1/os-keypairs 1.057s
2025-04-04 07:33:52.499 70056 INFO tempest.lib.common.rest_client [req-ceb72afc-38df-4fc9-9795-c919bae444e5 req-ceb72afc-38df-4fc9-9795-c919bae444e5 ] Request (ValidationResourcesFixture:setUp): 201 POST http://10.180.1.21:9696/networking/v2.0/security-group-rules 0.155s
2025-04-04 07:33:52.520 70092 INFO tempest.lib.common.rest_client [req-cf79ec96-c107-4953-8362-bc69b116bd4e req-cf79ec96-c107-4953-8362-bc69b116bd4e ] Request (ServerActionsV293TestJSON:setUpClass): 201 POST http://10.180.1.21/identity/v3/projects 0.442s
2025-04-04 07:33:52.533 70091 INFO tempest.lib.common.rest_client [req-ab43f1c6-d108-44c4-84b1-f9dbbe8ce9e4 req-ab43f1c6-d108-44c4-84b1-f9dbbe8ce9e4 ] Request (FlavorsV261TestJSON:tearDownClass): 200 GET http://10.180.1.21:9696/networking/v2.0/security-groups?tenant_id=9fe3ba89ea27499fb77e8e819f7865a6&name=default 0.131s
2025-04-04 07:33:52.574 70104 INFO tempest.lib.common.rest_client [req-3d10d70d-9e57-45e2-854d-d613aaa89afa req-3d10d70d-9e57-45e2-854d-d613aaa89afa ] Request (HypervisorAdminNegativeTestJSON:tearDownClass): 204 DELETE http://10.180.1.21/identity/v3/users/bb63975d720c49d59edaa016e9d717d3 0.499s
2025-04-04 07:33:52.636 70108 INFO tempest.lib.common.rest_client [req-32f2def1-740c-4927-9cfa-b523550709f8 req-32f2def1-740c-4927-9cfa-b523550709f8 ] Request (ServerDiagnosticsNegativeTest:test_get_server_diagnostics_by_non_admin): 201 POST http://10.180.1.21/identity/v3/auth/tokens 0.462s
2025-04-04 07:33:52.636 70108 INFO tempest.lib.common.fixed_network [-] (ServerDiagnosticsNegativeTest:test_get_server_diagnostics_by_non_admin) Found network None available for tenant
2025-04-04 07:33:52.641 70056 INFO tempest.lib.common.rest_client [req-9b07460f-44bc-4e1c-bab3-827e31da13da req-9b07460f-44bc-4e1c-bab3-827e31da13da ] Request (ValidationResourcesFixture:setUp): 201 POST http://10.180.1.21:9696/networking/v2.0/security-group-rules 0.142s
2025-04-04 07:33:52.663 70091 INFO tempest.lib.common.rest_client [req-763e404d-85a5-473b-bbf6-c7290dde8230 req-763e404d-85a5-473b-bbf6-c7290dde8230 ] Request (FlavorsV261TestJSON:tearDownClass): 204 DELETE http://10.180.1.21:9696/networking/v2.0/security-groups/4637d490-4840-4c6c-a829-ba04df44d177 0.129s
2025-04-04 07:33:52.742 70074 INFO tempest.lib.common.rest_client [req-e9403c4c-189c-4ff9-bc4f-0c4249a65525 req-e9403c4c-189c-4ff9-bc4f-0c4249a65525 ] Request (FlavorsV255TestJSON:setUpClass): 201 POST http://10.180.1.21/identity/v3/auth/tokens 0.543s
2025-04-04 07:33:52.754 70100 INFO tempest.lib.common.rest_client [req-06d14177-4f9e-460a-94e7-39095674a21c req-06d14177-4f9e-460a-94e7-39095674a21c ] Request (HypervisorAdminNegativeUnderV252Test:tearDownClass): 204 DELETE http://10.180.1.21/identity/v3/projects/485340a8251948e5a5d4514ffaf19b00 0.670s
2025-04-04 07:33:52.754 70100 INFO tempest.lib.common.dynamic_creds [-] Deleting project and security group for project: 9f1a4f3759734009a58d354c0158ca31
2025-04-04 07:33:52.778 70058 INFO tempest.lib.common.rest_client [req-f23af0e1-1c78-47aa-8b51-3f28bafcc82d req-f23af0e1-1c78-47aa-8b51-3f28bafcc82d ] Request (ImagesMetadataTestJSON:setUp): 200 PUT http://10.180.1.21/compute/v2.1/images/7e03ef06-06e1-4f22-8d7a-04ea8a12ff93/metadata 1.309s
2025-04-04 07:33:52.827 70106 INFO tempest.lib.common.rest_client [req-bc9063b6-444b-4d04-a2b8-edcdf963aa65 req-bc9063b6-444b-4d04-a2b8-edcdf963aa65 ] Request (QuotasSecurityGroupAdminNegativeTest:setUpClass): 201 POST http://10.180.1.21/identity/v3/projects 0.542s
2025-04-04 07:33:52.870 70100 INFO tempest.lib.common.rest_client [req-6edae708-95fe-4cc0-8e0b-09798afe7044 req-6edae708-95fe-4cc0-8e0b-09798afe7044 ] Request (HypervisorAdminNegativeUnderV252Test:tearDownClass): 200 GET http://10.180.1.21:9696/networking/v2.0/security-groups?tenant_id=9f1a4f3759734009a58d354c0158ca31&name=default 0.115s
2025-04-04 07:33:52.876 70116 INFO tempest.lib.common.rest_client [req-875f0892-df64-4f1b-b0a1-3d280fd3071e req-875f0892-df64-4f1b-b0a1-3d280fd3071e ] Request (ServerMetadataTestJSON:setUpClass): 201 POST http://10.180.1.21/identity/v3/auth/tokens 0.448s
2025-04-04 07:33:52.881 70102 INFO tempest.lib.common.rest_client [req-6b40b0fb-c1a7-4c1c-b7a0-3eb80682a382 req-6b40b0fb-c1a7-4c1c-b7a0-3eb80682a382 ] Request (ServerDiagnosticsV248Test:test_get_server_diagnostics): 200 GET http://10.180.1.21/compute/v2.1/servers/e86927b1-749c-43b3-908f-43b3b7ace331 1.175s
2025-04-04 07:33:52.892 70072 INFO tempest.lib.common.rest_client [req-30bf5af4-6caa-4a27-bcbe-bf30b8179943 req-30bf5af4-6caa-4a27-bcbe-bf30b8179943 ] Request (ImagesDeleteNegativeTestJSON:setUpClass): 200 GET http://10.180.1.21/identity/v3/roles 0.579s
2025-04-04 07:33:52.895 70102 INFO tempest.common.waiters [-] State transition "BUILD/None" ==> "BUILD/networking" after 6 second wait
2025-04-04 07:33:52.921 70092 INFO tempest.lib.common.rest_client [req-99edbd4a-c8c3-4eed-b6fc-39ac1c1dbafa req-99edbd4a-c8c3-4eed-b6fc-39ac1c1dbafa ] Request (ServerActionsV293TestJSON:setUpClass): 201 POST http://10.180.1.21/identity/v3/users 0.400s
2025-04-04 07:33:52.970 70100 INFO tempest.lib.common.rest_client [req-3b9ceca6-bd80-47a4-b26a-746efb6e7cd0 req-3b9ceca6-bd80-47a4-b26a-746efb6e7cd0 ] Request (HypervisorAdminNegativeUnderV252Test:tearDownClass): 204 DELETE http://10.180.1.21:9696/networking/v2.0/security-groups/07970c9f-dfac-44da-82ff-c15fd6f55b07 0.099s
2025-04-04 07:33:52.975 70078 INFO tempest.lib.common.rest_client [req-a36a1419-c9f7-4357-b185-b9fbf5c3821f req-a36a1419-c9f7-4357-b185-b9fbf5c3821f ] Request (TenantUsagesTestJSON:setUpClass): 200 GET http://10.180.1.21/compute/v2.1/servers/e27f7381-8700-43f0-a827-d2f936a25f44 1.145s
2025-04-04 07:33:52.975 70104 INFO tempest.lib.common.rest_client [req-304a9d82-c9d1-422d-b3f4-bf3ce4e3f75d req-304a9d82-c9d1-422d-b3f4-bf3ce4e3f75d ] Request (HypervisorAdminNegativeTestJSON:tearDownClass): 204 DELETE http://10.180.1.21/identity/v3/users/d7179017afc84a7f89503da6d23eaf9e 0.400s
2025-04-04 07:33:52.976 70104 INFO tempest.lib.common.dynamic_creds [-] Deleting project and security group for project: 33467363d86742b2910c40a53a0532cd
2025-04-04 07:33:52.997 70091 INFO tempest.lib.common.rest_client [req-ed3b6b9e-2362-4920-8c77-bc76e41a924d req-ed3b6b9e-2362-4920-8c77-bc76e41a924d ] Request (FlavorsV261TestJSON:tearDownClass): 204 DELETE http://10.180.1.21/identity/v3/projects/9fe3ba89ea27499fb77e8e819f7865a6 0.333s
2025-04-04 07:33:52.998 70091 INFO tempest.test [-] raised in LiveAutoBlockMigrationV225Test.setUpClass. Invoking tearDownClass.
2025-04-04 07:33:53.053 70074 INFO tempest.lib.common.rest_client [req-a6087074-7feb-4c16-bd45-b1043d44d330 req-a6087074-7feb-4c16-bd45-b1043d44d330 ] Request (FlavorsV255TestJSON:setUpClass): 201 POST http://10.180.1.21/identity/v3/projects 0.310s
2025-04-04 07:33:53.066 70106 INFO tempest.lib.common.rest_client [req-6dbbd878-89e7-4aab-87e9-72033033c97c req-6dbbd878-89e7-4aab-87e9-72033033c97c ] Request (QuotasSecurityGroupAdminNegativeTest:setUpClass): 201 POST http://10.180.1.21/identity/v3/users 0.238s
2025-04-04 07:33:53.111 70116 INFO tempest.lib.common.rest_client [req-ddf5f431-b494-445b-803c-3b0a1ca16111 req-ddf5f431-b494-445b-803c-3b0a1ca16111 ] Request (ServerMetadataTestJSON:setUpClass): 201 POST http://10.180.1.21/identity/v3/auth/tokens 0.233s
2025-04-04 07:33:53.121 70072 INFO tempest.lib.common.rest_client [req-c6c9a71f-f76f-4c03-9962-b51cf446dc50 req-c6c9a71f-f76f-4c03-9962-b51cf446dc50 ] Request (ImagesDeleteNegativeTestJSON:setUpClass): 204 PUT http://10.180.1.21/identity/v3/projects/b9a960f6985d4a3e9d070faa26910f4a/users/8963cdf839ab47dbb0b998b0357e0b09/roles/d2d7ea366b534d8d964b42d29d01167b 0.228s
2025-04-04 07:33:53.121 70072 INFO tempest.lib.common.dynamic_creds [-] Dynamic test user 8963cdf839ab47dbb0b998b0357e0b09 is created with scope project and roles: ['member']
2025-04-04 07:33:53.121 70072 INFO tempest.lib.common.dynamic_creds [-] Acquired dynamic creds: credentials: Credentials: {'domain_id': 'default', 'domain_name': 'Default', 'username': 'tempest-ImagesDeleteNegativeTestJSON-670359615-project-member', 'project_domain_id': 'default', 'project_domain_name': 'Default', 'project_id': 'b9a960f6985d4a3e9d070faa26910f4a', 'project_name': 'tempest-ImagesDeleteNegativeTestJSON-670359615', 'tenant_id': 'b9a960f6985d4a3e9d070faa26910f4a', 'tenant_name': 'tempest-ImagesDeleteNegativeTestJSON-670359615', 'user_domain_id': 'default', 'user_domain_name': 'Default', 'user_id': '8963cdf839ab47dbb0b998b0357e0b09', 'system': None}, Network: None, Subnet: None, Router: None
2025-04-04 07:33:53.121 70072 INFO tempest.lib.common.dynamic_creds [-] Created isolated network resources for: credentials: Credentials: {'domain_id': 'default', 'domain_name': 'Default', 'username': 'tempest-ImagesDeleteNegativeTestJSON-670359615-project-member', 'project_domain_id': 'default', 'project_domain_name': 'Default', 'project_id': 'b9a960f6985d4a3e9d070faa26910f4a', 'project_name': 'tempest-ImagesDeleteNegativeTestJSON-670359615', 'tenant_id': 'b9a960f6985d4a3e9d070faa26910f4a', 'tenant_name': 'tempest-ImagesDeleteNegativeTestJSON-670359615', 'user_domain_id': 'default', 'user_domain_name': 'Default', 'user_id': '8963cdf839ab47dbb0b998b0357e0b09', 'system': None}, Network: None, Subnet: None, Router: None
2025-04-04 07:33:53.168 70092 INFO tempest.lib.common.rest_client [req-c8a2ba6f-4246-4713-985e-f63669b34ac2 req-c8a2ba6f-4246-4713-985e-f63669b34ac2 ] Request (ServerActionsV293TestJSON:setUpClass): 200 GET http://10.180.1.21/identity/v3/roles 0.246s
2025-04-04 07:33:53.191 70104 INFO tempest.lib.common.rest_client [req-c6fca66d-26e3-4191-92ad-b7579944f902 req-c6fca66d-26e3-4191-92ad-b7579944f902 ] Request (HypervisorAdminNegativeTestJSON:tearDownClass): 201 POST http://10.180.1.21/identity/v3/auth/tokens 0.215s
2025-04-04 07:33:53.202 70080 INFO tempest.lib.common.rest_client [req-83adad8b-dd8a-4297-9d8b-3a7af82f6029 req-83adad8b-dd8a-4297-9d8b-3a7af82f6029 ] Request (MigrationsAdminTest:test_list_migrations_in_flavor_resize_situation): 200 GET http://10.180.1.21/compute/v2.1/servers/9fb8d6eb-b484-49d5-b63f-1ad8e2e2bfab 1.256s
2025-04-04 07:33:53.214 70080 INFO tempest.common.waiters [-] State transition "BUILD/networking" ==> "BUILD/spawning" after 9 second wait
2025-04-04 07:33:53.231 70100 INFO tempest.lib.common.rest_client [req-878487f1-f732-4866-8e3b-fd375798bf77 req-878487f1-f732-4866-8e3b-fd375798bf77 ] Request (HypervisorAdminNegativeUnderV252Test:tearDownClass): 204 DELETE http://10.180.1.21/identity/v3/projects/9f1a4f3759734009a58d354c0158ca31 0.260s
2025-04-04 07:33:53.250 70091 INFO tempest.lib.common.rest_client [req-84065426-7f70-4505-8503-15234e8ca56c req-84065426-7f70-4505-8503-15234e8ca56c ] Request (ImagesTestJSON:setUpClass): 201 POST http://10.180.1.21/identity/v3/auth/tokens 0.250s
2025-04-04 07:33:53.272 70106 INFO tempest.lib.common.rest_client [req-0f0d363b-e10a-445a-973a-c4cf8fdfaa8b req-0f0d363b-e10a-445a-973a-c4cf8fdfaa8b ] Request (QuotasSecurityGroupAdminNegativeTest:setUpClass): 200 GET http://10.180.1.21/identity/v3/roles 0.206s
2025-04-04 07:33:53.287 70074 INFO tempest.lib.common.rest_client [req-080fc219-d1fd-4ada-928e-aefe263fd22e req-080fc219-d1fd-4ada-928e-aefe263fd22e ] Request (FlavorsV255TestJSON:setUpClass): 201 POST http://10.180.1.21/identity/v3/users 0.234s
2025-04-04 07:33:53.291 70062 INFO tempest.lib.common.rest_client [req-95443626-b9ad-4895-8b26-e90fce29e00f req-95443626-b9ad-4895-8b26-e90fce29e00f ] Request (VolumesAssistedSnapshotsTest:test_volume_assisted_snapshot_create_delete): 200 GET http://10.180.1.21/volume/v3/volumes/afa88d92-dbeb-45ea-9cc4-a46280ce82c8 0.036s
2025-04-04 07:33:53.296 70116 INFO tempest.lib.common.rest_client [req-44cebe3d-cf22-45bb-8be4-15ae1dfc6cd2 req-44cebe3d-cf22-45bb-8be4-15ae1dfc6cd2 ] Request (ServerMetadataTestJSON:setUpClass): 200 GET http://10.180.1.21/identity/v3/domains?name=Default 0.184s
2025-04-04 07:33:53.296 70088 INFO tempest.lib.common.rest_client [req-56772127-f9ba-446b-b48d-53c8e5f2326d req-56772127-f9ba-446b-b48d-53c8e5f2326d ] Request (ServersAdminNegativeTestJSON:setUpClass): 200 GET http://10.180.1.21/compute/v2.1/servers/26a807ba-3039-415b-aa30-2e554cad4d3d 1.280s
2025-04-04 07:33:53.302 70062 INFO tempest.common.waiters [-] volume afa88d92-dbeb-45ea-9cc4-a46280ce82c8 reached available after waiting for 1.302239 seconds
2025-04-04 07:33:53.329 70092 INFO tempest.lib.common.rest_client [req-1d6a6a11-25ad-40ac-ae00-e422b1055493 req-1d6a6a11-25ad-40ac-ae00-e422b1055493 ] Request (ServerActionsV293TestJSON:setUpClass): 204 PUT http://10.180.1.21/identity/v3/projects/ee9e4a51fdf643a9bdf3ff25b5981a19/users/b09dda5eb1f847f594bc90c6b1649c80/roles/d2d7ea366b534d8d964b42d29d01167b 0.160s
2025-04-04 07:33:53.329 70092 INFO tempest.lib.common.dynamic_creds [-] Dynamic test user b09dda5eb1f847f594bc90c6b1649c80 is created with scope project and roles: ['member']
2025-04-04 07:33:53.330 70092 INFO tempest.lib.common.dynamic_creds [-] Acquired dynamic creds: credentials: Credentials: {'domain_id': 'default', 'domain_name': 'Default', 'username': 'tempest-ServerActionsV293TestJSON-1166294170-project-member', 'project_domain_id': 'default', 'project_domain_name': 'Default', 'project_id': 'ee9e4a51fdf643a9bdf3ff25b5981a19', 'project_name': 'tempest-ServerActionsV293TestJSON-1166294170', 'tenant_id': 'ee9e4a51fdf643a9bdf3ff25b5981a19', 'tenant_name': 'tempest-ServerActionsV293TestJSON-1166294170', 'user_domain_id': 'default', 'user_domain_name': 'Default', 'user_id': 'b09dda5eb1f847f594bc90c6b1649c80', 'system': None}, Network: None, Subnet: None, Router: None
2025-04-04 07:33:53.345 70072 INFO tempest.lib.common.rest_client [req-f24d7e30-b1f4-4c55-85b8-4035cc358909 req-f24d7e30-b1f4-4c55-85b8-4035cc358909 ] Request (ImagesDeleteNegativeTestJSON:setUpClass): 201 POST http://10.180.1.21/identity/v3/auth/tokens 0.220s
2025-04-04 07:33:53.404 70100 INFO tempest.lib.common.rest_client [req-1c3cbcfc-b47c-4a9b-bcba-7ac5f3cf5c99 req-1c3cbcfc-b47c-4a9b-bcba-7ac5f3cf5c99 ] Request (ServerDiagnosticsTest:setUpClass): 201 POST http://10.180.1.21/identity/v3/auth/tokens 0.171s
2025-04-04 07:33:53.451 70091 INFO tempest.lib.common.rest_client [req-31f0d202-7141-4e61-a462-9e21fc490458 req-31f0d202-7141-4e61-a462-9e21fc490458 ] Request (ImagesTestJSON:setUpClass): 201 POST http://10.180.1.21/identity/v3/auth/tokens 0.198s
2025-04-04 07:33:53.460 70056 INFO tempest.lib.common.rest_client [req-e6a17cdb-d6c5-4f8b-8837-ed518c5ee260 req-e6a17cdb-d6c5-4f8b-8837-ed518c5ee260 ] Request (ValidationResourcesFixture:setUp): 201 POST http://10.180.1.21:9696/networking/v2.0/floatingips 0.818s
2025-04-04 07:33:53.475 70106 INFO tempest.lib.common.rest_client [req-4607c968-a202-4ca6-9afd-d6bf9331919e req-4607c968-a202-4ca6-9afd-d6bf9331919e ] Request (QuotasSecurityGroupAdminNegativeTest:setUpClass): 204 PUT http://10.180.1.21/identity/v3/projects/ce7abcd4795d42e1b1cf07a013b3c510/users/40a026ac7d9c44eaafe5305fd0a6131e/roles/784fe17d6d664934b1fa8e04307b328f 0.202s
2025-04-04 07:33:53.486 70074 INFO tempest.lib.common.rest_client [req-d9fe65cf-2910-4d95-8ecd-cca667a66ba2 req-d9fe65cf-2910-4d95-8ecd-cca667a66ba2 ] Request (FlavorsV255TestJSON:setUpClass): 200 GET http://10.180.1.21/identity/v3/roles 0.198s
2025-04-04 07:33:53.514 70092 INFO tempest.lib.common.rest_client [req-25e81d4f-305c-4acb-9a1b-cbbf06c438be req-25e81d4f-305c-4acb-9a1b-cbbf06c438be ] Request (ServerActionsV293TestJSON:setUpClass): 201 POST http://10.180.1.21/identity/v3/auth/tokens 0.184s
2025-04-04 07:33:53.532 70116 INFO tempest.lib.common.rest_client [req-81b0cea8-be79-4342-aa81-a0bb698f6517 req-81b0cea8-be79-4342-aa81-a0bb698f6517 ] Request (ServerMetadataTestJSON:setUpClass): 201 POST http://10.180.1.21/identity/v3/projects 0.233s
2025-04-04 07:33:53.543 70104 INFO tempest.lib.common.rest_client [req-6bb1b693-40ef-4dbd-a3cf-a13750d01233 req-6bb1b693-40ef-4dbd-a3cf-a13750d01233 ] Request (HypervisorAdminNegativeTestJSON:tearDownClass): 200 GET http://10.180.1.21:9696/networking/v2.0/security-groups?tenant_id=33467363d86742b2910c40a53a0532cd&name=default 0.351s
2025-04-04 07:33:53.564 70100 INFO tempest.lib.common.rest_client [req-abe3b5af-7f9b-40c5-a79d-091d8990845a req-abe3b5af-7f9b-40c5-a79d-091d8990845a ] Request (ServerDiagnosticsTest:setUpClass): 201 POST http://10.180.1.21/identity/v3/auth/tokens 0.157s
2025-04-04 07:33:53.580 70091 INFO tempest.lib.common.rest_client [req-4e9a711e-6b17-4153-af57-b3a2a8f680f5 req-4e9a711e-6b17-4153-af57-b3a2a8f680f5 ] Request (ImagesTestJSON:setUpClass): 200 GET http://10.180.1.21/identity/v3/domains?name=Default 0.129s
2025-04-04 07:33:53.611 70056 INFO tempest.lib.common.rest_client [req-b14df21d-1921-4bd0-9f53-dc94e099e9cf req-b14df21d-1921-4bd0-9f53-dc94e099e9cf ] Request (ServersWithSpecificFlavorTestJSON:test_verify_created_server_ephemeral_disk): 201 POST http://10.180.1.21/identity/v3/auth/tokens 0.148s
2025-04-04 07:33:53.611 70056 INFO tempest.lib.common.fixed_network [-] (ServersWithSpecificFlavorTestJSON:test_verify_created_server_ephemeral_disk) Found network {'id': '894f0d1e-0d31-444c-ad81-89e2334aca13', 'name': 'tempest-ServersWithSpecificFlavorTestJSON-576942619-network', 'tenant_id': '4aeb9553368a445faa03b805e88765cb', 'admin_state_up': True, 'mtu': 8950, 'status': 'ACTIVE', 'subnets': [], 'shared': False, 'project_id': '4aeb9553368a445faa03b805e88765cb', 'port_security_enabled': True, 'router:external': False, 'provider:network_type': 'vlan', 'provider:physical_network': 'default', 'provider:segmentation_id': 245, 'availability_zone_hints': [], 'availability_zones': [], 'ipv4_address_scope': None, 'ipv6_address_scope': None, 'description': '', 'tags': [], 'created_at': '2025-04-04T07:33:31Z', 'updated_at': '2025-04-04T07:33:31Z', 'revision_number': 1} available for tenant
2025-04-04 07:33:53.620 70104 INFO tempest.lib.common.rest_client [req-bad150b0-b86f-49b2-a667-1b4bb4196c20 req-bad150b0-b86f-49b2-a667-1b4bb4196c20 ] Request (HypervisorAdminNegativeTestJSON:tearDownClass): 204 DELETE http://10.180.1.21:9696/networking/v2.0/security-groups/7b37c8b7-1415-4a44-901b-332e41dcdd22 0.074s
2025-04-04 07:33:53.627 70106 INFO tempest.lib.common.rest_client [req-2f02fef1-54ec-4311-b790-442fca71193b req-2f02fef1-54ec-4311-b790-442fca71193b ] Request (QuotasSecurityGroupAdminNegativeTest:setUpClass): 200 GET http://10.180.1.21/identity/v3/roles 0.151s
2025-04-04 07:33:53.649 70074 INFO tempest.lib.common.rest_client [req-13c5fcef-4a07-4199-ba4a-5b3d96ac9d24 req-13c5fcef-4a07-4199-ba4a-5b3d96ac9d24 ] Request (FlavorsV255TestJSON:setUpClass): 204 PUT http://10.180.1.21/identity/v3/projects/3376acf2fe514e3b953bbcdb7f004c65/users/f51c3b0ede284a15b587b9a05529c46e/roles/784fe17d6d664934b1fa8e04307b328f 0.162s
2025-04-04 07:33:53.747 70116 INFO tempest.lib.common.rest_client [req-fe835a1c-b6cc-45c1-acde-32da0084cafd req-fe835a1c-b6cc-45c1-acde-32da0084cafd ] Request (ServerMetadataTestJSON:setUpClass): 201 POST http://10.180.1.21/identity/v3/users 0.214s
2025-04-04 07:33:53.751 70086 INFO tempest.lib.common.rest_client [req-71df50f1-da87-4eb5-aa5f-4886f6601337 req-71df50f1-da87-4eb5-aa5f-4886f6601337 ] Request (QuotasAdminTestJSON:test_get_updated_quotas): 200 GET http://10.180.1.21/compute/v2.1/os-quota-sets/cf6cd39884024ad38715a37c361b4f7d?user_id=010fd0de846b4f1692a6a31336488569 1.708s
2025-04-04 07:33:53.764 70100 INFO tempest.lib.common.rest_client [req-29340a7f-2686-4c87-a6ea-ca725f95b461 req-29340a7f-2686-4c87-a6ea-ca725f95b461 ] Request (ServerDiagnosticsTest:setUpClass): 200 GET http://10.180.1.21/identity/v3/domains?name=Default 0.199s
2025-04-04 07:33:53.773 70091 INFO tempest.lib.common.rest_client [req-7cb284ee-6d1f-4c4d-9cd0-5e70230ef018 req-7cb284ee-6d1f-4c4d-9cd0-5e70230ef018 ] Request (ImagesTestJSON:setUpClass): 201 POST http://10.180.1.21/identity/v3/projects 0.192s
2025-04-04 07:33:53.818 70106 INFO tempest.lib.common.rest_client [req-97ffab0f-4f75-47fc-acc4-b0bc15bf2769 req-97ffab0f-4f75-47fc-acc4-b0bc15bf2769 ] Request (QuotasSecurityGroupAdminNegativeTest:setUpClass): 204 PUT http://10.180.1.21/identity/v3/projects/ce7abcd4795d42e1b1cf07a013b3c510/users/40a026ac7d9c44eaafe5305fd0a6131e/roles/784fe17d6d664934b1fa8e04307b328f 0.190s
2025-04-04 07:33:53.818 70106 INFO tempest.lib.common.dynamic_creds [-] Dynamic test user 40a026ac7d9c44eaafe5305fd0a6131e is created with scope project and roles: ['admin']
2025-04-04 07:33:53.818 70106 INFO tempest.lib.common.dynamic_creds [-] Acquired dynamic creds: credentials: Credentials: {'domain_id': 'default', 'domain_name': 'Default', 'username': 'tempest-QuotasSecurityGroupAdminNegativeTest-1594588167-project-admin', 'project_domain_id': 'default', 'project_domain_name': 'Default', 'project_id': 'ce7abcd4795d42e1b1cf07a013b3c510', 'project_name': 'tempest-QuotasSecurityGroupAdminNegativeTest-1594588167', 'tenant_id': 'ce7abcd4795d42e1b1cf07a013b3c510', 'tenant_name': 'tempest-QuotasSecurityGroupAdminNegativeTest-1594588167', 'user_domain_id': 'default', 'user_domain_name': 'Default', 'user_id': '40a026ac7d9c44eaafe5305fd0a6131e', 'system': None}, Network: None, Subnet: None, Router: None
2025-04-04 07:33:53.818 70106 INFO tempest.lib.common.dynamic_creds [-] Created isolated network resources for: credentials: Credentials: {'domain_id': 'default', 'domain_name': 'Default', 'username': 'tempest-QuotasSecurityGroupAdminNegativeTest-1594588167-project-admin', 'project_domain_id': 'default', 'project_domain_name': 'Default', 'project_id': 'ce7abcd4795d42e1b1cf07a013b3c510', 'project_name': 'tempest-QuotasSecurityGroupAdminNegativeTest-1594588167', 'tenant_id': 'ce7abcd4795d42e1b1cf07a013b3c510', 'tenant_name': 'tempest-QuotasSecurityGroupAdminNegativeTest-1594588167', 'user_domain_id': 'default', 'user_domain_name': 'Default', 'user_id': '40a026ac7d9c44eaafe5305fd0a6131e', 'system': None}, Network: None, Subnet: None, Router: None
2025-04-04 07:33:53.856 70104 INFO tempest.lib.common.rest_client [req-78d1a44a-dbfb-4b2a-8a08-3bafb4b60d5c req-78d1a44a-dbfb-4b2a-8a08-3bafb4b60d5c ] Request (HypervisorAdminNegativeTestJSON:tearDownClass): 204 DELETE http://10.180.1.21/identity/v3/projects/33467363d86742b2910c40a53a0532cd 0.236s
2025-04-04 07:33:53.856 70104 INFO tempest.lib.common.dynamic_creds [-] Deleting project and security group for project: c4294d2955d448a89a8f7bcab153fe3a
2025-04-04 07:33:53.901 70074 INFO tempest.lib.common.rest_client [req-c936025e-6dcf-4714-8a5d-b76f648b0d2e req-c936025e-6dcf-4714-8a5d-b76f648b0d2e ] Request (FlavorsV255TestJSON:setUpClass): 200 GET http://10.180.1.21/identity/v3/roles 0.252s
2025-04-04 07:33:53.907 70092 INFO tempest.lib.common.rest_client [req-e5b76473-886e-441b-b20d-b042f738d9f8 req-e5b76473-886e-441b-b20d-b042f738d9f8 ] Request (ServerActionsV293TestJSON:setUpClass): 201 POST http://10.180.1.21:9696/networking/v2.0/networks 0.393s
2025-04-04 07:33:53.919 70116 INFO tempest.lib.common.rest_client [req-d6425733-085e-4253-a879-b7b2c6714cd5 req-d6425733-085e-4253-a879-b7b2c6714cd5 ] Request (ServerMetadataTestJSON:setUpClass): 200 GET http://10.180.1.21/identity/v3/roles 0.172s
2025-04-04 07:33:53.980 70104 INFO tempest.lib.common.rest_client [req-f6792fcc-a5de-4034-b054-d1f3dbbcc9d9 req-f6792fcc-a5de-4034-b054-d1f3dbbcc9d9 ] Request (HypervisorAdminNegativeTestJSON:tearDownClass): 200 GET http://10.180.1.21:9696/networking/v2.0/security-groups?tenant_id=c4294d2955d448a89a8f7bcab153fe3a&name=default 0.123s
2025-04-04 07:33:54.016 70060 INFO tempest.lib.common.rest_client [req-e3a3601e-18af-4aac-a78e-eb2e886478e8 req-e3a3601e-18af-4aac-a78e-eb2e886478e8 ] Request (AggregatesAdminNegativeTestJSON:test_aggregate_add_host_as_user): 403 POST http://10.180.1.21/compute/v2.1/os-aggregates/2/action 1.946s
2025-04-04 07:33:54.038 70086 INFO tempest.lib.common.rest_client [req-9996b73d-6f6f-4c63-892c-272458726347 req-9996b73d-6f6f-4c63-892c-272458726347 ] Request (QuotasAdminTestJSON:_run_cleanups): 204 DELETE http://10.180.1.21/identity/v3/users/010fd0de846b4f1692a6a31336488569 0.284s
2025-04-04 07:33:54.063 70068 INFO tempest.lib.common.rest_client [req-b35895e7-28d1-48a9-8aa3-ca3c277e4e79 req-b35895e7-28d1-48a9-8aa3-ca3c277e4e79 ] Request (FlavorsExtraSpecsTestJSON:test_flavor_set_get_update_show_unset_keys): 200 PUT http://10.180.1.21/compute/v2.1/flavors/1813441925/os-extra_specs/hw:numa_nodes 1.974s
2025-04-04 07:33:54.070 70084 INFO tempest.lib.common.rest_client [req-3ab5b9b9-b54b-4088-b845-2bdb0ba82eb3 req-3ab5b9b9-b54b-4088-b845-2bdb0ba82eb3 ] Request (ListServersNegativeTestJSON:setUpClass): 202 POST http://10.180.1.21/compute/v2.1/servers 2.733s
2025-04-04 07:33:54.075 70100 INFO tempest.lib.common.rest_client [req-e1361fda-a13a-46e8-a6e9-22bb239feddb req-e1361fda-a13a-46e8-a6e9-22bb239feddb ] Request (ServerDiagnosticsTest:setUpClass): 201 POST http://10.180.1.21/identity/v3/projects 0.311s
2025-04-04 07:33:54.084 70104 INFO tempest.lib.common.rest_client [req-079be69e-e0f8-4e5e-8f29-f4815cbaa7a8 req-079be69e-e0f8-4e5e-8f29-f4815cbaa7a8 ] Request (HypervisorAdminNegativeTestJSON:tearDownClass): 204 DELETE http://10.180.1.21:9696/networking/v2.0/security-groups/10331ad2-ae22-444b-bc9b-a7d5ef6932e3 0.103s
2025-04-04 07:33:54.100 70098 INFO tempest.lib.common.rest_client [req-1b302a94-060d-414e-9815-8931088f2a67 req-1b302a94-060d-414e-9815-8931088f2a67 ] Request (KeyPairsV210TestJSON:_run_cleanups): 204 DELETE http://10.180.1.21/compute/v2.1/os-keypairs/tempest-keypair-1687733002?user_id=a4903948c52a4afa941a5e59a3d8e72a 1.994s
2025-04-04 07:33:54.136 70092 INFO tempest.lib.common.rest_client [req-67b29a7f-1e0a-456d-a78c-4f14306ce44f req-67b29a7f-1e0a-456d-a78c-4f14306ce44f ] Request (ServerActionsV293TestJSON:setUpClass): 201 POST http://10.180.1.21:9696/networking/v2.0/subnets 0.228s
2025-04-04 07:33:54.146 70091 INFO tempest.lib.common.rest_client [req-827dc312-1c20-4be9-b6dc-9c8e6db4bd62 req-827dc312-1c20-4be9-b6dc-9c8e6db4bd62 ] Request (ImagesTestJSON:setUpClass): 201 POST http://10.180.1.21/identity/v3/users 0.373s
2025-04-04 07:33:54.151 70106 INFO tempest.lib.common.rest_client [req-ebf6f668-bb76-403f-8dff-e50d29f4a126 req-ebf6f668-bb76-403f-8dff-e50d29f4a126 ] Request (QuotasSecurityGroupAdminNegativeTest:setUpClass): 201 POST http://10.180.1.21/identity/v3/auth/tokens 0.330s
2025-04-04 07:33:54.152 70106 WARNING tempest.lib.common.rest_client [-] Deprecated: "tenant_id" property is deprecated for removal, use "project_id" instead
2025-04-04 07:33:54.163 70118 INFO tempest.lib.common.rest_client [req-d3d42eaa-3521-4d56-aeb0-58ff9ca884ab req-d3d42eaa-3521-4d56-aeb0-58ff9ca884ab ] Request (ServersListShow296Test:test_list_show_update_rebuild_server_296): 200 GET http://10.180.1.21/compute/v2.1/servers/cb3d704d-e736-47a4-ba27-f87f5d3a28d9 2.061s
2025-04-04 07:33:54.169 70076 INFO tempest.lib.common.rest_client [req-2a1632d2-32b5-4b3a-a0d7-ae2723bee65e req-2a1632d2-32b5-4b3a-a0d7-ae2723bee65e ] Request (HostsAdminNegativeTestJSON:test_startup_host_with_non_admin_user): 403 GET http://10.180.1.21/compute/v2.1/os-hosts/devstack/startup 2.011s
2025-04-04 07:33:54.176 70074 INFO tempest.lib.common.rest_client [req-5d67267a-95b9-4c49-be7c-008449a97e2d req-5d67267a-95b9-4c49-be7c-008449a97e2d ] Request (FlavorsV255TestJSON:setUpClass): 204 PUT http://10.180.1.21/identity/v3/projects/3376acf2fe514e3b953bbcdb7f004c65/users/f51c3b0ede284a15b587b9a05529c46e/roles/784fe17d6d664934b1fa8e04307b328f 0.274s
2025-04-04 07:33:54.177 70074 INFO tempest.lib.common.dynamic_creds [-] Dynamic test user f51c3b0ede284a15b587b9a05529c46e is created with scope project and roles: ['admin']
2025-04-04 07:33:54.177 70074 INFO tempest.lib.common.dynamic_creds [-] Acquired dynamic creds: credentials: Credentials: {'domain_id': 'default', 'domain_name': 'Default', 'username': 'tempest-FlavorsV255TestJSON-1457627962-project-admin', 'project_domain_id': 'default', 'project_domain_name': 'Default', 'project_id': '3376acf2fe514e3b953bbcdb7f004c65', 'project_name': 'tempest-FlavorsV255TestJSON-1457627962', 'tenant_id': '3376acf2fe514e3b953bbcdb7f004c65', 'tenant_name': 'tempest-FlavorsV255TestJSON-1457627962', 'user_domain_id': 'default', 'user_domain_name': 'Default', 'user_id': 'f51c3b0ede284a15b587b9a05529c46e', 'system': None}, Network: None, Subnet: None, Router: None
2025-04-04 07:33:54.178 70074 INFO tempest.lib.common.dynamic_creds [-] Created isolated network resources for: credentials: Credentials: {'domain_id': 'default', 'domain_name': 'Default', 'username': 'tempest-FlavorsV255TestJSON-1457627962-project-admin', 'project_domain_id': 'default', 'project_domain_name': 'Default', 'project_id': '3376acf2fe514e3b953bbcdb7f004c65', 'project_name': 'tempest-FlavorsV255TestJSON-1457627962', 'tenant_id': '3376acf2fe514e3b953bbcdb7f004c65', 'tenant_name': 'tempest-FlavorsV255TestJSON-1457627962', 'user_domain_id': 'default', 'user_domain_name': 'Default', 'user_id': 'f51c3b0ede284a15b587b9a05529c46e', 'system': None}, Network: None, Subnet: None, Router: None
2025-04-04 07:33:54.200 70116 INFO tempest.lib.common.rest_client [req-702a12a1-1b5f-4e8a-9fed-ea87dbb477ff req-702a12a1-1b5f-4e8a-9fed-ea87dbb477ff ] Request (ServerMetadataTestJSON:setUpClass): 204 PUT http://10.180.1.21/identity/v3/projects/04db1472796a4746bf1e4c1f91ef0077/users/58406b5b3c584b3b9c3158acac5fc12d/roles/d2d7ea366b534d8d964b42d29d01167b 0.280s
2025-04-04 07:33:54.200 70116 INFO tempest.lib.common.dynamic_creds [-] Dynamic test user 58406b5b3c584b3b9c3158acac5fc12d is created with scope project and roles: ['member']
2025-04-04 07:33:54.201 70116 INFO tempest.lib.common.dynamic_creds [-] Acquired dynamic creds: credentials: Credentials: {'domain_id': 'default', 'domain_name': 'Default', 'username': 'tempest-ServerMetadataTestJSON-1467019000-project-member', 'project_domain_id': 'default', 'project_domain_name': 'Default', 'project_id': '04db1472796a4746bf1e4c1f91ef0077', 'project_name': 'tempest-ServerMetadataTestJSON-1467019000', 'tenant_id': '04db1472796a4746bf1e4c1f91ef0077', 'tenant_name': 'tempest-ServerMetadataTestJSON-1467019000', 'user_domain_id': 'default', 'user_domain_name': 'Default', 'user_id': '58406b5b3c584b3b9c3158acac5fc12d', 'system': None}, Network: None, Subnet: None, Router: None
2025-04-04 07:33:54.229 70112 INFO tempest.lib.common.rest_client [req-435f904f-520e-4fad-819d-141ea0300ccb req-435f904f-520e-4fad-819d-141ea0300ccb ] Request (DeleteServersAdminTestJSON:test_admin_delete_servers_of_others): 200 GET http://10.180.1.21/compute/v2.1/servers/99eb9323-22b6-4f44-a88c-d3532f424111 2.041s
2025-04-04 07:33:54.249 70066 INFO tempest.lib.common.rest_client [req-8149b1ec-fd18-4c79-87f5-0a08c70dfb2d req-8149b1ec-fd18-4c79-87f5-0a08c70dfb2d ] Request (FlavorsAccessNegativeTestJSON:test_flavor_access_list_with_public_flavor): 200 POST http://10.180.1.21/compute/v2.1/flavors 2.056s
2025-04-04 07:33:54.261 70070 INFO tempest.lib.common.rest_client [req-c4cd0125-b9de-43e5-afd2-3cbe5ca173de req-c4cd0125-b9de-43e5-afd2-3cbe5ca173de ] Request (FlavorsAccessTestJSON:test_flavor_access_list_with_private_flavor): 200 GET http://10.180.1.21/compute/v2.1/flavors/308180908/os-flavor-access 2.054s
2025-04-04 07:33:54.269 70100 INFO tempest.lib.common.rest_client [req-f02f78f1-24f4-498a-87e1-4a23e92fb276 req-f02f78f1-24f4-498a-87e1-4a23e92fb276 ] Request (ServerDiagnosticsTest:setUpClass): 201 POST http://10.180.1.21/identity/v3/users 0.193s
2025-04-04 07:33:54.311 70086 INFO tempest.lib.common.rest_client [req-4e507d26-a9ef-4150-b1fb-933d4bc88e2b req-4e507d26-a9ef-4150-b1fb-933d4bc88e2b ] Request (QuotasAdminTestJSON:_run_cleanups): 204 DELETE http://10.180.1.21/identity/v3/projects/cf6cd39884024ad38715a37c361b4f7d 0.273s
2025-04-04 07:33:54.316 70094 INFO tempest.lib.common.rest_client [req-4da448aa-f062-48fc-abc9-9997fef19f58 req-4da448aa-f062-48fc-abc9-9997fef19f58 ] Request (ServersWithFlavorSwapResizeTest:test_flavor_swap_0_to_1024): 200 GET http://10.180.1.21/compute/v2.1/servers/f1b8f182-2520-4ff2-9b83-044cc12c084e 2.038s
2025-04-04 07:33:54.325 70104 INFO tempest.lib.common.rest_client [req-2e9d1ba5-ce5a-48af-ab59-4eec691f6e11 req-2e9d1ba5-ce5a-48af-ab59-4eec691f6e11 ] Request (HypervisorAdminNegativeTestJSON:tearDownClass): 204 DELETE http://10.180.1.21/identity/v3/projects/c4294d2955d448a89a8f7bcab153fe3a 0.241s
2025-04-04 07:33:54.328 70104 INFO tempest.test [-] raised in LiveMigrationTest.setUpClass. Invoking tearDownClass.
2025-04-04 07:33:54.328 70096 INFO tempest.lib.common.rest_client [req-38cce9e1-e213-4a7d-bd66-ef549c904402 req-38cce9e1-e213-4a7d-bd66-ef549c904402 ] Request (FlavorsAdminTestJSON:_run_cleanups): 202 DELETE http://10.180.1.21/compute/v2.1/flavors/486072342 1.880s
2025-04-04 07:33:54.329 70094 INFO tempest.common.waiters [-] State transition "BUILD/scheduling" ==> "BUILD/None" after 3 second wait
2025-04-04 07:33:54.337 70114 INFO tempest.lib.common.rest_client [req-01626486-2edb-47bd-9de3-3194e6066664 req-01626486-2edb-47bd-9de3-3194e6066664 ] Request (KeyPairsV22TestJSON:test_keypairs_create_list_delete): 200 GET http://10.180.1.21/compute/v2.1/os-keypairs 1.853s
2025-04-04 07:33:54.382 70091 INFO tempest.lib.common.rest_client [req-4a347add-25c2-47c5-bbf7-b53efb3428d3 req-4a347add-25c2-47c5-bbf7-b53efb3428d3 ] Request (ImagesTestJSON:setUpClass): 200 GET http://10.180.1.21/identity/v3/roles 0.235s
2025-04-04 07:33:54.444 70098 INFO tempest.lib.common.rest_client [req-422e3506-dbe8-4b5f-92a8-aa273d25c0f5 req-422e3506-dbe8-4b5f-92a8-aa273d25c0f5 ] Request (KeyPairsV210TestJSON:tearDownClass): 204 DELETE http://10.180.1.21/identity/v3/users/a4903948c52a4afa941a5e59a3d8e72a 0.338s
2025-04-04 07:33:54.446 70106 INFO tempest.lib.common.rest_client [req-b59e1657-fc35-4a1b-98f8-afe753a4191f req-b59e1657-fc35-4a1b-98f8-afe753a4191f ] Request (QuotasSecurityGroupAdminNegativeTest:tearDownClass): 204 DELETE http://10.180.1.21/identity/v3/users/cf1130dd7129411d9f514310af262e06 0.292s
2025-04-04 07:33:54.501 70116 INFO tempest.lib.common.rest_client [req-68ed2b07-fb28-4698-8592-a7afaad56b9b req-68ed2b07-fb28-4698-8592-a7afaad56b9b ] Request (ServerMetadataTestJSON:setUpClass): 201 POST http://10.180.1.21/identity/v3/auth/tokens 0.300s
2025-04-04 07:33:54.510 70074 INFO tempest.lib.common.rest_client [req-484a3efe-ab46-4081-a53f-d7a3bd9ad9e9 req-484a3efe-ab46-4081-a53f-d7a3bd9ad9e9 ] Request (FlavorsV255TestJSON:setUpClass): 201 POST http://10.180.1.21/identity/v3/auth/tokens 0.328s
2025-04-04 07:33:54.525 70100 INFO tempest.lib.common.rest_client [req-e521aa5a-a5de-43e0-a3ac-9915a6ee6f47 req-e521aa5a-a5de-43e0-a3ac-9915a6ee6f47 ] Request (ServerDiagnosticsTest:setUpClass): 200 GET http://10.180.1.21/identity/v3/roles 0.255s
2025-04-04 07:33:54.552 70104 INFO tempest.lib.common.rest_client [req-685f1e02-425c-458f-a841-27b0e4489763 req-685f1e02-425c-458f-a841-27b0e4489763 ] Request (FloatingIPsAssociationTestJSON:setUpClass): 201 POST http://10.180.1.21/identity/v3/auth/tokens 0.220s
2025-04-04 07:33:54.640 70091 INFO tempest.lib.common.rest_client [req-70b6308a-2f54-408c-a923-b9464fa2be56 req-70b6308a-2f54-408c-a923-b9464fa2be56 ] Request (ImagesTestJSON:setUpClass): 204 PUT http://10.180.1.21/identity/v3/projects/f0fabf31d65a43b5ba0313fab6de9d4f/users/93c2c79a8a91492a8fe5e99272910b33/roles/d2d7ea366b534d8d964b42d29d01167b 0.257s
2025-04-04 07:33:54.641 70091 INFO tempest.lib.common.dynamic_creds [-] Dynamic test user 93c2c79a8a91492a8fe5e99272910b33 is created with scope project and roles: ['member']
2025-04-04 07:33:54.641 70091 INFO tempest.lib.common.dynamic_creds [-] Acquired dynamic creds: credentials: Credentials: {'domain_id': 'default', 'domain_name': 'Default', 'username': 'tempest-ImagesTestJSON-538457286-project-member', 'project_domain_id': 'default', 'project_domain_name': 'Default', 'project_id': 'f0fabf31d65a43b5ba0313fab6de9d4f', 'project_name': 'tempest-ImagesTestJSON-538457286', 'tenant_id': 'f0fabf31d65a43b5ba0313fab6de9d4f', 'tenant_name': 'tempest-ImagesTestJSON-538457286', 'user_domain_id': 'default', 'user_domain_name': 'Default', 'user_id': '93c2c79a8a91492a8fe5e99272910b33', 'system': None}, Network: None, Subnet: None, Router: None
2025-04-04 07:33:54.663 70082 INFO tempest.lib.common.rest_client [req-029fedf7-01f8-4462-a0f8-8fd308b07df4 req-029fedf7-01f8-4462-a0f8-8fd308b07df4 ] Request (QuotasAdminNegativeTest:test_create_server_when_cpu_quota_is_full): 200 PUT http://10.180.1.21/compute/v2.1/os-quota-sets/0ef490e5452748a7984d5ad1245c0487 2.523s
2025-04-04 07:33:54.677 70098 INFO tempest.lib.common.rest_client [req-86c98e3a-893a-4098-a347-83b2284f73df req-86c98e3a-893a-4098-a347-83b2284f73df ] Request (KeyPairsV210TestJSON:tearDownClass): 204 DELETE http://10.180.1.21/identity/v3/users/27a3ec78bb0e4df99183b07d7f5b23f0 0.233s
2025-04-04 07:33:54.677 70098 INFO tempest.lib.common.dynamic_creds [-] Deleting project and security group for project: 401e3e8268004801baea0bd9a8eda9da
2025-04-04 07:33:54.695 70058 INFO tempest.lib.common.rest_client [req-091a12c2-5ad6-437f-aa31-2c53fa5f052a req-091a12c2-5ad6-437f-aa31-2c53fa5f052a ] Request (ImagesMetadataTestJSON:test_get_image_metadata_item): 200 GET http://10.180.1.21/compute/v2.1/images/7e03ef06-06e1-4f22-8d7a-04ea8a12ff93/metadata/os_distro 1.917s
2025-04-04 07:33:54.779 70106 INFO tempest.lib.common.rest_client [req-682e2510-7077-4dab-9f3a-ee41342f6b77 req-682e2510-7077-4dab-9f3a-ee41342f6b77 ] Request (QuotasSecurityGroupAdminNegativeTest:tearDownClass): 204 DELETE http://10.180.1.21/identity/v3/users/40a026ac7d9c44eaafe5305fd0a6131e 0.332s
2025-04-04 07:33:54.779 70106 INFO tempest.lib.common.dynamic_creds [-] Deleting project and security group for project: e09e8a5619704c12beae2f60b9a07dec
2025-04-04 07:33:54.822 70100 INFO tempest.lib.common.rest_client [req-cc1bc4db-2a61-4df2-a501-8ea9079296b9 req-cc1bc4db-2a61-4df2-a501-8ea9079296b9 ] Request (ServerDiagnosticsTest:setUpClass): 204 PUT http://10.180.1.21/identity/v3/projects/3ad4609d08284996800ff68002d0f9cd/users/daba5b3d495e4e55b342f47f7a2e547e/roles/d2d7ea366b534d8d964b42d29d01167b 0.297s
2025-04-04 07:33:54.823 70100 INFO tempest.lib.common.dynamic_creds [-] Dynamic test user daba5b3d495e4e55b342f47f7a2e547e is created with scope project and roles: ['member']
2025-04-04 07:33:54.823 70100 INFO tempest.lib.common.dynamic_creds [-] Acquired dynamic creds: credentials: Credentials: {'domain_id': 'default', 'domain_name': 'Default', 'username': 'tempest-ServerDiagnosticsTest-1117415853-project-member', 'project_domain_id': 'default', 'project_domain_name': 'Default', 'project_id': '3ad4609d08284996800ff68002d0f9cd', 'project_name': 'tempest-ServerDiagnosticsTest-1117415853', 'tenant_id': '3ad4609d08284996800ff68002d0f9cd', 'tenant_name': 'tempest-ServerDiagnosticsTest-1117415853', 'user_domain_id': 'default', 'user_domain_name': 'Default', 'user_id': 'daba5b3d495e4e55b342f47f7a2e547e', 'system': None}, Network: None, Subnet: None, Router: None
2025-04-04 07:33:54.823 70100 INFO tempest.lib.common.dynamic_creds [-] Created isolated network resources for: credentials: Credentials: {'domain_id': 'default', 'domain_name': 'Default', 'username': 'tempest-ServerDiagnosticsTest-1117415853-project-member', 'project_domain_id': 'default', 'project_domain_name': 'Default', 'project_id': '3ad4609d08284996800ff68002d0f9cd', 'project_name': 'tempest-ServerDiagnosticsTest-1117415853', 'tenant_id': '3ad4609d08284996800ff68002d0f9cd', 'tenant_name': 'tempest-ServerDiagnosticsTest-1117415853', 'user_domain_id': 'default', 'user_domain_name': 'Default', 'user_id': 'daba5b3d495e4e55b342f47f7a2e547e', 'system': None}, Network: None, Subnet: None, Router: None
2025-04-04 07:33:54.843 70104 INFO tempest.lib.common.rest_client [req-9bb45704-d91c-4f7f-ab46-91ca3156fa9b req-9bb45704-d91c-4f7f-ab46-91ca3156fa9b ] Request (FloatingIPsAssociationTestJSON:setUpClass): 201 POST http://10.180.1.21/identity/v3/auth/tokens 0.286s
2025-04-04 07:33:54.875 70108 INFO tempest.lib.common.rest_client [req-26854bff-f24c-4205-8926-36076d237bc4 req-26854bff-f24c-4205-8926-36076d237bc4 ] Request (ServerDiagnosticsNegativeTest:test_get_server_diagnostics_by_non_admin): 202 POST http://10.180.1.21/compute/v2.1/servers 2.238s
2025-04-04 07:33:54.880 70091 INFO tempest.lib.common.rest_client [req-0eb985ed-5bd9-4b82-ac0e-92215fc71125 req-0eb985ed-5bd9-4b82-ac0e-92215fc71125 ] Request (ImagesTestJSON:setUpClass): 201 POST http://10.180.1.21/identity/v3/auth/tokens 0.238s
2025-04-04 07:33:54.906 70098 INFO tempest.lib.common.rest_client [req-f8c15545-9ec7-46d7-a499-ce432fad66d4 req-f8c15545-9ec7-46d7-a499-ce432fad66d4 ] Request (KeyPairsV210TestJSON:tearDownClass): 201 POST http://10.180.1.21/identity/v3/auth/tokens 0.228s
2025-04-04 07:33:54.908 70082 INFO tempest.lib.common.rest_client [req-ac7db548-770e-4a37-8cd6-77292fd7a404 req-ac7db548-770e-4a37-8cd6-77292fd7a404 ] Request (QuotasAdminNegativeTest:test_create_server_when_cpu_quota_is_full): 201 POST http://10.180.1.21/identity/v3/auth/tokens 0.237s
2025-04-04 07:33:54.909 70082 INFO tempest.lib.common.fixed_network [-] (QuotasAdminNegativeTest:test_create_server_when_cpu_quota_is_full) Found network None available for tenant
2025-04-04 07:33:54.932 70106 INFO tempest.lib.common.rest_client [req-fcc3bc08-80fb-4251-ba01-7380d800cace req-fcc3bc08-80fb-4251-ba01-7380d800cace ] Request (QuotasSecurityGroupAdminNegativeTest:tearDownClass): 201 POST http://10.180.1.21/identity/v3/auth/tokens 0.151s
2025-04-04 07:33:54.978 70116 INFO tempest.lib.common.rest_client [req-a2f12a3b-5324-4cf2-bcdd-8cfdaece6508 req-a2f12a3b-5324-4cf2-bcdd-8cfdaece6508 ] Request (ServerMetadataTestJSON:setUpClass): 201 POST http://10.180.1.21:9696/networking/v2.0/networks 0.476s
2025-04-04 07:33:55.010 70100 INFO tempest.lib.common.rest_client [req-bc82a948-3808-4346-a251-dfeef87ef0f1 req-bc82a948-3808-4346-a251-dfeef87ef0f1 ] Request (ServerDiagnosticsTest:setUpClass): 201 POST http://10.180.1.21/identity/v3/auth/tokens 0.184s
2025-04-04 07:33:55.027 70104 INFO tempest.lib.common.rest_client [req-5c582bd3-b999-4752-8382-a9b756287c82 req-5c582bd3-b999-4752-8382-a9b756287c82 ] Request (FloatingIPsAssociationTestJSON:setUpClass): 200 GET http://10.180.1.21/identity/v3/domains?name=Default 0.184s
2025-04-04 07:33:55.049 70092 INFO tempest.lib.common.rest_client [req-9cd56b04-3d71-410d-b338-81a2b3451b41 req-9cd56b04-3d71-410d-b338-81a2b3451b41 ] Request (ServerActionsV293TestJSON:setUpClass): 201 POST http://10.180.1.21:9696/networking/v2.0/routers 0.912s
2025-04-04 07:33:55.061 70062 INFO tempest.lib.common.rest_client [req-6d4f3c39-75a6-4c0a-8add-8543ff71b3f1 req-6d4f3c39-75a6-4c0a-8add-8543ff71b3f1 ] Request (VolumesAssistedSnapshotsTest:test_volume_assisted_snapshot_create_delete): 200 POST http://10.180.1.21/compute/v2.1/os-keypairs 1.758s
2025-04-04 07:33:55.083 70072 INFO tempest.lib.common.rest_client [req-2f117eb0-4a7e-43b4-b0e1-3fe6b56fac22 req-2f117eb0-4a7e-43b4-b0e1-3fe6b56fac22 ] Request (ImagesDeleteNegativeTestJSON:test_delete_image_blank_id): 404 DELETE http://10.180.1.21/compute/v2.1/images/ 1.736s
2025-04-04 07:33:55.139 70104 INFO tempest.lib.common.rest_client [req-b0646522-6218-49e4-8f7c-a54253e1c292 req-b0646522-6218-49e4-8f7c-a54253e1c292 ] Request (FloatingIPsAssociationTestJSON:setUpClass): 201 POST http://10.180.1.21/identity/v3/projects 0.111s
2025-04-04 07:33:55.140 70100 INFO tempest.lib.common.rest_client [req-146d401b-dc51-41e1-b4ba-bf8ee4d2c2b0 req-146d401b-dc51-41e1-b4ba-bf8ee4d2c2b0 ] Request (ServerDiagnosticsTest:setUpClass): 201 POST http://10.180.1.21/identity/v3/projects 0.129s
2025-04-04 07:33:55.196 70116 INFO tempest.lib.common.rest_client [req-3b19058b-9806-4f9f-8ff2-b3de683b98a1 req-3b19058b-9806-4f9f-8ff2-b3de683b98a1 ] Request (ServerMetadataTestJSON:setUpClass): 201 POST http://10.180.1.21:9696/networking/v2.0/subnets 0.217s
2025-04-04 07:33:55.198 70104 INFO tempest.lib.common.rest_client [req-4d25e57e-eae3-4c74-ae43-0acb3007b727 req-4d25e57e-eae3-4c74-ae43-0acb3007b727 ] Request (FloatingIPsAssociationTestJSON:setUpClass): 201 POST http://10.180.1.21/identity/v3/users 0.058s
2025-04-04 07:33:55.200 70100 INFO tempest.lib.common.rest_client [req-5b060eac-1ada-4067-9a33-759697bcbce7 req-5b060eac-1ada-4067-9a33-759697bcbce7 ] Request (ServerDiagnosticsTest:setUpClass): 201 POST http://10.180.1.21/identity/v3/users 0.060s
2025-04-04 07:33:55.223 70104 INFO tempest.lib.common.rest_client [req-0eae5c4d-4142-42a2-ba13-d6aafdf9ae6d req-0eae5c4d-4142-42a2-ba13-d6aafdf9ae6d ] Request (FloatingIPsAssociationTestJSON:setUpClass): 200 GET http://10.180.1.21/identity/v3/roles 0.024s
2025-04-04 07:33:55.225 70100 INFO tempest.lib.common.rest_client [req-d24548d9-917b-45df-9aca-969bd467d5ab req-d24548d9-917b-45df-9aca-969bd467d5ab ] Request (ServerDiagnosticsTest:setUpClass): 200 GET http://10.180.1.21/identity/v3/roles 0.024s
2025-04-04 07:33:55.245 70098 INFO tempest.lib.common.rest_client [req-72bb05eb-5dd7-455a-8f04-0f7d8e3a40f9 req-72bb05eb-5dd7-455a-8f04-0f7d8e3a40f9 ] Request (KeyPairsV210TestJSON:tearDownClass): 200 GET http://10.180.1.21:9696/networking/v2.0/security-groups?tenant_id=401e3e8268004801baea0bd9a8eda9da&name=default 0.339s
2025-04-04 07:33:55.252 70104 INFO tempest.lib.common.rest_client [req-7c7e0f67-15bd-4cac-ada7-8769c707d95c req-7c7e0f67-15bd-4cac-ada7-8769c707d95c ] Request (FloatingIPsAssociationTestJSON:setUpClass): 204 PUT http://10.180.1.21/identity/v3/projects/651604e00dff4d1cb95c9e5ed92e4993/users/55f6442761724358a6795661ec984e86/roles/d2d7ea366b534d8d964b42d29d01167b 0.029s
2025-04-04 07:33:55.252 70104 INFO tempest.lib.common.dynamic_creds [-] Dynamic test user 55f6442761724358a6795661ec984e86 is created with scope project and roles: ['member']
2025-04-04 07:33:55.252 70104 INFO tempest.lib.common.dynamic_creds [-] Acquired dynamic creds: credentials: Credentials: {'domain_id': 'default', 'domain_name': 'Default', 'username': 'tempest-FloatingIPsAssociationTestJSON-1928267962-project-member', 'project_domain_id': 'default', 'project_domain_name': 'Default', 'project_id': '651604e00dff4d1cb95c9e5ed92e4993', 'project_name': 'tempest-FloatingIPsAssociationTestJSON-1928267962', 'tenant_id': '651604e00dff4d1cb95c9e5ed92e4993', 'tenant_name': 'tempest-FloatingIPsAssociationTestJSON-1928267962', 'user_domain_id': 'default', 'user_domain_name': 'Default', 'user_id': '55f6442761724358a6795661ec984e86', 'system': None}, Network: None, Subnet: None, Router: None
2025-04-04 07:33:55.260 70100 INFO tempest.lib.common.rest_client [req-730d18f4-a96b-4442-965b-26acbe840279 req-730d18f4-a96b-4442-965b-26acbe840279 ] Request (ServerDiagnosticsTest:setUpClass): 204 PUT http://10.180.1.21/identity/v3/projects/cab8ddb3c2914dd49ea3a109220ad30c/users/39cdb11d553b433db6e361586937bf96/roles/784fe17d6d664934b1fa8e04307b328f 0.035s
2025-04-04 07:33:55.311 70104 INFO tempest.lib.common.rest_client [req-49abdeaa-7f54-48e9-bb30-bac15d5d910d req-49abdeaa-7f54-48e9-bb30-bac15d5d910d ] Request (FloatingIPsAssociationTestJSON:setUpClass): 201 POST http://10.180.1.21/identity/v3/auth/tokens 0.058s
2025-04-04 07:33:55.321 70100 INFO tempest.lib.common.rest_client [req-7ad2de02-d4dd-4eae-87be-bdb825a202de req-7ad2de02-d4dd-4eae-87be-bdb825a202de ] Request (ServerDiagnosticsTest:setUpClass): 200 GET http://10.180.1.21/identity/v3/roles 0.060s
2025-04-04 07:33:55.343 70100 INFO tempest.lib.common.rest_client [req-9a4c0fab-8f6d-46b7-9bf9-f3fa3d04a4b0 req-9a4c0fab-8f6d-46b7-9bf9-f3fa3d04a4b0 ] Request (ServerDiagnosticsTest:setUpClass): 204 PUT http://10.180.1.21/identity/v3/projects/cab8ddb3c2914dd49ea3a109220ad30c/users/39cdb11d553b433db6e361586937bf96/roles/784fe17d6d664934b1fa8e04307b328f 0.021s
2025-04-04 07:33:55.343 70100 INFO tempest.lib.common.dynamic_creds [-] Dynamic test user 39cdb11d553b433db6e361586937bf96 is created with scope project and roles: ['admin']
2025-04-04 07:33:55.343 70100 INFO tempest.lib.common.dynamic_creds [-] Acquired dynamic creds: credentials: Credentials: {'domain_id': 'default', 'domain_name': 'Default', 'username': 'tempest-ServerDiagnosticsTest-2008940682-project-admin', 'project_domain_id': 'default', 'project_domain_name': 'Default', 'project_id': 'cab8ddb3c2914dd49ea3a109220ad30c', 'project_name': 'tempest-ServerDiagnosticsTest-2008940682', 'tenant_id': 'cab8ddb3c2914dd49ea3a109220ad30c', 'tenant_name': 'tempest-ServerDiagnosticsTest-2008940682', 'user_domain_id': 'default', 'user_domain_name': 'Default', 'user_id': '39cdb11d553b433db6e361586937bf96', 'system': None}, Network: None, Subnet: None, Router: None
2025-04-04 07:33:55.343 70100 INFO tempest.lib.common.dynamic_creds [-] Created isolated network resources for: credentials: Credentials: {'domain_id': 'default', 'domain_name': 'Default', 'username': 'tempest-ServerDiagnosticsTest-2008940682-project-admin', 'project_domain_id': 'default', 'project_domain_name': 'Default', 'project_id': 'cab8ddb3c2914dd49ea3a109220ad30c', 'project_name': 'tempest-ServerDiagnosticsTest-2008940682', 'tenant_id': 'cab8ddb3c2914dd49ea3a109220ad30c', 'tenant_name': 'tempest-ServerDiagnosticsTest-2008940682', 'user_domain_id': 'default', 'user_domain_name': 'Default', 'user_id': '39cdb11d553b433db6e361586937bf96', 'system': None}, Network: None, Subnet: None, Router: None
