2025-04-04 07:34:39.481 70108 INFO tempest.lib.common.rest_client [req-a1bf60ba-05b4-40ac-a617-a2f1d2bc758b req-a1bf60ba-05b4-40ac-a617-a2f1d2bc758b ] Request (ServerDiagnosticsNegativeTest:test_get_server_diagnostics_by_non_admin): 403 GET http://10.180.1.21/compute/v2.1/servers/8d9df11b-f5bb-4577-b2b0-b49738d936ef/diagnostics 0.314s
2025-04-04 07:34:39.486 70084 INFO tempest.lib.common.rest_client [req-d3ada4cd-0b7b-4680-b5a2-5252ecb1499d req-d3ada4cd-0b7b-4680-b5a2-5252ecb1499d ] Request (ListServersNegativeTestJSON:setUpClass): 200 GET http://10.180.1.21/compute/v2.1/servers/85a9a85e-8118-4023-8ee1-e42775d00e9f 0.391s
2025-04-04 07:34:39.551 70070 INFO tempest.lib.common.rest_client [req-97143aa3-47a3-436a-a3c2-a2956b1671c5 req-97143aa3-47a3-436a-a3c2-a2956b1671c5 ] Request (ImagesNegativeTestJSON:test_create_image_from_deleted_server): 200 GET http://10.180.1.21/compute/v2.1/servers/dc4af6ff-bbf1-412c-b089-339ada47e7ec 0.283s
2025-04-04 07:34:39.609 70072 INFO tempest.lib.common.rest_client [req-53a134d4-3d5b-4139-b1af-3d6d902d3857 req-53a134d4-3d5b-4139-b1af-3d6d902d3857 ] Request (ServersAaction247Test:test_create_backup): 200 GET http://10.180.1.21/compute/v2.1/servers/d14d3baf-95a0-4983-ab42-755bb9faa134 0.288s
2025-04-04 07:34:39.662 70082 INFO tempest.lib.common.rest_client [req-629ae500-87ed-43bf-9dd8-c0dba5007908 req-629ae500-87ed-43bf-9dd8-c0dba5007908 ] Request (ServersAdminTestJSON:setUpClass): 200 GET http://10.180.1.21/compute/v2.1/servers/59ed0380-72a0-4781-bfd2-2e1ab4879f78 0.325s
2025-04-04 07:34:39.682 70056 INFO tempest.lib.common.rest_client [req-41cd6deb-d7ef-4e7a-9ed3-4a0ff3d60a6a req-41cd6deb-d7ef-4e7a-9ed3-4a0ff3d60a6a ] Request (ServersWithSpecificFlavorTestJSON:test_verify_created_server_ephemeral_disk): 200 GET http://10.180.1.21/compute/v2.1/servers/cebd0101-939b-4a9c-9ac6-385df3010ce1 0.470s
2025-04-04 07:34:39.686 70096 INFO tempest.lib.common.rest_client [req-21a40fec-75c5-4284-8bf8-65c30d23e0cd req-21a40fec-75c5-4284-8bf8-65c30d23e0cd ] Request (FlavorsAdminTestJSON:test_list_public_flavor_with_other_user): 200 GET http://10.180.1.21/compute/v2.1/flavors/detail 0.323s
2025-04-04 07:34:39.690 70056 INFO tempest.common.waiters [-] State transition "BUILD/spawning" ==> "ACTIVE/None" after 42 second wait
2025-04-04 07:34:39.699 70060 INFO tempest.lib.common.rest_client [req-94756060-c0b8-4983-ad1b-61e082f3e0cb req-94756060-c0b8-4983-ad1b-61e082f3e0cb ] Request (FloatingIPDetailsTestJSON:setUpClass): 201 POST http://10.180.1.21:9696/networking/v2.0/networks 0.361s
2025-04-04 07:34:39.742 70116 INFO tempest.lib.common.rest_client [req-4070c948-0da4-4ab8-b4ea-d24a4f9faef6 req-4070c948-0da4-4ab8-b4ea-d24a4f9faef6 ] Request (ServerMetadataTestJSON:setUpClass): 200 GET http://10.180.1.21/compute/v2.1/servers/0f213415-1337-4fe0-a2d0-61e3986a952d 0.373s
2025-04-04 07:34:39.801 70114 INFO tempest.lib.common.rest_client [req-51ce6956-62f9-40ca-a2de-61bb667a95fb req-51ce6956-62f9-40ca-a2de-61bb667a95fb ] Request (SecurityGroupRulesNegativeTestJSON:tearDownClass): 202 DELETE http://10.180.1.21/compute/v2.1/os-security-groups/3e79e4de-56df-4cc0-b572-c828701fded4 0.408s
2025-04-04 07:34:39.907 70118 INFO tempest.lib.common.rest_client [req-97755287-bd2c-446f-9d90-938cc8097f59 req-97755287-bd2c-446f-9d90-938cc8097f59 ] Request (ServersListShow296Test:tearDownClass): 200 GET http://10.180.1.21/compute/v2.1/servers/cb3d704d-e736-47a4-ba27-f87f5d3a28d9 0.445s
2025-04-04 07:34:39.934 70080 INFO tempest.lib.common.rest_client [req-dab8ec1b-d72f-4102-94a6-f1d9da472a27 req-dab8ec1b-d72f-4102-94a6-f1d9da472a27 ] Request (MigrationsAdminTest:test_list_migrations_in_flavor_resize_situation): 200 GET http://10.180.1.21/compute/v2.1/servers/9fb8d6eb-b484-49d5-b63f-1ad8e2e2bfab 0.490s
2025-04-04 07:34:40.003 70088 INFO tempest.lib.common.rest_client [req-9cd674b1-0523-482e-93bb-bc0019e08655 req-9cd674b1-0523-482e-93bb-bc0019e08655 ] Request (ServersAdminNegativeTestJSON:test_migrate_server_invalid_state): 200 GET http://10.180.1.21/compute/v2.1/servers/41eccfec-7190-47d3-bc4c-24a37f8f0be8 0.505s
2025-04-04 07:34:40.010 70060 INFO tempest.lib.common.rest_client [req-0ce087d0-6f1f-40d1-8187-6a7fc98db5df req-0ce087d0-6f1f-40d1-8187-6a7fc98db5df ] Request (FloatingIPDetailsTestJSON:setUpClass): 201 POST http://10.180.1.21:9696/networking/v2.0/subnets 0.310s
2025-04-04 07:34:40.035 70108 INFO tempest.lib.common.rest_client [req-cd4770fb-36cc-4766-b1ec-c3bc5c5daf7e req-cd4770fb-36cc-4766-b1ec-c3bc5c5daf7e ] Request (ServerDiagnosticsNegativeTest:tearDownClass): 204 DELETE http://10.180.1.21/compute/v2.1/servers/8d9df11b-f5bb-4577-b2b0-b49738d936ef 0.552s
2025-04-04 07:34:40.079 70106 INFO tempest.lib.common.rest_client [req-43f20d8b-b576-4d42-84ae-3495554585a1 req-43f20d8b-b576-4d42-84ae-3495554585a1 ] Request (FloatingIPsAssociationNegativeTestJSON:setUpClass): 200 GET http://10.180.1.21/compute/v2.1/servers/ebc6a142-aac9-4523-aa7b-c61e9feb9591 0.569s
2025-04-04 07:34:40.115 70068 INFO tempest.lib.common.rest_client [req-8aa9df54-49dc-4f4c-870e-61746df2b662 req-8aa9df54-49dc-4f4c-870e-61746df2b662 ] Request (DeleteServersTestJSON:test_delete_active_server): 200 GET http://10.180.1.21/compute/v2.1/servers/bbb6ea42-4b20-4dd1-9bd6-69efcd4ed735 0.542s
2025-04-04 07:34:40.161 70104 INFO tempest.lib.common.rest_client [req-b474fa38-1cef-421a-a686-b79594e3bc86 req-b474fa38-1cef-421a-a686-b79594e3bc86 ] Request (FloatingIPsAssociationTestJSON:setUpClass): 200 GET http://10.180.1.21/compute/v2.1/servers/715ead8f-947c-47a4-9ff3-fbe27331d9d6 0.526s
2025-04-04 07:34:40.182 70096 INFO tempest.lib.common.rest_client [req-7276c773-ef22-4bfa-a8d0-88367f66750b req-7276c773-ef22-4bfa-a8d0-88367f66750b ] Request (FlavorsAdminTestJSON:_run_cleanups): 202 DELETE http://10.180.1.21/compute/v2.1/flavors/1247268881 0.489s
2025-04-04 07:34:40.250 70056 INFO tempest.lib.common.rest_client [req-1b235a23-2375-4f32-bcdb-ea490abec2fa req-1b235a23-2375-4f32-bcdb-ea490abec2fa ] Request (ServersWithSpecificFlavorTestJSON:test_verify_created_server_ephemeral_disk): 200 GET http://10.180.1.21/compute/v2.1/servers/cebd0101-939b-4a9c-9ac6-385df3010ce1/os-interface 0.559s
2025-04-04 07:34:40.256 70064 INFO tempest.lib.common.rest_client [req-1c3b5510-1b7e-41bc-9bea-d61065fe9201 req-1c3b5510-1b7e-41bc-9bea-d61065fe9201 ] Request (SecurityGroupsTestJSON:test_server_security_groups): 200 GET http://10.180.1.21/compute/v2.1/servers/7da0d7f3-4091-44e0-9d21-d6e09e78603e 0.554s
2025-04-04 07:34:40.331 70076 INFO tempest.lib.common.rest_client [req-1b6fe3ac-9fdc-4d54-ad91-063e6b5ee8c2 req-1b6fe3ac-9fdc-4d54-ad91-063e6b5ee8c2 ] Request (AttachInterfacesTestJSON:test_create_list_show_delete_interfaces_by_fixed_ip): 200 GET http://10.180.1.21/compute/v2.1/servers/7f643918-3848-4e37-b15e-01a650cc53f3 0.612s
2025-04-04 07:34:40.340 70076 INFO tempest.common.waiters [-] State transition "BUILD/scheduling" ==> "BUILD/None" after 25 second wait
2025-04-04 07:34:40.347 70074 INFO tempest.lib.common.rest_client [req-d0a7b48b-e537-4288-984b-1c7e5c46b9fc req-d0a7b48b-e537-4288-984b-1c7e5c46b9fc ] Request (ListServerFiltersTestJSON:setUpClass): 200 GET http://10.180.1.21/compute/v2.1/servers/dac01f89-f37f-4fe9-a21b-4a4071002d37 0.547s
2025-04-04 07:34:40.418 70112 INFO tempest.lib.common.rest_client [req-917b51ee-3bfe-4c74-b063-1bd86bd57c1c req-917b51ee-3bfe-4c74-b063-1bd86bd57c1c ] Request (DeleteServersAdminTestJSON:test_admin_delete_servers_of_others): 200 GET http://10.180.1.21/compute/v2.1/servers/99eb9323-22b6-4f44-a88c-d3532f424111 0.612s
2025-04-04 07:34:40.419 70098 INFO tempest.lib.common.rest_client [req-fffbc688-f5cf-47f1-9f93-e90ed8046fbe req-fffbc688-f5cf-47f1-9f93-e90ed8046fbe ] Request (ServersTestJSON:setUpClass): 200 GET http://10.180.1.21/compute/v2.1/servers/2a8dece2-833a-4aaa-aa12-6d167c68548d 0.568s
2025-04-04 07:34:40.485 70110 INFO tempest.lib.common.rest_client [req-a4e8625d-d838-4ccc-b38b-9d7cf6fea51f req-a4e8625d-d838-4ccc-b38b-9d7cf6fea51f ] Request (ServerAddressesTestJSON:setUpClass): 200 GET http://10.180.1.21/compute/v2.1/servers/eae4fc1d-13ea-4e22-b607-c6fb0472d791 0.572s
2025-04-04 07:34:40.628 70108 INFO tempest.lib.common.rest_client [req-2da71e03-2469-4b6e-b0b1-4a2c5a8bd740 req-2da71e03-2469-4b6e-b0b1-4a2c5a8bd740 ] Request (ServerDiagnosticsNegativeTest:tearDownClass): 200 GET http://10.180.1.21/compute/v2.1/servers/8d9df11b-f5bb-4577-b2b0-b49738d936ef 0.592s
2025-04-04 07:34:40.638 70062 INFO tempest.lib.common.rest_client [req-38701fa3-aa71-47cc-aed3-8ee4011e44b5 req-38701fa3-aa71-47cc-aed3-8ee4011e44b5 ] Request (VolumesAssistedSnapshotsTest:test_volume_assisted_snapshot_create_delete): 200 GET http://10.180.1.21/compute/v2.1/servers/e36e4f56-361c-4db8-bcf0-6a25e9aef855 0.706s
2025-04-04 07:34:40.714 70091 INFO tempest.lib.common.rest_client [req-8b76e3de-03e6-436d-9b21-a23abc842e30 req-8b76e3de-03e6-436d-9b21-a23abc842e30 ] Request (ImagesTestJSON:test_create_image_from_stopped_server): 200 GET http://10.180.1.21/compute/v2.1/servers/efcd3e19-7a15-469a-82fe-08c16658bb60 0.577s
2025-04-04 07:34:40.742 70096 INFO tempest.lib.common.rest_client [req-c119124e-c634-4ecd-9de6-0d919d2d4c35 req-c119124e-c634-4ecd-9de6-0d919d2d4c35 ] Request (FlavorsAdminTestJSON:_run_cleanups): 200 GET http://10.180.1.21/compute/v2.1/flavors/detail 0.560s
2025-04-04 07:34:40.852 70096 INFO tempest.lib.common.rest_client [req-73f22f55-1d7a-47de-a0cd-ed0d039e4cb6 req-73f22f55-1d7a-47de-a0cd-ed0d039e4cb6 ] Request (FlavorsAdminTestJSON:tearDownClass): 204 DELETE http://10.180.1.21/identity/v3/users/26169eb098544715bcafa3feb60e2a2c 0.098s
2025-04-04 07:34:40.969 70096 INFO tempest.lib.common.rest_client [req-4fe6e4ac-4247-4b59-98ad-120d0ec7ee67 req-4fe6e4ac-4247-4b59-98ad-120d0ec7ee67 ] Request (FlavorsAdminTestJSON:tearDownClass): 204 DELETE http://10.180.1.21/identity/v3/users/59057c628a5043209ee7745af0887abb 0.117s
2025-04-04 07:34:40.969 70096 INFO tempest.lib.common.dynamic_creds [-] Deleting project and security group for project: 005ce6df16ec40c0955309d2d971b727
2025-04-04 07:34:40.997 70102 INFO tempest.lib.common.rest_client [req-17a01dce-f72f-4fd7-8ea8-24a28dbd1505 req-17a01dce-f72f-4fd7-8ea8-24a28dbd1505 ] Request (ServerDiagnosticsV248Test:tearDownClass): 200 GET http://10.180.1.21/compute/v2.1/servers/e86927b1-749c-43b3-908f-43b3b7ace331 0.780s
2025-04-04 07:34:41.055 70100 INFO tempest.lib.common.rest_client [req-69c87a98-9c18-421e-9eaa-668333a8e424 req-69c87a98-9c18-421e-9eaa-668333a8e424 ] Request (ServerDiagnosticsTest:test_get_server_diagnostics): 200 GET http://10.180.1.21/compute/v2.1/servers/cbebd4dd-d99c-410b-a3fa-c4954261abff 0.969s
2025-04-04 07:34:41.083 70058 INFO tempest.lib.common.rest_client [req-db7054af-1fdb-4980-b6d3-9418a1de6d91 req-db7054af-1fdb-4980-b6d3-9418a1de6d91 ] Request (ListImageFiltersTestJSON:setUpClass): 200 GET http://10.180.1.21/compute/v2.1/servers/fe6ce16f-ada2-4588-aca5-00de3ce94c08 0.855s
2025-04-04 07:34:41.084 70096 INFO tempest.lib.common.rest_client [req-05fd24b3-746f-42ab-ba2f-7953e298a6ac req-05fd24b3-746f-42ab-ba2f-7953e298a6ac ] Request (FlavorsAdminTestJSON:tearDownClass): 201 POST http://10.180.1.21/identity/v3/auth/tokens 0.114s
2025-04-04 07:34:41.154 70086 INFO tempest.lib.common.rest_client [req-a76720fc-fd6c-4e7d-8bdd-68c587259b10 req-a76720fc-fd6c-4e7d-8bdd-68c587259b10 ] Request (ServersTestFqdnHostnames:test_create_server_with_fqdn_name): 200 GET http://10.180.1.21/compute/v2.1/servers/36e915c8-e43c-425a-8c47-643372176a16 0.876s
2025-04-04 07:34:41.187 70092 INFO tempest.lib.common.rest_client [req-7d66085a-ec40-4047-8b5b-ce8ffafe1b0c req-7d66085a-ec40-4047-8b5b-ce8ffafe1b0c ] Request (ServerActionsV293TestJSON:setUpClass): 200 GET http://10.180.1.21/compute/v2.1/servers/8e706f66-96b6-40c0-92d2-565e80eae0f3 0.894s
2025-04-04 07:34:41.275 70078 INFO tempest.lib.common.rest_client [req-868eeb49-8007-4ce7-b19f-fccdc95a81cf req-868eeb49-8007-4ce7-b19f-fccdc95a81cf ] Request (TenantUsagesTestJSON:tearDownClass): 200 GET http://10.180.1.21/compute/v2.1/servers/e27f7381-8700-43f0-a827-d2f936a25f44 0.925s
2025-04-04 07:34:41.285 70066 INFO tempest.lib.common.rest_client [req-2caa30c5-8148-411e-ada6-3815d810fda6 req-2caa30c5-8148-411e-ada6-3815d810fda6 ] Request (ServerExternalEventsTest:test_create_server_external_events): 200 GET http://10.180.1.21/compute/v2.1/servers/ea758cd1-d95b-45b6-91ac-9169cbb7794f 0.818s
2025-04-04 07:34:41.359 70084 INFO tempest.lib.common.rest_client [req-3eaac16f-b7fe-4af5-aa5d-2157514a4dbe req-3eaac16f-b7fe-4af5-aa5d-2157514a4dbe ] Request (ListServersNegativeTestJSON:setUpClass): 200 GET http://10.180.1.21/compute/v2.1/servers/85a9a85e-8118-4023-8ee1-e42775d00e9f 0.865s
2025-04-04 07:34:41.380 70070 INFO tempest.lib.common.rest_client [req-e38f9721-52d4-4769-b85d-d1fa9f44b959 req-e38f9721-52d4-4769-b85d-d1fa9f44b959 ] Request (ImagesNegativeTestJSON:test_create_image_from_deleted_server): 200 GET http://10.180.1.21/compute/v2.1/servers/dc4af6ff-bbf1-412c-b089-339ada47e7ec 0.820s
2025-04-04 07:34:41.443 70056 INFO tempest.lib.common.rest_client [req-de8ae6d3-d34c-4d46-84e1-71361916294d req-de8ae6d3-d34c-4d46-84e1-71361916294d ] Request (ServersWithSpecificFlavorTestJSON:test_verify_created_server_ephemeral_disk): 200 PUT http://10.180.1.21:9696/networking/v2.0/floatingips/15c66181-6320-4ea0-8410-e9a150bbbf45 1.190s
2025-04-04 07:34:41.446 70072 INFO tempest.lib.common.rest_client [req-dcb01643-ff3d-4d2b-8043-9f26f59f8595 req-dcb01643-ff3d-4d2b-8043-9f26f59f8595 ] Request (ServersAaction247Test:test_create_backup): 200 GET http://10.180.1.21/compute/v2.1/servers/d14d3baf-95a0-4983-ab42-755bb9faa134 0.817s
2025-04-04 07:34:41.480 70082 INFO tempest.lib.common.rest_client [req-844cb6a3-4ffd-4c72-90c3-9e02997f50fe req-844cb6a3-4ffd-4c72-90c3-9e02997f50fe ] Request (ServersAdminTestJSON:setUpClass): 200 GET http://10.180.1.21/compute/v2.1/servers/59ed0380-72a0-4781-bfd2-2e1ab4879f78 0.807s
2025-04-04 07:34:41.492 70096 INFO tempest.lib.common.rest_client [req-d168f903-4ec2-493c-87ed-208d19be2278 req-d168f903-4ec2-493c-87ed-208d19be2278 ] Request (FlavorsAdminTestJSON:tearDownClass): 200 GET http://10.180.1.21:9696/networking/v2.0/security-groups?tenant_id=005ce6df16ec40c0955309d2d971b727&name=default 0.407s
2025-04-04 07:34:41.563 70114 INFO tempest.lib.common.rest_client [req-1a7e0005-fa8a-4d9f-a75d-0b8735bcff56 req-1a7e0005-fa8a-4d9f-a75d-0b8735bcff56 ] Request (SecurityGroupRulesNegativeTestJSON:tearDownClass): 200 PUT http://10.180.1.21:9696/networking/v2.0/routers/478b5330-cde3-46be-ba9e-12a1ad47c5d1/remove_router_interface 1.762s
2025-04-04 07:34:41.569 70118 INFO tempest.lib.common.rest_client [req-d357e162-bfbf-4b7d-813c-dd0caf5a8156 req-d357e162-bfbf-4b7d-813c-dd0caf5a8156 ] Request (ServersListShow296Test:tearDownClass): 200 GET http://10.180.1.21/compute/v2.1/servers/cb3d704d-e736-47a4-ba27-f87f5d3a28d9 0.648s
2025-04-04 07:34:41.654 70116 INFO tempest.lib.common.rest_client [req-6537b108-0568-4543-9a39-65f786d1a512 req-6537b108-0568-4543-9a39-65f786d1a512 ] Request (ServerMetadataTestJSON:setUpClass): 200 GET http://10.180.1.21/compute/v2.1/servers/0f213415-1337-4fe0-a2d0-61e3986a952d 0.903s
2025-04-04 07:34:41.667 70116 INFO tempest.common.waiters [-] State transition "BUILD/None" ==> "BUILD/spawning" after 38 second wait
2025-04-04 07:34:41.707 70096 INFO tempest.lib.common.rest_client [req-dcd78405-b47a-4467-a9d1-66fc911a672a req-dcd78405-b47a-4467-a9d1-66fc911a672a ] Request (FlavorsAdminTestJSON:tearDownClass): 204 DELETE http://10.180.1.21:9696/networking/v2.0/security-groups/2fafb27c-6c8f-44f3-ac9b-3ed2bee1d79b 0.214s
2025-04-04 07:34:41.733 70088 INFO tempest.lib.common.rest_client [req-5781f44a-f2b1-41f2-97e2-a904097a7711 req-5781f44a-f2b1-41f2-97e2-a904097a7711 ] Request (ServersAdminNegativeTestJSON:test_migrate_server_invalid_state): 200 GET http://10.180.1.21/compute/v2.1/servers/41eccfec-7190-47d3-bc4c-24a37f8f0be8 0.721s
2025-04-04 07:34:41.744 70080 INFO tempest.lib.common.rest_client [req-7e2e9336-911c-419f-a6fd-a43e89ecce91 req-7e2e9336-911c-419f-a6fd-a43e89ecce91 ] Request (MigrationsAdminTest:test_list_migrations_in_flavor_resize_situation): 200 GET http://10.180.1.21/compute/v2.1/servers/9fb8d6eb-b484-49d5-b63f-1ad8e2e2bfab 0.800s
2025-04-04 07:34:41.745 70088 INFO tempest.common.waiters [-] State transition "BUILD/scheduling" ==> "BUILD/None" after 24 second wait
2025-04-04 07:34:41.756 70060 INFO tempest.lib.common.rest_client [req-9d4e72ab-a03b-460f-927f-26a463bbab27 req-9d4e72ab-a03b-460f-927f-26a463bbab27 ] Request (FloatingIPDetailsTestJSON:setUpClass): 201 POST http://10.180.1.21:9696/networking/v2.0/routers 1.743s
2025-04-04 07:34:41.793 70096 INFO tempest.lib.common.rest_client [req-a825019a-53a3-48bc-ac0a-94cc2c5a8ddf req-a825019a-53a3-48bc-ac0a-94cc2c5a8ddf ] Request (FlavorsAdminTestJSON:tearDownClass): 204 DELETE http://10.180.1.21/identity/v3/projects/005ce6df16ec40c0955309d2d971b727 0.085s
2025-04-04 07:34:41.793 70096 INFO tempest.lib.common.dynamic_creds [-] Deleting project and security group for project: 7d0728862ae941c3a78ae2e67af47cb6
2025-04-04 07:34:41.808 70106 INFO tempest.lib.common.rest_client [req-68da9f79-218e-4084-a986-cf963c49fec5 req-68da9f79-218e-4084-a986-cf963c49fec5 ] Request (FloatingIPsAssociationNegativeTestJSON:setUpClass): 200 GET http://10.180.1.21/compute/v2.1/servers/ebc6a142-aac9-4523-aa7b-c61e9feb9591 0.717s
2025-04-04 07:34:41.827 70068 INFO tempest.lib.common.rest_client [req-f3f66cde-e6a6-4985-98f5-df17e21b1f76 req-f3f66cde-e6a6-4985-98f5-df17e21b1f76 ] Request (DeleteServersTestJSON:test_delete_active_server): 200 GET http://10.180.1.21/compute/v2.1/servers/bbb6ea42-4b20-4dd1-9bd6-69efcd4ed735 0.704s
2025-04-04 07:34:41.866 70104 INFO tempest.lib.common.rest_client [req-954f85e9-0921-40e0-bf29-ff8b9166fc7f req-954f85e9-0921-40e0-bf29-ff8b9166fc7f ] Request (FloatingIPsAssociationTestJSON:setUpClass): 200 GET http://10.180.1.21/compute/v2.1/servers/715ead8f-947c-47a4-9ff3-fbe27331d9d6 0.695s
2025-04-04 07:34:41.916 70064 INFO tempest.lib.common.rest_client [req-90873845-ba49-45e1-bebd-563f6c6273d6 req-90873845-ba49-45e1-bebd-563f6c6273d6 ] Request (SecurityGroupsTestJSON:test_server_security_groups): 200 GET http://10.180.1.21/compute/v2.1/servers/7da0d7f3-4091-44e0-9d21-d6e09e78603e 0.649s
2025-04-04 07:34:41.931 70076 INFO tempest.lib.common.rest_client [req-a1605557-6248-4c44-b83b-1010f0c3aca6 req-a1605557-6248-4c44-b83b-1010f0c3aca6 ] Request (AttachInterfacesTestJSON:test_create_list_show_delete_interfaces_by_fixed_ip): 200 GET http://10.180.1.21/compute/v2.1/servers/7f643918-3848-4e37-b15e-01a650cc53f3 0.589s
2025-04-04 07:34:41.945 70096 INFO tempest.lib.common.rest_client [req-680e8029-c1eb-461f-9dc8-213f792c1660 req-680e8029-c1eb-461f-9dc8-213f792c1660 ] Request (FlavorsAdminTestJSON:tearDownClass): 200 GET http://10.180.1.21:9696/networking/v2.0/security-groups?tenant_id=7d0728862ae941c3a78ae2e67af47cb6&name=default 0.151s
2025-04-04 07:34:42.007 70074 INFO tempest.lib.common.rest_client [req-9e69ed88-0335-4564-ab61-1f3f82628442 req-9e69ed88-0335-4564-ab61-1f3f82628442 ] Request (ListServerFiltersTestJSON:setUpClass): 200 GET http://10.180.1.21/compute/v2.1/servers/dac01f89-f37f-4fe9-a21b-4a4071002d37 0.649s
2025-04-04 07:34:42.035 70112 INFO tempest.lib.common.rest_client [req-144d349b-f00f-4372-9bcb-32df6c56c155 req-144d349b-f00f-4372-9bcb-32df6c56c155 ] Request (DeleteServersAdminTestJSON:test_admin_delete_servers_of_others): 200 GET http://10.180.1.21/compute/v2.1/servers/99eb9323-22b6-4f44-a88c-d3532f424111 0.601s
2025-04-04 07:34:42.069 70096 INFO tempest.lib.common.rest_client [req-ccbb06ee-69ca-4a5d-a063-06b4d51c2bc7 req-ccbb06ee-69ca-4a5d-a063-06b4d51c2bc7 ] Request (FlavorsAdminTestJSON:tearDownClass): 204 DELETE http://10.180.1.21:9696/networking/v2.0/security-groups/1d6f1089-9a73-418e-82b3-51b455b549c9 0.124s
2025-04-04 07:34:42.086 70098 INFO tempest.lib.common.rest_client [req-8794546f-ca04-4713-aafc-4f4bd20034e8 req-8794546f-ca04-4713-aafc-4f4bd20034e8 ] Request (ServersTestJSON:setUpClass): 200 GET http://10.180.1.21/compute/v2.1/servers/2a8dece2-833a-4aaa-aa12-6d167c68548d 0.652s
2025-04-04 07:34:42.165 70110 INFO tempest.lib.common.rest_client [req-abcacc79-1bd9-4b12-bdff-86b1110f6910 req-abcacc79-1bd9-4b12-bdff-86b1110f6910 ] Request (ServerAddressesTestJSON:setUpClass): 200 GET http://10.180.1.21/compute/v2.1/servers/eae4fc1d-13ea-4e22-b607-c6fb0472d791 0.666s
2025-04-04 07:34:42.192 70056 INFO tempest.lib.common.rest_client [req-6ea4cce2-58fe-45e2-a404-ea8f39c4f461 req-6ea4cce2-58fe-45e2-a404-ea8f39c4f461 ] Request (ServersWithSpecificFlavorTestJSON:test_verify_created_server_ephemeral_disk): 200 GET http://10.180.1.21/compute/v2.1/servers/cebd0101-939b-4a9c-9ac6-385df3010ce1 0.749s
2025-04-04 07:34:42.196 70096 INFO tempest.lib.common.rest_client [req-78b77500-f1a5-4959-8859-78f93467976a req-78b77500-f1a5-4959-8859-78f93467976a ] Request (FlavorsAdminTestJSON:tearDownClass): 204 DELETE http://10.180.1.21/identity/v3/projects/7d0728862ae941c3a78ae2e67af47cb6 0.126s
2025-04-04 07:34:42.200 70056 INFO tempest.lib.common.ssh [-] Creating ssh connection to '10.180.180.149:22' as 'cirros' with public key authentication
2025-04-04 07:34:42.266 70096 INFO tempest.lib.common.rest_client [req-54d24ac1-cca8-4213-a07b-8c6095e90b46 req-54d24ac1-cca8-4213-a07b-8c6095e90b46 ] Request (FlavorsV2NegativeTest:setUpClass): 201 POST http://10.180.1.21/identity/v3/auth/tokens 0.069s
2025-04-04 07:34:42.302 70096 INFO tempest.lib.common.rest_client [req-28cbcbdd-6a33-4e80-a2d8-60799c927c14 req-28cbcbdd-6a33-4e80-a2d8-60799c927c14 ] Request (FlavorsV2NegativeTest:setUpClass): 201 POST http://10.180.1.21/identity/v3/auth/tokens 0.032s
2025-04-04 07:34:42.335 70096 INFO tempest.lib.common.rest_client [req-37cc70e7-7758-4635-9ed9-eaaf4965872a req-37cc70e7-7758-4635-9ed9-eaaf4965872a ] Request (FlavorsV2NegativeTest:setUpClass): 200 GET http://10.180.1.21/identity/v3/domains?name=Default 0.033s
2025-04-04 07:34:42.338 70114 INFO tempest.lib.common.rest_client [req-9976688e-da88-447f-a102-56ea5f0ea85c req-9976688e-da88-447f-a102-56ea5f0ea85c ] Request (SecurityGroupRulesNegativeTestJSON:tearDownClass): 204 DELETE http://10.180.1.21:9696/networking/v2.0/routers/478b5330-cde3-46be-ba9e-12a1ad47c5d1 0.774s
2025-04-04 07:34:42.340 70108 INFO tempest.lib.common.rest_client [req-30c098d7-d316-44f7-b051-a3529f0a0875 req-30c098d7-d316-44f7-b051-a3529f0a0875 ] Request (ServerDiagnosticsNegativeTest:tearDownClass): 200 GET http://10.180.1.21/compute/v2.1/servers/8d9df11b-f5bb-4577-b2b0-b49738d936ef 0.704s
2025-04-04 07:34:42.366 70062 INFO tempest.lib.common.rest_client [req-2f763975-e38d-451a-80c8-84a38a5c25cd req-2f763975-e38d-451a-80c8-84a38a5c25cd ] Request (VolumesAssistedSnapshotsTest:test_volume_assisted_snapshot_create_delete): 200 GET http://10.180.1.21/compute/v2.1/servers/e36e4f56-361c-4db8-bcf0-6a25e9aef855 0.719s
2025-04-04 07:34:42.369 70096 INFO tempest.lib.common.rest_client [req-5e4a0fb6-5770-4a2b-a935-ba377b37bd8d req-5e4a0fb6-5770-4a2b-a935-ba377b37bd8d ] Request (FlavorsV2NegativeTest:setUpClass): 201 POST http://10.180.1.21/identity/v3/projects 0.033s
2025-04-04 07:34:42.433 70096 INFO tempest.lib.common.rest_client [req-02eb0c8e-d021-4cd6-9c09-95fe9d10e073 req-02eb0c8e-d021-4cd6-9c09-95fe9d10e073 ] Request (FlavorsV2NegativeTest:setUpClass): 201 POST http://10.180.1.21/identity/v3/users 0.063s
2025-04-04 07:34:42.445 70091 INFO tempest.lib.common.rest_client [req-4857b904-d6be-43a5-a26e-4f07fb2d4551 req-4857b904-d6be-43a5-a26e-4f07fb2d4551 ] Request (ImagesTestJSON:test_create_image_from_stopped_server): 200 GET http://10.180.1.21/compute/v2.1/servers/efcd3e19-7a15-469a-82fe-08c16658bb60 0.714s
2025-04-04 07:34:42.446 70102 INFO tempest.lib.common.rest_client [req-c4fbddd1-e447-4f5d-ac75-33aa9a07faed req-c4fbddd1-e447-4f5d-ac75-33aa9a07faed ] Request (ServerDiagnosticsV248Test:tearDownClass): 200 GET http://10.180.1.21/compute/v2.1/servers/e86927b1-749c-43b3-908f-43b3b7ace331 0.430s
2025-04-04 07:34:42.470 70096 INFO tempest.lib.common.rest_client [req-7e126182-af31-4163-bb5a-3382fcc2dcba req-7e126182-af31-4163-bb5a-3382fcc2dcba ] Request (FlavorsV2NegativeTest:setUpClass): 200 GET http://10.180.1.21/identity/v3/roles 0.036s
2025-04-04 07:34:42.508 70096 INFO tempest.lib.common.rest_client [req-e14a1bfa-9735-4082-9331-7c7ffda704c3 req-e14a1bfa-9735-4082-9331-7c7ffda704c3 ] Request (FlavorsV2NegativeTest:setUpClass): 204 PUT http://10.180.1.21/identity/v3/projects/154bc10185004ac39d9bcb18692ae955/users/b9719ca39f024e70b9472ccf81fcafe5/roles/d2d7ea366b534d8d964b42d29d01167b 0.038s
2025-04-04 07:34:42.509 70096 INFO tempest.lib.common.dynamic_creds [-] Dynamic test user b9719ca39f024e70b9472ccf81fcafe5 is created with scope project and roles: ['member']
2025-04-04 07:34:42.509 70096 INFO tempest.lib.common.dynamic_creds [-] Acquired dynamic creds: credentials: Credentials: {'domain_id': 'default', 'domain_name': 'Default', 'username': 'tempest-FlavorsV2NegativeTest-632585696-project-member', 'project_domain_id': 'default', 'project_domain_name': 'Default', 'project_id': '154bc10185004ac39d9bcb18692ae955', 'project_name': 'tempest-FlavorsV2NegativeTest-632585696', 'tenant_id': '154bc10185004ac39d9bcb18692ae955', 'tenant_name': 'tempest-FlavorsV2NegativeTest-632585696', 'user_domain_id': 'default', 'user_domain_name': 'Default', 'user_id': 'b9719ca39f024e70b9472ccf81fcafe5', 'system': None}, Network: None, Subnet: None, Router: None
2025-04-04 07:34:42.509 70096 INFO tempest.lib.common.dynamic_creds [-] Created isolated network resources for: credentials: Credentials: {'domain_id': 'default', 'domain_name': 'Default', 'username': 'tempest-FlavorsV2NegativeTest-632585696-project-member', 'project_domain_id': 'default', 'project_domain_name': 'Default', 'project_id': '154bc10185004ac39d9bcb18692ae955', 'project_name': 'tempest-FlavorsV2NegativeTest-632585696', 'tenant_id': '154bc10185004ac39d9bcb18692ae955', 'tenant_name': 'tempest-FlavorsV2NegativeTest-632585696', 'user_domain_id': 'default', 'user_domain_name': 'Default', 'user_id': 'b9719ca39f024e70b9472ccf81fcafe5', 'system': None}, Network: None, Subnet: None, Router: None
2025-04-04 07:34:42.517 70114 INFO tempest.lib.common.rest_client [req-4a87d8b3-3cda-47aa-a072-3a562ea025ca req-4a87d8b3-3cda-47aa-a072-3a562ea025ca ] Request (SecurityGroupRulesNegativeTestJSON:tearDownClass): 204 DELETE http://10.180.1.21:9696/networking/v2.0/subnets/19c86354-e23e-47be-b54c-c3db9a99b42c 0.178s
2025-04-04 07:34:42.519 70058 INFO tempest.lib.common.rest_client [req-d8996041-7a95-4fdd-b3f4-12e671fa5d9e req-d8996041-7a95-4fdd-b3f4-12e671fa5d9e ] Request (ListImageFiltersTestJSON:setUpClass): 200 GET http://10.180.1.21/compute/v2.1/servers/fe6ce16f-ada2-4588-aca5-00de3ce94c08 0.418s
2025-04-04 07:34:42.597 70096 INFO tempest.lib.common.rest_client [req-4b03fe72-a80d-464e-97cd-4a097c26d47f req-4b03fe72-a80d-464e-97cd-4a097c26d47f ] Request (FlavorsV2NegativeTest:setUpClass): 201 POST http://10.180.1.21/identity/v3/auth/tokens 0.083s
2025-04-04 07:34:42.626 70100 INFO tempest.lib.common.rest_client [req-31f7c4dd-802f-431c-ac46-a75b10ba313a req-31f7c4dd-802f-431c-ac46-a75b10ba313a ] Request (ServerDiagnosticsTest:test_get_server_diagnostics): 200 GET http://10.180.1.21/compute/v2.1/servers/cbebd4dd-d99c-410b-a3fa-c4954261abff 0.556s
2025-04-04 07:34:42.629 70086 INFO tempest.lib.common.rest_client [req-e760c28f-dbac-41f1-b0b4-23663b5e2725 req-e760c28f-dbac-41f1-b0b4-23663b5e2725 ] Request (ServersTestFqdnHostnames:test_create_server_with_fqdn_name): 200 GET http://10.180.1.21/compute/v2.1/servers/36e915c8-e43c-425a-8c47-643372176a16 0.463s
2025-04-04 07:34:42.634 70100 INFO tempest.common.waiters [-] State transition "BUILD/spawning" ==> "ACTIVE/None" after 43 second wait
2025-04-04 07:34:42.697 70092 INFO tempest.lib.common.rest_client [req-85e0d116-54e4-4579-810e-69eabed1c674 req-85e0d116-54e4-4579-810e-69eabed1c674 ] Request (ServerActionsV293TestJSON:setUpClass): 200 GET http://10.180.1.21/compute/v2.1/servers/8e706f66-96b6-40c0-92d2-565e80eae0f3 0.497s
2025-04-04 07:34:42.708 70078 INFO tempest.lib.common.rest_client [req-511f5b04-0136-4a64-b1af-627f55e6c716 req-511f5b04-0136-4a64-b1af-627f55e6c716 ] Request (TenantUsagesTestJSON:tearDownClass): 200 GET http://10.180.1.21/compute/v2.1/servers/e27f7381-8700-43f0-a827-d2f936a25f44 0.422s
2025-04-04 07:34:42.773 70066 INFO tempest.lib.common.rest_client [req-b104fe99-1f90-4d68-89ef-ba3d253c811b req-b104fe99-1f90-4d68-89ef-ba3d253c811b ] Request (ServerExternalEventsTest:test_create_server_external_events): 200 GET http://10.180.1.21/compute/v2.1/servers/ea758cd1-d95b-45b6-91ac-9169cbb7794f 0.476s
2025-04-04 07:34:42.782 70084 INFO tempest.lib.common.rest_client [req-f0499cbf-8593-4e24-8315-9fef4d327ecb req-f0499cbf-8593-4e24-8315-9fef4d327ecb ] Request (ListServersNegativeTestJSON:setUpClass): 200 GET http://10.180.1.21/compute/v2.1/servers/85a9a85e-8118-4023-8ee1-e42775d00e9f 0.408s
2025-04-04 07:34:42.800 70084 INFO tempest.common.waiters [-] State transition "ACTIVE/deleting" ==> "DELETED/None" after 4 second wait
2025-04-04 07:34:42.837 70070 INFO tempest.lib.common.rest_client [req-327d0202-2ef3-4a93-b0bb-5e9459d91e54 req-327d0202-2ef3-4a93-b0bb-5e9459d91e54 ] Request (ImagesNegativeTestJSON:test_create_image_from_deleted_server): 200 GET http://10.180.1.21/compute/v2.1/servers/dc4af6ff-bbf1-412c-b089-339ada47e7ec 0.443s
2025-04-04 07:34:42.875 70072 INFO tempest.lib.common.rest_client [req-dfe2489c-5fb7-4dbc-82cc-44235039a75a req-dfe2489c-5fb7-4dbc-82cc-44235039a75a ] Request (ServersAaction247Test:test_create_backup): 200 GET http://10.180.1.21/compute/v2.1/servers/d14d3baf-95a0-4983-ab42-755bb9faa134 0.415s
2025-04-04 07:34:42.881 70114 INFO tempest.lib.common.rest_client [req-13925fea-fa10-4b1e-a541-6bc96f121931 req-13925fea-fa10-4b1e-a541-6bc96f121931 ] Request (SecurityGroupRulesNegativeTestJSON:tearDownClass): 204 DELETE http://10.180.1.21:9696/networking/v2.0/networks/5af6dd07-5a47-453a-98c8-88b67614a74a 0.363s
2025-04-04 07:34:42.905 70082 INFO tempest.lib.common.rest_client [req-837aeb76-e325-49bd-bca0-2a99a6af2c38 req-837aeb76-e325-49bd-bca0-2a99a6af2c38 ] Request (ServersAdminTestJSON:setUpClass): 200 GET http://10.180.1.21/compute/v2.1/servers/59ed0380-72a0-4781-bfd2-2e1ab4879f78 0.414s
2025-04-04 07:34:42.964 70118 INFO tempest.lib.common.rest_client [req-1dfcd765-874a-4f96-8023-eca849933d42 req-1dfcd765-874a-4f96-8023-eca849933d42 ] Request (ServersListShow296Test:tearDownClass): 200 GET http://10.180.1.21/compute/v2.1/servers/cb3d704d-e736-47a4-ba27-f87f5d3a28d9 0.380s
2025-04-04 07:34:42.995 70096 INFO tempest.lib.common.rest_client [req-d7f88724-2c13-4101-8623-080237596e69 req-d7f88724-2c13-4101-8623-080237596e69 ] Request (FlavorsV2NegativeTest:test_boot_with_low_ram): 200 GET http://10.180.1.21/compute/v2.1/flavors/42 0.396s
2025-04-04 07:34:43.010 70114 INFO tempest.lib.common.rest_client [req-1460f474-2d6e-486c-8ddd-77b237f36397 req-1460f474-2d6e-486c-8ddd-77b237f36397 ] Request (SecurityGroupRulesNegativeTestJSON:tearDownClass): 204 DELETE http://10.180.1.21/identity/v3/users/36745068f02f47659278665acee83057 0.129s
2025-04-04 07:34:43.011 70114 INFO tempest.lib.common.dynamic_creds [-] Deleting project and security group for project: 3fe6c0fc78974a06bfbc719d6590f25f
2025-04-04 07:34:43.042 70114 INFO tempest.lib.common.rest_client [req-92e6da3f-73b4-4852-b23b-7dc4ddf7f43d req-92e6da3f-73b4-4852-b23b-7dc4ddf7f43d ] Request (SecurityGroupRulesNegativeTestJSON:tearDownClass): 200 GET http://10.180.1.21:9696/networking/v2.0/security-groups?tenant_id=3fe6c0fc78974a06bfbc719d6590f25f&name=default 0.030s
2025-04-04 07:34:43.078 70060 INFO tempest.lib.common.rest_client [req-d7f51bdb-1727-457d-b6ab-0b28bbde6ad4 req-d7f51bdb-1727-457d-b6ab-0b28bbde6ad4 ] Request (FloatingIPDetailsTestJSON:setUpClass): 200 PUT http://10.180.1.21:9696/networking/v2.0/routers/3f78b8be-6e6b-427a-aa06-1d1af3dcaf13/add_router_interface 1.322s
2025-04-04 07:34:43.078 70060 INFO tempest.lib.common.dynamic_creds [-] Created isolated network resources for: credentials: Credentials: {'domain_id': 'default', 'domain_name': 'Default', 'username': 'tempest-FloatingIPDetailsTestJSON-1378293348-project-member', 'project_domain_id': 'default', 'project_domain_name': 'Default', 'project_id': '32c78b1b5eae4ba0abbf41ed3a00ed2e', 'project_name': 'tempest-FloatingIPDetailsTestJSON-1378293348', 'tenant_id': '32c78b1b5eae4ba0abbf41ed3a00ed2e', 'tenant_name': 'tempest-FloatingIPDetailsTestJSON-1378293348', 'user_domain_id': 'default', 'user_domain_name': 'Default', 'user_id': '23621d6f2eff4438b9c58b7fc0dffbed', 'system': None}, Network: {'id': 'da74ff76-6877-45ea-a7c5-45ed47e9a40c', 'name': 'tempest-FloatingIPDetailsTestJSON-548177255-network', 'tenant_id': '32c78b1b5eae4ba0abbf41ed3a00ed2e', 'admin_state_up': True, 'mtu': 8950, 'status': 'ACTIVE', 'subnets': [], 'shared': False, 'project_id': '32c78b1b5eae4ba0abbf41ed3a00ed2e', 'port_security_enabled': True, 'router:external': False, 'provider:network_type': 'vlan', 'provider:physical_network': 'default', 'provider:segmentation_id': 264, 'availability_zone_hints': [], 'availability_zones': [], 'ipv4_address_scope': None, 'ipv6_address_scope': None, 'description': '', 'tags': [], 'created_at': '2025-04-04T07:34:39Z', 'updated_at': '2025-04-04T07:34:39Z', 'revision_number': 1}, Subnet: {'id': '5498d8ab-4135-4b61-8f3c-35f3a3c5b82b', 'name': 'tempest-FloatingIPDetailsTestJSON-548177255-subnet', 'tenant_id': '32c78b1b5eae4ba0abbf41ed3a00ed2e', 'network_id': 'da74ff76-6877-45ea-a7c5-45ed47e9a40c', 'ip_version': 4, 'subnetpool_id': None, 'enable_dhcp': True, 'ipv6_ra_mode': None, 'ipv6_address_mode': None, 'gateway_ip': '192.168.128.1', 'cidr': '192.168.128.0/28', 'allocation_pools': [{'start': '192.168.128.2', 'end': '192.168.128.14'}], 'host_routes': [], 'dns_nameservers': [], 'description': '', 'router:external': False, 'service_types': [], 'tags': [], 'created_at': '2025-04-04T07:34:39Z', 'updated_at': '2025-04-04T07:34:39Z', 'revision_number': 0, 'project_id': '32c78b1b5eae4ba0abbf41ed3a00ed2e'}, Router: {'id': '3f78b8be-6e6b-427a-aa06-1d1af3dcaf13', 'name': 'tempest-FloatingIPDetailsTestJSON-548177255-router', 'tenant_id': '32c78b1b5eae4ba0abbf41ed3a00ed2e', 'admin_state_up': True, 'status': 'ACTIVE', 'external_gateway_info': {'network_id': 'd4e08c15-d83d-49ff-a2c2-c2ce400d923f', 'external_fixed_ips': [{'subnet_id': '77c32a36-0952-4d7e-bf30-81eadd5ab466', 'ip_address': '10.180.180.144'}], 'enable_snat': True}, 'description': '', 'availability_zones': [], 'distributed': False, 'ha': False, 'availability_zone_hints': [], 'routes': [], 'flavor_id': None, 'tags': [], 'created_at': '2025-04-04T07:34:40Z', 'updated_at': '2025-04-04T07:34:40Z', 'revision_number': 2, 'project_id': '32c78b1b5eae4ba0abbf41ed3a00ed2e'}
2025-04-04 07:34:43.155 70060 INFO tempest.lib.common.rest_client [req-76908ea3-a631-4b42-983e-851dcfa2760f req-76908ea3-a631-4b42-983e-851dcfa2760f ] Request (FloatingIPDetailsTestJSON:setUpClass): 201 POST http://10.180.1.21/identity/v3/auth/tokens 0.072s
2025-04-04 07:34:43.234 70116 INFO tempest.lib.common.rest_client [req-d3e32c63-f73b-4bc7-8446-592cf9cc4650 req-d3e32c63-f73b-4bc7-8446-592cf9cc4650 ] Request (ServerMetadataTestJSON:setUpClass): 200 GET http://10.180.1.21/compute/v2.1/servers/0f213415-1337-4fe0-a2d0-61e3986a952d 0.566s
2025-04-04 07:34:43.266 70114 INFO tempest.lib.common.rest_client [req-59f34d33-e3c4-44d9-a1a3-ca1865a9bc88 req-59f34d33-e3c4-44d9-a1a3-ca1865a9bc88 ] Request (SecurityGroupRulesNegativeTestJSON:tearDownClass): 204 DELETE http://10.180.1.21:9696/networking/v2.0/security-groups/085bcb5d-9947-42c3-9fc4-233259b05988 0.223s
2025-04-04 07:34:43.305 70088 INFO tempest.lib.common.rest_client [req-4bf1b2db-18ae-4866-8d7f-84d95a711def req-4bf1b2db-18ae-4866-8d7f-84d95a711def ] Request (ServersAdminNegativeTestJSON:test_migrate_server_invalid_state): 200 GET http://10.180.1.21/compute/v2.1/servers/41eccfec-7190-47d3-bc4c-24a37f8f0be8 0.558s
2025-04-04 07:34:43.363 70114 INFO tempest.lib.common.rest_client [req-085e67c1-3657-47d8-b22f-aae155697077 req-085e67c1-3657-47d8-b22f-aae155697077 ] Request (SecurityGroupRulesNegativeTestJSON:tearDownClass): 204 DELETE http://10.180.1.21/identity/v3/projects/3fe6c0fc78974a06bfbc719d6590f25f 0.097s
2025-04-04 07:34:43.387 70096 INFO tempest.lib.common.rest_client [req-179e3187-9052-4f03-b7b8-dab3289366ff req-179e3187-9052-4f03-b7b8-dab3289366ff ] Request (FlavorsV2NegativeTest:test_boot_with_low_ram): 201 POST http://10.180.1.21/image/v2/images 0.385s
2025-04-04 07:34:43.441 70114 INFO tempest.lib.common.rest_client [req-4723a20e-4c36-499f-94a6-41e0ab67308b req-4723a20e-4c36-499f-94a6-41e0ab67308b ] Request (AttachInterfacesUnderV243Test:setUpClass): 201 POST http://10.180.1.21/identity/v3/auth/tokens 0.075s
2025-04-04 07:34:43.472 70080 INFO tempest.lib.common.rest_client [req-045a2765-5e95-4afe-b27d-ef6589a9af21 req-045a2765-5e95-4afe-b27d-ef6589a9af21 ] Request (MigrationsAdminTest:test_list_migrations_in_flavor_resize_situation): 200 GET http://10.180.1.21/compute/v2.1/servers/9fb8d6eb-b484-49d5-b63f-1ad8e2e2bfab 0.716s
2025-04-04 07:34:43.478 70114 INFO tempest.lib.common.rest_client [req-8d522dbd-7f45-4c56-9123-2d2109154fa1 req-8d522dbd-7f45-4c56-9123-2d2109154fa1 ] Request (AttachInterfacesUnderV243Test:setUpClass): 201 POST http://10.180.1.21/identity/v3/auth/tokens 0.034s
2025-04-04 07:34:43.482 70080 INFO tempest.common.waiters [-] State transition "RESIZE/resize_migrating" ==> "RESIZE/resize_migrated" after 33 second wait
2025-04-04 07:34:43.505 70114 INFO tempest.lib.common.rest_client [req-5be1885f-c1b6-468c-a492-6c1226a481bf req-5be1885f-c1b6-468c-a492-6c1226a481bf ] Request (AttachInterfacesUnderV243Test:setUpClass): 200 GET http://10.180.1.21/identity/v3/domains?name=Default 0.027s
2025-04-04 07:34:43.532 70106 INFO tempest.lib.common.rest_client [req-c157ec5c-9999-4e58-be6a-835443171baa req-c157ec5c-9999-4e58-be6a-835443171baa ] Request (FloatingIPsAssociationNegativeTestJSON:setUpClass): 200 GET http://10.180.1.21/compute/v2.1/servers/ebc6a142-aac9-4523-aa7b-c61e9feb9591 0.714s
2025-04-04 07:34:43.536 70114 INFO tempest.lib.common.rest_client [req-7b6a8448-c622-4c3e-8463-437ba9601385 req-7b6a8448-c622-4c3e-8463-437ba9601385 ] Request (AttachInterfacesUnderV243Test:setUpClass): 201 POST http://10.180.1.21/identity/v3/projects 0.031s
2025-04-04 07:34:43.597 70068 INFO tempest.lib.common.rest_client [req-d332fbcd-91ba-4d79-98b2-b7c78be9426e req-d332fbcd-91ba-4d79-98b2-b7c78be9426e ] Request (DeleteServersTestJSON:test_delete_active_server): 200 GET http://10.180.1.21/compute/v2.1/servers/bbb6ea42-4b20-4dd1-9bd6-69efcd4ed735 0.756s
2025-04-04 07:34:43.626 70100 INFO tempest.lib.common.rest_client [req-3747faf8-894e-4a76-b011-869f59659103 req-3747faf8-894e-4a76-b011-869f59659103 ] Request (ServerDiagnosticsTest:test_get_server_diagnostics): 200 GET http://10.180.1.21/compute/v2.1/servers/cbebd4dd-d99c-410b-a3fa-c4954261abff/diagnostics 0.992s
2025-04-04 07:34:43.637 70114 INFO tempest.lib.common.rest_client [req-6b0f29b3-16a2-45b9-8ead-875ffb335225 req-6b0f29b3-16a2-45b9-8ead-875ffb335225 ] Request (AttachInterfacesUnderV243Test:setUpClass): 201 POST http://10.180.1.21/identity/v3/users 0.100s
2025-04-04 07:34:43.666 70114 INFO tempest.lib.common.rest_client [req-15bfde6d-7b2d-4997-9cde-8c992b46bca2 req-15bfde6d-7b2d-4997-9cde-8c992b46bca2 ] Request (AttachInterfacesUnderV243Test:setUpClass): 200 GET http://10.180.1.21/identity/v3/roles 0.028s
2025-04-04 07:34:43.681 70104 INFO tempest.lib.common.rest_client [req-33c323c1-3750-453b-af8a-88854815a26c req-33c323c1-3750-453b-af8a-88854815a26c ] Request (FloatingIPsAssociationTestJSON:setUpClass): 200 GET http://10.180.1.21/compute/v2.1/servers/715ead8f-947c-47a4-9ff3-fbe27331d9d6 0.807s
2025-04-04 07:34:43.697 70064 INFO tempest.lib.common.rest_client [req-e8528c7b-19e4-4fcc-8694-025c3a4daa95 req-e8528c7b-19e4-4fcc-8694-025c3a4daa95 ] Request (SecurityGroupsTestJSON:test_server_security_groups): 200 GET http://10.180.1.21/compute/v2.1/servers/7da0d7f3-4091-44e0-9d21-d6e09e78603e 0.765s
2025-04-04 07:34:43.699 70114 INFO tempest.lib.common.rest_client [req-8756a038-57ef-491e-ba3e-3fdbc5dc4c79 req-8756a038-57ef-491e-ba3e-3fdbc5dc4c79 ] Request (AttachInterfacesUnderV243Test:setUpClass): 204 PUT http://10.180.1.21/identity/v3/projects/1c809523ca964cc180f697e67bbc2bde/users/bd97c30de67e46138da89faf8c72b463/roles/d2d7ea366b534d8d964b42d29d01167b 0.033s
2025-04-04 07:34:43.699 70114 INFO tempest.lib.common.dynamic_creds [-] Dynamic test user bd97c30de67e46138da89faf8c72b463 is created with scope project and roles: ['member']
2025-04-04 07:34:43.700 70114 INFO tempest.lib.common.dynamic_creds [-] Acquired dynamic creds: credentials: Credentials: {'domain_id': 'default', 'domain_name': 'Default', 'username': 'tempest-AttachInterfacesUnderV243Test-1850436095-project-member', 'project_domain_id': 'default', 'project_domain_name': 'Default', 'project_id': '1c809523ca964cc180f697e67bbc2bde', 'project_name': 'tempest-AttachInterfacesUnderV243Test-1850436095', 'tenant_id': '1c809523ca964cc180f697e67bbc2bde', 'tenant_name': 'tempest-AttachInterfacesUnderV243Test-1850436095', 'user_domain_id': 'default', 'user_domain_name': 'Default', 'user_id': 'bd97c30de67e46138da89faf8c72b463', 'system': None}, Network: None, Subnet: None, Router: None
2025-04-04 07:34:43.747 70076 INFO tempest.lib.common.rest_client [req-3bd2cda5-c6c7-4394-930f-68773e93f260 req-3bd2cda5-c6c7-4394-930f-68773e93f260 ] Request (AttachInterfacesTestJSON:test_create_list_show_delete_interfaces_by_fixed_ip): 200 GET http://10.180.1.21/compute/v2.1/servers/7f643918-3848-4e37-b15e-01a650cc53f3 0.806s
2025-04-04 07:34:43.775 70074 INFO tempest.lib.common.rest_client [req-3a48f139-c83f-40da-b31c-96548c6c5397 req-3a48f139-c83f-40da-b31c-96548c6c5397 ] Request (ListServerFiltersTestJSON:setUpClass): 200 GET http://10.180.1.21/compute/v2.1/servers/dac01f89-f37f-4fe9-a21b-4a4071002d37 0.755s
2025-04-04 07:34:43.777 70114 INFO tempest.lib.common.rest_client [req-9d1011fa-d87f-4f62-adbd-5b2d48ce713b req-9d1011fa-d87f-4f62-adbd-5b2d48ce713b ] Request (AttachInterfacesUnderV243Test:setUpClass): 201 POST http://10.180.1.21/identity/v3/auth/tokens 0.077s
2025-04-04 07:34:43.843 70112 INFO tempest.lib.common.rest_client [req-577848ea-f671-43c1-9714-a58b28f9b3fe req-577848ea-f671-43c1-9714-a58b28f9b3fe ] Request (DeleteServersAdminTestJSON:test_admin_delete_servers_of_others): 200 GET http://10.180.1.21/compute/v2.1/servers/99eb9323-22b6-4f44-a88c-d3532f424111 0.794s
2025-04-04 07:34:43.853 70098 INFO tempest.lib.common.rest_client [req-62220aaa-5fd3-4a1f-ba26-49828a96ed85 req-62220aaa-5fd3-4a1f-ba26-49828a96ed85 ] Request (ServersTestJSON:setUpClass): 200 GET http://10.180.1.21/compute/v2.1/servers/2a8dece2-833a-4aaa-aa12-6d167c68548d 0.748s
2025-04-04 07:34:43.960 70110 INFO tempest.lib.common.rest_client [req-b81551f7-7b12-4a43-9dc9-aa41f8eb5be6 req-b81551f7-7b12-4a43-9dc9-aa41f8eb5be6 ] Request (ServerAddressesTestJSON:setUpClass): 200 GET http://10.180.1.21/compute/v2.1/servers/eae4fc1d-13ea-4e22-b607-c6fb0472d791 0.785s
2025-04-04 07:34:44.081 70096 INFO tempest.lib.common.rest_client [req-f5fe86c1-8cc3-440e-a082-fd2a54a10b5d req-f5fe86c1-8cc3-440e-a082-fd2a54a10b5d ] Request (FlavorsV2NegativeTest:test_boot_with_low_ram): 204 PUT http://10.180.1.21/image/v2/images/9aa2cda0-81dd-404a-88ff-9de1d0cc3ccb/file 0.694s
2025-04-04 07:34:44.083 70108 INFO tempest.lib.common.rest_client [req-1c7a72b4-14ad-433b-aa3c-2db1a714b719 req-1c7a72b4-14ad-433b-aa3c-2db1a714b719 ] Request (ServerDiagnosticsNegativeTest:tearDownClass): 200 GET http://10.180.1.21/compute/v2.1/servers/8d9df11b-f5bb-4577-b2b0-b49738d936ef 0.734s
2025-04-04 07:34:44.094 70108 INFO tempest.common.waiters [-] State transition "ACTIVE/deleting" ==> "DELETED/None" after 4 second wait
2025-04-04 07:34:44.151 70096 INFO tempest.lib.common.rest_client [req-598b6669-8ce6-4909-a190-67f88efea996 req-598b6669-8ce6-4909-a190-67f88efea996 ] Request (FlavorsV2NegativeTest:test_boot_with_low_ram): 201 POST http://10.180.1.21/identity/v3/auth/tokens 0.067s
2025-04-04 07:34:44.151 70096 INFO tempest.lib.common.fixed_network [-] (FlavorsV2NegativeTest:test_boot_with_low_ram) Found network None available for tenant
2025-04-04 07:34:44.465 70062 INFO tempest.lib.common.rest_client [req-4dcae827-1297-4d1d-8ae1-ea3c8bbf0c14 req-4dcae827-1297-4d1d-8ae1-ea3c8bbf0c14 ] Request (VolumesAssistedSnapshotsTest:test_volume_assisted_snapshot_create_delete): 200 GET http://10.180.1.21/compute/v2.1/servers/e36e4f56-361c-4db8-bcf0-6a25e9aef855 1.083s
2025-04-04 07:34:44.545 70114 INFO tempest.lib.common.rest_client [req-5fea5f51-1b7d-4267-a8e3-5fa3ec13555f req-5fea5f51-1b7d-4267-a8e3-5fa3ec13555f ] Request (AttachInterfacesUnderV243Test:setUpClass): 201 POST http://10.180.1.21:9696/networking/v2.0/networks 0.767s
2025-04-04 07:34:44.609 70091 INFO tempest.lib.common.rest_client [req-7d4a31ce-7319-47cb-bb8b-ca71b5c66da9 req-7d4a31ce-7319-47cb-bb8b-ca71b5c66da9 ] Request (ImagesTestJSON:test_create_image_from_stopped_server): 200 GET http://10.180.1.21/compute/v2.1/servers/efcd3e19-7a15-469a-82fe-08c16658bb60 1.152s
2025-04-04 07:34:44.617 70091 INFO tempest.common.waiters [-] State transition "BUILD/None" ==> "BUILD/spawning" after 38 second wait
2025-04-04 07:34:44.681 70102 INFO tempest.lib.common.rest_client [req-d4d5f5bc-df8e-49b3-917f-a84674a3e437 req-d4d5f5bc-df8e-49b3-917f-a84674a3e437 ] Request (ServerDiagnosticsV248Test:tearDownClass): 200 GET http://10.180.1.21/compute/v2.1/servers/e86927b1-749c-43b3-908f-43b3b7ace331 1.224s
2025-04-04 07:34:44.726 70114 INFO tempest.lib.common.rest_client [req-55674ba3-f9fa-4532-817e-d788748e3163 req-55674ba3-f9fa-4532-817e-d788748e3163 ] Request (AttachInterfacesUnderV243Test:setUpClass): 201 POST http://10.180.1.21:9696/networking/v2.0/subnets 0.180s
2025-04-04 07:34:44.737 70058 INFO tempest.lib.common.rest_client [req-758a68b7-e9d5-4343-ae77-99f1829a7cf9 req-758a68b7-e9d5-4343-ae77-99f1829a7cf9 ] Request (ListImageFiltersTestJSON:setUpClass): 200 GET http://10.180.1.21/compute/v2.1/servers/fe6ce16f-ada2-4588-aca5-00de3ce94c08 1.210s
2025-04-04 07:34:44.821 70100 INFO tempest.lib.common.rest_client [req-dfc3e4a7-0fe1-4f51-b56a-28f68d0d90b0 req-dfc3e4a7-0fe1-4f51-b56a-28f68d0d90b0 ] Request (ServerDiagnosticsTest:tearDownClass): 204 DELETE http://10.180.1.21/compute/v2.1/servers/cbebd4dd-d99c-410b-a3fa-c4954261abff 1.187s
2025-04-04 07:34:44.895 70086 INFO tempest.lib.common.rest_client [req-38b1265e-b306-4070-a4b6-954a9b539224 req-38b1265e-b306-4070-a4b6-954a9b539224 ] Request (ServersTestFqdnHostnames:test_create_server_with_fqdn_name): 200 GET http://10.180.1.21/compute/v2.1/servers/36e915c8-e43c-425a-8c47-643372176a16 1.256s
2025-04-04 07:34:44.962 70092 INFO tempest.lib.common.rest_client [req-a0e6e81d-2592-4e4b-9709-727ee8fe74e5 req-a0e6e81d-2592-4e4b-9709-727ee8fe74e5 ] Request (ServerActionsV293TestJSON:setUpClass): 200 GET http://10.180.1.21/compute/v2.1/servers/8e706f66-96b6-40c0-92d2-565e80eae0f3 1.254s
2025-04-04 07:34:44.969 70060 INFO tempest.lib.common.rest_client [req-33e3305f-dfc7-4b53-9889-39833eee32ce req-33e3305f-dfc7-4b53-9889-39833eee32ce ] Request (FloatingIPDetailsTestJSON:setUpClass): 200 POST http://10.180.1.21/compute/v2.1/os-floating-ips 1.813s
2025-04-04 07:34:45.032 70066 INFO tempest.lib.common.rest_client [req-db4a2282-a3f6-488a-b3ce-5efcdcc9ce83 req-db4a2282-a3f6-488a-b3ce-5efcdcc9ce83 ] Request (ServerExternalEventsTest:test_create_server_external_events): 200 GET http://10.180.1.21/compute/v2.1/servers/ea758cd1-d95b-45b6-91ac-9169cbb7794f 1.249s
2025-04-04 07:34:45.042 70078 INFO tempest.lib.common.rest_client [req-161ecbe1-e381-463f-af6c-7d719474b7dc req-161ecbe1-e381-463f-af6c-7d719474b7dc ] Request (TenantUsagesTestJSON:tearDownClass): 200 GET http://10.180.1.21/compute/v2.1/servers/e27f7381-8700-43f0-a827-d2f936a25f44 1.320s
2025-04-04 07:34:45.098 70070 INFO tempest.lib.common.rest_client [req-9591fa42-830c-4a0c-b0d9-6876b9e93567 req-9591fa42-830c-4a0c-b0d9-6876b9e93567 ] Request (ImagesNegativeTestJSON:test_create_image_from_deleted_server): 200 GET http://10.180.1.21/compute/v2.1/servers/dc4af6ff-bbf1-412c-b089-339ada47e7ec 1.253s
2025-04-04 07:34:45.103 70084 INFO tempest.lib.common.rest_client [req-321828f5-a9eb-4a05-ae87-2bd342d113e2 req-321828f5-a9eb-4a05-ae87-2bd342d113e2 ] Request (ListServersNegativeTestJSON:setUpClass): 200 GET http://10.180.1.21/compute/v2.1/servers/85a9a85e-8118-4023-8ee1-e42775d00e9f 1.302s
2025-04-04 07:34:45.151 70072 INFO tempest.lib.common.rest_client [req-16a25c49-b1c3-437f-b9de-7fb8e36ccd80 req-16a25c49-b1c3-437f-b9de-7fb8e36ccd80 ] Request (ServersAaction247Test:test_create_backup): 200 GET http://10.180.1.21/compute/v2.1/servers/d14d3baf-95a0-4983-ab42-755bb9faa134 1.259s
2025-04-04 07:34:45.168 70082 INFO tempest.lib.common.rest_client [req-3ff5e263-14e7-4e98-a9fe-658829ccc262 req-3ff5e263-14e7-4e98-a9fe-658829ccc262 ] Request (ServersAdminTestJSON:setUpClass): 200 GET http://10.180.1.21/compute/v2.1/servers/59ed0380-72a0-4781-bfd2-2e1ab4879f78 1.249s
2025-04-04 07:34:45.226 70118 INFO tempest.lib.common.rest_client [req-4c76e47f-3a91-49b8-8cfb-cca2e09750f7 req-4c76e47f-3a91-49b8-8cfb-cca2e09750f7 ] Request (ServersListShow296Test:tearDownClass): 200 GET http://10.180.1.21/compute/v2.1/servers/cb3d704d-e736-47a4-ba27-f87f5d3a28d9 1.250s
2025-04-04 07:34:45.291 70056 WARNING tempest.lib.common.ssh [-] Failed to establish authenticated ssh connection to cirros@10.180.180.149 ([Errno None] Unable to connect to port 22 on 10.180.180.149). Number attempts: 1. Retry after 2 seconds.: paramiko.ssh_exception.NoValidConnectionsError: [Errno None] Unable to connect to port 22 on 10.180.180.149
