2025-04-04 07:36:19.289 70092 ERROR tempest.test testtools.runtest.MultipleExceptions: (, Resource %(resource_id)s failed to delete and is in ERROR status
2025-04-04 07:36:19.289 70092 ERROR tempest.test Details: Server 8e706f66-96b6-40c0-92d2-565e80eae0f3 failed to delete and is in ERROR status. Fault: {'code': 500, 'created': '2025-04-04T07:36:15Z', 'message': 'Build of instance 8e706f66-96b6-40c0-92d2-565e80eae0f3 aborted: Failed to rebuild volume backed instance.'}., )
2025-04-04 07:36:19.289 70092 ERROR tempest.test
2025-04-04 07:36:19.323 70070 INFO tempest.lib.common.rest_client [req-700de88c-bb65-4573-919c-8d0bcd2fcfbc req-700de88c-bb65-4573-919c-8d0bcd2fcfbc ] Request (ImagesNegativeTestJSON:tearDownClass): 204 DELETE http://10.180.1.21:9696/networking/v2.0/subnets/3fb34fb6-9949-43f7-aeed-f4a80cc9cdbf 0.155s
2025-04-04 07:36:19.373 70091 INFO tempest.lib.common.rest_client [req-60ac52ac-5614-4b1c-adc9-f72f7b62a7e5 req-60ac52ac-5614-4b1c-adc9-f72f7b62a7e5 ] Request (ImagesTestJSON:test_create_image_from_suspended_server): 200 GET http://10.180.1.21/compute/v2.1/servers/dc7cb6fa-5635-49c1-bed1-bd78457025ed 0.343s
2025-04-04 07:36:19.453 70074 INFO tempest.lib.common.rest_client [req-da7d14f6-44e0-4244-8cab-dc54e8c8868c req-da7d14f6-44e0-4244-8cab-dc54e8c8868c ] Request (ListServerFiltersTestJSON:test_list_servers_filter_by_shutoff_status): 200 GET http://10.180.1.21/compute/v2.1/servers/cf2a57af-8712-481b-bfe9-5629113843d1 0.470s
2025-04-04 07:36:19.546 70070 INFO tempest.lib.common.rest_client [req-acb0f929-3048-494b-b9aa-77452f26ee74 req-acb0f929-3048-494b-b9aa-77452f26ee74 ] Request (ImagesNegativeTestJSON:tearDownClass): 204 DELETE http://10.180.1.21:9696/networking/v2.0/networks/90814715-8ecd-41c2-81f2-3f8005b9f61b 0.223s
2025-04-04 07:36:19.566 70072 INFO tempest.lib.common.rest_client [req-6ebae97d-6d4a-41c1-a573-ff67d273a7b6 req-6ebae97d-6d4a-41c1-a573-ff67d273a7b6 ] Request (ServersListShow2100Test:test_list_show_rebuild_update_server_2100): 200 GET http://10.180.1.21/compute/v2.1/servers/c0297808-c5d6-4786-b514-20c599a4c597 0.439s
2025-04-04 07:36:19.593 70068 INFO tempest.lib.common.rest_client [req-c14f4a0d-fb50-4e16-9957-270f03c71c5c req-c14f4a0d-fb50-4e16-9957-270f03c71c5c ] Request (DeleteServersTestJSON:test_delete_active_server): 404 GET http://10.180.1.21/compute/v2.1/servers/bbb6ea42-4b20-4dd1-9bd6-69efcd4ed735 0.418s
2025-04-04 07:36:19.611 70094 INFO tempest.lib.common.rest_client [req-5046a1d2-6f88-483d-9749-272f82895036 req-5046a1d2-6f88-483d-9749-272f82895036 ] Request (ServersWithFlavorSwapResizeTest:test_flavor_swap_0_to_1024): 200 GET http://10.180.1.21/compute/v2.1/servers/f1b8f182-2520-4ff2-9b83-044cc12c084e 0.537s
2025-04-04 07:36:19.649 70070 INFO tempest.lib.common.rest_client [req-f0bf002b-a81d-4938-a1dc-f21c4ec5fc61 req-f0bf002b-a81d-4938-a1dc-f21c4ec5fc61 ] Request (ImagesNegativeTestJSON:tearDownClass): 204 DELETE http://10.180.1.21/identity/v3/users/62c6d4b2ce7d4c56a00845cee2f40399 0.102s
2025-04-04 07:36:19.649 70070 INFO tempest.lib.common.dynamic_creds [-] Deleting project and security group for project: 5455a2a695584a97be41c50b8ad4a16d
2025-04-04 07:36:19.667 70068 INFO tempest.lib.common.rest_client [req-e211e35b-0cdc-4a7b-8e79-01d087447ea9 req-e211e35b-0cdc-4a7b-8e79-01d087447ea9 ] Request (DeleteServersTestJSON:test_delete_server_while_in_attached_volume): 201 POST http://10.180.1.21/identity/v3/auth/tokens 0.069s
2025-04-04 07:36:19.668 70068 INFO tempest.lib.common.fixed_network [-] (DeleteServersTestJSON:test_delete_server_while_in_attached_volume) Found network {'id': '01bd33bf-43b5-4943-a8a1-f6c91828e882', 'name': 'tempest-DeleteServersTestJSON-1973027598-network', 'tenant_id': 'e25606b970ec42f4aa6789d493c49ba2', 'admin_state_up': True, 'mtu': 8950, 'status': 'ACTIVE', 'subnets': [], 'shared': False, 'project_id': 'e25606b970ec42f4aa6789d493c49ba2', 'port_security_enabled': True, 'router:external': False, 'provider:network_type': 'vlan', 'provider:physical_network': 'default', 'provider:segmentation_id': 603, 'availability_zone_hints': [], 'availability_zones': [], 'ipv4_address_scope': None, 'ipv6_address_scope': None, 'description': '', 'tags': [], 'created_at': '2025-04-04T07:34:18Z', 'updated_at': '2025-04-04T07:34:19Z', 'revision_number': 1} available for tenant
2025-04-04 07:36:19.674 70070 INFO tempest.lib.common.rest_client [req-949b2688-befa-4366-9feb-e0b405f89933 req-949b2688-befa-4366-9feb-e0b405f89933 ] Request (ImagesNegativeTestJSON:tearDownClass): 200 GET http://10.180.1.21:9696/networking/v2.0/security-groups?tenant_id=5455a2a695584a97be41c50b8ad4a16d&name=default 0.024s
2025-04-04 07:36:19.695 70082 INFO tempest.lib.common.rest_client [req-e3210d02-b75f-4cd9-8ff9-029268ea6d41 req-e3210d02-b75f-4cd9-8ff9-029268ea6d41 ] Request (ServersAdminTestJSON:test_create_server_with_scheduling_hint): 200 GET http://10.180.1.21/compute/v2.1/servers/5eaf2cff-a8a4-4b4e-9007-738d17538deb 0.452s
2025-04-04 07:36:19.775 70070 INFO tempest.lib.common.rest_client [req-2f92e6fb-e140-4f09-b4f0-8a554b351235 req-2f92e6fb-e140-4f09-b4f0-8a554b351235 ] Request (ImagesNegativeTestJSON:tearDownClass): 204 DELETE http://10.180.1.21:9696/networking/v2.0/security-groups/c5058022-cc48-45e9-84af-7f0bd4219234 0.101s
2025-04-04 07:36:19.847 70066 INFO tempest.lib.common.rest_client [req-5636df9c-4f6d-40f4-b52c-eec4c70d81f8 req-5636df9c-4f6d-40f4-b52c-eec4c70d81f8 ] Request (ServerExternalEventsTest:test_create_server_external_events): 200 GET http://10.180.1.21/compute/v2.1/servers/ea758cd1-d95b-45b6-91ac-9169cbb7794f 0.583s
2025-04-04 07:36:19.889 70070 INFO tempest.lib.common.rest_client [req-4a7f8bde-f381-4ead-9474-23660955d677 req-4a7f8bde-f381-4ead-9474-23660955d677 ] Request (ImagesNegativeTestJSON:tearDownClass): 204 DELETE http://10.180.1.21/identity/v3/projects/5455a2a695584a97be41c50b8ad4a16d 0.113s
2025-04-04 07:36:19.919 70084 INFO tempest.lib.common.rest_client [req-34c1945e-5866-4400-bc5e-601b11307033 req-34c1945e-5866-4400-bc5e-601b11307033 ] Request (ServerAddressesNegativeTestJSON:setUpClass): 200 GET http://10.180.1.21/compute/v2.1/servers/7ecd7ac5-c934-42c0-80d3-684a4e5544bd 0.628s
2025-04-04 07:36:19.984 70070 INFO tempest.lib.common.rest_client [req-99412acc-15ae-4db2-91ce-2baf295ed0ad req-99412acc-15ae-4db2-91ce-2baf295ed0ad ] Request (SecurityGroupsNegativeTestJSON:setUpClass): 201 POST http://10.180.1.21/identity/v3/auth/tokens 0.088s
2025-04-04 07:36:19.996 70078 INFO tempest.lib.common.rest_client [req-32d2b708-08e2-40de-aeff-547bd8ccf5fa req-32d2b708-08e2-40de-aeff-547bd8ccf5fa ] Request (MultipleCreateTestJSON:test_multiple_create): 200 GET http://10.180.1.21/compute/v2.1/servers/f0e74a22-8d6c-44fc-808d-af887e716e59 0.644s
2025-04-04 07:36:20.020 70070 INFO tempest.lib.common.rest_client [req-cabeb887-1d13-45d9-827c-a34257f5366e req-cabeb887-1d13-45d9-827c-a34257f5366e ] Request (SecurityGroupsNegativeTestJSON:setUpClass): 201 POST http://10.180.1.21/identity/v3/auth/tokens 0.033s
2025-04-04 07:36:20.028 70098 INFO tempest.lib.common.rest_client [req-c6fe7af8-e0bd-47c3-9470-3d0469e5a952 req-c6fe7af8-e0bd-47c3-9470-3d0469e5a952 ] Request (ServersTestJSON:test_list_servers_with_detail): 200 GET http://10.180.1.21/compute/v2.1/servers/detail 0.742s
2025-04-04 07:36:20.058 70070 INFO tempest.lib.common.rest_client [req-cd1042d5-01f9-486d-bb6f-a71f6e186f09 req-cd1042d5-01f9-486d-bb6f-a71f6e186f09 ] Request (SecurityGroupsNegativeTestJSON:setUpClass): 200 GET http://10.180.1.21/identity/v3/domains?name=Default 0.037s
2025-04-04 07:36:20.074 70104 INFO tempest.lib.common.rest_client [req-a05a4771-c762-45dc-b546-ca972037e78b req-a05a4771-c762-45dc-b546-ca972037e78b ] Request (FloatingIPsAssociationTestJSON:test_associate_already_associated_floating_ip): 200 GET http://10.180.1.21/compute/v2.1/servers/8ee75dc6-1c52-468f-a10b-56027a5bfc33 0.656s
2025-04-04 07:36:20.105 70070 INFO tempest.lib.common.rest_client [req-b07c2138-2604-4b79-821e-46294ce8a621 req-b07c2138-2604-4b79-821e-46294ce8a621 ] Request (SecurityGroupsNegativeTestJSON:setUpClass): 201 POST http://10.180.1.21/identity/v3/projects 0.047s
2025-04-04 07:36:20.149 70108 INFO tempest.lib.common.rest_client [req-ff934629-34fc-4fe8-9518-2fd23db9e216 req-ff934629-34fc-4fe8-9518-2fd23db9e216 ] Request (ServerPasswordTestJSON:setUpClass): 200 GET http://10.180.1.21/compute/v2.1/servers/4c977f3c-c8ee-44c7-b4e3-0d86696cb783 0.648s
2025-04-04 07:36:20.178 70070 INFO tempest.lib.common.rest_client [req-87f97e4b-ec23-408a-a23b-de13524226c9 req-87f97e4b-ec23-408a-a23b-de13524226c9 ] Request (SecurityGroupsNegativeTestJSON:setUpClass): 201 POST http://10.180.1.21/identity/v3/users 0.073s
2025-04-04 07:36:20.199 70058 INFO tempest.lib.common.rest_client [req-50b39b2d-dc2b-4563-a8bd-6a7ab291de57 req-50b39b2d-dc2b-4563-a8bd-6a7ab291de57 ] Request (ListImageFiltersTestJSON:setUpClass): 200 GET http://10.180.1.21/compute/v2.1/servers/fe6ce16f-ada2-4588-aca5-00de3ce94c08 0.771s
2025-04-04 07:36:20.210 70058 INFO tempest.common.waiters [-] State transition "BUILD/spawning" ==> "ACTIVE/None" after 104 second wait
2025-04-04 07:36:20.211 70070 INFO tempest.lib.common.rest_client [req-7202f192-043f-4415-abeb-8711a84690df req-7202f192-043f-4415-abeb-8711a84690df ] Request (SecurityGroupsNegativeTestJSON:setUpClass): 200 GET http://10.180.1.21/identity/v3/roles 0.032s
2025-04-04 07:36:20.241 70070 INFO tempest.lib.common.rest_client [req-3c68c09f-bf9d-4785-86ba-8da432e9a0aa req-3c68c09f-bf9d-4785-86ba-8da432e9a0aa ] Request (SecurityGroupsNegativeTestJSON:setUpClass): 204 PUT http://10.180.1.21/identity/v3/projects/11d1aa270c234045ac869103206e42e8/users/0283cf60146e4e35b1ea253a14a5b82e/roles/d2d7ea366b534d8d964b42d29d01167b 0.030s
2025-04-04 07:36:20.241 70070 INFO tempest.lib.common.dynamic_creds [-] Dynamic test user 0283cf60146e4e35b1ea253a14a5b82e is created with scope project and roles: ['member']
2025-04-04 07:36:20.241 70070 INFO tempest.lib.common.dynamic_creds [-] Acquired dynamic creds: credentials: Credentials: {'domain_id': 'default', 'domain_name': 'Default', 'username': 'tempest-SecurityGroupsNegativeTestJSON-1976549846-project-member', 'project_domain_id': 'default', 'project_domain_name': 'Default', 'project_id': '11d1aa270c234045ac869103206e42e8', 'project_name': 'tempest-SecurityGroupsNegativeTestJSON-1976549846', 'tenant_id': '11d1aa270c234045ac869103206e42e8', 'tenant_name': 'tempest-SecurityGroupsNegativeTestJSON-1976549846', 'user_domain_id': 'default', 'user_domain_name': 'Default', 'user_id': '0283cf60146e4e35b1ea253a14a5b82e', 'system': None}, Network: None, Subnet: None, Router: None
2025-04-04 07:36:20.270 70056 INFO tempest.lib.common.rest_client [req-ea3e5c70-a53b-410a-9d9e-b21afef71951 req-ea3e5c70-a53b-410a-9d9e-b21afef71951 ] Request (ServersWithSpecificFlavorTestJSON:test_verify_created_server_ephemeral_disk): 200 GET http://10.180.1.21/compute/v2.1/servers/25f0d588-ce2e-4896-976f-91d67482447d 0.623s
2025-04-04 07:36:20.292 70064 INFO tempest.lib.common.rest_client [req-2e52bdb7-bef0-4af3-a0c9-0abfadac464d req-2e52bdb7-bef0-4af3-a0c9-0abfadac464d ] Request (SecurityGroupsTestJSON:test_server_security_groups): 200 GET http://10.180.1.21/compute/v2.1/servers/7da0d7f3-4091-44e0-9d21-d6e09e78603e 0.645s
2025-04-04 07:36:20.329 70070 INFO tempest.lib.common.rest_client [req-b34afe96-d10d-4fcc-85d6-06734cde48b4 req-b34afe96-d10d-4fcc-85d6-06734cde48b4 ] Request (SecurityGroupsNegativeTestJSON:setUpClass): 201 POST http://10.180.1.21/identity/v3/auth/tokens 0.087s
2025-04-04 07:36:20.355 70060 INFO tempest.lib.common.rest_client [req-65853a02-c775-4670-9ebe-25e823182152 req-65853a02-c775-4670-9ebe-25e823182152 ] Request (AttachInterfacesV270Test:test_create_get_list_interfaces): 200 GET http://10.180.1.21/compute/v2.1/servers/a3292a47-15c1-4d1c-b822-8a79271dcacc 0.643s
2025-04-04 07:36:20.442 70110 INFO tempest.lib.common.rest_client [req-ba238055-3c3e-4703-992e-206555736cba req-ba238055-3c3e-4703-992e-206555736cba ] Request (ServerAddressesTestJSON:tearDownClass): 200 GET http://10.180.1.21/compute/v2.1/servers/eae4fc1d-13ea-4e22-b607-c6fb0472d791 0.716s
2025-04-04 07:36:20.496 70102 INFO tempest.lib.common.rest_client [req-0f253ac7-1253-4a43-a0c6-8f16fa745533 req-0f253ac7-1253-4a43-a0c6-8f16fa745533 ] Request (ServerShowV247Test:test_update_rebuild_list_server): 200 GET http://10.180.1.21/compute/v2.1/servers/83e88e62-1313-4b9f-94de-857c4f379379 0.715s
2025-04-04 07:36:20.508 70102 INFO tempest.common.waiters [-] State transition "BUILD/scheduling" ==> "BUILD/None" after 72 second wait
2025-04-04 07:36:20.551 70116 INFO tempest.lib.common.rest_client [req-69da8b2b-f938-4dd1-8b32-1747d51561fb req-69da8b2b-f938-4dd1-8b32-1747d51561fb ] Request (ServerRescueTestJSON:setUpClass): 200 GET http://10.180.1.21/compute/v2.1/servers/18dd6d72-621f-4ba9-b3a9-994d5f9726fb 0.721s
2025-04-04 07:36:20.575 70070 INFO tempest.lib.common.rest_client [req-64bc0279-32a1-4f1c-98ef-49446af74817 req-64bc0279-32a1-4f1c-98ef-49446af74817 ] Request (SecurityGroupsNegativeTestJSON:setUpClass): 201 POST http://10.180.1.21:9696/networking/v2.0/networks 0.245s
2025-04-04 07:36:20.618 70112 INFO tempest.lib.common.rest_client [req-ef85505c-ce50-4449-ba88-21da97c96be6 req-ef85505c-ce50-4449-ba88-21da97c96be6 ] Request (DeleteServersAdminTestJSON:test_delete_server_while_in_error_state): 200 GET http://10.180.1.21/compute/v2.1/servers/c36cc33d-1a3f-4a88-9451-452086c06456 0.764s
2025-04-04 07:36:20.682 70088 INFO tempest.lib.common.rest_client [req-75a924d5-2bea-406b-b5e7-0368ec950ae9 req-75a924d5-2bea-406b-b5e7-0368ec950ae9 ] Request (ServersAdminNegativeTestJSON:tearDownClass): 200 GET http://10.180.1.21/compute/v2.1/servers/26a807ba-3039-415b-aa30-2e554cad4d3d 0.767s
2025-04-04 07:36:20.726 70070 INFO tempest.lib.common.rest_client [req-50d4864e-a670-4c5d-98c5-5d04282bbb46 req-50d4864e-a670-4c5d-98c5-5d04282bbb46 ] Request (SecurityGroupsNegativeTestJSON:setUpClass): 201 POST http://10.180.1.21:9696/networking/v2.0/subnets 0.151s
2025-04-04 07:36:20.740 70114 INFO tempest.lib.common.rest_client [req-9b88ad5b-0ec1-4599-b26f-f7569d6bbc28 req-9b88ad5b-0ec1-4599-b26f-f7569d6bbc28 ] Request (AttachInterfacesUnderV243Test:test_add_remove_fixed_ip): 200 GET http://10.180.1.21/compute/v2.1/servers/0254e970-0c97-4c98-bdb0-c8dc36ea77ce 0.820s
2025-04-04 07:36:20.748 70092 INFO tempest.lib.common.rest_client [req-f9c88ad3-5349-4507-9772-72a679b80cb5 req-f9c88ad3-5349-4507-9772-72a679b80cb5 ] Request (ServerActionsV293TestJSON:tearDownClass): 200 PUT http://10.180.1.21:9696/networking/v2.0/routers/65d4a8d0-14f0-4f9e-8b0a-d08cc0398707/remove_router_interface 1.459s
2025-04-04 07:36:20.756 70098 INFO tempest.lib.common.rest_client [req-64c34416-c91a-4b0e-95a0-60a4ccc6b911 req-64c34416-c91a-4b0e-95a0-60a4ccc6b911 ] Request (ServersTestJSON:test_verify_created_server_vcpus): 200 GET http://10.180.1.21/compute/v2.1/flavors/42 0.707s
2025-04-04 07:36:20.759 70098 INFO tempest.lib.common.ssh [-] Creating ssh connection to '10.180.180.181:22' as 'cirros' with public key authentication
2025-04-04 07:36:20.765 70098 INFO paramiko.transport [-] Connected (version 2.0, client dropbear_2020.81)
2025-04-04 07:36:20.789 70068 INFO tempest.lib.common.rest_client [req-4688d8f2-d2be-4ef1-a526-bb8461246430 req-4688d8f2-d2be-4ef1-a526-bb8461246430 ] Request (DeleteServersTestJSON:test_delete_server_while_in_attached_volume): 202 POST http://10.180.1.21/compute/v2.1/servers 1.120s
2025-04-04 07:36:20.815 70080 INFO tempest.lib.common.rest_client [req-6e3b78f4-978a-41d9-8b5b-e87effe7519c req-6e3b78f4-978a-41d9-8b5b-e87effe7519c ] Request (MigrationsAdminTest:test_resize_server_revert_deleted_flavor): 200 GET http://10.180.1.21/compute/v2.1/servers/f289fdaf-4399-44ab-95d8-3129ea198de1 0.613s
2025-04-04 07:36:20.836 70098 INFO paramiko.transport [-] Authentication (publickey) successful!
2025-04-04 07:36:20.839 70098 INFO tempest.lib.common.ssh [-] ssh connection to cirros@10.180.180.181 successfully created
2025-04-04 07:36:20.841 70118 INFO tempest.lib.common.rest_client [req-1d2c48b2-4a28-4c55-ba86-832b8fd31e5c req-1d2c48b2-4a28-4c55-ba86-832b8fd31e5c ] Request (ServersNegativeTestMultiTenantJSON:setUpClass): 200 GET http://10.180.1.21/compute/v2.1/servers/1e0d4567-148e-480c-9032-9a78fa3aa0ff 0.635s
2025-04-04 07:36:20.904 70062 INFO tempest.lib.common.rest_client [req-96683b95-8ac0-4071-a9f1-b52b1c49621b req-96683b95-8ac0-4071-a9f1-b52b1c49621b ] Request (VolumesAssistedSnapshotsTest:tearDownClass): 200 GET http://10.180.1.21/compute/v2.1/servers/e36e4f56-361c-4db8-bcf0-6a25e9aef855 0.628s
2025-04-04 07:36:20.926 70058 INFO tempest.lib.common.rest_client [req-b0132cf7-24e3-4aa1-a8e2-84611e6bd7fa req-b0132cf7-24e3-4aa1-a8e2-84611e6bd7fa ] Request (ListImageFiltersTestJSON:setUpClass): 200 GET http://10.180.1.21/compute/v2.1/servers/5db72d34-978a-468d-81d8-f2efa761e50a 0.715s
2025-04-04 07:36:20.959 70091 INFO tempest.lib.common.rest_client [req-99650705-7139-4047-8ae6-4187463ad176 req-99650705-7139-4047-8ae6-4187463ad176 ] Request (ImagesTestJSON:test_create_image_from_suspended_server): 200 GET http://10.180.1.21/compute/v2.1/servers/dc7cb6fa-5635-49c1-bed1-bd78457025ed 0.571s
2025-04-04 07:36:21.046 70074 INFO tempest.lib.common.rest_client [req-3c7541b5-9200-400b-a981-318739ace03d req-3c7541b5-9200-400b-a981-318739ace03d ] Request (ListServerFiltersTestJSON:test_list_servers_filter_by_shutoff_status): 200 GET http://10.180.1.21/compute/v2.1/servers/cf2a57af-8712-481b-bfe9-5629113843d1 0.585s
2025-04-04 07:36:21.052 70072 INFO tempest.lib.common.rest_client [req-7cfede9b-95cd-4a02-8dc2-4cacbe8875f4 req-7cfede9b-95cd-4a02-8dc2-4cacbe8875f4 ] Request (ServersListShow2100Test:test_list_show_rebuild_update_server_2100): 200 GET http://10.180.1.21/compute/v2.1/servers/c0297808-c5d6-4786-b514-20c599a4c597 0.467s
2025-04-04 07:36:21.055 70074 INFO tempest.common.waiters [-] State transition "ACTIVE/powering-off" ==> "SHUTOFF/None" after 4 second wait
2025-04-04 07:36:21.104 70082 INFO tempest.lib.common.rest_client [req-18f3e121-88db-4d11-9016-066f6b19713b req-18f3e121-88db-4d11-9016-066f6b19713b ] Request (ServersAdminTestJSON:test_create_server_with_scheduling_hint): 200 GET http://10.180.1.21/compute/v2.1/servers/5eaf2cff-a8a4-4b4e-9007-738d17538deb 0.399s
2025-04-04 07:36:21.152 70068 INFO tempest.lib.common.rest_client [req-3a462eb7-f913-4422-8669-423a0771b63d req-3a462eb7-f913-4422-8669-423a0771b63d ] Request (DeleteServersTestJSON:test_delete_server_while_in_attached_volume): 200 GET http://10.180.1.21/compute/v2.1/servers/b3b5f246-6440-4bb5-9285-6171fb1ea965 0.361s
2025-04-04 07:36:21.192 70094 INFO tempest.lib.common.rest_client [req-9584d11a-ef96-46c1-8389-b2c1747a296b req-9584d11a-ef96-46c1-8389-b2c1747a296b ] Request (ServersWithFlavorSwapResizeTest:test_flavor_swap_0_to_1024): 200 GET http://10.180.1.21/compute/v2.1/servers/f1b8f182-2520-4ff2-9b83-044cc12c084e 0.569s
2025-04-04 07:36:21.239 70098 INFO tempest.lib.common.rest_client [req-b49936cb-afc6-4b17-936f-5959bcce5813 req-b49936cb-afc6-4b17-936f-5959bcce5813 ] Request (ServersTestJSON:tearDownClass): 204 DELETE http://10.180.1.21/compute/v2.1/servers/2a8dece2-833a-4aaa-aa12-6d167c68548d 0.387s
2025-04-04 07:36:21.294 70084 INFO tempest.lib.common.rest_client [req-54143e67-1285-402d-9159-35eb530bc171 req-54143e67-1285-402d-9159-35eb530bc171 ] Request (ServerAddressesNegativeTestJSON:setUpClass): 200 GET http://10.180.1.21/compute/v2.1/servers/7ecd7ac5-c934-42c0-80d3-684a4e5544bd 0.366s
2025-04-04 07:36:21.302 70066 INFO tempest.lib.common.rest_client [req-d41e199a-1ca1-4e12-b79f-bcf7ff5da669 req-d41e199a-1ca1-4e12-b79f-bcf7ff5da669 ] Request (ServerExternalEventsTest:test_create_server_external_events): 200 GET http://10.180.1.21/compute/v2.1/servers/ea758cd1-d95b-45b6-91ac-9169cbb7794f 0.443s
2025-04-04 07:36:21.351 70078 INFO tempest.lib.common.rest_client [req-97c616c0-107d-4e62-9539-7b8f91c27ec9 req-97c616c0-107d-4e62-9539-7b8f91c27ec9 ] Request (MultipleCreateTestJSON:test_multiple_create): 200 GET http://10.180.1.21/compute/v2.1/servers/f0e74a22-8d6c-44fc-808d-af887e716e59 0.344s
2025-04-04 07:36:21.445 70074 INFO tempest.lib.common.rest_client [req-760b92cb-6f3e-45d4-b031-ef8ec1931ecd req-760b92cb-6f3e-45d4-b031-ef8ec1931ecd ] Request (ListServerFiltersTestJSON:test_list_servers_filter_by_shutoff_status): 200 GET http://10.180.1.21/compute/v2.1/servers?status=shutoff 0.390s
2025-04-04 07:36:21.501 70104 INFO tempest.lib.common.rest_client [req-5f1f7a82-dc8e-43b7-845b-7f21739da7e7 req-5f1f7a82-dc8e-43b7-845b-7f21739da7e7 ] Request (FloatingIPsAssociationTestJSON:test_associate_already_associated_floating_ip): 200 GET http://10.180.1.21/compute/v2.1/servers/8ee75dc6-1c52-468f-a10b-56027a5bfc33 0.417s
2025-04-04 07:36:21.558 70108 INFO tempest.lib.common.rest_client [req-cb1fe42f-70d2-4d01-8ca8-fbb8c6188199 req-cb1fe42f-70d2-4d01-8ca8-fbb8c6188199 ] Request (ServerPasswordTestJSON:setUpClass): 200 GET http://10.180.1.21/compute/v2.1/servers/4c977f3c-c8ee-44c7-b4e3-0d86696cb783 0.399s
2025-04-04 07:36:21.565 70086 INFO paramiko.transport [-] Connected (version 2.0, client dropbear_2020.81)
2025-04-04 07:36:21.597 70092 INFO tempest.lib.common.rest_client [req-ffb613c3-2180-4980-af18-8e465b30cb16 req-ffb613c3-2180-4980-af18-8e465b30cb16 ] Request (ServerActionsV293TestJSON:tearDownClass): 204 DELETE http://10.180.1.21:9696/networking/v2.0/routers/65d4a8d0-14f0-4f9e-8b0a-d08cc0398707 0.848s
2025-04-04 07:36:21.681 70098 INFO tempest.lib.common.rest_client [req-3d68304a-fd35-477a-811c-5f1ec42d39d2 req-3d68304a-fd35-477a-811c-5f1ec42d39d2 ] Request (ServersTestJSON:tearDownClass): 200 GET http://10.180.1.21/compute/v2.1/servers/2a8dece2-833a-4aaa-aa12-6d167c68548d 0.442s
2025-04-04 07:36:21.681 70086 INFO paramiko.transport [-] Authentication (publickey) successful!
2025-04-04 07:36:21.682 70086 INFO tempest.lib.common.ssh [-] ssh connection to cirros@10.180.180.175 successfully created
2025-04-04 07:36:21.741 70056 INFO tempest.lib.common.rest_client [req-9ef9c7c9-de44-4063-8c90-cb7e5c2bf560 req-9ef9c7c9-de44-4063-8c90-cb7e5c2bf560 ] Request (ServersWithSpecificFlavorTestJSON:test_verify_created_server_ephemeral_disk): 200 GET http://10.180.1.21/compute/v2.1/servers/25f0d588-ce2e-4896-976f-91d67482447d 0.461s
2025-04-04 07:36:21.803 70058 INFO tempest.lib.common.rest_client [req-c790415e-74f6-4ea3-b664-ae6d26e482df req-c790415e-74f6-4ea3-b664-ae6d26e482df ] Request (ListImageFiltersTestJSON:setUpClass): 202 POST http://10.180.1.21/compute/v2.1/servers/5db72d34-978a-468d-81d8-f2efa761e50a/action 0.864s
2025-04-04 07:36:21.825 70092 INFO tempest.lib.common.rest_client [req-87e5050d-ea4a-42a8-9ec8-85b14c0240aa req-87e5050d-ea4a-42a8-9ec8-85b14c0240aa ] Request (ServerActionsV293TestJSON:tearDownClass): 204 DELETE http://10.180.1.21:9696/networking/v2.0/subnets/2bea734f-eeaa-4b83-8c87-bc51011698f0 0.227s
2025-04-04 07:36:21.865 70060 INFO tempest.lib.common.rest_client [req-cf619d25-119d-4c5e-a7de-2445537ce559 req-cf619d25-119d-4c5e-a7de-2445537ce559 ] Request (AttachInterfacesV270Test:test_create_get_list_interfaces): 200 GET http://10.180.1.21/compute/v2.1/servers/a3292a47-15c1-4d1c-b822-8a79271dcacc 0.500s
2025-04-04 07:36:21.881 70064 INFO tempest.lib.common.rest_client [req-942d9356-058c-4c8e-8fc9-d198ccf9eea5 req-942d9356-058c-4c8e-8fc9-d198ccf9eea5 ] Request (SecurityGroupsTestJSON:test_server_security_groups): 200 GET http://10.180.1.21/compute/v2.1/servers/7da0d7f3-4091-44e0-9d21-d6e09e78603e 0.578s
2025-04-04 07:36:21.915 70074 INFO tempest.lib.common.rest_client [req-13ec7aef-0487-40d1-9a70-49f08aac0343 req-13ec7aef-0487-40d1-9a70-49f08aac0343 ] Request (ListServerFiltersTestJSON:test_list_servers_filter_by_shutoff_status): 202 POST http://10.180.1.21/compute/v2.1/servers/cf2a57af-8712-481b-bfe9-5629113843d1/action 0.468s
2025-04-04 07:36:21.943 70110 INFO tempest.lib.common.rest_client [req-983e2235-8c43-4722-b672-253c3bde07f5 req-983e2235-8c43-4722-b672-253c3bde07f5 ] Request (ServerAddressesTestJSON:tearDownClass): 200 GET http://10.180.1.21/compute/v2.1/servers/eae4fc1d-13ea-4e22-b607-c6fb0472d791 0.493s
2025-04-04 07:36:21.976 70102 INFO tempest.lib.common.rest_client [req-116690b7-cbad-43f3-a387-d8356b298250 req-116690b7-cbad-43f3-a387-d8356b298250 ] Request (ServerShowV247Test:test_update_rebuild_list_server): 200 GET http://10.180.1.21/compute/v2.1/servers/83e88e62-1313-4b9f-94de-857c4f379379 0.466s
2025-04-04 07:36:21.996 70116 INFO tempest.lib.common.rest_client [req-b71a1672-8b2e-4bda-a6fd-f7c2342f8541 req-b71a1672-8b2e-4bda-a6fd-f7c2342f8541 ] Request (ServerRescueTestJSON:setUpClass): 200 GET http://10.180.1.21/compute/v2.1/servers/18dd6d72-621f-4ba9-b3a9-994d5f9726fb 0.438s
2025-04-04 07:36:22.044 70070 INFO tempest.lib.common.rest_client [req-b7d7810f-4b78-4171-974e-d84be62e2ab0 req-b7d7810f-4b78-4171-974e-d84be62e2ab0 ] Request (SecurityGroupsNegativeTestJSON:setUpClass): 201 POST http://10.180.1.21:9696/networking/v2.0/routers 1.318s
2025-04-04 07:36:22.060 70112 INFO tempest.lib.common.rest_client [req-b29dab34-6d5f-4865-a3de-d067ddbdcd8c req-b29dab34-6d5f-4865-a3de-d067ddbdcd8c ] Request (DeleteServersAdminTestJSON:test_delete_server_while_in_error_state): 200 GET http://10.180.1.21/compute/v2.1/servers/c36cc33d-1a3f-4a88-9451-452086c06456 0.434s
2025-04-04 07:36:22.080 70088 INFO tempest.lib.common.rest_client [req-925724a7-b44a-4c84-a31f-dd01ce621c57 req-925724a7-b44a-4c84-a31f-dd01ce621c57 ] Request (ServersAdminNegativeTestJSON:tearDownClass): 200 GET http://10.180.1.21/compute/v2.1/servers/26a807ba-3039-415b-aa30-2e554cad4d3d 0.390s
2025-04-04 07:36:22.143 70114 INFO tempest.lib.common.rest_client [req-8dd24592-a5c3-4dcc-b1f7-ff5f6ab29fff req-8dd24592-a5c3-4dcc-b1f7-ff5f6ab29fff ] Request (AttachInterfacesUnderV243Test:test_add_remove_fixed_ip): 200 GET http://10.180.1.21/compute/v2.1/servers/0254e970-0c97-4c98-bdb0-c8dc36ea77ce 0.393s
2025-04-04 07:36:22.149 70086 INFO tempest.lib.common.rest_client [req-ee77536b-4269-4d96-9304-9eecfe83c00c req-ee77536b-4269-4d96-9304-9eecfe83c00c ] Request (ServersTestFqdnHostnames:tearDownClass): 204 DELETE http://10.180.1.21/compute/v2.1/servers/36e915c8-e43c-425a-8c47-643372176a16 0.452s
2025-04-04 07:36:22.154 70114 INFO tempest.common.waiters [-] State transition "BUILD/None" ==> "BUILD/networking" after 90 second wait
2025-04-04 07:36:22.187 70058 INFO tempest.lib.common.rest_client [req-b233973f-5d45-4e7e-8ef0-4b12847c372e req-b233973f-5d45-4e7e-8ef0-4b12847c372e ] Request (ListImageFiltersTestJSON:setUpClass): 200 GET http://10.180.1.21/compute/v2.1/images/78c94db4-af69-442d-a34d-b1cf8e9ef2d4 0.383s
2025-04-04 07:36:22.221 70080 INFO tempest.lib.common.rest_client [req-2dda5efe-27e9-4bec-a6e4-33535834ce1d req-2dda5efe-27e9-4bec-a6e4-33535834ce1d ] Request (MigrationsAdminTest:test_resize_server_revert_deleted_flavor): 200 GET http://10.180.1.21/compute/v2.1/servers/f289fdaf-4399-44ab-95d8-3129ea198de1 0.391s
2025-04-04 07:36:22.245 70118 INFO tempest.lib.common.rest_client [req-7530d665-7df7-4ec7-9e3a-f221ef91ad7b req-7530d665-7df7-4ec7-9e3a-f221ef91ad7b ] Request (ServersNegativeTestMultiTenantJSON:setUpClass): 200 GET http://10.180.1.21/compute/v2.1/servers/1e0d4567-148e-480c-9032-9a78fa3aa0ff 0.395s
2025-04-04 07:36:22.250 70092 INFO tempest.lib.common.rest_client [req-72a466ec-6cfa-4e4d-863e-a3bc8edeb44d req-72a466ec-6cfa-4e4d-863e-a3bc8edeb44d ] Request (ServerActionsV293TestJSON:tearDownClass): 204 DELETE http://10.180.1.21:9696/networking/v2.0/networks/6e5dadc3-9f91-49e6-b818-71bd9ef7b184 0.425s
2025-04-04 07:36:22.320 70062 INFO tempest.lib.common.rest_client [req-cadaad82-be16-49d4-b053-03b98a4a9710 req-cadaad82-be16-49d4-b053-03b98a4a9710 ] Request (VolumesAssistedSnapshotsTest:tearDownClass): 200 GET http://10.180.1.21/compute/v2.1/servers/e36e4f56-361c-4db8-bcf0-6a25e9aef855 0.404s
2025-04-04 07:36:22.361 70074 INFO tempest.lib.common.rest_client [req-92fea423-500c-412e-b70e-e7bada022b3f req-92fea423-500c-412e-b70e-e7bada022b3f ] Request (ListServerFiltersTestJSON:test_list_servers_filter_by_shutoff_status): 200 GET http://10.180.1.21/compute/v2.1/servers/cf2a57af-8712-481b-bfe9-5629113843d1 0.446s
2025-04-04 07:36:22.376 70092 INFO tempest.lib.common.rest_client [req-08e5309d-d016-448d-afd2-8aad55ed945f req-08e5309d-d016-448d-afd2-8aad55ed945f ] Request (ServerActionsV293TestJSON:tearDownClass): 204 DELETE http://10.180.1.21/identity/v3/users/b09dda5eb1f847f594bc90c6b1649c80 0.125s
2025-04-04 07:36:22.377 70092 INFO tempest.lib.common.dynamic_creds [-] Deleting project and security group for project: ee9e4a51fdf643a9bdf3ff25b5981a19
2025-04-04 07:36:22.386 70091 INFO tempest.lib.common.rest_client [req-ec6deb48-6c93-4b23-87de-51b17deccb1c req-ec6deb48-6c93-4b23-87de-51b17deccb1c ] Request (ImagesTestJSON:test_create_image_from_suspended_server): 200 GET http://10.180.1.21/compute/v2.1/servers/dc7cb6fa-5635-49c1-bed1-bd78457025ed 0.418s
2025-04-04 07:36:22.435 70092 INFO tempest.lib.common.rest_client [req-0270e7e9-56f7-4e9b-a2b8-6cf5a4910bc9 req-0270e7e9-56f7-4e9b-a2b8-6cf5a4910bc9 ] Request (ServerActionsV293TestJSON:tearDownClass): 200 GET http://10.180.1.21:9696/networking/v2.0/security-groups?tenant_id=ee9e4a51fdf643a9bdf3ff25b5981a19&name=default 0.058s
2025-04-04 07:36:22.442 70072 INFO tempest.lib.common.rest_client [req-3a0aa908-d7c8-4ba3-97df-e8ffac35c04c req-3a0aa908-d7c8-4ba3-97df-e8ffac35c04c ] Request (ServersListShow2100Test:test_list_show_rebuild_update_server_2100): 200 GET http://10.180.1.21/compute/v2.1/servers/c0297808-c5d6-4786-b514-20c599a4c597 0.376s
2025-04-04 07:36:22.453 70082 INFO tempest.lib.common.rest_client [req-1b39c17e-a6fb-4307-85d1-87b1c2cabe33 req-1b39c17e-a6fb-4307-85d1-87b1c2cabe33 ] Request (ServersAdminTestJSON:test_create_server_with_scheduling_hint): 200 GET http://10.180.1.21/compute/v2.1/servers/5eaf2cff-a8a4-4b4e-9007-738d17538deb 0.341s
2025-04-04 07:36:22.522 70068 INFO tempest.lib.common.rest_client [req-da22b32e-5276-4549-9f5f-24195ba04288 req-da22b32e-5276-4549-9f5f-24195ba04288 ] Request (DeleteServersTestJSON:test_delete_server_while_in_attached_volume): 200 GET http://10.180.1.21/compute/v2.1/servers/b3b5f246-6440-4bb5-9285-6171fb1ea965 0.357s
2025-04-04 07:36:22.568 70092 INFO tempest.lib.common.rest_client [req-8044fc46-8ae1-41d7-9a39-24c6387ea231 req-8044fc46-8ae1-41d7-9a39-24c6387ea231 ] Request (ServerActionsV293TestJSON:tearDownClass): 204 DELETE http://10.180.1.21:9696/networking/v2.0/security-groups/40b29152-6025-49c2-befc-83946ee5291b 0.132s
2025-04-04 07:36:22.670 70086 INFO tempest.lib.common.rest_client [req-5885e412-0498-4237-a22d-77b36e922f11 req-5885e412-0498-4237-a22d-77b36e922f11 ] Request (ServersTestFqdnHostnames:tearDownClass): 200 GET http://10.180.1.21/compute/v2.1/servers/36e915c8-e43c-425a-8c47-643372176a16 0.520s
2025-04-04 07:36:22.690 70094 INFO tempest.lib.common.rest_client [req-c69e265f-dc56-4369-bf27-76cb2d4cbe46 req-c69e265f-dc56-4369-bf27-76cb2d4cbe46 ] Request (ServersWithFlavorSwapResizeTest:test_flavor_swap_0_to_1024): 200 GET http://10.180.1.21/compute/v2.1/servers/f1b8f182-2520-4ff2-9b83-044cc12c084e 0.487s
2025-04-04 07:36:22.722 70092 INFO tempest.lib.common.rest_client [req-743bc700-63ba-4ce9-9351-564813ce593c req-743bc700-63ba-4ce9-9351-564813ce593c ] Request (ServerActionsV293TestJSON:tearDownClass): 204 DELETE http://10.180.1.21/identity/v3/projects/ee9e4a51fdf643a9bdf3ff25b5981a19 0.154s
2025-04-04 07:36:22.724 70092 INFO tempest.test [-] raised in ServerStableDeviceRescueTest.setUpClass. Invoking tearDownClass.
2025-04-04 07:36:22.759 70084 INFO tempest.lib.common.rest_client [req-a2d419ec-b98f-49d7-9aaf-73a55d879782 req-a2d419ec-b98f-49d7-9aaf-73a55d879782 ] Request (ServerAddressesNegativeTestJSON:setUpClass): 200 GET http://10.180.1.21/compute/v2.1/servers/7ecd7ac5-c934-42c0-80d3-684a4e5544bd 0.455s
2025-04-04 07:36:22.840 70078 INFO tempest.lib.common.rest_client [req-e81fcb32-d029-41df-88a5-3bbecb1e2ece req-e81fcb32-d029-41df-88a5-3bbecb1e2ece ] Request (MultipleCreateTestJSON:test_multiple_create): 200 GET http://10.180.1.21/compute/v2.1/servers/f0e74a22-8d6c-44fc-808d-af887e716e59 0.474s
2025-04-04 07:36:22.883 70066 INFO tempest.lib.common.rest_client [req-2985d585-a424-4984-a37b-1241feb9bdf3 req-2985d585-a424-4984-a37b-1241feb9bdf3 ] Request (ServerExternalEventsTest:test_create_server_external_events): 200 GET http://10.180.1.21/compute/v2.1/servers/ea758cd1-d95b-45b6-91ac-9169cbb7794f 0.569s
2025-04-04 07:36:22.918 70104 INFO tempest.lib.common.rest_client [req-c704d2cd-a75a-4529-9000-d7857a00b0af req-c704d2cd-a75a-4529-9000-d7857a00b0af ] Request (FloatingIPsAssociationTestJSON:test_associate_already_associated_floating_ip): 200 GET http://10.180.1.21/compute/v2.1/servers/8ee75dc6-1c52-468f-a10b-56027a5bfc33 0.410s
2025-04-04 07:36:22.961 70108 INFO tempest.lib.common.rest_client [req-45c83af5-e88d-4ea6-8615-8e5f967d7570 req-45c83af5-e88d-4ea6-8615-8e5f967d7570 ] Request (ServerPasswordTestJSON:setUpClass): 200 GET http://10.180.1.21/compute/v2.1/servers/4c977f3c-c8ee-44c7-b4e3-0d86696cb783 0.392s
2025-04-04 07:36:23.035 70056 INFO tempest.lib.common.rest_client [req-3864b9b3-87a2-4a3d-9306-fffe372d49b8 req-3864b9b3-87a2-4a3d-9306-fffe372d49b8 ] Request (ServersWithSpecificFlavorTestJSON:test_verify_created_server_ephemeral_disk): 200 GET http://10.180.1.21/compute/v2.1/servers/25f0d588-ce2e-4896-976f-91d67482447d 0.283s
2025-04-04 07:36:23.071 70098 INFO tempest.lib.common.rest_client [req-6c85b8af-dace-48b7-844e-92f5f1e0bfdf req-6c85b8af-dace-48b7-844e-92f5f1e0bfdf ] Request (ServersTestJSON:tearDownClass): 200 GET http://10.180.1.21/compute/v2.1/servers/2a8dece2-833a-4aaa-aa12-6d167c68548d 0.378s
2025-04-04 07:36:23.121 70060 INFO tempest.lib.common.rest_client [req-7633363f-08eb-48cb-8515-9f04e528f5d9 req-7633363f-08eb-48cb-8515-9f04e528f5d9 ] Request (AttachInterfacesV270Test:test_create_get_list_interfaces): 200 GET http://10.180.1.21/compute/v2.1/servers/a3292a47-15c1-4d1c-b822-8a79271dcacc 0.245s
2025-04-04 07:36:23.179 70070 INFO tempest.lib.common.rest_client [req-eb2df8b1-69c2-4e53-883a-e436cd9777b8 req-eb2df8b1-69c2-4e53-883a-e436cd9777b8 ] Request (SecurityGroupsNegativeTestJSON:setUpClass): 200 PUT http://10.180.1.21:9696/networking/v2.0/routers/856f7641-7cde-4237-91d2-87ce9d6c2d49/add_router_interface 1.134s
2025-04-04 07:36:23.179 70070 INFO tempest.lib.common.dynamic_creds [-] Created isolated network resources for: credentials: Credentials: {'domain_id': 'default', 'domain_name': 'Default', 'username': 'tempest-SecurityGroupsNegativeTestJSON-1976549846-project-member', 'project_domain_id': 'default', 'project_domain_name': 'Default', 'project_id': '11d1aa270c234045ac869103206e42e8', 'project_name': 'tempest-SecurityGroupsNegativeTestJSON-1976549846', 'tenant_id': '11d1aa270c234045ac869103206e42e8', 'tenant_name': 'tempest-SecurityGroupsNegativeTestJSON-1976549846', 'user_domain_id': 'default', 'user_domain_name': 'Default', 'user_id': '0283cf60146e4e35b1ea253a14a5b82e', 'system': None}, Network: {'id': '736c46f5-e64b-4695-a534-18f09d4bad49', 'name': 'tempest-SecurityGroupsNegativeTestJSON-1742264398-network', 'tenant_id': '11d1aa270c234045ac869103206e42e8', 'admin_state_up': True, 'mtu': 8950, 'status': 'ACTIVE', 'subnets': [], 'shared': False, 'project_id': '11d1aa270c234045ac869103206e42e8', 'port_security_enabled': True, 'router:external': False, 'provider:network_type': 'vlan', 'provider:physical_network': 'default', 'provider:segmentation_id': 246, 'availability_zone_hints': [], 'availability_zones': [], 'ipv4_address_scope': None, 'ipv6_address_scope': None, 'description': '', 'tags': [], 'created_at': '2025-04-04T07:36:20Z', 'updated_at': '2025-04-04T07:36:20Z', 'revision_number': 1}, Subnet: {'id': '6440d521-b89d-458c-a815-e165a6ab7af5', 'name': 'tempest-SecurityGroupsNegativeTestJSON-1742264398-subnet', 'tenant_id': '11d1aa270c234045ac869103206e42e8', 'network_id': '736c46f5-e64b-4695-a534-18f09d4bad49', 'ip_version': 4, 'subnetpool_id': None, 'enable_dhcp': True, 'ipv6_ra_mode': None, 'ipv6_address_mode': None, 'gateway_ip': '192.168.128.1', 'cidr': '192.168.128.0/28', 'allocation_pools': [{'start': '192.168.128.2', 'end': '192.168.128.14'}], 'host_routes': [], 'dns_nameservers': [], 'description': '', 'router:external': False, 'service_types': [], 'tags': [], 'created_at': '2025-04-04T07:36:20Z', 'updated_at': '2025-04-04T07:36:20Z', 'revision_number': 0, 'project_id': '11d1aa270c234045ac869103206e42e8'}, Router: {'id': '856f7641-7cde-4237-91d2-87ce9d6c2d49', 'name': 'tempest-SecurityGroupsNegativeTestJSON-1742264398-router', 'tenant_id': '11d1aa270c234045ac869103206e42e8', 'admin_state_up': True, 'status': 'ACTIVE', 'external_gateway_info': {'network_id': 'd4e08c15-d83d-49ff-a2c2-c2ce400d923f', 'external_fixed_ips': [{'subnet_id': '77c32a36-0952-4d7e-bf30-81eadd5ab466', 'ip_address': '10.180.180.241'}], 'enable_snat': True}, 'description': '', 'availability_zones': [], 'distributed': False, 'ha': False, 'availability_zone_hints': [], 'routes': [], 'flavor_id': None, 'tags': [], 'created_at': '2025-04-04T07:36:20Z', 'updated_at': '2025-04-04T07:36:21Z', 'revision_number': 2, 'project_id': '11d1aa270c234045ac869103206e42e8'}
2025-04-04 07:36:23.186 70110 INFO tempest.lib.common.rest_client [req-470909a2-5c05-4028-be99-38cda7bc07c6 req-470909a2-5c05-4028-be99-38cda7bc07c6 ] Request (ServerAddressesTestJSON:tearDownClass): 200 GET http://10.180.1.21/compute/v2.1/servers/eae4fc1d-13ea-4e22-b607-c6fb0472d791 0.224s
2025-04-04 07:36:23.215 70064 INFO tempest.lib.common.rest_client [req-60d1c7ce-e9bd-4d0c-aef1-593f7bdc2951 req-60d1c7ce-e9bd-4d0c-aef1-593f7bdc2951 ] Request (SecurityGroupsTestJSON:test_server_security_groups): 200 GET http://10.180.1.21/compute/v2.1/servers/7da0d7f3-4091-44e0-9d21-d6e09e78603e 0.324s
2025-04-04 07:36:23.250 70102 INFO tempest.lib.common.rest_client [req-e21a8988-56ab-4185-acd4-fe3dd7c012fd req-e21a8988-56ab-4185-acd4-fe3dd7c012fd ] Request (ServerShowV247Test:test_update_rebuild_list_server): 200 GET http://10.180.1.21/compute/v2.1/servers/83e88e62-1313-4b9f-94de-857c4f379379 0.264s
2025-04-04 07:36:23.281 70116 INFO tempest.lib.common.rest_client [req-a52cc57e-778d-43bc-8f90-da45252247d0 req-a52cc57e-778d-43bc-8f90-da45252247d0 ] Request (ServerRescueTestJSON:setUpClass): 200 GET http://10.180.1.21/compute/v2.1/servers/18dd6d72-621f-4ba9-b3a9-994d5f9726fb 0.273s
2025-04-04 07:36:23.286 70070 INFO tempest.lib.common.rest_client [req-a7c9abbc-a38b-4b8a-847e-d0257f88b8e3 req-a7c9abbc-a38b-4b8a-847e-d0257f88b8e3 ] Request (SecurityGroupsNegativeTestJSON:setUpClass): 201 POST http://10.180.1.21/identity/v3/auth/tokens 0.102s
2025-04-04 07:36:23.319 70112 INFO tempest.lib.common.rest_client [req-2852e034-f54f-4ee6-bc9e-860d681bc1cf req-2852e034-f54f-4ee6-bc9e-860d681bc1cf ] Request (DeleteServersAdminTestJSON:test_delete_server_while_in_error_state): 200 GET http://10.180.1.21/compute/v2.1/servers/c36cc33d-1a3f-4a88-9451-452086c06456 0.247s
2025-04-04 07:36:23.355 70088 INFO tempest.lib.common.rest_client [req-62600d87-e74d-4f42-b83d-f22345cb7c94 req-62600d87-e74d-4f42-b83d-f22345cb7c94 ] Request (ServersAdminNegativeTestJSON:tearDownClass): 200 GET http://10.180.1.21/compute/v2.1/servers/26a807ba-3039-415b-aa30-2e554cad4d3d 0.261s
2025-04-04 07:36:23.400 70058 INFO tempest.lib.common.rest_client [req-0d1d4fc0-390f-4e7b-8c47-d5c810938adb req-0d1d4fc0-390f-4e7b-8c47-d5c810938adb ] Request (ListImageFiltersTestJSON:setUpClass): 200 GET http://10.180.1.21/compute/v2.1/images/78c94db4-af69-442d-a34d-b1cf8e9ef2d4 0.207s
2025-04-04 07:36:23.420 70114 INFO tempest.lib.common.rest_client [req-06ea406a-72c9-4e8e-8eee-08ed4afe657e req-06ea406a-72c9-4e8e-8eee-08ed4afe657e ] Request (AttachInterfacesUnderV243Test:test_add_remove_fixed_ip): 200 GET http://10.180.1.21/compute/v2.1/servers/0254e970-0c97-4c98-bdb0-c8dc36ea77ce 0.264s
2025-04-04 07:36:23.427 70114 INFO tempest.common.waiters [-] State transition "BUILD/networking" ==> "BUILD/spawning" after 91 second wait
2025-04-04 07:36:23.457 70080 INFO tempest.lib.common.rest_client [req-4422d379-f55b-4c79-b010-8ae349758910 req-4422d379-f55b-4c79-b010-8ae349758910 ] Request (MigrationsAdminTest:test_resize_server_revert_deleted_flavor): 200 GET http://10.180.1.21/compute/v2.1/servers/f289fdaf-4399-44ab-95d8-3129ea198de1 0.228s
2025-04-04 07:36:23.479 70118 INFO tempest.lib.common.rest_client [req-abf5dfc5-0542-4237-b170-34b127c941a2 req-abf5dfc5-0542-4237-b170-34b127c941a2 ] Request (ServersNegativeTestMultiTenantJSON:setUpClass): 200 GET http://10.180.1.21/compute/v2.1/servers/1e0d4567-148e-480c-9032-9a78fa3aa0ff 0.223s
2025-04-04 07:36:23.539 70062 INFO tempest.lib.common.rest_client [req-675f895a-f95c-4546-bf1b-ff2b2cbbe069 req-675f895a-f95c-4546-bf1b-ff2b2cbbe069 ] Request (VolumesAssistedSnapshotsTest:tearDownClass): 200 GET http://10.180.1.21/compute/v2.1/servers/e36e4f56-361c-4db8-bcf0-6a25e9aef855 0.205s
2025-04-04 07:36:23.549 70070 INFO tempest.lib.common.rest_client [req-37a64f76-6290-419b-b201-f96d0975ffb2 req-37a64f76-6290-419b-b201-f96d0975ffb2 ] Request (SecurityGroupsNegativeTestJSON:test_delete_nonexistent_security_group): 404 DELETE http://10.180.1.21/compute/v2.1/os-security-groups/a5425be8-8ba4-46a3-9124-765cad9d0a55 0.262s
2025-04-04 07:36:23.605 70091 INFO tempest.lib.common.rest_client [req-6e78ce52-60ce-4e91-b5ae-7e43ec408138 req-6e78ce52-60ce-4e91-b5ae-7e43ec408138 ] Request (ImagesTestJSON:test_create_image_from_suspended_server): 200 GET http://10.180.1.21/compute/v2.1/servers/dc7cb6fa-5635-49c1-bed1-bd78457025ed 0.209s
2025-04-04 07:36:23.671 70072 INFO tempest.lib.common.rest_client [req-f6c3c7fc-02c3-4a5d-9965-c46286d49b49 req-f6c3c7fc-02c3-4a5d-9965-c46286d49b49 ] Request (ServersListShow2100Test:test_list_show_rebuild_update_server_2100): 200 GET http://10.180.1.21/compute/v2.1/servers/c0297808-c5d6-4786-b514-20c599a4c597 0.209s
2025-04-04 07:36:23.679 70074 INFO tempest.lib.common.rest_client [req-eb49dd92-779c-4a11-8929-50c5f19ab286 req-eb49dd92-779c-4a11-8929-50c5f19ab286 ] Request (ListServerFiltersTestJSON:test_list_servers_filter_by_shutoff_status): 200 GET http://10.180.1.21/compute/v2.1/servers/cf2a57af-8712-481b-bfe9-5629113843d1 0.307s
2025-04-04 07:36:23.722 70082 INFO tempest.lib.common.rest_client [req-ea1cd3ac-7128-4453-ad18-ab7e027d2b50 req-ea1cd3ac-7128-4453-ad18-ab7e027d2b50 ] Request (ServersAdminTestJSON:test_create_server_with_scheduling_hint): 200 GET http://10.180.1.21/compute/v2.1/servers/5eaf2cff-a8a4-4b4e-9007-738d17538deb 0.257s
2025-04-04 07:36:23.730 70070 INFO tempest.lib.common.rest_client [req-a058ab5b-cc8c-479b-ba51-41d71005c65e req-a058ab5b-cc8c-479b-ba51-41d71005c65e ] Request (SecurityGroupsNegativeTestJSON:test_delete_security_group_without_passing_id): 404 DELETE http://10.180.1.21/compute/v2.1/os-security-groups/ 0.180s
2025-04-04 07:36:23.738 70068 INFO tempest.lib.common.rest_client [req-1ac71ec6-e10c-4297-92f0-60a0cd62779a req-1ac71ec6-e10c-4297-92f0-60a0cd62779a ] Request (DeleteServersTestJSON:test_delete_server_while_in_attached_volume): 200 GET http://10.180.1.21/compute/v2.1/servers/b3b5f246-6440-4bb5-9285-6171fb1ea965 0.198s
2025-04-04 07:36:23.860 70086 INFO tempest.lib.common.rest_client [req-74f73291-e0c2-44f6-87dc-86257a611c8c req-74f73291-e0c2-44f6-87dc-86257a611c8c ] Request (ServersTestFqdnHostnames:tearDownClass): 200 GET http://10.180.1.21/compute/v2.1/servers/36e915c8-e43c-425a-8c47-643372176a16 0.180s
2025-04-04 07:36:23.867 70094 INFO tempest.lib.common.rest_client [req-363768a5-88d9-4322-a0a6-4f2bf6858f41 req-363768a5-88d9-4322-a0a6-4f2bf6858f41 ] Request (ServersWithFlavorSwapResizeTest:test_flavor_swap_0_to_1024): 200 GET http://10.180.1.21/compute/v2.1/servers/f1b8f182-2520-4ff2-9b83-044cc12c084e 0.163s
2025-04-04 07:36:23.940 70084 INFO tempest.lib.common.rest_client [req-04b23e65-b219-4869-b22f-ab357817f5ae req-04b23e65-b219-4869-b22f-ab357817f5ae ] Request (ServerAddressesNegativeTestJSON:setUpClass): 200 GET http://10.180.1.21/compute/v2.1/servers/7ecd7ac5-c934-42c0-80d3-684a4e5544bd 0.170s
2025-04-04 07:36:23.980 70070 INFO tempest.lib.common.rest_client [req-f492bfb6-9791-4a84-a75c-42038cdec462 req-f492bfb6-9791-4a84-a75c-42038cdec462 ] Request (SecurityGroupsNegativeTestJSON:test_delete_the_default_security_group): 200 GET http://10.180.1.21/compute/v2.1/os-security-groups 0.247s
2025-04-04 07:36:24.008 70078 INFO tempest.lib.common.rest_client [req-bc8bd8f1-df61-45ba-a566-b9cfbc6d5deb req-bc8bd8f1-df61-45ba-a566-b9cfbc6d5deb ] Request (MultipleCreateTestJSON:test_multiple_create): 200 GET http://10.180.1.21/compute/v2.1/servers/f0e74a22-8d6c-44fc-808d-af887e716e59 0.154s
2025-04-04 07:36:24.086 70104 INFO tempest.lib.common.rest_client [req-fbcb17c6-17c6-4c3b-9ec3-efe665f3c14d req-fbcb17c6-17c6-4c3b-9ec3-efe665f3c14d ] Request (FloatingIPsAssociationTestJSON:test_associate_already_associated_floating_ip): 200 GET http://10.180.1.21/compute/v2.1/servers/8ee75dc6-1c52-468f-a10b-56027a5bfc33 0.154s
2025-04-04 07:36:24.156 70108 INFO tempest.lib.common.rest_client [req-ad0bf895-fe5b-4053-a08d-8a98262793eb req-ad0bf895-fe5b-4053-a08d-8a98262793eb ] Request (ServerPasswordTestJSON:setUpClass): 200 GET http://10.180.1.21/compute/v2.1/servers/4c977f3c-c8ee-44c7-b4e3-0d86696cb783 0.179s
2025-04-04 07:36:24.169 70066 INFO tempest.lib.common.rest_client [req-8dbe4267-22f5-4509-ac12-7d1076d1cc68 req-8dbe4267-22f5-4509-ac12-7d1076d1cc68 ] Request (ServerExternalEventsTest:test_create_server_external_events): 200 GET http://10.180.1.21/compute/v2.1/servers/ea758cd1-d95b-45b6-91ac-9169cbb7794f 0.275s
2025-04-04 07:36:24.182 70066 INFO tempest.common.waiters [-] State transition "BUILD/spawning" ==> "ACTIVE/None" after 108 second wait
2025-04-04 07:36:24.244 70056 INFO tempest.lib.common.rest_client [req-fdf07e06-d216-4459-893b-516ffe0c9c25 req-fdf07e06-d216-4459-893b-516ffe0c9c25 ] Request (ServersWithSpecificFlavorTestJSON:test_verify_created_server_ephemeral_disk): 200 GET http://10.180.1.21/compute/v2.1/servers/25f0d588-ce2e-4896-976f-91d67482447d 0.200s
2025-04-04 07:36:24.266 70070 INFO tempest.lib.common.rest_client [req-5d2a05ad-1a91-496c-9f27-a128ba38eb2a req-5d2a05ad-1a91-496c-9f27-a128ba38eb2a ] Request (SecurityGroupsNegativeTestJSON:test_delete_the_default_security_group): 400 DELETE http://10.180.1.21/compute/v2.1/os-security-groups/ce2ffe31-af59-4df8-9968-a8e758f2dc2c 0.282s
2025-04-04 07:36:24.311 70098 INFO tempest.lib.common.rest_client [req-108b9fdb-cbb2-4acd-957f-577ae985b2aa req-108b9fdb-cbb2-4acd-957f-577ae985b2aa ] Request (ServersTestJSON:tearDownClass): 200 GET http://10.180.1.21/compute/v2.1/servers/2a8dece2-833a-4aaa-aa12-6d167c68548d 0.230s
2025-04-04 07:36:24.330 70060 INFO tempest.lib.common.rest_client [req-7cade293-97f0-4cc6-aadc-c167bd110d62 req-7cade293-97f0-4cc6-aadc-c167bd110d62 ] Request (AttachInterfacesV270Test:test_create_get_list_interfaces): 200 GET http://10.180.1.21/compute/v2.1/servers/a3292a47-15c1-4d1c-b822-8a79271dcacc 0.190s
2025-04-04 07:36:24.403 70110 INFO tempest.lib.common.rest_client [req-d830d0f4-8196-45e8-b0b5-ad1c9257ed8a req-d830d0f4-8196-45e8-b0b5-ad1c9257ed8a ] Request (ServerAddressesTestJSON:tearDownClass): 200 GET http://10.180.1.21/compute/v2.1/servers/eae4fc1d-13ea-4e22-b607-c6fb0472d791 0.206s
2025-04-04 07:36:24.425 70066 INFO tempest.lib.common.rest_client [req-fd678fb0-d69c-490c-893f-c488aefcf97f req-fd678fb0-d69c-490c-893f-c488aefcf97f ] Request (ServerExternalEventsTest:test_create_server_external_events): 200 POST http://10.180.1.21/compute/v2.1/os-server-external-events 0.241s
2025-04-04 07:36:24.495 70102 INFO tempest.lib.common.rest_client [req-e133a4e4-d97d-478b-a0de-70e530e2cade req-e133a4e4-d97d-478b-a0de-70e530e2cade ] Request (ServerShowV247Test:test_update_rebuild_list_server): 200 GET http://10.180.1.21/compute/v2.1/servers/83e88e62-1313-4b9f-94de-857c4f379379 0.234s
2025-04-04 07:36:24.517 70070 INFO tempest.lib.common.rest_client [req-32b95627-1e19-4e07-8151-f3c9a1653984 req-32b95627-1e19-4e07-8151-f3c9a1653984 ] Request (SecurityGroupsNegativeTestJSON:test_security_group_get_nonexistent_group): 404 GET http://10.180.1.21/compute/v2.1/os-security-groups/a5f00a29-c7a4-4923-91d0-35be8cbd62c4 0.245s
2025-04-04 07:36:24.577 70064 INFO tempest.lib.common.rest_client [req-27c6085e-5f38-4770-b50c-f02bf22f7b31 req-27c6085e-5f38-4770-b50c-f02bf22f7b31 ] Request (SecurityGroupsTestJSON:test_server_security_groups): 200 GET http://10.180.1.21/compute/v2.1/servers/7da0d7f3-4091-44e0-9d21-d6e09e78603e 0.349s
2025-04-04 07:36:24.585 70116 INFO tempest.lib.common.rest_client [req-8c76bce2-c0e0-44c9-98c4-0969cd8583d6 req-8c76bce2-c0e0-44c9-98c4-0969cd8583d6 ] Request (ServerRescueTestJSON:setUpClass): 200 GET http://10.180.1.21/compute/v2.1/servers/18dd6d72-621f-4ba9-b3a9-994d5f9726fb 0.291s
2025-04-04 07:36:24.636 70112 INFO tempest.lib.common.rest_client [req-afdfd421-f24d-46bf-ae32-b389df94279e req-afdfd421-f24d-46bf-ae32-b389df94279e ] Request (DeleteServersAdminTestJSON:test_delete_server_while_in_error_state): 200 GET http://10.180.1.21/compute/v2.1/servers/c36cc33d-1a3f-4a88-9451-452086c06456 0.308s
2025-04-04 07:36:24.671 70088 INFO tempest.lib.common.rest_client [req-f0998120-64b1-4b0b-ab8f-b986af6391ca req-f0998120-64b1-4b0b-ab8f-b986af6391ca ] Request (ServersAdminNegativeTestJSON:tearDownClass): 200 GET http://10.180.1.21/compute/v2.1/servers/26a807ba-3039-415b-aa30-2e554cad4d3d 0.305s
2025-04-04 07:36:24.676 70058 INFO tempest.lib.common.rest_client [req-17ea9b61-7bf1-47f5-ac45-5422db68f34f req-17ea9b61-7bf1-47f5-ac45-5422db68f34f ] Request (ListImageFiltersTestJSON:setUpClass): 200 GET http://10.180.1.21/compute/v2.1/images/78c94db4-af69-442d-a34d-b1cf8e9ef2d4 0.270s
2025-04-04 07:36:24.740 70076 INFO paramiko.transport [-] Connected (version 2.0, client dropbear_2020.81)
