2025-04-04 07:35:59.847 70112 INFO tempest.lib.common.rest_client [req-d28955ce-a215-4ffd-bbbb-054ad085f5e2 req-d28955ce-a215-4ffd-bbbb-054ad085f5e2 ] Request (DeleteServersAdminTestJSON:test_delete_server_while_in_error_state): 200 GET http://10.180.1.21/compute/v2.1/servers/c36cc33d-1a3f-4a88-9451-452086c06456 0.057s
2025-04-04 07:36:00.129 70084 INFO tempest.lib.common.rest_client [req-e9cd6d47-4300-4116-81d3-528525872468 req-e9cd6d47-4300-4116-81d3-528525872468 ] Request (ServerAddressesNegativeTestJSON:setUpClass): 201 POST http://10.180.1.21:9696/networking/v2.0/routers 0.969s
2025-04-04 07:36:00.147 70114 INFO tempest.lib.common.rest_client [req-893b1533-ea22-45ad-9445-da7fc7942113 req-893b1533-ea22-45ad-9445-da7fc7942113 ] Request (AttachInterfacesUnderV243Test:test_add_remove_fixed_ip): 200 GET http://10.180.1.21/compute/v2.1/servers/0254e970-0c97-4c98-bdb0-c8dc36ea77ce 0.053s
2025-04-04 07:36:00.187 70080 INFO tempest.lib.common.rest_client [req-22b1f943-bd69-4497-8c63-0d039a3ab5d8 req-22b1f943-bd69-4497-8c63-0d039a3ab5d8 ] Request (MigrationsAdminTest:test_resize_server_revert_deleted_flavor): 200 GET http://10.180.1.21/compute/v2.1/servers/f289fdaf-4399-44ab-95d8-3129ea198de1 0.063s
2025-04-04 07:36:00.246 70118 INFO tempest.lib.common.rest_client [req-b96d92e0-73d1-4171-b7ff-e67a4a417e44 req-b96d92e0-73d1-4171-b7ff-e67a4a417e44 ] Request (ServersNegativeTestMultiTenantJSON:setUpClass): 200 GET http://10.180.1.21/compute/v2.1/servers/1e0d4567-148e-480c-9032-9a78fa3aa0ff 0.059s
2025-04-04 07:36:00.291 70072 INFO tempest.lib.common.rest_client [req-fa99909b-91ae-425a-8584-d29629d6da61 req-fa99909b-91ae-425a-8584-d29629d6da61 ] Request (ServersListShow2100Test:test_list_show_rebuild_update_server_2100): 200 GET http://10.180.1.21/compute/v2.1/servers/c0297808-c5d6-4786-b514-20c599a4c597 0.076s
2025-04-04 07:36:00.305 70066 INFO tempest.lib.common.rest_client [req-706170e8-33f5-4d9e-8fd5-c10c4b12b836 req-706170e8-33f5-4d9e-8fd5-c10c4b12b836 ] Request (ServerExternalEventsTest:test_create_server_external_events): 200 GET http://10.180.1.21/compute/v2.1/servers/ea758cd1-d95b-45b6-91ac-9169cbb7794f 0.067s
2025-04-04 07:36:00.351 70058 INFO tempest.lib.common.rest_client [req-988c617b-5786-4820-aed4-623cf352243b req-988c617b-5786-4820-aed4-623cf352243b ] Request (ListImageFiltersTestJSON:setUpClass): 200 GET http://10.180.1.21/compute/v2.1/servers/fe6ce16f-ada2-4588-aca5-00de3ce94c08 0.095s
2025-04-04 07:36:00.369 70091 INFO tempest.lib.common.rest_client [req-272e0e10-ba49-4b67-8cc8-bafdc0e38390 req-272e0e10-ba49-4b67-8cc8-bafdc0e38390 ] Request (ImagesTestJSON:test_create_image_from_suspended_server): 200 GET http://10.180.1.21/compute/v2.1/servers/dc7cb6fa-5635-49c1-bed1-bd78457025ed 0.071s
2025-04-04 07:36:00.411 70104 INFO tempest.lib.common.rest_client [req-56002c21-f178-40a6-8bfb-6aa40bd4a63f req-56002c21-f178-40a6-8bfb-6aa40bd4a63f ] Request (FloatingIPsAssociationTestJSON:test_associate_already_associated_floating_ip): 200 GET http://10.180.1.21/compute/v2.1/servers/8ee75dc6-1c52-468f-a10b-56027a5bfc33 0.099s
2025-04-04 07:36:00.432 70068 INFO tempest.lib.common.rest_client [req-c68c2e6b-314c-4c2a-977f-74bf831783e4 req-c68c2e6b-314c-4c2a-977f-74bf831783e4 ] Request (DeleteServersTestJSON:test_delete_active_server): 200 GET http://10.180.1.21/compute/v2.1/servers/bbb6ea42-4b20-4dd1-9bd6-69efcd4ed735 0.072s
2025-04-04 07:36:00.475 70088 INFO tempest.lib.common.rest_client [req-d6978326-9cb8-48c1-8cf6-1b3a73ff1095 req-d6978326-9cb8-48c1-8cf6-1b3a73ff1095 ] Request (ServersAdminNegativeTestJSON:tearDownClass): 200 GET http://10.180.1.21/compute/v2.1/servers/41eccfec-7190-47d3-bc4c-24a37f8f0be8 0.096s
2025-04-04 07:36:00.495 70082 INFO tempest.lib.common.rest_client [req-53efb208-e253-4f1a-8cb1-68249dbd447e req-53efb208-e253-4f1a-8cb1-68249dbd447e ] Request (ServersAdminTestJSON:test_create_server_with_scheduling_hint): 200 GET http://10.180.1.21/compute/v2.1/servers/5eaf2cff-a8a4-4b4e-9007-738d17538deb 0.063s
2025-04-04 07:36:00.520 70064 INFO tempest.lib.common.rest_client [req-f916b3db-dbe0-46b0-93d9-d8c544e27b5b req-f916b3db-dbe0-46b0-93d9-d8c544e27b5b ] Request (SecurityGroupsTestJSON:test_server_security_groups): 200 GET http://10.180.1.21/compute/v2.1/servers/7da0d7f3-4091-44e0-9d21-d6e09e78603e 0.084s
2025-04-04 07:36:00.549 70078 INFO tempest.lib.common.rest_client [req-b8899754-b486-4488-a32d-98e064c490e8 req-b8899754-b486-4488-a32d-98e064c490e8 ] Request (MultipleCreateTestJSON:test_multiple_create): 200 GET http://10.180.1.21/compute/v2.1/servers/f0e74a22-8d6c-44fc-808d-af887e716e59 0.061s
2025-04-04 07:36:00.577 70110 INFO tempest.lib.common.rest_client [req-50fb96fd-040c-4ca5-9316-b2dc0d0545ba req-50fb96fd-040c-4ca5-9316-b2dc0d0545ba ] Request (ServerAddressesTestJSON:tearDownClass): 200 GET http://10.180.1.21/compute/v2.1/servers/eae4fc1d-13ea-4e22-b607-c6fb0472d791 0.068s
2025-04-04 07:36:00.622 70056 INFO tempest.lib.common.rest_client [req-0249a6c8-9549-478b-ad9b-b15422916e6a req-0249a6c8-9549-478b-ad9b-b15422916e6a ] Request (ServersWithSpecificFlavorTestJSON:test_verify_created_server_ephemeral_disk): 200 GET http://10.180.1.21/compute/v2.1/servers/25f0d588-ce2e-4896-976f-91d67482447d 0.063s
2025-04-04 07:36:00.653 70108 INFO tempest.lib.common.rest_client [req-619aaabf-3eea-44cb-8732-2d36f42088ee req-619aaabf-3eea-44cb-8732-2d36f42088ee ] Request (ServerPasswordTestJSON:setUpClass): 200 GET http://10.180.1.21/compute/v2.1/servers/4c977f3c-c8ee-44c7-b4e3-0d86696cb783 0.049s
2025-04-04 07:36:00.732 70060 INFO tempest.lib.common.rest_client [req-15beff3d-2434-4075-a3de-d5ffc5bd0da4 req-15beff3d-2434-4075-a3de-d5ffc5bd0da4 ] Request (AttachInterfacesV270Test:test_create_get_list_interfaces): 200 GET http://10.180.1.21/compute/v2.1/servers/a3292a47-15c1-4d1c-b822-8a79271dcacc 0.053s
2025-04-04 07:36:00.799 70062 INFO tempest.lib.common.rest_client [req-b46e41cd-efe4-4c27-b543-99bcf5b1f96a req-b46e41cd-efe4-4c27-b543-99bcf5b1f96a ] Request (VolumesAssistedSnapshotsTest:test_volume_assisted_snapshot_create_delete): 200 GET http://10.180.1.21/volume/v3/volumes/afa88d92-dbeb-45ea-9cc4-a46280ce82c8 0.037s
2025-04-04 07:36:00.815 70102 INFO tempest.lib.common.rest_client [req-c440d67f-a814-489c-95c6-727aa463e054 req-c440d67f-a814-489c-95c6-727aa463e054 ] Request (ServerShowV247Test:test_update_rebuild_list_server): 200 GET http://10.180.1.21/compute/v2.1/servers/83e88e62-1313-4b9f-94de-857c4f379379 0.073s
2025-04-04 07:36:00.822 70094 INFO tempest.lib.common.rest_client [req-acbaf54c-2bd9-475a-9405-bde00023f77c req-acbaf54c-2bd9-475a-9405-bde00023f77c ] Request (ServersWithFlavorSwapResizeTest:test_flavor_swap_0_to_1024): 200 GET http://10.180.1.21/compute/v2.1/servers/f1b8f182-2520-4ff2-9b83-044cc12c084e 0.105s
2025-04-04 07:36:00.874 70116 INFO tempest.lib.common.rest_client [req-7a8c33f5-bcaa-4ae6-9bd7-c8a6e975bcfa req-7a8c33f5-bcaa-4ae6-9bd7-c8a6e975bcfa ] Request (ServerRescueTestJSON:setUpClass): 200 GET http://10.180.1.21/compute/v2.1/servers/18dd6d72-621f-4ba9-b3a9-994d5f9726fb 0.083s
2025-04-04 07:36:00.886 70074 INFO tempest.lib.common.rest_client [req-ec37d4ed-b97b-4dfa-938d-fb645e04d0a5 req-ec37d4ed-b97b-4dfa-938d-fb645e04d0a5 ] Request (ListServerFiltersTestJSON:setUpClass): 200 GET http://10.180.1.21/compute/v2.1/servers/dac01f89-f37f-4fe9-a21b-4a4071002d37 0.116s
2025-04-04 07:36:00.936 70084 INFO tempest.lib.common.rest_client [req-0ca237e1-445a-4530-a439-ee95f66f47c5 req-0ca237e1-445a-4530-a439-ee95f66f47c5 ] Request (ServerAddressesNegativeTestJSON:setUpClass): 200 PUT http://10.180.1.21:9696/networking/v2.0/routers/54564379-2528-4e37-b825-d22b130e5998/add_router_interface 0.806s
2025-04-04 07:36:00.936 70084 INFO tempest.lib.common.dynamic_creds [-] Created isolated network resources for: credentials: Credentials: {'domain_id': 'default', 'domain_name': 'Default', 'username': 'tempest-ServerAddressesNegativeTestJSON-992497393-project-member', 'project_domain_id': 'default', 'project_domain_name': 'Default', 'project_id': '0a2aed4dcf35488ea969273102adc65c', 'project_name': 'tempest-ServerAddressesNegativeTestJSON-992497393', 'tenant_id': '0a2aed4dcf35488ea969273102adc65c', 'tenant_name': 'tempest-ServerAddressesNegativeTestJSON-992497393', 'user_domain_id': 'default', 'user_domain_name': 'Default', 'user_id': '500a7cf4d4f348808a8d465c5d81a1d3', 'system': None}, Network: {'id': 'ef0900fa-157e-4595-8a42-45d7c46a25d8', 'name': 'tempest-ServerAddressesNegativeTestJSON-1531397774-network', 'tenant_id': '0a2aed4dcf35488ea969273102adc65c', 'admin_state_up': True, 'mtu': 8950, 'status': 'ACTIVE', 'subnets': [], 'shared': False, 'project_id': '0a2aed4dcf35488ea969273102adc65c', 'port_security_enabled': True, 'router:external': False, 'provider:network_type': 'vlan', 'provider:physical_network': 'default', 'provider:segmentation_id': 695, 'availability_zone_hints': [], 'availability_zones': [], 'ipv4_address_scope': None, 'ipv6_address_scope': None, 'description': '', 'tags': [], 'created_at': '2025-04-04T07:35:58Z', 'updated_at': '2025-04-04T07:35:58Z', 'revision_number': 1}, Subnet: {'id': '7dfb1c86-198b-46d1-ace5-da16c7f564c4', 'name': 'tempest-ServerAddressesNegativeTestJSON-1531397774-subnet', 'tenant_id': '0a2aed4dcf35488ea969273102adc65c', 'network_id': 'ef0900fa-157e-4595-8a42-45d7c46a25d8', 'ip_version': 4, 'subnetpool_id': None, 'enable_dhcp': True, 'ipv6_ra_mode': None, 'ipv6_address_mode': None, 'gateway_ip': '192.168.128.1', 'cidr': '192.168.128.0/28', 'allocation_pools': [{'start': '192.168.128.2', 'end': '192.168.128.14'}], 'host_routes': [], 'dns_nameservers': [], 'description': '', 'router:external': False, 'service_types': [], 'tags': [], 'created_at': '2025-04-04T07:35:59Z', 'updated_at': '2025-04-04T07:35:59Z', 'revision_number': 0, 'project_id': '0a2aed4dcf35488ea969273102adc65c'}, Router: {'id': '54564379-2528-4e37-b825-d22b130e5998', 'name': 'tempest-ServerAddressesNegativeTestJSON-1531397774-router', 'tenant_id': '0a2aed4dcf35488ea969273102adc65c', 'admin_state_up': True, 'status': 'ACTIVE', 'external_gateway_info': {'network_id': 'd4e08c15-d83d-49ff-a2c2-c2ce400d923f', 'external_fixed_ips': [{'subnet_id': '77c32a36-0952-4d7e-bf30-81eadd5ab466', 'ip_address': '10.180.180.165'}], 'enable_snat': True}, 'description': '', 'availability_zones': [], 'distributed': False, 'ha': False, 'availability_zone_hints': [], 'routes': [], 'flavor_id': None, 'tags': [], 'created_at': '2025-04-04T07:35:59Z', 'updated_at': '2025-04-04T07:35:59Z', 'revision_number': 2, 'project_id': '0a2aed4dcf35488ea969273102adc65c'}
2025-04-04 07:36:00.964 70112 INFO tempest.lib.common.rest_client [req-9f1be4aa-4197-4e46-8a15-b04538de5c50 req-9f1be4aa-4197-4e46-8a15-b04538de5c50 ] Request (DeleteServersAdminTestJSON:test_delete_server_while_in_error_state): 200 GET http://10.180.1.21/compute/v2.1/servers/c36cc33d-1a3f-4a88-9451-452086c06456 0.109s
2025-04-04 07:36:00.967 70070 INFO tempest.lib.common.rest_client [req-6f6c6c0d-5614-4964-a1dc-f11abb22759c req-6f6c6c0d-5614-4964-a1dc-f11abb22759c ] Request (ImagesNegativeTestJSON:test_create_image_from_deleted_server): 200 GET http://10.180.1.21/compute/v2.1/servers/dc4af6ff-bbf1-412c-b089-339ada47e7ec 0.133s
2025-04-04 07:36:00.979 70112 INFO tempest.common.waiters [-] State transition "BUILD/scheduling" ==> "BUILD/None" after 61 second wait
2025-04-04 07:36:01.038 70084 INFO tempest.lib.common.rest_client [req-9ae269df-b141-4ffa-b601-d71ec0d51c81 req-9ae269df-b141-4ffa-b601-d71ec0d51c81 ] Request (ServerAddressesNegativeTestJSON:setUpClass): 201 POST http://10.180.1.21/identity/v3/auth/tokens 0.099s
2025-04-04 07:36:01.073 70084 INFO tempest.lib.common.rest_client [req-144de4b1-81fd-4cfd-ac5c-57a88a9267c8 req-144de4b1-81fd-4cfd-ac5c-57a88a9267c8 ] Request (ServerAddressesNegativeTestJSON:setUpClass): 201 POST http://10.180.1.21/identity/v3/auth/tokens 0.031s
2025-04-04 07:36:01.074 70084 INFO tempest.lib.common.fixed_network [-] (ServerAddressesNegativeTestJSON:setUpClass) Found network {'id': 'ef0900fa-157e-4595-8a42-45d7c46a25d8', 'name': 'tempest-ServerAddressesNegativeTestJSON-1531397774-network', 'tenant_id': '0a2aed4dcf35488ea969273102adc65c', 'admin_state_up': True, 'mtu': 8950, 'status': 'ACTIVE', 'subnets': [], 'shared': False, 'project_id': '0a2aed4dcf35488ea969273102adc65c', 'port_security_enabled': True, 'router:external': False, 'provider:network_type': 'vlan', 'provider:physical_network': 'default', 'provider:segmentation_id': 695, 'availability_zone_hints': [], 'availability_zones': [], 'ipv4_address_scope': None, 'ipv6_address_scope': None, 'description': '', 'tags': [], 'created_at': '2025-04-04T07:35:58Z', 'updated_at': '2025-04-04T07:35:58Z', 'revision_number': 1} available for tenant
2025-04-04 07:36:01.227 70114 INFO tempest.lib.common.rest_client [req-05b66b14-1942-415d-a035-3a3291cac6a5 req-05b66b14-1942-415d-a035-3a3291cac6a5 ] Request (AttachInterfacesUnderV243Test:test_add_remove_fixed_ip): 200 GET http://10.180.1.21/compute/v2.1/servers/0254e970-0c97-4c98-bdb0-c8dc36ea77ce 0.071s
2025-04-04 07:36:01.280 70080 INFO tempest.lib.common.rest_client [req-6624d7d6-ffc8-4b19-b892-215ae511393d req-6624d7d6-ffc8-4b19-b892-215ae511393d ] Request (MigrationsAdminTest:test_resize_server_revert_deleted_flavor): 200 GET http://10.180.1.21/compute/v2.1/servers/f289fdaf-4399-44ab-95d8-3129ea198de1 0.083s
2025-04-04 07:36:01.349 70118 INFO tempest.lib.common.rest_client [req-62a5a9eb-32c8-4a66-adb0-eebe4af4d565 req-62a5a9eb-32c8-4a66-adb0-eebe4af4d565 ] Request (ServersNegativeTestMultiTenantJSON:setUpClass): 200 GET http://10.180.1.21/compute/v2.1/servers/1e0d4567-148e-480c-9032-9a78fa3aa0ff 0.095s
2025-04-04 07:36:01.408 70072 INFO tempest.lib.common.rest_client [req-4e878e04-42a7-4478-b87c-8f14be272a9f req-4e878e04-42a7-4478-b87c-8f14be272a9f ] Request (ServersListShow2100Test:test_list_show_rebuild_update_server_2100): 200 GET http://10.180.1.21/compute/v2.1/servers/c0297808-c5d6-4786-b514-20c599a4c597 0.100s
2025-04-04 07:36:01.453 70084 INFO tempest.lib.common.rest_client [req-1e2d04c9-f0e9-4a88-890c-a7d687863429 req-1e2d04c9-f0e9-4a88-890c-a7d687863429 ] Request (ServerAddressesNegativeTestJSON:setUpClass): 202 POST http://10.180.1.21/compute/v2.1/servers 0.378s
2025-04-04 07:36:01.460 70066 INFO tempest.lib.common.rest_client [req-e14ad7b8-0130-4365-ad73-f50a4552e4ad req-e14ad7b8-0130-4365-ad73-f50a4552e4ad ] Request (ServerExternalEventsTest:test_create_server_external_events): 200 GET http://10.180.1.21/compute/v2.1/servers/ea758cd1-d95b-45b6-91ac-9169cbb7794f 0.143s
2025-04-04 07:36:01.517 70058 INFO tempest.lib.common.rest_client [req-058aa556-40bd-418e-a241-a84b2e55c0b8 req-058aa556-40bd-418e-a241-a84b2e55c0b8 ] Request (ListImageFiltersTestJSON:setUpClass): 200 GET http://10.180.1.21/compute/v2.1/servers/fe6ce16f-ada2-4588-aca5-00de3ce94c08 0.157s
2025-04-04 07:36:01.523 70091 INFO tempest.lib.common.rest_client [req-2c735977-51f7-49d5-8106-ece7e3b223ce req-2c735977-51f7-49d5-8106-ece7e3b223ce ] Request (ImagesTestJSON:test_create_image_from_suspended_server): 200 GET http://10.180.1.21/compute/v2.1/servers/dc7cb6fa-5635-49c1-bed1-bd78457025ed 0.142s
2025-04-04 07:36:01.571 70104 INFO tempest.lib.common.rest_client [req-bbf514ad-dbc7-46d3-b603-3978e4419db6 req-bbf514ad-dbc7-46d3-b603-3978e4419db6 ] Request (FloatingIPsAssociationTestJSON:test_associate_already_associated_floating_ip): 200 GET http://10.180.1.21/compute/v2.1/servers/8ee75dc6-1c52-468f-a10b-56027a5bfc33 0.146s
2025-04-04 07:36:01.590 70068 INFO tempest.lib.common.rest_client [req-a3b0a9e4-18d6-476c-8f84-65b37b7afb71 req-a3b0a9e4-18d6-476c-8f84-65b37b7afb71 ] Request (DeleteServersTestJSON:test_delete_active_server): 200 GET http://10.180.1.21/compute/v2.1/servers/bbb6ea42-4b20-4dd1-9bd6-69efcd4ed735 0.145s
2025-04-04 07:36:01.612 70084 INFO tempest.lib.common.rest_client [req-4ed1bdbb-7857-47f3-8352-48a435fbd73d req-4ed1bdbb-7857-47f3-8352-48a435fbd73d ] Request (ServerAddressesNegativeTestJSON:setUpClass): 200 GET http://10.180.1.21/compute/v2.1/servers/7ecd7ac5-c934-42c0-80d3-684a4e5544bd 0.158s
2025-04-04 07:36:01.664 70088 INFO tempest.lib.common.rest_client [req-5e7ca7fe-d1b1-44a4-a693-38a71e7a511d req-5e7ca7fe-d1b1-44a4-a693-38a71e7a511d ] Request (ServersAdminNegativeTestJSON:tearDownClass): 200 GET http://10.180.1.21/compute/v2.1/servers/41eccfec-7190-47d3-bc4c-24a37f8f0be8 0.180s
2025-04-04 07:36:01.675 70082 INFO tempest.lib.common.rest_client [req-eec8d822-94e1-41a0-84a9-8368092d1427 req-eec8d822-94e1-41a0-84a9-8368092d1427 ] Request (ServersAdminTestJSON:test_create_server_with_scheduling_hint): 200 GET http://10.180.1.21/compute/v2.1/servers/5eaf2cff-a8a4-4b4e-9007-738d17538deb 0.172s
2025-04-04 07:36:01.746 70064 INFO tempest.lib.common.rest_client [req-1ddc644f-6045-482d-b56d-0594f28ec935 req-1ddc644f-6045-482d-b56d-0594f28ec935 ] Request (SecurityGroupsTestJSON:test_server_security_groups): 200 GET http://10.180.1.21/compute/v2.1/servers/7da0d7f3-4091-44e0-9d21-d6e09e78603e 0.216s
2025-04-04 07:36:01.751 70078 INFO tempest.lib.common.rest_client [req-334820d8-7dd7-4f42-9f87-06db7f141e07 req-334820d8-7dd7-4f42-9f87-06db7f141e07 ] Request (MultipleCreateTestJSON:test_multiple_create): 200 GET http://10.180.1.21/compute/v2.1/servers/f0e74a22-8d6c-44fc-808d-af887e716e59 0.191s
2025-04-04 07:36:01.801 70056 INFO tempest.lib.common.rest_client [req-3470e6af-0e87-431e-8012-7d3eae63d888 req-3470e6af-0e87-431e-8012-7d3eae63d888 ] Request (ServersWithSpecificFlavorTestJSON:test_verify_created_server_ephemeral_disk): 200 GET http://10.180.1.21/compute/v2.1/servers/25f0d588-ce2e-4896-976f-91d67482447d 0.169s
2025-04-04 07:36:01.812 70110 INFO tempest.lib.common.rest_client [req-6148b173-1f2b-4272-93e2-6cb83d924cd8 req-6148b173-1f2b-4272-93e2-6cb83d924cd8 ] Request (ServerAddressesTestJSON:tearDownClass): 200 GET http://10.180.1.21/compute/v2.1/servers/eae4fc1d-13ea-4e22-b607-c6fb0472d791 0.223s
2025-04-04 07:36:01.844 70062 INFO tempest.lib.common.rest_client [req-f86d9e60-c249-4343-9b3b-911af245cf46 req-f86d9e60-c249-4343-9b3b-911af245cf46 ] Request (VolumesAssistedSnapshotsTest:test_volume_assisted_snapshot_create_delete): 200 GET http://10.180.1.21/volume/v3/volumes/afa88d92-dbeb-45ea-9cc4-a46280ce82c8 0.034s
2025-04-04 07:36:01.850 70062 INFO tempest.common.waiters [-] Attachment ca094eb2-e4c1-4496-b080-b720e1f89186 created for volume afa88d92-dbeb-45ea-9cc4-a46280ce82c8 to server e36e4f56-361c-4db8-bcf0-6a25e9aef855 after waiting for 7.850961 seconds
2025-04-04 07:36:01.868 70108 INFO tempest.lib.common.rest_client [req-8bb0480e-a1d4-41a8-91b4-70ac2b1e4cba req-8bb0480e-a1d4-41a8-91b4-70ac2b1e4cba ] Request (ServerPasswordTestJSON:setUpClass): 200 GET http://10.180.1.21/compute/v2.1/servers/4c977f3c-c8ee-44c7-b4e3-0d86696cb783 0.206s
2025-04-04 07:36:01.878 70060 INFO tempest.lib.common.rest_client [req-2f9e7c66-8c52-41c7-8972-a70f2213cfdb req-2f9e7c66-8c52-41c7-8972-a70f2213cfdb ] Request (AttachInterfacesV270Test:test_create_get_list_interfaces): 200 GET http://10.180.1.21/compute/v2.1/servers/a3292a47-15c1-4d1c-b822-8a79271dcacc 0.135s
2025-04-04 07:36:01.893 70062 INFO tempest.lib.common.rest_client [req-32ebca72-0292-4bb0-b12a-855d93ab3612 req-32ebca72-0292-4bb0-b12a-855d93ab3612 ] Request (VolumesAssistedSnapshotsTest:test_volume_assisted_snapshot_create_delete): 200 GET http://10.180.1.21/volume/v3/volumes/afa88d92-dbeb-45ea-9cc4-a46280ce82c8 0.042s
2025-04-04 07:36:01.899 70062 INFO tempest.common.waiters [-] volume afa88d92-dbeb-45ea-9cc4-a46280ce82c8 reached in-use after waiting for 0.899899 seconds
2025-04-04 07:36:01.928 70102 INFO tempest.lib.common.rest_client [req-1581bb2d-e328-4e32-8b69-9c0903a987a7 req-1581bb2d-e328-4e32-8b69-9c0903a987a7 ] Request (ServerShowV247Test:test_update_rebuild_list_server): 200 GET http://10.180.1.21/compute/v2.1/servers/83e88e62-1313-4b9f-94de-857c4f379379 0.096s
2025-04-04 07:36:01.997 70116 INFO tempest.lib.common.rest_client [req-ae98dc6a-ecad-4cb2-9e79-56346158d434 req-ae98dc6a-ecad-4cb2-9e79-56346158d434 ] Request (ServerRescueTestJSON:setUpClass): 200 GET http://10.180.1.21/compute/v2.1/servers/18dd6d72-621f-4ba9-b3a9-994d5f9726fb 0.114s
2025-04-04 07:36:02.005 70094 INFO tempest.lib.common.rest_client [req-03a7ce0b-1572-4c93-adcf-4d065c97e6ff req-03a7ce0b-1572-4c93-adcf-4d065c97e6ff ] Request (ServersWithFlavorSwapResizeTest:test_flavor_swap_0_to_1024): 200 GET http://10.180.1.21/compute/v2.1/servers/f1b8f182-2520-4ff2-9b83-044cc12c084e 0.174s
2025-04-04 07:36:02.058 70074 INFO tempest.lib.common.rest_client [req-0a34b77f-dbd9-466d-914e-3c7bddbb2153 req-0a34b77f-dbd9-466d-914e-3c7bddbb2153 ] Request (ListServerFiltersTestJSON:setUpClass): 200 GET http://10.180.1.21/compute/v2.1/servers/dac01f89-f37f-4fe9-a21b-4a4071002d37 0.164s
2025-04-04 07:36:02.143 70070 INFO tempest.lib.common.rest_client [req-da233ca0-f10a-4879-94c9-e20125d12f13 req-da233ca0-f10a-4879-94c9-e20125d12f13 ] Request (ImagesNegativeTestJSON:test_create_image_from_deleted_server): 200 GET http://10.180.1.21/compute/v2.1/servers/dc4af6ff-bbf1-412c-b089-339ada47e7ec 0.166s
2025-04-04 07:36:02.170 70062 INFO tempest.lib.common.rest_client [req-dd577f5a-109a-41cd-bf50-ed2dcb4c7f52 req-dd577f5a-109a-41cd-bf50-ed2dcb4c7f52 ] Request (VolumesAssistedSnapshotsTest:test_volume_assisted_snapshot_create_delete): 200 POST http://10.180.1.21/compute/v2.1/os-assisted-volume-snapshots 0.270s
2025-04-04 07:36:02.204 70062 INFO tempest.lib.common.rest_client [req-d143012f-6184-4d4b-b509-730a11000d9e req-d143012f-6184-4d4b-b509-730a11000d9e ] Request (VolumesAssistedSnapshotsTest:test_volume_assisted_snapshot_create_delete): 204 DELETE http://10.180.1.21/compute/v2.1/os-assisted-volume-snapshots/None?delete_info=%7B%22volume_id%22%3A+%22afa88d92-dbeb-45ea-9cc4-a46280ce82c8%22%7D 0.033s
2025-04-04 07:36:02.219 70112 INFO tempest.lib.common.rest_client [req-ece91ac6-25a9-4c6a-abba-f8bd865d3753 req-ece91ac6-25a9-4c6a-abba-f8bd865d3753 ] Request (DeleteServersAdminTestJSON:test_delete_server_while_in_error_state): 200 GET http://10.180.1.21/compute/v2.1/servers/c36cc33d-1a3f-4a88-9451-452086c06456 0.238s
2025-04-04 07:36:02.249 70062 INFO tempest.lib.common.rest_client [req-70eb7c2f-8ce4-45fd-9850-1bdc85e21a6e req-70eb7c2f-8ce4-45fd-9850-1bdc85e21a6e ] Request (VolumesAssistedSnapshotsTest:_run_cleanups): 200 GET http://10.180.1.21/volume/v3/volumes/afa88d92-dbeb-45ea-9cc4-a46280ce82c8 0.044s
2025-04-04 07:36:02.302 70114 INFO tempest.lib.common.rest_client [req-c9151c26-5f74-479a-b1ed-a68fc09e8582 req-c9151c26-5f74-479a-b1ed-a68fc09e8582 ] Request (AttachInterfacesUnderV243Test:test_add_remove_fixed_ip): 200 GET http://10.180.1.21/compute/v2.1/servers/0254e970-0c97-4c98-bdb0-c8dc36ea77ce 0.064s
2025-04-04 07:36:02.353 70080 INFO tempest.lib.common.rest_client [req-e6ac09f4-1311-40c8-af4f-25e6bd130a24 req-e6ac09f4-1311-40c8-af4f-25e6bd130a24 ] Request (MigrationsAdminTest:test_resize_server_revert_deleted_flavor): 200 GET http://10.180.1.21/compute/v2.1/servers/f289fdaf-4399-44ab-95d8-3129ea198de1 0.064s
2025-04-04 07:36:02.426 70118 INFO tempest.lib.common.rest_client [req-81649b4e-186b-4551-a102-a8f7479fd99f req-81649b4e-186b-4551-a102-a8f7479fd99f ] Request (ServersNegativeTestMultiTenantJSON:setUpClass): 200 GET http://10.180.1.21/compute/v2.1/servers/1e0d4567-148e-480c-9032-9a78fa3aa0ff 0.066s
2025-04-04 07:36:02.434 70062 INFO tempest.lib.common.rest_client [req-cbbceb7a-d03a-4ba7-b6b6-ce6f48195640 req-cbbceb7a-d03a-4ba7-b6b6-ce6f48195640 ] Request (VolumesAssistedSnapshotsTest:_run_cleanups): 202 DELETE http://10.180.1.21/compute/v2.1/servers/e36e4f56-361c-4db8-bcf0-6a25e9aef855/os-volume_attachments/afa88d92-dbeb-45ea-9cc4-a46280ce82c8 0.178s
2025-04-04 07:36:02.478 70062 INFO tempest.lib.common.rest_client [req-2c9e9784-d0c6-415b-856a-e74818453e63 req-2c9e9784-d0c6-415b-856a-e74818453e63 ] Request (VolumesAssistedSnapshotsTest:_run_cleanups): 200 GET http://10.180.1.21/compute/v2.1/servers/e36e4f56-361c-4db8-bcf0-6a25e9aef855/os-volume_attachments 0.042s
2025-04-04 07:36:02.501 70072 INFO tempest.lib.common.rest_client [req-9f28df9a-4625-47ae-9731-96e72e749b56 req-9f28df9a-4625-47ae-9731-96e72e749b56 ] Request (ServersListShow2100Test:test_list_show_rebuild_update_server_2100): 200 GET http://10.180.1.21/compute/v2.1/servers/c0297808-c5d6-4786-b514-20c599a4c597 0.073s
2025-04-04 07:36:02.526 70066 INFO tempest.lib.common.rest_client [req-eaba4a72-c248-41ec-8e10-67a38806b23b req-eaba4a72-c248-41ec-8e10-67a38806b23b ] Request (ServerExternalEventsTest:test_create_server_external_events): 200 GET http://10.180.1.21/compute/v2.1/servers/ea758cd1-d95b-45b6-91ac-9169cbb7794f 0.054s
2025-04-04 07:36:02.534 70092 WARNING tempest.lib.common.ssh [-] Failed to establish authenticated ssh connection to cirros@10.180.180.135 ([Errno None] Unable to connect to port 22 on 10.180.180.135). Number attempts: 6. Retry after 7 seconds.: paramiko.ssh_exception.NoValidConnectionsError: [Errno None] Unable to connect to port 22 on 10.180.180.135
2025-04-04 07:36:02.582 70058 INFO tempest.lib.common.rest_client [req-99003ffc-a61f-4fe9-b7fb-f8bdd7f81fce req-99003ffc-a61f-4fe9-b7fb-f8bdd7f81fce ] Request (ListImageFiltersTestJSON:setUpClass): 200 GET http://10.180.1.21/compute/v2.1/servers/fe6ce16f-ada2-4588-aca5-00de3ce94c08 0.055s
2025-04-04 07:36:02.593 70091 INFO tempest.lib.common.rest_client [req-038b4e76-42d4-4f49-8a81-3b028b645468 req-038b4e76-42d4-4f49-8a81-3b028b645468 ] Request (ImagesTestJSON:test_create_image_from_suspended_server): 200 GET http://10.180.1.21/compute/v2.1/servers/dc7cb6fa-5635-49c1-bed1-bd78457025ed 0.062s
2025-04-04 07:36:02.639 70104 INFO tempest.lib.common.rest_client [req-7e39b374-0311-4e8d-abea-752f394f006b req-7e39b374-0311-4e8d-abea-752f394f006b ] Request (FloatingIPsAssociationTestJSON:test_associate_already_associated_floating_ip): 200 GET http://10.180.1.21/compute/v2.1/servers/8ee75dc6-1c52-468f-a10b-56027a5bfc33 0.055s
2025-04-04 07:36:02.670 70068 INFO tempest.lib.common.rest_client [req-6bf94f77-28a4-4e39-84c1-5398e6d15223 req-6bf94f77-28a4-4e39-84c1-5398e6d15223 ] Request (DeleteServersTestJSON:test_delete_active_server): 200 GET http://10.180.1.21/compute/v2.1/servers/bbb6ea42-4b20-4dd1-9bd6-69efcd4ed735 0.070s
2025-04-04 07:36:02.701 70084 INFO tempest.lib.common.rest_client [req-72eaa6ef-af9d-498e-b7ef-8aeba24153de req-72eaa6ef-af9d-498e-b7ef-8aeba24153de ] Request (ServerAddressesNegativeTestJSON:setUpClass): 200 GET http://10.180.1.21/compute/v2.1/servers/7ecd7ac5-c934-42c0-80d3-684a4e5544bd 0.081s
2025-04-04 07:36:02.731 70088 INFO tempest.lib.common.rest_client [req-454f86fa-3b66-4f66-83da-e9798c9dff7b req-454f86fa-3b66-4f66-83da-e9798c9dff7b ] Request (ServersAdminNegativeTestJSON:tearDownClass): 200 GET http://10.180.1.21/compute/v2.1/servers/41eccfec-7190-47d3-bc4c-24a37f8f0be8 0.059s
2025-04-04 07:36:02.750 70082 INFO tempest.lib.common.rest_client [req-93dc8884-800f-43fc-9e07-64b2518ae7f7 req-93dc8884-800f-43fc-9e07-64b2518ae7f7 ] Request (ServersAdminTestJSON:test_create_server_with_scheduling_hint): 200 GET http://10.180.1.21/compute/v2.1/servers/5eaf2cff-a8a4-4b4e-9007-738d17538deb 0.064s
2025-04-04 07:36:02.824 70064 INFO tempest.lib.common.rest_client [req-e25d24e9-e4c6-420c-8025-697541fd11d5 req-e25d24e9-e4c6-420c-8025-697541fd11d5 ] Request (SecurityGroupsTestJSON:test_server_security_groups): 200 GET http://10.180.1.21/compute/v2.1/servers/7da0d7f3-4091-44e0-9d21-d6e09e78603e 0.068s
2025-04-04 07:36:02.825 70078 INFO tempest.lib.common.rest_client [req-19fcd1c0-783e-44d8-a897-b74badf5145b req-19fcd1c0-783e-44d8-a897-b74badf5145b ] Request (MultipleCreateTestJSON:test_multiple_create): 200 GET http://10.180.1.21/compute/v2.1/servers/f0e74a22-8d6c-44fc-808d-af887e716e59 0.065s
2025-04-04 07:36:02.840 70098 WARNING tempest.lib.common.ssh [-] Failed to establish authenticated ssh connection to cirros@10.180.180.181 ([Errno None] Unable to connect to port 22 on 10.180.180.181). Number attempts: 6. Retry after 7 seconds.: paramiko.ssh_exception.NoValidConnectionsError: [Errno None] Unable to connect to port 22 on 10.180.180.181
2025-04-04 07:36:02.882 70056 INFO tempest.lib.common.rest_client [req-5b99ce0a-1c7c-45eb-b4eb-ad282facd501 req-5b99ce0a-1c7c-45eb-b4eb-ad282facd501 ] Request (ServersWithSpecificFlavorTestJSON:test_verify_created_server_ephemeral_disk): 200 GET http://10.180.1.21/compute/v2.1/servers/25f0d588-ce2e-4896-976f-91d67482447d 0.073s
2025-04-04 07:36:02.884 70110 INFO tempest.lib.common.rest_client [req-58c1e78f-472b-4378-8609-f1c796c35d64 req-58c1e78f-472b-4378-8609-f1c796c35d64 ] Request (ServerAddressesTestJSON:tearDownClass): 200 GET http://10.180.1.21/compute/v2.1/servers/eae4fc1d-13ea-4e22-b607-c6fb0472d791 0.060s
2025-04-04 07:36:02.933 70108 INFO tempest.lib.common.rest_client [req-0133f8ca-5b64-4130-8927-f2cd0710c695 req-0133f8ca-5b64-4130-8927-f2cd0710c695 ] Request (ServerPasswordTestJSON:setUpClass): 200 GET http://10.180.1.21/compute/v2.1/servers/4c977f3c-c8ee-44c7-b4e3-0d86696cb783 0.057s
2025-04-04 07:36:02.947 70060 INFO tempest.lib.common.rest_client [req-59836397-b679-4483-9901-f0b7f9b9d795 req-59836397-b679-4483-9901-f0b7f9b9d795 ] Request (AttachInterfacesV270Test:test_create_get_list_interfaces): 200 GET http://10.180.1.21/compute/v2.1/servers/a3292a47-15c1-4d1c-b822-8a79271dcacc 0.055s
2025-04-04 07:36:03.005 70102 INFO tempest.lib.common.rest_client [req-15b96412-a1f4-420d-bd0c-1ad272c15b1c req-15b96412-a1f4-420d-bd0c-1ad272c15b1c ] Request (ServerShowV247Test:test_update_rebuild_list_server): 200 GET http://10.180.1.21/compute/v2.1/servers/83e88e62-1313-4b9f-94de-857c4f379379 0.063s
2025-04-04 07:36:03.067 70116 INFO tempest.lib.common.rest_client [req-cc5b6564-8361-457a-be23-61015e399128 req-cc5b6564-8361-457a-be23-61015e399128 ] Request (ServerRescueTestJSON:setUpClass): 200 GET http://10.180.1.21/compute/v2.1/servers/18dd6d72-621f-4ba9-b3a9-994d5f9726fb 0.061s
2025-04-04 07:36:03.122 70094 INFO tempest.lib.common.rest_client [req-01c7d9fd-79b6-439f-89c5-ae14488439b8 req-01c7d9fd-79b6-439f-89c5-ae14488439b8 ] Request (ServersWithFlavorSwapResizeTest:test_flavor_swap_0_to_1024): 200 GET http://10.180.1.21/compute/v2.1/servers/f1b8f182-2520-4ff2-9b83-044cc12c084e 0.109s
2025-04-04 07:36:03.151 70074 INFO tempest.lib.common.rest_client [req-92c250ae-1a2f-4f45-bb31-a11b8cacfa45 req-92c250ae-1a2f-4f45-bb31-a11b8cacfa45 ] Request (ListServerFiltersTestJSON:setUpClass): 200 GET http://10.180.1.21/compute/v2.1/servers/dac01f89-f37f-4fe9-a21b-4a4071002d37 0.081s
2025-04-04 07:36:03.211 70070 INFO tempest.lib.common.rest_client [req-816d9050-04a9-4ed5-bd40-a2b8964912b0 req-816d9050-04a9-4ed5-bd40-a2b8964912b0 ] Request (ImagesNegativeTestJSON:test_create_image_from_deleted_server): 200 GET http://10.180.1.21/compute/v2.1/servers/dc4af6ff-bbf1-412c-b089-339ada47e7ec 0.059s
2025-04-04 07:36:03.283 70112 INFO tempest.lib.common.rest_client [req-feb17de1-dcc3-42e3-9bf2-4c5229e57fce req-feb17de1-dcc3-42e3-9bf2-4c5229e57fce ] Request (DeleteServersAdminTestJSON:test_delete_server_while_in_error_state): 200 GET http://10.180.1.21/compute/v2.1/servers/c36cc33d-1a3f-4a88-9451-452086c06456 0.052s
2025-04-04 07:36:03.360 70114 INFO tempest.lib.common.rest_client [req-7da3e19b-846f-4e69-9c11-490d64d5f155 req-7da3e19b-846f-4e69-9c11-490d64d5f155 ] Request (AttachInterfacesUnderV243Test:test_add_remove_fixed_ip): 200 GET http://10.180.1.21/compute/v2.1/servers/0254e970-0c97-4c98-bdb0-c8dc36ea77ce 0.047s
2025-04-04 07:36:03.407 70080 INFO tempest.lib.common.rest_client [req-00104dc8-b91d-4cf2-a71e-b71619f5ed51 req-00104dc8-b91d-4cf2-a71e-b71619f5ed51 ] Request (MigrationsAdminTest:test_resize_server_revert_deleted_flavor): 200 GET http://10.180.1.21/compute/v2.1/servers/f289fdaf-4399-44ab-95d8-3129ea198de1 0.047s
2025-04-04 07:36:03.497 70118 INFO tempest.lib.common.rest_client [req-70802f73-f8bd-46f2-be87-b63c209ab02d req-70802f73-f8bd-46f2-be87-b63c209ab02d ] Request (ServersNegativeTestMultiTenantJSON:setUpClass): 200 GET http://10.180.1.21/compute/v2.1/servers/1e0d4567-148e-480c-9032-9a78fa3aa0ff 0.061s
2025-04-04 07:36:03.511 70062 INFO tempest.lib.common.rest_client [req-e3edd5b7-e4ab-4d4b-acc0-6287ac6a22d5 req-e3edd5b7-e4ab-4d4b-acc0-6287ac6a22d5 ] Request (VolumesAssistedSnapshotsTest:_run_cleanups): 200 GET http://10.180.1.21/compute/v2.1/servers/e36e4f56-361c-4db8-bcf0-6a25e9aef855/os-volume_attachments 0.030s
2025-04-04 07:36:03.518 70086 WARNING tempest.lib.common.ssh [-] Failed to establish authenticated ssh connection to cirros@10.180.180.175 ([Errno None] Unable to connect to port 22 on 10.180.180.175). Number attempts: 7. Retry after 8 seconds.: paramiko.ssh_exception.NoValidConnectionsError: [Errno None] Unable to connect to port 22 on 10.180.180.175
2025-04-04 07:36:03.590 70072 INFO tempest.lib.common.rest_client [req-1e5229df-0e12-48aa-9e55-37cf7abad9ea req-1e5229df-0e12-48aa-9e55-37cf7abad9ea ] Request (ServersListShow2100Test:test_list_show_rebuild_update_server_2100): 200 GET http://10.180.1.21/compute/v2.1/servers/c0297808-c5d6-4786-b514-20c599a4c597 0.074s
2025-04-04 07:36:03.591 70066 INFO tempest.lib.common.rest_client [req-eda8692d-2a45-4b46-86b4-753ca9737dd4 req-eda8692d-2a45-4b46-86b4-753ca9737dd4 ] Request (ServerExternalEventsTest:test_create_server_external_events): 200 GET http://10.180.1.21/compute/v2.1/servers/ea758cd1-d95b-45b6-91ac-9169cbb7794f 0.056s
2025-04-04 07:36:03.674 70091 INFO tempest.lib.common.rest_client [req-b28ae5ff-fce4-433b-a9a7-0b260e279eb0 req-b28ae5ff-fce4-433b-a9a7-0b260e279eb0 ] Request (ImagesTestJSON:test_create_image_from_suspended_server): 200 GET http://10.180.1.21/compute/v2.1/servers/dc7cb6fa-5635-49c1-bed1-bd78457025ed 0.073s
2025-04-04 07:36:03.675 70058 INFO tempest.lib.common.rest_client [req-ab25060e-6f16-4cf7-b1f7-5a6e1b761654 req-ab25060e-6f16-4cf7-b1f7-5a6e1b761654 ] Request (ListImageFiltersTestJSON:setUpClass): 200 GET http://10.180.1.21/compute/v2.1/servers/fe6ce16f-ada2-4588-aca5-00de3ce94c08 0.083s
2025-04-04 07:36:03.743 70104 INFO tempest.lib.common.rest_client [req-d85f29af-f8d1-44c5-abf4-78ccf47603fa req-d85f29af-f8d1-44c5-abf4-78ccf47603fa ] Request (FloatingIPsAssociationTestJSON:test_associate_already_associated_floating_ip): 200 GET http://10.180.1.21/compute/v2.1/servers/8ee75dc6-1c52-468f-a10b-56027a5bfc33 0.093s
2025-04-04 07:36:03.755 70068 INFO tempest.lib.common.rest_client [req-a2f07805-8755-490d-9120-50cf9c8bdb28 req-a2f07805-8755-490d-9120-50cf9c8bdb28 ] Request (DeleteServersTestJSON:test_delete_active_server): 200 GET http://10.180.1.21/compute/v2.1/servers/bbb6ea42-4b20-4dd1-9bd6-69efcd4ed735 0.076s
2025-04-04 07:36:03.815 70084 INFO tempest.lib.common.rest_client [req-57a610d1-2aef-4109-a487-cd44364f22d8 req-57a610d1-2aef-4109-a487-cd44364f22d8 ] Request (ServerAddressesNegativeTestJSON:setUpClass): 200 GET http://10.180.1.21/compute/v2.1/servers/7ecd7ac5-c934-42c0-80d3-684a4e5544bd 0.105s
2025-04-04 07:36:03.822 70088 INFO tempest.lib.common.rest_client [req-7205a261-b052-4b79-8202-39bf61656207 req-7205a261-b052-4b79-8202-39bf61656207 ] Request (ServersAdminNegativeTestJSON:tearDownClass): 200 GET http://10.180.1.21/compute/v2.1/servers/41eccfec-7190-47d3-bc4c-24a37f8f0be8 0.083s
2025-04-04 07:36:03.879 70082 INFO tempest.lib.common.rest_client [req-1ea74474-6e46-49ed-b4e4-7bf02d1b16a0 req-1ea74474-6e46-49ed-b4e4-7bf02d1b16a0 ] Request (ServersAdminTestJSON:test_create_server_with_scheduling_hint): 200 GET http://10.180.1.21/compute/v2.1/servers/5eaf2cff-a8a4-4b4e-9007-738d17538deb 0.116s
2025-04-04 07:36:03.890 70078 INFO tempest.lib.common.rest_client [req-966fdb42-7f2e-4e3c-bba2-33e67baf2bfb req-966fdb42-7f2e-4e3c-bba2-33e67baf2bfb ] Request (MultipleCreateTestJSON:test_multiple_create): 200 GET http://10.180.1.21/compute/v2.1/servers/f0e74a22-8d6c-44fc-808d-af887e716e59 0.057s
2025-04-04 07:36:03.950 70056 INFO tempest.lib.common.rest_client [req-0c6cb1e3-b570-42d2-9848-442d9561c0cc req-0c6cb1e3-b570-42d2-9848-442d9561c0cc ] Request (ServersWithSpecificFlavorTestJSON:test_verify_created_server_ephemeral_disk): 200 GET http://10.180.1.21/compute/v2.1/servers/25f0d588-ce2e-4896-976f-91d67482447d 0.060s
2025-04-04 07:36:03.953 70064 INFO tempest.lib.common.rest_client [req-78975a43-913a-4370-85dc-bfb8ae7ad0b8 req-78975a43-913a-4370-85dc-bfb8ae7ad0b8 ] Request (SecurityGroupsTestJSON:test_server_security_groups): 200 GET http://10.180.1.21/compute/v2.1/servers/7da0d7f3-4091-44e0-9d21-d6e09e78603e 0.119s
2025-04-04 07:36:04.015 70110 INFO tempest.lib.common.rest_client [req-a820e157-e08d-4780-b48e-a50844fcd96a req-a820e157-e08d-4780-b48e-a50844fcd96a ] Request (ServerAddressesTestJSON:tearDownClass): 200 GET http://10.180.1.21/compute/v2.1/servers/eae4fc1d-13ea-4e22-b607-c6fb0472d791 0.119s
2025-04-04 07:36:04.015 70108 INFO tempest.lib.common.rest_client [req-c08a4c74-e688-4b6f-8a41-61dd423a64a4 req-c08a4c74-e688-4b6f-8a41-61dd423a64a4 ] Request (ServerPasswordTestJSON:setUpClass): 200 GET http://10.180.1.21/compute/v2.1/servers/4c977f3c-c8ee-44c7-b4e3-0d86696cb783 0.074s
2025-04-04 07:36:04.070 70060 INFO tempest.lib.common.rest_client [req-2fe44c8e-fef1-411b-b3fc-84e51817a4c9 req-2fe44c8e-fef1-411b-b3fc-84e51817a4c9 ] Request (AttachInterfacesV270Test:test_create_get_list_interfaces): 200 GET http://10.180.1.21/compute/v2.1/servers/a3292a47-15c1-4d1c-b822-8a79271dcacc 0.107s
2025-04-04 07:36:04.078 70102 INFO tempest.lib.common.rest_client [req-00bbab3e-9eb8-42ac-a526-2a8c63a22588 req-00bbab3e-9eb8-42ac-a526-2a8c63a22588 ] Request (ServerShowV247Test:test_update_rebuild_list_server): 200 GET http://10.180.1.21/compute/v2.1/servers/83e88e62-1313-4b9f-94de-857c4f379379 0.060s
2025-04-04 07:36:04.126 70116 INFO tempest.lib.common.rest_client [req-ed658887-5160-4603-8305-bed3e1419ee7 req-ed658887-5160-4603-8305-bed3e1419ee7 ] Request (ServerRescueTestJSON:setUpClass): 200 GET http://10.180.1.21/compute/v2.1/servers/18dd6d72-621f-4ba9-b3a9-994d5f9726fb 0.047s
2025-04-04 07:36:04.219 70074 INFO tempest.lib.common.rest_client [req-6682039e-0fbb-4846-914a-a8e9a5c3b032 req-6682039e-0fbb-4846-914a-a8e9a5c3b032 ] Request (ListServerFiltersTestJSON:setUpClass): 200 GET http://10.180.1.21/compute/v2.1/servers/dac01f89-f37f-4fe9-a21b-4a4071002d37 0.060s
2025-04-04 07:36:04.229 70074 INFO tempest.common.waiters [-] State transition "BUILD/None" ==> "BUILD/networking" after 89 second wait
2025-04-04 07:36:04.283 70070 INFO tempest.lib.common.rest_client [req-a1dcc84d-0fcc-44e3-b04a-5d23f756b269 req-a1dcc84d-0fcc-44e3-b04a-5d23f756b269 ] Request (ImagesNegativeTestJSON:test_create_image_from_deleted_server): 200 GET http://10.180.1.21/compute/v2.1/servers/dc4af6ff-bbf1-412c-b089-339ada47e7ec 0.064s
2025-04-04 07:36:04.285 70094 INFO tempest.lib.common.rest_client [req-db232b34-bf16-4429-9f4a-5af6952da2e5 req-db232b34-bf16-4429-9f4a-5af6952da2e5 ] Request (ServersWithFlavorSwapResizeTest:test_flavor_swap_0_to_1024): 200 GET http://10.180.1.21/compute/v2.1/servers/f1b8f182-2520-4ff2-9b83-044cc12c084e 0.154s
2025-04-04 07:36:04.336 70112 INFO tempest.lib.common.rest_client [req-ec1432a9-6b6d-4fc4-9284-e21436edcd7a req-ec1432a9-6b6d-4fc4-9284-e21436edcd7a ] Request (DeleteServersAdminTestJSON:test_delete_server_while_in_error_state): 200 GET http://10.180.1.21/compute/v2.1/servers/c36cc33d-1a3f-4a88-9451-452086c06456 0.045s
2025-04-04 07:36:04.420 70114 INFO tempest.lib.common.rest_client [req-1fce22f6-579d-4ca4-95f8-80102b546f2d req-1fce22f6-579d-4ca4-95f8-80102b546f2d ] Request (AttachInterfacesUnderV243Test:test_add_remove_fixed_ip): 200 GET http://10.180.1.21/compute/v2.1/servers/0254e970-0c97-4c98-bdb0-c8dc36ea77ce 0.053s
2025-04-04 07:36:04.465 70080 INFO tempest.lib.common.rest_client [req-09ab4996-5ac7-446e-8493-e3b8d524adb3 req-09ab4996-5ac7-446e-8493-e3b8d524adb3 ] Request (MigrationsAdminTest:test_resize_server_revert_deleted_flavor): 200 GET http://10.180.1.21/compute/v2.1/servers/f289fdaf-4399-44ab-95d8-3129ea198de1 0.050s
2025-04-04 07:36:04.547 70062 INFO tempest.lib.common.rest_client [req-dd925f06-163f-446f-b040-1ef6510bfc89 req-dd925f06-163f-446f-b040-1ef6510bfc89 ] Request (VolumesAssistedSnapshotsTest:_run_cleanups): 200 GET http://10.180.1.21/compute/v2.1/servers/e36e4f56-361c-4db8-bcf0-6a25e9aef855/os-volume_attachments 0.032s
2025-04-04 07:36:04.565 70118 INFO tempest.lib.common.rest_client [req-7ad42d62-f6a1-438f-8cf7-d7588d2bab54 req-7ad42d62-f6a1-438f-8cf7-d7588d2bab54 ] Request (ServersNegativeTestMultiTenantJSON:setUpClass): 200 GET http://10.180.1.21/compute/v2.1/servers/1e0d4567-148e-480c-9032-9a78fa3aa0ff 0.059s
2025-04-04 07:36:04.648 70066 INFO tempest.lib.common.rest_client [req-d69bc38a-d05e-4a00-b0c3-3292e7729e10 req-d69bc38a-d05e-4a00-b0c3-3292e7729e10 ] Request (ServerExternalEventsTest:test_create_server_external_events): 200 GET http://10.180.1.21/compute/v2.1/servers/ea758cd1-d95b-45b6-91ac-9169cbb7794f 0.050s
2025-04-04 07:36:04.674 70072 INFO tempest.lib.common.rest_client [req-121c1ab4-c9e4-4f5d-befa-510db608f47d req-121c1ab4-c9e4-4f5d-befa-510db608f47d ] Request (ServersListShow2100Test:test_list_show_rebuild_update_server_2100): 200 GET http://10.180.1.21/compute/v2.1/servers/c0297808-c5d6-4786-b514-20c599a4c597 0.070s
2025-04-04 07:36:04.733 70091 INFO tempest.lib.common.rest_client [req-9a1321ce-3f83-45fd-b3cf-a6c6eb92baf4 req-9a1321ce-3f83-45fd-b3cf-a6c6eb92baf4 ] Request (ImagesTestJSON:test_create_image_from_suspended_server): 200 GET http://10.180.1.21/compute/v2.1/servers/dc7cb6fa-5635-49c1-bed1-bd78457025ed 0.050s
2025-04-04 07:36:04.747 70058 INFO tempest.lib.common.rest_client [req-f25535cf-0474-4dab-80f8-58c09788b110 req-f25535cf-0474-4dab-80f8-58c09788b110 ] Request (ListImageFiltersTestJSON:setUpClass): 200 GET http://10.180.1.21/compute/v2.1/servers/fe6ce16f-ada2-4588-aca5-00de3ce94c08 0.064s
2025-04-04 07:36:04.811 70104 INFO tempest.lib.common.rest_client [req-0fbe87a9-715f-4307-bee8-bb30d6846e09 req-0fbe87a9-715f-4307-bee8-bb30d6846e09 ] Request (FloatingIPsAssociationTestJSON:test_associate_already_associated_floating_ip): 200 GET http://10.180.1.21/compute/v2.1/servers/8ee75dc6-1c52-468f-a10b-56027a5bfc33 0.058s
2025-04-04 07:36:04.824 70068 INFO tempest.lib.common.rest_client [req-95c28269-21f0-4fe4-8dcc-cea9ba87e119 req-95c28269-21f0-4fe4-8dcc-cea9ba87e119 ] Request (DeleteServersTestJSON:test_delete_active_server): 200 GET http://10.180.1.21/compute/v2.1/servers/bbb6ea42-4b20-4dd1-9bd6-69efcd4ed735 0.060s
2025-04-04 07:36:04.867 70084 INFO tempest.lib.common.rest_client [req-fe6ba59b-f81d-46dc-8b37-a6763a5b5ce2 req-fe6ba59b-f81d-46dc-8b37-a6763a5b5ce2 ] Request (ServerAddressesNegativeTestJSON:setUpClass): 200 GET http://10.180.1.21/compute/v2.1/servers/7ecd7ac5-c934-42c0-80d3-684a4e5544bd 0.045s
2025-04-04 07:36:04.886 70088 INFO tempest.lib.common.rest_client [req-6be5323e-2eca-43cc-97ce-4bc89845e796 req-6be5323e-2eca-43cc-97ce-4bc89845e796 ] Request (ServersAdminNegativeTestJSON:tearDownClass): 200 GET http://10.180.1.21/compute/v2.1/servers/41eccfec-7190-47d3-bc4c-24a37f8f0be8 0.056s
2025-04-04 07:36:04.938 70082 INFO tempest.lib.common.rest_client [req-c95f8c6b-0109-4feb-840a-0b8cf82c0d17 req-c95f8c6b-0109-4feb-840a-0b8cf82c0d17 ] Request (ServersAdminTestJSON:test_create_server_with_scheduling_hint): 200 GET http://10.180.1.21/compute/v2.1/servers/5eaf2cff-a8a4-4b4e-9007-738d17538deb 0.047s
2025-04-04 07:36:04.959 70078 INFO tempest.lib.common.rest_client [req-2c735bb5-55a7-4ea8-8742-d2251ca58912 req-2c735bb5-55a7-4ea8-8742-d2251ca58912 ] Request (MultipleCreateTestJSON:test_multiple_create): 200 GET http://10.180.1.21/compute/v2.1/servers/f0e74a22-8d6c-44fc-808d-af887e716e59 0.060s
2025-04-04 07:36:05.024 70064 INFO tempest.lib.common.rest_client [req-89bd9682-6395-426e-9131-a71ebb6837e7 req-89bd9682-6395-426e-9131-a71ebb6837e7 ] Request (SecurityGroupsTestJSON:test_server_security_groups): 200 GET http://10.180.1.21/compute/v2.1/servers/7da0d7f3-4091-44e0-9d21-d6e09e78603e 0.062s
2025-04-04 07:36:05.029 70056 INFO tempest.lib.common.rest_client [req-b5ae0b25-0b4f-41b0-a4d2-da9e9c138b45 req-b5ae0b25-0b4f-41b0-a4d2-da9e9c138b45 ] Request (ServersWithSpecificFlavorTestJSON:test_verify_created_server_ephemeral_disk): 200 GET http://10.180.1.21/compute/v2.1/servers/25f0d588-ce2e-4896-976f-91d67482447d 0.070s
2025-04-04 07:36:05.086 70108 INFO tempest.lib.common.rest_client [req-665cf904-9fdd-422c-8cfd-7661af4cafbb req-665cf904-9fdd-422c-8cfd-7661af4cafbb ] Request (ServerPasswordTestJSON:setUpClass): 200 GET http://10.180.1.21/compute/v2.1/servers/4c977f3c-c8ee-44c7-b4e3-0d86696cb783 0.063s
2025-04-04 07:36:05.106 70110 INFO tempest.lib.common.rest_client [req-5fd3bfee-aa38-4dc4-a1ef-b5634ef0cfdd req-5fd3bfee-aa38-4dc4-a1ef-b5634ef0cfdd ] Request (ServerAddressesTestJSON:tearDownClass): 200 GET http://10.180.1.21/compute/v2.1/servers/eae4fc1d-13ea-4e22-b607-c6fb0472d791 0.081s
2025-04-04 07:36:05.154 70060 INFO tempest.lib.common.rest_client [req-444152a0-001f-4f60-a11c-b177c256c6f6 req-444152a0-001f-4f60-a11c-b177c256c6f6 ] Request (AttachInterfacesV270Test:test_create_get_list_interfaces): 200 GET http://10.180.1.21/compute/v2.1/servers/a3292a47-15c1-4d1c-b822-8a79271dcacc 0.074s
2025-04-04 07:36:05.164 70102 INFO tempest.lib.common.rest_client [req-a76b865a-7f00-4fcf-bacf-c28862c7685e req-a76b865a-7f00-4fcf-bacf-c28862c7685e ] Request (ServerShowV247Test:test_update_rebuild_list_server): 200 GET http://10.180.1.21/compute/v2.1/servers/83e88e62-1313-4b9f-94de-857c4f379379 0.076s
2025-04-04 07:36:05.224 70116 INFO tempest.lib.common.rest_client [req-9c5e6211-9f19-4a2c-a521-16e603d9c0c4 req-9c5e6211-9f19-4a2c-a521-16e603d9c0c4 ] Request (ServerRescueTestJSON:setUpClass): 200 GET http://10.180.1.21/compute/v2.1/servers/18dd6d72-621f-4ba9-b3a9-994d5f9726fb 0.090s
2025-04-04 07:36:05.357 70070 INFO tempest.lib.common.rest_client [req-9ddb9788-6e3b-4d9e-bd1e-59831eff4a85 req-9ddb9788-6e3b-4d9e-bd1e-59831eff4a85 ] Request (ImagesNegativeTestJSON:test_create_image_from_deleted_server): 200 GET http://10.180.1.21/compute/v2.1/servers/dc4af6ff-bbf1-412c-b089-339ada47e7ec 0.066s
2025-04-04 07:36:05.372 70074 INFO tempest.lib.common.rest_client [req-61fb9cf1-8fff-4c91-8021-27ea58fdd514 req-61fb9cf1-8fff-4c91-8021-27ea58fdd514 ] Request (ListServerFiltersTestJSON:setUpClass): 200 GET http://10.180.1.21/compute/v2.1/servers/dac01f89-f37f-4fe9-a21b-4a4071002d37 0.143s
2025-04-04 07:36:05.380 70074 INFO tempest.common.waiters [-] State transition "BUILD/networking" ==> "BUILD/block_device_mapping" after 90 second wait
2025-04-04 07:36:05.440 70112 INFO tempest.lib.common.rest_client [req-5912891a-3829-4a71-b3e3-5de1923ca3a1 req-5912891a-3829-4a71-b3e3-5de1923ca3a1 ] Request (DeleteServersAdminTestJSON:test_delete_server_while_in_error_state): 200 GET http://10.180.1.21/compute/v2.1/servers/c36cc33d-1a3f-4a88-9451-452086c06456 0.097s
2025-04-04 07:36:05.480 70094 INFO tempest.lib.common.rest_client [req-1da26119-48db-455c-a55f-0b639df64f69 req-1da26119-48db-455c-a55f-0b639df64f69 ] Request (ServersWithFlavorSwapResizeTest:test_flavor_swap_0_to_1024): 200 GET http://10.180.1.21/compute/v2.1/servers/f1b8f182-2520-4ff2-9b83-044cc12c084e 0.187s
2025-04-04 07:36:05.498 70114 INFO tempest.lib.common.rest_client [req-3191a695-1791-4681-afc7-cf769774cf58 req-3191a695-1791-4681-afc7-cf769774cf58 ] Request (AttachInterfacesUnderV243Test:test_add_remove_fixed_ip): 200 GET http://10.180.1.21/compute/v2.1/servers/0254e970-0c97-4c98-bdb0-c8dc36ea77ce 0.070s
2025-04-04 07:36:05.528 70080 INFO tempest.lib.common.rest_client [req-74268d8f-0a53-4a80-a4a3-ee2832e23314 req-74268d8f-0a53-4a80-a4a3-ee2832e23314 ] Request (MigrationsAdminTest:test_resize_server_revert_deleted_flavor): 200 GET http://10.180.1.21/compute/v2.1/servers/f289fdaf-4399-44ab-95d8-3129ea198de1 0.055s
2025-04-04 07:36:05.576 70062 INFO tempest.lib.common.rest_client [req-39a87f30-0eb7-4c69-9324-8e3bec643634 req-39a87f30-0eb7-4c69-9324-8e3bec643634 ] Request (VolumesAssistedSnapshotsTest:_run_cleanups): 200 GET http://10.180.1.21/compute/v2.1/servers/e36e4f56-361c-4db8-bcf0-6a25e9aef855/os-volume_attachments 0.026s
2025-04-04 07:36:05.621 70118 INFO tempest.lib.common.rest_client [req-30eb3201-a4c8-4ae8-a22a-6b92bc32df30 req-30eb3201-a4c8-4ae8-a22a-6b92bc32df30 ] Request (ServersNegativeTestMultiTenantJSON:setUpClass): 200 GET http://10.180.1.21/compute/v2.1/servers/1e0d4567-148e-480c-9032-9a78fa3aa0ff 0.048s
2025-04-04 07:36:05.702 70066 INFO tempest.lib.common.rest_client [req-e5df76f1-91d3-4a13-8e58-fa60a43d125c req-e5df76f1-91d3-4a13-8e58-fa60a43d125c ] Request (ServerExternalEventsTest:test_create_server_external_events): 200 GET http://10.180.1.21/compute/v2.1/servers/ea758cd1-d95b-45b6-91ac-9169cbb7794f 0.046s
2025-04-04 07:36:05.746 70072 INFO tempest.lib.common.rest_client [req-433ddcdd-ed8e-4cd2-9274-1329d4cf72c3 req-433ddcdd-ed8e-4cd2-9274-1329d4cf72c3 ] Request (ServersListShow2100Test:test_list_show_rebuild_update_server_2100): 200 GET http://10.180.1.21/compute/v2.1/servers/c0297808-c5d6-4786-b514-20c599a4c597 0.059s
2025-04-04 07:36:06.001 70058 INFO tempest.lib.common.rest_client [req-e546cb45-c488-4d7d-ae85-94a677c09228 req-e546cb45-c488-4d7d-ae85-94a677c09228 ] Request (ListImageFiltersTestJSON:setUpClass): 200 GET http://10.180.1.21/compute/v2.1/servers/fe6ce16f-ada2-4588-aca5-00de3ce94c08 0.247s
2025-04-04 07:36:06.001 70091 INFO tempest.lib.common.rest_client [req-010d3153-393e-4ff5-881c-e8bf4a695d77 req-010d3153-393e-4ff5-881c-e8bf4a695d77 ] Request (ImagesTestJSON:test_create_image_from_suspended_server): 200 GET http://10.180.1.21/compute/v2.1/servers/dc7cb6fa-5635-49c1-bed1-bd78457025ed 0.260s
2025-04-04 07:36:06.076 70104 INFO tempest.lib.common.rest_client [req-5869265a-bd7c-4102-9390-233b39be5ff4 req-5869265a-bd7c-4102-9390-233b39be5ff4 ] Request (FloatingIPsAssociationTestJSON:test_associate_already_associated_floating_ip): 200 GET http://10.180.1.21/compute/v2.1/servers/8ee75dc6-1c52-468f-a10b-56027a5bfc33 0.257s
