2025-04-04 07:34:51.305 70058 INFO tempest.lib.common.rest_client [req-ec7aca1f-f58a-49c0-bcc0-06c0eccb220a req-ec7aca1f-f58a-49c0-bcc0-06c0eccb220a ] Request (ListImageFiltersTestJSON:setUpClass): 200 GET http://10.180.1.21/compute/v2.1/servers/fe6ce16f-ada2-4588-aca5-00de3ce94c08 1.534s
2025-04-04 07:34:51.361 70086 INFO tempest.lib.common.rest_client [req-640047fc-e910-49b3-90a2-2ebe23bcce02 req-640047fc-e910-49b3-90a2-2ebe23bcce02 ] Request (ServersTestFqdnHostnames:test_create_server_with_fqdn_name): 200 GET http://10.180.1.21/compute/v2.1/servers/36e915c8-e43c-425a-8c47-643372176a16 1.532s
2025-04-04 07:34:51.378 70092 INFO tempest.lib.common.rest_client [req-675a4f6f-d83f-49f7-bbf7-9c1691ca25f4 req-675a4f6f-d83f-49f7-bbf7-9c1691ca25f4 ] Request (ServerActionsV293TestJSON:setUpClass): 200 GET http://10.180.1.21/compute/v2.1/servers/8e706f66-96b6-40c0-92d2-565e80eae0f3 1.487s
2025-04-04 07:34:51.442 70066 INFO tempest.lib.common.rest_client [req-376e8426-1e0f-4997-bb26-edad75d5a50d req-376e8426-1e0f-4997-bb26-edad75d5a50d ] Request (ServerExternalEventsTest:test_create_server_external_events): 200 GET http://10.180.1.21/compute/v2.1/servers/ea758cd1-d95b-45b6-91ac-9169cbb7794f 1.308s
2025-04-04 07:34:51.515 70084 INFO tempest.lib.common.rest_client [req-824aafae-e5d8-481d-8de2-cff4d584b940 req-824aafae-e5d8-481d-8de2-cff4d584b940 ] Request (ListServersNegativeTestJSON:setUpClass): 200 GET http://10.180.1.21/compute/v2.1/servers/85a9a85e-8118-4023-8ee1-e42775d00e9f 1.199s
2025-04-04 07:34:51.584 70070 INFO tempest.lib.common.rest_client [req-16060f12-ad34-4581-a809-9589ac9784c7 req-16060f12-ad34-4581-a809-9589ac9784c7 ] Request (ImagesNegativeTestJSON:test_create_image_from_deleted_server): 200 GET http://10.180.1.21/compute/v2.1/servers/dc4af6ff-bbf1-412c-b089-339ada47e7ec 1.157s
2025-04-04 07:34:51.656 70072 INFO tempest.lib.common.rest_client [req-f917e51d-28dd-4e59-875c-03a8209d367d req-f917e51d-28dd-4e59-875c-03a8209d367d ] Request (ServersAaction247Test:test_create_backup): 200 GET http://10.180.1.21/compute/v2.1/servers/d14d3baf-95a0-4983-ab42-755bb9faa134 1.227s
2025-04-04 07:34:51.728 70082 INFO tempest.lib.common.rest_client [req-0327cf36-78e6-4d54-ac11-d7139d9b4e12 req-0327cf36-78e6-4d54-ac11-d7139d9b4e12 ] Request (ServersAdminTestJSON:setUpClass): 200 GET http://10.180.1.21/compute/v2.1/servers/59ed0380-72a0-4781-bfd2-2e1ab4879f78 1.225s
2025-04-04 07:34:51.841 70118 INFO tempest.lib.common.rest_client [req-44feeae0-d8f4-4473-bce9-1e1aab34e160 req-44feeae0-d8f4-4473-bce9-1e1aab34e160 ] Request (ServersListShow296Test:tearDownClass): 200 GET http://10.180.1.21/compute/v2.1/servers/cb3d704d-e736-47a4-ba27-f87f5d3a28d9 1.280s
2025-04-04 07:34:51.877 70078 INFO tempest.lib.common.rest_client [req-2099b03a-0e65-43ce-b691-3570d60e05b6 req-2099b03a-0e65-43ce-b691-3570d60e05b6 ] Request (MultipleCreateTestJSON:setUpClass): 201 POST http://10.180.1.21:9696/networking/v2.0/routers 0.773s
2025-04-04 07:34:51.910 70088 INFO tempest.lib.common.rest_client [req-89b35fe9-4c1e-4e7c-b6e5-a048d41b0cc3 req-89b35fe9-4c1e-4e7c-b6e5-a048d41b0cc3 ] Request (ServersAdminNegativeTestJSON:test_migrate_server_invalid_state): 200 GET http://10.180.1.21/compute/v2.1/servers/41eccfec-7190-47d3-bc4c-24a37f8f0be8 1.329s
2025-04-04 07:34:51.996 70114 INFO tempest.lib.common.rest_client [req-05a59644-bfef-4b5f-86fd-fb3bb26232d6 req-05a59644-bfef-4b5f-86fd-fb3bb26232d6 ] Request (AttachInterfacesUnderV243Test:test_add_remove_fixed_ip): 202 POST http://10.180.1.21/compute/v2.1/servers 2.097s
2025-04-04 07:34:52.067 70116 INFO tempest.lib.common.rest_client [req-e5d77ec8-cb39-44d8-b1c5-97297fb5e6b8 req-e5d77ec8-cb39-44d8-b1c5-97297fb5e6b8 ] Request (ServerMetadataTestJSON:setUpClass): 200 GET http://10.180.1.21/compute/v2.1/servers/0f213415-1337-4fe0-a2d0-61e3986a952d 1.203s
2025-04-04 07:34:52.069 70068 INFO tempest.lib.common.rest_client [req-b8bf2342-1b5b-457d-be20-5bf2ce1080be req-b8bf2342-1b5b-457d-be20-5bf2ce1080be ] Request (DeleteServersTestJSON:test_delete_active_server): 200 GET http://10.180.1.21/compute/v2.1/servers/bbb6ea42-4b20-4dd1-9bd6-69efcd4ed735 0.949s
2025-04-04 07:34:52.208 70060 INFO tempest.lib.common.rest_client [req-8cb684c1-2648-447a-964d-c3d94de4f203 req-8cb684c1-2648-447a-964d-c3d94de4f203 ] Request (FloatingIPDetailsTestJSON:test_get_floating_ip_details): 200 GET http://10.180.1.21/compute/v2.1/os-floating-ips/fcd05c5a-5de3-4915-b78e-a818fb3d81e7 0.990s
2025-04-04 07:34:52.230 70096 INFO tempest.lib.common.rest_client [req-d4eb0de0-4672-4f74-87fc-491221433c49 req-d4eb0de0-4672-4f74-87fc-491221433c49 ] Request (KeyPairsV2TestJSON:_run_cleanups): 202 DELETE http://10.180.1.21/compute/v2.1/os-keypairs/tempest-keypair-1037081915 0.991s
2025-04-04 07:34:52.256 70106 INFO tempest.lib.common.rest_client [req-6d05499e-1436-4a1d-86e5-0bbf87db353f req-6d05499e-1436-4a1d-86e5-0bbf87db353f ] Request (FloatingIPsAssociationNegativeTestJSON:setUpClass): 200 GET http://10.180.1.21/compute/v2.1/servers/ebc6a142-aac9-4523-aa7b-c61e9feb9591 1.135s
2025-04-04 07:34:52.352 70104 INFO tempest.lib.common.rest_client [req-7f9441fb-78f2-4bc9-b69f-7a93088514cd req-7f9441fb-78f2-4bc9-b69f-7a93088514cd ] Request (FloatingIPsAssociationTestJSON:setUpClass): 200 GET http://10.180.1.21/compute/v2.1/servers/715ead8f-947c-47a4-9ff3-fbe27331d9d6 1.048s
2025-04-04 07:34:52.360 70104 INFO tempest.common.waiters [-] State transition "BUILD/None" ==> "BUILD/spawning" after 44 second wait
2025-04-04 07:34:52.404 70064 INFO tempest.lib.common.rest_client [req-d778ec85-1eaa-447b-9a25-54631aec7d39 req-d778ec85-1eaa-447b-9a25-54631aec7d39 ] Request (SecurityGroupsTestJSON:test_server_security_groups): 200 GET http://10.180.1.21/compute/v2.1/servers/7da0d7f3-4091-44e0-9d21-d6e09e78603e 0.921s
2025-04-04 07:34:52.416 70080 INFO tempest.lib.common.rest_client [req-70491a0c-7b05-48c9-a145-4a3220fdb22e req-70491a0c-7b05-48c9-a145-4a3220fdb22e ] Request (MigrationsAdminTest:test_list_migrations_in_flavor_resize_situation): 200 GET http://10.180.1.21/compute/v2.1/servers/9fb8d6eb-b484-49d5-b63f-1ad8e2e2bfab 1.000s
2025-04-04 07:34:52.454 70076 INFO tempest.lib.common.rest_client [req-785e11a6-686f-464b-90db-3a454f75f77c req-785e11a6-686f-464b-90db-3a454f75f77c ] Request (AttachInterfacesTestJSON:test_create_list_show_delete_interfaces_by_fixed_ip): 200 GET http://10.180.1.21/compute/v2.1/servers/7f643918-3848-4e37-b15e-01a650cc53f3 0.893s
2025-04-04 07:34:52.473 70074 INFO tempest.lib.common.rest_client [req-fba330a3-e438-40ce-a837-7aa12afc6897 req-fba330a3-e438-40ce-a837-7aa12afc6897 ] Request (ListServerFiltersTestJSON:setUpClass): 200 GET http://10.180.1.21/compute/v2.1/servers/dac01f89-f37f-4fe9-a21b-4a4071002d37 0.852s
2025-04-04 07:34:52.509 70112 INFO tempest.lib.common.rest_client [req-0c877e9f-7b36-4cdd-aa72-648178d92713 req-0c877e9f-7b36-4cdd-aa72-648178d92713 ] Request (DeleteServersAdminTestJSON:test_admin_delete_servers_of_others): 200 GET http://10.180.1.21/compute/v2.1/servers/99eb9323-22b6-4f44-a88c-d3532f424111 0.816s
2025-04-04 07:34:52.535 70100 INFO tempest.lib.common.rest_client [req-355bca7f-ddbd-4c4e-9b03-bfd92eff66f9 req-355bca7f-ddbd-4c4e-9b03-bfd92eff66f9 ] Request (ServerDiagnosticsTest:tearDownClass): 200 GET http://10.180.1.21/compute/v2.1/servers/cbebd4dd-d99c-410b-a3fa-c4954261abff 0.780s
2025-04-04 07:34:52.563 70098 INFO tempest.lib.common.rest_client [req-2921d52f-460f-4dfd-8515-80f3583ea454 req-2921d52f-460f-4dfd-8515-80f3583ea454 ] Request (ServersTestJSON:setUpClass): 200 GET http://10.180.1.21/compute/v2.1/servers/2a8dece2-833a-4aaa-aa12-6d167c68548d 0.747s
2025-04-04 07:34:52.586 70110 INFO tempest.lib.common.rest_client [req-604d04bb-2763-46fe-bd14-fa46620f1c70 req-604d04bb-2763-46fe-bd14-fa46620f1c70 ] Request (ServerAddressesTestJSON:setUpClass): 200 GET http://10.180.1.21/compute/v2.1/servers/eae4fc1d-13ea-4e22-b607-c6fb0472d791 0.717s
2025-04-04 07:34:52.630 70108 INFO tempest.lib.common.rest_client [req-06c4d7c2-494c-467d-871b-ba230d7596a5 req-06c4d7c2-494c-467d-871b-ba230d7596a5 ] Request (ServerDiagnosticsNegativeTest:tearDownClass): 200 GET http://10.180.1.21/compute/v2.1/servers/8d9df11b-f5bb-4577-b2b0-b49738d936ef 0.672s
2025-04-04 07:34:52.639 70114 INFO tempest.lib.common.rest_client [req-bf6d5fbd-4a2b-433f-b3c1-e8702068d31d req-bf6d5fbd-4a2b-433f-b3c1-e8702068d31d ] Request (AttachInterfacesUnderV243Test:test_add_remove_fixed_ip): 200 GET http://10.180.1.21/compute/v2.1/servers/0254e970-0c97-4c98-bdb0-c8dc36ea77ce 0.641s
2025-04-04 07:34:52.669 70096 INFO tempest.lib.common.rest_client [req-b0d61f35-e0c5-46ac-a732-992f30bfdd9f req-b0d61f35-e0c5-46ac-a732-992f30bfdd9f ] Request (KeyPairsV2TestJSON:test_keypair_create_delete): 200 POST http://10.180.1.21/compute/v2.1/os-keypairs 0.437s
2025-04-04 07:34:52.758 70078 INFO tempest.lib.common.rest_client [req-7c1aae22-99e9-4a18-a073-c1222481c838 req-7c1aae22-99e9-4a18-a073-c1222481c838 ] Request (MultipleCreateTestJSON:setUpClass): 200 PUT http://10.180.1.21:9696/networking/v2.0/routers/921e2c95-0b79-4a90-87fd-bd6fd7bd9e51/add_router_interface 0.880s
2025-04-04 07:34:52.758 70078 INFO tempest.lib.common.dynamic_creds [-] Created isolated network resources for: credentials: Credentials: {'domain_id': 'default', 'domain_name': 'Default', 'username': 'tempest-MultipleCreateTestJSON-931722939-project-member', 'project_domain_id': 'default', 'project_domain_name': 'Default', 'project_id': 'cfa30edcadf5422f82c1cbac2670dd1e', 'project_name': 'tempest-MultipleCreateTestJSON-931722939', 'tenant_id': 'cfa30edcadf5422f82c1cbac2670dd1e', 'tenant_name': 'tempest-MultipleCreateTestJSON-931722939', 'user_domain_id': 'default', 'user_domain_name': 'Default', 'user_id': '2ccf44ce13bc43eabb14a6076ce61cc0', 'system': None}, Network: {'id': '0c9e6bcc-7a69-40f4-950a-3dfeab3a6182', 'name': 'tempest-MultipleCreateTestJSON-447551156-network', 'tenant_id': 'cfa30edcadf5422f82c1cbac2670dd1e', 'admin_state_up': True, 'mtu': 8950, 'status': 'ACTIVE', 'subnets': [], 'shared': False, 'project_id': 'cfa30edcadf5422f82c1cbac2670dd1e', 'port_security_enabled': True, 'router:external': False, 'provider:network_type': 'vlan', 'provider:physical_network': 'default', 'provider:segmentation_id': 207, 'availability_zone_hints': [], 'availability_zones': [], 'ipv4_address_scope': None, 'ipv6_address_scope': None, 'description': '', 'tags': [], 'created_at': '2025-04-04T07:34:50Z', 'updated_at': '2025-04-04T07:34:50Z', 'revision_number': 1}, Subnet: {'id': '5be9bccd-9128-4200-80b4-a164190337a3', 'name': 'tempest-MultipleCreateTestJSON-447551156-subnet', 'tenant_id': 'cfa30edcadf5422f82c1cbac2670dd1e', 'network_id': '0c9e6bcc-7a69-40f4-950a-3dfeab3a6182', 'ip_version': 4, 'subnetpool_id': None, 'enable_dhcp': True, 'ipv6_ra_mode': None, 'ipv6_address_mode': None, 'gateway_ip': '192.168.128.1', 'cidr': '192.168.128.0/28', 'allocation_pools': [{'start': '192.168.128.2', 'end': '192.168.128.14'}], 'host_routes': [], 'dns_nameservers': [], 'description': '', 'router:external': False, 'service_types': [], 'tags': [], 'created_at': '2025-04-04T07:34:50Z', 'updated_at': '2025-04-04T07:34:50Z', 'revision_number': 0, 'project_id': 'cfa30edcadf5422f82c1cbac2670dd1e'}, Router: {'id': '921e2c95-0b79-4a90-87fd-bd6fd7bd9e51', 'name': 'tempest-MultipleCreateTestJSON-447551156-router', 'tenant_id': 'cfa30edcadf5422f82c1cbac2670dd1e', 'admin_state_up': True, 'status': 'ACTIVE', 'external_gateway_info': {'network_id': 'd4e08c15-d83d-49ff-a2c2-c2ce400d923f', 'external_fixed_ips': [{'subnet_id': '77c32a36-0952-4d7e-bf30-81eadd5ab466', 'ip_address': '10.180.180.179'}], 'enable_snat': True}, 'description': '', 'availability_zones': [], 'distributed': False, 'ha': False, 'availability_zone_hints': [], 'routes': [], 'flavor_id': None, 'tags': [], 'created_at': '2025-04-04T07:34:51Z', 'updated_at': '2025-04-04T07:34:51Z', 'revision_number': 2, 'project_id': 'cfa30edcadf5422f82c1cbac2670dd1e'}
2025-04-04 07:34:52.836 70078 INFO tempest.lib.common.rest_client [req-32b27b9b-3ac2-4895-a94f-14f956386a99 req-32b27b9b-3ac2-4895-a94f-14f956386a99 ] Request (MultipleCreateTestJSON:setUpClass): 201 POST http://10.180.1.21/identity/v3/auth/tokens 0.075s
2025-04-04 07:34:52.842 70091 INFO tempest.lib.common.rest_client [req-5f1a6b0c-e163-4996-af93-6562b4bde181 req-5f1a6b0c-e163-4996-af93-6562b4bde181 ] Request (ImagesTestJSON:test_create_image_from_stopped_server): 200 GET http://10.180.1.21/compute/v2.1/servers/efcd3e19-7a15-469a-82fe-08c16658bb60 0.604s
2025-04-04 07:34:52.868 70078 INFO tempest.lib.common.rest_client [req-f49a0fb7-3e27-49d3-9ee0-e46c847ab9dd req-f49a0fb7-3e27-49d3-9ee0-e46c847ab9dd ] Request (MultipleCreateTestJSON:test_multiple_create): 201 POST http://10.180.1.21/identity/v3/auth/tokens 0.025s
2025-04-04 07:34:52.868 70078 INFO tempest.lib.common.fixed_network [-] (MultipleCreateTestJSON:test_multiple_create) Found network {'id': '0c9e6bcc-7a69-40f4-950a-3dfeab3a6182', 'name': 'tempest-MultipleCreateTestJSON-447551156-network', 'tenant_id': 'cfa30edcadf5422f82c1cbac2670dd1e', 'admin_state_up': True, 'mtu': 8950, 'status': 'ACTIVE', 'subnets': [], 'shared': False, 'project_id': 'cfa30edcadf5422f82c1cbac2670dd1e', 'port_security_enabled': True, 'router:external': False, 'provider:network_type': 'vlan', 'provider:physical_network': 'default', 'provider:segmentation_id': 207, 'availability_zone_hints': [], 'availability_zones': [], 'ipv4_address_scope': None, 'ipv6_address_scope': None, 'description': '', 'tags': [], 'created_at': '2025-04-04T07:34:50Z', 'updated_at': '2025-04-04T07:34:50Z', 'revision_number': 1} available for tenant
2025-04-04 07:34:52.923 70102 INFO tempest.lib.common.rest_client [req-7d11a95f-6f5f-4d9c-aeae-900a55010229 req-7d11a95f-6f5f-4d9c-aeae-900a55010229 ] Request (ServerDiagnosticsV248Test:tearDownClass): 200 GET http://10.180.1.21/compute/v2.1/servers/e86927b1-749c-43b3-908f-43b3b7ace331 0.615s
2025-04-04 07:34:52.993 70058 INFO tempest.lib.common.rest_client [req-cf9c8ce3-9857-40fc-bc72-1119c42274c7 req-cf9c8ce3-9857-40fc-bc72-1119c42274c7 ] Request (ListImageFiltersTestJSON:setUpClass): 200 GET http://10.180.1.21/compute/v2.1/servers/fe6ce16f-ada2-4588-aca5-00de3ce94c08 0.678s
2025-04-04 07:34:53.061 70086 INFO tempest.lib.common.rest_client [req-42ae10b0-d126-4b0a-9f0e-b20ce37097de req-42ae10b0-d126-4b0a-9f0e-b20ce37097de ] Request (ServersTestFqdnHostnames:test_create_server_with_fqdn_name): 200 GET http://10.180.1.21/compute/v2.1/servers/36e915c8-e43c-425a-8c47-643372176a16 0.693s
2025-04-04 07:34:53.128 70092 INFO tempest.lib.common.rest_client [req-dea866ab-4c84-409f-9fad-b0ed995d558b req-dea866ab-4c84-409f-9fad-b0ed995d558b ] Request (ServerActionsV293TestJSON:setUpClass): 200 GET http://10.180.1.21/compute/v2.1/servers/8e706f66-96b6-40c0-92d2-565e80eae0f3 0.739s
2025-04-04 07:34:53.183 70066 INFO tempest.lib.common.rest_client [req-ef2dfaf9-6edc-4e85-939d-d8655b944e15 req-ef2dfaf9-6edc-4e85-939d-d8655b944e15 ] Request (ServerExternalEventsTest:test_create_server_external_events): 200 GET http://10.180.1.21/compute/v2.1/servers/ea758cd1-d95b-45b6-91ac-9169cbb7794f 0.730s
2025-04-04 07:34:53.188 70060 INFO tempest.lib.common.rest_client [req-dc2c7555-7306-4696-a53f-a7b60f4784d7 req-dc2c7555-7306-4696-a53f-a7b60f4784d7 ] Request (FloatingIPDetailsTestJSON:_run_cleanups): 202 DELETE http://10.180.1.21/compute/v2.1/os-floating-ips/fcd05c5a-5de3-4915-b78e-a818fb3d81e7 0.977s
2025-04-04 07:34:53.248 70070 INFO tempest.lib.common.rest_client [req-83f3ac0b-ec37-4e1d-8160-531e6db7e7a5 req-83f3ac0b-ec37-4e1d-8160-531e6db7e7a5 ] Request (ImagesNegativeTestJSON:test_create_image_from_deleted_server): 200 GET http://10.180.1.21/compute/v2.1/servers/dc4af6ff-bbf1-412c-b089-339ada47e7ec 0.654s
2025-04-04 07:34:53.257 70084 INFO tempest.lib.common.rest_client [req-663d4167-ba99-491b-ad21-7b68948de1a0 req-663d4167-ba99-491b-ad21-7b68948de1a0 ] Request (ListServersNegativeTestJSON:setUpClass): 200 GET http://10.180.1.21/compute/v2.1/servers/85a9a85e-8118-4023-8ee1-e42775d00e9f 0.733s
2025-04-04 07:34:53.274 70096 INFO tempest.lib.common.rest_client [req-ea98c8fc-0eea-4174-a585-9edda215a133 req-ea98c8fc-0eea-4174-a585-9edda215a133 ] Request (KeyPairsV2TestJSON:_run_cleanups): 202 DELETE http://10.180.1.21/compute/v2.1/os-keypairs/tempest-keypair-855868914 0.604s
2025-04-04 07:34:53.324 70072 INFO tempest.lib.common.rest_client [req-a0188952-b2ee-42c3-a3b7-3a2fd878dec4 req-a0188952-b2ee-42c3-a3b7-3a2fd878dec4 ] Request (ServersAaction247Test:test_create_backup): 200 GET http://10.180.1.21/compute/v2.1/servers/d14d3baf-95a0-4983-ab42-755bb9faa134 0.658s
2025-04-04 07:34:53.333 70072 INFO tempest.common.waiters [-] State transition "BUILD/None" ==> "BUILD/networking" after 43 second wait
2025-04-04 07:34:53.346 70082 INFO tempest.lib.common.rest_client [req-d80a5b4f-eea2-44e0-bf89-43d2555ce3ad req-d80a5b4f-eea2-44e0-bf89-43d2555ce3ad ] Request (ServersAdminTestJSON:setUpClass): 200 GET http://10.180.1.21/compute/v2.1/servers/59ed0380-72a0-4781-bfd2-2e1ab4879f78 0.608s
2025-04-04 07:34:53.401 70118 INFO tempest.lib.common.rest_client [req-e01514af-37dd-49f6-a4c4-ec72c618a475 req-e01514af-37dd-49f6-a4c4-ec72c618a475 ] Request (ServersListShow296Test:tearDownClass): 200 GET http://10.180.1.21/compute/v2.1/servers/cb3d704d-e736-47a4-ba27-f87f5d3a28d9 0.547s
2025-04-04 07:34:53.459 70088 INFO tempest.lib.common.rest_client [req-6a360db9-67fb-422f-8232-18cc221eaf82 req-6a360db9-67fb-422f-8232-18cc221eaf82 ] Request (ServersAdminNegativeTestJSON:test_migrate_server_invalid_state): 200 GET http://10.180.1.21/compute/v2.1/servers/41eccfec-7190-47d3-bc4c-24a37f8f0be8 0.532s
2025-04-04 07:34:53.907 70116 INFO tempest.lib.common.rest_client [req-48ea4b08-26a2-4f30-9629-fd0a17dce306 req-48ea4b08-26a2-4f30-9629-fd0a17dce306 ] Request (ServerMetadataTestJSON:setUpClass): 200 GET http://10.180.1.21/compute/v2.1/servers/0f213415-1337-4fe0-a2d0-61e3986a952d 0.831s
2025-04-04 07:34:53.916 70116 INFO tempest.common.waiters [-] State transition "BUILD/spawning" ==> "ACTIVE/None" after 50 second wait
2025-04-04 07:34:53.971 70068 INFO tempest.lib.common.rest_client [req-68f23a0f-6139-426d-95aa-c85d442a6486 req-68f23a0f-6139-426d-95aa-c85d442a6486 ] Request (DeleteServersTestJSON:test_delete_active_server): 200 GET http://10.180.1.21/compute/v2.1/servers/bbb6ea42-4b20-4dd1-9bd6-69efcd4ed735 0.891s
2025-04-04 07:34:54.079 70060 INFO tempest.lib.common.rest_client [req-05e004fa-300f-45ca-967b-762c7288e0c7 req-05e004fa-300f-45ca-967b-762c7288e0c7 ] Request (FloatingIPDetailsTestJSON:test_list_floating_ips): 200 GET http://10.180.1.21/compute/v2.1/os-floating-ips 0.889s
2025-04-04 07:34:54.151 70078 INFO tempest.lib.common.rest_client [req-98e67e62-a9e8-49fb-9265-b6624903c241 req-98e67e62-a9e8-49fb-9265-b6624903c241 ] Request (MultipleCreateTestJSON:test_multiple_create): 202 POST http://10.180.1.21/compute/v2.1/servers 1.282s
2025-04-04 07:34:54.178 70106 INFO tempest.lib.common.rest_client [req-6fef9be5-8dc3-40e9-a6cf-deb7d76cbdba req-6fef9be5-8dc3-40e9-a6cf-deb7d76cbdba ] Request (FloatingIPsAssociationNegativeTestJSON:setUpClass): 200 GET http://10.180.1.21/compute/v2.1/servers/ebc6a142-aac9-4523-aa7b-c61e9feb9591 0.914s
2025-04-04 07:34:54.183 70096 INFO tempest.lib.common.rest_client [req-2855c82e-1dd4-41c8-9616-658e3a070d58 req-2855c82e-1dd4-41c8-9616-658e3a070d58 ] Request (KeyPairsV2TestJSON:test_keypair_create_with_pub_key): 200 POST http://10.180.1.21/compute/v2.1/os-keypairs 0.907s
2025-04-04 07:34:54.240 70064 INFO tempest.lib.common.rest_client [req-1cc7203c-1996-403b-a1bc-074a1dc514d3 req-1cc7203c-1996-403b-a1bc-074a1dc514d3 ] Request (SecurityGroupsTestJSON:test_server_security_groups): 200 GET http://10.180.1.21/compute/v2.1/servers/7da0d7f3-4091-44e0-9d21-d6e09e78603e 0.825s
2025-04-04 07:34:54.283 70104 INFO tempest.lib.common.rest_client [req-775dd55f-3c19-4423-8b2d-26d038df1d6a req-775dd55f-3c19-4423-8b2d-26d038df1d6a ] Request (FloatingIPsAssociationTestJSON:setUpClass): 200 GET http://10.180.1.21/compute/v2.1/servers/715ead8f-947c-47a4-9ff3-fbe27331d9d6 0.920s
2025-04-04 07:34:54.339 70076 INFO tempest.lib.common.rest_client [req-13604f5d-a7bf-4dd6-9bdd-708f58063b3f req-13604f5d-a7bf-4dd6-9bdd-708f58063b3f ] Request (AttachInterfacesTestJSON:test_create_list_show_delete_interfaces_by_fixed_ip): 200 GET http://10.180.1.21/compute/v2.1/servers/7f643918-3848-4e37-b15e-01a650cc53f3 0.879s
2025-04-04 07:34:54.343 70080 INFO tempest.lib.common.rest_client [req-e9422781-f9ef-4656-86c2-ddb12183c098 req-e9422781-f9ef-4656-86c2-ddb12183c098 ] Request (MigrationsAdminTest:test_list_migrations_in_flavor_resize_situation): 200 GET http://10.180.1.21/compute/v2.1/servers/9fb8d6eb-b484-49d5-b63f-1ad8e2e2bfab 0.918s
2025-04-04 07:34:54.396 70074 INFO tempest.lib.common.rest_client [req-51dcfeea-3346-4413-aab3-62b2abfcc2ef req-51dcfeea-3346-4413-aab3-62b2abfcc2ef ] Request (ListServerFiltersTestJSON:setUpClass): 200 GET http://10.180.1.21/compute/v2.1/servers/dac01f89-f37f-4fe9-a21b-4a4071002d37 0.914s
2025-04-04 07:34:54.411 70112 INFO tempest.lib.common.rest_client [req-8c249d33-492b-4f6f-8558-55f0d787e9dd req-8c249d33-492b-4f6f-8558-55f0d787e9dd ] Request (DeleteServersAdminTestJSON:test_admin_delete_servers_of_others): 200 GET http://10.180.1.21/compute/v2.1/servers/99eb9323-22b6-4f44-a88c-d3532f424111 0.892s
2025-04-04 07:34:54.457 70100 INFO tempest.lib.common.rest_client [req-4514ff43-375f-4a74-beac-cefa610720c3 req-4514ff43-375f-4a74-beac-cefa610720c3 ] Request (ServerDiagnosticsTest:tearDownClass): 200 GET http://10.180.1.21/compute/v2.1/servers/cbebd4dd-d99c-410b-a3fa-c4954261abff 0.912s
2025-04-04 07:34:54.470 70098 INFO tempest.lib.common.rest_client [req-35e28804-2b0e-49b3-88bd-f6accd1b321f req-35e28804-2b0e-49b3-88bd-f6accd1b321f ] Request (ServersTestJSON:setUpClass): 200 GET http://10.180.1.21/compute/v2.1/servers/2a8dece2-833a-4aaa-aa12-6d167c68548d 0.898s
2025-04-04 07:34:54.512 70110 INFO tempest.lib.common.rest_client [req-fa1ade6f-ce84-4205-a040-10356d3c6002 req-fa1ade6f-ce84-4205-a040-10356d3c6002 ] Request (ServerAddressesTestJSON:setUpClass): 200 GET http://10.180.1.21/compute/v2.1/servers/eae4fc1d-13ea-4e22-b607-c6fb0472d791 0.915s
2025-04-04 07:34:54.524 70108 INFO tempest.lib.common.rest_client [req-cd61d350-552d-4f7a-873e-766a6466a45b req-cd61d350-552d-4f7a-873e-766a6466a45b ] Request (ServerDiagnosticsNegativeTest:tearDownClass): 200 GET http://10.180.1.21/compute/v2.1/servers/8d9df11b-f5bb-4577-b2b0-b49738d936ef 0.887s
2025-04-04 07:34:54.563 70114 INFO tempest.lib.common.rest_client [req-e4de2e38-9ac3-46cb-b2a3-1f22ea4e7ad2 req-e4de2e38-9ac3-46cb-b2a3-1f22ea4e7ad2 ] Request (AttachInterfacesUnderV243Test:test_add_remove_fixed_ip): 200 GET http://10.180.1.21/compute/v2.1/servers/0254e970-0c97-4c98-bdb0-c8dc36ea77ce 0.914s
2025-04-04 07:34:54.625 70116 INFO tempest.lib.common.rest_client [req-aa3efe97-107d-4035-a0ad-a99d2c0207d8 req-aa3efe97-107d-4035-a0ad-a99d2c0207d8 ] Request (ServerMetadataTestJSON:setUp): 200 PUT http://10.180.1.21/compute/v2.1/servers/0f213415-1337-4fe0-a2d0-61e3986a952d/metadata 0.708s
2025-04-04 07:34:54.638 70091 INFO tempest.lib.common.rest_client [req-89293abe-7af1-465d-a72f-1dd00241706c req-89293abe-7af1-465d-a72f-1dd00241706c ] Request (ImagesTestJSON:test_create_image_from_stopped_server): 200 GET http://10.180.1.21/compute/v2.1/servers/efcd3e19-7a15-469a-82fe-08c16658bb60 0.787s
2025-04-04 07:34:54.649 70091 INFO tempest.common.waiters [-] State transition "BUILD/spawning" ==> "ACTIVE/None" after 48 second wait
2025-04-04 07:34:54.706 70058 INFO tempest.lib.common.rest_client [req-6f6846e4-ddaa-4ddc-9324-e4c2110d2146 req-6f6846e4-ddaa-4ddc-9324-e4c2110d2146 ] Request (ListImageFiltersTestJSON:setUpClass): 200 GET http://10.180.1.21/compute/v2.1/servers/fe6ce16f-ada2-4588-aca5-00de3ce94c08 0.700s
2025-04-04 07:34:54.709 70102 INFO tempest.lib.common.rest_client [req-22254363-cd02-433b-8a22-8c18bf3628f1 req-22254363-cd02-433b-8a22-8c18bf3628f1 ] Request (ServerDiagnosticsV248Test:tearDownClass): 200 GET http://10.180.1.21/compute/v2.1/servers/e86927b1-749c-43b3-908f-43b3b7ace331 0.777s
2025-04-04 07:34:54.775 70086 INFO tempest.lib.common.rest_client [req-9c605c26-f768-45f1-a159-467ba2f6477b req-9c605c26-f768-45f1-a159-467ba2f6477b ] Request (ServersTestFqdnHostnames:test_create_server_with_fqdn_name): 200 GET http://10.180.1.21/compute/v2.1/servers/36e915c8-e43c-425a-8c47-643372176a16 0.705s
2025-04-04 07:34:54.828 70062 WARNING tempest.lib.common.ssh [-] Failed to establish authenticated ssh connection to cirros@10.180.180.239 ([Errno None] Unable to connect to port 22 on 10.180.180.239). Number attempts: 1. Retry after 2 seconds.: paramiko.ssh_exception.NoValidConnectionsError: [Errno None] Unable to connect to port 22 on 10.180.180.239
2025-04-04 07:34:54.871 70092 INFO tempest.lib.common.rest_client [req-9130601a-42be-4041-ab36-1f0eb8e06b66 req-9130601a-42be-4041-ab36-1f0eb8e06b66 ] Request (ServerActionsV293TestJSON:setUpClass): 200 GET http://10.180.1.21/compute/v2.1/servers/8e706f66-96b6-40c0-92d2-565e80eae0f3 0.732s
2025-04-04 07:34:54.890 70094 WARNING tempest.lib.common.ssh [-] Failed to establish authenticated ssh connection to cirros@10.180.180.153 ([Errno None] Unable to connect to port 22 on 10.180.180.153). Number attempts: 5. Retry after 6 seconds.: paramiko.ssh_exception.NoValidConnectionsError: [Errno None] Unable to connect to port 22 on 10.180.180.153
2025-04-04 07:34:54.930 70078 INFO tempest.lib.common.rest_client [req-a3452472-d116-49be-8462-71b7e2000594 req-a3452472-d116-49be-8462-71b7e2000594 ] Request (MultipleCreateTestJSON:test_multiple_create): 200 GET http://10.180.1.21/compute/v2.1/servers 0.777s
2025-04-04 07:34:54.945 70096 INFO tempest.lib.common.rest_client [req-6dde9cd5-a14e-4a36-b9a2-f981909a376c req-6dde9cd5-a14e-4a36-b9a2-f981909a376c ] Request (KeyPairsV2TestJSON:_run_cleanups): 202 DELETE http://10.180.1.21/compute/v2.1/os-keypairs/tempest-keypair-448153385 0.757s
2025-04-04 07:34:54.957 70056 WARNING tempest.lib.common.ssh [-] Failed to establish authenticated ssh connection to cirros@10.180.180.149 ([Errno None] Unable to connect to port 22 on 10.180.180.149). Number attempts: 3. Retry after 4 seconds.: paramiko.ssh_exception.NoValidConnectionsError: [Errno None] Unable to connect to port 22 on 10.180.180.149
2025-04-04 07:34:55.018 70066 INFO tempest.lib.common.rest_client [req-5afc26fb-b091-46c6-a72a-a4679d331615 req-5afc26fb-b091-46c6-a72a-a4679d331615 ] Request (ServerExternalEventsTest:test_create_server_external_events): 200 GET http://10.180.1.21/compute/v2.1/servers/ea758cd1-d95b-45b6-91ac-9169cbb7794f 0.827s
2025-04-04 07:34:55.086 70070 INFO tempest.lib.common.rest_client [req-ee478b93-a825-44a8-897c-59c5df64dfa7 req-ee478b93-a825-44a8-897c-59c5df64dfa7 ] Request (ImagesNegativeTestJSON:test_create_image_from_deleted_server): 200 GET http://10.180.1.21/compute/v2.1/servers/dc4af6ff-bbf1-412c-b089-339ada47e7ec 0.830s
2025-04-04 07:34:55.098 70070 INFO tempest.common.waiters [-] State transition "BUILD/scheduling" ==> "BUILD/None" after 26 second wait
2025-04-04 07:34:55.181 70084 INFO tempest.lib.common.rest_client [req-6db66a11-a98f-4d9f-9f64-9ac4bf8f6a92 req-6db66a11-a98f-4d9f-9f64-9ac4bf8f6a92 ] Request (ListServersNegativeTestJSON:setUpClass): 200 GET http://10.180.1.21/compute/v2.1/servers/85a9a85e-8118-4023-8ee1-e42775d00e9f 0.916s
2025-04-04 07:34:55.281 70072 INFO tempest.lib.common.rest_client [req-a3100a9f-8966-4e4b-b8f7-26de845a5a09 req-a3100a9f-8966-4e4b-b8f7-26de845a5a09 ] Request (ServersAaction247Test:test_create_backup): 200 GET http://10.180.1.21/compute/v2.1/servers/d14d3baf-95a0-4983-ab42-755bb9faa134 0.947s
2025-04-04 07:34:55.292 70072 INFO tempest.common.waiters [-] State transition "BUILD/networking" ==> "BUILD/spawning" after 45 second wait
2025-04-04 07:34:55.354 70060 INFO tempest.lib.common.rest_client [req-609fd3bb-d97b-49b6-99bf-069b105a537d req-609fd3bb-d97b-49b6-99bf-069b105a537d ] Request (FloatingIPDetailsTestJSON:tearDownClass): 202 DELETE http://10.180.1.21/compute/v2.1/os-floating-ips/22fd04f0-9b22-4a48-a839-b9d26b269b95 1.270s
2025-04-04 07:34:55.354 70082 INFO tempest.lib.common.rest_client [req-f8ef6063-c4aa-4dc3-b0c9-449e13b434bd req-f8ef6063-c4aa-4dc3-b0c9-449e13b434bd ] Request (ServersAdminTestJSON:setUpClass): 200 GET http://10.180.1.21/compute/v2.1/servers/59ed0380-72a0-4781-bfd2-2e1ab4879f78 0.998s
2025-04-04 07:34:55.418 70088 INFO tempest.lib.common.rest_client [req-70449d39-61aa-4df7-a321-ba8dad8a3f88 req-70449d39-61aa-4df7-a321-ba8dad8a3f88 ] Request (ServersAdminNegativeTestJSON:test_migrate_server_invalid_state): 200 GET http://10.180.1.21/compute/v2.1/servers/41eccfec-7190-47d3-bc4c-24a37f8f0be8 0.949s
2025-04-04 07:34:55.448 70118 INFO tempest.lib.common.rest_client [req-360585cc-909e-43fc-9a92-6ef496dd3be4 req-360585cc-909e-43fc-9a92-6ef496dd3be4 ] Request (ServersListShow296Test:tearDownClass): 200 GET http://10.180.1.21/compute/v2.1/servers/cb3d704d-e736-47a4-ba27-f87f5d3a28d9 1.032s
2025-04-04 07:34:55.449 70116 INFO tempest.lib.common.rest_client [req-44a8f21a-3822-4806-9fe3-1167a034983f req-44a8f21a-3822-4806-9fe3-1167a034983f ] Request (ServerMetadataTestJSON:test_delete_server_metadata_item): 204 DELETE http://10.180.1.21/compute/v2.1/servers/0f213415-1337-4fe0-a2d0-61e3986a952d/metadata/key1 0.823s
2025-04-04 07:34:55.504 70078 INFO tempest.lib.common.rest_client [req-85091881-52ce-4f8d-a7d6-bc30615e04bb req-85091881-52ce-4f8d-a7d6-bc30615e04bb ] Request (MultipleCreateTestJSON:test_multiple_create): 200 GET http://10.180.1.21/compute/v2.1/servers/f0e74a22-8d6c-44fc-808d-af887e716e59 0.570s
2025-04-04 07:34:55.521 70091 INFO tempest.lib.common.rest_client [req-f8e5ccb2-7af3-45ca-b412-1e4c2b0c72fd req-f8e5ccb2-7af3-45ca-b412-1e4c2b0c72fd ] Request (ImagesTestJSON:test_create_image_from_stopped_server): 202 POST http://10.180.1.21/compute/v2.1/servers/efcd3e19-7a15-469a-82fe-08c16658bb60/action 0.871s
2025-04-04 07:34:55.557 70096 INFO tempest.lib.common.rest_client [req-8548a677-80cf-49bf-8140-2a88959f43d3 req-8548a677-80cf-49bf-8140-2a88959f43d3 ] Request (KeyPairsV2TestJSON:test_keypairs_create_list_delete): 200 POST http://10.180.1.21/compute/v2.1/os-keypairs 0.610s
2025-04-04 07:34:55.580 70068 INFO tempest.lib.common.rest_client [req-06242d73-3179-40b5-9aa1-9cb5033aa107 req-06242d73-3179-40b5-9aa1-9cb5033aa107 ] Request (DeleteServersTestJSON:test_delete_active_server): 200 GET http://10.180.1.21/compute/v2.1/servers/bbb6ea42-4b20-4dd1-9bd6-69efcd4ed735 0.601s
2025-04-04 07:34:55.640 70064 INFO tempest.lib.common.rest_client [req-3a23af27-65bf-4341-83f3-aaeb3361e838 req-3a23af27-65bf-4341-83f3-aaeb3361e838 ] Request (SecurityGroupsTestJSON:test_server_security_groups): 200 GET http://10.180.1.21/compute/v2.1/servers/7da0d7f3-4091-44e0-9d21-d6e09e78603e 0.390s
2025-04-04 07:34:55.775 70104 INFO tempest.lib.common.rest_client [req-6ca887a4-2ea6-486d-8a75-0ae4b43f4f66 req-6ca887a4-2ea6-486d-8a75-0ae4b43f4f66 ] Request (FloatingIPsAssociationTestJSON:setUpClass): 200 GET http://10.180.1.21/compute/v2.1/servers/715ead8f-947c-47a4-9ff3-fbe27331d9d6 0.483s
2025-04-04 07:34:55.929 70106 INFO tempest.lib.common.rest_client [req-ae7ee8ec-b5f7-4bf0-8eeb-2c9bff56308f req-ae7ee8ec-b5f7-4bf0-8eeb-2c9bff56308f ] Request (FloatingIPsAssociationNegativeTestJSON:setUpClass): 200 GET http://10.180.1.21/compute/v2.1/servers/ebc6a142-aac9-4523-aa7b-c61e9feb9591 0.742s
2025-04-04 07:34:55.992 70076 INFO tempest.lib.common.rest_client [req-fe78e655-4586-4718-bd05-24146255777d req-fe78e655-4586-4718-bd05-24146255777d ] Request (AttachInterfacesTestJSON:test_create_list_show_delete_interfaces_by_fixed_ip): 200 GET http://10.180.1.21/compute/v2.1/servers/7f643918-3848-4e37-b15e-01a650cc53f3 0.635s
2025-04-04 07:34:56.127 70080 INFO tempest.lib.common.rest_client [req-414c98fa-a383-43d9-9417-ff6373d237d5 req-414c98fa-a383-43d9-9417-ff6373d237d5 ] Request (MigrationsAdminTest:test_list_migrations_in_flavor_resize_situation): 200 GET http://10.180.1.21/compute/v2.1/servers/9fb8d6eb-b484-49d5-b63f-1ad8e2e2bfab 0.761s
2025-04-04 07:34:56.182 70074 INFO tempest.lib.common.rest_client [req-ee79a86b-8fbc-4dc2-9625-6655902fa994 req-ee79a86b-8fbc-4dc2-9625-6655902fa994 ] Request (ListServerFiltersTestJSON:setUpClass): 200 GET http://10.180.1.21/compute/v2.1/servers/dac01f89-f37f-4fe9-a21b-4a4071002d37 0.774s
2025-04-04 07:34:56.217 70060 INFO tempest.lib.common.rest_client [req-80d77a73-619f-41a4-b4ff-6b81de096307 req-80d77a73-619f-41a4-b4ff-6b81de096307 ] Request (FloatingIPDetailsTestJSON:tearDownClass): 202 DELETE http://10.180.1.21/compute/v2.1/os-floating-ips/7a021c82-1a5b-4d35-87a2-b51352cbd2b2 0.863s
2025-04-04 07:34:56.242 70112 INFO tempest.lib.common.rest_client [req-37459a85-5ee9-4ee7-b303-805528e11ed8 req-37459a85-5ee9-4ee7-b303-805528e11ed8 ] Request (DeleteServersAdminTestJSON:test_admin_delete_servers_of_others): 200 GET http://10.180.1.21/compute/v2.1/servers/99eb9323-22b6-4f44-a88c-d3532f424111 0.822s
2025-04-04 07:34:56.244 70116 INFO tempest.lib.common.rest_client [req-bcb5c326-cea0-450d-b36c-16796e6b66dc req-bcb5c326-cea0-450d-b36c-16796e6b66dc ] Request (ServerMetadataTestJSON:test_delete_server_metadata_item): 200 GET http://10.180.1.21/compute/v2.1/servers/0f213415-1337-4fe0-a2d0-61e3986a952d/metadata 0.795s
2025-04-04 07:34:56.304 70100 INFO tempest.lib.common.rest_client [req-0155ae69-179a-41d1-b938-481b2825a0d2 req-0155ae69-179a-41d1-b938-481b2825a0d2 ] Request (ServerDiagnosticsTest:tearDownClass): 200 GET http://10.180.1.21/compute/v2.1/servers/cbebd4dd-d99c-410b-a3fa-c4954261abff 0.833s
2025-04-04 07:34:56.305 70098 INFO tempest.lib.common.rest_client [req-825104f5-ca02-488d-b0f7-cd6b9e0531ff req-825104f5-ca02-488d-b0f7-cd6b9e0531ff ] Request (ServersTestJSON:setUpClass): 200 GET http://10.180.1.21/compute/v2.1/servers/2a8dece2-833a-4aaa-aa12-6d167c68548d 0.827s
2025-04-04 07:34:56.362 70110 INFO tempest.lib.common.rest_client [req-0caba652-0196-4a22-b46c-5def5492a07d req-0caba652-0196-4a22-b46c-5def5492a07d ] Request (ServerAddressesTestJSON:setUpClass): 200 GET http://10.180.1.21/compute/v2.1/servers/eae4fc1d-13ea-4e22-b607-c6fb0472d791 0.840s
2025-04-04 07:34:56.417 70108 INFO tempest.lib.common.rest_client [req-f1283008-5fea-49cc-9c06-821c440655fa req-f1283008-5fea-49cc-9c06-821c440655fa ] Request (ServerDiagnosticsNegativeTest:tearDownClass): 200 GET http://10.180.1.21/compute/v2.1/servers/8d9df11b-f5bb-4577-b2b0-b49738d936ef 0.883s
2025-04-04 07:34:56.434 70091 INFO tempest.lib.common.rest_client [req-92fcccf4-4eb7-429a-bd02-efe1336b2927 req-92fcccf4-4eb7-429a-bd02-efe1336b2927 ] Request (ImagesTestJSON:test_create_image_from_stopped_server): 200 GET http://10.180.1.21/compute/v2.1/servers/efcd3e19-7a15-469a-82fe-08c16658bb60 0.912s
2025-04-04 07:34:56.447 70096 INFO tempest.lib.common.rest_client [req-09d04a8e-dde4-42d5-9add-246129e481b1 req-09d04a8e-dde4-42d5-9add-246129e481b1 ] Request (KeyPairsV2TestJSON:test_keypairs_create_list_delete): 200 POST http://10.180.1.21/compute/v2.1/os-keypairs 0.888s
2025-04-04 07:34:56.486 70114 INFO tempest.lib.common.rest_client [req-1a2592e3-9eb4-4f0a-9358-cdd2167fe61a req-1a2592e3-9eb4-4f0a-9358-cdd2167fe61a ] Request (AttachInterfacesUnderV243Test:test_add_remove_fixed_ip): 200 GET http://10.180.1.21/compute/v2.1/servers/0254e970-0c97-4c98-bdb0-c8dc36ea77ce 0.912s
2025-04-04 07:34:56.492 70058 INFO tempest.lib.common.rest_client [req-6c6333a4-9baf-4034-9e00-03790605a25a req-6c6333a4-9baf-4034-9e00-03790605a25a ] Request (ListImageFiltersTestJSON:setUpClass): 200 GET http://10.180.1.21/compute/v2.1/servers/fe6ce16f-ada2-4588-aca5-00de3ce94c08 0.773s
2025-04-04 07:34:56.539 70086 INFO tempest.lib.common.rest_client [req-8d07d598-e1f0-4d53-98c6-728aa5a9d0fa req-8d07d598-e1f0-4d53-98c6-728aa5a9d0fa ] Request (ServersTestFqdnHostnames:test_create_server_with_fqdn_name): 200 GET http://10.180.1.21/compute/v2.1/servers/36e915c8-e43c-425a-8c47-643372176a16 0.754s
2025-04-04 07:34:56.548 70102 INFO tempest.lib.common.rest_client [req-fd906bab-2f98-4f95-886c-590ed74946d3 req-fd906bab-2f98-4f95-886c-590ed74946d3 ] Request (ServerDiagnosticsV248Test:tearDownClass): 200 GET http://10.180.1.21/compute/v2.1/servers/e86927b1-749c-43b3-908f-43b3b7ace331 0.827s
2025-04-04 07:34:56.600 70092 INFO tempest.lib.common.rest_client [req-8e4407f4-35ef-4a7e-adf7-56b4dcd6ff5c req-8e4407f4-35ef-4a7e-adf7-56b4dcd6ff5c ] Request (ServerActionsV293TestJSON:setUpClass): 200 GET http://10.180.1.21/compute/v2.1/servers/8e706f66-96b6-40c0-92d2-565e80eae0f3 0.712s
2025-04-04 07:34:56.602 70066 INFO tempest.lib.common.rest_client [req-b37c54e0-bc7d-47db-868e-7b2635d2c27b req-b37c54e0-bc7d-47db-868e-7b2635d2c27b ] Request (ServerExternalEventsTest:test_create_server_external_events): 200 GET http://10.180.1.21/compute/v2.1/servers/ea758cd1-d95b-45b6-91ac-9169cbb7794f 0.567s
2025-04-04 07:34:56.657 70070 INFO tempest.lib.common.rest_client [req-3ab2c4d3-79d3-4c0e-8efe-c87486a7d19c req-3ab2c4d3-79d3-4c0e-8efe-c87486a7d19c ] Request (ImagesNegativeTestJSON:test_create_image_from_deleted_server): 200 GET http://10.180.1.21/compute/v2.1/servers/dc4af6ff-bbf1-412c-b089-339ada47e7ec 0.556s
2025-04-04 07:34:56.663 70084 INFO tempest.lib.common.rest_client [req-3bd2bdd6-a3a6-40c9-9434-b578d23c42b1 req-3bd2bdd6-a3a6-40c9-9434-b578d23c42b1 ] Request (ListServersNegativeTestJSON:setUpClass): 200 GET http://10.180.1.21/compute/v2.1/servers/85a9a85e-8118-4023-8ee1-e42775d00e9f 0.467s
2025-04-04 07:34:56.726 70116 INFO tempest.lib.common.rest_client [req-958103ba-de92-4142-9640-67cb0edd6fd5 req-958103ba-de92-4142-9640-67cb0edd6fd5 ] Request (ServerMetadataTestJSON:setUp): 200 PUT http://10.180.1.21/compute/v2.1/servers/0f213415-1337-4fe0-a2d0-61e3986a952d/metadata 0.479s
2025-04-04 07:34:56.777 70072 INFO tempest.lib.common.rest_client [req-792457bc-d0bd-4b26-ae39-6ac01c0a64b0 req-792457bc-d0bd-4b26-ae39-6ac01c0a64b0 ] Request (ServersAaction247Test:test_create_backup): 200 GET http://10.180.1.21/compute/v2.1/servers/d14d3baf-95a0-4983-ab42-755bb9faa134 0.484s
2025-04-04 07:34:56.831 70082 INFO tempest.lib.common.rest_client [req-ee0d0127-71bc-432a-bde6-fdc2373a2370 req-ee0d0127-71bc-432a-bde6-fdc2373a2370 ] Request (ServersAdminTestJSON:setUpClass): 200 GET http://10.180.1.21/compute/v2.1/servers/59ed0380-72a0-4781-bfd2-2e1ab4879f78 0.465s
2025-04-04 07:34:56.884 70088 INFO tempest.lib.common.rest_client [req-cc45e848-99b5-461a-a969-2504178596e9 req-cc45e848-99b5-461a-a969-2504178596e9 ] Request (ServersAdminNegativeTestJSON:test_migrate_server_invalid_state): 200 GET http://10.180.1.21/compute/v2.1/servers/41eccfec-7190-47d3-bc4c-24a37f8f0be8 0.455s
2025-04-04 07:34:56.916 70096 INFO tempest.lib.common.rest_client [req-7469283d-7a95-4439-bf5e-0f38b12d98e2 req-7469283d-7a95-4439-bf5e-0f38b12d98e2 ] Request (KeyPairsV2TestJSON:test_keypairs_create_list_delete): 200 POST http://10.180.1.21/compute/v2.1/os-keypairs 0.466s
2025-04-04 07:34:56.985 70118 INFO tempest.lib.common.rest_client [req-7f3f85b3-5780-44af-abe7-ba8a75bf6f0e req-7f3f85b3-5780-44af-abe7-ba8a75bf6f0e ] Request (ServersListShow296Test:tearDownClass): 200 GET http://10.180.1.21/compute/v2.1/servers/cb3d704d-e736-47a4-ba27-f87f5d3a28d9 0.523s
2025-04-04 07:34:57.006 70060 INFO tempest.lib.common.rest_client [req-14b72c54-4ac3-4b20-a0af-eae9f30d9e6d req-14b72c54-4ac3-4b20-a0af-eae9f30d9e6d ] Request (FloatingIPDetailsTestJSON:tearDownClass): 202 DELETE http://10.180.1.21/compute/v2.1/os-floating-ips/824902aa-f7cd-4c05-8517-053b002954e1 0.789s
2025-04-04 07:34:57.041 70078 INFO tempest.lib.common.rest_client [req-4ced2e37-6471-4196-83a0-ef7be89efa6f req-4ced2e37-6471-4196-83a0-ef7be89efa6f ] Request (MultipleCreateTestJSON:test_multiple_create): 200 GET http://10.180.1.21/compute/v2.1/servers/f0e74a22-8d6c-44fc-808d-af887e716e59 0.526s
2025-04-04 07:34:57.079 70068 INFO tempest.lib.common.rest_client [req-7f1a4879-3364-45be-bbda-d2d80d08acff req-7f1a4879-3364-45be-bbda-d2d80d08acff ] Request (DeleteServersTestJSON:test_delete_active_server): 200 GET http://10.180.1.21/compute/v2.1/servers/bbb6ea42-4b20-4dd1-9bd6-69efcd4ed735 0.491s
2025-04-04 07:34:57.087 70068 INFO tempest.common.waiters [-] State transition "BUILD/scheduling" ==> "BUILD/None" after 28 second wait
2025-04-04 07:34:57.094 70064 INFO tempest.lib.common.rest_client [req-af0f00ca-fd67-4591-ba13-baa699822c34 req-af0f00ca-fd67-4591-ba13-baa699822c34 ] Request (SecurityGroupsTestJSON:test_server_security_groups): 200 GET http://10.180.1.21/compute/v2.1/servers/7da0d7f3-4091-44e0-9d21-d6e09e78603e 0.446s
2025-04-04 07:34:57.119 70116 INFO tempest.lib.common.rest_client [req-d0de10ed-413a-4aa7-8ffc-1ceb4a0dab9b req-d0de10ed-413a-4aa7-8ffc-1ceb4a0dab9b ] Request (ServerMetadataTestJSON:test_get_server_metadata_item): 200 GET http://10.180.1.21/compute/v2.1/servers/0f213415-1337-4fe0-a2d0-61e3986a952d/metadata/key2 0.392s
2025-04-04 07:34:57.130 70096 INFO tempest.lib.common.rest_client [req-b0577692-5322-4f86-ad84-9c8173072d23 req-b0577692-5322-4f86-ad84-9c8173072d23 ] Request (KeyPairsV2TestJSON:test_keypairs_create_list_delete): 200 GET http://10.180.1.21/compute/v2.1/os-keypairs 0.212s
2025-04-04 07:34:57.301 70104 INFO tempest.lib.common.rest_client [req-d776e4bb-a0e3-44c9-80c7-f8871d37e168 req-d776e4bb-a0e3-44c9-80c7-f8871d37e168 ] Request (FloatingIPsAssociationTestJSON:setUpClass): 200 GET http://10.180.1.21/compute/v2.1/servers/715ead8f-947c-47a4-9ff3-fbe27331d9d6 0.515s
2025-04-04 07:34:57.340 70106 INFO tempest.lib.common.rest_client [req-9250159f-df8b-4a59-b886-5f400d5946d7 req-9250159f-df8b-4a59-b886-5f400d5946d7 ] Request (FloatingIPsAssociationNegativeTestJSON:setUpClass): 200 GET http://10.180.1.21/compute/v2.1/servers/ebc6a142-aac9-4523-aa7b-c61e9feb9591 0.402s
2025-04-04 07:34:57.347 70106 INFO tempest.common.waiters [-] State transition "BUILD/spawning" ==> "ACTIVE/None" after 50 second wait
2025-04-04 07:34:57.363 70076 INFO tempest.lib.common.rest_client [req-5c3a3c79-6701-4b5c-8d69-ee33f5e0d66e req-5c3a3c79-6701-4b5c-8d69-ee33f5e0d66e ] Request (AttachInterfacesTestJSON:test_create_list_show_delete_interfaces_by_fixed_ip): 200 GET http://10.180.1.21/compute/v2.1/servers/7f643918-3848-4e37-b15e-01a650cc53f3 0.363s
2025-04-04 07:34:57.379 70096 INFO tempest.lib.common.rest_client [req-4327ce93-46b3-437a-b19c-97f0f450a07e req-4327ce93-46b3-437a-b19c-97f0f450a07e ] Request (KeyPairsV2TestJSON:_run_cleanups): 202 DELETE http://10.180.1.21/compute/v2.1/os-keypairs/tempest-KeyPairsV2TestJSON-keypair-1662520192 0.246s
2025-04-04 07:34:57.422 70116 INFO tempest.lib.common.rest_client [req-9ea0f2c6-f575-48c9-a4c3-d273ea46eb28 req-9ea0f2c6-f575-48c9-a4c3-d273ea46eb28 ] Request (ServerMetadataTestJSON:setUp): 200 PUT http://10.180.1.21/compute/v2.1/servers/0f213415-1337-4fe0-a2d0-61e3986a952d/metadata 0.298s
2025-04-04 07:34:57.500 70074 INFO tempest.lib.common.rest_client [req-7707ba4b-c7cc-4d9f-99fd-e22c76f896e4 req-7707ba4b-c7cc-4d9f-99fd-e22c76f896e4 ] Request (ListServerFiltersTestJSON:setUpClass): 200 GET http://10.180.1.21/compute/v2.1/servers/dac01f89-f37f-4fe9-a21b-4a4071002d37 0.307s
2025-04-04 07:34:57.528 70112 INFO tempest.lib.common.rest_client [req-1935da76-8202-43d8-98ad-2cb335dd0a4c req-1935da76-8202-43d8-98ad-2cb335dd0a4c ] Request (DeleteServersAdminTestJSON:test_admin_delete_servers_of_others): 404 GET http://10.180.1.21/compute/v2.1/servers/99eb9323-22b6-4f44-a88c-d3532f424111 0.276s
2025-04-04 07:34:57.608 70080 INFO tempest.lib.common.rest_client [req-3f49f63a-86d4-4a77-9442-1b349f188e59 req-3f49f63a-86d4-4a77-9442-1b349f188e59 ] Request (MigrationsAdminTest:test_list_migrations_in_flavor_resize_situation): 200 GET http://10.180.1.21/compute/v2.1/servers/9fb8d6eb-b484-49d5-b63f-1ad8e2e2bfab 0.471s
2025-04-04 07:34:57.612 70098 INFO tempest.lib.common.rest_client [req-27ba3d94-61b6-48dc-82ce-313c2df113e2 req-27ba3d94-61b6-48dc-82ce-313c2df113e2 ] Request (ServersTestJSON:setUpClass): 200 GET http://10.180.1.21/compute/v2.1/servers/2a8dece2-833a-4aaa-aa12-6d167c68548d 0.299s
2025-04-04 07:34:57.631 70112 INFO tempest.lib.common.rest_client [req-ee692867-41d0-4e5f-b988-50aeb3de2945 req-ee692867-41d0-4e5f-b988-50aeb3de2945 ] Request (DeleteServersAdminTestJSON:test_delete_server_while_in_error_state): 201 POST http://10.180.1.21/identity/v3/auth/tokens 0.094s
2025-04-04 07:34:57.631 70112 INFO tempest.lib.common.fixed_network [-] (DeleteServersAdminTestJSON:test_delete_server_while_in_error_state) Found network None available for tenant
2025-04-04 07:34:57.706 70100 INFO tempest.lib.common.rest_client [req-d5469f03-7d41-41f5-8605-19bc20e452e3 req-d5469f03-7d41-41f5-8605-19bc20e452e3 ] Request (ServerDiagnosticsTest:tearDownClass): 200 GET http://10.180.1.21/compute/v2.1/servers/cbebd4dd-d99c-410b-a3fa-c4954261abff 0.392s
2025-04-04 07:34:57.786 70110 INFO tempest.lib.common.rest_client [req-ffa04441-4272-45b9-a05d-39788364e7b8 req-ffa04441-4272-45b9-a05d-39788364e7b8 ] Request (ServerAddressesTestJSON:setUpClass): 200 GET http://10.180.1.21/compute/v2.1/servers/eae4fc1d-13ea-4e22-b607-c6fb0472d791 0.417s
2025-04-04 07:34:57.821 70096 INFO tempest.lib.common.rest_client [req-0baf3ff0-cec4-4198-befe-f319d422d780 req-0baf3ff0-cec4-4198-befe-f319d422d780 ] Request (KeyPairsV2TestJSON:_run_cleanups): 202 DELETE http://10.180.1.21/compute/v2.1/os-keypairs/tempest-KeyPairsV2TestJSON-keypair-299843526 0.441s
2025-04-04 07:34:57.851 70116 INFO tempest.lib.common.rest_client [req-9e0bea2a-b0e2-4bcf-8b94-b61bbbe8e765 req-9e0bea2a-b0e2-4bcf-8b94-b61bbbe8e765 ] Request (ServerMetadataTestJSON:test_list_server_metadata): 200 GET http://10.180.1.21/compute/v2.1/servers/0f213415-1337-4fe0-a2d0-61e3986a952d/metadata 0.428s
2025-04-04 07:34:57.897 70062 WARNING tempest.lib.common.ssh [-] Failed to establish authenticated ssh connection to cirros@10.180.180.239 ([Errno None] Unable to connect to port 22 on 10.180.180.239). Number attempts: 2. Retry after 3 seconds.: paramiko.ssh_exception.NoValidConnectionsError: [Errno None] Unable to connect to port 22 on 10.180.180.239
2025-04-04 07:34:57.940 70108 INFO tempest.lib.common.rest_client [req-da08b711-210a-410d-9589-323d2e9bea6c req-da08b711-210a-410d-9589-323d2e9bea6c ] Request (ServerDiagnosticsNegativeTest:tearDownClass): 200 GET http://10.180.1.21/compute/v2.1/servers/8d9df11b-f5bb-4577-b2b0-b49738d936ef 0.515s
2025-04-04 07:34:58.186 70091 INFO tempest.lib.common.rest_client [req-ddc47232-611e-43ca-9581-0047567964bb req-ddc47232-611e-43ca-9581-0047567964bb ] Request (ImagesTestJSON:test_create_image_from_stopped_server): 200 GET http://10.180.1.21/compute/v2.1/servers/efcd3e19-7a15-469a-82fe-08c16658bb60 0.744s
2025-04-04 07:34:58.197 70091 INFO tempest.common.waiters [-] State transition "ACTIVE/powering-off" ==> "SHUTOFF/None" after 2 second wait
2025-04-04 07:34:58.253 70114 INFO tempest.lib.common.rest_client [req-1489d2ba-2e65-4d0e-b34d-d5fb729749da req-1489d2ba-2e65-4d0e-b34d-d5fb729749da ] Request (AttachInterfacesUnderV243Test:test_add_remove_fixed_ip): 200 GET http://10.180.1.21/compute/v2.1/servers/0254e970-0c97-4c98-bdb0-c8dc36ea77ce 0.759s
2025-04-04 07:34:58.313 70058 INFO tempest.lib.common.rest_client [req-643e28d6-ea33-46c8-a2d6-eafd0bcc717e req-643e28d6-ea33-46c8-a2d6-eafd0bcc717e ] Request (ListImageFiltersTestJSON:setUpClass): 200 GET http://10.180.1.21/compute/v2.1/servers/fe6ce16f-ada2-4588-aca5-00de3ce94c08 0.813s
2025-04-04 07:34:58.361 70086 INFO tempest.lib.common.rest_client [req-9b862642-7112-47c1-98ab-1020f2d20306 req-9b862642-7112-47c1-98ab-1020f2d20306 ] Request (ServersTestFqdnHostnames:test_create_server_with_fqdn_name): 200 GET http://10.180.1.21/compute/v2.1/servers/36e915c8-e43c-425a-8c47-643372176a16 0.815s
2025-04-04 07:34:58.606 70102 INFO tempest.lib.common.rest_client [req-086c1b5a-0eb2-4ebc-8c29-8ba235cb75ae req-086c1b5a-0eb2-4ebc-8c29-8ba235cb75ae ] Request (ServerDiagnosticsV248Test:tearDownClass): 200 GET http://10.180.1.21/compute/v2.1/servers/e86927b1-749c-43b3-908f-43b3b7ace331 1.048s
2025-04-04 07:34:58.668 70066 INFO tempest.lib.common.rest_client [req-cada1d02-fec7-4a65-b0fd-76c2f4cde1d3 req-cada1d02-fec7-4a65-b0fd-76c2f4cde1d3 ] Request (ServerExternalEventsTest:test_create_server_external_events): 200 GET http://10.180.1.21/compute/v2.1/servers/ea758cd1-d95b-45b6-91ac-9169cbb7794f 1.057s
2025-04-04 07:34:58.669 70060 INFO tempest.lib.common.rest_client [req-12f1a93f-ca1d-4c55-ab53-60c68bea648c req-12f1a93f-ca1d-4c55-ab53-60c68bea648c ] Request (FloatingIPDetailsTestJSON:tearDownClass): 200 PUT http://10.180.1.21:9696/networking/v2.0/routers/3f78b8be-6e6b-427a-aa06-1d1af3dcaf13/remove_router_interface 1.662s
2025-04-04 07:34:58.731 70092 INFO tempest.lib.common.rest_client [req-3d67b7fb-41a5-4d83-8ccf-bbabb284aa10 req-3d67b7fb-41a5-4d83-8ccf-bbabb284aa10 ] Request (ServerActionsV293TestJSON:setUpClass): 200 GET http://10.180.1.21/compute/v2.1/servers/8e706f66-96b6-40c0-92d2-565e80eae0f3 1.119s
2025-04-04 07:34:58.870 70106 INFO tempest.lib.common.rest_client [req-097fc241-7014-45dd-b29b-227efb41a678 req-097fc241-7014-45dd-b29b-227efb41a678 ] Request (FloatingIPsAssociationNegativeTestJSON:test_associate_ip_to_server_with_floating_ip): 200 POST http://10.180.1.21/compute/v2.1/os-floating-ips 1.523s
2025-04-04 07:34:58.936 70070 INFO tempest.lib.common.rest_client [req-ca8d4cd9-a805-459d-9f8a-fe0ab0fcdebf req-ca8d4cd9-a805-459d-9f8a-fe0ab0fcdebf ] Request (ImagesNegativeTestJSON:test_create_image_from_deleted_server): 200 GET http://10.180.1.21/compute/v2.1/servers/dc4af6ff-bbf1-412c-b089-339ada47e7ec 1.269s
2025-04-04 07:34:58.988 70112 INFO tempest.lib.common.rest_client [req-11d23a16-92f6-49d0-805b-f5f321879b16 req-11d23a16-92f6-49d0-805b-f5f321879b16 ] Request (DeleteServersAdminTestJSON:test_delete_server_while_in_error_state): 202 POST http://10.180.1.21/compute/v2.1/servers 1.356s
