2025-05-14 06:18:30.344 69713 INFO tempest.lib.common.rest_client [req-dfe39778-3218-4a0e-83e1-71ac946bbab5 req-dfe39778-3218-4a0e-83e1-71ac946bbab5 ] Request (ServersTestManualDisk:tearDownClass): 200 GET http://10.180.1.21/compute/v2.1/servers/d97c3b3d-e9b2-46b0-87e7-f6660de013ca 0.635s
2025-05-14 06:18:30.366 69695 INFO tempest.lib.common.rest_client [req-d727f1a2-ec6a-4f31-9e62-dc7242695c8d req-d727f1a2-ec6a-4f31-9e62-dc7242695c8d ] Request (ImagesOneServerNegativeTestJSON:test_create_second_image_when_first_image_is_being_saved): 202 POST http://10.180.1.21/compute/v2.1/servers/c55f207e-511e-44c0-ad4c-0415a9d94755/action 0.745s
2025-05-14 06:18:30.382 69701 INFO tempest.lib.common.rest_client [req-d575b164-ea65-4f99-936b-ffa6c94db974 req-d575b164-ea65-4f99-936b-ffa6c94db974 ] Request (DeleteServersAdminTestJSON:tearDownClass): 204 DELETE http://10.180.1.21/identity/v3/projects/d72af774e9a642e1b3665ab0751ba694 0.139s
2025-05-14 06:18:30.408 69657 INFO tempest.lib.common.rest_client [req-49cfeae1-35bf-4c3b-b83e-329342a55d9d req-49cfeae1-35bf-4c3b-b83e-329342a55d9d ] Request (ServerDiagnosticsV248Test:tearDownClass): 200 GET http://10.180.1.21/compute/v2.1/servers/1b1a56e1-6fbb-485e-a802-7acffe4ccb3e 0.610s
2025-05-14 06:18:30.411 69673 INFO tempest.lib.common.rest_client [req-7cfd1d53-610f-4877-8fa3-63048110d4b6 req-7cfd1d53-610f-4877-8fa3-63048110d4b6 ] Request (ExtensionsTest:tearDownClass): 204 DELETE http://10.180.1.21:9696/networking/v2.0/security-groups/053525ae-7252-4a38-b50c-12bf85e39f99 0.125s
2025-05-14 06:18:30.448 69689 INFO tempest.lib.common.rest_client [req-7dd60718-240e-4864-8b66-f341b8a16716 req-7dd60718-240e-4864-8b66-f341b8a16716 ] Request (ServersListShow2100Test:test_list_show_rebuild_update_server_2100): 200 GET http://10.180.1.21/compute/v2.1/servers/67cfedae-c64c-4b5b-abef-fb675497edc7 0.647s
2025-05-14 06:18:30.470 69701 INFO tempest.lib.common.rest_client [req-8c6942a2-4344-4057-b173-5f646f319c5f req-8c6942a2-4344-4057-b173-5f646f319c5f ] Request (ServersAdminNegativeTestJSON:setUpClass): 201 POST http://10.180.1.21/identity/v3/auth/tokens 0.086s
2025-05-14 06:18:30.472 69705 INFO tempest.lib.common.rest_client [req-d53903fd-1709-4763-9084-37cf8e0fe5d7 req-d53903fd-1709-4763-9084-37cf8e0fe5d7 ] Request (ServerDiskConfigTestJSON:test_rebuild_server_with_manual_disk_config): 200 GET http://10.180.1.21/compute/v2.1/servers/f46ab4a0-a375-4d93-9cb6-0c0823fabbe4 0.621s
2025-05-14 06:18:30.514 69711 INFO tempest.lib.common.rest_client [req-d699cf34-f743-403f-bc36-93c12d595521 req-d699cf34-f743-403f-bc36-93c12d595521 ] Request (ServerMetadataNegativeTestJSON:tearDownClass): 200 GET http://10.180.1.21/compute/v2.1/servers/8cabb81d-9470-4b45-b183-485160fc4a9b 0.594s
2025-05-14 06:18:30.522 69673 INFO tempest.lib.common.rest_client [req-3a15071f-2d61-432f-9737-ef33412d30ee req-3a15071f-2d61-432f-9737-ef33412d30ee ] Request (ExtensionsTest:tearDownClass): 204 DELETE http://10.180.1.21/identity/v3/projects/3f182b9442144322932dada80118f5a2 0.111s
2025-05-14 06:18:30.531 69681 INFO tempest.lib.common.rest_client [req-b3c3b4dd-9a7f-48bf-848c-18c6c3ba1204 req-b3c3b4dd-9a7f-48bf-848c-18c6c3ba1204 ] Request (ServersTestJSON:test_create_server_specify_multibyte_character_name): 200 GET http://10.180.1.21/compute/v2.1/servers/0ca17a0f-73d1-4a32-b1df-a3e89f7bf386 0.575s
2025-05-14 06:18:30.541 69701 INFO tempest.lib.common.rest_client [req-a7fa7061-930b-4751-b1f5-20d788a42465 req-a7fa7061-930b-4751-b1f5-20d788a42465 ] Request (ServersAdminNegativeTestJSON:setUpClass): 201 POST http://10.180.1.21/identity/v3/auth/tokens 0.068s
2025-05-14 06:18:30.566 69701 INFO tempest.lib.common.rest_client [req-2d7928fe-ea23-4339-a404-b86dd83951a2 req-2d7928fe-ea23-4339-a404-b86dd83951a2 ] Request (ServersAdminNegativeTestJSON:setUpClass): 200 GET http://10.180.1.21/identity/v3/domains?name=Default 0.024s
2025-05-14 06:18:30.570 69653 INFO tempest.lib.common.rest_client [req-1e27517d-bfda-4e46-8710-136241701155 req-1e27517d-bfda-4e46-8710-136241701155 ] Request (ServersTestJSON:setUpClass): 200 GET http://10.180.1.21/compute/v2.1/servers/f8b9e3a2-7519-4801-80d5-6fc96920bcfe 0.572s
2025-05-14 06:18:30.584 69655 INFO tempest.lib.common.rest_client [req-f7e2364a-1322-42af-bced-82b1740d99e8 req-f7e2364a-1322-42af-bced-82b1740d99e8 ] Request (ServersWithSpecificFlavorTestJSON:test_verify_created_server_ephemeral_disk): 200 GET http://10.180.1.21/compute/v2.1/servers/281be6bd-4961-4ce5-9179-98256244069a 0.539s
2025-05-14 06:18:30.597 69701 INFO tempest.lib.common.rest_client [req-17ca3a8b-12f5-4132-9ac8-e5eb21d28474 req-17ca3a8b-12f5-4132-9ac8-e5eb21d28474 ] Request (ServersAdminNegativeTestJSON:setUpClass): 201 POST http://10.180.1.21/identity/v3/projects 0.030s
2025-05-14 06:18:30.602 69691 INFO tempest.lib.common.rest_client [req-d94ce60b-2461-420e-af14-1e15c21838b9 req-d94ce60b-2461-420e-af14-1e15c21838b9 ] Request (ListImageFiltersTestJSON:setUpClass): 200 GET http://10.180.1.21/compute/v2.1/images/77198319-a87a-4587-871a-bfc16be89d06 0.548s
2025-05-14 06:18:30.652 69661 INFO tempest.lib.common.rest_client [req-759747e0-9717-4916-bacc-8590c0f58b29 req-759747e0-9717-4916-bacc-8590c0f58b29 ] Request (FloatingIPsAssociationTestJSON:tearDownClass): 200 GET http://10.180.1.21/compute/v2.1/servers/1f7d5eb3-95f6-4b72-83df-a63a653091f7 0.539s
2025-05-14 06:18:30.666 69685 INFO tempest.lib.common.rest_client [req-c3009bc6-b449-42de-a800-01100744a714 req-c3009bc6-b449-42de-a800-01100744a714 ] Request (SecurityGroupsTestJSON:test_server_security_groups): 200 GET http://10.180.1.21/compute/v2.1/servers/ffd5b288-3fd6-409e-a4cf-69894dd8d62c 0.493s
2025-05-14 06:18:30.669 69701 INFO tempest.lib.common.rest_client [req-7427242d-5372-42bf-9008-9a02d51907f1 req-7427242d-5372-42bf-9008-9a02d51907f1 ] Request (ServersAdminNegativeTestJSON:setUpClass): 201 POST http://10.180.1.21/identity/v3/users 0.072s
2025-05-14 06:18:30.698 69701 INFO tempest.lib.common.rest_client [req-2e79080a-f765-4b30-ae95-e5397241bda9 req-2e79080a-f765-4b30-ae95-e5397241bda9 ] Request (ServersAdminNegativeTestJSON:setUpClass): 200 GET http://10.180.1.21/identity/v3/roles 0.028s
2025-05-14 06:18:30.729 69701 INFO tempest.lib.common.rest_client [req-9d55f766-c15b-41c6-a735-3eeb8c0bf7da req-9d55f766-c15b-41c6-a735-3eeb8c0bf7da ] Request (ServersAdminNegativeTestJSON:setUpClass): 204 PUT http://10.180.1.21/identity/v3/projects/feab4078b7e64f86b467ac145f681e21/users/007b9b7b4fab4ae9bff667ecc22c746f/roles/eb8b0c8ae04147b5bedd6acbdc631a06 0.031s
2025-05-14 06:18:30.730 69701 INFO tempest.lib.common.dynamic_creds [-] Dynamic test user 007b9b7b4fab4ae9bff667ecc22c746f is created with scope project and roles: ['member']
2025-05-14 06:18:30.730 69701 INFO tempest.lib.common.dynamic_creds [-] Acquired dynamic creds: credentials: Credentials: {'domain_id': 'default', 'domain_name': 'Default', 'username': 'tempest-ServersAdminNegativeTestJSON-1844820615-project-member', 'project_domain_id': 'default', 'project_domain_name': 'Default', 'project_id': 'feab4078b7e64f86b467ac145f681e21', 'project_name': 'tempest-ServersAdminNegativeTestJSON-1844820615', 'tenant_id': 'feab4078b7e64f86b467ac145f681e21', 'tenant_name': 'tempest-ServersAdminNegativeTestJSON-1844820615', 'user_domain_id': 'default', 'user_domain_name': 'Default', 'user_id': '007b9b7b4fab4ae9bff667ecc22c746f', 'system': None}, Network: None, Subnet: None, Router: None
2025-05-14 06:18:30.730 69701 INFO tempest.lib.common.dynamic_creds [-] Created isolated network resources for: credentials: Credentials: {'domain_id': 'default', 'domain_name': 'Default', 'username': 'tempest-ServersAdminNegativeTestJSON-1844820615-project-member', 'project_domain_id': 'default', 'project_domain_name': 'Default', 'project_id': 'feab4078b7e64f86b467ac145f681e21', 'project_name': 'tempest-ServersAdminNegativeTestJSON-1844820615', 'tenant_id': 'feab4078b7e64f86b467ac145f681e21', 'tenant_name': 'tempest-ServersAdminNegativeTestJSON-1844820615', 'user_domain_id': 'default', 'user_domain_name': 'Default', 'user_id': '007b9b7b4fab4ae9bff667ecc22c746f', 'system': None}, Network: None, Subnet: None, Router: None
2025-05-14 06:18:30.748 69669 INFO tempest.lib.common.rest_client [req-60d3ce8f-6a45-4807-b4e7-1b5c3b3a5e10 req-60d3ce8f-6a45-4807-b4e7-1b5c3b3a5e10 ] Request (ServersV294TestFqdnHostnames:tearDownClass): 204 DELETE http://10.180.1.21/compute/v2.1/servers/1bd449dc-7011-4fad-956b-0bd23c946441 0.480s
2025-05-14 06:18:30.771 69651 INFO tempest.lib.common.rest_client [req-18e5fbd7-885c-40a2-ae9e-28a3f66b6e91 req-18e5fbd7-885c-40a2-ae9e-28a3f66b6e91 ] Request (ServicesAdminNegativeV253TestJSON:test_list_services_with_non_admin_user): 403 GET http://10.180.1.21/compute/v2.1/os-services 0.510s
2025-05-14 06:18:30.805 69671 INFO tempest.lib.common.rest_client [req-664171c6-2dfd-414b-a251-ffbf2777e2e9 req-664171c6-2dfd-414b-a251-ffbf2777e2e9 ] Request (ServersTestBootFromVolume:setUpClass): 200 GET http://10.180.1.21/compute/v2.1/servers/166e9b2f-cd18-4498-82c8-47a5085961f8 0.504s
2025-05-14 06:18:30.821 69701 INFO tempest.lib.common.rest_client [req-8f8b2506-050a-4e5c-b90b-861efb7607ee req-8f8b2506-050a-4e5c-b90b-861efb7607ee ] Request (ServersAdminNegativeTestJSON:setUpClass): 201 POST http://10.180.1.21/identity/v3/auth/tokens 0.086s
2025-05-14 06:18:30.837 69697 INFO tempest.lib.common.rest_client [req-86fd17f0-f32a-4976-8712-4b91ccc812a9 req-86fd17f0-f32a-4976-8712-4b91ccc812a9 ] Request (ServerActionsTestJSON:setUpClass): 200 GET http://10.180.1.21/compute/v2.1/servers/d3941c63-5974-4a1b-9e79-f4df050659cd 0.488s
2025-05-14 06:18:30.840 69695 INFO tempest.lib.common.rest_client [req-1be756b8-a1a9-4b90-96fc-d66e7cde10dc req-1be756b8-a1a9-4b90-96fc-d66e7cde10dc ] Request (ImagesOneServerNegativeTestJSON:test_create_second_image_when_first_image_is_being_saved): 409 POST http://10.180.1.21/compute/v2.1/servers/c55f207e-511e-44c0-ad4c-0415a9d94755/action 0.472s
2025-05-14 06:18:30.900 69651 INFO tempest.lib.common.rest_client [req-91311d98-3a88-403e-988a-2c5c0f2f2f66 req-91311d98-3a88-403e-988a-2c5c0f2f2f66 ] Request (ServicesAdminNegativeV253TestJSON:tearDownClass): 204 DELETE http://10.180.1.21/identity/v3/users/594f9795f4eb4633a33cd87add2069bd 0.127s
2025-05-14 06:18:30.903 69663 INFO tempest.lib.common.rest_client [req-44145cbb-64b7-424e-b881-1e93861b6178 req-44145cbb-64b7-424e-b881-1e93861b6178 ] Request (ImagesTestJSON:test_create_image_from_suspended_server): 200 GET http://10.180.1.21/compute/v2.1/servers/14dd4ccb-14cd-410b-aaa4-de45334edeca 0.500s
2025-05-14 06:18:30.909 69703 INFO tempest.lib.common.rest_client [req-f9d67f8a-46b1-4539-93c5-10af8dac8032 req-f9d67f8a-46b1-4539-93c5-10af8dac8032 ] Request (InstanceActionsTestJSON:setUpClass): 200 GET http://10.180.1.21/compute/v2.1/servers/257f9d36-bd6f-410a-a8d8-bba2e862b131 0.449s
2025-05-14 06:18:30.957 69701 INFO tempest.lib.common.rest_client [req-3d14a905-d6ae-4e30-a681-1d8451b95168 req-3d14a905-d6ae-4e30-a681-1d8451b95168 ] Request (ServersAdminNegativeTestJSON:setUpClass): 201 POST http://10.180.1.21/identity/v3/projects 0.136s
2025-05-14 06:18:30.969 69693 INFO tempest.lib.common.rest_client [req-59e1ce9e-5b68-406c-ab16-584a4b489139 req-59e1ce9e-5b68-406c-ab16-584a4b489139 ] Request (ListServersNegativeTestJSON:setUpClass): 200 GET http://10.180.1.21/compute/v2.1/servers/343cba2c-2c74-45dd-a070-848cf139b3bb 0.486s
2025-05-14 06:18:30.986 69659 INFO tempest.lib.common.rest_client [req-66a8f3fb-1df2-45ef-bf08-6aad4bf4f3db req-66a8f3fb-1df2-45ef-bf08-6aad4bf4f3db ] Request (VolumesAssistedSnapshotsTest:tearDownClass): 200 GET http://10.180.1.21/compute/v2.1/servers/2dfce727-3973-48b4-9326-a2fa2a64779e 0.421s
2025-05-14 06:18:31.039 69701 INFO tempest.lib.common.rest_client [req-57eef3a8-8245-434b-a151-526ccade21b7 req-57eef3a8-8245-434b-a151-526ccade21b7 ] Request (ServersAdminNegativeTestJSON:setUpClass): 201 POST http://10.180.1.21/identity/v3/users 0.081s
2025-05-14 06:18:31.086 69651 INFO tempest.lib.common.rest_client [req-1f7f3340-8a84-46dd-9638-d55c4beb7b17 req-1f7f3340-8a84-46dd-9638-d55c4beb7b17 ] Request (ServicesAdminNegativeV253TestJSON:tearDownClass): 204 DELETE http://10.180.1.21/identity/v3/users/068765a832734b1fafb17a603a2306ea 0.186s
2025-05-14 06:18:31.087 69651 INFO tempest.lib.common.dynamic_creds [-] Deleting project and security group for project: 519ecd5d3efc4725b0350f648d7e80b1
2025-05-14 06:18:31.116 69701 INFO tempest.lib.common.rest_client [req-63ab5b05-1e01-4f0d-9e55-fa97c57e1116 req-63ab5b05-1e01-4f0d-9e55-fa97c57e1116 ] Request (ServersAdminNegativeTestJSON:setUpClass): 200 GET http://10.180.1.21/identity/v3/roles 0.077s
2025-05-14 06:18:31.126 69677 INFO tempest.lib.common.rest_client [req-9bb2f491-4c20-4bf2-888e-a6bbd81669b4 req-9bb2f491-4c20-4bf2-888e-a6bbd81669b4 ] Request (ImagesOneServerTestJSON:setUpClass): 200 GET http://10.180.1.21/compute/v2.1/servers/9bb7ed59-d77e-4d35-88c2-4646a70c86dc 0.438s
2025-05-14 06:18:31.132 69687 INFO tempest.lib.common.rest_client [req-059fd387-bfcd-4d81-911d-54fd59d8568e req-059fd387-bfcd-4d81-911d-54fd59d8568e ] Request (TenantUsagesTestJSON:tearDownClass): 200 GET http://10.180.1.21/compute/v2.1/servers/6b7b1903-2dd5-45a0-b195-7669dbcf9fc3 0.404s
2025-05-14 06:18:31.137 69677 INFO tempest.common.waiters [-] State transition "BUILD/spawning" ==> "ACTIVE/None" after 48 second wait
2025-05-14 06:18:31.164 69651 INFO tempest.lib.common.rest_client [req-b4e850c7-b08a-4cfc-8b68-663a60f62ffe req-b4e850c7-b08a-4cfc-8b68-663a60f62ffe ] Request (ServicesAdminNegativeV253TestJSON:tearDownClass): 201 POST http://10.180.1.21/identity/v3/auth/tokens 0.077s
2025-05-14 06:18:31.189 69701 INFO tempest.lib.common.rest_client [req-b1cbd81b-3fb7-40a5-b9a0-cdeb68a5fdb5 req-b1cbd81b-3fb7-40a5-b9a0-cdeb68a5fdb5 ] Request (ServersAdminNegativeTestJSON:setUpClass): 204 PUT http://10.180.1.21/identity/v3/projects/35ea6021e2a3435a9984901b08a33327/users/a67ecae1dd634dafa211c4250a8a5e4b/roles/42a041d6727647eab9873f581686679c 0.071s
2025-05-14 06:18:31.199 69679 INFO tempest.lib.common.rest_client [req-9f03d722-3f05-4859-a92b-157fea3bbd90 req-9f03d722-3f05-4859-a92b-157fea3bbd90 ] Request (ServersAaction247Test:tearDownClass): 200 GET http://10.180.1.21/compute/v2.1/servers/0b294da9-d4c6-47ce-bfad-682acfe3f261 0.411s
2025-05-14 06:18:31.262 69701 INFO tempest.lib.common.rest_client [req-054bd4f3-90df-4533-a900-da3af8936f84 req-054bd4f3-90df-4533-a900-da3af8936f84 ] Request (ServersAdminNegativeTestJSON:setUpClass): 200 GET http://10.180.1.21/identity/v3/roles 0.073s
2025-05-14 06:18:31.266 69683 INFO tempest.lib.common.rest_client [req-bb089b46-7026-4137-a70b-c34ad1c6a06c req-bb089b46-7026-4137-a70b-c34ad1c6a06c ] Request (ServersAdmin275Test:test_rebuild_update_server_275): 200 GET http://10.180.1.21/compute/v2.1/servers/4b053f7e-254c-439c-81cc-f336d193712d 0.469s
2025-05-14 06:18:31.280 69683 INFO tempest.common.waiters [-] State transition "BUILD/block_device_mapping" ==> "BUILD/spawning" after 42 second wait
2025-05-14 06:18:31.295 69701 INFO tempest.lib.common.rest_client [req-a7512a48-55c2-4837-812c-6087a2bb4623 req-a7512a48-55c2-4837-812c-6087a2bb4623 ] Request (ServersAdminNegativeTestJSON:setUpClass): 204 PUT http://10.180.1.21/identity/v3/projects/35ea6021e2a3435a9984901b08a33327/users/a67ecae1dd634dafa211c4250a8a5e4b/roles/42a041d6727647eab9873f581686679c 0.032s
2025-05-14 06:18:31.295 69701 INFO tempest.lib.common.dynamic_creds [-] Dynamic test user a67ecae1dd634dafa211c4250a8a5e4b is created with scope project and roles: ['admin']
2025-05-14 06:18:31.295 69701 INFO tempest.lib.common.dynamic_creds [-] Acquired dynamic creds: credentials: Credentials: {'domain_id': 'default', 'domain_name': 'Default', 'username': 'tempest-ServersAdminNegativeTestJSON-1849820981-project-admin', 'project_domain_id': 'default', 'project_domain_name': 'Default', 'project_id': '35ea6021e2a3435a9984901b08a33327', 'project_name': 'tempest-ServersAdminNegativeTestJSON-1849820981', 'tenant_id': '35ea6021e2a3435a9984901b08a33327', 'tenant_name': 'tempest-ServersAdminNegativeTestJSON-1849820981', 'user_domain_id': 'default', 'user_domain_name': 'Default', 'user_id': 'a67ecae1dd634dafa211c4250a8a5e4b', 'system': None}, Network: None, Subnet: None, Router: None
2025-05-14 06:18:31.295 69701 INFO tempest.lib.common.dynamic_creds [-] Created isolated network resources for: credentials: Credentials: {'domain_id': 'default', 'domain_name': 'Default', 'username': 'tempest-ServersAdminNegativeTestJSON-1849820981-project-admin', 'project_domain_id': 'default', 'project_domain_name': 'Default', 'project_id': '35ea6021e2a3435a9984901b08a33327', 'project_name': 'tempest-ServersAdminNegativeTestJSON-1849820981', 'tenant_id': '35ea6021e2a3435a9984901b08a33327', 'tenant_name': 'tempest-ServersAdminNegativeTestJSON-1849820981', 'user_domain_id': 'default', 'user_domain_name': 'Default', 'user_id': 'a67ecae1dd634dafa211c4250a8a5e4b', 'system': None}, Network: None, Subnet: None, Router: None
2025-05-14 06:18:31.319 69669 INFO tempest.lib.common.rest_client [req-049eb5f1-2676-4313-a6bb-4972295a5459 req-049eb5f1-2676-4313-a6bb-4972295a5459 ] Request (ServersV294TestFqdnHostnames:tearDownClass): 200 GET http://10.180.1.21/compute/v2.1/servers/1bd449dc-7011-4fad-956b-0bd23c946441 0.571s
2025-05-14 06:18:31.353 69695 INFO tempest.lib.common.rest_client [req-06a2d6e5-6ac8-4628-b092-0015cba8cfcd req-06a2d6e5-6ac8-4628-b092-0015cba8cfcd ] Request (ImagesOneServerNegativeTestJSON:test_create_second_image_when_first_image_is_being_saved): 204 DELETE http://10.180.1.21/compute/v2.1/images/2a19e943-83a1-4bdd-a461-6ade9d2cc090 0.512s
2025-05-14 06:18:31.379 69651 INFO tempest.lib.common.rest_client [req-1dd51b5e-fb9b-49c0-b3ac-f5ae99aafa5f req-1dd51b5e-fb9b-49c0-b3ac-f5ae99aafa5f ] Request (ServicesAdminNegativeV253TestJSON:tearDownClass): 200 GET http://10.180.1.21:9696/networking/v2.0/security-groups?tenant_id=519ecd5d3efc4725b0350f648d7e80b1&name=default 0.214s
2025-05-14 06:18:31.403 69701 INFO tempest.lib.common.rest_client [req-d63c8f21-5e1c-4771-8292-ae8aa67c0305 req-d63c8f21-5e1c-4771-8292-ae8aa67c0305 ] Request (ServersAdminNegativeTestJSON:setUpClass): 201 POST http://10.180.1.21/identity/v3/auth/tokens 0.105s
2025-05-14 06:18:31.404 69701 WARNING tempest.lib.common.rest_client [-] Deprecated: "tenant_id" property is deprecated for removal, use "project_id" instead
2025-05-14 06:18:31.426 69667 INFO tempest.lib.common.rest_client [req-4280b1b3-8301-4af3-afa8-c054e037ffd5 req-4280b1b3-8301-4af3-afa8-c054e037ffd5 ] Request (AttachInterfacesTestJSON:_run_cleanups): 200 GET http://10.180.1.21/compute/v2.1/servers/fbad53ec-e242-43ce-b7e9-75f4e1ce69f6 0.577s
2025-05-14 06:18:31.434 69667 INFO tempest.common.waiters [-] State transition "ACTIVE/deleting" ==> "DELETED/None" after 5 second wait
2025-05-14 06:18:31.445 69665 INFO tempest.lib.common.rest_client [req-67a6b462-9fd9-499f-9a68-78980f6f8f32 req-67a6b462-9fd9-499f-9a68-78980f6f8f32 ] Request (ServersAdminTestJSON:test_inject_network_info): 200 GET http://10.180.1.21/compute/v2.1/servers/6da1f33f-0bb2-4a90-a69b-502d50ee2af1 0.592s
2025-05-14 06:18:31.484 69701 INFO tempest.lib.common.rest_client [req-f48e91d7-adf5-4720-a97f-12ace86f9e91 req-f48e91d7-adf5-4720-a97f-12ace86f9e91 ] Request (ServersAdminNegativeTestJSON:setUpClass): 201 POST http://10.180.1.21/identity/v3/auth/tokens 0.075s
2025-05-14 06:18:31.484 69701 INFO tempest.lib.common.fixed_network [-] (ServersAdminNegativeTestJSON:setUpClass) Found network None available for tenant
2025-05-14 06:18:31.564 69675 INFO tempest.lib.common.rest_client [req-495468b4-39df-46a8-bbe4-82f128d5f443 req-495468b4-39df-46a8-bbe4-82f128d5f443 ] Request (ServersTestMultiNic:_run_cleanups): 200 GET http://10.180.1.21/compute/v2.1/servers/f8d1b31e-dae8-49e2-bc09-f35b5ce5a676 0.396s
2025-05-14 06:18:31.642 69707 INFO tempest.lib.common.rest_client [req-b05af7dd-12ec-42ea-be5b-8c60909f71ee req-b05af7dd-12ec-42ea-be5b-8c60909f71ee ] Request (InstanceActionsV221TestJSON:test_get_list_deleted_instance_actions): 200 GET http://10.180.1.21/compute/v2.1/servers/9f2f209a-8b24-432d-80ea-c81c6464ab09 0.401s
2025-05-14 06:18:31.644 69651 INFO tempest.lib.common.rest_client [req-962de0db-6386-4adc-8e77-51e72a2b093d req-962de0db-6386-4adc-8e77-51e72a2b093d ] Request (ServicesAdminNegativeV253TestJSON:tearDownClass): 204 DELETE http://10.180.1.21:9696/networking/v2.0/security-groups/d2c683d1-42ca-4853-8348-6e8e33e6eb42 0.265s
2025-05-14 06:18:31.707 69713 INFO tempest.lib.common.rest_client [req-6a049416-4bb8-442e-a3a9-6e9a93b34214 req-6a049416-4bb8-442e-a3a9-6e9a93b34214 ] Request (ServersTestManualDisk:tearDownClass): 200 GET http://10.180.1.21/compute/v2.1/servers/d97c3b3d-e9b2-46b0-87e7-f6660de013ca 0.353s
2025-05-14 06:18:31.795 69651 INFO tempest.lib.common.rest_client [req-75dfccb3-a6f0-4e2a-8c4d-602ca2429115 req-75dfccb3-a6f0-4e2a-8c4d-602ca2429115 ] Request (ServicesAdminNegativeV253TestJSON:tearDownClass): 204 DELETE http://10.180.1.21/identity/v3/projects/519ecd5d3efc4725b0350f648d7e80b1 0.150s
2025-05-14 06:18:31.795 69651 INFO tempest.lib.common.dynamic_creds [-] Deleting project and security group for project: 0dc6a540bfdd45818d7ac479f67a9f37
2025-05-14 06:18:31.848 69695 INFO tempest.lib.common.rest_client [req-e2c74e43-fe5a-4658-a6bc-de27d2e66c17 req-e2c74e43-fe5a-4658-a6bc-de27d2e66c17 ] Request (ImagesOneServerNegativeTestJSON:tearDown): 200 GET http://10.180.1.21/compute/v2.1/servers/c55f207e-511e-44c0-ad4c-0415a9d94755 0.494s
2025-05-14 06:18:31.908 69651 INFO tempest.lib.common.rest_client [req-8a454486-c14a-4166-9886-8f3d63f0d9e1 req-8a454486-c14a-4166-9886-8f3d63f0d9e1 ] Request (ServicesAdminNegativeV253TestJSON:tearDownClass): 200 GET http://10.180.1.21:9696/networking/v2.0/security-groups?tenant_id=0dc6a540bfdd45818d7ac479f67a9f37&name=default 0.113s
2025-05-14 06:18:31.918 69657 INFO tempest.lib.common.rest_client [req-49e57fcd-8db9-4d76-acf5-58d9341a9ec3 req-49e57fcd-8db9-4d76-acf5-58d9341a9ec3 ] Request (ServerDiagnosticsV248Test:tearDownClass): 200 GET http://10.180.1.21/compute/v2.1/servers/1b1a56e1-6fbb-485e-a802-7acffe4ccb3e 0.498s
2025-05-14 06:18:32.030 69689 INFO tempest.lib.common.rest_client [req-7e03fa07-19d9-49fb-8f93-25506e5a23e3 req-7e03fa07-19d9-49fb-8f93-25506e5a23e3 ] Request (ServersListShow2100Test:test_list_show_rebuild_update_server_2100): 200 GET http://10.180.1.21/compute/v2.1/servers/67cfedae-c64c-4b5b-abef-fb675497edc7 0.564s
2025-05-14 06:18:32.053 69651 INFO tempest.lib.common.rest_client [req-23c6b880-9e1d-49f2-963f-107358da88c6 req-23c6b880-9e1d-49f2-963f-107358da88c6 ] Request (ServicesAdminNegativeV253TestJSON:tearDownClass): 204 DELETE http://10.180.1.21:9696/networking/v2.0/security-groups/9b7e9023-ea97-4848-b2e9-384aa1b2daaf 0.144s
2025-05-14 06:18:32.061 69677 INFO tempest.lib.common.rest_client [req-d73457d5-8a29-462a-a8fe-9c7282a2bded req-d73457d5-8a29-462a-a8fe-9c7282a2bded ] Request (ImagesOneServerTestJSON:test_create_delete_image): 202 POST http://10.180.1.21/compute/v2.1/servers/9bb7ed59-d77e-4d35-88c2-4646a70c86dc/action 0.922s
2025-05-14 06:18:32.097 69705 INFO tempest.lib.common.rest_client [req-cf728e55-f583-4e3b-ba71-fde9b965f884 req-cf728e55-f583-4e3b-ba71-fde9b965f884 ] Request (ServerDiskConfigTestJSON:test_rebuild_server_with_manual_disk_config): 200 GET http://10.180.1.21/compute/v2.1/servers/f46ab4a0-a375-4d93-9cb6-0c0823fabbe4 0.617s
2025-05-14 06:18:32.156 69651 INFO tempest.lib.common.rest_client [req-0fc6575c-8482-4779-9d9f-b027dd1c9711 req-0fc6575c-8482-4779-9d9f-b027dd1c9711 ] Request (ServicesAdminNegativeV253TestJSON:tearDownClass): 204 DELETE http://10.180.1.21/identity/v3/projects/0dc6a540bfdd45818d7ac479f67a9f37 0.102s
2025-05-14 06:18:32.161 69711 INFO tempest.lib.common.rest_client [req-b0c97705-b635-4786-8d59-18e8f8d9f8c7 req-b0c97705-b635-4786-8d59-18e8f8d9f8c7 ] Request (ServerMetadataNegativeTestJSON:tearDownClass): 200 GET http://10.180.1.21/compute/v2.1/servers/8cabb81d-9470-4b45-b183-485160fc4a9b 0.638s
2025-05-14 06:18:32.212 69681 INFO tempest.lib.common.rest_client [req-a4bcdc48-95fe-4bbc-8f9b-7bde8068afa2 req-a4bcdc48-95fe-4bbc-8f9b-7bde8068afa2 ] Request (ServersTestJSON:test_create_server_specify_multibyte_character_name): 200 GET http://10.180.1.21/compute/v2.1/servers/0ca17a0f-73d1-4a32-b1df-a3e89f7bf386 0.672s
2025-05-14 06:18:32.220 69651 INFO tempest.lib.common.rest_client [req-b3527974-b5e2-467e-89ed-db9b9880001c req-b3527974-b5e2-467e-89ed-db9b9880001c ] Request (SecurityGroupRulesTestJSON:setUpClass): 201 POST http://10.180.1.21/identity/v3/auth/tokens 0.062s
2025-05-14 06:18:32.268 69651 INFO tempest.lib.common.rest_client [req-f44d228a-f05d-46ca-99ca-c72147f76c60 req-f44d228a-f05d-46ca-99ca-c72147f76c60 ] Request (SecurityGroupRulesTestJSON:setUpClass): 201 POST http://10.180.1.21/identity/v3/auth/tokens 0.045s
2025-05-14 06:18:32.271 69653 INFO tempest.lib.common.rest_client [req-434de87b-b27f-49e8-8efd-209872d536ee req-434de87b-b27f-49e8-8efd-209872d536ee ] Request (ServersTestJSON:setUpClass): 200 GET http://10.180.1.21/compute/v2.1/servers/f8b9e3a2-7519-4801-80d5-6fc96920bcfe 0.693s
2025-05-14 06:18:32.301 69651 INFO tempest.lib.common.rest_client [req-3cc31164-8b9e-4648-a5b9-fddf15e4daa8 req-3cc31164-8b9e-4648-a5b9-fddf15e4daa8 ] Request (SecurityGroupRulesTestJSON:setUpClass): 200 GET http://10.180.1.21/identity/v3/domains?name=Default 0.033s
2025-05-14 06:18:32.327 69655 INFO tempest.lib.common.rest_client [req-eb6ff947-0936-41c0-857e-f4928f263a66 req-eb6ff947-0936-41c0-857e-f4928f263a66 ] Request (ServersWithSpecificFlavorTestJSON:test_verify_created_server_ephemeral_disk): 200 GET http://10.180.1.21/compute/v2.1/servers/281be6bd-4961-4ce5-9179-98256244069a 0.730s
2025-05-14 06:18:32.334 69651 INFO tempest.lib.common.rest_client [req-ad686138-b0ea-4e6b-88df-f83bc2fa562f req-ad686138-b0ea-4e6b-88df-f83bc2fa562f ] Request (SecurityGroupRulesTestJSON:setUpClass): 201 POST http://10.180.1.21/identity/v3/projects 0.032s
2025-05-14 06:18:32.363 69691 INFO tempest.lib.common.rest_client [req-026c686c-388e-42b7-82d9-88d95e26edaa req-026c686c-388e-42b7-82d9-88d95e26edaa ] Request (ListImageFiltersTestJSON:setUpClass): 200 GET http://10.180.1.21/compute/v2.1/images/77198319-a87a-4587-871a-bfc16be89d06 0.755s
2025-05-14 06:18:32.389 69661 INFO tempest.lib.common.rest_client [req-af13eb23-e450-4f2e-80cf-01e8db4f8387 req-af13eb23-e450-4f2e-80cf-01e8db4f8387 ] Request (FloatingIPsAssociationTestJSON:tearDownClass): 404 GET http://10.180.1.21/compute/v2.1/servers/1f7d5eb3-95f6-4b72-83df-a63a653091f7 0.724s
2025-05-14 06:18:32.406 69651 INFO tempest.lib.common.rest_client [req-24c81334-58c1-44f2-8332-33b51e9a5df0 req-24c81334-58c1-44f2-8332-33b51e9a5df0 ] Request (SecurityGroupRulesTestJSON:setUpClass): 201 POST http://10.180.1.21/identity/v3/users 0.071s
2025-05-14 06:18:32.417 69701 INFO tempest.lib.common.rest_client [req-c2793306-5518-4499-b076-8413de71580c req-c2793306-5518-4499-b076-8413de71580c ] Request (ServersAdminNegativeTestJSON:setUpClass): 202 POST http://10.180.1.21/compute/v2.1/servers 0.931s
2025-05-14 06:18:32.432 69651 INFO tempest.lib.common.rest_client [req-95535632-b80a-4721-a0e6-7e7277bf0a65 req-95535632-b80a-4721-a0e6-7e7277bf0a65 ] Request (SecurityGroupRulesTestJSON:setUpClass): 200 GET http://10.180.1.21/identity/v3/roles 0.026s
2025-05-14 06:18:32.455 69685 INFO tempest.lib.common.rest_client [req-17dfd52d-b9e4-4833-9b3b-a72a2cd54de7 req-17dfd52d-b9e4-4833-9b3b-a72a2cd54de7 ] Request (SecurityGroupsTestJSON:test_server_security_groups): 200 GET http://10.180.1.21/compute/v2.1/servers/ffd5b288-3fd6-409e-a4cf-69894dd8d62c 0.780s
2025-05-14 06:18:32.480 69651 INFO tempest.lib.common.rest_client [req-e89b93ed-b753-4e40-b603-4e0266eede8b req-e89b93ed-b753-4e40-b603-4e0266eede8b ] Request (SecurityGroupRulesTestJSON:setUpClass): 204 PUT http://10.180.1.21/identity/v3/projects/b584c3f0ba614148afcc283d9735b4f9/users/16e3bff38e6541a7b5c94e73a3791791/roles/eb8b0c8ae04147b5bedd6acbdc631a06 0.047s
2025-05-14 06:18:32.480 69651 INFO tempest.lib.common.dynamic_creds [-] Dynamic test user 16e3bff38e6541a7b5c94e73a3791791 is created with scope project and roles: ['member']
2025-05-14 06:18:32.481 69651 INFO tempest.lib.common.dynamic_creds [-] Acquired dynamic creds: credentials: Credentials: {'domain_id': 'default', 'domain_name': 'Default', 'username': 'tempest-SecurityGroupRulesTestJSON-156148698-project-member', 'project_domain_id': 'default', 'project_domain_name': 'Default', 'project_id': 'b584c3f0ba614148afcc283d9735b4f9', 'project_name': 'tempest-SecurityGroupRulesTestJSON-156148698', 'tenant_id': 'b584c3f0ba614148afcc283d9735b4f9', 'tenant_name': 'tempest-SecurityGroupRulesTestJSON-156148698', 'user_domain_id': 'default', 'user_domain_name': 'Default', 'user_id': '16e3bff38e6541a7b5c94e73a3791791', 'system': None}, Network: None, Subnet: None, Router: None
2025-05-14 06:18:32.498 69671 INFO tempest.lib.common.rest_client [req-11d8d05c-35f2-496c-bf9b-c7c27e92102e req-11d8d05c-35f2-496c-bf9b-c7c27e92102e ] Request (ServersTestBootFromVolume:setUpClass): 200 GET http://10.180.1.21/compute/v2.1/servers/166e9b2f-cd18-4498-82c8-47a5085961f8 0.684s
2025-05-14 06:18:32.525 69697 INFO tempest.lib.common.rest_client [req-e557ad77-479c-4f49-9f4a-9378d7296250 req-e557ad77-479c-4f49-9f4a-9378d7296250 ] Request (ServerActionsTestJSON:setUpClass): 200 GET http://10.180.1.21/compute/v2.1/servers/d3941c63-5974-4a1b-9e79-f4df050659cd 0.669s
2025-05-14 06:18:32.562 69651 INFO tempest.lib.common.rest_client [req-796f0a2f-0e07-45dc-a0b9-c1a78f9ac079 req-796f0a2f-0e07-45dc-a0b9-c1a78f9ac079 ] Request (SecurityGroupRulesTestJSON:setUpClass): 201 POST http://10.180.1.21/identity/v3/auth/tokens 0.081s
2025-05-14 06:18:32.566 69663 INFO tempest.lib.common.rest_client [req-0d8630e1-53fc-484b-a178-16770b041e4b req-0d8630e1-53fc-484b-a178-16770b041e4b ] Request (ImagesTestJSON:test_create_image_from_suspended_server): 200 GET http://10.180.1.21/compute/v2.1/servers/14dd4ccb-14cd-410b-aaa4-de45334edeca 0.652s
2025-05-14 06:18:32.595 69703 INFO tempest.lib.common.rest_client [req-d4add72d-ea08-4565-93f8-bdf119e129c1 req-d4add72d-ea08-4565-93f8-bdf119e129c1 ] Request (InstanceActionsTestJSON:setUpClass): 200 GET http://10.180.1.21/compute/v2.1/servers/257f9d36-bd6f-410a-a8d8-bba2e862b131 0.676s
2025-05-14 06:18:32.645 69693 INFO tempest.lib.common.rest_client [req-70257411-f1ba-4f78-b9c2-42567031f7b2 req-70257411-f1ba-4f78-b9c2-42567031f7b2 ] Request (ListServersNegativeTestJSON:setUpClass): 200 GET http://10.180.1.21/compute/v2.1/servers/343cba2c-2c74-45dd-a070-848cf139b3bb 0.665s
2025-05-14 06:18:32.672 69659 INFO tempest.lib.common.rest_client [req-e5e61204-e8c4-4e67-ac54-dfea356ea7b0 req-e5e61204-e8c4-4e67-ac54-dfea356ea7b0 ] Request (VolumesAssistedSnapshotsTest:tearDownClass): 200 GET http://10.180.1.21/compute/v2.1/servers/2dfce727-3973-48b4-9326-a2fa2a64779e 0.677s
2025-05-14 06:18:32.686 69677 INFO tempest.lib.common.rest_client [req-f5e34d2c-0c23-4d8a-ab44-4d0b47a18c7f req-f5e34d2c-0c23-4d8a-ab44-4d0b47a18c7f ] Request (ImagesOneServerTestJSON:test_create_delete_image): 200 GET http://10.180.1.21/compute/v2.1/images/f89b3482-bc68-47ed-84f1-5e2a2ee226e5 0.622s
2025-05-14 06:18:32.736 69687 INFO tempest.lib.common.rest_client [req-cd65ec8e-92e9-4a1b-a148-c83089b0a0df req-cd65ec8e-92e9-4a1b-a148-c83089b0a0df ] Request (TenantUsagesTestJSON:tearDownClass): 200 GET http://10.180.1.21/compute/v2.1/servers/6b7b1903-2dd5-45a0-b195-7669dbcf9fc3 0.591s
2025-05-14 06:18:32.757 69679 INFO tempest.lib.common.rest_client [req-2ad01d7c-1f94-4660-9bb3-44abf28918ae req-2ad01d7c-1f94-4660-9bb3-44abf28918ae ] Request (ServersAaction247Test:tearDownClass): 200 GET http://10.180.1.21/compute/v2.1/servers/0b294da9-d4c6-47ce-bfad-682acfe3f261 0.545s
2025-05-14 06:18:32.766 69679 INFO tempest.common.waiters [-] State transition "ACTIVE/deleting" ==> "DELETED/None" after 4 second wait
2025-05-14 06:18:32.803 69683 INFO tempest.lib.common.rest_client [req-ae299dd0-bae4-45da-8236-0cf21251f58c req-ae299dd0-bae4-45da-8236-0cf21251f58c ] Request (ServersAdmin275Test:test_rebuild_update_server_275): 200 GET http://10.180.1.21/compute/v2.1/servers/4b053f7e-254c-439c-81cc-f336d193712d 0.522s
2025-05-14 06:18:32.888 69651 INFO tempest.lib.common.rest_client [req-c2155713-77c3-471e-a6cb-d5d207183d80 req-c2155713-77c3-471e-a6cb-d5d207183d80 ] Request (SecurityGroupRulesTestJSON:setUpClass): 201 POST http://10.180.1.21:9696/networking/v2.0/networks 0.325s
2025-05-14 06:18:32.952 69669 INFO tempest.lib.common.rest_client [req-34a5170a-d26c-4ab7-9050-400a008e7f55 req-34a5170a-d26c-4ab7-9050-400a008e7f55 ] Request (ServersV294TestFqdnHostnames:tearDownClass): 200 GET http://10.180.1.21/compute/v2.1/servers/1bd449dc-7011-4fad-956b-0bd23c946441 0.616s
2025-05-14 06:18:33.039 69701 INFO tempest.lib.common.rest_client [req-5245f2bb-53c0-4eb8-a754-b78fbf3adf52 req-5245f2bb-53c0-4eb8-a754-b78fbf3adf52 ] Request (ServersAdminNegativeTestJSON:setUpClass): 200 GET http://10.180.1.21/compute/v2.1/servers/63c431fc-2eba-4384-90df-38d924c83407 0.621s
2025-05-14 06:18:33.123 69651 INFO tempest.lib.common.rest_client [req-bbfd6282-c154-47c0-870b-740ae75d6f54 req-bbfd6282-c154-47c0-870b-740ae75d6f54 ] Request (SecurityGroupRulesTestJSON:setUpClass): 201 POST http://10.180.1.21:9696/networking/v2.0/subnets 0.234s
2025-05-14 06:18:33.134 69667 INFO tempest.lib.common.rest_client [req-19ecbe31-6e0a-484a-a0a3-7da2e5c5ec79 req-19ecbe31-6e0a-484a-a0a3-7da2e5c5ec79 ] Request (AttachInterfacesTestJSON:_run_cleanups): 200 GET http://10.180.1.21/compute/v2.1/servers/fbad53ec-e242-43ce-b7e9-75f4e1ce69f6 0.698s
2025-05-14 06:18:33.236 69665 INFO tempest.lib.common.rest_client [req-22d1b849-116d-4289-951b-3c5ba9353a71 req-22d1b849-116d-4289-951b-3c5ba9353a71 ] Request (ServersAdminTestJSON:test_inject_network_info): 200 GET http://10.180.1.21/compute/v2.1/servers/6da1f33f-0bb2-4a90-a69b-502d50ee2af1 0.778s
2025-05-14 06:18:33.245 69665 INFO tempest.common.waiters [-] State transition "BUILD/scheduling" ==> "BUILD/None" after 21 second wait
2025-05-14 06:18:33.344 69675 INFO tempest.lib.common.rest_client [req-f63902df-55b2-4290-aa73-df56bb4ffeab req-f63902df-55b2-4290-aa73-df56bb4ffeab ] Request (ServersTestMultiNic:_run_cleanups): 200 GET http://10.180.1.21/compute/v2.1/servers/f8d1b31e-dae8-49e2-bc09-f35b5ce5a676 0.769s
2025-05-14 06:18:33.433 69707 INFO tempest.lib.common.rest_client [req-95636c61-67fb-49dd-b82f-c21439d3521f req-95636c61-67fb-49dd-b82f-c21439d3521f ] Request (InstanceActionsV221TestJSON:test_get_list_deleted_instance_actions): 200 GET http://10.180.1.21/compute/v2.1/servers/9f2f209a-8b24-432d-80ea-c81c6464ab09 0.779s
2025-05-14 06:18:33.519 69713 INFO tempest.lib.common.rest_client [req-e1b1a0d8-b7ac-4201-8b99-7211ef5ac915 req-e1b1a0d8-b7ac-4201-8b99-7211ef5ac915 ] Request (ServersTestManualDisk:tearDownClass): 200 GET http://10.180.1.21/compute/v2.1/servers/d97c3b3d-e9b2-46b0-87e7-f6660de013ca 0.804s
2025-05-14 06:18:33.526 69661 INFO tempest.lib.common.rest_client [req-bd4f3672-a3ee-4ac1-9b41-c70430a8a589 req-bd4f3672-a3ee-4ac1-9b41-c70430a8a589 ] Request (FloatingIPsAssociationTestJSON:tearDownClass): 202 DELETE http://10.180.1.21/compute/v2.1/os-floating-ips/c54f16ee-1cf7-4195-b488-e2f4b94d0b03 1.136s
2025-05-14 06:18:33.614 69657 INFO tempest.lib.common.rest_client [req-0afcb42c-1731-4b32-a61b-bccfe6a8a8f2 req-0afcb42c-1731-4b32-a61b-bccfe6a8a8f2 ] Request (ServerDiagnosticsV248Test:tearDownClass): 200 GET http://10.180.1.21/compute/v2.1/servers/1b1a56e1-6fbb-485e-a802-7acffe4ccb3e 0.683s
2025-05-14 06:18:33.623 69657 INFO tempest.common.waiters [-] State transition "ACTIVE/deleting" ==> "DELETED/None" after 5 second wait
2025-05-14 06:18:33.693 69689 INFO tempest.lib.common.rest_client [req-99fe0fbc-bc5d-4ebf-98a9-fb041573be56 req-99fe0fbc-bc5d-4ebf-98a9-fb041573be56 ] Request (ServersListShow2100Test:test_list_show_rebuild_update_server_2100): 200 GET http://10.180.1.21/compute/v2.1/servers/67cfedae-c64c-4b5b-abef-fb675497edc7 0.645s
2025-05-14 06:18:33.706 69695 INFO tempest.lib.common.rest_client [req-3d02902c-898c-45ba-bf35-71198f5e73bb req-3d02902c-898c-45ba-bf35-71198f5e73bb ] Request (ImagesOneServerNegativeTestJSON:tearDown): 200 GET http://10.180.1.21/compute/v2.1/servers/c55f207e-511e-44c0-ad4c-0415a9d94755 0.849s
2025-05-14 06:18:33.713 69695 INFO tempest.common.waiters [-] State transition "ACTIVE/image_snapshot" ==> "ACTIVE/image_uploading" after 2 second wait
2025-05-14 06:18:33.763 69705 INFO tempest.lib.common.rest_client [req-6e372685-c412-4df7-a5bd-5ff16924ed86 req-6e372685-c412-4df7-a5bd-5ff16924ed86 ] Request (ServerDiskConfigTestJSON:test_rebuild_server_with_manual_disk_config): 200 GET http://10.180.1.21/compute/v2.1/servers/f46ab4a0-a375-4d93-9cb6-0c0823fabbe4 0.658s
2025-05-14 06:18:33.813 69711 INFO tempest.lib.common.rest_client [req-285c6905-7cdb-4bf3-84d6-27a173f5288f req-285c6905-7cdb-4bf3-84d6-27a173f5288f ] Request (ServerMetadataNegativeTestJSON:tearDownClass): 200 GET http://10.180.1.21/compute/v2.1/servers/8cabb81d-9470-4b45-b183-485160fc4a9b 0.644s
2025-05-14 06:18:33.828 69681 INFO tempest.lib.common.rest_client [req-7a60b559-dec8-4cf1-b89f-8c904ed9c30c req-7a60b559-dec8-4cf1-b89f-8c904ed9c30c ] Request (ServersTestJSON:test_create_server_specify_multibyte_character_name): 200 GET http://10.180.1.21/compute/v2.1/servers/0ca17a0f-73d1-4a32-b1df-a3e89f7bf386 0.607s
2025-05-14 06:18:33.875 69653 INFO tempest.lib.common.rest_client [req-bd05c941-317a-4428-958f-a25d344cb6ec req-bd05c941-317a-4428-958f-a25d344cb6ec ] Request (ServersTestJSON:setUpClass): 200 GET http://10.180.1.21/compute/v2.1/servers/f8b9e3a2-7519-4801-80d5-6fc96920bcfe 0.592s
2025-05-14 06:18:33.892 69655 INFO tempest.lib.common.rest_client [req-8605f85e-9d94-415e-bb94-ffa6f9c0adb3 req-8605f85e-9d94-415e-bb94-ffa6f9c0adb3 ] Request (ServersWithSpecificFlavorTestJSON:test_verify_created_server_ephemeral_disk): 200 GET http://10.180.1.21/compute/v2.1/servers/281be6bd-4961-4ce5-9179-98256244069a 0.557s
2025-05-14 06:18:33.913 69691 INFO tempest.lib.common.rest_client [req-d1262f1e-4fae-44f9-8a84-85a42fd90047 req-d1262f1e-4fae-44f9-8a84-85a42fd90047 ] Request (ListImageFiltersTestJSON:setUpClass): 200 GET http://10.180.1.21/compute/v2.1/images/77198319-a87a-4587-871a-bfc16be89d06 0.545s
2025-05-14 06:18:33.921 69651 INFO tempest.lib.common.rest_client [req-98fa01d4-6ec6-4c2d-86a6-b900c4e54d59 req-98fa01d4-6ec6-4c2d-86a6-b900c4e54d59 ] Request (SecurityGroupRulesTestJSON:setUpClass): 201 POST http://10.180.1.21:9696/networking/v2.0/routers 0.796s
2025-05-14 06:18:33.961 69685 INFO tempest.lib.common.rest_client [req-21951b1a-0917-4605-bd2f-8d48618a0e12 req-21951b1a-0917-4605-bd2f-8d48618a0e12 ] Request (SecurityGroupsTestJSON:test_server_security_groups): 200 GET http://10.180.1.21/compute/v2.1/servers/ffd5b288-3fd6-409e-a4cf-69894dd8d62c 0.493s
2025-05-14 06:18:34.000 69671 INFO tempest.lib.common.rest_client [req-e32648a7-f2b0-4e49-8649-04747719ba72 req-e32648a7-f2b0-4e49-8649-04747719ba72 ] Request (ServersTestBootFromVolume:setUpClass): 200 GET http://10.180.1.21/compute/v2.1/servers/166e9b2f-cd18-4498-82c8-47a5085961f8 0.491s
2025-05-14 06:18:34.050 69661 INFO tempest.lib.common.rest_client [req-ddb27db5-7475-478f-a19d-115d975a798b req-ddb27db5-7475-478f-a19d-115d975a798b ] Request (FloatingIPsAssociationTestJSON:tearDownClass): 204 DELETE http://10.180.1.21/compute/v2.1/servers/11fbad6e-6d44-41b8-863b-55cbda4faacd 0.524s
2025-05-14 06:18:34.086 69697 INFO tempest.lib.common.rest_client [req-e914b0fa-ad32-49b2-b1d3-189f7b36b9fa req-e914b0fa-ad32-49b2-b1d3-189f7b36b9fa ] Request (ServerActionsTestJSON:setUpClass): 200 GET http://10.180.1.21/compute/v2.1/servers/d3941c63-5974-4a1b-9e79-f4df050659cd 0.551s
2025-05-14 06:18:34.110 69663 INFO tempest.lib.common.rest_client [req-86136691-aaa3-4a5e-9f1c-43ede53ea461 req-86136691-aaa3-4a5e-9f1c-43ede53ea461 ] Request (ImagesTestJSON:test_create_image_from_suspended_server): 200 GET http://10.180.1.21/compute/v2.1/servers/14dd4ccb-14cd-410b-aaa4-de45334edeca 0.530s
2025-05-14 06:18:34.142 69703 INFO tempest.lib.common.rest_client [req-8f400af3-68ae-44f2-9341-075842fa31c5 req-8f400af3-68ae-44f2-9341-075842fa31c5 ] Request (InstanceActionsTestJSON:setUpClass): 200 GET http://10.180.1.21/compute/v2.1/servers/257f9d36-bd6f-410a-a8d8-bba2e862b131 0.530s
2025-05-14 06:18:34.192 69693 INFO tempest.lib.common.rest_client [req-463952a9-de99-4ce1-a303-05e0cb0101f1 req-463952a9-de99-4ce1-a303-05e0cb0101f1 ] Request (ListServersNegativeTestJSON:setUpClass): 200 GET http://10.180.1.21/compute/v2.1/servers/343cba2c-2c74-45dd-a070-848cf139b3bb 0.538s
2025-05-14 06:18:34.226 69659 INFO tempest.lib.common.rest_client [req-b7ffce1e-9880-4cfe-ba21-aec852d8169a req-b7ffce1e-9880-4cfe-ba21-aec852d8169a ] Request (VolumesAssistedSnapshotsTest:tearDownClass): 200 GET http://10.180.1.21/compute/v2.1/servers/2dfce727-3973-48b4-9326-a2fa2a64779e 0.546s
2025-05-14 06:18:34.234 69677 INFO tempest.lib.common.rest_client [req-8c5d797c-174c-458c-a4ea-7fb63785c1da req-8c5d797c-174c-458c-a4ea-7fb63785c1da ] Request (ImagesOneServerTestJSON:test_create_delete_image): 200 GET http://10.180.1.21/compute/v2.1/images/f89b3482-bc68-47ed-84f1-5e2a2ee226e5 0.544s
2025-05-14 06:18:34.328 69679 INFO tempest.lib.common.rest_client [req-82166927-f74d-4756-98a4-58977a8b565d req-82166927-f74d-4756-98a4-58977a8b565d ] Request (ServersAaction247Test:tearDownClass): 200 GET http://10.180.1.21/compute/v2.1/servers/0b294da9-d4c6-47ce-bfad-682acfe3f261 0.560s
2025-05-14 06:18:34.336 69687 INFO tempest.lib.common.rest_client [req-25660390-d5d0-4cb6-bcba-44ed9c045e9e req-25660390-d5d0-4cb6-bcba-44ed9c045e9e ] Request (TenantUsagesTestJSON:tearDownClass): 200 GET http://10.180.1.21/compute/v2.1/servers/6b7b1903-2dd5-45a0-b195-7669dbcf9fc3 0.589s
2025-05-14 06:18:34.345 69687 INFO tempest.common.waiters [-] State transition "ACTIVE/deleting" ==> "DELETED/None" after 5 second wait
2025-05-14 06:18:34.403 69683 INFO tempest.lib.common.rest_client [req-1e7aa177-467e-4220-97d0-3fbadb959a93 req-1e7aa177-467e-4220-97d0-3fbadb959a93 ] Request (ServersAdmin275Test:test_rebuild_update_server_275): 200 GET http://10.180.1.21/compute/v2.1/servers/4b053f7e-254c-439c-81cc-f336d193712d 0.589s
2025-05-14 06:18:34.424 69669 INFO tempest.lib.common.rest_client [req-91c8d97b-1ee7-42fc-a317-9ec68df69fd3 req-91c8d97b-1ee7-42fc-a317-9ec68df69fd3 ] Request (ServersV294TestFqdnHostnames:tearDownClass): 200 GET http://10.180.1.21/compute/v2.1/servers/1bd449dc-7011-4fad-956b-0bd23c946441 0.453s
2025-05-14 06:18:34.506 69701 INFO tempest.lib.common.rest_client [req-781e5394-61f3-4513-8a8e-5739bb5de5c3 req-781e5394-61f3-4513-8a8e-5739bb5de5c3 ] Request (ServersAdminNegativeTestJSON:setUpClass): 200 GET http://10.180.1.21/compute/v2.1/servers/63c431fc-2eba-4384-90df-38d924c83407 0.455s
2025-05-14 06:18:34.587 69667 INFO tempest.lib.common.rest_client [req-8152958a-c48e-40fe-88ac-10f8cf5d6a5e req-8152958a-c48e-40fe-88ac-10f8cf5d6a5e ] Request (AttachInterfacesTestJSON:_run_cleanups): 200 GET http://10.180.1.21/compute/v2.1/servers/fbad53ec-e242-43ce-b7e9-75f4e1ce69f6 0.442s
2025-05-14 06:18:34.629 69661 INFO tempest.lib.common.rest_client [req-065122cc-7d2b-46a6-95b5-c63b2691e64b req-065122cc-7d2b-46a6-95b5-c63b2691e64b ] Request (FloatingIPsAssociationTestJSON:tearDownClass): 200 GET http://10.180.1.21/compute/v2.1/servers/11fbad6e-6d44-41b8-863b-55cbda4faacd 0.578s
2025-05-14 06:18:34.665 69665 INFO tempest.lib.common.rest_client [req-33336862-4768-460f-8e1c-9166279aa8e3 req-33336862-4768-460f-8e1c-9166279aa8e3 ] Request (ServersAdminTestJSON:test_inject_network_info): 200 GET http://10.180.1.21/compute/v2.1/servers/6da1f33f-0bb2-4a90-a69b-502d50ee2af1 0.419s
2025-05-14 06:18:34.701 69675 INFO tempest.lib.common.rest_client [req-55abd9a7-2384-4864-bd7f-58bf38ce3c82 req-55abd9a7-2384-4864-bd7f-58bf38ce3c82 ] Request (ServersTestMultiNic:_run_cleanups): 200 GET http://10.180.1.21/compute/v2.1/servers/f8d1b31e-dae8-49e2-bc09-f35b5ce5a676 0.346s
2025-05-14 06:18:34.734 69707 INFO tempest.lib.common.rest_client [req-869cc60a-561e-4728-968d-23666b5e0aad req-869cc60a-561e-4728-968d-23666b5e0aad ] Request (InstanceActionsV221TestJSON:test_get_list_deleted_instance_actions): 200 GET http://10.180.1.21/compute/v2.1/servers/9f2f209a-8b24-432d-80ea-c81c6464ab09 0.291s
2025-05-14 06:18:34.772 69713 INFO tempest.lib.common.rest_client [req-c7c6cca1-447a-4b97-8330-0562f7c8c064 req-c7c6cca1-447a-4b97-8330-0562f7c8c064 ] Request (ServersTestManualDisk:tearDownClass): 200 GET http://10.180.1.21/compute/v2.1/servers/d97c3b3d-e9b2-46b0-87e7-f6660de013ca 0.244s
2025-05-14 06:18:34.846 69657 INFO tempest.lib.common.rest_client [req-87a18022-9a7c-4c72-a0e9-b6201e33cf7f req-87a18022-9a7c-4c72-a0e9-b6201e33cf7f ] Request (ServerDiagnosticsV248Test:tearDownClass): 200 GET http://10.180.1.21/compute/v2.1/servers/1b1a56e1-6fbb-485e-a802-7acffe4ccb3e 0.221s
2025-05-14 06:18:34.921 69689 INFO tempest.lib.common.rest_client [req-77ee78d4-6205-43a9-9f90-c79f216e5ebf req-77ee78d4-6205-43a9-9f90-c79f216e5ebf ] Request (ServersListShow2100Test:test_list_show_rebuild_update_server_2100): 200 GET http://10.180.1.21/compute/v2.1/servers/67cfedae-c64c-4b5b-abef-fb675497edc7 0.205s
2025-05-14 06:18:34.932 69695 INFO tempest.lib.common.rest_client [req-7599f93d-1810-4020-8c58-f665f9c2970b req-7599f93d-1810-4020-8c58-f665f9c2970b ] Request (ImagesOneServerNegativeTestJSON:tearDown): 200 GET http://10.180.1.21/compute/v2.1/servers/c55f207e-511e-44c0-ad4c-0415a9d94755 0.217s
2025-05-14 06:18:34.982 69705 INFO tempest.lib.common.rest_client [req-ca232dd1-a0e3-444b-be9e-c93aa357da1b req-ca232dd1-a0e3-444b-be9e-c93aa357da1b ] Request (ServerDiskConfigTestJSON:test_rebuild_server_with_manual_disk_config): 200 GET http://10.180.1.21/compute/v2.1/servers/f46ab4a0-a375-4d93-9cb6-0c0823fabbe4 0.204s
2025-05-14 06:18:35.008 69711 INFO tempest.lib.common.rest_client [req-48f9df8f-6bf4-490f-9523-321f87007dfd req-48f9df8f-6bf4-490f-9523-321f87007dfd ] Request (ServerMetadataNegativeTestJSON:tearDownClass): 200 GET http://10.180.1.21/compute/v2.1/servers/8cabb81d-9470-4b45-b183-485160fc4a9b 0.185s
2025-05-14 06:18:35.061 69681 INFO tempest.lib.common.rest_client [req-7409e52c-d281-41a5-be64-90d974697fae req-7409e52c-d281-41a5-be64-90d974697fae ] Request (ServersTestJSON:test_create_server_specify_multibyte_character_name): 200 GET http://10.180.1.21/compute/v2.1/servers/0ca17a0f-73d1-4a32-b1df-a3e89f7bf386 0.222s
2025-05-14 06:18:35.088 69653 INFO tempest.lib.common.rest_client [req-e8b5d006-738e-45bb-9d79-ae32b4299ee5 req-e8b5d006-738e-45bb-9d79-ae32b4299ee5 ] Request (ServersTestJSON:setUpClass): 200 GET http://10.180.1.21/compute/v2.1/servers/f8b9e3a2-7519-4801-80d5-6fc96920bcfe 0.200s
2025-05-14 06:18:35.140 69691 INFO tempest.lib.common.rest_client [req-64b1cb71-0c2f-4b15-bd4c-8fa97aeb31ce req-64b1cb71-0c2f-4b15-bd4c-8fa97aeb31ce ] Request (ListImageFiltersTestJSON:setUpClass): 200 GET http://10.180.1.21/compute/v2.1/images/77198319-a87a-4587-871a-bfc16be89d06 0.223s
2025-05-14 06:18:35.144 69655 INFO tempest.lib.common.rest_client [req-bdb09a30-c2bd-436f-b3e5-220ba2ff3b38 req-bdb09a30-c2bd-436f-b3e5-220ba2ff3b38 ] Request (ServersWithSpecificFlavorTestJSON:test_verify_created_server_ephemeral_disk): 200 GET http://10.180.1.21/compute/v2.1/servers/281be6bd-4961-4ce5-9179-98256244069a 0.241s
2025-05-14 06:18:35.228 69685 INFO tempest.lib.common.rest_client [req-0e5c7c1c-e55c-4b29-b223-344a45073643 req-0e5c7c1c-e55c-4b29-b223-344a45073643 ] Request (SecurityGroupsTestJSON:test_server_security_groups): 200 GET http://10.180.1.21/compute/v2.1/servers/ffd5b288-3fd6-409e-a4cf-69894dd8d62c 0.253s
2025-05-14 06:18:35.236 69671 INFO tempest.lib.common.rest_client [req-615b4381-744a-4c1b-8812-f1bcb9e671fa req-615b4381-744a-4c1b-8812-f1bcb9e671fa ] Request (ServersTestBootFromVolume:setUpClass): 200 GET http://10.180.1.21/compute/v2.1/servers/166e9b2f-cd18-4498-82c8-47a5085961f8 0.228s
2025-05-14 06:18:35.319 69697 INFO tempest.lib.common.rest_client [req-9abbbc1c-42b7-4bf4-a709-8d793475d8e6 req-9abbbc1c-42b7-4bf4-a709-8d793475d8e6 ] Request (ServerActionsTestJSON:setUpClass): 200 GET http://10.180.1.21/compute/v2.1/servers/d3941c63-5974-4a1b-9e79-f4df050659cd 0.222s
2025-05-14 06:18:35.323 69663 INFO tempest.lib.common.rest_client [req-30cf6fb7-a9d2-4afb-883e-8e184c4082ef req-30cf6fb7-a9d2-4afb-883e-8e184c4082ef ] Request (ImagesTestJSON:test_create_image_from_suspended_server): 200 GET http://10.180.1.21/compute/v2.1/servers/14dd4ccb-14cd-410b-aaa4-de45334edeca 0.201s
2025-05-14 06:18:35.384 69703 INFO tempest.lib.common.rest_client [req-b5cb5652-7ada-4005-a335-ce1a8ed80750 req-b5cb5652-7ada-4005-a335-ce1a8ed80750 ] Request (InstanceActionsTestJSON:setUpClass): 200 GET http://10.180.1.21/compute/v2.1/servers/257f9d36-bd6f-410a-a8d8-bba2e862b131 0.232s
2025-05-14 06:18:35.394 69693 INFO tempest.lib.common.rest_client [req-0c3d3f8c-d035-4f74-8a9a-b4925d60c993 req-0c3d3f8c-d035-4f74-8a9a-b4925d60c993 ] Request (ListServersNegativeTestJSON:setUpClass): 200 GET http://10.180.1.21/compute/v2.1/servers/343cba2c-2c74-45dd-a070-848cf139b3bb 0.192s
2025-05-14 06:18:35.437 69677 INFO tempest.lib.common.rest_client [req-5c0512e0-0d47-4654-b41f-980a4184e60b req-5c0512e0-0d47-4654-b41f-980a4184e60b ] Request (ImagesOneServerTestJSON:test_create_delete_image): 200 GET http://10.180.1.21/compute/v2.1/images/f89b3482-bc68-47ed-84f1-5e2a2ee226e5 0.198s
2025-05-14 06:18:35.469 69659 INFO tempest.lib.common.rest_client [req-3bdcb2e9-da78-4d2d-a176-3747e23687b3 req-3bdcb2e9-da78-4d2d-a176-3747e23687b3 ] Request (VolumesAssistedSnapshotsTest:tearDownClass): 200 GET http://10.180.1.21/compute/v2.1/servers/2dfce727-3973-48b4-9326-a2fa2a64779e 0.232s
