2025-05-14 06:17:34.429 69673 INFO tempest.lib.common.dynamic_creds [-] Acquired dynamic creds: credentials: Credentials: {'domain_id': 'default', 'domain_name': 'Default', 'username': 'tempest-FloatingIPDetailsNegativeTestJSON-737041119-project-member', 'project_domain_id': 'default', 'project_domain_name': 'Default', 'project_id': '08caefce0e4e42a28b628aa7ca95900e', 'project_name': 'tempest-FloatingIPDetailsNegativeTestJSON-737041119', 'tenant_id': '08caefce0e4e42a28b628aa7ca95900e', 'tenant_name': 'tempest-FloatingIPDetailsNegativeTestJSON-737041119', 'user_domain_id': 'default', 'user_domain_name': 'Default', 'user_id': '86b8eeec8ea54e7f831fdfc35998d0d1', 'system': None}, Network: None, Subnet: None, Router: None
2025-05-14 06:17:34.434 69677 INFO tempest.lib.common.rest_client [req-8434ba32-6f4b-4aa7-8c35-b47ad236f9cb req-8434ba32-6f4b-4aa7-8c35-b47ad236f9cb ] Request (ImagesOneServerTestJSON:setUpClass): 200 GET http://10.180.1.21/identity/v3/roles 0.042s
2025-05-14 06:17:34.447 69653 INFO tempest.lib.common.rest_client [req-bcdff045-4e90-4227-a2b3-4ac0ff49933e req-bcdff045-4e90-4227-a2b3-4ac0ff49933e ] Request (FlavorsAdminTestJSON:test_is_public_string_variations): 200 GET http://10.180.1.21/compute/v2.1/flavors/detail?is_public=0 0.720s
2025-05-14 06:17:34.453 69665 INFO tempest.lib.common.rest_client [req-814e37de-8517-4041-8a50-b656d050d0f2 req-814e37de-8517-4041-8a50-b656d050d0f2 ] Request (ServersAdminTestJSON:test_create_server_with_scheduling_hint): 202 POST http://10.180.1.21/compute/v2.1/servers 0.960s
2025-05-14 06:17:34.494 69671 INFO tempest.lib.common.rest_client [req-0b51bfe9-bed5-4c44-9c8c-d83f70043280 req-0b51bfe9-bed5-4c44-9c8c-d83f70043280 ] Request (ServersTestBootFromVolume:setUpClass): 200 GET http://10.180.1.21/volume/v3/volumes/95f3f5c6-85f5-4053-b24b-eebc17baaf1b 0.050s
2025-05-14 06:17:34.504 69687 INFO tempest.lib.common.rest_client [req-5e061080-9126-41f7-bedb-bd6e27b394d5 req-5e061080-9126-41f7-bedb-bd6e27b394d5 ] Request (TenantUsagesTestJSON:setUpClass): 201 POST http://10.180.1.21/identity/v3/projects 0.100s
2025-05-14 06:17:34.525 69673 INFO tempest.lib.common.rest_client [req-09e240fa-993e-49d6-a983-82890eae4347 req-09e240fa-993e-49d6-a983-82890eae4347 ] Request (FloatingIPDetailsNegativeTestJSON:setUpClass): 201 POST http://10.180.1.21/identity/v3/auth/tokens 0.096s
2025-05-14 06:17:34.575 69677 INFO tempest.lib.common.rest_client [req-13ec28a8-5f69-4052-a804-2ff42a8d8bbd req-13ec28a8-5f69-4052-a804-2ff42a8d8bbd ] Request (ImagesOneServerTestJSON:setUpClass): 204 PUT http://10.180.1.21/identity/v3/projects/21610459b4e64b71853d22546afd0f0b/users/90b37935065d45ed8d01e5c016ffa2b2/roles/eb8b0c8ae04147b5bedd6acbdc631a06 0.140s
2025-05-14 06:17:34.575 69677 INFO tempest.lib.common.dynamic_creds [-] Dynamic test user 90b37935065d45ed8d01e5c016ffa2b2 is created with scope project and roles: ['member']
2025-05-14 06:17:34.575 69677 INFO tempest.lib.common.dynamic_creds [-] Acquired dynamic creds: credentials: Credentials: {'domain_id': 'default', 'domain_name': 'Default', 'username': 'tempest-ImagesOneServerTestJSON-1340316886-project-member', 'project_domain_id': 'default', 'project_domain_name': 'Default', 'project_id': '21610459b4e64b71853d22546afd0f0b', 'project_name': 'tempest-ImagesOneServerTestJSON-1340316886', 'tenant_id': '21610459b4e64b71853d22546afd0f0b', 'tenant_name': 'tempest-ImagesOneServerTestJSON-1340316886', 'user_domain_id': 'default', 'user_domain_name': 'Default', 'user_id': '90b37935065d45ed8d01e5c016ffa2b2', 'system': None}, Network: None, Subnet: None, Router: None
2025-05-14 06:17:34.587 69687 INFO tempest.lib.common.rest_client [req-f59253fd-363a-4449-84d0-ff14101320ba req-f59253fd-363a-4449-84d0-ff14101320ba ] Request (TenantUsagesTestJSON:setUpClass): 201 POST http://10.180.1.21/identity/v3/users 0.083s
2025-05-14 06:17:34.629 69713 INFO tempest.lib.common.rest_client [req-2d28ab69-09f9-4546-ad25-f8f5dff8527d req-2d28ab69-09f9-4546-ad25-f8f5dff8527d ] Request (ServersTestManualDisk:setUpClass): 200 GET http://10.180.1.21/compute/v2.1/servers/d97c3b3d-e9b2-46b0-87e7-f6660de013ca 0.703s
2025-05-14 06:17:34.640 69713 INFO tempest.common.waiters [-] State transition "BUILD/spawning" ==> "ACTIVE/None" after 20 second wait
2025-05-14 06:17:34.649 69677 INFO tempest.lib.common.rest_client [req-6d823a99-011d-4465-9414-4d5de6a7c10b req-6d823a99-011d-4465-9414-4d5de6a7c10b ] Request (ImagesOneServerTestJSON:setUpClass): 201 POST http://10.180.1.21/identity/v3/auth/tokens 0.073s
2025-05-14 06:17:34.681 69687 INFO tempest.lib.common.rest_client [req-d77361f2-c437-4db9-8b96-ba5b6abb33f7 req-d77361f2-c437-4db9-8b96-ba5b6abb33f7 ] Request (TenantUsagesTestJSON:setUpClass): 200 GET http://10.180.1.21/identity/v3/roles 0.093s
2025-05-14 06:17:34.719 69687 INFO tempest.lib.common.rest_client [req-cb8f39e3-72f3-443c-ad42-5e5e02fdfb63 req-cb8f39e3-72f3-443c-ad42-5e5e02fdfb63 ] Request (TenantUsagesTestJSON:setUpClass): 204 PUT http://10.180.1.21/identity/v3/projects/6d654c6bdabb49ef85a808e4d4b7440e/users/eccf40f7808646e681d94440b98af72c/roles/42a041d6727647eab9873f581686679c 0.037s
2025-05-14 06:17:34.768 69703 INFO tempest.lib.common.rest_client [req-fab50372-8975-4656-b04d-683ecd223fff req-fab50372-8975-4656-b04d-683ecd223fff ] Request (AttachInterfacesV270Test:tearDownClass): 200 GET http://10.180.1.21/compute/v2.1/servers/c10b9a44-b186-4623-80dc-bc94fc925e87 0.731s
2025-05-14 06:17:34.787 69687 INFO tempest.lib.common.rest_client [req-724a3dd8-78e9-4052-8780-b410dddeb59d req-724a3dd8-78e9-4052-8780-b410dddeb59d ] Request (TenantUsagesTestJSON:setUpClass): 200 GET http://10.180.1.21/identity/v3/roles 0.068s
2025-05-14 06:17:34.796 69661 INFO tempest.lib.common.rest_client [req-18150e79-178d-41bf-86a2-1920c49381de req-18150e79-178d-41bf-86a2-1920c49381de ] Request (FloatingIPsAssociationTestJSON:test_associate_already_associated_floating_ip): 200 GET http://10.180.1.21/compute/v2.1/servers/1f7d5eb3-95f6-4b72-83df-a63a653091f7 0.986s
2025-05-14 06:17:34.809 69687 INFO tempest.lib.common.rest_client [req-53ffcfe0-53bc-4e9d-b1c8-fcfb224f82f1 req-53ffcfe0-53bc-4e9d-b1c8-fcfb224f82f1 ] Request (TenantUsagesTestJSON:setUpClass): 204 PUT http://10.180.1.21/identity/v3/projects/6d654c6bdabb49ef85a808e4d4b7440e/users/eccf40f7808646e681d94440b98af72c/roles/42a041d6727647eab9873f581686679c 0.021s
2025-05-14 06:17:34.809 69687 INFO tempest.lib.common.dynamic_creds [-] Dynamic test user eccf40f7808646e681d94440b98af72c is created with scope project and roles: ['admin']
2025-05-14 06:17:34.809 69687 INFO tempest.lib.common.dynamic_creds [-] Acquired dynamic creds: credentials: Credentials: {'domain_id': 'default', 'domain_name': 'Default', 'username': 'tempest-TenantUsagesTestJSON-1865361783-project-admin', 'project_domain_id': 'default', 'project_domain_name': 'Default', 'project_id': '6d654c6bdabb49ef85a808e4d4b7440e', 'project_name': 'tempest-TenantUsagesTestJSON-1865361783', 'tenant_id': '6d654c6bdabb49ef85a808e4d4b7440e', 'tenant_name': 'tempest-TenantUsagesTestJSON-1865361783', 'user_domain_id': 'default', 'user_domain_name': 'Default', 'user_id': 'eccf40f7808646e681d94440b98af72c', 'system': None}, Network: None, Subnet: None, Router: None
2025-05-14 06:17:34.809 69687 INFO tempest.lib.common.dynamic_creds [-] Created isolated network resources for: credentials: Credentials: {'domain_id': 'default', 'domain_name': 'Default', 'username': 'tempest-TenantUsagesTestJSON-1865361783-project-admin', 'project_domain_id': 'default', 'project_domain_name': 'Default', 'project_id': '6d654c6bdabb49ef85a808e4d4b7440e', 'project_name': 'tempest-TenantUsagesTestJSON-1865361783', 'tenant_id': '6d654c6bdabb49ef85a808e4d4b7440e', 'tenant_name': 'tempest-TenantUsagesTestJSON-1865361783', 'user_domain_id': 'default', 'user_domain_name': 'Default', 'user_id': 'eccf40f7808646e681d94440b98af72c', 'system': None}, Network: None, Subnet: None, Router: None
2025-05-14 06:17:34.867 69675 INFO tempest.lib.common.rest_client [req-b84fb21a-8528-41ad-923c-b3e3c8f467ed req-b84fb21a-8528-41ad-923c-b3e3c8f467ed ] Request (ServersTestMultiNic:test_verify_duplicate_network_nics): 200 GET http://10.180.1.21/compute/v2.1/servers/f8d1b31e-dae8-49e2-bc09-f35b5ce5a676 0.775s
2025-05-14 06:17:34.906 69687 INFO tempest.lib.common.rest_client [req-4b5c7e3b-6b83-4b61-b7e2-3368d976f9c3 req-4b5c7e3b-6b83-4b61-b7e2-3368d976f9c3 ] Request (TenantUsagesTestJSON:setUpClass): 201 POST http://10.180.1.21/identity/v3/auth/tokens 0.094s
2025-05-14 06:17:34.997 69687 INFO tempest.lib.common.rest_client [req-e3bf64b1-0013-457d-9c4a-4f60e57d26d0 req-e3bf64b1-0013-457d-9c4a-4f60e57d26d0 ] Request (TenantUsagesTestJSON:setUpClass): 201 POST http://10.180.1.21/identity/v3/auth/tokens 0.087s
2025-05-14 06:17:34.998 69687 INFO tempest.lib.common.fixed_network [-] (TenantUsagesTestJSON:setUpClass) Found network None available for tenant
2025-05-14 06:17:35.011 69707 INFO tempest.lib.common.rest_client [req-90eeff5d-2801-4625-8fa4-1e7b0c5b4469 req-90eeff5d-2801-4625-8fa4-1e7b0c5b4469 ] Request (AggregatesAdminNegativeTestJSON:_run_cleanups): 200 POST http://10.180.1.21/compute/v2.1/os-aggregates/7/action 0.876s
2025-05-14 06:17:35.109 69711 INFO tempest.lib.common.rest_client [req-1fb9689a-9cf0-4ce4-b22d-c46a87b1023d req-1fb9689a-9cf0-4ce4-b22d-c46a87b1023d ] Request (ServerMetadataNegativeTestJSON:test_metadata_items_limit): 200 GET http://10.180.1.21/compute/v2.1/os-quota-sets/2e568683921340599ebc32ae19048099 0.963s
2025-05-14 06:17:35.142 69657 INFO tempest.lib.common.rest_client [req-8a25d3bd-dc3e-4d14-b4ca-347f02972daf req-8a25d3bd-dc3e-4d14-b4ca-347f02972daf ] Request (ServerDiagnosticsV248Test:test_get_server_diagnostics): 202 POST http://10.180.1.21/compute/v2.1/servers 1.091s
2025-05-14 06:17:35.231 69701 INFO tempest.lib.common.rest_client [req-b08319f6-6ad9-4bdf-b8ba-7fb50dd7e138 req-b08319f6-6ad9-4bdf-b8ba-7fb50dd7e138 ] Request (DeleteServersAdminTestJSON:test_delete_server_while_in_error_state): 200 GET http://10.180.1.21/compute/v2.1/servers/04c3b326-d749-4971-be51-d028f1e78275 1.052s
2025-05-14 06:17:35.312 69689 INFO tempest.lib.common.rest_client [req-e7b21571-0aa4-4a2d-9954-b6754ee17a8e req-e7b21571-0aa4-4a2d-9954-b6754ee17a8e ] Request (QuotasAdminTestV257:test_get_updated_quotas): 200 PUT http://10.180.1.21/compute/v2.1/os-quota-sets/6a324398d4fa48a599fb6fa9218f8364?user_id=896897f12b7047ee8d090846e7801283 1.153s
2025-05-14 06:17:35.386 69679 INFO tempest.lib.common.rest_client [req-b5dee2dd-ca63-45bd-8b88-9c1444694e93 req-b5dee2dd-ca63-45bd-8b88-9c1444694e93 ] Request (InstanceActionsNegativeTestJSON:tearDownClass): 204 DELETE http://10.180.1.21:9696/networking/v2.0/routers/cdad1664-7026-4a6c-bcc2-4ded386de9bc 0.973s
2025-05-14 06:17:35.417 69673 INFO tempest.lib.common.rest_client [req-0a37ba0a-8e91-4514-827a-6ddc4571d760 req-0a37ba0a-8e91-4514-827a-6ddc4571d760 ] Request (FloatingIPDetailsNegativeTestJSON:setUpClass): 201 POST http://10.180.1.21:9696/networking/v2.0/networks 0.892s
2025-05-14 06:17:35.442 69677 INFO tempest.lib.common.rest_client [req-530f5159-8b4b-44b0-9a87-5c1a987fa8d2 req-530f5159-8b4b-44b0-9a87-5c1a987fa8d2 ] Request (ImagesOneServerTestJSON:setUpClass): 201 POST http://10.180.1.21:9696/networking/v2.0/networks 0.792s
2025-05-14 06:17:35.542 69671 INFO tempest.lib.common.rest_client [req-a405f129-35d3-4b56-8aee-64c1d01dc60b req-a405f129-35d3-4b56-8aee-64c1d01dc60b ] Request (ServersTestBootFromVolume:setUpClass): 200 GET http://10.180.1.21/volume/v3/volumes/95f3f5c6-85f5-4053-b24b-eebc17baaf1b 0.037s
2025-05-14 06:17:35.777 69691 INFO tempest.lib.common.rest_client [req-1bf04de2-680c-461b-bc5c-b6aade8c054a req-1bf04de2-680c-461b-bc5c-b6aade8c054a ] Request (ListImageFiltersTestJSON:setUpClass): 202 POST http://10.180.1.21/compute/v2.1/servers 1.496s
2025-05-14 06:17:35.785 69677 INFO tempest.lib.common.rest_client [req-19bed0eb-0369-46e2-9174-bda8efb3ad6b req-19bed0eb-0369-46e2-9174-bda8efb3ad6b ] Request (ImagesOneServerTestJSON:setUpClass): 201 POST http://10.180.1.21:9696/networking/v2.0/subnets 0.341s
2025-05-14 06:17:35.837 69679 INFO tempest.lib.common.rest_client [req-8ca9ab10-ca72-4266-8458-a9b5daaae0bb req-8ca9ab10-ca72-4266-8458-a9b5daaae0bb ] Request (InstanceActionsNegativeTestJSON:tearDownClass): 204 DELETE http://10.180.1.21:9696/networking/v2.0/subnets/4f075e4f-96b7-4e7d-bca1-d857bd869fc8 0.450s
2025-05-14 06:17:35.872 69663 INFO tempest.lib.common.rest_client [req-656a2072-2074-47a3-abc0-efba52e13610 req-656a2072-2074-47a3-abc0-efba52e13610 ] Request (ImagesTestJSON:test_create_image_from_stopped_server): 202 POST http://10.180.1.21/compute/v2.1/servers/680d7b0e-473f-474e-9dce-245ce103d9e7/action 1.510s
2025-05-14 06:17:35.936 69673 INFO tempest.lib.common.rest_client [req-9db511dc-60dd-49e5-a07c-cc790546e3d0 req-9db511dc-60dd-49e5-a07c-cc790546e3d0 ] Request (FloatingIPDetailsNegativeTestJSON:setUpClass): 201 POST http://10.180.1.21:9696/networking/v2.0/subnets 0.518s
2025-05-14 06:17:35.970 69681 INFO tempest.lib.common.rest_client [req-877efa87-a2d2-422c-8e69-a3c6083e4bb3 req-877efa87-a2d2-422c-8e69-a3c6083e4bb3 ] Request (ServerTagsTestJSON:test_update_all_tags): 201 PUT http://10.180.1.21/compute/v2.1/servers/95742cd4-ee06-4c77-ab05-28cd2d326092/tags/tempest-tag-494726381 1.549s
2025-05-14 06:17:35.998 69653 INFO tempest.lib.common.rest_client [req-ca624d2f-ef4a-409c-a158-8a5a0e444824 req-ca624d2f-ef4a-409c-a158-8a5a0e444824 ] Request (FlavorsAdminTestJSON:test_is_public_string_variations): 200 GET http://10.180.1.21/compute/v2.1/flavors/detail?is_public=t 1.549s
2025-05-14 06:17:36.042 69695 INFO tempest.lib.common.rest_client [req-ca6a4663-a288-4cc4-8025-1fe378299cc2 req-ca6a4663-a288-4cc4-8025-1fe378299cc2 ] Request (ImagesOneServerNegativeTestJSON:setUpClass): 202 POST http://10.180.1.21/compute/v2.1/servers 1.812s
2025-05-14 06:17:36.092 69665 INFO tempest.lib.common.rest_client [req-c052cc79-f489-4a3f-a667-b4084fcbf389 req-c052cc79-f489-4a3f-a667-b4084fcbf389 ] Request (ServersAdminTestJSON:test_create_server_with_scheduling_hint): 200 GET http://10.180.1.21/compute/v2.1/servers/4cb8cfd0-37b6-466b-8be2-42eebcc4e00d 1.637s
2025-05-14 06:17:36.184 69683 INFO tempest.lib.common.rest_client [req-ad652a87-4877-49a0-8868-5ff8224ab62e req-ad652a87-4877-49a0-8868-5ff8224ab62e ] Request (ServerExternalEventsTest:tearDownClass): 200 GET http://10.180.1.21/compute/v2.1/servers/7a284fbf-f3d9-4dbb-a776-f3d022f3b933 1.634s
2025-05-14 06:17:36.189 69693 INFO tempest.lib.common.rest_client [req-8dbcc5f1-5510-4e87-8ef2-eb81ef5d492d req-8dbcc5f1-5510-4e87-8ef2-eb81ef5d492d ] Request (ServerDiagnosticsNegativeTest:tearDownClass): 200 GET http://10.180.1.21/compute/v2.1/servers/6ec379b6-3bfe-4a94-abad-9affb3942fa4 1.580s
2025-05-14 06:17:36.312 69669 INFO tempest.lib.common.rest_client [req-ddf5e320-6137-4410-a5fc-ea7cae3906f2 req-ddf5e320-6137-4410-a5fc-ea7cae3906f2 ] Request (ServersV294TestFqdnHostnames:setUpClass): 200 GET http://10.180.1.21/compute/v2.1/servers/1bd449dc-7011-4fad-956b-0bd23c946441 1.605s
2025-05-14 06:17:36.322 69713 INFO tempest.lib.common.rest_client [req-0ac596d3-ccfc-4d99-b7a7-25313ef890c3 req-0ac596d3-ccfc-4d99-b7a7-25313ef890c3 ] Request (ServersTestManualDisk:setUpClass): 200 GET http://10.180.1.21/compute/v2.1/servers/d97c3b3d-e9b2-46b0-87e7-f6660de013ca/os-interface 1.680s
2025-05-14 06:17:36.462 69705 INFO tempest.lib.common.rest_client [req-26ad2573-8a28-44db-91e0-200c2babd472 req-26ad2573-8a28-44db-91e0-200c2babd472 ] Request (ServerDiskConfigTestJSON:test_rebuild_server_with_auto_disk_config): 200 GET http://10.180.1.21/compute/v2.1/servers/dcea2793-2788-4c3c-a1ea-dfe28577bb9f 1.652s
2025-05-14 06:17:36.583 69671 INFO tempest.lib.common.rest_client [req-ee9cb9e1-0f9c-45b8-98d4-3fc688d0adbd req-ee9cb9e1-0f9c-45b8-98d4-3fc688d0adbd ] Request (ServersTestBootFromVolume:setUpClass): 200 GET http://10.180.1.21/volume/v3/volumes/95f3f5c6-85f5-4053-b24b-eebc17baaf1b 0.033s
2025-05-14 06:17:36.851 69679 INFO tempest.lib.common.rest_client [req-c45c6aad-f900-4da2-b33e-a6971a431c32 req-c45c6aad-f900-4da2-b33e-a6971a431c32 ] Request (InstanceActionsNegativeTestJSON:tearDownClass): 204 DELETE http://10.180.1.21:9696/networking/v2.0/networks/353c2709-acb1-47f4-8f69-68656f55cddb 1.014s
2025-05-14 06:17:36.955 69651 INFO tempest.lib.common.rest_client [req-c8d631cc-fc33-4005-8971-ab25bd00a086 req-c8d631cc-fc33-4005-8971-ab25bd00a086 ] Request (ServerDiagnosticsTest:test_get_server_diagnostics): 200 GET http://10.180.1.21/compute/v2.1/servers/57e560ca-4c48-4238-a7f1-33c9f2b8f3c9 1.967s
2025-05-14 06:17:37.021 69679 INFO tempest.lib.common.rest_client [req-812ffab3-80d0-41c5-9864-694770935f19 req-812ffab3-80d0-41c5-9864-694770935f19 ] Request (InstanceActionsNegativeTestJSON:tearDownClass): 204 DELETE http://10.180.1.21/identity/v3/users/2fecf10fcc834aaea2112c1ba176b381 0.170s
2025-05-14 06:17:37.021 69679 INFO tempest.lib.common.dynamic_creds [-] Deleting project and security group for project: aad9414a5cbf431c9bc99fd4030e83cb
2025-05-14 06:17:37.028 69685 INFO tempest.lib.common.rest_client [req-a491be57-6b08-4d1b-81ed-7a8354caf2cd req-a491be57-6b08-4d1b-81ed-7a8354caf2cd ] Request (SecurityGroupsTestJSON:test_list_security_groups_by_server): 200 GET http://10.180.1.21/compute/v2.1/servers/e85feaa7-ac85-4146-b9f2-3cf5b196729c 2.314s
2025-05-14 06:17:37.052 69707 INFO tempest.lib.common.rest_client [req-5ee5fc4a-6991-4fd4-b885-770564de3bec req-5ee5fc4a-6991-4fd4-b885-770564de3bec ] Request (AggregatesAdminNegativeTestJSON:_run_cleanups): 200 DELETE http://10.180.1.21/compute/v2.1/os-aggregates/7 2.039s
2025-05-14 06:17:37.111 69711 INFO tempest.lib.common.rest_client [req-a97ca54f-3a81-4ceb-b763-90e3b5fc3a01 req-a97ca54f-3a81-4ceb-b763-90e3b5fc3a01 ] Request (ServerMetadataNegativeTestJSON:test_metadata_items_limit): 403 PUT http://10.180.1.21/compute/v2.1/servers/8cabb81d-9470-4b45-b183-485160fc4a9b/metadata 1.997s
2025-05-14 06:17:37.132 69679 INFO tempest.lib.common.rest_client [req-248f14c5-1a21-41b7-b6b9-57753f665333 req-248f14c5-1a21-41b7-b6b9-57753f665333 ] Request (InstanceActionsNegativeTestJSON:tearDownClass): 200 GET http://10.180.1.21:9696/networking/v2.0/security-groups?tenant_id=aad9414a5cbf431c9bc99fd4030e83cb&name=default 0.110s
2025-05-14 06:17:37.258 69657 INFO tempest.lib.common.rest_client [req-83e85a55-cc3d-43f5-a477-5ca4e2cc7d5c req-83e85a55-cc3d-43f5-a477-5ca4e2cc7d5c ] Request (ServerDiagnosticsV248Test:test_get_server_diagnostics): 200 GET http://10.180.1.21/compute/v2.1/servers/1b1a56e1-6fbb-485e-a802-7acffe4ccb3e 2.111s
2025-05-14 06:17:37.477 69689 INFO tempest.lib.common.rest_client [req-2a78e909-66a0-4e32-85f8-03e6600f947a req-2a78e909-66a0-4e32-85f8-03e6600f947a ] Request (QuotasAdminTestV257:test_get_updated_quotas): 200 GET http://10.180.1.21/compute/v2.1/os-quota-sets/6a324398d4fa48a599fb6fa9218f8364?user_id=896897f12b7047ee8d090846e7801283 2.163s
2025-05-14 06:17:37.497 69687 INFO tempest.lib.common.rest_client [req-6f898951-d188-4b62-92fc-d054045a2b30 req-6f898951-d188-4b62-92fc-d054045a2b30 ] Request (TenantUsagesTestJSON:setUpClass): 202 POST http://10.180.1.21/compute/v2.1/servers 2.498s
2025-05-14 06:17:37.530 69679 INFO tempest.lib.common.rest_client [req-fd5683cf-cba8-4bae-afa5-c9e164d50949 req-fd5683cf-cba8-4bae-afa5-c9e164d50949 ] Request (InstanceActionsNegativeTestJSON:tearDownClass): 204 DELETE http://10.180.1.21:9696/networking/v2.0/security-groups/62527120-5f33-4b1a-8fe8-cb733a2a3ef0 0.397s
2025-05-14 06:17:37.591 69703 INFO tempest.lib.common.rest_client [req-1e0217be-74bf-4153-8d55-fa8771cce263 req-1e0217be-74bf-4153-8d55-fa8771cce263 ] Request (AttachInterfacesV270Test:tearDownClass): 200 GET http://10.180.1.21/compute/v2.1/servers/c10b9a44-b186-4623-80dc-bc94fc925e87 1.813s
2025-05-14 06:17:37.594 69691 INFO tempest.lib.common.rest_client [req-0fd01182-7343-4511-9176-7c69f853bf59 req-0fd01182-7343-4511-9176-7c69f853bf59 ] Request (ListImageFiltersTestJSON:setUpClass): 200 GET http://10.180.1.21/compute/v2.1/servers/8ac8a233-7f92-437d-ae1f-7e80d7286796 1.813s
2025-05-14 06:17:37.616 69689 INFO tempest.lib.common.rest_client [req-11b6ca7d-7d0a-49e1-b56e-d4da0f669039 req-11b6ca7d-7d0a-49e1-b56e-d4da0f669039 ] Request (QuotasAdminTestV257:_run_cleanups): 204 DELETE http://10.180.1.21/identity/v3/users/896897f12b7047ee8d090846e7801283 0.134s
2025-05-14 06:17:37.638 69677 INFO tempest.lib.common.rest_client [req-0852c39c-fb52-419d-a381-fea474d522e6 req-0852c39c-fb52-419d-a381-fea474d522e6 ] Request (ImagesOneServerTestJSON:setUpClass): 201 POST http://10.180.1.21:9696/networking/v2.0/routers 1.852s
2025-05-14 06:17:37.718 69679 INFO tempest.lib.common.rest_client [req-be6cd479-0367-49a0-8c7e-934182d41172 req-be6cd479-0367-49a0-8c7e-934182d41172 ] Request (InstanceActionsNegativeTestJSON:tearDownClass): 204 DELETE http://10.180.1.21/identity/v3/projects/aad9414a5cbf431c9bc99fd4030e83cb 0.187s
2025-05-14 06:17:37.726 69689 INFO tempest.lib.common.rest_client [req-01faae02-08ee-409f-8156-cf6b2088dc0e req-01faae02-08ee-409f-8156-cf6b2088dc0e ] Request (QuotasAdminTestV257:_run_cleanups): 204 DELETE http://10.180.1.21/identity/v3/projects/6a324398d4fa48a599fb6fa9218f8364 0.110s
2025-05-14 06:17:37.765 69671 INFO tempest.lib.common.rest_client [req-f6ef84f8-8dbd-4410-9d60-f4bfce0b1649 req-f6ef84f8-8dbd-4410-9d60-f4bfce0b1649 ] Request (ServersTestBootFromVolume:setUpClass): 200 GET http://10.180.1.21/volume/v3/volumes/95f3f5c6-85f5-4053-b24b-eebc17baaf1b 0.168s
2025-05-14 06:17:37.794 69679 INFO tempest.lib.common.rest_client [req-78f98f18-617c-45fd-939c-2119829fa90e req-78f98f18-617c-45fd-939c-2119829fa90e ] Request (ServersAaction247Test:setUpClass): 201 POST http://10.180.1.21/identity/v3/auth/tokens 0.074s
2025-05-14 06:17:37.836 69663 INFO tempest.lib.common.rest_client [req-d5ea99fb-f9fc-4b52-8977-405aa8d32ec8 req-d5ea99fb-f9fc-4b52-8977-405aa8d32ec8 ] Request (ImagesTestJSON:test_create_image_from_stopped_server): 200 GET http://10.180.1.21/compute/v2.1/servers/680d7b0e-473f-474e-9dce-245ce103d9e7 1.964s
2025-05-14 06:17:37.853 69661 INFO tempest.lib.common.rest_client [req-5fb44d6b-e77f-4f9e-8bd8-6526fc870fd2 req-5fb44d6b-e77f-4f9e-8bd8-6526fc870fd2 ] Request (FloatingIPsAssociationTestJSON:test_associate_already_associated_floating_ip): 200 GET http://10.180.1.21/compute/v2.1/servers/1f7d5eb3-95f6-4b72-83df-a63a653091f7 2.043s
2025-05-14 06:17:37.862 69689 INFO tempest.lib.common.rest_client [req-79c52fe6-4529-4be5-ad19-7f088a2fc068 req-79c52fe6-4529-4be5-ad19-7f088a2fc068 ] Request (QuotasAdminTestV257:tearDownClass): 204 DELETE http://10.180.1.21/identity/v3/users/299a061d008e45f49b631bf1833c9714 0.134s
2025-05-14 06:17:37.922 69679 INFO tempest.lib.common.rest_client [req-775a595c-d349-47dd-896f-46a8c86ef0b1 req-775a595c-d349-47dd-896f-46a8c86ef0b1 ] Request (ServersAaction247Test:setUpClass): 201 POST http://10.180.1.21/identity/v3/auth/tokens 0.121s
2025-05-14 06:17:37.933 69675 INFO tempest.lib.common.rest_client [req-02b7f84d-93a3-4f41-9920-491cc68202a1 req-02b7f84d-93a3-4f41-9920-491cc68202a1 ] Request (ServersTestMultiNic:test_verify_duplicate_network_nics): 200 GET http://10.180.1.21/compute/v2.1/servers/f8d1b31e-dae8-49e2-bc09-f35b5ce5a676 2.055s
2025-05-14 06:17:37.968 69679 INFO tempest.lib.common.rest_client [req-e57d18ad-632b-4d61-8910-d9a6463717bc req-e57d18ad-632b-4d61-8910-d9a6463717bc ] Request (ServersAaction247Test:setUpClass): 200 GET http://10.180.1.21/identity/v3/domains?name=Default 0.046s
2025-05-14 06:17:37.976 69681 INFO tempest.lib.common.rest_client [req-de5ae669-1356-4776-a5b5-f566673a480e req-de5ae669-1356-4776-a5b5-f566673a480e ] Request (ServerTagsTestJSON:test_update_all_tags): 201 PUT http://10.180.1.21/compute/v2.1/servers/95742cd4-ee06-4c77-ab05-28cd2d326092/tags/tempest-tag-1338969138 2.005s
2025-05-14 06:17:37.988 69653 INFO tempest.lib.common.rest_client [req-c918a907-d368-41b9-ab15-7605901c17aa req-c918a907-d368-41b9-ab15-7605901c17aa ] Request (FlavorsAdminTestJSON:test_is_public_string_variations): 200 GET http://10.180.1.21/compute/v2.1/flavors/detail?is_public=true 1.983s
2025-05-14 06:17:37.989 69689 INFO tempest.lib.common.rest_client [req-b79c0775-2fab-4b76-89ed-78c9dd8fce8a req-b79c0775-2fab-4b76-89ed-78c9dd8fce8a ] Request (QuotasAdminTestV257:tearDownClass): 204 DELETE http://10.180.1.21/identity/v3/users/73ebe5aef9d14f2e87bcef967a3f93c2 0.126s
2025-05-14 06:17:37.989 69689 INFO tempest.lib.common.dynamic_creds [-] Deleting project and security group for project: 74a3c98d9a4e4828a363844f85981e5b
2025-05-14 06:17:38.061 69709 WARNING tempest.lib.common.ssh [-] Failed to establish authenticated ssh connection to cirros@10.180.180.165 ([Errno None] Unable to connect to port 22 on 10.180.180.165). Number attempts: 5. Retry after 6 seconds.: paramiko.ssh_exception.NoValidConnectionsError: [Errno None] Unable to connect to port 22 on 10.180.180.165
2025-05-14 06:17:38.064 69689 INFO tempest.lib.common.rest_client [req-67d1fa87-9261-4738-874b-e8e68d47ec81 req-67d1fa87-9261-4738-874b-e8e68d47ec81 ] Request (QuotasAdminTestV257:tearDownClass): 201 POST http://10.180.1.21/identity/v3/auth/tokens 0.074s
2025-05-14 06:17:38.073 69679 INFO tempest.lib.common.rest_client [req-d808f052-bc52-484a-8d42-b4e78ae82085 req-d808f052-bc52-484a-8d42-b4e78ae82085 ] Request (ServersAaction247Test:setUpClass): 201 POST http://10.180.1.21/identity/v3/projects 0.104s
2025-05-14 06:17:38.103 69713 INFO tempest.lib.common.rest_client [req-06fa3e66-4cb8-46c5-805c-98280382d95d req-06fa3e66-4cb8-46c5-805c-98280382d95d ] Request (ServersTestManualDisk:setUpClass): 200 PUT http://10.180.1.21:9696/networking/v2.0/floatingips/bd084f22-0626-4a46-a7c3-2a830d4f649b 1.778s
2025-05-14 06:17:38.112 69695 INFO tempest.lib.common.rest_client [req-44b11e7a-e4b7-4284-bc16-0d32d9ae6aac req-44b11e7a-e4b7-4284-bc16-0d32d9ae6aac ] Request (ImagesOneServerNegativeTestJSON:setUpClass): 200 GET http://10.180.1.21/compute/v2.1/servers/c55f207e-511e-44c0-ad4c-0415a9d94755 2.067s
2025-05-14 06:17:38.164 69707 INFO tempest.lib.common.rest_client [req-351a48ae-aa03-4c98-882c-9d4eb3f9ffca req-351a48ae-aa03-4c98-882c-9d4eb3f9ffca ] Request (AggregatesAdminNegativeTestJSON:test_aggregate_remove_nonexistent_host): 200 POST http://10.180.1.21/compute/v2.1/os-aggregates 1.109s
2025-05-14 06:17:38.173 69679 INFO tempest.lib.common.rest_client [req-33457204-b117-49ce-b8ca-162c2220ef5a req-33457204-b117-49ce-b8ca-162c2220ef5a ] Request (ServersAaction247Test:setUpClass): 201 POST http://10.180.1.21/identity/v3/users 0.100s
2025-05-14 06:17:38.200 69679 INFO tempest.lib.common.rest_client [req-cba876ca-99d8-4ec1-8efc-4326199b4f5d req-cba876ca-99d8-4ec1-8efc-4326199b4f5d ] Request (ServersAaction247Test:setUpClass): 200 GET http://10.180.1.21/identity/v3/roles 0.026s
2025-05-14 06:17:38.203 69701 INFO tempest.lib.common.rest_client [req-d460def6-46af-4f76-91d0-3c6efd87bade req-d460def6-46af-4f76-91d0-3c6efd87bade ] Request (DeleteServersAdminTestJSON:test_delete_server_while_in_error_state): 200 GET http://10.180.1.21/compute/v2.1/servers/04c3b326-d749-4971-be51-d028f1e78275 1.961s
2025-05-14 06:17:38.207 69655 WARNING tempest.lib.common.ssh [-] Failed to establish authenticated ssh connection to cirros@10.180.180.191 ([Errno None] Unable to connect to port 22 on 10.180.180.191). Number attempts: 4. Retry after 5 seconds.: paramiko.ssh_exception.NoValidConnectionsError: [Errno None] Unable to connect to port 22 on 10.180.180.191
2025-05-14 06:17:38.210 69701 INFO tempest.common.waiters [-] State transition "BUILD/None" ==> "BUILD/spawning" after 20 second wait
2025-05-14 06:17:38.264 69679 INFO tempest.lib.common.rest_client [req-fcdab0c9-c10b-4b8f-a96d-02dd6ffeb257 req-fcdab0c9-c10b-4b8f-a96d-02dd6ffeb257 ] Request (ServersAaction247Test:setUpClass): 204 PUT http://10.180.1.21/identity/v3/projects/79a6e0c7c7354097a922b216ee042f60/users/82e9e1206ca74e70abb2a4e7c715ec77/roles/eb8b0c8ae04147b5bedd6acbdc631a06 0.063s
2025-05-14 06:17:38.265 69679 INFO tempest.lib.common.dynamic_creds [-] Dynamic test user 82e9e1206ca74e70abb2a4e7c715ec77 is created with scope project and roles: ['member']
2025-05-14 06:17:38.265 69679 INFO tempest.lib.common.dynamic_creds [-] Acquired dynamic creds: credentials: Credentials: {'domain_id': 'default', 'domain_name': 'Default', 'username': 'tempest-ServersAaction247Test-2088475315-project-member', 'project_domain_id': 'default', 'project_domain_name': 'Default', 'project_id': '79a6e0c7c7354097a922b216ee042f60', 'project_name': 'tempest-ServersAaction247Test-2088475315', 'tenant_id': '79a6e0c7c7354097a922b216ee042f60', 'tenant_name': 'tempest-ServersAaction247Test-2088475315', 'user_domain_id': 'default', 'user_domain_name': 'Default', 'user_id': '82e9e1206ca74e70abb2a4e7c715ec77', 'system': None}, Network: None, Subnet: None, Router: None
2025-05-14 06:17:38.265 69679 INFO tempest.lib.common.dynamic_creds [-] Created isolated network resources for: credentials: Credentials: {'domain_id': 'default', 'domain_name': 'Default', 'username': 'tempest-ServersAaction247Test-2088475315-project-member', 'project_domain_id': 'default', 'project_domain_name': 'Default', 'project_id': '79a6e0c7c7354097a922b216ee042f60', 'project_name': 'tempest-ServersAaction247Test-2088475315', 'tenant_id': '79a6e0c7c7354097a922b216ee042f60', 'tenant_name': 'tempest-ServersAaction247Test-2088475315', 'user_domain_id': 'default', 'user_domain_name': 'Default', 'user_id': '82e9e1206ca74e70abb2a4e7c715ec77', 'system': None}, Network: None, Subnet: None, Router: None
2025-05-14 06:17:38.284 69665 INFO tempest.lib.common.rest_client [req-ef5b782a-3429-4020-9721-abae18e46b6e req-ef5b782a-3429-4020-9721-abae18e46b6e ] Request (ServersAdminTestJSON:test_create_server_with_scheduling_hint): 200 GET http://10.180.1.21/compute/v2.1/servers/4cb8cfd0-37b6-466b-8be2-42eebcc4e00d 1.179s
2025-05-14 06:17:38.290 69711 INFO tempest.lib.common.rest_client [req-df6744a9-c09a-43d2-a14f-653b3a8c71df req-df6744a9-c09a-43d2-a14f-653b3a8c71df ] Request (ServerMetadataNegativeTestJSON:test_metadata_items_limit): 403 POST http://10.180.1.21/compute/v2.1/servers/8cabb81d-9470-4b45-b183-485160fc4a9b/metadata 1.179s
2025-05-14 06:17:38.312 69683 INFO tempest.lib.common.rest_client [req-40341944-5b69-4ada-8dd5-a4551ebfacb9 req-40341944-5b69-4ada-8dd5-a4551ebfacb9 ] Request (ServerExternalEventsTest:tearDownClass): 404 GET http://10.180.1.21/compute/v2.1/servers/7a284fbf-f3d9-4dbb-a776-f3d022f3b933 1.119s
2025-05-14 06:17:38.379 69679 INFO tempest.lib.common.rest_client [req-bf11d809-a89b-4bd6-b162-46d255212172 req-bf11d809-a89b-4bd6-b162-46d255212172 ] Request (ServersAaction247Test:setUpClass): 201 POST http://10.180.1.21/identity/v3/auth/tokens 0.104s
2025-05-14 06:17:38.382 69693 INFO tempest.lib.common.rest_client [req-6e051933-642e-4ee7-930e-181116244614 req-6e051933-642e-4ee7-930e-181116244614 ] Request (ServerDiagnosticsNegativeTest:tearDownClass): 200 GET http://10.180.1.21/compute/v2.1/servers/6ec379b6-3bfe-4a94-abad-9affb3942fa4 1.179s
2025-05-14 06:17:38.388 69673 INFO tempest.lib.common.rest_client [req-b467a243-8c22-4afe-8c3b-3117e1ca02a6 req-b467a243-8c22-4afe-8c3b-3117e1ca02a6 ] Request (FloatingIPDetailsNegativeTestJSON:setUpClass): 201 POST http://10.180.1.21:9696/networking/v2.0/routers 2.451s
2025-05-14 06:17:38.398 69711 INFO tempest.lib.common.rest_client [req-39800434-f938-4c70-a1db-117a6301353a req-39800434-f938-4c70-a1db-117a6301353a ] Request (ServerMetadataNegativeTestJSON:test_server_create_metadata_key_too_long): 201 POST http://10.180.1.21/identity/v3/auth/tokens 0.091s
2025-05-14 06:17:38.398 69711 INFO tempest.lib.common.fixed_network [-] (ServerMetadataNegativeTestJSON:test_server_create_metadata_key_too_long) Found network {'id': '60923330-712e-44d9-87f9-c8d6bd511ebe', 'name': 'tempest-ServerMetadataNegativeTestJSON-2084495142-network', 'tenant_id': '2e568683921340599ebc32ae19048099', 'admin_state_up': True, 'mtu': 8950, 'status': 'ACTIVE', 'subnets': [], 'shared': False, 'project_id': '2e568683921340599ebc32ae19048099', 'port_security_enabled': True, 'router:external': False, 'provider:network_type': 'vlan', 'provider:physical_network': 'default', 'provider:segmentation_id': 292, 'availability_zone_hints': [], 'availability_zones': [], 'ipv4_address_scope': None, 'ipv6_address_scope': None, 'description': '', 'tags': [], 'created_at': '2025-05-14T06:16:53Z', 'updated_at': '2025-05-14T06:16:53Z', 'revision_number': 1} available for tenant
2025-05-14 06:17:38.432 69669 INFO tempest.lib.common.rest_client [req-95bdb204-bca2-422d-bf22-54753a784141 req-95bdb204-bca2-422d-bf22-54753a784141 ] Request (ServersV294TestFqdnHostnames:setUpClass): 200 GET http://10.180.1.21/compute/v2.1/servers/1bd449dc-7011-4fad-956b-0bd23c946441 1.102s
2025-05-14 06:17:38.443 69679 INFO tempest.lib.common.rest_client [req-147d2f8d-4355-4cec-b393-b0ef8079daf8 req-147d2f8d-4355-4cec-b393-b0ef8079daf8 ] Request (ServersAaction247Test:test_create_backup): 201 POST http://10.180.1.21/identity/v3/auth/tokens 0.058s
2025-05-14 06:17:38.444 69679 INFO tempest.lib.common.fixed_network [-] (ServersAaction247Test:test_create_backup) Found network None available for tenant
2025-05-14 06:17:38.458 69705 INFO tempest.lib.common.rest_client [req-7323acad-1c58-4517-80fb-cfa00b4a2c27 req-7323acad-1c58-4517-80fb-cfa00b4a2c27 ] Request (ServerDiskConfigTestJSON:test_rebuild_server_with_auto_disk_config): 200 GET http://10.180.1.21/compute/v2.1/servers/dcea2793-2788-4c3c-a1ea-dfe28577bb9f 0.985s
2025-05-14 06:17:38.539 69683 INFO tempest.lib.common.rest_client [req-85f9be6e-27ba-48fb-97f2-e53c3fd40148 req-85f9be6e-27ba-48fb-97f2-e53c3fd40148 ] Request (ServerExternalEventsTest:tearDownClass): 204 DELETE http://10.180.1.21/identity/v3/users/d1b449bbb35a4b0485dd2b3a5d797b0c 0.226s
2025-05-14 06:17:38.559 69687 INFO tempest.lib.common.rest_client [req-4dd2f50d-121c-45e2-9367-ada827ef0a34 req-4dd2f50d-121c-45e2-9367-ada827ef0a34 ] Request (TenantUsagesTestJSON:setUpClass): 200 GET http://10.180.1.21/compute/v2.1/servers/6b7b1903-2dd5-45a0-b195-7669dbcf9fc3 1.060s
2025-05-14 06:17:38.617 69689 INFO tempest.lib.common.rest_client [req-fb52c274-df53-48a0-89e2-66b25f546a27 req-fb52c274-df53-48a0-89e2-66b25f546a27 ] Request (QuotasAdminTestV257:tearDownClass): 200 GET http://10.180.1.21:9696/networking/v2.0/security-groups?tenant_id=74a3c98d9a4e4828a363844f85981e5b&name=default 0.552s
2025-05-14 06:17:38.661 69683 INFO tempest.lib.common.rest_client [req-b8db372f-de5a-4990-b932-a20e1ff4ea3d req-b8db372f-de5a-4990-b932-a20e1ff4ea3d ] Request (ServerExternalEventsTest:tearDownClass): 204 DELETE http://10.180.1.21/identity/v3/users/21f343df31e441a1b769a01ea487fca8 0.122s
2025-05-14 06:17:38.718 69697 INFO tempest.lib.common.rest_client [req-d14f2dbc-6d4b-47fb-8bbb-d6b51c8fa5d0 req-d14f2dbc-6d4b-47fb-8bbb-d6b51c8fa5d0 ] Request (AbsoluteLimitsNegativeTestJSON:test_max_metadata_exceed_limit): 200 GET http://10.180.1.21/compute/v2.1/limits 0.942s
2025-05-14 06:17:38.754 69651 INFO tempest.lib.common.rest_client [req-1fa9eaa1-3a1c-43ae-948d-316311bf77db req-1fa9eaa1-3a1c-43ae-948d-316311bf77db ] Request (ServerDiagnosticsTest:test_get_server_diagnostics): 200 GET http://10.180.1.21/compute/v2.1/servers/57e560ca-4c48-4238-a7f1-33c9f2b8f3c9 0.790s
2025-05-14 06:17:38.800 69653 INFO tempest.lib.common.rest_client [req-439781bd-9d7d-42c1-b393-b084e20235ba req-439781bd-9d7d-42c1-b393-b084e20235ba ] Request (FlavorsAdminTestJSON:test_is_public_string_variations): 200 GET http://10.180.1.21/compute/v2.1/flavors/detail?is_public=yes 0.805s
2025-05-14 06:17:38.820 69683 INFO tempest.lib.common.rest_client [req-8b331fe8-fd5f-40c1-9f64-2c3ba2ddb0f1 req-8b331fe8-fd5f-40c1-9f64-2c3ba2ddb0f1 ] Request (ServerExternalEventsTest:tearDownClass): 204 DELETE http://10.180.1.21/identity/v3/users/b12c243d764043898f7ef88bae130e70 0.158s
2025-05-14 06:17:38.820 69683 INFO tempest.lib.common.dynamic_creds [-] Deleting project and security group for project: 33dcc1d55d0f412bae5e8a4629e579a0
2025-05-14 06:17:38.823 69671 INFO tempest.lib.common.rest_client [req-4b8e51c3-c089-4a93-a10a-bf035ed72706 req-4b8e51c3-c089-4a93-a10a-bf035ed72706 ] Request (ServersTestBootFromVolume:setUpClass): 200 GET http://10.180.1.21/volume/v3/volumes/95f3f5c6-85f5-4053-b24b-eebc17baaf1b 0.050s
2025-05-14 06:17:38.828 69681 INFO tempest.lib.common.rest_client [req-96475ecb-56f1-4c7e-800f-8578898d80a8 req-96475ecb-56f1-4c7e-800f-8578898d80a8 ] Request (ServerTagsTestJSON:test_update_all_tags): 200 PUT http://10.180.1.21/compute/v2.1/servers/95742cd4-ee06-4c77-ab05-28cd2d326092/tags 0.851s
2025-05-14 06:17:38.872 69697 INFO tempest.lib.common.rest_client [req-02133ccb-3483-4f7a-8f26-c47edec36698 req-02133ccb-3483-4f7a-8f26-c47edec36698 ] Request (AbsoluteLimitsNegativeTestJSON:test_max_metadata_exceed_limit): 201 POST http://10.180.1.21/identity/v3/auth/tokens 0.141s
2025-05-14 06:17:38.873 69697 INFO tempest.lib.common.fixed_network [-] (AbsoluteLimitsNegativeTestJSON:test_max_metadata_exceed_limit) Found network None available for tenant
2025-05-14 06:17:38.885 69659 WARNING tempest.lib.common.ssh [-] Failed to establish authenticated ssh connection to cirros@10.180.180.147 ([Errno None] Unable to connect to port 22 on 10.180.180.147). Number attempts: 5. Retry after 6 seconds.: paramiko.ssh_exception.NoValidConnectionsError: [Errno None] Unable to connect to port 22 on 10.180.180.147
2025-05-14 06:17:38.917 69683 INFO tempest.lib.common.rest_client [req-1eec1901-043b-4265-abac-b827d38254b0 req-1eec1901-043b-4265-abac-b827d38254b0 ] Request (ServerExternalEventsTest:tearDownClass): 201 POST http://10.180.1.21/identity/v3/auth/tokens 0.095s
2025-05-14 06:17:38.937 69689 INFO tempest.lib.common.rest_client [req-0be39425-36b0-487f-ace8-200cc79d4c88 req-0be39425-36b0-487f-ace8-200cc79d4c88 ] Request (QuotasAdminTestV257:tearDownClass): 204 DELETE http://10.180.1.21:9696/networking/v2.0/security-groups/380c1337-2864-453c-abc1-4b751c9f27ce 0.319s
2025-05-14 06:17:38.983 69685 INFO tempest.lib.common.rest_client [req-f19182e5-7867-4190-9f2a-279b55986e32 req-f19182e5-7867-4190-9f2a-279b55986e32 ] Request (SecurityGroupsTestJSON:test_list_security_groups_by_server): 200 GET http://10.180.1.21/compute/v2.1/servers/e85feaa7-ac85-4146-b9f2-3cf5b196729c 0.945s
2025-05-14 06:17:39.002 69689 INFO tempest.lib.common.rest_client [req-a30c83b3-5152-40e7-b2f8-6cc8b483e54b req-a30c83b3-5152-40e7-b2f8-6cc8b483e54b ] Request (QuotasAdminTestV257:tearDownClass): 204 DELETE http://10.180.1.21/identity/v3/projects/74a3c98d9a4e4828a363844f85981e5b 0.065s
2025-05-14 06:17:39.003 69689 INFO tempest.lib.common.dynamic_creds [-] Deleting project and security group for project: c6318d75d039420eafac122e98a7b81d
2025-05-14 06:17:39.021 69707 INFO tempest.lib.common.rest_client [req-38c34a19-4352-4558-93ce-8b0dfda8c639 req-38c34a19-4352-4558-93ce-8b0dfda8c639 ] Request (AggregatesAdminNegativeTestJSON:test_aggregate_remove_nonexistent_host): 404 POST http://10.180.1.21/compute/v2.1/os-aggregates/8/action 0.854s
2025-05-14 06:17:39.117 69657 INFO tempest.lib.common.rest_client [req-93a7c0e0-1bd5-4c71-be95-deeb490fd64a req-93a7c0e0-1bd5-4c71-be95-deeb490fd64a ] Request (ServerDiagnosticsV248Test:test_get_server_diagnostics): 200 GET http://10.180.1.21/compute/v2.1/servers/1b1a56e1-6fbb-485e-a802-7acffe4ccb3e 0.839s
2025-05-14 06:17:39.124 69711 INFO tempest.lib.common.rest_client [req-858ddecb-dba2-4197-8f73-afab0cd6668e req-858ddecb-dba2-4197-8f73-afab0cd6668e ] Request (ServerMetadataNegativeTestJSON:test_server_create_metadata_key_too_long): 400 POST http://10.180.1.21/compute/v2.1/servers 0.725s
2025-05-14 06:17:39.157 69713 INFO tempest.lib.common.rest_client [req-d0ab7435-2ae3-4dde-a6df-f988492d8e36 req-d0ab7435-2ae3-4dde-a6df-f988492d8e36 ] Request (ServersTestManualDisk:setUpClass): 200 GET http://10.180.1.21/compute/v2.1/servers/d97c3b3d-e9b2-46b0-87e7-f6660de013ca 1.054s
2025-05-14 06:17:39.169 69713 INFO tempest.lib.common.ssh [-] Creating ssh connection to '10.180.180.226:22' as 'cirros' with public key authentication
2025-05-14 06:17:39.190 69683 INFO tempest.lib.common.rest_client [req-f44c6f3a-1272-4a5c-b0fe-4d1ec4f51297 req-f44c6f3a-1272-4a5c-b0fe-4d1ec4f51297 ] Request (ServerExternalEventsTest:tearDownClass): 200 GET http://10.180.1.21:9696/networking/v2.0/security-groups?tenant_id=33dcc1d55d0f412bae5e8a4629e579a0&name=default 0.270s
2025-05-14 06:17:39.197 69711 INFO tempest.lib.common.rest_client [req-bbf4d31f-d258-44a3-9416-5993dd17d4a7 req-bbf4d31f-d258-44a3-9416-5993dd17d4a7 ] Request (ServerMetadataNegativeTestJSON:test_server_create_metadata_key_too_long): 201 POST http://10.180.1.21/identity/v3/auth/tokens 0.069s
2025-05-14 06:17:39.197 69711 INFO tempest.lib.common.fixed_network [-] (ServerMetadataNegativeTestJSON:test_server_create_metadata_key_too_long) Found network {'id': '60923330-712e-44d9-87f9-c8d6bd511ebe', 'name': 'tempest-ServerMetadataNegativeTestJSON-2084495142-network', 'tenant_id': '2e568683921340599ebc32ae19048099', 'admin_state_up': True, 'mtu': 8950, 'status': 'ACTIVE', 'subnets': [], 'shared': False, 'project_id': '2e568683921340599ebc32ae19048099', 'port_security_enabled': True, 'router:external': False, 'provider:network_type': 'vlan', 'provider:physical_network': 'default', 'provider:segmentation_id': 292, 'availability_zone_hints': [], 'availability_zones': [], 'ipv4_address_scope': None, 'ipv6_address_scope': None, 'description': '', 'tags': [], 'created_at': '2025-05-14T06:16:53Z', 'updated_at': '2025-05-14T06:16:53Z', 'revision_number': 1} available for tenant
2025-05-14 06:17:39.256 69703 INFO tempest.lib.common.rest_client [req-88ef49bb-0b27-4d71-be5e-ad8d48138a4b req-88ef49bb-0b27-4d71-be5e-ad8d48138a4b ] Request (AttachInterfacesV270Test:tearDownClass): 200 GET http://10.180.1.21/compute/v2.1/servers/c10b9a44-b186-4623-80dc-bc94fc925e87 0.650s
2025-05-14 06:17:39.299 69689 INFO tempest.lib.common.rest_client [req-521d96db-539a-4af5-894b-a70766b55a11 req-521d96db-539a-4af5-894b-a70766b55a11 ] Request (QuotasAdminTestV257:tearDownClass): 200 GET http://10.180.1.21:9696/networking/v2.0/security-groups?tenant_id=c6318d75d039420eafac122e98a7b81d&name=default 0.296s
2025-05-14 06:17:39.310 69677 INFO tempest.lib.common.rest_client [req-2c7d85a3-a966-4dbc-8786-b3dc87d987be req-2c7d85a3-a966-4dbc-8786-b3dc87d987be ] Request (ImagesOneServerTestJSON:setUpClass): 200 PUT http://10.180.1.21:9696/networking/v2.0/routers/1c59a2f8-fb99-4593-b424-cb9e924e9cbb/add_router_interface 1.670s
2025-05-14 06:17:39.311 69677 INFO tempest.lib.common.dynamic_creds [-] Created isolated network resources for: credentials: Credentials: {'domain_id': 'default', 'domain_name': 'Default', 'username': 'tempest-ImagesOneServerTestJSON-1340316886-project-member', 'project_domain_id': 'default', 'project_domain_name': 'Default', 'project_id': '21610459b4e64b71853d22546afd0f0b', 'project_name': 'tempest-ImagesOneServerTestJSON-1340316886', 'tenant_id': '21610459b4e64b71853d22546afd0f0b', 'tenant_name': 'tempest-ImagesOneServerTestJSON-1340316886', 'user_domain_id': 'default', 'user_domain_name': 'Default', 'user_id': '90b37935065d45ed8d01e5c016ffa2b2', 'system': None}, Network: {'id': 'd317ec5d-8a77-443b-9b2e-6c98a04dec82', 'name': 'tempest-ImagesOneServerTestJSON-518519677-network', 'tenant_id': '21610459b4e64b71853d22546afd0f0b', 'admin_state_up': True, 'mtu': 8950, 'status': 'ACTIVE', 'subnets': [], 'shared': False, 'project_id': '21610459b4e64b71853d22546afd0f0b', 'port_security_enabled': True, 'router:external': False, 'provider:network_type': 'vlan', 'provider:physical_network': 'default', 'provider:segmentation_id': 896, 'availability_zone_hints': [], 'availability_zones': [], 'ipv4_address_scope': None, 'ipv6_address_scope': None, 'description': '', 'tags': [], 'created_at': '2025-05-14T06:17:35Z', 'updated_at': '2025-05-14T06:17:35Z', 'revision_number': 1}, Subnet: {'id': 'ff9295e3-f7cd-468b-a35f-46650353be34', 'name': 'tempest-ImagesOneServerTestJSON-518519677-subnet', 'tenant_id': '21610459b4e64b71853d22546afd0f0b', 'network_id': 'd317ec5d-8a77-443b-9b2e-6c98a04dec82', 'ip_version': 4, 'subnetpool_id': None, 'enable_dhcp': True, 'ipv6_ra_mode': None, 'ipv6_address_mode': None, 'gateway_ip': '192.168.128.1', 'cidr': '192.168.128.0/28', 'allocation_pools': [{'start': '192.168.128.2', 'end': '192.168.128.14'}], 'host_routes': [], 'dns_nameservers': [], 'description': '', 'router:external': False, 'service_types': [], 'tags': [], 'created_at': '2025-05-14T06:17:35Z', 'updated_at': '2025-05-14T06:17:35Z', 'revision_number': 0, 'project_id': '21610459b4e64b71853d22546afd0f0b'}, Router: {'id': '1c59a2f8-fb99-4593-b424-cb9e924e9cbb', 'name': 'tempest-ImagesOneServerTestJSON-518519677-router', 'tenant_id': '21610459b4e64b71853d22546afd0f0b', 'admin_state_up': True, 'status': 'ACTIVE', 'external_gateway_info': {'network_id': 'df702ba5-6d27-4273-afa6-611dcb5e33b6', 'external_fixed_ips': [{'subnet_id': 'af4b5793-fbd3-4cf8-9c5c-d64162267c99', 'ip_address': '10.180.180.218'}], 'enable_snat': True}, 'description': '', 'availability_zones': [], 'distributed': False, 'ha': False, 'availability_zone_hints': [], 'routes': [], 'flavor_id': None, 'tags': [], 'created_at': '2025-05-14T06:17:35Z', 'updated_at': '2025-05-14T06:17:37Z', 'revision_number': 2, 'project_id': '21610459b4e64b71853d22546afd0f0b'}
2025-05-14 06:17:39.350 69691 INFO tempest.lib.common.rest_client [req-575a82d4-621c-4816-90cb-134b487daa79 req-575a82d4-621c-4816-90cb-134b487daa79 ] Request (ListImageFiltersTestJSON:setUpClass): 200 GET http://10.180.1.21/compute/v2.1/servers/8ac8a233-7f92-437d-ae1f-7e80d7286796 0.744s
2025-05-14 06:17:39.360 69667 WARNING tempest.lib.common.ssh [-] Failed to establish authenticated ssh connection to cirros@10.180.180.149 ([Errno None] Unable to connect to port 22 on 10.180.180.149). Number attempts: 5. Retry after 6 seconds.: paramiko.ssh_exception.NoValidConnectionsError: [Errno None] Unable to connect to port 22 on 10.180.180.149
2025-05-14 06:17:39.375 69683 INFO tempest.lib.common.rest_client [req-c3ad8b58-9a18-4f72-813f-3b11cdbf22d6 req-c3ad8b58-9a18-4f72-813f-3b11cdbf22d6 ] Request (ServerExternalEventsTest:tearDownClass): 204 DELETE http://10.180.1.21:9696/networking/v2.0/security-groups/cfffd1b7-30f8-4f7d-847b-4bca05d78fd7 0.184s
2025-05-14 06:17:39.377 69653 INFO tempest.lib.common.rest_client [req-1465c231-0147-4223-8b7b-4e8776cdf701 req-1465c231-0147-4223-8b7b-4e8776cdf701 ] Request (FlavorsAdminTestJSON:test_is_public_string_variations): 200 GET http://10.180.1.21/compute/v2.1/flavors/detail?is_public=1 0.565s
2025-05-14 06:17:39.400 69677 INFO tempest.lib.common.rest_client [req-5adb01f0-0eed-43f9-9c60-0cd9db5d6909 req-5adb01f0-0eed-43f9-9c60-0cd9db5d6909 ] Request (ImagesOneServerTestJSON:setUpClass): 201 POST http://10.180.1.21/identity/v3/auth/tokens 0.085s
2025-05-14 06:17:39.403 69681 INFO tempest.lib.common.rest_client [req-793e0810-0435-4ae3-a495-43850b8e3834 req-793e0810-0435-4ae3-a495-43850b8e3834 ] Request (ServerTagsTestJSON:test_update_all_tags): 200 GET http://10.180.1.21/compute/v2.1/servers/95742cd4-ee06-4c77-ab05-28cd2d326092/tags 0.573s
2025-05-14 06:17:39.423 69679 INFO tempest.lib.common.rest_client [req-d444151a-6ac0-4970-a7ef-020fb429c82d req-d444151a-6ac0-4970-a7ef-020fb429c82d ] Request (ServersAaction247Test:test_create_backup): 202 POST http://10.180.1.21/compute/v2.1/servers 0.979s
2025-05-14 06:17:39.435 69677 INFO tempest.lib.common.rest_client [req-c39bb7a6-c461-4085-9143-252a0fc3c760 req-c39bb7a6-c461-4085-9143-252a0fc3c760 ] Request (ImagesOneServerTestJSON:setUpClass): 201 POST http://10.180.1.21/identity/v3/auth/tokens 0.028s
2025-05-14 06:17:39.436 69677 INFO tempest.lib.common.fixed_network [-] (ImagesOneServerTestJSON:setUpClass) Found network {'id': 'd317ec5d-8a77-443b-9b2e-6c98a04dec82', 'name': 'tempest-ImagesOneServerTestJSON-518519677-network', 'tenant_id': '21610459b4e64b71853d22546afd0f0b', 'admin_state_up': True, 'mtu': 8950, 'status': 'ACTIVE', 'subnets': [], 'shared': False, 'project_id': '21610459b4e64b71853d22546afd0f0b', 'port_security_enabled': True, 'router:external': False, 'provider:network_type': 'vlan', 'provider:physical_network': 'default', 'provider:segmentation_id': 896, 'availability_zone_hints': [], 'availability_zones': [], 'ipv4_address_scope': None, 'ipv6_address_scope': None, 'description': '', 'tags': [], 'created_at': '2025-05-14T06:17:35Z', 'updated_at': '2025-05-14T06:17:35Z', 'revision_number': 1} available for tenant
2025-05-14 06:17:39.471 69683 INFO tempest.lib.common.rest_client [req-fea3601f-7341-4b89-a99c-248704d18fc0 req-fea3601f-7341-4b89-a99c-248704d18fc0 ] Request (ServerExternalEventsTest:tearDownClass): 204 DELETE http://10.180.1.21/identity/v3/projects/33dcc1d55d0f412bae5e8a4629e579a0 0.096s
2025-05-14 06:17:39.471 69683 INFO tempest.lib.common.dynamic_creds [-] Deleting project and security group for project: 696329ef11f1478994cd7171b250be50
2025-05-14 06:17:39.688 69683 INFO tempest.lib.common.rest_client [req-f4dc4447-e544-4793-a45b-14d376a241c3 req-f4dc4447-e544-4793-a45b-14d376a241c3 ] Request (ServerExternalEventsTest:tearDownClass): 200 GET http://10.180.1.21:9696/networking/v2.0/security-groups?tenant_id=696329ef11f1478994cd7171b250be50&name=default 0.216s
2025-05-14 06:17:39.801 69683 INFO tempest.lib.common.rest_client [req-2b0626c9-a907-43aa-a28e-46f5f369cf1c req-2b0626c9-a907-43aa-a28e-46f5f369cf1c ] Request (ServerExternalEventsTest:tearDownClass): 204 DELETE http://10.180.1.21:9696/networking/v2.0/security-groups/5f9c4cbc-eab6-4158-acf1-2d960481934c 0.113s
2025-05-14 06:17:39.877 69671 INFO tempest.lib.common.rest_client [req-802c57ec-7d6b-4f5e-9541-e4d40614d714 req-802c57ec-7d6b-4f5e-9541-e4d40614d714 ] Request (ServersTestBootFromVolume:setUpClass): 200 GET http://10.180.1.21/volume/v3/volumes/95f3f5c6-85f5-4053-b24b-eebc17baaf1b 0.042s
