2025-05-14 06:16:36.834 69655 INFO tempest.lib.common.rest_client [req-61382710-ab6b-48c6-8928-f518b12b0bb8 req-61382710-ab6b-48c6-8928-f518b12b0bb8 ] Request (ServersWithSpecificFlavorTestJSON:setUpClass): 201 POST http://10.180.1.21:9696/networking/v2.0/routers 1.183s
2025-05-14 06:16:36.878 69671 INFO tempest.lib.common.rest_client [req-0411008c-2570-4ff4-aa3d-81932c3ec5f4 req-0411008c-2570-4ff4-aa3d-81932c3ec5f4 ] Request (AZAdminNegativeTestJSON:tearDownClass): 204 DELETE http://10.180.1.21/identity/v3/projects/56885854828840af8484a880e22e30b4 0.142s
2025-05-14 06:16:36.935 69671 INFO tempest.lib.common.rest_client [req-afdf05e5-d8d7-4597-8170-762932702039 req-afdf05e5-d8d7-4597-8170-762932702039 ] Request (HypervisorAdminTestJSON:setUpClass): 201 POST http://10.180.1.21/identity/v3/auth/tokens 0.055s
2025-05-14 06:16:36.964 69671 INFO tempest.lib.common.rest_client [req-05405fb7-a799-4ac1-a175-954af5a6b804 req-05405fb7-a799-4ac1-a175-954af5a6b804 ] Request (HypervisorAdminTestJSON:setUpClass): 201 POST http://10.180.1.21/identity/v3/auth/tokens 0.026s
2025-05-14 06:16:36.981 69711 INFO tempest.lib.common.rest_client [req-44309619-c4f3-4249-b7ae-968c82cec35d req-44309619-c4f3-4249-b7ae-968c82cec35d ] Request (SecurityGroupsNegativeTestJSON:test_delete_nonexistent_security_group): 404 DELETE http://10.180.1.21/compute/v2.1/os-security-groups/138b1f8f-0c73-40c7-8454-95e618c78aa0 2.418s
2025-05-14 06:16:36.996 69671 INFO tempest.lib.common.rest_client [req-1e8a45ff-6c1d-4180-8c62-fc609683a8a5 req-1e8a45ff-6c1d-4180-8c62-fc609683a8a5 ] Request (HypervisorAdminTestJSON:setUpClass): 200 GET http://10.180.1.21/identity/v3/domains?name=Default 0.032s
2025-05-14 06:16:37.032 69671 INFO tempest.lib.common.rest_client [req-eb204169-b703-49bf-8359-774386a76109 req-eb204169-b703-49bf-8359-774386a76109 ] Request (HypervisorAdminTestJSON:setUpClass): 201 POST http://10.180.1.21/identity/v3/projects 0.032s
2025-05-14 06:16:37.078 69677 INFO tempest.lib.common.rest_client [req-2262d13f-bd08-4b47-9f96-a0508b35dcb6 req-2262d13f-bd08-4b47-9f96-a0508b35dcb6 ] Request (FlavorsAccessNegativeTestJSON:test_add_flavor_access_duplicate): 200 POST http://10.180.1.21/compute/v2.1/flavors 2.494s
2025-05-14 06:16:37.122 69671 INFO tempest.lib.common.rest_client [req-4dbdf1d0-e84b-4678-b030-745981b2087f req-4dbdf1d0-e84b-4678-b030-745981b2087f ] Request (HypervisorAdminTestJSON:setUpClass): 201 POST http://10.180.1.21/identity/v3/users 0.090s
2025-05-14 06:16:37.153 69671 INFO tempest.lib.common.rest_client [req-a514faa1-e518-4700-ac87-00fc2bdfc22f req-a514faa1-e518-4700-ac87-00fc2bdfc22f ] Request (HypervisorAdminTestJSON:setUpClass): 200 GET http://10.180.1.21/identity/v3/roles 0.030s
2025-05-14 06:16:37.153 69701 INFO tempest.lib.common.rest_client [req-d4d2579f-969c-4106-b893-ebbfbe29c5fa req-d4d2579f-969c-4106-b893-ebbfbe29c5fa ] Request (DeleteServersAdminTestJSON:test_admin_delete_servers_of_others): 202 POST http://10.180.1.21/compute/v2.1/servers 2.744s
2025-05-14 06:16:37.183 69665 INFO tempest.lib.common.rest_client [req-57e4a9a1-3f58-4669-9eb2-1e6ea78c129e req-57e4a9a1-3f58-4669-9eb2-1e6ea78c129e ] Request (HypervisorAdminNegativeUnderV252Test:test_show_servers_with_non_admin_user): 200 GET http://10.180.1.21/compute/v2.1/os-hypervisors 2.247s
2025-05-14 06:16:37.214 69671 INFO tempest.lib.common.rest_client [req-d14da759-d9c7-4fae-8c07-5097237c49cc req-d14da759-d9c7-4fae-8c07-5097237c49cc ] Request (HypervisorAdminTestJSON:setUpClass): 204 PUT http://10.180.1.21/identity/v3/projects/2dc867242b0640a7a058ea0e088562fb/users/b489692d65044dbabbaabc0c808f61a5/roles/eb8b0c8ae04147b5bedd6acbdc631a06 0.060s
2025-05-14 06:16:37.214 69671 INFO tempest.lib.common.dynamic_creds [-] Dynamic test user b489692d65044dbabbaabc0c808f61a5 is created with scope project and roles: ['member']
2025-05-14 06:16:37.214 69671 INFO tempest.lib.common.dynamic_creds [-] Acquired dynamic creds: credentials: Credentials: {'domain_id': 'default', 'domain_name': 'Default', 'username': 'tempest-HypervisorAdminTestJSON-607936880-project-member', 'project_domain_id': 'default', 'project_domain_name': 'Default', 'project_id': '2dc867242b0640a7a058ea0e088562fb', 'project_name': 'tempest-HypervisorAdminTestJSON-607936880', 'tenant_id': '2dc867242b0640a7a058ea0e088562fb', 'tenant_name': 'tempest-HypervisorAdminTestJSON-607936880', 'user_domain_id': 'default', 'user_domain_name': 'Default', 'user_id': 'b489692d65044dbabbaabc0c808f61a5', 'system': None}, Network: None, Subnet: None, Router: None
2025-05-14 06:16:37.214 69671 INFO tempest.lib.common.dynamic_creds [-] Created isolated network resources for: credentials: Credentials: {'domain_id': 'default', 'domain_name': 'Default', 'username': 'tempest-HypervisorAdminTestJSON-607936880-project-member', 'project_domain_id': 'default', 'project_domain_name': 'Default', 'project_id': '2dc867242b0640a7a058ea0e088562fb', 'project_name': 'tempest-HypervisorAdminTestJSON-607936880', 'tenant_id': '2dc867242b0640a7a058ea0e088562fb', 'tenant_name': 'tempest-HypervisorAdminTestJSON-607936880', 'user_domain_id': 'default', 'user_domain_name': 'Default', 'user_id': 'b489692d65044dbabbaabc0c808f61a5', 'system': None}, Network: None, Subnet: None, Router: None
2025-05-14 06:16:37.225 69679 INFO tempest.lib.common.rest_client [req-abd47b81-349a-4bb9-96d6-c2426be217c6 req-abd47b81-349a-4bb9-96d6-c2426be217c6 ] Request (InstanceActionsNegativeTestJSON:setUpClass): 200 GET http://10.180.1.21/compute/v2.1/servers/b3ed9e58-907c-4f2b-8c32-a4fc072d7ce0 2.313s
2025-05-14 06:16:37.316 69671 INFO tempest.lib.common.rest_client [req-33abf014-cc64-46dc-95ef-9f5c8d778268 req-33abf014-cc64-46dc-95ef-9f5c8d778268 ] Request (HypervisorAdminTestJSON:setUpClass): 201 POST http://10.180.1.21/identity/v3/auth/tokens 0.096s
2025-05-14 06:16:37.385 69669 INFO tempest.lib.common.rest_client [req-0ee30170-5eae-433c-bb8a-453401913232 req-0ee30170-5eae-433c-bb8a-453401913232 ] Request (FloatingIPsTestJSON:test_allocate_floating_ip): 200 GET http://10.180.1.21/compute/v2.1/os-floating-ips/0fff1ea1-787e-445a-9cf8-fcfd54687a67 2.385s
2025-05-14 06:16:37.387 69671 INFO tempest.lib.common.rest_client [req-99f3a322-13cc-4c13-bd3e-77cb39a943f3 req-99f3a322-13cc-4c13-bd3e-77cb39a943f3 ] Request (HypervisorAdminTestJSON:setUpClass): 201 POST http://10.180.1.21/identity/v3/projects 0.071s
2025-05-14 06:16:37.413 69653 INFO tempest.lib.common.rest_client [req-33283b3a-56b0-4ab7-9a0a-cb80d7ec4148 req-33283b3a-56b0-4ab7-9a0a-cb80d7ec4148 ] Request (FlavorsAdminTestJSON:_run_cleanups): 202 DELETE http://10.180.1.21/compute/v2.1/flavors/1079667652 2.344s
2025-05-14 06:16:37.462 69671 INFO tempest.lib.common.rest_client [req-d01b7273-e3a0-4b1a-95f8-a370fdbe4844 req-d01b7273-e3a0-4b1a-95f8-a370fdbe4844 ] Request (HypervisorAdminTestJSON:setUpClass): 201 POST http://10.180.1.21/identity/v3/users 0.074s
2025-05-14 06:16:37.462 69697 INFO tempest.lib.common.rest_client [req-ae4024e2-35e2-4338-be3c-2737d8cd96c4 req-ae4024e2-35e2-4338-be3c-2737d8cd96c4 ] Request (HypervisorAdminV253TestBase:test_list_show_detail_hypervisors): 200 GET http://10.180.1.21/compute/v2.1/os-hypervisors?with_servers=True 2.264s
2025-05-14 06:16:37.488 69671 INFO tempest.lib.common.rest_client [req-9ab7e2a7-7aca-42dd-8725-f037c26b3335 req-9ab7e2a7-7aca-42dd-8725-f037c26b3335 ] Request (HypervisorAdminTestJSON:setUpClass): 200 GET http://10.180.1.21/identity/v3/roles 0.026s
2025-05-14 06:16:37.519 69671 INFO tempest.lib.common.rest_client [req-49961a5f-a8f3-4d5c-a33f-29d5a99b91ed req-49961a5f-a8f3-4d5c-a33f-29d5a99b91ed ] Request (HypervisorAdminTestJSON:setUpClass): 204 PUT http://10.180.1.21/identity/v3/projects/2675573cf6fd485b9c5e8d1f06114bfa/users/891ba86f541542ee9861fd71084f89c1/roles/42a041d6727647eab9873f581686679c 0.030s
2025-05-14 06:16:37.566 69681 INFO tempest.lib.common.rest_client [req-efd8cfa2-59da-46ad-b391-e0b531dada16 req-efd8cfa2-59da-46ad-b391-e0b531dada16 ] Request (QuotaClassesAdmin257Test:test_update_default_quotas): 200 PUT http://10.180.1.21/compute/v2.1/os-quota-class-sets/default 2.362s
2025-05-14 06:16:37.581 69673 INFO tempest.lib.common.rest_client [req-8ffe8c41-6446-4931-a396-389ac0e2e4f8 req-8ffe8c41-6446-4931-a396-389ac0e2e4f8 ] Request (FlavorsV2TestJSON:test_list_flavors): 200 GET http://10.180.1.21/compute/v2.1/flavors/42 2.343s
2025-05-14 06:16:37.581 69671 INFO tempest.lib.common.rest_client [req-ff8fbb26-c582-46cf-a351-c411faa1aba6 req-ff8fbb26-c582-46cf-a351-c411faa1aba6 ] Request (HypervisorAdminTestJSON:setUpClass): 200 GET http://10.180.1.21/identity/v3/roles 0.061s
2025-05-14 06:16:37.604 69671 INFO tempest.lib.common.rest_client [req-d71a42f4-ed03-4dca-ac0b-b2327d0c7246 req-d71a42f4-ed03-4dca-ac0b-b2327d0c7246 ] Request (HypervisorAdminTestJSON:setUpClass): 204 PUT http://10.180.1.21/identity/v3/projects/2675573cf6fd485b9c5e8d1f06114bfa/users/891ba86f541542ee9861fd71084f89c1/roles/42a041d6727647eab9873f581686679c 0.023s
2025-05-14 06:16:37.605 69671 INFO tempest.lib.common.dynamic_creds [-] Dynamic test user 891ba86f541542ee9861fd71084f89c1 is created with scope project and roles: ['admin']
2025-05-14 06:16:37.605 69671 INFO tempest.lib.common.dynamic_creds [-] Acquired dynamic creds: credentials: Credentials: {'domain_id': 'default', 'domain_name': 'Default', 'username': 'tempest-HypervisorAdminTestJSON-1421823800-project-admin', 'project_domain_id': 'default', 'project_domain_name': 'Default', 'project_id': '2675573cf6fd485b9c5e8d1f06114bfa', 'project_name': 'tempest-HypervisorAdminTestJSON-1421823800', 'tenant_id': '2675573cf6fd485b9c5e8d1f06114bfa', 'tenant_name': 'tempest-HypervisorAdminTestJSON-1421823800', 'user_domain_id': 'default', 'user_domain_name': 'Default', 'user_id': '891ba86f541542ee9861fd71084f89c1', 'system': None}, Network: None, Subnet: None, Router: None
2025-05-14 06:16:37.605 69671 INFO tempest.lib.common.dynamic_creds [-] Created isolated network resources for: credentials: Credentials: {'domain_id': 'default', 'domain_name': 'Default', 'username': 'tempest-HypervisorAdminTestJSON-1421823800-project-admin', 'project_domain_id': 'default', 'project_domain_name': 'Default', 'project_id': '2675573cf6fd485b9c5e8d1f06114bfa', 'project_name': 'tempest-HypervisorAdminTestJSON-1421823800', 'tenant_id': '2675573cf6fd485b9c5e8d1f06114bfa', 'tenant_name': 'tempest-HypervisorAdminTestJSON-1421823800', 'user_domain_id': 'default', 'user_domain_name': 'Default', 'user_id': '891ba86f541542ee9861fd71084f89c1', 'system': None}, Network: None, Subnet: None, Router: None
2025-05-14 06:16:37.639 69685 INFO tempest.lib.common.rest_client [req-cef6da43-7972-42c7-b3c5-dc865c174edc req-cef6da43-7972-42c7-b3c5-dc865c174edc ] Request (KeyPairsNegativeTestJSON:test_create_keypair_with_duplicate_name): 200 POST http://10.180.1.21/compute/v2.1/os-keypairs 2.358s
2025-05-14 06:16:37.699 69667 INFO tempest.lib.common.rest_client [req-3b1ba6dd-da72-4ac4-85ad-bdd8a1d93215 req-3b1ba6dd-da72-4ac4-85ad-bdd8a1d93215 ] Request (ListImagesTestJSON:test_list_images_with_detail): 200 GET http://10.180.1.21/compute/v2.1/images/detail 2.320s
2025-05-14 06:16:37.719 69683 INFO tempest.lib.common.rest_client [req-c85b408e-678c-4cd6-8fc5-a7e9fef59600 req-c85b408e-678c-4cd6-8fc5-a7e9fef59600 ] Request (ServerExternalEventsTest:test_create_server_external_events): 202 POST http://10.180.1.21/compute/v2.1/servers 2.719s
2025-05-14 06:16:37.728 69671 INFO tempest.lib.common.rest_client [req-b90f6d5b-2f8a-4a69-b8f6-0b2f5c3ba381 req-b90f6d5b-2f8a-4a69-b8f6-0b2f5c3ba381 ] Request (HypervisorAdminTestJSON:setUpClass): 201 POST http://10.180.1.21/identity/v3/auth/tokens 0.120s
2025-05-14 06:16:37.738 69663 INFO tempest.lib.common.rest_client [req-2a008fd5-ce44-4474-8645-f45527b143ae req-2a008fd5-ce44-4474-8645-f45527b143ae ] Request (FlavorsExtraSpecsTestJSON:test_flavor_non_admin_get_specific_key): 200 POST http://10.180.1.21/compute/v2.1/flavors/597149933/os-extra_specs 2.346s
2025-05-14 06:16:37.757 69655 INFO tempest.lib.common.rest_client [req-be34d837-8acf-4a8f-ab72-c3467a985ff3 req-be34d837-8acf-4a8f-ab72-c3467a985ff3 ] Request (ServersWithSpecificFlavorTestJSON:setUpClass): 200 PUT http://10.180.1.21:9696/networking/v2.0/routers/5f940b0f-e726-4944-a23a-29c99e528f53/add_router_interface 0.923s
2025-05-14 06:16:37.758 69655 INFO tempest.lib.common.dynamic_creds [-] Created isolated network resources for: credentials: Credentials: {'domain_id': 'default', 'domain_name': 'Default', 'username': 'tempest-ServersWithSpecificFlavorTestJSON-242979465-project-admin', 'project_domain_id': 'default', 'project_domain_name': 'Default', 'project_id': '32a544c5111b416f940c809a22a918f0', 'project_name': 'tempest-ServersWithSpecificFlavorTestJSON-242979465', 'tenant_id': '32a544c5111b416f940c809a22a918f0', 'tenant_name': 'tempest-ServersWithSpecificFlavorTestJSON-242979465', 'user_domain_id': 'default', 'user_domain_name': 'Default', 'user_id': '0b9a545f71874a96b53d8690ce49307c', 'system': None}, Network: {'id': '6891228f-a0c8-4626-9e9b-cf1743decf7f', 'name': 'tempest-ServersWithSpecificFlavorTestJSON-1838112019-network', 'tenant_id': '32a544c5111b416f940c809a22a918f0', 'admin_state_up': True, 'mtu': 8950, 'status': 'ACTIVE', 'subnets': [], 'shared': False, 'project_id': '32a544c5111b416f940c809a22a918f0', 'port_security_enabled': True, 'router:external': False, 'provider:network_type': 'vlan', 'provider:physical_network': 'default', 'provider:segmentation_id': 691, 'availability_zone_hints': [], 'availability_zones': [], 'ipv4_address_scope': None, 'ipv6_address_scope': None, 'description': '', 'tags': [], 'created_at': '2025-05-14T06:16:35Z', 'updated_at': '2025-05-14T06:16:35Z', 'revision_number': 1}, Subnet: {'id': '0cd7168c-56fa-4a18-bd22-b6495f417d99', 'name': 'tempest-ServersWithSpecificFlavorTestJSON-1838112019-subnet', 'tenant_id': '32a544c5111b416f940c809a22a918f0', 'network_id': '6891228f-a0c8-4626-9e9b-cf1743decf7f', 'ip_version': 4, 'subnetpool_id': None, 'enable_dhcp': True, 'ipv6_ra_mode': None, 'ipv6_address_mode': None, 'gateway_ip': '192.168.128.1', 'cidr': '192.168.128.0/28', 'allocation_pools': [{'start': '192.168.128.2', 'end': '192.168.128.14'}], 'host_routes': [], 'dns_nameservers': [], 'description': '', 'router:external': False, 'service_types': [], 'tags': [], 'created_at': '2025-05-14T06:16:35Z', 'updated_at': '2025-05-14T06:16:35Z', 'revision_number': 0, 'project_id': '32a544c5111b416f940c809a22a918f0'}, Router: {'id': '5f940b0f-e726-4944-a23a-29c99e528f53', 'name': 'tempest-ServersWithSpecificFlavorTestJSON-1838112019-router', 'tenant_id': '32a544c5111b416f940c809a22a918f0', 'admin_state_up': True, 'status': 'ACTIVE', 'external_gateway_info': {'network_id': 'df702ba5-6d27-4273-afa6-611dcb5e33b6', 'external_fixed_ips': [{'subnet_id': 'af4b5793-fbd3-4cf8-9c5c-d64162267c99', 'ip_address': '10.180.180.137'}], 'enable_snat': True}, 'description': '', 'availability_zones': [], 'distributed': False, 'ha': False, 'availability_zone_hints': [], 'routes': [], 'flavor_id': None, 'tags': [], 'created_at': '2025-05-14T06:16:35Z', 'updated_at': '2025-05-14T06:16:36Z', 'revision_number': 2, 'project_id': '32a544c5111b416f940c809a22a918f0'}
2025-05-14 06:16:37.769 69693 INFO tempest.lib.common.rest_client [req-96dc0937-59ba-4d4a-9701-9ad3ba0bb1c6 req-96dc0937-59ba-4d4a-9701-9ad3ba0bb1c6 ] Request (KeyPairsV210TestJSON:test_admin_manage_keypairs_for_other_users): 201 POST http://10.180.1.21/compute/v2.1/os-keypairs 2.138s
2025-05-14 06:16:37.780 69659 INFO tempest.lib.common.rest_client [req-e0c4aee6-252a-4278-ab8e-418edea2a0f4 req-e0c4aee6-252a-4278-ab8e-418edea2a0f4 ] Request (VolumesAssistedSnapshotsTest:setUpClass): 200 PUT http://10.180.1.21:9696/networking/v2.0/routers/685f5665-bf97-4507-8ac0-f285497a6895/add_router_interface 1.251s
2025-05-14 06:16:37.781 69659 INFO tempest.lib.common.dynamic_creds [-] Created isolated network resources for: credentials: Credentials: {'domain_id': 'default', 'domain_name': 'Default', 'username': 'tempest-VolumesAssistedSnapshotsTest-191582365-project-admin', 'project_domain_id': 'default', 'project_domain_name': 'Default', 'project_id': '6cbccf752c984cbfbedc6d6d47740391', 'project_name': 'tempest-VolumesAssistedSnapshotsTest-191582365', 'tenant_id': '6cbccf752c984cbfbedc6d6d47740391', 'tenant_name': 'tempest-VolumesAssistedSnapshotsTest-191582365', 'user_domain_id': 'default', 'user_domain_name': 'Default', 'user_id': 'b9108eb8a60d46a1ad21d035352b7deb', 'system': None}, Network: {'id': 'cbd14723-6d92-42c3-8c6a-6b485e063128', 'name': 'tempest-VolumesAssistedSnapshotsTest-1939524967-network', 'tenant_id': '6cbccf752c984cbfbedc6d6d47740391', 'admin_state_up': True, 'mtu': 8950, 'status': 'ACTIVE', 'subnets': [], 'shared': False, 'project_id': '6cbccf752c984cbfbedc6d6d47740391', 'port_security_enabled': True, 'router:external': False, 'provider:network_type': 'vlan', 'provider:physical_network': 'default', 'provider:segmentation_id': 918, 'availability_zone_hints': [], 'availability_zones': [], 'ipv4_address_scope': None, 'ipv6_address_scope': None, 'description': '', 'tags': [], 'created_at': '2025-05-14T06:16:35Z', 'updated_at': '2025-05-14T06:16:35Z', 'revision_number': 1}, Subnet: {'id': '978a5c9c-0079-418e-8e03-04bfbdf4113f', 'name': 'tempest-VolumesAssistedSnapshotsTest-1939524967-subnet', 'tenant_id': '6cbccf752c984cbfbedc6d6d47740391', 'network_id': 'cbd14723-6d92-42c3-8c6a-6b485e063128', 'ip_version': 4, 'subnetpool_id': None, 'enable_dhcp': True, 'ipv6_ra_mode': None, 'ipv6_address_mode': None, 'gateway_ip': '192.168.128.1', 'cidr': '192.168.128.0/28', 'allocation_pools': [{'start': '192.168.128.2', 'end': '192.168.128.14'}], 'host_routes': [], 'dns_nameservers': [], 'description': '', 'router:external': False, 'service_types': [], 'tags': [], 'created_at': '2025-05-14T06:16:35Z', 'updated_at': '2025-05-14T06:16:35Z', 'revision_number': 0, 'project_id': '6cbccf752c984cbfbedc6d6d47740391'}, Router: {'id': '685f5665-bf97-4507-8ac0-f285497a6895', 'name': 'tempest-VolumesAssistedSnapshotsTest-1939524967-router', 'tenant_id': '6cbccf752c984cbfbedc6d6d47740391', 'admin_state_up': True, 'status': 'ACTIVE', 'external_gateway_info': {'network_id': 'df702ba5-6d27-4273-afa6-611dcb5e33b6', 'external_fixed_ips': [{'subnet_id': 'af4b5793-fbd3-4cf8-9c5c-d64162267c99', 'ip_address': '10.180.180.155'}], 'enable_snat': True}, 'description': '', 'availability_zones': [], 'distributed': False, 'ha': False, 'availability_zone_hints': [], 'routes': [], 'flavor_id': None, 'tags': [], 'created_at': '2025-05-14T06:16:35Z', 'updated_at': '2025-05-14T06:16:35Z', 'revision_number': 2, 'project_id': '6cbccf752c984cbfbedc6d6d47740391'}
2025-05-14 06:16:37.807 69707 INFO tempest.lib.common.rest_client [req-cb34989e-fc89-4028-8b4c-8fb23fd16bf5 req-cb34989e-fc89-4028-8b4c-8fb23fd16bf5 ] Request (AggregatesAdminNegativeTestJSON:test_aggregate_add_existent_host): 200 POST http://10.180.1.21/compute/v2.1/os-aggregates 1.804s
2025-05-14 06:16:37.862 69667 INFO tempest.lib.common.rest_client [req-72cb5f57-f682-4528-89b1-14aaf4a4a543 req-72cb5f57-f682-4528-89b1-14aaf4a4a543 ] Request (ListImagesTestJSON:tearDownClass): 204 DELETE http://10.180.1.21/identity/v3/users/d168a17381b04912b5c4808fd98a7e53 0.158s
2025-05-14 06:16:37.863 69667 INFO tempest.lib.common.dynamic_creds [-] Deleting project and security group for project: b3abf68f47114878b0baac585068edc8
2025-05-14 06:16:37.906 69661 INFO tempest.lib.common.rest_client [req-d17fae22-99ad-443e-a287-bb27ce1e581e req-d17fae22-99ad-443e-a287-bb27ce1e581e ] Request (FloatingIPsAssociationTestJSON:setUpClass): 200 GET http://10.180.1.21/compute/v2.1/servers/11fbad6e-6d44-41b8-863b-55cbda4faacd 1.794s
2025-05-14 06:16:37.927 69703 INFO tempest.lib.common.rest_client [req-02628637-4c76-4ccc-b01a-7e44a8eb332a req-02628637-4c76-4ccc-b01a-7e44a8eb332a ] Request (ServicesAdminNegativeTestJSON:test_get_service_by_invalid_params): 200 GET http://10.180.1.21/compute/v2.1/os-services?xxx=nova-compute 1.525s
2025-05-14 06:16:37.973 69655 INFO tempest.lib.common.rest_client [req-d4614a5b-5c76-47cc-a993-39e33b4ed845 req-d4614a5b-5c76-47cc-a993-39e33b4ed845 ] Request (ServersWithSpecificFlavorTestJSON:setUpClass): 201 POST http://10.180.1.21/identity/v3/auth/tokens 0.211s
2025-05-14 06:16:37.987 69651 INFO tempest.lib.common.rest_client [req-ee414d8d-7bc7-474c-9638-71d065e48893 req-ee414d8d-7bc7-474c-9638-71d065e48893 ] Request (QuotasAdminNegativeTest:test_create_server_when_cpu_quota_is_full): 200 PUT http://10.180.1.21/compute/v2.1/os-quota-sets/6788564927424c98a11239ebcf771699 2.080s
2025-05-14 06:16:37.987 69709 INFO tempest.lib.common.rest_client [req-0bc4f945-20d4-4e43-a7f3-e6d7e860f2be req-0bc4f945-20d4-4e43-a7f3-e6d7e860f2be ] Request (AttachInterfacesUnderV243Test:test_add_remove_fixed_ip): 200 GET http://10.180.1.21/compute/v2.1/servers/3c1b84e2-bdb7-414c-b3d1-218c5039aab0 1.553s
2025-05-14 06:16:38.009 69659 INFO tempest.lib.common.rest_client [req-0eff24af-7aba-4189-80a4-a824f0f3006c req-0eff24af-7aba-4189-80a4-a824f0f3006c ] Request (VolumesAssistedSnapshotsTest:setUpClass): 201 POST http://10.180.1.21/identity/v3/auth/tokens 0.225s
2025-05-14 06:16:38.041 69667 INFO tempest.lib.common.rest_client [req-87fbec00-95bc-4ffd-a777-652ea462a96b req-87fbec00-95bc-4ffd-a777-652ea462a96b ] Request (ListImagesTestJSON:tearDownClass): 201 POST http://10.180.1.21/identity/v3/auth/tokens 0.178s
2025-05-14 06:16:38.061 69651 INFO tempest.lib.common.rest_client [req-79296759-db1f-4d3b-86eb-d525b01a921f req-79296759-db1f-4d3b-86eb-d525b01a921f ] Request (QuotasAdminNegativeTest:test_create_server_when_cpu_quota_is_full): 201 POST http://10.180.1.21/identity/v3/auth/tokens 0.063s
2025-05-14 06:16:38.062 69651 INFO tempest.lib.common.fixed_network [-] (QuotasAdminNegativeTest:test_create_server_when_cpu_quota_is_full) Found network None available for tenant
2025-05-14 06:16:38.071 69659 INFO tempest.lib.common.rest_client [req-0ab08eff-29b3-4ec3-9c92-b629be5cca58 req-0ab08eff-29b3-4ec3-9c92-b629be5cca58 ] Request (VolumesAssistedSnapshotsTest:setUpClass): 201 POST http://10.180.1.21/identity/v3/projects 0.060s
2025-05-14 06:16:38.095 69675 INFO tempest.lib.common.rest_client [req-87cc77bd-9dc6-4b04-826f-3872b0c3382d req-87cc77bd-9dc6-4b04-826f-3872b0c3382d ] Request (FlavorMetadataValidation:test_flavor_update_with_custom_namespace): 200 POST http://10.180.1.21/compute/v2.1/flavors/428112370/os-extra_specs 1.561s
2025-05-14 06:16:38.178 69659 INFO tempest.lib.common.rest_client [req-9413111a-f37b-4196-a7a6-6722e11071d2 req-9413111a-f37b-4196-a7a6-6722e11071d2 ] Request (VolumesAssistedSnapshotsTest:setUpClass): 201 POST http://10.180.1.21/identity/v3/users 0.106s
2025-05-14 06:16:38.211 69657 INFO tempest.lib.common.rest_client [req-4b65c1cc-6649-4cb1-931e-d102e770fe50 req-4b65c1cc-6649-4cb1-931e-d102e770fe50 ] Request (FlavorsAccessTestJSON:test_flavor_access_add_remove): 200 POST http://10.180.1.21/compute/v2.1/flavors/455994619/action 1.647s
2025-05-14 06:16:38.212 69659 INFO tempest.lib.common.rest_client [req-df27d1cb-6e03-4552-bf4c-5963dabacbfc req-df27d1cb-6e03-4552-bf4c-5963dabacbfc ] Request (VolumesAssistedSnapshotsTest:setUpClass): 200 GET http://10.180.1.21/identity/v3/roles 0.033s
2025-05-14 06:16:38.219 69705 INFO tempest.lib.common.rest_client [req-11ddcbb5-c742-4dde-a6eb-639940a6b030 req-11ddcbb5-c742-4dde-a6eb-639940a6b030 ] Request (HypervisorAdminNegativeTestJSON:test_get_hypervisor_list_with_non_admin_user): 403 GET http://10.180.1.21/compute/v2.1/os-hypervisors 1.589s
2025-05-14 06:16:38.239 69695 INFO tempest.lib.common.rest_client [req-2f1e2945-c7c2-4a04-86d8-29a0ba504624 req-2f1e2945-c7c2-4a04-86d8-29a0ba504624 ] Request (InstanceUsageAuditLogTestJSON:test_list_instance_usage_audit_logs): 200 GET http://10.180.1.21/compute/v2.1/os-instance_usage_audit_log 1.522s
2025-05-14 06:16:38.248 69659 INFO tempest.lib.common.rest_client [req-a3f2ece0-4c03-457f-b1b0-c8d266ef7ce9 req-a3f2ece0-4c03-457f-b1b0-c8d266ef7ce9 ] Request (VolumesAssistedSnapshotsTest:setUpClass): 204 PUT http://10.180.1.21/identity/v3/projects/237723312f1442eeae9f16c576beac5d/users/ea389d2e18f44b74a342506710957001/roles/b4b1274314f1429d89bdb974c40b69ae 0.035s
2025-05-14 06:16:38.290 69667 INFO tempest.lib.common.rest_client [req-7c06a5c8-f760-4360-85e4-243e5de09230 req-7c06a5c8-f760-4360-85e4-243e5de09230 ] Request (ListImagesTestJSON:tearDownClass): 200 GET http://10.180.1.21:9696/networking/v2.0/security-groups?tenant_id=b3abf68f47114878b0baac585068edc8&name=default 0.249s
2025-05-14 06:16:38.294 69689 INFO tempest.lib.common.rest_client [req-affa26e3-5232-4bfc-9392-f9d719470869 req-affa26e3-5232-4bfc-9392-f9d719470869 ] Request (FlavorsExtraSpecsNegativeTestJSON:test_flavor_get_nonexistent_key): 404 GET http://10.180.1.21/compute/v2.1/flavors/694083928/os-extra_specs/hw:cpu_thread_policy 1.678s
2025-05-14 06:16:38.335 69699 INFO tempest.lib.common.rest_client [req-235212d3-4289-49d3-8975-dcd713eaecd9 req-235212d3-4289-49d3-8975-dcd713eaecd9 ] Request (HypervisorAdminUnderV252Test:test_get_hypervisor_show_servers): 200 GET http://10.180.1.21/compute/v2.1/os-hypervisors/domain-c8.fc996f14-c53b-4953-92e3-bdfa48f5cc28/servers 1.515s
2025-05-14 06:16:38.358 69691 INFO tempest.lib.common.rest_client [req-c6363552-2604-4b5e-88e7-ddad80d826aa req-c6363552-2604-4b5e-88e7-ddad80d826aa ] Request (AZAdminV2TestJSON:test_get_availability_zone_list_detail): 200 GET http://10.180.1.21/compute/v2.1/os-availability-zone/detail 1.538s
2025-05-14 06:16:38.364 69711 INFO tempest.lib.common.rest_client [req-a816eea9-6fc0-4f34-ba78-6d4ebd3a85af req-a816eea9-6fc0-4f34-ba78-6d4ebd3a85af ] Request (SecurityGroupsNegativeTestJSON:test_delete_security_group_without_passing_id): 404 DELETE http://10.180.1.21/compute/v2.1/os-security-groups/ 1.381s
2025-05-14 06:16:38.374 69695 INFO tempest.lib.common.rest_client [req-28554730-f6ea-44bd-a6ae-6effba9cf844 req-28554730-f6ea-44bd-a6ae-6effba9cf844 ] Request (InstanceUsageAuditLogTestJSON:tearDownClass): 204 DELETE http://10.180.1.21/identity/v3/users/4afd7c35fe6a49068b24c6e7d30957d6 0.131s
2025-05-14 06:16:38.379 69687 INFO tempest.lib.common.rest_client [req-1b02e33d-d7e5-4a77-bfd3-b90a119311ce req-1b02e33d-d7e5-4a77-bfd3-b90a119311ce ] Request (HostsAdminNegativeTestJSON:test_list_hosts_with_non_admin_user): 403 GET http://10.180.1.21/compute/v2.1/os-hosts 1.657s
2025-05-14 06:16:38.410 69667 INFO tempest.lib.common.rest_client [req-6ad7b127-437d-4f07-a4ed-999b6eb5afe7 req-6ad7b127-437d-4f07-a4ed-999b6eb5afe7 ] Request (ListImagesTestJSON:tearDownClass): 204 DELETE http://10.180.1.21:9696/networking/v2.0/security-groups/5d2d8a5f-645e-418b-9743-496f780001a6 0.119s
2025-05-14 06:16:38.418 69659 INFO tempest.lib.common.rest_client [req-8dbca7e3-deb7-4da6-92ae-c4ecfec8da44 req-8dbca7e3-deb7-4da6-92ae-c4ecfec8da44 ] Request (VolumesAssistedSnapshotsTest:setUpClass): 200 GET http://10.180.1.21/identity/v3/roles 0.169s
2025-05-14 06:16:38.431 69701 INFO tempest.lib.common.rest_client [req-d3a6f51a-fa6e-4429-adc0-da409a51dc40 req-d3a6f51a-fa6e-4429-adc0-da409a51dc40 ] Request (DeleteServersAdminTestJSON:test_admin_delete_servers_of_others): 200 GET http://10.180.1.21/compute/v2.1/servers/76cf0d1d-60fe-4b79-93cd-d41d0ed81d86 1.276s
2025-05-14 06:16:38.439 69665 INFO tempest.lib.common.rest_client [req-efa3aaa6-35cb-4c3e-8be1-172bd5c0f4d8 req-efa3aaa6-35cb-4c3e-8be1-172bd5c0f4d8 ] Request (HypervisorAdminNegativeUnderV252Test:test_show_servers_with_non_admin_user): 403 GET http://10.180.1.21/compute/v2.1/os-hypervisors/1/servers 1.253s
2025-05-14 06:16:38.460 69691 INFO tempest.lib.common.rest_client [req-9893e965-31ea-4e73-bed6-d2adf15fdd46 req-9893e965-31ea-4e73-bed6-d2adf15fdd46 ] Request (AZAdminV2TestJSON:tearDownClass): 204 DELETE http://10.180.1.21/identity/v3/users/e222e2c9d16140f4854fcdb2f1a830df 0.096s
2025-05-14 06:16:38.483 69695 INFO tempest.lib.common.rest_client [req-dee310d1-37bf-4d64-af27-bdfbea1e9cd5 req-dee310d1-37bf-4d64-af27-bdfbea1e9cd5 ] Request (InstanceUsageAuditLogTestJSON:tearDownClass): 204 DELETE http://10.180.1.21/identity/v3/users/b4eb459011d14ca2b5980e1e2d18bbc4 0.107s
2025-05-14 06:16:38.483 69695 INFO tempest.lib.common.dynamic_creds [-] Deleting project and security group for project: 6d7cdb6907ec4b53b241e23697e2e1d8
2025-05-14 06:16:38.540 69659 INFO tempest.lib.common.rest_client [req-fb510d44-499a-45ef-95e4-f921fb84c63f req-fb510d44-499a-45ef-95e4-f921fb84c63f ] Request (VolumesAssistedSnapshotsTest:setUpClass): 204 PUT http://10.180.1.21/identity/v3/projects/237723312f1442eeae9f16c576beac5d/users/ea389d2e18f44b74a342506710957001/roles/42a041d6727647eab9873f581686679c 0.121s
2025-05-14 06:16:38.540 69659 INFO tempest.lib.common.dynamic_creds [-] Dynamic test user ea389d2e18f44b74a342506710957001 is created with scope project and roles: ['service', 'admin']
2025-05-14 06:16:38.540 69659 INFO tempest.lib.common.dynamic_creds [-] Acquired dynamic creds: credentials: Credentials: {'domain_id': 'default', 'domain_name': 'Default', 'username': 'tempest-VolumesAssistedSnapshotsTest-695992755-project', 'project_domain_id': 'default', 'project_domain_name': 'Default', 'project_id': '237723312f1442eeae9f16c576beac5d', 'project_name': 'tempest-VolumesAssistedSnapshotsTest-695992755', 'tenant_id': '237723312f1442eeae9f16c576beac5d', 'tenant_name': 'tempest-VolumesAssistedSnapshotsTest-695992755', 'user_domain_id': 'default', 'user_domain_name': 'Default', 'user_id': 'ea389d2e18f44b74a342506710957001', 'system': None}, Network: None, Subnet: None, Router: None
2025-05-14 06:16:38.541 69669 INFO tempest.lib.common.rest_client [req-f4b69075-cb4e-49f3-a158-392f42a61882 req-f4b69075-cb4e-49f3-a158-392f42a61882 ] Request (FloatingIPsTestJSON:test_allocate_floating_ip): 200 GET http://10.180.1.21/compute/v2.1/os-floating-ips 1.153s
2025-05-14 06:16:38.569 69653 INFO tempest.lib.common.rest_client [req-60e030ef-be59-48fc-bb43-edfde1abdb3c req-60e030ef-be59-48fc-bb43-edfde1abdb3c ] Request (FlavorsAdminTestJSON:_run_cleanups): 200 GET http://10.180.1.21/compute/v2.1/flavors/detail 1.155s
2025-05-14 06:16:38.589 69667 INFO tempest.lib.common.rest_client [req-9d615161-a790-459c-84ef-b2d300f38d15 req-9d615161-a790-459c-84ef-b2d300f38d15 ] Request (ListImagesTestJSON:tearDownClass): 204 DELETE http://10.180.1.21/identity/v3/projects/b3abf68f47114878b0baac585068edc8 0.179s
2025-05-14 06:16:38.597 69697 INFO tempest.lib.common.rest_client [req-41cca234-f5d4-4d77-affc-4c6cfeb22bdd req-41cca234-f5d4-4d77-affc-4c6cfeb22bdd ] Request (HypervisorAdminV253TestBase:test_list_show_detail_hypervisors): 200 GET http://10.180.1.21/compute/v2.1/os-hypervisors/f00e7378-0f14-4d90-8510-13b5fe6d69be 1.133s
2025-05-14 06:16:38.611 69681 INFO tempest.lib.common.rest_client [req-83e4742a-e61f-4207-b70b-5858adc363ae req-83e4742a-e61f-4207-b70b-5858adc363ae ] Request (QuotaClassesAdmin257Test:test_update_default_quotas): 200 GET http://10.180.1.21/compute/v2.1/os-quota-class-sets/default 1.043s
2025-05-14 06:16:38.620 69673 INFO tempest.lib.common.rest_client [req-e6513df5-3953-4b34-87e8-c9cae805e1c4 req-e6513df5-3953-4b34-87e8-c9cae805e1c4 ] Request (FlavorsV2TestJSON:test_list_flavors_detailed_filter_by_min_disk): 200 GET http://10.180.1.21/compute/v2.1/flavors/42 1.036s
2025-05-14 06:16:38.650 69685 INFO tempest.lib.common.rest_client [req-771c1de6-6eaf-4f44-9e2e-eafe8fe55e2a req-771c1de6-6eaf-4f44-9e2e-eafe8fe55e2a ] Request (KeyPairsNegativeTestJSON:test_create_keypair_with_duplicate_name): 409 POST http://10.180.1.21/compute/v2.1/os-keypairs 1.007s
2025-05-14 06:16:38.679 69691 INFO tempest.lib.common.rest_client [req-a340571d-2905-4dec-a383-d73635742e6e req-a340571d-2905-4dec-a383-d73635742e6e ] Request (AZAdminV2TestJSON:tearDownClass): 204 DELETE http://10.180.1.21/identity/v3/users/369ee63ab844498faa313e80426ee5e8 0.218s
2025-05-14 06:16:38.680 69691 INFO tempest.lib.common.dynamic_creds [-] Deleting project and security group for project: 0f679606e599459a8e62684a036cb9b7
2025-05-14 06:16:38.683 69677 INFO tempest.lib.common.rest_client [req-cf8e0092-aa55-4c5e-b5a7-0227c8fba1c0 req-cf8e0092-aa55-4c5e-b5a7-0227c8fba1c0 ] Request (FlavorsAccessNegativeTestJSON:test_add_flavor_access_duplicate): 200 POST http://10.180.1.21/compute/v2.1/flavors/763895241/action 1.603s
2025-05-14 06:16:38.702 69683 INFO tempest.lib.common.rest_client [req-33b8a772-9a89-4bd7-a29d-52e0c563de1b req-33b8a772-9a89-4bd7-a29d-52e0c563de1b ] Request (ServerExternalEventsTest:test_create_server_external_events): 200 GET http://10.180.1.21/compute/v2.1/servers/7a284fbf-f3d9-4dbb-a776-f3d022f3b933 0.981s
2025-05-14 06:16:38.713 69663 INFO tempest.lib.common.rest_client [req-6cf15fcb-5753-4d66-aa05-0cf5a36d2040 req-6cf15fcb-5753-4d66-aa05-0cf5a36d2040 ] Request (FlavorsExtraSpecsTestJSON:test_flavor_non_admin_get_specific_key): 200 GET http://10.180.1.21/compute/v2.1/flavors/597149933/os-extra_specs/hw:numa_nodes 0.974s
2025-05-14 06:16:38.721 69695 INFO tempest.lib.common.rest_client [req-411b51d8-335c-4920-a811-627a3943b5a8 req-411b51d8-335c-4920-a811-627a3943b5a8 ] Request (InstanceUsageAuditLogTestJSON:tearDownClass): 201 POST http://10.180.1.21/identity/v3/auth/tokens 0.237s
2025-05-14 06:16:38.722 69693 INFO tempest.lib.common.rest_client [req-61e173aa-2278-45eb-a90d-421f8c009a5e req-61e173aa-2278-45eb-a90d-421f8c009a5e ] Request (KeyPairsV210TestJSON:test_admin_manage_keypairs_for_other_users): 200 GET http://10.180.1.21/compute/v2.1/os-keypairs/tempest-keypair-1054383595?user_id=2efd4c09e1734a3a898864b042c160ec 0.951s
2025-05-14 06:16:38.734 69659 INFO tempest.lib.common.rest_client [req-a736e5d0-1078-4de2-80e4-ffc23cced03e req-a736e5d0-1078-4de2-80e4-ffc23cced03e ] Request (VolumesAssistedSnapshotsTest:setUpClass): 201 POST http://10.180.1.21:9696/networking/v2.0/networks 0.193s
2025-05-14 06:16:38.748 69667 INFO tempest.lib.common.rest_client [req-d7f9e1b9-1f39-4d05-9d71-a59f23b02355 req-d7f9e1b9-1f39-4d05-9d71-a59f23b02355 ] Request (AttachInterfacesTestJSON:setUpClass): 201 POST http://10.180.1.21/identity/v3/auth/tokens 0.157s
2025-05-14 06:16:38.778 69691 INFO tempest.lib.common.rest_client [req-9fd3c49d-6de6-45d8-b3a6-b84e9d30127b req-9fd3c49d-6de6-45d8-b3a6-b84e9d30127b ] Request (AZAdminV2TestJSON:tearDownClass): 201 POST http://10.180.1.21/identity/v3/auth/tokens 0.098s
2025-05-14 06:16:38.825 69697 INFO tempest.lib.common.rest_client [req-24957d97-5299-4162-815b-d3796d16be7f req-24957d97-5299-4162-815b-d3796d16be7f ] Request (HypervisorAdminV253TestBase:tearDownClass): 204 DELETE http://10.180.1.21/identity/v3/users/8f2b3338b0a349568180fa95cac4551b 0.216s
2025-05-14 06:16:38.883 69659 INFO tempest.lib.common.rest_client [req-b6f49ea8-9ce4-4b14-a371-43bed59f46c1 req-b6f49ea8-9ce4-4b14-a371-43bed59f46c1 ] Request (VolumesAssistedSnapshotsTest:setUpClass): 201 POST http://10.180.1.21:9696/networking/v2.0/subnets 0.148s
2025-05-14 06:16:38.930 69667 INFO tempest.lib.common.rest_client [req-efde6a67-7b2c-4337-948a-177ed2be49eb req-efde6a67-7b2c-4337-948a-177ed2be49eb ] Request (AttachInterfacesTestJSON:setUpClass): 201 POST http://10.180.1.21/identity/v3/auth/tokens 0.178s
2025-05-14 06:16:38.934 69671 INFO tempest.lib.common.rest_client [req-c2954c9a-76d1-4b1a-8433-58b009549bf7 req-c2954c9a-76d1-4b1a-8433-58b009549bf7 ] Request (HypervisorAdminTestJSON:test_get_hypervisor_list): 200 GET http://10.180.1.21/compute/v2.1/os-hypervisors 1.204s
2025-05-14 06:16:38.962 69703 INFO tempest.lib.common.rest_client [req-9e8bce6e-ff7a-42dc-af87-47e06cb0ca32 req-9e8bce6e-ff7a-42dc-af87-47e06cb0ca32 ] Request (ServicesAdminNegativeTestJSON:test_get_service_by_invalid_service_and_valid_host): 200 GET http://10.180.1.21/compute/v2.1/os-services 1.020s
2025-05-14 06:16:38.972 69667 INFO tempest.lib.common.rest_client [req-dcc2a3e8-236f-43e8-b37e-8dfdbb8f1474 req-dcc2a3e8-236f-43e8-b37e-8dfdbb8f1474 ] Request (AttachInterfacesTestJSON:setUpClass): 200 GET http://10.180.1.21/identity/v3/domains?name=Default 0.041s
2025-05-14 06:16:38.996 69697 INFO tempest.lib.common.rest_client [req-484e015b-eea2-4035-b7c5-8edfe504d04c req-484e015b-eea2-4035-b7c5-8edfe504d04c ] Request (HypervisorAdminV253TestBase:tearDownClass): 204 DELETE http://10.180.1.21/identity/v3/users/765ee97bc71d49c5a642f3f44226de9f 0.171s
2025-05-14 06:16:38.997 69697 INFO tempest.lib.common.dynamic_creds [-] Deleting project and security group for project: 67047927a11745aeabdab0936ee42468
2025-05-14 06:16:39.102 69695 INFO tempest.lib.common.rest_client [req-952a80da-7827-429f-82a2-8180bc21248c req-952a80da-7827-429f-82a2-8180bc21248c ] Request (InstanceUsageAuditLogTestJSON:tearDownClass): 200 GET http://10.180.1.21:9696/networking/v2.0/security-groups?tenant_id=6d7cdb6907ec4b53b241e23697e2e1d8&name=default 0.381s
2025-05-14 06:16:39.127 69655 INFO tempest.lib.common.rest_client [req-59d2cc53-68c4-4d68-aa65-88ab734f1a36 req-59d2cc53-68c4-4d68-aa65-88ab734f1a36 ] Request (ServersWithSpecificFlavorTestJSON:test_verify_created_server_ephemeral_disk): 200 GET http://10.180.1.21/compute/v2.1/flavors/42 1.153s
2025-05-14 06:16:39.135 69697 INFO tempest.lib.common.rest_client [req-b5a81439-8305-4321-857e-1066492e5b83 req-b5a81439-8305-4321-857e-1066492e5b83 ] Request (HypervisorAdminV253TestBase:tearDownClass): 201 POST http://10.180.1.21/identity/v3/auth/tokens 0.137s
2025-05-14 06:16:39.161 69691 INFO tempest.lib.common.rest_client [req-54dc2580-6075-4054-8962-005955064848 req-54dc2580-6075-4054-8962-005955064848 ] Request (AZAdminV2TestJSON:tearDownClass): 200 GET http://10.180.1.21:9696/networking/v2.0/security-groups?tenant_id=0f679606e599459a8e62684a036cb9b7&name=default 0.382s
2025-05-14 06:16:39.169 69667 INFO tempest.lib.common.rest_client [req-c09efb26-8f5e-4bdf-9840-fb50662c3efc req-c09efb26-8f5e-4bdf-9840-fb50662c3efc ] Request (AttachInterfacesTestJSON:setUpClass): 201 POST http://10.180.1.21/identity/v3/projects 0.196s
2025-05-14 06:16:39.221 69695 INFO tempest.lib.common.rest_client [req-39fc8be7-27c0-46d6-8282-e088b02fea11 req-39fc8be7-27c0-46d6-8282-e088b02fea11 ] Request (InstanceUsageAuditLogTestJSON:tearDownClass): 204 DELETE http://10.180.1.21:9696/networking/v2.0/security-groups/7c95aa37-d507-45e6-9bac-e104a87891c3 0.118s
2025-05-14 06:16:39.326 69667 INFO tempest.lib.common.rest_client [req-fd9a8d7f-e2ed-4de4-a873-781766a05322 req-fd9a8d7f-e2ed-4de4-a873-781766a05322 ] Request (AttachInterfacesTestJSON:setUpClass): 201 POST http://10.180.1.21/identity/v3/users 0.157s
2025-05-14 06:16:39.389 69695 INFO tempest.lib.common.rest_client [req-53b2a8f7-b65d-4435-b427-4c90a93c720a req-53b2a8f7-b65d-4435-b427-4c90a93c720a ] Request (InstanceUsageAuditLogTestJSON:tearDownClass): 204 DELETE http://10.180.1.21/identity/v3/projects/6d7cdb6907ec4b53b241e23697e2e1d8 0.167s
2025-05-14 06:16:39.389 69695 INFO tempest.lib.common.dynamic_creds [-] Deleting project and security group for project: 03d9d4e8ebcd43d5a9367258b256b93d
2025-05-14 06:16:39.415 69691 INFO tempest.lib.common.rest_client [req-273a9efc-5e81-4cb5-a496-027f910ed975 req-273a9efc-5e81-4cb5-a496-027f910ed975 ] Request (AZAdminV2TestJSON:tearDownClass): 204 DELETE http://10.180.1.21:9696/networking/v2.0/security-groups/4ed594a8-6f75-4d70-9145-9cb67215d4b5 0.253s
2025-05-14 06:16:39.446 69651 INFO tempest.lib.common.rest_client [req-87033724-3fd1-428d-ac05-d93ea8f28c6b req-87033724-3fd1-428d-ac05-d93ea8f28c6b ] Request (QuotasAdminNegativeTest:test_create_server_when_cpu_quota_is_full): 403 POST http://10.180.1.21/compute/v2.1/servers 1.384s
2025-05-14 06:16:39.459 69667 INFO tempest.lib.common.rest_client [req-ba378642-6cc7-44e0-82ef-ced63e468a54 req-ba378642-6cc7-44e0-82ef-ced63e468a54 ] Request (AttachInterfacesTestJSON:setUpClass): 200 GET http://10.180.1.21/identity/v3/roles 0.132s
2025-05-14 06:16:39.464 69675 INFO tempest.lib.common.rest_client [req-0e834b22-3856-4c7c-a4e5-2a05dd882f90 req-0e834b22-3856-4c7c-a4e5-2a05dd882f90 ] Request (FlavorMetadataValidation:_run_cleanups): 202 DELETE http://10.180.1.21/compute/v2.1/flavors/428112370 1.368s
2025-05-14 06:16:39.477 69697 INFO tempest.lib.common.rest_client [req-2fcfcca7-e555-4e35-94ba-650e933c08c1 req-2fcfcca7-e555-4e35-94ba-650e933c08c1 ] Request (HypervisorAdminV253TestBase:tearDownClass): 200 GET http://10.180.1.21:9696/networking/v2.0/security-groups?tenant_id=67047927a11745aeabdab0936ee42468&name=default 0.342s
2025-05-14 06:16:39.489 69707 INFO tempest.lib.common.rest_client [req-225ebc11-1e3f-492d-ab5c-e7541a56a03d req-225ebc11-1e3f-492d-ab5c-e7541a56a03d ] Request (AggregatesAdminNegativeTestJSON:test_aggregate_add_existent_host): 200 POST http://10.180.1.21/compute/v2.1/os-aggregates/1/action 1.680s
2025-05-14 06:16:39.492 69667 INFO tempest.lib.common.rest_client [req-b4e4153e-6e7f-4652-adea-58ab73d676c9 req-b4e4153e-6e7f-4652-adea-58ab73d676c9 ] Request (AttachInterfacesTestJSON:setUpClass): 204 PUT http://10.180.1.21/identity/v3/projects/d8274dde6c414a3982a4d113f9999eea/users/32e8e100581144dc8041a0065d3217b7/roles/eb8b0c8ae04147b5bedd6acbdc631a06 0.032s
2025-05-14 06:16:39.492 69667 INFO tempest.lib.common.dynamic_creds [-] Dynamic test user 32e8e100581144dc8041a0065d3217b7 is created with scope project and roles: ['member']
2025-05-14 06:16:39.493 69667 INFO tempest.lib.common.dynamic_creds [-] Acquired dynamic creds: credentials: Credentials: {'domain_id': 'default', 'domain_name': 'Default', 'username': 'tempest-AttachInterfacesTestJSON-130723060-project-member', 'project_domain_id': 'default', 'project_domain_name': 'Default', 'project_id': 'd8274dde6c414a3982a4d113f9999eea', 'project_name': 'tempest-AttachInterfacesTestJSON-130723060', 'tenant_id': 'd8274dde6c414a3982a4d113f9999eea', 'tenant_name': 'tempest-AttachInterfacesTestJSON-130723060', 'user_domain_id': 'default', 'user_domain_name': 'Default', 'user_id': '32e8e100581144dc8041a0065d3217b7', 'system': None}, Network: None, Subnet: None, Router: None
2025-05-14 06:16:39.502 69705 INFO tempest.lib.common.rest_client [req-eb3285e2-978f-4c62-9de2-4a7186fbf9ae req-eb3285e2-978f-4c62-9de2-4a7186fbf9ae ] Request (HypervisorAdminNegativeTestJSON:test_get_hypervisor_stats_with_non_admin_user): 403 GET http://10.180.1.21/compute/v2.1/os-hypervisors/statistics 1.282s
2025-05-14 06:16:39.536 69691 INFO tempest.lib.common.rest_client [req-7d172a31-a188-4842-bac5-6eaec8e2f75e req-7d172a31-a188-4842-bac5-6eaec8e2f75e ] Request (AZAdminV2TestJSON:tearDownClass): 204 DELETE http://10.180.1.21/identity/v3/projects/0f679606e599459a8e62684a036cb9b7 0.121s
2025-05-14 06:16:39.536 69691 INFO tempest.lib.common.dynamic_creds [-] Deleting project and security group for project: 664eac2b874142c28086e6ca5c5d7bcc
2025-05-14 06:16:39.585 69679 INFO tempest.lib.common.rest_client [req-97dbddf9-83d1-4352-a544-e785c57736eb req-97dbddf9-83d1-4352-a544-e785c57736eb ] Request (InstanceActionsNegativeTestJSON:setUpClass): 200 GET http://10.180.1.21/compute/v2.1/servers/b3ed9e58-907c-4f2b-8c32-a4fc072d7ce0 1.343s
2025-05-14 06:16:39.590 69697 INFO tempest.lib.common.rest_client [req-d420cbc5-207c-40a6-8339-c148820c485f req-d420cbc5-207c-40a6-8339-c148820c485f ] Request (HypervisorAdminV253TestBase:tearDownClass): 204 DELETE http://10.180.1.21:9696/networking/v2.0/security-groups/e4c74325-15d6-454e-946d-3e0f56b01d96 0.112s
2025-05-14 06:16:39.591 69689 INFO tempest.lib.common.rest_client [req-2f8fe9bf-e120-46b0-9e3c-10135905e1a1 req-2f8fe9bf-e120-46b0-9e3c-10135905e1a1 ] Request (FlavorsExtraSpecsNegativeTestJSON:test_flavor_non_admin_set_keys): 403 POST http://10.180.1.21/compute/v2.1/flavors/694083928/os-extra_specs 1.290s
2025-05-14 06:16:39.594 69679 INFO tempest.common.waiters [-] State transition "BUILD/None" ==> "BUILD/networking" after 2 second wait
2025-05-14 06:16:39.602 69667 INFO tempest.lib.common.rest_client [req-a85c36ae-312b-429e-9196-91f14d071749 req-a85c36ae-312b-429e-9196-91f14d071749 ] Request (AttachInterfacesTestJSON:setUpClass): 201 POST http://10.180.1.21/identity/v3/auth/tokens 0.109s
2025-05-14 06:16:39.620 69695 INFO tempest.lib.common.rest_client [req-36decd7f-d998-4671-953c-c28677dce1c3 req-36decd7f-d998-4671-953c-c28677dce1c3 ] Request (InstanceUsageAuditLogTestJSON:tearDownClass): 200 GET http://10.180.1.21:9696/networking/v2.0/security-groups?tenant_id=03d9d4e8ebcd43d5a9367258b256b93d&name=default 0.230s
2025-05-14 06:16:39.620 69699 INFO tempest.lib.common.rest_client [req-cd00d08d-022d-4ab6-ad96-96f540230ea4 req-cd00d08d-022d-4ab6-ad96-96f540230ea4 ] Request (HypervisorAdminUnderV252Test:test_search_hypervisor): 200 GET http://10.180.1.21/compute/v2.1/os-hypervisors 1.278s
2025-05-14 06:16:39.656 69657 INFO tempest.lib.common.rest_client [req-2f8a3a58-9426-4477-a27a-66218e00c222 req-2f8a3a58-9426-4477-a27a-66218e00c222 ] Request (FlavorsAccessTestJSON:test_flavor_access_add_remove): 200 GET http://10.180.1.21/compute/v2.1/flavors/detail 1.443s
2025-05-14 06:16:39.663 69687 INFO tempest.lib.common.rest_client [req-c98e6cf9-4bb0-4c17-b43f-6274f1c80a49 req-c98e6cf9-4bb0-4c17-b43f-6274f1c80a49 ] Request (HostsAdminNegativeTestJSON:test_reboot_host_with_non_admin_user): 403 GET http://10.180.1.21/compute/v2.1/os-hosts/devstack/reboot 1.274s
2025-05-14 06:16:39.675 69665 INFO tempest.lib.common.rest_client [req-79ceabd3-7344-45dd-be4b-65b9e03c5ba7 req-79ceabd3-7344-45dd-be4b-65b9e03c5ba7 ] Request (HypervisorAdminNegativeUnderV252Test:test_show_servers_with_nonexistent_hypervisor): 404 GET http://10.180.1.21/compute/v2.1/os-hypervisors/8e62b8bd-5ee8-4c1b-9e6a-c476f5a7ee93/servers 1.235s
2025-05-14 06:16:39.688 69697 INFO tempest.lib.common.rest_client [req-998c12d3-45bd-4bfb-8fa1-1f399e24da58 req-998c12d3-45bd-4bfb-8fa1-1f399e24da58 ] Request (HypervisorAdminV253TestBase:tearDownClass): 204 DELETE http://10.180.1.21/identity/v3/projects/67047927a11745aeabdab0936ee42468 0.098s
2025-05-14 06:16:39.689 69697 INFO tempest.lib.common.dynamic_creds [-] Deleting project and security group for project: 705f3c78bfcb4fbdb240ef112e263560
2025-05-14 06:16:39.742 69691 INFO tempest.lib.common.rest_client [req-971eea1d-7325-40ab-a173-379ad66c6797 req-971eea1d-7325-40ab-a173-379ad66c6797 ] Request (AZAdminV2TestJSON:tearDownClass): 200 GET http://10.180.1.21:9696/networking/v2.0/security-groups?tenant_id=664eac2b874142c28086e6ca5c5d7bcc&name=default 0.205s
2025-05-14 06:16:39.794 69711 INFO tempest.lib.common.rest_client [req-e773179c-d751-423e-af99-b231b300b061 req-e773179c-d751-423e-af99-b231b300b061 ] Request (SecurityGroupsNegativeTestJSON:test_delete_the_default_security_group): 200 GET http://10.180.1.21/compute/v2.1/os-security-groups 1.429s
2025-05-14 06:16:39.802 69695 INFO tempest.lib.common.rest_client [req-734fa358-994b-4281-ac18-3aae0976d9dc req-734fa358-994b-4281-ac18-3aae0976d9dc ] Request (InstanceUsageAuditLogTestJSON:tearDownClass): 204 DELETE http://10.180.1.21:9696/networking/v2.0/security-groups/afc62cb0-59ee-48bb-9b36-98c2db23e0e9 0.181s
2025-05-14 06:16:39.829 69653 INFO tempest.lib.common.rest_client [req-c623679a-58af-4d65-ad36-5612ce83a223 req-c623679a-58af-4d65-ad36-5612ce83a223 ] Request (FlavorsAdminTestJSON:test_create_flavor_verify_entry_in_list_details): 200 POST http://10.180.1.21/compute/v2.1/flavors 1.246s
2025-05-14 06:16:39.830 69665 INFO tempest.lib.common.rest_client [req-931ef683-f7cd-420a-aedc-38c701bddbcd req-931ef683-f7cd-420a-aedc-38c701bddbcd ] Request (HypervisorAdminNegativeUnderV252Test:tearDownClass): 204 DELETE http://10.180.1.21/identity/v3/users/68c4343bdecf47f9b836a84bbdd2134b 0.154s
2025-05-14 06:16:39.871 69681 INFO tempest.lib.common.rest_client [req-dd14ea64-3af1-4db6-9979-9a4d08516019 req-dd14ea64-3af1-4db6-9979-9a4d08516019 ] Request (QuotaClassesAdmin257Test:_run_cleanups): 200 PUT http://10.180.1.21/compute/v2.1/os-quota-class-sets/default 1.258s
2025-05-14 06:16:39.901 69673 INFO tempest.lib.common.rest_client [req-59ec7d88-d07d-42cb-b22d-66dd646b2554 req-59ec7d88-d07d-42cb-b22d-66dd646b2554 ] Request (FlavorsV2TestJSON:test_list_flavors_detailed_filter_by_min_disk): 200 GET http://10.180.1.21/compute/v2.1/flavors/detail?minDisk=2 1.278s
2025-05-14 06:16:39.913 69695 INFO tempest.lib.common.rest_client [req-22ea8155-5ed3-42a9-9bf3-d9ad18cc70f4 req-22ea8155-5ed3-42a9-9bf3-d9ad18cc70f4 ] Request (InstanceUsageAuditLogTestJSON:tearDownClass): 204 DELETE http://10.180.1.21/identity/v3/projects/03d9d4e8ebcd43d5a9367258b256b93d 0.111s
2025-05-14 06:16:39.920 69685 INFO tempest.lib.common.rest_client [req-7b7a7b3f-32b8-4f09-adc3-96a282a4d878 req-7b7a7b3f-32b8-4f09-adc3-96a282a4d878 ] Request (KeyPairsNegativeTestJSON:test_create_keypair_with_duplicate_name): 202 DELETE http://10.180.1.21/compute/v2.1/os-keypairs/tempest-keypair-1436310574 1.270s
2025-05-14 06:16:39.931 69691 INFO tempest.lib.common.rest_client [req-4fee6e63-a79c-465f-beb9-ff9bd8774434 req-4fee6e63-a79c-465f-beb9-ff9bd8774434 ] Request (AZAdminV2TestJSON:tearDownClass): 204 DELETE http://10.180.1.21:9696/networking/v2.0/security-groups/fa1245e1-9ed9-4b33-9356-00aa0561f985 0.188s
2025-05-14 06:16:39.980 69665 INFO tempest.lib.common.rest_client [req-7e2db53e-f67a-48ec-a33f-0544dc293460 req-7e2db53e-f67a-48ec-a33f-0544dc293460 ] Request (HypervisorAdminNegativeUnderV252Test:tearDownClass): 204 DELETE http://10.180.1.21/identity/v3/users/c72088961c06439998be51305caa1880 0.149s
2025-05-14 06:16:39.981 69665 INFO tempest.lib.common.dynamic_creds [-] Deleting project and security group for project: dc4d6d3b7e374f46baaf24884175ac8d
2025-05-14 06:16:40.017 69681 INFO tempest.lib.common.rest_client [req-0f6cd7d1-08b2-4375-b9c9-aac16aff52ec req-0f6cd7d1-08b2-4375-b9c9-aac16aff52ec ] Request (QuotaClassesAdmin257Test:tearDownClass): 204 DELETE http://10.180.1.21/identity/v3/users/ba85aee8c4d14254b96c4f684c23684e 0.136s
2025-05-14 06:16:40.036 69695 INFO tempest.lib.common.rest_client [req-d0a1c5f6-16b6-439f-af0f-b36ead1e1d98 req-d0a1c5f6-16b6-439f-af0f-b36ead1e1d98 ] Request (QuotasAdminTestJSON:setUpClass): 201 POST http://10.180.1.21/identity/v3/auth/tokens 0.121s
