2025-05-14 06:17:18.998 69673 INFO tempest.lib.common.rest_client [req-4e63e1a0-7c84-459d-8104-7b4fb146d1af req-4e63e1a0-7c84-459d-8104-7b4fb146d1af ] Request (FloatingIPsNegativeTestJSON:setUpClass): 201 POST http://10.180.1.21/identity/v3/auth/tokens 0.035s
2025-05-14 06:17:19.024 69673 INFO tempest.lib.common.rest_client [req-5f52fb98-5b43-4b2e-b2ee-74508516c5dd req-5f52fb98-5b43-4b2e-b2ee-74508516c5dd ] Request (FloatingIPsNegativeTestJSON:setUpClass): 200 GET http://10.180.1.21/identity/v3/domains?name=Default 0.026s
2025-05-14 06:17:19.063 69673 INFO tempest.lib.common.rest_client [req-a74a12f6-d9d7-4f38-bdf2-635b9306ad20 req-a74a12f6-d9d7-4f38-bdf2-635b9306ad20 ] Request (FloatingIPsNegativeTestJSON:setUpClass): 201 POST http://10.180.1.21/identity/v3/projects 0.038s
2025-05-14 06:17:19.067 69697 INFO tempest.lib.common.rest_client [req-b0c9b218-db95-494f-856c-4969aa082de9 req-b0c9b218-db95-494f-856c-4969aa082de9 ] Request (FloatingIPDetailsTestJSON:test_list_floating_ips): 200 GET http://10.180.1.21/compute/v2.1/os-floating-ips 2.094s
2025-05-14 06:17:19.131 69673 INFO tempest.lib.common.rest_client [req-38df7f1d-7be3-47fd-9401-f0417c95d315 req-38df7f1d-7be3-47fd-9401-f0417c95d315 ] Request (FloatingIPsNegativeTestJSON:setUpClass): 201 POST http://10.180.1.21/identity/v3/users 0.067s
2025-05-14 06:17:19.167 69673 INFO tempest.lib.common.rest_client [req-14030afd-3388-4114-9249-8c89a04260d5 req-14030afd-3388-4114-9249-8c89a04260d5 ] Request (FloatingIPsNegativeTestJSON:setUpClass): 200 GET http://10.180.1.21/identity/v3/roles 0.034s
2025-05-14 06:17:19.228 69673 INFO tempest.lib.common.rest_client [req-c2847ada-93ad-4a28-bfb1-a4cf00c1e7b8 req-c2847ada-93ad-4a28-bfb1-a4cf00c1e7b8 ] Request (FloatingIPsNegativeTestJSON:setUpClass): 204 PUT http://10.180.1.21/identity/v3/projects/d3a54828368f4f8983472b630af5ee8d/users/db93d44b3e6447cbb4ab283ed1b18f52/roles/eb8b0c8ae04147b5bedd6acbdc631a06 0.061s
2025-05-14 06:17:19.229 69673 INFO tempest.lib.common.dynamic_creds [-] Dynamic test user db93d44b3e6447cbb4ab283ed1b18f52 is created with scope project and roles: ['member']
2025-05-14 06:17:19.229 69673 INFO tempest.lib.common.dynamic_creds [-] Acquired dynamic creds: credentials: Credentials: {'domain_id': 'default', 'domain_name': 'Default', 'username': 'tempest-FloatingIPsNegativeTestJSON-403045089-project-member', 'project_domain_id': 'default', 'project_domain_name': 'Default', 'project_id': 'd3a54828368f4f8983472b630af5ee8d', 'project_name': 'tempest-FloatingIPsNegativeTestJSON-403045089', 'tenant_id': 'd3a54828368f4f8983472b630af5ee8d', 'tenant_name': 'tempest-FloatingIPsNegativeTestJSON-403045089', 'user_domain_id': 'default', 'user_domain_name': 'Default', 'user_id': 'db93d44b3e6447cbb4ab283ed1b18f52', 'system': None}, Network: None, Subnet: None, Router: None
2025-05-14 06:17:19.296 69703 INFO tempest.lib.common.rest_client [req-ff7acd47-6da8-4ea9-b852-148aa9899560 req-ff7acd47-6da8-4ea9-b852-148aa9899560 ] Request (AttachInterfacesV270Test:test_create_get_list_interfaces): 200 GET http://10.180.1.21/compute/v2.1/servers/c10b9a44-b186-4623-80dc-bc94fc925e87 2.303s
2025-05-14 06:17:19.325 69673 INFO tempest.lib.common.rest_client [req-c9b65d2d-849d-428e-8c41-ff7410fc3a31 req-c9b65d2d-849d-428e-8c41-ff7410fc3a31 ] Request (FloatingIPsNegativeTestJSON:setUpClass): 201 POST http://10.180.1.21/identity/v3/auth/tokens 0.095s
2025-05-14 06:17:19.325 69681 INFO tempest.lib.common.rest_client [req-a9633ee4-d5d1-4623-a2de-32293a58d90d req-a9633ee4-d5d1-4623-a2de-32293a58d90d ] Request (ServerTagsTestJSON:test_check_tag_existence): 204 GET http://10.180.1.21/compute/v2.1/servers/95742cd4-ee06-4c77-ab05-28cd2d326092/tags/tempest-tag-330964536 2.022s
2025-05-14 06:17:19.328 69675 INFO tempest.lib.common.rest_client [req-4527a0a1-558b-4d27-9eb5-20a6b68a1348 req-4527a0a1-558b-4d27-9eb5-20a6b68a1348 ] Request (ServersTestMultiNic:test_verify_duplicate_network_nics): 202 POST http://10.180.1.21/compute/v2.1/servers 3.509s
2025-05-14 06:17:19.339 69699 INFO tempest.lib.common.rest_client [req-bfd7c51b-dfce-4f29-8972-7c5b5b195943 req-bfd7c51b-dfce-4f29-8972-7c5b5b195943 ] Request (KeyPairsV2TestJSON:test_keypairs_create_list_delete): 200 GET http://10.180.1.21/compute/v2.1/os-keypairs 1.991s
2025-05-14 06:17:19.348 69677 INFO tempest.lib.common.rest_client [req-3cc816dc-190c-4fbe-86e8-f01cb733b4c4 req-3cc816dc-190c-4fbe-86e8-f01cb733b4c4 ] Request (FlavorsAccessNegativeTestJSON:test_flavor_non_admin_remove): 403 POST http://10.180.1.21/compute/v2.1/flavors/755273658/action 1.827s
2025-05-14 06:17:19.352 69707 INFO tempest.lib.common.rest_client [req-8d2c688d-16ab-4b57-8f42-4589fe5091b6 req-8d2c688d-16ab-4b57-8f42-4589fe5091b6 ] Request (AggregatesAdminNegativeTestJSON:_run_cleanups): 200 DELETE http://10.180.1.21/compute/v2.1/os-aggregates/4 1.994s
2025-05-14 06:17:19.442 69669 INFO tempest.lib.common.rest_client [req-34227fbe-9d87-487d-ae91-50f804480164 req-34227fbe-9d87-487d-ae91-50f804480164 ] Request (ServersV294TestFqdnHostnames:setUpClass): 200 GET http://10.180.1.21/compute/v2.1/servers/1bd449dc-7011-4fad-956b-0bd23c946441 1.915s
2025-05-14 06:17:19.515 69651 INFO tempest.lib.common.rest_client [req-245edec6-837c-4e52-b9db-e12590c8de07 req-245edec6-837c-4e52-b9db-e12590c8de07 ] Request (ServerDiagnosticsTest:test_get_server_diagnostics): 200 GET http://10.180.1.21/compute/v2.1/servers/57e560ca-4c48-4238-a7f1-33c9f2b8f3c9 1.818s
2025-05-14 06:17:19.533 69653 INFO tempest.lib.common.rest_client [req-2ff87367-5d27-4ad6-bfe6-8d484f46474c req-2ff87367-5d27-4ad6-bfe6-8d484f46474c ] Request (FlavorsAdminTestJSON:test_create_list_flavor_without_extra_data): 200 GET http://10.180.1.21/compute/v2.1/flavors/detail 1.997s
2025-05-14 06:17:19.638 69671 INFO tempest.lib.common.rest_client [req-96692833-e893-4606-baf9-437e1de50e7b req-96692833-e893-4606-baf9-437e1de50e7b ] Request (SecurityGroupsTestAdminJSON:_run_cleanups): 202 DELETE http://10.180.1.21/compute/v2.1/os-security-groups/b0053e43-c8ee-4ec8-94fc-0a15c4c153e3 1.877s
2025-05-14 06:17:19.685 69667 INFO tempest.lib.common.rest_client [req-e0b51da8-a670-43e5-8e5d-971f53437fbb req-e0b51da8-a670-43e5-8e5d-971f53437fbb ] Request (AttachInterfacesTestJSON:test_create_list_show_delete_interfaces_by_fixed_ip): 200 GET http://10.180.1.21/compute/v2.1/servers/fbad53ec-e242-43ce-b7e9-75f4e1ce69f6 1.832s
2025-05-14 06:17:19.696 69667 INFO tempest.lib.common.ssh [-] Creating ssh connection to '10.180.180.149:22' as 'cirros' with public key authentication
2025-05-14 06:17:19.739 69655 INFO tempest.lib.common.rest_client [req-1882bcb2-3912-4086-bb51-3d38492385d2 req-1882bcb2-3912-4086-bb51-3d38492385d2 ] Request (ServersWithSpecificFlavorTestJSON:test_verify_created_server_ephemeral_disk): 200 GET http://10.180.1.21/compute/v2.1/servers/985fa962-e2cc-488a-a102-1a1aabc93dcb/os-interface 1.837s
2025-05-14 06:17:19.780 69673 INFO tempest.lib.common.rest_client [req-3839be05-24ce-470f-a1c3-d3a576a78052 req-3839be05-24ce-470f-a1c3-d3a576a78052 ] Request (FloatingIPsNegativeTestJSON:setUpClass): 201 POST http://10.180.1.21:9696/networking/v2.0/networks 0.454s
2025-05-14 06:17:19.813 69693 INFO tempest.lib.common.rest_client [req-3dd15ea7-1861-4993-8318-d37d2e7b983d req-3dd15ea7-1861-4993-8318-d37d2e7b983d ] Request (ServerDiagnosticsNegativeTest:tearDownClass): 204 DELETE http://10.180.1.21/compute/v2.1/servers/6ec379b6-3bfe-4a94-abad-9affb3942fa4 1.892s
2025-05-14 06:17:20.007 69657 INFO tempest.lib.common.rest_client [req-25459b8b-80be-4251-b71b-5c9ce340caa7 req-25459b8b-80be-4251-b71b-5c9ce340caa7 ] Request (InstanceUsageAuditLogNegativeTestJSON:test_instance_usage_audit_logs_with_nonadmin_user): 403 GET http://10.180.1.21/compute/v2.1/os-instance_usage_audit_log 2.051s
2025-05-14 06:17:20.049 69691 INFO tempest.lib.common.rest_client [req-04902330-cd79-477d-90ce-7bff7c4d7a7b req-04902330-cd79-477d-90ce-7bff7c4d7a7b ] Request (ListImageFiltersTestJSON:setUpClass): 200 GET http://10.180.1.21/compute/v2.1/images/1b73628d-100f-4f26-83d4-e3cf98fef465 2.060s
2025-05-14 06:17:20.105 69665 INFO tempest.lib.common.rest_client [req-b3ec83a0-bf67-4a43-85d5-5cb313a905c6 req-b3ec83a0-bf67-4a43-85d5-5cb313a905c6 ] Request (ServersAdminTestJSON:setUpClass): 200 GET http://10.180.1.21/compute/v2.1/servers/fc2ad100-ef01-4938-91ad-d1037856259e 2.162s
2025-05-14 06:17:20.119 69665 INFO tempest.common.waiters [-] State transition "BUILD/None" ==> "BUILD/spawning" after 7 second wait
2025-05-14 06:17:20.156 69695 INFO tempest.lib.common.rest_client [req-805138f9-f67e-4a46-ac2f-8b216c522a99 req-805138f9-f67e-4a46-ac2f-8b216c522a99 ] Request (QuotasAdminTestJSON:test_update_all_quota_resources_for_tenant): 200 GET http://10.180.1.21/compute/v2.1/os-quota-sets/1d8c7c3ae1b74d08bf32b149f34ac247/defaults 2.087s
2025-05-14 06:17:20.184 69663 INFO tempest.lib.common.rest_client [req-9e59e703-d555-4811-a39b-815345dd0af5 req-9e59e703-d555-4811-a39b-815345dd0af5 ] Request (ImagesTestJSON:test_create_image_from_stopped_server): 200 GET http://10.180.1.21/compute/v2.1/servers/680d7b0e-473f-474e-9dce-245ce103d9e7 1.558s
2025-05-14 06:17:20.212 69673 INFO tempest.lib.common.rest_client [req-cfb1bdb7-fa29-4936-8bfb-f44bb9e790a4 req-cfb1bdb7-fa29-4936-8bfb-f44bb9e790a4 ] Request (FloatingIPsNegativeTestJSON:setUpClass): 201 POST http://10.180.1.21:9696/networking/v2.0/subnets 0.432s
2025-05-14 06:17:20.233 69713 INFO tempest.lib.common.rest_client [req-544ffe48-50f6-4f1e-b3bc-ee5765fe887c req-544ffe48-50f6-4f1e-b3bc-ee5765fe887c ] Request (ServersTestManualDisk:setUpClass): 200 GET http://10.180.1.21/compute/v2.1/servers/d97c3b3d-e9b2-46b0-87e7-f6660de013ca 1.481s
2025-05-14 06:17:20.299 69661 INFO tempest.lib.common.rest_client [req-279a7be2-5495-46bd-85b8-f4ae0dbde28f req-279a7be2-5495-46bd-85b8-f4ae0dbde28f ] Request (FloatingIPsAssociationTestJSON:test_associate_already_associated_floating_ip): 200 GET http://10.180.1.21/compute/v2.1/servers/1f7d5eb3-95f6-4b72-83df-a63a653091f7 1.289s
2025-05-14 06:17:20.592 69655 INFO tempest.lib.common.rest_client [req-5bef2a27-c293-4a8d-bce4-ce5a50c430db req-5bef2a27-c293-4a8d-bce4-ce5a50c430db ] Request (ServersWithSpecificFlavorTestJSON:test_verify_created_server_ephemeral_disk): 200 PUT http://10.180.1.21:9696/networking/v2.0/floatingips/e168cc1d-5ace-4c50-a02f-5de0a4d11d0d 0.847s
2025-05-14 06:17:20.937 69705 INFO tempest.lib.common.rest_client [req-0fcd84d6-b4a5-4e2b-a1e6-f942bbcf1895 req-0fcd84d6-b4a5-4e2b-a1e6-f942bbcf1895 ] Request (ServerDiskConfigTestJSON:test_rebuild_server_with_auto_disk_config): 202 POST http://10.180.1.21/compute/v2.1/servers 2.040s
2025-05-14 06:17:21.080 69697 INFO tempest.lib.common.rest_client [req-6ff97aec-980d-4294-a72f-32d77b2103e4 req-6ff97aec-980d-4294-a72f-32d77b2103e4 ] Request (FloatingIPDetailsTestJSON:tearDownClass): 202 DELETE http://10.180.1.21/compute/v2.1/os-floating-ips/18896225-4928-49cc-9ceb-90f2618dbf81 2.007s
2025-05-14 06:17:21.103 69659 WARNING tempest.lib.common.ssh [-] Failed to establish authenticated ssh connection to cirros@10.180.180.147 ([Errno None] Unable to connect to port 22 on 10.180.180.147). Number attempts: 1. Retry after 2 seconds.: paramiko.ssh_exception.NoValidConnectionsError: [Errno None] Unable to connect to port 22 on 10.180.180.147
2025-05-14 06:17:21.125 69711 INFO tempest.lib.common.rest_client [req-b8af27d7-49cf-4b77-ace7-692593175ebf req-b8af27d7-49cf-4b77-ace7-692593175ebf ] Request (ServerMetadataNegativeTestJSON:setUpClass): 200 GET http://10.180.1.21/compute/v2.1/servers/8cabb81d-9470-4b45-b183-485160fc4a9b 2.037s
2025-05-14 06:17:21.184 69679 INFO tempest.lib.common.rest_client [req-03409618-c0a0-4007-8319-78d54f37a7a7 req-03409618-c0a0-4007-8319-78d54f37a7a7 ] Request (InstanceActionsNegativeTestJSON:tearDownClass): 200 GET http://10.180.1.21/compute/v2.1/servers/b3ed9e58-907c-4f2b-8c32-a4fc072d7ce0 2.006s
2025-05-14 06:17:21.207 69701 INFO tempest.lib.common.rest_client [req-2af404e9-4409-4a77-8b6b-d1752ed851b5 req-2af404e9-4409-4a77-8b6b-d1752ed851b5 ] Request (DeleteServersAdminTestJSON:test_delete_server_while_in_error_state): 200 GET http://10.180.1.21/compute/v2.1/servers/04c3b326-d749-4971-be51-d028f1e78275 1.948s
2025-05-14 06:17:21.216 69701 INFO tempest.common.waiters [-] State transition "BUILD/scheduling" ==> "BUILD/None" after 3 second wait
2025-05-14 06:17:21.280 69681 INFO tempest.lib.common.rest_client [req-1216a6ff-0abb-42a9-ab6e-6d192ca5281d req-1216a6ff-0abb-42a9-ab6e-6d192ca5281d ] Request (ServerTagsTestJSON:_run_cleanups): 204 DELETE http://10.180.1.21/compute/v2.1/servers/95742cd4-ee06-4c77-ab05-28cd2d326092/tags 1.954s
2025-05-14 06:17:21.287 69675 INFO tempest.lib.common.rest_client [req-7005d0e6-ed12-4cc7-a858-69e1cfffa606 req-7005d0e6-ed12-4cc7-a858-69e1cfffa606 ] Request (ServersTestMultiNic:test_verify_duplicate_network_nics): 200 GET http://10.180.1.21/compute/v2.1/servers/f8d1b31e-dae8-49e2-bc09-f35b5ce5a676 1.956s
2025-05-14 06:17:21.297 69699 INFO tempest.lib.common.rest_client [req-e7b3488e-1f29-49f5-826e-97f4853a0e4c req-e7b3488e-1f29-49f5-826e-97f4853a0e4c ] Request (KeyPairsV2TestJSON:_run_cleanups): 202 DELETE http://10.180.1.21/compute/v2.1/os-keypairs/tempest-KeyPairsV2TestJSON-keypair-391458339 1.956s
2025-05-14 06:17:21.320 69707 INFO tempest.lib.common.rest_client [req-147b4aca-54d6-4888-bbb2-c89ace1f88a5 req-147b4aca-54d6-4888-bbb2-c89ace1f88a5 ] Request (AggregatesAdminNegativeTestJSON:test_aggregate_delete_as_user): 200 POST http://10.180.1.21/compute/v2.1/os-aggregates 1.965s
2025-05-14 06:17:21.403 69683 INFO tempest.lib.common.rest_client [req-5ceb5e72-b707-4843-9ade-dd30f76c8d07 req-5ceb5e72-b707-4843-9ade-dd30f76c8d07 ] Request (ServerExternalEventsTest:tearDownClass): 200 GET http://10.180.1.21/compute/v2.1/servers/7a284fbf-f3d9-4dbb-a776-f3d022f3b933 1.912s
2025-05-14 06:17:21.413 69683 INFO tempest.common.waiters [-] State transition "ACTIVE/deleting" ==> "DELETED/None" after 3 second wait
2025-05-14 06:17:21.420 69677 INFO tempest.lib.common.rest_client [req-66ff9adb-f369-44cd-ba19-cb0c9e27860c req-66ff9adb-f369-44cd-ba19-cb0c9e27860c ] Request (FlavorsAccessNegativeTestJSON:_run_cleanups): 200 POST http://10.180.1.21/compute/v2.1/flavors/755273658/action 2.071s
2025-05-14 06:17:21.424 69653 INFO tempest.lib.common.rest_client [req-21a1b688-c933-4c59-9baa-8f33a508d0f0 req-21a1b688-c933-4c59-9baa-8f33a508d0f0 ] Request (FlavorsAdminTestJSON:_run_cleanups): 202 DELETE http://10.180.1.21/compute/v2.1/flavors/625541684 1.883s
2025-05-14 06:17:21.482 69673 INFO tempest.lib.common.rest_client [req-8694e0a5-e902-4c73-9c8b-5dfce1480a06 req-8694e0a5-e902-4c73-9c8b-5dfce1480a06 ] Request (FloatingIPsNegativeTestJSON:setUpClass): 201 POST http://10.180.1.21:9696/networking/v2.0/routers 1.269s
2025-05-14 06:17:21.487 69685 INFO tempest.lib.common.rest_client [req-b498fd60-475b-4977-8b1f-614d95319f67 req-b498fd60-475b-4977-8b1f-614d95319f67 ] Request (SecurityGroupsTestJSON:test_list_security_groups_by_server): 200 GET http://10.180.1.21/compute/v2.1/servers/e85feaa7-ac85-4146-b9f2-3cf5b196729c 1.690s
2025-05-14 06:17:21.650 69671 INFO tempest.lib.common.rest_client [req-cfc09009-b7bc-4510-aed1-3b845022c289 req-cfc09009-b7bc-4510-aed1-3b845022c289 ] Request (SecurityGroupsTestAdminJSON:_run_cleanups): 202 DELETE http://10.180.1.21/compute/v2.1/os-security-groups/c71c2484-3830-48a3-8d9a-0f38804291e4 2.012s
2025-05-14 06:17:21.661 69657 INFO tempest.lib.common.rest_client [req-4762414a-5678-41fc-98d4-11f141c2410a req-4762414a-5678-41fc-98d4-11f141c2410a ] Request (InstanceUsageAuditLogNegativeTestJSON:test_instance_usage_audit_logs_with_nonadmin_user): 403 GET http://10.180.1.21/compute/v2.1/os-instance_usage_audit_log/2025-05-14%2006%3A17%3A20 1.653s
2025-05-14 06:17:21.704 69691 INFO tempest.lib.common.rest_client [req-5411a812-3215-4cf2-9c7c-13fbcd4aa11e req-5411a812-3215-4cf2-9c7c-13fbcd4aa11e ] Request (ListImageFiltersTestJSON:setUpClass): 200 GET http://10.180.1.21/compute/v2.1/images/1b73628d-100f-4f26-83d4-e3cf98fef465 1.651s
2025-05-14 06:17:21.725 69693 INFO tempest.lib.common.rest_client [req-02ccc18a-d6ba-45a3-a4d6-273ec57beb88 req-02ccc18a-d6ba-45a3-a4d6-273ec57beb88 ] Request (ServerDiagnosticsNegativeTest:tearDownClass): 200 GET http://10.180.1.21/compute/v2.1/servers/6ec379b6-3bfe-4a94-abad-9affb3942fa4 1.911s
2025-05-14 06:17:21.767 69657 INFO tempest.lib.common.rest_client [req-3244dcb2-b646-40b2-8d69-59b9ee7c6853 req-3244dcb2-b646-40b2-8d69-59b9ee7c6853 ] Request (InstanceUsageAuditLogNegativeTestJSON:tearDownClass): 204 DELETE http://10.180.1.21/identity/v3/users/dc6289256933481ebf89de4e7f21975e 0.105s
2025-05-14 06:17:21.769 69671 INFO tempest.lib.common.rest_client [req-633c8279-c9bf-4c0d-ab76-dad7c9492208 req-633c8279-c9bf-4c0d-ab76-dad7c9492208 ] Request (SecurityGroupsTestAdminJSON:tearDownClass): 204 DELETE http://10.180.1.21/identity/v3/users/bb1a82d8cf5a4add885641aef86307c0 0.117s
2025-05-14 06:17:21.871 69709 WARNING tempest.lib.common.ssh [-] Failed to establish authenticated ssh connection to cirros@10.180.180.165 ([Errno None] Unable to connect to port 22 on 10.180.180.165). Number attempts: 3. Retry after 4 seconds.: paramiko.ssh_exception.NoValidConnectionsError: [Errno None] Unable to connect to port 22 on 10.180.180.165
2025-05-14 06:17:21.914 69657 INFO tempest.lib.common.rest_client [req-6c28e823-6bd8-45e2-81dc-24b0025adbbb req-6c28e823-6bd8-45e2-81dc-24b0025adbbb ] Request (InstanceUsageAuditLogNegativeTestJSON:tearDownClass): 204 DELETE http://10.180.1.21/identity/v3/users/f3a51f86476347228741eb977a07c091 0.146s
2025-05-14 06:17:21.914 69657 INFO tempest.lib.common.dynamic_creds [-] Deleting project and security group for project: e3e214b5f84e494c9c2707c7582f7456
2025-05-14 06:17:22.051 69671 INFO tempest.lib.common.rest_client [req-14c92ddc-7468-434d-811e-3350b54e89b2 req-14c92ddc-7468-434d-811e-3350b54e89b2 ] Request (SecurityGroupsTestAdminJSON:tearDownClass): 204 DELETE http://10.180.1.21/identity/v3/users/e5e74e5816fe4cd98fb73fbf9332e45b 0.282s
2025-05-14 06:17:22.052 69671 INFO tempest.lib.common.dynamic_creds [-] Deleting project and security group for project: 60516c98eb164863b8bff089547343d7
2025-05-14 06:17:22.079 69703 INFO tempest.lib.common.rest_client [req-f377a3c9-8d57-4fd3-82c7-d499fb3e97f3 req-f377a3c9-8d57-4fd3-82c7-d499fb3e97f3 ] Request (AttachInterfacesV270Test:test_create_get_list_interfaces): 200 GET http://10.180.1.21/compute/v2.1/servers/c10b9a44-b186-4623-80dc-bc94fc925e87 1.772s
2025-05-14 06:17:22.088 69703 INFO tempest.common.waiters [-] State transition "BUILD/spawning" ==> "ACTIVE/None" after 15 second wait
2025-05-14 06:17:22.177 69657 INFO tempest.lib.common.rest_client [req-0dfada74-c214-4b87-95d6-4409b77eddf0 req-0dfada74-c214-4b87-95d6-4409b77eddf0 ] Request (InstanceUsageAuditLogNegativeTestJSON:tearDownClass): 201 POST http://10.180.1.21/identity/v3/auth/tokens 0.262s
2025-05-14 06:17:22.197 69669 INFO tempest.lib.common.rest_client [req-41c24483-5b1a-4e26-a533-989710f1adc2 req-41c24483-5b1a-4e26-a533-989710f1adc2 ] Request (ServersV294TestFqdnHostnames:setUpClass): 200 GET http://10.180.1.21/compute/v2.1/servers/1bd449dc-7011-4fad-956b-0bd23c946441 1.732s
2025-05-14 06:17:22.221 69669 INFO tempest.common.waiters [-] State transition "BUILD/scheduling" ==> "BUILD/None" after 3 second wait
2025-05-14 06:17:22.230 69671 INFO tempest.lib.common.rest_client [req-7ba8945b-7231-460f-b8f9-3ef9151c8f18 req-7ba8945b-7231-460f-b8f9-3ef9151c8f18 ] Request (SecurityGroupsTestAdminJSON:tearDownClass): 201 POST http://10.180.1.21/identity/v3/auth/tokens 0.178s
2025-05-14 06:17:22.274 69651 INFO tempest.lib.common.rest_client [req-5d36a97b-0789-42d9-85a1-853d77336daf req-5d36a97b-0789-42d9-85a1-853d77336daf ] Request (ServerDiagnosticsTest:test_get_server_diagnostics): 200 GET http://10.180.1.21/compute/v2.1/servers/57e560ca-4c48-4238-a7f1-33c9f2b8f3c9 1.747s
2025-05-14 06:17:22.302 69695 INFO tempest.lib.common.rest_client [req-43fee00d-619b-44cb-ad6c-01895d10e387 req-43fee00d-619b-44cb-ad6c-01895d10e387 ] Request (QuotasAdminTestJSON:test_update_all_quota_resources_for_tenant): 200 PUT http://10.180.1.21/compute/v2.1/os-quota-sets/1d8c7c3ae1b74d08bf32b149f34ac247 2.144s
2025-05-14 06:17:22.406 69691 INFO tempest.lib.common.rest_client [req-12a1b12c-91df-4558-bca8-ac7b75e3b9e2 req-12a1b12c-91df-4558-bca8-ac7b75e3b9e2 ] Request (ListImageFiltersTestJSON:setUpClass): 201 POST http://10.180.1.21/image/v2/images 0.698s
2025-05-14 06:17:22.412 69671 INFO tempest.lib.common.rest_client [req-c8acfb87-3b22-4657-b67b-a961784f73ac req-c8acfb87-3b22-4657-b67b-a961784f73ac ] Request (SecurityGroupsTestAdminJSON:tearDownClass): 200 GET http://10.180.1.21:9696/networking/v2.0/security-groups?tenant_id=60516c98eb164863b8bff089547343d7&name=default 0.182s
2025-05-14 06:17:22.452 69655 INFO tempest.lib.common.rest_client [req-dacfa4ac-35f7-4642-a0ac-ceaaac7b5d81 req-dacfa4ac-35f7-4642-a0ac-ceaaac7b5d81 ] Request (ServersWithSpecificFlavorTestJSON:test_verify_created_server_ephemeral_disk): 200 GET http://10.180.1.21/compute/v2.1/servers/985fa962-e2cc-488a-a102-1a1aabc93dcb 1.860s
2025-05-14 06:17:22.462 69655 INFO tempest.lib.common.ssh [-] Creating ssh connection to '10.180.180.191:22' as 'cirros' with public key authentication
2025-05-14 06:17:22.482 69705 INFO tempest.lib.common.rest_client [req-ad77ace8-f6ac-4057-a47e-d56330d46d40 req-ad77ace8-f6ac-4057-a47e-d56330d46d40 ] Request (ServerDiskConfigTestJSON:test_rebuild_server_with_auto_disk_config): 200 GET http://10.180.1.21/compute/v2.1/servers/dcea2793-2788-4c3c-a1ea-dfe28577bb9f 1.543s
2025-05-14 06:17:22.584 69657 INFO tempest.lib.common.rest_client [req-0c40905e-dea6-44b1-96fb-9d0621a81a3f req-0c40905e-dea6-44b1-96fb-9d0621a81a3f ] Request (InstanceUsageAuditLogNegativeTestJSON:tearDownClass): 200 GET http://10.180.1.21:9696/networking/v2.0/security-groups?tenant_id=e3e214b5f84e494c9c2707c7582f7456&name=default 0.407s
2025-05-14 06:17:22.604 69671 INFO tempest.lib.common.rest_client [req-23f6295a-755a-468c-a38c-36f05863621a req-23f6295a-755a-468c-a38c-36f05863621a ] Request (SecurityGroupsTestAdminJSON:tearDownClass): 204 DELETE http://10.180.1.21:9696/networking/v2.0/security-groups/4b2fa2d6-9037-446e-bfcb-0b185ef7241c 0.192s
2025-05-14 06:17:22.680 69665 INFO tempest.lib.common.rest_client [req-61c600aa-f5d0-4544-b741-b305d905a90d req-61c600aa-f5d0-4544-b741-b305d905a90d ] Request (ServersAdminTestJSON:setUpClass): 200 GET http://10.180.1.21/compute/v2.1/servers/fc2ad100-ef01-4938-91ad-d1037856259e 1.559s
2025-05-14 06:17:22.726 69671 INFO tempest.lib.common.rest_client [req-829fbecf-6f2d-42b2-9b3c-e3a93e560b86 req-829fbecf-6f2d-42b2-9b3c-e3a93e560b86 ] Request (SecurityGroupsTestAdminJSON:tearDownClass): 204 DELETE http://10.180.1.21/identity/v3/projects/60516c98eb164863b8bff089547343d7 0.121s
2025-05-14 06:17:22.726 69671 INFO tempest.lib.common.dynamic_creds [-] Deleting project and security group for project: 8ade17dbb7ff4ba18d6b57a8b442570a
2025-05-14 06:17:22.767 69667 WARNING tempest.lib.common.ssh [-] Failed to establish authenticated ssh connection to cirros@10.180.180.149 ([Errno None] Unable to connect to port 22 on 10.180.180.149). Number attempts: 1. Retry after 2 seconds.: paramiko.ssh_exception.NoValidConnectionsError: [Errno None] Unable to connect to port 22 on 10.180.180.149
2025-05-14 06:17:22.788 69657 INFO tempest.lib.common.rest_client [req-4d1c86ff-db4a-4c4a-b128-14d7bf312171 req-4d1c86ff-db4a-4c4a-b128-14d7bf312171 ] Request (InstanceUsageAuditLogNegativeTestJSON:tearDownClass): 204 DELETE http://10.180.1.21:9696/networking/v2.0/security-groups/aebd3bdb-4f5a-4509-8d8a-6f1b5251f671 0.203s
2025-05-14 06:17:22.803 69671 INFO tempest.lib.common.rest_client [req-9150666e-4f82-4a0a-9df9-e95867dac9a8 req-9150666e-4f82-4a0a-9df9-e95867dac9a8 ] Request (SecurityGroupsTestAdminJSON:tearDownClass): 200 GET http://10.180.1.21:9696/networking/v2.0/security-groups?tenant_id=8ade17dbb7ff4ba18d6b57a8b442570a&name=default 0.077s
2025-05-14 06:17:22.830 69673 INFO tempest.lib.common.rest_client [req-98d5a68b-00fb-4755-bcbf-269220bac5de req-98d5a68b-00fb-4755-bcbf-269220bac5de ] Request (FloatingIPsNegativeTestJSON:setUpClass): 200 PUT http://10.180.1.21:9696/networking/v2.0/routers/65eea544-8dbb-4b95-9276-ddb8347068d3/add_router_interface 1.348s
2025-05-14 06:17:22.831 69673 INFO tempest.lib.common.dynamic_creds [-] Created isolated network resources for: credentials: Credentials: {'domain_id': 'default', 'domain_name': 'Default', 'username': 'tempest-FloatingIPsNegativeTestJSON-403045089-project-member', 'project_domain_id': 'default', 'project_domain_name': 'Default', 'project_id': 'd3a54828368f4f8983472b630af5ee8d', 'project_name': 'tempest-FloatingIPsNegativeTestJSON-403045089', 'tenant_id': 'd3a54828368f4f8983472b630af5ee8d', 'tenant_name': 'tempest-FloatingIPsNegativeTestJSON-403045089', 'user_domain_id': 'default', 'user_domain_name': 'Default', 'user_id': 'db93d44b3e6447cbb4ab283ed1b18f52', 'system': None}, Network: {'id': '17bf36b4-3b10-4575-bb84-e0ec392a4a00', 'name': 'tempest-FloatingIPsNegativeTestJSON-1732732693-network', 'tenant_id': 'd3a54828368f4f8983472b630af5ee8d', 'admin_state_up': True, 'mtu': 8950, 'status': 'ACTIVE', 'subnets': [], 'shared': False, 'project_id': 'd3a54828368f4f8983472b630af5ee8d', 'port_security_enabled': True, 'router:external': False, 'provider:network_type': 'vlan', 'provider:physical_network': 'default', 'provider:segmentation_id': 401, 'availability_zone_hints': [], 'availability_zones': [], 'ipv4_address_scope': None, 'ipv6_address_scope': None, 'description': '', 'tags': [], 'created_at': '2025-05-14T06:17:19Z', 'updated_at': '2025-05-14T06:17:19Z', 'revision_number': 1}, Subnet: {'id': '1dbc6e75-60ee-4e43-b956-effa3213115c', 'name': 'tempest-FloatingIPsNegativeTestJSON-1732732693-subnet', 'tenant_id': 'd3a54828368f4f8983472b630af5ee8d', 'network_id': '17bf36b4-3b10-4575-bb84-e0ec392a4a00', 'ip_version': 4, 'subnetpool_id': None, 'enable_dhcp': True, 'ipv6_ra_mode': None, 'ipv6_address_mode': None, 'gateway_ip': '192.168.128.1', 'cidr': '192.168.128.0/28', 'allocation_pools': [{'start': '192.168.128.2', 'end': '192.168.128.14'}], 'host_routes': [], 'dns_nameservers': [], 'description': '', 'router:external': False, 'service_types': [], 'tags': [], 'created_at': '2025-05-14T06:17:19Z', 'updated_at': '2025-05-14T06:17:19Z', 'revision_number': 0, 'project_id': 'd3a54828368f4f8983472b630af5ee8d'}, Router: {'id': '65eea544-8dbb-4b95-9276-ddb8347068d3', 'name': 'tempest-FloatingIPsNegativeTestJSON-1732732693-router', 'tenant_id': 'd3a54828368f4f8983472b630af5ee8d', 'admin_state_up': True, 'status': 'ACTIVE', 'external_gateway_info': {'network_id': 'df702ba5-6d27-4273-afa6-611dcb5e33b6', 'external_fixed_ips': [{'subnet_id': 'af4b5793-fbd3-4cf8-9c5c-d64162267c99', 'ip_address': '10.180.180.252'}], 'enable_snat': True}, 'description': '', 'availability_zones': [], 'distributed': False, 'ha': False, 'availability_zone_hints': [], 'routes': [], 'flavor_id': None, 'tags': [], 'created_at': '2025-05-14T06:17:20Z', 'updated_at': '2025-05-14T06:17:21Z', 'revision_number': 2, 'project_id': 'd3a54828368f4f8983472b630af5ee8d'}
2025-05-14 06:17:22.860 69663 INFO tempest.lib.common.rest_client [req-4e2db8c0-0a48-4052-965f-ae314c2232b6 req-4e2db8c0-0a48-4052-965f-ae314c2232b6 ] Request (ImagesTestJSON:test_create_image_from_stopped_server): 200 GET http://10.180.1.21/compute/v2.1/servers/680d7b0e-473f-474e-9dce-245ce103d9e7 1.665s
2025-05-14 06:17:22.869 69663 INFO tempest.common.waiters [-] State transition "BUILD/None" ==> "BUILD/spawning" after 8 second wait
2025-05-14 06:17:22.932 69673 INFO tempest.lib.common.rest_client [req-98ef4f1e-bcd9-4d81-bc02-178048551774 req-98ef4f1e-bcd9-4d81-bc02-178048551774 ] Request (FloatingIPsNegativeTestJSON:setUpClass): 201 POST http://10.180.1.21/identity/v3/auth/tokens 0.097s
2025-05-14 06:17:22.938 69657 INFO tempest.lib.common.rest_client [req-cfcec183-3e50-4b49-9f2c-0e757e781ada req-cfcec183-3e50-4b49-9f2c-0e757e781ada ] Request (InstanceUsageAuditLogNegativeTestJSON:tearDownClass): 204 DELETE http://10.180.1.21/identity/v3/projects/e3e214b5f84e494c9c2707c7582f7456 0.149s
2025-05-14 06:17:22.938 69657 INFO tempest.lib.common.dynamic_creds [-] Deleting project and security group for project: eb3c794f515b49bfbf552a33bfbcb2d2
2025-05-14 06:17:22.957 69713 INFO tempest.lib.common.rest_client [req-3346ed05-34e1-407b-bda2-d89e81884d24 req-3346ed05-34e1-407b-bda2-d89e81884d24 ] Request (ServersTestManualDisk:setUpClass): 200 GET http://10.180.1.21/compute/v2.1/servers/d97c3b3d-e9b2-46b0-87e7-f6660de013ca 1.715s
2025-05-14 06:17:22.967 69713 INFO tempest.common.waiters [-] State transition "BUILD/None" ==> "BUILD/networking" after 8 second wait
2025-05-14 06:17:22.979 69681 INFO tempest.lib.common.rest_client [req-1d089452-0be2-4265-8c50-7da05831e395 req-1d089452-0be2-4265-8c50-7da05831e395 ] Request (ServerTagsTestJSON:test_create_delete_tag): 200 GET http://10.180.1.21/compute/v2.1/servers/95742cd4-ee06-4c77-ab05-28cd2d326092/tags 1.698s
2025-05-14 06:17:22.997 69699 INFO tempest.lib.common.rest_client [req-67b0ebc3-25ba-4a4b-aae1-88272bae1c39 req-67b0ebc3-25ba-4a4b-aae1-88272bae1c39 ] Request (KeyPairsV2TestJSON:_run_cleanups): 202 DELETE http://10.180.1.21/compute/v2.1/os-keypairs/tempest-KeyPairsV2TestJSON-keypair-1612022248 1.700s
2025-05-14 06:17:23.006 69671 INFO tempest.lib.common.rest_client [req-d2a23ab6-e198-4938-81bb-e3f891ff2551 req-d2a23ab6-e198-4938-81bb-e3f891ff2551 ] Request (SecurityGroupsTestAdminJSON:tearDownClass): 204 DELETE http://10.180.1.21:9696/networking/v2.0/security-groups/5b6d68f5-23f6-4901-86ab-126c09fc8fd6 0.202s
2025-05-14 06:17:23.084 69661 INFO tempest.lib.common.rest_client [req-9fe9fd5b-ce39-4edf-82c5-5fb105914100 req-9fe9fd5b-ce39-4edf-82c5-5fb105914100 ] Request (FloatingIPsAssociationTestJSON:test_associate_already_associated_floating_ip): 200 GET http://10.180.1.21/compute/v2.1/servers/1f7d5eb3-95f6-4b72-83df-a63a653091f7 1.771s
2025-05-14 06:17:23.090 69707 INFO tempest.lib.common.rest_client [req-755a8ae3-f873-4ff1-8ce5-84dc5ab25e3a req-755a8ae3-f873-4ff1-8ce5-84dc5ab25e3a ] Request (AggregatesAdminNegativeTestJSON:test_aggregate_delete_as_user): 403 DELETE http://10.180.1.21/compute/v2.1/os-aggregates/5 1.767s
2025-05-14 06:17:23.113 69677 INFO tempest.lib.common.rest_client [req-a0f1cd40-298c-4fcb-a10e-462080a77c05 req-a0f1cd40-298c-4fcb-a10e-462080a77c05 ] Request (FlavorsAccessNegativeTestJSON:_run_cleanups): 202 DELETE http://10.180.1.21/compute/v2.1/flavors/755273658 1.690s
2025-05-14 06:17:23.138 69653 INFO tempest.lib.common.rest_client [req-1bd895a9-49b9-428c-9863-16743f01db27 req-1bd895a9-49b9-428c-9863-16743f01db27 ] Request (FlavorsAdminTestJSON:_run_cleanups): 200 GET http://10.180.1.21/compute/v2.1/flavors/detail 1.713s
2025-05-14 06:17:23.140 69671 INFO tempest.lib.common.rest_client [req-56e683b2-1470-4a0a-974f-9e23cb009ffd req-56e683b2-1470-4a0a-974f-9e23cb009ffd ] Request (SecurityGroupsTestAdminJSON:tearDownClass): 204 DELETE http://10.180.1.21/identity/v3/projects/8ade17dbb7ff4ba18d6b57a8b442570a 0.133s
2025-05-14 06:17:23.246 69671 INFO tempest.lib.common.rest_client [req-379004e7-081a-464f-ba0f-12e9f39bdfcc req-379004e7-081a-464f-ba0f-12e9f39bdfcc ] Request (ServersTestBootFromVolume:setUpClass): 201 POST http://10.180.1.21/identity/v3/auth/tokens 0.103s
2025-05-14 06:17:23.258 69657 INFO tempest.lib.common.rest_client [req-b2816fe4-1cfa-42fb-8a4a-40bb797b39e1 req-b2816fe4-1cfa-42fb-8a4a-40bb797b39e1 ] Request (InstanceUsageAuditLogNegativeTestJSON:tearDownClass): 200 GET http://10.180.1.21:9696/networking/v2.0/security-groups?tenant_id=eb3c794f515b49bfbf552a33bfbcb2d2&name=default 0.319s
2025-05-14 06:17:23.281 69671 INFO tempest.lib.common.rest_client [req-281aa674-7b14-4344-bbe0-0266a06f4370 req-281aa674-7b14-4344-bbe0-0266a06f4370 ] Request (ServersTestBootFromVolume:setUpClass): 201 POST http://10.180.1.21/identity/v3/auth/tokens 0.031s
2025-05-14 06:17:23.319 69671 INFO tempest.lib.common.rest_client [req-589de42a-a6e3-4d81-9fda-a756aeca1c80 req-589de42a-a6e3-4d81-9fda-a756aeca1c80 ] Request (ServersTestBootFromVolume:setUpClass): 200 GET http://10.180.1.21/identity/v3/domains?name=Default 0.037s
2025-05-14 06:17:23.357 69671 INFO tempest.lib.common.rest_client [req-e9771895-4b98-4253-b490-d840f4c7085a req-e9771895-4b98-4253-b490-d840f4c7085a ] Request (ServersTestBootFromVolume:setUpClass): 201 POST http://10.180.1.21/identity/v3/projects 0.037s
2025-05-14 06:17:23.431 69671 INFO tempest.lib.common.rest_client [req-eef657bf-c6bb-4761-b5ee-c1d2c9122e1f req-eef657bf-c6bb-4761-b5ee-c1d2c9122e1f ] Request (ServersTestBootFromVolume:setUpClass): 201 POST http://10.180.1.21/identity/v3/users 0.073s
2025-05-14 06:17:23.442 69697 INFO tempest.lib.common.rest_client [req-f1d4ade4-34b9-4eb1-83c0-39286d61c7bf req-f1d4ade4-34b9-4eb1-83c0-39286d61c7bf ] Request (FloatingIPDetailsTestJSON:tearDownClass): 202 DELETE http://10.180.1.21/compute/v2.1/os-floating-ips/482870b7-c1c9-43a3-b4d3-eff8c7ad02d6 2.362s
2025-05-14 06:17:23.457 69671 INFO tempest.lib.common.rest_client [req-80546959-47d9-46ce-8383-5f59d3fe5d26 req-80546959-47d9-46ce-8383-5f59d3fe5d26 ] Request (ServersTestBootFromVolume:setUpClass): 200 GET http://10.180.1.21/identity/v3/roles 0.025s
2025-05-14 06:17:23.462 69657 INFO tempest.lib.common.rest_client [req-5018cd15-d256-44ee-87be-e587a46357b3 req-5018cd15-d256-44ee-87be-e587a46357b3 ] Request (InstanceUsageAuditLogNegativeTestJSON:tearDownClass): 204 DELETE http://10.180.1.21:9696/networking/v2.0/security-groups/0d3f99a2-73f5-4719-b7e7-00d79a8b3082 0.203s
2025-05-14 06:17:23.491 69671 INFO tempest.lib.common.rest_client [req-8d969dc8-bb2c-40da-a4d2-8ca2d94ad336 req-8d969dc8-bb2c-40da-a4d2-8ca2d94ad336 ] Request (ServersTestBootFromVolume:setUpClass): 204 PUT http://10.180.1.21/identity/v3/projects/dfb9ee6b5fe1456188af08735594ff32/users/9570d66a80584156968c1c4782d16af5/roles/eb8b0c8ae04147b5bedd6acbdc631a06 0.033s
2025-05-14 06:17:23.492 69671 INFO tempest.lib.common.dynamic_creds [-] Dynamic test user 9570d66a80584156968c1c4782d16af5 is created with scope project and roles: ['member']
2025-05-14 06:17:23.492 69671 INFO tempest.lib.common.dynamic_creds [-] Acquired dynamic creds: credentials: Credentials: {'domain_id': 'default', 'domain_name': 'Default', 'username': 'tempest-ServersTestBootFromVolume-7057248-project-member', 'project_domain_id': 'default', 'project_domain_name': 'Default', 'project_id': 'dfb9ee6b5fe1456188af08735594ff32', 'project_name': 'tempest-ServersTestBootFromVolume-7057248', 'tenant_id': 'dfb9ee6b5fe1456188af08735594ff32', 'tenant_name': 'tempest-ServersTestBootFromVolume-7057248', 'user_domain_id': 'default', 'user_domain_name': 'Default', 'user_id': '9570d66a80584156968c1c4782d16af5', 'system': None}, Network: None, Subnet: None, Router: None
2025-05-14 06:17:23.546 69671 INFO tempest.lib.common.rest_client [req-8f653bf3-a545-4f40-ac4e-881d769ac8a4 req-8f653bf3-a545-4f40-ac4e-881d769ac8a4 ] Request (ServersTestBootFromVolume:setUpClass): 201 POST http://10.180.1.21/identity/v3/auth/tokens 0.054s
2025-05-14 06:17:23.607 69657 INFO tempest.lib.common.rest_client [req-e05d79c7-3d67-4ea3-9721-ec7912cac413 req-e05d79c7-3d67-4ea3-9721-ec7912cac413 ] Request (InstanceUsageAuditLogNegativeTestJSON:tearDownClass): 204 DELETE http://10.180.1.21/identity/v3/projects/eb3c794f515b49bfbf552a33bfbcb2d2 0.144s
2025-05-14 06:17:23.670 69711 INFO tempest.lib.common.rest_client [req-4e0714e3-89df-40f7-bd03-56948a50692b req-4e0714e3-89df-40f7-bd03-56948a50692b ] Request (ServerMetadataNegativeTestJSON:setUpClass): 200 GET http://10.180.1.21/compute/v2.1/servers/8cabb81d-9470-4b45-b183-485160fc4a9b 1.532s
2025-05-14 06:17:23.685 69657 INFO tempest.lib.common.rest_client [req-da7ae33f-8c50-44a7-a635-a702da24f230 req-da7ae33f-8c50-44a7-a635-a702da24f230 ] Request (NetworksTest:setUpClass): 201 POST http://10.180.1.21/identity/v3/auth/tokens 0.077s
2025-05-14 06:17:23.731 69657 INFO tempest.lib.common.rest_client [req-2d744aca-91ab-4d68-b2b3-ef525c03781d req-2d744aca-91ab-4d68-b2b3-ef525c03781d ] Request (NetworksTest:setUpClass): 201 POST http://10.180.1.21/identity/v3/auth/tokens 0.037s
2025-05-14 06:17:23.774 69657 INFO tempest.lib.common.rest_client [req-0cf76d92-ddee-4394-9546-7fadbbe12292 req-0cf76d92-ddee-4394-9546-7fadbbe12292 ] Request (NetworksTest:setUpClass): 200 GET http://10.180.1.21/identity/v3/domains?name=Default 0.042s
2025-05-14 06:17:23.798 69679 INFO tempest.lib.common.rest_client [req-26731165-4e4e-439b-8d38-affd994b57f9 req-26731165-4e4e-439b-8d38-affd994b57f9 ] Request (InstanceActionsNegativeTestJSON:tearDownClass): 200 GET http://10.180.1.21/compute/v2.1/servers/b3ed9e58-907c-4f2b-8c32-a4fc072d7ce0 1.597s
2025-05-14 06:17:23.815 69657 INFO tempest.lib.common.rest_client [req-18a05ded-d67a-4444-9e59-274f487b0318 req-18a05ded-d67a-4444-9e59-274f487b0318 ] Request (NetworksTest:setUpClass): 201 POST http://10.180.1.21/identity/v3/projects 0.040s
2025-05-14 06:17:23.868 69701 INFO tempest.lib.common.rest_client [req-35b7f71c-b71c-4858-b63d-703399763d4e req-35b7f71c-b71c-4858-b63d-703399763d4e ] Request (DeleteServersAdminTestJSON:test_delete_server_while_in_error_state): 200 GET http://10.180.1.21/compute/v2.1/servers/04c3b326-d749-4971-be51-d028f1e78275 1.649s
2025-05-14 06:17:23.891 69657 INFO tempest.lib.common.rest_client [req-64f38b6f-9ebe-4552-b8d8-01443dc3c7b2 req-64f38b6f-9ebe-4552-b8d8-01443dc3c7b2 ] Request (NetworksTest:setUpClass): 201 POST http://10.180.1.21/identity/v3/users 0.075s
2025-05-14 06:17:23.912 69657 INFO tempest.lib.common.rest_client [req-7f258d78-0b83-4706-8262-cdf791778b0a req-7f258d78-0b83-4706-8262-cdf791778b0a ] Request (NetworksTest:setUpClass): 200 GET http://10.180.1.21/identity/v3/roles 0.020s
2025-05-14 06:17:23.935 69675 INFO tempest.lib.common.rest_client [req-f86cc6fe-adab-4c70-8ac6-b1dff9e4afd9 req-f86cc6fe-adab-4c70-8ac6-b1dff9e4afd9 ] Request (ServersTestMultiNic:test_verify_duplicate_network_nics): 200 GET http://10.180.1.21/compute/v2.1/servers/f8d1b31e-dae8-49e2-bc09-f35b5ce5a676 1.637s
2025-05-14 06:17:23.941 69657 INFO tempest.lib.common.rest_client [req-dfdc573f-f898-4274-a969-2a313415f5d5 req-dfdc573f-f898-4274-a969-2a313415f5d5 ] Request (NetworksTest:setUpClass): 204 PUT http://10.180.1.21/identity/v3/projects/efc1ad9d28d8402ba23524e7f29b2455/users/c0aa9132a9f24adda636c91fd720022b/roles/eb8b0c8ae04147b5bedd6acbdc631a06 0.029s
2025-05-14 06:17:23.942 69657 INFO tempest.lib.common.dynamic_creds [-] Dynamic test user c0aa9132a9f24adda636c91fd720022b is created with scope project and roles: ['member']
2025-05-14 06:17:23.942 69657 INFO tempest.lib.common.dynamic_creds [-] Acquired dynamic creds: credentials: Credentials: {'domain_id': 'default', 'domain_name': 'Default', 'username': 'tempest-NetworksTest-163340933-project-member', 'project_domain_id': 'default', 'project_domain_name': 'Default', 'project_id': 'efc1ad9d28d8402ba23524e7f29b2455', 'project_name': 'tempest-NetworksTest-163340933', 'tenant_id': 'efc1ad9d28d8402ba23524e7f29b2455', 'tenant_name': 'tempest-NetworksTest-163340933', 'user_domain_id': 'default', 'user_domain_name': 'Default', 'user_id': 'c0aa9132a9f24adda636c91fd720022b', 'system': None}, Network: None, Subnet: None, Router: None
2025-05-14 06:17:23.942 69657 INFO tempest.lib.common.dynamic_creds [-] Created isolated network resources for: credentials: Credentials: {'domain_id': 'default', 'domain_name': 'Default', 'username': 'tempest-NetworksTest-163340933-project-member', 'project_domain_id': 'default', 'project_domain_name': 'Default', 'project_id': 'efc1ad9d28d8402ba23524e7f29b2455', 'project_name': 'tempest-NetworksTest-163340933', 'tenant_id': 'efc1ad9d28d8402ba23524e7f29b2455', 'tenant_name': 'tempest-NetworksTest-163340933', 'user_domain_id': 'default', 'user_domain_name': 'Default', 'user_id': 'c0aa9132a9f24adda636c91fd720022b', 'system': None}, Network: None, Subnet: None, Router: None
2025-05-14 06:17:24.017 69657 INFO tempest.lib.common.rest_client [req-a309af00-5666-41dd-be29-5fc12c5352b9 req-a309af00-5666-41dd-be29-5fc12c5352b9 ] Request (NetworksTest:setUpClass): 201 POST http://10.180.1.21/identity/v3/auth/tokens 0.072s
2025-05-14 06:17:24.071 69671 INFO tempest.lib.common.rest_client [req-e4daa377-b17c-460f-9281-87bc651a5292 req-e4daa377-b17c-460f-9281-87bc651a5292 ] Request (ServersTestBootFromVolume:setUpClass): 201 POST http://10.180.1.21:9696/networking/v2.0/networks 0.524s
2025-05-14 06:17:24.122 69657 INFO tempest.lib.common.rest_client [req-986f89f1-5c9b-4315-83d5-3dfc70d25f80 req-986f89f1-5c9b-4315-83d5-3dfc70d25f80 ] Request (NetworksTest:setUpClass): 201 POST http://10.180.1.21/identity/v3/projects 0.104s
2025-05-14 06:17:24.174 69659 WARNING tempest.lib.common.ssh [-] Failed to establish authenticated ssh connection to cirros@10.180.180.147 ([Errno None] Unable to connect to port 22 on 10.180.180.147). Number attempts: 2. Retry after 3 seconds.: paramiko.ssh_exception.NoValidConnectionsError: [Errno None] Unable to connect to port 22 on 10.180.180.147
2025-05-14 06:17:24.206 69657 INFO tempest.lib.common.rest_client [req-8626dd7e-f953-47b1-bfd6-c2cd64f489c2 req-8626dd7e-f953-47b1-bfd6-c2cd64f489c2 ] Request (NetworksTest:setUpClass): 201 POST http://10.180.1.21/identity/v3/users 0.083s
2025-05-14 06:17:24.235 69657 INFO tempest.lib.common.rest_client [req-7e69f1b9-b8a0-411f-88bd-79cc60b9f4fa req-7e69f1b9-b8a0-411f-88bd-79cc60b9f4fa ] Request (NetworksTest:setUpClass): 200 GET http://10.180.1.21/identity/v3/roles 0.029s
2025-05-14 06:17:24.294 69671 INFO tempest.lib.common.rest_client [req-e8821310-eb56-4fc7-b2e1-6128bf5a1ec5 req-e8821310-eb56-4fc7-b2e1-6128bf5a1ec5 ] Request (ServersTestBootFromVolume:setUpClass): 201 POST http://10.180.1.21:9696/networking/v2.0/subnets 0.222s
2025-05-14 06:17:24.296 69657 INFO tempest.lib.common.rest_client [req-5698f24a-56e3-4572-8638-3cd179ff62a1 req-5698f24a-56e3-4572-8638-3cd179ff62a1 ] Request (NetworksTest:setUpClass): 204 PUT http://10.180.1.21/identity/v3/projects/b5bf691931b74e0f8899a3e34952ac63/users/ae2b4344abf44e8d80b53e14647ef384/roles/42a041d6727647eab9873f581686679c 0.060s
2025-05-14 06:17:24.347 69691 INFO tempest.lib.common.rest_client [req-fc7f2179-8fe2-4958-a890-1b5ce5e97ef0 req-fc7f2179-8fe2-4958-a890-1b5ce5e97ef0 ] Request (ListImageFiltersTestJSON:setUpClass): 204 PUT http://10.180.1.21/image/v2/images/cf2cc298-734d-4691-b6bd-e36ecdc278d8/file 0.939s
2025-05-14 06:17:24.373 69657 INFO tempest.lib.common.rest_client [req-b5036896-9149-439b-9932-285bf7807cd5 req-b5036896-9149-439b-9932-285bf7807cd5 ] Request (NetworksTest:setUpClass): 200 GET http://10.180.1.21/identity/v3/roles 0.077s
2025-05-14 06:17:24.388 69695 INFO tempest.lib.common.rest_client [req-43809be5-c63e-43a9-8892-bd1076a3f49b req-43809be5-c63e-43a9-8892-bd1076a3f49b ] Request (QuotasAdminTestJSON:_run_cleanups): 200 PUT http://10.180.1.21/compute/v2.1/os-quota-sets/1d8c7c3ae1b74d08bf32b149f34ac247 2.081s
2025-05-14 06:17:24.395 69657 INFO tempest.lib.common.rest_client [req-4663354c-4b19-4655-92b8-73f4c3c0c1e3 req-4663354c-4b19-4655-92b8-73f4c3c0c1e3 ] Request (NetworksTest:setUpClass): 204 PUT http://10.180.1.21/identity/v3/projects/b5bf691931b74e0f8899a3e34952ac63/users/ae2b4344abf44e8d80b53e14647ef384/roles/42a041d6727647eab9873f581686679c 0.021s
2025-05-14 06:17:24.395 69657 INFO tempest.lib.common.dynamic_creds [-] Dynamic test user ae2b4344abf44e8d80b53e14647ef384 is created with scope project and roles: ['admin']
2025-05-14 06:17:24.395 69657 INFO tempest.lib.common.dynamic_creds [-] Acquired dynamic creds: credentials: Credentials: {'domain_id': 'default', 'domain_name': 'Default', 'username': 'tempest-NetworksTest-38493850-project-admin', 'project_domain_id': 'default', 'project_domain_name': 'Default', 'project_id': 'b5bf691931b74e0f8899a3e34952ac63', 'project_name': 'tempest-NetworksTest-38493850', 'tenant_id': 'b5bf691931b74e0f8899a3e34952ac63', 'tenant_name': 'tempest-NetworksTest-38493850', 'user_domain_id': 'default', 'user_domain_name': 'Default', 'user_id': 'ae2b4344abf44e8d80b53e14647ef384', 'system': None}, Network: None, Subnet: None, Router: None
2025-05-14 06:17:24.395 69657 INFO tempest.lib.common.dynamic_creds [-] Created isolated network resources for: credentials: Credentials: {'domain_id': 'default', 'domain_name': 'Default', 'username': 'tempest-NetworksTest-38493850-project-admin', 'project_domain_id': 'default', 'project_domain_name': 'Default', 'project_id': 'b5bf691931b74e0f8899a3e34952ac63', 'project_name': 'tempest-NetworksTest-38493850', 'tenant_id': 'b5bf691931b74e0f8899a3e34952ac63', 'tenant_name': 'tempest-NetworksTest-38493850', 'user_domain_id': 'default', 'user_domain_name': 'Default', 'user_id': 'ae2b4344abf44e8d80b53e14647ef384', 'system': None}, Network: None, Subnet: None, Router: None
2025-05-14 06:17:24.473 69683 INFO tempest.lib.common.rest_client [req-0b8e7506-3ab4-4552-9d2e-f04c5ecc15de req-0b8e7506-3ab4-4552-9d2e-f04c5ecc15de ] Request (ServerExternalEventsTest:tearDownClass): 200 GET http://10.180.1.21/compute/v2.1/servers/7a284fbf-f3d9-4dbb-a776-f3d022f3b933 2.059s
2025-05-14 06:17:24.490 69657 INFO tempest.lib.common.rest_client [req-245ddb42-0058-4912-a4dd-0de6c6bdfe47 req-245ddb42-0058-4912-a4dd-0de6c6bdfe47 ] Request (NetworksTest:setUpClass): 201 POST http://10.180.1.21/identity/v3/auth/tokens 0.092s
2025-05-14 06:17:24.510 69695 INFO tempest.lib.common.rest_client [req-51c46ad8-8945-4877-9453-c94c26d104be req-51c46ad8-8945-4877-9453-c94c26d104be ] Request (QuotasAdminTestJSON:tearDownClass): 204 DELETE http://10.180.1.21/identity/v3/users/7519b440540d4464b20236d1a81dc90a 0.112s
2025-05-14 06:17:24.530 69685 INFO tempest.lib.common.rest_client [req-07f35f9b-efe5-4a23-9f92-8ee5990afe65 req-07f35f9b-efe5-4a23-9f92-8ee5990afe65 ] Request (SecurityGroupsTestJSON:test_list_security_groups_by_server): 200 GET http://10.180.1.21/compute/v2.1/servers/e85feaa7-ac85-4146-b9f2-3cf5b196729c 2.030s
2025-05-14 06:17:24.585 69687 INFO tempest.lib.common.rest_client [req-6b1e094a-b3c9-4d28-9948-6ef12fc4d6c4 req-6b1e094a-b3c9-4d28-9948-6ef12fc4d6c4 ] Request (QuotasAdminTestV236:test_get_updated_quotas): 200 GET http://10.180.1.21/identity/v3/domains?name=Default 0.149s
2025-05-14 06:17:24.599 69693 INFO tempest.lib.common.rest_client [req-52aed84b-67f8-4862-b47a-8d1d8b7d9113 req-52aed84b-67f8-4862-b47a-8d1d8b7d9113 ] Request (ServerDiagnosticsNegativeTest:tearDownClass): 200 GET http://10.180.1.21/compute/v2.1/servers/6ec379b6-3bfe-4a94-abad-9affb3942fa4 1.862s
2025-05-14 06:17:24.601 69695 INFO tempest.lib.common.rest_client [req-0e8a4c06-5f90-4a8e-9da3-cc6cc8aad656 req-0e8a4c06-5f90-4a8e-9da3-cc6cc8aad656 ] Request (QuotasAdminTestJSON:tearDownClass): 204 DELETE http://10.180.1.21/identity/v3/users/5c8e6151c9f24583bb9b0a2e7492c085 0.091s
2025-05-14 06:17:24.601 69695 INFO tempest.lib.common.dynamic_creds [-] Deleting project and security group for project: 5e97d8e05eed4027b65ffa984334865e
2025-05-14 06:17:24.606 69693 INFO tempest.common.waiters [-] State transition "ACTIVE/deleting" ==> "DELETED/None" after 3 second wait
2025-05-14 06:17:24.650 69687 INFO tempest.lib.common.rest_client [req-b6a7906b-7e14-4027-a8a8-7833d42795a7 req-b6a7906b-7e14-4027-a8a8-7833d42795a7 ] Request (QuotasAdminTestV236:test_get_updated_quotas): 201 POST http://10.180.1.21/identity/v3/projects 0.065s
2025-05-14 06:17:24.657 69695 INFO tempest.lib.common.rest_client [req-cb56b004-01ee-44d8-945f-6d97b1341142 req-cb56b004-01ee-44d8-945f-6d97b1341142 ] Request (QuotasAdminTestJSON:tearDownClass): 201 POST http://10.180.1.21/identity/v3/auth/tokens 0.056s
2025-05-14 06:17:24.717 69687 INFO tempest.lib.common.rest_client [req-71e93008-5c65-49e3-bc79-aaffb08d106d req-71e93008-5c65-49e3-bc79-aaffb08d106d ] Request (QuotasAdminTestV236:test_get_updated_quotas): 200 GET http://10.180.1.21/identity/v3/domains?name=Default 0.065s
2025-05-14 06:17:24.785 69673 INFO tempest.lib.common.rest_client [req-a01252cf-3aee-4061-af7f-020a1b1a132f req-a01252cf-3aee-4061-af7f-020a1b1a132f ] Request (FloatingIPsNegativeTestJSON:setUpClass): 200 GET http://10.180.1.21/compute/v2.1/os-floating-ips 1.852s
2025-05-14 06:17:24.865 69681 INFO tempest.lib.common.rest_client [req-ba3853bd-43e3-4318-b352-5ff571461467 req-ba3853bd-43e3-4318-b352-5ff571461467 ] Request (ServerTagsTestJSON:test_create_delete_tag): 201 PUT http://10.180.1.21/compute/v2.1/servers/95742cd4-ee06-4c77-ab05-28cd2d326092/tags/tempest-tag-599077829 1.882s
2025-05-14 06:17:24.884 69699 INFO tempest.lib.common.rest_client [req-b76509e7-3e28-404e-bebe-040591bd559f req-b76509e7-3e28-404e-bebe-040591bd559f ] Request (KeyPairsV2TestJSON:_run_cleanups): 202 DELETE http://10.180.1.21/compute/v2.1/os-keypairs/tempest-KeyPairsV2TestJSON-keypair-2143984393 1.887s
2025-05-14 06:17:24.910 69707 INFO tempest.lib.common.rest_client [req-5d9057e2-a167-44d1-8855-d1e1a53efa06 req-5d9057e2-a167-44d1-8855-d1e1a53efa06 ] Request (AggregatesAdminNegativeTestJSON:_run_cleanups): 200 DELETE http://10.180.1.21/compute/v2.1/os-aggregates/5 1.819s
2025-05-14 06:17:24.939 69677 INFO tempest.lib.common.rest_client [req-955db9fa-3d12-4a6a-8590-eb9d863be7ed req-955db9fa-3d12-4a6a-8590-eb9d863be7ed ] Request (FlavorsAccessNegativeTestJSON:_run_cleanups): 200 GET http://10.180.1.21/compute/v2.1/flavors/detail 1.825s
2025-05-14 06:17:24.966 69653 INFO tempest.lib.common.rest_client [req-82aa6963-9a80-43c2-a4f7-c788fc3d6ff9 req-82aa6963-9a80-43c2-a4f7-c788fc3d6ff9 ] Request (FlavorsAdminTestJSON:test_create_server_with_non_public_flavor): 200 POST http://10.180.1.21/compute/v2.1/flavors 1.816s
2025-05-14 06:17:24.993 69699 INFO tempest.lib.common.rest_client [req-fea8db59-3f01-4c35-9012-55803a16f9b9 req-fea8db59-3f01-4c35-9012-55803a16f9b9 ] Request (KeyPairsV2TestJSON:tearDownClass): 204 DELETE http://10.180.1.21/identity/v3/users/76a40c539cf44742a5df38b7e3881a69 0.106s
