2025-05-14 06:19:07.109 69659 INFO tempest.lib.common.rest_client [req-abff1276-8ef6-46a3-9514-ea989421cc19 req-abff1276-8ef6-46a3-9514-ea989421cc19 ] Request (VolumesAssistedSnapshotsTest:tearDownClass): 200 GET http://10.180.1.21/compute/v2.1/servers/2dfce727-3973-48b4-9326-a2fa2a64779e 0.121s
2025-05-14 06:19:07.154 69679 INFO tempest.lib.common.rest_client [req-78322b5d-dafd-41c9-a9dc-ff26aab74ceb req-78322b5d-dafd-41c9-a9dc-ff26aab74ceb ] Request (ServersAaction247Test:tearDownClass): 200 GET http://10.180.1.21/compute/v2.1/servers/0b294da9-d4c6-47ce-bfad-682acfe3f261 0.075s
2025-05-14 06:19:07.162 69713 INFO tempest.lib.common.rest_client [req-da366647-5358-4e1b-9948-40dbc2be02f9 req-da366647-5358-4e1b-9948-40dbc2be02f9 ] Request (ServersTestManualDisk:tearDownClass): 200 PUT http://10.180.1.21:9696/networking/v2.0/routers/e8216c6a-5ea4-4f7b-bbf7-907bbc582aed/remove_router_interface 0.835s
2025-05-14 06:19:07.236 69701 INFO tempest.lib.common.rest_client [req-23185777-fbf3-428d-a805-6b8cf23a3085 req-23185777-fbf3-428d-a805-6b8cf23a3085 ] Request (ServersAdminNegativeTestJSON:setUpClass): 200 GET http://10.180.1.21/compute/v2.1/servers/63c431fc-2eba-4384-90df-38d924c83407 0.075s
2025-05-14 06:19:07.323 69687 INFO tempest.lib.common.rest_client [req-60594838-8b9c-4f2c-8fff-d3ef20e873cb req-60594838-8b9c-4f2c-8fff-d3ef20e873cb ] Request (TenantUsagesTestJSON:tearDownClass): 200 GET http://10.180.1.21/compute/v2.1/servers/6b7b1903-2dd5-45a0-b195-7669dbcf9fc3 0.136s
2025-05-14 06:19:07.344 69697 INFO tempest.lib.common.rest_client [req-7b706e91-e3ec-4ede-a944-25d515553998 req-7b706e91-e3ec-4ede-a944-25d515553998 ] Request (ServerActionsTestJSON:setUpClass): 200 GET http://10.180.1.21/compute/v2.1/servers/d3941c63-5974-4a1b-9e79-f4df050659cd 0.227s
2025-05-14 06:19:07.407 69683 INFO tempest.lib.common.rest_client [req-e936db37-5638-46ca-9cda-cbd7a165ad26 req-e936db37-5638-46ca-9cda-cbd7a165ad26 ] Request (ServersAdmin275Test:tearDownClass): 200 GET http://10.180.1.21/compute/v2.1/servers/4b053f7e-254c-439c-81cc-f336d193712d 0.143s
2025-05-14 06:19:07.440 69661 INFO tempest.lib.common.rest_client [req-5841bdb1-5df6-4247-b500-e740914d966a req-5841bdb1-5df6-4247-b500-e740914d966a ] Request (FloatingIPsAssociationTestJSON:tearDownClass): 200 GET http://10.180.1.21/compute/v2.1/servers/11fbad6e-6d44-41b8-863b-55cbda4faacd 0.087s
2025-05-14 06:19:07.461 69693 INFO tempest.lib.common.rest_client [req-e593229e-147c-4ad7-b932-f7124c468ce8 req-e593229e-147c-4ad7-b932-f7124c468ce8 ] Request (ListServersNegativeTestJSON:setUpClass): 200 GET http://10.180.1.21/compute/v2.1/servers/343cba2c-2c74-45dd-a070-848cf139b3bb 0.082s
2025-05-14 06:19:07.530 69707 INFO tempest.lib.common.rest_client [req-c22dedbf-d8cd-46ce-9c37-d6f4cc1901ac req-c22dedbf-d8cd-46ce-9c37-d6f4cc1901ac ] Request (InstanceActionsV221TestJSON:test_get_list_deleted_instance_actions): 200 GET http://10.180.1.21/compute/v2.1/servers/9f2f209a-8b24-432d-80ea-c81c6464ab09 0.079s
2025-05-14 06:19:07.621 69675 INFO tempest.lib.common.rest_client [req-0837ffea-41fb-41b5-841d-dd5db6e1aa34 req-0837ffea-41fb-41b5-841d-dd5db6e1aa34 ] Request (ServersTestMultiNic:test_verify_multiple_nics_order): 200 GET http://10.180.1.21/compute/v2.1/servers/4f977295-2f54-47ca-95f7-ae98ac7e09b0 0.111s
2025-05-14 06:19:07.622 69651 INFO tempest.lib.common.rest_client [req-d86f7e98-2bda-40b1-99d1-b2d79a79de8b req-d86f7e98-2bda-40b1-99d1-b2d79a79de8b ] Request (ServersListShow296Test:test_list_show_update_rebuild_server_296): 200 GET http://10.180.1.21/compute/v2.1/servers/7a8a93ab-8e2a-40e9-8f91-df749f7391bc 0.134s
2025-05-14 06:19:07.672 69713 INFO tempest.lib.common.rest_client [req-5b0b0b3d-a52a-43eb-bbd0-6ec0b2bab55f req-5b0b0b3d-a52a-43eb-bbd0-6ec0b2bab55f ] Request (ServersTestManualDisk:tearDownClass): 204 DELETE http://10.180.1.21:9696/networking/v2.0/routers/e8216c6a-5ea4-4f7b-bbf7-907bbc582aed 0.510s
2025-05-14 06:19:07.690 69665 INFO tempest.lib.common.rest_client [req-b6a5cb9e-5844-41bb-bd0d-b17cd9e1f5c0 req-b6a5cb9e-5844-41bb-bd0d-b17cd9e1f5c0 ] Request (ServersAdminTestJSON:test_inject_network_info): 200 GET http://10.180.1.21/compute/v2.1/servers/6da1f33f-0bb2-4a90-a69b-502d50ee2af1 0.151s
2025-05-14 06:19:07.694 69667 INFO tempest.lib.common.rest_client [req-0f30948c-461b-48b1-906b-8f7dbb027204 req-0f30948c-461b-48b1-906b-8f7dbb027204 ] Request (AttachInterfacesTestJSON:_run_cleanups): 200 GET http://10.180.1.21/compute/v2.1/servers/fbad53ec-e242-43ce-b7e9-75f4e1ce69f6 0.121s
2025-05-14 06:19:07.742 69677 INFO tempest.lib.common.rest_client [req-f666eaea-bade-4793-a98c-238c50a3f3ad req-f666eaea-bade-4793-a98c-238c50a3f3ad ] Request (ImagesOneServerTestJSON:test_create_image_specify_multibyte_character_image_name): 200 GET http://10.180.1.21/compute/v2.1/images/07058f5c-ba43-4601-9b50-f170070e8dae 0.169s
2025-05-14 06:19:07.742 69691 INFO tempest.lib.common.rest_client [req-614bb08a-ec89-4da4-bc75-95a83623689e req-614bb08a-ec89-4da4-bc75-95a83623689e ] Request (ListImageFiltersTestJSON:setUpClass): 200 GET http://10.180.1.21/compute/v2.1/images/7dbc6a70-e73f-41fe-adac-86bc7c163487 0.143s
2025-05-14 06:19:07.820 69681 INFO tempest.lib.common.rest_client [req-c6d0a261-f8a5-42a6-a9ea-8b07aa820ad9 req-c6d0a261-f8a5-42a6-a9ea-8b07aa820ad9 ] Request (ServersTestJSON:test_create_server_specify_multibyte_character_name): 200 GET http://10.180.1.21/compute/v2.1/servers/0ca17a0f-73d1-4a32-b1df-a3e89f7bf386 0.186s
2025-05-14 06:19:07.820 69695 INFO tempest.lib.common.rest_client [req-75491e37-d2b3-4c24-b210-35b4322c258a req-75491e37-d2b3-4c24-b210-35b4322c258a ] Request (ImagesOneServerNegativeTestJSON:_run_cleanups): 200 GET http://10.180.1.21/compute/v2.1/servers/c55f207e-511e-44c0-ad4c-0415a9d94755 0.154s
2025-05-14 06:19:07.840 69713 INFO tempest.lib.common.rest_client [req-a7fc60fd-2036-47e5-b343-39ad415fda5e req-a7fc60fd-2036-47e5-b343-39ad415fda5e ] Request (ServersTestManualDisk:tearDownClass): 204 DELETE http://10.180.1.21:9696/networking/v2.0/subnets/0f1ea7e6-b405-4086-8cde-0a44a2bdffb8 0.167s
2025-05-14 06:19:07.911 69669 INFO tempest.lib.common.rest_client [req-fbcdc6aa-6bb4-4a8e-a54e-22e42310ceed req-fbcdc6aa-6bb4-4a8e-a54e-22e42310ceed ] Request (ServersV294TestFqdnHostnames:tearDownClass): 200 GET http://10.180.1.21/compute/v2.1/servers/1bd449dc-7011-4fad-956b-0bd23c946441 0.200s
2025-05-14 06:19:07.916 69657 INFO tempest.lib.common.rest_client [req-0a6a0c03-2858-466d-a341-1bb6e68f1773 req-0a6a0c03-2858-466d-a341-1bb6e68f1773 ] Request (ServerDiagnosticsV248Test:tearDownClass): 200 GET http://10.180.1.21/compute/v2.1/servers/1b1a56e1-6fbb-485e-a802-7acffe4ccb3e 0.178s
2025-05-14 06:19:07.957 69677 INFO tempest.lib.common.rest_client [req-dfe7e598-e184-422f-b9c4-97a1f21dd3a6 req-dfe7e598-e184-422f-b9c4-97a1f21dd3a6 ] Request (ImagesOneServerTestJSON:test_create_image_specify_multibyte_character_image_name): 200 GET http://10.180.1.21/compute/v2.1/images/07058f5c-ba43-4601-9b50-f170070e8dae 0.211s
2025-05-14 06:19:07.981 69705 INFO tempest.lib.common.rest_client [req-e1a816ab-6a53-4d5d-a4ab-77c223fe4edf req-e1a816ab-6a53-4d5d-a4ab-77c223fe4edf ] Request (ServerDiskConfigTestJSON:test_rebuild_server_with_manual_disk_config): 200 GET http://10.180.1.21/compute/v2.1/servers/f46ab4a0-a375-4d93-9cb6-0c0823fabbe4 0.223s
2025-05-14 06:19:08.013 69653 INFO tempest.lib.common.rest_client [req-17b06254-dae4-4645-8193-c599195365f9 req-17b06254-dae4-4645-8193-c599195365f9 ] Request (ServersTestJSON:setUpClass): 200 GET http://10.180.1.21/compute/v2.1/servers/f8b9e3a2-7519-4801-80d5-6fc96920bcfe 0.215s
2025-05-14 06:19:08.052 69711 INFO tempest.lib.common.rest_client [req-0ec8642a-4a61-41fa-aab7-8640593463d5 req-0ec8642a-4a61-41fa-aab7-8640593463d5 ] Request (ServerRescueTestJSONUnderV235:setUpClass): 200 GET http://10.180.1.21/compute/v2.1/servers/0a570f28-2b57-463e-a1a1-c8e073763c90 0.240s
2025-05-14 06:19:08.096 69685 INFO tempest.lib.common.rest_client [req-6aed164d-406f-4d84-998b-18f799ebf00d req-6aed164d-406f-4d84-998b-18f799ebf00d ] Request (SecurityGroupsTestJSON:test_server_security_groups): 200 GET http://10.180.1.21/compute/v2.1/servers/ffd5b288-3fd6-409e-a4cf-69894dd8d62c 0.250s
2025-05-14 06:19:08.116 69655 INFO tempest.lib.common.rest_client [req-9e30388b-9727-4757-9107-45180331dc50 req-9e30388b-9727-4757-9107-45180331dc50 ] Request (ServersWithSpecificFlavorTestJSON:test_verify_created_server_ephemeral_disk): 200 GET http://10.180.1.21/compute/v2.1/servers/281be6bd-4961-4ce5-9179-98256244069a 0.206s
2025-05-14 06:19:08.126 69655 INFO tempest.common.waiters [-] State transition "BUILD/None" ==> "BUILD/networking" after 64 second wait
2025-05-14 06:19:08.173 69713 INFO tempest.lib.common.rest_client [req-7ecea13d-351e-48ce-bdfa-6ffe0cd05421 req-7ecea13d-351e-48ce-bdfa-6ffe0cd05421 ] Request (ServersTestManualDisk:tearDownClass): 204 DELETE http://10.180.1.21:9696/networking/v2.0/networks/5a29748f-84a5-4bac-bf0d-1a6ef09574f4 0.333s
2025-05-14 06:19:08.271 69671 INFO tempest.lib.common.rest_client [req-20c1ccaa-6a0b-4bec-a90c-36c22bb4d026 req-20c1ccaa-6a0b-4bec-a90c-36c22bb4d026 ] Request (ServersTestBootFromVolume:setUpClass): 200 GET http://10.180.1.21/compute/v2.1/servers/166e9b2f-cd18-4498-82c8-47a5085961f8 0.277s
2025-05-14 06:19:08.275 69677 INFO tempest.lib.common.rest_client [req-55ebe40e-1b99-47b8-8676-97eabda4f64c req-55ebe40e-1b99-47b8-8676-97eabda4f64c ] Request (ImagesOneServerTestJSON:test_create_image_specify_multibyte_character_image_name): 200 GET http://10.180.1.21/compute/v2.1/servers/9bb7ed59-d77e-4d35-88c2-4646a70c86dc 0.314s
2025-05-14 06:19:08.283 69671 INFO tempest.common.waiters [-] State transition "BUILD/block_device_mapping" ==> "BUILD/spawning" after 67 second wait
2025-05-14 06:19:08.347 69703 INFO tempest.lib.common.rest_client [req-012e8cdb-4bf4-4fa4-a058-0a4932c42e76 req-012e8cdb-4bf4-4fa4-a058-0a4932c42e76 ] Request (InstanceActionsTestJSON:setUpClass): 200 GET http://10.180.1.21/compute/v2.1/servers/257f9d36-bd6f-410a-a8d8-bba2e862b131 0.305s
2025-05-14 06:19:08.367 69689 INFO tempest.lib.common.rest_client [req-04394d78-b5d4-4b83-99e9-07b9c3590a8f req-04394d78-b5d4-4b83-99e9-07b9c3590a8f ] Request (ServersListShow2100Test:test_list_show_rebuild_update_server_2100): 200 GET http://10.180.1.21/compute/v2.1/servers/67cfedae-c64c-4b5b-abef-fb675497edc7 0.366s
2025-05-14 06:19:08.396 69659 INFO tempest.lib.common.rest_client [req-b0d86d45-444b-4a3f-a80c-9e1d47bf9f8b req-b0d86d45-444b-4a3f-a80c-9e1d47bf9f8b ] Request (VolumesAssistedSnapshotsTest:tearDownClass): 404 GET http://10.180.1.21/compute/v2.1/servers/2dfce727-3973-48b4-9326-a2fa2a64779e 0.270s
2025-05-14 06:19:08.412 69713 INFO tempest.lib.common.rest_client [req-e51b8e00-66aa-45e8-bd56-0909f7bb5a76 req-e51b8e00-66aa-45e8-bd56-0909f7bb5a76 ] Request (ServersTestManualDisk:tearDownClass): 204 DELETE http://10.180.1.21/identity/v3/users/ab64c276cc2948daabee6959a9c51777 0.238s
2025-05-14 06:19:08.412 69713 INFO tempest.lib.common.dynamic_creds [-] Deleting project and security group for project: d011dea8b1e74f2e8bd8b9eeaf579b66
2025-05-14 06:19:08.417 69663 INFO tempest.lib.common.rest_client [req-af77ab31-abf3-4018-b764-431c685066d1 req-af77ab31-abf3-4018-b764-431c685066d1 ] Request (ImagesTestJSON:test_create_image_from_suspended_server): 200 GET http://10.180.1.21/compute/v2.1/servers/14dd4ccb-14cd-410b-aaa4-de45334edeca 0.329s
2025-05-14 06:19:08.452 69713 INFO tempest.lib.common.rest_client [req-f257318a-1861-434c-a41b-0b085a3c5f21 req-f257318a-1861-434c-a41b-0b085a3c5f21 ] Request (ServersTestManualDisk:tearDownClass): 200 GET http://10.180.1.21:9696/networking/v2.0/security-groups?tenant_id=d011dea8b1e74f2e8bd8b9eeaf579b66&name=default 0.039s
2025-05-14 06:19:08.491 69701 INFO tempest.lib.common.rest_client [req-ac4798c0-8528-4bab-95ae-65569ee69618 req-ac4798c0-8528-4bab-95ae-65569ee69618 ] Request (ServersAdminNegativeTestJSON:setUpClass): 200 GET http://10.180.1.21/compute/v2.1/servers/63c431fc-2eba-4384-90df-38d924c83407 0.246s
2025-05-14 06:19:08.507 69679 INFO tempest.lib.common.rest_client [req-068a838b-a733-42a8-9f26-91fa3adc4ec7 req-068a838b-a733-42a8-9f26-91fa3adc4ec7 ] Request (ServersAaction247Test:tearDownClass): 200 GET http://10.180.1.21/compute/v2.1/servers/0b294da9-d4c6-47ce-bfad-682acfe3f261 0.344s
2025-05-14 06:19:08.575 69687 INFO tempest.lib.common.rest_client [req-d730eb77-1899-457c-bd0d-90289bdab2a5 req-d730eb77-1899-457c-bd0d-90289bdab2a5 ] Request (TenantUsagesTestJSON:tearDownClass): 200 GET http://10.180.1.21/compute/v2.1/servers/6b7b1903-2dd5-45a0-b195-7669dbcf9fc3 0.243s
2025-05-14 06:19:08.595 69659 INFO tempest.lib.common.rest_client [req-b7b84734-47e0-4a11-9e9d-cf73f87b6bb3 req-b7b84734-47e0-4a11-9e9d-cf73f87b6bb3 ] Request (VolumesAssistedSnapshotsTest:tearDownClass): 202 DELETE http://10.180.1.21/compute/v2.1/os-keypairs/tempest-keypair-524439382 0.199s
2025-05-14 06:19:08.597 69713 INFO tempest.lib.common.rest_client [req-c560849a-f67b-4bb1-8555-425b0b8b23d2 req-c560849a-f67b-4bb1-8555-425b0b8b23d2 ] Request (ServersTestManualDisk:tearDownClass): 204 DELETE http://10.180.1.21:9696/networking/v2.0/security-groups/a2bf667f-4921-47dd-bdf1-8d91511df87c 0.144s
2025-05-14 06:19:08.661 69697 INFO tempest.lib.common.rest_client [req-2a96c46a-dd1e-4685-8e47-6cec3819f30a req-2a96c46a-dd1e-4685-8e47-6cec3819f30a ] Request (ServerActionsTestJSON:setUpClass): 200 GET http://10.180.1.21/compute/v2.1/servers/d3941c63-5974-4a1b-9e79-f4df050659cd 0.308s
2025-05-14 06:19:08.716 69659 INFO tempest.lib.common.rest_client [req-8d3cde52-8ff2-4462-82bb-6f7430008e1c req-8d3cde52-8ff2-4462-82bb-6f7430008e1c ] Request (VolumesAssistedSnapshotsTest:tearDownClass): 204 DELETE http://10.180.1.21:9696/networking/v2.0/security-groups/87a91c94-9241-4c6a-abe2-461ef33a1182 0.120s
2025-05-14 06:19:08.715 69683 INFO tempest.lib.common.rest_client [req-a91e422c-d209-4612-b337-9487480fed81 req-a91e422c-d209-4612-b337-9487480fed81 ] Request (ServersAdmin275Test:tearDownClass): 200 GET http://10.180.1.21/compute/v2.1/servers/4b053f7e-254c-439c-81cc-f336d193712d 0.291s
2025-05-14 06:19:08.732 69713 INFO tempest.lib.common.rest_client [req-063cebab-722e-4919-8ce0-be4f3bf0c992 req-063cebab-722e-4919-8ce0-be4f3bf0c992 ] Request (ServersTestManualDisk:tearDownClass): 204 DELETE http://10.180.1.21/identity/v3/projects/d011dea8b1e74f2e8bd8b9eeaf579b66 0.135s
2025-05-14 06:19:08.740 69659 INFO tempest.lib.common.rest_client [req-688a0f74-f0e6-4a5f-af2c-959b9eb64586 req-688a0f74-f0e6-4a5f-af2c-959b9eb64586 ] Request (VolumesAssistedSnapshotsTest:tearDownClass): 404 GET http://10.180.1.21:9696/networking/v2.0/security-groups/87a91c94-9241-4c6a-abe2-461ef33a1182 0.023s
2025-05-14 06:19:08.742 69661 INFO tempest.lib.common.rest_client [req-312a6456-f262-4e72-a8a3-da5cb263c693 req-312a6456-f262-4e72-a8a3-da5cb263c693 ] Request (FloatingIPsAssociationTestJSON:tearDownClass): 200 GET http://10.180.1.21/compute/v2.1/servers/11fbad6e-6d44-41b8-863b-55cbda4faacd 0.291s
2025-05-14 06:19:08.824 69693 INFO tempest.lib.common.rest_client [req-646cf8f7-48da-4078-bc90-63ae673143d3 req-646cf8f7-48da-4078-bc90-63ae673143d3 ] Request (ListServersNegativeTestJSON:setUpClass): 200 GET http://10.180.1.21/compute/v2.1/servers/343cba2c-2c74-45dd-a070-848cf139b3bb 0.348s
2025-05-14 06:19:08.834 69713 INFO tempest.lib.common.rest_client [req-620f6ea0-3560-414b-8430-2340a01d4df7 req-620f6ea0-3560-414b-8430-2340a01d4df7 ] Request (ServerPasswordTestJSON:setUpClass): 201 POST http://10.180.1.21/identity/v3/auth/tokens 0.098s
2025-05-14 06:19:08.835 69693 INFO tempest.common.waiters [-] State transition "ACTIVE/deleting" ==> "DELETED/None" after 5 second wait
2025-05-14 06:19:08.855 69707 INFO tempest.lib.common.rest_client [req-b0dd4e71-9b9b-49a6-84b4-6457d450093d req-b0dd4e71-9b9b-49a6-84b4-6457d450093d ] Request (InstanceActionsV221TestJSON:test_get_list_deleted_instance_actions): 200 GET http://10.180.1.21/compute/v2.1/servers/9f2f209a-8b24-432d-80ea-c81c6464ab09 0.307s
2025-05-14 06:19:08.871 69713 INFO tempest.lib.common.rest_client [req-16d9ee7d-40ab-4916-b353-165d0b6c04e9 req-16d9ee7d-40ab-4916-b353-165d0b6c04e9 ] Request (ServerPasswordTestJSON:setUpClass): 201 POST http://10.180.1.21/identity/v3/auth/tokens 0.034s
2025-05-14 06:19:08.905 69713 INFO tempest.lib.common.rest_client [req-119cda3c-625a-402b-896e-90788be55322 req-119cda3c-625a-402b-896e-90788be55322 ] Request (ServerPasswordTestJSON:setUpClass): 200 GET http://10.180.1.21/identity/v3/domains?name=Default 0.033s
2025-05-14 06:19:08.913 69675 INFO tempest.lib.common.rest_client [req-dd724547-f2bb-4593-a16f-5d8706db2e4b req-dd724547-f2bb-4593-a16f-5d8706db2e4b ] Request (ServersTestMultiNic:test_verify_multiple_nics_order): 200 GET http://10.180.1.21/compute/v2.1/servers/4f977295-2f54-47ca-95f7-ae98ac7e09b0 0.282s
2025-05-14 06:19:08.939 69651 INFO tempest.lib.common.rest_client [req-718d05e1-47a1-42f8-8264-b45651e1ac94 req-718d05e1-47a1-42f8-8264-b45651e1ac94 ] Request (ServersListShow296Test:test_list_show_update_rebuild_server_296): 200 GET http://10.180.1.21/compute/v2.1/servers/7a8a93ab-8e2a-40e9-8f91-df749f7391bc 0.299s
2025-05-14 06:19:08.954 69713 INFO tempest.lib.common.rest_client [req-dae9ac93-4683-4186-8aaf-05738fbfa9ec req-dae9ac93-4683-4186-8aaf-05738fbfa9ec ] Request (ServerPasswordTestJSON:setUpClass): 201 POST http://10.180.1.21/identity/v3/projects 0.048s
2025-05-14 06:19:08.993 69665 INFO tempest.lib.common.rest_client [req-f0d18d29-d9fa-49ab-982e-d1f1239b6b53 req-f0d18d29-d9fa-49ab-982e-d1f1239b6b53 ] Request (ServersAdminTestJSON:test_inject_network_info): 200 GET http://10.180.1.21/compute/v2.1/servers/6da1f33f-0bb2-4a90-a69b-502d50ee2af1 0.283s
2025-05-14 06:19:09.023 69667 INFO tempest.lib.common.rest_client [req-50bb3e22-5554-41dd-a2ec-6180f43357e8 req-50bb3e22-5554-41dd-a2ec-6180f43357e8 ] Request (AttachInterfacesTestJSON:_run_cleanups): 200 GET http://10.180.1.21/compute/v2.1/servers/fbad53ec-e242-43ce-b7e9-75f4e1ce69f6 0.311s
2025-05-14 06:19:09.049 69691 INFO tempest.lib.common.rest_client [req-4f4478c4-9a1c-4cb0-acb4-dedd7e033cd7 req-4f4478c4-9a1c-4cb0-acb4-dedd7e033cd7 ] Request (ListImageFiltersTestJSON:setUpClass): 200 GET http://10.180.1.21/compute/v2.1/images/7dbc6a70-e73f-41fe-adac-86bc7c163487 0.303s
2025-05-14 06:19:09.054 69713 INFO tempest.lib.common.rest_client [req-4f0f2757-b0a3-438f-8c2d-a1caffb050fd req-4f0f2757-b0a3-438f-8c2d-a1caffb050fd ] Request (ServerPasswordTestJSON:setUpClass): 201 POST http://10.180.1.21/identity/v3/users 0.099s
2025-05-14 06:19:09.087 69681 INFO tempest.lib.common.rest_client [req-3394b62b-71e6-48b4-8920-bedb95afbdd7 req-3394b62b-71e6-48b4-8920-bedb95afbdd7 ] Request (ServersTestJSON:test_create_server_specify_multibyte_character_name): 200 GET http://10.180.1.21/compute/v2.1/servers/0ca17a0f-73d1-4a32-b1df-a3e89f7bf386 0.255s
2025-05-14 06:19:09.094 69713 INFO tempest.lib.common.rest_client [req-299cb924-1c36-45ab-8f76-bb2742d6381d req-299cb924-1c36-45ab-8f76-bb2742d6381d ] Request (ServerPasswordTestJSON:setUpClass): 200 GET http://10.180.1.21/identity/v3/roles 0.040s
2025-05-14 06:19:09.136 69713 INFO tempest.lib.common.rest_client [req-cff5e8ab-e803-42e5-9dca-29d6c612792a req-cff5e8ab-e803-42e5-9dca-29d6c612792a ] Request (ServerPasswordTestJSON:setUpClass): 204 PUT http://10.180.1.21/identity/v3/projects/d5ec26bbf54c495cb655b88651521387/users/fe3e708cba9842a58094af1a3183b20c/roles/eb8b0c8ae04147b5bedd6acbdc631a06 0.040s
2025-05-14 06:19:09.136 69713 INFO tempest.lib.common.dynamic_creds [-] Dynamic test user fe3e708cba9842a58094af1a3183b20c is created with scope project and roles: ['member']
2025-05-14 06:19:09.136 69713 INFO tempest.lib.common.dynamic_creds [-] Acquired dynamic creds: credentials: Credentials: {'domain_id': 'default', 'domain_name': 'Default', 'username': 'tempest-ServerPasswordTestJSON-411657012-project-member', 'project_domain_id': 'default', 'project_domain_name': 'Default', 'project_id': 'd5ec26bbf54c495cb655b88651521387', 'project_name': 'tempest-ServerPasswordTestJSON-411657012', 'tenant_id': 'd5ec26bbf54c495cb655b88651521387', 'tenant_name': 'tempest-ServerPasswordTestJSON-411657012', 'user_domain_id': 'default', 'user_domain_name': 'Default', 'user_id': 'fe3e708cba9842a58094af1a3183b20c', 'system': None}, Network: None, Subnet: None, Router: None
2025-05-14 06:19:09.149 69695 INFO tempest.lib.common.rest_client [req-d387634d-01d7-4ac7-97d3-2a8cfd7ff2db req-d387634d-01d7-4ac7-97d3-2a8cfd7ff2db ] Request (ImagesOneServerNegativeTestJSON:_run_cleanups): 200 GET http://10.180.1.21/compute/v2.1/servers/c55f207e-511e-44c0-ad4c-0415a9d94755 0.315s
2025-05-14 06:19:09.162 69659 INFO tempest.lib.common.rest_client [req-5b6f4be7-f9bf-42b8-9d6e-1e1837751a77 req-5b6f4be7-f9bf-42b8-9d6e-1e1837751a77 ] Request (VolumesAssistedSnapshotsTest:tearDownClass): 204 DELETE http://10.180.1.21:9696/networking/v2.0/floatingips/2520d07d-723e-4811-bda2-dcd8749b9650 0.422s
2025-05-14 06:19:09.166 69657 INFO tempest.lib.common.rest_client [req-3a46bcdf-22e2-4f59-a556-7ba4c4301153 req-3a46bcdf-22e2-4f59-a556-7ba4c4301153 ] Request (ServerDiagnosticsV248Test:tearDownClass): 200 GET http://10.180.1.21/compute/v2.1/servers/1b1a56e1-6fbb-485e-a802-7acffe4ccb3e 0.238s
2025-05-14 06:19:09.188 69659 INFO tempest.lib.common.rest_client [req-2aef9a14-952e-4047-a107-ef2619727fca req-2aef9a14-952e-4047-a107-ef2619727fca ] Request (VolumesAssistedSnapshotsTest:tearDownClass): 404 DELETE http://10.180.1.21/volume/v3/volumes/23631997-b79f-4baf-8be6-4ca7a7e6b93b 0.025s
2025-05-14 06:19:09.210 69659 INFO tempest.lib.common.rest_client [req-268a5a82-9ebb-45d4-9d25-9b0790e859f9 req-268a5a82-9ebb-45d4-9d25-9b0790e859f9 ] Request (VolumesAssistedSnapshotsTest:tearDownClass): 404 GET http://10.180.1.21/volume/v3/volumes/23631997-b79f-4baf-8be6-4ca7a7e6b93b 0.022s
2025-05-14 06:19:09.219 69713 INFO tempest.lib.common.rest_client [req-caf6fe03-5db5-4bcc-98b5-e9e720381ad4 req-caf6fe03-5db5-4bcc-98b5-e9e720381ad4 ] Request (ServerPasswordTestJSON:setUpClass): 201 POST http://10.180.1.21/identity/v3/auth/tokens 0.082s
2025-05-14 06:19:09.236 69705 INFO tempest.lib.common.rest_client [req-156f4b29-5fc5-4820-8e5c-7cbf7a3f9b1e req-156f4b29-5fc5-4820-8e5c-7cbf7a3f9b1e ] Request (ServerDiskConfigTestJSON:test_rebuild_server_with_manual_disk_config): 200 GET http://10.180.1.21/compute/v2.1/servers/f46ab4a0-a375-4d93-9cb6-0c0823fabbe4 0.247s
2025-05-14 06:19:09.252 69669 INFO tempest.lib.common.rest_client [req-36b2eff3-4b41-4419-884c-130ce6173f8d req-36b2eff3-4b41-4419-884c-130ce6173f8d ] Request (ServersV294TestFqdnHostnames:tearDownClass): 200 GET http://10.180.1.21/compute/v2.1/servers/1bd449dc-7011-4fad-956b-0bd23c946441 0.324s
2025-05-14 06:19:09.315 69653 INFO tempest.lib.common.rest_client [req-343f5542-6006-4868-a53c-538cf6844bac req-343f5542-6006-4868-a53c-538cf6844bac ] Request (ServersTestJSON:setUpClass): 200 GET http://10.180.1.21/compute/v2.1/servers/f8b9e3a2-7519-4801-80d5-6fc96920bcfe 0.290s
2025-05-14 06:19:09.327 69711 INFO tempest.lib.common.rest_client [req-ac36ecc1-717a-47ec-b23a-a8606752ae53 req-ac36ecc1-717a-47ec-b23a-a8606752ae53 ] Request (ServerRescueTestJSONUnderV235:setUpClass): 200 GET http://10.180.1.21/compute/v2.1/servers/0a570f28-2b57-463e-a1a1-c8e073763c90 0.264s
2025-05-14 06:19:09.370 69685 INFO tempest.lib.common.rest_client [req-71d79a6e-66b8-45de-9f4b-f631cfb240a3 req-71d79a6e-66b8-45de-9f4b-f631cfb240a3 ] Request (SecurityGroupsTestJSON:test_server_security_groups): 200 GET http://10.180.1.21/compute/v2.1/servers/ffd5b288-3fd6-409e-a4cf-69894dd8d62c 0.265s
2025-05-14 06:19:09.498 69655 INFO tempest.lib.common.rest_client [req-abfa9603-5c13-408c-9f33-115233aa259d req-abfa9603-5c13-408c-9f33-115233aa259d ] Request (ServersWithSpecificFlavorTestJSON:test_verify_created_server_ephemeral_disk): 200 GET http://10.180.1.21/compute/v2.1/servers/281be6bd-4961-4ce5-9179-98256244069a 0.370s
2025-05-14 06:19:09.506 69655 INFO tempest.common.waiters [-] State transition "BUILD/networking" ==> "BUILD/block_device_mapping" after 65 second wait
2025-05-14 06:19:09.525 69671 INFO tempest.lib.common.rest_client [req-cf76bff2-03b0-44d6-8b31-3d5d817bd89d req-cf76bff2-03b0-44d6-8b31-3d5d817bd89d ] Request (ServersTestBootFromVolume:setUpClass): 200 GET http://10.180.1.21/compute/v2.1/servers/166e9b2f-cd18-4498-82c8-47a5085961f8 0.241s
2025-05-14 06:19:09.595 69703 INFO tempest.lib.common.rest_client [req-4f4f7831-c3b7-4cce-8f69-bdab86082cb1 req-4f4f7831-c3b7-4cce-8f69-bdab86082cb1 ] Request (InstanceActionsTestJSON:setUpClass): 200 GET http://10.180.1.21/compute/v2.1/servers/257f9d36-bd6f-410a-a8d8-bba2e862b131 0.236s
2025-05-14 06:19:09.631 69677 INFO tempest.lib.common.rest_client [req-07c81696-c8dc-4913-aba9-f5db5a3981d2 req-07c81696-c8dc-4913-aba9-f5db5a3981d2 ] Request (ImagesOneServerTestJSON:test_create_image_specify_multibyte_character_image_name): 200 GET http://10.180.1.21/compute/v2.1/servers/9bb7ed59-d77e-4d35-88c2-4646a70c86dc 0.342s
2025-05-14 06:19:09.670 69689 INFO tempest.lib.common.rest_client [req-85cab5dd-c607-4a93-b32c-996adb1973c9 req-85cab5dd-c607-4a93-b32c-996adb1973c9 ] Request (ServersListShow2100Test:test_list_show_rebuild_update_server_2100): 200 GET http://10.180.1.21/compute/v2.1/servers/67cfedae-c64c-4b5b-abef-fb675497edc7 0.288s
2025-05-14 06:19:09.690 69663 INFO tempest.lib.common.rest_client [req-f645ce56-fc6b-4f64-877e-830f1c44ac39 req-f645ce56-fc6b-4f64-877e-830f1c44ac39 ] Request (ImagesTestJSON:test_create_image_from_suspended_server): 200 GET http://10.180.1.21/compute/v2.1/servers/14dd4ccb-14cd-410b-aaa4-de45334edeca 0.264s
2025-05-14 06:19:09.727 69701 INFO tempest.lib.common.rest_client [req-1c17cdc9-03f3-44eb-ac2b-452c9a94a0a1 req-1c17cdc9-03f3-44eb-ac2b-452c9a94a0a1 ] Request (ServersAdminNegativeTestJSON:setUpClass): 200 GET http://10.180.1.21/compute/v2.1/servers/63c431fc-2eba-4384-90df-38d924c83407 0.226s
2025-05-14 06:19:09.772 69679 INFO tempest.lib.common.rest_client [req-8eac8101-cc4a-49ad-a526-6dc503e83e11 req-8eac8101-cc4a-49ad-a526-6dc503e83e11 ] Request (ServersAaction247Test:tearDownClass): 200 GET http://10.180.1.21/compute/v2.1/servers/0b294da9-d4c6-47ce-bfad-682acfe3f261 0.253s
2025-05-14 06:19:09.796 69687 INFO tempest.lib.common.rest_client [req-18730cef-6848-46ad-b925-cd34f783bd0d req-18730cef-6848-46ad-b925-cd34f783bd0d ] Request (TenantUsagesTestJSON:tearDownClass): 200 GET http://10.180.1.21/compute/v2.1/servers/6b7b1903-2dd5-45a0-b195-7669dbcf9fc3 0.210s
2025-05-14 06:19:09.889 69683 INFO tempest.lib.common.rest_client [req-a4beb0b2-a333-47ba-b52e-eb2c8c1fbaa6 req-a4beb0b2-a333-47ba-b52e-eb2c8c1fbaa6 ] Request (ServersAdmin275Test:tearDownClass): 200 GET http://10.180.1.21/compute/v2.1/servers/4b053f7e-254c-439c-81cc-f336d193712d 0.159s
2025-05-14 06:19:09.913 69697 INFO tempest.lib.common.rest_client [req-9ad8b2bb-3881-41f4-ab17-aa01f59ccc7f req-9ad8b2bb-3881-41f4-ab17-aa01f59ccc7f ] Request (ServerActionsTestJSON:setUpClass): 200 GET http://10.180.1.21/compute/v2.1/servers/d3941c63-5974-4a1b-9e79-f4df050659cd 0.236s
2025-05-14 06:19:09.953 69713 INFO tempest.lib.common.rest_client [req-94796e3d-a2ff-46b5-9eb6-e7f5d7a30162 req-94796e3d-a2ff-46b5-9eb6-e7f5d7a30162 ] Request (ServerPasswordTestJSON:setUpClass): 201 POST http://10.180.1.21:9696/networking/v2.0/networks 0.734s
2025-05-14 06:19:09.976 69661 INFO tempest.lib.common.rest_client [req-ab19e747-d3a7-4583-86c2-a536396a7901 req-ab19e747-d3a7-4583-86c2-a536396a7901 ] Request (FloatingIPsAssociationTestJSON:tearDownClass): 200 GET http://10.180.1.21/compute/v2.1/servers/11fbad6e-6d44-41b8-863b-55cbda4faacd 0.220s
2025-05-14 06:19:09.993 69693 INFO tempest.lib.common.rest_client [req-6d598618-6f92-4374-bc21-96672d493001 req-6d598618-6f92-4374-bc21-96672d493001 ] Request (ListServersNegativeTestJSON:setUpClass): 200 GET http://10.180.1.21/compute/v2.1/servers/343cba2c-2c74-45dd-a070-848cf139b3bb 0.156s
2025-05-14 06:19:10.064 69707 INFO tempest.lib.common.rest_client [req-89038fbd-0498-4f1f-ad3f-af376e99b9ac req-89038fbd-0498-4f1f-ad3f-af376e99b9ac ] Request (InstanceActionsV221TestJSON:test_get_list_deleted_instance_actions): 200 GET http://10.180.1.21/compute/v2.1/servers/9f2f209a-8b24-432d-80ea-c81c6464ab09 0.200s
2025-05-14 06:19:10.075 69675 INFO tempest.lib.common.rest_client [req-e314c0b8-4a7c-44ca-8ef2-2858edabfb77 req-e314c0b8-4a7c-44ca-8ef2-2858edabfb77 ] Request (ServersTestMultiNic:test_verify_multiple_nics_order): 200 GET http://10.180.1.21/compute/v2.1/servers/4f977295-2f54-47ca-95f7-ae98ac7e09b0 0.148s
2025-05-14 06:19:10.140 69665 INFO tempest.lib.common.rest_client [req-d1fa836f-8345-4a91-8e99-2267b9f4a8a1 req-d1fa836f-8345-4a91-8e99-2267b9f4a8a1 ] Request (ServersAdminTestJSON:test_inject_network_info): 200 GET http://10.180.1.21/compute/v2.1/servers/6da1f33f-0bb2-4a90-a69b-502d50ee2af1 0.138s
2025-05-14 06:19:10.148 69651 INFO tempest.lib.common.rest_client [req-13dd1f64-9a67-486f-9e32-d7e1c8c644a1 req-13dd1f64-9a67-486f-9e32-d7e1c8c644a1 ] Request (ServersListShow296Test:test_list_show_update_rebuild_server_296): 200 GET http://10.180.1.21/compute/v2.1/servers/7a8a93ab-8e2a-40e9-8f91-df749f7391bc 0.197s
2025-05-14 06:19:10.183 69691 INFO tempest.lib.common.rest_client [req-269fca8d-129e-4ec3-a6e9-481d17bea5f6 req-269fca8d-129e-4ec3-a6e9-481d17bea5f6 ] Request (ListImageFiltersTestJSON:setUpClass): 200 GET http://10.180.1.21/compute/v2.1/images/7dbc6a70-e73f-41fe-adac-86bc7c163487 0.128s
2025-05-14 06:19:10.206 69667 INFO tempest.lib.common.rest_client [req-d29df86d-ffac-42da-919b-eb252c712c19 req-d29df86d-ffac-42da-919b-eb252c712c19 ] Request (AttachInterfacesTestJSON:_run_cleanups): 200 GET http://10.180.1.21/compute/v2.1/servers/fbad53ec-e242-43ce-b7e9-75f4e1ce69f6 0.171s
2025-05-14 06:19:10.238 69681 INFO tempest.lib.common.rest_client [req-3b2f1c3e-812b-4326-930d-b89239e98251 req-3b2f1c3e-812b-4326-930d-b89239e98251 ] Request (ServersTestJSON:test_create_server_specify_multibyte_character_name): 200 GET http://10.180.1.21/compute/v2.1/servers/0ca17a0f-73d1-4a32-b1df-a3e89f7bf386 0.141s
2025-05-14 06:19:10.286 69695 INFO tempest.lib.common.rest_client [req-470abfa0-2ba9-4842-9632-4aae4f0f4b54 req-470abfa0-2ba9-4842-9632-4aae4f0f4b54 ] Request (ImagesOneServerNegativeTestJSON:_run_cleanups): 200 GET http://10.180.1.21/compute/v2.1/servers/c55f207e-511e-44c0-ad4c-0415a9d94755 0.125s
2025-05-14 06:19:10.324 69657 INFO tempest.lib.common.rest_client [req-4f6adfd6-981c-4083-b6ce-dad048ee0fab req-4f6adfd6-981c-4083-b6ce-dad048ee0fab ] Request (ServerDiagnosticsV248Test:tearDownClass): 200 GET http://10.180.1.21/compute/v2.1/servers/1b1a56e1-6fbb-485e-a802-7acffe4ccb3e 0.145s
2025-05-14 06:19:10.326 69713 INFO tempest.lib.common.rest_client [req-c012c83f-2165-4ab3-a985-470a9b71ba0b req-c012c83f-2165-4ab3-a985-470a9b71ba0b ] Request (ServerPasswordTestJSON:setUpClass): 201 POST http://10.180.1.21:9696/networking/v2.0/subnets 0.372s
2025-05-14 06:19:10.348 69705 INFO tempest.lib.common.rest_client [req-3c4c481d-1f63-4854-9a74-d0e40b690def req-3c4c481d-1f63-4854-9a74-d0e40b690def ] Request (ServerDiskConfigTestJSON:test_rebuild_server_with_manual_disk_config): 200 GET http://10.180.1.21/compute/v2.1/servers/f46ab4a0-a375-4d93-9cb6-0c0823fabbe4 0.098s
2025-05-14 06:19:10.397 69669 INFO tempest.lib.common.rest_client [req-6aebf828-bb04-4c29-8bac-886aa7c70f5e req-6aebf828-bb04-4c29-8bac-886aa7c70f5e ] Request (ServersV294TestFqdnHostnames:tearDownClass): 200 GET http://10.180.1.21/compute/v2.1/servers/1bd449dc-7011-4fad-956b-0bd23c946441 0.128s
2025-05-14 06:19:10.415 69653 INFO tempest.lib.common.rest_client [req-41f8f70e-e615-494a-a9fb-139270d73312 req-41f8f70e-e615-494a-a9fb-139270d73312 ] Request (ServersTestJSON:setUpClass): 200 GET http://10.180.1.21/compute/v2.1/servers/f8b9e3a2-7519-4801-80d5-6fc96920bcfe 0.092s
2025-05-14 06:19:10.453 69711 INFO tempest.lib.common.rest_client [req-2246f607-da67-4d44-a478-f5c3f3f85c4a req-2246f607-da67-4d44-a478-f5c3f3f85c4a ] Request (ServerRescueTestJSONUnderV235:setUpClass): 200 GET http://10.180.1.21/compute/v2.1/servers/0a570f28-2b57-463e-a1a1-c8e073763c90 0.114s
2025-05-14 06:19:10.474 69685 INFO tempest.lib.common.rest_client [req-2542d2c4-a689-429b-8b24-1cbf126e12d5 req-2542d2c4-a689-429b-8b24-1cbf126e12d5 ] Request (SecurityGroupsTestJSON:test_server_security_groups): 200 GET http://10.180.1.21/compute/v2.1/servers/ffd5b288-3fd6-409e-a4cf-69894dd8d62c 0.095s
2025-05-14 06:19:10.655 69655 INFO tempest.lib.common.rest_client [req-ad3dedc6-3173-4802-857c-dc6737be932a req-ad3dedc6-3173-4802-857c-dc6737be932a ] Request (ServersWithSpecificFlavorTestJSON:test_verify_created_server_ephemeral_disk): 200 GET http://10.180.1.21/compute/v2.1/servers/281be6bd-4961-4ce5-9179-98256244069a 0.149s
2025-05-14 06:19:10.665 69655 INFO tempest.common.waiters [-] State transition "BUILD/block_device_mapping" ==> "BUILD/spawning" after 66 second wait
2025-05-14 06:19:10.672 69671 INFO tempest.lib.common.rest_client [req-967e59bc-e75d-4802-91a2-a6e96dec6714 req-967e59bc-e75d-4802-91a2-a6e96dec6714 ] Request (ServersTestBootFromVolume:setUpClass): 200 GET http://10.180.1.21/compute/v2.1/servers/166e9b2f-cd18-4498-82c8-47a5085961f8 0.135s
2025-05-14 06:19:10.730 69703 INFO tempest.lib.common.rest_client [req-5f648a60-49fd-4c14-a82e-a7bc936a4c2a req-5f648a60-49fd-4c14-a82e-a7bc936a4c2a ] Request (InstanceActionsTestJSON:setUpClass): 200 GET http://10.180.1.21/compute/v2.1/servers/257f9d36-bd6f-410a-a8d8-bba2e862b131 0.127s
2025-05-14 06:19:10.741 69703 INFO tempest.common.waiters [-] State transition "BUILD/None" ==> "BUILD/networking" after 65 second wait
2025-05-14 06:19:10.765 69677 INFO tempest.lib.common.rest_client [req-abd1e6cb-86fd-43bc-b351-f36dcdfabd36 req-abd1e6cb-86fd-43bc-b351-f36dcdfabd36 ] Request (ImagesOneServerTestJSON:test_create_image_specify_multibyte_character_image_name): 200 GET http://10.180.1.21/compute/v2.1/servers/9bb7ed59-d77e-4d35-88c2-4646a70c86dc 0.125s
2025-05-14 06:19:10.773 69677 INFO tempest.common.waiters [-] State transition "ACTIVE/image_uploading" ==> "ACTIVE/None" after 2 second wait
2025-05-14 06:19:10.811 69689 INFO tempest.lib.common.rest_client [req-04a3bc72-40b1-4e69-b0dc-5bbc2912c46d req-04a3bc72-40b1-4e69-b0dc-5bbc2912c46d ] Request (ServersListShow2100Test:test_list_show_rebuild_update_server_2100): 200 GET http://10.180.1.21/compute/v2.1/servers/67cfedae-c64c-4b5b-abef-fb675497edc7 0.127s
2025-05-14 06:19:10.831 69663 INFO tempest.lib.common.rest_client [req-7f8d6977-c674-42fb-9d2d-e5a693720f11 req-7f8d6977-c674-42fb-9d2d-e5a693720f11 ] Request (ImagesTestJSON:test_create_image_from_suspended_server): 200 GET http://10.180.1.21/compute/v2.1/servers/14dd4ccb-14cd-410b-aaa4-de45334edeca 0.132s
2025-05-14 06:19:10.884 69701 INFO tempest.lib.common.rest_client [req-cc6a5e93-6738-4d5a-8e9b-0ea65e40906a req-cc6a5e93-6738-4d5a-8e9b-0ea65e40906a ] Request (ServersAdminNegativeTestJSON:setUpClass): 200 GET http://10.180.1.21/compute/v2.1/servers/63c431fc-2eba-4384-90df-38d924c83407 0.148s
2025-05-14 06:19:10.948 69679 INFO tempest.lib.common.rest_client [req-21a96570-5070-42ff-a68c-a5e19532e673 req-21a96570-5070-42ff-a68c-a5e19532e673 ] Request (ServersAaction247Test:tearDownClass): 200 GET http://10.180.1.21/compute/v2.1/servers/0b294da9-d4c6-47ce-bfad-682acfe3f261 0.163s
2025-05-14 06:19:10.963 69677 INFO tempest.lib.common.rest_client [req-30e3daf4-caac-4808-b4dd-2fea4b489e5b req-30e3daf4-caac-4808-b4dd-2fea4b489e5b ] Request (ImagesOneServerTestJSON:tearDownClass): 204 DELETE http://10.180.1.21/compute/v2.1/images/07058f5c-ba43-4601-9b50-f170070e8dae 0.187s
2025-05-14 06:19:10.979 69659 INFO tempest.lib.common.rest_client [req-51367487-c2a5-4328-b72d-227fd4547eb5 req-51367487-c2a5-4328-b72d-227fd4547eb5 ] Request (VolumesAssistedSnapshotsTest:tearDownClass): 200 PUT http://10.180.1.21:9696/networking/v2.0/routers/878996c3-905c-4b60-96a9-b3b9b6d6c5a0/remove_router_interface 1.768s
2025-05-14 06:19:11.051 69687 INFO tempest.lib.common.rest_client [req-584c70e2-924d-4447-b83c-92997a177ae1 req-584c70e2-924d-4447-b83c-92997a177ae1 ] Request (TenantUsagesTestJSON:tearDownClass): 200 GET http://10.180.1.21/compute/v2.1/servers/6b7b1903-2dd5-45a0-b195-7669dbcf9fc3 0.242s
2025-05-14 06:19:11.062 69683 INFO tempest.lib.common.rest_client [req-64e17a33-848b-485d-9e90-977e1f1e8e45 req-64e17a33-848b-485d-9e90-977e1f1e8e45 ] Request (ServersAdmin275Test:tearDownClass): 200 GET http://10.180.1.21/compute/v2.1/servers/4b053f7e-254c-439c-81cc-f336d193712d 0.152s
2025-05-14 06:19:11.080 69677 INFO tempest.lib.common.rest_client [req-d8095569-d0fb-4cb9-ad29-38817ae8fc77 req-d8095569-d0fb-4cb9-ad29-38817ae8fc77 ] Request (ImagesOneServerTestJSON:tearDownClass): 404 DELETE http://10.180.1.21/compute/v2.1/images/f89b3482-bc68-47ed-84f1-5e2a2ee226e5 0.117s
2025-05-14 06:19:11.162 69661 INFO tempest.lib.common.rest_client [req-5410810b-25a1-450f-ad93-f7140a88b515 req-5410810b-25a1-450f-ad93-f7140a88b515 ] Request (FloatingIPsAssociationTestJSON:tearDownClass): 200 GET http://10.180.1.21/compute/v2.1/servers/11fbad6e-6d44-41b8-863b-55cbda4faacd 0.173s
2025-05-14 06:19:11.218 69697 INFO tempest.lib.common.rest_client [req-4422e581-8ac6-4d27-b77a-82939c61dc74 req-4422e581-8ac6-4d27-b77a-82939c61dc74 ] Request (ServerActionsTestJSON:setUpClass): 200 GET http://10.180.1.21/compute/v2.1/servers/d3941c63-5974-4a1b-9e79-f4df050659cd 0.296s
2025-05-14 06:19:11.254 69693 INFO tempest.lib.common.rest_client [req-38424ea3-fcb7-44ba-b279-9078e95eaef6 req-38424ea3-fcb7-44ba-b279-9078e95eaef6 ] Request (ListServersNegativeTestJSON:setUpClass): 200 GET http://10.180.1.21/compute/v2.1/servers/343cba2c-2c74-45dd-a070-848cf139b3bb 0.252s
2025-05-14 06:19:11.348 69677 INFO tempest.lib.common.rest_client [req-28ffb4bf-da5a-495a-a947-ce4e9bd2f683 req-28ffb4bf-da5a-495a-a947-ce4e9bd2f683 ] Request (ImagesOneServerTestJSON:tearDownClass): 204 DELETE http://10.180.1.21/compute/v2.1/servers/9bb7ed59-d77e-4d35-88c2-4646a70c86dc 0.267s
2025-05-14 06:19:11.358 69707 INFO tempest.lib.common.rest_client [req-1750765a-0df7-40d8-9821-0aec39aad2a6 req-1750765a-0df7-40d8-9821-0aec39aad2a6 ] Request (InstanceActionsV221TestJSON:test_get_list_deleted_instance_actions): 200 GET http://10.180.1.21/compute/v2.1/servers/9f2f209a-8b24-432d-80ea-c81c6464ab09 0.277s
2025-05-14 06:19:11.416 69675 INFO tempest.lib.common.rest_client [req-c75b27e8-4518-421e-aad3-6c09c76e310d req-c75b27e8-4518-421e-aad3-6c09c76e310d ] Request (ServersTestMultiNic:test_verify_multiple_nics_order): 200 GET http://10.180.1.21/compute/v2.1/servers/4f977295-2f54-47ca-95f7-ae98ac7e09b0 0.326s
2025-05-14 06:19:11.441 69665 INFO tempest.lib.common.rest_client [req-f49844e2-35ce-4198-aba9-38f312514a05 req-f49844e2-35ce-4198-aba9-38f312514a05 ] Request (ServersAdminTestJSON:test_inject_network_info): 200 GET http://10.180.1.21/compute/v2.1/servers/6da1f33f-0bb2-4a90-a69b-502d50ee2af1 0.293s
2025-05-14 06:19:11.500 69691 INFO tempest.lib.common.rest_client [req-67b8b5b8-935a-431c-91b1-3acc346227ed req-67b8b5b8-935a-431c-91b1-3acc346227ed ] Request (ListImageFiltersTestJSON:setUpClass): 200 GET http://10.180.1.21/compute/v2.1/images/7dbc6a70-e73f-41fe-adac-86bc7c163487 0.312s
2025-05-14 06:19:11.513 69651 INFO tempest.lib.common.rest_client [req-1cd61e62-b3aa-41e4-b3e5-2807a7b5d347 req-1cd61e62-b3aa-41e4-b3e5-2807a7b5d347 ] Request (ServersListShow296Test:test_list_show_update_rebuild_server_296): 200 GET http://10.180.1.21/compute/v2.1/servers/7a8a93ab-8e2a-40e9-8f91-df749f7391bc 0.354s
2025-05-14 06:19:11.525 69667 INFO tempest.lib.common.rest_client [req-8c1f1e0f-0b3b-4cb6-9abd-e6733f74fb35 req-8c1f1e0f-0b3b-4cb6-9abd-e6733f74fb35 ] Request (AttachInterfacesTestJSON:_run_cleanups): 404 GET http://10.180.1.21/compute/v2.1/servers/fbad53ec-e242-43ce-b7e9-75f4e1ce69f6 0.310s
2025-05-14 06:19:11.599 69681 INFO tempest.lib.common.rest_client [req-0341527c-9568-4bae-895c-24daf163f848 req-0341527c-9568-4bae-895c-24daf163f848 ] Request (ServersTestJSON:test_create_server_specify_multibyte_character_name): 200 GET http://10.180.1.21/compute/v2.1/servers/0ca17a0f-73d1-4a32-b1df-a3e89f7bf386 0.345s
2025-05-14 06:19:11.617 69695 INFO tempest.lib.common.rest_client [req-878d12ad-1b1a-43d0-8620-8b99cd5a2ac5 req-878d12ad-1b1a-43d0-8620-8b99cd5a2ac5 ] Request (ImagesOneServerNegativeTestJSON:_run_cleanups): 200 GET http://10.180.1.21/compute/v2.1/servers/c55f207e-511e-44c0-ad4c-0415a9d94755 0.318s
2025-05-14 06:19:11.632 69659 INFO tempest.lib.common.rest_client [req-5bdba16a-95b7-49e8-9fc5-b7cac21671d3 req-5bdba16a-95b7-49e8-9fc5-b7cac21671d3 ] Request (VolumesAssistedSnapshotsTest:tearDownClass): 204 DELETE http://10.180.1.21:9696/networking/v2.0/routers/878996c3-905c-4b60-96a9-b3b9b6d6c5a0 0.653s
2025-05-14 06:19:11.673 69657 INFO tempest.lib.common.rest_client [req-cac35880-446e-4bba-ade6-5bd8fb65625e req-cac35880-446e-4bba-ade6-5bd8fb65625e ] Request (ServerDiagnosticsV248Test:tearDownClass): 200 GET http://10.180.1.21/compute/v2.1/servers/1b1a56e1-6fbb-485e-a802-7acffe4ccb3e 0.335s
2025-05-14 06:19:11.727 69713 INFO tempest.lib.common.rest_client [req-c948c41e-1b3f-4c96-bd14-14cf9c8ab7ec req-c948c41e-1b3f-4c96-bd14-14cf9c8ab7ec ] Request (ServerPasswordTestJSON:setUpClass): 201 POST http://10.180.1.21:9696/networking/v2.0/routers 1.401s
2025-05-14 06:19:11.758 69705 INFO tempest.lib.common.rest_client [req-930b3d95-d82d-477c-8f0d-dc289a61b3cc req-930b3d95-d82d-477c-8f0d-dc289a61b3cc ] Request (ServerDiskConfigTestJSON:test_rebuild_server_with_manual_disk_config): 200 GET http://10.180.1.21/compute/v2.1/servers/f46ab4a0-a375-4d93-9cb6-0c0823fabbe4 0.399s
2025-05-14 06:19:11.830 69677 INFO tempest.lib.common.rest_client [req-6e8a9ec3-17c3-4d32-b421-fbcc8e4e2fe1 req-6e8a9ec3-17c3-4d32-b421-fbcc8e4e2fe1 ] Request (ImagesOneServerTestJSON:tearDownClass): 200 GET http://10.180.1.21/compute/v2.1/servers/9bb7ed59-d77e-4d35-88c2-4646a70c86dc 0.482s
2025-05-14 06:19:11.928 69669 INFO tempest.lib.common.rest_client [req-7f910f51-d304-434e-835c-b43fe4df3aec req-7f910f51-d304-434e-835c-b43fe4df3aec ] Request (ServersV294TestFqdnHostnames:tearDownClass): 200 GET http://10.180.1.21/compute/v2.1/servers/1bd449dc-7011-4fad-956b-0bd23c946441 0.516s
2025-05-14 06:19:11.935 69653 INFO tempest.lib.common.rest_client [req-2d974003-49e2-4f1a-86e8-c697c17db5f2 req-2d974003-49e2-4f1a-86e8-c697c17db5f2 ] Request (ServersTestJSON:setUpClass): 200 GET http://10.180.1.21/compute/v2.1/servers/f8b9e3a2-7519-4801-80d5-6fc96920bcfe 0.506s
2025-05-14 06:19:12.056 69711 INFO tempest.lib.common.rest_client [req-68a28009-6919-4aa3-aba4-2577a0965bb9 req-68a28009-6919-4aa3-aba4-2577a0965bb9 ] Request (ServerRescueTestJSONUnderV235:setUpClass): 200 GET http://10.180.1.21/compute/v2.1/servers/0a570f28-2b57-463e-a1a1-c8e073763c90 0.595s
2025-05-14 06:19:12.065 69685 INFO tempest.lib.common.rest_client [req-bd4da6a5-128a-4e99-99a9-1e560a1dcc8f req-bd4da6a5-128a-4e99-99a9-1e560a1dcc8f ] Request (SecurityGroupsTestJSON:test_server_security_groups): 200 GET http://10.180.1.21/compute/v2.1/servers/ffd5b288-3fd6-409e-a4cf-69894dd8d62c 0.582s
2025-05-14 06:19:12.074 69659 INFO tempest.lib.common.rest_client [req-c5141ee1-fea3-4c39-b91d-fa0ec6dbb7dc req-c5141ee1-fea3-4c39-b91d-fa0ec6dbb7dc ] Request (VolumesAssistedSnapshotsTest:tearDownClass): 204 DELETE http://10.180.1.21:9696/networking/v2.0/subnets/edb3bbbd-538b-4389-9b96-3d7198c0dbb6 0.441s
2025-05-14 06:19:12.082 69667 INFO tempest.lib.common.rest_client [req-d87dba3d-d6d0-462a-853a-0c2847c41e00 req-d87dba3d-d6d0-462a-853a-0c2847c41e00 ] Request (AttachInterfacesTestJSON:_run_cleanups): 202 DELETE http://10.180.1.21/compute/v2.1/os-keypairs/tempest-keypair-1246465061 0.555s
2025-05-14 06:19:12.349 69655 INFO tempest.lib.common.rest_client [req-7aeadbd9-9d8b-45c8-a13c-3e6700adb553 req-7aeadbd9-9d8b-45c8-a13c-3e6700adb553 ] Request (ServersWithSpecificFlavorTestJSON:test_verify_created_server_ephemeral_disk): 200 GET http://10.180.1.21/compute/v2.1/servers/281be6bd-4961-4ce5-9179-98256244069a 0.683s
2025-05-14 06:19:12.384 69659 INFO tempest.lib.common.rest_client [req-cf4a94d2-7f2d-4fcf-8c68-683203c97efa req-cf4a94d2-7f2d-4fcf-8c68-683203c97efa ] Request (VolumesAssistedSnapshotsTest:tearDownClass): 204 DELETE http://10.180.1.21:9696/networking/v2.0/networks/cf0559f9-3deb-4a24-b31b-83bb2b289b05 0.309s
2025-05-14 06:19:12.415 69667 INFO tempest.lib.common.rest_client [req-80609528-dca9-4d99-91fa-a1d0d2d7347f req-80609528-dca9-4d99-91fa-a1d0d2d7347f ] Request (AttachInterfacesTestJSON:_run_cleanups): 204 DELETE http://10.180.1.21:9696/networking/v2.0/security-groups/a32ada97-a662-44f4-80bb-2c4f1da1262a 0.331s
2025-05-14 06:19:12.457 69667 INFO tempest.lib.common.rest_client [req-9fd65c13-28f0-4fd8-818a-68862378812d req-9fd65c13-28f0-4fd8-818a-68862378812d ] Request (AttachInterfacesTestJSON:_run_cleanups): 404 GET http://10.180.1.21:9696/networking/v2.0/security-groups/a32ada97-a662-44f4-80bb-2c4f1da1262a 0.041s
2025-05-14 06:19:12.464 69671 INFO tempest.lib.common.rest_client [req-337770ed-6d1b-4c71-999e-4f0a1cca3587 req-337770ed-6d1b-4c71-999e-4f0a1cca3587 ] Request (ServersTestBootFromVolume:setUpClass): 200 GET http://10.180.1.21/compute/v2.1/servers/166e9b2f-cd18-4498-82c8-47a5085961f8 0.781s
2025-05-14 06:19:12.800 69689 INFO tempest.lib.common.rest_client [req-d90ff27b-9329-4c36-810d-3800578d7c47 req-d90ff27b-9329-4c36-810d-3800578d7c47 ] Request (ServersListShow2100Test:test_list_show_rebuild_update_server_2100): 200 GET http://10.180.1.21/compute/v2.1/servers/67cfedae-c64c-4b5b-abef-fb675497edc7 0.967s
2025-05-14 06:19:12.887 69663 INFO tempest.lib.common.rest_client [req-b2479cc4-ff3d-47f7-9113-359b689464db req-b2479cc4-ff3d-47f7-9113-359b689464db ] Request (ImagesTestJSON:test_create_image_from_suspended_server): 200 GET http://10.180.1.21/compute/v2.1/servers/14dd4ccb-14cd-410b-aaa4-de45334edeca 1.047s
2025-05-14 06:19:12.945 69703 INFO tempest.lib.common.rest_client [req-2f06010f-c832-448d-9bbf-91a0947acf8e req-2f06010f-c832-448d-9bbf-91a0947acf8e ] Request (InstanceActionsTestJSON:setUpClass): 200 GET http://10.180.1.21/compute/v2.1/servers/257f9d36-bd6f-410a-a8d8-bba2e862b131 1.202s
2025-05-14 06:19:12.958 69703 INFO tempest.common.waiters [-] State transition "BUILD/networking" ==> "BUILD/spawning" after 67 second wait
2025-05-14 06:19:12.965 69701 INFO tempest.lib.common.rest_client [req-a61c8a85-33ea-4993-9e22-bb12ea54531e req-a61c8a85-33ea-4993-9e22-bb12ea54531e ] Request (ServersAdminNegativeTestJSON:setUpClass): 200 GET http://10.180.1.21/compute/v2.1/servers/63c431fc-2eba-4384-90df-38d924c83407 1.072s
2025-05-14 06:19:13.081 69679 INFO tempest.lib.common.rest_client [req-428f594b-a0a5-44bc-b689-3600676a0225 req-428f594b-a0a5-44bc-b689-3600676a0225 ] Request (ServersAaction247Test:tearDownClass): 200 GET http://10.180.1.21/compute/v2.1/servers/0b294da9-d4c6-47ce-bfad-682acfe3f261 1.111s
2025-05-14 06:19:13.082 69687 INFO tempest.lib.common.rest_client [req-5c6058f3-6bd1-4b0f-96a3-d803ed9621f7 req-5c6058f3-6bd1-4b0f-96a3-d803ed9621f7 ] Request (TenantUsagesTestJSON:tearDownClass): 200 GET http://10.180.1.21/compute/v2.1/servers/6b7b1903-2dd5-45a0-b195-7669dbcf9fc3 1.018s
2025-05-14 06:19:13.179 69661 INFO tempest.lib.common.rest_client [req-0b0257e1-2491-4360-8335-38a0df46acd1 req-0b0257e1-2491-4360-8335-38a0df46acd1 ] Request (FloatingIPsAssociationTestJSON:tearDownClass): 200 GET http://10.180.1.21/compute/v2.1/servers/11fbad6e-6d44-41b8-863b-55cbda4faacd 1.009s
2025-05-14 06:19:13.187 69683 INFO tempest.lib.common.rest_client [req-9b24e788-6730-464b-8c9b-4d46ef2fdf19 req-9b24e788-6730-464b-8c9b-4d46ef2fdf19 ] Request (ServersAdmin275Test:tearDownClass): 200 GET http://10.180.1.21/compute/v2.1/servers/4b053f7e-254c-439c-81cc-f336d193712d 1.110s
2025-05-14 06:19:13.258 69659 INFO tempest.lib.common.rest_client [req-aa2fccfb-1968-40a9-bd74-0c8f87363167 req-aa2fccfb-1968-40a9-bd74-0c8f87363167 ] Request (VolumesAssistedSnapshotsTest:tearDownClass): 200 PUT http://10.180.1.21:9696/networking/v2.0/routers/685f5665-bf97-4507-8ac0-f285497a6895/remove_router_interface 0.873s
2025-05-14 06:19:13.311 69693 INFO tempest.lib.common.rest_client [req-d1d97374-6a68-488d-95db-2d0ff1fd7dd1 req-d1d97374-6a68-488d-95db-2d0ff1fd7dd1 ] Request (ListServersNegativeTestJSON:setUpClass): 200 GET http://10.180.1.21/compute/v2.1/servers/343cba2c-2c74-45dd-a070-848cf139b3bb 1.040s
2025-05-14 06:19:13.323 69667 INFO tempest.lib.common.rest_client [req-1f51745c-f2bc-4086-b93e-c87c080a8ca3 req-1f51745c-f2bc-4086-b93e-c87c080a8ca3 ] Request (AttachInterfacesTestJSON:_run_cleanups): 204 DELETE http://10.180.1.21:9696/networking/v2.0/floatingips/a9ed23da-a555-4a70-ba29-c036ad53b049 0.863s
2025-05-14 06:19:13.415 69707 INFO tempest.lib.common.rest_client [req-6ba0774a-0632-4fb0-8695-a3ee1b8f518e req-6ba0774a-0632-4fb0-8695-a3ee1b8f518e ] Request (InstanceActionsV221TestJSON:test_get_list_deleted_instance_actions): 200 GET http://10.180.1.21/compute/v2.1/servers/9f2f209a-8b24-432d-80ea-c81c6464ab09 1.047s
2025-05-14 06:19:13.508 69675 INFO tempest.lib.common.rest_client [req-83c5bd59-fe2b-4f0d-80f2-0e0140bbd2c9 req-83c5bd59-fe2b-4f0d-80f2-0e0140bbd2c9 ] Request (ServersTestMultiNic:test_verify_multiple_nics_order): 200 GET http://10.180.1.21/compute/v2.1/servers/4f977295-2f54-47ca-95f7-ae98ac7e09b0 1.084s
2025-05-14 06:19:13.515 69697 INFO tempest.lib.common.rest_client [req-7c1d05c9-c3e0-4486-a8d1-7936dd677c53 req-7c1d05c9-c3e0-4486-a8d1-7936dd677c53 ] Request (ServerActionsTestJSON:setUpClass): 200 GET http://10.180.1.21/compute/v2.1/servers/d3941c63-5974-4a1b-9e79-f4df050659cd 1.278s
2025-05-14 06:19:13.525 69697 INFO tempest.common.waiters [-] State transition "BUILD/spawning" ==> "ACTIVE/None" after 74 second wait
2025-05-14 06:19:13.555 69691 INFO tempest.lib.common.rest_client [req-f44b9425-e3a9-4601-a658-1e3db184a189 req-f44b9425-e3a9-4601-a658-1e3db184a189 ] Request (ListImageFiltersTestJSON:setUpClass): 200 GET http://10.180.1.21/compute/v2.1/images/7dbc6a70-e73f-41fe-adac-86bc7c163487 1.051s
