2025-05-14 06:17:39.950 69689 INFO tempest.lib.common.rest_client [req-8c20509e-73b7-4ea5-86f9-0634dbd438e8 req-8c20509e-73b7-4ea5-86f9-0634dbd438e8 ] Request (QuotasAdminTestV257:tearDownClass): 204 DELETE http://10.180.1.21:9696/networking/v2.0/security-groups/5e70e33a-8e8e-4323-8dd5-48d528e37af4 0.650s
2025-05-14 06:17:39.992 69683 INFO tempest.lib.common.rest_client [req-717640bc-7fd2-4458-8e2d-7bd8be3088ea req-717640bc-7fd2-4458-8e2d-7bd8be3088ea ] Request (ServerExternalEventsTest:tearDownClass): 204 DELETE http://10.180.1.21/identity/v3/projects/696329ef11f1478994cd7171b250be50 0.190s
2025-05-14 06:17:39.992 69683 INFO tempest.lib.common.dynamic_creds [-] Deleting project and security group for project: cc61d2c9c0184a64ac9ebc63c2a24ef1
2025-05-14 06:17:40.004 69661 INFO tempest.lib.common.rest_client [req-9d8ebfe5-c0f8-4fdd-8d54-d1264e3a056c req-9d8ebfe5-c0f8-4fdd-8d54-d1264e3a056c ] Request (FloatingIPsAssociationTestJSON:test_associate_already_associated_floating_ip): 200 GET http://10.180.1.21/compute/v2.1/servers/1f7d5eb3-95f6-4b72-83df-a63a653091f7 1.141s
2025-05-14 06:17:40.011 69661 INFO tempest.common.waiters [-] State transition "BUILD/spawning" ==> "ACTIVE/None" after 26 second wait
2025-05-14 06:17:40.072 69663 INFO tempest.lib.common.rest_client [req-c13b547b-b8ea-44cf-baad-c70e2647a1c1 req-c13b547b-b8ea-44cf-baad-c70e2647a1c1 ] Request (ImagesTestJSON:test_create_image_from_stopped_server): 200 GET http://10.180.1.21/compute/v2.1/servers/680d7b0e-473f-474e-9dce-245ce103d9e7 1.220s
2025-05-14 06:17:40.082 69663 INFO tempest.common.waiters [-] State transition "ACTIVE/powering-off" ==> "SHUTOFF/None" after 3 second wait
2025-05-14 06:17:40.099 69689 INFO tempest.lib.common.rest_client [req-7741ba07-5d70-43bd-9e62-a64e6b7eafc4 req-7741ba07-5d70-43bd-9e62-a64e6b7eafc4 ] Request (QuotasAdminTestV257:tearDownClass): 204 DELETE http://10.180.1.21/identity/v3/projects/c6318d75d039420eafac122e98a7b81d 0.149s
2025-05-14 06:17:40.155 69675 INFO tempest.lib.common.rest_client [req-56d8f4fb-4a82-44b5-b02e-dcc62b55695d req-56d8f4fb-4a82-44b5-b02e-dcc62b55695d ] Request (ServersTestMultiNic:test_verify_duplicate_network_nics): 200 GET http://10.180.1.21/compute/v2.1/servers/f8d1b31e-dae8-49e2-bc09-f35b5ce5a676 1.211s
2025-05-14 06:17:40.157 69683 INFO tempest.lib.common.rest_client [req-30dc1e68-88b2-4cb6-8733-2ad71ccaa90c req-30dc1e68-88b2-4cb6-8733-2ad71ccaa90c ] Request (ServerExternalEventsTest:tearDownClass): 200 GET http://10.180.1.21:9696/networking/v2.0/security-groups?tenant_id=cc61d2c9c0184a64ac9ebc63c2a24ef1&name=default 0.164s
2025-05-14 06:17:40.189 69707 INFO tempest.lib.common.rest_client [req-c5d29427-f63a-4b0f-95fa-4bf854c0ac5f req-c5d29427-f63a-4b0f-95fa-4bf854c0ac5f ] Request (AggregatesAdminNegativeTestJSON:_run_cleanups): 200 DELETE http://10.180.1.21/compute/v2.1/os-aggregates/8 1.167s
2025-05-14 06:17:40.192 69689 INFO tempest.lib.common.rest_client [req-7866405f-c043-443a-95db-94479ca3657e req-7866405f-c043-443a-95db-94479ca3657e ] Request (ServicesAdminTestJSON:setUpClass): 201 POST http://10.180.1.21/identity/v3/auth/tokens 0.088s
2025-05-14 06:17:40.243 69689 INFO tempest.lib.common.rest_client [req-46ce17f3-d904-458a-99c9-ab19af6abd83 req-46ce17f3-d904-458a-99c9-ab19af6abd83 ] Request (ServicesAdminTestJSON:setUpClass): 201 POST http://10.180.1.21/identity/v3/auth/tokens 0.045s
2025-05-14 06:17:40.278 69689 INFO tempest.lib.common.rest_client [req-bde17769-1384-4690-b70c-6b159142ccd6 req-bde17769-1384-4690-b70c-6b159142ccd6 ] Request (ServicesAdminTestJSON:setUpClass): 200 GET http://10.180.1.21/identity/v3/domains?name=Default 0.035s
2025-05-14 06:17:40.300 69683 INFO tempest.lib.common.rest_client [req-b21620cf-0496-453e-a979-564dd24154de req-b21620cf-0496-453e-a979-564dd24154de ] Request (ServerExternalEventsTest:tearDownClass): 204 DELETE http://10.180.1.21:9696/networking/v2.0/security-groups/c331abe4-d68c-4c2e-889d-9ac1ddda9705 0.143s
2025-05-14 06:17:40.306 69695 INFO tempest.lib.common.rest_client [req-9fd7552c-d640-4ed5-95fe-925cccd135d1 req-9fd7552c-d640-4ed5-95fe-925cccd135d1 ] Request (ImagesOneServerNegativeTestJSON:setUpClass): 200 GET http://10.180.1.21/compute/v2.1/servers/c55f207e-511e-44c0-ad4c-0415a9d94755 1.183s
2025-05-14 06:17:40.319 69711 INFO tempest.lib.common.rest_client [req-082c52ae-ca78-4265-b4b9-4ada57aeb4e8 req-082c52ae-ca78-4265-b4b9-4ada57aeb4e8 ] Request (ServerMetadataNegativeTestJSON:test_server_create_metadata_key_too_long): 400 POST http://10.180.1.21/compute/v2.1/servers 1.118s
2025-05-14 06:17:40.321 69689 INFO tempest.lib.common.rest_client [req-0f2eb8ea-18c0-4d73-9aa0-a8e48fcce027 req-0f2eb8ea-18c0-4d73-9aa0-a8e48fcce027 ] Request (ServicesAdminTestJSON:setUpClass): 201 POST http://10.180.1.21/identity/v3/projects 0.042s
2025-05-14 06:17:40.356 69707 INFO tempest.lib.common.rest_client [req-197a6e9e-3e18-43b0-a5bd-53d9574dfb5a req-197a6e9e-3e18-43b0-a5bd-53d9574dfb5a ] Request (AggregatesAdminNegativeTestJSON:tearDownClass): 204 DELETE http://10.180.1.21/identity/v3/users/4ac05df77e3644e5b509f3493addd068 0.164s
2025-05-14 06:17:40.390 69697 INFO tempest.lib.common.rest_client [req-f2bf0ec5-64f7-47de-8bda-0b483b1148a7 req-f2bf0ec5-64f7-47de-8bda-0b483b1148a7 ] Request (AbsoluteLimitsNegativeTestJSON:test_max_metadata_exceed_limit): 403 POST http://10.180.1.21/compute/v2.1/servers 1.516s
2025-05-14 06:17:40.440 69689 INFO tempest.lib.common.rest_client [req-fcefecc0-8b93-498d-a098-7b51f16cd252 req-fcefecc0-8b93-498d-a098-7b51f16cd252 ] Request (ServicesAdminTestJSON:setUpClass): 201 POST http://10.180.1.21/identity/v3/users 0.119s
2025-05-14 06:17:40.500 69665 INFO tempest.lib.common.rest_client [req-51ad272a-63a3-4e5e-abbb-c8de29c29ab0 req-51ad272a-63a3-4e5e-abbb-c8de29c29ab0 ] Request (ServersAdminTestJSON:test_create_server_with_scheduling_hint): 200 GET http://10.180.1.21/compute/v2.1/servers/4cb8cfd0-37b6-466b-8be2-42eebcc4e00d 1.207s
2025-05-14 06:17:40.500 69683 INFO tempest.lib.common.rest_client [req-c4510024-28d1-4465-ab9b-9e26268fbdba req-c4510024-28d1-4465-ab9b-9e26268fbdba ] Request (ServerExternalEventsTest:tearDownClass): 204 DELETE http://10.180.1.21/identity/v3/projects/cc61d2c9c0184a64ac9ebc63c2a24ef1 0.199s
2025-05-14 06:17:40.505 69711 INFO tempest.lib.common.rest_client [req-d21b2588-109d-46bb-a60e-ef132457ed5f req-d21b2588-109d-46bb-a60e-ef132457ed5f ] Request (ServerMetadataNegativeTestJSON:test_server_create_metadata_key_too_long): 201 POST http://10.180.1.21/identity/v3/auth/tokens 0.181s
2025-05-14 06:17:40.506 69711 INFO tempest.lib.common.fixed_network [-] (ServerMetadataNegativeTestJSON:test_server_create_metadata_key_too_long) Found network {'id': '60923330-712e-44d9-87f9-c8d6bd511ebe', 'name': 'tempest-ServerMetadataNegativeTestJSON-2084495142-network', 'tenant_id': '2e568683921340599ebc32ae19048099', 'admin_state_up': True, 'mtu': 8950, 'status': 'ACTIVE', 'subnets': [], 'shared': False, 'project_id': '2e568683921340599ebc32ae19048099', 'port_security_enabled': True, 'router:external': False, 'provider:network_type': 'vlan', 'provider:physical_network': 'default', 'provider:segmentation_id': 292, 'availability_zone_hints': [], 'availability_zones': [], 'ipv4_address_scope': None, 'ipv6_address_scope': None, 'description': '', 'tags': [], 'created_at': '2025-05-14T06:16:53Z', 'updated_at': '2025-05-14T06:16:53Z', 'revision_number': 1} available for tenant
2025-05-14 06:17:40.536 69653 INFO tempest.lib.common.rest_client [req-dee03f77-713a-4982-bc45-6d61fdd18b16 req-dee03f77-713a-4982-bc45-6d61fdd18b16 ] Request (FlavorsAdminTestJSON:_run_cleanups): 202 DELETE http://10.180.1.21/compute/v2.1/flavors/770600982 1.152s
2025-05-14 06:17:40.643 69701 INFO tempest.lib.common.rest_client [req-809460be-46d9-4e04-836c-7d205f9aa6b7 req-809460be-46d9-4e04-836c-7d205f9aa6b7 ] Request (DeleteServersAdminTestJSON:test_delete_server_while_in_error_state): 200 GET http://10.180.1.21/compute/v2.1/servers/04c3b326-d749-4971-be51-d028f1e78275 1.431s
2025-05-14 06:17:40.650 69693 INFO tempest.lib.common.rest_client [req-e3c3a272-58f9-4a39-8144-f01703847cd1 req-e3c3a272-58f9-4a39-8144-f01703847cd1 ] Request (ServerDiagnosticsNegativeTest:tearDownClass): 200 GET http://10.180.1.21/compute/v2.1/servers/6ec379b6-3bfe-4a94-abad-9affb3942fa4 1.249s
2025-05-14 06:17:40.657 69697 INFO tempest.lib.common.rest_client [req-86fc89ae-242d-44fd-bf21-505da0fed5fe req-86fc89ae-242d-44fd-bf21-505da0fed5fe ] Request (AbsoluteLimitsNegativeTestJSON:tearDownClass): 204 DELETE http://10.180.1.21/identity/v3/users/17c4da7c46744bbdbd2b6cb9f28e9528 0.265s
2025-05-14 06:17:40.658 69697 INFO tempest.lib.common.dynamic_creds [-] Deleting project and security group for project: e3cf976bdd76473a94513104727a40ea
2025-05-14 06:17:40.672 69707 INFO tempest.lib.common.rest_client [req-cb5df259-19f5-443e-992f-4f5c4bb27300 req-cb5df259-19f5-443e-992f-4f5c4bb27300 ] Request (AggregatesAdminNegativeTestJSON:tearDownClass): 204 DELETE http://10.180.1.21/identity/v3/users/dbc261f79bfb4030aaf003f84a81fe12 0.315s
2025-05-14 06:17:40.672 69707 INFO tempest.lib.common.dynamic_creds [-] Deleting project and security group for project: 38ebc62d37174dfa99126c3b6fca14f9
2025-05-14 06:17:40.727 69681 INFO tempest.lib.common.rest_client [req-e05ea1d0-88ce-4226-b413-974e29a613b6 req-e05ea1d0-88ce-4226-b413-974e29a613b6 ] Request (ServerTagsTestJSON:_run_cleanups): 204 DELETE http://10.180.1.21/compute/v2.1/servers/95742cd4-ee06-4c77-ab05-28cd2d326092/tags 1.321s
2025-05-14 06:17:40.739 69683 INFO tempest.lib.common.rest_client [req-a65d2881-7f53-43a9-a7de-08e8e87856cd req-a65d2881-7f53-43a9-a7de-08e8e87856cd ] Request (ServersAdmin275Test:setUpClass): 201 POST http://10.180.1.21/identity/v3/auth/tokens 0.237s
2025-05-14 06:17:40.741 69679 INFO tempest.lib.common.rest_client [req-c02d6e37-beb9-42ed-8da2-0caf0acc4446 req-c02d6e37-beb9-42ed-8da2-0caf0acc4446 ] Request (ServersAaction247Test:test_create_backup): 200 GET http://10.180.1.21/compute/v2.1/servers/0b294da9-d4c6-47ce-bfad-682acfe3f261 1.313s
2025-05-14 06:17:40.761 69697 INFO tempest.lib.common.rest_client [req-1372d015-8b20-4072-9b1a-d39f67fdf797 req-1372d015-8b20-4072-9b1a-d39f67fdf797 ] Request (AbsoluteLimitsNegativeTestJSON:tearDownClass): 201 POST http://10.180.1.21/identity/v3/auth/tokens 0.102s
2025-05-14 06:17:40.788 69689 INFO tempest.lib.common.rest_client [req-74d6f224-8cad-422c-9746-b73f09a8994d req-74d6f224-8cad-422c-9746-b73f09a8994d ] Request (ServicesAdminTestJSON:setUpClass): 200 GET http://10.180.1.21/identity/v3/roles 0.347s
2025-05-14 06:17:40.791 69707 INFO tempest.lib.common.rest_client [req-1a428c1a-5b28-4dc1-9976-3f71d175ed19 req-1a428c1a-5b28-4dc1-9976-3f71d175ed19 ] Request (AggregatesAdminNegativeTestJSON:tearDownClass): 201 POST http://10.180.1.21/identity/v3/auth/tokens 0.118s
2025-05-14 06:17:40.830 69683 INFO tempest.lib.common.rest_client [req-44002653-e6f5-4ff6-9ec3-8eb7054ae672 req-44002653-e6f5-4ff6-9ec3-8eb7054ae672 ] Request (ServersAdmin275Test:setUpClass): 201 POST http://10.180.1.21/identity/v3/auth/tokens 0.088s
2025-05-14 06:17:40.847 69669 INFO tempest.lib.common.rest_client [req-5a0dc123-aae2-405f-a64c-04e4351db086 req-5a0dc123-aae2-405f-a64c-04e4351db086 ] Request (ServersV294TestFqdnHostnames:setUpClass): 200 GET http://10.180.1.21/compute/v2.1/servers/1bd449dc-7011-4fad-956b-0bd23c946441 1.395s
2025-05-14 06:17:40.868 69669 INFO tempest.common.waiters [-] State transition "BUILD/None" ==> "BUILD/networking" after 21 second wait
2025-05-14 06:17:40.933 69689 INFO tempest.lib.common.rest_client [req-c55c4a8e-e6e8-49c2-81f7-6692ad3780d9 req-c55c4a8e-e6e8-49c2-81f7-6692ad3780d9 ] Request (ServicesAdminTestJSON:setUpClass): 204 PUT http://10.180.1.21/identity/v3/projects/4966ad9e361c4654b241ecf1ff6877f9/users/d96429db216c4e63977b20b5c68e3b6a/roles/eb8b0c8ae04147b5bedd6acbdc631a06 0.144s
2025-05-14 06:17:40.933 69689 INFO tempest.lib.common.dynamic_creds [-] Dynamic test user d96429db216c4e63977b20b5c68e3b6a is created with scope project and roles: ['member']
2025-05-14 06:17:40.933 69689 INFO tempest.lib.common.dynamic_creds [-] Acquired dynamic creds: credentials: Credentials: {'domain_id': 'default', 'domain_name': 'Default', 'username': 'tempest-ServicesAdminTestJSON-2054657969-project-member', 'project_domain_id': 'default', 'project_domain_name': 'Default', 'project_id': '4966ad9e361c4654b241ecf1ff6877f9', 'project_name': 'tempest-ServicesAdminTestJSON-2054657969', 'tenant_id': '4966ad9e361c4654b241ecf1ff6877f9', 'tenant_name': 'tempest-ServicesAdminTestJSON-2054657969', 'user_domain_id': 'default', 'user_domain_name': 'Default', 'user_id': 'd96429db216c4e63977b20b5c68e3b6a', 'system': None}, Network: None, Subnet: None, Router: None
2025-05-14 06:17:40.934 69689 INFO tempest.lib.common.dynamic_creds [-] Created isolated network resources for: credentials: Credentials: {'domain_id': 'default', 'domain_name': 'Default', 'username': 'tempest-ServicesAdminTestJSON-2054657969-project-member', 'project_domain_id': 'default', 'project_domain_name': 'Default', 'project_id': '4966ad9e361c4654b241ecf1ff6877f9', 'project_name': 'tempest-ServicesAdminTestJSON-2054657969', 'tenant_id': '4966ad9e361c4654b241ecf1ff6877f9', 'tenant_name': 'tempest-ServicesAdminTestJSON-2054657969', 'user_domain_id': 'default', 'user_domain_name': 'Default', 'user_id': 'd96429db216c4e63977b20b5c68e3b6a', 'system': None}, Network: None, Subnet: None, Router: None
2025-05-14 06:17:40.944 69671 INFO tempest.lib.common.rest_client [req-1f776fe0-cdd5-4802-9d57-2d0cfa84fc98 req-1f776fe0-cdd5-4802-9d57-2d0cfa84fc98 ] Request (ServersTestBootFromVolume:setUpClass): 200 GET http://10.180.1.21/volume/v3/volumes/95f3f5c6-85f5-4053-b24b-eebc17baaf1b 0.056s
2025-05-14 06:17:40.950 69705 INFO tempest.lib.common.rest_client [req-3514fa84-d2a7-4ee0-9266-1cd547274263 req-3514fa84-d2a7-4ee0-9266-1cd547274263 ] Request (ServerDiskConfigTestJSON:test_rebuild_server_with_auto_disk_config): 200 GET http://10.180.1.21/compute/v2.1/servers/dcea2793-2788-4c3c-a1ea-dfe28577bb9f 1.477s
2025-05-14 06:17:41.057 69683 INFO tempest.lib.common.rest_client [req-d8b1a57d-2519-4cd0-804f-99b50f6e4dc7 req-d8b1a57d-2519-4cd0-804f-99b50f6e4dc7 ] Request (ServersAdmin275Test:setUpClass): 200 GET http://10.180.1.21/identity/v3/domains?name=Default 0.226s
2025-05-14 06:17:41.083 69687 INFO tempest.lib.common.rest_client [req-8dd22924-12a9-4763-a42a-2515ddef31a0 req-8dd22924-12a9-4763-a42a-2515ddef31a0 ] Request (TenantUsagesTestJSON:setUpClass): 200 GET http://10.180.1.21/compute/v2.1/servers/6b7b1903-2dd5-45a0-b195-7669dbcf9fc3 1.514s
2025-05-14 06:17:41.107 69689 INFO tempest.lib.common.rest_client [req-b1e9eec3-3aea-4266-92e3-19a031efdd26 req-b1e9eec3-3aea-4266-92e3-19a031efdd26 ] Request (ServicesAdminTestJSON:setUpClass): 201 POST http://10.180.1.21/identity/v3/auth/tokens 0.168s
2025-05-14 06:17:41.136 69683 INFO tempest.lib.common.rest_client [req-3e27a30d-4ce9-4bf0-869e-e595545fe66e req-3e27a30d-4ce9-4bf0-869e-e595545fe66e ] Request (ServersAdmin275Test:setUpClass): 201 POST http://10.180.1.21/identity/v3/projects 0.078s
2025-05-14 06:17:41.154 69689 INFO tempest.lib.common.rest_client [req-e93fb16a-2403-4e76-8185-06a4f7fc2e6d req-e93fb16a-2403-4e76-8185-06a4f7fc2e6d ] Request (ServicesAdminTestJSON:setUpClass): 201 POST http://10.180.1.21/identity/v3/projects 0.046s
2025-05-14 06:17:41.223 69673 INFO tempest.lib.common.rest_client [req-4ea24501-75fb-47cb-a3be-e9b82262edad req-4ea24501-75fb-47cb-a3be-e9b82262edad ] Request (FloatingIPDetailsNegativeTestJSON:setUpClass): 200 PUT http://10.180.1.21:9696/networking/v2.0/routers/e74907be-f5f5-4787-983a-89ffc4c85a0f/add_router_interface 2.834s
2025-05-14 06:17:41.223 69673 INFO tempest.lib.common.dynamic_creds [-] Created isolated network resources for: credentials: Credentials: {'domain_id': 'default', 'domain_name': 'Default', 'username': 'tempest-FloatingIPDetailsNegativeTestJSON-737041119-project-member', 'project_domain_id': 'default', 'project_domain_name': 'Default', 'project_id': '08caefce0e4e42a28b628aa7ca95900e', 'project_name': 'tempest-FloatingIPDetailsNegativeTestJSON-737041119', 'tenant_id': '08caefce0e4e42a28b628aa7ca95900e', 'tenant_name': 'tempest-FloatingIPDetailsNegativeTestJSON-737041119', 'user_domain_id': 'default', 'user_domain_name': 'Default', 'user_id': '86b8eeec8ea54e7f831fdfc35998d0d1', 'system': None}, Network: {'id': '333c2f03-1782-46ce-9cba-7063906df2d4', 'name': 'tempest-FloatingIPDetailsNegativeTestJSON-996232818-network', 'tenant_id': '08caefce0e4e42a28b628aa7ca95900e', 'admin_state_up': True, 'mtu': 8950, 'status': 'ACTIVE', 'subnets': [], 'shared': False, 'project_id': '08caefce0e4e42a28b628aa7ca95900e', 'port_security_enabled': True, 'router:external': False, 'provider:network_type': 'vlan', 'provider:physical_network': 'default', 'provider:segmentation_id': 946, 'availability_zone_hints': [], 'availability_zones': [], 'ipv4_address_scope': None, 'ipv6_address_scope': None, 'description': '', 'tags': [], 'created_at': '2025-05-14T06:17:35Z', 'updated_at': '2025-05-14T06:17:35Z', 'revision_number': 1}, Subnet: {'id': 'd75505d2-2358-4c4b-a2aa-ff2a1e0be103', 'name': 'tempest-FloatingIPDetailsNegativeTestJSON-996232818-subnet', 'tenant_id': '08caefce0e4e42a28b628aa7ca95900e', 'network_id': '333c2f03-1782-46ce-9cba-7063906df2d4', 'ip_version': 4, 'subnetpool_id': None, 'enable_dhcp': True, 'ipv6_ra_mode': None, 'ipv6_address_mode': None, 'gateway_ip': '192.168.128.1', 'cidr': '192.168.128.0/28', 'allocation_pools': [{'start': '192.168.128.2', 'end': '192.168.128.14'}], 'host_routes': [], 'dns_nameservers': [], 'description': '', 'router:external': False, 'service_types': [], 'tags': [], 'created_at': '2025-05-14T06:17:35Z', 'updated_at': '2025-05-14T06:17:35Z', 'revision_number': 0, 'project_id': '08caefce0e4e42a28b628aa7ca95900e'}, Router: {'id': 'e74907be-f5f5-4787-983a-89ffc4c85a0f', 'name': 'tempest-FloatingIPDetailsNegativeTestJSON-996232818-router', 'tenant_id': '08caefce0e4e42a28b628aa7ca95900e', 'admin_state_up': True, 'status': 'ACTIVE', 'external_gateway_info': {'network_id': 'df702ba5-6d27-4273-afa6-611dcb5e33b6', 'external_fixed_ips': [{'subnet_id': 'af4b5793-fbd3-4cf8-9c5c-d64162267c99', 'ip_address': '10.180.180.141'}], 'enable_snat': True}, 'description': '', 'availability_zones': [], 'distributed': False, 'ha': False, 'availability_zone_hints': [], 'routes': [], 'flavor_id': None, 'tags': [], 'created_at': '2025-05-14T06:17:35Z', 'updated_at': '2025-05-14T06:17:37Z', 'revision_number': 2, 'project_id': '08caefce0e4e42a28b628aa7ca95900e'}
2025-05-14 06:17:41.234 69689 INFO tempest.lib.common.rest_client [req-46fa3363-5eda-4443-b203-db4244d5a956 req-46fa3363-5eda-4443-b203-db4244d5a956 ] Request (ServicesAdminTestJSON:setUpClass): 201 POST http://10.180.1.21/identity/v3/users 0.080s
2025-05-14 06:17:41.281 69683 INFO tempest.lib.common.rest_client [req-fc93ad83-e7d3-4e72-b5e5-d8973abb30ea req-fc93ad83-e7d3-4e72-b5e5-d8973abb30ea ] Request (ServersAdmin275Test:setUpClass): 201 POST http://10.180.1.21/identity/v3/users 0.144s
2025-05-14 06:17:41.309 69689 INFO tempest.lib.common.rest_client [req-8cf518d7-1355-4bf8-b9a3-54f33510e96b req-8cf518d7-1355-4bf8-b9a3-54f33510e96b ] Request (ServicesAdminTestJSON:setUpClass): 200 GET http://10.180.1.21/identity/v3/roles 0.075s
2025-05-14 06:17:41.341 69683 INFO tempest.lib.common.rest_client [req-37ee8288-e3b6-440d-9993-0a885ed4d7b9 req-37ee8288-e3b6-440d-9993-0a885ed4d7b9 ] Request (ServersAdmin275Test:setUpClass): 200 GET http://10.180.1.21/identity/v3/roles 0.055s
2025-05-14 06:17:41.346 69673 INFO tempest.lib.common.rest_client [req-a4196fad-f3c9-4947-8f71-bfcb6ea2af9c req-a4196fad-f3c9-4947-8f71-bfcb6ea2af9c ] Request (FloatingIPDetailsNegativeTestJSON:setUpClass): 201 POST http://10.180.1.21/identity/v3/auth/tokens 0.117s
2025-05-14 06:17:41.370 69689 INFO tempest.lib.common.rest_client [req-5da1c691-46d9-4b42-86a9-641d100bb7f1 req-5da1c691-46d9-4b42-86a9-641d100bb7f1 ] Request (ServicesAdminTestJSON:setUpClass): 204 PUT http://10.180.1.21/identity/v3/projects/b0f11e361e854b24bf47d2a96478f2fc/users/8d60a0715efe45c3b931a65f27183f65/roles/42a041d6727647eab9873f581686679c 0.058s
2025-05-14 06:17:41.390 69683 INFO tempest.lib.common.rest_client [req-fbbef06a-9450-4d2e-95a3-3b6fd50faae1 req-fbbef06a-9450-4d2e-95a3-3b6fd50faae1 ] Request (ServersAdmin275Test:setUpClass): 204 PUT http://10.180.1.21/identity/v3/projects/a2c7ea3c905248cfa1d700eb88918780/users/8629798d0134477ea0c12dc6f6842f51/roles/eb8b0c8ae04147b5bedd6acbdc631a06 0.048s
2025-05-14 06:17:41.390 69683 INFO tempest.lib.common.dynamic_creds [-] Dynamic test user 8629798d0134477ea0c12dc6f6842f51 is created with scope project and roles: ['member']
2025-05-14 06:17:41.390 69683 INFO tempest.lib.common.dynamic_creds [-] Acquired dynamic creds: credentials: Credentials: {'domain_id': 'default', 'domain_name': 'Default', 'username': 'tempest-ServersAdmin275Test-2083671079-project-member', 'project_domain_id': 'default', 'project_domain_name': 'Default', 'project_id': 'a2c7ea3c905248cfa1d700eb88918780', 'project_name': 'tempest-ServersAdmin275Test-2083671079', 'tenant_id': 'a2c7ea3c905248cfa1d700eb88918780', 'tenant_name': 'tempest-ServersAdmin275Test-2083671079', 'user_domain_id': 'default', 'user_domain_name': 'Default', 'user_id': '8629798d0134477ea0c12dc6f6842f51', 'system': None}, Network: None, Subnet: None, Router: None
2025-05-14 06:17:41.391 69683 INFO tempest.lib.common.dynamic_creds [-] Created isolated network resources for: credentials: Credentials: {'domain_id': 'default', 'domain_name': 'Default', 'username': 'tempest-ServersAdmin275Test-2083671079-project-member', 'project_domain_id': 'default', 'project_domain_name': 'Default', 'project_id': 'a2c7ea3c905248cfa1d700eb88918780', 'project_name': 'tempest-ServersAdmin275Test-2083671079', 'tenant_id': 'a2c7ea3c905248cfa1d700eb88918780', 'tenant_name': 'tempest-ServersAdmin275Test-2083671079', 'user_domain_id': 'default', 'user_domain_name': 'Default', 'user_id': '8629798d0134477ea0c12dc6f6842f51', 'system': None}, Network: None, Subnet: None, Router: None
2025-05-14 06:17:41.392 69697 INFO tempest.lib.common.rest_client [req-ae1e3870-0abd-4839-a617-d313fddbba02 req-ae1e3870-0abd-4839-a617-d313fddbba02 ] Request (AbsoluteLimitsNegativeTestJSON:tearDownClass): 200 GET http://10.180.1.21:9696/networking/v2.0/security-groups?tenant_id=e3cf976bdd76473a94513104727a40ea&name=default 0.629s
2025-05-14 06:17:41.474 69651 INFO tempest.lib.common.rest_client [req-7e4c6e84-5997-4b38-9c5c-e3ceca349d34 req-7e4c6e84-5997-4b38-9c5c-e3ceca349d34 ] Request (ServerDiagnosticsTest:test_get_server_diagnostics): 200 GET http://10.180.1.21/compute/v2.1/servers/57e560ca-4c48-4238-a7f1-33c9f2b8f3c9 1.707s
2025-05-14 06:17:41.521 69707 INFO tempest.lib.common.rest_client [req-9cbf175a-29f5-48ec-b355-cb9fcd0054a7 req-9cbf175a-29f5-48ec-b355-cb9fcd0054a7 ] Request (AggregatesAdminNegativeTestJSON:tearDownClass): 200 GET http://10.180.1.21:9696/networking/v2.0/security-groups?tenant_id=38ebc62d37174dfa99126c3b6fca14f9&name=default 0.729s
2025-05-14 06:17:41.540 69683 INFO tempest.lib.common.rest_client [req-e67aee8d-15a4-4dcf-9b10-0ae627b486aa req-e67aee8d-15a4-4dcf-9b10-0ae627b486aa ] Request (ServersAdmin275Test:setUpClass): 201 POST http://10.180.1.21/identity/v3/auth/tokens 0.145s
2025-05-14 06:17:41.567 69689 INFO tempest.lib.common.rest_client [req-9e02ceb9-afa3-4081-9030-c3e09fbb5b22 req-9e02ceb9-afa3-4081-9030-c3e09fbb5b22 ] Request (ServicesAdminTestJSON:setUpClass): 200 GET http://10.180.1.21/identity/v3/roles 0.195s
2025-05-14 06:17:41.587 69683 INFO tempest.lib.common.rest_client [req-d16eac56-6fa7-47ad-90ac-1e0c79c6d4bd req-d16eac56-6fa7-47ad-90ac-1e0c79c6d4bd ] Request (ServersAdmin275Test:setUpClass): 201 POST http://10.180.1.21/identity/v3/projects 0.046s
2025-05-14 06:17:41.611 69689 INFO tempest.lib.common.rest_client [req-f3cb08d9-dcf1-4192-957d-38ac0caa5f85 req-f3cb08d9-dcf1-4192-957d-38ac0caa5f85 ] Request (ServicesAdminTestJSON:setUpClass): 204 PUT http://10.180.1.21/identity/v3/projects/b0f11e361e854b24bf47d2a96478f2fc/users/8d60a0715efe45c3b931a65f27183f65/roles/42a041d6727647eab9873f581686679c 0.043s
2025-05-14 06:17:41.611 69689 INFO tempest.lib.common.dynamic_creds [-] Dynamic test user 8d60a0715efe45c3b931a65f27183f65 is created with scope project and roles: ['admin']
2025-05-14 06:17:41.611 69689 INFO tempest.lib.common.dynamic_creds [-] Acquired dynamic creds: credentials: Credentials: {'domain_id': 'default', 'domain_name': 'Default', 'username': 'tempest-ServicesAdminTestJSON-2145313271-project-admin', 'project_domain_id': 'default', 'project_domain_name': 'Default', 'project_id': 'b0f11e361e854b24bf47d2a96478f2fc', 'project_name': 'tempest-ServicesAdminTestJSON-2145313271', 'tenant_id': 'b0f11e361e854b24bf47d2a96478f2fc', 'tenant_name': 'tempest-ServicesAdminTestJSON-2145313271', 'user_domain_id': 'default', 'user_domain_name': 'Default', 'user_id': '8d60a0715efe45c3b931a65f27183f65', 'system': None}, Network: None, Subnet: None, Router: None
2025-05-14 06:17:41.611 69689 INFO tempest.lib.common.dynamic_creds [-] Created isolated network resources for: credentials: Credentials: {'domain_id': 'default', 'domain_name': 'Default', 'username': 'tempest-ServicesAdminTestJSON-2145313271-project-admin', 'project_domain_id': 'default', 'project_domain_name': 'Default', 'project_id': 'b0f11e361e854b24bf47d2a96478f2fc', 'project_name': 'tempest-ServicesAdminTestJSON-2145313271', 'tenant_id': 'b0f11e361e854b24bf47d2a96478f2fc', 'tenant_name': 'tempest-ServicesAdminTestJSON-2145313271', 'user_domain_id': 'default', 'user_domain_name': 'Default', 'user_id': '8d60a0715efe45c3b931a65f27183f65', 'system': None}, Network: None, Subnet: None, Router: None
2025-05-14 06:17:41.647 69697 INFO tempest.lib.common.rest_client [req-1b41da79-ab69-4d55-9c84-3fb2bab39bb8 req-1b41da79-ab69-4d55-9c84-3fb2bab39bb8 ] Request (AbsoluteLimitsNegativeTestJSON:tearDownClass): 204 DELETE http://10.180.1.21:9696/networking/v2.0/security-groups/94b25677-2a61-4508-bf7f-d56d8bc0ea52 0.251s
2025-05-14 06:17:41.713 69685 INFO tempest.lib.common.rest_client [req-28f68784-5759-4c07-b623-8342d5eeffb7 req-28f68784-5759-4c07-b623-8342d5eeffb7 ] Request (SecurityGroupsTestJSON:test_list_security_groups_by_server): 200 GET http://10.180.1.21/compute/v2.1/servers/e85feaa7-ac85-4146-b9f2-3cf5b196729c 1.719s
2025-05-14 06:17:41.736 69707 INFO tempest.lib.common.rest_client [req-952cf38b-b017-4ef7-806e-932c15912bfb req-952cf38b-b017-4ef7-806e-932c15912bfb ] Request (AggregatesAdminNegativeTestJSON:tearDownClass): 204 DELETE http://10.180.1.21:9696/networking/v2.0/security-groups/59f5e38d-4050-4b94-b810-3d426cc10b3e 0.215s
2025-05-14 06:17:41.760 69683 INFO tempest.lib.common.rest_client [req-19e669cb-30ef-46f7-b22b-174cd3df3532 req-19e669cb-30ef-46f7-b22b-174cd3df3532 ] Request (ServersAdmin275Test:setUpClass): 201 POST http://10.180.1.21/identity/v3/users 0.173s
2025-05-14 06:17:41.767 69689 INFO tempest.lib.common.rest_client [req-2a573924-2ddd-4619-b9d5-c909a08514ac req-2a573924-2ddd-4619-b9d5-c909a08514ac ] Request (ServicesAdminTestJSON:setUpClass): 201 POST http://10.180.1.21/identity/v3/auth/tokens 0.151s
2025-05-14 06:17:41.846 69677 INFO tempest.lib.common.rest_client [req-5cee6e21-d2a7-45c7-bea9-924bcb8a0068 req-5cee6e21-d2a7-45c7-bea9-924bcb8a0068 ] Request (ImagesOneServerTestJSON:setUpClass): 202 POST http://10.180.1.21/compute/v2.1/servers 2.409s
2025-05-14 06:17:41.866 69697 INFO tempest.lib.common.rest_client [req-729b228b-ad46-4ed1-b29e-fae48417096a req-729b228b-ad46-4ed1-b29e-fae48417096a ] Request (AbsoluteLimitsNegativeTestJSON:tearDownClass): 204 DELETE http://10.180.1.21/identity/v3/projects/e3cf976bdd76473a94513104727a40ea 0.216s
2025-05-14 06:17:41.869 69707 INFO tempest.lib.common.rest_client [req-23b169d2-0b87-492b-93c8-08870f2f8de3 req-23b169d2-0b87-492b-93c8-08870f2f8de3 ] Request (AggregatesAdminNegativeTestJSON:tearDownClass): 204 DELETE http://10.180.1.21/identity/v3/projects/38ebc62d37174dfa99126c3b6fca14f9 0.130s
2025-05-14 06:17:41.870 69707 INFO tempest.lib.common.dynamic_creds [-] Deleting project and security group for project: 687671ca163e4184896b7f68c382fea1
2025-05-14 06:17:41.950 69683 INFO tempest.lib.common.rest_client [req-7cf1ce7b-df31-422f-9e81-6bbe283760f1 req-7cf1ce7b-df31-422f-9e81-6bbe283760f1 ] Request (ServersAdmin275Test:setUpClass): 200 GET http://10.180.1.21/identity/v3/roles 0.190s
2025-05-14 06:17:41.959 69697 INFO tempest.lib.common.rest_client [req-f8cbcf6e-b2e7-454f-bc79-b17831cec7a2 req-f8cbcf6e-b2e7-454f-bc79-b17831cec7a2 ] Request (ServerActionsTestJSON:setUpClass): 201 POST http://10.180.1.21/identity/v3/auth/tokens 0.091s
2025-05-14 06:17:42.015 69671 INFO tempest.lib.common.rest_client [req-236f0052-568a-4ef9-a968-485524978c89 req-236f0052-568a-4ef9-a968-485524978c89 ] Request (ServersTestBootFromVolume:setUpClass): 200 GET http://10.180.1.21/volume/v3/volumes/95f3f5c6-85f5-4053-b24b-eebc17baaf1b 0.057s
2025-05-14 06:17:42.025 69683 INFO tempest.lib.common.rest_client [req-91b81247-28d3-4fe9-83a7-cbee6a39ca91 req-91b81247-28d3-4fe9-83a7-cbee6a39ca91 ] Request (ServersAdmin275Test:setUpClass): 204 PUT http://10.180.1.21/identity/v3/projects/902da1c8e9a2494eb2947834e13757f3/users/7c39985ecbd64f0e87f48bba40d1f11e/roles/42a041d6727647eab9873f581686679c 0.074s
2025-05-14 06:17:42.106 69707 INFO tempest.lib.common.rest_client [req-419e150b-42dc-4d8f-8172-225747018125 req-419e150b-42dc-4d8f-8172-225747018125 ] Request (AggregatesAdminNegativeTestJSON:tearDownClass): 200 GET http://10.180.1.21:9696/networking/v2.0/security-groups?tenant_id=687671ca163e4184896b7f68c382fea1&name=default 0.236s
2025-05-14 06:17:42.140 69697 INFO tempest.lib.common.rest_client [req-da55a296-7cec-413d-93d7-5702ab812b91 req-da55a296-7cec-413d-93d7-5702ab812b91 ] Request (ServerActionsTestJSON:setUpClass): 201 POST http://10.180.1.21/identity/v3/auth/tokens 0.179s
2025-05-14 06:17:42.145 69683 INFO tempest.lib.common.rest_client [req-bd55e5c8-75f6-4037-ae37-f7ddbdb9b741 req-bd55e5c8-75f6-4037-ae37-f7ddbdb9b741 ] Request (ServersAdmin275Test:setUpClass): 200 GET http://10.180.1.21/identity/v3/roles 0.119s
2025-05-14 06:17:42.178 69697 INFO tempest.lib.common.rest_client [req-794149e1-a900-4ccf-bb4a-765e91e2dab1 req-794149e1-a900-4ccf-bb4a-765e91e2dab1 ] Request (ServerActionsTestJSON:setUpClass): 200 GET http://10.180.1.21/identity/v3/domains?name=Default 0.037s
2025-05-14 06:17:42.200 69683 INFO tempest.lib.common.rest_client [req-dc4c17d2-1cca-48f0-8526-234ffcb0e089 req-dc4c17d2-1cca-48f0-8526-234ffcb0e089 ] Request (ServersAdmin275Test:setUpClass): 204 PUT http://10.180.1.21/identity/v3/projects/902da1c8e9a2494eb2947834e13757f3/users/7c39985ecbd64f0e87f48bba40d1f11e/roles/42a041d6727647eab9873f581686679c 0.055s
2025-05-14 06:17:42.200 69683 INFO tempest.lib.common.dynamic_creds [-] Dynamic test user 7c39985ecbd64f0e87f48bba40d1f11e is created with scope project and roles: ['admin']
2025-05-14 06:17:42.201 69683 INFO tempest.lib.common.dynamic_creds [-] Acquired dynamic creds: credentials: Credentials: {'domain_id': 'default', 'domain_name': 'Default', 'username': 'tempest-ServersAdmin275Test-1446818589-project-admin', 'project_domain_id': 'default', 'project_domain_name': 'Default', 'project_id': '902da1c8e9a2494eb2947834e13757f3', 'project_name': 'tempest-ServersAdmin275Test-1446818589', 'tenant_id': '902da1c8e9a2494eb2947834e13757f3', 'tenant_name': 'tempest-ServersAdmin275Test-1446818589', 'user_domain_id': 'default', 'user_domain_name': 'Default', 'user_id': '7c39985ecbd64f0e87f48bba40d1f11e', 'system': None}, Network: None, Subnet: None, Router: None
2025-05-14 06:17:42.201 69683 INFO tempest.lib.common.dynamic_creds [-] Created isolated network resources for: credentials: Credentials: {'domain_id': 'default', 'domain_name': 'Default', 'username': 'tempest-ServersAdmin275Test-1446818589-project-admin', 'project_domain_id': 'default', 'project_domain_name': 'Default', 'project_id': '902da1c8e9a2494eb2947834e13757f3', 'project_name': 'tempest-ServersAdmin275Test-1446818589', 'tenant_id': '902da1c8e9a2494eb2947834e13757f3', 'tenant_name': 'tempest-ServersAdmin275Test-1446818589', 'user_domain_id': 'default', 'user_domain_name': 'Default', 'user_id': '7c39985ecbd64f0e87f48bba40d1f11e', 'system': None}, Network: None, Subnet: None, Router: None
2025-05-14 06:17:42.259 69707 INFO tempest.lib.common.rest_client [req-23d1248f-6edc-4f5a-b60e-ff03755e832b req-23d1248f-6edc-4f5a-b60e-ff03755e832b ] Request (AggregatesAdminNegativeTestJSON:tearDownClass): 204 DELETE http://10.180.1.21:9696/networking/v2.0/security-groups/f0fb8d48-a4da-49cd-a6c5-f304edcd96f3 0.153s
2025-05-14 06:17:42.322 69697 INFO tempest.lib.common.rest_client [req-75052f9c-ba5b-474e-8c11-7160b1b799e5 req-75052f9c-ba5b-474e-8c11-7160b1b799e5 ] Request (ServerActionsTestJSON:setUpClass): 201 POST http://10.180.1.21/identity/v3/projects 0.143s
2025-05-14 06:17:42.348 69683 INFO tempest.lib.common.rest_client [req-b4696192-3e2b-4cb8-868e-410256aeec2f req-b4696192-3e2b-4cb8-868e-410256aeec2f ] Request (ServersAdmin275Test:setUpClass): 201 POST http://10.180.1.21/identity/v3/auth/tokens 0.137s
2025-05-14 06:17:42.481 69707 INFO tempest.lib.common.rest_client [req-282d7d90-c17e-40e5-bfd1-e724a5378160 req-282d7d90-c17e-40e5-bfd1-e724a5378160 ] Request (AggregatesAdminNegativeTestJSON:tearDownClass): 204 DELETE http://10.180.1.21/identity/v3/projects/687671ca163e4184896b7f68c382fea1 0.221s
2025-05-14 06:17:42.521 69697 INFO tempest.lib.common.rest_client [req-0e5710c9-31b3-464d-9a33-a385d4dab489 req-0e5710c9-31b3-464d-9a33-a385d4dab489 ] Request (ServerActionsTestJSON:setUpClass): 201 POST http://10.180.1.21/identity/v3/users 0.199s
2025-05-14 06:17:42.545 69683 INFO tempest.lib.common.rest_client [req-8b0e466c-4cda-42b2-8f3c-d92f9721dafc req-8b0e466c-4cda-42b2-8f3c-d92f9721dafc ] Request (ServersAdmin275Test:test_rebuild_update_server_275): 201 POST http://10.180.1.21/identity/v3/auth/tokens 0.192s
2025-05-14 06:17:42.545 69683 INFO tempest.lib.common.fixed_network [-] (ServersAdmin275Test:test_rebuild_update_server_275) Found network None available for tenant
2025-05-14 06:17:42.573 69707 INFO tempest.lib.common.rest_client [req-9834db30-3af1-4190-b5be-ef2bd5686b39 req-9834db30-3af1-4190-b5be-ef2bd5686b39 ] Request (InstanceActionsV221TestJSON:setUpClass): 201 POST http://10.180.1.21/identity/v3/auth/tokens 0.090s
2025-05-14 06:17:42.599 69697 INFO tempest.lib.common.rest_client [req-903cc5b4-5a09-4be2-91b8-66c5f2646f31 req-903cc5b4-5a09-4be2-91b8-66c5f2646f31 ] Request (ServerActionsTestJSON:setUpClass): 200 GET http://10.180.1.21/identity/v3/roles 0.077s
2025-05-14 06:17:42.625 69707 INFO tempest.lib.common.rest_client [req-19a3e77b-eefe-40eb-9625-51454539376a req-19a3e77b-eefe-40eb-9625-51454539376a ] Request (InstanceActionsV221TestJSON:setUpClass): 201 POST http://10.180.1.21/identity/v3/auth/tokens 0.048s
2025-05-14 06:17:42.643 69697 INFO tempest.lib.common.rest_client [req-de0645cf-11db-499d-9deb-52dfd57a6c28 req-de0645cf-11db-499d-9deb-52dfd57a6c28 ] Request (ServerActionsTestJSON:setUpClass): 204 PUT http://10.180.1.21/identity/v3/projects/2a9e2922d5a14bc2ad6c1aca9a78d50c/users/6fc46e28af004afc9add3066d69c7779/roles/eb8b0c8ae04147b5bedd6acbdc631a06 0.043s
2025-05-14 06:17:42.643 69697 INFO tempest.lib.common.dynamic_creds [-] Dynamic test user 6fc46e28af004afc9add3066d69c7779 is created with scope project and roles: ['member']
2025-05-14 06:17:42.643 69697 INFO tempest.lib.common.dynamic_creds [-] Acquired dynamic creds: credentials: Credentials: {'domain_id': 'default', 'domain_name': 'Default', 'username': 'tempest-ServerActionsTestJSON-355205775-project-member', 'project_domain_id': 'default', 'project_domain_name': 'Default', 'project_id': '2a9e2922d5a14bc2ad6c1aca9a78d50c', 'project_name': 'tempest-ServerActionsTestJSON-355205775', 'tenant_id': '2a9e2922d5a14bc2ad6c1aca9a78d50c', 'tenant_name': 'tempest-ServerActionsTestJSON-355205775', 'user_domain_id': 'default', 'user_domain_name': 'Default', 'user_id': '6fc46e28af004afc9add3066d69c7779', 'system': None}, Network: None, Subnet: None, Router: None
2025-05-14 06:17:42.654 69707 INFO tempest.lib.common.rest_client [req-79e6688d-447c-4e3c-bf86-0efdcdb93e56 req-79e6688d-447c-4e3c-bf86-0efdcdb93e56 ] Request (InstanceActionsV221TestJSON:setUpClass): 200 GET http://10.180.1.21/identity/v3/domains?name=Default 0.028s
2025-05-14 06:17:42.729 69697 INFO tempest.lib.common.rest_client [req-7ccbcae5-c0f6-442a-8ded-6fec8f14e86a req-7ccbcae5-c0f6-442a-8ded-6fec8f14e86a ] Request (ServerActionsTestJSON:setUpClass): 201 POST http://10.180.1.21/identity/v3/auth/tokens 0.085s
2025-05-14 06:17:42.733 69663 INFO tempest.lib.common.rest_client [req-2fabf255-9e45-4850-bcd3-5b2cf50f0abc req-2fabf255-9e45-4850-bcd3-5b2cf50f0abc ] Request (ImagesTestJSON:test_create_image_from_stopped_server): 202 POST http://10.180.1.21/compute/v2.1/servers/680d7b0e-473f-474e-9dce-245ce103d9e7/action 2.650s
2025-05-14 06:17:42.739 69707 INFO tempest.lib.common.rest_client [req-ae55f61c-79a2-413e-90a1-b26e2d6d8a3d req-ae55f61c-79a2-413e-90a1-b26e2d6d8a3d ] Request (InstanceActionsV221TestJSON:setUpClass): 201 POST http://10.180.1.21/identity/v3/projects 0.084s
2025-05-14 06:17:42.817 69657 INFO tempest.lib.common.rest_client [req-6e10f993-e4b8-4084-ad54-a59e432b442b req-6e10f993-e4b8-4084-ad54-a59e432b442b ] Request (ServerDiagnosticsV248Test:test_get_server_diagnostics): 200 GET http://10.180.1.21/compute/v2.1/servers/1b1a56e1-6fbb-485e-a802-7acffe4ccb3e 2.685s
2025-05-14 06:17:42.819 69707 INFO tempest.lib.common.rest_client [req-5a7c8899-ba6e-4a05-af1e-6d9d5045a58d req-5a7c8899-ba6e-4a05-af1e-6d9d5045a58d ] Request (InstanceActionsV221TestJSON:setUpClass): 201 POST http://10.180.1.21/identity/v3/users 0.080s
2025-05-14 06:17:42.842 69707 INFO tempest.lib.common.rest_client [req-55787040-1f1b-42ce-bc26-9f0b7214c6fb req-55787040-1f1b-42ce-bc26-9f0b7214c6fb ] Request (InstanceActionsV221TestJSON:setUpClass): 200 GET http://10.180.1.21/identity/v3/roles 0.022s
2025-05-14 06:17:42.870 69707 INFO tempest.lib.common.rest_client [req-d8003aff-5dbf-4313-a3e7-1cf4171f993b req-d8003aff-5dbf-4313-a3e7-1cf4171f993b ] Request (InstanceActionsV221TestJSON:setUpClass): 204 PUT http://10.180.1.21/identity/v3/projects/21c514bb89a44b5da3ca575a54804cbb/users/68efc3d35e4f487faacdf3bd3d527c9b/roles/eb8b0c8ae04147b5bedd6acbdc631a06 0.028s
2025-05-14 06:17:42.871 69707 INFO tempest.lib.common.dynamic_creds [-] Dynamic test user 68efc3d35e4f487faacdf3bd3d527c9b is created with scope project and roles: ['member']
2025-05-14 06:17:42.871 69707 INFO tempest.lib.common.dynamic_creds [-] Acquired dynamic creds: credentials: Credentials: {'domain_id': 'default', 'domain_name': 'Default', 'username': 'tempest-InstanceActionsV221TestJSON-419943473-project-member', 'project_domain_id': 'default', 'project_domain_name': 'Default', 'project_id': '21c514bb89a44b5da3ca575a54804cbb', 'project_name': 'tempest-InstanceActionsV221TestJSON-419943473', 'tenant_id': '21c514bb89a44b5da3ca575a54804cbb', 'tenant_name': 'tempest-InstanceActionsV221TestJSON-419943473', 'user_domain_id': 'default', 'user_domain_name': 'Default', 'user_id': '68efc3d35e4f487faacdf3bd3d527c9b', 'system': None}, Network: None, Subnet: None, Router: None
2025-05-14 06:17:42.897 69703 INFO tempest.lib.common.rest_client [req-2e0d885f-2cff-47e0-a757-38fdcf654a59 req-2e0d885f-2cff-47e0-a757-38fdcf654a59 ] Request (AttachInterfacesV270Test:tearDownClass): 200 GET http://10.180.1.21/compute/v2.1/servers/c10b9a44-b186-4623-80dc-bc94fc925e87 2.628s
2025-05-14 06:17:42.937 69707 INFO tempest.lib.common.rest_client [req-b5fb0475-d88b-4a51-915f-db68c8bccaee req-b5fb0475-d88b-4a51-915f-db68c8bccaee ] Request (InstanceActionsV221TestJSON:setUpClass): 201 POST http://10.180.1.21/identity/v3/auth/tokens 0.066s
2025-05-14 06:17:42.967 69691 INFO tempest.lib.common.rest_client [req-8470f502-91b0-4dc8-93aa-edfda8c286ef req-8470f502-91b0-4dc8-93aa-edfda8c286ef ] Request (ListImageFiltersTestJSON:setUpClass): 200 GET http://10.180.1.21/compute/v2.1/servers/8ac8a233-7f92-437d-ae1f-7e80d7286796 2.600s
2025-05-14 06:17:42.974 69691 INFO tempest.common.waiters [-] State transition "BUILD/scheduling" ==> "BUILD/None" after 5 second wait
2025-05-14 06:17:42.975 69711 INFO tempest.lib.common.rest_client [req-46363c95-3377-481b-8fa1-7dd04a160a26 req-46363c95-3377-481b-8fa1-7dd04a160a26 ] Request (ServerMetadataNegativeTestJSON:test_server_create_metadata_key_too_long): 400 POST http://10.180.1.21/compute/v2.1/servers 2.469s
2025-05-14 06:17:42.999 69653 INFO tempest.lib.common.rest_client [req-2e022a92-946b-4750-a07f-f4f929c38875 req-2e022a92-946b-4750-a07f-f4f929c38875 ] Request (FlavorsAdminTestJSON:_run_cleanups): 200 GET http://10.180.1.21/compute/v2.1/flavors/detail 2.462s
2025-05-14 06:17:43.057 69711 INFO tempest.lib.common.rest_client [req-c70d1f9f-c95c-43d0-9f2e-7a9b7acdb024 req-c70d1f9f-c95c-43d0-9f2e-7a9b7acdb024 ] Request (ServerMetadataNegativeTestJSON:test_server_create_metadata_key_too_long): 201 POST http://10.180.1.21/identity/v3/auth/tokens 0.077s
2025-05-14 06:17:43.057 69711 INFO tempest.lib.common.fixed_network [-] (ServerMetadataNegativeTestJSON:test_server_create_metadata_key_too_long) Found network {'id': '60923330-712e-44d9-87f9-c8d6bd511ebe', 'name': 'tempest-ServerMetadataNegativeTestJSON-2084495142-network', 'tenant_id': '2e568683921340599ebc32ae19048099', 'admin_state_up': True, 'mtu': 8950, 'status': 'ACTIVE', 'subnets': [], 'shared': False, 'project_id': '2e568683921340599ebc32ae19048099', 'port_security_enabled': True, 'router:external': False, 'provider:network_type': 'vlan', 'provider:physical_network': 'default', 'provider:segmentation_id': 292, 'availability_zone_hints': [], 'availability_zones': [], 'ipv4_address_scope': None, 'ipv6_address_scope': None, 'description': '', 'tags': [], 'created_at': '2025-05-14T06:16:53Z', 'updated_at': '2025-05-14T06:16:53Z', 'revision_number': 1} available for tenant
2025-05-14 06:17:43.068 69671 INFO tempest.lib.common.rest_client [req-c9ae4186-bc8d-43d2-b2fc-55f651e6117c req-c9ae4186-bc8d-43d2-b2fc-55f651e6117c ] Request (ServersTestBootFromVolume:setUpClass): 200 GET http://10.180.1.21/volume/v3/volumes/95f3f5c6-85f5-4053-b24b-eebc17baaf1b 0.039s
2025-05-14 06:17:43.090 69681 INFO tempest.lib.common.rest_client [req-5291c835-e91f-4d6b-9ca3-a7ce52be1d78 req-5291c835-e91f-4d6b-9ca3-a7ce52be1d78 ] Request (ServerTagsTestJSON:tearDownClass): 204 DELETE http://10.180.1.21/compute/v2.1/servers/95742cd4-ee06-4c77-ab05-28cd2d326092 2.362s
2025-05-14 06:17:43.183 69675 INFO tempest.lib.common.rest_client [req-f49e1818-b116-482f-98c0-d7d260f8b641 req-f49e1818-b116-482f-98c0-d7d260f8b641 ] Request (ServersTestMultiNic:test_verify_duplicate_network_nics): 200 GET http://10.180.1.21/compute/v2.1/servers/f8d1b31e-dae8-49e2-bc09-f35b5ce5a676 2.013s
2025-05-14 06:17:43.214 69661 INFO tempest.lib.common.rest_client [req-1ace9010-179a-4eb3-a04b-01c7ed637cbd req-1ace9010-179a-4eb3-a04b-01c7ed637cbd ] Request (FloatingIPsAssociationTestJSON:test_associate_already_associated_floating_ip): 202 POST http://10.180.1.21/compute/v2.1/servers/11fbad6e-6d44-41b8-863b-55cbda4faacd/action 3.203s
2025-05-14 06:17:43.246 69697 INFO tempest.lib.common.rest_client [req-369a4763-13b1-4aec-bd1e-30ca2fbf7706 req-369a4763-13b1-4aec-bd1e-30ca2fbf7706 ] Request (ServerActionsTestJSON:setUpClass): 201 POST http://10.180.1.21:9696/networking/v2.0/networks 0.516s
2025-05-14 06:17:43.248 69713 WARNING tempest.lib.common.ssh [-] Failed to establish authenticated ssh connection to cirros@10.180.180.226 ([Errno None] Unable to connect to port 22 on 10.180.180.226). Number attempts: 1. Retry after 2 seconds.: paramiko.ssh_exception.NoValidConnectionsError: [Errno None] Unable to connect to port 22 on 10.180.180.226
2025-05-14 06:17:43.252 69695 INFO tempest.lib.common.rest_client [req-93f3975a-d9f7-4dc6-83ae-164bded24efb req-93f3975a-d9f7-4dc6-83ae-164bded24efb ] Request (ImagesOneServerNegativeTestJSON:setUpClass): 200 GET http://10.180.1.21/compute/v2.1/servers/c55f207e-511e-44c0-ad4c-0415a9d94755 1.936s
2025-05-14 06:17:43.285 69707 INFO tempest.lib.common.rest_client [req-77b5ae30-6d07-4af9-b31b-a16897c61a78 req-77b5ae30-6d07-4af9-b31b-a16897c61a78 ] Request (InstanceActionsV221TestJSON:setUpClass): 201 POST http://10.180.1.21:9696/networking/v2.0/networks 0.347s
2025-05-14 06:17:43.317 69665 INFO tempest.lib.common.rest_client [req-b49bdb84-ce23-41df-a52d-c410dd9be23f req-b49bdb84-ce23-41df-a52d-c410dd9be23f ] Request (ServersAdminTestJSON:test_create_server_with_scheduling_hint): 200 GET http://10.180.1.21/compute/v2.1/servers/4cb8cfd0-37b6-466b-8be2-42eebcc4e00d 1.801s
2025-05-14 06:17:43.401 69673 INFO tempest.lib.common.rest_client [req-1581b22b-45ef-47b9-b34b-3c9daf37c99b req-1581b22b-45ef-47b9-b34b-3c9daf37c99b ] Request (FloatingIPDetailsNegativeTestJSON:test_get_nonexistent_floating_ip_details): 404 GET http://10.180.1.21/compute/v2.1/os-floating-ips/213e674e-7327-4507-b8d4-c54d7611a102 2.051s
2025-05-14 06:17:43.432 69693 INFO tempest.lib.common.rest_client [req-eaa0201b-2d24-4abf-9a0b-ca72bbe52508 req-eaa0201b-2d24-4abf-9a0b-ca72bbe52508 ] Request (ServerDiagnosticsNegativeTest:tearDownClass): 404 GET http://10.180.1.21/compute/v2.1/servers/6ec379b6-3bfe-4a94-abad-9affb3942fa4 1.759s
2025-05-14 06:17:43.474 69701 INFO tempest.lib.common.rest_client [req-d284d7dd-18cd-404d-bacb-8c5a46163d09 req-d284d7dd-18cd-404d-bacb-8c5a46163d09 ] Request (DeleteServersAdminTestJSON:test_delete_server_while_in_error_state): 200 GET http://10.180.1.21/compute/v2.1/servers/04c3b326-d749-4971-be51-d028f1e78275 1.808s
2025-05-14 06:17:43.492 69679 INFO tempest.lib.common.rest_client [req-f0e313c0-1efd-430f-a89f-e8bad65bbed0 req-f0e313c0-1efd-430f-a89f-e8bad65bbed0 ] Request (ServersAaction247Test:test_create_backup): 200 GET http://10.180.1.21/compute/v2.1/servers/0b294da9-d4c6-47ce-bfad-682acfe3f261 1.734s
2025-05-14 06:17:43.520 69697 INFO tempest.lib.common.rest_client [req-293472de-10a2-4edc-b8e0-f5c452f76f95 req-293472de-10a2-4edc-b8e0-f5c452f76f95 ] Request (ServerActionsTestJSON:setUpClass): 201 POST http://10.180.1.21:9696/networking/v2.0/subnets 0.273s
2025-05-14 06:17:43.542 69707 INFO tempest.lib.common.rest_client [req-423ca990-681c-4db2-8686-7c5644c0ca17 req-423ca990-681c-4db2-8686-7c5644c0ca17 ] Request (InstanceActionsV221TestJSON:setUpClass): 201 POST http://10.180.1.21:9696/networking/v2.0/subnets 0.256s
2025-05-14 06:17:43.554 69693 INFO tempest.lib.common.rest_client [req-0f2be986-dee7-4746-8359-eaaf89991adc req-0f2be986-dee7-4746-8359-eaaf89991adc ] Request (ServerDiagnosticsNegativeTest:tearDownClass): 204 DELETE http://10.180.1.21/identity/v3/users/36a431d6091e4a5d9272c6aa219c8ef8 0.121s
2025-05-14 06:17:43.566 69677 INFO tempest.lib.common.rest_client [req-89729f2e-e132-4c49-a814-68f1c48fcd83 req-89729f2e-e132-4c49-a814-68f1c48fcd83 ] Request (ImagesOneServerTestJSON:setUpClass): 200 GET http://10.180.1.21/compute/v2.1/servers/9bb7ed59-d77e-4d35-88c2-4646a70c86dc 1.718s
2025-05-14 06:17:43.592 69689 INFO tempest.lib.common.rest_client [req-0a555fd9-f668-4167-acfe-ede99b343844 req-0a555fd9-f668-4167-acfe-ede99b343844 ] Request (ServicesAdminTestJSON:test_get_service_by_host_name): 200 GET http://10.180.1.21/compute/v2.1/os-services 1.821s
2025-05-14 06:17:43.664 69705 INFO tempest.lib.common.rest_client [req-69ecee38-6466-47f8-9177-e540b394b4de req-69ecee38-6466-47f8-9177-e540b394b4de ] Request (ServerDiskConfigTestJSON:test_rebuild_server_with_auto_disk_config): 200 GET http://10.180.1.21/compute/v2.1/servers/dcea2793-2788-4c3c-a1ea-dfe28577bb9f 1.689s
2025-05-14 06:17:43.677 69693 INFO tempest.lib.common.rest_client [req-9c893096-0d84-495f-b405-3d79b9908929 req-9c893096-0d84-495f-b405-3d79b9908929 ] Request (ServerDiagnosticsNegativeTest:tearDownClass): 204 DELETE http://10.180.1.21/identity/v3/users/5219a849ed604433b7b6a090dff424ad 0.123s
2025-05-14 06:17:43.678 69693 INFO tempest.lib.common.dynamic_creds [-] Deleting project and security group for project: 3333b9184ecb40829128b2feb1a9b21f
2025-05-14 06:17:43.715 69655 WARNING tempest.lib.common.ssh [-] Failed to establish authenticated ssh connection to cirros@10.180.180.191 ([Errno None] Unable to connect to port 22 on 10.180.180.191). Number attempts: 5. Retry after 6 seconds.: paramiko.ssh_exception.NoValidConnectionsError: [Errno None] Unable to connect to port 22 on 10.180.180.191
2025-05-14 06:17:43.727 69687 INFO tempest.lib.common.rest_client [req-d7d52407-51a1-4bb2-bf5d-dc06e676b7f2 req-d7d52407-51a1-4bb2-bf5d-dc06e676b7f2 ] Request (TenantUsagesTestJSON:setUpClass): 200 GET http://10.180.1.21/compute/v2.1/servers/6b7b1903-2dd5-45a0-b195-7669dbcf9fc3 1.629s
2025-05-14 06:17:43.755 69693 INFO tempest.lib.common.rest_client [req-a4d6117f-06f1-468d-a531-64574e457d3f req-a4d6117f-06f1-468d-a531-64574e457d3f ] Request (ServerDiagnosticsNegativeTest:tearDownClass): 201 POST http://10.180.1.21/identity/v3/auth/tokens 0.077s
2025-05-14 06:17:43.830 69669 INFO tempest.lib.common.rest_client [req-cf90583c-8bda-4e39-9d1c-555ee5d41943 req-cf90583c-8bda-4e39-9d1c-555ee5d41943 ] Request (ServersV294TestFqdnHostnames:setUpClass): 200 GET http://10.180.1.21/compute/v2.1/servers/1bd449dc-7011-4fad-956b-0bd23c946441 1.961s
2025-05-14 06:17:43.843 69669 INFO tempest.common.waiters [-] State transition "BUILD/networking" ==> "BUILD/spawning" after 24 second wait
2025-05-14 06:17:43.926 69651 INFO tempest.lib.common.rest_client [req-93fb5c0c-f3d3-4726-99cf-ea38d22b9928 req-93fb5c0c-f3d3-4726-99cf-ea38d22b9928 ] Request (ServerDiagnosticsTest:test_get_server_diagnostics): 200 GET http://10.180.1.21/compute/v2.1/servers/57e560ca-4c48-4238-a7f1-33c9f2b8f3c9 1.438s
