2025-05-14 06:18:54.706 69677 INFO tempest.lib.common.rest_client [req-cbbb5f44-1a97-45c9-a506-4c2d21744dd8 req-cbbb5f44-1a97-45c9-a506-4c2d21744dd8 ] Request (ImagesOneServerTestJSON:test_create_image_specify_multibyte_character_image_name): 200 GET http://10.180.1.21/compute/v2.1/images/07058f5c-ba43-4601-9b50-f170070e8dae 0.091s
2025-05-14 06:18:54.714 69681 INFO tempest.lib.common.rest_client [req-b78861b7-56c5-4ba1-8449-26eaa6441a1d req-b78861b7-56c5-4ba1-8449-26eaa6441a1d ] Request (ServersTestJSON:test_create_server_specify_multibyte_character_name): 200 GET http://10.180.1.21/compute/v2.1/servers/0ca17a0f-73d1-4a32-b1df-a3e89f7bf386 0.123s
2025-05-14 06:18:54.786 69713 INFO tempest.lib.common.rest_client [req-0057fb46-938e-4287-8094-a4231c5031b8 req-0057fb46-938e-4287-8094-a4231c5031b8 ] Request (ServersTestManualDisk:tearDownClass): 200 GET http://10.180.1.21/compute/v2.1/servers/d97c3b3d-e9b2-46b0-87e7-f6660de013ca 0.139s
2025-05-14 06:18:54.798 69657 INFO tempest.lib.common.rest_client [req-caea7c83-7602-4279-bc7a-24b57a2958a3 req-caea7c83-7602-4279-bc7a-24b57a2958a3 ] Request (ServerDiagnosticsV248Test:tearDownClass): 200 GET http://10.180.1.21/compute/v2.1/servers/1b1a56e1-6fbb-485e-a802-7acffe4ccb3e 0.115s
2025-05-14 06:18:54.863 69705 INFO tempest.lib.common.rest_client [req-0676c3f6-8e20-45fd-9964-c755dc2f536f req-0676c3f6-8e20-45fd-9964-c755dc2f536f ] Request (ServerDiskConfigTestJSON:test_rebuild_server_with_manual_disk_config): 200 GET http://10.180.1.21/compute/v2.1/servers/f46ab4a0-a375-4d93-9cb6-0c0823fabbe4 0.165s
2025-05-14 06:18:54.864 69653 INFO tempest.lib.common.rest_client [req-5db92a8e-1b69-4820-8f85-eae85426b0d3 req-5db92a8e-1b69-4820-8f85-eae85426b0d3 ] Request (ServersTestJSON:setUpClass): 200 GET http://10.180.1.21/compute/v2.1/servers/f8b9e3a2-7519-4801-80d5-6fc96920bcfe 0.108s
2025-05-14 06:18:54.872 69653 INFO tempest.common.waiters [-] State transition "BUILD/scheduling" ==> "BUILD/None" after 33 second wait
2025-05-14 06:18:54.923 69685 INFO tempest.lib.common.rest_client [req-b29795f2-9c10-4115-9567-8757b23e334e req-b29795f2-9c10-4115-9567-8757b23e334e ] Request (SecurityGroupsTestJSON:test_server_security_groups): 200 GET http://10.180.1.21/compute/v2.1/servers/ffd5b288-3fd6-409e-a4cf-69894dd8d62c 0.096s
2025-05-14 06:18:54.942 69689 INFO tempest.lib.common.rest_client [req-18bb63bc-28ea-49b8-b9b4-1136dfed90f4 req-18bb63bc-28ea-49b8-b9b4-1136dfed90f4 ] Request (ServersListShow2100Test:test_list_show_rebuild_update_server_2100): 200 GET http://10.180.1.21/compute/v2.1/servers/67cfedae-c64c-4b5b-abef-fb675497edc7 0.166s
2025-05-14 06:18:54.977 69711 INFO tempest.lib.common.rest_client [req-7d3e0cc5-b3e7-4aa8-8513-cb49b546b176 req-7d3e0cc5-b3e7-4aa8-8513-cb49b546b176 ] Request (ServerRescueTestJSONUnderV235:setUpClass): 200 GET http://10.180.1.21/compute/v2.1/servers/0a570f28-2b57-463e-a1a1-c8e073763c90 0.150s
2025-05-14 06:18:55.003 69683 INFO tempest.lib.common.rest_client [req-ef1a2ecb-6c38-464d-98da-2faec2717b8c req-ef1a2ecb-6c38-464d-98da-2faec2717b8c ] Request (ServersAdmin275Test:_run_cleanups): 200 GET http://10.180.1.21/compute/v2.1/servers/4b053f7e-254c-439c-81cc-f336d193712d 0.109s
2025-05-14 06:18:55.034 69671 INFO tempest.lib.common.rest_client [req-d855e922-9a65-420e-ab43-2869fdbb047c req-d855e922-9a65-420e-ab43-2869fdbb047c ] Request (ServersTestBootFromVolume:setUpClass): 200 GET http://10.180.1.21/compute/v2.1/servers/166e9b2f-cd18-4498-82c8-47a5085961f8 0.138s
2025-05-14 06:18:55.057 69655 INFO tempest.lib.common.rest_client [req-52ffdb03-e853-47b9-adf0-81d086ef7ff3 req-52ffdb03-e853-47b9-adf0-81d086ef7ff3 ] Request (ServersWithSpecificFlavorTestJSON:test_verify_created_server_ephemeral_disk): 200 GET http://10.180.1.21/compute/v2.1/servers/281be6bd-4961-4ce5-9179-98256244069a 0.101s
2025-05-14 06:18:55.085 69697 INFO tempest.lib.common.rest_client [req-2b4f62ca-eab7-45f4-bbd1-b423e94a9d00 req-2b4f62ca-eab7-45f4-bbd1-b423e94a9d00 ] Request (ServerActionsTestJSON:setUpClass): 200 GET http://10.180.1.21/compute/v2.1/servers/d3941c63-5974-4a1b-9e79-f4df050659cd 0.127s
2025-05-14 06:18:55.359 69663 INFO tempest.lib.common.rest_client [req-42e68890-ba58-4c90-bfe0-b04878cbf8ab req-42e68890-ba58-4c90-bfe0-b04878cbf8ab ] Request (ImagesTestJSON:test_create_image_from_suspended_server): 200 GET http://10.180.1.21/compute/v2.1/servers/14dd4ccb-14cd-410b-aaa4-de45334edeca 0.342s
2025-05-14 06:18:55.372 69703 INFO tempest.lib.common.rest_client [req-36e2ef3c-93df-45c4-b62b-e245e39b12a7 req-36e2ef3c-93df-45c4-b62b-e245e39b12a7 ] Request (InstanceActionsTestJSON:setUpClass): 200 GET http://10.180.1.21/compute/v2.1/servers/257f9d36-bd6f-410a-a8d8-bba2e862b131 0.353s
2025-05-14 06:18:55.436 69679 INFO tempest.lib.common.rest_client [req-52edfe55-ba72-4069-9dea-3a90668939a5 req-52edfe55-ba72-4069-9dea-3a90668939a5 ] Request (ServersAaction247Test:tearDownClass): 200 GET http://10.180.1.21/compute/v2.1/servers/0b294da9-d4c6-47ce-bfad-682acfe3f261 0.354s
2025-05-14 06:18:55.443 69659 INFO tempest.lib.common.rest_client [req-d63ef2b2-e862-42c5-8a14-88748e6773ca req-d63ef2b2-e862-42c5-8a14-88748e6773ca ] Request (VolumesAssistedSnapshotsTest:tearDownClass): 200 GET http://10.180.1.21/compute/v2.1/servers/2dfce727-3973-48b4-9326-a2fa2a64779e 0.343s
2025-05-14 06:18:55.487 69701 INFO tempest.lib.common.rest_client [req-9ff8f223-5daa-4f49-a49c-cf45ad609268 req-9ff8f223-5daa-4f49-a49c-cf45ad609268 ] Request (ServersAdminNegativeTestJSON:setUpClass): 200 GET http://10.180.1.21/compute/v2.1/servers/63c431fc-2eba-4384-90df-38d924c83407 0.231s
2025-05-14 06:18:55.500 69687 INFO tempest.lib.common.rest_client [req-591c9e14-7aba-4344-bfeb-eb13a844556c req-591c9e14-7aba-4344-bfeb-eb13a844556c ] Request (TenantUsagesTestJSON:tearDownClass): 200 GET http://10.180.1.21/compute/v2.1/servers/6b7b1903-2dd5-45a0-b195-7669dbcf9fc3 0.142s
2025-05-14 06:18:55.549 69661 INFO tempest.lib.common.rest_client [req-1e1e52fd-7703-4ea5-9d2c-86a4137c6605 req-1e1e52fd-7703-4ea5-9d2c-86a4137c6605 ] Request (FloatingIPsAssociationTestJSON:tearDownClass): 200 GET http://10.180.1.21/compute/v2.1/servers/11fbad6e-6d44-41b8-863b-55cbda4faacd 0.138s
2025-05-14 06:18:55.561 69707 INFO tempest.lib.common.rest_client [req-acd0f8ec-dcf2-4f87-ab58-7efc26d3dfa7 req-acd0f8ec-dcf2-4f87-ab58-7efc26d3dfa7 ] Request (InstanceActionsV221TestJSON:test_get_list_deleted_instance_actions): 200 GET http://10.180.1.21/compute/v2.1/servers/9f2f209a-8b24-432d-80ea-c81c6464ab09 0.136s
2025-05-14 06:18:55.570 69707 INFO tempest.common.waiters [-] State transition "ACTIVE/deleting" ==> "DELETED/None" after 3 second wait
2025-05-14 06:18:55.621 69651 INFO tempest.lib.common.rest_client [req-74afaa0f-3de2-4dbf-aa9a-a4240504643e req-74afaa0f-3de2-4dbf-aa9a-a4240504643e ] Request (ServersListShow296Test:test_list_show_update_rebuild_server_296): 200 GET http://10.180.1.21/compute/v2.1/servers/7a8a93ab-8e2a-40e9-8f91-df749f7391bc 0.125s
2025-05-14 06:18:55.658 69693 INFO tempest.lib.common.rest_client [req-9ba565cf-d024-478f-8d22-c151ad5a5208 req-9ba565cf-d024-478f-8d22-c151ad5a5208 ] Request (ListServersNegativeTestJSON:setUpClass): 200 GET http://10.180.1.21/compute/v2.1/servers/9d4d98af-ee8b-4311-ac78-a566fa59e207 0.134s
2025-05-14 06:18:55.682 69669 INFO tempest.lib.common.rest_client [req-481ce80d-242b-46d5-b82c-c796ab26f144 req-481ce80d-242b-46d5-b82c-c796ab26f144 ] Request (ServersV294TestFqdnHostnames:tearDownClass): 200 GET http://10.180.1.21/compute/v2.1/servers/1bd449dc-7011-4fad-956b-0bd23c946441 0.122s
2025-05-14 06:18:55.718 69667 INFO tempest.lib.common.rest_client [req-038f8e33-e741-4ec8-af99-0ae2b955d7e1 req-038f8e33-e741-4ec8-af99-0ae2b955d7e1 ] Request (AttachInterfacesTestJSON:_run_cleanups): 200 GET http://10.180.1.21/compute/v2.1/servers/fbad53ec-e242-43ce-b7e9-75f4e1ce69f6 0.136s
2025-05-14 06:18:55.733 69665 INFO tempest.lib.common.rest_client [req-bf8b5cb7-4b7a-4a6a-a020-5b55a3486b11 req-bf8b5cb7-4b7a-4a6a-a020-5b55a3486b11 ] Request (ServersAdminTestJSON:test_inject_network_info): 200 GET http://10.180.1.21/compute/v2.1/servers/6da1f33f-0bb2-4a90-a69b-502d50ee2af1 0.130s
2025-05-14 06:18:55.761 69691 INFO tempest.lib.common.rest_client [req-3c221923-5bc8-4e4b-9aab-9becca9a0c39 req-3c221923-5bc8-4e4b-9aab-9becca9a0c39 ] Request (ListImageFiltersTestJSON:setUpClass): 200 GET http://10.180.1.21/compute/v2.1/images/2d045c6b-5e29-4071-951f-7fb6121cd537 0.151s
2025-05-14 06:18:55.802 69695 INFO tempest.lib.common.rest_client [req-43f7c5ad-2619-4b15-ac28-ebabfa6bfd8a req-43f7c5ad-2619-4b15-ac28-ebabfa6bfd8a ] Request (ImagesOneServerNegativeTestJSON:_run_cleanups): 200 GET http://10.180.1.21/compute/v2.1/servers/c55f207e-511e-44c0-ad4c-0415a9d94755 0.138s
2025-05-14 06:18:55.827 69675 INFO tempest.lib.common.rest_client [req-055b77be-1e9d-4985-92d8-04bb5f0d4b5c req-055b77be-1e9d-4985-92d8-04bb5f0d4b5c ] Request (ServersTestMultiNic:_run_cleanups): 200 GET http://10.180.1.21/compute/v2.1/servers/f8d1b31e-dae8-49e2-bc09-f35b5ce5a676 0.148s
2025-05-14 06:18:55.835 69677 INFO tempest.lib.common.rest_client [req-21726f68-6479-4c70-a592-f131b8c2940c req-21726f68-6479-4c70-a592-f131b8c2940c ] Request (ImagesOneServerTestJSON:test_create_image_specify_multibyte_character_image_name): 200 GET http://10.180.1.21/compute/v2.1/images/07058f5c-ba43-4601-9b50-f170070e8dae 0.125s
2025-05-14 06:18:55.882 69681 INFO tempest.lib.common.rest_client [req-e1bf763e-a6c5-4fdb-939d-f453dad4eb95 req-e1bf763e-a6c5-4fdb-939d-f453dad4eb95 ] Request (ServersTestJSON:test_create_server_specify_multibyte_character_name): 200 GET http://10.180.1.21/compute/v2.1/servers/0ca17a0f-73d1-4a32-b1df-a3e89f7bf386 0.158s
2025-05-14 06:18:55.904 69713 INFO tempest.lib.common.rest_client [req-c2c273ec-d50d-4240-95a4-d77938dbb633 req-c2c273ec-d50d-4240-95a4-d77938dbb633 ] Request (ServersTestManualDisk:tearDownClass): 200 GET http://10.180.1.21/compute/v2.1/servers/d97c3b3d-e9b2-46b0-87e7-f6660de013ca 0.108s
2025-05-14 06:18:55.951 69657 INFO tempest.lib.common.rest_client [req-f781381c-4a37-4457-a1c4-549cc090da86 req-f781381c-4a37-4457-a1c4-549cc090da86 ] Request (ServerDiagnosticsV248Test:tearDownClass): 200 GET http://10.180.1.21/compute/v2.1/servers/1b1a56e1-6fbb-485e-a802-7acffe4ccb3e 0.142s
2025-05-14 06:18:55.961 69653 INFO tempest.lib.common.rest_client [req-a9038f2a-3e23-446e-8e76-2865b48922da req-a9038f2a-3e23-446e-8e76-2865b48922da ] Request (ServersTestJSON:setUpClass): 200 GET http://10.180.1.21/compute/v2.1/servers/f8b9e3a2-7519-4801-80d5-6fc96920bcfe 0.088s
2025-05-14 06:18:56.004 69705 INFO tempest.lib.common.rest_client [req-def1d692-6b57-4b73-9389-2c72369890d5 req-def1d692-6b57-4b73-9389-2c72369890d5 ] Request (ServerDiskConfigTestJSON:test_rebuild_server_with_manual_disk_config): 200 GET http://10.180.1.21/compute/v2.1/servers/f46ab4a0-a375-4d93-9cb6-0c0823fabbe4 0.128s
2025-05-14 06:18:56.019 69685 INFO tempest.lib.common.rest_client [req-c6c2fb43-75eb-479e-bf12-944afff8bc01 req-c6c2fb43-75eb-479e-bf12-944afff8bc01 ] Request (SecurityGroupsTestJSON:test_server_security_groups): 200 GET http://10.180.1.21/compute/v2.1/servers/ffd5b288-3fd6-409e-a4cf-69894dd8d62c 0.086s
2025-05-14 06:18:56.084 69689 INFO tempest.lib.common.rest_client [req-02a9da9b-a0c1-4cee-99b2-f80f4aa3fb43 req-02a9da9b-a0c1-4cee-99b2-f80f4aa3fb43 ] Request (ServersListShow2100Test:test_list_show_rebuild_update_server_2100): 200 GET http://10.180.1.21/compute/v2.1/servers/67cfedae-c64c-4b5b-abef-fb675497edc7 0.126s
2025-05-14 06:18:56.090 69711 INFO tempest.lib.common.rest_client [req-a8aaffb7-bc83-4d92-8335-eefa95ea341c req-a8aaffb7-bc83-4d92-8335-eefa95ea341c ] Request (ServerRescueTestJSONUnderV235:setUpClass): 200 GET http://10.180.1.21/compute/v2.1/servers/0a570f28-2b57-463e-a1a1-c8e073763c90 0.103s
2025-05-14 06:18:56.143 69683 INFO tempest.lib.common.rest_client [req-6f10b651-5e82-4fcc-9f31-495550b93225 req-6f10b651-5e82-4fcc-9f31-495550b93225 ] Request (ServersAdmin275Test:_run_cleanups): 200 GET http://10.180.1.21/compute/v2.1/servers/4b053f7e-254c-439c-81cc-f336d193712d 0.129s
2025-05-14 06:18:56.165 69671 INFO tempest.lib.common.rest_client [req-ba13072a-03fb-48af-b974-4b1e64b46bf4 req-ba13072a-03fb-48af-b974-4b1e64b46bf4 ] Request (ServersTestBootFromVolume:setUpClass): 200 GET http://10.180.1.21/compute/v2.1/servers/166e9b2f-cd18-4498-82c8-47a5085961f8 0.122s
2025-05-14 06:18:56.207 69655 INFO tempest.lib.common.rest_client [req-aeafc862-2bdd-41b9-ba6a-1f09deed14ed req-aeafc862-2bdd-41b9-ba6a-1f09deed14ed ] Request (ServersWithSpecificFlavorTestJSON:test_verify_created_server_ephemeral_disk): 200 GET http://10.180.1.21/compute/v2.1/servers/281be6bd-4961-4ce5-9179-98256244069a 0.142s
2025-05-14 06:18:56.222 69697 INFO tempest.lib.common.rest_client [req-17237fe1-9844-4794-99c1-5a368cee2c67 req-17237fe1-9844-4794-99c1-5a368cee2c67 ] Request (ServerActionsTestJSON:setUpClass): 200 GET http://10.180.1.21/compute/v2.1/servers/d3941c63-5974-4a1b-9e79-f4df050659cd 0.130s
2025-05-14 06:18:56.419 69663 INFO tempest.lib.common.rest_client [req-435ae1d5-ed81-491d-a407-34827c60bfd4 req-435ae1d5-ed81-491d-a407-34827c60bfd4 ] Request (ImagesTestJSON:test_create_image_from_suspended_server): 200 GET http://10.180.1.21/compute/v2.1/servers/14dd4ccb-14cd-410b-aaa4-de45334edeca 0.052s
2025-05-14 06:18:56.433 69703 INFO tempest.lib.common.rest_client [req-62ebe752-6962-4589-ba41-c9ce05821309 req-62ebe752-6962-4589-ba41-c9ce05821309 ] Request (InstanceActionsTestJSON:setUpClass): 200 GET http://10.180.1.21/compute/v2.1/servers/257f9d36-bd6f-410a-a8d8-bba2e862b131 0.053s
2025-05-14 06:18:56.523 69659 INFO tempest.lib.common.rest_client [req-0db1c29b-976e-4ed6-9d06-3385d82b9ee2 req-0db1c29b-976e-4ed6-9d06-3385d82b9ee2 ] Request (VolumesAssistedSnapshotsTest:tearDownClass): 200 GET http://10.180.1.21/compute/v2.1/servers/2dfce727-3973-48b4-9326-a2fa2a64779e 0.071s
2025-05-14 06:18:56.527 69679 INFO tempest.lib.common.rest_client [req-66e97d80-82fe-4e26-a61a-4a97f5256527 req-66e97d80-82fe-4e26-a61a-4a97f5256527 ] Request (ServersAaction247Test:tearDownClass): 200 GET http://10.180.1.21/compute/v2.1/servers/0b294da9-d4c6-47ce-bfad-682acfe3f261 0.076s
2025-05-14 06:18:56.581 69701 INFO tempest.lib.common.rest_client [req-8143e2c4-9ea0-48e1-9400-b63748f11a62 req-8143e2c4-9ea0-48e1-9400-b63748f11a62 ] Request (ServersAdminNegativeTestJSON:setUpClass): 200 GET http://10.180.1.21/compute/v2.1/servers/63c431fc-2eba-4384-90df-38d924c83407 0.085s
2025-05-14 06:18:56.598 69687 INFO tempest.lib.common.rest_client [req-677bdece-8397-443c-a62a-3cdc5ebdbe15 req-677bdece-8397-443c-a62a-3cdc5ebdbe15 ] Request (TenantUsagesTestJSON:tearDownClass): 200 GET http://10.180.1.21/compute/v2.1/servers/6b7b1903-2dd5-45a0-b195-7669dbcf9fc3 0.090s
2025-05-14 06:18:56.655 69661 INFO tempest.lib.common.rest_client [req-ab6be386-c230-493f-baf2-30cbc54da90d req-ab6be386-c230-493f-baf2-30cbc54da90d ] Request (FloatingIPsAssociationTestJSON:tearDownClass): 200 GET http://10.180.1.21/compute/v2.1/servers/11fbad6e-6d44-41b8-863b-55cbda4faacd 0.098s
2025-05-14 06:18:56.672 69707 INFO tempest.lib.common.rest_client [req-ce4c1ed2-9c3e-4eb6-b6fd-23084ae71e7d req-ce4c1ed2-9c3e-4eb6-b6fd-23084ae71e7d ] Request (InstanceActionsV221TestJSON:test_get_list_deleted_instance_actions): 200 GET http://10.180.1.21/compute/v2.1/servers/9f2f209a-8b24-432d-80ea-c81c6464ab09 0.102s
2025-05-14 06:18:56.728 69651 INFO tempest.lib.common.rest_client [req-dc684ccc-918e-46fe-a205-b654a48f0f98 req-dc684ccc-918e-46fe-a205-b654a48f0f98 ] Request (ServersListShow296Test:test_list_show_update_rebuild_server_296): 200 GET http://10.180.1.21/compute/v2.1/servers/7a8a93ab-8e2a-40e9-8f91-df749f7391bc 0.096s
2025-05-14 06:18:56.805 69693 INFO tempest.lib.common.rest_client [req-02b7f60c-40b3-405f-8571-150671066916 req-02b7f60c-40b3-405f-8571-150671066916 ] Request (ListServersNegativeTestJSON:setUpClass): 200 GET http://10.180.1.21/compute/v2.1/servers/9d4d98af-ee8b-4311-ac78-a566fa59e207 0.137s
2025-05-14 06:18:56.812 69669 INFO tempest.lib.common.rest_client [req-223f6bb1-573b-492f-836a-e85f540d9c70 req-223f6bb1-573b-492f-836a-e85f540d9c70 ] Request (ServersV294TestFqdnHostnames:tearDownClass): 200 GET http://10.180.1.21/compute/v2.1/servers/1bd449dc-7011-4fad-956b-0bd23c946441 0.120s
2025-05-14 06:18:56.881 69665 INFO tempest.lib.common.rest_client [req-17ec7310-b923-4416-a100-28babbf0526e req-17ec7310-b923-4416-a100-28babbf0526e ] Request (ServersAdminTestJSON:test_inject_network_info): 200 GET http://10.180.1.21/compute/v2.1/servers/6da1f33f-0bb2-4a90-a69b-502d50ee2af1 0.141s
2025-05-14 06:18:56.882 69667 INFO tempest.lib.common.rest_client [req-737a9357-d837-4476-b7a9-4740e2b40404 req-737a9357-d837-4476-b7a9-4740e2b40404 ] Request (AttachInterfacesTestJSON:_run_cleanups): 200 GET http://10.180.1.21/compute/v2.1/servers/fbad53ec-e242-43ce-b7e9-75f4e1ce69f6 0.155s
2025-05-14 06:18:56.912 69691 INFO tempest.lib.common.rest_client [req-0bcfeb7f-4c08-41fb-824d-a1cd96c51100 req-0bcfeb7f-4c08-41fb-824d-a1cd96c51100 ] Request (ListImageFiltersTestJSON:setUpClass): 200 GET http://10.180.1.21/compute/v2.1/images/2d045c6b-5e29-4071-951f-7fb6121cd537 0.147s
2025-05-14 06:18:56.944 69695 INFO tempest.lib.common.rest_client [req-94e69229-9931-4e6a-8b99-7006d461ad76 req-94e69229-9931-4e6a-8b99-7006d461ad76 ] Request (ImagesOneServerNegativeTestJSON:_run_cleanups): 200 GET http://10.180.1.21/compute/v2.1/servers/c55f207e-511e-44c0-ad4c-0415a9d94755 0.129s
2025-05-14 06:18:56.974 69677 INFO tempest.lib.common.rest_client [req-3c2e0fc8-2749-4352-bbbd-c4f70c68cc3e req-3c2e0fc8-2749-4352-bbbd-c4f70c68cc3e ] Request (ImagesOneServerTestJSON:test_create_image_specify_multibyte_character_image_name): 200 GET http://10.180.1.21/compute/v2.1/images/07058f5c-ba43-4601-9b50-f170070e8dae 0.134s
2025-05-14 06:18:56.975 69675 INFO tempest.lib.common.rest_client [req-727fc64b-2f7c-4bed-aec8-3454636ac2d3 req-727fc64b-2f7c-4bed-aec8-3454636ac2d3 ] Request (ServersTestMultiNic:_run_cleanups): 200 GET http://10.180.1.21/compute/v2.1/servers/f8d1b31e-dae8-49e2-bc09-f35b5ce5a676 0.135s
2025-05-14 06:18:57.036 69681 INFO tempest.lib.common.rest_client [req-df20f3fc-bb42-44fd-afbb-3498cda8438b req-df20f3fc-bb42-44fd-afbb-3498cda8438b ] Request (ServersTestJSON:test_create_server_specify_multibyte_character_name): 200 GET http://10.180.1.21/compute/v2.1/servers/0ca17a0f-73d1-4a32-b1df-a3e89f7bf386 0.143s
2025-05-14 06:18:57.037 69713 INFO tempest.lib.common.rest_client [req-47ce3998-a6cb-4524-9716-7aadfa6ea5c0 req-47ce3998-a6cb-4524-9716-7aadfa6ea5c0 ] Request (ServersTestManualDisk:tearDownClass): 200 GET http://10.180.1.21/compute/v2.1/servers/d97c3b3d-e9b2-46b0-87e7-f6660de013ca 0.124s
2025-05-14 06:18:57.067 69691 INFO tempest.lib.common.rest_client [req-648c09bd-6b28-4710-b6c3-25d5f21484a0 req-648c09bd-6b28-4710-b6c3-25d5f21484a0 ] Request (ListImageFiltersTestJSON:setUpClass): 200 GET http://10.180.1.21/compute/v2.1/images/2d045c6b-5e29-4071-951f-7fb6121cd537 0.150s
2025-05-14 06:18:57.097 69657 INFO tempest.lib.common.rest_client [req-04a45212-e32d-4758-83bd-efe2ae6f77f4 req-04a45212-e32d-4758-83bd-efe2ae6f77f4 ] Request (ServerDiagnosticsV248Test:tearDownClass): 200 GET http://10.180.1.21/compute/v2.1/servers/1b1a56e1-6fbb-485e-a802-7acffe4ccb3e 0.136s
2025-05-14 06:18:57.112 69653 INFO tempest.lib.common.rest_client [req-03d61406-6ff4-4d44-82e7-92ba9e28f90c req-03d61406-6ff4-4d44-82e7-92ba9e28f90c ] Request (ServersTestJSON:setUpClass): 200 GET http://10.180.1.21/compute/v2.1/servers/f8b9e3a2-7519-4801-80d5-6fc96920bcfe 0.139s
2025-05-14 06:18:57.145 69705 INFO tempest.lib.common.rest_client [req-5484cc9a-ff01-480f-af0d-5c45e20a24a2 req-5484cc9a-ff01-480f-af0d-5c45e20a24a2 ] Request (ServerDiskConfigTestJSON:test_rebuild_server_with_manual_disk_config): 200 GET http://10.180.1.21/compute/v2.1/servers/f46ab4a0-a375-4d93-9cb6-0c0823fabbe4 0.133s
2025-05-14 06:18:57.152 69705 INFO tempest.common.waiters [-] State transition "BUILD/scheduling" ==> "BUILD/None" after 34 second wait
2025-05-14 06:18:57.161 69685 INFO tempest.lib.common.rest_client [req-8973a1b5-bd7f-4d8c-a82d-795ac979516f req-8973a1b5-bd7f-4d8c-a82d-795ac979516f ] Request (SecurityGroupsTestJSON:test_server_security_groups): 200 GET http://10.180.1.21/compute/v2.1/servers/ffd5b288-3fd6-409e-a4cf-69894dd8d62c 0.134s
2025-05-14 06:18:57.221 69689 INFO tempest.lib.common.rest_client [req-a49b9cb9-e611-425c-84ef-0069f2935e0e req-a49b9cb9-e611-425c-84ef-0069f2935e0e ] Request (ServersListShow2100Test:test_list_show_rebuild_update_server_2100): 200 GET http://10.180.1.21/compute/v2.1/servers/67cfedae-c64c-4b5b-abef-fb675497edc7 0.123s
2025-05-14 06:18:57.280 69711 INFO tempest.lib.common.rest_client [req-e26d9bdf-e6bc-447b-b4e8-269d37799d4f req-e26d9bdf-e6bc-447b-b4e8-269d37799d4f ] Request (ServerRescueTestJSONUnderV235:setUpClass): 200 GET http://10.180.1.21/compute/v2.1/servers/0a570f28-2b57-463e-a1a1-c8e073763c90 0.181s
2025-05-14 06:18:57.292 69691 INFO tempest.lib.common.rest_client [req-b8877aa4-872d-4186-b78c-84c34aca0003 req-b8877aa4-872d-4186-b78c-84c34aca0003 ] Request (ListImageFiltersTestJSON:setUpClass): 200 GET http://10.180.1.21/compute/v2.1/servers/8ac8a233-7f92-437d-ae1f-7e80d7286796 0.221s
2025-05-14 06:18:57.341 69683 INFO tempest.lib.common.rest_client [req-260fe7a5-d949-43a4-9d99-126d23b9028c req-260fe7a5-d949-43a4-9d99-126d23b9028c ] Request (ServersAdmin275Test:_run_cleanups): 200 GET http://10.180.1.21/compute/v2.1/servers/4b053f7e-254c-439c-81cc-f336d193712d 0.186s
2025-05-14 06:18:57.344 69671 INFO tempest.lib.common.rest_client [req-363c5314-d627-47f4-bf62-037883a2f764 req-363c5314-d627-47f4-bf62-037883a2f764 ] Request (ServersTestBootFromVolume:setUpClass): 200 GET http://10.180.1.21/compute/v2.1/servers/166e9b2f-cd18-4498-82c8-47a5085961f8 0.170s
2025-05-14 06:18:57.402 69655 INFO tempest.lib.common.rest_client [req-da73044c-187f-46bf-bbf6-018d5729ee96 req-da73044c-187f-46bf-bbf6-018d5729ee96 ] Request (ServersWithSpecificFlavorTestJSON:test_verify_created_server_ephemeral_disk): 200 GET http://10.180.1.21/compute/v2.1/servers/281be6bd-4961-4ce5-9179-98256244069a 0.186s
2025-05-14 06:18:57.408 69697 INFO tempest.lib.common.rest_client [req-fb08dc68-3e07-4623-9171-d1b43188b852 req-fb08dc68-3e07-4623-9171-d1b43188b852 ] Request (ServerActionsTestJSON:setUpClass): 200 GET http://10.180.1.21/compute/v2.1/servers/d3941c63-5974-4a1b-9e79-f4df050659cd 0.177s
2025-05-14 06:18:57.480 69663 INFO tempest.lib.common.rest_client [req-f0eec000-08e0-47a8-9e3d-20ce113da40a req-f0eec000-08e0-47a8-9e3d-20ce113da40a ] Request (ImagesTestJSON:test_create_image_from_suspended_server): 200 GET http://10.180.1.21/compute/v2.1/servers/14dd4ccb-14cd-410b-aaa4-de45334edeca 0.053s
2025-05-14 06:18:57.496 69703 INFO tempest.lib.common.rest_client [req-fb72c699-e869-44da-9947-0a44ef9b9d0f req-fb72c699-e869-44da-9947-0a44ef9b9d0f ] Request (InstanceActionsTestJSON:setUpClass): 200 GET http://10.180.1.21/compute/v2.1/servers/257f9d36-bd6f-410a-a8d8-bba2e862b131 0.053s
2025-05-14 06:18:57.602 69659 INFO tempest.lib.common.rest_client [req-d0d3405d-4ed0-49b3-b14d-ea672ce1aeba req-d0d3405d-4ed0-49b3-b14d-ea672ce1aeba ] Request (VolumesAssistedSnapshotsTest:tearDownClass): 200 GET http://10.180.1.21/compute/v2.1/servers/2dfce727-3973-48b4-9326-a2fa2a64779e 0.071s
2025-05-14 06:18:57.606 69679 INFO tempest.lib.common.rest_client [req-f3ac6daa-a61d-4309-a57b-d590acc13cfd req-f3ac6daa-a61d-4309-a57b-d590acc13cfd ] Request (ServersAaction247Test:tearDownClass): 200 GET http://10.180.1.21/compute/v2.1/servers/0b294da9-d4c6-47ce-bfad-682acfe3f261 0.068s
2025-05-14 06:18:57.654 69701 INFO tempest.lib.common.rest_client [req-c599644b-dd8a-469b-af39-6c01a5fce2dd req-c599644b-dd8a-469b-af39-6c01a5fce2dd ] Request (ServersAdminNegativeTestJSON:setUpClass): 200 GET http://10.180.1.21/compute/v2.1/servers/63c431fc-2eba-4384-90df-38d924c83407 0.064s
2025-05-14 06:18:57.670 69687 INFO tempest.lib.common.rest_client [req-a7ee0e42-92e7-4e94-b89e-c79c9018a4e0 req-a7ee0e42-92e7-4e94-b89e-c79c9018a4e0 ] Request (TenantUsagesTestJSON:tearDownClass): 200 GET http://10.180.1.21/compute/v2.1/servers/6b7b1903-2dd5-45a0-b195-7669dbcf9fc3 0.061s
2025-05-14 06:18:57.723 69661 INFO tempest.lib.common.rest_client [req-3352dc24-9fb6-45ae-86b6-316dfdc72777 req-3352dc24-9fb6-45ae-86b6-316dfdc72777 ] Request (FloatingIPsAssociationTestJSON:tearDownClass): 200 GET http://10.180.1.21/compute/v2.1/servers/11fbad6e-6d44-41b8-863b-55cbda4faacd 0.058s
2025-05-14 06:18:57.739 69707 INFO tempest.lib.common.rest_client [req-54af297e-70d7-4516-87f2-d7ea93f40cd6 req-54af297e-70d7-4516-87f2-d7ea93f40cd6 ] Request (InstanceActionsV221TestJSON:test_get_list_deleted_instance_actions): 200 GET http://10.180.1.21/compute/v2.1/servers/9f2f209a-8b24-432d-80ea-c81c6464ab09 0.057s
2025-05-14 06:18:57.803 69651 INFO tempest.lib.common.rest_client [req-73414076-6b5d-4896-9c2f-03b8cbc85eee req-73414076-6b5d-4896-9c2f-03b8cbc85eee ] Request (ServersListShow296Test:test_list_show_update_rebuild_server_296): 200 GET http://10.180.1.21/compute/v2.1/servers/7a8a93ab-8e2a-40e9-8f91-df749f7391bc 0.062s
2025-05-14 06:18:57.900 69669 INFO tempest.lib.common.rest_client [req-6d29268d-14a2-44e2-965f-4727e6011181 req-6d29268d-14a2-44e2-965f-4727e6011181 ] Request (ServersV294TestFqdnHostnames:tearDownClass): 200 GET http://10.180.1.21/compute/v2.1/servers/1bd449dc-7011-4fad-956b-0bd23c946441 0.077s
2025-05-14 06:18:57.930 69693 INFO tempest.lib.common.rest_client [req-df9b3cf5-bd35-4367-946a-79d2f15311cc req-df9b3cf5-bd35-4367-946a-79d2f15311cc ] Request (ListServersNegativeTestJSON:setUpClass): 200 GET http://10.180.1.21/compute/v2.1/servers/9d4d98af-ee8b-4311-ac78-a566fa59e207 0.117s
2025-05-14 06:18:57.954 69665 INFO tempest.lib.common.rest_client [req-7c7e8091-c167-46ca-9887-8813d107166c req-7c7e8091-c167-46ca-9887-8813d107166c ] Request (ServersAdminTestJSON:test_inject_network_info): 200 GET http://10.180.1.21/compute/v2.1/servers/6da1f33f-0bb2-4a90-a69b-502d50ee2af1 0.065s
2025-05-14 06:18:57.999 69667 INFO tempest.lib.common.rest_client [req-81b2aaeb-f9a5-4344-87db-df3f8eabf9b8 req-81b2aaeb-f9a5-4344-87db-df3f8eabf9b8 ] Request (AttachInterfacesTestJSON:_run_cleanups): 200 GET http://10.180.1.21/compute/v2.1/servers/fbad53ec-e242-43ce-b7e9-75f4e1ce69f6 0.108s
2025-05-14 06:18:58.025 69695 INFO tempest.lib.common.rest_client [req-9d089ffa-cf58-4e05-88af-20877ae9e346 req-9d089ffa-cf58-4e05-88af-20877ae9e346 ] Request (ImagesOneServerNegativeTestJSON:_run_cleanups): 200 GET http://10.180.1.21/compute/v2.1/servers/c55f207e-511e-44c0-ad4c-0415a9d94755 0.072s
2025-05-14 06:18:58.035 69677 INFO tempest.lib.common.rest_client [req-28fcdd3f-ce61-48cb-ac2f-348f858e4b47 req-28fcdd3f-ce61-48cb-ac2f-348f858e4b47 ] Request (ImagesOneServerTestJSON:test_create_image_specify_multibyte_character_image_name): 200 GET http://10.180.1.21/compute/v2.1/images/07058f5c-ba43-4601-9b50-f170070e8dae 0.056s
2025-05-14 06:18:58.087 69675 INFO tempest.lib.common.rest_client [req-4813ac87-17bf-40cc-b93b-2adb2030dc03 req-4813ac87-17bf-40cc-b93b-2adb2030dc03 ] Request (ServersTestMultiNic:_run_cleanups): 200 GET http://10.180.1.21/compute/v2.1/servers/f8d1b31e-dae8-49e2-bc09-f35b5ce5a676 0.103s
2025-05-14 06:18:58.105 69681 INFO tempest.lib.common.rest_client [req-9c4d988e-1004-4c06-ba5f-f05ff7d8d5fc req-9c4d988e-1004-4c06-ba5f-f05ff7d8d5fc ] Request (ServersTestJSON:test_create_server_specify_multibyte_character_name): 200 GET http://10.180.1.21/compute/v2.1/servers/0ca17a0f-73d1-4a32-b1df-a3e89f7bf386 0.060s
2025-05-14 06:18:58.145 69713 INFO tempest.lib.common.rest_client [req-43314cb1-4207-4eee-9167-1a11b6caf9bb req-43314cb1-4207-4eee-9167-1a11b6caf9bb ] Request (ServersTestManualDisk:tearDownClass): 200 GET http://10.180.1.21/compute/v2.1/servers/d97c3b3d-e9b2-46b0-87e7-f6660de013ca 0.099s
2025-05-14 06:18:58.183 69657 INFO tempest.lib.common.rest_client [req-e9fb6830-9e85-4a4c-9f4a-16a35ea44339 req-e9fb6830-9e85-4a4c-9f4a-16a35ea44339 ] Request (ServerDiagnosticsV248Test:tearDownClass): 200 GET http://10.180.1.21/compute/v2.1/servers/1b1a56e1-6fbb-485e-a802-7acffe4ccb3e 0.073s
2025-05-14 06:18:58.201 69653 INFO tempest.lib.common.rest_client [req-7a9c1802-988b-4e79-b251-06b721ee1d4e req-7a9c1802-988b-4e79-b251-06b721ee1d4e ] Request (ServersTestJSON:setUpClass): 200 GET http://10.180.1.21/compute/v2.1/servers/f8b9e3a2-7519-4801-80d5-6fc96920bcfe 0.080s
2025-05-14 06:18:58.240 69705 INFO tempest.lib.common.rest_client [req-00494ab0-9e46-452d-a82b-f1f60fd1f131 req-00494ab0-9e46-452d-a82b-f1f60fd1f131 ] Request (ServerDiskConfigTestJSON:test_rebuild_server_with_manual_disk_config): 200 GET http://10.180.1.21/compute/v2.1/servers/f46ab4a0-a375-4d93-9cb6-0c0823fabbe4 0.086s
2025-05-14 06:18:58.265 69685 INFO tempest.lib.common.rest_client [req-ff655ffe-0c1f-4b12-b10c-70c46512045b req-ff655ffe-0c1f-4b12-b10c-70c46512045b ] Request (SecurityGroupsTestJSON:test_server_security_groups): 200 GET http://10.180.1.21/compute/v2.1/servers/ffd5b288-3fd6-409e-a4cf-69894dd8d62c 0.096s
2025-05-14 06:18:58.304 69689 INFO tempest.lib.common.rest_client [req-2a6fec13-489e-41a7-a8d1-199a85866cfb req-2a6fec13-489e-41a7-a8d1-199a85866cfb ] Request (ServersListShow2100Test:test_list_show_rebuild_update_server_2100): 200 GET http://10.180.1.21/compute/v2.1/servers/67cfedae-c64c-4b5b-abef-fb675497edc7 0.067s
2025-05-14 06:18:58.342 69711 INFO tempest.lib.common.rest_client [req-24fe8bd8-c852-4d43-a895-a74d610aec22 req-24fe8bd8-c852-4d43-a895-a74d610aec22 ] Request (ServerRescueTestJSONUnderV235:setUpClass): 200 GET http://10.180.1.21/compute/v2.1/servers/0a570f28-2b57-463e-a1a1-c8e073763c90 0.054s
2025-05-14 06:18:58.411 69671 INFO tempest.lib.common.rest_client [req-6e7b79b9-3fbe-4e2f-8676-d93cd463332b req-6e7b79b9-3fbe-4e2f-8676-d93cd463332b ] Request (ServersTestBootFromVolume:setUpClass): 200 GET http://10.180.1.21/compute/v2.1/servers/166e9b2f-cd18-4498-82c8-47a5085961f8 0.059s
2025-05-14 06:18:58.414 69691 INFO tempest.lib.common.rest_client [req-495daff8-7271-4a07-8d3c-e4fca2338ff9 req-495daff8-7271-4a07-8d3c-e4fca2338ff9 ] Request (ListImageFiltersTestJSON:setUpClass): 200 GET http://10.180.1.21/compute/v2.1/servers/8ac8a233-7f92-437d-ae1f-7e80d7286796 0.115s
2025-05-14 06:18:58.482 69655 INFO tempest.lib.common.rest_client [req-761110d9-9f81-494e-baf0-84d0a7971b24 req-761110d9-9f81-494e-baf0-84d0a7971b24 ] Request (ServersWithSpecificFlavorTestJSON:test_verify_created_server_ephemeral_disk): 200 GET http://10.180.1.21/compute/v2.1/servers/281be6bd-4961-4ce5-9179-98256244069a 0.072s
2025-05-14 06:18:58.487 69683 INFO tempest.lib.common.rest_client [req-5407996f-80e2-47bd-8e77-41261aac8e85 req-5407996f-80e2-47bd-8e77-41261aac8e85 ] Request (ServersAdmin275Test:_run_cleanups): 200 GET http://10.180.1.21/compute/v2.1/servers/4b053f7e-254c-439c-81cc-f336d193712d 0.135s
2025-05-14 06:18:58.538 69697 INFO tempest.lib.common.rest_client [req-6a366082-2a59-48c2-8f93-d1545d4c5c53 req-6a366082-2a59-48c2-8f93-d1545d4c5c53 ] Request (ServerActionsTestJSON:setUpClass): 200 GET http://10.180.1.21/compute/v2.1/servers/d3941c63-5974-4a1b-9e79-f4df050659cd 0.120s
2025-05-14 06:18:58.553 69663 INFO tempest.lib.common.rest_client [req-e6783ab5-eb29-498c-b1c9-92a232b47b34 req-e6783ab5-eb29-498c-b1c9-92a232b47b34 ] Request (ImagesTestJSON:test_create_image_from_suspended_server): 200 GET http://10.180.1.21/compute/v2.1/servers/14dd4ccb-14cd-410b-aaa4-de45334edeca 0.064s
2025-05-14 06:18:58.595 69703 INFO tempest.lib.common.rest_client [req-6fb654dd-276f-47bf-b28b-720c11a79c41 req-6fb654dd-276f-47bf-b28b-720c11a79c41 ] Request (InstanceActionsTestJSON:setUpClass): 200 GET http://10.180.1.21/compute/v2.1/servers/257f9d36-bd6f-410a-a8d8-bba2e862b131 0.090s
2025-05-14 06:18:58.687 69679 INFO tempest.lib.common.rest_client [req-75968f60-edb2-40d1-9e6b-7044ebabcaaf req-75968f60-edb2-40d1-9e6b-7044ebabcaaf ] Request (ServersAaction247Test:tearDownClass): 200 GET http://10.180.1.21/compute/v2.1/servers/0b294da9-d4c6-47ce-bfad-682acfe3f261 0.070s
2025-05-14 06:18:58.688 69659 INFO tempest.lib.common.rest_client [req-2218703f-07f0-4848-b38e-48621ac142f1 req-2218703f-07f0-4848-b38e-48621ac142f1 ] Request (VolumesAssistedSnapshotsTest:tearDownClass): 200 GET http://10.180.1.21/compute/v2.1/servers/2dfce727-3973-48b4-9326-a2fa2a64779e 0.077s
2025-05-14 06:18:58.742 69701 INFO tempest.lib.common.rest_client [req-130970ea-325c-4e90-889d-0d4fc421e5bb req-130970ea-325c-4e90-889d-0d4fc421e5bb ] Request (ServersAdminNegativeTestJSON:setUpClass): 200 GET http://10.180.1.21/compute/v2.1/servers/63c431fc-2eba-4384-90df-38d924c83407 0.081s
2025-05-14 06:18:58.748 69687 INFO tempest.lib.common.rest_client [req-8e476304-4b6a-4c1d-93b2-1387e76819bd req-8e476304-4b6a-4c1d-93b2-1387e76819bd ] Request (TenantUsagesTestJSON:tearDownClass): 200 GET http://10.180.1.21/compute/v2.1/servers/6b7b1903-2dd5-45a0-b195-7669dbcf9fc3 0.069s
2025-05-14 06:18:58.821 69707 INFO tempest.lib.common.rest_client [req-dd1ffac4-78f3-4385-b35e-eb302888018d req-dd1ffac4-78f3-4385-b35e-eb302888018d ] Request (InstanceActionsV221TestJSON:test_get_list_deleted_instance_actions): 200 GET http://10.180.1.21/compute/v2.1/servers/9f2f209a-8b24-432d-80ea-c81c6464ab09 0.073s
2025-05-14 06:18:58.822 69661 INFO tempest.lib.common.rest_client [req-df6e7424-cd34-4c52-a8e6-0ef5c2c6ac02 req-df6e7424-cd34-4c52-a8e6-0ef5c2c6ac02 ] Request (FloatingIPsAssociationTestJSON:tearDownClass): 200 GET http://10.180.1.21/compute/v2.1/servers/11fbad6e-6d44-41b8-863b-55cbda4faacd 0.090s
2025-05-14 06:18:58.904 69651 INFO tempest.lib.common.rest_client [req-38265d27-ed9e-45e1-8cb9-fad05860a76c req-38265d27-ed9e-45e1-8cb9-fad05860a76c ] Request (ServersListShow296Test:test_list_show_update_rebuild_server_296): 200 GET http://10.180.1.21/compute/v2.1/servers/7a8a93ab-8e2a-40e9-8f91-df749f7391bc 0.091s
2025-05-14 06:18:58.976 69669 INFO tempest.lib.common.rest_client [req-69b68a77-c388-4c7b-a7dc-6e2e3611e276 req-69b68a77-c388-4c7b-a7dc-6e2e3611e276 ] Request (ServersV294TestFqdnHostnames:tearDownClass): 200 GET http://10.180.1.21/compute/v2.1/servers/1bd449dc-7011-4fad-956b-0bd23c946441 0.065s
2025-05-14 06:18:59.036 69665 INFO tempest.lib.common.rest_client [req-8dacbddd-0320-457e-9d50-541eca7bc8ee req-8dacbddd-0320-457e-9d50-541eca7bc8ee ] Request (ServersAdminTestJSON:test_inject_network_info): 200 GET http://10.180.1.21/compute/v2.1/servers/6da1f33f-0bb2-4a90-a69b-502d50ee2af1 0.073s
2025-05-14 06:18:59.098 69667 INFO tempest.lib.common.rest_client [req-8953daec-ca7e-48ba-bf5c-7a8505560e8d req-8953daec-ca7e-48ba-bf5c-7a8505560e8d ] Request (AttachInterfacesTestJSON:_run_cleanups): 200 GET http://10.180.1.21/compute/v2.1/servers/fbad53ec-e242-43ce-b7e9-75f4e1ce69f6 0.090s
2025-05-14 06:18:59.101 69693 INFO tempest.lib.common.rest_client [req-59088b20-a823-45c4-9e9e-6cf179b39942 req-59088b20-a823-45c4-9e9e-6cf179b39942 ] Request (ListServersNegativeTestJSON:setUpClass): 200 GET http://10.180.1.21/compute/v2.1/servers/9d4d98af-ee8b-4311-ac78-a566fa59e207 0.162s
2025-05-14 06:18:59.137 69677 INFO tempest.lib.common.rest_client [req-42f08639-36f4-49b0-b955-ca6fe9d9c530 req-42f08639-36f4-49b0-b955-ca6fe9d9c530 ] Request (ImagesOneServerTestJSON:test_create_image_specify_multibyte_character_image_name): 200 GET http://10.180.1.21/compute/v2.1/images/07058f5c-ba43-4601-9b50-f170070e8dae 0.098s
2025-05-14 06:18:59.155 69695 INFO tempest.lib.common.rest_client [req-55adecba-d8e7-4823-af7b-f4d4b2aef8ab req-55adecba-d8e7-4823-af7b-f4d4b2aef8ab ] Request (ImagesOneServerNegativeTestJSON:_run_cleanups): 200 GET http://10.180.1.21/compute/v2.1/servers/c55f207e-511e-44c0-ad4c-0415a9d94755 0.120s
2025-05-14 06:18:59.159 69675 INFO tempest.lib.common.rest_client [req-371bb4c1-4482-4328-9d73-78efa355698f req-371bb4c1-4482-4328-9d73-78efa355698f ] Request (ServersTestMultiNic:_run_cleanups): 404 GET http://10.180.1.21/compute/v2.1/servers/f8d1b31e-dae8-49e2-bc09-f35b5ce5a676 0.064s
2025-05-14 06:18:59.202 69681 INFO tempest.lib.common.rest_client [req-9b129192-6995-48f0-a4a1-16f8a9d23a90 req-9b129192-6995-48f0-a4a1-16f8a9d23a90 ] Request (ServersTestJSON:test_create_server_specify_multibyte_character_name): 200 GET http://10.180.1.21/compute/v2.1/servers/0ca17a0f-73d1-4a32-b1df-a3e89f7bf386 0.089s
2025-05-14 06:18:59.229 69713 INFO tempest.lib.common.rest_client [req-082b97bf-d35c-4963-a959-5d64d9f5b506 req-082b97bf-d35c-4963-a959-5d64d9f5b506 ] Request (ServersTestManualDisk:tearDownClass): 200 GET http://10.180.1.21/compute/v2.1/servers/d97c3b3d-e9b2-46b0-87e7-f6660de013ca 0.076s
2025-05-14 06:18:59.267 69657 INFO tempest.lib.common.rest_client [req-f81060cb-ad6c-49e1-adb9-fc2b9c801696 req-f81060cb-ad6c-49e1-adb9-fc2b9c801696 ] Request (ServerDiagnosticsV248Test:tearDownClass): 200 GET http://10.180.1.21/compute/v2.1/servers/1b1a56e1-6fbb-485e-a802-7acffe4ccb3e 0.074s
2025-05-14 06:18:59.279 69653 INFO tempest.lib.common.rest_client [req-c6511b91-1722-4822-b239-112c1797d024 req-c6511b91-1722-4822-b239-112c1797d024 ] Request (ServersTestJSON:setUpClass): 200 GET http://10.180.1.21/compute/v2.1/servers/f8b9e3a2-7519-4801-80d5-6fc96920bcfe 0.069s
2025-05-14 06:18:59.310 69675 INFO tempest.lib.common.rest_client [req-a3a67584-54e4-4ec0-95bb-3d3a17b34872 req-a3a67584-54e4-4ec0-95bb-3d3a17b34872 ] Request (ServersTestMultiNic:_run_cleanups): 204 DELETE http://10.180.1.21:9696/networking/v2.0/subnets/9a203d6a-13b4-405f-a443-09160ad3653f 0.150s
2025-05-14 06:18:59.332 69705 INFO tempest.lib.common.rest_client [req-86df6cb9-d0fc-4ef8-b73d-b12afbc244f5 req-86df6cb9-d0fc-4ef8-b73d-b12afbc244f5 ] Request (ServerDiskConfigTestJSON:test_rebuild_server_with_manual_disk_config): 200 GET http://10.180.1.21/compute/v2.1/servers/f46ab4a0-a375-4d93-9cb6-0c0823fabbe4 0.083s
2025-05-14 06:18:59.337 69685 INFO tempest.lib.common.rest_client [req-c931aafb-d87f-4304-bc37-2549eaf30161 req-c931aafb-d87f-4304-bc37-2549eaf30161 ] Request (SecurityGroupsTestJSON:test_server_security_groups): 200 GET http://10.180.1.21/compute/v2.1/servers/ffd5b288-3fd6-409e-a4cf-69894dd8d62c 0.061s
2025-05-14 06:18:59.400 69689 INFO tempest.lib.common.rest_client [req-0df5d6fe-4981-4781-964d-0c1873622d48 req-0df5d6fe-4981-4781-964d-0c1873622d48 ] Request (ServersListShow2100Test:test_list_show_rebuild_update_server_2100): 200 GET http://10.180.1.21/compute/v2.1/servers/67cfedae-c64c-4b5b-abef-fb675497edc7 0.083s
2025-05-14 06:18:59.408 69711 INFO tempest.lib.common.rest_client [req-ebfe6803-9073-4716-905d-178bf0da4bbf req-ebfe6803-9073-4716-905d-178bf0da4bbf ] Request (ServerRescueTestJSONUnderV235:setUpClass): 200 GET http://10.180.1.21/compute/v2.1/servers/0a570f28-2b57-463e-a1a1-c8e073763c90 0.058s
2025-05-14 06:18:59.484 69671 INFO tempest.lib.common.rest_client [req-27ae6b41-50da-43b3-be4b-d0340435182a req-27ae6b41-50da-43b3-be4b-d0340435182a ] Request (ServersTestBootFromVolume:setUpClass): 200 GET http://10.180.1.21/compute/v2.1/servers/166e9b2f-cd18-4498-82c8-47a5085961f8 0.064s
2025-05-14 06:18:59.543 69691 INFO tempest.lib.common.rest_client [req-871da9c8-d3c3-4484-b4f7-b250247dbed4 req-871da9c8-d3c3-4484-b4f7-b250247dbed4 ] Request (ListImageFiltersTestJSON:setUpClass): 200 GET http://10.180.1.21/compute/v2.1/servers/8ac8a233-7f92-437d-ae1f-7e80d7286796 0.117s
2025-05-14 06:18:59.556 69691 INFO tempest.common.waiters [-] State transition "ACTIVE/image_uploading" ==> "ACTIVE/None" after 2 second wait
2025-05-14 06:18:59.566 69655 INFO tempest.lib.common.rest_client [req-0dd6a617-464f-4c3b-bd56-afee4cc61307 req-0dd6a617-464f-4c3b-bd56-afee4cc61307 ] Request (ServersWithSpecificFlavorTestJSON:test_verify_created_server_ephemeral_disk): 200 GET http://10.180.1.21/compute/v2.1/servers/281be6bd-4961-4ce5-9179-98256244069a 0.069s
2025-05-14 06:18:59.580 69675 INFO tempest.lib.common.rest_client [req-5abb7702-3b27-49a0-a458-b20e04840a3a req-5abb7702-3b27-49a0-a458-b20e04840a3a ] Request (ServersTestMultiNic:_run_cleanups): 204 DELETE http://10.180.1.21:9696/networking/v2.0/networks/50e45efb-af1f-40c3-bf34-5b9b4e623391 0.269s
2025-05-14 06:18:59.608 69683 INFO tempest.lib.common.rest_client [req-8787df55-8ab0-4641-84d6-e0f5530cc8c1 req-8787df55-8ab0-4641-84d6-e0f5530cc8c1 ] Request (ServersAdmin275Test:_run_cleanups): 200 GET http://10.180.1.21/compute/v2.1/servers/4b053f7e-254c-439c-81cc-f336d193712d 0.109s
2025-05-14 06:18:59.619 69683 INFO tempest.common.waiters [-] State transition "REBUILD/rebuild_spawning" ==> "ACTIVE/None" after 10 second wait
2025-05-14 06:18:59.630 69697 INFO tempest.lib.common.rest_client [req-1ef2dd04-3e82-48ad-8eb6-0c21f6c2c1a3 req-1ef2dd04-3e82-48ad-8eb6-0c21f6c2c1a3 ] Request (ServerActionsTestJSON:setUpClass): 200 GET http://10.180.1.21/compute/v2.1/servers/d3941c63-5974-4a1b-9e79-f4df050659cd 0.084s
2025-05-14 06:18:59.686 69663 INFO tempest.lib.common.rest_client [req-858cb9fa-74cf-480c-9e6a-2b5816fe1ba3 req-858cb9fa-74cf-480c-9e6a-2b5816fe1ba3 ] Request (ImagesTestJSON:test_create_image_from_suspended_server): 200 GET http://10.180.1.21/compute/v2.1/servers/14dd4ccb-14cd-410b-aaa4-de45334edeca 0.125s
2025-05-14 06:18:59.715 69675 INFO tempest.lib.common.rest_client [req-295b87b8-c2a4-4d18-9977-29237e3e83a1 req-295b87b8-c2a4-4d18-9977-29237e3e83a1 ] Request (ServersTestMultiNic:_run_cleanups): 204 DELETE http://10.180.1.21:9696/networking/v2.0/subnets/29af4252-01fe-42dc-9d97-2a5032150838 0.134s
2025-05-14 06:18:59.743 69703 INFO tempest.lib.common.rest_client [req-b2244c77-d8ec-48da-8623-d9898c1c2f77 req-b2244c77-d8ec-48da-8623-d9898c1c2f77 ] Request (InstanceActionsTestJSON:setUpClass): 200 GET http://10.180.1.21/compute/v2.1/servers/257f9d36-bd6f-410a-a8d8-bba2e862b131 0.138s
2025-05-14 06:18:59.827 69683 INFO tempest.lib.common.rest_client [req-9fa07b6d-5879-4bcb-b2cd-330347818105 req-9fa07b6d-5879-4bcb-b2cd-330347818105 ] Request (ServersAdmin275Test:tearDownClass): 204 DELETE http://10.180.1.21/compute/v2.1/servers/4b053f7e-254c-439c-81cc-f336d193712d 0.205s
2025-05-14 06:18:59.914 69659 INFO tempest.lib.common.rest_client [req-ec8f5524-72f1-449d-836f-ec647642582b req-ec8f5524-72f1-449d-836f-ec647642582b ] Request (VolumesAssistedSnapshotsTest:tearDownClass): 200 GET http://10.180.1.21/compute/v2.1/servers/2dfce727-3973-48b4-9326-a2fa2a64779e 0.217s
2025-05-14 06:18:59.943 69675 INFO tempest.lib.common.rest_client [req-4141cd56-3c0b-4442-86bd-6f92c06a4575 req-4141cd56-3c0b-4442-86bd-6f92c06a4575 ] Request (ServersTestMultiNic:_run_cleanups): 204 DELETE http://10.180.1.21:9696/networking/v2.0/networks/96a6bff9-5e32-4a19-b152-20f8cc438644 0.228s
2025-05-14 06:18:59.987 69679 INFO tempest.lib.common.rest_client [req-48757abc-69b6-4688-8f7e-7398829d22fd req-48757abc-69b6-4688-8f7e-7398829d22fd ] Request (ServersAaction247Test:tearDownClass): 200 GET http://10.180.1.21/compute/v2.1/servers/0b294da9-d4c6-47ce-bfad-682acfe3f261 0.288s
2025-05-14 06:19:00.055 69701 INFO tempest.lib.common.rest_client [req-70fe9a0c-e443-4384-ab13-524c7c8af938 req-70fe9a0c-e443-4384-ab13-524c7c8af938 ] Request (ServersAdminNegativeTestJSON:setUpClass): 200 GET http://10.180.1.21/compute/v2.1/servers/63c431fc-2eba-4384-90df-38d924c83407 0.305s
2025-05-14 06:19:00.121 69687 INFO tempest.lib.common.rest_client [req-59b69279-331c-4476-9b7c-5bb3d9a20e35 req-59b69279-331c-4476-9b7c-5bb3d9a20e35 ] Request (TenantUsagesTestJSON:tearDownClass): 200 GET http://10.180.1.21/compute/v2.1/servers/6b7b1903-2dd5-45a0-b195-7669dbcf9fc3 0.363s
2025-05-14 06:19:00.137 69691 INFO tempest.lib.common.rest_client [req-3ba176ae-a3d6-451b-bdfc-fcc5f418a9cd req-3ba176ae-a3d6-451b-bdfc-fcc5f418a9cd ] Request (ListImageFiltersTestJSON:setUpClass): 202 POST http://10.180.1.21/compute/v2.1/servers/b6681b5b-3c27-44a4-ad39-5c7782dbd48a/action 0.580s
2025-05-14 06:19:00.144 69675 INFO tempest.lib.common.rest_client [req-aaa60ec1-d600-409a-b8ed-fdf542475aec req-aaa60ec1-d600-409a-b8ed-fdf542475aec ] Request (ServersTestMultiNic:test_verify_multiple_nics_order): 201 POST http://10.180.1.21:9696/networking/v2.0/networks 0.199s
2025-05-14 06:19:00.189 69683 INFO tempest.lib.common.rest_client [req-66a20f94-3ea8-4ba8-9b21-09b4ac09bf7e req-66a20f94-3ea8-4ba8-9b21-09b4ac09bf7e ] Request (ServersAdmin275Test:tearDownClass): 200 GET http://10.180.1.21/compute/v2.1/servers/4b053f7e-254c-439c-81cc-f336d193712d 0.362s
2025-05-14 06:19:00.212 69661 INFO tempest.lib.common.rest_client [req-e6b12477-4714-4405-845b-9331278c7f46 req-e6b12477-4714-4405-845b-9331278c7f46 ] Request (FloatingIPsAssociationTestJSON:tearDownClass): 200 GET http://10.180.1.21/compute/v2.1/servers/11fbad6e-6d44-41b8-863b-55cbda4faacd 0.381s
2025-05-14 06:19:00.269 69707 INFO tempest.lib.common.rest_client [req-33707523-fbdc-4b8b-a803-24fafc853259 req-33707523-fbdc-4b8b-a803-24fafc853259 ] Request (InstanceActionsV221TestJSON:test_get_list_deleted_instance_actions): 200 GET http://10.180.1.21/compute/v2.1/servers/9f2f209a-8b24-432d-80ea-c81c6464ab09 0.432s
2025-05-14 06:19:00.281 69651 INFO tempest.lib.common.rest_client [req-ba567d6c-7192-4c47-acb2-ae1946c0100c req-ba567d6c-7192-4c47-acb2-ae1946c0100c ] Request (ServersListShow296Test:test_list_show_update_rebuild_server_296): 200 GET http://10.180.1.21/compute/v2.1/servers/7a8a93ab-8e2a-40e9-8f91-df749f7391bc 0.365s
2025-05-14 06:19:00.339 69665 INFO tempest.lib.common.rest_client [req-0599363f-6f91-4c59-b2ba-6a689797786a req-0599363f-6f91-4c59-b2ba-6a689797786a ] Request (ServersAdminTestJSON:test_inject_network_info): 200 GET http://10.180.1.21/compute/v2.1/servers/6da1f33f-0bb2-4a90-a69b-502d50ee2af1 0.293s
2025-05-14 06:19:00.363 69669 INFO tempest.lib.common.rest_client [req-6a5bab3f-73ae-4c22-96ba-84907e5c3a40 req-6a5bab3f-73ae-4c22-96ba-84907e5c3a40 ] Request (ServersV294TestFqdnHostnames:tearDownClass): 200 GET http://10.180.1.21/compute/v2.1/servers/1bd449dc-7011-4fad-956b-0bd23c946441 0.372s
2025-05-14 06:19:00.409 69667 INFO tempest.lib.common.rest_client [req-4ced1934-de3d-4b9d-81b5-f4f97249d911 req-4ced1934-de3d-4b9d-81b5-f4f97249d911 ] Request (AttachInterfacesTestJSON:_run_cleanups): 200 GET http://10.180.1.21/compute/v2.1/servers/fbad53ec-e242-43ce-b7e9-75f4e1ce69f6 0.303s
2025-05-14 06:19:00.447 69691 INFO tempest.lib.common.rest_client [req-c232d4f0-8b3e-4bb9-8652-b5d5839b9322 req-c232d4f0-8b3e-4bb9-8652-b5d5839b9322 ] Request (ListImageFiltersTestJSON:setUpClass): 200 GET http://10.180.1.21/compute/v2.1/images/7dbc6a70-e73f-41fe-adac-86bc7c163487 0.308s
2025-05-14 06:19:00.467 69675 INFO tempest.lib.common.rest_client [req-b7b20afb-8cb3-4275-aaf2-fc81e20cd779 req-b7b20afb-8cb3-4275-aaf2-fc81e20cd779 ] Request (ServersTestMultiNic:test_verify_multiple_nics_order): 201 POST http://10.180.1.21:9696/networking/v2.0/subnets 0.323s
2025-05-14 06:19:00.481 69677 INFO tempest.lib.common.rest_client [req-474b49b0-72f4-44e9-819d-c6b30cd76dfd req-474b49b0-72f4-44e9-819d-c6b30cd76dfd ] Request (ImagesOneServerTestJSON:test_create_image_specify_multibyte_character_image_name): 200 GET http://10.180.1.21/compute/v2.1/images/07058f5c-ba43-4601-9b50-f170070e8dae 0.340s
2025-05-14 06:19:00.485 69693 INFO tempest.lib.common.rest_client [req-e3f69a53-e351-4359-b82f-1da353bbad28 req-e3f69a53-e351-4359-b82f-1da353bbad28 ] Request (ListServersNegativeTestJSON:setUpClass): 200 GET http://10.180.1.21/compute/v2.1/servers/9d4d98af-ee8b-4311-ac78-a566fa59e207 0.373s
2025-05-14 06:19:00.540 69681 INFO tempest.lib.common.rest_client [req-d10fed69-d192-403f-8733-13204daac810 req-d10fed69-d192-403f-8733-13204daac810 ] Request (ServersTestJSON:test_create_server_specify_multibyte_character_name): 200 GET http://10.180.1.21/compute/v2.1/servers/0ca17a0f-73d1-4a32-b1df-a3e89f7bf386 0.328s
2025-05-14 06:19:00.546 69695 INFO tempest.lib.common.rest_client [req-b9e627bb-4c86-4b23-8bfb-25fbe979ab69 req-b9e627bb-4c86-4b23-8bfb-25fbe979ab69 ] Request (ImagesOneServerNegativeTestJSON:_run_cleanups): 200 GET http://10.180.1.21/compute/v2.1/servers/c55f207e-511e-44c0-ad4c-0415a9d94755 0.383s
2025-05-14 06:19:00.584 69675 INFO tempest.lib.common.rest_client [req-91f1921e-000e-487a-9db0-6c38e3efe111 req-91f1921e-000e-487a-9db0-6c38e3efe111 ] Request (ServersTestMultiNic:test_verify_multiple_nics_order): 201 POST http://10.180.1.21:9696/networking/v2.0/networks 0.116s
2025-05-14 06:19:00.597 69713 INFO tempest.lib.common.rest_client [req-9f09be8f-3c13-4a67-bf15-5b947517a43c req-9f09be8f-3c13-4a67-bf15-5b947517a43c ] Request (ServersTestManualDisk:tearDownClass): 200 GET http://10.180.1.21/compute/v2.1/servers/d97c3b3d-e9b2-46b0-87e7-f6660de013ca 0.351s
2025-05-14 06:19:00.611 69657 INFO tempest.lib.common.rest_client [req-93c324c8-fde4-46bf-8f11-56360545dd42 req-93c324c8-fde4-46bf-8f11-56360545dd42 ] Request (ServerDiagnosticsV248Test:tearDownClass): 200 GET http://10.180.1.21/compute/v2.1/servers/1b1a56e1-6fbb-485e-a802-7acffe4ccb3e 0.334s
2025-05-14 06:19:00.659 69653 INFO tempest.lib.common.rest_client [req-06edadee-3cc5-4b59-92b3-c77c9fb3344d req-06edadee-3cc5-4b59-92b3-c77c9fb3344d ] Request (ServersTestJSON:setUpClass): 200 GET http://10.180.1.21/compute/v2.1/servers/f8b9e3a2-7519-4801-80d5-6fc96920bcfe 0.370s
2025-05-14 06:19:00.668 69705 INFO tempest.lib.common.rest_client [req-923ec840-d4f3-49b3-9a1e-d637a3998432 req-923ec840-d4f3-49b3-9a1e-d637a3998432 ] Request (ServerDiskConfigTestJSON:test_rebuild_server_with_manual_disk_config): 200 GET http://10.180.1.21/compute/v2.1/servers/f46ab4a0-a375-4d93-9cb6-0c0823fabbe4 0.320s
2025-05-14 06:19:00.707 69685 INFO tempest.lib.common.rest_client [req-4d4af8a7-a383-4ebd-b2e6-a6bbd631ffd3 req-4d4af8a7-a383-4ebd-b2e6-a6bbd631ffd3 ] Request (SecurityGroupsTestJSON:test_server_security_groups): 200 GET http://10.180.1.21/compute/v2.1/servers/ffd5b288-3fd6-409e-a4cf-69894dd8d62c 0.358s
2025-05-14 06:19:00.725 69711 INFO tempest.lib.common.rest_client [req-543d0995-98ee-49ba-ae73-1fec76107404 req-543d0995-98ee-49ba-ae73-1fec76107404 ] Request (ServerRescueTestJSONUnderV235:setUpClass): 200 GET http://10.180.1.21/compute/v2.1/servers/0a570f28-2b57-463e-a1a1-c8e073763c90 0.310s
