2024-12-11 06:47:09.427 65511 INFO tempest.lib.common.rest_client [req-54df9008-6cc3-4bf8-a9d6-fda85867918d req-54df9008-6cc3-4bf8-a9d6-fda85867918d ] Request (ListImageFiltersTestJSON:setUpClass): 204 PUT http://10.180.1.21/image/v2/images/01121155-6f92-4e89-ad06-4ff7464c1215/file 0.882s
2024-12-11 06:47:09.461 65545 INFO tempest.lib.common.rest_client [req-956bc6f1-9c34-4a5a-b7f2-d11adc1ad0f7 req-956bc6f1-9c34-4a5a-b7f2-d11adc1ad0f7 ] Request (ServerAddressesTestJSON:setUpClass): 201 POST http://10.180.1.21/identity/v3/users 0.086s
2024-12-11 06:47:09.469 65525 INFO tempest.lib.common.rest_client [req-0b185adc-b98c-4576-9d49-0f1bcbc02d32 req-0b185adc-b98c-4576-9d49-0f1bcbc02d32 ] Request (QuotaClassesAdminTestJSON:tearDownClass): 200 GET http://10.180.1.21:9696/networking/v2.0/security-groups?tenant_id=b3ee90aab9d941299cc275e523b6f9d0&name=default 0.468s
2024-12-11 06:47:09.479 65537 INFO tempest.lib.common.rest_client [req-3b31953d-bc5d-4835-9698-a5d41d1f727f req-3b31953d-bc5d-4835-9698-a5d41d1f727f ] Request (InstanceUsageAuditLogNegativeTestJSON:tearDownClass): 204 DELETE http://10.180.1.21:9696/networking/v2.0/security-groups/7b4df517-b313-458a-8d2f-fac5f7d0950b 0.257s
2024-12-11 06:47:09.484 65545 INFO tempest.lib.common.rest_client [req-18e2b356-74e6-48d7-aeef-6419a8b602dc req-18e2b356-74e6-48d7-aeef-6419a8b602dc ] Request (ServerAddressesTestJSON:setUpClass): 200 GET http://10.180.1.21/identity/v3/roles 0.023s
2024-12-11 06:47:09.493 65557 INFO tempest.lib.common.rest_client [req-b0d95ec7-5c66-4e08-863e-95849c34b4bd req-b0d95ec7-5c66-4e08-863e-95849c34b4bd ] Request (HostsAdminTestJSON:test_show_host_detail): 200 GET http://10.180.1.21/compute/v2.1/os-hosts/cpu-1 1.254s
2024-12-11 06:47:09.515 65551 INFO tempest.lib.common.rest_client [req-0a201042-8bb3-4e13-9e36-c7a8898c0db8 req-0a201042-8bb3-4e13-9e36-c7a8898c0db8 ] Request (SecurityGroupsTestJSON:setUpClass): 201 POST http://10.180.1.21:9696/networking/v2.0/subnets 0.583s
2024-12-11 06:47:09.515 65545 INFO tempest.lib.common.rest_client [req-cb13c0a9-6996-4ab6-b1ec-1908260a6d04 req-cb13c0a9-6996-4ab6-b1ec-1908260a6d04 ] Request (ServerAddressesTestJSON:setUpClass): 204 PUT http://10.180.1.21/identity/v3/projects/94d333b7c7374cf2bd6220c6c6b1e5c7/users/1388d92f61c14ebdb9af89c5a7de92cd/roles/cc64a115fef74f16a3e24c50532ea470 0.029s
2024-12-11 06:47:09.515 65545 INFO tempest.lib.common.dynamic_creds [-] Dynamic test user 1388d92f61c14ebdb9af89c5a7de92cd is created with scope project and roles: ['member']
2024-12-11 06:47:09.515 65545 INFO tempest.lib.common.dynamic_creds [-] Acquired dynamic creds: credentials: Credentials: {'domain_id': 'default', 'domain_name': 'Default', 'username': 'tempest-ServerAddressesTestJSON-1661070043-project-member', 'project_domain_id': 'default', 'project_domain_name': 'Default', 'project_id': '94d333b7c7374cf2bd6220c6c6b1e5c7', 'project_name': 'tempest-ServerAddressesTestJSON-1661070043', 'tenant_id': '94d333b7c7374cf2bd6220c6c6b1e5c7', 'tenant_name': 'tempest-ServerAddressesTestJSON-1661070043', 'user_domain_id': 'default', 'user_domain_name': 'Default', 'user_id': '1388d92f61c14ebdb9af89c5a7de92cd', 'system': None}, Network: None, Subnet: None, Router: None
2024-12-11 06:47:09.549 65513 INFO tempest.lib.common.rest_client [req-f89bc8ce-fe6b-4646-931a-b251ed246eda req-f89bc8ce-fe6b-4646-931a-b251ed246eda ] Request (HypervisorAdminNegativeTestJSON:tearDownClass): 204 DELETE http://10.180.1.21:9696/networking/v2.0/security-groups/6812014b-5015-4d44-af31-f3d58508c234 0.249s
2024-12-11 06:47:09.568 65537 INFO tempest.lib.common.rest_client [req-808450e8-2ff1-41eb-bf87-64c05a4fe927 req-808450e8-2ff1-41eb-bf87-64c05a4fe927 ] Request (InstanceUsageAuditLogNegativeTestJSON:tearDownClass): 204 DELETE http://10.180.1.21/identity/v3/projects/823c258bde5e4879a75d1cb751c78f56 0.087s
2024-12-11 06:47:09.569 65537 INFO tempest.test [-] raised in UpdateMultiattachVolumeNegativeTest.setUpClass. Invoking tearDownClass.
2024-12-11 06:47:09.620 65545 INFO tempest.lib.common.rest_client [req-42e4e74d-e734-46a3-8471-a82ffa769a44 req-42e4e74d-e734-46a3-8471-a82ffa769a44 ] Request (ServerAddressesTestJSON:setUpClass): 201 POST http://10.180.1.21/identity/v3/auth/tokens 0.104s
2024-12-11 06:47:09.648 65557 INFO tempest.lib.common.rest_client [req-f8a3ad5c-c43a-43f5-b057-e524bcc4bdd9 req-f8a3ad5c-c43a-43f5-b057-e524bcc4bdd9 ] Request (HostsAdminTestJSON:tearDownClass): 204 DELETE http://10.180.1.21/identity/v3/users/f91abd0336dc4eebae594de022c20830 0.152s
2024-12-11 06:47:09.709 65537 INFO tempest.lib.common.rest_client [req-deb42d78-d027-4c8b-bb15-ac107b7aad69 req-deb42d78-d027-4c8b-bb15-ac107b7aad69 ] Request (SecurityGroupsNegativeTestJSON:setUpClass): 201 POST http://10.180.1.21/identity/v3/auth/tokens 0.136s
2024-12-11 06:47:09.718 65513 INFO tempest.lib.common.rest_client [req-48c69f5f-1c43-49b2-a8cb-2856a86c3df0 req-48c69f5f-1c43-49b2-a8cb-2856a86c3df0 ] Request (HypervisorAdminNegativeTestJSON:tearDownClass): 204 DELETE http://10.180.1.21/identity/v3/projects/44e86f2860244a228796483864952d71 0.168s
2024-12-11 06:47:09.718 65513 INFO tempest.lib.common.dynamic_creds [-] Deleting project and security group for project: 90bfec45f0f9438ea035b3963535cdd4
2024-12-11 06:47:09.810 65525 INFO tempest.lib.common.rest_client [req-cc7286bf-cbfa-41f9-9bbd-0ec688f867d6 req-cc7286bf-cbfa-41f9-9bbd-0ec688f867d6 ] Request (QuotaClassesAdminTestJSON:tearDownClass): 204 DELETE http://10.180.1.21:9696/networking/v2.0/security-groups/93e02f20-9788-49a9-82d3-7f7dd5139a78 0.340s
2024-12-11 06:47:09.811 65557 INFO tempest.lib.common.rest_client [req-fbe42dd4-4584-465e-8017-26ab66a34812 req-fbe42dd4-4584-465e-8017-26ab66a34812 ] Request (HostsAdminTestJSON:tearDownClass): 204 DELETE http://10.180.1.21/identity/v3/users/5d0c00ff71ba42d5a901d18333d5fc84 0.163s
2024-12-11 06:47:09.811 65557 INFO tempest.lib.common.dynamic_creds [-] Deleting project and security group for project: 8d9a52b5bd1143d28d8b0c5083a8807e
2024-12-11 06:47:09.845 65537 INFO tempest.lib.common.rest_client [req-1feeb625-4036-40fc-bf17-1112721e2a36 req-1feeb625-4036-40fc-bf17-1112721e2a36 ] Request (SecurityGroupsNegativeTestJSON:setUpClass): 201 POST http://10.180.1.21/identity/v3/auth/tokens 0.134s
2024-12-11 06:47:09.865 65557 INFO tempest.lib.common.rest_client [req-1cef9d05-aa72-449d-b484-e3eed662d0e5 req-1cef9d05-aa72-449d-b484-e3eed662d0e5 ] Request (HostsAdminTestJSON:tearDownClass): 201 POST http://10.180.1.21/identity/v3/auth/tokens 0.053s
2024-12-11 06:47:09.883 65537 INFO tempest.lib.common.rest_client [req-187bbc9f-a911-4cdb-ac17-b4216fe62f27 req-187bbc9f-a911-4cdb-ac17-b4216fe62f27 ] Request (SecurityGroupsNegativeTestJSON:setUpClass): 200 GET http://10.180.1.21/identity/v3/domains?name=Default 0.038s
2024-12-11 06:47:09.897 65525 INFO tempest.lib.common.rest_client [req-1587bd1e-c2e0-45bc-8878-e0a499fc140b req-1587bd1e-c2e0-45bc-8878-e0a499fc140b ] Request (QuotaClassesAdminTestJSON:tearDownClass): 204 DELETE http://10.180.1.21/identity/v3/projects/b3ee90aab9d941299cc275e523b6f9d0 0.087s
2024-12-11 06:47:09.961 65537 INFO tempest.lib.common.rest_client [req-ab3e8542-438c-484d-ad48-6317ddc3dd17 req-ab3e8542-438c-484d-ad48-6317ddc3dd17 ] Request (SecurityGroupsNegativeTestJSON:setUpClass): 201 POST http://10.180.1.21/identity/v3/projects 0.077s
2024-12-11 06:47:09.979 65509 INFO tempest.lib.common.rest_client [req-e14506c9-03fa-412e-8091-ed0cffb70285 req-e14506c9-03fa-412e-8091-ed0cffb70285 ] Request (FloatingIPDetailsTestJSON:setUpClass): 200 POST http://10.180.1.21/compute/v2.1/os-floating-ips 1.899s
2024-12-11 06:47:10.002 65525 INFO tempest.lib.common.rest_client [req-406148d7-b374-4eee-85a0-1bfdeaf86873 req-406148d7-b374-4eee-85a0-1bfdeaf86873 ] Request (ImagesMetadataTestJSON:setUpClass): 201 POST http://10.180.1.21/identity/v3/auth/tokens 0.103s
2024-12-11 06:47:10.020 65537 INFO tempest.lib.common.rest_client [req-d9de3e13-6496-47f0-a71f-b4bec0303d9e req-d9de3e13-6496-47f0-a71f-b4bec0303d9e ] Request (SecurityGroupsNegativeTestJSON:setUpClass): 201 POST http://10.180.1.21/identity/v3/users 0.058s
2024-12-11 06:47:10.030 65525 INFO tempest.lib.common.rest_client [req-d2e0c669-fd6b-41e3-a89d-5a5f68f0495d req-d2e0c669-fd6b-41e3-a89d-5a5f68f0495d ] Request (ImagesMetadataTestJSON:setUpClass): 201 POST http://10.180.1.21/identity/v3/auth/tokens 0.025s
2024-12-11 06:47:10.037 65537 INFO tempest.lib.common.rest_client [req-c553c964-2bc7-4453-bf69-d76394e42ac5 req-c553c964-2bc7-4453-bf69-d76394e42ac5 ] Request (SecurityGroupsNegativeTestJSON:setUpClass): 200 GET http://10.180.1.21/identity/v3/roles 0.016s
2024-12-11 06:47:10.056 65525 INFO tempest.lib.common.rest_client [req-e8b8e52a-41e9-427e-a046-bb42cd348c50 req-e8b8e52a-41e9-427e-a046-bb42cd348c50 ] Request (ImagesMetadataTestJSON:setUpClass): 200 GET http://10.180.1.21/identity/v3/domains?name=Default 0.026s
2024-12-11 06:47:10.066 65537 INFO tempest.lib.common.rest_client [req-d162ea99-22e3-472e-bc3f-368a6f0dd704 req-d162ea99-22e3-472e-bc3f-368a6f0dd704 ] Request (SecurityGroupsNegativeTestJSON:setUpClass): 204 PUT http://10.180.1.21/identity/v3/projects/a088e64c04954c40a3f9b95f0347399b/users/1144427f574449058250d2b2261c9aba/roles/cc64a115fef74f16a3e24c50532ea470 0.029s
2024-12-11 06:47:10.067 65537 INFO tempest.lib.common.dynamic_creds [-] Dynamic test user 1144427f574449058250d2b2261c9aba is created with scope project and roles: ['member']
2024-12-11 06:47:10.067 65537 INFO tempest.lib.common.dynamic_creds [-] Acquired dynamic creds: credentials: Credentials: {'domain_id': 'default', 'domain_name': 'Default', 'username': 'tempest-SecurityGroupsNegativeTestJSON-390946941-project-member', 'project_domain_id': 'default', 'project_domain_name': 'Default', 'project_id': 'a088e64c04954c40a3f9b95f0347399b', 'project_name': 'tempest-SecurityGroupsNegativeTestJSON-390946941', 'tenant_id': 'a088e64c04954c40a3f9b95f0347399b', 'tenant_name': 'tempest-SecurityGroupsNegativeTestJSON-390946941', 'user_domain_id': 'default', 'user_domain_name': 'Default', 'user_id': '1144427f574449058250d2b2261c9aba', 'system': None}, Network: None, Subnet: None, Router: None
2024-12-11 06:47:10.069 65513 INFO tempest.lib.common.rest_client [req-e38692e9-1e9b-438b-bcc8-6ffb63bf4274 req-e38692e9-1e9b-438b-bcc8-6ffb63bf4274 ] Request (HypervisorAdminNegativeTestJSON:tearDownClass): 200 GET http://10.180.1.21:9696/networking/v2.0/security-groups?tenant_id=90bfec45f0f9438ea035b3963535cdd4&name=default 0.351s
2024-12-11 06:47:10.087 65525 INFO tempest.lib.common.rest_client [req-ac877a27-ffd6-4941-908d-d8ac06f511f4 req-ac877a27-ffd6-4941-908d-d8ac06f511f4 ] Request (ImagesMetadataTestJSON:setUpClass): 201 POST http://10.180.1.21/identity/v3/projects 0.030s
2024-12-11 06:47:10.126 65537 INFO tempest.lib.common.rest_client [req-e57e2dd2-be02-4089-8444-858ccda94d5c req-e57e2dd2-be02-4089-8444-858ccda94d5c ] Request (SecurityGroupsNegativeTestJSON:setUpClass): 201 POST http://10.180.1.21/identity/v3/auth/tokens 0.059s
2024-12-11 06:47:10.137 65525 INFO tempest.lib.common.rest_client [req-aae6f3af-4866-4bfd-880a-f4e7f7789ae8 req-aae6f3af-4866-4bfd-880a-f4e7f7789ae8 ] Request (ImagesMetadataTestJSON:setUpClass): 201 POST http://10.180.1.21/identity/v3/users 0.049s
2024-12-11 06:47:10.148 65549 INFO tempest.lib.common.rest_client [req-2ebe27fd-4319-4d51-aa3d-3300e184fcea req-2ebe27fd-4319-4d51-aa3d-3300e184fcea ] Request (FloatingIPsTestJSON:tearDownClass): 200 PUT http://10.180.1.21:9696/networking/v2.0/routers/3b5deb4c-5d8e-4561-ab18-05d29c58a508/remove_router_interface 3.169s
2024-12-11 06:47:10.153 65525 INFO tempest.lib.common.rest_client [req-92886997-a2ac-477e-95bb-3b68b8ecc9b6 req-92886997-a2ac-477e-95bb-3b68b8ecc9b6 ] Request (ImagesMetadataTestJSON:setUpClass): 200 GET http://10.180.1.21/identity/v3/roles 0.016s
2024-12-11 06:47:10.180 65525 INFO tempest.lib.common.rest_client [req-030aeb37-a714-4371-8d79-53716a42087b req-030aeb37-a714-4371-8d79-53716a42087b ] Request (ImagesMetadataTestJSON:setUpClass): 204 PUT http://10.180.1.21/identity/v3/projects/e9aa8ea0cbc44befa7baf97fd5ac2159/users/2ef33f93e1584decb4df8866fcacdf62/roles/cc64a115fef74f16a3e24c50532ea470 0.026s
2024-12-11 06:47:10.180 65525 INFO tempest.lib.common.dynamic_creds [-] Dynamic test user 2ef33f93e1584decb4df8866fcacdf62 is created with scope project and roles: ['member']
2024-12-11 06:47:10.181 65525 INFO tempest.lib.common.dynamic_creds [-] Acquired dynamic creds: credentials: Credentials: {'domain_id': 'default', 'domain_name': 'Default', 'username': 'tempest-ImagesMetadataTestJSON-1768917106-project-member', 'project_domain_id': 'default', 'project_domain_name': 'Default', 'project_id': 'e9aa8ea0cbc44befa7baf97fd5ac2159', 'project_name': 'tempest-ImagesMetadataTestJSON-1768917106', 'tenant_id': 'e9aa8ea0cbc44befa7baf97fd5ac2159', 'tenant_name': 'tempest-ImagesMetadataTestJSON-1768917106', 'user_domain_id': 'default', 'user_domain_name': 'Default', 'user_id': '2ef33f93e1584decb4df8866fcacdf62', 'system': None}, Network: None, Subnet: None, Router: None
2024-12-11 06:47:10.181 65525 INFO tempest.lib.common.dynamic_creds [-] Created isolated network resources for: credentials: Credentials: {'domain_id': 'default', 'domain_name': 'Default', 'username': 'tempest-ImagesMetadataTestJSON-1768917106-project-member', 'project_domain_id': 'default', 'project_domain_name': 'Default', 'project_id': 'e9aa8ea0cbc44befa7baf97fd5ac2159', 'project_name': 'tempest-ImagesMetadataTestJSON-1768917106', 'tenant_id': 'e9aa8ea0cbc44befa7baf97fd5ac2159', 'tenant_name': 'tempest-ImagesMetadataTestJSON-1768917106', 'user_domain_id': 'default', 'user_domain_name': 'Default', 'user_id': '2ef33f93e1584decb4df8866fcacdf62', 'system': None}, Network: None, Subnet: None, Router: None
2024-12-11 06:47:10.249 65557 INFO tempest.lib.common.rest_client [req-7a841d2b-35ec-4e4d-8c7b-c9eb09c29225 req-7a841d2b-35ec-4e4d-8c7b-c9eb09c29225 ] Request (HostsAdminTestJSON:tearDownClass): 200 GET http://10.180.1.21:9696/networking/v2.0/security-groups?tenant_id=8d9a52b5bd1143d28d8b0c5083a8807e&name=default 0.384s
2024-12-11 06:47:10.259 65525 INFO tempest.lib.common.rest_client [req-7bdf5aa6-6842-44ca-b967-41c3754b9032 req-7bdf5aa6-6842-44ca-b967-41c3754b9032 ] Request (ImagesMetadataTestJSON:setUpClass): 201 POST http://10.180.1.21/identity/v3/auth/tokens 0.075s
2024-12-11 06:47:10.284 65555 INFO tempest.lib.common.rest_client [req-5fbb7369-b5c1-459d-b315-3d483f183983 req-5fbb7369-b5c1-459d-b315-3d483f183983 ] Request (SecurityGroupsTestAdminJSON:_run_cleanups): 202 DELETE http://10.180.1.21/compute/v2.1/os-security-groups/163930c1-a08f-4086-9cf7-87801dbe2b57 1.840s
2024-12-11 06:47:10.300 65545 INFO tempest.lib.common.rest_client [req-313b6d69-0722-4de5-af01-6aed48b0e00d req-313b6d69-0722-4de5-af01-6aed48b0e00d ] Request (ServerAddressesTestJSON:setUpClass): 201 POST http://10.180.1.21:9696/networking/v2.0/networks 0.679s
2024-12-11 06:47:10.343 65541 INFO tempest.lib.common.rest_client [req-fe4828bd-c0ec-4d95-9303-4668feeef686 req-fe4828bd-c0ec-4d95-9303-4668feeef686 ] Request (VolumesAssistedSnapshotsTest:test_volume_assisted_snapshot_create_delete): 202 POST http://10.180.1.21/compute/v2.1/servers 2.095s
2024-12-11 06:47:10.368 65513 INFO tempest.lib.common.rest_client [req-9fb32d14-38ff-44fb-b192-94dddf103076 req-9fb32d14-38ff-44fb-b192-94dddf103076 ] Request (HypervisorAdminNegativeTestJSON:tearDownClass): 204 DELETE http://10.180.1.21:9696/networking/v2.0/security-groups/fc594e08-fad1-48d7-9307-16364afcf0f9 0.299s
2024-12-11 06:47:10.385 65539 INFO tempest.lib.common.rest_client [req-2d3ab13a-6dfe-465b-bad0-bbf684d5b37e req-2d3ab13a-6dfe-465b-bad0-bbf684d5b37e ] Request (AggregatesAdminNegativeTestJSON:test_aggregate_add_non_exist_host): 200 POST http://10.180.1.21/compute/v2.1/os-aggregates 1.727s
2024-12-11 06:47:10.392 65543 INFO tempest.lib.common.rest_client [req-26c45b1c-3cbc-4e0d-b792-5eb9fb262096 req-26c45b1c-3cbc-4e0d-b792-5eb9fb262096 ] Request (FlavorsExtraSpecsNegativeTestJSON:test_flavor_update_more_key): 400 PUT http://10.180.1.21/compute/v2.1/flavors/2062848986/os-extra_specs/hw:numa_nodes 1.724s
2024-12-11 06:47:10.435 65528 INFO tempest.lib.common.rest_client [req-10d5b022-8e5f-4774-94eb-9b18e7994124 req-10d5b022-8e5f-4774-94eb-9b18e7994124 ] Request (ValidationResourcesFixture:setUp): 200 POST http://10.180.1.21/compute/v2.1/os-keypairs 1.737s
2024-12-11 06:47:10.439 65499 INFO tempest.lib.common.rest_client [req-278468c5-6d4a-47de-9dd3-d12b78cc5611 req-278468c5-6d4a-47de-9dd3-d12b78cc5611 ] Request (HostsAdminNegativeTestJSON:test_update_host_with_invalid_maintenance_mode): 400 PUT http://10.180.1.21/compute/v2.1/os-hosts/devstack 1.725s
2024-12-11 06:47:10.529 65559 INFO tempest.lib.common.rest_client [req-759fdea7-77b6-4dc1-b082-f1f6975e1533 req-759fdea7-77b6-4dc1-b082-f1f6975e1533 ] Request (FlavorsAccessNegativeTestJSON:_run_cleanups): 200 GET http://10.180.1.21/compute/v2.1/flavors/detail 1.502s
2024-12-11 06:47:10.539 65513 INFO tempest.lib.common.rest_client [req-70c1e76f-2116-4f67-8736-3198b739c8a0 req-70c1e76f-2116-4f67-8736-3198b739c8a0 ] Request (HypervisorAdminNegativeTestJSON:tearDownClass): 204 DELETE http://10.180.1.21/identity/v3/projects/90bfec45f0f9438ea035b3963535cdd4 0.170s
2024-12-11 06:47:10.560 65535 INFO tempest.lib.common.rest_client [req-14d9b6c0-908c-426d-8dcf-85818a81b71e req-14d9b6c0-908c-426d-8dcf-85818a81b71e ] Request (FlavorsV2TestJSON:test_list_flavors_detailed_filter_by_min_disk): 200 GET http://10.180.1.21/compute/v2.1/flavors/detail?minDisk=2 1.426s
2024-12-11 06:47:10.588 65521 INFO tempest.lib.common.rest_client [req-5bdbff65-bd7a-4bc8-9270-605896217c34 req-5bdbff65-bd7a-4bc8-9270-605896217c34 ] Request (ImagesDeleteNegativeTestJSON:test_delete_non_existent_image): 404 DELETE http://10.180.1.21/compute/v2.1/images/5eedea33-d262-4f50-87c1-8cf1b8838058 1.435s
2024-12-11 06:47:10.625 65513 INFO tempest.lib.common.rest_client [req-ec064ae9-f31a-4b4c-bd0c-643dc743134b req-ec064ae9-f31a-4b4c-bd0c-643dc743134b ] Request (HypervisorAdminNegativeUnderV252Test:setUpClass): 201 POST http://10.180.1.21/identity/v3/auth/tokens 0.083s
2024-12-11 06:47:10.646 65519 INFO tempest.lib.common.rest_client [req-57c40e73-067f-4f4c-9aeb-faa0c8b62e98 req-57c40e73-067f-4f4c-9aeb-faa0c8b62e98 ] Request (FloatingIPsAssociationNegativeTestJSON:setUpClass): 200 GET http://10.180.1.21/compute/v2.1/servers/67f4a654-3636-403a-9069-07e99940b83f 2.026s
2024-12-11 06:47:10.726 65557 INFO tempest.lib.common.rest_client [req-13d9ec15-89d0-4a76-bad9-019ee46ca6ef req-13d9ec15-89d0-4a76-bad9-019ee46ca6ef ] Request (HostsAdminTestJSON:tearDownClass): 204 DELETE http://10.180.1.21:9696/networking/v2.0/security-groups/8f1bd4cf-b011-40e7-a664-fd091ad816f0 0.476s
2024-12-11 06:47:10.733 65513 INFO tempest.lib.common.rest_client [req-6f9ea68a-81af-483c-bbd5-7c82a41a100e req-6f9ea68a-81af-483c-bbd5-7c82a41a100e ] Request (HypervisorAdminNegativeUnderV252Test:setUpClass): 201 POST http://10.180.1.21/identity/v3/auth/tokens 0.104s
2024-12-11 06:47:10.733 65521 INFO tempest.lib.common.rest_client [req-c0082268-400d-4fdc-8f1a-4dbd3d9d3eba req-c0082268-400d-4fdc-8f1a-4dbd3d9d3eba ] Request (ImagesDeleteNegativeTestJSON:tearDownClass): 204 DELETE http://10.180.1.21/identity/v3/users/12536c0e56294706ab297e7d635a9188 0.143s
2024-12-11 06:47:10.733 65521 INFO tempest.lib.common.dynamic_creds [-] Deleting project and security group for project: ad31e6b38f704554879ae223e1bdcfe3
2024-12-11 06:47:10.844 65551 INFO tempest.lib.common.rest_client [req-267c829d-13b1-4def-9d06-41a29841f4c4 req-267c829d-13b1-4def-9d06-41a29841f4c4 ] Request (SecurityGroupsTestJSON:setUpClass): 201 POST http://10.180.1.21:9696/networking/v2.0/routers 1.329s
2024-12-11 06:47:10.864 65525 INFO tempest.lib.common.rest_client [req-0e4bb0ed-2024-46cc-baa8-b42e0811462a req-0e4bb0ed-2024-46cc-baa8-b42e0811462a ] Request (ImagesMetadataTestJSON:setUpClass): 201 POST http://10.180.1.21/image/v2/images 0.604s
2024-12-11 06:47:10.872 65557 INFO tempest.lib.common.rest_client [req-49f4df8e-fa0f-4d73-bfca-5b3f513354d2 req-49f4df8e-fa0f-4d73-bfca-5b3f513354d2 ] Request (HostsAdminTestJSON:tearDownClass): 204 DELETE http://10.180.1.21/identity/v3/projects/8d9a52b5bd1143d28d8b0c5083a8807e 0.146s
2024-12-11 06:47:10.872 65557 INFO tempest.lib.common.dynamic_creds [-] Deleting project and security group for project: 41a687c363fd41df8b93d258a37a0946
2024-12-11 06:47:10.896 65521 INFO tempest.lib.common.rest_client [req-6c5726d3-c95f-4ad0-9e8c-6f922ff61591 req-6c5726d3-c95f-4ad0-9e8c-6f922ff61591 ] Request (ImagesDeleteNegativeTestJSON:tearDownClass): 201 POST http://10.180.1.21/identity/v3/auth/tokens 0.163s
2024-12-11 06:47:10.930 65513 INFO tempest.lib.common.rest_client [req-6fa4e233-0d72-42bf-827e-b3ff5f6a22f2 req-6fa4e233-0d72-42bf-827e-b3ff5f6a22f2 ] Request (HypervisorAdminNegativeUnderV252Test:setUpClass): 200 GET http://10.180.1.21/identity/v3/domains?name=Default 0.197s
2024-12-11 06:47:11.030 65553 INFO tempest.lib.common.rest_client [req-a9d8d46c-bcfe-4efd-8f5b-6eeabb279dda req-a9d8d46c-bcfe-4efd-8f5b-6eeabb279dda ] Request (QuotasAdminTestJSON:test_delete_quota): 200 PUT http://10.180.1.21/compute/v2.1/os-quota-sets/180bb8550ca24aaf834cda2647587331 1.674s
2024-12-11 06:47:11.059 65547 INFO tempest.lib.common.rest_client [req-bd16e4cf-b2ed-4ea1-a2e3-044786c712ac req-bd16e4cf-b2ed-4ea1-a2e3-044786c712ac ] Request (FlavorsAdminTestJSON:_run_cleanups): 200 GET http://10.180.1.21/compute/v2.1/flavors/detail 1.687s
2024-12-11 06:47:11.070 65529 INFO tempest.lib.common.rest_client [req-6b6b230b-478d-4eed-b3ff-de6174f7cfe4 req-6b6b230b-478d-4eed-b3ff-de6174f7cfe4 ] Request (KeyPairsNegativeTestJSON:test_create_keypair_with_empty_name_string): 400 POST http://10.180.1.21/compute/v2.1/os-keypairs 1.675s
2024-12-11 06:47:11.073 65513 INFO tempest.lib.common.rest_client [req-bf6cef2b-3ab3-44ed-ad0f-71d0a1b6766d req-bf6cef2b-3ab3-44ed-ad0f-71d0a1b6766d ] Request (HypervisorAdminNegativeUnderV252Test:setUpClass): 201 POST http://10.180.1.21/identity/v3/projects 0.140s
2024-12-11 06:47:11.078 65557 INFO tempest.lib.common.rest_client [req-3349723c-adce-41e7-972f-7ac31490aec7 req-3349723c-adce-41e7-972f-7ac31490aec7 ] Request (HostsAdminTestJSON:tearDownClass): 200 GET http://10.180.1.21:9696/networking/v2.0/security-groups?tenant_id=41a687c363fd41df8b93d258a37a0946&name=default 0.205s
2024-12-11 06:47:11.135 65513 INFO tempest.lib.common.rest_client [req-cf3acdc1-30fb-4574-a78a-40a6dbecfa73 req-cf3acdc1-30fb-4574-a78a-40a6dbecfa73 ] Request (HypervisorAdminNegativeUnderV252Test:setUpClass): 201 POST http://10.180.1.21/identity/v3/users 0.062s
2024-12-11 06:47:11.153 65513 INFO tempest.lib.common.rest_client [req-30ffa2cf-a0ab-41e9-839c-2aa2e823b195 req-30ffa2cf-a0ab-41e9-839c-2aa2e823b195 ] Request (HypervisorAdminNegativeUnderV252Test:setUpClass): 200 GET http://10.180.1.21/identity/v3/roles 0.017s
2024-12-11 06:47:11.186 65513 INFO tempest.lib.common.rest_client [req-2574146d-d8ef-49a9-a5df-706f3c8ff950 req-2574146d-d8ef-49a9-a5df-706f3c8ff950 ] Request (HypervisorAdminNegativeUnderV252Test:setUpClass): 204 PUT http://10.180.1.21/identity/v3/projects/a07e0a78331b420ca6972424284ce7ff/users/4dd2888d0e7145feae9d513bd585cd3e/roles/cc64a115fef74f16a3e24c50532ea470 0.032s
2024-12-11 06:47:11.186 65513 INFO tempest.lib.common.dynamic_creds [-] Dynamic test user 4dd2888d0e7145feae9d513bd585cd3e is created with scope project and roles: ['member']
2024-12-11 06:47:11.186 65513 INFO tempest.lib.common.dynamic_creds [-] Acquired dynamic creds: credentials: Credentials: {'domain_id': 'default', 'domain_name': 'Default', 'username': 'tempest-HypervisorAdminNegativeUnderV252Test-599444316-project-member', 'project_domain_id': 'default', 'project_domain_name': 'Default', 'project_id': 'a07e0a78331b420ca6972424284ce7ff', 'project_name': 'tempest-HypervisorAdminNegativeUnderV252Test-599444316', 'tenant_id': 'a07e0a78331b420ca6972424284ce7ff', 'tenant_name': 'tempest-HypervisorAdminNegativeUnderV252Test-599444316', 'user_domain_id': 'default', 'user_domain_name': 'Default', 'user_id': '4dd2888d0e7145feae9d513bd585cd3e', 'system': None}, Network: None, Subnet: None, Router: None
2024-12-11 06:47:11.187 65513 INFO tempest.lib.common.dynamic_creds [-] Created isolated network resources for: credentials: Credentials: {'domain_id': 'default', 'domain_name': 'Default', 'username': 'tempest-HypervisorAdminNegativeUnderV252Test-599444316-project-member', 'project_domain_id': 'default', 'project_domain_name': 'Default', 'project_id': 'a07e0a78331b420ca6972424284ce7ff', 'project_name': 'tempest-HypervisorAdminNegativeUnderV252Test-599444316', 'tenant_id': 'a07e0a78331b420ca6972424284ce7ff', 'tenant_name': 'tempest-HypervisorAdminNegativeUnderV252Test-599444316', 'user_domain_id': 'default', 'user_domain_name': 'Default', 'user_id': '4dd2888d0e7145feae9d513bd585cd3e', 'system': None}, Network: None, Subnet: None, Router: None
2024-12-11 06:47:11.265 65513 INFO tempest.lib.common.rest_client [req-005ff931-99a0-47e3-a991-2510be586697 req-005ff931-99a0-47e3-a991-2510be586697 ] Request (HypervisorAdminNegativeUnderV252Test:setUpClass): 201 POST http://10.180.1.21/identity/v3/auth/tokens 0.076s
2024-12-11 06:47:11.293 65557 INFO tempest.lib.common.rest_client [req-256a761c-4ca5-45b6-8591-41ed32fe36eb req-256a761c-4ca5-45b6-8591-41ed32fe36eb ] Request (HostsAdminTestJSON:tearDownClass): 204 DELETE http://10.180.1.21:9696/networking/v2.0/security-groups/0b65d7f8-1111-4097-82e6-0a09209b4ec6 0.214s
2024-12-11 06:47:11.298 65521 INFO tempest.lib.common.rest_client [req-de114c15-9cea-499c-8a7c-81705a18ddbb req-de114c15-9cea-499c-8a7c-81705a18ddbb ] Request (ImagesDeleteNegativeTestJSON:tearDownClass): 200 GET http://10.180.1.21:9696/networking/v2.0/security-groups?tenant_id=ad31e6b38f704554879ae223e1bdcfe3&name=default 0.401s
2024-12-11 06:47:11.350 65513 INFO tempest.lib.common.rest_client [req-906b5add-e14c-4d52-96d6-3227a0ff8a2f req-906b5add-e14c-4d52-96d6-3227a0ff8a2f ] Request (HypervisorAdminNegativeUnderV252Test:setUpClass): 201 POST http://10.180.1.21/identity/v3/projects 0.084s
2024-12-11 06:47:11.364 65528 INFO tempest.lib.common.rest_client [req-90a4d474-1b81-44e8-90e7-78801bcbc3c2 req-90a4d474-1b81-44e8-90e7-78801bcbc3c2 ] Request (ValidationResourcesFixture:setUp): 201 POST http://10.180.1.21:9696/networking/v2.0/security-groups 0.927s
2024-12-11 06:47:11.388 65507 INFO tempest.lib.common.rest_client [req-a1c01383-2612-49ca-bb46-929077df9f20 req-a1c01383-2612-49ca-bb46-929077df9f20 ] Request (ServerDiagnosticsTest:test_get_server_diagnostics): 200 GET http://10.180.1.21/compute/v2.1/servers/2876bf4f-c175-45ec-90a4-c792e707a1da 2.044s
2024-12-11 06:47:11.417 65517 INFO tempest.lib.common.rest_client [req-5568e8f8-12ff-447b-9a70-12ea1193962f req-5568e8f8-12ff-447b-9a70-12ea1193962f ] Request (FlavorsV255TestJSON:_run_cleanups): 202 DELETE http://10.180.1.21/compute/v2.1/flavors/141385040 1.985s
2024-12-11 06:47:11.425 65557 INFO tempest.lib.common.rest_client [req-e9eabc59-ef59-46cc-9908-5ee556ac13be req-e9eabc59-ef59-46cc-9908-5ee556ac13be ] Request (HostsAdminTestJSON:tearDownClass): 204 DELETE http://10.180.1.21/identity/v3/projects/41a687c363fd41df8b93d258a37a0946 0.130s
2024-12-11 06:47:11.430 65537 INFO tempest.lib.common.rest_client [req-363a6640-1df5-45cf-9eba-e2ff626c77ca req-363a6640-1df5-45cf-9eba-e2ff626c77ca ] Request (SecurityGroupsNegativeTestJSON:setUpClass): 201 POST http://10.180.1.21:9696/networking/v2.0/networks 1.303s
2024-12-11 06:47:11.453 65511 INFO tempest.lib.common.rest_client [req-96f827cf-5b0e-457d-a523-4b98e1e6a876 req-96f827cf-5b0e-457d-a523-4b98e1e6a876 ] Request (ListImageFiltersTestJSON:setUpClass): 200 GET http://10.180.1.21/compute/v2.1/images/01121155-6f92-4e89-ad06-4ff7464c1215 2.026s
2024-12-11 06:47:11.470 65513 INFO tempest.lib.common.rest_client [req-2c6eae68-f56f-4cb6-bf54-0cfc8caed2c6 req-2c6eae68-f56f-4cb6-bf54-0cfc8caed2c6 ] Request (HypervisorAdminNegativeUnderV252Test:setUpClass): 201 POST http://10.180.1.21/identity/v3/users 0.119s
2024-12-11 06:47:11.508 65557 INFO tempest.lib.common.rest_client [req-0eebb882-a9d0-4b59-9e0e-3e32e1a8902d req-0eebb882-a9d0-4b59-9e0e-3e32e1a8902d ] Request (ServerActionsV293TestJSON:setUpClass): 201 POST http://10.180.1.21/identity/v3/auth/tokens 0.080s
2024-12-11 06:47:11.511 65521 INFO tempest.lib.common.rest_client [req-e272438a-df2a-4f99-a715-801236d17557 req-e272438a-df2a-4f99-a715-801236d17557 ] Request (ImagesDeleteNegativeTestJSON:tearDownClass): 204 DELETE http://10.180.1.21:9696/networking/v2.0/security-groups/b1160498-669c-4375-a28a-9e68fcb9d4d0 0.212s
2024-12-11 06:47:11.527 65513 INFO tempest.lib.common.rest_client [req-182fbe9a-06d0-4637-bfba-d3fe03eb95a7 req-182fbe9a-06d0-4637-bfba-d3fe03eb95a7 ] Request (HypervisorAdminNegativeUnderV252Test:setUpClass): 200 GET http://10.180.1.21/identity/v3/roles 0.056s
2024-12-11 06:47:11.538 65531 INFO tempest.lib.common.rest_client [req-77ab558a-37b4-4f1f-b324-75bc24bcf92d req-77ab558a-37b4-4f1f-b324-75bc24bcf92d ] Request (ServerDiagnosticsV248Test:test_get_server_diagnostics): 200 GET http://10.180.1.21/compute/v2.1/servers/e41bc716-010d-474f-8704-feefc74facb7 1.987s
2024-12-11 06:47:11.552 65531 INFO tempest.common.waiters [-] State transition "BUILD/networking" ==> "BUILD/spawning" after 13 second wait
2024-12-11 06:47:11.559 65557 INFO tempest.lib.common.rest_client [req-5f2d8570-e90e-42cb-9a4f-38535ca968ff req-5f2d8570-e90e-42cb-9a4f-38535ca968ff ] Request (ServerActionsV293TestJSON:setUpClass): 201 POST http://10.180.1.21/identity/v3/auth/tokens 0.049s
2024-12-11 06:47:11.572 65545 INFO tempest.lib.common.rest_client [req-0c8cf4ca-7de0-41d8-9cc9-78e403d05433 req-0c8cf4ca-7de0-41d8-9cc9-78e403d05433 ] Request (ServerAddressesTestJSON:setUpClass): 201 POST http://10.180.1.21:9696/networking/v2.0/subnets 1.271s
2024-12-11 06:47:11.573 65515 INFO tempest.lib.common.rest_client [req-eeed504e-19ab-4d17-bfb5-6696d5ae67b4 req-eeed504e-19ab-4d17-bfb5-6696d5ae67b4 ] Request (FloatingIPDetailsNegativeTestJSON:setUpClass): 200 PUT http://10.180.1.21:9696/networking/v2.0/routers/f21b7e5c-ffa0-4440-92e9-d9c2d3bb066d/add_router_interface 3.869s
2024-12-11 06:47:11.573 65515 INFO tempest.lib.common.dynamic_creds [-] Created isolated network resources for: credentials: Credentials: {'domain_id': 'default', 'domain_name': 'Default', 'username': 'tempest-FloatingIPDetailsNegativeTestJSON-176651499-project-member', 'project_domain_id': 'default', 'project_domain_name': 'Default', 'project_id': 'db26eb5273324e92b883e3882d2a4a7e', 'project_name': 'tempest-FloatingIPDetailsNegativeTestJSON-176651499', 'tenant_id': 'db26eb5273324e92b883e3882d2a4a7e', 'tenant_name': 'tempest-FloatingIPDetailsNegativeTestJSON-176651499', 'user_domain_id': 'default', 'user_domain_name': 'Default', 'user_id': 'e715e79a786249c7b3eb6854c95d96e5', 'system': None}, Network: {'id': '4c974d15-a0a7-44e8-aef0-20fc593a6c68', 'name': 'tempest-FloatingIPDetailsNegativeTestJSON-1301701846-network', 'tenant_id': 'db26eb5273324e92b883e3882d2a4a7e', 'admin_state_up': True, 'mtu': 8950, 'status': 'ACTIVE', 'subnets': [], 'shared': False, 'project_id': 'db26eb5273324e92b883e3882d2a4a7e', 'port_security_enabled': True, 'router:external': False, 'provider:network_type': 'vlan', 'provider:physical_network': 'default', 'provider:segmentation_id': 265, 'availability_zone_hints': [], 'availability_zones': [], 'ipv4_address_scope': None, 'ipv6_address_scope': None, 'description': '', 'tags': [], 'created_at': '2024-12-11T06:47:04Z', 'updated_at': '2024-12-11T06:47:04Z', 'revision_number': 1}, Subnet: {'id': '4e0878a7-86e8-4773-94a6-a0b0ac40f3a1', 'name': 'tempest-FloatingIPDetailsNegativeTestJSON-1301701846-subnet', 'tenant_id': 'db26eb5273324e92b883e3882d2a4a7e', 'network_id': '4c974d15-a0a7-44e8-aef0-20fc593a6c68', 'ip_version': 4, 'subnetpool_id': None, 'enable_dhcp': True, 'ipv6_ra_mode': None, 'ipv6_address_mode': None, 'gateway_ip': '192.168.128.1', 'cidr': '192.168.128.0/28', 'allocation_pools': [{'start': '192.168.128.2', 'end': '192.168.128.14'}], 'host_routes': [], 'dns_nameservers': [], 'description': '', 'router:external': False, 'service_types': [], 'tags': [], 'created_at': '2024-12-11T06:47:04Z', 'updated_at': '2024-12-11T06:47:04Z', 'revision_number': 0, 'project_id': 'db26eb5273324e92b883e3882d2a4a7e'}, Router: {'id': 'f21b7e5c-ffa0-4440-92e9-d9c2d3bb066d', 'name': 'tempest-FloatingIPDetailsNegativeTestJSON-1301701846-router', 'tenant_id': 'db26eb5273324e92b883e3882d2a4a7e', 'admin_state_up': True, 'status': 'ACTIVE', 'external_gateway_info': {'network_id': 'f43dfeef-d734-49dc-bf54-e14b759ece89', 'external_fixed_ips': [{'subnet_id': '7cea1bda-8da3-42be-8bb9-5a5041e52165', 'ip_address': '10.180.180.130'}], 'enable_snat': True}, 'description': '', 'availability_zones': [], 'distributed': False, 'ha': False, 'availability_zone_hints': [], 'routes': [], 'flavor_id': None, 'tags': [], 'created_at': '2024-12-11T06:47:05Z', 'updated_at': '2024-12-11T06:47:06Z', 'revision_number': 2, 'project_id': 'db26eb5273324e92b883e3882d2a4a7e'}
2024-12-11 06:47:11.625 65521 INFO tempest.lib.common.rest_client [req-e0984b89-9c15-408b-bb92-219b02efc9db req-e0984b89-9c15-408b-bb92-219b02efc9db ] Request (ImagesDeleteNegativeTestJSON:tearDownClass): 204 DELETE http://10.180.1.21/identity/v3/projects/ad31e6b38f704554879ae223e1bdcfe3 0.114s
2024-12-11 06:47:11.648 65501 INFO tempest.lib.common.rest_client [req-b47b6082-54b5-47ca-908a-d73ab137abdd req-b47b6082-54b5-47ca-908a-d73ab137abdd ] Request (ServerDiagnosticsNegativeTest:test_get_server_diagnostics_by_non_admin): 200 GET http://10.180.1.21/compute/v2.1/servers/a593698f-862a-4017-83f6-cbd8feeb807d 2.017s
2024-12-11 06:47:11.694 65513 INFO tempest.lib.common.rest_client [req-d79b782f-a482-48e9-8ad7-89354252a4f6 req-d79b782f-a482-48e9-8ad7-89354252a4f6 ] Request (HypervisorAdminNegativeUnderV252Test:setUpClass): 204 PUT http://10.180.1.21/identity/v3/projects/79f5982268b54f6c82ec210b99f03617/users/9f7c101314564aeb89844aa924753c28/roles/3e9b16c0a76847d991da8f8d16654ea9 0.167s
2024-12-11 06:47:11.717 65528 INFO tempest.lib.common.rest_client [req-c9b11e35-7a94-4ef8-b617-8a61df84d538 req-c9b11e35-7a94-4ef8-b617-8a61df84d538 ] Request (ValidationResourcesFixture:setUp): 201 POST http://10.180.1.21:9696/networking/v2.0/security-group-rules 0.353s
2024-12-11 06:47:11.728 65533 INFO tempest.lib.common.rest_client [req-eb905fd3-5322-4355-aa28-2b49e2ed9562 req-eb905fd3-5322-4355-aa28-2b49e2ed9562 ] Request (ImagesOneServerTestJSON:setUpClass): 200 GET http://10.180.1.21/compute/v2.1/servers/4d25227b-f598-4ab7-84ad-de27ba786c75 2.163s
2024-12-11 06:47:11.768 65505 INFO tempest.lib.common.rest_client [req-0bc2c023-5464-471d-beae-10555a52bbc8 req-0bc2c023-5464-471d-beae-10555a52bbc8 ] Request (ServersAdmin275Test:test_rebuild_update_server_275): 200 GET http://10.180.1.21/compute/v2.1/servers/06117073-1043-4ee3-9821-e992da434cc0 1.963s
2024-12-11 06:47:11.827 65557 INFO tempest.lib.common.rest_client [req-0fbdd694-4294-4ac8-9bad-4cf171aa4151 req-0fbdd694-4294-4ac8-9bad-4cf171aa4151 ] Request (ServerActionsV293TestJSON:setUpClass): 200 GET http://10.180.1.21/identity/v3/domains?name=Default 0.267s
2024-12-11 06:47:11.851 65515 INFO tempest.lib.common.rest_client [req-79b5af77-abcf-427a-b61a-1ce2c124255d req-79b5af77-abcf-427a-b61a-1ce2c124255d ] Request (FloatingIPDetailsNegativeTestJSON:setUpClass): 201 POST http://10.180.1.21/identity/v3/auth/tokens 0.275s
2024-12-11 06:47:11.895 65521 INFO tempest.lib.common.rest_client [req-0f710ab3-ee0a-4e65-9473-4d4e8b58d8c8 req-0f710ab3-ee0a-4e65-9473-4d4e8b58d8c8 ] Request (ServerActionsTestJSON:setUpClass): 201 POST http://10.180.1.21/identity/v3/auth/tokens 0.268s
2024-12-11 06:47:11.924 65513 INFO tempest.lib.common.rest_client [req-da9374c2-b8be-4895-bdd6-38f65cb862c6 req-da9374c2-b8be-4895-bdd6-38f65cb862c6 ] Request (HypervisorAdminNegativeUnderV252Test:setUpClass): 200 GET http://10.180.1.21/identity/v3/roles 0.229s
2024-12-11 06:47:11.955 65521 INFO tempest.lib.common.rest_client [req-d28dad28-9319-4c5c-8f4f-ed98171ddbb3 req-d28dad28-9319-4c5c-8f4f-ed98171ddbb3 ] Request (ServerActionsTestJSON:setUpClass): 201 POST http://10.180.1.21/identity/v3/auth/tokens 0.057s
2024-12-11 06:47:11.957 65557 INFO tempest.lib.common.rest_client [req-1a480ea5-306f-4cd3-88f1-ef2de641ca7f req-1a480ea5-306f-4cd3-88f1-ef2de641ca7f ] Request (ServerActionsV293TestJSON:setUpClass): 201 POST http://10.180.1.21/identity/v3/projects 0.129s
2024-12-11 06:47:12.005 65525 INFO tempest.lib.common.rest_client [req-05ffbbd2-24e3-4a0b-a873-e22fdddf4457 req-05ffbbd2-24e3-4a0b-a873-e22fdddf4457 ] Request (ImagesMetadataTestJSON:setUpClass): 204 PUT http://10.180.1.21/image/v2/images/94139f39-f211-4b83-be5d-91a1ed4a55be/file 1.140s
2024-12-11 06:47:12.017 65513 INFO tempest.lib.common.rest_client [req-39dcc3e4-8be9-41ba-b7ae-b9e7ec3a998a req-39dcc3e4-8be9-41ba-b7ae-b9e7ec3a998a ] Request (HypervisorAdminNegativeUnderV252Test:setUpClass): 204 PUT http://10.180.1.21/identity/v3/projects/79f5982268b54f6c82ec210b99f03617/users/9f7c101314564aeb89844aa924753c28/roles/3e9b16c0a76847d991da8f8d16654ea9 0.092s
2024-12-11 06:47:12.017 65513 INFO tempest.lib.common.dynamic_creds [-] Dynamic test user 9f7c101314564aeb89844aa924753c28 is created with scope project and roles: ['admin']
2024-12-11 06:47:12.017 65513 INFO tempest.lib.common.dynamic_creds [-] Acquired dynamic creds: credentials: Credentials: {'domain_id': 'default', 'domain_name': 'Default', 'username': 'tempest-HypervisorAdminNegativeUnderV252Test-515963722-project-admin', 'project_domain_id': 'default', 'project_domain_name': 'Default', 'project_id': '79f5982268b54f6c82ec210b99f03617', 'project_name': 'tempest-HypervisorAdminNegativeUnderV252Test-515963722', 'tenant_id': '79f5982268b54f6c82ec210b99f03617', 'tenant_name': 'tempest-HypervisorAdminNegativeUnderV252Test-515963722', 'user_domain_id': 'default', 'user_domain_name': 'Default', 'user_id': '9f7c101314564aeb89844aa924753c28', 'system': None}, Network: None, Subnet: None, Router: None
2024-12-11 06:47:12.017 65513 INFO tempest.lib.common.dynamic_creds [-] Created isolated network resources for: credentials: Credentials: {'domain_id': 'default', 'domain_name': 'Default', 'username': 'tempest-HypervisorAdminNegativeUnderV252Test-515963722-project-admin', 'project_domain_id': 'default', 'project_domain_name': 'Default', 'project_id': '79f5982268b54f6c82ec210b99f03617', 'project_name': 'tempest-HypervisorAdminNegativeUnderV252Test-515963722', 'tenant_id': '79f5982268b54f6c82ec210b99f03617', 'tenant_name': 'tempest-HypervisorAdminNegativeUnderV252Test-515963722', 'user_domain_id': 'default', 'user_domain_name': 'Default', 'user_id': '9f7c101314564aeb89844aa924753c28', 'system': None}, Network: None, Subnet: None, Router: None
2024-12-11 06:47:12.033 65521 INFO tempest.lib.common.rest_client [req-01022326-f957-4ef4-ae64-e7d1d4b220ee req-01022326-f957-4ef4-ae64-e7d1d4b220ee ] Request (ServerActionsTestJSON:setUpClass): 200 GET http://10.180.1.21/identity/v3/domains?name=Default 0.077s
2024-12-11 06:47:12.067 65557 INFO tempest.lib.common.rest_client [req-87b6c418-5aaf-4974-871e-47dcd9178719 req-87b6c418-5aaf-4974-871e-47dcd9178719 ] Request (ServerActionsV293TestJSON:setUpClass): 201 POST http://10.180.1.21/identity/v3/users 0.109s
2024-12-11 06:47:12.091 65521 INFO tempest.lib.common.rest_client [req-0b41663b-9228-472d-a9e0-999b31866937 req-0b41663b-9228-472d-a9e0-999b31866937 ] Request (ServerActionsTestJSON:setUpClass): 201 POST http://10.180.1.21/identity/v3/projects 0.058s
2024-12-11 06:47:12.097 65549 INFO tempest.lib.common.rest_client [req-c9f111d4-bb72-490f-bc36-c7143c5b09dd req-c9f111d4-bb72-490f-bc36-c7143c5b09dd ] Request (FloatingIPsTestJSON:tearDownClass): 204 DELETE http://10.180.1.21:9696/networking/v2.0/routers/3b5deb4c-5d8e-4561-ab18-05d29c58a508 1.948s
2024-12-11 06:47:12.112 65513 INFO tempest.lib.common.rest_client [req-5cbb32f0-330d-4ba4-a077-ed2e03c18272 req-5cbb32f0-330d-4ba4-a077-ed2e03c18272 ] Request (HypervisorAdminNegativeUnderV252Test:setUpClass): 201 POST http://10.180.1.21/identity/v3/auth/tokens 0.089s
2024-12-11 06:47:12.117 65528 INFO tempest.lib.common.rest_client [req-8d81fcc7-48d6-4a05-b653-1cecbe717136 req-8d81fcc7-48d6-4a05-b653-1cecbe717136 ] Request (ValidationResourcesFixture:setUp): 201 POST http://10.180.1.21:9696/networking/v2.0/security-group-rules 0.399s
2024-12-11 06:47:12.141 65557 INFO tempest.lib.common.rest_client [req-50c5e444-d683-48f9-82e2-d5745c885939 req-50c5e444-d683-48f9-82e2-d5745c885939 ] Request (ServerActionsV293TestJSON:setUpClass): 200 GET http://10.180.1.21/identity/v3/roles 0.074s
2024-12-11 06:47:12.170 65521 INFO tempest.lib.common.rest_client [req-7fea07f5-2b82-4735-943e-7aadcf51c595 req-7fea07f5-2b82-4735-943e-7aadcf51c595 ] Request (ServerActionsTestJSON:setUpClass): 201 POST http://10.180.1.21/identity/v3/users 0.078s
2024-12-11 06:47:12.172 65557 INFO tempest.lib.common.rest_client [req-d68ea717-eec5-474d-8f14-b5e6648f6211 req-d68ea717-eec5-474d-8f14-b5e6648f6211 ] Request (ServerActionsV293TestJSON:setUpClass): 204 PUT http://10.180.1.21/identity/v3/projects/ea1dbe07b1e0489cbc43eaa7102c5fc3/users/63a0c71f88904678b51d3bbe67a145be/roles/cc64a115fef74f16a3e24c50532ea470 0.031s
2024-12-11 06:47:12.172 65557 INFO tempest.lib.common.dynamic_creds [-] Dynamic test user 63a0c71f88904678b51d3bbe67a145be is created with scope project and roles: ['member']
2024-12-11 06:47:12.173 65557 INFO tempest.lib.common.dynamic_creds [-] Acquired dynamic creds: credentials: Credentials: {'domain_id': 'default', 'domain_name': 'Default', 'username': 'tempest-ServerActionsV293TestJSON-1420149121-project-member', 'project_domain_id': 'default', 'project_domain_name': 'Default', 'project_id': 'ea1dbe07b1e0489cbc43eaa7102c5fc3', 'project_name': 'tempest-ServerActionsV293TestJSON-1420149121', 'tenant_id': 'ea1dbe07b1e0489cbc43eaa7102c5fc3', 'tenant_name': 'tempest-ServerActionsV293TestJSON-1420149121', 'user_domain_id': 'default', 'user_domain_name': 'Default', 'user_id': '63a0c71f88904678b51d3bbe67a145be', 'system': None}, Network: None, Subnet: None, Router: None
2024-12-11 06:47:12.192 65537 INFO tempest.lib.common.rest_client [req-e0ff04aa-0beb-4d0a-9c37-2e1bb1fccfb1 req-e0ff04aa-0beb-4d0a-9c37-2e1bb1fccfb1 ] Request (SecurityGroupsNegativeTestJSON:setUpClass): 201 POST http://10.180.1.21:9696/networking/v2.0/subnets 0.761s
2024-12-11 06:47:12.203 65503 INFO tempest.lib.common.rest_client [req-1bfc6979-e9c0-4b92-b476-6e0faab438c6 req-1bfc6979-e9c0-4b92-b476-6e0faab438c6 ] Request (DeleteServersAdminTestJSON:test_admin_delete_servers_of_others): 200 GET http://10.180.1.21/compute/v2.1/servers/968df21c-4dfa-4211-9127-0ef4dcc13593 2.189s
2024-12-11 06:47:12.235 65521 INFO tempest.lib.common.rest_client [req-8f35a74b-69d5-4edf-b302-b85ae7aa6989 req-8f35a74b-69d5-4edf-b302-b85ae7aa6989 ] Request (ServerActionsTestJSON:setUpClass): 200 GET http://10.180.1.21/identity/v3/roles 0.065s
2024-12-11 06:47:12.238 65557 INFO tempest.lib.common.rest_client [req-d73b2356-257a-4236-96cf-9bbf8021482c req-d73b2356-257a-4236-96cf-9bbf8021482c ] Request (ServerActionsV293TestJSON:setUpClass): 201 POST http://10.180.1.21/identity/v3/auth/tokens 0.065s
2024-12-11 06:47:12.289 65521 INFO tempest.lib.common.rest_client [req-98b4cc72-6330-4000-833b-6e0136a43247 req-98b4cc72-6330-4000-833b-6e0136a43247 ] Request (ServerActionsTestJSON:setUpClass): 204 PUT http://10.180.1.21/identity/v3/projects/7a042ba30fe849ceb5cc55b27b9d9b9b/users/59a2330e746b46129c09e496262441bd/roles/cc64a115fef74f16a3e24c50532ea470 0.053s
2024-12-11 06:47:12.289 65521 INFO tempest.lib.common.dynamic_creds [-] Dynamic test user 59a2330e746b46129c09e496262441bd is created with scope project and roles: ['member']
2024-12-11 06:47:12.289 65521 INFO tempest.lib.common.dynamic_creds [-] Acquired dynamic creds: credentials: Credentials: {'domain_id': 'default', 'domain_name': 'Default', 'username': 'tempest-ServerActionsTestJSON-899317584-project-member', 'project_domain_id': 'default', 'project_domain_name': 'Default', 'project_id': '7a042ba30fe849ceb5cc55b27b9d9b9b', 'project_name': 'tempest-ServerActionsTestJSON-899317584', 'tenant_id': '7a042ba30fe849ceb5cc55b27b9d9b9b', 'tenant_name': 'tempest-ServerActionsTestJSON-899317584', 'user_domain_id': 'default', 'user_domain_name': 'Default', 'user_id': '59a2330e746b46129c09e496262441bd', 'system': None}, Network: None, Subnet: None, Router: None
2024-12-11 06:47:12.332 65497 INFO tempest.lib.common.rest_client [req-66ff0739-2a87-4cb2-9c09-95dcc92f7fb6 req-66ff0739-2a87-4cb2-9c09-95dcc92f7fb6 ] Request (MigrationsAdminTest:test_list_migrations_in_flavor_resize_situation): 200 GET http://10.180.1.21/compute/v2.1/servers/c4d31828-30cc-4251-9518-6bfa7e0277d3 2.203s
2024-12-11 06:47:12.342 65497 INFO tempest.common.waiters [-] State transition "BUILD/None" ==> "BUILD/block_device_mapping" after 12 second wait
2024-12-11 06:47:12.371 65521 INFO tempest.lib.common.rest_client [req-875508ee-2e25-4e1e-be1c-d48d43d17268 req-875508ee-2e25-4e1e-be1c-d48d43d17268 ] Request (ServerActionsTestJSON:setUpClass): 201 POST http://10.180.1.21/identity/v3/auth/tokens 0.081s
2024-12-11 06:47:12.746 65549 INFO tempest.lib.common.rest_client [req-ba1fb40e-df76-4d12-9f13-a179fbaacfca req-ba1fb40e-df76-4d12-9f13-a179fbaacfca ] Request (FloatingIPsTestJSON:tearDownClass): 204 DELETE http://10.180.1.21:9696/networking/v2.0/subnets/6a977f52-2da6-4363-95f8-23cec0d31b88 0.648s
2024-12-11 06:47:12.929 65555 INFO tempest.lib.common.rest_client [req-ce100f1b-1a29-4314-82d6-ffc64de755b6 req-ce100f1b-1a29-4314-82d6-ffc64de755b6 ] Request (SecurityGroupsTestAdminJSON:_run_cleanups): 202 DELETE http://10.180.1.21/compute/v2.1/os-security-groups/3d6e68cf-c9b3-46c6-8e84-02ad46e1fd4d 2.645s
2024-12-11 06:47:13.014 65541 INFO tempest.lib.common.rest_client [req-b6ffb93c-f097-4f33-a42f-50a36b8b1c02 req-b6ffb93c-f097-4f33-a42f-50a36b8b1c02 ] Request (VolumesAssistedSnapshotsTest:test_volume_assisted_snapshot_create_delete): 200 GET http://10.180.1.21/compute/v2.1/servers/74fcdaaf-da93-481e-8e0f-10443ee37abb 2.670s
2024-12-11 06:47:13.022 65555 INFO tempest.lib.common.rest_client [req-faf94931-a3a0-4c62-bbed-ffd3f44ab0c2 req-faf94931-a3a0-4c62-bbed-ffd3f44ab0c2 ] Request (SecurityGroupsTestAdminJSON:tearDownClass): 204 DELETE http://10.180.1.21/identity/v3/users/20a5b6d419c14886988ccc01a234dfa5 0.084s
2024-12-11 06:47:13.042 65539 INFO tempest.lib.common.rest_client [req-435b8d4d-e836-4c99-bc28-fd55a70d7f6a req-435b8d4d-e836-4c99-bc28-fd55a70d7f6a ] Request (AggregatesAdminNegativeTestJSON:test_aggregate_add_non_exist_host): 404 POST http://10.180.1.21/compute/v2.1/os-aggregates/3/action 2.654s
2024-12-11 06:47:13.062 65543 INFO tempest.lib.common.rest_client [req-9a2418fd-9a04-4a44-b7bf-fff0814b474e req-9a2418fd-9a04-4a44-b7bf-fff0814b474e ] Request (FlavorsExtraSpecsNegativeTestJSON:tearDownClass): 202 DELETE http://10.180.1.21/compute/v2.1/flavors/2062848986 2.668s
2024-12-11 06:47:13.067 65499 INFO tempest.lib.common.rest_client [req-92b957bc-b5cd-4066-b89a-992ea27853da req-92b957bc-b5cd-4066-b89a-992ea27853da ] Request (HostsAdminNegativeTestJSON:test_update_host_with_invalid_status): 400 PUT http://10.180.1.21/compute/v2.1/os-hosts/devstack 2.627s
2024-12-11 06:47:13.089 65559 INFO tempest.lib.common.rest_client [req-40461d60-02e0-48c6-87e1-30fb8973b9ab req-40461d60-02e0-48c6-87e1-30fb8973b9ab ] Request (FlavorsAccessNegativeTestJSON:test_flavor_non_admin_add): 200 POST http://10.180.1.21/compute/v2.1/flavors 2.552s
2024-12-11 06:47:13.101 65535 INFO tempest.lib.common.rest_client [req-86a2e643-7ca8-4834-b9bc-829b571dbf64 req-86a2e643-7ca8-4834-b9bc-829b571dbf64 ] Request (FlavorsV2TestJSON:test_list_flavors_detailed_filter_by_min_ram): 200 GET http://10.180.1.21/compute/v2.1/flavors/42 2.535s
2024-12-11 06:47:13.116 65553 INFO tempest.lib.common.rest_client [req-d888c1cf-2160-470f-94b1-f6789604471e req-d888c1cf-2160-470f-94b1-f6789604471e ] Request (QuotasAdminTestJSON:test_delete_quota): 202 DELETE http://10.180.1.21/compute/v2.1/os-quota-sets/180bb8550ca24aaf834cda2647587331 2.082s
2024-12-11 06:47:13.138 65555 INFO tempest.lib.common.rest_client [req-134a1a61-f3eb-4ae7-a9ca-e821e328f75a req-134a1a61-f3eb-4ae7-a9ca-e821e328f75a ] Request (SecurityGroupsTestAdminJSON:tearDownClass): 204 DELETE http://10.180.1.21/identity/v3/users/0010520b0c834f139465bf68d2d85c90 0.115s
2024-12-11 06:47:13.138 65555 INFO tempest.lib.common.dynamic_creds [-] Deleting project and security group for project: ff6653827011494fa235e0e00b2ee53c
2024-12-11 06:47:13.138 65547 INFO tempest.lib.common.rest_client [req-58b4d96f-1ea1-4cea-b9d4-0e0fef96f4e7 req-58b4d96f-1ea1-4cea-b9d4-0e0fef96f4e7 ] Request (FlavorsAdminTestJSON:test_create_flavor_with_int_id): 200 POST http://10.180.1.21/compute/v2.1/flavors 2.072s
2024-12-11 06:47:13.174 65529 INFO tempest.lib.common.rest_client [req-e4812361-9bac-4c64-b3d4-616294cdf286 req-e4812361-9bac-4c64-b3d4-616294cdf286 ] Request (KeyPairsNegativeTestJSON:test_create_keypair_with_empty_public_key): 400 POST http://10.180.1.21/compute/v2.1/os-keypairs 2.102s
2024-12-11 06:47:13.194 65557 INFO tempest.lib.common.rest_client [req-e3662f82-a859-48d4-a0b2-610bc34c1a09 req-e3662f82-a859-48d4-a0b2-610bc34c1a09 ] Request (ServerActionsV293TestJSON:setUpClass): 201 POST http://10.180.1.21:9696/networking/v2.0/networks 0.956s
2024-12-11 06:47:13.203 65517 INFO tempest.lib.common.rest_client [req-9404717b-63ba-4ccd-8a76-a21dc948b2a8 req-9404717b-63ba-4ccd-8a76-a21dc948b2a8 ] Request (FlavorsV255TestJSON:_run_cleanups): 200 GET http://10.180.1.21/compute/v2.1/flavors/detail 1.785s
2024-12-11 06:47:13.210 65555 INFO tempest.lib.common.rest_client [req-2d8a0cbb-5832-48b2-84ce-bc64069c8b2e req-2d8a0cbb-5832-48b2-84ce-bc64069c8b2e ] Request (SecurityGroupsTestAdminJSON:tearDownClass): 201 POST http://10.180.1.21/identity/v3/auth/tokens 0.071s
