2024-12-11 06:49:49.981 65505 INFO tempest.lib.common.rest_client [req-5dcc6f28-795b-4171-a3d6-53cc28229506 req-5dcc6f28-795b-4171-a3d6-53cc28229506 ] Request (ListServerFiltersTestJSON:test_list_servers_filter_by_limit): 200 GET http://10.180.1.21/compute/v2.1/servers?limit=1 0.072s
2024-12-11 06:49:50.052 65531 INFO tempest.lib.common.rest_client [req-90d1399e-f4f5-47cf-8cdd-b731d1ec2fd8 req-90d1399e-f4f5-47cf-8cdd-b731d1ec2fd8 ] Request (ImagesNegativeTestJSON:test_create_image_from_deleted_server): 200 GET http://10.180.1.21/compute/v2.1/servers/9339be5b-5433-4ff5-9228-c46e8e6030e3 0.069s
2024-12-11 06:49:50.087 65505 INFO tempest.lib.common.rest_client [req-354a29f1-0b6f-4310-a329-b39e863c413e req-354a29f1-0b6f-4310-a329-b39e863c413e ] Request (ListServerFiltersTestJSON:test_list_servers_filter_by_server_name): 200 GET http://10.180.1.21/compute/v2.1/servers?name=tempest-ListServerFiltersTestJSON-instance-804202755 0.097s
2024-12-11 06:49:50.100 65501 INFO tempest.lib.common.rest_client [req-3b999319-96bd-4eed-af87-ab47f9dae312 req-3b999319-96bd-4eed-af87-ab47f9dae312 ] Request (ServersAdminTestJSON:test_create_server_with_scheduling_hint): 200 GET http://10.180.1.21/compute/v2.1/servers/f336f377-b307-4725-9293-29181f5ff512 0.067s
2024-12-11 06:49:50.136 65517 INFO tempest.lib.common.rest_client [req-0e70e268-dfcc-4491-ad86-cb8ba0064b86 req-0e70e268-dfcc-4491-ad86-cb8ba0064b86 ] Request (ImagesOneServerNegativeTestJSON:_run_cleanups): 200 GET http://10.180.1.21/compute/v2.1/servers/7e7ab6b7-809d-4030-b1d4-7e3997b4e20c 0.052s
2024-12-11 06:49:50.166 65505 INFO tempest.lib.common.rest_client [req-4a443094-4244-45cc-9b94-bdbd0b12c2d9 req-4a443094-4244-45cc-9b94-bdbd0b12c2d9 ] Request (ListServerFiltersTestJSON:test_list_servers_filter_by_shutoff_status): 202 POST http://10.180.1.21/compute/v2.1/servers/64ba10aa-717a-43fb-92c5-08b7a0a8c99d/action 0.076s
2024-12-11 06:49:50.196 65551 INFO tempest.lib.common.rest_client [req-725870f8-5fd3-4a35-9c95-d016d9b67f86 req-725870f8-5fd3-4a35-9c95-d016d9b67f86 ] Request (SecurityGroupsTestJSON:tearDownClass): 200 GET http://10.180.1.21/compute/v2.1/servers/c95464ea-8ab6-41ec-b823-90490744b866 0.100s
2024-12-11 06:49:50.250 65529 INFO tempest.lib.common.rest_client [req-99f1bf9b-67f5-4e2d-b4df-0ed42d789f46 req-99f1bf9b-67f5-4e2d-b4df-0ed42d789f46 ] Request (InstanceActionsV221TestJSON:test_get_list_deleted_instance_actions): 200 GET http://10.180.1.21/compute/v2.1/servers/570807e4-c8a6-4ad0-89b0-4d71087a065c 0.077s
2024-12-11 06:49:50.292 65533 INFO tempest.lib.common.rest_client [req-5e666e8d-fcca-4cbb-b1f9-6107ebf0735e req-5e666e8d-fcca-4cbb-b1f9-6107ebf0735e ] Request (ServerRescueTestJSON:setUpClass): 200 GET http://10.180.1.21/compute/v2.1/servers/605e881b-ccf8-4153-a43a-d9523909cba2 0.075s
2024-12-11 06:49:50.312 65505 INFO tempest.lib.common.rest_client [req-43ea4c63-a2e8-45cb-8d55-00f28e7d7664 req-43ea4c63-a2e8-45cb-8d55-00f28e7d7664 ] Request (ListServerFiltersTestJSON:test_list_servers_filter_by_shutoff_status): 200 GET http://10.180.1.21/compute/v2.1/servers/64ba10aa-717a-43fb-92c5-08b7a0a8c99d 0.146s
2024-12-11 06:49:50.340 65503 INFO tempest.lib.common.rest_client [req-dfcd332e-9190-46b3-a75a-a5dde4976e6e req-dfcd332e-9190-46b3-a75a-a5dde4976e6e ] Request (ServerAddressesNegativeTestJSON:setUpClass): 200 GET http://10.180.1.21/compute/v2.1/servers/80f1cdf4-1adc-44f3-80a2-6fedf5182715 0.068s
2024-12-11 06:49:50.369 65499 INFO tempest.lib.common.rest_client [req-458f8806-9d38-4fc4-a587-d92c6709e47b req-458f8806-9d38-4fc4-a587-d92c6709e47b ] Request (InstanceActionsTestJSON:setUpClass): 200 GET http://10.180.1.21/compute/v2.1/servers/56b09bc8-3d27-45f8-bedc-37ec99dfcc22 0.064s
2024-12-11 06:49:50.392 65523 INFO tempest.lib.common.rest_client [req-0e398367-0784-4d68-9dfe-697696dadf87 req-0e398367-0784-4d68-9dfe-697696dadf87 ] Request (MultipleCreateTestJSON:test_multiple_create): 200 GET http://10.180.1.21/compute/v2.1/servers/796f68dd-052d-4a91-b327-b3ae1483a575 0.049s
2024-12-11 06:49:50.413 65525 INFO tempest.lib.common.rest_client [req-14348540-99ff-4cbf-99fc-9abe9be04b0d req-14348540-99ff-4cbf-99fc-9abe9be04b0d ] Request (ServerDiskConfigTestJSON:test_rebuild_server_with_manual_disk_config): 200 GET http://10.180.1.21/compute/v2.1/servers/15345c25-8da1-47e1-82fa-cd8fa685eb71 0.065s
2024-12-11 06:49:50.446 65497 INFO tempest.lib.common.rest_client [req-cdafdb10-6643-4c72-9ee1-1033c2c5c28f req-cdafdb10-6643-4c72-9ee1-1033c2c5c28f ] Request (MigrationsAdminTest:test_resize_server_revert_deleted_flavor): 200 GET http://10.180.1.21/compute/v2.1/servers/0aaf6359-b604-4287-95a8-307487445ed0 0.048s
2024-12-11 06:49:50.452 65497 INFO tempest.common.waiters [-] State transition "BUILD/None" ==> "BUILD/networking" after 67 second wait
2024-12-11 06:49:50.540 65511 INFO tempest.lib.common.rest_client [req-19d46053-4588-4967-b31e-72474e539988 req-19d46053-4588-4967-b31e-72474e539988 ] Request (ListImageFiltersTestJSON:tearDownClass): 200 GET http://10.180.1.21/compute/v2.1/servers/32e6f203-da45-4d23-b78f-e04a7b661962 0.061s
2024-12-11 06:49:50.741 65535 INFO tempest.lib.common.rest_client [req-cd43edde-9880-409b-ad04-261641887142 req-cd43edde-9880-409b-ad04-261641887142 ] Request (FloatingIPsAssociationTestJSON:test_associate_already_associated_floating_ip): 200 GET http://10.180.1.21/compute/v2.1/servers/82cc32c8-dc55-404c-9fb8-14ef9e167d01 0.107s
2024-12-11 06:49:50.756 65513 INFO tempest.lib.common.rest_client [req-7756b1b8-c519-4a9f-b6ae-47cfa3ca2546 req-7756b1b8-c519-4a9f-b6ae-47cfa3ca2546 ] Request (ServersTestMultiNic:test_verify_multiple_nics_order): 200 GET http://10.180.1.21/compute/v2.1/servers/8cfdc601-6462-44b0-8b6f-596e3ed28514 0.059s
2024-12-11 06:49:50.946 65547 INFO tempest.lib.common.rest_client [req-73e61a27-4a55-4c46-b5d8-2914c7e4fa2b req-73e61a27-4a55-4c46-b5d8-2914c7e4fa2b ] Request (ServerRescueNegativeTestJSON:test_rescued_vm_attach_volume): 200 GET http://10.180.1.21/compute/v2.1/servers/0b818b58-176f-40e7-a6cc-6c6694a74c22 0.125s
2024-12-11 06:49:51.122 65531 INFO tempest.lib.common.rest_client [req-6d6c6e45-5a42-40a7-b0a8-e25a10cc7a96 req-6d6c6e45-5a42-40a7-b0a8-e25a10cc7a96 ] Request (ImagesNegativeTestJSON:test_create_image_from_deleted_server): 200 GET http://10.180.1.21/compute/v2.1/servers/9339be5b-5433-4ff5-9228-c46e8e6030e3 0.063s
2024-12-11 06:49:51.162 65501 INFO tempest.lib.common.rest_client [req-88350d46-83d9-4d9f-985d-9472e5b0b0b0 req-88350d46-83d9-4d9f-985d-9472e5b0b0b0 ] Request (ServersAdminTestJSON:test_create_server_with_scheduling_hint): 200 GET http://10.180.1.21/compute/v2.1/servers/f336f377-b307-4725-9293-29181f5ff512 0.053s
2024-12-11 06:49:51.193 65517 INFO tempest.lib.common.rest_client [req-30e53c99-6b44-4bed-9a1a-d4c0fcf91df6 req-30e53c99-6b44-4bed-9a1a-d4c0fcf91df6 ] Request (ImagesOneServerNegativeTestJSON:_run_cleanups): 200 GET http://10.180.1.21/compute/v2.1/servers/7e7ab6b7-809d-4030-b1d4-7e3997b4e20c 0.048s
2024-12-11 06:49:51.260 65551 INFO tempest.lib.common.rest_client [req-0d833b5b-33c6-4ca9-af84-a3bca1bbda43 req-0d833b5b-33c6-4ca9-af84-a3bca1bbda43 ] Request (SecurityGroupsTestJSON:tearDownClass): 200 GET http://10.180.1.21/compute/v2.1/servers/c95464ea-8ab6-41ec-b823-90490744b866 0.056s
2024-12-11 06:49:51.316 65529 INFO tempest.lib.common.rest_client [req-ac108912-aac6-4a07-a4a7-ffbbe9fbe8a3 req-ac108912-aac6-4a07-a4a7-ffbbe9fbe8a3 ] Request (InstanceActionsV221TestJSON:test_get_list_deleted_instance_actions): 200 GET http://10.180.1.21/compute/v2.1/servers/570807e4-c8a6-4ad0-89b0-4d71087a065c 0.056s
2024-12-11 06:49:51.358 65533 INFO tempest.lib.common.rest_client [req-2fac987e-24e8-4690-add8-f44d588b049b req-2fac987e-24e8-4690-add8-f44d588b049b ] Request (ServerRescueTestJSON:setUpClass): 200 GET http://10.180.1.21/compute/v2.1/servers/605e881b-ccf8-4153-a43a-d9523909cba2 0.057s
2024-12-11 06:49:51.413 65503 INFO tempest.lib.common.rest_client [req-6a4f64ba-4b56-41de-8405-58300f190384 req-6a4f64ba-4b56-41de-8405-58300f190384 ] Request (ServerAddressesNegativeTestJSON:setUpClass): 200 GET http://10.180.1.21/compute/v2.1/servers/80f1cdf4-1adc-44f3-80a2-6fedf5182715 0.065s
2024-12-11 06:49:51.422 65505 INFO tempest.lib.common.rest_client [req-d82d6631-8ac1-4384-bf49-be6b24455881 req-d82d6631-8ac1-4384-bf49-be6b24455881 ] Request (ListServerFiltersTestJSON:test_list_servers_filter_by_shutoff_status): 200 GET http://10.180.1.21/compute/v2.1/servers/64ba10aa-717a-43fb-92c5-08b7a0a8c99d 0.102s
2024-12-11 06:49:51.466 65499 INFO tempest.lib.common.rest_client [req-7bcf4e57-53c7-4fc2-9446-a29408b55520 req-7bcf4e57-53c7-4fc2-9446-a29408b55520 ] Request (InstanceActionsTestJSON:setUpClass): 200 GET http://10.180.1.21/compute/v2.1/servers/56b09bc8-3d27-45f8-bedc-37ec99dfcc22 0.091s
2024-12-11 06:49:51.468 65523 INFO tempest.lib.common.rest_client [req-d0964148-1c67-47c5-83a4-38c439f4de14 req-d0964148-1c67-47c5-83a4-38c439f4de14 ] Request (MultipleCreateTestJSON:test_multiple_create): 200 GET http://10.180.1.21/compute/v2.1/servers/796f68dd-052d-4a91-b327-b3ae1483a575 0.069s
2024-12-11 06:49:51.519 65525 INFO tempest.lib.common.rest_client [req-68c777b3-3aed-46e5-9f46-cd3aaa275516 req-68c777b3-3aed-46e5-9f46-cd3aaa275516 ] Request (ServerDiskConfigTestJSON:test_rebuild_server_with_manual_disk_config): 200 GET http://10.180.1.21/compute/v2.1/servers/15345c25-8da1-47e1-82fa-cd8fa685eb71 0.100s
2024-12-11 06:49:51.580 65497 INFO tempest.lib.common.rest_client [req-f580f07e-00ea-40e3-b848-6efcb574950d req-f580f07e-00ea-40e3-b848-6efcb574950d ] Request (MigrationsAdminTest:test_resize_server_revert_deleted_flavor): 200 GET http://10.180.1.21/compute/v2.1/servers/0aaf6359-b604-4287-95a8-307487445ed0 0.126s
2024-12-11 06:49:51.586 65497 INFO tempest.common.waiters [-] State transition "BUILD/networking" ==> "BUILD/block_device_mapping" after 68 second wait
2024-12-11 06:49:51.601 65511 INFO tempest.lib.common.rest_client [req-645b3818-f99b-45c8-a375-ef32b71f56f4 req-645b3818-f99b-45c8-a375-ef32b71f56f4 ] Request (ListImageFiltersTestJSON:tearDownClass): 200 GET http://10.180.1.21/compute/v2.1/servers/32e6f203-da45-4d23-b78f-e04a7b661962 0.053s
2024-12-11 06:49:51.810 65513 INFO tempest.lib.common.rest_client [req-0b6cd057-4ca8-4be5-b84a-2eff0c56967f req-0b6cd057-4ca8-4be5-b84a-2eff0c56967f ] Request (ServersTestMultiNic:test_verify_multiple_nics_order): 200 GET http://10.180.1.21/compute/v2.1/servers/8cfdc601-6462-44b0-8b6f-596e3ed28514 0.046s
2024-12-11 06:49:51.896 65535 INFO tempest.lib.common.rest_client [req-6bb7009e-d841-466a-b54b-f8e331d0086f req-6bb7009e-d841-466a-b54b-f8e331d0086f ] Request (FloatingIPsAssociationTestJSON:test_associate_already_associated_floating_ip): 200 GET http://10.180.1.21/compute/v2.1/servers/82cc32c8-dc55-404c-9fb8-14ef9e167d01 0.149s
2024-12-11 06:49:52.051 65547 INFO tempest.lib.common.rest_client [req-90d75e48-12d5-4cd1-9488-9fa8c1716f4f req-90d75e48-12d5-4cd1-9488-9fa8c1716f4f ] Request (ServerRescueNegativeTestJSON:test_rescued_vm_attach_volume): 200 GET http://10.180.1.21/compute/v2.1/servers/0b818b58-176f-40e7-a6cc-6c6694a74c22 0.097s
2024-12-11 06:49:52.095 65555 WARNING tempest.lib.common.ssh [-] Failed to establish authenticated ssh connection to cirros@10.180.180.178 ([Errno None] Unable to connect to port 22 on 10.180.180.178). Number attempts: 5. Retry after 6 seconds.: paramiko.ssh_exception.NoValidConnectionsError: [Errno None] Unable to connect to port 22 on 10.180.180.178
2024-12-11 06:49:52.183 65541 WARNING tempest.lib.common.ssh [-] Failed to establish authenticated ssh connection to cirros@10.180.180.221 ([Errno None] Unable to connect to port 22 on 10.180.180.221). Number attempts: 13. Retry after 14 seconds.: paramiko.ssh_exception.NoValidConnectionsError: [Errno None] Unable to connect to port 22 on 10.180.180.221
2024-12-11 06:49:52.203 65531 INFO tempest.lib.common.rest_client [req-4f89fec7-e8a0-4e3f-84b3-4d3a438489f3 req-4f89fec7-e8a0-4e3f-84b3-4d3a438489f3 ] Request (ImagesNegativeTestJSON:test_create_image_from_deleted_server): 200 GET http://10.180.1.21/compute/v2.1/servers/9339be5b-5433-4ff5-9228-c46e8e6030e3 0.071s
2024-12-11 06:49:52.237 65501 INFO tempest.lib.common.rest_client [req-590c7812-78cf-4501-842f-590b9f094636 req-590c7812-78cf-4501-842f-590b9f094636 ] Request (ServersAdminTestJSON:test_create_server_with_scheduling_hint): 200 GET http://10.180.1.21/compute/v2.1/servers/f336f377-b307-4725-9293-29181f5ff512 0.068s
2024-12-11 06:49:52.277 65517 INFO tempest.lib.common.rest_client [req-5247eaae-d44a-4817-967e-5477c561e689 req-5247eaae-d44a-4817-967e-5477c561e689 ] Request (ImagesOneServerNegativeTestJSON:_run_cleanups): 200 GET http://10.180.1.21/compute/v2.1/servers/7e7ab6b7-809d-4030-b1d4-7e3997b4e20c 0.077s
2024-12-11 06:49:52.330 65551 INFO tempest.lib.common.rest_client [req-088da3b2-6753-464b-a151-082deb41c1bc req-088da3b2-6753-464b-a151-082deb41c1bc ] Request (SecurityGroupsTestJSON:tearDownClass): 200 GET http://10.180.1.21/compute/v2.1/servers/c95464ea-8ab6-41ec-b823-90490744b866 0.063s
2024-12-11 06:49:52.346 65529 INFO tempest.lib.common.rest_client [req-21cba808-f362-44bb-9be7-e7763dbcafee req-21cba808-f362-44bb-9be7-e7763dbcafee ] Request (InstanceActionsV221TestJSON:test_get_list_deleted_instance_actions): 404 GET http://10.180.1.21/compute/v2.1/servers/570807e4-c8a6-4ad0-89b0-4d71087a065c 0.020s
2024-12-11 06:49:52.398 65529 INFO tempest.lib.common.rest_client [req-ac8849f5-3dfa-4a92-bca6-8b9f568a3a73 req-ac8849f5-3dfa-4a92-bca6-8b9f568a3a73 ] Request (InstanceActionsV221TestJSON:test_get_list_deleted_instance_actions): 200 GET http://10.180.1.21/compute/v2.1/servers/570807e4-c8a6-4ad0-89b0-4d71087a065c/os-instance-actions 0.051s
2024-12-11 06:49:52.417 65533 INFO tempest.lib.common.rest_client [req-3228901e-839d-4608-ba63-63036826d299 req-3228901e-839d-4608-ba63-63036826d299 ] Request (ServerRescueTestJSON:setUpClass): 200 GET http://10.180.1.21/compute/v2.1/servers/605e881b-ccf8-4153-a43a-d9523909cba2 0.053s
2024-12-11 06:49:52.422 65529 INFO tempest.lib.common.rest_client [req-f6bb02f9-5714-4a00-8102-f6e357b0383e req-f6bb02f9-5714-4a00-8102-f6e357b0383e ] Request (InstanceActionsV221TestJSON:tearDownClass): 404 DELETE http://10.180.1.21/compute/v2.1/servers/570807e4-c8a6-4ad0-89b0-4d71087a065c 0.021s
2024-12-11 06:49:52.442 65529 INFO tempest.lib.common.rest_client [req-2f4568c3-4422-444e-a19c-5b75025e5f85 req-2f4568c3-4422-444e-a19c-5b75025e5f85 ] Request (InstanceActionsV221TestJSON:tearDownClass): 404 GET http://10.180.1.21/compute/v2.1/servers/570807e4-c8a6-4ad0-89b0-4d71087a065c 0.019s
2024-12-11 06:49:52.478 65503 INFO tempest.lib.common.rest_client [req-69c3ae62-0125-42ec-a303-b427d3d63b66 req-69c3ae62-0125-42ec-a303-b427d3d63b66 ] Request (ServerAddressesNegativeTestJSON:setUpClass): 200 GET http://10.180.1.21/compute/v2.1/servers/80f1cdf4-1adc-44f3-80a2-6fedf5182715 0.057s
2024-12-11 06:49:52.484 65528 WARNING tempest.lib.common.ssh [-] Failed to establish authenticated ssh connection to cirros@10.180.180.225 ([Errno None] Unable to connect to port 22 on 10.180.180.225). Number attempts: 13. Retry after 14 seconds.: paramiko.ssh_exception.NoValidConnectionsError: [Errno None] Unable to connect to port 22 on 10.180.180.225
2024-12-11 06:49:52.537 65505 INFO tempest.lib.common.rest_client [req-52914b4c-e8ff-479c-b137-6f84db917d8a req-52914b4c-e8ff-479c-b137-6f84db917d8a ] Request (ListServerFiltersTestJSON:test_list_servers_filter_by_shutoff_status): 200 GET http://10.180.1.21/compute/v2.1/servers/64ba10aa-717a-43fb-92c5-08b7a0a8c99d 0.107s
2024-12-11 06:49:52.543 65505 INFO tempest.common.waiters [-] State transition "ACTIVE/powering-off" ==> "SHUTOFF/None" after 2 second wait
2024-12-11 06:49:52.543 65499 INFO tempest.lib.common.rest_client [req-fc9f1ae6-f1c0-4146-b672-fe8f41992535 req-fc9f1ae6-f1c0-4146-b672-fe8f41992535 ] Request (InstanceActionsTestJSON:setUpClass): 200 GET http://10.180.1.21/compute/v2.1/servers/56b09bc8-3d27-45f8-bedc-37ec99dfcc22 0.069s
2024-12-11 06:49:52.585 65523 INFO tempest.lib.common.rest_client [req-1ca537aa-2289-4da0-89c1-06010f9e79bc req-1ca537aa-2289-4da0-89c1-06010f9e79bc ] Request (MultipleCreateTestJSON:test_multiple_create): 200 GET http://10.180.1.21/compute/v2.1/servers/796f68dd-052d-4a91-b327-b3ae1483a575 0.110s
2024-12-11 06:49:52.597 65525 INFO tempest.lib.common.rest_client [req-d2e5c7c3-d080-4b1c-9299-8e132e94b2fe req-d2e5c7c3-d080-4b1c-9299-8e132e94b2fe ] Request (ServerDiskConfigTestJSON:test_rebuild_server_with_manual_disk_config): 200 GET http://10.180.1.21/compute/v2.1/servers/15345c25-8da1-47e1-82fa-cd8fa685eb71 0.070s
2024-12-11 06:49:52.628 65505 INFO tempest.lib.common.rest_client [req-9b24b716-2bcd-4690-a88d-d910e56ee9d6 req-9b24b716-2bcd-4690-a88d-d910e56ee9d6 ] Request (ListServerFiltersTestJSON:test_list_servers_filter_by_shutoff_status): 200 GET http://10.180.1.21/compute/v2.1/servers?status=shutoff 0.085s
2024-12-11 06:49:52.690 65511 INFO tempest.lib.common.rest_client [req-40a32623-a614-4c65-8880-a60805531975 req-40a32623-a614-4c65-8880-a60805531975 ] Request (ListImageFiltersTestJSON:tearDownClass): 200 GET http://10.180.1.21/compute/v2.1/servers/32e6f203-da45-4d23-b78f-e04a7b661962 0.083s
2024-12-11 06:49:52.722 65497 INFO tempest.lib.common.rest_client [req-2be37362-aa0e-4248-a65c-158a3ccb6cc4 req-2be37362-aa0e-4248-a65c-158a3ccb6cc4 ] Request (MigrationsAdminTest:test_resize_server_revert_deleted_flavor): 200 GET http://10.180.1.21/compute/v2.1/servers/0aaf6359-b604-4287-95a8-307487445ed0 0.134s
2024-12-11 06:49:52.729 65497 INFO tempest.common.waiters [-] State transition "BUILD/block_device_mapping" ==> "BUILD/spawning" after 69 second wait
2024-12-11 06:49:52.753 65505 INFO tempest.lib.common.rest_client [req-2786323e-4544-4fab-bb05-c130dd3ad042 req-2786323e-4544-4fab-bb05-c130dd3ad042 ] Request (ListServerFiltersTestJSON:test_list_servers_filter_by_shutoff_status): 202 POST http://10.180.1.21/compute/v2.1/servers/64ba10aa-717a-43fb-92c5-08b7a0a8c99d/action 0.124s
2024-12-11 06:49:52.874 65513 INFO tempest.lib.common.rest_client [req-5a731a0b-4805-4275-8e2b-83f208195cd3 req-5a731a0b-4805-4275-8e2b-83f208195cd3 ] Request (ServersTestMultiNic:test_verify_multiple_nics_order): 200 GET http://10.180.1.21/compute/v2.1/servers/8cfdc601-6462-44b0-8b6f-596e3ed28514 0.057s
2024-12-11 06:49:52.998 65535 INFO tempest.lib.common.rest_client [req-50433383-acdc-40be-87ea-a5071cbe5d58 req-50433383-acdc-40be-87ea-a5071cbe5d58 ] Request (FloatingIPsAssociationTestJSON:test_associate_already_associated_floating_ip): 200 GET http://10.180.1.21/compute/v2.1/servers/82cc32c8-dc55-404c-9fb8-14ef9e167d01 0.094s
2024-12-11 06:49:53.002 65505 INFO tempest.lib.common.rest_client [req-f2c302c7-e917-4c26-b37a-b76137ecc5d1 req-f2c302c7-e917-4c26-b37a-b76137ecc5d1 ] Request (ListServerFiltersTestJSON:test_list_servers_filter_by_shutoff_status): 200 GET http://10.180.1.21/compute/v2.1/servers/64ba10aa-717a-43fb-92c5-08b7a0a8c99d 0.248s
2024-12-11 06:49:53.206 65547 INFO tempest.lib.common.rest_client [req-7b5e7429-8a8a-41a0-a126-c91da2e1f156 req-7b5e7429-8a8a-41a0-a126-c91da2e1f156 ] Request (ServerRescueNegativeTestJSON:test_rescued_vm_attach_volume): 200 GET http://10.180.1.21/compute/v2.1/servers/0b818b58-176f-40e7-a6cc-6c6694a74c22 0.147s
2024-12-11 06:49:53.282 65531 INFO tempest.lib.common.rest_client [req-fdd12658-76c8-4d7c-999a-4c0c8a6331ab req-fdd12658-76c8-4d7c-999a-4c0c8a6331ab ] Request (ImagesNegativeTestJSON:test_create_image_from_deleted_server): 200 GET http://10.180.1.21/compute/v2.1/servers/9339be5b-5433-4ff5-9228-c46e8e6030e3 0.068s
2024-12-11 06:49:53.306 65501 INFO tempest.lib.common.rest_client [req-ce63a1b7-f59b-47d1-910a-d655feda3510 req-ce63a1b7-f59b-47d1-910a-d655feda3510 ] Request (ServersAdminTestJSON:test_create_server_with_scheduling_hint): 200 GET http://10.180.1.21/compute/v2.1/servers/f336f377-b307-4725-9293-29181f5ff512 0.061s
2024-12-11 06:49:53.347 65517 INFO tempest.lib.common.rest_client [req-ff345ef1-8414-428c-8b88-a2ddef7a6960 req-ff345ef1-8414-428c-8b88-a2ddef7a6960 ] Request (ImagesOneServerNegativeTestJSON:_run_cleanups): 200 GET http://10.180.1.21/compute/v2.1/servers/7e7ab6b7-809d-4030-b1d4-7e3997b4e20c 0.062s
2024-12-11 06:49:53.381 65529 INFO tempest.lib.common.rest_client [req-0e894822-42bb-4d89-98c7-9b421499fedf req-0e894822-42bb-4d89-98c7-9b421499fedf ] Request (InstanceActionsV221TestJSON:tearDownClass): 200 PUT http://10.180.1.21:9696/networking/v2.0/routers/06a462d6-266c-4c1c-8e43-4c4dd11e7611/remove_router_interface 0.939s
2024-12-11 06:49:53.454 65551 INFO tempest.lib.common.rest_client [req-208e616b-81c5-4262-a9cc-2479ff1853ef req-208e616b-81c5-4262-a9cc-2479ff1853ef ] Request (SecurityGroupsTestJSON:tearDownClass): 200 GET http://10.180.1.21/compute/v2.1/servers/c95464ea-8ab6-41ec-b823-90490744b866 0.117s
2024-12-11 06:49:53.480 65533 INFO tempest.lib.common.rest_client [req-b1b7cbc7-09cf-414e-9d3d-7898a4e3c030 req-b1b7cbc7-09cf-414e-9d3d-7898a4e3c030 ] Request (ServerRescueTestJSON:setUpClass): 200 GET http://10.180.1.21/compute/v2.1/servers/605e881b-ccf8-4153-a43a-d9523909cba2 0.055s
2024-12-11 06:49:53.551 65503 INFO tempest.lib.common.rest_client [req-4f063400-5443-42ea-b428-22eab3e91fde req-4f063400-5443-42ea-b428-22eab3e91fde ] Request (ServerAddressesNegativeTestJSON:setUpClass): 200 GET http://10.180.1.21/compute/v2.1/servers/80f1cdf4-1adc-44f3-80a2-6fedf5182715 0.066s
2024-12-11 06:49:53.603 65499 INFO tempest.lib.common.rest_client [req-0f71f5b7-b1a9-42f7-8c66-1ae7afe617a1 req-0f71f5b7-b1a9-42f7-8c66-1ae7afe617a1 ] Request (InstanceActionsTestJSON:setUpClass): 200 GET http://10.180.1.21/compute/v2.1/servers/56b09bc8-3d27-45f8-bedc-37ec99dfcc22 0.053s
2024-12-11 06:49:53.624 65507 WARNING tempest.lib.common.ssh [-] Failed to establish authenticated ssh connection to cirros@10.180.180.130 ([Errno None] Unable to connect to port 22 on 10.180.180.130). Number attempts: 4. Retry after 5 seconds.: paramiko.ssh_exception.NoValidConnectionsError: [Errno None] Unable to connect to port 22 on 10.180.180.130
2024-12-11 06:49:53.648 65523 INFO tempest.lib.common.rest_client [req-d77d191d-ee78-4f69-a508-a7698810389e req-d77d191d-ee78-4f69-a508-a7698810389e ] Request (MultipleCreateTestJSON:test_multiple_create): 200 GET http://10.180.1.21/compute/v2.1/servers/796f68dd-052d-4a91-b327-b3ae1483a575 0.055s
2024-12-11 06:49:53.655 65525 INFO tempest.lib.common.rest_client [req-4e9e910e-5e2e-4d39-a288-fdb544ae7caf req-4e9e910e-5e2e-4d39-a288-fdb544ae7caf ] Request (ServerDiskConfigTestJSON:test_rebuild_server_with_manual_disk_config): 200 GET http://10.180.1.21/compute/v2.1/servers/15345c25-8da1-47e1-82fa-cd8fa685eb71 0.050s
2024-12-11 06:49:53.770 65511 INFO tempest.lib.common.rest_client [req-25c23873-7116-4787-b36b-1598cac12cad req-25c23873-7116-4787-b36b-1598cac12cad ] Request (ListImageFiltersTestJSON:tearDownClass): 200 GET http://10.180.1.21/compute/v2.1/servers/32e6f203-da45-4d23-b78f-e04a7b661962 0.073s
2024-12-11 06:49:53.778 65529 INFO tempest.lib.common.rest_client [req-3511e0d5-421f-4cc1-9c88-79b4bf6a4afe req-3511e0d5-421f-4cc1-9c88-79b4bf6a4afe ] Request (InstanceActionsV221TestJSON:tearDownClass): 204 DELETE http://10.180.1.21:9696/networking/v2.0/routers/06a462d6-266c-4c1c-8e43-4c4dd11e7611 0.396s
2024-12-11 06:49:53.848 65497 INFO tempest.lib.common.rest_client [req-57b70211-37e3-4273-a505-5e22dfa8647e req-57b70211-37e3-4273-a505-5e22dfa8647e ] Request (MigrationsAdminTest:test_resize_server_revert_deleted_flavor): 200 GET http://10.180.1.21/compute/v2.1/servers/0aaf6359-b604-4287-95a8-307487445ed0 0.117s
2024-12-11 06:49:53.883 65529 INFO tempest.lib.common.rest_client [req-b955e621-3c7f-4dba-b61d-4dd0d1c09fd8 req-b955e621-3c7f-4dba-b61d-4dd0d1c09fd8 ] Request (InstanceActionsV221TestJSON:tearDownClass): 204 DELETE http://10.180.1.21:9696/networking/v2.0/subnets/258aece1-01e6-4330-b9e0-85aab0024d80 0.105s
2024-12-11 06:49:53.959 65513 INFO tempest.lib.common.rest_client [req-78cad3d2-08c4-4945-b911-3540998f8271 req-78cad3d2-08c4-4945-b911-3540998f8271 ] Request (ServersTestMultiNic:test_verify_multiple_nics_order): 200 GET http://10.180.1.21/compute/v2.1/servers/8cfdc601-6462-44b0-8b6f-596e3ed28514 0.076s
2024-12-11 06:49:54.166 65535 INFO tempest.lib.common.rest_client [req-5e06389f-deb6-4ef0-872b-62b47c63c7fb req-5e06389f-deb6-4ef0-872b-62b47c63c7fb ] Request (FloatingIPsAssociationTestJSON:test_associate_already_associated_floating_ip): 200 GET http://10.180.1.21/compute/v2.1/servers/82cc32c8-dc55-404c-9fb8-14ef9e167d01 0.162s
2024-12-11 06:49:54.198 65505 INFO tempest.lib.common.rest_client [req-380a847c-9c42-4025-96e1-06ca7368e40c req-380a847c-9c42-4025-96e1-06ca7368e40c ] Request (ListServerFiltersTestJSON:test_list_servers_filter_by_shutoff_status): 200 GET http://10.180.1.21/compute/v2.1/servers/64ba10aa-717a-43fb-92c5-08b7a0a8c99d 0.187s
2024-12-11 06:49:54.204 65529 INFO tempest.lib.common.rest_client [req-e57f6ae8-faf2-4a9b-bdce-5e8f336946cc req-e57f6ae8-faf2-4a9b-bdce-5e8f336946cc ] Request (InstanceActionsV221TestJSON:tearDownClass): 204 DELETE http://10.180.1.21:9696/networking/v2.0/networks/03246227-9a3d-4338-ab3d-bdb6025eacbe 0.320s
2024-12-11 06:49:54.295 65529 INFO tempest.lib.common.rest_client [req-cea2fdf9-2c7f-41e5-b639-fc6b42bbc3be req-cea2fdf9-2c7f-41e5-b639-fc6b42bbc3be ] Request (InstanceActionsV221TestJSON:tearDownClass): 204 DELETE http://10.180.1.21/identity/v3/users/d93f832e5b104c8b8468a36b6108981d 0.090s
2024-12-11 06:49:54.295 65529 INFO tempest.lib.common.dynamic_creds [-] Deleting project and security group for project: 37a0815b9e7b4b1db45a71949b8d5266
2024-12-11 06:49:54.322 65529 INFO tempest.lib.common.rest_client [req-e3fd9189-96dc-4bce-a2bc-b0cccd6940ba req-e3fd9189-96dc-4bce-a2bc-b0cccd6940ba ] Request (InstanceActionsV221TestJSON:tearDownClass): 200 GET http://10.180.1.21:9696/networking/v2.0/security-groups?tenant_id=37a0815b9e7b4b1db45a71949b8d5266&name=default 0.027s
2024-12-11 06:49:54.353 65531 INFO tempest.lib.common.rest_client [req-66b5365c-7f2d-4e97-a316-236c84324f9c req-66b5365c-7f2d-4e97-a316-236c84324f9c ] Request (ImagesNegativeTestJSON:test_create_image_from_deleted_server): 200 GET http://10.180.1.21/compute/v2.1/servers/9339be5b-5433-4ff5-9228-c46e8e6030e3 0.061s
2024-12-11 06:49:54.354 65547 INFO tempest.lib.common.rest_client [req-c53d0026-21d3-43eb-924a-664b9aa56d2f req-c53d0026-21d3-43eb-924a-664b9aa56d2f ] Request (ServerRescueNegativeTestJSON:test_rescued_vm_attach_volume): 200 GET http://10.180.1.21/compute/v2.1/servers/0b818b58-176f-40e7-a6cc-6c6694a74c22 0.141s
2024-12-11 06:49:54.363 65547 INFO tempest.common.waiters [-] State transition "ACTIVE/rescuing" ==> "RESCUE/None" after 8 second wait
2024-12-11 06:49:54.404 65517 INFO tempest.lib.common.rest_client [req-7b31f2e8-2752-452b-9aa4-b4665f83845f req-7b31f2e8-2752-452b-9aa4-b4665f83845f ] Request (ImagesOneServerNegativeTestJSON:_run_cleanups): 200 GET http://10.180.1.21/compute/v2.1/servers/7e7ab6b7-809d-4030-b1d4-7e3997b4e20c 0.049s
2024-12-11 06:49:54.404 65501 INFO tempest.lib.common.rest_client [req-e3c1dd32-7af2-4f8d-8424-805cb2fac278 req-e3c1dd32-7af2-4f8d-8424-805cb2fac278 ] Request (ServersAdminTestJSON:test_create_server_with_scheduling_hint): 200 GET http://10.180.1.21/compute/v2.1/servers/f336f377-b307-4725-9293-29181f5ff512 0.091s
2024-12-11 06:49:54.422 65529 INFO tempest.lib.common.rest_client [req-c8d74271-2747-4a04-881f-1865f8481a7d req-c8d74271-2747-4a04-881f-1865f8481a7d ] Request (InstanceActionsV221TestJSON:tearDownClass): 204 DELETE http://10.180.1.21:9696/networking/v2.0/security-groups/5ef1bae3-7d99-432e-a075-a3fe663e70ca 0.099s
2024-12-11 06:49:54.427 65547 INFO tempest.lib.common.rest_client [req-1559d661-115b-4469-868d-f2906e7d69e8 req-1559d661-115b-4469-868d-f2906e7d69e8 ] Request (ServerRescueNegativeTestJSON:test_rescued_vm_attach_volume): 409 POST http://10.180.1.21/compute/v2.1/servers/0b818b58-176f-40e7-a6cc-6c6694a74c22/os-volume_attachments 0.064s
2024-12-11 06:49:54.481 65547 INFO tempest.lib.common.rest_client [req-800d354e-888e-4c74-b51a-b4da9b57c82e req-800d354e-888e-4c74-b51a-b4da9b57c82e ] Request (ServerRescueNegativeTestJSON:_run_cleanups): 202 POST http://10.180.1.21/compute/v2.1/servers/0b818b58-176f-40e7-a6cc-6c6694a74c22/action 0.053s
2024-12-11 06:49:54.505 65529 INFO tempest.lib.common.rest_client [req-6085d938-b3aa-46d4-89f8-a639b95c2b99 req-6085d938-b3aa-46d4-89f8-a639b95c2b99 ] Request (InstanceActionsV221TestJSON:tearDownClass): 204 DELETE http://10.180.1.21/identity/v3/projects/37a0815b9e7b4b1db45a71949b8d5266 0.082s
2024-12-11 06:49:54.522 65551 INFO tempest.lib.common.rest_client [req-4cf0fbcb-0070-4c32-bcee-aa44b636ec76 req-4cf0fbcb-0070-4c32-bcee-aa44b636ec76 ] Request (SecurityGroupsTestJSON:tearDownClass): 200 GET http://10.180.1.21/compute/v2.1/servers/c95464ea-8ab6-41ec-b823-90490744b866 0.060s
2024-12-11 06:49:54.563 65529 INFO tempest.lib.common.rest_client [req-e591b0a5-fbd8-4d40-b52f-7cb6e658e937 req-e591b0a5-fbd8-4d40-b52f-7cb6e658e937 ] Request (ServerPasswordTestJSON:setUpClass): 201 POST http://10.180.1.21/identity/v3/auth/tokens 0.056s
2024-12-11 06:49:54.569 65533 INFO tempest.lib.common.rest_client [req-b6a4c060-2b78-4dba-80a3-69e46068ab09 req-b6a4c060-2b78-4dba-80a3-69e46068ab09 ] Request (ServerRescueTestJSON:setUpClass): 200 GET http://10.180.1.21/compute/v2.1/servers/605e881b-ccf8-4153-a43a-d9523909cba2 0.081s
2024-12-11 06:49:54.581 65547 INFO tempest.lib.common.rest_client [req-a9c29e39-f888-450d-b32d-665bbba4e283 req-a9c29e39-f888-450d-b32d-665bbba4e283 ] Request (ServerRescueNegativeTestJSON:_run_cleanups): 200 GET http://10.180.1.21/compute/v2.1/servers/0b818b58-176f-40e7-a6cc-6c6694a74c22 0.099s
2024-12-11 06:49:54.598 65529 INFO tempest.lib.common.rest_client [req-fc78d10b-c84c-429d-8fcd-8cc89a52fc2e req-fc78d10b-c84c-429d-8fcd-8cc89a52fc2e ] Request (ServerPasswordTestJSON:setUpClass): 201 POST http://10.180.1.21/identity/v3/auth/tokens 0.031s
2024-12-11 06:49:54.610 65503 INFO tempest.lib.common.rest_client [req-4ac39553-b89e-4714-8488-ce8e1f50bc5a req-4ac39553-b89e-4714-8488-ce8e1f50bc5a ] Request (ServerAddressesNegativeTestJSON:setUpClass): 200 GET http://10.180.1.21/compute/v2.1/servers/80f1cdf4-1adc-44f3-80a2-6fedf5182715 0.052s
2024-12-11 06:49:54.622 65529 INFO tempest.lib.common.rest_client [req-0bb20bf8-2312-4b75-8238-db0e834e81ec req-0bb20bf8-2312-4b75-8238-db0e834e81ec ] Request (ServerPasswordTestJSON:setUpClass): 200 GET http://10.180.1.21/identity/v3/domains?name=Default 0.023s
2024-12-11 06:49:54.654 65529 INFO tempest.lib.common.rest_client [req-c43ff1e3-7aee-4cc9-96e4-88d7eeae8e89 req-c43ff1e3-7aee-4cc9-96e4-88d7eeae8e89 ] Request (ServerPasswordTestJSON:setUpClass): 201 POST http://10.180.1.21/identity/v3/projects 0.031s
2024-12-11 06:49:54.665 65499 INFO tempest.lib.common.rest_client [req-ff01afb7-3ec5-40e6-ab6b-1f7d3d92a7c4 req-ff01afb7-3ec5-40e6-ab6b-1f7d3d92a7c4 ] Request (InstanceActionsTestJSON:setUpClass): 200 GET http://10.180.1.21/compute/v2.1/servers/56b09bc8-3d27-45f8-bedc-37ec99dfcc22 0.054s
2024-12-11 06:49:54.720 65529 INFO tempest.lib.common.rest_client [req-49b23cdf-7a07-42c1-b445-8c8b1223fc34 req-49b23cdf-7a07-42c1-b445-8c8b1223fc34 ] Request (ServerPasswordTestJSON:setUpClass): 201 POST http://10.180.1.21/identity/v3/users 0.065s
2024-12-11 06:49:54.721 65525 INFO tempest.lib.common.rest_client [req-4dc9ab72-5baa-463c-9577-6a33d412e17f req-4dc9ab72-5baa-463c-9577-6a33d412e17f ] Request (ServerDiskConfigTestJSON:test_rebuild_server_with_manual_disk_config): 200 GET http://10.180.1.21/compute/v2.1/servers/15345c25-8da1-47e1-82fa-cd8fa685eb71 0.059s
2024-12-11 06:49:54.724 65523 INFO tempest.lib.common.rest_client [req-94b079c9-3d54-4c99-8821-5c6ecf927635 req-94b079c9-3d54-4c99-8821-5c6ecf927635 ] Request (MultipleCreateTestJSON:test_multiple_create): 200 GET http://10.180.1.21/compute/v2.1/servers/796f68dd-052d-4a91-b327-b3ae1483a575 0.065s
2024-12-11 06:49:54.738 65529 INFO tempest.lib.common.rest_client [req-a2be53ca-af43-40af-9cef-39e1735092db req-a2be53ca-af43-40af-9cef-39e1735092db ] Request (ServerPasswordTestJSON:setUpClass): 200 GET http://10.180.1.21/identity/v3/roles 0.017s
2024-12-11 06:49:54.762 65529 INFO tempest.lib.common.rest_client [req-32b2fd98-d155-4211-b5ce-e85eb69f7731 req-32b2fd98-d155-4211-b5ce-e85eb69f7731 ] Request (ServerPasswordTestJSON:setUpClass): 204 PUT http://10.180.1.21/identity/v3/projects/747f81bef6294508803e3a3284cc8616/users/02c3aec31fad4944926d1130772033f6/roles/cc64a115fef74f16a3e24c50532ea470 0.024s
2024-12-11 06:49:54.762 65529 INFO tempest.lib.common.dynamic_creds [-] Dynamic test user 02c3aec31fad4944926d1130772033f6 is created with scope project and roles: ['member']
2024-12-11 06:49:54.763 65529 INFO tempest.lib.common.dynamic_creds [-] Acquired dynamic creds: credentials: Credentials: {'domain_id': 'default', 'domain_name': 'Default', 'username': 'tempest-ServerPasswordTestJSON-1086926941-project-member', 'project_domain_id': 'default', 'project_domain_name': 'Default', 'project_id': '747f81bef6294508803e3a3284cc8616', 'project_name': 'tempest-ServerPasswordTestJSON-1086926941', 'tenant_id': '747f81bef6294508803e3a3284cc8616', 'tenant_name': 'tempest-ServerPasswordTestJSON-1086926941', 'user_domain_id': 'default', 'user_domain_name': 'Default', 'user_id': '02c3aec31fad4944926d1130772033f6', 'system': None}, Network: None, Subnet: None, Router: None
2024-12-11 06:49:54.826 65529 INFO tempest.lib.common.rest_client [req-3859fb0f-f53b-413c-9512-e721edc49e07 req-3859fb0f-f53b-413c-9512-e721edc49e07 ] Request (ServerPasswordTestJSON:setUpClass): 201 POST http://10.180.1.21/identity/v3/auth/tokens 0.062s
2024-12-11 06:49:54.848 65511 INFO tempest.lib.common.rest_client [req-dfba10e6-6a1a-48d9-8c7b-85529ec09d74 req-dfba10e6-6a1a-48d9-8c7b-85529ec09d74 ] Request (ListImageFiltersTestJSON:tearDownClass): 200 GET http://10.180.1.21/compute/v2.1/servers/32e6f203-da45-4d23-b78f-e04a7b661962 0.068s
2024-12-11 06:49:55.030 65513 INFO tempest.lib.common.rest_client [req-fdfe24e9-2762-4b13-a4b0-7e5e16818b58 req-fdfe24e9-2762-4b13-a4b0-7e5e16818b58 ] Request (ServersTestMultiNic:test_verify_multiple_nics_order): 200 GET http://10.180.1.21/compute/v2.1/servers/8cfdc601-6462-44b0-8b6f-596e3ed28514 0.061s
2024-12-11 06:49:55.041 65497 INFO tempest.lib.common.rest_client [req-56b4faf7-82d7-4fac-9310-015762fe2e6b req-56b4faf7-82d7-4fac-9310-015762fe2e6b ] Request (MigrationsAdminTest:test_resize_server_revert_deleted_flavor): 200 GET http://10.180.1.21/compute/v2.1/servers/0aaf6359-b604-4287-95a8-307487445ed0 0.185s
2024-12-11 06:49:55.269 65529 INFO tempest.lib.common.rest_client [req-36065127-a04e-4412-bd49-534ca1f16f9f req-36065127-a04e-4412-bd49-534ca1f16f9f ] Request (ServerPasswordTestJSON:setUpClass): 201 POST http://10.180.1.21:9696/networking/v2.0/networks 0.443s
2024-12-11 06:49:55.424 65535 INFO tempest.lib.common.rest_client [req-64d2433f-ece0-404a-9230-e1f78692be69 req-64d2433f-ece0-404a-9230-e1f78692be69 ] Request (FloatingIPsAssociationTestJSON:test_associate_already_associated_floating_ip): 200 GET http://10.180.1.21/compute/v2.1/servers/82cc32c8-dc55-404c-9fb8-14ef9e167d01 0.250s
2024-12-11 06:49:55.491 65531 INFO tempest.lib.common.rest_client [req-18e83ca1-95f6-49ee-9115-81df462bb878 req-18e83ca1-95f6-49ee-9115-81df462bb878 ] Request (ImagesNegativeTestJSON:test_create_image_from_deleted_server): 200 GET http://10.180.1.21/compute/v2.1/servers/9339be5b-5433-4ff5-9228-c46e8e6030e3 0.131s
2024-12-11 06:49:55.572 65505 INFO tempest.lib.common.rest_client [req-5a59e925-d98a-4f79-a164-721f810efc2c req-5a59e925-d98a-4f79-a164-721f810efc2c ] Request (ListServerFiltersTestJSON:test_list_servers_filter_by_shutoff_status): 200 GET http://10.180.1.21/compute/v2.1/servers/64ba10aa-717a-43fb-92c5-08b7a0a8c99d 0.367s
2024-12-11 06:49:55.642 65501 INFO tempest.lib.common.rest_client [req-8596552e-a046-4ded-946f-14137454f4a3 req-8596552e-a046-4ded-946f-14137454f4a3 ] Request (ServersAdminTestJSON:test_create_server_with_scheduling_hint): 200 GET http://10.180.1.21/compute/v2.1/servers/f336f377-b307-4725-9293-29181f5ff512 0.231s
2024-12-11 06:49:55.711 65517 INFO tempest.lib.common.rest_client [req-be360bd5-d1b4-4016-8a8c-3f236dc6fd89 req-be360bd5-d1b4-4016-8a8c-3f236dc6fd89 ] Request (ImagesOneServerNegativeTestJSON:_run_cleanups): 200 GET http://10.180.1.21/compute/v2.1/servers/7e7ab6b7-809d-4030-b1d4-7e3997b4e20c 0.300s
2024-12-11 06:49:55.718 65517 INFO tempest.common.waiters [-] State transition "BUILD/None" ==> "BUILD/networking" after 70 second wait
2024-12-11 06:49:55.739 65551 INFO tempest.lib.common.rest_client [req-eac85502-1cb1-4e80-89a0-a74c40c5c478 req-eac85502-1cb1-4e80-89a0-a74c40c5c478 ] Request (SecurityGroupsTestJSON:tearDownClass): 200 GET http://10.180.1.21/compute/v2.1/servers/c95464ea-8ab6-41ec-b823-90490744b866 0.207s
2024-12-11 06:49:55.786 65533 INFO tempest.lib.common.rest_client [req-fd79c76f-7deb-49ec-a55d-c35219912324 req-fd79c76f-7deb-49ec-a55d-c35219912324 ] Request (ServerRescueTestJSON:setUpClass): 200 GET http://10.180.1.21/compute/v2.1/servers/605e881b-ccf8-4153-a43a-d9523909cba2 0.206s
2024-12-11 06:49:55.847 65503 INFO tempest.lib.common.rest_client [req-00e07c52-542e-4cc5-8755-4259d2c75e93 req-00e07c52-542e-4cc5-8755-4259d2c75e93 ] Request (ServerAddressesNegativeTestJSON:setUpClass): 200 GET http://10.180.1.21/compute/v2.1/servers/80f1cdf4-1adc-44f3-80a2-6fedf5182715 0.230s
2024-12-11 06:49:55.865 65521 WARNING tempest.lib.common.ssh [-] Failed to establish authenticated ssh connection to cirros@10.180.180.189 ([Errno None] Unable to connect to port 22 on 10.180.180.189). Number attempts: 12. Retry after 13 seconds.: paramiko.ssh_exception.NoValidConnectionsError: [Errno None] Unable to connect to port 22 on 10.180.180.189
2024-12-11 06:49:55.873 65529 INFO tempest.lib.common.rest_client [req-f6e89f67-63fb-478d-a2e9-4e81c03080f0 req-f6e89f67-63fb-478d-a2e9-4e81c03080f0 ] Request (ServerPasswordTestJSON:setUpClass): 201 POST http://10.180.1.21:9696/networking/v2.0/subnets 0.603s
2024-12-11 06:49:55.897 65499 INFO tempest.lib.common.rest_client [req-de3e024d-01af-46bf-9f11-3ff460473966 req-de3e024d-01af-46bf-9f11-3ff460473966 ] Request (InstanceActionsTestJSON:setUpClass): 200 GET http://10.180.1.21/compute/v2.1/servers/56b09bc8-3d27-45f8-bedc-37ec99dfcc22 0.224s
2024-12-11 06:49:55.915 65547 INFO tempest.lib.common.rest_client [req-e821b7f3-2d64-48d3-8b45-89af35c5a8d8 req-e821b7f3-2d64-48d3-8b45-89af35c5a8d8 ] Request (ServerRescueNegativeTestJSON:_run_cleanups): 200 GET http://10.180.1.21/compute/v2.1/servers/0b818b58-176f-40e7-a6cc-6c6694a74c22 0.322s
2024-12-11 06:49:55.953 65525 INFO tempest.lib.common.rest_client [req-20442802-fdfc-469d-ac6e-280e7f139c15 req-20442802-fdfc-469d-ac6e-280e7f139c15 ] Request (ServerDiskConfigTestJSON:test_rebuild_server_with_manual_disk_config): 200 GET http://10.180.1.21/compute/v2.1/servers/15345c25-8da1-47e1-82fa-cd8fa685eb71 0.225s
2024-12-11 06:49:55.978 65523 INFO tempest.lib.common.rest_client [req-5a6ba2a1-40b2-4828-bf21-dc162c79e370 req-5a6ba2a1-40b2-4828-bf21-dc162c79e370 ] Request (MultipleCreateTestJSON:test_multiple_create): 200 GET http://10.180.1.21/compute/v2.1/servers/796f68dd-052d-4a91-b327-b3ae1483a575 0.248s
2024-12-11 06:49:56.013 65511 INFO tempest.lib.common.rest_client [req-4a3d04d3-61da-4410-912b-c1b34013af03 req-4a3d04d3-61da-4410-912b-c1b34013af03 ] Request (ListImageFiltersTestJSON:tearDownClass): 200 GET http://10.180.1.21/compute/v2.1/servers/32e6f203-da45-4d23-b78f-e04a7b661962 0.159s
2024-12-11 06:49:56.056 65509 WARNING tempest.lib.common.ssh [-] Failed to establish authenticated ssh connection to cirros@10.180.180.132 ([Errno None] Unable to connect to port 22 on 10.180.180.132). Number attempts: 10. Retry after 11 seconds.: paramiko.ssh_exception.NoValidConnectionsError: [Errno None] Unable to connect to port 22 on 10.180.180.132
2024-12-11 06:49:56.098 65557 WARNING tempest.lib.common.ssh [-] Failed to establish authenticated ssh connection to cirros@10.180.180.160 ([Errno None] Unable to connect to port 22 on 10.180.180.160). Number attempts: 9. Retry after 10 seconds.: paramiko.ssh_exception.NoValidConnectionsError: [Errno None] Unable to connect to port 22 on 10.180.180.160
2024-12-11 06:49:56.098 65513 INFO tempest.lib.common.rest_client [req-02601caa-698e-45af-a6c2-a49635eb7a07 req-02601caa-698e-45af-a6c2-a49635eb7a07 ] Request (ServersTestMultiNic:test_verify_multiple_nics_order): 200 GET http://10.180.1.21/compute/v2.1/servers/8cfdc601-6462-44b0-8b6f-596e3ed28514 0.060s
2024-12-11 06:49:56.173 65497 INFO tempest.lib.common.rest_client [req-491a8626-6289-45ea-a5d8-ebe5b1f6b9f2 req-491a8626-6289-45ea-a5d8-ebe5b1f6b9f2 ] Request (MigrationsAdminTest:test_resize_server_revert_deleted_flavor): 200 GET http://10.180.1.21/compute/v2.1/servers/0aaf6359-b604-4287-95a8-307487445ed0 0.124s
2024-12-11 06:49:56.248 65519 WARNING tempest.lib.common.ssh [-] Failed to establish authenticated ssh connection to cirros@10.180.180.142 ([Errno None] Unable to connect to port 22 on 10.180.180.142). Number attempts: 3. Retry after 4 seconds.: paramiko.ssh_exception.NoValidConnectionsError: [Errno None] Unable to connect to port 22 on 10.180.180.142
2024-12-11 06:49:56.559 65535 INFO tempest.lib.common.rest_client [req-c5b2ce96-16db-4682-8ad7-a2f3300fbe8a req-c5b2ce96-16db-4682-8ad7-a2f3300fbe8a ] Request (FloatingIPsAssociationTestJSON:test_associate_already_associated_floating_ip): 200 GET http://10.180.1.21/compute/v2.1/servers/82cc32c8-dc55-404c-9fb8-14ef9e167d01 0.125s
2024-12-11 06:49:56.561 65531 INFO tempest.lib.common.rest_client [req-eb26a0c4-7987-424a-b572-c5ff8b080891 req-eb26a0c4-7987-424a-b572-c5ff8b080891 ] Request (ImagesNegativeTestJSON:test_create_image_from_deleted_server): 200 GET http://10.180.1.21/compute/v2.1/servers/9339be5b-5433-4ff5-9228-c46e8e6030e3 0.059s
2024-12-11 06:49:56.576 65529 INFO tempest.lib.common.rest_client [req-55849f36-a0e3-454e-a2c1-ad34876430c4 req-55849f36-a0e3-454e-a2c1-ad34876430c4 ] Request (ServerPasswordTestJSON:setUpClass): 201 POST http://10.180.1.21:9696/networking/v2.0/routers 0.703s
2024-12-11 06:49:56.686 65505 INFO tempest.lib.common.rest_client [req-8b16304b-18a6-4f3d-8be3-6c911a016a6a req-8b16304b-18a6-4f3d-8be3-6c911a016a6a ] Request (ListServerFiltersTestJSON:test_list_servers_filter_by_shutoff_status): 200 GET http://10.180.1.21/compute/v2.1/servers/64ba10aa-717a-43fb-92c5-08b7a0a8c99d 0.104s
2024-12-11 06:49:56.729 65501 INFO tempest.lib.common.rest_client [req-8c798b01-bb40-40fd-9d03-0979f37a74a0 req-8c798b01-bb40-40fd-9d03-0979f37a74a0 ] Request (ServersAdminTestJSON:test_create_server_with_scheduling_hint): 200 GET http://10.180.1.21/compute/v2.1/servers/f336f377-b307-4725-9293-29181f5ff512 0.072s
2024-12-11 06:49:56.817 65551 INFO tempest.lib.common.rest_client [req-1cb6401b-339f-48b2-8940-91f68c9b128b req-1cb6401b-339f-48b2-8940-91f68c9b128b ] Request (SecurityGroupsTestJSON:tearDownClass): 200 GET http://10.180.1.21/compute/v2.1/servers/c95464ea-8ab6-41ec-b823-90490744b866 0.067s
2024-12-11 06:49:56.860 65517 INFO tempest.lib.common.rest_client [req-caa0a103-5a10-4ed9-bb2d-f9349f26d9e6 req-caa0a103-5a10-4ed9-bb2d-f9349f26d9e6 ] Request (ImagesOneServerNegativeTestJSON:_run_cleanups): 200 GET http://10.180.1.21/compute/v2.1/servers/7e7ab6b7-809d-4030-b1d4-7e3997b4e20c 0.140s
2024-12-11 06:49:56.866 65517 INFO tempest.common.waiters [-] State transition "BUILD/networking" ==> "BUILD/spawning" after 71 second wait
2024-12-11 06:49:56.878 65533 INFO tempest.lib.common.rest_client [req-173a72d1-acc3-4526-975e-6d4644e43d8d req-173a72d1-acc3-4526-975e-6d4644e43d8d ] Request (ServerRescueTestJSON:setUpClass): 200 GET http://10.180.1.21/compute/v2.1/servers/605e881b-ccf8-4153-a43a-d9523909cba2 0.083s
2024-12-11 06:49:56.914 65503 INFO tempest.lib.common.rest_client [req-a7916d1b-87d9-4d29-a8d9-988c35ef64d5 req-a7916d1b-87d9-4d29-a8d9-988c35ef64d5 ] Request (ServerAddressesNegativeTestJSON:setUpClass): 200 GET http://10.180.1.21/compute/v2.1/servers/80f1cdf4-1adc-44f3-80a2-6fedf5182715 0.057s
2024-12-11 06:49:56.985 65499 INFO tempest.lib.common.rest_client [req-ec46e1a7-81c0-45df-a2ff-cb88dec61f9c req-ec46e1a7-81c0-45df-a2ff-cb88dec61f9c ] Request (InstanceActionsTestJSON:setUpClass): 200 GET http://10.180.1.21/compute/v2.1/servers/56b09bc8-3d27-45f8-bedc-37ec99dfcc22 0.076s
2024-12-11 06:49:57.024 65547 INFO tempest.lib.common.rest_client [req-800179e1-e05d-45a4-99fe-f239f87032f5 req-800179e1-e05d-45a4-99fe-f239f87032f5 ] Request (ServerRescueNegativeTestJSON:_run_cleanups): 200 GET http://10.180.1.21/compute/v2.1/servers/0b818b58-176f-40e7-a6cc-6c6694a74c22 0.097s
2024-12-11 06:49:57.056 65525 INFO tempest.lib.common.rest_client [req-1c87d5df-5ffb-47e1-a87f-34fcfa5bcf1d req-1c87d5df-5ffb-47e1-a87f-34fcfa5bcf1d ] Request (ServerDiskConfigTestJSON:test_rebuild_server_with_manual_disk_config): 200 GET http://10.180.1.21/compute/v2.1/servers/15345c25-8da1-47e1-82fa-cd8fa685eb71 0.092s
2024-12-11 06:49:57.081 65523 INFO tempest.lib.common.rest_client [req-fa5a46a8-cebe-4bd3-bb6d-782ff5860b16 req-fa5a46a8-cebe-4bd3-bb6d-782ff5860b16 ] Request (MultipleCreateTestJSON:test_multiple_create): 200 GET http://10.180.1.21/compute/v2.1/servers/796f68dd-052d-4a91-b327-b3ae1483a575 0.094s
2024-12-11 06:49:57.136 65511 INFO tempest.lib.common.rest_client [req-9b58b486-c26f-40cf-9163-291d6846c47a req-9b58b486-c26f-40cf-9163-291d6846c47a ] Request (ListImageFiltersTestJSON:tearDownClass): 200 GET http://10.180.1.21/compute/v2.1/servers/32e6f203-da45-4d23-b78f-e04a7b661962 0.114s
2024-12-11 06:49:57.166 65513 INFO tempest.lib.common.rest_client [req-8faf9aad-067d-4b4b-9098-c796e9a706bb req-8faf9aad-067d-4b4b-9098-c796e9a706bb ] Request (ServersTestMultiNic:test_verify_multiple_nics_order): 200 GET http://10.180.1.21/compute/v2.1/servers/8cfdc601-6462-44b0-8b6f-596e3ed28514 0.057s
2024-12-11 06:49:57.372 65497 INFO tempest.lib.common.rest_client [req-15bf7b73-d63e-4378-b09a-6868c6d4d85a req-15bf7b73-d63e-4378-b09a-6868c6d4d85a ] Request (MigrationsAdminTest:test_resize_server_revert_deleted_flavor): 200 GET http://10.180.1.21/compute/v2.1/servers/0aaf6359-b604-4287-95a8-307487445ed0 0.193s
2024-12-11 06:49:57.651 65531 INFO tempest.lib.common.rest_client [req-182d2a09-78f8-49a1-a479-0b63e4c16118 req-182d2a09-78f8-49a1-a479-0b63e4c16118 ] Request (ImagesNegativeTestJSON:test_create_image_from_deleted_server): 200 GET http://10.180.1.21/compute/v2.1/servers/9339be5b-5433-4ff5-9228-c46e8e6030e3 0.084s
2024-12-11 06:49:57.734 65529 INFO tempest.lib.common.rest_client [req-132a641a-db00-4c8b-a329-115421644c14 req-132a641a-db00-4c8b-a329-115421644c14 ] Request (ServerPasswordTestJSON:setUpClass): 200 PUT http://10.180.1.21:9696/networking/v2.0/routers/6340bc7b-7bad-4213-bd60-ddac8e4a8a05/add_router_interface 1.157s
2024-12-11 06:49:57.734 65529 INFO tempest.lib.common.dynamic_creds [-] Created isolated network resources for: credentials: Credentials: {'domain_id': 'default', 'domain_name': 'Default', 'username': 'tempest-ServerPasswordTestJSON-1086926941-project-member', 'project_domain_id': 'default', 'project_domain_name': 'Default', 'project_id': '747f81bef6294508803e3a3284cc8616', 'project_name': 'tempest-ServerPasswordTestJSON-1086926941', 'tenant_id': '747f81bef6294508803e3a3284cc8616', 'tenant_name': 'tempest-ServerPasswordTestJSON-1086926941', 'user_domain_id': 'default', 'user_domain_name': 'Default', 'user_id': '02c3aec31fad4944926d1130772033f6', 'system': None}, Network: {'id': 'ec461124-43cc-40a8-9da0-1c6da3bbe454', 'name': 'tempest-ServerPasswordTestJSON-357633150-network', 'tenant_id': '747f81bef6294508803e3a3284cc8616', 'admin_state_up': True, 'mtu': 8950, 'status': 'ACTIVE', 'subnets': [], 'shared': False, 'project_id': '747f81bef6294508803e3a3284cc8616', 'port_security_enabled': True, 'router:external': False, 'provider:network_type': 'vlan', 'provider:physical_network': 'default', 'provider:segmentation_id': 160, 'availability_zone_hints': [], 'availability_zones': [], 'ipv4_address_scope': None, 'ipv6_address_scope': None, 'description': '', 'tags': [], 'created_at': '2024-12-11T06:49:55Z', 'updated_at': '2024-12-11T06:49:55Z', 'revision_number': 1}, Subnet: {'id': 'e984053a-0793-4400-b5ba-ef200b1cfcd1', 'name': 'tempest-ServerPasswordTestJSON-357633150-subnet', 'tenant_id': '747f81bef6294508803e3a3284cc8616', 'network_id': 'ec461124-43cc-40a8-9da0-1c6da3bbe454', 'ip_version': 4, 'subnetpool_id': None, 'enable_dhcp': True, 'ipv6_ra_mode': None, 'ipv6_address_mode': None, 'gateway_ip': '192.168.128.1', 'cidr': '192.168.128.0/28', 'allocation_pools': [{'start': '192.168.128.2', 'end': '192.168.128.14'}], 'host_routes': [], 'dns_nameservers': [], 'description': '', 'router:external': False, 'service_types': [], 'tags': [], 'created_at': '2024-12-11T06:49:55Z', 'updated_at': '2024-12-11T06:49:55Z', 'revision_number': 0, 'project_id': '747f81bef6294508803e3a3284cc8616'}, Router: {'id': '6340bc7b-7bad-4213-bd60-ddac8e4a8a05', 'name': 'tempest-ServerPasswordTestJSON-357633150-router', 'tenant_id': '747f81bef6294508803e3a3284cc8616', 'admin_state_up': True, 'status': 'ACTIVE', 'external_gateway_info': {'network_id': 'f43dfeef-d734-49dc-bf54-e14b759ece89', 'external_fixed_ips': [{'subnet_id': '7cea1bda-8da3-42be-8bb9-5a5041e52165', 'ip_address': '10.180.180.196'}], 'enable_snat': True}, 'description': '', 'availability_zones': [], 'distributed': False, 'ha': False, 'availability_zone_hints': [], 'routes': [], 'flavor_id': None, 'tags': [], 'created_at': '2024-12-11T06:49:55Z', 'updated_at': '2024-12-11T06:49:56Z', 'revision_number': 2, 'project_id': '747f81bef6294508803e3a3284cc8616'}
2024-12-11 06:49:57.782 65535 INFO tempest.lib.common.rest_client [req-7cd0fce0-5641-40e3-8e1f-0ae434f8a996 req-7cd0fce0-5641-40e3-8e1f-0ae434f8a996 ] Request (FloatingIPsAssociationTestJSON:test_associate_already_associated_floating_ip): 200 GET http://10.180.1.21/compute/v2.1/servers/82cc32c8-dc55-404c-9fb8-14ef9e167d01 0.215s
