2024-12-11 06:47:52.964 65559 INFO tempest.lib.common.rest_client [req-afa596e8-d81c-45c7-b25e-379435b03815 req-afa596e8-d81c-45c7-b25e-379435b03815 ] Request (QuotaClassesAdmin257Test:tearDownClass): 200 GET http://10.180.1.21:9696/networking/v2.0/security-groups?tenant_id=b424a22eec1c4f1890fd73d104bdae6e&name=default 0.392s
2024-12-11 06:47:52.974 65503 INFO tempest.lib.common.rest_client [req-d570a0b9-b20b-442b-9335-d4ea9c6a0bf1 req-d570a0b9-b20b-442b-9335-d4ea9c6a0bf1 ] Request (DeleteServersAdminTestJSON:test_delete_server_while_in_error_state): 200 GET http://10.180.1.21/compute/v2.1/servers/6bc18727-f8ab-4a49-9edb-05c937f97edb 1.138s
2024-12-11 06:47:52.985 65543 INFO tempest.lib.common.rest_client [req-ed72fa3d-52e3-41c7-b831-e74035d2c6fa req-ed72fa3d-52e3-41c7-b831-e74035d2c6fa ] Request (ServersTestFqdnHostnames:setUpClass): 200 PUT http://10.180.1.21:9696/networking/v2.0/routers/367aa000-7b75-4b30-bf1f-93a37a67c8ad/add_router_interface 2.637s
2024-12-11 06:47:52.985 65543 INFO tempest.lib.common.dynamic_creds [-] Created isolated network resources for: credentials: Credentials: {'domain_id': 'default', 'domain_name': 'Default', 'username': 'tempest-ServersTestFqdnHostnames-1951712319-project-member', 'project_domain_id': 'default', 'project_domain_name': 'Default', 'project_id': '2b9819c574ad4dbea52f890b4ea9ad4f', 'project_name': 'tempest-ServersTestFqdnHostnames-1951712319', 'tenant_id': '2b9819c574ad4dbea52f890b4ea9ad4f', 'tenant_name': 'tempest-ServersTestFqdnHostnames-1951712319', 'user_domain_id': 'default', 'user_domain_name': 'Default', 'user_id': 'ec98203a9bc64ae5a1d17946bf8de2d0', 'system': None}, Network: {'id': 'c355a7cf-2a0d-47d7-bcb2-67b1b553d82f', 'name': 'tempest-ServersTestFqdnHostnames-627121936-network', 'tenant_id': '2b9819c574ad4dbea52f890b4ea9ad4f', 'admin_state_up': True, 'mtu': 8950, 'status': 'ACTIVE', 'subnets': [], 'shared': False, 'project_id': '2b9819c574ad4dbea52f890b4ea9ad4f', 'port_security_enabled': True, 'router:external': False, 'provider:network_type': 'vlan', 'provider:physical_network': 'default', 'provider:segmentation_id': 937, 'availability_zone_hints': [], 'availability_zones': [], 'ipv4_address_scope': None, 'ipv6_address_scope': None, 'description': '', 'tags': [], 'created_at': '2024-12-11T06:47:47Z', 'updated_at': '2024-12-11T06:47:47Z', 'revision_number': 1}, Subnet: {'id': 'd1bf43ec-9146-4535-b2cd-7fe9b8dbda83', 'name': 'tempest-ServersTestFqdnHostnames-627121936-subnet', 'tenant_id': '2b9819c574ad4dbea52f890b4ea9ad4f', 'network_id': 'c355a7cf-2a0d-47d7-bcb2-67b1b553d82f', 'ip_version': 4, 'subnetpool_id': None, 'enable_dhcp': True, 'ipv6_ra_mode': None, 'ipv6_address_mode': None, 'gateway_ip': '192.168.128.1', 'cidr': '192.168.128.0/28', 'allocation_pools': [{'start': '192.168.128.2', 'end': '192.168.128.14'}], 'host_routes': [], 'dns_nameservers': [], 'description': '', 'router:external': False, 'service_types': [], 'tags': [], 'created_at': '2024-12-11T06:47:47Z', 'updated_at': '2024-12-11T06:47:47Z', 'revision_number': 0, 'project_id': '2b9819c574ad4dbea52f890b4ea9ad4f'}, Router: {'id': '367aa000-7b75-4b30-bf1f-93a37a67c8ad', 'name': 'tempest-ServersTestFqdnHostnames-627121936-router', 'tenant_id': '2b9819c574ad4dbea52f890b4ea9ad4f', 'admin_state_up': True, 'status': 'ACTIVE', 'external_gateway_info': {'network_id': 'f43dfeef-d734-49dc-bf54-e14b759ece89', 'external_fixed_ips': [{'subnet_id': '7cea1bda-8da3-42be-8bb9-5a5041e52165', 'ip_address': '10.180.180.143'}], 'enable_snat': True}, 'description': '', 'availability_zones': [], 'distributed': False, 'ha': False, 'availability_zone_hints': [], 'routes': [], 'flavor_id': None, 'tags': [], 'created_at': '2024-12-11T06:47:48Z', 'updated_at': '2024-12-11T06:47:49Z', 'revision_number': 2, 'project_id': '2b9819c574ad4dbea52f890b4ea9ad4f'}
2024-12-11 06:47:53.088 65543 INFO tempest.lib.common.rest_client [req-0f4f41f6-b023-4008-8e0e-293c317fc1d3 req-0f4f41f6-b023-4008-8e0e-293c317fc1d3 ] Request (ServersTestFqdnHostnames:setUpClass): 201 POST http://10.180.1.21/identity/v3/auth/tokens 0.099s
2024-12-11 06:47:53.120 65517 INFO tempest.lib.common.rest_client [req-85e10a30-ce6e-43b5-8c4a-ae73d541799a req-85e10a30-ce6e-43b5-8c4a-ae73d541799a ] Request (ImagesOneServerNegativeTestJSON:tearDown): 200 GET http://10.180.1.21/compute/v2.1/servers/ac451e54-b7bc-4e2c-8e9c-45c7d4b9e1b3 1.279s
2024-12-11 06:47:53.234 65525 INFO tempest.lib.common.rest_client [req-afc65ea3-3865-4a9f-8bb8-edd3de4a4946 req-afc65ea3-3865-4a9f-8bb8-edd3de4a4946 ] Request (ServerDiskConfigTestJSON:setUpClass): 200 PUT http://10.180.1.21:9696/networking/v2.0/routers/366892c2-e466-4843-b294-89c1503ccc48/add_router_interface 2.307s
2024-12-11 06:47:53.235 65525 INFO tempest.lib.common.dynamic_creds [-] Created isolated network resources for: credentials: Credentials: {'domain_id': 'default', 'domain_name': 'Default', 'username': 'tempest-ServerDiskConfigTestJSON-1273081138-project-member', 'project_domain_id': 'default', 'project_domain_name': 'Default', 'project_id': '729ea519b2ef465cae9d181d003f9278', 'project_name': 'tempest-ServerDiskConfigTestJSON-1273081138', 'tenant_id': '729ea519b2ef465cae9d181d003f9278', 'tenant_name': 'tempest-ServerDiskConfigTestJSON-1273081138', 'user_domain_id': 'default', 'user_domain_name': 'Default', 'user_id': '2e69cf05179d4b58b9328f985ec2b468', 'system': None}, Network: {'id': 'b940951f-10e4-462d-8cc4-4416f4bf50aa', 'name': 'tempest-ServerDiskConfigTestJSON-120398811-network', 'tenant_id': '729ea519b2ef465cae9d181d003f9278', 'admin_state_up': True, 'mtu': 8950, 'status': 'ACTIVE', 'subnets': [], 'shared': False, 'project_id': '729ea519b2ef465cae9d181d003f9278', 'port_security_enabled': True, 'router:external': False, 'provider:network_type': 'vlan', 'provider:physical_network': 'default', 'provider:segmentation_id': 134, 'availability_zone_hints': [], 'availability_zones': [], 'ipv4_address_scope': None, 'ipv6_address_scope': None, 'description': '', 'tags': [], 'created_at': '2024-12-11T06:47:48Z', 'updated_at': '2024-12-11T06:47:48Z', 'revision_number': 1}, Subnet: {'id': '5757b90d-6d5d-40ab-a279-1c707707194f', 'name': 'tempest-ServerDiskConfigTestJSON-120398811-subnet', 'tenant_id': '729ea519b2ef465cae9d181d003f9278', 'network_id': 'b940951f-10e4-462d-8cc4-4416f4bf50aa', 'ip_version': 4, 'subnetpool_id': None, 'enable_dhcp': True, 'ipv6_ra_mode': None, 'ipv6_address_mode': None, 'gateway_ip': '192.168.128.1', 'cidr': '192.168.128.0/28', 'allocation_pools': [{'start': '192.168.128.2', 'end': '192.168.128.14'}], 'host_routes': [], 'dns_nameservers': [], 'description': '', 'router:external': False, 'service_types': [], 'tags': [], 'created_at': '2024-12-11T06:47:48Z', 'updated_at': '2024-12-11T06:47:48Z', 'revision_number': 0, 'project_id': '729ea519b2ef465cae9d181d003f9278'}, Router: {'id': '366892c2-e466-4843-b294-89c1503ccc48', 'name': 'tempest-ServerDiskConfigTestJSON-120398811-router', 'tenant_id': '729ea519b2ef465cae9d181d003f9278', 'admin_state_up': True, 'status': 'ACTIVE', 'external_gateway_info': {'network_id': 'f43dfeef-d734-49dc-bf54-e14b759ece89', 'external_fixed_ips': [{'subnet_id': '7cea1bda-8da3-42be-8bb9-5a5041e52165', 'ip_address': '10.180.180.182'}], 'enable_snat': True}, 'description': '', 'availability_zones': [], 'distributed': False, 'ha': False, 'availability_zone_hints': [], 'routes': [], 'flavor_id': None, 'tags': [], 'created_at': '2024-12-11T06:47:48Z', 'updated_at': '2024-12-11T06:47:49Z', 'revision_number': 2, 'project_id': '729ea519b2ef465cae9d181d003f9278'}
2024-12-11 06:47:53.264 65529 INFO tempest.lib.common.rest_client [req-115a3239-862f-4fbd-bee5-82efb4f8ecbe req-115a3239-862f-4fbd-bee5-82efb4f8ecbe ] Request (SecurityGroupRulesTestJSON:test_security_group_rules_list): 200 POST http://10.180.1.21/compute/v2.1/os-security-group-rules 1.256s
2024-12-11 06:47:53.298 65539 INFO tempest.lib.common.rest_client [req-3deab955-7c56-4748-bb62-e33a12c36beb req-3deab955-7c56-4748-bb62-e33a12c36beb ] Request (AggregatesAdminNegativeTestJSON:test_aggregate_remove_nonexistent_host): 200 POST http://10.180.1.21/compute/v2.1/os-aggregates 1.249s
2024-12-11 06:47:53.299 65559 INFO tempest.lib.common.rest_client [req-fc2bb48d-5fad-4bd2-ac0d-c30132855237 req-fc2bb48d-5fad-4bd2-ac0d-c30132855237 ] Request (QuotaClassesAdmin257Test:tearDownClass): 204 DELETE http://10.180.1.21:9696/networking/v2.0/security-groups/6af0f642-b5c1-4a22-b35f-d2c3e0918860 0.334s
2024-12-11 06:47:53.347 65525 INFO tempest.lib.common.rest_client [req-f8fedac3-24f6-46b0-a1cc-29bb1673f94e req-f8fedac3-24f6-46b0-a1cc-29bb1673f94e ] Request (ServerDiskConfigTestJSON:setUpClass): 201 POST http://10.180.1.21/identity/v3/auth/tokens 0.107s
2024-12-11 06:47:53.397 65559 INFO tempest.lib.common.rest_client [req-b9a21eec-eb05-4f78-8b0a-973299031855 req-b9a21eec-eb05-4f78-8b0a-973299031855 ] Request (QuotaClassesAdmin257Test:tearDownClass): 204 DELETE http://10.180.1.21/identity/v3/projects/b424a22eec1c4f1890fd73d104bdae6e 0.096s
2024-12-11 06:47:53.397 65559 INFO tempest.lib.common.dynamic_creds [-] Deleting project and security group for project: 761426b2ed3749f5b0af3fd06795f7d0
2024-12-11 06:47:53.416 65507 INFO tempest.lib.common.rest_client [req-72cf7958-7a64-4715-a897-6f67ec4174ac req-72cf7958-7a64-4715-a897-6f67ec4174ac ] Request (SecurityGroupRulesNegativeTestJSON:test_create_security_group_rule_duplicate): 200 POST http://10.180.1.21/compute/v2.1/os-security-groups 1.563s
2024-12-11 06:47:53.421 65525 INFO tempest.lib.common.rest_client [req-2fc7f20e-1204-4cd7-a43b-35938329f079 req-2fc7f20e-1204-4cd7-a43b-35938329f079 ] Request (ServerDiskConfigTestJSON:test_rebuild_server_with_auto_disk_config): 201 POST http://10.180.1.21/identity/v3/auth/tokens 0.067s
2024-12-11 06:47:53.421 65525 INFO tempest.lib.common.fixed_network [-] (ServerDiskConfigTestJSON:test_rebuild_server_with_auto_disk_config) Found network {'id': 'b940951f-10e4-462d-8cc4-4416f4bf50aa', 'name': 'tempest-ServerDiskConfigTestJSON-120398811-network', 'tenant_id': '729ea519b2ef465cae9d181d003f9278', 'admin_state_up': True, 'mtu': 8950, 'status': 'ACTIVE', 'subnets': [], 'shared': False, 'project_id': '729ea519b2ef465cae9d181d003f9278', 'port_security_enabled': True, 'router:external': False, 'provider:network_type': 'vlan', 'provider:physical_network': 'default', 'provider:segmentation_id': 134, 'availability_zone_hints': [], 'availability_zones': [], 'ipv4_address_scope': None, 'ipv6_address_scope': None, 'description': '', 'tags': [], 'created_at': '2024-12-11T06:47:48Z', 'updated_at': '2024-12-11T06:47:48Z', 'revision_number': 1} available for tenant
2024-12-11 06:47:53.494 65521 INFO tempest.lib.common.rest_client [req-8eb68454-49cb-4623-b44c-13b84908ca77 req-8eb68454-49cb-4623-b44c-13b84908ca77 ] Request (ServerActionsTestJSON:setUpClass): 200 GET http://10.180.1.21/compute/v2.1/servers/50e77406-e7ae-45af-9e84-4805c795d6e8 1.276s
2024-12-11 06:47:53.508 65519 INFO tempest.lib.common.rest_client [req-44ae1360-adf1-47e0-acc0-87c426ada769 req-44ae1360-adf1-47e0-acc0-87c426ada769 ] Request (FloatingIPsAssociationNegativeTestJSON:tearDownClass): 200 GET http://10.180.1.21/compute/v2.1/servers/67f4a654-3636-403a-9069-07e99940b83f 1.248s
2024-12-11 06:47:53.553 65523 INFO tempest.lib.common.rest_client [req-55edcfc0-91ed-4b33-adce-3626b89c72ca req-55edcfc0-91ed-4b33-adce-3626b89c72ca ] Request (ServerExternalEventsTest:test_create_server_external_events): 200 GET http://10.180.1.21/compute/v2.1/servers/fb582c66-361d-4cf3-ac62-9f071db0f9b5 1.229s
2024-12-11 06:47:53.585 65535 INFO tempest.lib.common.rest_client [req-1553d53b-6f10-4eb8-ba75-f23f00c206bf req-1553d53b-6f10-4eb8-ba75-f23f00c206bf ] Request (FloatingIPsAssociationTestJSON:setUpClass): 200 GET http://10.180.1.21/compute/v2.1/servers/46649d14-7330-4043-ad63-4925d29c65de 1.261s
2024-12-11 06:47:53.637 65533 INFO tempest.lib.common.rest_client [req-f8343437-6b35-42f9-beb6-a814b30ebd8e req-f8343437-6b35-42f9-beb6-a814b30ebd8e ] Request (ImagesOneServerTestJSON:test_create_delete_image): 200 GET http://10.180.1.21/compute/v2.1/images/01606da1-3b5d-425c-832e-531eac1ef531 1.133s
2024-12-11 06:47:53.647 65511 INFO tempest.lib.common.rest_client [req-f4ea961e-2319-4672-964c-0f2b32dd5a03 req-f4ea961e-2319-4672-964c-0f2b32dd5a03 ] Request (ListImageFiltersTestJSON:setUpClass): 200 GET http://10.180.1.21/compute/v2.1/servers/1adf1997-5c2a-4c8d-99de-68e74deec1bd 1.167s
2024-12-11 06:47:53.658 65547 INFO tempest.lib.common.rest_client [req-7f0ca6dc-3d0d-493e-a097-1f153656356f req-7f0ca6dc-3d0d-493e-a097-1f153656356f ] Request (FlavorsAdminTestJSON:test_is_public_string_variations): 200 GET http://10.180.1.21/compute/v2.1/flavors/detail?is_public=no 1.132s
2024-12-11 06:47:53.670 65559 INFO tempest.lib.common.rest_client [req-d4c53a18-fd9d-411a-97c3-15c1e90bb3a7 req-d4c53a18-fd9d-411a-97c3-15c1e90bb3a7 ] Request (QuotaClassesAdmin257Test:tearDownClass): 200 GET http://10.180.1.21:9696/networking/v2.0/security-groups?tenant_id=761426b2ed3749f5b0af3fd06795f7d0&name=default 0.272s
2024-12-11 06:47:53.739 65553 INFO tempest.lib.common.rest_client [req-888f37a7-4507-42d0-a9cb-1164faee0fdd req-888f37a7-4507-42d0-a9cb-1164faee0fdd ] Request (TenantUsagesTestJSON:setUpClass): 200 GET http://10.180.1.21/compute/v2.1/servers/e8ea89e8-dac2-4f8e-a816-1a16b98572ce 1.189s
2024-12-11 06:47:53.815 65557 INFO tempest.lib.common.rest_client [req-19bd07fe-1a4a-4942-ac64-df6f5ac46c8b req-19bd07fe-1a4a-4942-ac64-df6f5ac46c8b ] Request (ServerActionsV293TestJSON:setUpClass): 200 GET http://10.180.1.21/compute/v2.1/servers/b7f31f78-57a4-4b99-8e66-a17dbf510fa2 1.195s
2024-12-11 06:47:53.836 65559 INFO tempest.lib.common.rest_client [req-0ac9e728-f5d1-4146-b739-1fcd0999300d req-0ac9e728-f5d1-4146-b739-1fcd0999300d ] Request (QuotaClassesAdmin257Test:tearDownClass): 204 DELETE http://10.180.1.21:9696/networking/v2.0/security-groups/5b0f54af-7bf0-43a9-a47e-7ada021ba09a 0.166s
2024-12-11 06:47:53.889 65549 INFO tempest.lib.common.rest_client [req-77867bf9-36df-4f3c-9c8e-7ae322c23c8b req-77867bf9-36df-4f3c-9c8e-7ae322c23c8b ] Request (AttachInterfacesV270Test:test_create_get_list_interfaces): 200 GET http://10.180.1.21/compute/v2.1/servers/136c6bab-d1de-468c-82df-5855989a93da 1.290s
2024-12-11 06:47:53.978 65559 INFO tempest.lib.common.rest_client [req-18d3afb8-694b-43f8-bab0-8dd274d21b71 req-18d3afb8-694b-43f8-bab0-8dd274d21b71 ] Request (QuotaClassesAdmin257Test:tearDownClass): 204 DELETE http://10.180.1.21/identity/v3/projects/761426b2ed3749f5b0af3fd06795f7d0 0.141s
2024-12-11 06:47:53.979 65509 INFO tempest.lib.common.rest_client [req-bf5baa7e-13a5-43dc-980a-444625040e63 req-bf5baa7e-13a5-43dc-980a-444625040e63 ] Request (AttachInterfacesTestJSON:test_create_list_show_delete_interfaces_by_fixed_ip): 200 GET http://10.180.1.21/compute/v2.1/servers/2acc6a60-12cc-4908-a71c-b36a4702e24e 1.262s
2024-12-11 06:47:54.039 65513 INFO tempest.lib.common.rest_client [req-da1d20c5-327a-4c12-9827-09ef88b4961b req-da1d20c5-327a-4c12-9827-09ef88b4961b ] Request (ServersTestMultiNic:test_verify_duplicate_network_nics): 200 GET http://10.180.1.21/compute/v2.1/servers/54597d04-507f-40f9-9edb-5cf963a66744 1.197s
2024-12-11 06:47:54.060 65559 INFO tempest.lib.common.rest_client [req-40c38024-9887-45b2-bffc-f00bc3f82955 req-40c38024-9887-45b2-bffc-f00bc3f82955 ] Request (ServicesAdminNegativeV253TestJSON:setUpClass): 201 POST http://10.180.1.21/identity/v3/auth/tokens 0.080s
2024-12-11 06:47:54.071 65551 INFO tempest.lib.common.rest_client [req-b9f854a4-05eb-44c9-90c0-38d82b2212f7 req-b9f854a4-05eb-44c9-90c0-38d82b2212f7 ] Request (SecurityGroupsTestJSON:test_security_group_create_get_delete): 404 GET http://10.180.1.21/compute/v2.1/os-security-groups/c653702e-0c02-459a-bda4-ef40fadd7855 1.191s
2024-12-11 06:47:54.104 65559 INFO tempest.lib.common.rest_client [req-917b6556-a3f5-4a7d-9673-be89fb8ca2f3 req-917b6556-a3f5-4a7d-9673-be89fb8ca2f3 ] Request (ServicesAdminNegativeV253TestJSON:setUpClass): 201 POST http://10.180.1.21/identity/v3/auth/tokens 0.041s
2024-12-11 06:47:54.135 65559 INFO tempest.lib.common.rest_client [req-f04eb852-ce98-4bdc-ab56-235d5612f64e req-f04eb852-ce98-4bdc-ab56-235d5612f64e ] Request (ServicesAdminNegativeV253TestJSON:setUpClass): 200 GET http://10.180.1.21/identity/v3/domains?name=Default 0.031s
2024-12-11 06:47:54.172 65559 INFO tempest.lib.common.rest_client [req-3551b26d-b6d9-4f30-a199-f6561b31e9ae req-3551b26d-b6d9-4f30-a199-f6561b31e9ae ] Request (ServicesAdminNegativeV253TestJSON:setUpClass): 201 POST http://10.180.1.21/identity/v3/projects 0.036s
2024-12-11 06:47:54.222 65515 INFO tempest.lib.common.rest_client [req-9030850c-7f93-4711-a713-74cb8dffecbd req-9030850c-7f93-4711-a713-74cb8dffecbd ] Request (KeyPairsV22TestJSON:test_keypairsv22_create_list_show_with_type): 201 POST http://10.180.1.21/compute/v2.1/os-keypairs 1.576s
2024-12-11 06:47:54.230 65543 INFO tempest.lib.common.rest_client [req-93da4af6-97b9-44b5-b755-c225040777f6 req-93da4af6-97b9-44b5-b755-c225040777f6 ] Request (ServersTestFqdnHostnames:test_create_server_with_fqdn_name): 200 POST http://10.180.1.21/compute/v2.1/os-keypairs 1.139s
2024-12-11 06:47:54.234 65559 INFO tempest.lib.common.rest_client [req-925a6fd2-a0ee-436c-bed3-d021abdde0ee req-925a6fd2-a0ee-436c-bed3-d021abdde0ee ] Request (ServicesAdminNegativeV253TestJSON:setUpClass): 201 POST http://10.180.1.21/identity/v3/users 0.061s
2024-12-11 06:47:54.261 65559 INFO tempest.lib.common.rest_client [req-35ae6dda-f539-42f0-a6c4-f078e03e9815 req-35ae6dda-f539-42f0-a6c4-f078e03e9815 ] Request (ServicesAdminNegativeV253TestJSON:setUpClass): 200 GET http://10.180.1.21/identity/v3/roles 0.026s
2024-12-11 06:47:54.294 65559 INFO tempest.lib.common.rest_client [req-c407e987-596f-49d4-9afa-28378278826c req-c407e987-596f-49d4-9afa-28378278826c ] Request (ServicesAdminNegativeV253TestJSON:setUpClass): 204 PUT http://10.180.1.21/identity/v3/projects/9ecf91db9d7a480980c3a1a4b0af3136/users/e68712180036490abe23a7f3d8f37e60/roles/cc64a115fef74f16a3e24c50532ea470 0.032s
2024-12-11 06:47:54.294 65559 INFO tempest.lib.common.dynamic_creds [-] Dynamic test user e68712180036490abe23a7f3d8f37e60 is created with scope project and roles: ['member']
2024-12-11 06:47:54.294 65559 INFO tempest.lib.common.dynamic_creds [-] Acquired dynamic creds: credentials: Credentials: {'domain_id': 'default', 'domain_name': 'Default', 'username': 'tempest-ServicesAdminNegativeV253TestJSON-1391539936-project-member', 'project_domain_id': 'default', 'project_domain_name': 'Default', 'project_id': '9ecf91db9d7a480980c3a1a4b0af3136', 'project_name': 'tempest-ServicesAdminNegativeV253TestJSON-1391539936', 'tenant_id': '9ecf91db9d7a480980c3a1a4b0af3136', 'tenant_name': 'tempest-ServicesAdminNegativeV253TestJSON-1391539936', 'user_domain_id': 'default', 'user_domain_name': 'Default', 'user_id': 'e68712180036490abe23a7f3d8f37e60', 'system': None}, Network: None, Subnet: None, Router: None
2024-12-11 06:47:54.294 65559 INFO tempest.lib.common.dynamic_creds [-] Created isolated network resources for: credentials: Credentials: {'domain_id': 'default', 'domain_name': 'Default', 'username': 'tempest-ServicesAdminNegativeV253TestJSON-1391539936-project-member', 'project_domain_id': 'default', 'project_domain_name': 'Default', 'project_id': '9ecf91db9d7a480980c3a1a4b0af3136', 'project_name': 'tempest-ServicesAdminNegativeV253TestJSON-1391539936', 'tenant_id': '9ecf91db9d7a480980c3a1a4b0af3136', 'tenant_name': 'tempest-ServicesAdminNegativeV253TestJSON-1391539936', 'user_domain_id': 'default', 'user_domain_name': 'Default', 'user_id': 'e68712180036490abe23a7f3d8f37e60', 'system': None}, Network: None, Subnet: None, Router: None
2024-12-11 06:47:54.391 65559 INFO tempest.lib.common.rest_client [req-35961d9a-304d-42d3-896f-f8e20b0027ea req-35961d9a-304d-42d3-896f-f8e20b0027ea ] Request (ServicesAdminNegativeV253TestJSON:setUpClass): 201 POST http://10.180.1.21/identity/v3/auth/tokens 0.092s
2024-12-11 06:47:54.403 65555 INFO tempest.lib.common.rest_client [req-17b0e0b0-92e2-45b0-9958-2f4a2c7fc31e req-17b0e0b0-92e2-45b0-9958-2f4a2c7fc31e ] Request (ServersTestBootFromVolume:setUpClass): 200 PUT http://10.180.1.21:9696/networking/v2.0/routers/6b325f55-6b2d-4ca0-843a-823d900d3da9/add_router_interface 2.810s
2024-12-11 06:47:54.403 65555 INFO tempest.lib.common.dynamic_creds [-] Created isolated network resources for: credentials: Credentials: {'domain_id': 'default', 'domain_name': 'Default', 'username': 'tempest-ServersTestBootFromVolume-82253096-project-member', 'project_domain_id': 'default', 'project_domain_name': 'Default', 'project_id': '65eed51c6b2c443da7831de3ddc349b3', 'project_name': 'tempest-ServersTestBootFromVolume-82253096', 'tenant_id': '65eed51c6b2c443da7831de3ddc349b3', 'tenant_name': 'tempest-ServersTestBootFromVolume-82253096', 'user_domain_id': 'default', 'user_domain_name': 'Default', 'user_id': '6284970bdc8248ae868e50b46c17c8e2', 'system': None}, Network: {'id': '7da91471-f15a-488b-af39-a351efe64d18', 'name': 'tempest-ServersTestBootFromVolume-1330172900-network', 'tenant_id': '65eed51c6b2c443da7831de3ddc349b3', 'admin_state_up': True, 'mtu': 8950, 'status': 'ACTIVE', 'subnets': [], 'shared': False, 'project_id': '65eed51c6b2c443da7831de3ddc349b3', 'port_security_enabled': True, 'router:external': False, 'provider:network_type': 'vlan', 'provider:physical_network': 'default', 'provider:segmentation_id': 109, 'availability_zone_hints': [], 'availability_zones': [], 'ipv4_address_scope': None, 'ipv6_address_scope': None, 'description': '', 'tags': [], 'created_at': '2024-12-11T06:47:48Z', 'updated_at': '2024-12-11T06:47:48Z', 'revision_number': 1}, Subnet: {'id': '2f14e3f0-8b8f-4989-8a9e-a5b1ffa317a6', 'name': 'tempest-ServersTestBootFromVolume-1330172900-subnet', 'tenant_id': '65eed51c6b2c443da7831de3ddc349b3', 'network_id': '7da91471-f15a-488b-af39-a351efe64d18', 'ip_version': 4, 'subnetpool_id': None, 'enable_dhcp': True, 'ipv6_ra_mode': None, 'ipv6_address_mode': None, 'gateway_ip': '192.168.128.1', 'cidr': '192.168.128.0/28', 'allocation_pools': [{'start': '192.168.128.2', 'end': '192.168.128.14'}], 'host_routes': [], 'dns_nameservers': [], 'description': '', 'router:external': False, 'service_types': [], 'tags': [], 'created_at': '2024-12-11T06:47:48Z', 'updated_at': '2024-12-11T06:47:48Z', 'revision_number': 0, 'project_id': '65eed51c6b2c443da7831de3ddc349b3'}, Router: {'id': '6b325f55-6b2d-4ca0-843a-823d900d3da9', 'name': 'tempest-ServersTestBootFromVolume-1330172900-router', 'tenant_id': '65eed51c6b2c443da7831de3ddc349b3', 'admin_state_up': True, 'status': 'ACTIVE', 'external_gateway_info': {'network_id': 'f43dfeef-d734-49dc-bf54-e14b759ece89', 'external_fixed_ips': [{'subnet_id': '7cea1bda-8da3-42be-8bb9-5a5041e52165', 'ip_address': '10.180.180.209'}], 'enable_snat': True}, 'description': '', 'availability_zones': [], 'distributed': False, 'ha': False, 'availability_zone_hints': [], 'routes': [], 'flavor_id': None, 'tags': [], 'created_at': '2024-12-11T06:47:49Z', 'updated_at': '2024-12-11T06:47:50Z', 'revision_number': 2, 'project_id': '65eed51c6b2c443da7831de3ddc349b3'}
2024-12-11 06:47:54.430 65497 INFO tempest.lib.common.rest_client [req-d8945f48-1d4c-4971-8ac1-fa01eb89aa43 req-d8945f48-1d4c-4971-8ac1-fa01eb89aa43 ] Request (MigrationsAdminTest:test_list_migrations_in_flavor_resize_situation): 200 GET http://10.180.1.21/compute/v2.1/servers/c4d31828-30cc-4251-9518-6bfa7e0277d3 1.292s
2024-12-11 06:47:54.438 65497 INFO tempest.common.waiters [-] State transition "RESIZE/resize_prep" ==> "RESIZE/resize_migrating" after 22 second wait
2024-12-11 06:47:54.443 65517 INFO tempest.lib.common.rest_client [req-e63da2d1-3995-4af0-97ad-4e69ef0a3d43 req-e63da2d1-3995-4af0-97ad-4e69ef0a3d43 ] Request (ImagesOneServerNegativeTestJSON:setUp): 200 GET http://10.180.1.21/compute/v2.1/servers/ac451e54-b7bc-4e2c-8e9c-45c7d4b9e1b3 1.314s
2024-12-11 06:47:54.470 65559 INFO tempest.lib.common.rest_client [req-e1582293-0b52-42b7-a047-f060b9676886 req-e1582293-0b52-42b7-a047-f060b9676886 ] Request (ServicesAdminNegativeV253TestJSON:setUpClass): 201 POST http://10.180.1.21/identity/v3/projects 0.077s
2024-12-11 06:47:54.478 65543 INFO tempest.lib.common.rest_client [req-e596bb32-1abf-4007-bc68-56c059e7bb17 req-e596bb32-1abf-4007-bc68-56c059e7bb17 ] Request (ServersTestFqdnHostnames:test_create_server_with_fqdn_name): 201 POST http://10.180.1.21:9696/networking/v2.0/security-groups 0.247s
2024-12-11 06:47:54.505 65555 INFO tempest.lib.common.rest_client [req-af5fa390-0997-400b-9d32-fdb477fdd290 req-af5fa390-0997-400b-9d32-fdb477fdd290 ] Request (ServersTestBootFromVolume:setUpClass): 201 POST http://10.180.1.21/identity/v3/auth/tokens 0.096s
2024-12-11 06:47:54.512 65501 INFO tempest.lib.common.rest_client [req-0c877eaf-8dfd-48b4-a0a9-bc1283e9c93a req-0c877eaf-8dfd-48b4-a0a9-bc1283e9c93a ] Request (ServerDiagnosticsNegativeTest:tearDownClass): 200 GET http://10.180.1.21/compute/v2.1/servers/a593698f-862a-4017-83f6-cbd8feeb807d 1.362s
2024-12-11 06:47:54.524 65559 INFO tempest.lib.common.rest_client [req-53b14740-8823-4801-a05c-f12dfa532310 req-53b14740-8823-4801-a05c-f12dfa532310 ] Request (ServicesAdminNegativeV253TestJSON:setUpClass): 201 POST http://10.180.1.21/identity/v3/users 0.054s
2024-12-11 06:47:54.544 65539 INFO tempest.lib.common.rest_client [req-d12bc969-bd6a-4634-96e7-fd9ee51c13a7 req-d12bc969-bd6a-4634-96e7-fd9ee51c13a7 ] Request (AggregatesAdminNegativeTestJSON:test_aggregate_remove_nonexistent_host): 404 POST http://10.180.1.21/compute/v2.1/os-aggregates/8/action 1.243s
2024-12-11 06:47:54.546 65559 INFO tempest.lib.common.rest_client [req-b6960509-54c2-49cb-8cf4-66d765d9a201 req-b6960509-54c2-49cb-8cf4-66d765d9a201 ] Request (ServicesAdminNegativeV253TestJSON:setUpClass): 200 GET http://10.180.1.21/identity/v3/roles 0.022s
2024-12-11 06:47:54.581 65559 INFO tempest.lib.common.rest_client [req-8a09e743-5181-4f01-96a9-dcc6422a53d4 req-8a09e743-5181-4f01-96a9-dcc6422a53d4 ] Request (ServicesAdminNegativeV253TestJSON:setUpClass): 204 PUT http://10.180.1.21/identity/v3/projects/26f9a98929fb4b11aedf38f64fc560f7/users/5e48c0c501884cd4ad8610cf13e70bcd/roles/3e9b16c0a76847d991da8f8d16654ea9 0.034s
2024-12-11 06:47:54.640 65559 INFO tempest.lib.common.rest_client [req-e8b0671c-4793-4406-916e-7f8b75100cd6 req-e8b0671c-4793-4406-916e-7f8b75100cd6 ] Request (ServicesAdminNegativeV253TestJSON:setUpClass): 200 GET http://10.180.1.21/identity/v3/roles 0.058s
2024-12-11 06:47:54.648 65528 WARNING tempest.lib.common.ssh [-] Failed to establish authenticated ssh connection to cirros@10.180.180.225 ([Errno None] Unable to connect to port 22 on 10.180.180.225). Number attempts: 3. Retry after 4 seconds.: paramiko.ssh_exception.NoValidConnectionsError: [Errno None] Unable to connect to port 22 on 10.180.180.225
2024-12-11 06:47:54.662 65559 INFO tempest.lib.common.rest_client [req-0c3927d4-3f40-4348-9c12-a80171dc531a req-0c3927d4-3f40-4348-9c12-a80171dc531a ] Request (ServicesAdminNegativeV253TestJSON:setUpClass): 204 PUT http://10.180.1.21/identity/v3/projects/26f9a98929fb4b11aedf38f64fc560f7/users/5e48c0c501884cd4ad8610cf13e70bcd/roles/3e9b16c0a76847d991da8f8d16654ea9 0.021s
2024-12-11 06:47:54.662 65559 INFO tempest.lib.common.dynamic_creds [-] Dynamic test user 5e48c0c501884cd4ad8610cf13e70bcd is created with scope project and roles: ['admin']
2024-12-11 06:47:54.662 65559 INFO tempest.lib.common.dynamic_creds [-] Acquired dynamic creds: credentials: Credentials: {'domain_id': 'default', 'domain_name': 'Default', 'username': 'tempest-ServicesAdminNegativeV253TestJSON-2137344911-project-admin', 'project_domain_id': 'default', 'project_domain_name': 'Default', 'project_id': '26f9a98929fb4b11aedf38f64fc560f7', 'project_name': 'tempest-ServicesAdminNegativeV253TestJSON-2137344911', 'tenant_id': '26f9a98929fb4b11aedf38f64fc560f7', 'tenant_name': 'tempest-ServicesAdminNegativeV253TestJSON-2137344911', 'user_domain_id': 'default', 'user_domain_name': 'Default', 'user_id': '5e48c0c501884cd4ad8610cf13e70bcd', 'system': None}, Network: None, Subnet: None, Router: None
2024-12-11 06:47:54.662 65559 INFO tempest.lib.common.dynamic_creds [-] Created isolated network resources for: credentials: Credentials: {'domain_id': 'default', 'domain_name': 'Default', 'username': 'tempest-ServicesAdminNegativeV253TestJSON-2137344911-project-admin', 'project_domain_id': 'default', 'project_domain_name': 'Default', 'project_id': '26f9a98929fb4b11aedf38f64fc560f7', 'project_name': 'tempest-ServicesAdminNegativeV253TestJSON-2137344911', 'tenant_id': '26f9a98929fb4b11aedf38f64fc560f7', 'tenant_name': 'tempest-ServicesAdminNegativeV253TestJSON-2137344911', 'user_domain_id': 'default', 'user_domain_name': 'Default', 'user_id': '5e48c0c501884cd4ad8610cf13e70bcd', 'system': None}, Network: None, Subnet: None, Router: None
2024-12-11 06:47:54.703 65543 INFO tempest.lib.common.rest_client [req-e1efd96b-9870-4db7-992c-cf92df778495 req-e1efd96b-9870-4db7-992c-cf92df778495 ] Request (ServersTestFqdnHostnames:test_create_server_with_fqdn_name): 201 POST http://10.180.1.21:9696/networking/v2.0/security-group-rules 0.224s
2024-12-11 06:47:54.742 65529 INFO tempest.lib.common.rest_client [req-7d34194c-b8cd-4503-8e7b-70adf6519093 req-7d34194c-b8cd-4503-8e7b-70adf6519093 ] Request (SecurityGroupRulesTestJSON:test_security_group_rules_list): 200 POST http://10.180.1.21/compute/v2.1/os-security-group-rules 1.476s
2024-12-11 06:47:54.762 65559 INFO tempest.lib.common.rest_client [req-70b2d3e7-7c17-4540-9bfd-4ed36b5294a8 req-70b2d3e7-7c17-4540-9bfd-4ed36b5294a8 ] Request (ServicesAdminNegativeV253TestJSON:setUpClass): 201 POST http://10.180.1.21/identity/v3/auth/tokens 0.096s
2024-12-11 06:47:54.776 65507 INFO tempest.lib.common.rest_client [req-d85a9c12-490c-4a4b-9864-c0bb59845255 req-d85a9c12-490c-4a4b-9864-c0bb59845255 ] Request (SecurityGroupRulesNegativeTestJSON:test_create_security_group_rule_duplicate): 200 POST http://10.180.1.21/compute/v2.1/os-security-group-rules 1.357s
2024-12-11 06:47:54.882 65543 INFO tempest.lib.common.rest_client [req-30879498-7043-4444-9fe4-092352e0a68e req-30879498-7043-4444-9fe4-092352e0a68e ] Request (ServersTestFqdnHostnames:test_create_server_with_fqdn_name): 201 POST http://10.180.1.21:9696/networking/v2.0/security-group-rules 0.178s
2024-12-11 06:47:54.886 65545 INFO tempest.lib.common.rest_client [req-d897fbc5-d776-44ba-bbc5-287934c1c521 req-d897fbc5-d776-44ba-bbc5-287934c1c521 ] Request (ServerAddressesTestJSON:tearDownClass): 200 GET http://10.180.1.21/compute/v2.1/servers/7ba114a9-ded9-4671-bb60-258c065d8be3 1.253s
2024-12-11 06:47:54.898 65533 INFO tempest.lib.common.rest_client [req-fb5b43b6-f499-4330-932a-2ab907c6e08c req-fb5b43b6-f499-4330-932a-2ab907c6e08c ] Request (ImagesOneServerTestJSON:test_create_delete_image): 200 GET http://10.180.1.21/compute/v2.1/flavors/42 1.256s
2024-12-11 06:47:54.912 65547 INFO tempest.lib.common.rest_client [req-c4ce0933-13ed-4610-b1f3-2d3cc48f4556 req-c4ce0933-13ed-4610-b1f3-2d3cc48f4556 ] Request (FlavorsAdminTestJSON:test_is_public_string_variations): 200 GET http://10.180.1.21/compute/v2.1/flavors/detail?is_public=0 1.250s
2024-12-11 06:47:54.989 65499 INFO tempest.lib.common.rest_client [req-67796175-2d11-4108-a795-a5c3954e343a req-67796175-2d11-4108-a795-a5c3954e343a ] Request (ServersAdminNegativeTestJSON:test_migrate_server_invalid_state): 200 GET http://10.180.1.21/compute/v2.1/servers/a1229956-0060-4733-a867-328d2743a52a 1.249s
2024-12-11 06:47:55.077 65505 INFO tempest.lib.common.rest_client [req-52acf199-bd70-45bf-9f5e-3b3e8a290945 req-52acf199-bd70-45bf-9f5e-3b3e8a290945 ] Request (ServersAdmin275Test:tearDownClass): 200 GET http://10.180.1.21/compute/v2.1/servers/06117073-1043-4ee3-9821-e992da434cc0 1.248s
2024-12-11 06:47:55.151 65531 INFO tempest.lib.common.rest_client [req-99007d64-9a69-4f83-b9e6-05f697315941 req-99007d64-9a69-4f83-b9e6-05f697315941 ] Request (ServerDiagnosticsV248Test:tearDownClass): 200 GET http://10.180.1.21/compute/v2.1/servers/e41bc716-010d-474f-8704-feefc74facb7 1.223s
2024-12-11 06:47:55.227 65503 INFO tempest.lib.common.rest_client [req-581926d0-787b-4de5-bfce-29422c73e25e req-581926d0-787b-4de5-bfce-29422c73e25e ] Request (DeleteServersAdminTestJSON:test_delete_server_while_in_error_state): 200 GET http://10.180.1.21/compute/v2.1/servers/6bc18727-f8ab-4a49-9edb-05c937f97edb 1.242s
2024-12-11 06:47:55.273 65525 INFO tempest.lib.common.rest_client [req-c6c724c7-f2d9-4c6d-a220-86e993de1a7a req-c6c724c7-f2d9-4c6d-a220-86e993de1a7a ] Request (ServerDiskConfigTestJSON:test_rebuild_server_with_auto_disk_config): 202 POST http://10.180.1.21/compute/v2.1/servers 1.852s
2024-12-11 06:47:55.286 65515 INFO tempest.lib.common.rest_client [req-223aa9be-cae5-441d-b398-911fd43065b7 req-223aa9be-cae5-441d-b398-911fd43065b7 ] Request (KeyPairsV22TestJSON:test_keypairsv22_create_list_show_with_type): 200 GET http://10.180.1.21/compute/v2.1/os-keypairs/tempest-keypair-1337383118 1.059s
2024-12-11 06:47:55.297 65517 INFO tempest.lib.common.rest_client [req-c74fdd51-c09b-4d3d-93a1-a21869a2fac1 req-c74fdd51-c09b-4d3d-93a1-a21869a2fac1 ] Request (ImagesOneServerNegativeTestJSON:test_create_image_specify_metadata_over_limits): 400 POST http://10.180.1.21/compute/v2.1/servers/ac451e54-b7bc-4e2c-8e9c-45c7d4b9e1b3/action 0.845s
2024-12-11 06:47:55.420 65521 INFO tempest.lib.common.rest_client [req-e674413b-b099-4903-b30a-a46443b7e87d req-e674413b-b099-4903-b30a-a46443b7e87d ] Request (ServerActionsTestJSON:setUpClass): 200 GET http://10.180.1.21/compute/v2.1/servers/50e77406-e7ae-45af-9e84-4805c795d6e8 0.917s
2024-12-11 06:47:55.427 65521 INFO tempest.common.waiters [-] State transition "BUILD/spawning" ==> "ACTIVE/None" after 23 second wait
2024-12-11 06:47:55.464 65551 INFO tempest.lib.common.rest_client [req-d2ad627a-4bca-41d4-979a-8d1511d24b9d req-d2ad627a-4bca-41d4-979a-8d1511d24b9d ] Request (SecurityGroupsTestJSON:test_security_groups_create_list_delete): 200 POST http://10.180.1.21/compute/v2.1/os-security-groups 1.392s
2024-12-11 06:47:55.541 65555 INFO tempest.lib.common.rest_client [req-247cb39a-1aad-4bfd-9cb1-6aecb4756d1b req-247cb39a-1aad-4bfd-9cb1-6aecb4756d1b ] Request (ServersTestBootFromVolume:setUpClass): 200 POST http://10.180.1.21/compute/v2.1/os-keypairs 1.034s
2024-12-11 06:47:55.545 65519 INFO tempest.lib.common.rest_client [req-cced8fce-d587-4516-8f81-1f0aa76c7379 req-cced8fce-d587-4516-8f81-1f0aa76c7379 ] Request (FloatingIPsAssociationNegativeTestJSON:tearDownClass): 200 GET http://10.180.1.21/compute/v2.1/servers/67f4a654-3636-403a-9069-07e99940b83f 1.023s
2024-12-11 06:47:55.570 65539 INFO tempest.lib.common.rest_client [req-0e103b33-e8af-4c0a-86a8-043e74058279 req-0e103b33-e8af-4c0a-86a8-043e74058279 ] Request (AggregatesAdminNegativeTestJSON:_run_cleanups): 200 DELETE http://10.180.1.21/compute/v2.1/os-aggregates/8 1.026s
2024-12-11 06:47:55.584 65543 INFO tempest.lib.common.rest_client [req-8bc1569d-878a-4289-9577-11745267b5f7 req-8bc1569d-878a-4289-9577-11745267b5f7 ] Request (ServersTestFqdnHostnames:test_create_server_with_fqdn_name): 201 POST http://10.180.1.21:9696/networking/v2.0/floatingips 0.701s
2024-12-11 06:47:55.641 65535 INFO tempest.lib.common.rest_client [req-7d3964b1-8a34-459c-bbd1-05e434fae6cf req-7d3964b1-8a34-459c-bbd1-05e434fae6cf ] Request (FloatingIPsAssociationTestJSON:setUpClass): 200 GET http://10.180.1.21/compute/v2.1/servers/46649d14-7330-4043-ad63-4925d29c65de 1.044s
2024-12-11 06:47:55.645 65523 INFO tempest.lib.common.rest_client [req-66d00d8f-4caf-4d95-a624-2f8cba4e1e1c req-66d00d8f-4caf-4d95-a624-2f8cba4e1e1c ] Request (ServerExternalEventsTest:test_create_server_external_events): 200 GET http://10.180.1.21/compute/v2.1/servers/fb582c66-361d-4cf3-ac62-9f071db0f9b5 1.082s
2024-12-11 06:47:55.660 65543 INFO tempest.lib.common.rest_client [req-7e6c4da6-3acc-4a17-b958-2347f159c75a req-7e6c4da6-3acc-4a17-b958-2347f159c75a ] Request (ServersTestFqdnHostnames:test_create_server_with_fqdn_name): 201 POST http://10.180.1.21/identity/v3/auth/tokens 0.073s
2024-12-11 06:47:55.661 65543 INFO tempest.lib.common.fixed_network [-] (ServersTestFqdnHostnames:test_create_server_with_fqdn_name) Found network {'id': 'c355a7cf-2a0d-47d7-bcb2-67b1b553d82f', 'name': 'tempest-ServersTestFqdnHostnames-627121936-network', 'tenant_id': '2b9819c574ad4dbea52f890b4ea9ad4f', 'admin_state_up': True, 'mtu': 8950, 'status': 'ACTIVE', 'subnets': [], 'shared': False, 'project_id': '2b9819c574ad4dbea52f890b4ea9ad4f', 'port_security_enabled': True, 'router:external': False, 'provider:network_type': 'vlan', 'provider:physical_network': 'default', 'provider:segmentation_id': 937, 'availability_zone_hints': [], 'availability_zones': [], 'ipv4_address_scope': None, 'ipv6_address_scope': None, 'description': '', 'tags': [], 'created_at': '2024-12-11T06:47:47Z', 'updated_at': '2024-12-11T06:47:47Z', 'revision_number': 1} available for tenant
2024-12-11 06:47:55.663 65523 INFO tempest.common.waiters [-] State transition "BUILD/scheduling" ==> "BUILD/None" after 4 second wait
2024-12-11 06:47:55.740 65529 INFO tempest.lib.common.rest_client [req-779e09f4-e114-4bba-a1fc-268e7d942437 req-779e09f4-e114-4bba-a1fc-268e7d942437 ] Request (SecurityGroupRulesTestJSON:test_security_group_rules_list): 200 GET http://10.180.1.21/compute/v2.1/os-security-groups/1cdd4dd0-7341-4710-a51d-25c2d27819a2 0.995s
2024-12-11 06:47:55.749 65539 INFO tempest.lib.common.rest_client [req-07607943-05fb-4615-9227-f06ad354407d req-07607943-05fb-4615-9227-f06ad354407d ] Request (AggregatesAdminNegativeTestJSON:tearDownClass): 204 DELETE http://10.180.1.21/identity/v3/users/83549634ae6e471485ae2af4405c8846 0.178s
2024-12-11 06:47:55.758 65555 INFO tempest.lib.common.rest_client [req-bf7f9f09-5f25-43a7-96c5-3fb51c216a05 req-bf7f9f09-5f25-43a7-96c5-3fb51c216a05 ] Request (ServersTestBootFromVolume:setUpClass): 201 POST http://10.180.1.21:9696/networking/v2.0/security-groups 0.216s
2024-12-11 06:47:55.809 65553 INFO tempest.lib.common.rest_client [req-df5b99e7-7505-4f02-a4dd-dbd824f1cb99 req-df5b99e7-7505-4f02-a4dd-dbd824f1cb99 ] Request (TenantUsagesTestJSON:setUpClass): 200 GET http://10.180.1.21/compute/v2.1/servers/e8ea89e8-dac2-4f8e-a816-1a16b98572ce 1.060s
2024-12-11 06:47:55.867 65539 INFO tempest.lib.common.rest_client [req-d10e6ad3-7da1-49c2-8d02-8c2c0c8b033b req-d10e6ad3-7da1-49c2-8d02-8c2c0c8b033b ] Request (AggregatesAdminNegativeTestJSON:tearDownClass): 204 DELETE http://10.180.1.21/identity/v3/users/2f63b54cec1d40599d5ade8f5a07f006 0.117s
2024-12-11 06:47:55.867 65539 INFO tempest.lib.common.dynamic_creds [-] Deleting project and security group for project: 8ad3b90bf0624df0b7cc715c969a90bc
2024-12-11 06:47:55.872 65511 INFO tempest.lib.common.rest_client [req-16c15e50-5f1d-459c-9c9e-cd48f485a459 req-16c15e50-5f1d-459c-9c9e-cd48f485a459 ] Request (ListImageFiltersTestJSON:setUpClass): 200 GET http://10.180.1.21/compute/v2.1/servers/1adf1997-5c2a-4c8d-99de-68e74deec1bd 1.215s
2024-12-11 06:47:55.881 65511 INFO tempest.common.waiters [-] State transition "BUILD/None" ==> "BUILD/spawning" after 20 second wait
2024-12-11 06:47:55.917 65555 INFO tempest.lib.common.rest_client [req-3d877f7a-807b-4aba-bfeb-d2aa91034a2d req-3d877f7a-807b-4aba-bfeb-d2aa91034a2d ] Request (ServersTestBootFromVolume:setUpClass): 201 POST http://10.180.1.21:9696/networking/v2.0/security-group-rules 0.158s
2024-12-11 06:47:55.925 65507 INFO tempest.lib.common.rest_client [req-a51a542e-7c93-402e-9f90-bbfe19780dfc req-a51a542e-7c93-402e-9f90-bbfe19780dfc ] Request (SecurityGroupRulesNegativeTestJSON:test_create_security_group_rule_duplicate): 400 POST http://10.180.1.21/compute/v2.1/os-security-group-rules 1.146s
2024-12-11 06:47:55.934 65539 INFO tempest.lib.common.rest_client [req-c2c3f9f3-6ed8-4a01-baa7-cb03299ca074 req-c2c3f9f3-6ed8-4a01-baa7-cb03299ca074 ] Request (AggregatesAdminNegativeTestJSON:tearDownClass): 201 POST http://10.180.1.21/identity/v3/auth/tokens 0.066s
2024-12-11 06:47:56.004 65557 INFO tempest.lib.common.rest_client [req-c22b0fa7-9e79-4175-8199-b68ef673514c req-c22b0fa7-9e79-4175-8199-b68ef673514c ] Request (ServerActionsV293TestJSON:setUpClass): 200 GET http://10.180.1.21/compute/v2.1/servers/b7f31f78-57a4-4b99-8e66-a17dbf510fa2 1.176s
2024-12-11 06:47:56.004 65559 INFO tempest.lib.common.rest_client [req-e5765581-90ab-43ea-b113-32c5591a6ba0 req-e5765581-90ab-43ea-b113-32c5591a6ba0 ] Request (ServicesAdminNegativeV253TestJSON:test_disable_log_reason_with_invalid_service_id): 404 PUT http://10.180.1.21/compute/v2.1/os-services/d0e40045-c0a8-4ed4-b92d-b9e6ec009437 1.240s
2024-12-11 06:47:56.052 65555 INFO tempest.lib.common.rest_client [req-ce29bd8d-10a0-435d-93f1-bf96444f66a3 req-ce29bd8d-10a0-435d-93f1-bf96444f66a3 ] Request (ServersTestBootFromVolume:setUpClass): 201 POST http://10.180.1.21:9696/networking/v2.0/security-group-rules 0.134s
2024-12-11 06:47:56.122 65533 INFO tempest.lib.common.rest_client [req-97107dbb-d605-4686-a171-501ba4c074ec req-97107dbb-d605-4686-a171-501ba4c074ec ] Request (ImagesOneServerTestJSON:test_create_delete_image): 204 DELETE http://10.180.1.21/compute/v2.1/images/71b58c44-d8ad-43eb-a218-58f2f71cee6c 1.220s
2024-12-11 06:47:56.126 65539 INFO tempest.lib.common.rest_client [req-025cda79-e416-47be-9af5-9ae4c1ae605b req-025cda79-e416-47be-9af5-9ae4c1ae605b ] Request (AggregatesAdminNegativeTestJSON:tearDownClass): 200 GET http://10.180.1.21:9696/networking/v2.0/security-groups?tenant_id=8ad3b90bf0624df0b7cc715c969a90bc&name=default 0.191s
2024-12-11 06:47:56.143 65547 INFO tempest.lib.common.rest_client [req-f2e38aee-3faf-4229-af8c-66b1abbe104e req-f2e38aee-3faf-4229-af8c-66b1abbe104e ] Request (FlavorsAdminTestJSON:test_is_public_string_variations): 200 GET http://10.180.1.21/compute/v2.1/flavors/detail?is_public=t 1.228s
2024-12-11 06:47:56.202 65509 INFO tempest.lib.common.rest_client [req-6a57469d-5dd2-4abe-aca3-b3e69651d3ae req-6a57469d-5dd2-4abe-aca3-b3e69651d3ae ] Request (AttachInterfacesTestJSON:test_create_list_show_delete_interfaces_by_fixed_ip): 200 GET http://10.180.1.21/compute/v2.1/servers/2acc6a60-12cc-4908-a71c-b36a4702e24e 1.209s
2024-12-11 06:47:56.220 65539 INFO tempest.lib.common.rest_client [req-8f171162-b250-48bb-b18c-9609dc639de9 req-8f171162-b250-48bb-b18c-9609dc639de9 ] Request (AggregatesAdminNegativeTestJSON:tearDownClass): 204 DELETE http://10.180.1.21:9696/networking/v2.0/security-groups/28b40497-dd84-4e9e-a4b3-446f2a978b95 0.093s
2024-12-11 06:47:56.224 65549 INFO tempest.lib.common.rest_client [req-9bad404d-c6cd-47b6-b970-ce8d58744de7 req-9bad404d-c6cd-47b6-b970-ce8d58744de7 ] Request (AttachInterfacesV270Test:test_create_get_list_interfaces): 200 GET http://10.180.1.21/compute/v2.1/servers/136c6bab-d1de-468c-82df-5855989a93da 1.323s
2024-12-11 06:47:56.274 65513 INFO tempest.lib.common.rest_client [req-9613bb97-9e33-40c9-a182-98a463208b23 req-9613bb97-9e33-40c9-a182-98a463208b23 ] Request (ServersTestMultiNic:test_verify_duplicate_network_nics): 200 GET http://10.180.1.21/compute/v2.1/servers/54597d04-507f-40f9-9edb-5cf963a66744 1.222s
2024-12-11 06:47:56.299 65515 INFO tempest.lib.common.rest_client [req-5d843de8-12c5-4eee-b764-4b6f3d215a9b req-5d843de8-12c5-4eee-b764-4b6f3d215a9b ] Request (KeyPairsV22TestJSON:test_keypairsv22_create_list_show_with_type): 200 GET http://10.180.1.21/compute/v2.1/os-keypairs 1.011s
2024-12-11 06:47:56.307 65525 INFO tempest.lib.common.rest_client [req-dc4740ba-d8cf-49d6-bfb3-fc68e3b95adb req-dc4740ba-d8cf-49d6-bfb3-fc68e3b95adb ] Request (ServerDiskConfigTestJSON:test_rebuild_server_with_auto_disk_config): 200 GET http://10.180.1.21/compute/v2.1/servers/f600897a-1210-4b24-8dd6-42328e3cf334 1.031s
2024-12-11 06:47:56.411 65539 INFO tempest.lib.common.rest_client [req-da81241d-b141-4150-a701-2e4f27a52791 req-da81241d-b141-4150-a701-2e4f27a52791 ] Request (AggregatesAdminNegativeTestJSON:tearDownClass): 204 DELETE http://10.180.1.21/identity/v3/projects/8ad3b90bf0624df0b7cc715c969a90bc 0.190s
2024-12-11 06:47:56.411 65539 INFO tempest.lib.common.dynamic_creds [-] Deleting project and security group for project: 74ef5d27ad384829a3ab280005b254b6
2024-12-11 06:47:56.474 65521 INFO tempest.lib.common.rest_client [req-2ae084e6-3536-4e02-8978-626a40f58038 req-2ae084e6-3536-4e02-8978-626a40f58038 ] Request (ServerActionsTestJSON:setUpClass): 200 GET http://10.180.1.21/compute/v2.1/servers/50e77406-e7ae-45af-9e84-4805c795d6e8/os-interface 1.046s
2024-12-11 06:47:56.475 65517 INFO tempest.lib.common.rest_client [req-b3347114-b811-452b-a81e-afb244ba3446 req-b3347114-b811-452b-a81e-afb244ba3446 ] Request (ImagesOneServerNegativeTestJSON:tearDown): 200 GET http://10.180.1.21/compute/v2.1/servers/ac451e54-b7bc-4e2c-8e9c-45c7d4b9e1b3 1.176s
2024-12-11 06:47:56.727 65497 INFO tempest.lib.common.rest_client [req-22ed8ed7-fd6c-467f-95fe-f47a1909230a req-22ed8ed7-fd6c-467f-95fe-f47a1909230a ] Request (MigrationsAdminTest:test_list_migrations_in_flavor_resize_situation): 200 GET http://10.180.1.21/compute/v2.1/servers/c4d31828-30cc-4251-9518-6bfa7e0277d3 1.288s
2024-12-11 06:47:56.900 65539 INFO tempest.lib.common.rest_client [req-682351bd-9898-4fb6-af29-c2c4a82d473c req-682351bd-9898-4fb6-af29-c2c4a82d473c ] Request (AggregatesAdminNegativeTestJSON:tearDownClass): 200 GET http://10.180.1.21:9696/networking/v2.0/security-groups?tenant_id=74ef5d27ad384829a3ab280005b254b6&name=default 0.489s
2024-12-11 06:47:56.985 65501 INFO tempest.lib.common.rest_client [req-ef1ef620-127c-4a3d-bae0-f5808b3b5423 req-ef1ef620-127c-4a3d-bae0-f5808b3b5423 ] Request (ServerDiagnosticsNegativeTest:tearDownClass): 200 GET http://10.180.1.21/compute/v2.1/servers/a593698f-862a-4017-83f6-cbd8feeb807d 1.464s
2024-12-11 06:47:57.019 65555 INFO tempest.lib.common.rest_client [req-5b4750f6-250b-4f04-9155-fe3967df04c2 req-5b4750f6-250b-4f04-9155-fe3967df04c2 ] Request (ServersTestBootFromVolume:setUpClass): 201 POST http://10.180.1.21:9696/networking/v2.0/floatingips 0.967s
2024-12-11 06:47:57.045 65551 INFO tempest.lib.common.rest_client [req-811044a6-2feb-4438-ad55-39d3de4a9dd4 req-811044a6-2feb-4438-ad55-39d3de4a9dd4 ] Request (SecurityGroupsTestJSON:test_security_groups_create_list_delete): 200 POST http://10.180.1.21/compute/v2.1/os-security-groups 1.578s
2024-12-11 06:47:57.085 65555 INFO tempest.lib.common.rest_client [req-15e401a2-b073-4275-a74f-a6f7acc3c967 req-15e401a2-b073-4275-a74f-a6f7acc3c967 ] Request (ServersTestBootFromVolume:setUpClass): 201 POST http://10.180.1.21/identity/v3/auth/tokens 0.059s
2024-12-11 06:47:57.085 65555 INFO tempest.lib.common.fixed_network [-] (ServersTestBootFromVolume:setUpClass) Found network {'id': '7da91471-f15a-488b-af39-a351efe64d18', 'name': 'tempest-ServersTestBootFromVolume-1330172900-network', 'tenant_id': '65eed51c6b2c443da7831de3ddc349b3', 'admin_state_up': True, 'mtu': 8950, 'status': 'ACTIVE', 'subnets': [], 'shared': False, 'project_id': '65eed51c6b2c443da7831de3ddc349b3', 'port_security_enabled': True, 'router:external': False, 'provider:network_type': 'vlan', 'provider:physical_network': 'default', 'provider:segmentation_id': 109, 'availability_zone_hints': [], 'availability_zones': [], 'ipv4_address_scope': None, 'ipv6_address_scope': None, 'description': '', 'tags': [], 'created_at': '2024-12-11T06:47:48Z', 'updated_at': '2024-12-11T06:47:48Z', 'revision_number': 1} available for tenant
2024-12-11 06:47:57.238 65539 INFO tempest.lib.common.rest_client [req-f7bc26a9-0b7d-4501-aa72-5e9d9557456b req-f7bc26a9-0b7d-4501-aa72-5e9d9557456b ] Request (AggregatesAdminNegativeTestJSON:tearDownClass): 204 DELETE http://10.180.1.21:9696/networking/v2.0/security-groups/cd336cb3-f104-4c6e-9804-4dd75b7295ba 0.337s
2024-12-11 06:47:57.326 65555 INFO tempest.lib.common.rest_client [req-5b7e6ddb-cae4-44e1-83ca-dd9d49c310bf req-5b7e6ddb-cae4-44e1-83ca-dd9d49c310bf ] Request (ServersTestBootFromVolume:setUpClass): 202 POST http://10.180.1.21/volume/v3/volumes 0.239s
2024-12-11 06:47:57.345 65539 INFO tempest.lib.common.rest_client [req-92f6119e-41e9-45a7-8462-e313816ac1b9 req-92f6119e-41e9-45a7-8462-e313816ac1b9 ] Request (AggregatesAdminNegativeTestJSON:tearDownClass): 204 DELETE http://10.180.1.21/identity/v3/projects/74ef5d27ad384829a3ab280005b254b6 0.107s
2024-12-11 06:47:57.350 65543 INFO tempest.lib.common.rest_client [req-6aaa6dc0-1c17-41ae-ad7a-5d6ea1edde7b req-6aaa6dc0-1c17-41ae-ad7a-5d6ea1edde7b ] Request (ServersTestFqdnHostnames:test_create_server_with_fqdn_name): 202 POST http://10.180.1.21/compute/v2.1/servers 1.688s
2024-12-11 06:47:57.374 65529 INFO tempest.lib.common.rest_client [req-3ef8056f-7e4b-4f06-86cf-fa68c8aa414f req-3ef8056f-7e4b-4f06-86cf-fa68c8aa414f ] Request (SecurityGroupRulesTestJSON:_run_cleanups): 202 DELETE http://10.180.1.21/compute/v2.1/os-security-group-rules/e7518461-9fe6-49ac-96ad-639abae85017 1.628s
2024-12-11 06:47:57.386 65555 INFO tempest.lib.common.rest_client [req-d222ad17-5c4d-41fe-970e-18d8f79bfe2f req-d222ad17-5c4d-41fe-970e-18d8f79bfe2f ] Request (ServersTestBootFromVolume:setUpClass): 200 GET http://10.180.1.21/volume/v3/volumes/d4ae5ece-dd0f-4bf9-bb9b-6261f3aa0fcc 0.051s
2024-12-11 06:47:57.431 65545 INFO tempest.lib.common.rest_client [req-1be595a8-4d3a-4ed4-ba63-48309b0b218a req-1be595a8-4d3a-4ed4-ba63-48309b0b218a ] Request (ServerAddressesTestJSON:tearDownClass): 200 GET http://10.180.1.21/compute/v2.1/servers/7ba114a9-ded9-4671-bb60-258c065d8be3 1.536s
2024-12-11 06:47:57.436 65539 INFO tempest.lib.common.rest_client [req-6455b184-3896-4e2a-ab85-fc4c6ba2c1af req-6455b184-3896-4e2a-ab85-fc4c6ba2c1af ] Request (FlavorsAccessTestJSON:setUpClass): 201 POST http://10.180.1.21/identity/v3/auth/tokens 0.089s
2024-12-11 06:47:57.470 65539 INFO tempest.lib.common.rest_client [req-f265199f-925f-46df-9c3b-6121a2cd2176 req-f265199f-925f-46df-9c3b-6121a2cd2176 ] Request (FlavorsAccessTestJSON:setUpClass): 201 POST http://10.180.1.21/identity/v3/auth/tokens 0.031s
