2024-12-11 06:48:47.436 65503 INFO tempest.lib.common.rest_client [req-e8004cc6-db6b-463c-a3b1-788ed76a5ead req-e8004cc6-db6b-463c-a3b1-788ed76a5ead ] Request (DeleteServersAdminTestJSON:test_delete_server_while_in_error_state): 200 GET http://10.180.1.21/compute/v2.1/servers/6bc18727-f8ab-4a49-9edb-05c937f97edb 0.065s
2024-12-11 06:48:47.499 65531 INFO tempest.lib.common.rest_client [req-cdfc6537-58f4-42fc-acea-2435db899771 req-cdfc6537-58f4-42fc-acea-2435db899771 ] Request (ImagesNegativeTestJSON:test_create_image_from_deleted_server): 200 GET http://10.180.1.21/compute/v2.1/servers/9339be5b-5433-4ff5-9228-c46e8e6030e3 0.059s
2024-12-11 06:48:47.508 65551 INFO tempest.lib.common.rest_client [req-cd9b4528-7a22-4c9b-8aee-4b942cac12ae req-cd9b4528-7a22-4c9b-8aee-4b942cac12ae ] Request (SecurityGroupsTestJSON:test_server_security_groups): 200 GET http://10.180.1.21/compute/v2.1/servers/49566846-066b-4f90-943a-ea361ec84372 0.064s
2024-12-11 06:48:47.564 65517 INFO tempest.lib.common.rest_client [req-2ed192f7-7747-466b-a890-cf394550361c req-2ed192f7-7747-466b-a890-cf394550361c ] Request (ImagesOneServerNegativeTestJSON:_run_cleanups): 200 GET http://10.180.1.21/compute/v2.1/servers/7e7ab6b7-809d-4030-b1d4-7e3997b4e20c 0.068s
2024-12-11 06:48:47.609 65499 INFO tempest.lib.common.rest_client [req-7e4f58e6-d08c-4536-9c5c-b898f8be036f req-7e4f58e6-d08c-4536-9c5c-b898f8be036f ] Request (ServersAdminNegativeTestJSON:tearDownClass): 200 GET http://10.180.1.21/compute/v2.1/servers/a1229956-0060-4733-a867-328d2743a52a 0.090s
2024-12-11 06:48:47.632 65513 INFO tempest.lib.common.rest_client [req-74d94139-0e80-4f65-a9c9-7812ca3d584a req-74d94139-0e80-4f65-a9c9-7812ca3d584a ] Request (ServersTestMultiNic:_run_cleanups): 200 GET http://10.180.1.21/compute/v2.1/servers/54597d04-507f-40f9-9edb-5cf963a66744 0.069s
2024-12-11 06:48:47.664 65501 INFO tempest.lib.common.rest_client [req-bf6ff817-60d6-4fe7-af8c-e32a1cd9dae1 req-bf6ff817-60d6-4fe7-af8c-e32a1cd9dae1 ] Request (ServersAdminTestJSON:setUpClass): 200 GET http://10.180.1.21/compute/v2.1/servers/3c6f3f67-5b58-488b-b595-ede8ca31d774 0.097s
2024-12-11 06:48:47.687 65505 INFO tempest.lib.common.rest_client [req-e341b551-faac-46ff-9296-5da15091d445 req-e341b551-faac-46ff-9296-5da15091d445 ] Request (ListServerFiltersTestJSON:setUpClass): 200 GET http://10.180.1.21/compute/v2.1/servers/b3ba6417-e310-43ba-b871-c42d70dc2a8a 0.074s
2024-12-11 06:48:47.735 65523 INFO tempest.lib.common.rest_client [req-2761a33c-1582-4a80-bd56-4a3e55fa0b15 req-2761a33c-1582-4a80-bd56-4a3e55fa0b15 ] Request (ServerExternalEventsTest:tearDownClass): 200 GET http://10.180.1.21/compute/v2.1/servers/fb582c66-361d-4cf3-ac62-9f071db0f9b5 0.114s
2024-12-11 06:48:47.758 65519 INFO tempest.lib.common.rest_client [req-9529ecfd-3386-4c21-91d0-d138ccb80de3 req-9529ecfd-3386-4c21-91d0-d138ccb80de3 ] Request (AttachInterfacesUnderV243Test:test_add_remove_fixed_ip): 200 GET http://10.180.1.21/compute/v2.1/servers/5bdd7b6b-01cc-48fa-af06-c3be62595d2d 0.089s
2024-12-11 06:48:47.823 65543 INFO tempest.lib.common.rest_client [req-cba49642-6932-43a4-b398-b9dfc3a97a0a req-cba49642-6932-43a4-b398-b9dfc3a97a0a ] Request (ServersTestFqdnHostnames:test_create_server_with_fqdn_name): 200 PUT http://10.180.1.21:9696/networking/v2.0/floatingips/8005bb60-d6ca-4917-9dad-d55f936472af 0.577s
2024-12-11 06:48:47.825 65543 INFO tempest.lib.common.ssh [-] Creating ssh connection to '10.180.180.139:22' as 'cirros' with public key authentication
2024-12-11 06:48:47.830 65533 INFO tempest.lib.common.rest_client [req-005b58df-ed68-4d93-8a43-d5f7f5255e10 req-005b58df-ed68-4d93-8a43-d5f7f5255e10 ] Request (ImagesOneServerTestJSON:tearDownClass): 200 GET http://10.180.1.21/compute/v2.1/servers/4d25227b-f598-4ab7-84ad-de27ba786c75 0.095s
2024-12-11 06:48:47.896 65521 WARNING tempest.lib.common.ssh [-] Failed to establish authenticated ssh connection to cirros@10.180.180.189 ([Errno None] Unable to connect to port 22 on 10.180.180.189). Number attempts: 7. Retry after 8 seconds.: paramiko.ssh_exception.NoValidConnectionsError: [Errno None] Unable to connect to port 22 on 10.180.180.189
2024-12-11 06:48:47.903 65525 INFO tempest.lib.common.rest_client [req-dc004d5a-58da-4abb-a53d-df9ddd10a283 req-dc004d5a-58da-4abb-a53d-df9ddd10a283 ] Request (ServerDiskConfigTestJSON:test_rebuild_server_with_auto_disk_config): 200 GET http://10.180.1.21/compute/v2.1/servers/f600897a-1210-4b24-8dd6-42328e3cf334 0.158s
2024-12-11 06:48:47.906 65497 INFO tempest.lib.common.rest_client [req-780638a9-705a-415d-89fb-cadfffe3c98f req-780638a9-705a-415d-89fb-cadfffe3c98f ] Request (MigrationsAdminTest:test_resize_server_revert_deleted_flavor): 200 GET http://10.180.1.21/compute/v2.1/servers/0aaf6359-b604-4287-95a8-307487445ed0 0.074s
2024-12-11 06:48:47.910 65525 INFO tempest.common.waiters [-] State transition "REBUILD/rebuild_block_device_mapping" ==> "REBUILD/rebuild_spawning" after 3 second wait
2024-12-11 06:48:47.958 65535 INFO tempest.lib.common.rest_client [req-ef26394b-9b17-475b-b48c-e738793cc5f6 req-ef26394b-9b17-475b-b48c-e738793cc5f6 ] Request (FloatingIPsAssociationTestJSON:test_associate_already_associated_floating_ip): 200 GET http://10.180.1.21/compute/v2.1/servers/82cc32c8-dc55-404c-9fb8-14ef9e167d01 0.075s
2024-12-11 06:48:48.007 65515 INFO tempest.lib.common.rest_client [req-6579bb6d-09bb-41c5-97e3-da600d0fbda1 req-6579bb6d-09bb-41c5-97e3-da600d0fbda1 ] Request (ServersTestManualDisk:setUpClass): 200 GET http://10.180.1.21/compute/v2.1/servers/846c8668-1a0f-40fa-88b9-4c1237ca4665 0.126s
2024-12-11 06:48:48.008 65507 INFO tempest.lib.common.rest_client [req-0c1be9de-f5ff-45fe-b7ba-5c19edc10aa5 req-0c1be9de-f5ff-45fe-b7ba-5c19edc10aa5 ] Request (ServerActionsTestOtherB:setUpClass): 200 GET http://10.180.1.21/compute/v2.1/servers/f9afeb1e-7c71-4a05-ae6c-f5c19d051047 0.077s
2024-12-11 06:48:48.016 65515 INFO tempest.common.waiters [-] State transition "BUILD/block_device_mapping" ==> "BUILD/spawning" after 39 second wait
2024-12-11 06:48:48.164 65553 INFO tempest.lib.common.rest_client [req-482c0f09-e783-474f-b422-80ad24be4e9f req-482c0f09-e783-474f-b422-80ad24be4e9f ] Request (TenantUsagesTestJSON:tearDownClass): 200 GET http://10.180.1.21/compute/v2.1/servers/e8ea89e8-dac2-4f8e-a816-1a16b98572ce 0.064s
2024-12-11 06:48:48.198 65555 INFO tempest.lib.common.rest_client [req-74b5b7a4-117d-40fd-9a78-885583237344 req-74b5b7a4-117d-40fd-9a78-885583237344 ] Request (ServersTestBootFromVolume:setUpClass): 200 GET http://10.180.1.21/compute/v2.1/servers/c167bc52-b0fc-4c8c-a126-ad6c10181452 0.048s
2024-12-11 06:48:48.302 65547 INFO tempest.lib.common.rest_client [req-bbcfe9ef-bcfa-4abb-9d10-04e7409313fa req-bbcfe9ef-bcfa-4abb-9d10-04e7409313fa ] Request (ServerRescueNegativeTestJSON:setUpClass): 200 GET http://10.180.1.21/compute/v2.1/servers/e43a80bc-d270-456c-853b-fb8e25ad0407 0.047s
2024-12-11 06:48:48.407 65529 INFO tempest.lib.common.rest_client [req-cddd13d2-8168-494a-bdb3-1566d502f77d req-cddd13d2-8168-494a-bdb3-1566d502f77d ] Request (InstanceActionsV221TestJSON:test_get_list_deleted_instance_actions): 200 GET http://10.180.1.21/compute/v2.1/servers/570807e4-c8a6-4ad0-89b0-4d71087a065c 0.054s
2024-12-11 06:48:48.432 65511 INFO tempest.lib.common.rest_client [req-2ce3075e-71f2-41c2-9637-c2c2eb645870 req-2ce3075e-71f2-41c2-9637-c2c2eb645870 ] Request (ListImageFiltersTestJSON:setUpClass): 200 GET http://10.180.1.21/compute/v2.1/images/bcda3295-df74-4a33-bf06-1933c601d164 0.036s
2024-12-11 06:48:48.467 65511 INFO tempest.lib.common.rest_client [req-55758269-b939-4645-81fe-81470e738c10 req-55758269-b939-4645-81fe-81470e738c10 ] Request (ListImageFiltersTestJSON:setUpClass): 200 GET http://10.180.1.21/compute/v2.1/images/bcda3295-df74-4a33-bf06-1933c601d164 0.032s
2024-12-11 06:48:48.511 65503 INFO tempest.lib.common.rest_client [req-b50a2356-cbcc-48c3-afb2-bbf1e716a91e req-b50a2356-cbcc-48c3-afb2-bbf1e716a91e ] Request (DeleteServersAdminTestJSON:test_delete_server_while_in_error_state): 200 GET http://10.180.1.21/compute/v2.1/servers/6bc18727-f8ab-4a49-9edb-05c937f97edb 0.068s
2024-12-11 06:48:48.567 65531 INFO tempest.lib.common.rest_client [req-bbc69acd-4156-46a5-95b4-8719527d7350 req-bbc69acd-4156-46a5-95b4-8719527d7350 ] Request (ImagesNegativeTestJSON:test_create_image_from_deleted_server): 200 GET http://10.180.1.21/compute/v2.1/servers/9339be5b-5433-4ff5-9228-c46e8e6030e3 0.060s
2024-12-11 06:48:48.573 65531 INFO tempest.common.waiters [-] State transition "BUILD/scheduling" ==> "BUILD/None" after 18 second wait
2024-12-11 06:48:48.591 65511 INFO tempest.lib.common.rest_client [req-f2f1766b-1835-4411-8e1a-6b2da105314e req-f2f1766b-1835-4411-8e1a-6b2da105314e ] Request (ListImageFiltersTestJSON:setUpClass): 200 GET http://10.180.1.21/compute/v2.1/servers/1adf1997-5c2a-4c8d-99de-68e74deec1bd 0.120s
2024-12-11 06:48:48.630 65551 INFO tempest.lib.common.rest_client [req-86b59b10-dae9-4e8a-912e-bbdcd190bd4a req-86b59b10-dae9-4e8a-912e-bbdcd190bd4a ] Request (SecurityGroupsTestJSON:test_server_security_groups): 200 GET http://10.180.1.21/compute/v2.1/servers/49566846-066b-4f90-943a-ea361ec84372 0.113s
2024-12-11 06:48:48.636 65551 INFO tempest.common.waiters [-] State transition "BUILD/None" ==> "BUILD/networking" after 38 second wait
2024-12-11 06:48:48.647 65517 INFO tempest.lib.common.rest_client [req-3d3c7902-0fca-4031-8a9d-e1fc899e3504 req-3d3c7902-0fca-4031-8a9d-e1fc899e3504 ] Request (ImagesOneServerNegativeTestJSON:_run_cleanups): 200 GET http://10.180.1.21/compute/v2.1/servers/7e7ab6b7-809d-4030-b1d4-7e3997b4e20c 0.074s
2024-12-11 06:48:48.701 65499 INFO tempest.lib.common.rest_client [req-3c277f81-3ab7-4211-8a8b-3acfffe9e1fe req-3c277f81-3ab7-4211-8a8b-3acfffe9e1fe ] Request (ServersAdminNegativeTestJSON:tearDownClass): 200 GET http://10.180.1.21/compute/v2.1/servers/a1229956-0060-4733-a867-328d2743a52a 0.085s
2024-12-11 06:48:48.714 65513 INFO tempest.lib.common.rest_client [req-0a315411-25bf-4022-9cdb-10bd46f03859 req-0a315411-25bf-4022-9cdb-10bd46f03859 ] Request (ServersTestMultiNic:_run_cleanups): 200 GET http://10.180.1.21/compute/v2.1/servers/54597d04-507f-40f9-9edb-5cf963a66744 0.075s
2024-12-11 06:48:48.761 65505 INFO tempest.lib.common.rest_client [req-c5bf4468-53cb-4497-bb3d-9b6264793243 req-c5bf4468-53cb-4497-bb3d-9b6264793243 ] Request (ListServerFiltersTestJSON:setUpClass): 200 GET http://10.180.1.21/compute/v2.1/servers/b3ba6417-e310-43ba-b871-c42d70dc2a8a 0.060s
2024-12-11 06:48:48.762 65501 INFO tempest.lib.common.rest_client [req-8d2f59ef-7bd4-4b72-8bf8-b344ef4b19ce req-8d2f59ef-7bd4-4b72-8bf8-b344ef4b19ce ] Request (ServersAdminTestJSON:setUpClass): 200 GET http://10.180.1.21/compute/v2.1/servers/3c6f3f67-5b58-488b-b595-ede8ca31d774 0.090s
2024-12-11 06:48:48.819 65523 INFO tempest.lib.common.rest_client [req-e487afa8-30a1-4c98-9fcc-6df46dd707ce req-e487afa8-30a1-4c98-9fcc-6df46dd707ce ] Request (ServerExternalEventsTest:tearDownClass): 200 GET http://10.180.1.21/compute/v2.1/servers/fb582c66-361d-4cf3-ac62-9f071db0f9b5 0.073s
2024-12-11 06:48:48.829 65519 INFO tempest.lib.common.rest_client [req-998430b2-4f04-4be4-9073-e9146b24ed5b req-998430b2-4f04-4be4-9073-e9146b24ed5b ] Request (AttachInterfacesUnderV243Test:test_add_remove_fixed_ip): 200 GET http://10.180.1.21/compute/v2.1/servers/5bdd7b6b-01cc-48fa-af06-c3be62595d2d 0.061s
2024-12-11 06:48:48.893 65533 INFO tempest.lib.common.rest_client [req-c0429c3b-60b2-4275-a5d7-0a318955585c req-c0429c3b-60b2-4275-a5d7-0a318955585c ] Request (ImagesOneServerTestJSON:tearDownClass): 200 GET http://10.180.1.21/compute/v2.1/servers/4d25227b-f598-4ab7-84ad-de27ba786c75 0.055s
2024-12-11 06:48:48.979 65497 INFO tempest.lib.common.rest_client [req-7528f147-f636-43a8-b4c7-19d3e56a71d5 req-7528f147-f636-43a8-b4c7-19d3e56a71d5 ] Request (MigrationsAdminTest:test_resize_server_revert_deleted_flavor): 200 GET http://10.180.1.21/compute/v2.1/servers/0aaf6359-b604-4287-95a8-307487445ed0 0.059s
2024-12-11 06:48:49.040 65535 INFO tempest.lib.common.rest_client [req-9e17c5dc-1d19-493b-b6a0-4c8ce249419c req-9e17c5dc-1d19-493b-b6a0-4c8ce249419c ] Request (FloatingIPsAssociationTestJSON:test_associate_already_associated_floating_ip): 200 GET http://10.180.1.21/compute/v2.1/servers/82cc32c8-dc55-404c-9fb8-14ef9e167d01 0.070s
2024-12-11 06:48:49.087 65507 INFO tempest.lib.common.rest_client [req-b12720d8-d73d-4b3b-871b-03cbd1a80891 req-b12720d8-d73d-4b3b-871b-03cbd1a80891 ] Request (ServerActionsTestOtherB:setUpClass): 200 GET http://10.180.1.21/compute/v2.1/servers/f9afeb1e-7c71-4a05-ae6c-f5c19d051047 0.070s
2024-12-11 06:48:49.105 65525 INFO tempest.lib.common.rest_client [req-67d3f72c-2621-4070-976a-977cb8a1e5a2 req-67d3f72c-2621-4070-976a-977cb8a1e5a2 ] Request (ServerDiskConfigTestJSON:test_rebuild_server_with_auto_disk_config): 200 GET http://10.180.1.21/compute/v2.1/servers/f600897a-1210-4b24-8dd6-42328e3cf334 0.195s
2024-12-11 06:48:49.244 65553 INFO tempest.lib.common.rest_client [req-7169b28f-d1e0-49fe-9a07-dbc8eec24cb9 req-7169b28f-d1e0-49fe-9a07-dbc8eec24cb9 ] Request (TenantUsagesTestJSON:tearDownClass): 200 GET http://10.180.1.21/compute/v2.1/servers/e8ea89e8-dac2-4f8e-a816-1a16b98572ce 0.073s
2024-12-11 06:48:49.254 65515 INFO tempest.lib.common.rest_client [req-bce9451c-08ba-496b-9868-82734c76e694 req-bce9451c-08ba-496b-9868-82734c76e694 ] Request (ServersTestManualDisk:setUpClass): 200 GET http://10.180.1.21/compute/v2.1/servers/846c8668-1a0f-40fa-88b9-4c1237ca4665 0.236s
2024-12-11 06:48:49.300 65555 INFO tempest.lib.common.rest_client [req-2743abe1-ff92-443a-a074-025c4c24247d req-2743abe1-ff92-443a-a074-025c4c24247d ] Request (ServersTestBootFromVolume:setUpClass): 200 GET http://10.180.1.21/compute/v2.1/servers/c167bc52-b0fc-4c8c-a126-ad6c10181452 0.095s
2024-12-11 06:48:49.363 65547 INFO tempest.lib.common.rest_client [req-430f0944-4b18-4d2b-ad60-00e353146bfb req-430f0944-4b18-4d2b-ad60-00e353146bfb ] Request (ServerRescueNegativeTestJSON:setUpClass): 200 GET http://10.180.1.21/compute/v2.1/servers/e43a80bc-d270-456c-853b-fb8e25ad0407 0.053s
2024-12-11 06:48:49.474 65529 INFO tempest.lib.common.rest_client [req-581f3566-2893-48ee-b8ff-cedbe594edbe req-581f3566-2893-48ee-b8ff-cedbe594edbe ] Request (InstanceActionsV221TestJSON:test_get_list_deleted_instance_actions): 200 GET http://10.180.1.21/compute/v2.1/servers/570807e4-c8a6-4ad0-89b0-4d71087a065c 0.058s
2024-12-11 06:48:49.560 65509 WARNING tempest.lib.common.ssh [-] Failed to establish authenticated ssh connection to cirros@10.180.180.132 ([Errno None] Unable to connect to port 22 on 10.180.180.132). Number attempts: 4. Retry after 5 seconds.: paramiko.ssh_exception.NoValidConnectionsError: [Errno None] Unable to connect to port 22 on 10.180.180.132
2024-12-11 06:48:49.579 65503 INFO tempest.lib.common.rest_client [req-5c1079b8-5e11-4861-9867-5e27e4c2dc79 req-5c1079b8-5e11-4861-9867-5e27e4c2dc79 ] Request (DeleteServersAdminTestJSON:test_delete_server_while_in_error_state): 200 GET http://10.180.1.21/compute/v2.1/servers/6bc18727-f8ab-4a49-9edb-05c937f97edb 0.057s
2024-12-11 06:48:49.623 65531 INFO tempest.lib.common.rest_client [req-c8dfc0b8-7535-4af8-a04b-8e9e0fb9256e req-c8dfc0b8-7535-4af8-a04b-8e9e0fb9256e ] Request (ImagesNegativeTestJSON:test_create_image_from_deleted_server): 200 GET http://10.180.1.21/compute/v2.1/servers/9339be5b-5433-4ff5-9228-c46e8e6030e3 0.047s
2024-12-11 06:48:49.725 65511 INFO tempest.lib.common.rest_client [req-9314957e-48b6-44e9-a6c1-544ba3cb7c7b req-9314957e-48b6-44e9-a6c1-544ba3cb7c7b ] Request (ListImageFiltersTestJSON:setUpClass): 200 GET http://10.180.1.21/compute/v2.1/servers/1adf1997-5c2a-4c8d-99de-68e74deec1bd 0.124s
2024-12-11 06:48:49.774 65517 INFO tempest.lib.common.rest_client [req-86315b58-cacc-43c3-8f1c-c63333ddbc55 req-86315b58-cacc-43c3-8f1c-c63333ddbc55 ] Request (ImagesOneServerNegativeTestJSON:_run_cleanups): 200 GET http://10.180.1.21/compute/v2.1/servers/7e7ab6b7-809d-4030-b1d4-7e3997b4e20c 0.118s
2024-12-11 06:48:49.783 65551 INFO tempest.lib.common.rest_client [req-9f073b94-1a25-4e19-b804-316416e72c91 req-9f073b94-1a25-4e19-b804-316416e72c91 ] Request (SecurityGroupsTestJSON:test_server_security_groups): 200 GET http://10.180.1.21/compute/v2.1/servers/49566846-066b-4f90-943a-ea361ec84372 0.145s
2024-12-11 06:48:49.789 65551 INFO tempest.common.waiters [-] State transition "BUILD/networking" ==> "BUILD/spawning" after 39 second wait
2024-12-11 06:48:49.830 65499 INFO tempest.lib.common.rest_client [req-d01d2998-0158-44da-a558-ac10727f92d6 req-d01d2998-0158-44da-a558-ac10727f92d6 ] Request (ServersAdminNegativeTestJSON:tearDownClass): 200 GET http://10.180.1.21/compute/v2.1/servers/a1229956-0060-4733-a867-328d2743a52a 0.119s
2024-12-11 06:48:49.837 65513 INFO tempest.lib.common.rest_client [req-96e7f313-706a-4de0-b80b-2a8578601e32 req-96e7f313-706a-4de0-b80b-2a8578601e32 ] Request (ServersTestMultiNic:_run_cleanups): 200 GET http://10.180.1.21/compute/v2.1/servers/54597d04-507f-40f9-9edb-5cf963a66744 0.113s
2024-12-11 06:48:49.874 65505 INFO tempest.lib.common.rest_client [req-b36f5013-a6a2-4210-97ab-c60b142e8e26 req-b36f5013-a6a2-4210-97ab-c60b142e8e26 ] Request (ListServerFiltersTestJSON:setUpClass): 200 GET http://10.180.1.21/compute/v2.1/servers/b3ba6417-e310-43ba-b871-c42d70dc2a8a 0.106s
2024-12-11 06:48:49.878 65501 INFO tempest.lib.common.rest_client [req-7e8e3e88-5747-4639-ad7a-83d1ce581f73 req-7e8e3e88-5747-4639-ad7a-83d1ce581f73 ] Request (ServersAdminTestJSON:setUpClass): 200 GET http://10.180.1.21/compute/v2.1/servers/3c6f3f67-5b58-488b-b595-ede8ca31d774 0.109s
2024-12-11 06:48:49.926 65523 INFO tempest.lib.common.rest_client [req-aceb868d-ea59-4cd0-855f-94a989002184 req-aceb868d-ea59-4cd0-855f-94a989002184 ] Request (ServerExternalEventsTest:tearDownClass): 200 GET http://10.180.1.21/compute/v2.1/servers/fb582c66-361d-4cf3-ac62-9f071db0f9b5 0.100s
2024-12-11 06:48:49.933 65519 INFO tempest.lib.common.rest_client [req-01391a92-577d-438d-84b7-e6447b1a7dc7 req-01391a92-577d-438d-84b7-e6447b1a7dc7 ] Request (AttachInterfacesUnderV243Test:test_add_remove_fixed_ip): 200 GET http://10.180.1.21/compute/v2.1/servers/5bdd7b6b-01cc-48fa-af06-c3be62595d2d 0.096s
2024-12-11 06:48:49.975 65533 INFO tempest.lib.common.rest_client [req-815f3afe-6cae-43cc-8d2a-0b88389b54fc req-815f3afe-6cae-43cc-8d2a-0b88389b54fc ] Request (ImagesOneServerTestJSON:tearDownClass): 200 GET http://10.180.1.21/compute/v2.1/servers/4d25227b-f598-4ab7-84ad-de27ba786c75 0.075s
2024-12-11 06:48:50.033 65497 INFO tempest.lib.common.rest_client [req-49ab3efc-db96-434d-8f88-a868fc8f726d req-49ab3efc-db96-434d-8f88-a868fc8f726d ] Request (MigrationsAdminTest:test_resize_server_revert_deleted_flavor): 200 GET http://10.180.1.21/compute/v2.1/servers/0aaf6359-b604-4287-95a8-307487445ed0 0.046s
2024-12-11 06:48:50.101 65535 INFO tempest.lib.common.rest_client [req-cfd6ee5e-db04-4507-8225-4b7a34ef2b5f req-cfd6ee5e-db04-4507-8225-4b7a34ef2b5f ] Request (FloatingIPsAssociationTestJSON:test_associate_already_associated_floating_ip): 200 GET http://10.180.1.21/compute/v2.1/servers/82cc32c8-dc55-404c-9fb8-14ef9e167d01 0.047s
2024-12-11 06:48:50.147 65507 INFO tempest.lib.common.rest_client [req-86cbe472-4af9-4db4-b90f-c864ac259e1c req-86cbe472-4af9-4db4-b90f-c864ac259e1c ] Request (ServerActionsTestOtherB:setUpClass): 200 GET http://10.180.1.21/compute/v2.1/servers/f9afeb1e-7c71-4a05-ae6c-f5c19d051047 0.052s
2024-12-11 06:48:50.249 65525 INFO tempest.lib.common.rest_client [req-d91749d4-3d27-4a6e-9d76-18f66b367449 req-d91749d4-3d27-4a6e-9d76-18f66b367449 ] Request (ServerDiskConfigTestJSON:test_rebuild_server_with_auto_disk_config): 200 GET http://10.180.1.21/compute/v2.1/servers/f600897a-1210-4b24-8dd6-42328e3cf334 0.133s
2024-12-11 06:48:50.307 65553 INFO tempest.lib.common.rest_client [req-e5c97652-80b8-44df-8df9-7e9193e7a17d req-e5c97652-80b8-44df-8df9-7e9193e7a17d ] Request (TenantUsagesTestJSON:tearDownClass): 200 GET http://10.180.1.21/compute/v2.1/servers/e8ea89e8-dac2-4f8e-a816-1a16b98572ce 0.054s
2024-12-11 06:48:50.354 65555 INFO tempest.lib.common.rest_client [req-6cd5f667-6d7e-4b17-af0c-380ae8081f6a req-6cd5f667-6d7e-4b17-af0c-380ae8081f6a ] Request (ServersTestBootFromVolume:setUpClass): 200 GET http://10.180.1.21/compute/v2.1/servers/c167bc52-b0fc-4c8c-a126-ad6c10181452 0.047s
2024-12-11 06:48:50.356 65515 INFO tempest.lib.common.rest_client [req-b796e674-a44b-413f-b645-f347fd1d047f req-b796e674-a44b-413f-b645-f347fd1d047f ] Request (ServersTestManualDisk:setUpClass): 200 GET http://10.180.1.21/compute/v2.1/servers/846c8668-1a0f-40fa-88b9-4c1237ca4665 0.096s
2024-12-11 06:48:50.418 65547 INFO tempest.lib.common.rest_client [req-66696009-0f4c-4b5c-9b37-7e3851ec5863 req-66696009-0f4c-4b5c-9b37-7e3851ec5863 ] Request (ServerRescueNegativeTestJSON:setUpClass): 200 GET http://10.180.1.21/compute/v2.1/servers/e43a80bc-d270-456c-853b-fb8e25ad0407 0.046s
2024-12-11 06:48:50.568 65529 INFO tempest.lib.common.rest_client [req-568c752b-bff4-4499-adf6-73ee85503d76 req-568c752b-bff4-4499-adf6-73ee85503d76 ] Request (InstanceActionsV221TestJSON:test_get_list_deleted_instance_actions): 200 GET http://10.180.1.21/compute/v2.1/servers/570807e4-c8a6-4ad0-89b0-4d71087a065c 0.085s
2024-12-11 06:48:50.651 65503 INFO tempest.lib.common.rest_client [req-d630d614-0ef6-4a1e-9350-35223a286f03 req-d630d614-0ef6-4a1e-9350-35223a286f03 ] Request (DeleteServersAdminTestJSON:test_delete_server_while_in_error_state): 200 GET http://10.180.1.21/compute/v2.1/servers/6bc18727-f8ab-4a49-9edb-05c937f97edb 0.065s
2024-12-11 06:48:50.702 65531 INFO tempest.lib.common.rest_client [req-323b0fad-0131-42c9-a217-f442287608ec req-323b0fad-0131-42c9-a217-f442287608ec ] Request (ImagesNegativeTestJSON:test_create_image_from_deleted_server): 200 GET http://10.180.1.21/compute/v2.1/servers/9339be5b-5433-4ff5-9228-c46e8e6030e3 0.072s
2024-12-11 06:48:50.845 65511 INFO tempest.lib.common.rest_client [req-53613a02-a02b-4894-b522-93d2c5a368d2 req-53613a02-a02b-4894-b522-93d2c5a368d2 ] Request (ListImageFiltersTestJSON:setUpClass): 200 GET http://10.180.1.21/compute/v2.1/servers/1adf1997-5c2a-4c8d-99de-68e74deec1bd 0.110s
2024-12-11 06:48:50.846 65517 INFO tempest.lib.common.rest_client [req-94e0d05d-b039-447a-b996-e74b36676ba9 req-94e0d05d-b039-447a-b996-e74b36676ba9 ] Request (ImagesOneServerNegativeTestJSON:_run_cleanups): 200 GET http://10.180.1.21/compute/v2.1/servers/7e7ab6b7-809d-4030-b1d4-7e3997b4e20c 0.066s
2024-12-11 06:48:50.852 65511 INFO tempest.common.waiters [-] State transition "ACTIVE/image_uploading" ==> "ACTIVE/None" after 2 second wait
2024-12-11 06:48:50.900 65499 INFO tempest.lib.common.rest_client [req-a7148478-c95d-4bf6-a4d5-9a2daa892990 req-a7148478-c95d-4bf6-a4d5-9a2daa892990 ] Request (ServersAdminNegativeTestJSON:tearDownClass): 200 GET http://10.180.1.21/compute/v2.1/servers/a1229956-0060-4733-a867-328d2743a52a 0.063s
2024-12-11 06:48:50.948 65513 INFO tempest.lib.common.rest_client [req-2faeb923-5c73-4d99-b253-31c3ea9dcd5c req-2faeb923-5c73-4d99-b253-31c3ea9dcd5c ] Request (ServersTestMultiNic:_run_cleanups): 200 GET http://10.180.1.21/compute/v2.1/servers/54597d04-507f-40f9-9edb-5cf963a66744 0.104s
2024-12-11 06:48:50.961 65551 INFO tempest.lib.common.rest_client [req-101dbec9-d8ad-4e40-b7a1-28151d88958d req-101dbec9-d8ad-4e40-b7a1-28151d88958d ] Request (SecurityGroupsTestJSON:test_server_security_groups): 200 GET http://10.180.1.21/compute/v2.1/servers/49566846-066b-4f90-943a-ea361ec84372 0.171s
2024-12-11 06:48:51.003 65505 INFO tempest.lib.common.rest_client [req-f827da5e-2d92-484d-aa65-a0cbb784039b req-f827da5e-2d92-484d-aa65-a0cbb784039b ] Request (ListServerFiltersTestJSON:setUpClass): 200 GET http://10.180.1.21/compute/v2.1/servers/b3ba6417-e310-43ba-b871-c42d70dc2a8a 0.122s
2024-12-11 06:48:51.047 65501 INFO tempest.lib.common.rest_client [req-2d6b01ae-a579-4627-bdeb-bc2ed20b081b req-2d6b01ae-a579-4627-bdeb-bc2ed20b081b ] Request (ServersAdminTestJSON:setUpClass): 200 GET http://10.180.1.21/compute/v2.1/servers/3c6f3f67-5b58-488b-b595-ede8ca31d774 0.161s
2024-12-11 06:48:51.096 65523 INFO tempest.lib.common.rest_client [req-f95e16f6-b477-4bd6-b063-c6e899893a22 req-f95e16f6-b477-4bd6-b063-c6e899893a22 ] Request (ServerExternalEventsTest:tearDownClass): 200 GET http://10.180.1.21/compute/v2.1/servers/fb582c66-361d-4cf3-ac62-9f071db0f9b5 0.163s
2024-12-11 06:48:51.142 65519 INFO tempest.lib.common.rest_client [req-4f8a1d66-03ee-4f2a-b1dd-45aa8521099e req-4f8a1d66-03ee-4f2a-b1dd-45aa8521099e ] Request (AttachInterfacesUnderV243Test:test_add_remove_fixed_ip): 200 GET http://10.180.1.21/compute/v2.1/servers/5bdd7b6b-01cc-48fa-af06-c3be62595d2d 0.203s
2024-12-11 06:48:51.194 65533 INFO tempest.lib.common.rest_client [req-3f76de01-cbb8-46bc-8cc7-6fbfd86790c1 req-3f76de01-cbb8-46bc-8cc7-6fbfd86790c1 ] Request (ImagesOneServerTestJSON:tearDownClass): 200 GET http://10.180.1.21/compute/v2.1/servers/4d25227b-f598-4ab7-84ad-de27ba786c75 0.212s
2024-12-11 06:48:51.238 65497 INFO tempest.lib.common.rest_client [req-38353d2e-d52d-48ca-a0f7-9e5f7f6d9395 req-38353d2e-d52d-48ca-a0f7-9e5f7f6d9395 ] Request (MigrationsAdminTest:test_resize_server_revert_deleted_flavor): 200 GET http://10.180.1.21/compute/v2.1/servers/0aaf6359-b604-4287-95a8-307487445ed0 0.198s
2024-12-11 06:48:51.280 65535 INFO tempest.lib.common.rest_client [req-e288776a-eaf4-419b-8ed5-eb32155aa715 req-e288776a-eaf4-419b-8ed5-eb32155aa715 ] Request (FloatingIPsAssociationTestJSON:test_associate_already_associated_floating_ip): 200 GET http://10.180.1.21/compute/v2.1/servers/82cc32c8-dc55-404c-9fb8-14ef9e167d01 0.172s
2024-12-11 06:48:51.324 65507 INFO tempest.lib.common.rest_client [req-a4760083-3665-46bb-a944-f8c9d7d0f0be req-a4760083-3665-46bb-a944-f8c9d7d0f0be ] Request (ServerActionsTestOtherB:setUpClass): 200 GET http://10.180.1.21/compute/v2.1/servers/f9afeb1e-7c71-4a05-ae6c-f5c19d051047 0.170s
2024-12-11 06:48:51.333 65511 INFO tempest.lib.common.rest_client [req-4d735802-723f-4be0-8369-df5c6fcc1ec0 req-4d735802-723f-4be0-8369-df5c6fcc1ec0 ] Request (ListImageFiltersTestJSON:setUpClass): 202 POST http://10.180.1.21/compute/v2.1/servers/32e6f203-da45-4d23-b78f-e04a7b661962/action 0.480s
2024-12-11 06:48:51.386 65553 INFO tempest.lib.common.rest_client [req-fc630964-4d1a-48f8-b66a-9b60909fb62f req-fc630964-4d1a-48f8-b66a-9b60909fb62f ] Request (TenantUsagesTestJSON:tearDownClass): 200 GET http://10.180.1.21/compute/v2.1/servers/e8ea89e8-dac2-4f8e-a816-1a16b98572ce 0.072s
2024-12-11 06:48:51.413 65511 INFO tempest.lib.common.rest_client [req-1f4024f3-fe7d-4c01-af8c-a0771c6b6aeb req-1f4024f3-fe7d-4c01-af8c-a0771c6b6aeb ] Request (ListImageFiltersTestJSON:setUpClass): 200 GET http://10.180.1.21/compute/v2.1/images/dba4687b-2dfc-4fa4-8add-7885c503634c 0.079s
2024-12-11 06:48:51.418 65525 INFO tempest.lib.common.rest_client [req-fb6c3c31-167d-4a30-acbf-312c782557d6 req-fb6c3c31-167d-4a30-acbf-312c782557d6 ] Request (ServerDiskConfigTestJSON:test_rebuild_server_with_auto_disk_config): 200 GET http://10.180.1.21/compute/v2.1/servers/f600897a-1210-4b24-8dd6-42328e3cf334 0.161s
2024-12-11 06:48:51.468 65555 INFO tempest.lib.common.rest_client [req-dd761316-af85-4193-b213-9be9e0dc43e4 req-dd761316-af85-4193-b213-9be9e0dc43e4 ] Request (ServersTestBootFromVolume:setUpClass): 200 GET http://10.180.1.21/compute/v2.1/servers/c167bc52-b0fc-4c8c-a126-ad6c10181452 0.107s
2024-12-11 06:48:51.505 65515 INFO tempest.lib.common.rest_client [req-2222a0e0-cbb0-487a-aba4-67b3010b158b req-2222a0e0-cbb0-487a-aba4-67b3010b158b ] Request (ServersTestManualDisk:setUpClass): 200 GET http://10.180.1.21/compute/v2.1/servers/846c8668-1a0f-40fa-88b9-4c1237ca4665 0.141s
2024-12-11 06:48:51.517 65547 INFO tempest.lib.common.rest_client [req-8075d0f6-2a9f-4195-8d52-d41960ca5fed req-8075d0f6-2a9f-4195-8d52-d41960ca5fed ] Request (ServerRescueNegativeTestJSON:setUpClass): 200 GET http://10.180.1.21/compute/v2.1/servers/e43a80bc-d270-456c-853b-fb8e25ad0407 0.092s
2024-12-11 06:48:51.630 65529 INFO tempest.lib.common.rest_client [req-98caddfc-a802-4ba4-9575-c3682da5cd3f req-98caddfc-a802-4ba4-9575-c3682da5cd3f ] Request (InstanceActionsV221TestJSON:test_get_list_deleted_instance_actions): 200 GET http://10.180.1.21/compute/v2.1/servers/570807e4-c8a6-4ad0-89b0-4d71087a065c 0.051s
2024-12-11 06:48:51.718 65503 INFO tempest.lib.common.rest_client [req-0bab3a98-7d79-4886-880f-97a89915546d req-0bab3a98-7d79-4886-880f-97a89915546d ] Request (DeleteServersAdminTestJSON:test_delete_server_while_in_error_state): 200 GET http://10.180.1.21/compute/v2.1/servers/6bc18727-f8ab-4a49-9edb-05c937f97edb 0.060s
2024-12-11 06:48:51.764 65531 INFO tempest.lib.common.rest_client [req-df9b1b3e-b3ed-4eca-a28c-c586f70d01a2 req-df9b1b3e-b3ed-4eca-a28c-c586f70d01a2 ] Request (ImagesNegativeTestJSON:test_create_image_from_deleted_server): 200 GET http://10.180.1.21/compute/v2.1/servers/9339be5b-5433-4ff5-9228-c46e8e6030e3 0.054s
2024-12-11 06:48:51.911 65517 INFO tempest.lib.common.rest_client [req-929ead02-8a7d-4779-acd0-395aade45fe1 req-929ead02-8a7d-4779-acd0-395aade45fe1 ] Request (ImagesOneServerNegativeTestJSON:_run_cleanups): 200 GET http://10.180.1.21/compute/v2.1/servers/7e7ab6b7-809d-4030-b1d4-7e3997b4e20c 0.058s
2024-12-11 06:48:51.929 65543 WARNING tempest.lib.common.ssh [-] Failed to establish authenticated ssh connection to cirros@10.180.180.139 ([Errno None] Unable to connect to port 22 on 10.180.180.139). Number attempts: 1. Retry after 2 seconds.: paramiko.ssh_exception.NoValidConnectionsError: [Errno None] Unable to connect to port 22 on 10.180.180.139
2024-12-11 06:48:51.966 65499 INFO tempest.lib.common.rest_client [req-9b19cedb-7199-4033-a5b8-1140c34c699b req-9b19cedb-7199-4033-a5b8-1140c34c699b ] Request (ServersAdminNegativeTestJSON:tearDownClass): 200 GET http://10.180.1.21/compute/v2.1/servers/a1229956-0060-4733-a867-328d2743a52a 0.059s
2024-12-11 06:48:52.009 65513 INFO tempest.lib.common.rest_client [req-f0d1b2b2-bccd-4d51-968b-463628753ecf req-f0d1b2b2-bccd-4d51-968b-463628753ecf ] Request (ServersTestMultiNic:_run_cleanups): 200 GET http://10.180.1.21/compute/v2.1/servers/54597d04-507f-40f9-9edb-5cf963a66744 0.054s
2024-12-11 06:48:52.055 65505 INFO tempest.lib.common.rest_client [req-0e1fd0e9-983a-46fb-94bb-8216e7bfd25c req-0e1fd0e9-983a-46fb-94bb-8216e7bfd25c ] Request (ListServerFiltersTestJSON:setUpClass): 200 GET http://10.180.1.21/compute/v2.1/servers/b3ba6417-e310-43ba-b871-c42d70dc2a8a 0.045s
2024-12-11 06:48:52.057 65557 WARNING tempest.lib.common.ssh [-] Failed to establish authenticated ssh connection to cirros@10.180.180.160 ([Errno None] Unable to connect to port 22 on 10.180.180.160). Number attempts: 2. Retry after 3 seconds.: paramiko.ssh_exception.NoValidConnectionsError: [Errno None] Unable to connect to port 22 on 10.180.180.160
2024-12-11 06:48:52.090 65551 INFO tempest.lib.common.rest_client [req-57754ae3-7aa6-4de5-8349-f2a786473e78 req-57754ae3-7aa6-4de5-8349-f2a786473e78 ] Request (SecurityGroupsTestJSON:test_server_security_groups): 200 GET http://10.180.1.21/compute/v2.1/servers/49566846-066b-4f90-943a-ea361ec84372 0.122s
2024-12-11 06:48:52.114 65501 INFO tempest.lib.common.rest_client [req-6a98eeeb-f6c6-4423-b6b9-511d41f9c0a8 req-6a98eeeb-f6c6-4423-b6b9-511d41f9c0a8 ] Request (ServersAdminTestJSON:setUpClass): 200 GET http://10.180.1.21/compute/v2.1/servers/3c6f3f67-5b58-488b-b595-ede8ca31d774 0.060s
2024-12-11 06:48:52.160 65523 INFO tempest.lib.common.rest_client [req-a4ed1938-7606-4b41-8817-095cc0f3fcd2 req-a4ed1938-7606-4b41-8817-095cc0f3fcd2 ] Request (ServerExternalEventsTest:tearDownClass): 200 GET http://10.180.1.21/compute/v2.1/servers/fb582c66-361d-4cf3-ac62-9f071db0f9b5 0.057s
2024-12-11 06:48:52.203 65519 INFO tempest.lib.common.rest_client [req-0510c7f6-c659-4d19-be1f-1315e4f1d60a req-0510c7f6-c659-4d19-be1f-1315e4f1d60a ] Request (AttachInterfacesUnderV243Test:test_add_remove_fixed_ip): 200 GET http://10.180.1.21/compute/v2.1/servers/5bdd7b6b-01cc-48fa-af06-c3be62595d2d 0.052s
2024-12-11 06:48:52.259 65533 INFO tempest.lib.common.rest_client [req-4f09f95c-e1e8-4b94-bd7e-26d233214384 req-4f09f95c-e1e8-4b94-bd7e-26d233214384 ] Request (ImagesOneServerTestJSON:tearDownClass): 200 GET http://10.180.1.21/compute/v2.1/servers/4d25227b-f598-4ab7-84ad-de27ba786c75 0.058s
2024-12-11 06:48:52.292 65497 INFO tempest.lib.common.rest_client [req-155c8488-e2fb-4ed2-a24d-fccce958bae7 req-155c8488-e2fb-4ed2-a24d-fccce958bae7 ] Request (MigrationsAdminTest:test_resize_server_revert_deleted_flavor): 200 GET http://10.180.1.21/compute/v2.1/servers/0aaf6359-b604-4287-95a8-307487445ed0 0.047s
2024-12-11 06:48:52.333 65535 INFO tempest.lib.common.rest_client [req-455b839c-445a-4645-96cb-f405815ba5aa req-455b839c-445a-4645-96cb-f405815ba5aa ] Request (FloatingIPsAssociationTestJSON:test_associate_already_associated_floating_ip): 200 GET http://10.180.1.21/compute/v2.1/servers/82cc32c8-dc55-404c-9fb8-14ef9e167d01 0.045s
2024-12-11 06:48:52.377 65507 INFO tempest.lib.common.rest_client [req-b858b014-5546-4182-9107-d64c96de63cb req-b858b014-5546-4182-9107-d64c96de63cb ] Request (ServerActionsTestOtherB:setUpClass): 200 GET http://10.180.1.21/compute/v2.1/servers/f9afeb1e-7c71-4a05-ae6c-f5c19d051047 0.047s
2024-12-11 06:48:52.445 65553 INFO tempest.lib.common.rest_client [req-ef251b5b-7dba-4b56-bf9b-057535ad4f07 req-ef251b5b-7dba-4b56-bf9b-057535ad4f07 ] Request (TenantUsagesTestJSON:tearDownClass): 200 GET http://10.180.1.21/compute/v2.1/servers/e8ea89e8-dac2-4f8e-a816-1a16b98572ce 0.052s
2024-12-11 06:48:52.454 65511 INFO tempest.lib.common.rest_client [req-4503885c-0722-4cd9-8569-41865413cde2 req-4503885c-0722-4cd9-8569-41865413cde2 ] Request (ListImageFiltersTestJSON:setUpClass): 200 GET http://10.180.1.21/compute/v2.1/images/dba4687b-2dfc-4fa4-8add-7885c503634c 0.037s
2024-12-11 06:48:52.524 65555 INFO tempest.lib.common.rest_client [req-41bbff6e-6991-4244-94c4-6d8a513e2018 req-41bbff6e-6991-4244-94c4-6d8a513e2018 ] Request (ServersTestBootFromVolume:setUpClass): 200 GET http://10.180.1.21/compute/v2.1/servers/c167bc52-b0fc-4c8c-a126-ad6c10181452 0.049s
2024-12-11 06:48:52.534 65525 INFO tempest.lib.common.rest_client [req-0cff7845-6751-4a91-8b6d-35accd2df35d req-0cff7845-6751-4a91-8b6d-35accd2df35d ] Request (ServerDiskConfigTestJSON:test_rebuild_server_with_auto_disk_config): 200 GET http://10.180.1.21/compute/v2.1/servers/f600897a-1210-4b24-8dd6-42328e3cf334 0.102s
2024-12-11 06:48:52.582 65547 INFO tempest.lib.common.rest_client [req-be01bf50-4236-4048-a590-e6be9f46b9c1 req-be01bf50-4236-4048-a590-e6be9f46b9c1 ] Request (ServerRescueNegativeTestJSON:setUpClass): 200 GET http://10.180.1.21/compute/v2.1/servers/e43a80bc-d270-456c-853b-fb8e25ad0407 0.058s
2024-12-11 06:48:52.623 65515 INFO tempest.lib.common.rest_client [req-0534b6f1-1ac4-44c8-8e3f-15982ab11592 req-0534b6f1-1ac4-44c8-8e3f-15982ab11592 ] Request (ServersTestManualDisk:setUpClass): 200 GET http://10.180.1.21/compute/v2.1/servers/846c8668-1a0f-40fa-88b9-4c1237ca4665 0.111s
2024-12-11 06:48:52.700 65529 INFO tempest.lib.common.rest_client [req-937a1435-50a3-48a1-8cd2-cf389bf6cadc req-937a1435-50a3-48a1-8cd2-cf389bf6cadc ] Request (InstanceActionsV221TestJSON:test_get_list_deleted_instance_actions): 200 GET http://10.180.1.21/compute/v2.1/servers/570807e4-c8a6-4ad0-89b0-4d71087a065c 0.063s
2024-12-11 06:48:52.797 65503 INFO tempest.lib.common.rest_client [req-075f3303-1fc5-4bc8-bf33-4888c62faabf req-075f3303-1fc5-4bc8-bf33-4888c62faabf ] Request (DeleteServersAdminTestJSON:test_delete_server_while_in_error_state): 200 GET http://10.180.1.21/compute/v2.1/servers/6bc18727-f8ab-4a49-9edb-05c937f97edb 0.072s
2024-12-11 06:48:52.824 65541 WARNING tempest.lib.common.ssh [-] Failed to establish authenticated ssh connection to cirros@10.180.180.221 ([Errno None] Unable to connect to port 22 on 10.180.180.221). Number attempts: 9. Retry after 10 seconds.: paramiko.ssh_exception.NoValidConnectionsError: [Errno None] Unable to connect to port 22 on 10.180.180.221
2024-12-11 06:48:52.927 65531 INFO tempest.lib.common.rest_client [req-861c61ef-016e-4f33-846d-37a990216a7e req-861c61ef-016e-4f33-846d-37a990216a7e ] Request (ImagesNegativeTestJSON:test_create_image_from_deleted_server): 200 GET http://10.180.1.21/compute/v2.1/servers/9339be5b-5433-4ff5-9228-c46e8e6030e3 0.155s
2024-12-11 06:48:52.967 65517 INFO tempest.lib.common.rest_client [req-8ba879e1-cbb8-4740-87d2-e94a17249316 req-8ba879e1-cbb8-4740-87d2-e94a17249316 ] Request (ImagesOneServerNegativeTestJSON:_run_cleanups): 200 GET http://10.180.1.21/compute/v2.1/servers/7e7ab6b7-809d-4030-b1d4-7e3997b4e20c 0.049s
2024-12-11 06:48:53.031 65499 INFO tempest.lib.common.rest_client [req-6c89b23a-74ac-413b-894e-f28bb2f709d9 req-6c89b23a-74ac-413b-894e-f28bb2f709d9 ] Request (ServersAdminNegativeTestJSON:tearDownClass): 200 GET http://10.180.1.21/compute/v2.1/servers/a1229956-0060-4733-a867-328d2743a52a 0.058s
2024-12-11 06:48:53.073 65513 INFO tempest.lib.common.rest_client [req-375af524-686c-4487-9e0a-a6de793c8292 req-375af524-686c-4487-9e0a-a6de793c8292 ] Request (ServersTestMultiNic:_run_cleanups): 200 GET http://10.180.1.21/compute/v2.1/servers/54597d04-507f-40f9-9edb-5cf963a66744 0.056s
2024-12-11 06:48:53.132 65505 INFO tempest.lib.common.rest_client [req-00f116b0-57e0-4baa-a4d5-57430995acbe req-00f116b0-57e0-4baa-a4d5-57430995acbe ] Request (ListServerFiltersTestJSON:setUpClass): 200 GET http://10.180.1.21/compute/v2.1/servers/b3ba6417-e310-43ba-b871-c42d70dc2a8a 0.070s
2024-12-11 06:48:53.192 65501 INFO tempest.lib.common.rest_client [req-2be8d219-9af1-4eaf-aab6-50cc8df0cb14 req-2be8d219-9af1-4eaf-aab6-50cc8df0cb14 ] Request (ServersAdminTestJSON:setUpClass): 200 GET http://10.180.1.21/compute/v2.1/servers/3c6f3f67-5b58-488b-b595-ede8ca31d774 0.066s
2024-12-11 06:48:53.224 65551 INFO tempest.lib.common.rest_client [req-fd20b847-70e0-4076-a6e7-b70665fac50f req-fd20b847-70e0-4076-a6e7-b70665fac50f ] Request (SecurityGroupsTestJSON:test_server_security_groups): 200 GET http://10.180.1.21/compute/v2.1/servers/49566846-066b-4f90-943a-ea361ec84372 0.125s
2024-12-11 06:48:53.248 65523 INFO tempest.lib.common.rest_client [req-39cf4ac2-b080-4fae-a746-9419c4f27915 req-39cf4ac2-b080-4fae-a746-9419c4f27915 ] Request (ServerExternalEventsTest:tearDownClass): 200 GET http://10.180.1.21/compute/v2.1/servers/fb582c66-361d-4cf3-ac62-9f071db0f9b5 0.078s
2024-12-11 06:48:53.276 65519 INFO tempest.lib.common.rest_client [req-9ab352f6-c4a5-4fe4-bfe2-c86c971eaffd req-9ab352f6-c4a5-4fe4-bfe2-c86c971eaffd ] Request (AttachInterfacesUnderV243Test:test_add_remove_fixed_ip): 200 GET http://10.180.1.21/compute/v2.1/servers/5bdd7b6b-01cc-48fa-af06-c3be62595d2d 0.064s
2024-12-11 06:48:53.344 65533 INFO tempest.lib.common.rest_client [req-269cd1ff-cbf8-4268-9e11-76f2497baf5d req-269cd1ff-cbf8-4268-9e11-76f2497baf5d ] Request (ImagesOneServerTestJSON:tearDownClass): 200 GET http://10.180.1.21/compute/v2.1/servers/4d25227b-f598-4ab7-84ad-de27ba786c75 0.077s
2024-12-11 06:48:53.356 65497 INFO tempest.lib.common.rest_client [req-2e9b4be8-d3be-42da-b4cc-f49764d53a22 req-2e9b4be8-d3be-42da-b4cc-f49764d53a22 ] Request (MigrationsAdminTest:test_resize_server_revert_deleted_flavor): 200 GET http://10.180.1.21/compute/v2.1/servers/0aaf6359-b604-4287-95a8-307487445ed0 0.053s
2024-12-11 06:48:53.394 65535 INFO tempest.lib.common.rest_client [req-e410dacc-155c-48c2-8b6d-93847edc5473 req-e410dacc-155c-48c2-8b6d-93847edc5473 ] Request (FloatingIPsAssociationTestJSON:test_associate_already_associated_floating_ip): 200 GET http://10.180.1.21/compute/v2.1/servers/82cc32c8-dc55-404c-9fb8-14ef9e167d01 0.053s
2024-12-11 06:48:53.439 65507 INFO tempest.lib.common.rest_client [req-a86bf26e-8d98-416d-897d-9c08a35d5caf req-a86bf26e-8d98-416d-897d-9c08a35d5caf ] Request (ServerActionsTestOtherB:setUpClass): 200 GET http://10.180.1.21/compute/v2.1/servers/f9afeb1e-7c71-4a05-ae6c-f5c19d051047 0.054s
2024-12-11 06:48:53.496 65511 INFO tempest.lib.common.rest_client [req-738c26a1-26c6-41a0-a95d-241bfd62a483 req-738c26a1-26c6-41a0-a95d-241bfd62a483 ] Request (ListImageFiltersTestJSON:setUpClass): 200 GET http://10.180.1.21/compute/v2.1/images/dba4687b-2dfc-4fa4-8add-7885c503634c 0.039s
2024-12-11 06:48:53.510 65553 INFO tempest.lib.common.rest_client [req-1fc3858d-b2c3-426d-8c7c-1f3a93158fbb req-1fc3858d-b2c3-426d-8c7c-1f3a93158fbb ] Request (TenantUsagesTestJSON:tearDownClass): 200 GET http://10.180.1.21/compute/v2.1/servers/e8ea89e8-dac2-4f8e-a816-1a16b98572ce 0.058s
2024-12-11 06:48:53.578 65555 INFO tempest.lib.common.rest_client [req-d6e8c320-c770-438c-9fcf-8bb188e72e30 req-d6e8c320-c770-438c-9fcf-8bb188e72e30 ] Request (ServersTestBootFromVolume:setUpClass): 200 GET http://10.180.1.21/compute/v2.1/servers/c167bc52-b0fc-4c8c-a126-ad6c10181452 0.047s
2024-12-11 06:48:53.632 65525 INFO tempest.lib.common.rest_client [req-0a57dc97-c522-4317-9dc5-9d1117a3efba req-0a57dc97-c522-4317-9dc5-9d1117a3efba ] Request (ServerDiskConfigTestJSON:test_rebuild_server_with_auto_disk_config): 200 GET http://10.180.1.21/compute/v2.1/servers/f600897a-1210-4b24-8dd6-42328e3cf334 0.091s
2024-12-11 06:48:53.634 65547 INFO tempest.lib.common.rest_client [req-1b227279-c538-4748-9605-b4b7c3a6edf5 req-1b227279-c538-4748-9605-b4b7c3a6edf5 ] Request (ServerRescueNegativeTestJSON:setUpClass): 200 GET http://10.180.1.21/compute/v2.1/servers/e43a80bc-d270-456c-853b-fb8e25ad0407 0.044s
2024-12-11 06:48:53.768 65529 INFO tempest.lib.common.rest_client [req-ee635edb-9ea5-4d90-8f90-ab126ff88346 req-ee635edb-9ea5-4d90-8f90-ab126ff88346 ] Request (InstanceActionsV221TestJSON:test_get_list_deleted_instance_actions): 200 GET http://10.180.1.21/compute/v2.1/servers/570807e4-c8a6-4ad0-89b0-4d71087a065c 0.059s
2024-12-11 06:48:53.810 65515 INFO tempest.lib.common.rest_client [req-ab05ee85-03d9-4717-bd3e-85a75cd0bc0f req-ab05ee85-03d9-4717-bd3e-85a75cd0bc0f ] Request (ServersTestManualDisk:setUpClass): 200 GET http://10.180.1.21/compute/v2.1/servers/846c8668-1a0f-40fa-88b9-4c1237ca4665 0.180s
2024-12-11 06:48:53.864 65503 INFO tempest.lib.common.rest_client [req-952fe75e-1a6d-4cd4-9b21-d9123c19de10 req-952fe75e-1a6d-4cd4-9b21-d9123c19de10 ] Request (DeleteServersAdminTestJSON:test_delete_server_while_in_error_state): 200 GET http://10.180.1.21/compute/v2.1/servers/6bc18727-f8ab-4a49-9edb-05c937f97edb 0.061s
2024-12-11 06:48:54.039 65517 INFO tempest.lib.common.rest_client [req-39c386f6-0ea5-4e72-a6f6-b05d85cafe93 req-39c386f6-0ea5-4e72-a6f6-b05d85cafe93 ] Request (ImagesOneServerNegativeTestJSON:_run_cleanups): 200 GET http://10.180.1.21/compute/v2.1/servers/7e7ab6b7-809d-4030-b1d4-7e3997b4e20c 0.064s
2024-12-11 06:48:54.101 65499 INFO tempest.lib.common.rest_client [req-b335e31b-cc98-40fc-8252-9c46cab491c5 req-b335e31b-cc98-40fc-8252-9c46cab491c5 ] Request (ServersAdminNegativeTestJSON:tearDownClass): 200 GET http://10.180.1.21/compute/v2.1/servers/a1229956-0060-4733-a867-328d2743a52a 0.061s
2024-12-11 06:48:54.159 65513 INFO tempest.lib.common.rest_client [req-92937cb1-6ef9-4ca3-af69-201a90e01463 req-92937cb1-6ef9-4ca3-af69-201a90e01463 ] Request (ServersTestMultiNic:_run_cleanups): 200 GET http://10.180.1.21/compute/v2.1/servers/54597d04-507f-40f9-9edb-5cf963a66744 0.079s
2024-12-11 06:48:54.212 65505 INFO tempest.lib.common.rest_client [req-6ad18cd1-93ce-4a83-b3c0-2f824276d516 req-6ad18cd1-93ce-4a83-b3c0-2f824276d516 ] Request (ListServerFiltersTestJSON:setUpClass): 200 GET http://10.180.1.21/compute/v2.1/servers/b3ba6417-e310-43ba-b871-c42d70dc2a8a 0.071s
2024-12-11 06:48:54.227 65531 INFO tempest.lib.common.rest_client [req-06be0f7d-e747-4959-ae0a-43fb6dce4396 req-06be0f7d-e747-4959-ae0a-43fb6dce4396 ] Request (ImagesNegativeTestJSON:test_create_image_from_deleted_server): 200 GET http://10.180.1.21/compute/v2.1/servers/9339be5b-5433-4ff5-9228-c46e8e6030e3 0.292s
2024-12-11 06:48:54.335 65551 INFO tempest.lib.common.rest_client [req-e4bc125e-a9dc-4cc3-a96b-ce589a2bbb1c req-e4bc125e-a9dc-4cc3-a96b-ce589a2bbb1c ] Request (SecurityGroupsTestJSON:test_server_security_groups): 200 GET http://10.180.1.21/compute/v2.1/servers/49566846-066b-4f90-943a-ea361ec84372 0.104s
2024-12-11 06:48:54.392 65523 INFO tempest.lib.common.rest_client [req-c0810835-5d22-411d-a89e-08c881d0785d req-c0810835-5d22-411d-a89e-08c881d0785d ] Request (ServerExternalEventsTest:tearDownClass): 200 GET http://10.180.1.21/compute/v2.1/servers/fb582c66-361d-4cf3-ac62-9f071db0f9b5 0.137s
2024-12-11 06:48:54.420 65501 INFO tempest.lib.common.rest_client [req-f5f5a736-bd4d-4811-aa7d-41f1889c6cbe req-f5f5a736-bd4d-4811-aa7d-41f1889c6cbe ] Request (ServersAdminTestJSON:setUpClass): 200 GET http://10.180.1.21/compute/v2.1/servers/3c6f3f67-5b58-488b-b595-ede8ca31d774 0.216s
2024-12-11 06:48:54.429 65501 INFO tempest.common.waiters [-] State transition "BUILD/None" ==> "BUILD/networking" after 41 second wait
2024-12-11 06:48:54.437 65519 INFO tempest.lib.common.rest_client [req-489c9c4d-df0f-474d-9195-9685f2709c56 req-489c9c4d-df0f-474d-9195-9685f2709c56 ] Request (AttachInterfacesUnderV243Test:test_add_remove_fixed_ip): 200 GET http://10.180.1.21/compute/v2.1/servers/5bdd7b6b-01cc-48fa-af06-c3be62595d2d 0.151s
2024-12-11 06:48:54.481 65533 INFO tempest.lib.common.rest_client [req-6a5f7e6d-385d-41f6-bb51-644c3d7f73f3 req-6a5f7e6d-385d-41f6-bb51-644c3d7f73f3 ] Request (ImagesOneServerTestJSON:tearDownClass): 200 GET http://10.180.1.21/compute/v2.1/servers/4d25227b-f598-4ab7-84ad-de27ba786c75 0.129s
2024-12-11 06:48:54.483 65497 INFO tempest.lib.common.rest_client [req-97853294-0c44-48bd-984a-e2e29579a78d req-97853294-0c44-48bd-984a-e2e29579a78d ] Request (MigrationsAdminTest:test_resize_server_revert_deleted_flavor): 200 GET http://10.180.1.21/compute/v2.1/servers/0aaf6359-b604-4287-95a8-307487445ed0 0.119s
2024-12-11 06:48:54.527 65507 INFO tempest.lib.common.rest_client [req-78ee3944-9da2-4108-a93a-78837b84e9a8 req-78ee3944-9da2-4108-a93a-78837b84e9a8 ] Request (ServerActionsTestOtherB:setUpClass): 200 GET http://10.180.1.21/compute/v2.1/servers/f9afeb1e-7c71-4a05-ae6c-f5c19d051047 0.081s
2024-12-11 06:48:54.533 65535 INFO tempest.lib.common.rest_client [req-5ec76e2a-79c0-4ca8-b9f6-8e140c355248 req-5ec76e2a-79c0-4ca8-b9f6-8e140c355248 ] Request (FloatingIPsAssociationTestJSON:test_associate_already_associated_floating_ip): 200 GET http://10.180.1.21/compute/v2.1/servers/82cc32c8-dc55-404c-9fb8-14ef9e167d01 0.127s
2024-12-11 06:48:54.563 65511 INFO tempest.lib.common.rest_client [req-6a3db8da-b832-46ed-bcc5-dc0707b796c0 req-6a3db8da-b832-46ed-bcc5-dc0707b796c0 ] Request (ListImageFiltersTestJSON:setUpClass): 200 GET http://10.180.1.21/compute/v2.1/images/dba4687b-2dfc-4fa4-8add-7885c503634c 0.062s
2024-12-11 06:48:54.585 65553 INFO tempest.lib.common.rest_client [req-9adb61ab-dea7-4c8f-8a38-c78d03151c12 req-9adb61ab-dea7-4c8f-8a38-c78d03151c12 ] Request (TenantUsagesTestJSON:tearDownClass): 200 GET http://10.180.1.21/compute/v2.1/servers/e8ea89e8-dac2-4f8e-a816-1a16b98572ce 0.067s
2024-12-11 06:48:54.630 65555 INFO tempest.lib.common.rest_client [req-e7adb674-3f65-4333-8977-b0d63d3944e9 req-e7adb674-3f65-4333-8977-b0d63d3944e9 ] Request (ServersTestBootFromVolume:setUpClass): 200 GET http://10.180.1.21/compute/v2.1/servers/c167bc52-b0fc-4c8c-a126-ad6c10181452 0.046s
2024-12-11 06:48:54.682 65547 INFO tempest.lib.common.rest_client [req-12dceeb0-9ee2-469f-82a8-a75a5f10722a req-12dceeb0-9ee2-469f-82a8-a75a5f10722a ] Request (ServerRescueNegativeTestJSON:setUpClass): 200 GET http://10.180.1.21/compute/v2.1/servers/e43a80bc-d270-456c-853b-fb8e25ad0407 0.042s
2024-12-11 06:48:54.731 65525 INFO tempest.lib.common.rest_client [req-1f32e687-04c3-4671-978b-3e4974f93923 req-1f32e687-04c3-4671-978b-3e4974f93923 ] Request (ServerDiskConfigTestJSON:test_rebuild_server_with_auto_disk_config): 200 GET http://10.180.1.21/compute/v2.1/servers/f600897a-1210-4b24-8dd6-42328e3cf334 0.092s
2024-12-11 06:48:54.737 65525 INFO tempest.common.waiters [-] State transition "REBUILD/rebuild_spawning" ==> "ACTIVE/None" after 10 second wait
2024-12-11 06:48:54.826 65529 INFO tempest.lib.common.rest_client [req-655204bb-eb84-4c14-9753-a7435e2f97b0 req-655204bb-eb84-4c14-9753-a7435e2f97b0 ] Request (InstanceActionsV221TestJSON:test_get_list_deleted_instance_actions): 200 GET http://10.180.1.21/compute/v2.1/servers/570807e4-c8a6-4ad0-89b0-4d71087a065c 0.050s
2024-12-11 06:48:54.872 65525 INFO tempest.lib.common.rest_client [req-c4e91429-1b15-4d85-96cf-faa47251153a req-c4e91429-1b15-4d85-96cf-faa47251153a ] Request (ServerDiskConfigTestJSON:test_rebuild_server_with_auto_disk_config): 200 GET http://10.180.1.21/compute/v2.1/servers/f600897a-1210-4b24-8dd6-42328e3cf334 0.135s
2024-12-11 06:48:54.913 65515 INFO tempest.lib.common.rest_client [req-081fad18-091a-4de6-97e1-8f8410e902ec req-081fad18-091a-4de6-97e1-8f8410e902ec ] Request (ServersTestManualDisk:setUpClass): 200 GET http://10.180.1.21/compute/v2.1/servers/846c8668-1a0f-40fa-88b9-4c1237ca4665 0.094s
2024-12-11 06:48:54.923 65503 INFO tempest.lib.common.rest_client [req-e8e5a24d-c65b-49fb-93fa-d8892a8b27d7 req-e8e5a24d-c65b-49fb-93fa-d8892a8b27d7 ] Request (DeleteServersAdminTestJSON:test_delete_server_while_in_error_state): 200 GET http://10.180.1.21/compute/v2.1/servers/6bc18727-f8ab-4a49-9edb-05c937f97edb 0.052s
2024-12-11 06:48:54.978 65525 INFO tempest.lib.common.rest_client [req-dea22934-0236-441f-b3cc-cbf51628c153 req-dea22934-0236-441f-b3cc-cbf51628c153 ] Request (ServerDiskConfigTestJSON:_run_cleanups): 204 DELETE http://10.180.1.21/compute/v2.1/servers/f600897a-1210-4b24-8dd6-42328e3cf334 0.096s
2024-12-11 06:48:55.000 65543 WARNING tempest.lib.common.ssh [-] Failed to establish authenticated ssh connection to cirros@10.180.180.139 ([Errno None] Unable to connect to port 22 on 10.180.180.139). Number attempts: 2. Retry after 3 seconds.: paramiko.ssh_exception.NoValidConnectionsError: [Errno None] Unable to connect to port 22 on 10.180.180.139
