2024-12-11 06:47:02.583 65521 INFO tempest.lib.common.dynamic_creds [-] Dynamic test user 12536c0e56294706ab297e7d635a9188 is created with scope project and roles: ['member']
2024-12-11 06:47:02.584 65521 INFO tempest.lib.common.dynamic_creds [-] Acquired dynamic creds: credentials: Credentials: {'domain_id': 'default', 'domain_name': 'Default', 'username': 'tempest-ImagesDeleteNegativeTestJSON-250955027-project-member', 'project_domain_id': 'default', 'project_domain_name': 'Default', 'project_id': 'ad31e6b38f704554879ae223e1bdcfe3', 'project_name': 'tempest-ImagesDeleteNegativeTestJSON-250955027', 'tenant_id': 'ad31e6b38f704554879ae223e1bdcfe3', 'tenant_name': 'tempest-ImagesDeleteNegativeTestJSON-250955027', 'user_domain_id': 'default', 'user_domain_name': 'Default', 'user_id': '12536c0e56294706ab297e7d635a9188', 'system': None}, Network: None, Subnet: None, Router: None
2024-12-11 06:47:02.584 65521 INFO tempest.lib.common.dynamic_creds [-] Created isolated network resources for: credentials: Credentials: {'domain_id': 'default', 'domain_name': 'Default', 'username': 'tempest-ImagesDeleteNegativeTestJSON-250955027-project-member', 'project_domain_id': 'default', 'project_domain_name': 'Default', 'project_id': 'ad31e6b38f704554879ae223e1bdcfe3', 'project_name': 'tempest-ImagesDeleteNegativeTestJSON-250955027', 'tenant_id': 'ad31e6b38f704554879ae223e1bdcfe3', 'tenant_name': 'tempest-ImagesDeleteNegativeTestJSON-250955027', 'user_domain_id': 'default', 'user_domain_name': 'Default', 'user_id': '12536c0e56294706ab297e7d635a9188', 'system': None}, Network: None, Subnet: None, Router: None
2024-12-11 06:47:02.603 65537 INFO tempest.lib.common.rest_client [req-47c13555-b067-4753-9a9b-874823b5f966 req-47c13555-b067-4753-9a9b-874823b5f966 ] Request (FlavorMetadataValidation:tearDownClass): 204 DELETE http://10.180.1.21:9696/networking/v2.0/security-groups/f8d62612-3e98-4b92-a169-cd0bb6e1e219 0.232s
2024-12-11 06:47:02.608 65559 INFO tempest.lib.common.rest_client [req-1b624f61-ce36-423f-896c-3f1875b4a5eb req-1b624f61-ce36-423f-896c-3f1875b4a5eb ] Request (FlavorsAccessNegativeTestJSON:_run_cleanups): 200 POST http://10.180.1.21/compute/v2.1/flavors/148600800/action 1.361s
2024-12-11 06:47:02.624 65545 INFO tempest.lib.common.rest_client [req-81d2d249-18b1-4a77-8e4b-b81078c009a1 req-81d2d249-18b1-4a77-8e4b-b81078c009a1 ] Request (KeyPairsV210TestJSON:test_admin_manage_keypairs_for_other_users): 200 GET http://10.180.1.21/compute/v2.1/os-keypairs?user_id=a7329cd0afb941dba513e12d1a655731 1.322s
2024-12-11 06:47:02.652 65515 INFO tempest.lib.common.rest_client [req-0ff77c36-3008-48d0-82fb-4c35fd10cea7 req-0ff77c36-3008-48d0-82fb-4c35fd10cea7 ] Request (QuotasAdminTestV236:tearDownClass): 201 POST http://10.180.1.21/identity/v3/auth/tokens 0.199s
2024-12-11 06:47:02.662 65551 INFO tempest.lib.common.rest_client [req-74ad2ac4-290f-4b95-8983-8e8f2d473524 req-74ad2ac4-290f-4b95-8983-8e8f2d473524 ] Request (FlavorsV261TestJSON:test_crud_flavor): 200 GET http://10.180.1.21/compute/v2.1/flavors 1.322s
2024-12-11 06:47:02.701 65517 INFO tempest.lib.common.rest_client [req-5b1bacc4-7488-414f-9ec2-7b08c28538e8 req-5b1bacc4-7488-414f-9ec2-7b08c28538e8 ] Request (FlavorsV255TestJSON:setUpClass): 204 PUT http://10.180.1.21/identity/v3/projects/9ad953c5909e42978ee987c4e7fa0a23/users/e61ecd3af35e41f9bd2bd0df44a68c1c/roles/3e9b16c0a76847d991da8f8d16654ea9 0.157s
2024-12-11 06:47:02.743 65529 INFO tempest.lib.common.rest_client [req-3f713014-f0b5-4455-9007-b554dabbdbb2 req-3f713014-f0b5-4455-9007-b554dabbdbb2 ] Request (HypervisorAdminUnderV252Test:tearDownClass): 204 DELETE http://10.180.1.21:9696/networking/v2.0/security-groups/775de2b6-0a98-42ce-8d0a-bdcff16d2807 0.242s
2024-12-11 06:47:02.769 65535 INFO tempest.lib.common.rest_client [req-be8e8301-ce79-4d8f-ad08-29b860ea6168 req-be8e8301-ce79-4d8f-ad08-29b860ea6168 ] Request (HypervisorAdminTestJSON:tearDownClass): 204 DELETE http://10.180.1.21/identity/v3/users/7ac2f0a6c75e4c3d89fa1439bac167a1 0.314s
2024-12-11 06:47:02.769 65535 INFO tempest.lib.common.dynamic_creds [-] Deleting project and security group for project: 45515630f70e4ea0aac19aa3a0d960ee
2024-12-11 06:47:02.819 65521 INFO tempest.lib.common.rest_client [req-5f8d5755-5e85-4d13-b11a-eb9cd59d2be6 req-5f8d5755-5e85-4d13-b11a-eb9cd59d2be6 ] Request (ImagesDeleteNegativeTestJSON:setUpClass): 201 POST http://10.180.1.21/identity/v3/auth/tokens 0.230s
2024-12-11 06:47:02.861 65537 INFO tempest.lib.common.rest_client [req-fa08f460-c677-4aed-a4e4-0bdec3bd278e req-fa08f460-c677-4aed-a4e4-0bdec3bd278e ] Request (FlavorMetadataValidation:tearDownClass): 204 DELETE http://10.180.1.21/identity/v3/projects/b9dd13d203ff4b4fb0302fbf0f96c9d5 0.257s
2024-12-11 06:47:02.861 65537 INFO tempest.lib.common.dynamic_creds [-] Deleting project and security group for project: 11f8181b75e14f25a9656a182621befe
2024-12-11 06:47:03.030 65547 INFO tempest.lib.common.rest_client [req-dd42a29b-98e7-4528-944c-16304be36b2d req-dd42a29b-98e7-4528-944c-16304be36b2d ] Request (FlavorsAdminTestJSON:test_create_flavor_using_string_ram): 200 POST http://10.180.1.21/compute/v2.1/flavors 1.617s
2024-12-11 06:47:03.041 65517 INFO tempest.lib.common.rest_client [req-28e9e8d1-9c25-4ab3-8757-d26842f14382 req-28e9e8d1-9c25-4ab3-8757-d26842f14382 ] Request (FlavorsV255TestJSON:setUpClass): 200 GET http://10.180.1.21/identity/v3/roles 0.339s
2024-12-11 06:47:03.076 65529 INFO tempest.lib.common.rest_client [req-8fe12b75-415e-4b93-8e02-0d1c0fab0925 req-8fe12b75-415e-4b93-8e02-0d1c0fab0925 ] Request (HypervisorAdminUnderV252Test:tearDownClass): 204 DELETE http://10.180.1.21/identity/v3/projects/2da549990a6d43f0a9293cacd3efb3fe 0.333s
2024-12-11 06:47:03.113 65497 INFO tempest.lib.common.rest_client [req-7e434f23-5338-4427-b33e-b37c829fe572 req-7e434f23-5338-4427-b33e-b37c829fe572 ] Request (MigrationsAdminTest:test_list_migrations_in_flavor_resize_situation): 200 GET http://10.180.1.21/compute/v2.1/servers/c4d31828-30cc-4251-9518-6bfa7e0277d3 1.541s
2024-12-11 06:47:03.131 65535 INFO tempest.lib.common.rest_client [req-d2bff741-8228-49a8-a74f-09407603270f req-d2bff741-8228-49a8-a74f-09407603270f ] Request (HypervisorAdminTestJSON:tearDownClass): 201 POST http://10.180.1.21/identity/v3/auth/tokens 0.362s
2024-12-11 06:47:03.142 65517 INFO tempest.lib.common.rest_client [req-74f395f3-76b3-4d52-b351-6f869ad39043 req-74f395f3-76b3-4d52-b351-6f869ad39043 ] Request (FlavorsV255TestJSON:setUpClass): 204 PUT http://10.180.1.21/identity/v3/projects/9ad953c5909e42978ee987c4e7fa0a23/users/e61ecd3af35e41f9bd2bd0df44a68c1c/roles/3e9b16c0a76847d991da8f8d16654ea9 0.097s
2024-12-11 06:47:03.143 65517 INFO tempest.lib.common.dynamic_creds [-] Dynamic test user e61ecd3af35e41f9bd2bd0df44a68c1c is created with scope project and roles: ['admin']
2024-12-11 06:47:03.143 65517 INFO tempest.lib.common.dynamic_creds [-] Acquired dynamic creds: credentials: Credentials: {'domain_id': 'default', 'domain_name': 'Default', 'username': 'tempest-FlavorsV255TestJSON-27486681-project-admin', 'project_domain_id': 'default', 'project_domain_name': 'Default', 'project_id': '9ad953c5909e42978ee987c4e7fa0a23', 'project_name': 'tempest-FlavorsV255TestJSON-27486681', 'tenant_id': '9ad953c5909e42978ee987c4e7fa0a23', 'tenant_name': 'tempest-FlavorsV255TestJSON-27486681', 'user_domain_id': 'default', 'user_domain_name': 'Default', 'user_id': 'e61ecd3af35e41f9bd2bd0df44a68c1c', 'system': None}, Network: None, Subnet: None, Router: None
2024-12-11 06:47:03.143 65517 INFO tempest.lib.common.dynamic_creds [-] Created isolated network resources for: credentials: Credentials: {'domain_id': 'default', 'domain_name': 'Default', 'username': 'tempest-FlavorsV255TestJSON-27486681-project-admin', 'project_domain_id': 'default', 'project_domain_name': 'Default', 'project_id': '9ad953c5909e42978ee987c4e7fa0a23', 'project_name': 'tempest-FlavorsV255TestJSON-27486681', 'tenant_id': '9ad953c5909e42978ee987c4e7fa0a23', 'tenant_name': 'tempest-FlavorsV255TestJSON-27486681', 'user_domain_id': 'default', 'user_domain_name': 'Default', 'user_id': 'e61ecd3af35e41f9bd2bd0df44a68c1c', 'system': None}, Network: None, Subnet: None, Router: None
2024-12-11 06:47:03.176 65537 INFO tempest.lib.common.rest_client [req-8908f348-1917-426b-87a5-04502d88ee86 req-8908f348-1917-426b-87a5-04502d88ee86 ] Request (FlavorMetadataValidation:tearDownClass): 200 GET http://10.180.1.21:9696/networking/v2.0/security-groups?tenant_id=11f8181b75e14f25a9656a182621befe&name=default 0.314s
2024-12-11 06:47:03.224 65529 INFO tempest.lib.common.rest_client [req-f11b7e46-bbfe-4836-97af-cb39d6927ecb req-f11b7e46-bbfe-4836-97af-cb39d6927ecb ] Request (KeyPairsNegativeTestJSON:setUpClass): 201 POST http://10.180.1.21/identity/v3/auth/tokens 0.146s
2024-12-11 06:47:03.232 65515 INFO tempest.lib.common.rest_client [req-d57a7965-9e69-4b4a-8484-c925d6d3c0ad req-d57a7965-9e69-4b4a-8484-c925d6d3c0ad ] Request (QuotasAdminTestV236:tearDownClass): 200 GET http://10.180.1.21:9696/networking/v2.0/security-groups?tenant_id=f3790342ce064273925eda60ac6b4884&name=default 0.580s
2024-12-11 06:47:03.233 65517 INFO tempest.lib.common.rest_client [req-86d5d394-f57c-4a9d-8973-0abff3797308 req-86d5d394-f57c-4a9d-8973-0abff3797308 ] Request (FlavorsV255TestJSON:setUpClass): 201 POST http://10.180.1.21/identity/v3/auth/tokens 0.086s
2024-12-11 06:47:03.259 65529 INFO tempest.lib.common.rest_client [req-03b9ba2f-761a-4f37-bff7-68e07b1daf27 req-03b9ba2f-761a-4f37-bff7-68e07b1daf27 ] Request (KeyPairsNegativeTestJSON:setUpClass): 201 POST http://10.180.1.21/identity/v3/auth/tokens 0.031s
2024-12-11 06:47:03.287 65529 INFO tempest.lib.common.rest_client [req-f430cad5-7a2b-459a-ac00-8fb53918f47b req-f430cad5-7a2b-459a-ac00-8fb53918f47b ] Request (KeyPairsNegativeTestJSON:setUpClass): 200 GET http://10.180.1.21/identity/v3/domains?name=Default 0.028s
2024-12-11 06:47:03.320 65529 INFO tempest.lib.common.rest_client [req-9f199b67-e354-4f13-be8c-55c0c0282f41 req-9f199b67-e354-4f13-be8c-55c0c0282f41 ] Request (KeyPairsNegativeTestJSON:setUpClass): 201 POST http://10.180.1.21/identity/v3/projects 0.031s
2024-12-11 06:47:03.367 65519 INFO tempest.lib.common.rest_client [req-2c8039b3-aba7-4c46-973a-2e7656f4d2d9 req-2c8039b3-aba7-4c46-973a-2e7656f4d2d9 ] Request (FloatingIPsAssociationNegativeTestJSON:setUpClass): 200 GET http://10.180.1.21/compute/v2.1/servers/67f4a654-3636-403a-9069-07e99940b83f 1.715s
2024-12-11 06:47:03.374 65519 INFO tempest.common.waiters [-] State transition "BUILD/block_device_mapping" ==> "BUILD/spawning" after 6 second wait
2024-12-11 06:47:03.377 65529 INFO tempest.lib.common.rest_client [req-5a62ee03-e37a-44ff-8993-d35911481b85 req-5a62ee03-e37a-44ff-8993-d35911481b85 ] Request (KeyPairsNegativeTestJSON:setUpClass): 201 POST http://10.180.1.21/identity/v3/users 0.056s
2024-12-11 06:47:03.397 65529 INFO tempest.lib.common.rest_client [req-234ab35f-0243-4b34-9e04-51fe000a6609 req-234ab35f-0243-4b34-9e04-51fe000a6609 ] Request (KeyPairsNegativeTestJSON:setUpClass): 200 GET http://10.180.1.21/identity/v3/roles 0.020s
2024-12-11 06:47:03.422 65515 INFO tempest.lib.common.rest_client [req-e2e84ae0-95bf-4119-b7a3-dbe6ea8c1e68 req-e2e84ae0-95bf-4119-b7a3-dbe6ea8c1e68 ] Request (QuotasAdminTestV236:tearDownClass): 204 DELETE http://10.180.1.21:9696/networking/v2.0/security-groups/511d1903-efe5-45b7-a64b-7114bb4455fc 0.189s
2024-12-11 06:47:03.425 65529 INFO tempest.lib.common.rest_client [req-1ab4d54c-592b-4880-b518-51c8b5942a6c req-1ab4d54c-592b-4880-b518-51c8b5942a6c ] Request (KeyPairsNegativeTestJSON:setUpClass): 204 PUT http://10.180.1.21/identity/v3/projects/c359282bd36a452f988dd8b220806537/users/81313255058549f7bc013e27b37c4573/roles/cc64a115fef74f16a3e24c50532ea470 0.027s
2024-12-11 06:47:03.426 65529 INFO tempest.lib.common.dynamic_creds [-] Dynamic test user 81313255058549f7bc013e27b37c4573 is created with scope project and roles: ['member']
2024-12-11 06:47:03.426 65529 INFO tempest.lib.common.dynamic_creds [-] Acquired dynamic creds: credentials: Credentials: {'domain_id': 'default', 'domain_name': 'Default', 'username': 'tempest-KeyPairsNegativeTestJSON-557975075-project-member', 'project_domain_id': 'default', 'project_domain_name': 'Default', 'project_id': 'c359282bd36a452f988dd8b220806537', 'project_name': 'tempest-KeyPairsNegativeTestJSON-557975075', 'tenant_id': 'c359282bd36a452f988dd8b220806537', 'tenant_name': 'tempest-KeyPairsNegativeTestJSON-557975075', 'user_domain_id': 'default', 'user_domain_name': 'Default', 'user_id': '81313255058549f7bc013e27b37c4573', 'system': None}, Network: None, Subnet: None, Router: None
2024-12-11 06:47:03.426 65529 INFO tempest.lib.common.dynamic_creds [-] Created isolated network resources for: credentials: Credentials: {'domain_id': 'default', 'domain_name': 'Default', 'username': 'tempest-KeyPairsNegativeTestJSON-557975075-project-member', 'project_domain_id': 'default', 'project_domain_name': 'Default', 'project_id': 'c359282bd36a452f988dd8b220806537', 'project_name': 'tempest-KeyPairsNegativeTestJSON-557975075', 'tenant_id': 'c359282bd36a452f988dd8b220806537', 'tenant_name': 'tempest-KeyPairsNegativeTestJSON-557975075', 'user_domain_id': 'default', 'user_domain_name': 'Default', 'user_id': '81313255058549f7bc013e27b37c4573', 'system': None}, Network: None, Subnet: None, Router: None
2024-12-11 06:47:03.433 65537 INFO tempest.lib.common.rest_client [req-8c2efd01-44d9-4228-a601-f84684c8c586 req-8c2efd01-44d9-4228-a601-f84684c8c586 ] Request (FlavorMetadataValidation:tearDownClass): 204 DELETE http://10.180.1.21:9696/networking/v2.0/security-groups/65b3febe-29b6-4fe2-92a6-31201cb88113 0.257s
2024-12-11 06:47:03.550 65515 INFO tempest.lib.common.rest_client [req-71fecc6f-9f88-49ac-aa94-692e7d3dc80e req-71fecc6f-9f88-49ac-aa94-692e7d3dc80e ] Request (QuotasAdminTestV236:tearDownClass): 204 DELETE http://10.180.1.21/identity/v3/projects/f3790342ce064273925eda60ac6b4884 0.128s
2024-12-11 06:47:03.551 65515 INFO tempest.lib.common.dynamic_creds [-] Deleting project and security group for project: 3107f9e5093d41c4b6c9f92383bd992f
2024-12-11 06:47:03.553 65537 INFO tempest.lib.common.rest_client [req-38a95d2e-179a-494b-9dab-d50830e7c858 req-38a95d2e-179a-494b-9dab-d50830e7c858 ] Request (FlavorMetadataValidation:tearDownClass): 204 DELETE http://10.180.1.21/identity/v3/projects/11f8181b75e14f25a9656a182621befe 0.119s
2024-12-11 06:47:03.613 65529 INFO tempest.lib.common.rest_client [req-d17d845b-000c-4de8-9d87-752207f60fdb req-d17d845b-000c-4de8-9d87-752207f60fdb ] Request (KeyPairsNegativeTestJSON:setUpClass): 201 POST http://10.180.1.21/identity/v3/auth/tokens 0.180s
2024-12-11 06:47:03.655 65515 INFO tempest.lib.common.rest_client [req-ae828f7d-5f10-4a59-89f2-0f97bdbf7908 req-ae828f7d-5f10-4a59-89f2-0f97bdbf7908 ] Request (QuotasAdminTestV236:tearDownClass): 200 GET http://10.180.1.21:9696/networking/v2.0/security-groups?tenant_id=3107f9e5093d41c4b6c9f92383bd992f&name=default 0.104s
2024-12-11 06:47:03.671 65537 INFO tempest.lib.common.rest_client [req-d7767386-6bbc-406a-8b93-fac966a3f0b0 req-d7767386-6bbc-406a-8b93-fac966a3f0b0 ] Request (InstanceUsageAuditLogNegativeTestJSON:setUpClass): 201 POST http://10.180.1.21/identity/v3/auth/tokens 0.116s
2024-12-11 06:47:03.686 65535 INFO tempest.lib.common.rest_client [req-806b645f-a891-4d1c-9dbc-9ed62b542af0 req-806b645f-a891-4d1c-9dbc-9ed62b542af0 ] Request (HypervisorAdminTestJSON:tearDownClass): 200 GET http://10.180.1.21:9696/networking/v2.0/security-groups?tenant_id=45515630f70e4ea0aac19aa3a0d960ee&name=default 0.555s
2024-12-11 06:47:03.698 65537 INFO tempest.lib.common.rest_client [req-4a9f351b-3ab8-455f-8e1d-525c01eb26d0 req-4a9f351b-3ab8-455f-8e1d-525c01eb26d0 ] Request (InstanceUsageAuditLogNegativeTestJSON:setUpClass): 201 POST http://10.180.1.21/identity/v3/auth/tokens 0.024s
2024-12-11 06:47:03.721 65537 INFO tempest.lib.common.rest_client [req-b845d409-a17d-4d2b-a107-93790ed85741 req-b845d409-a17d-4d2b-a107-93790ed85741 ] Request (InstanceUsageAuditLogNegativeTestJSON:setUpClass): 200 GET http://10.180.1.21/identity/v3/domains?name=Default 0.023s
2024-12-11 06:47:03.749 65537 INFO tempest.lib.common.rest_client [req-4cd304c0-37ae-4ede-a728-3ee800f27413 req-4cd304c0-37ae-4ede-a728-3ee800f27413 ] Request (InstanceUsageAuditLogNegativeTestJSON:setUpClass): 201 POST http://10.180.1.21/identity/v3/projects 0.027s
2024-12-11 06:47:03.786 65515 INFO tempest.lib.common.rest_client [req-1176556a-e113-4c90-bf60-2b7934b72d61 req-1176556a-e113-4c90-bf60-2b7934b72d61 ] Request (QuotasAdminTestV236:tearDownClass): 204 DELETE http://10.180.1.21:9696/networking/v2.0/security-groups/12efeba0-bb0d-4474-be12-c372d71f3cbd 0.130s
2024-12-11 06:47:03.801 65535 INFO tempest.lib.common.rest_client [req-9a23c5a5-34f4-4f2f-bfad-b724bd7c0cc7 req-9a23c5a5-34f4-4f2f-bfad-b724bd7c0cc7 ] Request (HypervisorAdminTestJSON:tearDownClass): 204 DELETE http://10.180.1.21:9696/networking/v2.0/security-groups/75daa750-9cea-4d04-9d7f-5956e56979c6 0.114s
2024-12-11 06:47:03.816 65537 INFO tempest.lib.common.rest_client [req-30d3384b-bb5b-48bc-9020-5b0133ae2be3 req-30d3384b-bb5b-48bc-9020-5b0133ae2be3 ] Request (InstanceUsageAuditLogNegativeTestJSON:setUpClass): 201 POST http://10.180.1.21/identity/v3/users 0.066s
2024-12-11 06:47:03.874 65515 INFO tempest.lib.common.rest_client [req-ecf6dd13-1b02-45b3-8589-521a0afdd880 req-ecf6dd13-1b02-45b3-8589-521a0afdd880 ] Request (QuotasAdminTestV236:tearDownClass): 204 DELETE http://10.180.1.21/identity/v3/projects/3107f9e5093d41c4b6c9f92383bd992f 0.087s
2024-12-11 06:47:03.924 65537 INFO tempest.lib.common.rest_client [req-58959892-a8ea-45d4-a075-ba35e3d73b3c req-58959892-a8ea-45d4-a075-ba35e3d73b3c ] Request (InstanceUsageAuditLogNegativeTestJSON:setUpClass): 200 GET http://10.180.1.21/identity/v3/roles 0.107s
2024-12-11 06:47:03.926 65539 INFO tempest.lib.common.rest_client [req-0db224d2-8b80-4f7f-bd82-5e50636f633d req-0db224d2-8b80-4f7f-bd82-5e50636f633d ] Request (AggregatesAdminNegativeTestJSON:_run_cleanups): 200 POST http://10.180.1.21/compute/v2.1/os-aggregates/1/action 2.258s
2024-12-11 06:47:03.953 65535 INFO tempest.lib.common.rest_client [req-57542f39-fdd4-43c5-b6a5-d4934b29ece3 req-57542f39-fdd4-43c5-b6a5-d4934b29ece3 ] Request (HypervisorAdminTestJSON:tearDownClass): 204 DELETE http://10.180.1.21/identity/v3/projects/45515630f70e4ea0aac19aa3a0d960ee 0.152s
2024-12-11 06:47:03.953 65535 INFO tempest.lib.common.dynamic_creds [-] Deleting project and security group for project: 2aae965606ec4c97814234a0f571adab
2024-12-11 06:47:03.977 65515 INFO tempest.lib.common.rest_client [req-2cb71746-c6f0-4bd7-bbcf-add55e2fa543 req-2cb71746-c6f0-4bd7-bbcf-add55e2fa543 ] Request (FloatingIPDetailsNegativeTestJSON:setUpClass): 201 POST http://10.180.1.21/identity/v3/auth/tokens 0.101s
2024-12-11 06:47:04.006 65515 INFO tempest.lib.common.rest_client [req-72eda05c-14e7-424a-8d38-9b7f505ff48a req-72eda05c-14e7-424a-8d38-9b7f505ff48a ] Request (FloatingIPDetailsNegativeTestJSON:setUpClass): 201 POST http://10.180.1.21/identity/v3/auth/tokens 0.026s
2024-12-11 06:47:04.011 65537 INFO tempest.lib.common.rest_client [req-6ff1c882-cfb4-48f2-9414-e5ffea60862d req-6ff1c882-cfb4-48f2-9414-e5ffea60862d ] Request (InstanceUsageAuditLogNegativeTestJSON:setUpClass): 204 PUT http://10.180.1.21/identity/v3/projects/e80cd8c3817c403181b112d8a1dc3ccd/users/a2a3a41672bb4d448a9b272175629e49/roles/cc64a115fef74f16a3e24c50532ea470 0.086s
2024-12-11 06:47:04.012 65537 INFO tempest.lib.common.dynamic_creds [-] Dynamic test user a2a3a41672bb4d448a9b272175629e49 is created with scope project and roles: ['member']
2024-12-11 06:47:04.012 65537 INFO tempest.lib.common.dynamic_creds [-] Acquired dynamic creds: credentials: Credentials: {'domain_id': 'default', 'domain_name': 'Default', 'username': 'tempest-InstanceUsageAuditLogNegativeTestJSON-1382957263-project-member', 'project_domain_id': 'default', 'project_domain_name': 'Default', 'project_id': 'e80cd8c3817c403181b112d8a1dc3ccd', 'project_name': 'tempest-InstanceUsageAuditLogNegativeTestJSON-1382957263', 'tenant_id': 'e80cd8c3817c403181b112d8a1dc3ccd', 'tenant_name': 'tempest-InstanceUsageAuditLogNegativeTestJSON-1382957263', 'user_domain_id': 'default', 'user_domain_name': 'Default', 'user_id': 'a2a3a41672bb4d448a9b272175629e49', 'system': None}, Network: None, Subnet: None, Router: None
2024-12-11 06:47:04.012 65537 INFO tempest.lib.common.dynamic_creds [-] Created isolated network resources for: credentials: Credentials: {'domain_id': 'default', 'domain_name': 'Default', 'username': 'tempest-InstanceUsageAuditLogNegativeTestJSON-1382957263-project-member', 'project_domain_id': 'default', 'project_domain_name': 'Default', 'project_id': 'e80cd8c3817c403181b112d8a1dc3ccd', 'project_name': 'tempest-InstanceUsageAuditLogNegativeTestJSON-1382957263', 'tenant_id': 'e80cd8c3817c403181b112d8a1dc3ccd', 'tenant_name': 'tempest-InstanceUsageAuditLogNegativeTestJSON-1382957263', 'user_domain_id': 'default', 'user_domain_name': 'Default', 'user_id': 'a2a3a41672bb4d448a9b272175629e49', 'system': None}, Network: None, Subnet: None, Router: None
2024-12-11 06:47:04.055 65515 INFO tempest.lib.common.rest_client [req-6aabea1e-e12d-462f-8562-c3e779bc1add req-6aabea1e-e12d-462f-8562-c3e779bc1add ] Request (FloatingIPDetailsNegativeTestJSON:setUpClass): 200 GET http://10.180.1.21/identity/v3/domains?name=Default 0.049s
2024-12-11 06:47:04.075 65537 INFO tempest.lib.common.rest_client [req-03ce5e8b-6f69-4614-b232-127a0295415b req-03ce5e8b-6f69-4614-b232-127a0295415b ] Request (InstanceUsageAuditLogNegativeTestJSON:setUpClass): 201 POST http://10.180.1.21/identity/v3/auth/tokens 0.060s
2024-12-11 06:47:04.083 65515 INFO tempest.lib.common.rest_client [req-5b033a9a-3d9d-4432-b3ed-bfc4bc3c6e97 req-5b033a9a-3d9d-4432-b3ed-bfc4bc3c6e97 ] Request (FloatingIPDetailsNegativeTestJSON:setUpClass): 201 POST http://10.180.1.21/identity/v3/projects 0.027s
2024-12-11 06:47:04.101 65535 INFO tempest.lib.common.rest_client [req-d82143a2-5964-4d23-bccc-dcff5c46317a req-d82143a2-5964-4d23-bccc-dcff5c46317a ] Request (HypervisorAdminTestJSON:tearDownClass): 200 GET http://10.180.1.21:9696/networking/v2.0/security-groups?tenant_id=2aae965606ec4c97814234a0f571adab&name=default 0.148s
2024-12-11 06:47:04.103 65507 INFO tempest.lib.common.rest_client [req-37c08d7e-3bb7-40dc-8159-085e633d196e req-37c08d7e-3bb7-40dc-8159-085e633d196e ] Request (ServerDiagnosticsTest:test_get_server_diagnostics): 200 GET http://10.180.1.21/compute/v2.1/servers/2876bf4f-c175-45ec-90a4-c792e707a1da 2.375s
2024-12-11 06:47:04.108 65537 INFO tempest.lib.common.rest_client [req-7bc82d5b-3bb8-4855-a1e2-724b24753d64 req-7bc82d5b-3bb8-4855-a1e2-724b24753d64 ] Request (InstanceUsageAuditLogNegativeTestJSON:setUpClass): 201 POST http://10.180.1.21/identity/v3/projects 0.032s
2024-12-11 06:47:04.109 65507 INFO tempest.common.waiters [-] State transition "BUILD/None" ==> "BUILD/spawning" after 7 second wait
2024-12-11 06:47:04.137 65541 INFO tempest.lib.common.rest_client [req-02c50db6-896a-4635-ba48-3ad4bb920701 req-02c50db6-896a-4635-ba48-3ad4bb920701 ] Request (VolumesAssistedSnapshotsTest:setUpClass): 200 PUT http://10.180.1.21:9696/networking/v2.0/routers/ed6416b9-8ae3-4734-b0bf-028f116d30c1/add_router_interface 2.386s
2024-12-11 06:47:04.137 65541 INFO tempest.lib.common.dynamic_creds [-] Created isolated network resources for: credentials: Credentials: {'domain_id': 'default', 'domain_name': 'Default', 'username': 'tempest-VolumesAssistedSnapshotsTest-1892545062-project', 'project_domain_id': 'default', 'project_domain_name': 'Default', 'project_id': '7c7731e077314d98aa1f323eb13537f7', 'project_name': 'tempest-VolumesAssistedSnapshotsTest-1892545062', 'tenant_id': '7c7731e077314d98aa1f323eb13537f7', 'tenant_name': 'tempest-VolumesAssistedSnapshotsTest-1892545062', 'user_domain_id': 'default', 'user_domain_name': 'Default', 'user_id': '5cc6cc8679054f858819d4a7f2ff0b75', 'system': None}, Network: {'id': '05d3ad16-7fa1-434c-9b68-2c73e5f5d264', 'name': 'tempest-VolumesAssistedSnapshotsTest-761595984-network', 'tenant_id': '7c7731e077314d98aa1f323eb13537f7', 'admin_state_up': True, 'mtu': 8950, 'status': 'ACTIVE', 'subnets': [], 'shared': False, 'project_id': '7c7731e077314d98aa1f323eb13537f7', 'port_security_enabled': True, 'router:external': False, 'provider:network_type': 'vlan', 'provider:physical_network': 'default', 'provider:segmentation_id': 747, 'availability_zone_hints': [], 'availability_zones': [], 'ipv4_address_scope': None, 'ipv6_address_scope': None, 'description': '', 'tags': [], 'created_at': '2024-12-11T06:47:00Z', 'updated_at': '2024-12-11T06:47:00Z', 'revision_number': 1}, Subnet: {'id': '2c779dcf-8dac-430a-8365-01f9caa894b2', 'name': 'tempest-VolumesAssistedSnapshotsTest-761595984-subnet', 'tenant_id': '7c7731e077314d98aa1f323eb13537f7', 'network_id': '05d3ad16-7fa1-434c-9b68-2c73e5f5d264', 'ip_version': 4, 'subnetpool_id': None, 'enable_dhcp': True, 'ipv6_ra_mode': None, 'ipv6_address_mode': None, 'gateway_ip': '192.168.128.1', 'cidr': '192.168.128.0/28', 'allocation_pools': [{'start': '192.168.128.2', 'end': '192.168.128.14'}], 'host_routes': [], 'dns_nameservers': [], 'description': '', 'router:external': False, 'service_types': [], 'tags': [], 'created_at': '2024-12-11T06:47:00Z', 'updated_at': '2024-12-11T06:47:00Z', 'revision_number': 0, 'project_id': '7c7731e077314d98aa1f323eb13537f7'}, Router: {'id': 'ed6416b9-8ae3-4734-b0bf-028f116d30c1', 'name': 'tempest-VolumesAssistedSnapshotsTest-761595984-router', 'tenant_id': '7c7731e077314d98aa1f323eb13537f7', 'admin_state_up': True, 'status': 'ACTIVE', 'external_gateway_info': {'network_id': 'f43dfeef-d734-49dc-bf54-e14b759ece89', 'external_fixed_ips': [{'subnet_id': '7cea1bda-8da3-42be-8bb9-5a5041e52165', 'ip_address': '10.180.180.136'}], 'enable_snat': True}, 'description': '', 'availability_zones': [], 'distributed': False, 'ha': False, 'availability_zone_hints': [], 'routes': [], 'flavor_id': None, 'tags': [], 'created_at': '2024-12-11T06:47:00Z', 'updated_at': '2024-12-11T06:47:01Z', 'revision_number': 2, 'project_id': '7c7731e077314d98aa1f323eb13537f7'}
2024-12-11 06:47:04.159 65533 INFO tempest.lib.common.rest_client [req-b58ec9e7-3adc-478e-aca2-a2d321f775d2 req-b58ec9e7-3adc-478e-aca2-a2d321f775d2 ] Request (ImagesOneServerTestJSON:setUpClass): 200 GET http://10.180.1.21/compute/v2.1/servers/4d25227b-f598-4ab7-84ad-de27ba786c75 2.355s
2024-12-11 06:47:04.164 65515 INFO tempest.lib.common.rest_client [req-3e7c7cb1-2c54-4518-884b-2411ce8337aa req-3e7c7cb1-2c54-4518-884b-2411ce8337aa ] Request (FloatingIPDetailsNegativeTestJSON:setUpClass): 201 POST http://10.180.1.21/identity/v3/users 0.080s
2024-12-11 06:47:04.164 65537 INFO tempest.lib.common.rest_client [req-fd66d752-9349-402f-9687-6131943d8191 req-fd66d752-9349-402f-9687-6131943d8191 ] Request (InstanceUsageAuditLogNegativeTestJSON:setUpClass): 201 POST http://10.180.1.21/identity/v3/users 0.054s
2024-12-11 06:47:04.181 65537 INFO tempest.lib.common.rest_client [req-97a79ecb-fda8-4e15-b462-f1971a8d91c0 req-97a79ecb-fda8-4e15-b462-f1971a8d91c0 ] Request (InstanceUsageAuditLogNegativeTestJSON:setUpClass): 200 GET http://10.180.1.21/identity/v3/roles 0.015s
2024-12-11 06:47:04.182 65515 INFO tempest.lib.common.rest_client [req-f2cba20e-10f1-4b62-98d0-0eef04622843 req-f2cba20e-10f1-4b62-98d0-0eef04622843 ] Request (FloatingIPDetailsNegativeTestJSON:setUpClass): 200 GET http://10.180.1.21/identity/v3/roles 0.018s
2024-12-11 06:47:04.206 65535 INFO tempest.lib.common.rest_client [req-c2195afe-87f0-4f0d-adce-2fcf4b82ff0c req-c2195afe-87f0-4f0d-adce-2fcf4b82ff0c ] Request (HypervisorAdminTestJSON:tearDownClass): 204 DELETE http://10.180.1.21:9696/networking/v2.0/security-groups/11ae9b97-ae8f-4dc1-bb68-1a3dfdf2d597 0.104s
2024-12-11 06:47:04.208 65537 INFO tempest.lib.common.rest_client [req-08f72685-c4d8-4081-85a9-4bff4dc4704d req-08f72685-c4d8-4081-85a9-4bff4dc4704d ] Request (InstanceUsageAuditLogNegativeTestJSON:setUpClass): 204 PUT http://10.180.1.21/identity/v3/projects/823c258bde5e4879a75d1cb751c78f56/users/8d5157695bbe4c728d59b14c80c5c5f0/roles/3e9b16c0a76847d991da8f8d16654ea9 0.027s
2024-12-11 06:47:04.208 65515 INFO tempest.lib.common.rest_client [req-2627522c-4dc7-4b7b-854c-01b5fda10cd1 req-2627522c-4dc7-4b7b-854c-01b5fda10cd1 ] Request (FloatingIPDetailsNegativeTestJSON:setUpClass): 204 PUT http://10.180.1.21/identity/v3/projects/db26eb5273324e92b883e3882d2a4a7e/users/e715e79a786249c7b3eb6854c95d96e5/roles/cc64a115fef74f16a3e24c50532ea470 0.025s
2024-12-11 06:47:04.208 65515 INFO tempest.lib.common.dynamic_creds [-] Dynamic test user e715e79a786249c7b3eb6854c95d96e5 is created with scope project and roles: ['member']
2024-12-11 06:47:04.209 65515 INFO tempest.lib.common.dynamic_creds [-] Acquired dynamic creds: credentials: Credentials: {'domain_id': 'default', 'domain_name': 'Default', 'username': 'tempest-FloatingIPDetailsNegativeTestJSON-176651499-project-member', 'project_domain_id': 'default', 'project_domain_name': 'Default', 'project_id': 'db26eb5273324e92b883e3882d2a4a7e', 'project_name': 'tempest-FloatingIPDetailsNegativeTestJSON-176651499', 'tenant_id': 'db26eb5273324e92b883e3882d2a4a7e', 'tenant_name': 'tempest-FloatingIPDetailsNegativeTestJSON-176651499', 'user_domain_id': 'default', 'user_domain_name': 'Default', 'user_id': 'e715e79a786249c7b3eb6854c95d96e5', 'system': None}, Network: None, Subnet: None, Router: None
2024-12-11 06:47:04.214 65503 INFO tempest.lib.common.rest_client [req-ba2e8a8f-b17e-4b23-b687-35772e175054 req-ba2e8a8f-b17e-4b23-b687-35772e175054 ] Request (DeleteServersAdminTestJSON:test_admin_delete_servers_of_others): 200 GET http://10.180.1.21/compute/v2.1/servers/968df21c-4dfa-4211-9127-0ef4dcc13593 2.341s
2024-12-11 06:47:04.223 65513 INFO tempest.lib.common.rest_client [req-3c6f0414-48af-4a53-a553-5a97e389ec6a req-3c6f0414-48af-4a53-a553-5a97e389ec6a ] Request (HypervisorAdminNegativeTestJSON:test_get_hypervisor_uptime_with_non_admin_user): 403 GET http://10.180.1.21/compute/v2.1/os-hypervisors/1/uptime 2.349s
2024-12-11 06:47:04.224 65503 INFO tempest.common.waiters [-] State transition "BUILD/None" ==> "BUILD/networking" after 6 second wait
2024-12-11 06:47:04.240 65511 INFO tempest.lib.common.rest_client [req-502149d8-7658-403e-893f-828bd57a8a62 req-502149d8-7658-403e-893f-828bd57a8a62 ] Request (ServicesAdminNegativeTestJSON:test_get_service_with_valid_service_and_invalid_host): 200 GET http://10.180.1.21/compute/v2.1/os-services?host=xxx&binary=nova-scheduler 2.348s
2024-12-11 06:47:04.245 65543 INFO tempest.lib.common.rest_client [req-300a5296-68c2-48ed-aabc-c62413b25ba3 req-300a5296-68c2-48ed-aabc-c62413b25ba3 ] Request (FlavorsExtraSpecsNegativeTestJSON:test_flavor_non_admin_unset_keys): 403 DELETE http://10.180.1.21/compute/v2.1/flavors/2062848986/os-extra_specs/hw:numa_nodes 2.324s
2024-12-11 06:47:04.278 65541 INFO tempest.lib.common.rest_client [req-9f615173-46e1-4a53-9e50-8799be7029ec req-9f615173-46e1-4a53-9e50-8799be7029ec ] Request (VolumesAssistedSnapshotsTest:setUpClass): 201 POST http://10.180.1.21/identity/v3/auth/tokens 0.086s
2024-12-11 06:47:04.304 65535 INFO tempest.lib.common.rest_client [req-8f0f8114-2b89-4be3-add7-25efbdf0b9ab req-8f0f8114-2b89-4be3-add7-25efbdf0b9ab ] Request (HypervisorAdminTestJSON:tearDownClass): 204 DELETE http://10.180.1.21/identity/v3/projects/2aae965606ec4c97814234a0f571adab 0.098s
2024-12-11 06:47:04.311 65531 INFO tempest.lib.common.rest_client [req-9a5b95e3-04d8-4997-b754-4e167baef761 req-9a5b95e3-04d8-4997-b754-4e167baef761 ] Request (ServerDiagnosticsV248Test:test_get_server_diagnostics): 200 GET http://10.180.1.21/compute/v2.1/servers/e41bc716-010d-474f-8704-feefc74facb7 2.330s
2024-12-11 06:47:04.330 65515 INFO tempest.lib.common.rest_client [req-5fe17f09-21b8-421a-96d3-65912927aa42 req-5fe17f09-21b8-421a-96d3-65912927aa42 ] Request (FloatingIPDetailsNegativeTestJSON:setUpClass): 201 POST http://10.180.1.21/identity/v3/auth/tokens 0.121s
2024-12-11 06:47:04.330 65537 INFO tempest.lib.common.rest_client [req-6de0f362-2277-40d8-8530-18275e31b7c8 req-6de0f362-2277-40d8-8530-18275e31b7c8 ] Request (InstanceUsageAuditLogNegativeTestJSON:setUpClass): 200 GET http://10.180.1.21/identity/v3/roles 0.122s
2024-12-11 06:47:04.355 65535 INFO tempest.lib.common.rest_client [req-8a2e9f26-a4cf-40b9-a958-83a98e2eccb3 req-8a2e9f26-a4cf-40b9-a958-83a98e2eccb3 ] Request (FlavorsV2TestJSON:setUpClass): 201 POST http://10.180.1.21/identity/v3/auth/tokens 0.049s
2024-12-11 06:47:04.364 65555 INFO tempest.lib.common.rest_client [req-15d25ed4-933b-4e96-a1db-5ac453acc742 req-15d25ed4-933b-4e96-a1db-5ac453acc742 ] Request (SecurityGroupsTestAdminJSON:test_list_security_groups_list_all_tenants_filter): 200 GET http://10.180.1.21/compute/v2.1/os-security-groups?all_tenants=true 3.096s
2024-12-11 06:47:04.418 65501 INFO tempest.lib.common.rest_client [req-b479325b-3771-4e0a-9fa7-cbd66cc78c49 req-b479325b-3771-4e0a-9fa7-cbd66cc78c49 ] Request (ServerDiagnosticsNegativeTest:test_get_server_diagnostics_by_non_admin): 200 GET http://10.180.1.21/compute/v2.1/servers/a593698f-862a-4017-83f6-cbd8feeb807d 2.340s
2024-12-11 06:47:04.434 65528 INFO tempest.lib.common.rest_client [req-ee64dde3-6ca2-4449-b174-2bf1f9be9889 req-ee64dde3-6ca2-4449-b174-2bf1f9be9889 ] Request (ServersWithSpecificFlavorTestJSON:test_verify_created_server_ephemeral_disk): 200 GET http://10.180.1.21/compute/v2.1/flavors/42/os-extra_specs 2.223s
2024-12-11 06:47:04.446 65499 INFO tempest.lib.common.rest_client [req-d1c64ce5-bcfc-4d1b-a693-d3c3b12a900c req-d1c64ce5-bcfc-4d1b-a693-d3c3b12a900c ] Request (HostsAdminNegativeTestJSON:test_show_host_detail_with_nonexistent_hostname): 404 GET http://10.180.1.21/compute/v2.1/os-hosts/nonexistent_hostname 2.230s
2024-12-11 06:47:04.448 65537 INFO tempest.lib.common.rest_client [req-9f7b92a9-96a4-412f-99bf-fca0f2bfc55d req-9f7b92a9-96a4-412f-99bf-fca0f2bfc55d ] Request (InstanceUsageAuditLogNegativeTestJSON:setUpClass): 204 PUT http://10.180.1.21/identity/v3/projects/823c258bde5e4879a75d1cb751c78f56/users/8d5157695bbe4c728d59b14c80c5c5f0/roles/3e9b16c0a76847d991da8f8d16654ea9 0.117s
2024-12-11 06:47:04.448 65537 INFO tempest.lib.common.dynamic_creds [-] Dynamic test user 8d5157695bbe4c728d59b14c80c5c5f0 is created with scope project and roles: ['admin']
2024-12-11 06:47:04.448 65537 INFO tempest.lib.common.dynamic_creds [-] Acquired dynamic creds: credentials: Credentials: {'domain_id': 'default', 'domain_name': 'Default', 'username': 'tempest-InstanceUsageAuditLogNegativeTestJSON-1253872850-project-admin', 'project_domain_id': 'default', 'project_domain_name': 'Default', 'project_id': '823c258bde5e4879a75d1cb751c78f56', 'project_name': 'tempest-InstanceUsageAuditLogNegativeTestJSON-1253872850', 'tenant_id': '823c258bde5e4879a75d1cb751c78f56', 'tenant_name': 'tempest-InstanceUsageAuditLogNegativeTestJSON-1253872850', 'user_domain_id': 'default', 'user_domain_name': 'Default', 'user_id': '8d5157695bbe4c728d59b14c80c5c5f0', 'system': None}, Network: None, Subnet: None, Router: None
2024-12-11 06:47:04.448 65537 INFO tempest.lib.common.dynamic_creds [-] Created isolated network resources for: credentials: Credentials: {'domain_id': 'default', 'domain_name': 'Default', 'username': 'tempest-InstanceUsageAuditLogNegativeTestJSON-1253872850-project-admin', 'project_domain_id': 'default', 'project_domain_name': 'Default', 'project_id': '823c258bde5e4879a75d1cb751c78f56', 'project_name': 'tempest-InstanceUsageAuditLogNegativeTestJSON-1253872850', 'tenant_id': '823c258bde5e4879a75d1cb751c78f56', 'tenant_name': 'tempest-InstanceUsageAuditLogNegativeTestJSON-1253872850', 'user_domain_id': 'default', 'user_domain_name': 'Default', 'user_id': '8d5157695bbe4c728d59b14c80c5c5f0', 'system': None}, Network: None, Subnet: None, Router: None
2024-12-11 06:47:04.464 65525 INFO tempest.lib.common.rest_client [req-53d9abc1-549b-4fb4-b7de-77851ffa4da9 req-53d9abc1-549b-4fb4-b7de-77851ffa4da9 ] Request (QuotaClassesAdminTestJSON:test_update_default_quotas): 200 GET http://10.180.1.21/compute/v2.1/os-quota-class-sets/default 2.389s
2024-12-11 06:47:04.524 65535 INFO tempest.lib.common.rest_client [req-eddda943-ae53-4b1a-9910-b5d665b0a757 req-eddda943-ae53-4b1a-9910-b5d665b0a757 ] Request (FlavorsV2TestJSON:setUpClass): 201 POST http://10.180.1.21/identity/v3/auth/tokens 0.166s
2024-12-11 06:47:04.565 65509 INFO tempest.lib.common.rest_client [req-b52a92eb-b908-4557-87f3-5dfdf100c35c req-b52a92eb-b908-4557-87f3-5dfdf100c35c ] Request (FloatingIPDetailsTestJSON:setUpClass): 200 PUT http://10.180.1.21:9696/networking/v2.0/routers/c989e6d1-2a0d-47f7-ba4f-090ac5dc5df0/add_router_interface 1.987s
2024-12-11 06:47:04.565 65509 INFO tempest.lib.common.dynamic_creds [-] Created isolated network resources for: credentials: Credentials: {'domain_id': 'default', 'domain_name': 'Default', 'username': 'tempest-FloatingIPDetailsTestJSON-1225689735-project-member', 'project_domain_id': 'default', 'project_domain_name': 'Default', 'project_id': '085d819d0d004e7cb18a37c3656f2bd3', 'project_name': 'tempest-FloatingIPDetailsTestJSON-1225689735', 'tenant_id': '085d819d0d004e7cb18a37c3656f2bd3', 'tenant_name': 'tempest-FloatingIPDetailsTestJSON-1225689735', 'user_domain_id': 'default', 'user_domain_name': 'Default', 'user_id': 'a7cb35edd094417cb25477afb2f26c1c', 'system': None}, Network: {'id': '87cfdef6-b9ef-4990-8964-fa775f476d22', 'name': 'tempest-FloatingIPDetailsTestJSON-1247450337-network', 'tenant_id': '085d819d0d004e7cb18a37c3656f2bd3', 'admin_state_up': True, 'mtu': 8950, 'status': 'ACTIVE', 'subnets': [], 'shared': False, 'project_id': '085d819d0d004e7cb18a37c3656f2bd3', 'port_security_enabled': True, 'router:external': False, 'provider:network_type': 'vlan', 'provider:physical_network': 'default', 'provider:segmentation_id': 62, 'availability_zone_hints': [], 'availability_zones': [], 'ipv4_address_scope': None, 'ipv6_address_scope': None, 'description': '', 'tags': [], 'created_at': '2024-12-11T06:47:00Z', 'updated_at': '2024-12-11T06:47:01Z', 'revision_number': 1}, Subnet: {'id': '6f537f9c-3f5b-4cd9-80c5-f66502ecfbd3', 'name': 'tempest-FloatingIPDetailsTestJSON-1247450337-subnet', 'tenant_id': '085d819d0d004e7cb18a37c3656f2bd3', 'network_id': '87cfdef6-b9ef-4990-8964-fa775f476d22', 'ip_version': 4, 'subnetpool_id': None, 'enable_dhcp': True, 'ipv6_ra_mode': None, 'ipv6_address_mode': None, 'gateway_ip': '192.168.128.1', 'cidr': '192.168.128.0/28', 'allocation_pools': [{'start': '192.168.128.2', 'end': '192.168.128.14'}], 'host_routes': [], 'dns_nameservers': [], 'description': '', 'router:external': False, 'service_types': [], 'tags': [], 'created_at': '2024-12-11T06:47:01Z', 'updated_at': '2024-12-11T06:47:01Z', 'revision_number': 0, 'project_id': '085d819d0d004e7cb18a37c3656f2bd3'}, Router: {'id': 'c989e6d1-2a0d-47f7-ba4f-090ac5dc5df0', 'name': 'tempest-FloatingIPDetailsTestJSON-1247450337-router', 'tenant_id': '085d819d0d004e7cb18a37c3656f2bd3', 'admin_state_up': True, 'status': 'ACTIVE', 'external_gateway_info': {'network_id': 'f43dfeef-d734-49dc-bf54-e14b759ece89', 'external_fixed_ips': [{'subnet_id': '7cea1bda-8da3-42be-8bb9-5a5041e52165', 'ip_address': '10.180.180.239'}], 'enable_snat': True}, 'description': '', 'availability_zones': [], 'distributed': False, 'ha': False, 'availability_zone_hints': [], 'routes': [], 'flavor_id': None, 'tags': [], 'created_at': '2024-12-11T06:47:01Z', 'updated_at': '2024-12-11T06:47:01Z', 'revision_number': 2, 'project_id': '085d819d0d004e7cb18a37c3656f2bd3'}
2024-12-11 06:47:04.588 65537 INFO tempest.lib.common.rest_client [req-d3893ad1-98c2-4b1f-999d-0522aec47b53 req-d3893ad1-98c2-4b1f-999d-0522aec47b53 ] Request (InstanceUsageAuditLogNegativeTestJSON:setUpClass): 201 POST http://10.180.1.21/identity/v3/auth/tokens 0.134s
2024-12-11 06:47:04.622 65535 INFO tempest.lib.common.rest_client [req-2a10463f-5b35-4b7f-b92b-e86a7dd0f1cc req-2a10463f-5b35-4b7f-b92b-e86a7dd0f1cc ] Request (FlavorsV2TestJSON:setUpClass): 200 GET http://10.180.1.21/identity/v3/domains?name=Default 0.097s
2024-12-11 06:47:04.685 65535 INFO tempest.lib.common.rest_client [req-c7990887-d296-46ee-bf8f-ba9d8f16b7dd req-c7990887-d296-46ee-bf8f-ba9d8f16b7dd ] Request (FlavorsV2TestJSON:setUpClass): 201 POST http://10.180.1.21/identity/v3/projects 0.062s
2024-12-11 06:47:04.696 65509 INFO tempest.lib.common.rest_client [req-cb6fc5da-da70-48fe-917c-38ee9ec0fd31 req-cb6fc5da-da70-48fe-917c-38ee9ec0fd31 ] Request (FloatingIPDetailsTestJSON:setUpClass): 201 POST http://10.180.1.21/identity/v3/auth/tokens 0.126s
2024-12-11 06:47:04.714 65541 INFO tempest.lib.common.rest_client [req-5916a21d-1f49-41fe-b3ff-c01c3995b09b req-5916a21d-1f49-41fe-b3ff-c01c3995b09b ] Request (VolumesAssistedSnapshotsTest:test_volume_assisted_snapshot_create_delete): 202 POST http://10.180.1.21/volume/v3/volumes 0.433s
2024-12-11 06:47:04.763 65535 INFO tempest.lib.common.rest_client [req-64ceab76-8a41-46d9-a4da-3eb9d45344fb req-64ceab76-8a41-46d9-a4da-3eb9d45344fb ] Request (FlavorsV2TestJSON:setUpClass): 201 POST http://10.180.1.21/identity/v3/users 0.077s
2024-12-11 06:47:04.777 65541 INFO tempest.lib.common.rest_client [req-f0abeb91-ac8e-4194-8fbe-42bcc0b2060d req-f0abeb91-ac8e-4194-8fbe-42bcc0b2060d ] Request (VolumesAssistedSnapshotsTest:test_volume_assisted_snapshot_create_delete): 200 GET http://10.180.1.21/volume/v3/volumes/96701515-89f0-41fa-9b58-561ae9fe908e 0.056s
2024-12-11 06:47:04.804 65535 INFO tempest.lib.common.rest_client [req-796a025c-b3c1-4a97-b4bc-790a5590a6a7 req-796a025c-b3c1-4a97-b4bc-790a5590a6a7 ] Request (FlavorsV2TestJSON:setUpClass): 200 GET http://10.180.1.21/identity/v3/roles 0.041s
2024-12-11 06:47:04.810 65505 INFO tempest.lib.common.rest_client [req-e4fdfcac-5a42-4b2b-91d7-05dbe0621e90 req-e4fdfcac-5a42-4b2b-91d7-05dbe0621e90 ] Request (ServersAdmin275Test:test_rebuild_update_server_275): 202 POST http://10.180.1.21/compute/v2.1/servers 2.454s
2024-12-11 06:47:04.832 65559 INFO tempest.lib.common.rest_client [req-89209cae-1e9f-4bf5-b6ea-a94cd839e948 req-89209cae-1e9f-4bf5-b6ea-a94cd839e948 ] Request (FlavorsAccessNegativeTestJSON:_run_cleanups): 202 DELETE http://10.180.1.21/compute/v2.1/flavors/148600800 2.222s
2024-12-11 06:47:04.843 65535 INFO tempest.lib.common.rest_client [req-eb588324-0b76-47ce-8c12-8b202b47674e req-eb588324-0b76-47ce-8c12-8b202b47674e ] Request (FlavorsV2TestJSON:setUpClass): 204 PUT http://10.180.1.21/identity/v3/projects/d99834701471441a95345d4778121e8d/users/3e86d4a4d8e4425cae3ed27aac5be420/roles/cc64a115fef74f16a3e24c50532ea470 0.037s
2024-12-11 06:47:04.843 65535 INFO tempest.lib.common.dynamic_creds [-] Dynamic test user 3e86d4a4d8e4425cae3ed27aac5be420 is created with scope project and roles: ['member']
2024-12-11 06:47:04.843 65535 INFO tempest.lib.common.dynamic_creds [-] Acquired dynamic creds: credentials: Credentials: {'domain_id': 'default', 'domain_name': 'Default', 'username': 'tempest-FlavorsV2TestJSON-943504675-project-member', 'project_domain_id': 'default', 'project_domain_name': 'Default', 'project_id': 'd99834701471441a95345d4778121e8d', 'project_name': 'tempest-FlavorsV2TestJSON-943504675', 'tenant_id': 'd99834701471441a95345d4778121e8d', 'tenant_name': 'tempest-FlavorsV2TestJSON-943504675', 'user_domain_id': 'default', 'user_domain_name': 'Default', 'user_id': '3e86d4a4d8e4425cae3ed27aac5be420', 'system': None}, Network: None, Subnet: None, Router: None
2024-12-11 06:47:04.844 65535 INFO tempest.lib.common.dynamic_creds [-] Created isolated network resources for: credentials: Credentials: {'domain_id': 'default', 'domain_name': 'Default', 'username': 'tempest-FlavorsV2TestJSON-943504675-project-member', 'project_domain_id': 'default', 'project_domain_name': 'Default', 'project_id': 'd99834701471441a95345d4778121e8d', 'project_name': 'tempest-FlavorsV2TestJSON-943504675', 'tenant_id': 'd99834701471441a95345d4778121e8d', 'tenant_name': 'tempest-FlavorsV2TestJSON-943504675', 'user_domain_id': 'default', 'user_domain_name': 'Default', 'user_id': '3e86d4a4d8e4425cae3ed27aac5be420', 'system': None}, Network: None, Subnet: None, Router: None
2024-12-11 06:47:04.862 65545 INFO tempest.lib.common.rest_client [req-4f1dea8f-a416-4cfa-a35f-a5581e8db043 req-4f1dea8f-a416-4cfa-a35f-a5581e8db043 ] Request (KeyPairsV210TestJSON:_run_cleanups): 204 DELETE http://10.180.1.21/compute/v2.1/os-keypairs/tempest-KeyPairsV210TestJSON-keypair-1915813959 2.234s
2024-12-11 06:47:04.886 65551 INFO tempest.lib.common.rest_client [req-92199be2-a863-4ef6-a0b5-9af6b61aed3c req-92199be2-a863-4ef6-a0b5-9af6b61aed3c ] Request (FlavorsV261TestJSON:_run_cleanups): 202 DELETE http://10.180.1.21/compute/v2.1/flavors/442146515 2.217s
2024-12-11 06:47:04.892 65515 INFO tempest.lib.common.rest_client [req-3158c164-ee0c-45c3-b6a2-05688ac76319 req-3158c164-ee0c-45c3-b6a2-05688ac76319 ] Request (FloatingIPDetailsNegativeTestJSON:setUpClass): 201 POST http://10.180.1.21:9696/networking/v2.0/networks 0.562s
2024-12-11 06:47:04.982 65535 INFO tempest.lib.common.rest_client [req-cce7e4e8-af3d-4009-96ee-3152186fdb55 req-cce7e4e8-af3d-4009-96ee-3152186fdb55 ] Request (FlavorsV2TestJSON:setUpClass): 201 POST http://10.180.1.21/identity/v3/auth/tokens 0.135s
2024-12-11 06:47:05.014 65549 INFO tempest.lib.common.rest_client [req-e453d8e1-a450-41a9-9c1f-4cfb07eac839 req-e453d8e1-a450-41a9-9c1f-4cfb07eac839 ] Request (FloatingIPsTestJSON:test_delete_floating_ip): 202 DELETE http://10.180.1.21/compute/v2.1/os-floating-ips/adc9eaf4-d80b-4abc-91db-d02f70d4ea70 2.710s
2024-12-11 06:47:05.030 65521 INFO tempest.lib.common.rest_client [req-a3a7f17b-4996-4a82-963c-1ddfa059721b req-a3a7f17b-4996-4a82-963c-1ddfa059721b ] Request (ImagesDeleteNegativeTestJSON:test_delete_image_blank_id): 404 DELETE http://10.180.1.21/compute/v2.1/images/ 2.208s
2024-12-11 06:47:05.040 65547 INFO tempest.lib.common.rest_client [req-dcc03d86-c7e4-4c98-9682-41bc640cb3e1 req-dcc03d86-c7e4-4c98-9682-41bc640cb3e1 ] Request (FlavorsAdminTestJSON:_run_cleanups): 202 DELETE http://10.180.1.21/compute/v2.1/flavors/1377218552 2.008s
2024-12-11 06:47:05.107 65529 INFO tempest.lib.common.rest_client [req-68e4ec1a-6d42-4417-b764-8f2c40429a0e req-68e4ec1a-6d42-4417-b764-8f2c40429a0e ] Request (KeyPairsNegativeTestJSON:test_create_keypair_invalid_name): 400 POST http://10.180.1.21/compute/v2.1/os-keypairs 1.491s
2024-12-11 06:47:05.118 65517 INFO tempest.lib.common.rest_client [req-7b3d6796-a177-4a6b-8dec-e16302948089 req-7b3d6796-a177-4a6b-8dec-e16302948089 ] Request (FlavorsV255TestJSON:test_crud_flavor): 200 POST http://10.180.1.21/compute/v2.1/flavors 1.882s
2024-12-11 06:47:05.137 65539 INFO tempest.lib.common.rest_client [req-5521555b-9672-40fb-b683-7474337a4d9d req-5521555b-9672-40fb-b683-7474337a4d9d ] Request (AggregatesAdminNegativeTestJSON:_run_cleanups): 200 DELETE http://10.180.1.21/compute/v2.1/os-aggregates/1 1.209s
2024-12-11 06:47:05.151 65513 INFO tempest.lib.common.rest_client [req-0c547aa0-fa87-49f9-8775-d0e8cddc3dcc req-0c547aa0-fa87-49f9-8775-d0e8cddc3dcc ] Request (HypervisorAdminNegativeTestJSON:test_get_nonexistent_hypervisor_uptime): 404 GET http://10.180.1.21/compute/v2.1/os-hypervisors/585998bc-7c34-42da-bf79-34da95ec8952/uptime 0.927s
2024-12-11 06:47:05.203 65497 INFO tempest.lib.common.rest_client [req-d1872e3e-c5ca-4fb0-af4a-124cdb7e0dcf req-d1872e3e-c5ca-4fb0-af4a-124cdb7e0dcf ] Request (MigrationsAdminTest:test_list_migrations_in_flavor_resize_situation): 200 GET http://10.180.1.21/compute/v2.1/servers/c4d31828-30cc-4251-9518-6bfa7e0277d3 1.081s
2024-12-11 06:47:05.233 65515 INFO tempest.lib.common.rest_client [req-85bbbee1-3fd4-4eca-bb13-f1fdc7732a50 req-85bbbee1-3fd4-4eca-bb13-f1fdc7732a50 ] Request (FloatingIPDetailsNegativeTestJSON:setUpClass): 201 POST http://10.180.1.21:9696/networking/v2.0/subnets 0.338s
2024-12-11 06:47:05.238 65543 INFO tempest.lib.common.rest_client [req-625d3714-bfc0-49a5-b3da-96aed52ef41c req-625d3714-bfc0-49a5-b3da-96aed52ef41c ] Request (FlavorsExtraSpecsNegativeTestJSON:test_flavor_non_admin_update_specific_key): 200 POST http://10.180.1.21/compute/v2.1/flavors/2062848986/os-extra_specs 0.992s
2024-12-11 06:47:05.239 65511 INFO tempest.lib.common.rest_client [req-2fd70454-3d94-4fc5-89df-d5f00160306e req-2fd70454-3d94-4fc5-89df-d5f00160306e ] Request (ServicesAdminNegativeTestJSON:test_list_services_with_non_admin_user): 403 GET http://10.180.1.21/compute/v2.1/os-services 0.995s
2024-12-11 06:47:05.352 65511 INFO tempest.lib.common.rest_client [req-f6da7eca-a8c7-4cee-9f2c-6f0e5cd78161 req-f6da7eca-a8c7-4cee-9f2c-6f0e5cd78161 ] Request (ServicesAdminNegativeTestJSON:tearDownClass): 204 DELETE http://10.180.1.21/identity/v3/users/b029dd3585334d28a36485f0acd03733 0.111s
2024-12-11 06:47:05.392 65519 INFO tempest.lib.common.rest_client [req-2195aa47-a206-4aa9-b6f8-7e05f060f88e req-2195aa47-a206-4aa9-b6f8-7e05f060f88e ] Request (FloatingIPsAssociationNegativeTestJSON:setUpClass): 200 GET http://10.180.1.21/compute/v2.1/servers/67f4a654-3636-403a-9069-07e99940b83f 1.016s
2024-12-11 06:47:05.418 65528 INFO tempest.lib.common.rest_client [req-e475c790-83cb-4f57-a72d-0d142cc2ee83 req-e475c790-83cb-4f57-a72d-0d142cc2ee83 ] Request (ServersWithSpecificFlavorTestJSON:test_verify_created_server_ephemeral_disk): 200 POST http://10.180.1.21/compute/v2.1/flavors/389938310/os-extra_specs 0.982s
2024-12-11 06:47:05.426 65499 INFO tempest.lib.common.rest_client [req-a88a1adf-abf8-4348-9713-1d69f480d1f3 req-a88a1adf-abf8-4348-9713-1d69f480d1f3 ] Request (HostsAdminNegativeTestJSON:test_shutdown_host_with_non_admin_user): 403 GET http://10.180.1.21/compute/v2.1/os-hosts/devstack/shutdown 0.977s
2024-12-11 06:47:05.459 65511 INFO tempest.lib.common.rest_client [req-8a73b30f-90e5-424d-9eb5-137d1295c482 req-8a73b30f-90e5-424d-9eb5-137d1295c482 ] Request (ServicesAdminNegativeTestJSON:tearDownClass): 204 DELETE http://10.180.1.21/identity/v3/users/0659fabd902f4304995b3183f38627a1 0.106s
