2024-12-11 06:46:59.301 65499 INFO tempest.lib.common.rest_client [req-31e3a297-0dd8-4e87-abff-4cdf8b967454 req-31e3a297-0dd8-4e87-abff-4cdf8b967454 ] Request (HostsAdminNegativeTestJSON:test_reboot_host_with_non_admin_user): 403 GET http://10.180.1.21/compute/v2.1/os-hosts/devstack/reboot 1.301s
2024-12-11 06:46:59.312 65505 INFO tempest.lib.common.rest_client [req-8f8686ca-ea24-4841-8347-2d82bda7394e req-8f8686ca-ea24-4841-8347-2d82bda7394e ] Request (HypervisorAdminV228Test:tearDownClass): 204 DELETE http://10.180.1.21/identity/v3/projects/b1ab69e401194c13aae234065380bfb9 0.210s
2024-12-11 06:46:59.319 65509 INFO tempest.lib.common.rest_client [req-4d80b673-100f-4b85-b976-deba65784cbf req-4d80b673-100f-4b85-b976-deba65784cbf ] Request (FloatingIPDetailsTestJSON:setUpClass): 201 POST http://10.180.1.21/identity/v3/auth/tokens 0.194s
2024-12-11 06:46:59.345 65547 INFO tempest.lib.common.rest_client [req-8a70fc8c-4e85-4ce2-9262-d5b979f6c671 req-8a70fc8c-4e85-4ce2-9262-d5b979f6c671 ] Request (FlavorsAdminTestJSON:setUpClass): 201 POST http://10.180.1.21/identity/v3/projects 0.136s
2024-12-11 06:46:59.371 65501 INFO tempest.lib.common.rest_client [req-feb34197-b013-4ddc-a7a0-fa79ab48d525 req-feb34197-b013-4ddc-a7a0-fa79ab48d525 ] Request (ServerDiagnosticsNegativeTest:test_get_server_diagnostics_by_non_admin): 202 POST http://10.180.1.21/compute/v2.1/servers 1.531s
2024-12-11 06:46:59.393 65521 INFO tempest.lib.common.rest_client [req-79f11e4f-6de7-469e-9ccc-c08c77b67d2c req-79f11e4f-6de7-469e-9ccc-c08c77b67d2c ] Request (NetworksTest:test_list_all_networks): 200 GET http://10.180.1.21/compute/v2.1/os-networks 1.335s
2024-12-11 06:46:59.394 65535 INFO tempest.lib.common.rest_client [req-bfbe87db-3870-4c29-81cc-bd66e3765473 req-bfbe87db-3870-4c29-81cc-bd66e3765473 ] Request (HypervisorAdminTestJSON:test_get_hypervisor_show_details): 200 GET http://10.180.1.21/compute/v2.1/os-hypervisors 1.266s
2024-12-11 06:46:59.412 65541 INFO tempest.lib.common.rest_client [req-4f448db4-f23b-4a6e-938c-0adf87109bfe req-4f448db4-f23b-4a6e-938c-0adf87109bfe ] Request (VolumesAssistedSnapshotsTest:setUpClass): 201 POST http://10.180.1.21/identity/v3/users 0.151s
2024-12-11 06:46:59.432 65505 INFO tempest.lib.common.rest_client [req-fbe44420-90b3-42be-8d07-38b4144fbabc req-fbe44420-90b3-42be-8d07-38b4144fbabc ] Request (ServersAdmin275Test:setUpClass): 201 POST http://10.180.1.21/identity/v3/auth/tokens 0.118s
2024-12-11 06:46:59.448 65509 INFO tempest.lib.common.rest_client [req-924be73d-f5f4-4e64-b84a-e3ff3dba5018 req-924be73d-f5f4-4e64-b84a-e3ff3dba5018 ] Request (FloatingIPDetailsTestJSON:setUpClass): 201 POST http://10.180.1.21/identity/v3/auth/tokens 0.127s
2024-12-11 06:46:59.453 65547 INFO tempest.lib.common.rest_client [req-c4e797e3-aa34-4087-848c-6a46a8173f20 req-c4e797e3-aa34-4087-848c-6a46a8173f20 ] Request (FlavorsAdminTestJSON:setUpClass): 201 POST http://10.180.1.21/identity/v3/users 0.107s
2024-12-11 06:46:59.507 65521 INFO tempest.lib.common.rest_client [req-c7b70e2c-be65-4316-a7e5-6557522f7212 req-c7b70e2c-be65-4316-a7e5-6557522f7212 ] Request (NetworksTest:tearDownClass): 204 DELETE http://10.180.1.21/identity/v3/users/3a71d7ec009e4147bdda2df209fb98af 0.113s
2024-12-11 06:46:59.559 65541 INFO tempest.lib.common.rest_client [req-c0c51dd0-3264-4d33-9a2e-b47aee7fd485 req-c0c51dd0-3264-4d33-9a2e-b47aee7fd485 ] Request (VolumesAssistedSnapshotsTest:setUpClass): 200 GET http://10.180.1.21/identity/v3/roles 0.146s
2024-12-11 06:46:59.582 65505 INFO tempest.lib.common.rest_client [req-92b10d15-a609-4a66-ba21-12f7dfb6b905 req-92b10d15-a609-4a66-ba21-12f7dfb6b905 ] Request (ServersAdmin275Test:setUpClass): 201 POST http://10.180.1.21/identity/v3/auth/tokens 0.147s
2024-12-11 06:46:59.604 65509 INFO tempest.lib.common.rest_client [req-76be82ae-548b-471f-8085-278059f9405d req-76be82ae-548b-471f-8085-278059f9405d ] Request (FloatingIPDetailsTestJSON:setUpClass): 200 GET http://10.180.1.21/identity/v3/domains?name=Default 0.155s
2024-12-11 06:46:59.641 65517 INFO tempest.lib.common.rest_client [req-d28150c3-6846-4e5c-9025-19531e5b248c req-d28150c3-6846-4e5c-9025-19531e5b248c ] Request (AZAdminV2TestJSON:tearDownClass): 200 GET http://10.180.1.21:9696/networking/v2.0/security-groups?tenant_id=c5f40ec543c04804aabf1927027d05fa&name=default 0.410s
2024-12-11 06:46:59.654 65547 INFO tempest.lib.common.rest_client [req-5ea12ffd-9945-41d2-bd34-605b216fa802 req-5ea12ffd-9945-41d2-bd34-605b216fa802 ] Request (FlavorsAdminTestJSON:setUpClass): 200 GET http://10.180.1.21/identity/v3/roles 0.200s
2024-12-11 06:46:59.700 65521 INFO tempest.lib.common.rest_client [req-2a739a5c-2a8b-472c-af2c-09d8eeb84dd7 req-2a739a5c-2a8b-472c-af2c-09d8eeb84dd7 ] Request (NetworksTest:tearDownClass): 204 DELETE http://10.180.1.21/identity/v3/users/6d8c70079d9647049550d2023a3409b0 0.192s
2024-12-11 06:46:59.701 65521 INFO tempest.lib.common.dynamic_creds [-] Deleting project and security group for project: f91290c13a284b4aa2f6261b71f27509
2024-12-11 06:46:59.741 65517 INFO tempest.lib.common.rest_client [req-1a4e0a3d-0886-4c11-a8fc-77e4c6ccbb40 req-1a4e0a3d-0886-4c11-a8fc-77e4c6ccbb40 ] Request (AZAdminV2TestJSON:tearDownClass): 204 DELETE http://10.180.1.21:9696/networking/v2.0/security-groups/73f04ae9-6985-4804-9a01-c6695d8589b0 0.100s
2024-12-11 06:46:59.759 65541 INFO tempest.lib.common.rest_client [req-b0dcb6d8-b588-4d4d-927f-2aad43399477 req-b0dcb6d8-b588-4d4d-927f-2aad43399477 ] Request (VolumesAssistedSnapshotsTest:setUpClass): 204 PUT http://10.180.1.21/identity/v3/projects/7c7731e077314d98aa1f323eb13537f7/users/5cc6cc8679054f858819d4a7f2ff0b75/roles/ecc1ff50db33429591452c989eada268 0.199s
2024-12-11 06:46:59.795 65555 INFO tempest.lib.common.rest_client [req-6f4053f1-e5c6-4646-ab29-a156059c10fb req-6f4053f1-e5c6-4646-ab29-a156059c10fb ] Request (SecurityGroupsTestAdminJSON:test_list_security_groups_list_all_tenants_filter): 200 POST http://10.180.1.21/compute/v2.1/os-security-groups 1.498s
2024-12-11 06:46:59.814 65505 INFO tempest.lib.common.rest_client [req-ab2e9a4a-6144-47e3-a179-3288e0504390 req-ab2e9a4a-6144-47e3-a179-3288e0504390 ] Request (ServersAdmin275Test:setUpClass): 200 GET http://10.180.1.21/identity/v3/domains?name=Default 0.231s
2024-12-11 06:46:59.837 65509 INFO tempest.lib.common.rest_client [req-28c7220c-049a-4f21-9779-caade6e448d1 req-28c7220c-049a-4f21-9779-caade6e448d1 ] Request (FloatingIPDetailsTestJSON:setUpClass): 201 POST http://10.180.1.21/identity/v3/projects 0.233s
2024-12-11 06:46:59.847 65515 INFO tempest.lib.common.rest_client [req-1374b86f-cfae-4284-b99f-2443d90aeaa3 req-1374b86f-cfae-4284-b99f-2443d90aeaa3 ] Request (QuotasAdminTestV236:test_get_updated_quotas): 200 PUT http://10.180.1.21/compute/v2.1/os-quota-sets/1f7d9ae889ef4a88bc5da969f0f7f6af?user_id=335c6461216e42768de3dba924bd62b4 1.668s
2024-12-11 06:46:59.854 65547 INFO tempest.lib.common.rest_client [req-76e1d3ac-4aaf-4a15-9e82-44387f576cb1 req-76e1d3ac-4aaf-4a15-9e82-44387f576cb1 ] Request (FlavorsAdminTestJSON:setUpClass): 204 PUT http://10.180.1.21/identity/v3/projects/76b565a0e68e4c17ad640d15536ffb0b/users/222f9fc118584aa9b234a25f41312424/roles/cc64a115fef74f16a3e24c50532ea470 0.200s
2024-12-11 06:46:59.855 65547 INFO tempest.lib.common.dynamic_creds [-] Dynamic test user 222f9fc118584aa9b234a25f41312424 is created with scope project and roles: ['member']
2024-12-11 06:46:59.855 65547 INFO tempest.lib.common.dynamic_creds [-] Acquired dynamic creds: credentials: Credentials: {'domain_id': 'default', 'domain_name': 'Default', 'username': 'tempest-FlavorsAdminTestJSON-389723555-project-member', 'project_domain_id': 'default', 'project_domain_name': 'Default', 'project_id': '76b565a0e68e4c17ad640d15536ffb0b', 'project_name': 'tempest-FlavorsAdminTestJSON-389723555', 'tenant_id': '76b565a0e68e4c17ad640d15536ffb0b', 'tenant_name': 'tempest-FlavorsAdminTestJSON-389723555', 'user_domain_id': 'default', 'user_domain_name': 'Default', 'user_id': '222f9fc118584aa9b234a25f41312424', 'system': None}, Network: None, Subnet: None, Router: None
2024-12-11 06:46:59.855 65547 INFO tempest.lib.common.dynamic_creds [-] Created isolated network resources for: credentials: Credentials: {'domain_id': 'default', 'domain_name': 'Default', 'username': 'tempest-FlavorsAdminTestJSON-389723555-project-member', 'project_domain_id': 'default', 'project_domain_name': 'Default', 'project_id': '76b565a0e68e4c17ad640d15536ffb0b', 'project_name': 'tempest-FlavorsAdminTestJSON-389723555', 'tenant_id': '76b565a0e68e4c17ad640d15536ffb0b', 'tenant_name': 'tempest-FlavorsAdminTestJSON-389723555', 'user_domain_id': 'default', 'user_domain_name': 'Default', 'user_id': '222f9fc118584aa9b234a25f41312424', 'system': None}, Network: None, Subnet: None, Router: None
2024-12-11 06:46:59.858 65545 INFO tempest.lib.common.rest_client [req-06de7641-4b53-4f03-a675-638313afa03b req-06de7641-4b53-4f03-a675-638313afa03b ] Request (KeyPairsV210TestJSON:test_admin_manage_keypairs_for_other_users): 200 GET http://10.180.1.21/compute/v2.1/os-keypairs/tempest-keypair-1438816841?user_id=a7329cd0afb941dba513e12d1a655731 1.483s
2024-12-11 06:46:59.891 65551 INFO tempest.lib.common.rest_client [req-8a1e274a-c416-4cdd-baa9-65d0497ca79b req-8a1e274a-c416-4cdd-baa9-65d0497ca79b ] Request (FlavorsV261TestJSON:test_crud_flavor): 200 PUT http://10.180.1.21/compute/v2.1/flavors/442146515 1.439s
2024-12-11 06:46:59.896 65521 INFO tempest.lib.common.rest_client [req-d8de0a7f-0610-4079-8f1f-2c5853f0bbd6 req-d8de0a7f-0610-4079-8f1f-2c5853f0bbd6 ] Request (NetworksTest:tearDownClass): 201 POST http://10.180.1.21/identity/v3/auth/tokens 0.195s
2024-12-11 06:46:59.913 65541 INFO tempest.lib.common.rest_client [req-3091bab3-256e-48e4-a19b-ec87283f529f req-3091bab3-256e-48e4-a19b-ec87283f529f ] Request (VolumesAssistedSnapshotsTest:setUpClass): 200 GET http://10.180.1.21/identity/v3/roles 0.154s
2024-12-11 06:46:59.934 65517 INFO tempest.lib.common.rest_client [req-6432db85-d218-4615-bc6f-2700c09e87e6 req-6432db85-d218-4615-bc6f-2700c09e87e6 ] Request (AZAdminV2TestJSON:tearDownClass): 204 DELETE http://10.180.1.21/identity/v3/projects/c5f40ec543c04804aabf1927027d05fa 0.192s
2024-12-11 06:46:59.934 65517 INFO tempest.lib.common.dynamic_creds [-] Deleting project and security group for project: 00304c3f7afa43d3b097f39027fab3e5
2024-12-11 06:46:59.986 65505 INFO tempest.lib.common.rest_client [req-50c894a5-a3f3-4fde-8c36-377982475fe5 req-50c894a5-a3f3-4fde-8c36-377982475fe5 ] Request (ServersAdmin275Test:setUpClass): 201 POST http://10.180.1.21/identity/v3/projects 0.172s
2024-12-11 06:46:59.993 65509 INFO tempest.lib.common.rest_client [req-1a1dd402-71dd-4226-be0c-c7c60c9e37ea req-1a1dd402-71dd-4226-be0c-c7c60c9e37ea ] Request (FloatingIPDetailsTestJSON:setUpClass): 201 POST http://10.180.1.21/identity/v3/users 0.155s
2024-12-11 06:47:00.042 65517 INFO tempest.lib.common.rest_client [req-6a77cb0f-21d4-4dbf-a915-beab83a7101e req-6a77cb0f-21d4-4dbf-a915-beab83a7101e ] Request (AZAdminV2TestJSON:tearDownClass): 200 GET http://10.180.1.21:9696/networking/v2.0/security-groups?tenant_id=00304c3f7afa43d3b097f39027fab3e5&name=default 0.108s
2024-12-11 06:47:00.062 65547 INFO tempest.lib.common.rest_client [req-eab4569a-c708-4c03-94ac-6f9e8c53bb00 req-eab4569a-c708-4c03-94ac-6f9e8c53bb00 ] Request (FlavorsAdminTestJSON:setUpClass): 201 POST http://10.180.1.21/identity/v3/auth/tokens 0.199s
2024-12-11 06:47:00.111 65517 INFO tempest.lib.common.rest_client [req-e2f03aca-8ede-489b-993e-a59d58e74c6a req-e2f03aca-8ede-489b-993e-a59d58e74c6a ] Request (AZAdminV2TestJSON:tearDownClass): 204 DELETE http://10.180.1.21:9696/networking/v2.0/security-groups/0cc3a1fb-74ff-4040-998d-b936402a9e5b 0.068s
2024-12-11 06:47:00.116 65541 INFO tempest.lib.common.rest_client [req-ea4c8849-067f-402c-bd68-0ce6c9d90470 req-ea4c8849-067f-402c-bd68-0ce6c9d90470 ] Request (VolumesAssistedSnapshotsTest:setUpClass): 204 PUT http://10.180.1.21/identity/v3/projects/7c7731e077314d98aa1f323eb13537f7/users/5cc6cc8679054f858819d4a7f2ff0b75/roles/3e9b16c0a76847d991da8f8d16654ea9 0.202s
2024-12-11 06:47:00.116 65541 INFO tempest.lib.common.dynamic_creds [-] Dynamic test user 5cc6cc8679054f858819d4a7f2ff0b75 is created with scope project and roles: ['service', 'admin']
2024-12-11 06:47:00.116 65541 INFO tempest.lib.common.dynamic_creds [-] Acquired dynamic creds: credentials: Credentials: {'domain_id': 'default', 'domain_name': 'Default', 'username': 'tempest-VolumesAssistedSnapshotsTest-1892545062-project', 'project_domain_id': 'default', 'project_domain_name': 'Default', 'project_id': '7c7731e077314d98aa1f323eb13537f7', 'project_name': 'tempest-VolumesAssistedSnapshotsTest-1892545062', 'tenant_id': '7c7731e077314d98aa1f323eb13537f7', 'tenant_name': 'tempest-VolumesAssistedSnapshotsTest-1892545062', 'user_domain_id': 'default', 'user_domain_name': 'Default', 'user_id': '5cc6cc8679054f858819d4a7f2ff0b75', 'system': None}, Network: None, Subnet: None, Router: None
2024-12-11 06:47:00.156 65509 INFO tempest.lib.common.rest_client [req-0a18fb32-bdef-47a9-ab51-e63847ffe9db req-0a18fb32-bdef-47a9-ab51-e63847ffe9db ] Request (FloatingIPDetailsTestJSON:setUpClass): 200 GET http://10.180.1.21/identity/v3/roles 0.163s
2024-12-11 06:47:00.169 65505 INFO tempest.lib.common.rest_client [req-6f07bb4d-8be9-42b4-80a0-1ae3df32864e req-6f07bb4d-8be9-42b4-80a0-1ae3df32864e ] Request (ServersAdmin275Test:setUpClass): 201 POST http://10.180.1.21/identity/v3/users 0.182s
2024-12-11 06:47:00.246 65547 INFO tempest.lib.common.rest_client [req-f64b43c3-ec82-4d4b-9267-91e6fe679ff9 req-f64b43c3-ec82-4d4b-9267-91e6fe679ff9 ] Request (FlavorsAdminTestJSON:setUpClass): 201 POST http://10.180.1.21/identity/v3/projects 0.183s
2024-12-11 06:47:00.262 65521 INFO tempest.lib.common.rest_client [req-6601b652-44ac-449d-ac32-0d1ead3e5d24 req-6601b652-44ac-449d-ac32-0d1ead3e5d24 ] Request (NetworksTest:tearDownClass): 200 GET http://10.180.1.21:9696/networking/v2.0/security-groups?tenant_id=f91290c13a284b4aa2f6261b71f27509&name=default 0.365s
2024-12-11 06:47:00.305 65509 INFO tempest.lib.common.rest_client [req-3d6ec3c5-5fef-4abb-87a0-5e4b8ba96223 req-3d6ec3c5-5fef-4abb-87a0-5e4b8ba96223 ] Request (FloatingIPDetailsTestJSON:setUpClass): 204 PUT http://10.180.1.21/identity/v3/projects/085d819d0d004e7cb18a37c3656f2bd3/users/a7cb35edd094417cb25477afb2f26c1c/roles/cc64a115fef74f16a3e24c50532ea470 0.148s
2024-12-11 06:47:00.305 65509 INFO tempest.lib.common.dynamic_creds [-] Dynamic test user a7cb35edd094417cb25477afb2f26c1c is created with scope project and roles: ['member']
2024-12-11 06:47:00.305 65509 INFO tempest.lib.common.dynamic_creds [-] Acquired dynamic creds: credentials: Credentials: {'domain_id': 'default', 'domain_name': 'Default', 'username': 'tempest-FloatingIPDetailsTestJSON-1225689735-project-member', 'project_domain_id': 'default', 'project_domain_name': 'Default', 'project_id': '085d819d0d004e7cb18a37c3656f2bd3', 'project_name': 'tempest-FloatingIPDetailsTestJSON-1225689735', 'tenant_id': '085d819d0d004e7cb18a37c3656f2bd3', 'tenant_name': 'tempest-FloatingIPDetailsTestJSON-1225689735', 'user_domain_id': 'default', 'user_domain_name': 'Default', 'user_id': 'a7cb35edd094417cb25477afb2f26c1c', 'system': None}, Network: None, Subnet: None, Router: None
2024-12-11 06:47:00.351 65517 INFO tempest.lib.common.rest_client [req-5a9f3058-b242-40de-b49b-caa29fb86dc1 req-5a9f3058-b242-40de-b49b-caa29fb86dc1 ] Request (AZAdminV2TestJSON:tearDownClass): 204 DELETE http://10.180.1.21/identity/v3/projects/00304c3f7afa43d3b097f39027fab3e5 0.239s
2024-12-11 06:47:00.376 65541 INFO tempest.lib.common.rest_client [req-649ed9c2-21a8-4bc9-8eb4-1de8a601919e req-649ed9c2-21a8-4bc9-8eb4-1de8a601919e ] Request (VolumesAssistedSnapshotsTest:setUpClass): 201 POST http://10.180.1.21:9696/networking/v2.0/networks 0.259s
2024-12-11 06:47:00.398 65505 INFO tempest.lib.common.rest_client [req-34673506-24c7-462b-8dc9-64599c350527 req-34673506-24c7-462b-8dc9-64599c350527 ] Request (ServersAdmin275Test:setUpClass): 200 GET http://10.180.1.21/identity/v3/roles 0.229s
2024-12-11 06:47:00.406 65521 INFO tempest.lib.common.rest_client [req-70ded8d7-6a05-4af2-b45f-2a830916e80b req-70ded8d7-6a05-4af2-b45f-2a830916e80b ] Request (NetworksTest:tearDownClass): 204 DELETE http://10.180.1.21:9696/networking/v2.0/security-groups/97838b35-5c7c-4da2-a5d5-acbcf150c5c7 0.144s
2024-12-11 06:47:00.432 65547 INFO tempest.lib.common.rest_client [req-7b31e02d-58f8-48a9-bc13-1d16f22fb8e0 req-7b31e02d-58f8-48a9-bc13-1d16f22fb8e0 ] Request (FlavorsAdminTestJSON:setUpClass): 201 POST http://10.180.1.21/identity/v3/users 0.185s
2024-12-11 06:47:00.457 65509 INFO tempest.lib.common.rest_client [req-1cff2c26-4894-4cc3-b1a2-bc6bff33ddc1 req-1cff2c26-4894-4cc3-b1a2-bc6bff33ddc1 ] Request (FloatingIPDetailsTestJSON:setUpClass): 201 POST http://10.180.1.21/identity/v3/auth/tokens 0.151s
2024-12-11 06:47:00.472 65549 INFO tempest.lib.common.rest_client [req-2b09fdca-8ea7-43c7-ba85-a54b28e66fb9 req-2b09fdca-8ea7-43c7-ba85-a54b28e66fb9 ] Request (FloatingIPsTestJSON:_run_cleanups): 202 DELETE http://10.180.1.21/compute/v2.1/os-floating-ips/810461c6-2f2d-4783-987b-643daa69b84e 1.853s
2024-12-11 06:47:00.487 65517 INFO tempest.lib.common.rest_client [req-bc3a2336-4af1-4b73-a60f-8f9096fcbf9e req-bc3a2336-4af1-4b73-a60f-8f9096fcbf9e ] Request (FlavorsV255TestJSON:setUpClass): 201 POST http://10.180.1.21/identity/v3/auth/tokens 0.133s
2024-12-11 06:47:00.500 65505 INFO tempest.lib.common.rest_client [req-c69fd629-08d2-4931-9f0c-e40ae03a3d61 req-c69fd629-08d2-4931-9f0c-e40ae03a3d61 ] Request (ServersAdmin275Test:setUpClass): 204 PUT http://10.180.1.21/identity/v3/projects/64e667d72b9b4d3fab25620f5456a107/users/82f15134d0014f50b8b14155d1950b3b/roles/cc64a115fef74f16a3e24c50532ea470 0.101s
2024-12-11 06:47:00.500 65505 INFO tempest.lib.common.dynamic_creds [-] Dynamic test user 82f15134d0014f50b8b14155d1950b3b is created with scope project and roles: ['member']
2024-12-11 06:47:00.500 65505 INFO tempest.lib.common.dynamic_creds [-] Acquired dynamic creds: credentials: Credentials: {'domain_id': 'default', 'domain_name': 'Default', 'username': 'tempest-ServersAdmin275Test-1115377987-project-member', 'project_domain_id': 'default', 'project_domain_name': 'Default', 'project_id': '64e667d72b9b4d3fab25620f5456a107', 'project_name': 'tempest-ServersAdmin275Test-1115377987', 'tenant_id': '64e667d72b9b4d3fab25620f5456a107', 'tenant_name': 'tempest-ServersAdmin275Test-1115377987', 'user_domain_id': 'default', 'user_domain_name': 'Default', 'user_id': '82f15134d0014f50b8b14155d1950b3b', 'system': None}, Network: None, Subnet: None, Router: None
2024-12-11 06:47:00.501 65505 INFO tempest.lib.common.dynamic_creds [-] Created isolated network resources for: credentials: Credentials: {'domain_id': 'default', 'domain_name': 'Default', 'username': 'tempest-ServersAdmin275Test-1115377987-project-member', 'project_domain_id': 'default', 'project_domain_name': 'Default', 'project_id': '64e667d72b9b4d3fab25620f5456a107', 'project_name': 'tempest-ServersAdmin275Test-1115377987', 'tenant_id': '64e667d72b9b4d3fab25620f5456a107', 'tenant_name': 'tempest-ServersAdmin275Test-1115377987', 'user_domain_id': 'default', 'user_domain_name': 'Default', 'user_id': '82f15134d0014f50b8b14155d1950b3b', 'system': None}, Network: None, Subnet: None, Router: None
2024-12-11 06:47:00.544 65539 INFO tempest.lib.common.rest_client [req-3c42ea33-a6bd-496f-85d0-04a3e7755852 req-3c42ea33-a6bd-496f-85d0-04a3e7755852 ] Request (AggregatesAdminNegativeTestJSON:test_aggregate_add_existent_host): 200 POST http://10.180.1.21/compute/v2.1/os-aggregates/1/action 2.207s
2024-12-11 06:47:00.548 65513 INFO tempest.lib.common.rest_client [req-4f076b94-ef0a-4736-85db-5c8e73979f06 req-4f076b94-ef0a-4736-85db-5c8e73979f06 ] Request (HypervisorAdminNegativeTestJSON:test_get_hypervisor_stats_with_non_admin_user): 403 GET http://10.180.1.21/compute/v2.1/os-hypervisors/statistics 1.896s
2024-12-11 06:47:00.559 65497 INFO tempest.lib.common.rest_client [req-2eeb7973-1dad-4903-bc9d-1b8205d2159e req-2eeb7973-1dad-4903-bc9d-1b8205d2159e ] Request (MigrationsAdminTest:test_list_migrations_in_flavor_resize_situation): 200 GET http://10.180.1.21/compute/v2.1/servers/c4d31828-30cc-4251-9518-6bfa7e0277d3 1.913s
2024-12-11 06:47:00.561 65547 INFO tempest.lib.common.rest_client [req-a0997ccd-65e2-4942-bc34-452964a7c4b1 req-a0997ccd-65e2-4942-bc34-452964a7c4b1 ] Request (FlavorsAdminTestJSON:setUpClass): 200 GET http://10.180.1.21/identity/v3/roles 0.128s
2024-12-11 06:47:00.566 65541 INFO tempest.lib.common.rest_client [req-b37874e9-7c4e-45d4-b454-ae6bc0841c3b req-b37874e9-7c4e-45d4-b454-ae6bc0841c3b ] Request (VolumesAssistedSnapshotsTest:setUpClass): 201 POST http://10.180.1.21:9696/networking/v2.0/subnets 0.190s
2024-12-11 06:47:00.578 65557 INFO tempest.lib.common.rest_client [req-66c10eba-00cd-4759-bfbb-946cb591e6ee req-66c10eba-00cd-4759-bfbb-946cb591e6ee ] Request (HostsAdminTestJSON:test_list_hosts_with_nonexistent_zone): 200 GET http://10.180.1.21/compute/v2.1/os-hosts?zone=xxx 1.898s
2024-12-11 06:47:00.587 65521 INFO tempest.lib.common.rest_client [req-19824824-eb1f-4b48-8b63-2e204f83d993 req-19824824-eb1f-4b48-8b63-2e204f83d993 ] Request (NetworksTest:tearDownClass): 204 DELETE http://10.180.1.21/identity/v3/projects/f91290c13a284b4aa2f6261b71f27509 0.180s
2024-12-11 06:47:00.587 65521 INFO tempest.lib.common.dynamic_creds [-] Deleting project and security group for project: b02d772de57e43be95d80b8fb6238572
2024-12-11 06:47:00.602 65529 INFO tempest.lib.common.rest_client [req-0ab7048c-0b49-4028-bcf4-79cdbe7597fa req-0ab7048c-0b49-4028-bcf4-79cdbe7597fa ] Request (HypervisorAdminUnderV252Test:test_search_hypervisor): 200 GET http://10.180.1.21/compute/v2.1/os-hypervisors/domain-c8.fc996f14-c53b-4953-92e3-bdfa48f5cc28/search 1.901s
2024-12-11 06:47:00.625 65511 INFO tempest.lib.common.rest_client [req-730c7568-c0c3-4ba6-929a-c798ba68fb95 req-730c7568-c0c3-4ba6-929a-c798ba68fb95 ] Request (ServicesAdminNegativeTestJSON:test_get_service_by_invalid_service_and_valid_host): 200 GET http://10.180.1.21/compute/v2.1/os-services?host=devstack&binary=xxx 1.902s
2024-12-11 06:47:00.642 65519 INFO tempest.lib.common.rest_client [req-f35808fd-163d-43a0-a195-2fe0cd5d32fb req-f35808fd-163d-43a0-a195-2fe0cd5d32fb ] Request (FloatingIPsAssociationNegativeTestJSON:setUpClass): 200 GET http://10.180.1.21/compute/v2.1/servers/67f4a654-3636-403a-9069-07e99940b83f 1.959s
2024-12-11 06:47:00.648 65543 INFO tempest.lib.common.rest_client [req-31eeb96f-5067-4ff4-820a-52932e3db43f req-31eeb96f-5067-4ff4-820a-52932e3db43f ] Request (FlavorsExtraSpecsNegativeTestJSON:test_flavor_non_admin_set_keys): 403 POST http://10.180.1.21/compute/v2.1/flavors/2062848986/os-extra_specs 1.741s
2024-12-11 06:47:00.652 65519 INFO tempest.common.waiters [-] State transition "BUILD/None" ==> "BUILD/block_device_mapping" after 3 second wait
2024-12-11 06:47:00.669 65517 INFO tempest.lib.common.rest_client [req-939d66eb-3c79-4e2a-a3f9-38faabd3d7bb req-939d66eb-3c79-4e2a-a3f9-38faabd3d7bb ] Request (FlavorsV255TestJSON:setUpClass): 201 POST http://10.180.1.21/identity/v3/auth/tokens 0.179s
2024-12-11 06:47:00.717 65507 INFO tempest.lib.common.rest_client [req-c7593842-c724-4ad7-ae3f-c15c530207dd req-c7593842-c724-4ad7-ae3f-c15c530207dd ] Request (ServerDiagnosticsTest:test_get_server_diagnostics): 200 GET http://10.180.1.21/compute/v2.1/servers/2876bf4f-c175-45ec-90a4-c792e707a1da 1.944s
2024-12-11 06:47:00.725 65547 INFO tempest.lib.common.rest_client [req-8ad49859-99e3-4983-8e35-cd62098dcc0f req-8ad49859-99e3-4983-8e35-cd62098dcc0f ] Request (FlavorsAdminTestJSON:setUpClass): 204 PUT http://10.180.1.21/identity/v3/projects/d689ebea1e624235af8dcbfc5cbc49d6/users/676f37b70c8048ce8cbf217adb1357cf/roles/3e9b16c0a76847d991da8f8d16654ea9 0.163s
2024-12-11 06:47:00.758 65505 INFO tempest.lib.common.rest_client [req-fef1b3ee-9035-47b6-adca-9cbc5f5d538d req-fef1b3ee-9035-47b6-adca-9cbc5f5d538d ] Request (ServersAdmin275Test:setUpClass): 201 POST http://10.180.1.21/identity/v3/auth/tokens 0.254s
2024-12-11 06:47:00.791 65533 INFO tempest.lib.common.rest_client [req-cbc7476b-acb4-4edf-bd1f-ce181a858cde req-cbc7476b-acb4-4edf-bd1f-ce181a858cde ] Request (ImagesOneServerTestJSON:setUpClass): 200 GET http://10.180.1.21/compute/v2.1/servers/4d25227b-f598-4ab7-84ad-de27ba786c75 1.707s
2024-12-11 06:47:00.815 65521 INFO tempest.lib.common.rest_client [req-0ca136e6-92a9-4c36-9692-297da6501835 req-0ca136e6-92a9-4c36-9692-297da6501835 ] Request (NetworksTest:tearDownClass): 200 GET http://10.180.1.21:9696/networking/v2.0/security-groups?tenant_id=b02d772de57e43be95d80b8fb6238572&name=default 0.225s
2024-12-11 06:47:00.854 65529 INFO tempest.lib.common.rest_client [req-0357db99-36a9-40f8-ba3e-6b68e7e00601 req-0357db99-36a9-40f8-ba3e-6b68e7e00601 ] Request (HypervisorAdminUnderV252Test:tearDownClass): 204 DELETE http://10.180.1.21/identity/v3/users/1582217bf1e44be284d9102f692fe440 0.247s
2024-12-11 06:47:00.862 65503 INFO tempest.lib.common.rest_client [req-8845ae19-40c4-437e-adbd-524c13159974 req-8845ae19-40c4-437e-adbd-524c13159974 ] Request (DeleteServersAdminTestJSON:test_admin_delete_servers_of_others): 200 GET http://10.180.1.21/compute/v2.1/servers/968df21c-4dfa-4211-9127-0ef4dcc13593 1.758s
2024-12-11 06:47:00.897 65528 INFO tempest.lib.common.rest_client [req-e328ae2b-0055-4ce7-890c-ed2f5eece02c req-e328ae2b-0055-4ce7-890c-ed2f5eece02c ] Request (ServersWithSpecificFlavorTestJSON:test_verify_created_server_ephemeral_disk): 200 GET http://10.180.1.21/compute/v2.1/flavors/42 1.974s
2024-12-11 06:47:00.927 65517 INFO tempest.lib.common.rest_client [req-7108f6bf-4106-49a9-b10b-b0f3e44c1154 req-7108f6bf-4106-49a9-b10b-b0f3e44c1154 ] Request (FlavorsV255TestJSON:setUpClass): 200 GET http://10.180.1.21/identity/v3/domains?name=Default 0.257s
2024-12-11 06:47:00.958 65547 INFO tempest.lib.common.rest_client [req-48774672-420e-4059-b081-99663664273e req-48774672-420e-4059-b081-99663664273e ] Request (FlavorsAdminTestJSON:setUpClass): 200 GET http://10.180.1.21/identity/v3/roles 0.232s
2024-12-11 06:47:00.960 65505 INFO tempest.lib.common.rest_client [req-4739a9f6-3c22-4b59-9820-960da36be6da req-4739a9f6-3c22-4b59-9820-960da36be6da ] Request (ServersAdmin275Test:setUpClass): 201 POST http://10.180.1.21/identity/v3/projects 0.201s
2024-12-11 06:47:00.967 65531 INFO tempest.lib.common.rest_client [req-58e90b0f-b6af-4ef2-af5f-37ec63d91082 req-58e90b0f-b6af-4ef2-af5f-37ec63d91082 ] Request (ServerDiagnosticsV248Test:test_get_server_diagnostics): 200 GET http://10.180.1.21/compute/v2.1/servers/e41bc716-010d-474f-8704-feefc74facb7 1.774s
2024-12-11 06:47:00.985 65521 INFO tempest.lib.common.rest_client [req-fbf0145a-6a15-4619-a7bb-082d23f83473 req-fbf0145a-6a15-4619-a7bb-082d23f83473 ] Request (NetworksTest:tearDownClass): 204 DELETE http://10.180.1.21:9696/networking/v2.0/security-groups/70c0e0a2-d4a2-4d33-a155-dddec75abb4e 0.170s
2024-12-11 06:47:00.991 65537 INFO tempest.lib.common.rest_client [req-2ee8b49b-28f0-4354-be5b-74d6ff8e0e24 req-2ee8b49b-28f0-4354-be5b-74d6ff8e0e24 ] Request (FlavorMetadataValidation:_run_cleanups): 200 GET http://10.180.1.21/compute/v2.1/flavors/detail 1.700s
2024-12-11 06:47:01.007 65499 INFO tempest.lib.common.rest_client [req-4f14b348-e33e-4f36-b4c0-42cef69e36e1 req-4f14b348-e33e-4f36-b4c0-42cef69e36e1 ] Request (HostsAdminNegativeTestJSON:test_reboot_nonexistent_host): 404 GET http://10.180.1.21/compute/v2.1/os-hosts/nonexistent_hostname/reboot 1.705s
2024-12-11 06:47:01.031 65517 INFO tempest.lib.common.rest_client [req-9053b759-e5f8-478d-9348-f276644f9cac req-9053b759-e5f8-478d-9348-f276644f9cac ] Request (FlavorsV255TestJSON:setUpClass): 201 POST http://10.180.1.21/identity/v3/projects 0.103s
2024-12-11 06:47:01.066 65501 INFO tempest.lib.common.rest_client [req-0ae0b121-ccaa-4cd4-a86f-309269ee74fa req-0ae0b121-ccaa-4cd4-a86f-309269ee74fa ] Request (ServerDiagnosticsNegativeTest:test_get_server_diagnostics_by_non_admin): 200 GET http://10.180.1.21/compute/v2.1/servers/a593698f-862a-4017-83f6-cbd8feeb807d 1.692s
2024-12-11 06:47:01.093 65535 INFO tempest.lib.common.rest_client [req-b349ab8a-0880-4e98-8c0c-f3aac1e1a75e req-b349ab8a-0880-4e98-8c0c-f3aac1e1a75e ] Request (HypervisorAdminTestJSON:test_get_hypervisor_show_details): 200 GET http://10.180.1.21/compute/v2.1/os-hypervisors/1 1.698s
2024-12-11 06:47:01.106 65529 INFO tempest.lib.common.rest_client [req-abba0ff4-b653-4da6-876c-4223cca3e087 req-abba0ff4-b653-4da6-876c-4223cca3e087 ] Request (HypervisorAdminUnderV252Test:tearDownClass): 204 DELETE http://10.180.1.21/identity/v3/users/ba087e46cdb345bebcf282323e0646a1 0.252s
2024-12-11 06:47:01.107 65529 INFO tempest.lib.common.dynamic_creds [-] Deleting project and security group for project: ac1ccfd1218d4b7e90db050f35354fc8
2024-12-11 06:47:01.121 65547 INFO tempest.lib.common.rest_client [req-077583d2-a36f-4cf3-8a7f-6aea1fd466eb req-077583d2-a36f-4cf3-8a7f-6aea1fd466eb ] Request (FlavorsAdminTestJSON:setUpClass): 204 PUT http://10.180.1.21/identity/v3/projects/d689ebea1e624235af8dcbfc5cbc49d6/users/676f37b70c8048ce8cbf217adb1357cf/roles/3e9b16c0a76847d991da8f8d16654ea9 0.163s
2024-12-11 06:47:01.122 65547 INFO tempest.lib.common.dynamic_creds [-] Dynamic test user 676f37b70c8048ce8cbf217adb1357cf is created with scope project and roles: ['admin']
2024-12-11 06:47:01.122 65547 INFO tempest.lib.common.dynamic_creds [-] Acquired dynamic creds: credentials: Credentials: {'domain_id': 'default', 'domain_name': 'Default', 'username': 'tempest-FlavorsAdminTestJSON-2081456780-project-admin', 'project_domain_id': 'default', 'project_domain_name': 'Default', 'project_id': 'd689ebea1e624235af8dcbfc5cbc49d6', 'project_name': 'tempest-FlavorsAdminTestJSON-2081456780', 'tenant_id': 'd689ebea1e624235af8dcbfc5cbc49d6', 'tenant_name': 'tempest-FlavorsAdminTestJSON-2081456780', 'user_domain_id': 'default', 'user_domain_name': 'Default', 'user_id': '676f37b70c8048ce8cbf217adb1357cf', 'system': None}, Network: None, Subnet: None, Router: None
2024-12-11 06:47:01.122 65547 INFO tempest.lib.common.dynamic_creds [-] Created isolated network resources for: credentials: Credentials: {'domain_id': 'default', 'domain_name': 'Default', 'username': 'tempest-FlavorsAdminTestJSON-2081456780-project-admin', 'project_domain_id': 'default', 'project_domain_name': 'Default', 'project_id': 'd689ebea1e624235af8dcbfc5cbc49d6', 'project_name': 'tempest-FlavorsAdminTestJSON-2081456780', 'tenant_id': 'd689ebea1e624235af8dcbfc5cbc49d6', 'tenant_name': 'tempest-FlavorsAdminTestJSON-2081456780', 'user_domain_id': 'default', 'user_domain_name': 'Default', 'user_id': '676f37b70c8048ce8cbf217adb1357cf', 'system': None}, Network: None, Subnet: None, Router: None
2024-12-11 06:47:01.124 65509 INFO tempest.lib.common.rest_client [req-991d0a4d-66cb-42c0-aa56-9e0fd5e0b73b req-991d0a4d-66cb-42c0-aa56-9e0fd5e0b73b ] Request (FloatingIPDetailsTestJSON:setUpClass): 201 POST http://10.180.1.21:9696/networking/v2.0/networks 0.667s
2024-12-11 06:47:01.183 65505 INFO tempest.lib.common.rest_client [req-5bf13606-e649-4aea-91e4-4a52dc184d5d req-5bf13606-e649-4aea-91e4-4a52dc184d5d ] Request (ServersAdmin275Test:setUpClass): 201 POST http://10.180.1.21/identity/v3/users 0.218s
2024-12-11 06:47:01.247 65559 INFO tempest.lib.common.rest_client [req-27fc560d-7c02-4c31-85af-7f328b61a7d3 req-27fc560d-7c02-4c31-85af-7f328b61a7d3 ] Request (FlavorsAccessNegativeTestJSON:test_add_flavor_access_duplicate): 409 POST http://10.180.1.21/compute/v2.1/flavors/148600800/action 1.980s
2024-12-11 06:47:01.264 65555 INFO tempest.lib.common.rest_client [req-80fa6645-6aa2-4a2c-81d3-55d02992b021 req-80fa6645-6aa2-4a2c-81d3-55d02992b021 ] Request (SecurityGroupsTestAdminJSON:test_list_security_groups_list_all_tenants_filter): 200 POST http://10.180.1.21/compute/v2.1/os-security-groups 1.466s
2024-12-11 06:47:01.282 65509 INFO tempest.lib.common.rest_client [req-ac8fe767-2a50-4f5c-b1b8-4dade104d77e req-ac8fe767-2a50-4f5c-b1b8-4dade104d77e ] Request (FloatingIPDetailsTestJSON:setUpClass): 201 POST http://10.180.1.21:9696/networking/v2.0/subnets 0.157s
2024-12-11 06:47:01.283 65517 INFO tempest.lib.common.rest_client [req-ac5ca4c4-b278-4119-8ab7-76cc740be3b7 req-ac5ca4c4-b278-4119-8ab7-76cc740be3b7 ] Request (FlavorsV255TestJSON:setUpClass): 201 POST http://10.180.1.21/identity/v3/users 0.251s
2024-12-11 06:47:01.294 65521 INFO tempest.lib.common.rest_client [req-bb1efce7-7dd3-4222-aac8-af4cabb56d5a req-bb1efce7-7dd3-4222-aac8-af4cabb56d5a ] Request (NetworksTest:tearDownClass): 204 DELETE http://10.180.1.21/identity/v3/projects/b02d772de57e43be95d80b8fb6238572 0.308s
2024-12-11 06:47:01.295 65521 INFO tempest.test [-] raised in TestMultiAttachVolumeSwap.setUpClass. Invoking tearDownClass.
2024-12-11 06:47:01.301 65545 INFO tempest.lib.common.rest_client [req-2a4ca026-143a-4418-bd94-27c018bb948c req-2a4ca026-143a-4418-bd94-27c018bb948c ] Request (KeyPairsV210TestJSON:test_admin_manage_keypairs_for_other_users): 201 POST http://10.180.1.21/compute/v2.1/os-keypairs 1.440s
2024-12-11 06:47:01.333 65551 INFO tempest.lib.common.rest_client [req-54e74015-47f3-43bc-ac81-12600e6124e1 req-54e74015-47f3-43bc-ac81-12600e6124e1 ] Request (FlavorsV261TestJSON:test_crud_flavor): 200 GET http://10.180.1.21/compute/v2.1/flavors/detail 1.439s
2024-12-11 06:47:01.346 65529 INFO tempest.lib.common.rest_client [req-2af280ae-a3cb-49d4-98e4-e2d66bd28726 req-2af280ae-a3cb-49d4-98e4-e2d66bd28726 ] Request (HypervisorAdminUnderV252Test:tearDownClass): 201 POST http://10.180.1.21/identity/v3/auth/tokens 0.239s
2024-12-11 06:47:01.382 65537 INFO tempest.lib.common.rest_client [req-9ccf1f4b-24db-4c11-b806-5bee37830358 req-9ccf1f4b-24db-4c11-b806-5bee37830358 ] Request (FlavorMetadataValidation:tearDownClass): 204 DELETE http://10.180.1.21/identity/v3/users/f32d4aff0cd742939f5d03d2ab86732f 0.336s
2024-12-11 06:47:01.412 65547 INFO tempest.lib.common.rest_client [req-0edeec2d-d266-4a6a-8068-0f484a55c94a req-0edeec2d-d266-4a6a-8068-0f484a55c94a ] Request (FlavorsAdminTestJSON:setUpClass): 201 POST http://10.180.1.21/identity/v3/auth/tokens 0.286s
2024-12-11 06:47:01.436 65505 INFO tempest.lib.common.rest_client [req-6f7c9754-dc3a-4ef7-a3e8-f7d009b34b6d req-6f7c9754-dc3a-4ef7-a3e8-f7d009b34b6d ] Request (ServersAdmin275Test:setUpClass): 200 GET http://10.180.1.21/identity/v3/roles 0.253s
2024-12-11 06:47:01.458 65517 INFO tempest.lib.common.rest_client [req-a41ac82c-e22d-4421-a2b9-981e85f1ec86 req-a41ac82c-e22d-4421-a2b9-981e85f1ec86 ] Request (FlavorsV255TestJSON:setUpClass): 200 GET http://10.180.1.21/identity/v3/roles 0.175s
2024-12-11 06:47:01.482 65521 INFO tempest.lib.common.rest_client [req-0e7a1315-a7b4-47d9-abad-7c8b5b0099f8 req-0e7a1315-a7b4-47d9-abad-7c8b5b0099f8 ] Request (ImagesDeleteNegativeTestJSON:setUpClass): 201 POST http://10.180.1.21/identity/v3/auth/tokens 0.184s
2024-12-11 06:47:01.560 65537 INFO tempest.lib.common.rest_client [req-eae534a8-3903-4a73-9837-b531318bcb3b req-eae534a8-3903-4a73-9837-b531318bcb3b ] Request (FlavorMetadataValidation:tearDownClass): 204 DELETE http://10.180.1.21/identity/v3/users/4a98ddb9c7d84ceca4abf7de5e22d945 0.178s
2024-12-11 06:47:01.561 65537 INFO tempest.lib.common.dynamic_creds [-] Deleting project and security group for project: b9dd13d203ff4b4fb0302fbf0f96c9d5
2024-12-11 06:47:01.604 65515 INFO tempest.lib.common.rest_client [req-950490e5-de31-4073-ac09-95fda1db214a req-950490e5-de31-4073-ac09-95fda1db214a ] Request (QuotasAdminTestV236:test_get_updated_quotas): 200 GET http://10.180.1.21/compute/v2.1/os-quota-sets/1f7d9ae889ef4a88bc5da969f0f7f6af?user_id=335c6461216e42768de3dba924bd62b4 1.755s
2024-12-11 06:47:01.627 65505 INFO tempest.lib.common.rest_client [req-e11af700-162c-4d55-881b-8d7d2e2c892b req-e11af700-162c-4d55-881b-8d7d2e2c892b ] Request (ServersAdmin275Test:setUpClass): 204 PUT http://10.180.1.21/identity/v3/projects/a77772f5379444feabb96999e9f92592/users/111760cc321a49f6a4f1b71db57c3e43/roles/3e9b16c0a76847d991da8f8d16654ea9 0.190s
2024-12-11 06:47:01.668 65539 INFO tempest.lib.common.rest_client [req-5894abb4-1905-4ef1-a588-1e6f347aaaf7 req-5894abb4-1905-4ef1-a588-1e6f347aaaf7 ] Request (AggregatesAdminNegativeTestJSON:test_aggregate_add_existent_host): 409 POST http://10.180.1.21/compute/v2.1/os-aggregates/1/action 1.122s
2024-12-11 06:47:01.680 65517 INFO tempest.lib.common.rest_client [req-289070f4-7928-450f-ae97-86125f8a7b11 req-289070f4-7928-450f-ae97-86125f8a7b11 ] Request (FlavorsV255TestJSON:setUpClass): 204 PUT http://10.180.1.21/identity/v3/projects/76f05cd0041b404c9185090eeca35f3f/users/314a6f92294f4e2c9a3f67e3a5d6b80d/roles/cc64a115fef74f16a3e24c50532ea470 0.221s
2024-12-11 06:47:01.681 65517 INFO tempest.lib.common.dynamic_creds [-] Dynamic test user 314a6f92294f4e2c9a3f67e3a5d6b80d is created with scope project and roles: ['member']
2024-12-11 06:47:01.681 65517 INFO tempest.lib.common.dynamic_creds [-] Acquired dynamic creds: credentials: Credentials: {'domain_id': 'default', 'domain_name': 'Default', 'username': 'tempest-FlavorsV255TestJSON-397282017-project-member', 'project_domain_id': 'default', 'project_domain_name': 'Default', 'project_id': '76f05cd0041b404c9185090eeca35f3f', 'project_name': 'tempest-FlavorsV255TestJSON-397282017', 'tenant_id': '76f05cd0041b404c9185090eeca35f3f', 'tenant_name': 'tempest-FlavorsV255TestJSON-397282017', 'user_domain_id': 'default', 'user_domain_name': 'Default', 'user_id': '314a6f92294f4e2c9a3f67e3a5d6b80d', 'system': None}, Network: None, Subnet: None, Router: None
2024-12-11 06:47:01.681 65517 INFO tempest.lib.common.dynamic_creds [-] Created isolated network resources for: credentials: Credentials: {'domain_id': 'default', 'domain_name': 'Default', 'username': 'tempest-FlavorsV255TestJSON-397282017-project-member', 'project_domain_id': 'default', 'project_domain_name': 'Default', 'project_id': '76f05cd0041b404c9185090eeca35f3f', 'project_name': 'tempest-FlavorsV255TestJSON-397282017', 'tenant_id': '76f05cd0041b404c9185090eeca35f3f', 'tenant_name': 'tempest-FlavorsV255TestJSON-397282017', 'user_domain_id': 'default', 'user_domain_name': 'Default', 'user_id': '314a6f92294f4e2c9a3f67e3a5d6b80d', 'system': None}, Network: None, Subnet: None, Router: None
2024-12-11 06:47:01.697 65521 INFO tempest.lib.common.rest_client [req-8c6c001c-60bd-470f-ac2a-fa47bf1684ed req-8c6c001c-60bd-470f-ac2a-fa47bf1684ed ] Request (ImagesDeleteNegativeTestJSON:setUpClass): 201 POST http://10.180.1.21/identity/v3/auth/tokens 0.210s
2024-12-11 06:47:01.736 65537 INFO tempest.lib.common.rest_client [req-4a9bd6ff-8cf6-49e3-aa21-31f3dd6734e5 req-4a9bd6ff-8cf6-49e3-aa21-31f3dd6734e5 ] Request (FlavorMetadataValidation:tearDownClass): 201 POST http://10.180.1.21/identity/v3/auth/tokens 0.175s
2024-12-11 06:47:01.739 65529 INFO tempest.lib.common.rest_client [req-2a8cc357-223c-42ac-951a-583aa145c8a7 req-2a8cc357-223c-42ac-951a-583aa145c8a7 ] Request (HypervisorAdminUnderV252Test:tearDownClass): 200 GET http://10.180.1.21:9696/networking/v2.0/security-groups?tenant_id=ac1ccfd1218d4b7e90db050f35354fc8&name=default 0.392s
2024-12-11 06:47:01.750 65505 INFO tempest.lib.common.rest_client [req-419cb72b-6837-4cfa-95f9-4103355970e9 req-419cb72b-6837-4cfa-95f9-4103355970e9 ] Request (ServersAdmin275Test:setUpClass): 200 GET http://10.180.1.21/identity/v3/roles 0.123s
2024-12-11 06:47:01.751 65541 INFO tempest.lib.common.rest_client [req-cb490ee1-3a0a-4e88-a91e-e03f77c3fa84 req-cb490ee1-3a0a-4e88-a91e-e03f77c3fa84 ] Request (VolumesAssistedSnapshotsTest:setUpClass): 201 POST http://10.180.1.21:9696/networking/v2.0/routers 1.183s
2024-12-11 06:47:01.841 65515 INFO tempest.lib.common.rest_client [req-f5877b4d-9383-4e06-953f-803ebc05c304 req-f5877b4d-9383-4e06-953f-803ebc05c304 ] Request (QuotasAdminTestV236:_run_cleanups): 204 DELETE http://10.180.1.21/identity/v3/users/335c6461216e42768de3dba924bd62b4 0.235s
2024-12-11 06:47:01.870 65513 INFO tempest.lib.common.rest_client [req-8a33bb98-47fb-499b-9fc4-7bf79d28dd08 req-8a33bb98-47fb-499b-9fc4-7bf79d28dd08 ] Request (HypervisorAdminNegativeTestJSON:test_get_hypervisor_uptime_with_non_admin_user): 200 GET http://10.180.1.21/compute/v2.1/os-hypervisors 1.320s
2024-12-11 06:47:01.890 65511 INFO tempest.lib.common.rest_client [req-be6e4a96-9164-43f1-a79a-ed92b7bff0da req-be6e4a96-9164-43f1-a79a-ed92b7bff0da ] Request (ServicesAdminNegativeTestJSON:test_get_service_with_valid_service_and_invalid_host): 200 GET http://10.180.1.21/compute/v2.1/os-services 1.262s
2024-12-11 06:47:01.899 65521 INFO tempest.lib.common.rest_client [req-f01f8e17-f267-4183-97be-21e015bf8274 req-f01f8e17-f267-4183-97be-21e015bf8274 ] Request (ImagesDeleteNegativeTestJSON:setUpClass): 200 GET http://10.180.1.21/identity/v3/domains?name=Default 0.202s
2024-12-11 06:47:01.907 65517 INFO tempest.lib.common.rest_client [req-f8a16ead-5afc-4360-83c1-038c5824de8f req-f8a16ead-5afc-4360-83c1-038c5824de8f ] Request (FlavorsV255TestJSON:setUpClass): 201 POST http://10.180.1.21/identity/v3/auth/tokens 0.223s
2024-12-11 06:47:01.920 65543 INFO tempest.lib.common.rest_client [req-943bb474-fba0-45c9-a1e8-380ac18304e2 req-943bb474-fba0-45c9-a1e8-380ac18304e2 ] Request (FlavorsExtraSpecsNegativeTestJSON:test_flavor_non_admin_unset_keys): 200 POST http://10.180.1.21/compute/v2.1/flavors/2062848986/os-extra_specs 1.270s
2024-12-11 06:47:01.928 65505 INFO tempest.lib.common.rest_client [req-77dc0d55-241a-4358-a6d8-cab471ddb2c3 req-77dc0d55-241a-4358-a6d8-cab471ddb2c3 ] Request (ServersAdmin275Test:setUpClass): 204 PUT http://10.180.1.21/identity/v3/projects/a77772f5379444feabb96999e9f92592/users/111760cc321a49f6a4f1b71db57c3e43/roles/3e9b16c0a76847d991da8f8d16654ea9 0.177s
2024-12-11 06:47:01.928 65505 INFO tempest.lib.common.dynamic_creds [-] Dynamic test user 111760cc321a49f6a4f1b71db57c3e43 is created with scope project and roles: ['admin']
2024-12-11 06:47:01.929 65505 INFO tempest.lib.common.dynamic_creds [-] Acquired dynamic creds: credentials: Credentials: {'domain_id': 'default', 'domain_name': 'Default', 'username': 'tempest-ServersAdmin275Test-1419069938-project-admin', 'project_domain_id': 'default', 'project_domain_name': 'Default', 'project_id': 'a77772f5379444feabb96999e9f92592', 'project_name': 'tempest-ServersAdmin275Test-1419069938', 'tenant_id': 'a77772f5379444feabb96999e9f92592', 'tenant_name': 'tempest-ServersAdmin275Test-1419069938', 'user_domain_id': 'default', 'user_domain_name': 'Default', 'user_id': '111760cc321a49f6a4f1b71db57c3e43', 'system': None}, Network: None, Subnet: None, Router: None
2024-12-11 06:47:01.929 65505 INFO tempest.lib.common.dynamic_creds [-] Created isolated network resources for: credentials: Credentials: {'domain_id': 'default', 'domain_name': 'Default', 'username': 'tempest-ServersAdmin275Test-1419069938-project-admin', 'project_domain_id': 'default', 'project_domain_name': 'Default', 'project_id': 'a77772f5379444feabb96999e9f92592', 'project_name': 'tempest-ServersAdmin275Test-1419069938', 'tenant_id': 'a77772f5379444feabb96999e9f92592', 'tenant_name': 'tempest-ServersAdmin275Test-1419069938', 'user_domain_id': 'default', 'user_domain_name': 'Default', 'user_id': '111760cc321a49f6a4f1b71db57c3e43', 'system': None}, Network: None, Subnet: None, Router: None
2024-12-11 06:47:01.959 65529 INFO tempest.lib.common.rest_client [req-677a03d8-a1af-4492-b636-82a7af724609 req-677a03d8-a1af-4492-b636-82a7af724609 ] Request (HypervisorAdminUnderV252Test:tearDownClass): 204 DELETE http://10.180.1.21:9696/networking/v2.0/security-groups/c8e7564b-dcc4-44ed-9f73-077c29d13f40 0.219s
2024-12-11 06:47:02.060 65521 INFO tempest.lib.common.rest_client [req-2e38e63e-cd86-45f8-8d6c-3a34736be4c7 req-2e38e63e-cd86-45f8-8d6c-3a34736be4c7 ] Request (ImagesDeleteNegativeTestJSON:setUpClass): 201 POST http://10.180.1.21/identity/v3/projects 0.160s
2024-12-11 06:47:02.061 65515 INFO tempest.lib.common.rest_client [req-ef1cd4b9-5a92-48d3-bb36-f1e89a724184 req-ef1cd4b9-5a92-48d3-bb36-f1e89a724184 ] Request (QuotasAdminTestV236:_run_cleanups): 204 DELETE http://10.180.1.21/identity/v3/projects/1f7d9ae889ef4a88bc5da969f0f7f6af 0.219s
2024-12-11 06:47:02.067 65517 INFO tempest.lib.common.rest_client [req-8f9da055-0f3d-43bf-b106-d41b5bdb25cf req-8f9da055-0f3d-43bf-b106-d41b5bdb25cf ] Request (FlavorsV255TestJSON:setUpClass): 201 POST http://10.180.1.21/identity/v3/projects 0.159s
2024-12-11 06:47:02.140 65505 INFO tempest.lib.common.rest_client [req-393f7339-b92a-478c-badb-fcc7b56f77ff req-393f7339-b92a-478c-badb-fcc7b56f77ff ] Request (ServersAdmin275Test:setUpClass): 201 POST http://10.180.1.21/identity/v3/auth/tokens 0.206s
2024-12-11 06:47:02.203 65521 INFO tempest.lib.common.rest_client [req-4f1001d2-96d1-4f1d-a3f5-c2527a2dddd7 req-4f1001d2-96d1-4f1d-a3f5-c2527a2dddd7 ] Request (ImagesDeleteNegativeTestJSON:setUpClass): 201 POST http://10.180.1.21/identity/v3/users 0.142s
2024-12-11 06:47:02.205 65528 INFO tempest.lib.common.rest_client [req-9dd818f3-928b-443b-82bc-b18444ab28a7 req-9dd818f3-928b-443b-82bc-b18444ab28a7 ] Request (ServersWithSpecificFlavorTestJSON:test_verify_created_server_ephemeral_disk): 200 POST http://10.180.1.21/compute/v2.1/flavors 1.252s
2024-12-11 06:47:02.214 65499 INFO tempest.lib.common.rest_client [req-a1e04dca-6cca-4c1a-8c47-3d995b289fcb req-a1e04dca-6cca-4c1a-8c47-3d995b289fcb ] Request (HostsAdminNegativeTestJSON:test_show_host_detail_with_non_admin_user): 403 GET http://10.180.1.21/compute/v2.1/os-hosts/devstack 1.202s
2024-12-11 06:47:02.227 65529 INFO tempest.lib.common.rest_client [req-5ee4a5a5-340f-477b-a438-780f0f2f7645 req-5ee4a5a5-340f-477b-a438-780f0f2f7645 ] Request (HypervisorAdminUnderV252Test:tearDownClass): 204 DELETE http://10.180.1.21/identity/v3/projects/ac1ccfd1218d4b7e90db050f35354fc8 0.267s
2024-12-11 06:47:02.227 65529 INFO tempest.lib.common.dynamic_creds [-] Deleting project and security group for project: 2da549990a6d43f0a9293cacd3efb3fe
2024-12-11 06:47:02.235 65535 INFO tempest.lib.common.rest_client [req-c8f4037c-43c8-4470-b2a6-4aff0c33e3b2 req-c8f4037c-43c8-4470-b2a6-4aff0c33e3b2 ] Request (HypervisorAdminTestJSON:test_get_hypervisor_stats): 200 GET http://10.180.1.21/compute/v2.1/os-hypervisors/statistics 1.137s
2024-12-11 06:47:02.284 65515 INFO tempest.lib.common.rest_client [req-12f623aa-fc71-40f3-b6a8-0014514727d6 req-12f623aa-fc71-40f3-b6a8-0014514727d6 ] Request (QuotasAdminTestV236:tearDownClass): 204 DELETE http://10.180.1.21/identity/v3/users/3337cf597f34413d808129d8161def3b 0.218s
2024-12-11 06:47:02.301 65549 INFO tempest.lib.common.rest_client [req-a881535b-592f-4453-85b4-e1b52ae20751 req-a881535b-592f-4453-85b4-e1b52ae20751 ] Request (FloatingIPsTestJSON:test_delete_floating_ip): 200 POST http://10.180.1.21/compute/v2.1/os-floating-ips 1.824s
2024-12-11 06:47:02.328 65517 INFO tempest.lib.common.rest_client [req-e8d32796-996f-4645-9f66-2a5db7b132e9 req-e8d32796-996f-4645-9f66-2a5db7b132e9 ] Request (FlavorsV255TestJSON:setUpClass): 201 POST http://10.180.1.21/identity/v3/users 0.261s
2024-12-11 06:47:02.355 65505 INFO tempest.lib.common.rest_client [req-be606b86-ae79-4cc8-b170-6cd52a26dd05 req-be606b86-ae79-4cc8-b170-6cd52a26dd05 ] Request (ServersAdmin275Test:test_rebuild_update_server_275): 201 POST http://10.180.1.21/identity/v3/auth/tokens 0.210s
2024-12-11 06:47:02.355 65505 INFO tempest.lib.common.fixed_network [-] (ServersAdmin275Test:test_rebuild_update_server_275) Found network None available for tenant
2024-12-11 06:47:02.369 65537 INFO tempest.lib.common.rest_client [req-3d681273-1a74-4125-96f9-dd354e7aadac req-3d681273-1a74-4125-96f9-dd354e7aadac ] Request (FlavorMetadataValidation:tearDownClass): 200 GET http://10.180.1.21:9696/networking/v2.0/security-groups?tenant_id=b9dd13d203ff4b4fb0302fbf0f96c9d5&name=default 0.632s
2024-12-11 06:47:02.393 65521 INFO tempest.lib.common.rest_client [req-799c09f3-6b95-4af0-8461-baa9b4d5fbcf req-799c09f3-6b95-4af0-8461-baa9b4d5fbcf ] Request (ImagesDeleteNegativeTestJSON:setUpClass): 200 GET http://10.180.1.21/identity/v3/roles 0.188s
2024-12-11 06:47:02.452 65515 INFO tempest.lib.common.rest_client [req-660c5035-bed0-44c0-9da4-cbb7892fcf37 req-660c5035-bed0-44c0-9da4-cbb7892fcf37 ] Request (QuotasAdminTestV236:tearDownClass): 204 DELETE http://10.180.1.21/identity/v3/users/68320d49cabf4b0dbecff7404ca4dae9 0.168s
2024-12-11 06:47:02.452 65515 INFO tempest.lib.common.dynamic_creds [-] Deleting project and security group for project: f3790342ce064273925eda60ac6b4884
2024-12-11 06:47:02.454 65535 INFO tempest.lib.common.rest_client [req-7b0cb64f-8391-400a-bf4a-f20b12a0030a req-7b0cb64f-8391-400a-bf4a-f20b12a0030a ] Request (HypervisorAdminTestJSON:tearDownClass): 204 DELETE http://10.180.1.21/identity/v3/users/4ca620dbc72f4e1e8c72453bc457c6a7 0.213s
2024-12-11 06:47:02.500 65529 INFO tempest.lib.common.rest_client [req-1ed2e96c-24f8-41d0-92b4-e35c0a95ef1e req-1ed2e96c-24f8-41d0-92b4-e35c0a95ef1e ] Request (HypervisorAdminUnderV252Test:tearDownClass): 200 GET http://10.180.1.21:9696/networking/v2.0/security-groups?tenant_id=2da549990a6d43f0a9293cacd3efb3fe&name=default 0.273s
2024-12-11 06:47:02.543 65517 INFO tempest.lib.common.rest_client [req-25a16bdf-b5c9-4d0f-ba47-ac32c9e8bb46 req-25a16bdf-b5c9-4d0f-ba47-ac32c9e8bb46 ] Request (FlavorsV255TestJSON:setUpClass): 200 GET http://10.180.1.21/identity/v3/roles 0.213s
2024-12-11 06:47:02.577 65509 INFO tempest.lib.common.rest_client [req-795f096e-3e00-4af7-98c0-065840359af8 req-795f096e-3e00-4af7-98c0-065840359af8 ] Request (FloatingIPDetailsTestJSON:setUpClass): 201 POST http://10.180.1.21:9696/networking/v2.0/routers 1.294s
2024-12-11 06:47:02.583 65521 INFO tempest.lib.common.rest_client [req-c6217608-da3b-42ee-8d9b-eac0c01e14d2 req-c6217608-da3b-42ee-8d9b-eac0c01e14d2 ] Request (ImagesDeleteNegativeTestJSON:setUpClass): 204 PUT http://10.180.1.21/identity/v3/projects/ad31e6b38f704554879ae223e1bdcfe3/users/12536c0e56294706ab297e7d635a9188/roles/cc64a115fef74f16a3e24c50532ea470 0.189s
