2025-04-03 07:10:08.150 69395 INFO tempest.lib.common.rest_client [req-adde29aa-b140-4288-94f0-d1f07781ffcb req-adde29aa-b140-4288-94f0-d1f07781ffcb ] Request (HostsAdminNegativeTestJSON:tearDownClass): 200 GET http://10.180.1.21:9696/networking/v2.0/security-groups?tenant_id=f30e450a30a344abaf74705a5624f3b0&name=default 0.323s
2025-04-03 07:10:08.170 69403 INFO tempest.lib.common.rest_client [req-c94e2967-c842-4089-975f-85d73d5299b3 req-c94e2967-c842-4089-975f-85d73d5299b3 ] Request (ServicesAdminNegativeV253TestJSON:test_get_service_with_valid_service_and_invalid_host): 200 GET http://10.180.1.21/compute/v2.1/os-services?host=xxx&binary=nova-scheduler 1.003s
2025-04-03 07:10:08.189 69405 INFO tempest.lib.common.rest_client [req-12ee49de-11dc-45dd-b468-03786fbcc965 req-12ee49de-11dc-45dd-b468-03786fbcc965 ] Request (VolumesTestJSON:setUpClass): 202 POST http://10.180.1.21/volume/v3/volumes 0.281s
2025-04-03 07:10:08.229 69401 INFO tempest.lib.common.rest_client [req-4baba5bd-2258-4216-9712-10f425ba6788 req-4baba5bd-2258-4216-9712-10f425ba6788 ] Request (AggregatesAdminNegativeTestJSON:test_aggregate_remove_host_as_user): 200 POST http://10.180.1.21/compute/v2.1/os-aggregates/7/action 1.154s
2025-04-03 07:10:08.231 69405 INFO tempest.lib.common.rest_client [req-893a64d4-1743-4526-a9b5-3ea6e4a1bd31 req-893a64d4-1743-4526-a9b5-3ea6e4a1bd31 ] Request (VolumesTestJSON:setUpClass): 200 GET http://10.180.1.21/volume/v3/volumes/332b357b-038b-4f1c-b87d-097b36a21ff5 0.033s
2025-04-03 07:10:08.253 69389 INFO tempest.lib.common.rest_client [req-cf639a2b-4402-4ff0-852b-da6ec01c2fe9 req-cf639a2b-4402-4ff0-852b-da6ec01c2fe9 ] Request (QuotaClassesAdminTestJSON:_run_cleanups): 200 PUT http://10.180.1.21/compute/v2.1/os-quota-class-sets/default 1.035s
2025-04-03 07:10:08.352 69385 INFO tempest.lib.common.rest_client [req-d1ee2e15-11fc-4c78-9caf-96cdce76cc83 req-d1ee2e15-11fc-4c78-9caf-96cdce76cc83 ] Request (DeleteServersAdminTestJSON:test_admin_delete_servers_of_others): 200 GET http://10.180.1.21/compute/v2.1/servers/a4462b16-2118-4c35-8790-eaf8c5d3f7db 0.901s
2025-04-03 07:10:08.407 69395 INFO tempest.lib.common.rest_client [req-912887e0-48b7-41f2-bd1a-36d05b427508 req-912887e0-48b7-41f2-bd1a-36d05b427508 ] Request (HostsAdminNegativeTestJSON:tearDownClass): 204 DELETE http://10.180.1.21:9696/networking/v2.0/security-groups/e90ea174-2588-41e1-8dcc-0fe18909e095 0.256s
2025-04-03 07:10:08.408 69389 INFO tempest.lib.common.rest_client [req-77999007-066c-489d-92d5-bb07a188958b req-77999007-066c-489d-92d5-bb07a188958b ] Request (QuotaClassesAdminTestJSON:tearDownClass): 204 DELETE http://10.180.1.21/identity/v3/users/50123c4b1e59473a9b21c0882a8bba11 0.151s
2025-04-03 07:10:08.431 69425 INFO tempest.lib.common.rest_client [req-27e98027-1786-4507-8bb5-50b79ff00406 req-27e98027-1786-4507-8bb5-50b79ff00406 ] Request (ListImageFiltersTestJSON:setUpClass): 200 GET http://10.180.1.21/compute/v2.1/servers/742a374a-07f2-4a59-89cb-e58e3cd2e357 0.989s
2025-04-03 07:10:08.518 69417 INFO tempest.lib.common.rest_client [req-27758349-2534-4115-b1f7-98d3f4e351d6 req-27758349-2534-4115-b1f7-98d3f4e351d6 ] Request (ServerRescueNegativeTestJSON:setUpClass): 200 GET http://10.180.1.21/compute/v2.1/servers/cef3db69-2bc5-4b16-b362-5b92bfeb9f5b 0.966s
2025-04-03 07:10:08.523 69395 INFO tempest.lib.common.rest_client [req-c6dd8242-e95e-49df-b819-537bc5ebe65f req-c6dd8242-e95e-49df-b819-537bc5ebe65f ] Request (HostsAdminNegativeTestJSON:tearDownClass): 204 DELETE http://10.180.1.21/identity/v3/projects/f30e450a30a344abaf74705a5624f3b0 0.115s
2025-04-03 07:10:08.553 69377 INFO tempest.lib.common.rest_client [req-3c819ba8-24aa-4ec1-8538-f8a1408e7ac2 req-3c819ba8-24aa-4ec1-8538-f8a1408e7ac2 ] Request (FlavorsExtraSpecsTestJSON:test_flavor_non_admin_get_all_keys): 200 GET http://10.180.1.21/compute/v2.1/flavors/1158207803/os-extra_specs 1.044s
2025-04-03 07:10:08.581 69381 INFO tempest.lib.common.rest_client [req-f4b668e2-b5e1-4ca9-b166-6d1788734cd4 req-f4b668e2-b5e1-4ca9-b166-6d1788734cd4 ] Request (FlavorsV2TestJSON:test_list_flavors_with_detail): 200 GET http://10.180.1.21/compute/v2.1/flavors/42 0.885s
2025-04-03 07:10:08.638 69395 INFO tempest.lib.common.rest_client [req-74594e4d-c096-406b-a655-72546cfe2940 req-74594e4d-c096-406b-a655-72546cfe2940 ] Request (InstanceUsageAuditLogNegativeTestJSON:setUpClass): 201 POST http://10.180.1.21/identity/v3/auth/tokens 0.114s
2025-04-03 07:10:08.644 69415 INFO tempest.lib.common.rest_client [req-592a6940-c275-4f00-8d56-fc424f50209a req-592a6940-c275-4f00-8d56-fc424f50209a ] Request (ServersTestFqdnHostnames:test_create_server_with_fqdn_name): 200 GET http://10.180.1.21/compute/v2.1/servers/857c7aa8-406a-4a90-8f1b-166e87f0f559 0.949s
2025-04-03 07:10:08.652 69409 WARNING tempest.lib.common.ssh [-] Failed to establish authenticated ssh connection to cirros@10.180.180.212 ([Errno None] Unable to connect to port 22 on 10.180.180.212). Number attempts: 2. Retry after 3 seconds.: paramiko.ssh_exception.NoValidConnectionsError: [Errno None] Unable to connect to port 22 on 10.180.180.212
2025-04-03 07:10:08.703 69419 INFO tempest.lib.common.rest_client [req-71bd3e18-2215-45a2-8044-0068bc23c6da req-71bd3e18-2215-45a2-8044-0068bc23c6da ] Request (AttachInterfacesTestJSON:test_create_list_show_delete_interfaces_by_fixed_ip): 200 GET http://10.180.1.21/compute/v2.1/servers/d2b777aa-dab0-4258-b5cc-138fd60f8fb7 0.928s
2025-04-03 07:10:08.744 69389 INFO tempest.lib.common.rest_client [req-435615d3-2b03-4d44-8b8c-68e613ce21a6 req-435615d3-2b03-4d44-8b8c-68e613ce21a6 ] Request (QuotaClassesAdminTestJSON:tearDownClass): 204 DELETE http://10.180.1.21/identity/v3/users/f3ea436de60b4a45b295e86c4a2a7973 0.335s
2025-04-03 07:10:08.744 69389 INFO tempest.lib.common.dynamic_creds [-] Deleting project and security group for project: 2b910767b2164d0da5467edbd73a481e
2025-04-03 07:10:08.762 69411 INFO tempest.lib.common.rest_client [req-8687b2a7-8c2c-4f30-84c8-948cca079656 req-8687b2a7-8c2c-4f30-84c8-948cca079656 ] Request (ServerPasswordTestJSON:setUpClass): 200 PUT http://10.180.1.21:9696/networking/v2.0/routers/96f0ff4d-28c4-486f-84eb-cbd2d5537b2c/add_router_interface 2.407s
2025-04-03 07:10:08.763 69431 INFO tempest.lib.common.rest_client [req-42946cc1-e2b9-43a5-952f-52551e5972dc req-42946cc1-e2b9-43a5-952f-52551e5972dc ] Request (ServerExternalEventsTest:tearDownClass): 200 GET http://10.180.1.21/compute/v2.1/servers/733f419b-7cfb-4e3b-bdbe-0c78dde72dd6 0.847s
2025-04-03 07:10:08.763 69411 INFO tempest.lib.common.dynamic_creds [-] Created isolated network resources for: credentials: Credentials: {'domain_id': 'default', 'domain_name': 'Default', 'username': 'tempest-ServerPasswordTestJSON-2037591240-project-member', 'project_domain_id': 'default', 'project_domain_name': 'Default', 'project_id': 'e5c20c465b7b4561bc1ac3eca47a8086', 'project_name': 'tempest-ServerPasswordTestJSON-2037591240', 'tenant_id': 'e5c20c465b7b4561bc1ac3eca47a8086', 'tenant_name': 'tempest-ServerPasswordTestJSON-2037591240', 'user_domain_id': 'default', 'user_domain_name': 'Default', 'user_id': '1c02e314c4264044b95ecebd4a537490', 'system': None}, Network: {'id': '534dbd50-d2e0-4d3f-99c9-42a1e99cf8b3', 'name': 'tempest-ServerPasswordTestJSON-63187305-network', 'tenant_id': 'e5c20c465b7b4561bc1ac3eca47a8086', 'admin_state_up': True, 'mtu': 8950, 'status': 'ACTIVE', 'subnets': [], 'shared': False, 'project_id': 'e5c20c465b7b4561bc1ac3eca47a8086', 'port_security_enabled': True, 'router:external': False, 'provider:network_type': 'vlan', 'provider:physical_network': 'default', 'provider:segmentation_id': 357, 'availability_zone_hints': [], 'availability_zones': [], 'ipv4_address_scope': None, 'ipv6_address_scope': None, 'description': '', 'tags': [], 'created_at': '2025-04-03T07:10:05Z', 'updated_at': '2025-04-03T07:10:05Z', 'revision_number': 1}, Subnet: {'id': '8ded0c9b-8e41-45fa-92bd-5d2d0bbe867e', 'name': 'tempest-ServerPasswordTestJSON-63187305-subnet', 'tenant_id': 'e5c20c465b7b4561bc1ac3eca47a8086', 'network_id': '534dbd50-d2e0-4d3f-99c9-42a1e99cf8b3', 'ip_version': 4, 'subnetpool_id': None, 'enable_dhcp': True, 'ipv6_ra_mode': None, 'ipv6_address_mode': None, 'gateway_ip': '192.168.128.1', 'cidr': '192.168.128.0/28', 'allocation_pools': [{'start': '192.168.128.2', 'end': '192.168.128.14'}], 'host_routes': [], 'dns_nameservers': [], 'description': '', 'router:external': False, 'service_types': [], 'tags': [], 'created_at': '2025-04-03T07:10:05Z', 'updated_at': '2025-04-03T07:10:05Z', 'revision_number': 0, 'project_id': 'e5c20c465b7b4561bc1ac3eca47a8086'}, Router: {'id': '96f0ff4d-28c4-486f-84eb-cbd2d5537b2c', 'name': 'tempest-ServerPasswordTestJSON-63187305-router', 'tenant_id': 'e5c20c465b7b4561bc1ac3eca47a8086', 'admin_state_up': True, 'status': 'ACTIVE', 'external_gateway_info': {'network_id': '18e407d2-3162-43e1-8f10-9113ba31541a', 'external_fixed_ips': [{'subnet_id': '1c4c38fb-87de-4288-99e0-108d442de39f', 'ip_address': '10.180.180.139'}], 'enable_snat': True}, 'description': '', 'availability_zones': [], 'distributed': False, 'ha': False, 'availability_zone_hints': [], 'routes': [], 'flavor_id': None, 'tags': [], 'created_at': '2025-04-03T07:10:05Z', 'updated_at': '2025-04-03T07:10:06Z', 'revision_number': 2, 'project_id': 'e5c20c465b7b4561bc1ac3eca47a8086'}
2025-04-03 07:10:08.766 69381 INFO tempest.lib.common.rest_client [req-7eb108fe-38e1-4a12-bddb-32b5a9038347 req-7eb108fe-38e1-4a12-bddb-32b5a9038347 ] Request (FlavorsV2TestJSON:tearDownClass): 204 DELETE http://10.180.1.21/identity/v3/users/f020c3ba2f2a4715a0c4e83770f0f1bf 0.172s
2025-04-03 07:10:08.767 69381 INFO tempest.lib.common.dynamic_creds [-] Deleting project and security group for project: b9bae140bae34efa8af2492ee56f3ab0
2025-04-03 07:10:08.790 69427 INFO tempest.lib.common.rest_client [req-a3e5450b-c643-412a-9d24-27d9b157bb75 req-a3e5450b-c643-412a-9d24-27d9b157bb75 ] Request (ServerRescueTestJSON:test_rescue_unrescue_instance): 200 GET http://10.180.1.21/compute/v2.1/servers/7b0c2e85-ac32-4b92-80a8-f20dd67afa45 0.734s
2025-04-03 07:10:08.799 69421 INFO tempest.lib.common.rest_client [req-e8e9c277-b504-4d54-83c5-95044fc38294 req-e8e9c277-b504-4d54-83c5-95044fc38294 ] Request (FloatingIPsTestJSON:tearDownClass): 204 DELETE http://10.180.1.21:9696/networking/v2.0/networks/66659bb6-891e-471a-8332-e6e4cc74bbca 0.731s
2025-04-03 07:10:08.813 69395 INFO tempest.lib.common.rest_client [req-51c48d0a-277a-4d49-9142-528dfeb8114a req-51c48d0a-277a-4d49-9142-528dfeb8114a ] Request (InstanceUsageAuditLogNegativeTestJSON:setUpClass): 201 POST http://10.180.1.21/identity/v3/auth/tokens 0.163s
2025-04-03 07:10:08.823 69389 INFO tempest.lib.common.rest_client [req-e181ad42-8022-4d58-b77c-dca08ab80f1a req-e181ad42-8022-4d58-b77c-dca08ab80f1a ] Request (QuotaClassesAdminTestJSON:tearDownClass): 201 POST http://10.180.1.21/identity/v3/auth/tokens 0.078s
2025-04-03 07:10:08.845 69381 INFO tempest.lib.common.rest_client [req-8ffd5495-e6e3-47ac-b1ae-435c03c335f0 req-8ffd5495-e6e3-47ac-b1ae-435c03c335f0 ] Request (FlavorsV2TestJSON:tearDownClass): 201 POST http://10.180.1.21/identity/v3/auth/tokens 0.078s
2025-04-03 07:10:08.914 69411 INFO tempest.lib.common.rest_client [req-ab85287f-98bf-4714-a81b-c1bfe0286f61 req-ab85287f-98bf-4714-a81b-c1bfe0286f61 ] Request (ServerPasswordTestJSON:setUpClass): 201 POST http://10.180.1.21/identity/v3/auth/tokens 0.146s
2025-04-03 07:10:08.986 69421 INFO tempest.lib.common.rest_client [req-05544583-846f-4d19-8873-6b61ee01d72a req-05544583-846f-4d19-8873-6b61ee01d72a ] Request (FloatingIPsTestJSON:tearDownClass): 204 DELETE http://10.180.1.21/identity/v3/users/61a83ee2e2c1466e931edbcee06824b6 0.186s
2025-04-03 07:10:08.986 69421 INFO tempest.lib.common.dynamic_creds [-] Deleting project and security group for project: a551d5d57c324c5394cccebfe44cf691
2025-04-03 07:10:09.038 69395 INFO tempest.lib.common.rest_client [req-130af60b-734c-416d-ac5e-d04f3d3df9e0 req-130af60b-734c-416d-ac5e-d04f3d3df9e0 ] Request (InstanceUsageAuditLogNegativeTestJSON:setUpClass): 200 GET http://10.180.1.21/identity/v3/domains?name=Default 0.224s
2025-04-03 07:10:09.063 69393 INFO tempest.lib.common.rest_client [req-acb0d3ce-6f4d-45de-a87b-2749adfbe6f6 req-acb0d3ce-6f4d-45de-a87b-2749adfbe6f6 ] Request (SecurityGroupRulesNegativeTestJSON:test_create_security_group_rule_with_invalid_from_port): 400 POST http://10.180.1.21/compute/v2.1/os-security-group-rules 0.969s
2025-04-03 07:10:09.084 69421 INFO tempest.lib.common.rest_client [req-1f0e3c29-d853-4a14-8d5d-b2bc81fb1bb9 req-1f0e3c29-d853-4a14-8d5d-b2bc81fb1bb9 ] Request (FloatingIPsTestJSON:tearDownClass): 200 GET http://10.180.1.21:9696/networking/v2.0/security-groups?tenant_id=a551d5d57c324c5394cccebfe44cf691&name=default 0.098s
2025-04-03 07:10:09.092 69411 INFO tempest.lib.common.rest_client [req-f5388153-3085-4032-a504-a3e40e637ea3 req-f5388153-3085-4032-a504-a3e40e637ea3 ] Request (ServerPasswordTestJSON:setUpClass): 201 POST http://10.180.1.21/identity/v3/auth/tokens 0.170s
2025-04-03 07:10:09.093 69411 INFO tempest.lib.common.fixed_network [-] (ServerPasswordTestJSON:setUpClass) Found network {'id': '534dbd50-d2e0-4d3f-99c9-42a1e99cf8b3', 'name': 'tempest-ServerPasswordTestJSON-63187305-network', 'tenant_id': 'e5c20c465b7b4561bc1ac3eca47a8086', 'admin_state_up': True, 'mtu': 8950, 'status': 'ACTIVE', 'subnets': [], 'shared': False, 'project_id': 'e5c20c465b7b4561bc1ac3eca47a8086', 'port_security_enabled': True, 'router:external': False, 'provider:network_type': 'vlan', 'provider:physical_network': 'default', 'provider:segmentation_id': 357, 'availability_zone_hints': [], 'availability_zones': [], 'ipv4_address_scope': None, 'ipv6_address_scope': None, 'description': '', 'tags': [], 'created_at': '2025-04-03T07:10:05Z', 'updated_at': '2025-04-03T07:10:05Z', 'revision_number': 1} available for tenant
2025-04-03 07:10:09.113 69399 INFO tempest.lib.common.rest_client [req-91b14593-d439-46de-961d-e3aa272729cd req-91b14593-d439-46de-961d-e3aa272729cd ] Request (ServersTestBootFromVolume:setUpClass): 200 GET http://10.180.1.21/volume/v3/volumes/50bda456-69b4-4ce1-b7a7-977e06ce4501 0.041s
2025-04-03 07:10:09.123 69413 INFO tempest.lib.common.rest_client [req-68ed3188-5de3-4ef8-b6bf-a84a5e9802af req-68ed3188-5de3-4ef8-b6bf-a84a5e9802af ] Request (KeyPairsV2TestJSON:test_keypair_create_with_pub_key): 200 POST http://10.180.1.21/compute/v2.1/os-keypairs 1.008s
2025-04-03 07:10:09.129 69395 INFO tempest.lib.common.rest_client [req-4e0c8fd5-00be-4318-b34e-2efa0c9ec191 req-4e0c8fd5-00be-4318-b34e-2efa0c9ec191 ] Request (InstanceUsageAuditLogNegativeTestJSON:setUpClass): 201 POST http://10.180.1.21/identity/v3/projects 0.090s
2025-04-03 07:10:09.140 69375 INFO tempest.lib.common.rest_client [req-bd1f0e72-0e66-4fb5-bd2d-b445ed228e30 req-bd1f0e72-0e66-4fb5-bd2d-b445ed228e30 ] Request (FlavorsAdminTestJSON:test_is_public_string_variations): 200 GET http://10.180.1.21/compute/v2.1/flavors/detail?is_public=0 0.997s
2025-04-03 07:10:09.206 69395 INFO tempest.lib.common.rest_client [req-2c9173ee-0f0a-4500-9281-88f617ec1387 req-2c9173ee-0f0a-4500-9281-88f617ec1387 ] Request (InstanceUsageAuditLogNegativeTestJSON:setUpClass): 201 POST http://10.180.1.21/identity/v3/users 0.077s
2025-04-03 07:10:09.208 69421 INFO tempest.lib.common.rest_client [req-9b4c44e1-ccbd-41db-bc62-51207e4cb81f req-9b4c44e1-ccbd-41db-bc62-51207e4cb81f ] Request (FloatingIPsTestJSON:tearDownClass): 204 DELETE http://10.180.1.21:9696/networking/v2.0/security-groups/031eac21-424a-4de1-b88f-2a9f1a1ba7fe 0.122s
2025-04-03 07:10:09.229 69395 INFO tempest.lib.common.rest_client [req-31442bd2-eb12-4032-bae2-19ca38a9c5d6 req-31442bd2-eb12-4032-bae2-19ca38a9c5d6 ] Request (InstanceUsageAuditLogNegativeTestJSON:setUpClass): 200 GET http://10.180.1.21/identity/v3/roles 0.022s
2025-04-03 07:10:09.265 69403 INFO tempest.lib.common.rest_client [req-ab35352c-0f65-48f6-8616-43165f5fead6 req-ab35352c-0f65-48f6-8616-43165f5fead6 ] Request (ServicesAdminNegativeV253TestJSON:test_list_services_with_non_admin_user): 403 GET http://10.180.1.21/compute/v2.1/os-services 1.090s
2025-04-03 07:10:09.280 69405 INFO tempest.lib.common.rest_client [req-e6c64e6c-9d94-4e79-86c0-20208f25a040 req-e6c64e6c-9d94-4e79-86c0-20208f25a040 ] Request (VolumesTestJSON:setUpClass): 200 GET http://10.180.1.21/volume/v3/volumes/332b357b-038b-4f1c-b87d-097b36a21ff5 0.038s
2025-04-03 07:10:09.287 69405 INFO tempest.common.waiters [-] volume 332b357b-038b-4f1c-b87d-097b36a21ff5 reached available after waiting for 1.287247 seconds
2025-04-03 07:10:09.288 69379 INFO tempest.lib.common.rest_client [req-1e38fc20-03f5-47b4-aa3d-8bf5da142c00 req-1e38fc20-03f5-47b4-aa3d-8bf5da142c00 ] Request (ServersTestJSON:setUpClass): 201 POST http://10.180.1.21:9696/networking/v2.0/routers 1.799s
2025-04-03 07:10:09.288 69395 INFO tempest.lib.common.rest_client [req-8e1bd253-8a7f-4685-b925-36918093e11d req-8e1bd253-8a7f-4685-b925-36918093e11d ] Request (InstanceUsageAuditLogNegativeTestJSON:setUpClass): 204 PUT http://10.180.1.21/identity/v3/projects/151179a83ed84eb9991a1cfe2f09c88c/users/415f8051a2b64199bb7c34ff41ecb3c5/roles/f67cc01967144350b01857473e2640be 0.058s
2025-04-03 07:10:09.288 69395 INFO tempest.lib.common.dynamic_creds [-] Dynamic test user 415f8051a2b64199bb7c34ff41ecb3c5 is created with scope project and roles: ['member']
2025-04-03 07:10:09.289 69395 INFO tempest.lib.common.dynamic_creds [-] Acquired dynamic creds: credentials: Credentials: {'domain_id': 'default', 'domain_name': 'Default', 'username': 'tempest-InstanceUsageAuditLogNegativeTestJSON-970688673-project-member', 'project_domain_id': 'default', 'project_domain_name': 'Default', 'project_id': '151179a83ed84eb9991a1cfe2f09c88c', 'project_name': 'tempest-InstanceUsageAuditLogNegativeTestJSON-970688673', 'tenant_id': '151179a83ed84eb9991a1cfe2f09c88c', 'tenant_name': 'tempest-InstanceUsageAuditLogNegativeTestJSON-970688673', 'user_domain_id': 'default', 'user_domain_name': 'Default', 'user_id': '415f8051a2b64199bb7c34ff41ecb3c5', 'system': None}, Network: None, Subnet: None, Router: None
2025-04-03 07:10:09.289 69395 INFO tempest.lib.common.dynamic_creds [-] Created isolated network resources for: credentials: Credentials: {'domain_id': 'default', 'domain_name': 'Default', 'username': 'tempest-InstanceUsageAuditLogNegativeTestJSON-970688673-project-member', 'project_domain_id': 'default', 'project_domain_name': 'Default', 'project_id': '151179a83ed84eb9991a1cfe2f09c88c', 'project_name': 'tempest-InstanceUsageAuditLogNegativeTestJSON-970688673', 'tenant_id': '151179a83ed84eb9991a1cfe2f09c88c', 'tenant_name': 'tempest-InstanceUsageAuditLogNegativeTestJSON-970688673', 'user_domain_id': 'default', 'user_domain_name': 'Default', 'user_id': '415f8051a2b64199bb7c34ff41ecb3c5', 'system': None}, Network: None, Subnet: None, Router: None
2025-04-03 07:10:09.328 69421 INFO tempest.lib.common.rest_client [req-a6f5ecef-4ba2-43b0-ac7e-f2f7b67f0da0 req-a6f5ecef-4ba2-43b0-ac7e-f2f7b67f0da0 ] Request (FloatingIPsTestJSON:tearDownClass): 204 DELETE http://10.180.1.21/identity/v3/projects/a551d5d57c324c5394cccebfe44cf691 0.120s
2025-04-03 07:10:09.414 69395 INFO tempest.lib.common.rest_client [req-53afc20d-3d44-4747-af28-30517b08760f req-53afc20d-3d44-4747-af28-30517b08760f ] Request (InstanceUsageAuditLogNegativeTestJSON:setUpClass): 201 POST http://10.180.1.21/identity/v3/auth/tokens 0.123s
2025-04-03 07:10:09.417 69397 INFO tempest.lib.common.rest_client [req-165d7400-8687-4a00-a4da-2a809ef7dd2c req-165d7400-8687-4a00-a4da-2a809ef7dd2c ] Request (VolumesAssistedSnapshotsTest:test_volume_assisted_snapshot_create_delete): 200 GET http://10.180.1.21/compute/v2.1/servers/38065204-486c-4d9d-abcb-eb49214e3c58 1.209s
2025-04-03 07:10:09.426 69401 INFO tempest.lib.common.rest_client [req-c051ecf9-18d4-4cb6-ab60-ed2e02058f8e req-c051ecf9-18d4-4cb6-ab60-ed2e02058f8e ] Request (AggregatesAdminNegativeTestJSON:test_aggregate_remove_host_as_user): 403 POST http://10.180.1.21/compute/v2.1/os-aggregates/7/action 1.195s
2025-04-03 07:10:09.428 69397 INFO tempest.common.waiters [-] State transition "BUILD/spawning" ==> "ACTIVE/None" after 31 second wait
2025-04-03 07:10:09.455 69403 INFO tempest.lib.common.rest_client [req-9148aa72-068f-4530-87b9-f633acc65473 req-9148aa72-068f-4530-87b9-f633acc65473 ] Request (ServicesAdminNegativeV253TestJSON:tearDownClass): 204 DELETE http://10.180.1.21/identity/v3/users/71c654180a664431a5f32e0fa37d7f8f 0.189s
2025-04-03 07:10:09.475 69389 INFO tempest.lib.common.rest_client [req-24ff6241-0b12-4743-9f5c-80dcc3d7a4e2 req-24ff6241-0b12-4743-9f5c-80dcc3d7a4e2 ] Request (QuotaClassesAdminTestJSON:tearDownClass): 200 GET http://10.180.1.21:9696/networking/v2.0/security-groups?tenant_id=2b910767b2164d0da5467edbd73a481e&name=default 0.651s
2025-04-03 07:10:09.485 69429 INFO tempest.lib.common.rest_client [req-36340e33-5f7b-40a6-8111-87e157f28a8c req-36340e33-5f7b-40a6-8111-87e157f28a8c ] Request (ServerDiagnosticsTest:test_get_server_diagnostics): 200 GET http://10.180.1.21/compute/v2.1/servers/5df864fc-1ee4-41d5-9ceb-ff166671992b/diagnostics 1.391s
2025-04-03 07:10:09.494 69421 INFO tempest.lib.common.rest_client [req-a986aee4-3db9-4166-8a97-bffd518f7ff9 req-a986aee4-3db9-4166-8a97-bffd518f7ff9 ] Request (ImagesOneServerTestJSON:setUpClass): 201 POST http://10.180.1.21/identity/v3/auth/tokens 0.163s
2025-04-03 07:10:09.513 69381 INFO tempest.lib.common.rest_client [req-05e2e92f-2edc-4557-965c-5eac59693a07 req-05e2e92f-2edc-4557-965c-5eac59693a07 ] Request (FlavorsV2TestJSON:tearDownClass): 200 GET http://10.180.1.21:9696/networking/v2.0/security-groups?tenant_id=b9bae140bae34efa8af2492ee56f3ab0&name=default 0.668s
2025-04-03 07:10:09.523 69395 INFO tempest.lib.common.rest_client [req-b32fd122-2daf-40ef-b95e-a9f1f9d483de req-b32fd122-2daf-40ef-b95e-a9f1f9d483de ] Request (InstanceUsageAuditLogNegativeTestJSON:setUpClass): 201 POST http://10.180.1.21/identity/v3/projects 0.108s
2025-04-03 07:10:09.586 69369 INFO tempest.lib.common.rest_client [req-03772b7d-c52b-46b1-94ba-80f7030dd4be req-03772b7d-c52b-46b1-94ba-80f7030dd4be ] Request (SecurityGroupsNegativeTestJSON:tearDownClass): 200 PUT http://10.180.1.21:9696/networking/v2.0/routers/d07313bd-cd95-4729-aa80-b8fcdcc34089/remove_router_interface 2.034s
2025-04-03 07:10:09.593 69421 INFO tempest.lib.common.rest_client [req-abded871-22d1-4a51-aacf-b6cd1158503a req-abded871-22d1-4a51-aacf-b6cd1158503a ] Request (ImagesOneServerTestJSON:setUpClass): 201 POST http://10.180.1.21/identity/v3/auth/tokens 0.096s
2025-04-03 07:10:09.602 69407 INFO tempest.lib.common.rest_client [req-01b4da78-8ea9-4f54-b17c-ba1e7fe7a6e2 req-01b4da78-8ea9-4f54-b17c-ba1e7fe7a6e2 ] Request (ServerActionsTestOtherA:setUpClass): 200 GET http://10.180.1.21/compute/v2.1/servers/13fd90f3-97b9-4e45-9de3-da498c79a8a6 1.111s
2025-04-03 07:10:09.618 69403 INFO tempest.lib.common.rest_client [req-0c7e0d08-4820-4b5a-a23a-98d044a19a60 req-0c7e0d08-4820-4b5a-a23a-98d044a19a60 ] Request (ServicesAdminNegativeV253TestJSON:tearDownClass): 204 DELETE http://10.180.1.21/identity/v3/users/e294a9b863514a1990f835eacc7d525a 0.162s
2025-04-03 07:10:09.618 69403 INFO tempest.lib.common.dynamic_creds [-] Deleting project and security group for project: aa8e6168240844b8a9a01381908d7baf
2025-04-03 07:10:09.674 69395 INFO tempest.lib.common.rest_client [req-de208498-4124-4753-a095-8e9c403c058d req-de208498-4124-4753-a095-8e9c403c058d ] Request (InstanceUsageAuditLogNegativeTestJSON:setUpClass): 201 POST http://10.180.1.21/identity/v3/users 0.151s
2025-04-03 07:10:09.693 69391 INFO tempest.lib.common.rest_client [req-8f7329ac-7798-4659-bf0f-a36eb9673c33 req-8f7329ac-7798-4659-bf0f-a36eb9673c33 ] Request (ServersWithSpecificFlavorTestJSON:test_verify_created_server_ephemeral_disk): 200 GET http://10.180.1.21/compute/v2.1/servers/13714572-539a-445d-8998-a974a291135d 1.312s
2025-04-03 07:10:09.699 69421 INFO tempest.lib.common.rest_client [req-c992cf4d-cdb8-4b1c-9bb0-29c3213642e9 req-c992cf4d-cdb8-4b1c-9bb0-29c3213642e9 ] Request (ImagesOneServerTestJSON:setUpClass): 200 GET http://10.180.1.21/identity/v3/domains?name=Default 0.105s
2025-04-03 07:10:09.703 69403 INFO tempest.lib.common.rest_client [req-57e96d94-86ce-4f3e-b54c-ae9b568fd6c3 req-57e96d94-86ce-4f3e-b54c-ae9b568fd6c3 ] Request (ServicesAdminNegativeV253TestJSON:tearDownClass): 201 POST http://10.180.1.21/identity/v3/auth/tokens 0.085s
2025-04-03 07:10:09.723 69395 INFO tempest.lib.common.rest_client [req-ee727844-ffc1-4798-bed6-a289d796db1f req-ee727844-ffc1-4798-bed6-a289d796db1f ] Request (InstanceUsageAuditLogNegativeTestJSON:setUpClass): 200 GET http://10.180.1.21/identity/v3/roles 0.048s
2025-04-03 07:10:09.730 69377 INFO tempest.lib.common.rest_client [req-58819e8a-194e-4bb1-8946-6678a41b57a3 req-58819e8a-194e-4bb1-8946-6678a41b57a3 ] Request (FlavorsExtraSpecsTestJSON:test_flavor_non_admin_get_specific_key): 200 POST http://10.180.1.21/compute/v2.1/flavors/1158207803/os-extra_specs 1.175s
2025-04-03 07:10:09.733 69421 INFO tempest.lib.common.rest_client [req-ab750cf2-49b3-4bf6-b671-281db96529ab req-ab750cf2-49b3-4bf6-b671-281db96529ab ] Request (ImagesOneServerTestJSON:setUpClass): 201 POST http://10.180.1.21/identity/v3/projects 0.034s
2025-04-03 07:10:09.754 69381 INFO tempest.lib.common.rest_client [req-94e90d7c-1556-46f9-9a46-f56879bde200 req-94e90d7c-1556-46f9-9a46-f56879bde200 ] Request (FlavorsV2TestJSON:tearDownClass): 204 DELETE http://10.180.1.21:9696/networking/v2.0/security-groups/06ed9d30-14ec-456e-befd-51e19d791e81 0.241s
2025-04-03 07:10:09.774 69395 INFO tempest.lib.common.rest_client [req-b6cd4a38-6aa0-4866-a26a-56250b4afdcd req-b6cd4a38-6aa0-4866-a26a-56250b4afdcd ] Request (InstanceUsageAuditLogNegativeTestJSON:setUpClass): 204 PUT http://10.180.1.21/identity/v3/projects/8bf34fd768db4faea888d1fba0638717/users/58c1cf8459634334b26f342698061885/roles/c25fb9e630f4429e8720b3b44d679755 0.050s
2025-04-03 07:10:09.834 69373 INFO tempest.lib.common.rest_client [req-072a093b-99f9-4458-8a4d-93bc03658089 req-072a093b-99f9-4458-8a4d-93bc03658089 ] Request (ServerDiagnosticsNegativeTest:test_get_server_diagnostics_by_non_admin): 200 GET http://10.180.1.21/compute/v2.1/servers/658ab1de-78f2-48e0-b777-6b68c07cf588 1.174s
2025-04-03 07:10:09.838 69387 INFO tempest.lib.common.rest_client [req-f1099d72-57cf-49d0-b401-095916f744ca req-f1099d72-57cf-49d0-b401-095916f744ca ] Request (MigrationsAdminTest:test_list_migrations_in_flavor_resize_situation): 200 GET http://10.180.1.21/compute/v2.1/servers/3a1584dd-c15a-4ddc-a601-00fb583cbb5f 1.347s
2025-04-03 07:10:09.864 69389 INFO tempest.lib.common.rest_client [req-75058b7f-ee23-4a76-b8c6-31895b27c65b req-75058b7f-ee23-4a76-b8c6-31895b27c65b ] Request (QuotaClassesAdminTestJSON:tearDownClass): 204 DELETE http://10.180.1.21:9696/networking/v2.0/security-groups/8e3f27c8-e4f7-47c1-9134-9c67de747180 0.388s
2025-04-03 07:10:09.868 69421 INFO tempest.lib.common.rest_client [req-a75919d3-fe23-40f1-a4e0-91bb659ccdb6 req-a75919d3-fe23-40f1-a4e0-91bb659ccdb6 ] Request (ImagesOneServerTestJSON:setUpClass): 201 POST http://10.180.1.21/identity/v3/users 0.135s
2025-04-03 07:10:09.894 69395 INFO tempest.lib.common.rest_client [req-a9ae3e0c-1d23-4486-abbb-8a5ef7068f44 req-a9ae3e0c-1d23-4486-abbb-8a5ef7068f44 ] Request (InstanceUsageAuditLogNegativeTestJSON:setUpClass): 200 GET http://10.180.1.21/identity/v3/roles 0.119s
2025-04-03 07:10:09.938 69381 INFO tempest.lib.common.rest_client [req-17fdc806-2786-437b-8846-4707ab266aac req-17fdc806-2786-437b-8846-4707ab266aac ] Request (FlavorsV2TestJSON:tearDownClass): 204 DELETE http://10.180.1.21/identity/v3/projects/b9bae140bae34efa8af2492ee56f3ab0 0.182s
2025-04-03 07:10:09.965 69423 INFO tempest.lib.common.rest_client [req-6c115a2e-2066-4977-954e-763c87517ac9 req-6c115a2e-2066-4977-954e-763c87517ac9 ] Request (ServersAaction247Test:tearDownClass): 200 GET http://10.180.1.21/compute/v2.1/servers/b7901a47-6e24-45e2-869f-52c58e88354f 1.294s
2025-04-03 07:10:09.968 69383 INFO tempest.lib.common.rest_client [req-402fd40d-6122-4f38-b35c-753a0423e353 req-402fd40d-6122-4f38-b35c-753a0423e353 ] Request (ServersAdmin275Test:tearDownClass): 200 GET http://10.180.1.21/compute/v2.1/servers/00e9ed4f-84d3-458a-8d61-69cf77f39200 1.190s
2025-04-03 07:10:09.982 69383 INFO tempest.common.waiters [-] State transition "ACTIVE/deleting" ==> "DELETED/None" after 4 second wait
2025-04-03 07:10:10.016 69393 INFO tempest.lib.common.rest_client [req-d820c036-89fd-467a-89ff-16a161bc0c4e req-d820c036-89fd-467a-89ff-16a161bc0c4e ] Request (SecurityGroupRulesNegativeTestJSON:test_create_security_group_rule_with_invalid_id): 400 POST http://10.180.1.21/compute/v2.1/os-security-group-rules 0.951s
2025-04-03 07:10:10.026 69421 INFO tempest.lib.common.rest_client [req-dafad7fe-25ce-4732-8f9f-3a2f7db55fe3 req-dafad7fe-25ce-4732-8f9f-3a2f7db55fe3 ] Request (ImagesOneServerTestJSON:setUpClass): 200 GET http://10.180.1.21/identity/v3/roles 0.157s
2025-04-03 07:10:10.072 69389 INFO tempest.lib.common.rest_client [req-b3780c66-10df-4463-a087-2f9d88696ffa req-b3780c66-10df-4463-a087-2f9d88696ffa ] Request (QuotaClassesAdminTestJSON:tearDownClass): 204 DELETE http://10.180.1.21/identity/v3/projects/2b910767b2164d0da5467edbd73a481e 0.208s
2025-04-03 07:10:10.073 69389 INFO tempest.lib.common.dynamic_creds [-] Deleting project and security group for project: 95510a3f4cb349eaa178da281e5d47a9
2025-04-03 07:10:10.078 69371 INFO tempest.lib.common.rest_client [req-7a68932d-7c3e-48d9-9b67-5b31eb490b93 req-7a68932d-7c3e-48d9-9b67-5b31eb490b93 ] Request (ServersAdminTestJSON:test_create_server_with_scheduling_hint): 200 GET http://10.180.1.21/compute/v2.1/servers/6fc5568a-4b04-4e1b-9cde-3b16b9ac8130 1.210s
2025-04-03 07:10:10.103 69413 INFO tempest.lib.common.rest_client [req-e9a12cdb-7a54-422e-834b-12b69ba82ba1 req-e9a12cdb-7a54-422e-834b-12b69ba82ba1 ] Request (KeyPairsV2TestJSON:_run_cleanups): 202 DELETE http://10.180.1.21/compute/v2.1/os-keypairs/tempest-keypair-979494853 0.978s
2025-04-03 07:10:10.109 69381 INFO tempest.lib.common.rest_client [req-24db24b7-61a7-4ab0-8296-ff5164e513ed req-24db24b7-61a7-4ab0-8296-ff5164e513ed ] Request (ServersNegativeTestJSON:setUpClass): 201 POST http://10.180.1.21/identity/v3/auth/tokens 0.170s
2025-04-03 07:10:10.112 69395 INFO tempest.lib.common.rest_client [req-674bd03f-dd7c-4286-bda8-e66277114d22 req-674bd03f-dd7c-4286-bda8-e66277114d22 ] Request (InstanceUsageAuditLogNegativeTestJSON:setUpClass): 204 PUT http://10.180.1.21/identity/v3/projects/8bf34fd768db4faea888d1fba0638717/users/58c1cf8459634334b26f342698061885/roles/c25fb9e630f4429e8720b3b44d679755 0.215s
2025-04-03 07:10:10.112 69395 INFO tempest.lib.common.dynamic_creds [-] Dynamic test user 58c1cf8459634334b26f342698061885 is created with scope project and roles: ['admin']
2025-04-03 07:10:10.112 69395 INFO tempest.lib.common.dynamic_creds [-] Acquired dynamic creds: credentials: Credentials: {'domain_id': 'default', 'domain_name': 'Default', 'username': 'tempest-InstanceUsageAuditLogNegativeTestJSON-1995546628-project-admin', 'project_domain_id': 'default', 'project_domain_name': 'Default', 'project_id': '8bf34fd768db4faea888d1fba0638717', 'project_name': 'tempest-InstanceUsageAuditLogNegativeTestJSON-1995546628', 'tenant_id': '8bf34fd768db4faea888d1fba0638717', 'tenant_name': 'tempest-InstanceUsageAuditLogNegativeTestJSON-1995546628', 'user_domain_id': 'default', 'user_domain_name': 'Default', 'user_id': '58c1cf8459634334b26f342698061885', 'system': None}, Network: None, Subnet: None, Router: None
2025-04-03 07:10:10.112 69395 INFO tempest.lib.common.dynamic_creds [-] Created isolated network resources for: credentials: Credentials: {'domain_id': 'default', 'domain_name': 'Default', 'username': 'tempest-InstanceUsageAuditLogNegativeTestJSON-1995546628-project-admin', 'project_domain_id': 'default', 'project_domain_name': 'Default', 'project_id': '8bf34fd768db4faea888d1fba0638717', 'project_name': 'tempest-InstanceUsageAuditLogNegativeTestJSON-1995546628', 'tenant_id': '8bf34fd768db4faea888d1fba0638717', 'tenant_name': 'tempest-InstanceUsageAuditLogNegativeTestJSON-1995546628', 'user_domain_id': 'default', 'user_domain_name': 'Default', 'user_id': '58c1cf8459634334b26f342698061885', 'system': None}, Network: None, Subnet: None, Router: None
2025-04-03 07:10:10.135 69375 INFO tempest.lib.common.rest_client [req-c18b5def-43c2-4c87-b6d3-9b6e6f0d15e7 req-c18b5def-43c2-4c87-b6d3-9b6e6f0d15e7 ] Request (FlavorsAdminTestJSON:test_is_public_string_variations): 200 GET http://10.180.1.21/compute/v2.1/flavors/detail?is_public=t 0.991s
2025-04-03 07:10:10.159 69403 INFO tempest.lib.common.rest_client [req-f504be34-f8a6-4f25-a5fc-34c6e3495dfa req-f504be34-f8a6-4f25-a5fc-34c6e3495dfa ] Request (ServicesAdminNegativeV253TestJSON:tearDownClass): 200 GET http://10.180.1.21:9696/networking/v2.0/security-groups?tenant_id=aa8e6168240844b8a9a01381908d7baf&name=default 0.456s
2025-04-03 07:10:10.165 69399 INFO tempest.lib.common.rest_client [req-10b504a0-188c-455d-b998-c9ecc5269e25 req-10b504a0-188c-455d-b998-c9ecc5269e25 ] Request (ServersTestBootFromVolume:setUpClass): 200 GET http://10.180.1.21/volume/v3/volumes/50bda456-69b4-4ce1-b7a7-977e06ce4501 0.040s
2025-04-03 07:10:10.191 69405 INFO tempest.lib.common.rest_client [req-e4f3228f-7cc5-44f2-894a-4fa88db9c21c req-e4f3228f-7cc5-44f2-894a-4fa88db9c21c ] Request (VolumesTestJSON:setUpClass): 200 GET http://10.180.1.21/compute/v2.1/os-volumes/332b357b-038b-4f1c-b87d-097b36a21ff5 0.904s
2025-04-03 07:10:10.198 69421 INFO tempest.lib.common.rest_client [req-e200d070-27e4-4c44-aa1c-be59afa3b0be req-e200d070-27e4-4c44-aa1c-be59afa3b0be ] Request (ImagesOneServerTestJSON:setUpClass): 204 PUT http://10.180.1.21/identity/v3/projects/b11d276a02ea4ab7bdfdba764977ee4f/users/8dae51b758984fbd93d9476be2abcd1a/roles/f67cc01967144350b01857473e2640be 0.171s
2025-04-03 07:10:10.199 69421 INFO tempest.lib.common.dynamic_creds [-] Dynamic test user 8dae51b758984fbd93d9476be2abcd1a is created with scope project and roles: ['member']
2025-04-03 07:10:10.199 69421 INFO tempest.lib.common.dynamic_creds [-] Acquired dynamic creds: credentials: Credentials: {'domain_id': 'default', 'domain_name': 'Default', 'username': 'tempest-ImagesOneServerTestJSON-1950580131-project-member', 'project_domain_id': 'default', 'project_domain_name': 'Default', 'project_id': 'b11d276a02ea4ab7bdfdba764977ee4f', 'project_name': 'tempest-ImagesOneServerTestJSON-1950580131', 'tenant_id': 'b11d276a02ea4ab7bdfdba764977ee4f', 'tenant_name': 'tempest-ImagesOneServerTestJSON-1950580131', 'user_domain_id': 'default', 'user_domain_name': 'Default', 'user_id': '8dae51b758984fbd93d9476be2abcd1a', 'system': None}, Network: None, Subnet: None, Router: None
2025-04-03 07:10:10.213 69385 INFO tempest.lib.common.rest_client [req-26f012f4-e7de-4c83-8d9b-9e3632f20c39 req-26f012f4-e7de-4c83-8d9b-9e3632f20c39 ] Request (DeleteServersAdminTestJSON:test_admin_delete_servers_of_others): 404 GET http://10.180.1.21/compute/v2.1/servers/a4462b16-2118-4c35-8790-eaf8c5d3f7db 0.849s
2025-04-03 07:10:10.282 69381 INFO tempest.lib.common.rest_client [req-99dee65d-2257-498c-ae88-9727daf1a9b2 req-99dee65d-2257-498c-ae88-9727daf1a9b2 ] Request (ServersNegativeTestJSON:setUpClass): 201 POST http://10.180.1.21/identity/v3/auth/tokens 0.170s
2025-04-03 07:10:10.318 69397 INFO tempest.lib.common.rest_client [req-6701e4a6-0cab-4606-ab70-a353578fc538 req-6701e4a6-0cab-4606-ab70-a353578fc538 ] Request (VolumesAssistedSnapshotsTest:test_volume_assisted_snapshot_create_delete): 200 GET http://10.180.1.21/compute/v2.1/servers/38065204-486c-4d9d-abcb-eb49214e3c58/os-interface 0.889s
2025-04-03 07:10:10.323 69421 INFO tempest.lib.common.rest_client [req-192ca3b3-b0c1-4715-ba5b-e9d4548b1f56 req-192ca3b3-b0c1-4715-ba5b-e9d4548b1f56 ] Request (ImagesOneServerTestJSON:setUpClass): 201 POST http://10.180.1.21/identity/v3/auth/tokens 0.123s
2025-04-03 07:10:10.355 69395 INFO tempest.lib.common.rest_client [req-bb02c195-c27a-4a8f-b94f-e51fb2957bd5 req-bb02c195-c27a-4a8f-b94f-e51fb2957bd5 ] Request (InstanceUsageAuditLogNegativeTestJSON:setUpClass): 201 POST http://10.180.1.21/identity/v3/auth/tokens 0.239s
2025-04-03 07:10:10.379 69405 INFO tempest.lib.common.rest_client [req-883c8f12-09c3-43cd-9e07-663c900ff957 req-883c8f12-09c3-43cd-9e07-663c900ff957 ] Request (VolumesTestJSON:setUpClass): 202 POST http://10.180.1.21/volume/v3/volumes 0.182s
2025-04-03 07:10:10.382 69403 INFO tempest.lib.common.rest_client [req-ee225883-ca59-4d18-ab4f-1d1bf84db8ba req-ee225883-ca59-4d18-ab4f-1d1bf84db8ba ] Request (ServicesAdminNegativeV253TestJSON:tearDownClass): 204 DELETE http://10.180.1.21:9696/networking/v2.0/security-groups/81db0120-3759-41d5-9dde-a9f3b4dd69f1 0.222s
2025-04-03 07:10:10.393 69385 INFO tempest.lib.common.rest_client [req-d4c5a9b9-fb8f-4c29-8013-ec7a5607d296 req-d4c5a9b9-fb8f-4c29-8013-ec7a5607d296 ] Request (DeleteServersAdminTestJSON:test_delete_server_while_in_error_state): 201 POST http://10.180.1.21/identity/v3/auth/tokens 0.159s
2025-04-03 07:10:10.393 69385 INFO tempest.lib.common.fixed_network [-] (DeleteServersAdminTestJSON:test_delete_server_while_in_error_state) Found network None available for tenant
2025-04-03 07:10:10.411 69381 INFO tempest.lib.common.rest_client [req-773ec2f2-b8a5-4f59-8b94-31db8d7e2f47 req-773ec2f2-b8a5-4f59-8b94-31db8d7e2f47 ] Request (ServersNegativeTestJSON:setUpClass): 200 GET http://10.180.1.21/identity/v3/domains?name=Default 0.128s
2025-04-03 07:10:10.429 69405 INFO tempest.lib.common.rest_client [req-f3ab286d-128b-4385-a49f-41929b80c322 req-f3ab286d-128b-4385-a49f-41929b80c322 ] Request (VolumesTestJSON:setUpClass): 200 GET http://10.180.1.21/volume/v3/volumes/8537d7b7-acf3-4bda-9253-d08435302d80 0.043s
2025-04-03 07:10:10.510 69381 INFO tempest.lib.common.rest_client [req-4bcaf59a-dd0c-40c0-8612-44d4a4d3d6ba req-4bcaf59a-dd0c-40c0-8612-44d4a4d3d6ba ] Request (ServersNegativeTestJSON:setUpClass): 201 POST http://10.180.1.21/identity/v3/projects 0.098s
2025-04-03 07:10:10.522 69401 INFO tempest.lib.common.rest_client [req-8c72e162-326d-4e12-ba6a-3b41cf5d5d53 req-8c72e162-326d-4e12-ba6a-3b41cf5d5d53 ] Request (AggregatesAdminNegativeTestJSON:_run_cleanups): 200 POST http://10.180.1.21/compute/v2.1/os-aggregates/7/action 1.095s
2025-04-03 07:10:10.556 69403 INFO tempest.lib.common.rest_client [req-5f522f79-0268-44cb-aed3-408b8ebda9d7 req-5f522f79-0268-44cb-aed3-408b8ebda9d7 ] Request (ServicesAdminNegativeV253TestJSON:tearDownClass): 204 DELETE http://10.180.1.21/identity/v3/projects/aa8e6168240844b8a9a01381908d7baf 0.173s
2025-04-03 07:10:10.556 69403 INFO tempest.lib.common.dynamic_creds [-] Deleting project and security group for project: 5cac13091d4b4e429c36fa477f4c9075
2025-04-03 07:10:10.604 69381 INFO tempest.lib.common.rest_client [req-82c7baf2-ca56-4165-9878-5388cbcec8ab req-82c7baf2-ca56-4165-9878-5388cbcec8ab ] Request (ServersNegativeTestJSON:setUpClass): 201 POST http://10.180.1.21/identity/v3/users 0.094s
2025-04-03 07:10:10.671 69389 INFO tempest.lib.common.rest_client [req-fa089fd1-3545-4952-8248-328eeb2d5480 req-fa089fd1-3545-4952-8248-328eeb2d5480 ] Request (QuotaClassesAdminTestJSON:tearDownClass): 200 GET http://10.180.1.21:9696/networking/v2.0/security-groups?tenant_id=95510a3f4cb349eaa178da281e5d47a9&name=default 0.598s
2025-04-03 07:10:10.706 69381 INFO tempest.lib.common.rest_client [req-3562cca3-0c51-426b-887d-41ad46d0c153 req-3562cca3-0c51-426b-887d-41ad46d0c153 ] Request (ServersNegativeTestJSON:setUpClass): 200 GET http://10.180.1.21/identity/v3/roles 0.101s
2025-04-03 07:10:10.729 69425 INFO tempest.lib.common.rest_client [req-9e0e5ffc-3982-4215-afe9-33b2f91507c1 req-9e0e5ffc-3982-4215-afe9-33b2f91507c1 ] Request (ListImageFiltersTestJSON:setUpClass): 200 GET http://10.180.1.21/compute/v2.1/servers/742a374a-07f2-4a59-89cb-e58e3cd2e357 1.284s
2025-04-03 07:10:10.747 69381 INFO tempest.lib.common.rest_client [req-60ed9782-77e2-422c-81dd-1e6ae968f035 req-60ed9782-77e2-422c-81dd-1e6ae968f035 ] Request (ServersNegativeTestJSON:setUpClass): 204 PUT http://10.180.1.21/identity/v3/projects/b0012c8d368c4b578be0ba9f528ec75b/users/a567a86f3bbd455784ae84cfc0eeeac6/roles/f67cc01967144350b01857473e2640be 0.039s
2025-04-03 07:10:10.747 69381 INFO tempest.lib.common.dynamic_creds [-] Dynamic test user a567a86f3bbd455784ae84cfc0eeeac6 is created with scope project and roles: ['member']
2025-04-03 07:10:10.747 69381 INFO tempest.lib.common.dynamic_creds [-] Acquired dynamic creds: credentials: Credentials: {'domain_id': 'default', 'domain_name': 'Default', 'username': 'tempest-ServersNegativeTestJSON-531361409-project-member', 'project_domain_id': 'default', 'project_domain_name': 'Default', 'project_id': 'b0012c8d368c4b578be0ba9f528ec75b', 'project_name': 'tempest-ServersNegativeTestJSON-531361409', 'tenant_id': 'b0012c8d368c4b578be0ba9f528ec75b', 'tenant_name': 'tempest-ServersNegativeTestJSON-531361409', 'user_domain_id': 'default', 'user_domain_name': 'Default', 'user_id': 'a567a86f3bbd455784ae84cfc0eeeac6', 'system': None}, Network: None, Subnet: None, Router: None
2025-04-03 07:10:10.807 69403 INFO tempest.lib.common.rest_client [req-57a04f19-29d4-4588-9744-c7156c7fff54 req-57a04f19-29d4-4588-9744-c7156c7fff54 ] Request (ServicesAdminNegativeV253TestJSON:tearDownClass): 200 GET http://10.180.1.21:9696/networking/v2.0/security-groups?tenant_id=5cac13091d4b4e429c36fa477f4c9075&name=default 0.250s
2025-04-03 07:10:10.877 69429 INFO tempest.lib.common.rest_client [req-3cf90041-4c57-4ae1-96b5-f8ca825230b4 req-3cf90041-4c57-4ae1-96b5-f8ca825230b4 ] Request (ServerDiagnosticsTest:tearDownClass): 204 DELETE http://10.180.1.21/compute/v2.1/servers/5df864fc-1ee4-41d5-9ceb-ff166671992b 1.390s
2025-04-03 07:10:10.878 69381 INFO tempest.lib.common.rest_client [req-4e0b1b5e-e788-4d40-9c77-d68b9909b0e9 req-4e0b1b5e-e788-4d40-9c77-d68b9909b0e9 ] Request (ServersNegativeTestJSON:setUpClass): 201 POST http://10.180.1.21/identity/v3/auth/tokens 0.131s
2025-04-03 07:10:10.937 69403 INFO tempest.lib.common.rest_client [req-831b645f-e461-4182-9b48-1783a0d6cf23 req-831b645f-e461-4182-9b48-1783a0d6cf23 ] Request (ServicesAdminNegativeV253TestJSON:tearDownClass): 204 DELETE http://10.180.1.21:9696/networking/v2.0/security-groups/a77cda86-d98f-4fec-b4af-549fa2004273 0.129s
2025-04-03 07:10:10.941 69417 INFO tempest.lib.common.rest_client [req-32c8291a-801c-4e30-809c-1f8444654429 req-32c8291a-801c-4e30-809c-1f8444654429 ] Request (ServerRescueNegativeTestJSON:setUpClass): 200 GET http://10.180.1.21/compute/v2.1/servers/cef3db69-2bc5-4b16-b362-5b92bfeb9f5b 1.409s
2025-04-03 07:10:10.965 69411 INFO tempest.lib.common.rest_client [req-cf45b8b9-166c-4212-9679-7d510485980f req-cf45b8b9-166c-4212-9679-7d510485980f ] Request (ServerPasswordTestJSON:setUpClass): 202 POST http://10.180.1.21/compute/v2.1/servers 1.871s
2025-04-03 07:10:11.023 69415 INFO tempest.lib.common.rest_client [req-fa4ce88a-7878-4c01-9249-c13e1eecf764 req-fa4ce88a-7878-4c01-9249-c13e1eecf764 ] Request (ServersTestFqdnHostnames:test_create_server_with_fqdn_name): 200 GET http://10.180.1.21/compute/v2.1/servers/857c7aa8-406a-4a90-8f1b-166e87f0f559 1.360s
2025-04-03 07:10:11.025 69403 INFO tempest.lib.common.rest_client [req-d2254dca-d27d-439d-8cb6-a22b521404dd req-d2254dca-d27d-439d-8cb6-a22b521404dd ] Request (ServicesAdminNegativeV253TestJSON:tearDownClass): 204 DELETE http://10.180.1.21/identity/v3/projects/5cac13091d4b4e429c36fa477f4c9075 0.088s
2025-04-03 07:10:11.045 69377 INFO tempest.lib.common.rest_client [req-21b3dea0-84c7-4fad-8615-6eb94de71b86 req-21b3dea0-84c7-4fad-8615-6eb94de71b86 ] Request (FlavorsExtraSpecsTestJSON:test_flavor_non_admin_get_specific_key): 200 GET http://10.180.1.21/compute/v2.1/flavors/1158207803/os-extra_specs/hw:numa_nodes 1.314s
2025-04-03 07:10:11.050 69419 INFO tempest.lib.common.rest_client [req-500babf3-8712-40a8-bd41-12ac46b902de req-500babf3-8712-40a8-bd41-12ac46b902de ] Request (AttachInterfacesTestJSON:test_create_list_show_delete_interfaces_by_fixed_ip): 200 GET http://10.180.1.21/compute/v2.1/servers/d2b777aa-dab0-4258-b5cc-138fd60f8fb7 1.336s
2025-04-03 07:10:11.057 69419 INFO tempest.common.waiters [-] State transition "BUILD/scheduling" ==> "BUILD/None" after 5 second wait
2025-04-03 07:10:11.090 69389 INFO tempest.lib.common.rest_client [req-76830891-6dd5-4bbe-b274-370cb026f7ee req-76830891-6dd5-4bbe-b274-370cb026f7ee ] Request (QuotaClassesAdminTestJSON:tearDownClass): 204 DELETE http://10.180.1.21:9696/networking/v2.0/security-groups/2f55476f-487a-4018-9efa-8fb4a2ad161c 0.419s
2025-04-03 07:10:11.129 69427 INFO tempest.lib.common.rest_client [req-5ac2c6e9-5f6e-4728-b11e-c57be8cf978a req-5ac2c6e9-5f6e-4728-b11e-c57be8cf978a ] Request (ServerRescueTestJSON:test_rescue_unrescue_instance): 200 GET http://10.180.1.21/compute/v2.1/servers/7b0c2e85-ac32-4b92-80a8-f20dd67afa45 1.328s
2025-04-03 07:10:11.144 69403 INFO tempest.lib.common.rest_client [req-668e1639-9f3f-46d8-9819-4f03682f8062 req-668e1639-9f3f-46d8-9819-4f03682f8062 ] Request (FloatingIPsAssociationNegativeTestJSON:setUpClass): 201 POST http://10.180.1.21/identity/v3/auth/tokens 0.117s
2025-04-03 07:10:11.184 69403 INFO tempest.lib.common.rest_client [req-f219f108-6d43-4f62-8324-8762121a141a req-f219f108-6d43-4f62-8324-8762121a141a ] Request (FloatingIPsAssociationNegativeTestJSON:setUpClass): 201 POST http://10.180.1.21/identity/v3/auth/tokens 0.036s
2025-04-03 07:10:11.190 69431 INFO tempest.lib.common.rest_client [req-38cb6fb4-a27b-492e-b9b5-7a8bc3cbe300 req-38cb6fb4-a27b-492e-b9b5-7a8bc3cbe300 ] Request (ServerExternalEventsTest:tearDownClass): 200 GET http://10.180.1.21/compute/v2.1/servers/733f419b-7cfb-4e3b-bdbe-0c78dde72dd6 1.416s
2025-04-03 07:10:11.210 69369 INFO tempest.lib.common.rest_client [req-0ef6f711-9221-48cb-9e65-80f9955712b1 req-0ef6f711-9221-48cb-9e65-80f9955712b1 ] Request (SecurityGroupsNegativeTestJSON:tearDownClass): 204 DELETE http://10.180.1.21:9696/networking/v2.0/routers/d07313bd-cd95-4729-aa80-b8fcdcc34089 1.624s
2025-04-03 07:10:11.213 69403 INFO tempest.lib.common.rest_client [req-97f5005f-6f6c-449e-8929-82a97efe7a74 req-97f5005f-6f6c-449e-8929-82a97efe7a74 ] Request (FloatingIPsAssociationNegativeTestJSON:setUpClass): 200 GET http://10.180.1.21/identity/v3/domains?name=Default 0.029s
2025-04-03 07:10:11.248 69399 INFO tempest.lib.common.rest_client [req-bcaadac2-3476-4104-9577-ab698cdc10cf req-bcaadac2-3476-4104-9577-ab698cdc10cf ] Request (ServersTestBootFromVolume:setUpClass): 200 GET http://10.180.1.21/volume/v3/volumes/50bda456-69b4-4ce1-b7a7-977e06ce4501 0.071s
2025-04-03 07:10:11.261 69403 INFO tempest.lib.common.rest_client [req-db2ed1e3-9557-498f-a6f3-bf5d572a6b1f req-db2ed1e3-9557-498f-a6f3-bf5d572a6b1f ] Request (FloatingIPsAssociationNegativeTestJSON:setUpClass): 201 POST http://10.180.1.21/identity/v3/projects 0.047s
2025-04-03 07:10:11.266 69413 INFO tempest.lib.common.rest_client [req-f930dd13-eb1c-4906-af9e-d72931574cc2 req-f930dd13-eb1c-4906-af9e-d72931574cc2 ] Request (KeyPairsV2TestJSON:test_keypairs_create_list_delete): 200 POST http://10.180.1.21/compute/v2.1/os-keypairs 1.158s
2025-04-03 07:10:11.298 69375 INFO tempest.lib.common.rest_client [req-16932cf4-4a50-4012-bb1f-40ba07de2c2a req-16932cf4-4a50-4012-bb1f-40ba07de2c2a ] Request (FlavorsAdminTestJSON:test_is_public_string_variations): 200 GET http://10.180.1.21/compute/v2.1/flavors/detail?is_public=true 1.156s
2025-04-03 07:10:11.314 69389 INFO tempest.lib.common.rest_client [req-51e78d8a-925c-4cd3-bfad-701de73fd437 req-51e78d8a-925c-4cd3-bfad-701de73fd437 ] Request (QuotaClassesAdminTestJSON:tearDownClass): 204 DELETE http://10.180.1.21/identity/v3/projects/95510a3f4cb349eaa178da281e5d47a9 0.223s
2025-04-03 07:10:11.344 69403 INFO tempest.lib.common.rest_client [req-e89198dc-8beb-42af-8403-a5aa52bc9ab3 req-e89198dc-8beb-42af-8403-a5aa52bc9ab3 ] Request (FloatingIPsAssociationNegativeTestJSON:setUpClass): 201 POST http://10.180.1.21/identity/v3/users 0.082s
2025-04-03 07:10:11.372 69389 INFO tempest.lib.common.rest_client [req-1b3955e1-f6c1-4ad0-b8bf-c846c6d31099 req-1b3955e1-f6c1-4ad0-b8bf-c846c6d31099 ] Request (SecurityGroupsTestAdminJSON:setUpClass): 201 POST http://10.180.1.21/identity/v3/auth/tokens 0.056s
2025-04-03 07:10:11.394 69421 INFO tempest.lib.common.rest_client [req-efb35b60-31ff-469d-a67a-41b0d83fa2d7 req-efb35b60-31ff-469d-a67a-41b0d83fa2d7 ] Request (ImagesOneServerTestJSON:setUpClass): 201 POST http://10.180.1.21:9696/networking/v2.0/networks 1.069s
2025-04-03 07:10:11.398 69403 INFO tempest.lib.common.rest_client [req-88152869-0bc6-43fa-9f15-339d77f37f00 req-88152869-0bc6-43fa-9f15-339d77f37f00 ] Request (FloatingIPsAssociationNegativeTestJSON:setUpClass): 200 GET http://10.180.1.21/identity/v3/roles 0.054s
2025-04-03 07:10:11.453 69389 INFO tempest.lib.common.rest_client [req-22a11f62-8ce2-4ca4-b2ab-509a51ee4dcf req-22a11f62-8ce2-4ca4-b2ab-509a51ee4dcf ] Request (SecurityGroupsTestAdminJSON:setUpClass): 201 POST http://10.180.1.21/identity/v3/auth/tokens 0.079s
2025-04-03 07:10:11.480 69405 INFO tempest.lib.common.rest_client [req-62b8dd6a-bbc8-4549-ba38-26ecbbf97dff req-62b8dd6a-bbc8-4549-ba38-26ecbbf97dff ] Request (VolumesTestJSON:setUpClass): 200 GET http://10.180.1.21/volume/v3/volumes/8537d7b7-acf3-4bda-9253-d08435302d80 0.035s
2025-04-03 07:10:11.485 69403 INFO tempest.lib.common.rest_client [req-157500f6-04e5-41dd-bf1c-2e275741266c req-157500f6-04e5-41dd-bf1c-2e275741266c ] Request (FloatingIPsAssociationNegativeTestJSON:setUpClass): 204 PUT http://10.180.1.21/identity/v3/projects/25745843b8a24b199ca31215bf7e0551/users/1cd1f500a1f34bb78f91063f8cca7610/roles/f67cc01967144350b01857473e2640be 0.086s
2025-04-03 07:10:11.485 69403 INFO tempest.lib.common.dynamic_creds [-] Dynamic test user 1cd1f500a1f34bb78f91063f8cca7610 is created with scope project and roles: ['member']
