2025-04-03 07:09:39.410 69407 INFO tempest.lib.common.dynamic_creds [-] Created isolated network resources for: credentials: Credentials: {'domain_id': 'default', 'domain_name': 'Default', 'username': 'tempest-ServerActionsTestOtherA-1980240900-project-member', 'project_domain_id': 'default', 'project_domain_name': 'Default', 'project_id': 'f5d11523a34a41fc93f369d4737ccf38', 'project_name': 'tempest-ServerActionsTestOtherA-1980240900', 'tenant_id': 'f5d11523a34a41fc93f369d4737ccf38', 'tenant_name': 'tempest-ServerActionsTestOtherA-1980240900', 'user_domain_id': 'default', 'user_domain_name': 'Default', 'user_id': '439853f2f2474c7cb2799f2d5d8feede', 'system': None}, Network: {'id': '0624a1b3-6c9d-43d5-ac68-beaedb10c4eb', 'name': 'tempest-ServerActionsTestOtherA-356147984-network', 'tenant_id': 'f5d11523a34a41fc93f369d4737ccf38', 'admin_state_up': True, 'mtu': 8950, 'status': 'ACTIVE', 'subnets': [], 'shared': False, 'project_id': 'f5d11523a34a41fc93f369d4737ccf38', 'port_security_enabled': True, 'router:external': False, 'provider:network_type': 'vlan', 'provider:physical_network': 'default', 'provider:segmentation_id': 474, 'availability_zone_hints': [], 'availability_zones': [], 'ipv4_address_scope': None, 'ipv6_address_scope': None, 'description': '', 'tags': [], 'created_at': '2025-04-03T07:09:35Z', 'updated_at': '2025-04-03T07:09:35Z', 'revision_number': 1}, Subnet: {'id': '9de4185d-e2a8-445e-a305-a740f9f8c668', 'name': 'tempest-ServerActionsTestOtherA-356147984-subnet', 'tenant_id': 'f5d11523a34a41fc93f369d4737ccf38', 'network_id': '0624a1b3-6c9d-43d5-ac68-beaedb10c4eb', 'ip_version': 4, 'subnetpool_id': None, 'enable_dhcp': True, 'ipv6_ra_mode': None, 'ipv6_address_mode': None, 'gateway_ip': '192.168.128.1', 'cidr': '192.168.128.0/28', 'allocation_pools': [{'start': '192.168.128.2', 'end': '192.168.128.14'}], 'host_routes': [], 'dns_nameservers': [], 'description': '', 'router:external': False, 'service_types': [], 'tags': [], 'created_at': '2025-04-03T07:09:36Z', 'updated_at': '2025-04-03T07:09:36Z', 'revision_number': 0, 'project_id': 'f5d11523a34a41fc93f369d4737ccf38'}, Router: {'id': 'b80ffccf-8c0b-43da-9ff5-6f532067f4fc', 'name': 'tempest-ServerActionsTestOtherA-356147984-router', 'tenant_id': 'f5d11523a34a41fc93f369d4737ccf38', 'admin_state_up': True, 'status': 'ACTIVE', 'external_gateway_info': {'network_id': '18e407d2-3162-43e1-8f10-9113ba31541a', 'external_fixed_ips': [{'subnet_id': '1c4c38fb-87de-4288-99e0-108d442de39f', 'ip_address': '10.180.180.237'}], 'enable_snat': True}, 'description': '', 'availability_zones': [], 'distributed': False, 'ha': False, 'availability_zone_hints': [], 'routes': [], 'flavor_id': None, 'tags': [], 'created_at': '2025-04-03T07:09:36Z', 'updated_at': '2025-04-03T07:09:37Z', 'revision_number': 2, 'project_id': 'f5d11523a34a41fc93f369d4737ccf38'}
2025-04-03 07:09:39.439 69417 INFO tempest.lib.common.rest_client [req-7ee3888f-c928-49c5-a258-d31ea3a3cfac req-7ee3888f-c928-49c5-a258-d31ea3a3cfac ] Request (ServerRescueNegativeTestJSON:setUpClass): 201 POST http://10.180.1.21/identity/v3/projects 0.124s
2025-04-03 07:09:39.460 69415 INFO tempest.lib.common.rest_client [req-d6ee8641-75f5-4cbf-bcf0-88c8d539f5d7 req-d6ee8641-75f5-4cbf-bcf0-88c8d539f5d7 ] Request (FlavorsAccessTestJSON:tearDownClass): 204 DELETE http://10.180.1.21/identity/v3/users/d1860f480021450db96c173abfde3f53 0.202s
2025-04-03 07:09:39.461 69415 INFO tempest.lib.common.dynamic_creds [-] Deleting project and security group for project: 9e6c592e4987422996b86b027bf75ac8
2025-04-03 07:09:39.481 69431 INFO tempest.lib.common.rest_client [req-03ebc1d5-6e94-44c7-9a62-fdbee8a2ebcb req-03ebc1d5-6e94-44c7-9a62-fdbee8a2ebcb ] Request (ServerExternalEventsTest:test_create_server_external_events): 200 GET http://10.180.1.21/compute/v2.1/servers/733f419b-7cfb-4e3b-bdbe-0c78dde72dd6 1.493s
2025-04-03 07:09:39.514 69377 INFO tempest.lib.common.rest_client [req-db9a78e1-65f2-4b00-8cad-becf795dba04 req-db9a78e1-65f2-4b00-8cad-becf795dba04 ] Request (FlavorsAccessNegativeTestJSON:test_flavor_non_admin_add): 200 POST http://10.180.1.21/compute/v2.1/flavors 0.906s
2025-04-03 07:09:39.535 69411 INFO tempest.lib.common.rest_client [req-1f6a389e-18c0-4d0b-8d7c-4fe9852951f4 req-1f6a389e-18c0-4d0b-8d7c-4fe9852951f4 ] Request (KeyPairsV22TestJSON:_run_cleanups): 204 DELETE http://10.180.1.21/compute/v2.1/os-keypairs/tempest-keypair-496264036 0.805s
2025-04-03 07:09:39.574 69421 INFO tempest.lib.common.rest_client [req-e8a360b0-42ab-40b5-9b72-ab44853dbbc9 req-e8a360b0-42ab-40b5-9b72-ab44853dbbc9 ] Request (HostsAdminTestJSON:tearDownClass): 204 DELETE http://10.180.1.21/identity/v3/projects/d58b132e37f94de79cbdae49062bfdfc 0.197s
2025-04-03 07:09:39.574 69421 INFO tempest.lib.common.dynamic_creds [-] Deleting project and security group for project: 8aa746c1e6ab4ea08809d5deee1d3eba
2025-04-03 07:09:39.590 69395 INFO tempest.lib.common.rest_client [req-6b3a267c-4d2e-4648-ae8f-042d95e42789 req-6b3a267c-4d2e-4648-ae8f-042d95e42789 ] Request (FlavorsExtraSpecsNegativeTestJSON:tearDownClass): 204 DELETE http://10.180.1.21/identity/v3/users/15e8c268f6dd4828a3bfd89a506933d2 0.223s
2025-04-03 07:09:39.590 69395 INFO tempest.lib.common.dynamic_creds [-] Deleting project and security group for project: 12e00b6c98d04e279087046a747fb6af
2025-04-03 07:09:39.698 69407 INFO tempest.lib.common.rest_client [req-632f6035-5917-4fcc-9881-a6e3ec7999ba req-632f6035-5917-4fcc-9881-a6e3ec7999ba ] Request (ServerActionsTestOtherA:setUpClass): 201 POST http://10.180.1.21/identity/v3/auth/tokens 0.284s
2025-04-03 07:09:39.707 69417 INFO tempest.lib.common.rest_client [req-f2d08169-5a25-4b1a-a874-91548030dbc2 req-f2d08169-5a25-4b1a-a874-91548030dbc2 ] Request (ServerRescueNegativeTestJSON:setUpClass): 201 POST http://10.180.1.21/identity/v3/users 0.267s
2025-04-03 07:09:39.707 69369 INFO tempest.lib.common.rest_client [req-856cd0b7-82ea-4f14-a804-ef41b5fef8d9 req-856cd0b7-82ea-4f14-a804-ef41b5fef8d9 ] Request (TenantUsagesNegativeTestJSON:tearDownClass): 200 GET http://10.180.1.21:9696/networking/v2.0/security-groups?tenant_id=3bc8825de7c04a818de5a2f5df14db88&name=default 0.333s
2025-04-03 07:09:39.715 69425 INFO tempest.lib.common.rest_client [req-3214b152-7996-491a-87c2-562f7ac1e87c req-3214b152-7996-491a-87c2-562f7ac1e87c ] Request (ListImageFiltersTestJSON:setUpClass): 202 POST http://10.180.1.21/compute/v2.1/servers 1.162s
2025-04-03 07:09:39.737 69415 INFO tempest.lib.common.rest_client [req-3547303b-b8b9-4d86-a9d5-f54280335254 req-3547303b-b8b9-4d86-a9d5-f54280335254 ] Request (FlavorsAccessTestJSON:tearDownClass): 201 POST http://10.180.1.21/identity/v3/auth/tokens 0.276s
2025-04-03 07:09:39.747 69395 INFO tempest.lib.common.rest_client [req-319a6b9a-6eaf-4376-bce9-34acf9860de9 req-319a6b9a-6eaf-4376-bce9-34acf9860de9 ] Request (FlavorsExtraSpecsNegativeTestJSON:tearDownClass): 201 POST http://10.180.1.21/identity/v3/auth/tokens 0.157s
2025-04-03 07:09:39.782 69417 INFO tempest.lib.common.rest_client [req-df7cbb85-1fc9-4ab3-b180-e7a95779f376 req-df7cbb85-1fc9-4ab3-b180-e7a95779f376 ] Request (ServerRescueNegativeTestJSON:setUpClass): 200 GET http://10.180.1.21/identity/v3/roles 0.074s
2025-04-03 07:09:39.832 69425 INFO tempest.lib.common.rest_client [req-806a142f-d511-4091-aae0-b3f3dc43fb27 req-806a142f-d511-4091-aae0-b3f3dc43fb27 ] Request (ListImageFiltersTestJSON:setUpClass): 201 POST http://10.180.1.21/identity/v3/auth/tokens 0.111s
2025-04-03 07:09:39.833 69425 INFO tempest.lib.common.fixed_network [-] (ListImageFiltersTestJSON:setUpClass) Found network None available for tenant
2025-04-03 07:09:39.854 69421 INFO tempest.lib.common.rest_client [req-c651ab12-09dd-4196-ba02-fdc6ab520f21 req-c651ab12-09dd-4196-ba02-fdc6ab520f21 ] Request (HostsAdminTestJSON:tearDownClass): 200 GET http://10.180.1.21:9696/networking/v2.0/security-groups?tenant_id=8aa746c1e6ab4ea08809d5deee1d3eba&name=default 0.280s
2025-04-03 07:09:39.867 69417 INFO tempest.lib.common.rest_client [req-c2b7d10a-aea9-466a-8b3b-305d72b541ec req-c2b7d10a-aea9-466a-8b3b-305d72b541ec ] Request (ServerRescueNegativeTestJSON:setUpClass): 204 PUT http://10.180.1.21/identity/v3/projects/a60b2155098b4cac81ebfbc86a70f9fa/users/feac35b0680b45b9a175bc2cfe7c6a3c/roles/f67cc01967144350b01857473e2640be 0.084s
2025-04-03 07:09:39.867 69417 INFO tempest.lib.common.dynamic_creds [-] Dynamic test user feac35b0680b45b9a175bc2cfe7c6a3c is created with scope project and roles: ['member']
2025-04-03 07:09:39.867 69417 INFO tempest.lib.common.dynamic_creds [-] Acquired dynamic creds: credentials: Credentials: {'domain_id': 'default', 'domain_name': 'Default', 'username': 'tempest-ServerRescueNegativeTestJSON-473758567-project-member', 'project_domain_id': 'default', 'project_domain_name': 'Default', 'project_id': 'a60b2155098b4cac81ebfbc86a70f9fa', 'project_name': 'tempest-ServerRescueNegativeTestJSON-473758567', 'tenant_id': 'a60b2155098b4cac81ebfbc86a70f9fa', 'tenant_name': 'tempest-ServerRescueNegativeTestJSON-473758567', 'user_domain_id': 'default', 'user_domain_name': 'Default', 'user_id': 'feac35b0680b45b9a175bc2cfe7c6a3c', 'system': None}, Network: None, Subnet: None, Router: None
2025-04-03 07:09:39.940 69417 INFO tempest.lib.common.rest_client [req-f88cb6a6-ad96-4c74-9098-9c9ff804625e req-f88cb6a6-ad96-4c74-9098-9c9ff804625e ] Request (ServerRescueNegativeTestJSON:setUpClass): 201 POST http://10.180.1.21/identity/v3/auth/tokens 0.072s
2025-04-03 07:09:39.976 69369 INFO tempest.lib.common.rest_client [req-1d540cf1-2c2f-4fd4-9000-d59ea4822ca1 req-1d540cf1-2c2f-4fd4-9000-d59ea4822ca1 ] Request (TenantUsagesNegativeTestJSON:tearDownClass): 204 DELETE http://10.180.1.21:9696/networking/v2.0/security-groups/ceacf718-3997-4028-91be-9d00b30a9a23 0.269s
2025-04-03 07:09:39.987 69379 INFO tempest.lib.common.rest_client [req-a2f431b5-9992-42f5-8254-13eb56189bf5 req-a2f431b5-9992-42f5-8254-13eb56189bf5 ] Request (SecurityGroupRulesTestJSON:test_security_group_rules_delete_when_peer_group_deleted): 202 DELETE http://10.180.1.21/compute/v2.1/os-security-groups/28caaa82-1be0-43e8-b3a7-c18df4e30a58 1.237s
2025-04-03 07:09:39.998 69427 INFO tempest.lib.common.rest_client [req-12969fcf-8dce-474c-9e21-d87e96d6e7ab req-12969fcf-8dce-474c-9e21-d87e96d6e7ab ] Request (ServerRescueTestJSON:setUpClass): 200 GET http://10.180.1.21/compute/v2.1/servers/12141b9b-bbb8-4080-ac76-aa4b6136b0de 1.182s
2025-04-03 07:09:40.010 69427 INFO tempest.common.waiters [-] State transition "BUILD/None" ==> "BUILD/spawning" after 7 second wait
2025-04-03 07:09:40.051 69421 INFO tempest.lib.common.rest_client [req-56b0f70c-b18a-4fe6-b413-c39b794a8985 req-56b0f70c-b18a-4fe6-b413-c39b794a8985 ] Request (HostsAdminTestJSON:tearDownClass): 204 DELETE http://10.180.1.21:9696/networking/v2.0/security-groups/ec81f650-1534-4a0a-b5fa-4a6383c83f22 0.197s
2025-04-03 07:09:40.063 69369 INFO tempest.lib.common.rest_client [req-956d556a-4ecf-491a-9908-21853d503164 req-956d556a-4ecf-491a-9908-21853d503164 ] Request (TenantUsagesNegativeTestJSON:tearDownClass): 204 DELETE http://10.180.1.21/identity/v3/projects/3bc8825de7c04a818de5a2f5df14db88 0.086s
2025-04-03 07:09:40.104 69395 INFO tempest.lib.common.rest_client [req-1d9c4f17-ea7d-4ad2-9f29-c1edb406def8 req-1d9c4f17-ea7d-4ad2-9f29-c1edb406def8 ] Request (FlavorsExtraSpecsNegativeTestJSON:tearDownClass): 200 GET http://10.180.1.21:9696/networking/v2.0/security-groups?tenant_id=12e00b6c98d04e279087046a747fb6af&name=default 0.357s
2025-04-03 07:09:40.127 69381 INFO tempest.lib.common.rest_client [req-a687324c-e2a0-47b4-a4a7-b60a006aea09 req-a687324c-e2a0-47b4-a4a7-b60a006aea09 ] Request (FlavorsV2TestJSON:test_get_flavor): 200 GET http://10.180.1.21/compute/v2.1/flavors/42 1.301s
2025-04-03 07:09:40.137 69369 INFO tempest.lib.common.rest_client [req-b56e44b6-40bb-4584-8332-0b46b9817e15 req-b56e44b6-40bb-4584-8332-0b46b9817e15 ] Request (FloatingIPDetailsNegativeTestJSON:setUpClass): 201 POST http://10.180.1.21/identity/v3/auth/tokens 0.072s
2025-04-03 07:09:40.157 69421 INFO tempest.lib.common.rest_client [req-2d70736e-12e4-45b2-9fcf-c37678082a3c req-2d70736e-12e4-45b2-9fcf-c37678082a3c ] Request (HostsAdminTestJSON:tearDownClass): 204 DELETE http://10.180.1.21/identity/v3/projects/8aa746c1e6ab4ea08809d5deee1d3eba 0.105s
2025-04-03 07:09:40.188 69415 INFO tempest.lib.common.rest_client [req-1e90b0aa-c2fd-43da-a4d0-ac16d788e053 req-1e90b0aa-c2fd-43da-a4d0-ac16d788e053 ] Request (FlavorsAccessTestJSON:tearDownClass): 200 GET http://10.180.1.21:9696/networking/v2.0/security-groups?tenant_id=9e6c592e4987422996b86b027bf75ac8&name=default 0.450s
2025-04-03 07:09:40.211 69369 INFO tempest.lib.common.rest_client [req-9b81f110-c25b-4c94-9bdb-de82c4befbf4 req-9b81f110-c25b-4c94-9bdb-de82c4befbf4 ] Request (FloatingIPDetailsNegativeTestJSON:setUpClass): 201 POST http://10.180.1.21/identity/v3/auth/tokens 0.070s
2025-04-03 07:09:40.216 69371 INFO tempest.lib.common.rest_client [req-08dd4c25-4716-4ab6-ae8a-b8ce220f4a76 req-08dd4c25-4716-4ab6-ae8a-b8ce220f4a76 ] Request (ServersAdminTestJSON:setUpClass): 200 GET http://10.180.1.21/compute/v2.1/servers/93e9483a-c673-4ab5-9050-e6c30acf5743 1.287s
2025-04-03 07:09:40.231 69395 INFO tempest.lib.common.rest_client [req-109ed0e4-04cc-4561-89e1-322b51293acc req-109ed0e4-04cc-4561-89e1-322b51293acc ] Request (FlavorsExtraSpecsNegativeTestJSON:tearDownClass): 204 DELETE http://10.180.1.21:9696/networking/v2.0/security-groups/4ac354bf-7dd6-4142-82c7-125eb81f3b22 0.126s
2025-04-03 07:09:40.241 69421 INFO tempest.lib.common.rest_client [req-8b64262c-9292-47da-97ea-f4788214b263 req-8b64262c-9292-47da-97ea-f4788214b263 ] Request (FloatingIPsTestJSON:setUpClass): 201 POST http://10.180.1.21/identity/v3/auth/tokens 0.083s
2025-04-03 07:09:40.251 69393 INFO tempest.lib.common.rest_client [req-d1da4095-4e02-45e8-bc11-f4c6ec7cd7af req-d1da4095-4e02-45e8-bc11-f4c6ec7cd7af ] Request (ImagesMetadataTestJSON:test_set_image_metadata): 200 GET http://10.180.1.21/compute/v2.1/images/32d527b1-b8cc-45bd-94a7-44ee46463379/metadata 1.232s
2025-04-03 07:09:40.271 69369 INFO tempest.lib.common.rest_client [req-2d3444f9-a812-4f3a-8f41-98ae33380d19 req-2d3444f9-a812-4f3a-8f41-98ae33380d19 ] Request (FloatingIPDetailsNegativeTestJSON:setUpClass): 200 GET http://10.180.1.21/identity/v3/domains?name=Default 0.059s
2025-04-03 07:09:40.294 69417 INFO tempest.lib.common.rest_client [req-686c77f3-926b-4f13-9893-58f9182ee4cd req-686c77f3-926b-4f13-9893-58f9182ee4cd ] Request (ServerRescueNegativeTestJSON:setUpClass): 201 POST http://10.180.1.21:9696/networking/v2.0/networks 0.354s
2025-04-03 07:09:40.301 69419 INFO tempest.lib.common.rest_client [req-6ac15303-a0a1-4802-8312-ad564c630f50 req-6ac15303-a0a1-4802-8312-ad564c630f50 ] Request (QuotasAdminTestJSON:test_get_updated_quotas): 200 PUT http://10.180.1.21/compute/v2.1/os-quota-sets/13b919f1e73b4a788a7d5899dce90d23 1.395s
2025-04-03 07:09:40.312 69395 INFO tempest.lib.common.rest_client [req-182065dc-ea97-4e7a-9659-895c99ef71ad req-182065dc-ea97-4e7a-9659-895c99ef71ad ] Request (FlavorsExtraSpecsNegativeTestJSON:tearDownClass): 204 DELETE http://10.180.1.21/identity/v3/projects/12e00b6c98d04e279087046a747fb6af 0.081s
2025-04-03 07:09:40.313 69395 INFO tempest.lib.common.dynamic_creds [-] Deleting project and security group for project: e27425ae83264aaca8812ce67332a45a
2025-04-03 07:09:40.334 69421 INFO tempest.lib.common.rest_client [req-6bc5611f-3ce6-410d-b2c3-85bbe0362326 req-6bc5611f-3ce6-410d-b2c3-85bbe0362326 ] Request (FloatingIPsTestJSON:setUpClass): 201 POST http://10.180.1.21/identity/v3/auth/tokens 0.088s
2025-04-03 07:09:40.361 69421 INFO tempest.lib.common.rest_client [req-82670501-78af-46c9-86ca-3e308b6f4802 req-82670501-78af-46c9-86ca-3e308b6f4802 ] Request (FloatingIPsTestJSON:setUpClass): 200 GET http://10.180.1.21/identity/v3/domains?name=Default 0.027s
2025-04-03 07:09:40.375 69369 INFO tempest.lib.common.rest_client [req-86895957-123b-4a02-a2bf-c04c5d5f4b26 req-86895957-123b-4a02-a2bf-c04c5d5f4b26 ] Request (FloatingIPDetailsNegativeTestJSON:setUpClass): 201 POST http://10.180.1.21/identity/v3/projects 0.103s
2025-04-03 07:09:40.430 69421 INFO tempest.lib.common.rest_client [req-4ac7080d-7e40-4c7c-9468-21e429672615 req-4ac7080d-7e40-4c7c-9468-21e429672615 ] Request (FloatingIPsTestJSON:setUpClass): 201 POST http://10.180.1.21/identity/v3/projects 0.069s
2025-04-03 07:09:40.459 69395 INFO tempest.lib.common.rest_client [req-b8d8d3ff-873b-4ed5-b099-be9ebe0fd567 req-b8d8d3ff-873b-4ed5-b099-be9ebe0fd567 ] Request (FlavorsExtraSpecsNegativeTestJSON:tearDownClass): 200 GET http://10.180.1.21:9696/networking/v2.0/security-groups?tenant_id=e27425ae83264aaca8812ce67332a45a&name=default 0.146s
2025-04-03 07:09:40.486 69369 INFO tempest.lib.common.rest_client [req-8a17c130-a824-4526-8416-c4d2980defa4 req-8a17c130-a824-4526-8416-c4d2980defa4 ] Request (FloatingIPDetailsNegativeTestJSON:setUpClass): 201 POST http://10.180.1.21/identity/v3/users 0.111s
2025-04-03 07:09:40.501 69421 INFO tempest.lib.common.rest_client [req-c4ff0540-22b2-408c-b6bd-c7f3c4f3f46a req-c4ff0540-22b2-408c-b6bd-c7f3c4f3f46a ] Request (FloatingIPsTestJSON:setUpClass): 201 POST http://10.180.1.21/identity/v3/users 0.070s
2025-04-03 07:09:40.517 69369 INFO tempest.lib.common.rest_client [req-9f1bda73-755d-46ee-a968-b1931376e108 req-9f1bda73-755d-46ee-a968-b1931376e108 ] Request (FloatingIPDetailsNegativeTestJSON:setUpClass): 200 GET http://10.180.1.21/identity/v3/roles 0.030s
2025-04-03 07:09:40.539 69421 INFO tempest.lib.common.rest_client [req-3f9d7b57-da97-429e-b1c7-5d93b47d6e68 req-3f9d7b57-da97-429e-b1c7-5d93b47d6e68 ] Request (FloatingIPsTestJSON:setUpClass): 200 GET http://10.180.1.21/identity/v3/roles 0.037s
2025-04-03 07:09:40.547 69373 INFO tempest.lib.common.rest_client [req-ebefc400-18d7-4984-8909-98401a1dd917 req-ebefc400-18d7-4984-8909-98401a1dd917 ] Request (QuotasAdminNegativeTest:_run_cleanups): 200 PUT http://10.180.1.21/compute/v2.1/os-quota-sets/7bd914a7d5654987a314d133f096d7a5 1.500s
2025-04-03 07:09:40.557 69417 INFO tempest.lib.common.rest_client [req-22f04e40-8665-4d4d-839d-e3cce1834707 req-22f04e40-8665-4d4d-839d-e3cce1834707 ] Request (ServerRescueNegativeTestJSON:setUpClass): 201 POST http://10.180.1.21:9696/networking/v2.0/subnets 0.262s
2025-04-03 07:09:40.565 69369 INFO tempest.lib.common.rest_client [req-b9905b41-3fe9-450a-a2fc-7a83b6a91680 req-b9905b41-3fe9-450a-a2fc-7a83b6a91680 ] Request (FloatingIPDetailsNegativeTestJSON:setUpClass): 204 PUT http://10.180.1.21/identity/v3/projects/cd4316aca74449808324c39ff4aeb4be/users/f7e153369a014dabb98b68bf0cfcedb7/roles/f67cc01967144350b01857473e2640be 0.046s
2025-04-03 07:09:40.565 69369 INFO tempest.lib.common.dynamic_creds [-] Dynamic test user f7e153369a014dabb98b68bf0cfcedb7 is created with scope project and roles: ['member']
2025-04-03 07:09:40.566 69369 INFO tempest.lib.common.dynamic_creds [-] Acquired dynamic creds: credentials: Credentials: {'domain_id': 'default', 'domain_name': 'Default', 'username': 'tempest-FloatingIPDetailsNegativeTestJSON-201724410-project-member', 'project_domain_id': 'default', 'project_domain_name': 'Default', 'project_id': 'cd4316aca74449808324c39ff4aeb4be', 'project_name': 'tempest-FloatingIPDetailsNegativeTestJSON-201724410', 'tenant_id': 'cd4316aca74449808324c39ff4aeb4be', 'tenant_name': 'tempest-FloatingIPDetailsNegativeTestJSON-201724410', 'user_domain_id': 'default', 'user_domain_name': 'Default', 'user_id': 'f7e153369a014dabb98b68bf0cfcedb7', 'system': None}, Network: None, Subnet: None, Router: None
2025-04-03 07:09:40.578 69421 INFO tempest.lib.common.rest_client [req-1349a805-bc79-4b6e-b600-bd9dd1afd147 req-1349a805-bc79-4b6e-b600-bd9dd1afd147 ] Request (FloatingIPsTestJSON:setUpClass): 204 PUT http://10.180.1.21/identity/v3/projects/a551d5d57c324c5394cccebfe44cf691/users/61a83ee2e2c1466e931edbcee06824b6/roles/f67cc01967144350b01857473e2640be 0.038s
2025-04-03 07:09:40.578 69421 INFO tempest.lib.common.dynamic_creds [-] Dynamic test user 61a83ee2e2c1466e931edbcee06824b6 is created with scope project and roles: ['member']
2025-04-03 07:09:40.579 69421 INFO tempest.lib.common.dynamic_creds [-] Acquired dynamic creds: credentials: Credentials: {'domain_id': 'default', 'domain_name': 'Default', 'username': 'tempest-FloatingIPsTestJSON-1363065295-project-member', 'project_domain_id': 'default', 'project_domain_name': 'Default', 'project_id': 'a551d5d57c324c5394cccebfe44cf691', 'project_name': 'tempest-FloatingIPsTestJSON-1363065295', 'tenant_id': 'a551d5d57c324c5394cccebfe44cf691', 'tenant_name': 'tempest-FloatingIPsTestJSON-1363065295', 'user_domain_id': 'default', 'user_domain_name': 'Default', 'user_id': '61a83ee2e2c1466e931edbcee06824b6', 'system': None}, Network: None, Subnet: None, Router: None
2025-04-03 07:09:40.579 69401 INFO tempest.lib.common.rest_client [req-d606e347-f3f3-4ef7-813b-4853ce45da4e req-d606e347-f3f3-4ef7-813b-4853ce45da4e ] Request (AggregatesAdminNegativeTestJSON:_run_cleanups): 200 DELETE http://10.180.1.21/compute/v2.1/os-aggregates/3 1.519s
2025-04-03 07:09:40.588 69395 INFO tempest.lib.common.rest_client [req-f5425494-d33a-4c8f-9abf-a4ea75c9a5b0 req-f5425494-d33a-4c8f-9abf-a4ea75c9a5b0 ] Request (FlavorsExtraSpecsNegativeTestJSON:tearDownClass): 204 DELETE http://10.180.1.21:9696/networking/v2.0/security-groups/930dcc66-742d-4ce2-9fe4-0668c1d81ba6 0.128s
2025-04-03 07:09:40.607 69385 INFO tempest.lib.common.rest_client [req-59e4cf0f-a4dc-48db-8f40-680e84b724da req-59e4cf0f-a4dc-48db-8f40-680e84b724da ] Request (DeleteServersAdminTestJSON:test_admin_delete_servers_of_others): 200 GET http://10.180.1.21/compute/v2.1/servers/a4462b16-2118-4c35-8790-eaf8c5d3f7db 1.563s
2025-04-03 07:09:40.624 69385 INFO tempest.common.waiters [-] State transition "BUILD/spawning" ==> "ACTIVE/None" after 16 second wait
2025-04-03 07:09:40.626 69415 INFO tempest.lib.common.rest_client [req-ab383765-a459-4174-a237-4e185ca30264 req-ab383765-a459-4174-a237-4e185ca30264 ] Request (FlavorsAccessTestJSON:tearDownClass): 204 DELETE http://10.180.1.21:9696/networking/v2.0/security-groups/9e508cae-2b86-4f65-95cf-ab7b14b0ef2a 0.438s
2025-04-03 07:09:40.637 69369 INFO tempest.lib.common.rest_client [req-dfa272c6-c260-43e3-8a95-0eccc5b6b84b req-dfa272c6-c260-43e3-8a95-0eccc5b6b84b ] Request (FloatingIPDetailsNegativeTestJSON:setUpClass): 201 POST http://10.180.1.21/identity/v3/auth/tokens 0.070s
2025-04-03 07:09:40.643 69421 INFO tempest.lib.common.rest_client [req-cc059a7c-bafd-4d5e-97e9-a3192a3348f8 req-cc059a7c-bafd-4d5e-97e9-a3192a3348f8 ] Request (FloatingIPsTestJSON:setUpClass): 201 POST http://10.180.1.21/identity/v3/auth/tokens 0.064s
2025-04-03 07:09:40.686 69423 INFO tempest.lib.common.rest_client [req-126715b5-e6ce-4a79-80a1-6d31aa7e700b req-126715b5-e6ce-4a79-80a1-6d31aa7e700b ] Request (ServersAaction247Test:test_create_backup): 200 GET http://10.180.1.21/compute/v2.1/servers/b7901a47-6e24-45e2-869f-52c58e88354f 1.547s
2025-04-03 07:09:40.704 69391 INFO tempest.lib.common.rest_client [req-adab61e2-8493-4e06-bf0c-d3617230118c req-adab61e2-8493-4e06-bf0c-d3617230118c ] Request (ValidationResourcesFixture:setUp): 201 POST http://10.180.1.21:9696/networking/v2.0/floatingips 1.530s
2025-04-03 07:09:40.705 69375 INFO tempest.lib.common.rest_client [req-8c8e59b3-da5b-42cb-8b1d-d2b306e13f8e req-8c8e59b3-da5b-42cb-8b1d-d2b306e13f8e ] Request (FlavorsAdminTestJSON:_run_cleanups): 200 GET http://10.180.1.21/compute/v2.1/flavors/detail 1.558s
2025-04-03 07:09:40.705 69395 INFO tempest.lib.common.rest_client [req-48920cf5-f81c-4b83-81f2-9352ca5d890f req-48920cf5-f81c-4b83-81f2-9352ca5d890f ] Request (FlavorsExtraSpecsNegativeTestJSON:tearDownClass): 204 DELETE http://10.180.1.21/identity/v3/projects/e27425ae83264aaca8812ce67332a45a 0.117s
2025-04-03 07:09:40.746 69399 INFO tempest.lib.common.rest_client [req-a1e34c4f-e4a8-4be1-a702-b0e4cec5354d req-a1e34c4f-e4a8-4be1-a702-b0e4cec5354d ] Request (ServicesAdminNegativeTestJSON:test_get_service_by_invalid_params): 200 GET http://10.180.1.21/compute/v2.1/os-services 1.643s
2025-04-03 07:09:40.763 69429 INFO tempest.lib.common.rest_client [req-e4f04b54-f371-4d83-bb2e-3ce20325661d req-e4f04b54-f371-4d83-bb2e-3ce20325661d ] Request (ServerDiagnosticsTest:test_get_server_diagnostics): 200 GET http://10.180.1.21/compute/v2.1/servers/5df864fc-1ee4-41d5-9ceb-ff166671992b 1.589s
2025-04-03 07:09:40.781 69415 INFO tempest.lib.common.rest_client [req-77451dcf-d9f9-4b8f-8700-a2e8f81baf47 req-77451dcf-d9f9-4b8f-8700-a2e8f81baf47 ] Request (FlavorsAccessTestJSON:tearDownClass): 204 DELETE http://10.180.1.21/identity/v3/projects/9e6c592e4987422996b86b027bf75ac8 0.155s
2025-04-03 07:09:40.782 69415 INFO tempest.lib.common.dynamic_creds [-] Deleting project and security group for project: 5e2c5b4485b6493e95c816c1e83c6289
2025-04-03 07:09:40.806 69397 INFO tempest.lib.common.rest_client [req-8f8de6d8-8526-44f7-b3cb-cb8806a985ba req-8f8de6d8-8526-44f7-b3cb-cb8806a985ba ] Request (VolumesAssistedSnapshotsTest:test_volume_assisted_snapshot_create_delete): 200 GET http://10.180.1.21/compute/v2.1/servers/38065204-486c-4d9d-abcb-eb49214e3c58 1.565s
2025-04-03 07:09:40.816 69397 INFO tempest.common.waiters [-] State transition "BUILD/scheduling" ==> "BUILD/None" after 2 second wait
2025-04-03 07:09:40.837 69391 INFO tempest.lib.common.rest_client [req-8e69e3fa-3153-48e1-b39f-fd893c4bfca9 req-8e69e3fa-3153-48e1-b39f-fd893c4bfca9 ] Request (ServersWithSpecificFlavorTestJSON:test_verify_created_server_ephemeral_disk): 201 POST http://10.180.1.21/identity/v3/auth/tokens 0.130s
2025-04-03 07:09:40.838 69391 INFO tempest.lib.common.fixed_network [-] (ServersWithSpecificFlavorTestJSON:test_verify_created_server_ephemeral_disk) Found network {'id': '1d0b0fa9-2409-462d-b75e-bf657510c81b', 'name': 'tempest-ServersWithSpecificFlavorTestJSON-1952202725-network', 'tenant_id': 'ea40ca097d844151bf8f57deb786eb90', 'admin_state_up': True, 'mtu': 8950, 'status': 'ACTIVE', 'subnets': [], 'shared': False, 'project_id': 'ea40ca097d844151bf8f57deb786eb90', 'port_security_enabled': True, 'router:external': False, 'provider:network_type': 'vlan', 'provider:physical_network': 'default', 'provider:segmentation_id': 154, 'availability_zone_hints': [], 'availability_zones': [], 'ipv4_address_scope': None, 'ipv6_address_scope': None, 'description': '', 'tags': [], 'created_at': '2025-04-03T07:09:15Z', 'updated_at': '2025-04-03T07:09:15Z', 'revision_number': 1} available for tenant
2025-04-03 07:09:40.851 69395 INFO tempest.lib.common.rest_client [req-fbe86aea-ef22-4196-9205-37c3bc222756 req-fbe86aea-ef22-4196-9205-37c3bc222756 ] Request (HostsAdminNegativeTestJSON:setUpClass): 201 POST http://10.180.1.21/identity/v3/auth/tokens 0.144s
2025-04-03 07:09:40.917 69395 INFO tempest.lib.common.rest_client [req-3bcbd1fb-eab4-4107-afe1-2ffc2b0ff421 req-3bcbd1fb-eab4-4107-afe1-2ffc2b0ff421 ] Request (HostsAdminNegativeTestJSON:setUpClass): 201 POST http://10.180.1.21/identity/v3/auth/tokens 0.062s
2025-04-03 07:09:40.944 69395 INFO tempest.lib.common.rest_client [req-ed553a51-a2c2-42ea-a993-485db34639c6 req-ed553a51-a2c2-42ea-a993-485db34639c6 ] Request (HostsAdminNegativeTestJSON:setUpClass): 200 GET http://10.180.1.21/identity/v3/domains?name=Default 0.026s
2025-04-03 07:09:40.947 69403 INFO tempest.lib.common.rest_client [req-5b5c11e8-fb9e-454a-8a56-2f1d5bcba729 req-5b5c11e8-fb9e-454a-8a56-2f1d5bcba729 ] Request (HypervisorAdminV228Test:test_get_list_hypervisor_details): 200 GET http://10.180.1.21/compute/v2.1/os-hypervisors 1.688s
2025-04-03 07:09:40.973 69395 INFO tempest.lib.common.rest_client [req-0a6d663f-27dd-4b85-b864-38e244dcf9e4 req-0a6d663f-27dd-4b85-b864-38e244dcf9e4 ] Request (HostsAdminNegativeTestJSON:setUpClass): 201 POST http://10.180.1.21/identity/v3/projects 0.029s
2025-04-03 07:09:40.981 69415 INFO tempest.lib.common.rest_client [req-a50b6f47-49fd-4a10-a393-cb97f40886f4 req-a50b6f47-49fd-4a10-a393-cb97f40886f4 ] Request (FlavorsAccessTestJSON:tearDownClass): 200 GET http://10.180.1.21:9696/networking/v2.0/security-groups?tenant_id=5e2c5b4485b6493e95c816c1e83c6289&name=default 0.199s
2025-04-03 07:09:41.001 69387 INFO tempest.lib.common.rest_client [req-3d1edd74-cbba-4c7e-aa84-fbf7b883cab9 req-3d1edd74-cbba-4c7e-aa84-fbf7b883cab9 ] Request (MigrationsAdminTest:test_list_migrations_in_flavor_resize_situation): 200 GET http://10.180.1.21/compute/v2.1/servers/3a1584dd-c15a-4ddc-a601-00fb583cbb5f 1.519s
2025-04-03 07:09:41.002 69377 INFO tempest.lib.common.rest_client [req-31db2241-d622-46b5-a092-47011fc42bf7 req-31db2241-d622-46b5-a092-47011fc42bf7 ] Request (FlavorsAccessNegativeTestJSON:test_flavor_non_admin_add): 403 POST http://10.180.1.21/compute/v2.1/flavors/632333406/action 1.486s
2025-04-03 07:09:41.008 69387 INFO tempest.common.waiters [-] State transition "BUILD/spawning" ==> "ACTIVE/None" after 15 second wait
2025-04-03 07:09:41.039 69395 INFO tempest.lib.common.rest_client [req-c4bab240-621e-493d-9a14-4d4a3dbad2d6 req-c4bab240-621e-493d-9a14-4d4a3dbad2d6 ] Request (HostsAdminNegativeTestJSON:setUpClass): 201 POST http://10.180.1.21/identity/v3/users 0.065s
2025-04-03 07:09:41.042 69411 INFO tempest.lib.common.rest_client [req-d3c492de-66f7-4c8c-95ab-29379a778912 req-d3c492de-66f7-4c8c-95ab-29379a778912 ] Request (KeyPairsV22TestJSON:test_keypairs_create_list_delete): 201 POST http://10.180.1.21/compute/v2.1/os-keypairs 1.503s
2025-04-03 07:09:41.059 69395 INFO tempest.lib.common.rest_client [req-cdea125f-fb8f-4d11-a2fb-b119b76af423 req-cdea125f-fb8f-4d11-a2fb-b119b76af423 ] Request (HostsAdminNegativeTestJSON:setUpClass): 200 GET http://10.180.1.21/identity/v3/roles 0.020s
2025-04-03 07:09:41.085 69383 INFO tempest.lib.common.rest_client [req-0e9fca69-157d-4618-8dd0-6e423130aaf8 req-0e9fca69-157d-4618-8dd0-6e423130aaf8 ] Request (ServersAdmin275Test:test_rebuild_update_server_275): 200 GET http://10.180.1.21/compute/v2.1/servers/00e9ed4f-84d3-458a-8d61-69cf77f39200 1.492s
2025-04-03 07:09:41.089 69395 INFO tempest.lib.common.rest_client [req-9957b098-0e73-4a24-9ebd-54719cabdb4c req-9957b098-0e73-4a24-9ebd-54719cabdb4c ] Request (HostsAdminNegativeTestJSON:setUpClass): 204 PUT http://10.180.1.21/identity/v3/projects/10281e1407524e848b8357c20c494a17/users/a9b58f6e1d434eb2ac5b30ec993cb6f2/roles/f67cc01967144350b01857473e2640be 0.029s
2025-04-03 07:09:41.089 69395 INFO tempest.lib.common.dynamic_creds [-] Dynamic test user a9b58f6e1d434eb2ac5b30ec993cb6f2 is created with scope project and roles: ['member']
2025-04-03 07:09:41.089 69395 INFO tempest.lib.common.dynamic_creds [-] Acquired dynamic creds: credentials: Credentials: {'domain_id': 'default', 'domain_name': 'Default', 'username': 'tempest-HostsAdminNegativeTestJSON-1564055722-project-member', 'project_domain_id': 'default', 'project_domain_name': 'Default', 'project_id': '10281e1407524e848b8357c20c494a17', 'project_name': 'tempest-HostsAdminNegativeTestJSON-1564055722', 'tenant_id': '10281e1407524e848b8357c20c494a17', 'tenant_name': 'tempest-HostsAdminNegativeTestJSON-1564055722', 'user_domain_id': 'default', 'user_domain_name': 'Default', 'user_id': 'a9b58f6e1d434eb2ac5b30ec993cb6f2', 'system': None}, Network: None, Subnet: None, Router: None
2025-04-03 07:09:41.090 69395 INFO tempest.lib.common.dynamic_creds [-] Created isolated network resources for: credentials: Credentials: {'domain_id': 'default', 'domain_name': 'Default', 'username': 'tempest-HostsAdminNegativeTestJSON-1564055722-project-member', 'project_domain_id': 'default', 'project_domain_name': 'Default', 'project_id': '10281e1407524e848b8357c20c494a17', 'project_name': 'tempest-HostsAdminNegativeTestJSON-1564055722', 'tenant_id': '10281e1407524e848b8357c20c494a17', 'tenant_name': 'tempest-HostsAdminNegativeTestJSON-1564055722', 'user_domain_id': 'default', 'user_domain_name': 'Default', 'user_id': 'a9b58f6e1d434eb2ac5b30ec993cb6f2', 'system': None}, Network: None, Subnet: None, Router: None
2025-04-03 07:09:41.104 69383 INFO tempest.common.waiters [-] State transition "REBUILD/rebuilding" ==> "REBUILD/rebuild_spawning" after 3 second wait
2025-04-03 07:09:41.106 69369 INFO tempest.lib.common.rest_client [req-52e29c58-be40-4210-bff0-1326176f8adf req-52e29c58-be40-4210-bff0-1326176f8adf ] Request (FloatingIPDetailsNegativeTestJSON:setUpClass): 201 POST http://10.180.1.21:9696/networking/v2.0/networks 0.469s
2025-04-03 07:09:41.109 69409 INFO tempest.lib.common.rest_client [req-5ef2f180-d4f1-43fa-a334-7494972ee73d req-5ef2f180-d4f1-43fa-a334-7494972ee73d ] Request (ServerActionsTestOtherB:setUpClass): 200 GET http://10.180.1.21/compute/v2.1/servers/b60dc416-39de-4dfa-a046-5e60cc9ffeed 1.430s
2025-04-03 07:09:41.170 69395 INFO tempest.lib.common.rest_client [req-b1a131b3-1477-43d3-9911-9f783ff92dcd req-b1a131b3-1477-43d3-9911-9f783ff92dcd ] Request (HostsAdminNegativeTestJSON:setUpClass): 201 POST http://10.180.1.21/identity/v3/auth/tokens 0.072s
2025-04-03 07:09:41.224 69415 INFO tempest.lib.common.rest_client [req-d646286d-09e9-4dee-bb1c-19fe9b3b9d3d req-d646286d-09e9-4dee-bb1c-19fe9b3b9d3d ] Request (FlavorsAccessTestJSON:tearDownClass): 204 DELETE http://10.180.1.21:9696/networking/v2.0/security-groups/8f08251d-0b2a-44f3-9244-fa1eb3a7915d 0.243s
2025-04-03 07:09:41.232 69395 INFO tempest.lib.common.rest_client [req-1155900d-a42e-4d0e-bb15-804e79f1335e req-1155900d-a42e-4d0e-bb15-804e79f1335e ] Request (HostsAdminNegativeTestJSON:setUpClass): 201 POST http://10.180.1.21/identity/v3/projects 0.062s
2025-04-03 07:09:41.266 69407 INFO tempest.lib.common.rest_client [req-d9b4da19-ea27-45ea-a422-ce20eae35ea1 req-d9b4da19-ea27-45ea-a422-ce20eae35ea1 ] Request (ServerActionsTestOtherA:setUpClass): 200 POST http://10.180.1.21/compute/v2.1/os-keypairs 1.565s
2025-04-03 07:09:41.270 69421 INFO tempest.lib.common.rest_client [req-712de288-315b-4844-ac25-344ea2ecb213 req-712de288-315b-4844-ac25-344ea2ecb213 ] Request (FloatingIPsTestJSON:setUpClass): 201 POST http://10.180.1.21:9696/networking/v2.0/networks 0.626s
2025-04-03 07:09:41.298 69395 INFO tempest.lib.common.rest_client [req-cbfe9d7b-7a95-4c4b-976d-7816c18fa120 req-cbfe9d7b-7a95-4c4b-976d-7816c18fa120 ] Request (HostsAdminNegativeTestJSON:setUpClass): 201 POST http://10.180.1.21/identity/v3/users 0.063s
2025-04-03 07:09:41.328 69415 INFO tempest.lib.common.rest_client [req-62219579-f392-41a7-94a4-80b2f332ef75 req-62219579-f392-41a7-94a4-80b2f332ef75 ] Request (FlavorsAccessTestJSON:tearDownClass): 204 DELETE http://10.180.1.21/identity/v3/projects/5e2c5b4485b6493e95c816c1e83c6289 0.103s
2025-04-03 07:09:41.359 69415 INFO tempest.lib.common.rest_client [req-2e9533f9-048a-41ad-8533-982249559eaf req-2e9533f9-048a-41ad-8533-982249559eaf ] Request (ServersTestFqdnHostnames:setUpClass): 201 POST http://10.180.1.21/identity/v3/auth/tokens 0.028s
2025-04-03 07:09:41.365 69395 INFO tempest.lib.common.rest_client [req-1f38674e-bf01-45a9-945f-65bcf144d219 req-1f38674e-bf01-45a9-945f-65bcf144d219 ] Request (HostsAdminNegativeTestJSON:setUpClass): 200 GET http://10.180.1.21/identity/v3/roles 0.066s
2025-04-03 07:09:41.390 69415 INFO tempest.lib.common.rest_client [req-14a8746d-afb7-479c-8529-eb40196e02d8 req-14a8746d-afb7-479c-8529-eb40196e02d8 ] Request (ServersTestFqdnHostnames:setUpClass): 201 POST http://10.180.1.21/identity/v3/auth/tokens 0.029s
2025-04-03 07:09:41.406 69379 INFO tempest.lib.common.rest_client [req-56477512-a98d-433a-a35a-71de88527680 req-56477512-a98d-433a-a35a-71de88527680 ] Request (SecurityGroupRulesTestJSON:test_security_group_rules_delete_when_peer_group_deleted): 200 GET http://10.180.1.21/compute/v2.1/os-security-groups/10a48294-a564-466a-9f1d-fd8f84d2e0a8 1.419s
2025-04-03 07:09:41.406 69395 INFO tempest.lib.common.rest_client [req-b1b274e5-1122-401d-a6d0-e18615aff69f req-b1b274e5-1122-401d-a6d0-e18615aff69f ] Request (HostsAdminNegativeTestJSON:setUpClass): 204 PUT http://10.180.1.21/identity/v3/projects/f30e450a30a344abaf74705a5624f3b0/users/da50ddb89b5747afbe4a3c7a6e0891ca/roles/c25fb9e630f4429e8720b3b44d679755 0.039s
2025-04-03 07:09:41.416 69415 INFO tempest.lib.common.rest_client [req-a35af321-4201-4150-b7f5-36ae79c8cf47 req-a35af321-4201-4150-b7f5-36ae79c8cf47 ] Request (ServersTestFqdnHostnames:setUpClass): 200 GET http://10.180.1.21/identity/v3/domains?name=Default 0.025s
2025-04-03 07:09:41.435 69381 INFO tempest.lib.common.rest_client [req-e8a57cc1-8afa-4d3a-b380-36c36ddf31e7 req-e8a57cc1-8afa-4d3a-b380-36c36ddf31e7 ] Request (FlavorsV2TestJSON:test_list_flavors): 200 GET http://10.180.1.21/compute/v2.1/flavors 1.301s
2025-04-03 07:09:41.470 69425 INFO tempest.lib.common.rest_client [req-afbebc9d-360c-4fcb-8914-fe7204db0659 req-afbebc9d-360c-4fcb-8914-fe7204db0659 ] Request (ListImageFiltersTestJSON:setUpClass): 202 POST http://10.180.1.21/compute/v2.1/servers 1.637s
2025-04-03 07:09:41.483 69395 INFO tempest.lib.common.rest_client [req-18edd57e-87d6-41b0-a4dc-a79be8bab661 req-18edd57e-87d6-41b0-a4dc-a79be8bab661 ] Request (HostsAdminNegativeTestJSON:setUpClass): 200 GET http://10.180.1.21/identity/v3/roles 0.076s
2025-04-03 07:09:41.484 69415 INFO tempest.lib.common.rest_client [req-8830d361-d41c-4a23-a6b3-dba69f80a498 req-8830d361-d41c-4a23-a6b3-dba69f80a498 ] Request (ServersTestFqdnHostnames:setUpClass): 201 POST http://10.180.1.21/identity/v3/projects 0.068s
2025-04-03 07:09:41.559 69395 INFO tempest.lib.common.rest_client [req-179220f4-9586-43ad-9d51-63517948de04 req-179220f4-9586-43ad-9d51-63517948de04 ] Request (HostsAdminNegativeTestJSON:setUpClass): 204 PUT http://10.180.1.21/identity/v3/projects/f30e450a30a344abaf74705a5624f3b0/users/da50ddb89b5747afbe4a3c7a6e0891ca/roles/c25fb9e630f4429e8720b3b44d679755 0.076s
2025-04-03 07:09:41.560 69395 INFO tempest.lib.common.dynamic_creds [-] Dynamic test user da50ddb89b5747afbe4a3c7a6e0891ca is created with scope project and roles: ['admin']
2025-04-03 07:09:41.560 69395 INFO tempest.lib.common.dynamic_creds [-] Acquired dynamic creds: credentials: Credentials: {'domain_id': 'default', 'domain_name': 'Default', 'username': 'tempest-HostsAdminNegativeTestJSON-4555180-project-admin', 'project_domain_id': 'default', 'project_domain_name': 'Default', 'project_id': 'f30e450a30a344abaf74705a5624f3b0', 'project_name': 'tempest-HostsAdminNegativeTestJSON-4555180', 'tenant_id': 'f30e450a30a344abaf74705a5624f3b0', 'tenant_name': 'tempest-HostsAdminNegativeTestJSON-4555180', 'user_domain_id': 'default', 'user_domain_name': 'Default', 'user_id': 'da50ddb89b5747afbe4a3c7a6e0891ca', 'system': None}, Network: None, Subnet: None, Router: None
2025-04-03 07:09:41.560 69395 INFO tempest.lib.common.dynamic_creds [-] Created isolated network resources for: credentials: Credentials: {'domain_id': 'default', 'domain_name': 'Default', 'username': 'tempest-HostsAdminNegativeTestJSON-4555180-project-admin', 'project_domain_id': 'default', 'project_domain_name': 'Default', 'project_id': 'f30e450a30a344abaf74705a5624f3b0', 'project_name': 'tempest-HostsAdminNegativeTestJSON-4555180', 'tenant_id': 'f30e450a30a344abaf74705a5624f3b0', 'tenant_name': 'tempest-HostsAdminNegativeTestJSON-4555180', 'user_domain_id': 'default', 'user_domain_name': 'Default', 'user_id': 'da50ddb89b5747afbe4a3c7a6e0891ca', 'system': None}, Network: None, Subnet: None, Router: None
2025-04-03 07:09:41.568 69415 INFO tempest.lib.common.rest_client [req-be2e5b2c-7f73-4e8a-8179-d1d5f55529d1 req-be2e5b2c-7f73-4e8a-8179-d1d5f55529d1 ] Request (ServersTestFqdnHostnames:setUpClass): 201 POST http://10.180.1.21/identity/v3/users 0.083s
2025-04-03 07:09:41.662 69407 INFO tempest.lib.common.rest_client [req-4bd6018b-6208-4260-b190-bdba804036ab req-4bd6018b-6208-4260-b190-bdba804036ab ] Request (ServerActionsTestOtherA:setUpClass): 201 POST http://10.180.1.21:9696/networking/v2.0/security-groups 0.395s
2025-04-03 07:09:41.699 69369 INFO tempest.lib.common.rest_client [req-5d518e1d-2300-4f6f-9123-ff1d4e136695 req-5d518e1d-2300-4f6f-9123-ff1d4e136695 ] Request (FloatingIPDetailsNegativeTestJSON:setUpClass): 201 POST http://10.180.1.21:9696/networking/v2.0/subnets 0.591s
2025-04-03 07:09:41.733 69395 INFO tempest.lib.common.rest_client [req-60e14858-5928-47ac-919b-06c1943eb191 req-60e14858-5928-47ac-919b-06c1943eb191 ] Request (HostsAdminNegativeTestJSON:setUpClass): 201 POST http://10.180.1.21/identity/v3/auth/tokens 0.168s
2025-04-03 07:09:41.740 69419 INFO tempest.lib.common.rest_client [req-55bf85ae-76ed-498f-956c-e4b7f2fe325f req-55bf85ae-76ed-498f-956c-e4b7f2fe325f ] Request (QuotasAdminTestJSON:test_get_updated_quotas): 200 GET http://10.180.1.21/compute/v2.1/os-quota-sets/13b919f1e73b4a788a7d5899dce90d23/detail 1.436s
2025-04-03 07:09:41.788 69419 INFO tempest.lib.common.rest_client [req-68593107-72b4-4411-b145-0aa350568714 req-68593107-72b4-4411-b145-0aa350568714 ] Request (QuotasAdminTestJSON:test_get_updated_quotas): 200 GET http://10.180.1.21/identity/v3/domains?name=Default 0.042s
2025-04-03 07:09:41.789 69415 INFO tempest.lib.common.rest_client [req-9705b745-d80d-479f-99dc-19cdb531c05b req-9705b745-d80d-479f-99dc-19cdb531c05b ] Request (ServersTestFqdnHostnames:setUpClass): 200 GET http://10.180.1.21/identity/v3/roles 0.221s
2025-04-03 07:09:41.796 69393 INFO tempest.lib.common.rest_client [req-0af7c54c-da0e-4eb1-8dff-79386259a249 req-0af7c54c-da0e-4eb1-8dff-79386259a249 ] Request (ImagesMetadataTestJSON:setUp): 200 PUT http://10.180.1.21/compute/v2.1/images/32d527b1-b8cc-45bd-94a7-44ee46463379/metadata 1.542s
2025-04-03 07:09:41.802 69417 INFO tempest.lib.common.rest_client [req-4c93cee4-7027-43b8-a9fc-5d0189f891a6 req-4c93cee4-7027-43b8-a9fc-5d0189f891a6 ] Request (ServerRescueNegativeTestJSON:setUpClass): 201 POST http://10.180.1.21:9696/networking/v2.0/routers 1.243s
2025-04-03 07:09:41.815 69373 INFO tempest.lib.common.rest_client [req-c77add35-5daf-4df8-bbdb-e55cb20066d8 req-c77add35-5daf-4df8-bbdb-e55cb20066d8 ] Request (QuotasAdminNegativeTest:test_update_quota_normal_user): 403 PUT http://10.180.1.21/compute/v2.1/os-quota-sets/7bd914a7d5654987a314d133f096d7a5 1.263s
2025-04-03 07:09:41.821 69401 INFO tempest.lib.common.rest_client [req-ecad11f8-ec54-4ffa-b40f-e4b1b2c522a8 req-ecad11f8-ec54-4ffa-b40f-e4b1b2c522a8 ] Request (AggregatesAdminNegativeTestJSON:test_aggregate_create_aggregate_name_length_exceeds_255): 400 POST http://10.180.1.21/compute/v2.1/os-aggregates 1.239s
2025-04-03 07:09:41.834 69419 INFO tempest.lib.common.rest_client [req-7d11f0cb-847f-48df-860e-97d7ad1d10e5 req-7d11f0cb-847f-48df-860e-97d7ad1d10e5 ] Request (QuotasAdminTestJSON:test_get_updated_quotas): 201 POST http://10.180.1.21/identity/v3/users 0.045s
2025-04-03 07:09:41.852 69415 INFO tempest.lib.common.rest_client [req-d76688db-892a-4ade-8fc1-6d4f96bde6fe req-d76688db-892a-4ade-8fc1-6d4f96bde6fe ] Request (ServersTestFqdnHostnames:setUpClass): 204 PUT http://10.180.1.21/identity/v3/projects/9d98204b73ec4474bf67f7be03c08b01/users/183d5ea259d4400180c0f9b821ed88d0/roles/f67cc01967144350b01857473e2640be 0.061s
2025-04-03 07:09:41.852 69415 INFO tempest.lib.common.dynamic_creds [-] Dynamic test user 183d5ea259d4400180c0f9b821ed88d0 is created with scope project and roles: ['member']
2025-04-03 07:09:41.852 69415 INFO tempest.lib.common.dynamic_creds [-] Acquired dynamic creds: credentials: Credentials: {'domain_id': 'default', 'domain_name': 'Default', 'username': 'tempest-ServersTestFqdnHostnames-343213198-project-member', 'project_domain_id': 'default', 'project_domain_name': 'Default', 'project_id': '9d98204b73ec4474bf67f7be03c08b01', 'project_name': 'tempest-ServersTestFqdnHostnames-343213198', 'tenant_id': '9d98204b73ec4474bf67f7be03c08b01', 'tenant_name': 'tempest-ServersTestFqdnHostnames-343213198', 'user_domain_id': 'default', 'user_domain_name': 'Default', 'user_id': '183d5ea259d4400180c0f9b821ed88d0', 'system': None}, Network: None, Subnet: None, Router: None
2025-04-03 07:09:41.890 69407 INFO tempest.lib.common.rest_client [req-c2e61de6-da62-4bd3-8573-2c9a65641663 req-c2e61de6-da62-4bd3-8573-2c9a65641663 ] Request (ServerActionsTestOtherA:setUpClass): 201 POST http://10.180.1.21:9696/networking/v2.0/security-group-rules 0.227s
2025-04-03 07:09:41.945 69373 INFO tempest.lib.common.rest_client [req-6b2ef9c6-587f-43e8-9dbb-30ad9d5d5b4e req-6b2ef9c6-587f-43e8-9dbb-30ad9d5d5b4e ] Request (QuotasAdminNegativeTest:tearDownClass): 204 DELETE http://10.180.1.21/identity/v3/users/2cfe49e9cf4a4eb1bd2c927bb026f6e4 0.128s
2025-04-03 07:09:41.992 69421 INFO tempest.lib.common.rest_client [req-3e684e47-ca86-43e3-9d79-b50e8d501d3e req-3e684e47-ca86-43e3-9d79-b50e8d501d3e ] Request (FloatingIPsTestJSON:setUpClass): 201 POST http://10.180.1.21:9696/networking/v2.0/subnets 0.721s
2025-04-03 07:09:41.998 69431 INFO tempest.lib.common.rest_client [req-730e4205-7e28-4817-b272-8e9ad11e516f req-730e4205-7e28-4817-b272-8e9ad11e516f ] Request (ServerExternalEventsTest:test_create_server_external_events): 200 GET http://10.180.1.21/compute/v2.1/servers/733f419b-7cfb-4e3b-bdbe-0c78dde72dd6 1.507s
2025-04-03 07:09:42.008 69419 INFO tempest.lib.common.rest_client [req-33f85d8a-9404-4f71-96a5-55165ed66e05 req-33f85d8a-9404-4f71-96a5-55165ed66e05 ] Request (QuotasAdminTestJSON:test_get_updated_quotas): 200 GET http://10.180.1.21/identity/v3/domains?name=Default 0.173s
2025-04-03 07:09:42.027 69375 INFO tempest.lib.common.rest_client [req-ece0e43f-69ab-491e-94c6-a1f3ebc040a1 req-ece0e43f-69ab-491e-94c6-a1f3ebc040a1 ] Request (FlavorsAdminTestJSON:test_create_flavor_with_uuid_id): 200 POST http://10.180.1.21/compute/v2.1/flavors 1.315s
2025-04-03 07:09:42.075 69399 INFO tempest.lib.common.rest_client [req-7d499731-e866-405f-a934-78af3190d16c req-7d499731-e866-405f-a934-78af3190d16c ] Request (ServicesAdminNegativeTestJSON:test_get_service_by_invalid_params): 200 GET http://10.180.1.21/compute/v2.1/os-services?xxx=nova-compute 1.327s
2025-04-03 07:09:42.077 69415 INFO tempest.lib.common.rest_client [req-e6225ac8-8fef-42ee-b6ea-c09a0057b76a req-e6225ac8-8fef-42ee-b6ea-c09a0057b76a ] Request (ServersTestFqdnHostnames:setUpClass): 201 POST http://10.180.1.21/identity/v3/auth/tokens 0.225s
2025-04-03 07:09:42.078 69407 INFO tempest.lib.common.rest_client [req-0846a024-d92d-4297-a1cf-6bcf1706252e req-0846a024-d92d-4297-a1cf-6bcf1706252e ] Request (ServerActionsTestOtherA:setUpClass): 201 POST http://10.180.1.21:9696/networking/v2.0/security-group-rules 0.188s
2025-04-03 07:09:42.096 69385 INFO tempest.lib.common.rest_client [req-d707214c-51dc-4d05-b449-3cb323cf01b2 req-d707214c-51dc-4d05-b449-3cb323cf01b2 ] Request (DeleteServersAdminTestJSON:test_admin_delete_servers_of_others): 204 DELETE http://10.180.1.21/compute/v2.1/servers/a4462b16-2118-4c35-8790-eaf8c5d3f7db 1.471s
2025-04-03 07:09:42.110 69373 INFO tempest.lib.common.rest_client [req-3eddccec-f77d-426f-a62d-7901aca9820e req-3eddccec-f77d-426f-a62d-7901aca9820e ] Request (QuotasAdminNegativeTest:tearDownClass): 204 DELETE http://10.180.1.21/identity/v3/users/59c8f9612e284c68a7caa7a924b63055 0.164s
2025-04-03 07:09:42.110 69373 INFO tempest.lib.common.dynamic_creds [-] Deleting project and security group for project: f53e4e5ccaa942a0ae828b230f9b084f
2025-04-03 07:09:42.135 69403 INFO tempest.lib.common.rest_client [req-0ff089a8-a204-4631-b42c-435ac985f1f3 req-0ff089a8-a204-4631-b42c-435ac985f1f3 ] Request (HypervisorAdminV228Test:test_get_list_hypervisor_details): 200 GET http://10.180.1.21/compute/v2.1/os-hypervisors/1 1.186s
2025-04-03 07:09:42.157 69377 INFO tempest.lib.common.rest_client [req-6178b991-c79f-4129-bb3a-d2bb8b481b36 req-6178b991-c79f-4129-bb3a-d2bb8b481b36 ] Request (FlavorsAccessNegativeTestJSON:_run_cleanups): 202 DELETE http://10.180.1.21/compute/v2.1/flavors/632333406 1.154s
2025-04-03 07:09:42.174 69373 INFO tempest.lib.common.rest_client [req-7ebd0be3-e3d8-4289-9aa9-3a7ef2833b05 req-7ebd0be3-e3d8-4289-9aa9-3a7ef2833b05 ] Request (QuotasAdminNegativeTest:tearDownClass): 201 POST http://10.180.1.21/identity/v3/auth/tokens 0.064s
2025-04-03 07:09:42.243 69403 INFO tempest.lib.common.rest_client [req-a55ce4c0-bef7-401e-a273-4e08c5e90e76 req-a55ce4c0-bef7-401e-a273-4e08c5e90e76 ] Request (HypervisorAdminV228Test:tearDownClass): 204 DELETE http://10.180.1.21/identity/v3/users/c9f0b63ba3d9447cb843f52d66e08849 0.098s
2025-04-03 07:09:42.343 69403 INFO tempest.lib.common.rest_client [req-9f0c9c44-a49f-43cb-a095-b2aad110e6a4 req-9f0c9c44-a49f-43cb-a095-b2aad110e6a4 ] Request (HypervisorAdminV228Test:tearDownClass): 204 DELETE http://10.180.1.21/identity/v3/users/21e561baa80e472282ffa9028c132308 0.099s
2025-04-03 07:09:42.343 69403 INFO tempest.lib.common.dynamic_creds [-] Deleting project and security group for project: 72768b72a3204d38999a452f3520f782
2025-04-03 07:09:42.401 69387 INFO tempest.lib.common.rest_client [req-a07651b9-9419-4f64-899f-f5560e34b97a req-a07651b9-9419-4f64-899f-f5560e34b97a ] Request (MigrationsAdminTest:test_list_migrations_in_flavor_resize_situation): 202 POST http://10.180.1.21/compute/v2.1/servers/3a1584dd-c15a-4ddc-a601-00fb583cbb5f/action 1.392s
2025-04-03 07:09:42.426 69403 INFO tempest.lib.common.rest_client [req-3a10fbe4-7534-428b-aa63-b6609298ddff req-3a10fbe4-7534-428b-aa63-b6609298ddff ] Request (HypervisorAdminV228Test:tearDownClass): 201 POST http://10.180.1.21/identity/v3/auth/tokens 0.082s
2025-04-03 07:09:42.709 69427 INFO tempest.lib.common.rest_client [req-f725e47b-074a-4f61-8a90-8880adbb6fb8 req-f725e47b-074a-4f61-8a90-8880adbb6fb8 ] Request (ServerRescueTestJSON:setUpClass): 200 GET http://10.180.1.21/compute/v2.1/servers/12141b9b-bbb8-4080-ac76-aa4b6136b0de 1.696s
2025-04-03 07:09:42.770 69411 INFO tempest.lib.common.rest_client [req-a3f3a061-c8e5-46ad-ae73-2ee5bde9a3e4 req-a3f3a061-c8e5-46ad-ae73-2ee5bde9a3e4 ] Request (KeyPairsV22TestJSON:test_keypairs_create_list_delete): 201 POST http://10.180.1.21/compute/v2.1/os-keypairs 1.724s
