2025-04-03 07:12:19.329 69427 INFO tempest.lib.common.rest_client [req-25ab1751-ae38-45f6-8295-10140de82b71 req-25ab1751-ae38-45f6-8295-10140de82b71 ] Request (ServerRescueTestJSON:tearDownClass): 200 GET http://10.180.1.21/compute/v2.1/servers/12141b9b-bbb8-4080-ac76-aa4b6136b0de 0.097s
2025-04-03 07:12:19.349 69425 INFO tempest.lib.common.rest_client [req-25d1d2f5-17f6-49be-926d-29e559ac4dfa req-25d1d2f5-17f6-49be-926d-29e559ac4dfa ] Request (ListImageFiltersTestJSON:tearDownClass): 200 GET http://10.180.1.21/compute/v2.1/servers/e621b1e7-bbfd-403e-8877-e275f3481265 0.089s
2025-04-03 07:12:19.383 69371 INFO tempest.lib.common.rest_client [req-8f907bb2-1661-4761-9b95-aa03c7d6152c req-8f907bb2-1661-4761-9b95-aa03c7d6152c ] Request (ServersAdminTestJSON:test_reset_state_server): 202 POST http://10.180.1.21/compute/v2.1/servers/005d3319-8faf-4320-afeb-983875e2db0a/action 0.101s
2025-04-03 07:12:19.402 69379 INFO tempest.lib.common.rest_client [req-a8da0570-9377-48c9-a298-1bf9ea10a6d1 req-a8da0570-9377-48c9-a298-1bf9ea10a6d1 ] Request (ServersTestJSON:tearDownClass): 200 GET http://10.180.1.21/compute/v2.1/servers/599309eb-3858-40cd-b1b7-0e1ea4a611da 0.114s
2025-04-03 07:12:19.428 69395 INFO tempest.lib.common.rest_client [req-c671b5c3-b4ff-4805-bfa5-3da675f24576 req-c671b5c3-b4ff-4805-bfa5-3da675f24576 ] Request (FloatingIPsAssociationTestJSON:test_associate_already_associated_floating_ip): 200 GET http://10.180.1.21/compute/v2.1/servers/a16c75c5-956d-4a10-bfaa-8e203eb31b12 0.121s
2025-04-03 07:12:19.494 69421 INFO tempest.lib.common.rest_client [req-e24d157b-0906-43a8-809a-2c3131bae488 req-e24d157b-0906-43a8-809a-2c3131bae488 ] Request (ImagesOneServerTestJSON:tearDownClass): 200 GET http://10.180.1.21/compute/v2.1/servers/4b90f588-9d0c-4874-ba00-ffaecd742e56 0.058s
2025-04-03 07:12:19.498 69371 INFO tempest.lib.common.rest_client [req-5184cf5c-6fca-44b6-952a-bd7b20b7d08f req-5184cf5c-6fca-44b6-952a-bd7b20b7d08f ] Request (ServersAdminTestJSON:test_reset_state_server): 200 GET http://10.180.1.21/compute/v2.1/servers/005d3319-8faf-4320-afeb-983875e2db0a 0.115s
2025-04-03 07:12:19.564 69371 INFO tempest.lib.common.rest_client [req-c9ac22f5-8434-4229-9fa1-2335e868dd45 req-c9ac22f5-8434-4229-9fa1-2335e868dd45 ] Request (ServersAdminTestJSON:test_reset_state_server): 202 POST http://10.180.1.21/compute/v2.1/servers/005d3319-8faf-4320-afeb-983875e2db0a/action 0.059s
2025-04-03 07:12:19.681 69417 INFO tempest.lib.common.rest_client [req-53fc21cd-8c95-4127-9ea4-8de2a6ce8af7 req-53fc21cd-8c95-4127-9ea4-8de2a6ce8af7 ] Request (ServerRescueNegativeTestJSON:test_rescued_vm_detach_volume): 200 GET http://10.180.1.21/compute/v2.1/servers/b839f31c-fe81-4af7-b93f-41479b62a5bd 0.119s
2025-04-03 07:12:19.684 69371 INFO tempest.lib.common.rest_client [req-7db2ab85-4fe1-46c8-99d4-5fe2485c4ac9 req-7db2ab85-4fe1-46c8-99d4-5fe2485c4ac9 ] Request (ServersAdminTestJSON:test_reset_state_server): 200 GET http://10.180.1.21/compute/v2.1/servers/005d3319-8faf-4320-afeb-983875e2db0a 0.120s
2025-04-03 07:12:19.743 69401 INFO tempest.lib.common.rest_client [req-a780be6a-d0a8-4a2a-aa41-816e0ff88b86 req-a780be6a-d0a8-4a2a-aa41-816e0ff88b86 ] Request (ServerDiagnosticsV248Test:tearDownClass): 200 GET http://10.180.1.21/compute/v2.1/servers/f0296e2f-c896-4e4e-b5a8-8cdeab977714 0.148s
2025-04-03 07:12:19.810 69371 INFO tempest.lib.common.rest_client [req-93b93d09-8a6c-4be4-8d95-673e9074c872 req-93b93d09-8a6c-4be4-8d95-673e9074c872 ] Request (ServersAdminTestJSON:tearDownClass): 204 DELETE http://10.180.1.21/compute/v2.1/servers/19eaa995-6c0a-4441-a241-2493d41ff90c 0.117s
2025-04-03 07:12:19.863 69393 INFO tempest.lib.common.rest_client [req-aa5d59c7-bfc9-43ba-961e-fc96d83b7788 req-aa5d59c7-bfc9-43ba-961e-fc96d83b7788 ] Request (InstanceActionsNegativeTestJSON:tearDownClass): 200 GET http://10.180.1.21/compute/v2.1/servers/1364cf7d-e902-4658-88db-dc937c1c153e 0.108s
2025-04-03 07:12:19.911 69411 INFO tempest.lib.common.rest_client [req-29e76fad-03e9-47b8-85aa-ee112cd4e4cb req-29e76fad-03e9-47b8-85aa-ee112cd4e4cb ] Request (AttachVolumeShelveTestJSON:test_attach_volume_shelved_or_offload_server): 200 GET http://10.180.1.21/compute/v2.1/servers/0c78112e-f66a-4382-9fb2-3a448309d148 0.098s
2025-04-03 07:12:19.918 69371 INFO tempest.lib.common.rest_client [req-d908ff66-184e-4832-a925-23bb5f45f189 req-d908ff66-184e-4832-a925-23bb5f45f189 ] Request (ServersAdminTestJSON:tearDownClass): 200 GET http://10.180.1.21/compute/v2.1/servers/19eaa995-6c0a-4441-a241-2493d41ff90c 0.107s
2025-04-03 07:12:19.957 69407 INFO tempest.lib.common.rest_client [req-687be8c5-6e29-4c9e-9c1c-6687e33b1e27 req-687be8c5-6e29-4c9e-9c1c-6687e33b1e27 ] Request (ServerActionsTestOtherA:test_rebuild_server_in_stop_state): 200 GET http://10.180.1.21/compute/v2.1/servers/6c9aa6fb-f7ad-4717-abfe-7d5c9e6be1e3 0.080s
2025-04-03 07:12:20.063 69373 INFO tempest.lib.common.rest_client [req-237f123a-85fd-4b00-a3bc-705919566c82 req-237f123a-85fd-4b00-a3bc-705919566c82 ] Request (ListServerFiltersTestJSON:test_list_servers_filter_by_shutoff_status): 200 GET http://10.180.1.21/compute/v2.1/servers/c4b2bcae-5752-4932-9fad-8cba15d7d15c 0.133s
2025-04-03 07:12:20.097 69387 INFO tempest.lib.common.rest_client [req-57854d59-1548-4d34-9327-58386f4695ea req-57854d59-1548-4d34-9327-58386f4695ea ] Request (MigrationsAdminTest:test_resize_server_revert_deleted_flavor): 200 GET http://10.180.1.21/compute/v2.1/servers/34b9818a-917b-4047-9591-bf2be8d69da9 0.089s
2025-04-03 07:12:20.154 69397 INFO tempest.lib.common.rest_client [req-4ffb6ace-d736-40f3-a09a-67c759c03427 req-4ffb6ace-d736-40f3-a09a-67c759c03427 ] Request (VolumesAssistedSnapshotsTest:tearDownClass): 200 GET http://10.180.1.21/compute/v2.1/servers/38065204-486c-4d9d-abcb-eb49214e3c58 0.077s
2025-04-03 07:12:20.159 69381 INFO tempest.lib.common.rest_client [req-94d9a5f7-9028-4324-bf83-25a9bce2c1cf req-94d9a5f7-9028-4324-bf83-25a9bce2c1cf ] Request (ServersNegativeTestJSON:setUpClass): 200 GET http://10.180.1.21/compute/v2.1/servers/9b7a58b2-2e7c-4dde-a220-f34cc5b3251d 0.113s
2025-04-03 07:12:20.209 69391 INFO tempest.lib.common.rest_client [req-37558099-be8c-477f-acf1-9ce2ac1aab15 req-37558099-be8c-477f-acf1-9ce2ac1aab15 ] Request (ServersWithSpecificFlavorTestJSON:test_verify_created_server_ephemeral_disk): 200 GET http://10.180.1.21/compute/v2.1/servers/2108c0a4-a6bc-42b6-87bf-c540a527496a 0.089s
2025-04-03 07:12:20.218 69399 INFO tempest.lib.common.rest_client [req-17a61909-591a-41e2-9ff1-0dc350295ab1 req-17a61909-591a-41e2-9ff1-0dc350295ab1 ] Request (ServersTestBootFromVolume:tearDownClass): 200 GET http://10.180.1.21/compute/v2.1/servers/f58a891e-8076-4cfe-aa62-20f3d4dfb5da 0.108s
2025-04-03 07:12:20.254 69377 INFO tempest.lib.common.rest_client [req-bf186ce4-6263-4e7f-ba8a-717f39c198b8 req-bf186ce4-6263-4e7f-ba8a-717f39c198b8 ] Request (ImagesTestJSON:test_create_image_from_suspended_server): 200 GET http://10.180.1.21/compute/v2.1/servers/eb348863-9387-4218-a304-1a49c608285c 0.098s
2025-04-03 07:12:20.277 69375 INFO tempest.lib.common.rest_client [req-60911403-e285-4295-9e5b-aaad11283ca1 req-60911403-e285-4295-9e5b-aaad11283ca1 ] Request (AttachInterfacesV270Test:tearDownClass): 200 GET http://10.180.1.21/compute/v2.1/servers/f3e3db76-727b-4b27-a797-8226068aaa39 0.091s
2025-04-03 07:12:20.330 69423 INFO tempest.lib.common.rest_client [req-b44cf6f9-2234-4eec-a10b-8624dfe41737 req-b44cf6f9-2234-4eec-a10b-8624dfe41737 ] Request (ServersListShow298Test:tearDownClass): 200 GET http://10.180.1.21/compute/v2.1/servers/5c9656f5-6e06-4083-aaa9-a37d13e0aae8 0.071s
2025-04-03 07:12:20.359 69385 INFO tempest.lib.common.rest_client [req-1f23aa5a-ddf9-4d27-88a9-c26b0902db03 req-1f23aa5a-ddf9-4d27-88a9-c26b0902db03 ] Request (ServersAdminNegativeTestJSON:setUpClass): 200 GET http://10.180.1.21/compute/v2.1/servers/d817707c-6ec4-4671-8988-b57818e92b1e 0.051s
2025-04-03 07:12:20.400 69427 INFO tempest.lib.common.rest_client [req-471b2cfb-da53-4054-b958-aff8afd11bd2 req-471b2cfb-da53-4054-b958-aff8afd11bd2 ] Request (ServerRescueTestJSON:tearDownClass): 200 GET http://10.180.1.21/compute/v2.1/servers/12141b9b-bbb8-4080-ac76-aa4b6136b0de 0.061s
2025-04-03 07:12:20.413 69425 INFO tempest.lib.common.rest_client [req-bad6f8f5-82c7-4c44-ae6d-cc37c0f42277 req-bad6f8f5-82c7-4c44-ae6d-cc37c0f42277 ] Request (ListImageFiltersTestJSON:tearDownClass): 200 GET http://10.180.1.21/compute/v2.1/servers/e621b1e7-bbfd-403e-8877-e275f3481265 0.056s
2025-04-03 07:12:20.464 69379 INFO tempest.lib.common.rest_client [req-9dd14b54-c9c0-4ffc-b3c0-c14ae9956146 req-9dd14b54-c9c0-4ffc-b3c0-c14ae9956146 ] Request (ServersTestJSON:tearDownClass): 200 GET http://10.180.1.21/compute/v2.1/servers/599309eb-3858-40cd-b1b7-0e1ea4a611da 0.054s
2025-04-03 07:12:20.485 69395 INFO tempest.lib.common.rest_client [req-94984311-c8c6-48cc-9f8a-f4ac4a254c63 req-94984311-c8c6-48cc-9f8a-f4ac4a254c63 ] Request (FloatingIPsAssociationTestJSON:test_associate_already_associated_floating_ip): 200 GET http://10.180.1.21/compute/v2.1/servers/a16c75c5-956d-4a10-bfaa-8e203eb31b12 0.048s
2025-04-03 07:12:20.557 69421 INFO tempest.lib.common.rest_client [req-11ea9e11-e068-457d-9436-c7a0341ce49b req-11ea9e11-e068-457d-9436-c7a0341ce49b ] Request (ImagesOneServerTestJSON:tearDownClass): 200 GET http://10.180.1.21/compute/v2.1/servers/4b90f588-9d0c-4874-ba00-ffaecd742e56 0.055s
2025-04-03 07:12:20.797 69401 INFO tempest.lib.common.rest_client [req-00860cfd-6dd8-4d14-ad8c-a70bf4b54d91 req-00860cfd-6dd8-4d14-ad8c-a70bf4b54d91 ] Request (ServerDiagnosticsV248Test:tearDownClass): 404 GET http://10.180.1.21/compute/v2.1/servers/f0296e2f-c896-4e4e-b5a8-8cdeab977714 0.025s
2025-04-03 07:12:20.802 69417 INFO tempest.lib.common.rest_client [req-8ac3d9e8-86a7-47ae-8a23-a7feb2e233f0 req-8ac3d9e8-86a7-47ae-8a23-a7feb2e233f0 ] Request (ServerRescueNegativeTestJSON:test_rescued_vm_detach_volume): 200 GET http://10.180.1.21/compute/v2.1/servers/b839f31c-fe81-4af7-b93f-41479b62a5bd 0.108s
2025-04-03 07:12:20.917 69401 INFO tempest.lib.common.rest_client [req-dd04d7ee-5fe4-44b9-9f69-7da685605504 req-dd04d7ee-5fe4-44b9-9f69-7da685605504 ] Request (ServerDiagnosticsV248Test:tearDownClass): 204 DELETE http://10.180.1.21/identity/v3/users/17de833f2f754af4b535b9fa3f87d15d 0.120s
2025-04-03 07:12:20.950 69393 INFO tempest.lib.common.rest_client [req-1fa47889-2289-4f5d-b0ce-fb8c5e8e7ea4 req-1fa47889-2289-4f5d-b0ce-fb8c5e8e7ea4 ] Request (InstanceActionsNegativeTestJSON:tearDownClass): 200 GET http://10.180.1.21/compute/v2.1/servers/1364cf7d-e902-4658-88db-dc937c1c153e 0.078s
2025-04-03 07:12:20.988 69411 INFO tempest.lib.common.rest_client [req-8ee0b4b2-a85b-42ac-bfd1-311cc54c651a req-8ee0b4b2-a85b-42ac-bfd1-311cc54c651a ] Request (AttachVolumeShelveTestJSON:test_attach_volume_shelved_or_offload_server): 200 GET http://10.180.1.21/compute/v2.1/servers/0c78112e-f66a-4382-9fb2-3a448309d148 0.068s
2025-04-03 07:12:21.053 69401 INFO tempest.lib.common.rest_client [req-1774f4bc-fba5-4bd4-9fa2-ab580dc4c39a req-1774f4bc-fba5-4bd4-9fa2-ab580dc4c39a ] Request (ServerDiagnosticsV248Test:tearDownClass): 204 DELETE http://10.180.1.21/identity/v3/users/866b35dab5344d45821d5813ca57fe0e 0.135s
2025-04-03 07:12:21.053 69401 INFO tempest.lib.common.dynamic_creds [-] Deleting project and security group for project: c0915863431e43ff8db9c005f47f13e4
2025-04-03 07:12:21.057 69407 INFO tempest.lib.common.rest_client [req-aae7a9fb-1fed-4e81-91de-f4e6c62b41a5 req-aae7a9fb-1fed-4e81-91de-f4e6c62b41a5 ] Request (ServerActionsTestOtherA:test_rebuild_server_in_stop_state): 200 GET http://10.180.1.21/compute/v2.1/servers/6c9aa6fb-f7ad-4717-abfe-7d5c9e6be1e3 0.092s
2025-04-03 07:12:21.085 69371 INFO tempest.lib.common.rest_client [req-9751276c-13c9-419d-b90c-601d8e8a72c0 req-9751276c-13c9-419d-b90c-601d8e8a72c0 ] Request (ServersAdminTestJSON:tearDownClass): 200 GET http://10.180.1.21/compute/v2.1/servers/19eaa995-6c0a-4441-a241-2493d41ff90c 0.158s
2025-04-03 07:12:21.128 69401 INFO tempest.lib.common.rest_client [req-63e3a31b-704e-4625-8361-a63590dd6d31 req-63e3a31b-704e-4625-8361-a63590dd6d31 ] Request (ServerDiagnosticsV248Test:tearDownClass): 201 POST http://10.180.1.21/identity/v3/auth/tokens 0.075s
2025-04-03 07:12:21.208 69373 INFO tempest.lib.common.rest_client [req-d13a3a24-e954-4891-9b4c-00e331ca795f req-d13a3a24-e954-4891-9b4c-00e331ca795f ] Request (ListServerFiltersTestJSON:test_list_servers_filter_by_shutoff_status): 200 GET http://10.180.1.21/compute/v2.1/servers/c4b2bcae-5752-4932-9fad-8cba15d7d15c 0.135s
2025-04-03 07:12:21.235 69387 INFO tempest.lib.common.rest_client [req-6d52f4fd-e65e-4776-97ac-4979a3fe25e0 req-6d52f4fd-e65e-4776-97ac-4979a3fe25e0 ] Request (MigrationsAdminTest:test_resize_server_revert_deleted_flavor): 200 GET http://10.180.1.21/compute/v2.1/servers/34b9818a-917b-4047-9591-bf2be8d69da9 0.130s
2025-04-03 07:12:21.295 69397 INFO tempest.lib.common.rest_client [req-e8c8e67b-4e11-49a2-85b6-922e2bfe9f7f req-e8c8e67b-4e11-49a2-85b6-922e2bfe9f7f ] Request (VolumesAssistedSnapshotsTest:tearDownClass): 200 GET http://10.180.1.21/compute/v2.1/servers/38065204-486c-4d9d-abcb-eb49214e3c58 0.133s
2025-04-03 07:12:21.360 69391 INFO tempest.lib.common.rest_client [req-782da40a-36d8-4239-9e54-a3d00307f2e6 req-782da40a-36d8-4239-9e54-a3d00307f2e6 ] Request (ServersWithSpecificFlavorTestJSON:test_verify_created_server_ephemeral_disk): 200 GET http://10.180.1.21/compute/v2.1/servers/2108c0a4-a6bc-42b6-87bf-c540a527496a 0.142s
2025-04-03 07:12:21.399 69381 INFO tempest.lib.common.rest_client [req-18e87483-4f83-40ed-9cdc-1aa088465cda req-18e87483-4f83-40ed-9cdc-1aa088465cda ] Request (ServersNegativeTestJSON:setUpClass): 200 GET http://10.180.1.21/compute/v2.1/servers/9b7a58b2-2e7c-4dde-a220-f34cc5b3251d 0.232s
2025-04-03 07:12:21.404 69401 INFO tempest.lib.common.rest_client [req-2d60f70b-d127-4e2d-87f4-74f87c7fb98d req-2d60f70b-d127-4e2d-87f4-74f87c7fb98d ] Request (ServerDiagnosticsV248Test:tearDownClass): 200 GET http://10.180.1.21:9696/networking/v2.0/security-groups?tenant_id=c0915863431e43ff8db9c005f47f13e4&name=default 0.275s
2025-04-03 07:12:21.428 69399 INFO tempest.lib.common.rest_client [req-f7b42b8b-89dd-45c5-b541-79f6f1301691 req-f7b42b8b-89dd-45c5-b541-79f6f1301691 ] Request (ServersTestBootFromVolume:tearDownClass): 200 GET http://10.180.1.21/compute/v2.1/servers/f58a891e-8076-4cfe-aa62-20f3d4dfb5da 0.202s
2025-04-03 07:12:21.441 69415 INFO paramiko.transport [-] Connected (version 2.0, client dropbear_2020.81)
2025-04-03 07:12:21.457 69377 INFO tempest.lib.common.rest_client [req-9c2ae39d-9765-4274-88bf-099c73328d52 req-9c2ae39d-9765-4274-88bf-099c73328d52 ] Request (ImagesTestJSON:test_create_image_from_suspended_server): 200 GET http://10.180.1.21/compute/v2.1/servers/eb348863-9387-4218-a304-1a49c608285c 0.195s
2025-04-03 07:12:21.489 69375 INFO tempest.lib.common.rest_client [req-150bd4d7-56d9-4ffb-9a90-64406c90b87e req-150bd4d7-56d9-4ffb-9a90-64406c90b87e ] Request (AttachInterfacesV270Test:tearDownClass): 200 GET http://10.180.1.21/compute/v2.1/servers/f3e3db76-727b-4b27-a797-8226068aaa39 0.201s
2025-04-03 07:12:21.502 69401 INFO tempest.lib.common.rest_client [req-dc24b5c4-0f26-42f9-a459-ede876682ad7 req-dc24b5c4-0f26-42f9-a459-ede876682ad7 ] Request (ServerDiagnosticsV248Test:tearDownClass): 204 DELETE http://10.180.1.21:9696/networking/v2.0/security-groups/4cae4f15-9ab3-4212-9511-98cf83227009 0.097s
2025-04-03 07:12:21.530 69423 INFO tempest.lib.common.rest_client [req-ba0e0237-f78f-4231-87cb-906dbda0ec46 req-ba0e0237-f78f-4231-87cb-906dbda0ec46 ] Request (ServersListShow298Test:tearDownClass): 200 GET http://10.180.1.21/compute/v2.1/servers/5c9656f5-6e06-4083-aaa9-a37d13e0aae8 0.189s
2025-04-03 07:12:21.544 69385 INFO tempest.lib.common.rest_client [req-f6b0c3d6-01b2-4cdc-a6ed-a9fc853a96b8 req-f6b0c3d6-01b2-4cdc-a6ed-a9fc853a96b8 ] Request (ServersAdminNegativeTestJSON:setUpClass): 200 GET http://10.180.1.21/compute/v2.1/servers/d817707c-6ec4-4671-8988-b57818e92b1e 0.177s
2025-04-03 07:12:21.552 69415 INFO paramiko.transport [-] Authentication (publickey) successful!
2025-04-03 07:12:21.554 69415 INFO tempest.lib.common.ssh [-] ssh connection to cirros@10.180.180.168 successfully created
2025-04-03 07:12:21.577 69401 INFO tempest.lib.common.rest_client [req-baa2e81e-c404-416e-a21c-dce4138eb0ec req-baa2e81e-c404-416e-a21c-dce4138eb0ec ] Request (ServerDiagnosticsV248Test:tearDownClass): 204 DELETE http://10.180.1.21/identity/v3/projects/c0915863431e43ff8db9c005f47f13e4 0.075s
2025-04-03 07:12:21.578 69401 INFO tempest.lib.common.dynamic_creds [-] Deleting project and security group for project: ec887736d8a44a0ea66c0d0097f395d8
2025-04-03 07:12:21.610 69427 INFO tempest.lib.common.rest_client [req-be1aee36-d41c-499a-a8a1-39f757376a5c req-be1aee36-d41c-499a-a8a1-39f757376a5c ] Request (ServerRescueTestJSON:tearDownClass): 200 GET http://10.180.1.21/compute/v2.1/servers/12141b9b-bbb8-4080-ac76-aa4b6136b0de 0.202s
2025-04-03 07:12:21.619 69425 INFO tempest.lib.common.rest_client [req-9b9d5a08-adea-4a95-b391-6466d67ae580 req-9b9d5a08-adea-4a95-b391-6466d67ae580 ] Request (ListImageFiltersTestJSON:tearDownClass): 200 GET http://10.180.1.21/compute/v2.1/servers/e621b1e7-bbfd-403e-8877-e275f3481265 0.198s
2025-04-03 07:12:21.678 69379 INFO tempest.lib.common.rest_client [req-963c5f7d-a177-4dd0-8d26-5f7a8b91b556 req-963c5f7d-a177-4dd0-8d26-5f7a8b91b556 ] Request (ServersTestJSON:tearDownClass): 200 GET http://10.180.1.21/compute/v2.1/servers/599309eb-3858-40cd-b1b7-0e1ea4a611da 0.206s
2025-04-03 07:12:21.680 69395 INFO tempest.lib.common.rest_client [req-5da8015e-60b7-469b-afc0-5cebbcd98128 req-5da8015e-60b7-469b-afc0-5cebbcd98128 ] Request (FloatingIPsAssociationTestJSON:test_associate_already_associated_floating_ip): 200 GET http://10.180.1.21/compute/v2.1/servers/a16c75c5-956d-4a10-bfaa-8e203eb31b12 0.188s
2025-04-03 07:12:21.680 69401 INFO tempest.lib.common.rest_client [req-1e4e7cdd-94cd-483f-91c8-59eab94f7738 req-1e4e7cdd-94cd-483f-91c8-59eab94f7738 ] Request (ServerDiagnosticsV248Test:tearDownClass): 200 GET http://10.180.1.21:9696/networking/v2.0/security-groups?tenant_id=ec887736d8a44a0ea66c0d0097f395d8&name=default 0.102s
2025-04-03 07:12:21.748 69415 INFO tempest.lib.common.rest_client [req-6a3911d6-9799-46ff-ae4f-63f7c3adfc6d req-6a3911d6-9799-46ff-ae4f-63f7c3adfc6d ] Request (ServersTestFqdnHostnames:tearDownClass): 204 DELETE http://10.180.1.21/compute/v2.1/servers/857c7aa8-406a-4a90-8f1b-166e87f0f559 0.184s
2025-04-03 07:12:21.752 69421 INFO tempest.lib.common.rest_client [req-756b0a43-e62a-4b0c-ba11-36e9197b57c2 req-756b0a43-e62a-4b0c-ba11-36e9197b57c2 ] Request (ImagesOneServerTestJSON:tearDownClass): 200 GET http://10.180.1.21/compute/v2.1/servers/4b90f588-9d0c-4874-ba00-ffaecd742e56 0.186s
2025-04-03 07:12:21.755 69401 INFO tempest.lib.common.rest_client [req-fe1abdd7-1d80-483e-a1a2-9a4d63f3b812 req-fe1abdd7-1d80-483e-a1a2-9a4d63f3b812 ] Request (ServerDiagnosticsV248Test:tearDownClass): 204 DELETE http://10.180.1.21:9696/networking/v2.0/security-groups/970c336d-0ae6-4633-883f-1c856280c95e 0.074s
2025-04-03 07:12:21.857 69401 INFO tempest.lib.common.rest_client [req-46faf2a5-fd1a-4635-9398-202eb9d60a38 req-46faf2a5-fd1a-4635-9398-202eb9d60a38 ] Request (ServerDiagnosticsV248Test:tearDownClass): 204 DELETE http://10.180.1.21/identity/v3/projects/ec887736d8a44a0ea66c0d0097f395d8 0.102s
2025-04-03 07:12:21.931 69401 INFO tempest.lib.common.rest_client [req-9111b1df-8603-435e-945d-7ff8dfd6ea98 req-9111b1df-8603-435e-945d-7ff8dfd6ea98 ] Request (ServerRescueTestJSONUnderV235:setUpClass): 201 POST http://10.180.1.21/identity/v3/auth/tokens 0.072s
2025-04-03 07:12:21.968 69401 INFO tempest.lib.common.rest_client [req-8e011eac-181d-42a6-baac-a672b9e6e3c6 req-8e011eac-181d-42a6-baac-a672b9e6e3c6 ] Request (ServerRescueTestJSONUnderV235:setUpClass): 201 POST http://10.180.1.21/identity/v3/auth/tokens 0.031s
2025-04-03 07:12:22.004 69401 INFO tempest.lib.common.rest_client [req-90704eac-fe41-4b98-a06c-4e3425490ecc req-90704eac-fe41-4b98-a06c-4e3425490ecc ] Request (ServerRescueTestJSONUnderV235:setUpClass): 200 GET http://10.180.1.21/identity/v3/domains?name=Default 0.035s
2025-04-03 07:12:22.020 69415 INFO tempest.lib.common.rest_client [req-a589d1bd-d628-4d18-88a2-d2383a21e240 req-a589d1bd-d628-4d18-88a2-d2383a21e240 ] Request (ServersTestFqdnHostnames:tearDownClass): 200 GET http://10.180.1.21/compute/v2.1/servers/857c7aa8-406a-4a90-8f1b-166e87f0f559 0.271s
2025-04-03 07:12:22.024 69417 INFO tempest.lib.common.rest_client [req-cc62b197-cd2d-4042-89b4-58c6e54dad28 req-cc62b197-cd2d-4042-89b4-58c6e54dad28 ] Request (ServerRescueNegativeTestJSON:test_rescued_vm_detach_volume): 200 GET http://10.180.1.21/compute/v2.1/servers/b839f31c-fe81-4af7-b93f-41479b62a5bd 0.213s
2025-04-03 07:12:22.034 69401 INFO tempest.lib.common.rest_client [req-5b13073e-bd7c-44cf-b570-337b18afc9c4 req-5b13073e-bd7c-44cf-b570-337b18afc9c4 ] Request (ServerRescueTestJSONUnderV235:setUpClass): 201 POST http://10.180.1.21/identity/v3/projects 0.030s
2025-04-03 07:12:22.083 69389 WARNING tempest.lib.common.ssh [-] Failed to establish authenticated ssh connection to cirros@10.180.180.177 ([Errno None] Unable to connect to port 22 on 10.180.180.177). Number attempts: 5. Retry after 6 seconds.: paramiko.ssh_exception.NoValidConnectionsError: [Errno None] Unable to connect to port 22 on 10.180.180.177
2025-04-03 07:12:22.088 69411 INFO tempest.lib.common.rest_client [req-733be616-e3cf-445c-bf01-c46262005f76 req-733be616-e3cf-445c-bf01-c46262005f76 ] Request (AttachVolumeShelveTestJSON:test_attach_volume_shelved_or_offload_server): 200 GET http://10.180.1.21/compute/v2.1/servers/0c78112e-f66a-4382-9fb2-3a448309d148 0.086s
2025-04-03 07:12:22.090 69401 INFO tempest.lib.common.rest_client [req-6e4ecced-5c0d-4825-a3bb-2cf84bf8ab6a req-6e4ecced-5c0d-4825-a3bb-2cf84bf8ab6a ] Request (ServerRescueTestJSONUnderV235:setUpClass): 201 POST http://10.180.1.21/identity/v3/users 0.056s
2025-04-03 07:12:22.091 69393 INFO tempest.lib.common.rest_client [req-1467566d-12d7-4451-a160-3167e39d501a req-1467566d-12d7-4451-a160-3167e39d501a ] Request (InstanceActionsNegativeTestJSON:tearDownClass): 200 GET http://10.180.1.21/compute/v2.1/servers/1364cf7d-e902-4658-88db-dc937c1c153e 0.132s
2025-04-03 07:12:22.136 69401 INFO tempest.lib.common.rest_client [req-73ebdcac-d935-440e-87d1-9ddce94d9a07 req-73ebdcac-d935-440e-87d1-9ddce94d9a07 ] Request (ServerRescueTestJSONUnderV235:setUpClass): 200 GET http://10.180.1.21/identity/v3/roles 0.045s
2025-04-03 07:12:22.166 69407 INFO tempest.lib.common.rest_client [req-b69cf008-d7c4-4db5-a1d7-8850fec0b8e1 req-b69cf008-d7c4-4db5-a1d7-8850fec0b8e1 ] Request (ServerActionsTestOtherA:test_rebuild_server_in_stop_state): 200 GET http://10.180.1.21/compute/v2.1/servers/6c9aa6fb-f7ad-4717-abfe-7d5c9e6be1e3 0.100s
2025-04-03 07:12:22.174 69401 INFO tempest.lib.common.rest_client [req-59661744-5620-4381-8cce-a215df6cc103 req-59661744-5620-4381-8cce-a215df6cc103 ] Request (ServerRescueTestJSONUnderV235:setUpClass): 204 PUT http://10.180.1.21/identity/v3/projects/abeec1a3f62a4899be738351473f0dcb/users/bc0e02741cc4493194b33b7ea6b9b80a/roles/f67cc01967144350b01857473e2640be 0.038s
2025-04-03 07:12:22.174 69401 INFO tempest.lib.common.dynamic_creds [-] Dynamic test user bc0e02741cc4493194b33b7ea6b9b80a is created with scope project and roles: ['member']
2025-04-03 07:12:22.175 69401 INFO tempest.lib.common.dynamic_creds [-] Acquired dynamic creds: credentials: Credentials: {'domain_id': 'default', 'domain_name': 'Default', 'username': 'tempest-ServerRescueTestJSONUnderV235-2104961085-project-member', 'project_domain_id': 'default', 'project_domain_name': 'Default', 'project_id': 'abeec1a3f62a4899be738351473f0dcb', 'project_name': 'tempest-ServerRescueTestJSONUnderV235-2104961085', 'tenant_id': 'abeec1a3f62a4899be738351473f0dcb', 'tenant_name': 'tempest-ServerRescueTestJSONUnderV235-2104961085', 'user_domain_id': 'default', 'user_domain_name': 'Default', 'user_id': 'bc0e02741cc4493194b33b7ea6b9b80a', 'system': None}, Network: None, Subnet: None, Router: None
2025-04-03 07:12:22.213 69371 INFO tempest.lib.common.rest_client [req-42193eac-0629-496f-ac07-ccb9df337161 req-42193eac-0629-496f-ac07-ccb9df337161 ] Request (ServersAdminTestJSON:tearDownClass): 200 GET http://10.180.1.21/compute/v2.1/servers/19eaa995-6c0a-4441-a241-2493d41ff90c 0.120s
2025-04-03 07:12:22.226 69401 INFO tempest.lib.common.rest_client [req-feeb3597-b894-4c97-a1fc-055f4ae24d56 req-feeb3597-b894-4c97-a1fc-055f4ae24d56 ] Request (ServerRescueTestJSONUnderV235:setUpClass): 201 POST http://10.180.1.21/identity/v3/auth/tokens 0.051s
2025-04-03 07:12:22.362 69373 INFO tempest.lib.common.rest_client [req-d2d0b08f-c1eb-4cad-8cd1-b276bdec79b4 req-d2d0b08f-c1eb-4cad-8cd1-b276bdec79b4 ] Request (ListServerFiltersTestJSON:test_list_servers_filter_by_shutoff_status): 200 GET http://10.180.1.21/compute/v2.1/servers/c4b2bcae-5752-4932-9fad-8cba15d7d15c 0.145s
2025-04-03 07:12:22.369 69373 INFO tempest.common.waiters [-] State transition "ACTIVE/powering-off" ==> "SHUTOFF/None" after 4 second wait
2025-04-03 07:12:22.400 69387 INFO tempest.lib.common.rest_client [req-8be659e2-53ec-4a79-a913-cf59b3e2e71e req-8be659e2-53ec-4a79-a913-cf59b3e2e71e ] Request (MigrationsAdminTest:test_resize_server_revert_deleted_flavor): 200 GET http://10.180.1.21/compute/v2.1/servers/34b9818a-917b-4047-9591-bf2be8d69da9 0.154s
2025-04-03 07:12:22.424 69397 INFO tempest.lib.common.rest_client [req-2f9d7138-1728-4258-a99d-95af7c22709f req-2f9d7138-1728-4258-a99d-95af7c22709f ] Request (VolumesAssistedSnapshotsTest:tearDownClass): 200 GET http://10.180.1.21/compute/v2.1/servers/38065204-486c-4d9d-abcb-eb49214e3c58 0.113s
2025-04-03 07:12:22.487 69373 INFO tempest.lib.common.rest_client [req-c6462545-dc65-4d83-baf7-74fcd1fa7ab0 req-c6462545-dc65-4d83-baf7-74fcd1fa7ab0 ] Request (ListServerFiltersTestJSON:test_list_servers_filter_by_shutoff_status): 200 GET http://10.180.1.21/compute/v2.1/servers?status=shutoff 0.118s
2025-04-03 07:12:22.489 69391 INFO tempest.lib.common.rest_client [req-dae1ae30-f3f5-4157-95bb-7bcdf426b387 req-dae1ae30-f3f5-4157-95bb-7bcdf426b387 ] Request (ServersWithSpecificFlavorTestJSON:test_verify_created_server_ephemeral_disk): 200 GET http://10.180.1.21/compute/v2.1/servers/2108c0a4-a6bc-42b6-87bf-c540a527496a 0.118s
2025-04-03 07:12:22.552 69399 INFO tempest.lib.common.rest_client [req-c8a0e71e-92ff-437f-a8f3-b2e7414423a8 req-c8a0e71e-92ff-437f-a8f3-b2e7414423a8 ] Request (ServersTestBootFromVolume:tearDownClass): 200 GET http://10.180.1.21/compute/v2.1/servers/f58a891e-8076-4cfe-aa62-20f3d4dfb5da 0.114s
2025-04-03 07:12:22.612 69377 INFO tempest.lib.common.rest_client [req-dca65cfa-ac0a-4005-939c-c8f922cd11b6 req-dca65cfa-ac0a-4005-939c-c8f922cd11b6 ] Request (ImagesTestJSON:test_create_image_from_suspended_server): 200 GET http://10.180.1.21/compute/v2.1/servers/eb348863-9387-4218-a304-1a49c608285c 0.145s
2025-04-03 07:12:22.621 69401 INFO tempest.lib.common.rest_client [req-b210432e-b4fd-49e1-ae82-59b5e01e5df4 req-b210432e-b4fd-49e1-ae82-59b5e01e5df4 ] Request (ServerRescueTestJSONUnderV235:setUpClass): 201 POST http://10.180.1.21:9696/networking/v2.0/networks 0.395s
2025-04-03 07:12:22.658 69381 INFO tempest.lib.common.rest_client [req-8c075ff3-4cd7-41fb-95ac-42b3ab46b871 req-8c075ff3-4cd7-41fb-95ac-42b3ab46b871 ] Request (ServersNegativeTestJSON:setUpClass): 200 GET http://10.180.1.21/compute/v2.1/servers/9b7a58b2-2e7c-4dde-a220-f34cc5b3251d 0.247s
2025-04-03 07:12:22.665 69373 INFO tempest.lib.common.rest_client [req-81106d2b-0c4f-4b78-a16e-5e70bc3839ac req-81106d2b-0c4f-4b78-a16e-5e70bc3839ac ] Request (ListServerFiltersTestJSON:test_list_servers_filter_by_shutoff_status): 202 POST http://10.180.1.21/compute/v2.1/servers/c4b2bcae-5752-4932-9fad-8cba15d7d15c/action 0.176s
2025-04-03 07:12:22.723 69375 INFO tempest.lib.common.rest_client [req-930134c5-fc05-4a2a-80b0-f8b6683cf05f req-930134c5-fc05-4a2a-80b0-f8b6683cf05f ] Request (AttachInterfacesV270Test:tearDownClass): 200 GET http://10.180.1.21/compute/v2.1/servers/f3e3db76-727b-4b27-a797-8226068aaa39 0.218s
2025-04-03 07:12:22.740 69423 INFO tempest.lib.common.rest_client [req-aa15c37e-4758-4ef8-affc-126865708ecf req-aa15c37e-4758-4ef8-affc-126865708ecf ] Request (ServersListShow298Test:tearDownClass): 200 GET http://10.180.1.21/compute/v2.1/servers/5c9656f5-6e06-4083-aaa9-a37d13e0aae8 0.195s
2025-04-03 07:12:22.777 69385 INFO tempest.lib.common.rest_client [req-e29ddc6f-5ac5-4481-8f3b-5ecf08633fd5 req-e29ddc6f-5ac5-4481-8f3b-5ecf08633fd5 ] Request (ServersAdminNegativeTestJSON:setUpClass): 200 GET http://10.180.1.21/compute/v2.1/servers/d817707c-6ec4-4671-8988-b57818e92b1e 0.222s
2025-04-03 07:12:22.804 69427 INFO tempest.lib.common.rest_client [req-5ecdc727-f37d-4caa-8030-3798ca854af1 req-5ecdc727-f37d-4caa-8030-3798ca854af1 ] Request (ServerRescueTestJSON:tearDownClass): 200 GET http://10.180.1.21/compute/v2.1/servers/12141b9b-bbb8-4080-ac76-aa4b6136b0de 0.180s
2025-04-03 07:12:22.824 69401 INFO tempest.lib.common.rest_client [req-d4ab74a7-2a6f-4537-927c-05c0d1fee01b req-d4ab74a7-2a6f-4537-927c-05c0d1fee01b ] Request (ServerRescueTestJSONUnderV235:setUpClass): 201 POST http://10.180.1.21:9696/networking/v2.0/subnets 0.202s
2025-04-03 07:12:22.845 69425 INFO tempest.lib.common.rest_client [req-9955d152-84c5-404f-9c7a-2c47dc9df4e4 req-9955d152-84c5-404f-9c7a-2c47dc9df4e4 ] Request (ListImageFiltersTestJSON:tearDownClass): 200 GET http://10.180.1.21/compute/v2.1/servers/e621b1e7-bbfd-403e-8877-e275f3481265 0.216s
2025-04-03 07:12:22.899 69383 WARNING tempest.lib.common.ssh [-] Failed to establish authenticated ssh connection to cirros@10.180.180.245 ([Errno None] Unable to connect to port 22 on 10.180.180.245). Number attempts: 5. Retry after 6 seconds.: paramiko.ssh_exception.NoValidConnectionsError: [Errno None] Unable to connect to port 22 on 10.180.180.245
2025-04-03 07:12:22.919 69379 INFO tempest.lib.common.rest_client [req-3db74f43-f8e0-4967-9c41-d03f4e5b7516 req-3db74f43-f8e0-4967-9c41-d03f4e5b7516 ] Request (ServersTestJSON:tearDownClass): 200 GET http://10.180.1.21/compute/v2.1/servers/599309eb-3858-40cd-b1b7-0e1ea4a611da 0.228s
2025-04-03 07:12:22.926 69373 INFO tempest.lib.common.rest_client [req-255178c3-e673-4633-9428-06953a9c5982 req-255178c3-e673-4633-9428-06953a9c5982 ] Request (ListServerFiltersTestJSON:test_list_servers_filter_by_shutoff_status): 200 GET http://10.180.1.21/compute/v2.1/servers/c4b2bcae-5752-4932-9fad-8cba15d7d15c 0.261s
2025-04-03 07:12:22.968 69395 INFO tempest.lib.common.rest_client [req-12b3e13e-6c29-4a19-999d-bfc80fb4e117 req-12b3e13e-6c29-4a19-999d-bfc80fb4e117 ] Request (FloatingIPsAssociationTestJSON:test_associate_already_associated_floating_ip): 200 GET http://10.180.1.21/compute/v2.1/servers/a16c75c5-956d-4a10-bfaa-8e203eb31b12 0.274s
2025-04-03 07:12:22.982 69421 INFO tempest.lib.common.rest_client [req-70d87acf-c05b-426c-b448-79c87740ffa4 req-70d87acf-c05b-426c-b448-79c87740ffa4 ] Request (ImagesOneServerTestJSON:tearDownClass): 200 GET http://10.180.1.21/compute/v2.1/servers/4b90f588-9d0c-4874-ba00-ffaecd742e56 0.214s
2025-04-03 07:12:23.175 69415 INFO tempest.lib.common.rest_client [req-c1b81742-55a7-42f8-926c-637f925b9da4 req-c1b81742-55a7-42f8-926c-637f925b9da4 ] Request (ServersTestFqdnHostnames:tearDownClass): 200 GET http://10.180.1.21/compute/v2.1/servers/857c7aa8-406a-4a90-8f1b-166e87f0f559 0.146s
2025-04-03 07:12:23.178 69417 INFO tempest.lib.common.rest_client [req-8fac838e-dd01-4e4b-9a38-9d0fff5ebd73 req-8fac838e-dd01-4e4b-9a38-9d0fff5ebd73 ] Request (ServerRescueNegativeTestJSON:test_rescued_vm_detach_volume): 200 GET http://10.180.1.21/compute/v2.1/servers/b839f31c-fe81-4af7-b93f-41479b62a5bd 0.142s
2025-04-03 07:12:23.244 69411 INFO tempest.lib.common.rest_client [req-77639e02-5f94-4507-be98-fba3dd730be7 req-77639e02-5f94-4507-be98-fba3dd730be7 ] Request (AttachVolumeShelveTestJSON:test_attach_volume_shelved_or_offload_server): 200 GET http://10.180.1.21/compute/v2.1/servers/0c78112e-f66a-4382-9fb2-3a448309d148 0.145s
2025-04-03 07:12:23.255 69393 INFO tempest.lib.common.rest_client [req-4789241b-116f-4e75-acef-055df1d25494 req-4789241b-116f-4e75-acef-055df1d25494 ] Request (InstanceActionsNegativeTestJSON:tearDownClass): 200 GET http://10.180.1.21/compute/v2.1/servers/1364cf7d-e902-4658-88db-dc937c1c153e 0.154s
2025-04-03 07:12:23.294 69407 INFO tempest.lib.common.rest_client [req-0768464f-2c60-4acb-90dd-e31dc8827fb4 req-0768464f-2c60-4acb-90dd-e31dc8827fb4 ] Request (ServerActionsTestOtherA:test_rebuild_server_in_stop_state): 200 GET http://10.180.1.21/compute/v2.1/servers/6c9aa6fb-f7ad-4717-abfe-7d5c9e6be1e3 0.116s
2025-04-03 07:12:23.308 69371 INFO tempest.lib.common.rest_client [req-c4189f91-935c-43e7-a87a-aecf0d9314da req-c4189f91-935c-43e7-a87a-aecf0d9314da ] Request (ServersAdminTestJSON:tearDownClass): 200 GET http://10.180.1.21/compute/v2.1/servers/19eaa995-6c0a-4441-a241-2493d41ff90c 0.086s
2025-04-03 07:12:23.515 69397 INFO tempest.lib.common.rest_client [req-0fb1bcb0-dff1-42c9-9eb4-7c7e5f5bb920 req-0fb1bcb0-dff1-42c9-9eb4-7c7e5f5bb920 ] Request (VolumesAssistedSnapshotsTest:tearDownClass): 200 GET http://10.180.1.21/compute/v2.1/servers/38065204-486c-4d9d-abcb-eb49214e3c58 0.084s
2025-04-03 07:12:23.535 69401 INFO tempest.lib.common.rest_client [req-c3b414b2-055f-488b-a5f1-c65a400bed62 req-c3b414b2-055f-488b-a5f1-c65a400bed62 ] Request (ServerRescueTestJSONUnderV235:setUpClass): 201 POST http://10.180.1.21:9696/networking/v2.0/routers 0.710s
2025-04-03 07:12:23.652 69391 INFO tempest.lib.common.rest_client [req-36e7a4b9-69c6-4b2d-8b33-4279ed00404c req-36e7a4b9-69c6-4b2d-8b33-4279ed00404c ] Request (ServersWithSpecificFlavorTestJSON:test_verify_created_server_ephemeral_disk): 200 GET http://10.180.1.21/compute/v2.1/servers/2108c0a4-a6bc-42b6-87bf-c540a527496a 0.148s
2025-04-03 07:12:23.656 69387 INFO tempest.lib.common.rest_client [req-39433b3e-b885-49bc-bdea-653156d18192 req-39433b3e-b885-49bc-bdea-653156d18192 ] Request (MigrationsAdminTest:test_resize_server_revert_deleted_flavor): 200 GET http://10.180.1.21/compute/v2.1/servers/34b9818a-917b-4047-9591-bf2be8d69da9 0.244s
2025-04-03 07:12:23.729 69377 INFO tempest.lib.common.rest_client [req-06452ac4-9d59-413d-b0fc-52e3a15a004b req-06452ac4-9d59-413d-b0fc-52e3a15a004b ] Request (ImagesTestJSON:test_create_image_from_suspended_server): 200 GET http://10.180.1.21/compute/v2.1/servers/eb348863-9387-4218-a304-1a49c608285c 0.108s
2025-04-03 07:12:23.733 69399 INFO tempest.lib.common.rest_client [req-29972518-ab2c-41a2-b2e2-4f4dfbf97389 req-29972518-ab2c-41a2-b2e2-4f4dfbf97389 ] Request (ServersTestBootFromVolume:tearDownClass): 200 GET http://10.180.1.21/compute/v2.1/servers/f58a891e-8076-4cfe-aa62-20f3d4dfb5da 0.170s
2025-04-03 07:12:23.760 69375 INFO tempest.lib.common.rest_client [req-f0069990-1eb1-45cf-8b30-1179694f38b5 req-f0069990-1eb1-45cf-8b30-1179694f38b5 ] Request (AttachInterfacesV270Test:tearDownClass): 404 GET http://10.180.1.21/compute/v2.1/servers/f3e3db76-727b-4b27-a797-8226068aaa39 0.027s
2025-04-03 07:12:23.852 69423 INFO tempest.lib.common.rest_client [req-6ee15877-2cff-4525-839b-16fde1746e2e req-6ee15877-2cff-4525-839b-16fde1746e2e ] Request (ServersListShow298Test:tearDownClass): 200 GET http://10.180.1.21/compute/v2.1/servers/5c9656f5-6e06-4083-aaa9-a37d13e0aae8 0.098s
2025-04-03 07:12:23.880 69381 INFO tempest.lib.common.rest_client [req-c39245ad-5d03-4494-92aa-fc168406e918 req-c39245ad-5d03-4494-92aa-fc168406e918 ] Request (ServersNegativeTestJSON:setUpClass): 200 GET http://10.180.1.21/compute/v2.1/servers/9b7a58b2-2e7c-4dde-a220-f34cc5b3251d 0.209s
2025-04-03 07:12:23.908 69385 INFO tempest.lib.common.rest_client [req-e7b73b30-6ec3-4e8b-a6ae-bce6ee40f372 req-e7b73b30-6ec3-4e8b-a6ae-bce6ee40f372 ] Request (ServersAdminNegativeTestJSON:setUpClass): 200 GET http://10.180.1.21/compute/v2.1/servers/d817707c-6ec4-4671-8988-b57818e92b1e 0.121s
2025-04-03 07:12:23.965 69427 INFO tempest.lib.common.rest_client [req-abf970c2-4da0-48d4-bc97-0d1058256020 req-abf970c2-4da0-48d4-bc97-0d1058256020 ] Request (ServerRescueTestJSON:tearDownClass): 200 GET http://10.180.1.21/compute/v2.1/servers/12141b9b-bbb8-4080-ac76-aa4b6136b0de 0.153s
2025-04-03 07:12:23.986 69425 INFO tempest.lib.common.rest_client [req-32bb7822-e161-49b1-b200-9c0b1c6451f1 req-32bb7822-e161-49b1-b200-9c0b1c6451f1 ] Request (ListImageFiltersTestJSON:tearDownClass): 200 GET http://10.180.1.21/compute/v2.1/servers/e621b1e7-bbfd-403e-8877-e275f3481265 0.130s
2025-04-03 07:12:24.058 69379 INFO tempest.lib.common.rest_client [req-32a3aaab-cd75-4332-a55a-2b8109479a2f req-32a3aaab-cd75-4332-a55a-2b8109479a2f ] Request (ServersTestJSON:tearDownClass): 200 GET http://10.180.1.21/compute/v2.1/servers/599309eb-3858-40cd-b1b7-0e1ea4a611da 0.132s
2025-04-03 07:12:24.140 69395 INFO tempest.lib.common.rest_client [req-8439e067-198c-4246-8a70-b67298d64c57 req-8439e067-198c-4246-8a70-b67298d64c57 ] Request (FloatingIPsAssociationTestJSON:test_associate_already_associated_floating_ip): 200 GET http://10.180.1.21/compute/v2.1/servers/a16c75c5-956d-4a10-bfaa-8e203eb31b12 0.162s
2025-04-03 07:12:24.159 69373 INFO tempest.lib.common.rest_client [req-463caa34-a98e-4cfa-a6a4-d6e53312b94b req-463caa34-a98e-4cfa-a6a4-d6e53312b94b ] Request (ListServerFiltersTestJSON:test_list_servers_filter_by_shutoff_status): 200 GET http://10.180.1.21/compute/v2.1/servers/c4b2bcae-5752-4932-9fad-8cba15d7d15c 0.224s
2025-04-03 07:12:24.218 69421 INFO tempest.lib.common.rest_client [req-b7864cba-6bf1-4294-a813-51ce8b9b441a req-b7864cba-6bf1-4294-a813-51ce8b9b441a ] Request (ImagesOneServerTestJSON:tearDownClass): 200 GET http://10.180.1.21/compute/v2.1/servers/4b90f588-9d0c-4874-ba00-ffaecd742e56 0.226s
2025-04-03 07:12:24.425 69375 INFO tempest.lib.common.rest_client [req-fac74c92-5705-4e29-98cf-f541170a2771 req-fac74c92-5705-4e29-98cf-f541170a2771 ] Request (AttachInterfacesV270Test:tearDownClass): 200 PUT http://10.180.1.21:9696/networking/v2.0/routers/c30e14ec-9897-4010-a2f7-4e8433866c05/remove_router_interface 0.664s
2025-04-03 07:12:24.521 69429 WARNING tempest.lib.common.ssh [-] Failed to establish authenticated ssh connection to cirros@10.180.180.186 ([Errno None] Unable to connect to port 22 on 10.180.180.186). Number attempts: 5. Retry after 6 seconds.: paramiko.ssh_exception.NoValidConnectionsError: [Errno None] Unable to connect to port 22 on 10.180.180.186
2025-04-03 07:12:24.608 69415 INFO tempest.lib.common.rest_client [req-0cdf77b2-2af6-430d-8228-22d5e2df60a2 req-0cdf77b2-2af6-430d-8228-22d5e2df60a2 ] Request (ServersTestFqdnHostnames:tearDownClass): 200 GET http://10.180.1.21/compute/v2.1/servers/857c7aa8-406a-4a90-8f1b-166e87f0f559 0.424s
2025-04-03 07:12:24.685 69411 INFO tempest.lib.common.rest_client [req-3432ead5-0b71-4a67-9cc6-430be3432197 req-3432ead5-0b71-4a67-9cc6-430be3432197 ] Request (AttachVolumeShelveTestJSON:test_attach_volume_shelved_or_offload_server): 200 GET http://10.180.1.21/compute/v2.1/servers/0c78112e-f66a-4382-9fb2-3a448309d148 0.432s
2025-04-03 07:12:24.745 69417 INFO tempest.lib.common.rest_client [req-cfc1e923-cc91-4b90-8e06-ca74ae772fed req-cfc1e923-cc91-4b90-8e06-ca74ae772fed ] Request (ServerRescueNegativeTestJSON:test_rescued_vm_detach_volume): 200 GET http://10.180.1.21/compute/v2.1/servers/b839f31c-fe81-4af7-b93f-41479b62a5bd 0.556s
2025-04-03 07:12:24.768 69393 INFO tempest.lib.common.rest_client [req-0ccdc2ae-5113-4cfb-88ce-a6548482a049 req-0ccdc2ae-5113-4cfb-88ce-a6548482a049 ] Request (InstanceActionsNegativeTestJSON:tearDownClass): 200 GET http://10.180.1.21/compute/v2.1/servers/1364cf7d-e902-4658-88db-dc937c1c153e 0.505s
2025-04-03 07:12:24.792 69375 INFO tempest.lib.common.rest_client [req-1f183c70-16fb-4b43-a468-fccd8916d92b req-1f183c70-16fb-4b43-a468-fccd8916d92b ] Request (AttachInterfacesV270Test:tearDownClass): 204 DELETE http://10.180.1.21:9696/networking/v2.0/routers/c30e14ec-9897-4010-a2f7-4e8433866c05 0.367s
2025-04-03 07:12:24.835 69407 INFO tempest.lib.common.rest_client [req-a8b49229-df8d-4e00-934c-7b0177591f30 req-a8b49229-df8d-4e00-934c-7b0177591f30 ] Request (ServerActionsTestOtherA:test_rebuild_server_in_stop_state): 200 GET http://10.180.1.21/compute/v2.1/servers/6c9aa6fb-f7ad-4717-abfe-7d5c9e6be1e3 0.529s
2025-04-03 07:12:24.864 69371 INFO tempest.lib.common.rest_client [req-98c5f9eb-c395-45ed-bdb0-d0219148b9f1 req-98c5f9eb-c395-45ed-bdb0-d0219148b9f1 ] Request (ServersAdminTestJSON:tearDownClass): 200 GET http://10.180.1.21/compute/v2.1/servers/19eaa995-6c0a-4441-a241-2493d41ff90c 0.548s
2025-04-03 07:12:24.871 69371 INFO tempest.common.waiters [-] State transition "ACTIVE/deleting" ==> "DELETED/None" after 5 second wait
2025-04-03 07:12:24.929 69375 INFO tempest.lib.common.rest_client [req-01c6c59e-40af-4c5a-925f-87ceaf803ce1 req-01c6c59e-40af-4c5a-925f-87ceaf803ce1 ] Request (AttachInterfacesV270Test:tearDownClass): 204 DELETE http://10.180.1.21:9696/networking/v2.0/subnets/2724ec19-e502-48cc-84f1-df6757f66997 0.137s
2025-04-03 07:12:24.936 69397 INFO tempest.lib.common.rest_client [req-8ae044d8-0cd2-4559-b5b3-3a617453809c req-8ae044d8-0cd2-4559-b5b3-3a617453809c ] Request (VolumesAssistedSnapshotsTest:tearDownClass): 200 GET http://10.180.1.21/compute/v2.1/servers/38065204-486c-4d9d-abcb-eb49214e3c58 0.410s
2025-04-03 07:12:24.950 69391 INFO tempest.lib.common.rest_client [req-779af25a-2fe7-4cb6-b780-4749043989c3 req-779af25a-2fe7-4cb6-b780-4749043989c3 ] Request (ServersWithSpecificFlavorTestJSON:test_verify_created_server_ephemeral_disk): 200 GET http://10.180.1.21/compute/v2.1/servers/2108c0a4-a6bc-42b6-87bf-c540a527496a 0.287s
2025-04-03 07:12:25.059 69377 INFO tempest.lib.common.rest_client [req-ca80d922-bbae-4ec5-8c9e-681f46cb83cd req-ca80d922-bbae-4ec5-8c9e-681f46cb83cd ] Request (ImagesTestJSON:test_create_image_from_suspended_server): 200 GET http://10.180.1.21/compute/v2.1/servers/eb348863-9387-4218-a304-1a49c608285c 0.318s
2025-04-03 07:12:25.161 69399 INFO tempest.lib.common.rest_client [req-8c02135e-6cc2-4df3-a050-b1f16e8c3222 req-8c02135e-6cc2-4df3-a050-b1f16e8c3222 ] Request (ServersTestBootFromVolume:tearDownClass): 200 GET http://10.180.1.21/compute/v2.1/servers/f58a891e-8076-4cfe-aa62-20f3d4dfb5da 0.407s
2025-04-03 07:12:25.178 69387 INFO tempest.lib.common.rest_client [req-073f97f6-c4c0-4253-b9bf-4cfe19e644f6 req-073f97f6-c4c0-4253-b9bf-4cfe19e644f6 ] Request (MigrationsAdminTest:test_resize_server_revert_deleted_flavor): 200 GET http://10.180.1.21/compute/v2.1/servers/34b9818a-917b-4047-9591-bf2be8d69da9 0.514s
2025-04-03 07:12:25.192 69423 INFO tempest.lib.common.rest_client [req-d6a972f0-e04e-41a9-86ce-b047cfffec77 req-d6a972f0-e04e-41a9-86ce-b047cfffec77 ] Request (ServersListShow298Test:tearDownClass): 404 GET http://10.180.1.21/compute/v2.1/servers/5c9656f5-6e06-4083-aaa9-a37d13e0aae8 0.328s
2025-04-03 07:12:25.207 69375 INFO tempest.lib.common.rest_client [req-3eb99ab2-500a-4e1a-80ff-eb2eb296c756 req-3eb99ab2-500a-4e1a-80ff-eb2eb296c756 ] Request (AttachInterfacesV270Test:tearDownClass): 204 DELETE http://10.180.1.21:9696/networking/v2.0/networks/c4d587eb-e9a6-4288-bed7-9ea21d066278 0.278s
2025-04-03 07:12:25.308 69375 INFO tempest.lib.common.rest_client [req-69e8370e-15e2-4aaf-8ea7-6e36f3ae6dc3 req-69e8370e-15e2-4aaf-8ea7-6e36f3ae6dc3 ] Request (AttachInterfacesV270Test:tearDownClass): 204 DELETE http://10.180.1.21/identity/v3/users/f5fe9ec3d5f84a97bc55b6128b7f4bdb 0.100s
2025-04-03 07:12:25.308 69375 INFO tempest.lib.common.dynamic_creds [-] Deleting project and security group for project: 8f53df6c840f402da64b1bd7ec4002b6
2025-04-03 07:12:25.310 69385 INFO tempest.lib.common.rest_client [req-f580ca74-84e0-4d1e-92d7-b425aa3780db req-f580ca74-84e0-4d1e-92d7-b425aa3780db ] Request (ServersAdminNegativeTestJSON:setUpClass): 200 GET http://10.180.1.21/compute/v2.1/servers/d817707c-6ec4-4671-8988-b57818e92b1e 0.394s
2025-04-03 07:12:25.323 69423 INFO tempest.lib.common.rest_client [req-fcc2668a-9474-4f9f-9725-95f0bf58c958 req-fcc2668a-9474-4f9f-9725-95f0bf58c958 ] Request (ServersListShow298Test:tearDownClass): 204 DELETE http://10.180.1.21/identity/v3/users/29bfd9f8e1a24019bf891693d8d24122 0.130s
2025-04-03 07:12:25.323 69423 INFO tempest.lib.common.dynamic_creds [-] Deleting project and security group for project: 79b20dc1c8d9492bbb90b54bac4d0e0b
2025-04-03 07:12:25.344 69375 INFO tempest.lib.common.rest_client [req-df6d5b5b-5646-4645-9ece-0eddfa240a3d req-df6d5b5b-5646-4645-9ece-0eddfa240a3d ] Request (AttachInterfacesV270Test:tearDownClass): 200 GET http://10.180.1.21:9696/networking/v2.0/security-groups?tenant_id=8f53df6c840f402da64b1bd7ec4002b6&name=default 0.035s
2025-04-03 07:12:25.409 69423 INFO tempest.lib.common.rest_client [req-38d57914-95d1-410d-b957-edca7e8c9aea req-38d57914-95d1-410d-b957-edca7e8c9aea ] Request (ServersListShow298Test:tearDownClass): 201 POST http://10.180.1.21/identity/v3/auth/tokens 0.085s
2025-04-03 07:12:25.410 69427 INFO tempest.lib.common.rest_client [req-db1ef6ea-63a6-44cf-afcc-8b3c9a0d2d2c req-db1ef6ea-63a6-44cf-afcc-8b3c9a0d2d2c ] Request (ServerRescueTestJSON:tearDownClass): 200 GET http://10.180.1.21/compute/v2.1/servers/12141b9b-bbb8-4080-ac76-aa4b6136b0de 0.430s
2025-04-03 07:12:25.421 69381 INFO tempest.lib.common.rest_client [req-99cb829c-812d-4e06-bcd8-69e675528fec req-99cb829c-812d-4e06-bcd8-69e675528fec ] Request (ServersNegativeTestJSON:setUpClass): 200 GET http://10.180.1.21/compute/v2.1/servers/9b7a58b2-2e7c-4dde-a220-f34cc5b3251d 0.528s
2025-04-03 07:12:25.459 69375 INFO tempest.lib.common.rest_client [req-2a27bf43-a006-481c-a8c4-961ca936abab req-2a27bf43-a006-481c-a8c4-961ca936abab ] Request (AttachInterfacesV270Test:tearDownClass): 204 DELETE http://10.180.1.21:9696/networking/v2.0/security-groups/76f456ed-2791-4df6-a8cc-ade1b6fc1be6 0.114s
2025-04-03 07:12:25.487 69425 INFO tempest.lib.common.rest_client [req-4209c82c-3373-46c1-9162-3a04392d504a req-4209c82c-3373-46c1-9162-3a04392d504a ] Request (ListImageFiltersTestJSON:tearDownClass): 200 GET http://10.180.1.21/compute/v2.1/servers/e621b1e7-bbfd-403e-8877-e275f3481265 0.490s
2025-04-03 07:12:25.511 69379 INFO tempest.lib.common.rest_client [req-d84a0d24-a334-4e2a-92cd-ce2f300c1085 req-d84a0d24-a334-4e2a-92cd-ce2f300c1085 ] Request (ServersTestJSON:tearDownClass): 200 GET http://10.180.1.21/compute/v2.1/servers/599309eb-3858-40cd-b1b7-0e1ea4a611da 0.438s
2025-04-03 07:12:25.535 69375 INFO tempest.lib.common.rest_client [req-f350b0a1-bb4b-4b72-bf6a-080376af34b6 req-f350b0a1-bb4b-4b72-bf6a-080376af34b6 ] Request (AttachInterfacesV270Test:tearDownClass): 204 DELETE http://10.180.1.21/identity/v3/projects/8f53df6c840f402da64b1bd7ec4002b6 0.076s
2025-04-03 07:12:25.567 69395 INFO tempest.lib.common.rest_client [req-ebbe6eaa-c591-4151-979c-7aa6e50d25e2 req-ebbe6eaa-c591-4151-979c-7aa6e50d25e2 ] Request (FloatingIPsAssociationTestJSON:test_associate_already_associated_floating_ip): 200 GET http://10.180.1.21/compute/v2.1/servers/a16c75c5-956d-4a10-bfaa-8e203eb31b12 0.413s
2025-04-03 07:12:25.663 69421 INFO tempest.lib.common.rest_client [req-eae2a1f1-a9e4-4212-b438-89609f408d4b req-eae2a1f1-a9e4-4212-b438-89609f408d4b ] Request (ImagesOneServerTestJSON:tearDownClass): 200 GET http://10.180.1.21/compute/v2.1/servers/4b90f588-9d0c-4874-ba00-ffaecd742e56 0.437s
2025-04-03 07:12:25.735 69423 INFO tempest.lib.common.rest_client [req-813ebe7f-e293-4f21-ba09-eb60ce430d7c req-813ebe7f-e293-4f21-ba09-eb60ce430d7c ] Request (ServersListShow298Test:tearDownClass): 200 GET http://10.180.1.21:9696/networking/v2.0/security-groups?tenant_id=79b20dc1c8d9492bbb90b54bac4d0e0b&name=default 0.325s
2025-04-03 07:12:25.768 69415 INFO tempest.lib.common.rest_client [req-12ce463a-3889-4dc4-a38a-cdffa4bd0854 req-12ce463a-3889-4dc4-a38a-cdffa4bd0854 ] Request (ServersTestFqdnHostnames:tearDownClass): 200 GET http://10.180.1.21/compute/v2.1/servers/857c7aa8-406a-4a90-8f1b-166e87f0f559 0.149s
2025-04-03 07:12:25.799 69373 INFO tempest.lib.common.rest_client [req-303df554-50b4-49ee-b774-fa99d09852f5 req-303df554-50b4-49ee-b774-fa99d09852f5 ] Request (ListServerFiltersTestJSON:test_list_servers_filter_by_shutoff_status): 200 GET http://10.180.1.21/compute/v2.1/servers/c4b2bcae-5752-4932-9fad-8cba15d7d15c 0.629s
2025-04-03 07:12:25.843 69411 INFO tempest.lib.common.rest_client [req-76b7ef5c-ba78-42d7-b652-b18ea8f1758f req-76b7ef5c-ba78-42d7-b652-b18ea8f1758f ] Request (AttachVolumeShelveTestJSON:test_attach_volume_shelved_or_offload_server): 200 GET http://10.180.1.21/compute/v2.1/servers/0c78112e-f66a-4382-9fb2-3a448309d148 0.149s
2025-04-03 07:12:25.854 69423 INFO tempest.lib.common.rest_client [req-17db4069-1017-442a-be8c-c74d82e6cfa3 req-17db4069-1017-442a-be8c-c74d82e6cfa3 ] Request (ServersListShow298Test:tearDownClass): 204 DELETE http://10.180.1.21:9696/networking/v2.0/security-groups/9e1ac3b8-1bfe-4c12-a5e0-31bf6e9a8bb8 0.119s
2025-04-03 07:12:25.865 69419 INFO paramiko.transport [-] Connected (version 2.0, client dropbear_2020.81)
2025-04-03 07:12:25.950 69393 INFO tempest.lib.common.rest_client [req-4ef5278c-ca53-4d22-9e39-a084920d5362 req-4ef5278c-ca53-4d22-9e39-a084920d5362 ] Request (InstanceActionsNegativeTestJSON:tearDownClass): 200 GET http://10.180.1.21/compute/v2.1/servers/1364cf7d-e902-4658-88db-dc937c1c153e 0.164s
2025-04-03 07:12:25.959 69401 INFO tempest.lib.common.rest_client [req-c2e4dc5d-dea9-4ac1-9ab1-1438f18de3d8 req-c2e4dc5d-dea9-4ac1-9ab1-1438f18de3d8 ] Request (ServerRescueTestJSONUnderV235:setUpClass): 200 PUT http://10.180.1.21:9696/networking/v2.0/routers/6c24020d-bdf0-4dad-9b48-36f56b3fab8f/add_router_interface 2.424s
