2025-04-03 07:12:11.176 69375 INFO tempest.lib.common.rest_client [req-f04f9f97-f669-4e4c-8d61-287fb7562fe3 req-f04f9f97-f669-4e4c-8d61-287fb7562fe3 ] Request (AttachInterfacesV270Test:tearDownClass): 200 GET http://10.180.1.21/compute/v2.1/servers/f3e3db76-727b-4b27-a797-8226068aaa39 0.078s
2025-04-03 07:12:11.186 69423 INFO tempest.lib.common.rest_client [req-fadceedb-59df-47ce-b6f2-ce020a132772 req-fadceedb-59df-47ce-b6f2-ce020a132772 ] Request (ServersListShow298Test:tearDownClass): 200 GET http://10.180.1.21/compute/v2.1/servers/5c9656f5-6e06-4083-aaa9-a37d13e0aae8 0.078s
2025-04-03 07:12:11.235 69377 INFO tempest.lib.common.rest_client [req-7263778d-9fea-49bd-a1cc-3d7022b6da98 req-7263778d-9fea-49bd-a1cc-3d7022b6da98 ] Request (ImagesTestJSON:test_create_image_from_suspended_server): 200 GET http://10.180.1.21/compute/v2.1/servers/eb348863-9387-4218-a304-1a49c608285c 0.094s
2025-04-03 07:12:11.258 69399 INFO tempest.lib.common.rest_client [req-b563898e-b426-4265-b276-974ed4ddd6d3 req-b563898e-b426-4265-b276-974ed4ddd6d3 ] Request (ServersTestBootFromVolume:test_list_servers): 200 GET http://10.180.1.21/compute/v2.1/servers 0.121s
2025-04-03 07:12:11.283 69395 INFO tempest.lib.common.rest_client [req-f7236861-ff1d-4659-a441-3ee9c4ffb595 req-f7236861-ff1d-4659-a441-3ee9c4ffb595 ] Request (FloatingIPsAssociationTestJSON:test_associate_already_associated_floating_ip): 200 GET http://10.180.1.21/compute/v2.1/servers/a16c75c5-956d-4a10-bfaa-8e203eb31b12 0.122s
2025-04-03 07:12:11.448 69385 INFO tempest.lib.common.rest_client [req-3e26bd73-2448-4a57-93cd-fc0ee37ec468 req-3e26bd73-2448-4a57-93cd-fc0ee37ec468 ] Request (ServersAdminNegativeTestJSON:setUpClass): 200 GET http://10.180.1.21/compute/v2.1/servers/d817707c-6ec4-4671-8988-b57818e92b1e 0.054s
2025-04-03 07:12:11.544 69427 INFO tempest.lib.common.rest_client [req-0e9cf0ec-3b49-48b4-8031-ef3d270359f7 req-0e9cf0ec-3b49-48b4-8031-ef3d270359f7 ] Request (ServerRescueTestJSON:tearDownClass): 200 GET http://10.180.1.21/compute/v2.1/servers/12141b9b-bbb8-4080-ac76-aa4b6136b0de 0.066s
2025-04-03 07:12:11.552 69379 INFO paramiko.transport [-] Connected (version 2.0, client dropbear_2020.81)
2025-04-03 07:12:11.663 69379 INFO paramiko.transport [-] Authentication (publickey) successful!
2025-04-03 07:12:11.664 69379 INFO tempest.lib.common.ssh [-] ssh connection to cirros@10.180.180.189 successfully created
2025-04-03 07:12:11.718 69399 INFO tempest.lib.common.rest_client [req-cc07ba70-61bb-430c-b066-621f1a3c43f8 req-cc07ba70-61bb-430c-b066-621f1a3c43f8 ] Request (ServersTestBootFromVolume:test_list_servers_with_detail): 200 GET http://10.180.1.21/compute/v2.1/servers/detail 0.457s
2025-04-03 07:12:11.726 69425 INFO tempest.lib.common.rest_client [req-eb2ad777-2d08-4578-88bf-a3a4ef510d39 req-eb2ad777-2d08-4578-88bf-a3a4ef510d39 ] Request (ListImageFiltersTestJSON:tearDownClass): 200 GET http://10.180.1.21/compute/v2.1/servers/e621b1e7-bbfd-403e-8877-e275f3481265 0.245s
2025-04-03 07:12:11.771 69417 INFO tempest.lib.common.rest_client [req-f5defea1-f430-438c-bb28-b297f97e41af req-f5defea1-f430-438c-bb28-b297f97e41af ] Request (ServerRescueNegativeTestJSON:test_rescued_vm_detach_volume): 200 GET http://10.180.1.21/compute/v2.1/servers/b839f31c-fe81-4af7-b93f-41479b62a5bd 0.163s
2025-04-03 07:12:11.810 69379 INFO tempest.lib.common.rest_client [req-67207abc-f09d-4dba-8584-3bef39fd2929 req-67207abc-f09d-4dba-8584-3bef39fd2929 ] Request (ServersTestJSON:test_list_servers): 200 GET http://10.180.1.21/compute/v2.1/servers 0.135s
2025-04-03 07:12:11.824 69399 INFO tempest.lib.common.rest_client [req-b8021fc8-63d0-4712-9bf6-d18ea591477b req-b8021fc8-63d0-4712-9bf6-d18ea591477b ] Request (ServersTestBootFromVolume:test_verify_created_server_vcpus): 200 GET http://10.180.1.21/compute/v2.1/flavors/42 0.098s
2025-04-03 07:12:11.826 69399 INFO tempest.lib.common.ssh [-] Creating ssh connection to '10.180.180.140:22' as 'cirros' with public key authentication
2025-04-03 07:12:11.829 69399 INFO paramiko.transport [-] Connected (version 2.0, client dropbear_2020.81)
2025-04-03 07:12:11.829 69421 INFO tempest.lib.common.rest_client [req-7c3eedaf-d53f-43a0-a9ec-44d45caf8f06 req-7c3eedaf-d53f-43a0-a9ec-44d45caf8f06 ] Request (ImagesOneServerTestJSON:tearDownClass): 200 GET http://10.180.1.21/compute/v2.1/servers/4b90f588-9d0c-4874-ba00-ffaecd742e56 0.127s
2025-04-03 07:12:11.886 69399 INFO paramiko.transport [-] Authentication (publickey) successful!
2025-04-03 07:12:11.886 69399 INFO tempest.lib.common.ssh [-] ssh connection to cirros@10.180.180.140 successfully created
2025-04-03 07:12:11.887 69393 INFO tempest.lib.common.rest_client [req-962eb11d-bf33-4b25-88ba-437a5178dee5 req-962eb11d-bf33-4b25-88ba-437a5178dee5 ] Request (InstanceActionsNegativeTestJSON:tearDownClass): 200 GET http://10.180.1.21/compute/v2.1/servers/1364cf7d-e902-4658-88db-dc937c1c153e 0.100s
2025-04-03 07:12:11.923 69387 INFO tempest.lib.common.rest_client [req-6623d6b1-3567-4413-8246-eb07ce7de9f4 req-6623d6b1-3567-4413-8246-eb07ce7de9f4 ] Request (MigrationsAdminTest:test_resize_server_revert_deleted_flavor): 200 GET http://10.180.1.21/compute/v2.1/servers/34b9818a-917b-4047-9591-bf2be8d69da9 0.183s
2025-04-03 07:12:11.983 69401 INFO tempest.lib.common.rest_client [req-27c70e51-fc97-4be3-81ad-94fbdd36188e req-27c70e51-fc97-4be3-81ad-94fbdd36188e ] Request (ServerDiagnosticsV248Test:tearDownClass): 200 GET http://10.180.1.21/compute/v2.1/servers/f0296e2f-c896-4e4e-b5a8-8cdeab977714 0.102s
2025-04-03 07:12:12.034 69379 INFO tempest.lib.common.rest_client [req-698288b3-57db-4746-9037-e2e958efba6d req-698288b3-57db-4746-9037-e2e958efba6d ] Request (ServersTestJSON:test_list_servers_with_detail): 200 GET http://10.180.1.21/compute/v2.1/servers/detail 0.221s
2025-04-03 07:12:12.054 69399 INFO tempest.lib.common.rest_client [req-b75a1bb7-eaba-4036-ab23-23eed2d4409c req-b75a1bb7-eaba-4036-ab23-23eed2d4409c ] Request (ServersTestBootFromVolume:tearDownClass): 204 DELETE http://10.180.1.21/compute/v2.1/servers/f58a891e-8076-4cfe-aa62-20f3d4dfb5da 0.159s
2025-04-03 07:12:12.071 69389 WARNING tempest.lib.common.ssh [-] Failed to establish authenticated ssh connection to cirros@10.180.180.177 ([Errno None] Unable to connect to port 22 on 10.180.180.177). Number attempts: 3. Retry after 4 seconds.: paramiko.ssh_exception.NoValidConnectionsError: [Errno None] Unable to connect to port 22 on 10.180.180.177
2025-04-03 07:12:12.089 69411 INFO tempest.lib.common.rest_client [req-aac8d669-d061-4b4f-be3c-865be814f255 req-aac8d669-d061-4b4f-be3c-865be814f255 ] Request (AttachVolumeShelveTestJSON:test_attach_volume_shelved_or_offload_server): 200 GET http://10.180.1.21/compute/v2.1/servers/0c78112e-f66a-4382-9fb2-3a448309d148 0.154s
2025-04-03 07:12:12.145 69407 INFO tempest.lib.common.rest_client [req-c13f98c0-048d-4d12-b626-6acb7be5b072 req-c13f98c0-048d-4d12-b626-6acb7be5b072 ] Request (ServerActionsTestOtherA:test_rebuild_server_in_stop_state): 200 GET http://10.180.1.21/compute/v2.1/servers/6c9aa6fb-f7ad-4717-abfe-7d5c9e6be1e3 0.153s
2025-04-03 07:12:12.151 69373 INFO tempest.lib.common.rest_client [req-b426048d-9740-4e03-9a26-d15bc6a9f97e req-b426048d-9740-4e03-9a26-d15bc6a9f97e ] Request (ListServerFiltersTestJSON:setUpClass): 200 GET http://10.180.1.21/compute/v2.1/servers/bf57b022-2a6e-4514-bb47-aa6965aad6ff 0.213s
2025-04-03 07:12:12.155 69379 INFO tempest.lib.common.rest_client [req-5bcd5aec-a713-4613-8b08-45aa6fa492cb req-5bcd5aec-a713-4613-8b08-45aa6fa492cb ] Request (ServersTestJSON:test_verify_created_server_vcpus): 200 GET http://10.180.1.21/compute/v2.1/flavors/42 0.112s
2025-04-03 07:12:12.158 69379 INFO tempest.lib.common.ssh [-] Creating ssh connection to '10.180.180.189:22' as 'cirros' with public key authentication
2025-04-03 07:12:12.161 69379 INFO paramiko.transport [-] Connected (version 2.0, client dropbear_2020.81)
2025-04-03 07:12:12.210 69381 INFO tempest.lib.common.rest_client [req-113b018b-083c-447b-b767-13d94b4f6a00 req-113b018b-083c-447b-b767-13d94b4f6a00 ] Request (ServersNegativeTestJSON:setUpClass): 200 GET http://10.180.1.21/compute/v2.1/servers/9b7a58b2-2e7c-4dde-a220-f34cc5b3251d 0.161s
2025-04-03 07:12:12.255 69399 INFO tempest.lib.common.rest_client [req-8bb510cf-5f0e-4a85-bb2f-23788599dc03 req-8bb510cf-5f0e-4a85-bb2f-23788599dc03 ] Request (ServersTestBootFromVolume:tearDownClass): 200 GET http://10.180.1.21/compute/v2.1/servers/f58a891e-8076-4cfe-aa62-20f3d4dfb5da 0.201s
2025-04-03 07:12:12.273 69379 INFO paramiko.transport [-] Authentication (publickey) successful!
2025-04-03 07:12:12.274 69379 INFO tempest.lib.common.ssh [-] ssh connection to cirros@10.180.180.189 successfully created
2025-04-03 07:12:12.312 69397 INFO tempest.lib.common.rest_client [req-ea9dc67a-cb94-48b1-99cf-90b92fe3c5c3 req-ea9dc67a-cb94-48b1-99cf-90b92fe3c5c3 ] Request (VolumesAssistedSnapshotsTest:tearDownClass): 200 GET http://10.180.1.21/compute/v2.1/servers/38065204-486c-4d9d-abcb-eb49214e3c58 0.197s
2025-04-03 07:12:12.327 69371 INFO tempest.lib.common.rest_client [req-6f1ef8c2-68b4-478c-884f-7b77c71fff27 req-6f1ef8c2-68b4-478c-884f-7b77c71fff27 ] Request (ServersAdminTestJSON:_run_cleanups): 200 GET http://10.180.1.21/compute/v2.1/servers/005d3319-8faf-4320-afeb-983875e2db0a 0.267s
2025-04-03 07:12:12.334 69371 INFO tempest.common.waiters [-] State transition "REBUILD/rebuilding" ==> "REBUILD/rebuild_spawning" after 4 second wait
2025-04-03 07:12:12.360 69391 INFO tempest.lib.common.rest_client [req-7fee7c8d-c6b5-4cb3-a9d8-f5c42d4fcfe0 req-7fee7c8d-c6b5-4cb3-a9d8-f5c42d4fcfe0 ] Request (ServersWithSpecificFlavorTestJSON:test_verify_created_server_ephemeral_disk): 200 GET http://10.180.1.21/compute/v2.1/servers/2108c0a4-a6bc-42b6-87bf-c540a527496a 0.239s
2025-04-03 07:12:12.383 69375 INFO tempest.lib.common.rest_client [req-2bbab15a-3347-4a0c-9c29-e236960e1c9d req-2bbab15a-3347-4a0c-9c29-e236960e1c9d ] Request (AttachInterfacesV270Test:tearDownClass): 200 GET http://10.180.1.21/compute/v2.1/servers/f3e3db76-727b-4b27-a797-8226068aaa39 0.197s
2025-04-03 07:12:12.432 69423 INFO tempest.lib.common.rest_client [req-c3f51cd9-c553-44d4-92a4-bc927db6fc8e req-c3f51cd9-c553-44d4-92a4-bc927db6fc8e ] Request (ServersListShow298Test:tearDownClass): 200 GET http://10.180.1.21/compute/v2.1/servers/5c9656f5-6e06-4083-aaa9-a37d13e0aae8 0.234s
2025-04-03 07:12:12.434 69377 INFO tempest.lib.common.rest_client [req-62875a85-0aed-4de3-804c-57302ada20d8 req-62875a85-0aed-4de3-804c-57302ada20d8 ] Request (ImagesTestJSON:test_create_image_from_suspended_server): 200 GET http://10.180.1.21/compute/v2.1/servers/eb348863-9387-4218-a304-1a49c608285c 0.191s
2025-04-03 07:12:12.483 69395 INFO tempest.lib.common.rest_client [req-e95d6d94-26d6-41fa-b848-f3fe5f6e23be req-e95d6d94-26d6-41fa-b848-f3fe5f6e23be ] Request (FloatingIPsAssociationTestJSON:test_associate_already_associated_floating_ip): 200 GET http://10.180.1.21/compute/v2.1/servers/a16c75c5-956d-4a10-bfaa-8e203eb31b12 0.193s
2025-04-03 07:12:12.501 69379 INFO tempest.lib.common.rest_client [req-9b0237cf-2102-42d0-a8a9-3c25df1d20d6 req-9b0237cf-2102-42d0-a8a9-3c25df1d20d6 ] Request (ServersTestJSON:tearDownClass): 204 DELETE http://10.180.1.21/compute/v2.1/servers/599309eb-3858-40cd-b1b7-0e1ea4a611da 0.220s
2025-04-03 07:12:12.537 69385 INFO tempest.lib.common.rest_client [req-ce5b19f6-599a-4255-b703-993dbf4ed1b9 req-ce5b19f6-599a-4255-b703-993dbf4ed1b9 ] Request (ServersAdminNegativeTestJSON:setUpClass): 200 GET http://10.180.1.21/compute/v2.1/servers/d817707c-6ec4-4671-8988-b57818e92b1e 0.077s
2025-04-03 07:12:12.637 69427 INFO tempest.lib.common.rest_client [req-060253de-728e-4462-ac16-574835112d02 req-060253de-728e-4462-ac16-574835112d02 ] Request (ServerRescueTestJSON:tearDownClass): 200 GET http://10.180.1.21/compute/v2.1/servers/12141b9b-bbb8-4080-ac76-aa4b6136b0de 0.082s
2025-04-03 07:12:12.658 69379 INFO tempest.lib.common.rest_client [req-d08347d9-bca1-4a9c-9725-6cfa6a095fc5 req-d08347d9-bca1-4a9c-9725-6cfa6a095fc5 ] Request (ServersTestJSON:tearDownClass): 200 GET http://10.180.1.21/compute/v2.1/servers/599309eb-3858-40cd-b1b7-0e1ea4a611da 0.156s
2025-04-03 07:12:12.883 69383 WARNING tempest.lib.common.ssh [-] Failed to establish authenticated ssh connection to cirros@10.180.180.245 ([Errno None] Unable to connect to port 22 on 10.180.180.245). Number attempts: 3. Retry after 4 seconds.: paramiko.ssh_exception.NoValidConnectionsError: [Errno None] Unable to connect to port 22 on 10.180.180.245
2025-04-03 07:12:13.106 69417 INFO tempest.lib.common.rest_client [req-5a7e6a45-4088-46d5-a41c-783f0c1fb59a req-5a7e6a45-4088-46d5-a41c-783f0c1fb59a ] Request (ServerRescueNegativeTestJSON:test_rescued_vm_detach_volume): 200 GET http://10.180.1.21/compute/v2.1/servers/b839f31c-fe81-4af7-b93f-41479b62a5bd 0.327s
2025-04-03 07:12:13.113 69417 INFO tempest.common.waiters [-] State transition "BUILD/None" ==> "BUILD/networking" after 52 second wait
2025-04-03 07:12:13.144 69425 INFO tempest.lib.common.rest_client [req-f0cd685a-9874-4914-935f-8af47debebe4 req-f0cd685a-9874-4914-935f-8af47debebe4 ] Request (ListImageFiltersTestJSON:tearDownClass): 200 GET http://10.180.1.21/compute/v2.1/servers/e621b1e7-bbfd-403e-8877-e275f3481265 0.409s
2025-04-03 07:12:13.187 69421 INFO tempest.lib.common.rest_client [req-2105ce4c-d672-48cc-8634-243e6432a403 req-2105ce4c-d672-48cc-8634-243e6432a403 ] Request (ImagesOneServerTestJSON:tearDownClass): 200 GET http://10.180.1.21/compute/v2.1/servers/4b90f588-9d0c-4874-ba00-ffaecd742e56 0.350s
2025-04-03 07:12:13.217 69393 INFO tempest.lib.common.rest_client [req-32e79253-c321-4e91-b81c-c81df5f15bb7 req-32e79253-c321-4e91-b81c-c81df5f15bb7 ] Request (InstanceActionsNegativeTestJSON:tearDownClass): 200 GET http://10.180.1.21/compute/v2.1/servers/1364cf7d-e902-4658-88db-dc937c1c153e 0.322s
2025-04-03 07:12:13.314 69401 INFO tempest.lib.common.rest_client [req-11d5a8a5-e8c4-40fd-9ab1-686abc07c2ec req-11d5a8a5-e8c4-40fd-9ab1-686abc07c2ec ] Request (ServerDiagnosticsV248Test:tearDownClass): 200 GET http://10.180.1.21/compute/v2.1/servers/f0296e2f-c896-4e4e-b5a8-8cdeab977714 0.321s
2025-04-03 07:12:13.356 69387 INFO tempest.lib.common.rest_client [req-02b5aeb5-e6b1-4f17-bdab-f1914fc4ccfa req-02b5aeb5-e6b1-4f17-bdab-f1914fc4ccfa ] Request (MigrationsAdminTest:test_resize_server_revert_deleted_flavor): 200 GET http://10.180.1.21/compute/v2.1/servers/34b9818a-917b-4047-9591-bf2be8d69da9 0.425s
2025-04-03 07:12:13.382 69411 INFO tempest.lib.common.rest_client [req-65950457-6a7b-464b-852b-76f6971e7de4 req-65950457-6a7b-464b-852b-76f6971e7de4 ] Request (AttachVolumeShelveTestJSON:test_attach_volume_shelved_or_offload_server): 200 GET http://10.180.1.21/compute/v2.1/servers/0c78112e-f66a-4382-9fb2-3a448309d148 0.284s
2025-04-03 07:12:13.410 69407 INFO tempest.lib.common.rest_client [req-353e12ac-b9a4-40ee-9ebe-6d86842a0657 req-353e12ac-b9a4-40ee-9ebe-6d86842a0657 ] Request (ServerActionsTestOtherA:test_rebuild_server_in_stop_state): 200 GET http://10.180.1.21/compute/v2.1/servers/6c9aa6fb-f7ad-4717-abfe-7d5c9e6be1e3 0.258s
2025-04-03 07:12:13.479 69381 INFO tempest.lib.common.rest_client [req-30c1eac8-039d-457c-b8d4-03b980550581 req-30c1eac8-039d-457c-b8d4-03b980550581 ] Request (ServersNegativeTestJSON:setUpClass): 200 GET http://10.180.1.21/compute/v2.1/servers/9b7a58b2-2e7c-4dde-a220-f34cc5b3251d 0.256s
2025-04-03 07:12:13.560 69373 INFO tempest.lib.common.rest_client [req-029f2e75-dcdb-4c39-8379-61654abfbc75 req-029f2e75-dcdb-4c39-8379-61654abfbc75 ] Request (ListServerFiltersTestJSON:setUpClass): 200 GET http://10.180.1.21/compute/v2.1/servers/bf57b022-2a6e-4514-bb47-aa6965aad6ff 0.401s
2025-04-03 07:12:13.660 69397 INFO tempest.lib.common.rest_client [req-6d1784d2-0f96-4326-bbee-098ba23c4c98 req-6d1784d2-0f96-4326-bbee-098ba23c4c98 ] Request (VolumesAssistedSnapshotsTest:tearDownClass): 200 GET http://10.180.1.21/compute/v2.1/servers/38065204-486c-4d9d-abcb-eb49214e3c58 0.339s
2025-04-03 07:12:13.665 69399 INFO tempest.lib.common.rest_client [req-ae450502-9114-481c-9156-880702478944 req-ae450502-9114-481c-9156-880702478944 ] Request (ServersTestBootFromVolume:tearDownClass): 200 GET http://10.180.1.21/compute/v2.1/servers/f58a891e-8076-4cfe-aa62-20f3d4dfb5da 0.402s
2025-04-03 07:12:13.747 69391 INFO tempest.lib.common.rest_client [req-ab2beb33-11fe-443b-bacd-47694717b70f req-ab2beb33-11fe-443b-bacd-47694717b70f ] Request (ServersWithSpecificFlavorTestJSON:test_verify_created_server_ephemeral_disk): 200 GET http://10.180.1.21/compute/v2.1/servers/2108c0a4-a6bc-42b6-87bf-c540a527496a 0.380s
2025-04-03 07:12:13.797 69371 INFO tempest.lib.common.rest_client [req-a161ca5d-e1a5-4496-8287-d71574b6b6a4 req-a161ca5d-e1a5-4496-8287-d71574b6b6a4 ] Request (ServersAdminTestJSON:_run_cleanups): 200 GET http://10.180.1.21/compute/v2.1/servers/005d3319-8faf-4320-afeb-983875e2db0a 0.460s
2025-04-03 07:12:13.823 69375 INFO tempest.lib.common.rest_client [req-72893df0-5c39-4b12-af3d-0c0ecf23a078 req-72893df0-5c39-4b12-af3d-0c0ecf23a078 ] Request (AttachInterfacesV270Test:tearDownClass): 200 GET http://10.180.1.21/compute/v2.1/servers/f3e3db76-727b-4b27-a797-8226068aaa39 0.430s
2025-04-03 07:12:13.863 69377 INFO tempest.lib.common.rest_client [req-c7e34125-a6e6-4de0-99ca-632b7acf1250 req-c7e34125-a6e6-4de0-99ca-632b7acf1250 ] Request (ImagesTestJSON:test_create_image_from_suspended_server): 200 GET http://10.180.1.21/compute/v2.1/servers/eb348863-9387-4218-a304-1a49c608285c 0.421s
2025-04-03 07:12:13.902 69423 INFO tempest.lib.common.rest_client [req-1b113599-5db4-42f2-95f6-63a9c8a87b92 req-1b113599-5db4-42f2-95f6-63a9c8a87b92 ] Request (ServersListShow298Test:tearDownClass): 200 GET http://10.180.1.21/compute/v2.1/servers/5c9656f5-6e06-4083-aaa9-a37d13e0aae8 0.459s
2025-04-03 07:12:13.919 69395 INFO tempest.lib.common.rest_client [req-863d7861-3abf-4a94-b3f4-507d8279b48c req-863d7861-3abf-4a94-b3f4-507d8279b48c ] Request (FloatingIPsAssociationTestJSON:test_associate_already_associated_floating_ip): 200 GET http://10.180.1.21/compute/v2.1/servers/a16c75c5-956d-4a10-bfaa-8e203eb31b12 0.427s
2025-04-03 07:12:13.967 69385 INFO tempest.lib.common.rest_client [req-594f071d-28bc-4af1-9ff8-62276ccbb320 req-594f071d-28bc-4af1-9ff8-62276ccbb320 ] Request (ServersAdminNegativeTestJSON:setUpClass): 200 GET http://10.180.1.21/compute/v2.1/servers/d817707c-6ec4-4671-8988-b57818e92b1e 0.419s
2025-04-03 07:12:14.007 69427 INFO tempest.lib.common.rest_client [req-6013beb0-8cad-4928-b5dc-4e7f9967a7d3 req-6013beb0-8cad-4928-b5dc-4e7f9967a7d3 ] Request (ServerRescueTestJSON:tearDownClass): 200 GET http://10.180.1.21/compute/v2.1/servers/12141b9b-bbb8-4080-ac76-aa4b6136b0de 0.360s
2025-04-03 07:12:14.070 69379 INFO tempest.lib.common.rest_client [req-2e70736c-d6c7-4224-8bb6-10e4e81a5e64 req-2e70736c-d6c7-4224-8bb6-10e4e81a5e64 ] Request (ServersTestJSON:tearDownClass): 200 GET http://10.180.1.21/compute/v2.1/servers/599309eb-3858-40cd-b1b7-0e1ea4a611da 0.402s
2025-04-03 07:12:14.217 69425 INFO tempest.lib.common.rest_client [req-9f9a07cb-73cc-478f-890c-c320aa085e49 req-9f9a07cb-73cc-478f-890c-c320aa085e49 ] Request (ListImageFiltersTestJSON:tearDownClass): 200 GET http://10.180.1.21/compute/v2.1/servers/e621b1e7-bbfd-403e-8877-e275f3481265 0.062s
2025-04-03 07:12:14.221 69417 INFO tempest.lib.common.rest_client [req-64b6e138-5f3b-4967-b3a8-ce083322b733 req-64b6e138-5f3b-4967-b3a8-ce083322b733 ] Request (ServerRescueNegativeTestJSON:test_rescued_vm_detach_volume): 200 GET http://10.180.1.21/compute/v2.1/servers/b839f31c-fe81-4af7-b93f-41479b62a5bd 0.107s
2025-04-03 07:12:14.231 69417 INFO tempest.common.waiters [-] State transition "BUILD/networking" ==> "BUILD/spawning" after 53 second wait
2025-04-03 07:12:14.278 69421 INFO tempest.lib.common.rest_client [req-2bd621bd-4420-4947-a6ca-20a85db1dfcd req-2bd621bd-4420-4947-a6ca-20a85db1dfcd ] Request (ImagesOneServerTestJSON:tearDownClass): 200 GET http://10.180.1.21/compute/v2.1/servers/4b90f588-9d0c-4874-ba00-ffaecd742e56 0.078s
2025-04-03 07:12:14.296 69393 INFO tempest.lib.common.rest_client [req-612c69f4-2c8e-4d27-a141-197b5008748d req-612c69f4-2c8e-4d27-a141-197b5008748d ] Request (InstanceActionsNegativeTestJSON:tearDownClass): 200 GET http://10.180.1.21/compute/v2.1/servers/1364cf7d-e902-4658-88db-dc937c1c153e 0.064s
2025-04-03 07:12:14.345 69419 WARNING tempest.lib.common.ssh [-] Failed to establish authenticated ssh connection to cirros@10.180.180.151 ([Errno None] Unable to connect to port 22 on 10.180.180.151). Number attempts: 10. Retry after 11 seconds.: paramiko.ssh_exception.NoValidConnectionsError: [Errno None] Unable to connect to port 22 on 10.180.180.151
2025-04-03 07:12:14.408 69401 INFO tempest.lib.common.rest_client [req-ee35068b-8efe-4133-ab71-8502840ce85b req-ee35068b-8efe-4133-ab71-8502840ce85b ] Request (ServerDiagnosticsV248Test:tearDownClass): 200 GET http://10.180.1.21/compute/v2.1/servers/f0296e2f-c896-4e4e-b5a8-8cdeab977714 0.084s
2025-04-03 07:12:14.462 69387 INFO tempest.lib.common.rest_client [req-37a1a50a-36df-4bd8-9fb2-c5a45f05fc2a req-37a1a50a-36df-4bd8-9fb2-c5a45f05fc2a ] Request (MigrationsAdminTest:test_resize_server_revert_deleted_flavor): 200 GET http://10.180.1.21/compute/v2.1/servers/34b9818a-917b-4047-9591-bf2be8d69da9 0.097s
2025-04-03 07:12:14.464 69411 INFO tempest.lib.common.rest_client [req-847dc56a-5287-42fd-97f5-396e18668815 req-847dc56a-5287-42fd-97f5-396e18668815 ] Request (AttachVolumeShelveTestJSON:test_attach_volume_shelved_or_offload_server): 200 GET http://10.180.1.21/compute/v2.1/servers/0c78112e-f66a-4382-9fb2-3a448309d148 0.072s
2025-04-03 07:12:14.505 69429 WARNING tempest.lib.common.ssh [-] Failed to establish authenticated ssh connection to cirros@10.180.180.186 ([Errno None] Unable to connect to port 22 on 10.180.180.186). Number attempts: 3. Retry after 4 seconds.: paramiko.ssh_exception.NoValidConnectionsError: [Errno None] Unable to connect to port 22 on 10.180.180.186
2025-04-03 07:12:14.510 69407 INFO tempest.lib.common.rest_client [req-755e74fb-3a1e-45ae-bd24-dbfb7804aeb7 req-755e74fb-3a1e-45ae-bd24-dbfb7804aeb7 ] Request (ServerActionsTestOtherA:test_rebuild_server_in_stop_state): 200 GET http://10.180.1.21/compute/v2.1/servers/6c9aa6fb-f7ad-4717-abfe-7d5c9e6be1e3 0.089s
2025-04-03 07:12:14.541 69381 INFO tempest.lib.common.rest_client [req-408d3222-87f2-43b2-b876-c05ccbdba169 req-408d3222-87f2-43b2-b876-c05ccbdba169 ] Request (ServersNegativeTestJSON:setUpClass): 200 GET http://10.180.1.21/compute/v2.1/servers/9b7a58b2-2e7c-4dde-a220-f34cc5b3251d 0.052s
2025-04-03 07:12:14.662 69373 INFO tempest.lib.common.rest_client [req-cca4e167-2c08-458a-a91f-8d119034303e req-cca4e167-2c08-458a-a91f-8d119034303e ] Request (ListServerFiltersTestJSON:setUpClass): 200 GET http://10.180.1.21/compute/v2.1/servers/bf57b022-2a6e-4514-bb47-aa6965aad6ff 0.087s
2025-04-03 07:12:14.669 69373 INFO tempest.common.waiters [-] State transition "BUILD/spawning" ==> "ACTIVE/None" after 63 second wait
2025-04-03 07:12:14.739 69397 INFO tempest.lib.common.rest_client [req-f331510f-0413-4aa1-8111-ff773e5b54cf req-f331510f-0413-4aa1-8111-ff773e5b54cf ] Request (VolumesAssistedSnapshotsTest:tearDownClass): 200 GET http://10.180.1.21/compute/v2.1/servers/38065204-486c-4d9d-abcb-eb49214e3c58 0.070s
2025-04-03 07:12:14.894 69373 INFO tempest.lib.common.rest_client [req-8c8d8fb4-d4c5-4fb9-9979-c785f2fee0a1 req-8c8d8fb4-d4c5-4fb9-9979-c785f2fee0a1 ] Request (ListServerFiltersTestJSON:setUpClass): 200 GET http://10.180.1.21/compute/v2.1/servers/c4b2bcae-5752-4932-9fad-8cba15d7d15c 0.224s
2025-04-03 07:12:14.912 69399 INFO tempest.lib.common.rest_client [req-0ef3966c-96c1-460a-8b48-d97a0de02c59 req-0ef3966c-96c1-460a-8b48-d97a0de02c59 ] Request (ServersTestBootFromVolume:tearDownClass): 200 GET http://10.180.1.21/compute/v2.1/servers/f58a891e-8076-4cfe-aa62-20f3d4dfb5da 0.236s
2025-04-03 07:12:14.960 69391 INFO tempest.lib.common.rest_client [req-8eb223c6-f40d-47e4-aa55-3b4b0bac496d req-8eb223c6-f40d-47e4-aa55-3b4b0bac496d ] Request (ServersWithSpecificFlavorTestJSON:test_verify_created_server_ephemeral_disk): 200 GET http://10.180.1.21/compute/v2.1/servers/2108c0a4-a6bc-42b6-87bf-c540a527496a 0.205s
2025-04-03 07:12:15.028 69375 INFO tempest.lib.common.rest_client [req-47ee5a67-a91b-4a3d-9a92-e7403c9b767b req-47ee5a67-a91b-4a3d-9a92-e7403c9b767b ] Request (AttachInterfacesV270Test:tearDownClass): 200 GET http://10.180.1.21/compute/v2.1/servers/f3e3db76-727b-4b27-a797-8226068aaa39 0.194s
2025-04-03 07:12:15.047 69371 INFO tempest.lib.common.rest_client [req-e31e1aaf-492e-4bd4-9c1c-27ce088dfadf req-e31e1aaf-492e-4bd4-9c1c-27ce088dfadf ] Request (ServersAdminTestJSON:_run_cleanups): 200 GET http://10.180.1.21/compute/v2.1/servers/005d3319-8faf-4320-afeb-983875e2db0a 0.241s
2025-04-03 07:12:15.104 69377 INFO tempest.lib.common.rest_client [req-d09c5631-5fd4-4fcf-b52a-7631618a523f req-d09c5631-5fd4-4fcf-b52a-7631618a523f ] Request (ImagesTestJSON:test_create_image_from_suspended_server): 200 GET http://10.180.1.21/compute/v2.1/servers/eb348863-9387-4218-a304-1a49c608285c 0.233s
2025-04-03 07:12:15.182 69423 INFO tempest.lib.common.rest_client [req-168df3d2-44de-4b9c-8310-05a4f19d7fa7 req-168df3d2-44de-4b9c-8310-05a4f19d7fa7 ] Request (ServersListShow298Test:tearDownClass): 200 GET http://10.180.1.21/compute/v2.1/servers/5c9656f5-6e06-4083-aaa9-a37d13e0aae8 0.264s
2025-04-03 07:12:15.214 69373 INFO tempest.lib.common.rest_client [req-5ed6663d-e436-4747-bbce-4ff5c8cd70ba req-5ed6663d-e436-4747-bbce-4ff5c8cd70ba ] Request (ListServerFiltersTestJSON:setUpClass): 200 GET http://10.180.1.21/compute/v2.1/servers/00532336-a3a9-43f7-a3bd-59b2f3790091 0.309s
2025-04-03 07:12:15.238 69395 INFO tempest.lib.common.rest_client [req-5913f89e-df34-423b-8898-1c464bd0d1ae req-5913f89e-df34-423b-8898-1c464bd0d1ae ] Request (FloatingIPsAssociationTestJSON:test_associate_already_associated_floating_ip): 200 GET http://10.180.1.21/compute/v2.1/servers/a16c75c5-956d-4a10-bfaa-8e203eb31b12 0.311s
2025-04-03 07:12:15.274 69385 INFO tempest.lib.common.rest_client [req-d2281a53-7a0d-4421-8fec-21f5f74afe8a req-d2281a53-7a0d-4421-8fec-21f5f74afe8a ] Request (ServersAdminNegativeTestJSON:setUpClass): 200 GET http://10.180.1.21/compute/v2.1/servers/d817707c-6ec4-4671-8988-b57818e92b1e 0.298s
2025-04-03 07:12:15.318 69427 INFO tempest.lib.common.rest_client [req-11dbb4ea-a634-4497-828e-8c5b66008f95 req-11dbb4ea-a634-4497-828e-8c5b66008f95 ] Request (ServerRescueTestJSON:tearDownClass): 200 GET http://10.180.1.21/compute/v2.1/servers/12141b9b-bbb8-4080-ac76-aa4b6136b0de 0.302s
2025-04-03 07:12:15.347 69379 INFO tempest.lib.common.rest_client [req-1d5e7f55-8760-4e96-81a9-c4a1a6d24d65 req-1d5e7f55-8760-4e96-81a9-c4a1a6d24d65 ] Request (ServersTestJSON:tearDownClass): 200 GET http://10.180.1.21/compute/v2.1/servers/599309eb-3858-40cd-b1b7-0e1ea4a611da 0.267s
2025-04-03 07:12:15.435 69425 INFO tempest.lib.common.rest_client [req-50a28571-e569-4f2e-9054-aed0167f28eb req-50a28571-e569-4f2e-9054-aed0167f28eb ] Request (ListImageFiltersTestJSON:tearDownClass): 200 GET http://10.180.1.21/compute/v2.1/servers/e621b1e7-bbfd-403e-8877-e275f3481265 0.209s
2025-04-03 07:12:15.443 69425 INFO tempest.common.waiters [-] State transition "ACTIVE/deleting" ==> "DELETED/None" after 5 second wait
2025-04-03 07:12:15.662 69373 INFO tempest.lib.common.rest_client [req-94fc63bc-d59a-4f1f-870d-1e0cdf746864 req-94fc63bc-d59a-4f1f-870d-1e0cdf746864 ] Request (ListServerFiltersTestJSON:test_list_servers_detailed_filter_by_flavor): 200 GET http://10.180.1.21/compute/v2.1/servers/detail?flavor=84 0.439s
2025-04-03 07:12:15.679 69417 INFO tempest.lib.common.rest_client [req-d68b57d6-d8ba-4b57-98c7-9cc919b4a7f8 req-d68b57d6-d8ba-4b57-98c7-9cc919b4a7f8 ] Request (ServerRescueNegativeTestJSON:test_rescued_vm_detach_volume): 200 GET http://10.180.1.21/compute/v2.1/servers/b839f31c-fe81-4af7-b93f-41479b62a5bd 0.447s
2025-04-03 07:12:15.754 69421 INFO tempest.lib.common.rest_client [req-8e372361-687e-4f5c-88d7-10b8ddd61a45 req-8e372361-687e-4f5c-88d7-10b8ddd61a45 ] Request (ImagesOneServerTestJSON:tearDownClass): 200 GET http://10.180.1.21/compute/v2.1/servers/4b90f588-9d0c-4874-ba00-ffaecd742e56 0.468s
2025-04-03 07:12:15.759 69393 INFO tempest.lib.common.rest_client [req-a6658e25-b37c-4b9f-8947-3ff4a19609d1 req-a6658e25-b37c-4b9f-8947-3ff4a19609d1 ] Request (InstanceActionsNegativeTestJSON:tearDownClass): 200 GET http://10.180.1.21/compute/v2.1/servers/1364cf7d-e902-4658-88db-dc937c1c153e 0.454s
2025-04-03 07:12:15.847 69401 INFO tempest.lib.common.rest_client [req-49fa5923-88c9-4861-9de7-4db4d92c2695 req-49fa5923-88c9-4861-9de7-4db4d92c2695 ] Request (ServerDiagnosticsV248Test:tearDownClass): 200 GET http://10.180.1.21/compute/v2.1/servers/f0296e2f-c896-4e4e-b5a8-8cdeab977714 0.430s
2025-04-03 07:12:15.926 69411 INFO tempest.lib.common.rest_client [req-c3eb1c5a-207d-42f0-9e20-951cbed6552b req-c3eb1c5a-207d-42f0-9e20-951cbed6552b ] Request (AttachVolumeShelveTestJSON:test_attach_volume_shelved_or_offload_server): 200 GET http://10.180.1.21/compute/v2.1/servers/0c78112e-f66a-4382-9fb2-3a448309d148 0.453s
2025-04-03 07:12:15.936 69387 INFO tempest.lib.common.rest_client [req-eb4ce402-d43a-477d-8f01-a945bb6d2b17 req-eb4ce402-d43a-477d-8f01-a945bb6d2b17 ] Request (MigrationsAdminTest:test_resize_server_revert_deleted_flavor): 200 GET http://10.180.1.21/compute/v2.1/servers/34b9818a-917b-4047-9591-bf2be8d69da9 0.466s
2025-04-03 07:12:15.990 69407 INFO tempest.lib.common.rest_client [req-c4f5ab2a-bd88-402b-8a4d-9b23bc0e70d0 req-c4f5ab2a-bd88-402b-8a4d-9b23bc0e70d0 ] Request (ServerActionsTestOtherA:test_rebuild_server_in_stop_state): 200 GET http://10.180.1.21/compute/v2.1/servers/6c9aa6fb-f7ad-4717-abfe-7d5c9e6be1e3 0.472s
2025-04-03 07:12:15.997 69381 INFO tempest.lib.common.rest_client [req-bcdae478-2f5a-43b6-a548-05107f7da8df req-bcdae478-2f5a-43b6-a548-05107f7da8df ] Request (ServersNegativeTestJSON:setUpClass): 200 GET http://10.180.1.21/compute/v2.1/servers/9b7a58b2-2e7c-4dde-a220-f34cc5b3251d 0.447s
2025-04-03 07:12:16.005 69381 INFO tempest.common.waiters [-] State transition "BUILD/None" ==> "BUILD/networking" after 54 second wait
2025-04-03 07:12:16.006 69409 WARNING tempest.lib.common.ssh [-] Failed to establish authenticated ssh connection to cirros@10.180.180.212 ([Errno None] Unable to connect to port 22 on 10.180.180.212). Number attempts: 13. Retry after 14 seconds.: paramiko.ssh_exception.NoValidConnectionsError: [Errno None] Unable to connect to port 22 on 10.180.180.212
2025-04-03 07:12:16.071 69397 INFO tempest.lib.common.rest_client [req-bac50ee4-3ab9-448d-9d8b-315ddf7b7db7 req-bac50ee4-3ab9-448d-9d8b-315ddf7b7db7 ] Request (VolumesAssistedSnapshotsTest:tearDownClass): 200 GET http://10.180.1.21/compute/v2.1/servers/38065204-486c-4d9d-abcb-eb49214e3c58 0.324s
2025-04-03 07:12:16.129 69399 INFO tempest.lib.common.rest_client [req-89171d56-bc49-4a61-9a0d-58bdf99b6581 req-89171d56-bc49-4a61-9a0d-58bdf99b6581 ] Request (ServersTestBootFromVolume:tearDownClass): 200 GET http://10.180.1.21/compute/v2.1/servers/f58a891e-8076-4cfe-aa62-20f3d4dfb5da 0.205s
2025-04-03 07:12:16.223 69373 INFO tempest.lib.common.rest_client [req-e19bb8d9-10f0-4052-a7cf-932c1972fae9 req-e19bb8d9-10f0-4052-a7cf-932c1972fae9 ] Request (ListServerFiltersTestJSON:test_list_servers_detailed_filter_by_server_name): 200 GET http://10.180.1.21/compute/v2.1/servers/detail?name=tempest-ListServerFiltersTestJSON-instance-168205005 0.547s
2025-04-03 07:12:16.236 69391 INFO tempest.lib.common.rest_client [req-9371055f-ea18-400c-8999-37aac637e730 req-9371055f-ea18-400c-8999-37aac637e730 ] Request (ServersWithSpecificFlavorTestJSON:test_verify_created_server_ephemeral_disk): 200 GET http://10.180.1.21/compute/v2.1/servers/2108c0a4-a6bc-42b6-87bf-c540a527496a 0.265s
2025-04-03 07:12:16.534 69375 INFO tempest.lib.common.rest_client [req-9d73b4d3-f81e-472b-abf9-aa89bd5dfd9a req-9d73b4d3-f81e-472b-abf9-aa89bd5dfd9a ] Request (AttachInterfacesV270Test:tearDownClass): 200 GET http://10.180.1.21/compute/v2.1/servers/f3e3db76-727b-4b27-a797-8226068aaa39 0.496s
2025-04-03 07:12:16.577 69389 WARNING tempest.lib.common.ssh [-] Failed to establish authenticated ssh connection to cirros@10.180.180.177 ([Errno None] Unable to connect to port 22 on 10.180.180.177). Number attempts: 4. Retry after 5 seconds.: paramiko.ssh_exception.NoValidConnectionsError: [Errno None] Unable to connect to port 22 on 10.180.180.177
2025-04-03 07:12:16.594 69377 INFO tempest.lib.common.rest_client [req-1509fa97-1577-4714-82a9-74cbe2aa488d req-1509fa97-1577-4714-82a9-74cbe2aa488d ] Request (ImagesTestJSON:test_create_image_from_suspended_server): 200 GET http://10.180.1.21/compute/v2.1/servers/eb348863-9387-4218-a304-1a49c608285c 0.480s
2025-04-03 07:12:16.610 69371 INFO tempest.lib.common.rest_client [req-f87979f9-ff3f-4304-8cae-a83d520d1c35 req-f87979f9-ff3f-4304-8cae-a83d520d1c35 ] Request (ServersAdminTestJSON:_run_cleanups): 200 GET http://10.180.1.21/compute/v2.1/servers/005d3319-8faf-4320-afeb-983875e2db0a 0.551s
2025-04-03 07:12:16.686 69423 INFO tempest.lib.common.rest_client [req-7d8f5631-068c-4476-9cb2-eb58d4d76c5a req-7d8f5631-068c-4476-9cb2-eb58d4d76c5a ] Request (ServersListShow298Test:tearDownClass): 200 GET http://10.180.1.21/compute/v2.1/servers/5c9656f5-6e06-4083-aaa9-a37d13e0aae8 0.489s
2025-04-03 07:12:16.815 69385 INFO tempest.lib.common.rest_client [req-5c962e02-f3de-4c13-a93c-002e97a3bb15 req-5c962e02-f3de-4c13-a93c-002e97a3bb15 ] Request (ServersAdminNegativeTestJSON:setUpClass): 200 GET http://10.180.1.21/compute/v2.1/servers/d817707c-6ec4-4671-8988-b57818e92b1e 0.531s
2025-04-03 07:12:16.900 69427 INFO tempest.lib.common.rest_client [req-81027153-ec41-4f76-ad36-72e23ef2f418 req-81027153-ec41-4f76-ad36-72e23ef2f418 ] Request (ServerRescueTestJSON:tearDownClass): 200 GET http://10.180.1.21/compute/v2.1/servers/12141b9b-bbb8-4080-ac76-aa4b6136b0de 0.566s
2025-04-03 07:12:16.909 69373 INFO tempest.lib.common.rest_client [req-da62b015-7db1-4287-b428-edb417413a68 req-da62b015-7db1-4287-b428-edb417413a68 ] Request (ListServerFiltersTestJSON:test_list_servers_detailed_filter_by_server_status): 200 GET http://10.180.1.21/compute/v2.1/servers/detail?status=active 0.676s
2025-04-03 07:12:16.970 69425 INFO tempest.lib.common.rest_client [req-bed1ed2c-a81f-4402-bdc5-a40b55f0267f req-bed1ed2c-a81f-4402-bdc5-a40b55f0267f ] Request (ListImageFiltersTestJSON:tearDownClass): 200 GET http://10.180.1.21/compute/v2.1/servers/e621b1e7-bbfd-403e-8877-e275f3481265 0.515s
2025-04-03 07:12:17.004 69379 INFO tempest.lib.common.rest_client [req-e90e1981-bc9c-4414-a003-f5d48ff3479e req-e90e1981-bc9c-4414-a003-f5d48ff3479e ] Request (ServersTestJSON:tearDownClass): 200 GET http://10.180.1.21/compute/v2.1/servers/599309eb-3858-40cd-b1b7-0e1ea4a611da 0.549s
2025-04-03 07:12:17.013 69379 INFO tempest.common.waiters [-] State transition "ACTIVE/deleting" ==> "DELETED/None" after 5 second wait
2025-04-03 07:12:17.040 69395 INFO tempest.lib.common.rest_client [req-3184b8d4-4878-49be-b0b5-a95d2d683ac1 req-3184b8d4-4878-49be-b0b5-a95d2d683ac1 ] Request (FloatingIPsAssociationTestJSON:test_associate_already_associated_floating_ip): 200 GET http://10.180.1.21/compute/v2.1/servers/a16c75c5-956d-4a10-bfaa-8e203eb31b12 0.582s
2025-04-03 07:12:17.356 69421 INFO tempest.lib.common.rest_client [req-0f9604f2-a8cd-4512-b4ff-8fc672f1e542 req-0f9604f2-a8cd-4512-b4ff-8fc672f1e542 ] Request (ImagesOneServerTestJSON:tearDownClass): 200 GET http://10.180.1.21/compute/v2.1/servers/4b90f588-9d0c-4874-ba00-ffaecd742e56 0.582s
2025-04-03 07:12:17.393 69383 WARNING tempest.lib.common.ssh [-] Failed to establish authenticated ssh connection to cirros@10.180.180.245 ([Errno None] Unable to connect to port 22 on 10.180.180.245). Number attempts: 4. Retry after 5 seconds.: paramiko.ssh_exception.NoValidConnectionsError: [Errno None] Unable to connect to port 22 on 10.180.180.245
2025-04-03 07:12:17.417 69417 INFO tempest.lib.common.rest_client [req-3d187385-5b40-4a03-8aba-f79faf281856 req-3d187385-5b40-4a03-8aba-f79faf281856 ] Request (ServerRescueNegativeTestJSON:test_rescued_vm_detach_volume): 200 GET http://10.180.1.21/compute/v2.1/servers/b839f31c-fe81-4af7-b93f-41479b62a5bd 0.722s
2025-04-03 07:12:17.486 69401 INFO tempest.lib.common.rest_client [req-030b76aa-7862-4c0b-9f64-55e377119f00 req-030b76aa-7862-4c0b-9f64-55e377119f00 ] Request (ServerDiagnosticsV248Test:tearDownClass): 200 GET http://10.180.1.21/compute/v2.1/servers/f0296e2f-c896-4e4e-b5a8-8cdeab977714 0.625s
2025-04-03 07:12:17.638 69373 INFO tempest.lib.common.rest_client [req-69755d1c-1174-41cb-921c-f066e9aa9aae req-69755d1c-1174-41cb-921c-f066e9aa9aae ] Request (ListServerFiltersTestJSON:test_list_servers_detailed_limit_results): 200 GET http://10.180.1.21/compute/v2.1/servers/detail?limit=1 0.719s
2025-04-03 07:12:17.677 69393 INFO tempest.lib.common.rest_client [req-b05096b8-6ddf-44e2-8604-71c90b6e90cd req-b05096b8-6ddf-44e2-8604-71c90b6e90cd ] Request (InstanceActionsNegativeTestJSON:tearDownClass): 200 GET http://10.180.1.21/compute/v2.1/servers/1364cf7d-e902-4658-88db-dc937c1c153e 0.900s
2025-04-03 07:12:17.695 69411 INFO tempest.lib.common.rest_client [req-1e659ddc-430a-4a37-adee-96f800128ac7 req-1e659ddc-430a-4a37-adee-96f800128ac7 ] Request (AttachVolumeShelveTestJSON:test_attach_volume_shelved_or_offload_server): 200 GET http://10.180.1.21/compute/v2.1/servers/0c78112e-f66a-4382-9fb2-3a448309d148 0.759s
2025-04-03 07:12:17.774 69407 INFO tempest.lib.common.rest_client [req-69cdaf09-980f-44fc-a774-a0d7472a5a9a req-69cdaf09-980f-44fc-a774-a0d7472a5a9a ] Request (ServerActionsTestOtherA:test_rebuild_server_in_stop_state): 200 GET http://10.180.1.21/compute/v2.1/servers/6c9aa6fb-f7ad-4717-abfe-7d5c9e6be1e3 0.776s
2025-04-03 07:12:17.845 69387 INFO tempest.lib.common.rest_client [req-908720ac-8251-4393-bbbc-3b375a7b5579 req-908720ac-8251-4393-bbbc-3b375a7b5579 ] Request (MigrationsAdminTest:test_resize_server_revert_deleted_flavor): 200 GET http://10.180.1.21/compute/v2.1/servers/34b9818a-917b-4047-9591-bf2be8d69da9 0.900s
2025-04-03 07:12:17.884 69381 INFO tempest.lib.common.rest_client [req-dc3c6d94-11cc-4e71-b6ff-32a4f122cf19 req-dc3c6d94-11cc-4e71-b6ff-32a4f122cf19 ] Request (ServersNegativeTestJSON:setUpClass): 200 GET http://10.180.1.21/compute/v2.1/servers/9b7a58b2-2e7c-4dde-a220-f34cc5b3251d 0.876s
2025-04-03 07:12:17.894 69381 INFO tempest.common.waiters [-] State transition "BUILD/networking" ==> "BUILD/spawning" after 55 second wait
2025-04-03 07:12:17.903 69397 INFO tempest.lib.common.rest_client [req-dddcf3f6-ca5a-4b1a-9cc2-8377a5c5d7f6 req-dddcf3f6-ca5a-4b1a-9cc2-8377a5c5d7f6 ] Request (VolumesAssistedSnapshotsTest:tearDownClass): 200 GET http://10.180.1.21/compute/v2.1/servers/38065204-486c-4d9d-abcb-eb49214e3c58 0.820s
2025-04-03 07:12:17.944 69399 INFO tempest.lib.common.rest_client [req-887055b6-a2a4-498c-b2bb-9b5171a19d54 req-887055b6-a2a4-498c-b2bb-9b5171a19d54 ] Request (ServersTestBootFromVolume:tearDownClass): 200 GET http://10.180.1.21/compute/v2.1/servers/f58a891e-8076-4cfe-aa62-20f3d4dfb5da 0.805s
2025-04-03 07:12:17.954 69391 INFO tempest.lib.common.rest_client [req-fcbaa271-4b6e-4a38-bc71-601dffa61640 req-fcbaa271-4b6e-4a38-bc71-601dffa61640 ] Request (ServersWithSpecificFlavorTestJSON:test_verify_created_server_ephemeral_disk): 200 GET http://10.180.1.21/compute/v2.1/servers/2108c0a4-a6bc-42b6-87bf-c540a527496a 0.708s
2025-04-03 07:12:18.003 69377 INFO tempest.lib.common.rest_client [req-ff928640-9fb2-4357-9395-514a8783304d req-ff928640-9fb2-4357-9395-514a8783304d ] Request (ImagesTestJSON:test_create_image_from_suspended_server): 200 GET http://10.180.1.21/compute/v2.1/servers/eb348863-9387-4218-a304-1a49c608285c 0.401s
2025-04-03 07:12:18.010 69375 INFO tempest.lib.common.rest_client [req-34de6d89-5474-4eec-8c5c-f4c16b7dc5ad req-34de6d89-5474-4eec-8c5c-f4c16b7dc5ad ] Request (AttachInterfacesV270Test:tearDownClass): 200 GET http://10.180.1.21/compute/v2.1/servers/f3e3db76-727b-4b27-a797-8226068aaa39 0.462s
2025-04-03 07:12:18.097 69373 INFO tempest.lib.common.rest_client [req-14811e54-a836-45bc-a6c5-c7bf35bba23f req-14811e54-a836-45bc-a6c5-c7bf35bba23f ] Request (ListServerFiltersTestJSON:test_list_servers_filter_by_active_status): 200 GET http://10.180.1.21/compute/v2.1/servers?status=active 0.447s
2025-04-03 07:12:18.144 69371 INFO tempest.lib.common.rest_client [req-803aefd6-695a-4fcc-b8d8-f14e70bc0b8a req-803aefd6-695a-4fcc-b8d8-f14e70bc0b8a ] Request (ServersAdminTestJSON:_run_cleanups): 200 GET http://10.180.1.21/compute/v2.1/servers/005d3319-8faf-4320-afeb-983875e2db0a 0.521s
2025-04-03 07:12:18.162 69423 INFO tempest.lib.common.rest_client [req-e6d1e73a-baa4-459b-ba7c-58c4bab17ae2 req-e6d1e73a-baa4-459b-ba7c-58c4bab17ae2 ] Request (ServersListShow298Test:tearDownClass): 200 GET http://10.180.1.21/compute/v2.1/servers/5c9656f5-6e06-4083-aaa9-a37d13e0aae8 0.459s
2025-04-03 07:12:18.195 69385 INFO tempest.lib.common.rest_client [req-0a60bbd1-e60f-41ec-a1f1-824b40412d80 req-0a60bbd1-e60f-41ec-a1f1-824b40412d80 ] Request (ServersAdminNegativeTestJSON:setUpClass): 200 GET http://10.180.1.21/compute/v2.1/servers/d817707c-6ec4-4671-8988-b57818e92b1e 0.372s
2025-04-03 07:12:18.222 69427 INFO tempest.lib.common.rest_client [req-72de296f-59e4-41d1-a179-4350d522c5a6 req-72de296f-59e4-41d1-a179-4350d522c5a6 ] Request (ServerRescueTestJSON:tearDownClass): 200 GET http://10.180.1.21/compute/v2.1/servers/12141b9b-bbb8-4080-ac76-aa4b6136b0de 0.314s
2025-04-03 07:12:18.251 69425 INFO tempest.lib.common.rest_client [req-21302419-adbc-4de2-8bdd-fb5c9151440c req-21302419-adbc-4de2-8bdd-fb5c9151440c ] Request (ListImageFiltersTestJSON:tearDownClass): 200 GET http://10.180.1.21/compute/v2.1/servers/e621b1e7-bbfd-403e-8877-e275f3481265 0.273s
2025-04-03 07:12:18.278 69379 INFO tempest.lib.common.rest_client [req-c70f42ab-1012-4ce7-97a9-e10605418bdb req-c70f42ab-1012-4ce7-97a9-e10605418bdb ] Request (ServersTestJSON:tearDownClass): 200 GET http://10.180.1.21/compute/v2.1/servers/599309eb-3858-40cd-b1b7-0e1ea4a611da 0.264s
2025-04-03 07:12:18.298 69395 INFO tempest.lib.common.rest_client [req-c13834a7-ba83-42ec-b498-56390686b309 req-c13834a7-ba83-42ec-b498-56390686b309 ] Request (FloatingIPsAssociationTestJSON:test_associate_already_associated_floating_ip): 200 GET http://10.180.1.21/compute/v2.1/servers/a16c75c5-956d-4a10-bfaa-8e203eb31b12 0.249s
2025-04-03 07:12:18.338 69373 INFO tempest.lib.common.rest_client [req-a6598f12-8182-472a-8fd0-5b549492fcb7 req-a6598f12-8182-472a-8fd0-5b549492fcb7 ] Request (ListServerFiltersTestJSON:test_list_servers_filter_by_exceed_limit): 200 GET http://10.180.1.21/compute/v2.1/servers?limit=100000 0.237s
2025-04-03 07:12:18.399 69373 INFO tempest.lib.common.rest_client [req-84e25e4f-91be-449e-b21a-c8901e8f56ab req-84e25e4f-91be-449e-b21a-c8901e8f56ab ] Request (ListServerFiltersTestJSON:test_list_servers_filter_by_exceed_limit): 200 GET http://10.180.1.21/compute/v2.1/servers 0.058s
2025-04-03 07:12:18.429 69421 INFO tempest.lib.common.rest_client [req-0d9f88cf-430b-4fb4-97ba-508a983e65d7 req-0d9f88cf-430b-4fb4-97ba-508a983e65d7 ] Request (ImagesOneServerTestJSON:tearDownClass): 200 GET http://10.180.1.21/compute/v2.1/servers/4b90f588-9d0c-4874-ba00-ffaecd742e56 0.065s
2025-04-03 07:12:18.509 69373 INFO tempest.lib.common.rest_client [req-b0654227-c22d-4bff-9942-a7f8e315a350 req-b0654227-c22d-4bff-9942-a7f8e315a350 ] Request (ListServerFiltersTestJSON:test_list_servers_filter_by_flavor): 200 GET http://10.180.1.21/compute/v2.1/servers?flavor=84 0.106s
2025-04-03 07:12:18.552 69417 INFO tempest.lib.common.rest_client [req-7cb6b372-5d8b-47e9-99f4-85856fa5decd req-7cb6b372-5d8b-47e9-99f4-85856fa5decd ] Request (ServerRescueNegativeTestJSON:test_rescued_vm_detach_volume): 200 GET http://10.180.1.21/compute/v2.1/servers/b839f31c-fe81-4af7-b93f-41479b62a5bd 0.126s
2025-04-03 07:12:18.583 69373 INFO tempest.lib.common.rest_client [req-28f3bf69-96d8-42cc-9b09-edc7e51cf612 req-28f3bf69-96d8-42cc-9b09-edc7e51cf612 ] Request (ListServerFiltersTestJSON:test_list_servers_filter_by_limit): 200 GET http://10.180.1.21/compute/v2.1/servers?limit=1 0.071s
2025-04-03 07:12:18.585 69401 INFO tempest.lib.common.rest_client [req-f1303bbc-b6c5-4af4-b909-7c886add8295 req-f1303bbc-b6c5-4af4-b909-7c886add8295 ] Request (ServerDiagnosticsV248Test:tearDownClass): 200 GET http://10.180.1.21/compute/v2.1/servers/f0296e2f-c896-4e4e-b5a8-8cdeab977714 0.088s
2025-04-03 07:12:18.666 69373 INFO tempest.lib.common.rest_client [req-1e9dd290-b6f4-439f-a8ca-9542725c6041 req-1e9dd290-b6f4-439f-a8ca-9542725c6041 ] Request (ListServerFiltersTestJSON:test_list_servers_filter_by_server_name): 200 GET http://10.180.1.21/compute/v2.1/servers?name=tempest-ListServerFiltersTestJSON-instance-168205005 0.078s
2025-04-03 07:12:18.734 69373 INFO tempest.lib.common.rest_client [req-bba13f59-eecf-4e3d-bb23-320715bf1517 req-bba13f59-eecf-4e3d-bb23-320715bf1517 ] Request (ListServerFiltersTestJSON:test_list_servers_filter_by_shutoff_status): 202 POST http://10.180.1.21/compute/v2.1/servers/c4b2bcae-5752-4932-9fad-8cba15d7d15c/action 0.065s
2025-04-03 07:12:18.744 69393 INFO tempest.lib.common.rest_client [req-f12d0b3d-1ed2-439f-99c4-a10b7e99901c req-f12d0b3d-1ed2-439f-99c4-a10b7e99901c ] Request (InstanceActionsNegativeTestJSON:tearDownClass): 200 GET http://10.180.1.21/compute/v2.1/servers/1364cf7d-e902-4658-88db-dc937c1c153e 0.060s
2025-04-03 07:12:18.801 69411 INFO tempest.lib.common.rest_client [req-ec1c1098-34a3-4787-bf5d-956b884fb7cb req-ec1c1098-34a3-4787-bf5d-956b884fb7cb ] Request (AttachVolumeShelveTestJSON:test_attach_volume_shelved_or_offload_server): 200 GET http://10.180.1.21/compute/v2.1/servers/0c78112e-f66a-4382-9fb2-3a448309d148 0.096s
2025-04-03 07:12:18.868 69407 INFO tempest.lib.common.rest_client [req-1e717f3e-4ff3-4747-a7cd-0bf138909b02 req-1e717f3e-4ff3-4747-a7cd-0bf138909b02 ] Request (ServerActionsTestOtherA:test_rebuild_server_in_stop_state): 200 GET http://10.180.1.21/compute/v2.1/servers/6c9aa6fb-f7ad-4717-abfe-7d5c9e6be1e3 0.078s
2025-04-03 07:12:18.921 69373 INFO tempest.lib.common.rest_client [req-8377f03b-78ea-419d-9826-2961d3e22572 req-8377f03b-78ea-419d-9826-2961d3e22572 ] Request (ListServerFiltersTestJSON:test_list_servers_filter_by_shutoff_status): 200 GET http://10.180.1.21/compute/v2.1/servers/c4b2bcae-5752-4932-9fad-8cba15d7d15c 0.186s
2025-04-03 07:12:18.999 69387 INFO tempest.lib.common.rest_client [req-b620241b-74e8-4fee-b40d-8857ba84eb8f req-b620241b-74e8-4fee-b40d-8857ba84eb8f ] Request (MigrationsAdminTest:test_resize_server_revert_deleted_flavor): 200 GET http://10.180.1.21/compute/v2.1/servers/34b9818a-917b-4047-9591-bf2be8d69da9 0.145s
2025-04-03 07:12:19.012 69429 WARNING tempest.lib.common.ssh [-] Failed to establish authenticated ssh connection to cirros@10.180.180.186 ([Errno None] Unable to connect to port 22 on 10.180.180.186). Number attempts: 4. Retry after 5 seconds.: paramiko.ssh_exception.NoValidConnectionsError: [Errno None] Unable to connect to port 22 on 10.180.180.186
2025-04-03 07:12:19.038 69381 INFO tempest.lib.common.rest_client [req-7a173ebb-8fc0-4cf2-87d5-b8f4509ec0f6 req-7a173ebb-8fc0-4cf2-87d5-b8f4509ec0f6 ] Request (ServersNegativeTestJSON:setUpClass): 200 GET http://10.180.1.21/compute/v2.1/servers/9b7a58b2-2e7c-4dde-a220-f34cc5b3251d 0.143s
2025-04-03 07:12:19.067 69397 INFO tempest.lib.common.rest_client [req-1e5057be-f4af-417b-bd64-b47659501d41 req-1e5057be-f4af-417b-bd64-b47659501d41 ] Request (VolumesAssistedSnapshotsTest:tearDownClass): 200 GET http://10.180.1.21/compute/v2.1/servers/38065204-486c-4d9d-abcb-eb49214e3c58 0.155s
2025-04-03 07:12:19.100 69399 INFO tempest.lib.common.rest_client [req-ae34a69e-2fe4-4df4-b726-752376d17673 req-ae34a69e-2fe4-4df4-b726-752376d17673 ] Request (ServersTestBootFromVolume:tearDownClass): 200 GET http://10.180.1.21/compute/v2.1/servers/f58a891e-8076-4cfe-aa62-20f3d4dfb5da 0.147s
2025-04-03 07:12:19.106 69399 INFO tempest.common.waiters [-] State transition "ACTIVE/deleting" ==> "DELETED/None" after 7 second wait
2025-04-03 07:12:19.112 69391 INFO tempest.lib.common.rest_client [req-004ef0a4-b324-4dff-b222-438283a0eae6 req-004ef0a4-b324-4dff-b222-438283a0eae6 ] Request (ServersWithSpecificFlavorTestJSON:test_verify_created_server_ephemeral_disk): 200 GET http://10.180.1.21/compute/v2.1/servers/2108c0a4-a6bc-42b6-87bf-c540a527496a 0.151s
2025-04-03 07:12:19.149 69377 INFO tempest.lib.common.rest_client [req-054a111a-3706-468d-95b3-9f6419ad6611 req-054a111a-3706-468d-95b3-9f6419ad6611 ] Request (ImagesTestJSON:test_create_image_from_suspended_server): 200 GET http://10.180.1.21/compute/v2.1/servers/eb348863-9387-4218-a304-1a49c608285c 0.138s
2025-04-03 07:12:19.173 69375 INFO tempest.lib.common.rest_client [req-e02e68ef-e7be-4dc3-874a-d96db6238d57 req-e02e68ef-e7be-4dc3-874a-d96db6238d57 ] Request (AttachInterfacesV270Test:tearDownClass): 200 GET http://10.180.1.21/compute/v2.1/servers/f3e3db76-727b-4b27-a797-8226068aaa39 0.152s
2025-04-03 07:12:19.248 69423 INFO tempest.lib.common.rest_client [req-83b56d49-6e89-432d-adaf-30fec15f18c9 req-83b56d49-6e89-432d-adaf-30fec15f18c9 ] Request (ServersListShow298Test:tearDownClass): 200 GET http://10.180.1.21/compute/v2.1/servers/5c9656f5-6e06-4083-aaa9-a37d13e0aae8 0.074s
2025-04-03 07:12:19.274 69371 INFO tempest.lib.common.rest_client [req-8b34a24d-b7c6-432c-9cec-e545202a8b11 req-8b34a24d-b7c6-432c-9cec-e545202a8b11 ] Request (ServersAdminTestJSON:_run_cleanups): 200 GET http://10.180.1.21/compute/v2.1/servers/005d3319-8faf-4320-afeb-983875e2db0a 0.118s
2025-04-03 07:12:19.280 69371 INFO tempest.common.waiters [-] State transition "REBUILD/rebuild_spawning" ==> "ACTIVE/None" after 11 second wait
2025-04-03 07:12:19.297 69385 INFO tempest.lib.common.rest_client [req-f7436c05-71bc-480d-a89f-38415d59c0dd req-f7436c05-71bc-480d-a89f-38415d59c0dd ] Request (ServersAdminNegativeTestJSON:setUpClass): 200 GET http://10.180.1.21/compute/v2.1/servers/d817707c-6ec4-4671-8988-b57818e92b1e 0.093s
