2025-05-19 16:11:38.817 69668 INFO tempest.lib.common.rest_client [req-0051c89c-cc4f-419e-9845-23c2bde36d45 req-0051c89c-cc4f-419e-9845-23c2bde36d45 ] Request (SecurityGroupsTestJSON:test_server_security_groups): 200 POST http://10.180.1.21/compute/v2.1/os-security-groups 1.695s
2025-05-19 16:11:38.880 69658 INFO tempest.lib.common.rest_client [req-852f169c-9aa9-49e9-a452-c606e73e15de req-852f169c-9aa9-49e9-a452-c606e73e15de ] Request (AttachVolumeTestJSON:setUpClass): 201 POST http://10.180.1.21/identity/v3/auth/tokens 0.075s
2025-05-19 16:11:38.915 69658 INFO tempest.lib.common.rest_client [req-2e9d46d7-6dbe-46df-89f2-4da27cdd6740 req-2e9d46d7-6dbe-46df-89f2-4da27cdd6740 ] Request (AttachVolumeTestJSON:setUpClass): 201 POST http://10.180.1.21/identity/v3/auth/tokens 0.032s
2025-05-19 16:11:38.941 69658 INFO tempest.lib.common.rest_client [req-fdde6b40-f5b8-4b38-8cd0-c78fccd3be71 req-fdde6b40-f5b8-4b38-8cd0-c78fccd3be71 ] Request (AttachVolumeTestJSON:setUpClass): 200 GET http://10.180.1.21/identity/v3/domains?name=Default 0.026s
2025-05-19 16:11:38.976 69694 INFO tempest.lib.common.rest_client [req-2fd2231c-7327-409f-b270-10b5ac61dcae req-2fd2231c-7327-409f-b270-10b5ac61dcae ] Request (InstanceActionsNegativeTestJSON:setUpClass): 201 POST http://10.180.1.21:9696/networking/v2.0/subnets 0.969s
2025-05-19 16:11:38.987 69658 INFO tempest.lib.common.rest_client [req-eb917ecd-532a-420d-a022-340cb5429967 req-eb917ecd-532a-420d-a022-340cb5429967 ] Request (AttachVolumeTestJSON:setUpClass): 201 POST http://10.180.1.21/identity/v3/projects 0.045s
2025-05-19 16:11:39.016 69690 INFO tempest.lib.common.rest_client [req-671f38c2-a902-4e9d-97e3-c928b3cbbc7a req-671f38c2-a902-4e9d-97e3-c928b3cbbc7a ] Request (ServerActionsV293TestJSON:setUpClass): 201 POST http://10.180.1.21:9696/networking/v2.0/security-groups 0.482s
2025-05-19 16:11:39.042 69652 INFO tempest.lib.common.rest_client [req-7906e55a-ea32-488b-937b-bb53285897d0 req-7906e55a-ea32-488b-937b-bb53285897d0 ] Request (ServersWithSpecificFlavorTestJSON:tearDownClass): 204 DELETE http://10.180.1.21:9696/networking/v2.0/subnets/34f8e8cf-a76e-4a04-a698-57a8211ec341 0.636s
2025-05-19 16:11:39.073 69658 INFO tempest.lib.common.rest_client [req-b21f9752-d6c0-4df6-a502-95afa49c080e req-b21f9752-d6c0-4df6-a502-95afa49c080e ] Request (AttachVolumeTestJSON:setUpClass): 201 POST http://10.180.1.21/identity/v3/users 0.085s
2025-05-19 16:11:39.095 69658 INFO tempest.lib.common.rest_client [req-9dffb2d2-cb35-4be0-95a8-f720a2c5268e req-9dffb2d2-cb35-4be0-95a8-f720a2c5268e ] Request (AttachVolumeTestJSON:setUpClass): 200 GET http://10.180.1.21/identity/v3/roles 0.022s
2025-05-19 16:11:39.120 69658 INFO tempest.lib.common.rest_client [req-2fea1196-6d6c-4754-b0a7-48dfaef588f3 req-2fea1196-6d6c-4754-b0a7-48dfaef588f3 ] Request (AttachVolumeTestJSON:setUpClass): 204 PUT http://10.180.1.21/identity/v3/projects/b7bdce2031c045cbb8e129d13d73e37b/users/c9d37e95c93846e4ac575391786a8743/roles/0af9257a0efc4443bd47b35fd4fdacd1 0.024s
2025-05-19 16:11:39.120 69658 INFO tempest.lib.common.dynamic_creds [-] Dynamic test user c9d37e95c93846e4ac575391786a8743 is created with scope project and roles: ['member']
2025-05-19 16:11:39.121 69658 INFO tempest.lib.common.dynamic_creds [-] Acquired dynamic creds: credentials: Credentials: {'domain_id': 'default', 'domain_name': 'Default', 'username': 'tempest-AttachVolumeTestJSON-2145685357-project-member', 'project_domain_id': 'default', 'project_domain_name': 'Default', 'project_id': 'b7bdce2031c045cbb8e129d13d73e37b', 'project_name': 'tempest-AttachVolumeTestJSON-2145685357', 'tenant_id': 'b7bdce2031c045cbb8e129d13d73e37b', 'tenant_name': 'tempest-AttachVolumeTestJSON-2145685357', 'user_domain_id': 'default', 'user_domain_name': 'Default', 'user_id': 'c9d37e95c93846e4ac575391786a8743', 'system': None}, Network: None, Subnet: None, Router: None
2025-05-19 16:11:39.193 69658 INFO tempest.lib.common.rest_client [req-9782d146-9f68-4730-83fa-741a72c05680 req-9782d146-9f68-4730-83fa-741a72c05680 ] Request (AttachVolumeTestJSON:setUpClass): 201 POST http://10.180.1.21/identity/v3/auth/tokens 0.072s
2025-05-19 16:11:39.221 69660 INFO tempest.lib.common.rest_client [req-a5ad1c13-6a78-4a8d-8443-de9cb2002ce9 req-a5ad1c13-6a78-4a8d-8443-de9cb2002ce9 ] Request (ServerDiskConfigTestJSON:setUpClass): 200 PUT http://10.180.1.21:9696/networking/v2.0/routers/a7f89ac7-b205-4ca4-9c1e-d6e691a7aedb/add_router_interface 3.089s
2025-05-19 16:11:39.222 69660 INFO tempest.lib.common.dynamic_creds [-] Created isolated network resources for: credentials: Credentials: {'domain_id': 'default', 'domain_name': 'Default', 'username': 'tempest-ServerDiskConfigTestJSON-1836087442-project-member', 'project_domain_id': 'default', 'project_domain_name': 'Default', 'project_id': '55d1d8412bae4c61a040a146528203cb', 'project_name': 'tempest-ServerDiskConfigTestJSON-1836087442', 'tenant_id': '55d1d8412bae4c61a040a146528203cb', 'tenant_name': 'tempest-ServerDiskConfigTestJSON-1836087442', 'user_domain_id': 'default', 'user_domain_name': 'Default', 'user_id': '05d8782568b44cc8acff47d1667b326d', 'system': None}, Network: {'id': '62007ffe-bd3d-4755-9e55-697b0ef9f655', 'name': 'tempest-ServerDiskConfigTestJSON-427534746-network', 'tenant_id': '55d1d8412bae4c61a040a146528203cb', 'admin_state_up': True, 'mtu': 8950, 'status': 'ACTIVE', 'subnets': [], 'shared': False, 'project_id': '55d1d8412bae4c61a040a146528203cb', 'port_security_enabled': True, 'router:external': False, 'provider:network_type': 'vlan', 'provider:physical_network': 'default', 'provider:segmentation_id': 505, 'availability_zone_hints': [], 'availability_zones': [], 'ipv4_address_scope': None, 'ipv6_address_scope': None, 'description': '', 'tags': [], 'created_at': '2025-05-19T16:11:32Z', 'updated_at': '2025-05-19T16:11:32Z', 'revision_number': 1}, Subnet: {'id': 'fdd576be-86f7-4f76-863f-f43ef9fc5e3a', 'name': 'tempest-ServerDiskConfigTestJSON-427534746-subnet', 'tenant_id': '55d1d8412bae4c61a040a146528203cb', 'network_id': '62007ffe-bd3d-4755-9e55-697b0ef9f655', 'ip_version': 4, 'subnetpool_id': None, 'enable_dhcp': True, 'ipv6_ra_mode': None, 'ipv6_address_mode': None, 'gateway_ip': '192.168.128.1', 'cidr': '192.168.128.0/28', 'allocation_pools': [{'start': '192.168.128.2', 'end': '192.168.128.14'}], 'host_routes': [], 'dns_nameservers': [], 'description': '', 'router:external': False, 'service_types': [], 'tags': [], 'created_at': '2025-05-19T16:11:32Z', 'updated_at': '2025-05-19T16:11:32Z', 'revision_number': 0, 'project_id': '55d1d8412bae4c61a040a146528203cb'}, Router: {'id': 'a7f89ac7-b205-4ca4-9c1e-d6e691a7aedb', 'name': 'tempest-ServerDiskConfigTestJSON-427534746-router', 'tenant_id': '55d1d8412bae4c61a040a146528203cb', 'admin_state_up': True, 'status': 'ACTIVE', 'external_gateway_info': {'network_id': 'c8e33935-8ffe-42ff-90dc-df378dc16f50', 'external_fixed_ips': [{'subnet_id': 'a0f8e0a3-df90-4219-9810-f4b0321641e7', 'ip_address': '10.180.180.216'}], 'enable_snat': True}, 'description': '', 'availability_zones': [], 'distributed': False, 'ha': False, 'availability_zone_hints': [], 'routes': [], 'flavor_id': None, 'tags': [], 'created_at': '2025-05-19T16:11:33Z', 'updated_at': '2025-05-19T16:11:34Z', 'revision_number': 2, 'project_id': '55d1d8412bae4c61a040a146528203cb'}
2025-05-19 16:11:39.313 69660 INFO tempest.lib.common.rest_client [req-3ee9db38-c546-4a8f-821a-cb14dc59b998 req-3ee9db38-c546-4a8f-821a-cb14dc59b998 ] Request (ServerDiskConfigTestJSON:setUpClass): 201 POST http://10.180.1.21/identity/v3/auth/tokens 0.086s
2025-05-19 16:11:39.348 69690 INFO tempest.lib.common.rest_client [req-3b000bf9-c026-4d98-97b1-3fe937473493 req-3b000bf9-c026-4d98-97b1-3fe937473493 ] Request (ServerActionsV293TestJSON:setUpClass): 201 POST http://10.180.1.21:9696/networking/v2.0/security-group-rules 0.331s
2025-05-19 16:11:39.352 69660 INFO tempest.lib.common.rest_client [req-465736e6-d036-488f-8917-f8cc4e287511 req-465736e6-d036-488f-8917-f8cc4e287511 ] Request (ServerDiskConfigTestJSON:test_rebuild_server_with_auto_disk_config): 201 POST http://10.180.1.21/identity/v3/auth/tokens 0.035s
2025-05-19 16:11:39.353 69660 INFO tempest.lib.common.fixed_network [-] (ServerDiskConfigTestJSON:test_rebuild_server_with_auto_disk_config) Found network {'id': '62007ffe-bd3d-4755-9e55-697b0ef9f655', 'name': 'tempest-ServerDiskConfigTestJSON-427534746-network', 'tenant_id': '55d1d8412bae4c61a040a146528203cb', 'admin_state_up': True, 'mtu': 8950, 'status': 'ACTIVE', 'subnets': [], 'shared': False, 'project_id': '55d1d8412bae4c61a040a146528203cb', 'port_security_enabled': True, 'router:external': False, 'provider:network_type': 'vlan', 'provider:physical_network': 'default', 'provider:segmentation_id': 505, 'availability_zone_hints': [], 'availability_zones': [], 'ipv4_address_scope': None, 'ipv6_address_scope': None, 'description': '', 'tags': [], 'created_at': '2025-05-19T16:11:32Z', 'updated_at': '2025-05-19T16:11:32Z', 'revision_number': 1} available for tenant
2025-05-19 16:11:39.520 69686 INFO tempest.lib.common.rest_client [req-8d2bc8bd-8fdd-45c1-a3f0-d8a0fac1faf7 req-8d2bc8bd-8fdd-45c1-a3f0-d8a0fac1faf7 ] Request (MultipleCreateTestJSON:setUpClass): 201 POST http://10.180.1.21:9696/networking/v2.0/subnets 0.955s
2025-05-19 16:11:39.569 69678 INFO tempest.lib.common.rest_client [req-8445a6a4-3211-495e-9153-57b408beb464 req-8445a6a4-3211-495e-9153-57b408beb464 ] Request (ServersTestJSON:test_create_server_with_admin_password): 202 POST http://10.180.1.21/compute/v2.1/servers 2.032s
2025-05-19 16:11:39.614 69690 INFO tempest.lib.common.rest_client [req-88125208-d490-49ba-bb21-2158f315b57f req-88125208-d490-49ba-bb21-2158f315b57f ] Request (ServerActionsV293TestJSON:setUpClass): 201 POST http://10.180.1.21:9696/networking/v2.0/security-group-rules 0.265s
2025-05-19 16:11:39.685 69676 INFO tempest.lib.common.rest_client [req-4963ef60-fe30-44a3-94b1-508fe816d3fa req-4963ef60-fe30-44a3-94b1-508fe816d3fa ] Request (ExtensionsTest:test_get_extension): 200 GET http://10.180.1.21/compute/v2.1/extensions/os-consoles 2.089s
2025-05-19 16:11:39.777 69658 INFO tempest.lib.common.rest_client [req-cb4ba45b-2244-4ab9-b6a6-58000639f15e req-cb4ba45b-2244-4ab9-b6a6-58000639f15e ] Request (AttachVolumeTestJSON:setUpClass): 201 POST http://10.180.1.21:9696/networking/v2.0/networks 0.584s
2025-05-19 16:11:39.863 69642 INFO tempest.lib.common.rest_client [req-337dc7bc-9460-4e74-adc6-c4b9c3596cb6 req-337dc7bc-9460-4e74-adc6-c4b9c3596cb6 ] Request (DeleteServersTestJSON:test_delete_active_server): 202 POST http://10.180.1.21/compute/v2.1/servers 2.269s
2025-05-19 16:11:39.867 69698 INFO tempest.lib.common.rest_client [req-34c43ff2-5a4a-49db-bd11-58641647b1bc req-34c43ff2-5a4a-49db-bd11-58641647b1bc ] Request (VolumesAdminNegativeTest:tearDownClass): 204 DELETE http://10.180.1.21:9696/networking/v2.0/routers/a54fd03d-3076-4893-bf0e-8a5555789460 1.414s
2025-05-19 16:11:39.980 69696 INFO tempest.lib.common.rest_client [req-7c4f3f5a-5947-4331-880d-a4a65c10e7a4 req-7c4f3f5a-5947-4331-880d-a4a65c10e7a4 ] Request (ServerMetadataTestJSON:setUpClass): 200 GET http://10.180.1.21/compute/v2.1/servers/ae833c4c-e62c-495a-9278-2b694a8195cf 2.200s
2025-05-19 16:11:40.034 69692 INFO tempest.lib.common.rest_client [req-1f348002-9810-464a-b229-c77ddd6f50a2 req-1f348002-9810-464a-b229-c77ddd6f50a2 ] Request (ServersListShow296Test:test_list_show_update_rebuild_server_296): 204 DELETE http://10.180.1.21/compute/v2.1/servers/62cdd271-f6be-4530-814a-4630b7f0672d 2.428s
2025-05-19 16:11:40.078 69646 INFO tempest.lib.common.rest_client [req-efe8bd37-f962-43ee-bd0d-6454eaf55764 req-efe8bd37-f962-43ee-bd0d-6454eaf55764 ] Request (KeyPairsV22TestJSON:test_keypairs_create_list_delete): 201 POST http://10.180.1.21/compute/v2.1/os-keypairs 1.962s
2025-05-19 16:11:40.092 69670 INFO tempest.lib.common.rest_client [req-bab276f4-02bf-4f00-b84f-c8d93f956063 req-bab276f4-02bf-4f00-b84f-c8d93f956063 ] Request (ServerActionsTestOtherA:tearDownClass): 202 DELETE http://10.180.1.21/compute/v2.1/os-keypairs/tempest-keypair-822629962 1.950s
2025-05-19 16:11:40.120 69672 INFO tempest.lib.common.rest_client [req-fc006b11-cadf-4bdb-b12d-dda4cd41f4ab req-fc006b11-cadf-4bdb-b12d-dda4cd41f4ab ] Request (FlavorsAdminTestJSON:test_is_public_string_variations): 200 GET http://10.180.1.21/compute/v2.1/flavors/detail?is_public=true 1.948s
2025-05-19 16:11:40.254 69658 INFO tempest.lib.common.rest_client [req-e7c2455b-0934-4c62-b29e-75dc30905557 req-e7c2455b-0934-4c62-b29e-75dc30905557 ] Request (AttachVolumeTestJSON:setUpClass): 201 POST http://10.180.1.21:9696/networking/v2.0/subnets 0.475s
2025-05-19 16:11:40.297 69670 INFO tempest.lib.common.rest_client [req-60dc8da2-2450-46bd-afc2-6cd9f7a39917 req-60dc8da2-2450-46bd-afc2-6cd9f7a39917 ] Request (ServerActionsTestOtherA:tearDownClass): 204 DELETE http://10.180.1.21:9696/networking/v2.0/security-groups/76989513-7c2d-41cb-974e-980423eb424e 0.205s
2025-05-19 16:11:40.335 69670 INFO tempest.lib.common.rest_client [req-ecb6305e-22e2-4561-b1c4-87cb7e9c2d0d req-ecb6305e-22e2-4561-b1c4-87cb7e9c2d0d ] Request (ServerActionsTestOtherA:tearDownClass): 404 GET http://10.180.1.21:9696/networking/v2.0/security-groups/76989513-7c2d-41cb-974e-980423eb424e 0.037s
2025-05-19 16:11:40.347 69684 INFO tempest.lib.common.rest_client [req-11b12784-12a1-4140-8ca3-49719bec0692 req-11b12784-12a1-4140-8ca3-49719bec0692 ] Request (SecurityGroupRulesNegativeTestJSON:test_create_security_group_rule_with_invalid_from_port): 400 POST http://10.180.1.21/compute/v2.1/os-security-group-rules 2.149s
2025-05-19 16:11:40.363 69652 INFO tempest.lib.common.rest_client [req-30d92d61-ff46-4223-ad77-50683764fb53 req-30d92d61-ff46-4223-ad77-50683764fb53 ] Request (ServersWithSpecificFlavorTestJSON:tearDownClass): 204 DELETE http://10.180.1.21:9696/networking/v2.0/networks/e15dcfe3-38e0-43d7-a01a-cfb3996ba81e 1.321s
2025-05-19 16:11:40.393 69656 INFO tempest.lib.common.rest_client [req-0322e66a-7ea5-4659-a69a-6881bfe95e7d req-0322e66a-7ea5-4659-a69a-6881bfe95e7d ] Request (ImagesTestJSON:test_create_image_from_suspended_server): 204 DELETE http://10.180.1.21/compute/v2.1/servers/47f72c7e-7cdf-491e-9b2d-d647fc756141 2.466s
2025-05-19 16:11:40.454 69682 INFO tempest.lib.common.rest_client [req-4d99b6ca-3d3a-4061-a4bc-44a39b2e1c31 req-4d99b6ca-3d3a-4061-a4bc-44a39b2e1c31 ] Request (AggregatesAdminNegativeTestJSON:_run_cleanups): 200 POST http://10.180.1.21/compute/v2.1/os-aggregates/7/action 2.248s
2025-05-19 16:11:40.460 69652 INFO tempest.lib.common.rest_client [req-c38bb0a7-51e9-4e95-9a2c-6f3a1a503d11 req-c38bb0a7-51e9-4e95-9a2c-6f3a1a503d11 ] Request (ServersWithSpecificFlavorTestJSON:tearDownClass): 204 DELETE http://10.180.1.21/identity/v3/users/3ce8157f7613423c995d8150f62a2b03 0.096s
2025-05-19 16:11:40.466 69664 INFO tempest.lib.common.rest_client [req-c6acd22d-90e9-485c-ada7-ebc9dd4439c4 req-c6acd22d-90e9-485c-ada7-ebc9dd4439c4 ] Request (ListImageFiltersTestJSON:tearDownClass): 204 DELETE http://10.180.1.21/compute/v2.1/images/af51ac92-4c26-45ad-9200-c3bc0efb1b85 2.223s
2025-05-19 16:11:40.518 69654 INFO tempest.lib.common.rest_client [req-f861e453-17c5-422b-ab5d-41dbb23d2d91 req-f861e453-17c5-422b-ab5d-41dbb23d2d91 ] Request (VolumesGetTestJSON:tearDownClass): 202 DELETE http://10.180.1.21/compute/v2.1/os-volumes/0636d8fb-9ae5-48f4-871a-e8fbeda54393 2.219s
2025-05-19 16:11:40.577 69666 INFO tempest.lib.common.rest_client [req-27a96e37-e043-42cf-8d7f-a64ef6413519 req-27a96e37-e043-42cf-8d7f-a64ef6413519 ] Request (ServerShowV247Test:test_update_rebuild_list_server): 200 GET http://10.180.1.21/compute/v2.1/servers/3ca4eccc-570a-466e-9bf7-0c27f31b7e77 2.257s
2025-05-19 16:11:40.590 69648 INFO tempest.lib.common.rest_client [req-380d96a7-a822-4ea2-bb6c-8e14792eac0f req-380d96a7-a822-4ea2-bb6c-8e14792eac0f ] Request (HostsAdminNegativeTestJSON:test_shutdown_host_with_non_admin_user): 403 GET http://10.180.1.21/compute/v2.1/os-hosts/devstack/shutdown 2.023s
2025-05-19 16:11:40.601 69650 INFO tempest.lib.common.rest_client [req-f6516792-dfc8-4fb6-bd39-92dc349d57cb req-f6516792-dfc8-4fb6-bd39-92dc349d57cb ] Request (ServerMetadataNegativeTestJSON:setUpClass): 200 PUT http://10.180.1.21:9696/networking/v2.0/routers/f1e95a14-8c69-43eb-b15e-da125828e707/add_router_interface 2.672s
2025-05-19 16:11:40.602 69650 INFO tempest.lib.common.dynamic_creds [-] Created isolated network resources for: credentials: Credentials: {'domain_id': 'default', 'domain_name': 'Default', 'username': 'tempest-ServerMetadataNegativeTestJSON-430809263-project-member', 'project_domain_id': 'default', 'project_domain_name': 'Default', 'project_id': '8c1de960b065489e91ce41cd1a62571d', 'project_name': 'tempest-ServerMetadataNegativeTestJSON-430809263', 'tenant_id': '8c1de960b065489e91ce41cd1a62571d', 'tenant_name': 'tempest-ServerMetadataNegativeTestJSON-430809263', 'user_domain_id': 'default', 'user_domain_name': 'Default', 'user_id': 'b9cdf04ac30a4ed8b5fae8734e42c1a2', 'system': None}, Network: {'id': 'a9b69cd9-e30c-4144-bf5f-9da90e982694', 'name': 'tempest-ServerMetadataNegativeTestJSON-828031193-network', 'tenant_id': '8c1de960b065489e91ce41cd1a62571d', 'admin_state_up': True, 'mtu': 8950, 'status': 'ACTIVE', 'subnets': [], 'shared': False, 'project_id': '8c1de960b065489e91ce41cd1a62571d', 'port_security_enabled': True, 'router:external': False, 'provider:network_type': 'vlan', 'provider:physical_network': 'default', 'provider:segmentation_id': 908, 'availability_zone_hints': [], 'availability_zones': [], 'ipv4_address_scope': None, 'ipv6_address_scope': None, 'description': '', 'tags': [], 'created_at': '2025-05-19T16:11:34Z', 'updated_at': '2025-05-19T16:11:34Z', 'revision_number': 1}, Subnet: {'id': '60a1de87-b426-4d06-9509-b3e532c9d1b3', 'name': 'tempest-ServerMetadataNegativeTestJSON-828031193-subnet', 'tenant_id': '8c1de960b065489e91ce41cd1a62571d', 'network_id': 'a9b69cd9-e30c-4144-bf5f-9da90e982694', 'ip_version': 4, 'subnetpool_id': None, 'enable_dhcp': True, 'ipv6_ra_mode': None, 'ipv6_address_mode': None, 'gateway_ip': '192.168.128.1', 'cidr': '192.168.128.0/28', 'allocation_pools': [{'start': '192.168.128.2', 'end': '192.168.128.14'}], 'host_routes': [], 'dns_nameservers': [], 'description': '', 'router:external': False, 'service_types': [], 'tags': [], 'created_at': '2025-05-19T16:11:34Z', 'updated_at': '2025-05-19T16:11:34Z', 'revision_number': 0, 'project_id': '8c1de960b065489e91ce41cd1a62571d'}, Router: {'id': 'f1e95a14-8c69-43eb-b15e-da125828e707', 'name': 'tempest-ServerMetadataNegativeTestJSON-828031193-router', 'tenant_id': '8c1de960b065489e91ce41cd1a62571d', 'admin_state_up': True, 'status': 'ACTIVE', 'external_gateway_info': {'network_id': 'c8e33935-8ffe-42ff-90dc-df378dc16f50', 'external_fixed_ips': [{'subnet_id': 'a0f8e0a3-df90-4219-9810-f4b0321641e7', 'ip_address': '10.180.180.166'}], 'enable_snat': True}, 'description': '', 'availability_zones': [], 'distributed': False, 'ha': False, 'availability_zone_hints': [], 'routes': [], 'flavor_id': None, 'tags': [], 'created_at': '2025-05-19T16:11:35Z', 'updated_at': '2025-05-19T16:11:37Z', 'revision_number': 2, 'project_id': '8c1de960b065489e91ce41cd1a62571d'}
2025-05-19 16:11:40.603 69652 INFO tempest.lib.common.rest_client [req-8fa43bd3-4c85-450e-ae9e-bb2f8282b4ea req-8fa43bd3-4c85-450e-ae9e-bb2f8282b4ea ] Request (ServersWithSpecificFlavorTestJSON:tearDownClass): 204 DELETE http://10.180.1.21/identity/v3/users/c69dbb84a37545229251c927f17a63d0 0.142s
2025-05-19 16:11:40.603 69652 INFO tempest.lib.common.dynamic_creds [-] Deleting project and security group for project: acab3f1d7fad431187e3075d67fcc20e
2025-05-19 16:11:40.620 69640 INFO tempest.lib.common.rest_client [req-2baabdca-3e4c-4c13-b94f-9e12d16883a9 req-2baabdca-3e4c-4c13-b94f-9e12d16883a9 ] Request (FlavorsV2TestJSON:test_list_flavors_using_marker): 200 GET http://10.180.1.21/compute/v2.1/flavors?marker=42 2.037s
2025-05-19 16:11:40.666 69698 INFO tempest.lib.common.rest_client [req-2ee1a580-2582-41d7-8eee-aa33dc480469 req-2ee1a580-2582-41d7-8eee-aa33dc480469 ] Request (VolumesAdminNegativeTest:tearDownClass): 204 DELETE http://10.180.1.21:9696/networking/v2.0/subnets/fd06af66-0f36-456b-8ffd-0fad03e7d74a 0.798s
2025-05-19 16:11:40.676 69694 INFO tempest.lib.common.rest_client [req-f77ed93c-e30a-4b6b-86ea-6ced596e6999 req-f77ed93c-e30a-4b6b-86ea-6ced596e6999 ] Request (InstanceActionsNegativeTestJSON:setUpClass): 201 POST http://10.180.1.21:9696/networking/v2.0/routers 1.698s
2025-05-19 16:11:40.690 69652 INFO tempest.lib.common.rest_client [req-e39e107c-1e86-4a2b-a48d-a392ccf18741 req-e39e107c-1e86-4a2b-a48d-a392ccf18741 ] Request (ServersWithSpecificFlavorTestJSON:tearDownClass): 200 GET http://10.180.1.21:9696/networking/v2.0/security-groups?tenant_id=acab3f1d7fad431187e3075d67fcc20e&name=default 0.087s
2025-05-19 16:11:40.692 69650 INFO tempest.lib.common.rest_client [req-4fded91e-0dd0-44a8-a316-2e2cc27fac38 req-4fded91e-0dd0-44a8-a316-2e2cc27fac38 ] Request (ServerMetadataNegativeTestJSON:setUpClass): 201 POST http://10.180.1.21/identity/v3/auth/tokens 0.084s
2025-05-19 16:11:40.733 69650 INFO tempest.lib.common.rest_client [req-deb5dae1-be2f-48f6-a7dc-95e568ddaec9 req-deb5dae1-be2f-48f6-a7dc-95e568ddaec9 ] Request (ServerMetadataNegativeTestJSON:setUpClass): 201 POST http://10.180.1.21/identity/v3/auth/tokens 0.037s
2025-05-19 16:11:40.734 69650 INFO tempest.lib.common.fixed_network [-] (ServerMetadataNegativeTestJSON:setUpClass) Found network {'id': 'a9b69cd9-e30c-4144-bf5f-9da90e982694', 'name': 'tempest-ServerMetadataNegativeTestJSON-828031193-network', 'tenant_id': '8c1de960b065489e91ce41cd1a62571d', 'admin_state_up': True, 'mtu': 8950, 'status': 'ACTIVE', 'subnets': [], 'shared': False, 'project_id': '8c1de960b065489e91ce41cd1a62571d', 'port_security_enabled': True, 'router:external': False, 'provider:network_type': 'vlan', 'provider:physical_network': 'default', 'provider:segmentation_id': 908, 'availability_zone_hints': [], 'availability_zones': [], 'ipv4_address_scope': None, 'ipv6_address_scope': None, 'description': '', 'tags': [], 'created_at': '2025-05-19T16:11:34Z', 'updated_at': '2025-05-19T16:11:34Z', 'revision_number': 1} available for tenant
2025-05-19 16:11:40.787 69662 INFO tempest.lib.common.rest_client [req-435a4489-cbc6-44b1-a8f2-5c702c27f85d req-435a4489-cbc6-44b1-a8f2-5c702c27f85d ] Request (ListServerFiltersTestJSON:tearDownClass): 204 DELETE http://10.180.1.21/compute/v2.1/servers/da2295f3-4f73-4ee3-9546-7a7bef92f32a 2.234s
2025-05-19 16:11:40.907 69644 INFO tempest.lib.common.rest_client [req-597c7c49-8ce1-463c-b057-ccb1dbab2668 req-597c7c49-8ce1-463c-b057-ccb1dbab2668 ] Request (ServerGroupTestJSON:test_create_server_with_scheduler_hint_group): 200 GET http://10.180.1.21/compute/v2.1/servers/d7ca7bb3-f4fc-412d-a1b7-976b0060ade7 1.840s
2025-05-19 16:11:41.081 69652 INFO tempest.lib.common.rest_client [req-2311ce59-b15b-4448-83eb-060da4a77b44 req-2311ce59-b15b-4448-83eb-060da4a77b44 ] Request (ServersWithSpecificFlavorTestJSON:tearDownClass): 204 DELETE http://10.180.1.21:9696/networking/v2.0/security-groups/ab61154c-c538-43c6-b782-29249b6065ea 0.391s
2025-05-19 16:11:41.088 69674 INFO tempest.lib.common.rest_client [req-4b341e7a-09c7-40f9-89ad-600173d36fbe req-4b341e7a-09c7-40f9-89ad-600173d36fbe ] Request (ServerRescueNegativeTestJSON:tearDownClass): 200 PUT http://10.180.1.21:9696/networking/v2.0/routers/524a2c24-6aff-41f8-a4be-e279d16f2913/remove_router_interface 3.640s
2025-05-19 16:11:41.131 69668 INFO tempest.lib.common.rest_client [req-b50730c9-946f-4e16-825b-258f3f1f00ea req-b50730c9-946f-4e16-825b-258f3f1f00ea ] Request (SecurityGroupsTestJSON:test_server_security_groups): 200 POST http://10.180.1.21/compute/v2.1/os-security-groups 2.311s
2025-05-19 16:11:41.216 69668 INFO tempest.lib.common.rest_client [req-1a11952b-6401-4aa5-8557-e74a54c95e43 req-1a11952b-6401-4aa5-8557-e74a54c95e43 ] Request (SecurityGroupsTestJSON:test_server_security_groups): 201 POST http://10.180.1.21/identity/v3/auth/tokens 0.074s
2025-05-19 16:11:41.217 69668 INFO tempest.lib.common.fixed_network [-] (SecurityGroupsTestJSON:test_server_security_groups) Found network {'id': 'ec5ac69c-b25b-4d64-827b-8c3d5b3e6b8b', 'name': 'tempest-SecurityGroupsTestJSON-820230187-network', 'tenant_id': 'dbd502d82ec54d888c86876c38e0618d', 'admin_state_up': True, 'mtu': 8950, 'status': 'ACTIVE', 'subnets': [], 'shared': False, 'project_id': 'dbd502d82ec54d888c86876c38e0618d', 'port_security_enabled': True, 'router:external': False, 'provider:network_type': 'vlan', 'provider:physical_network': 'default', 'provider:segmentation_id': 156, 'availability_zone_hints': [], 'availability_zones': [], 'ipv4_address_scope': None, 'ipv6_address_scope': None, 'description': '', 'tags': [], 'created_at': '2025-05-19T16:10:39Z', 'updated_at': '2025-05-19T16:10:39Z', 'revision_number': 1} available for tenant
2025-05-19 16:11:41.233 69652 INFO tempest.lib.common.rest_client [req-597dc4b7-268e-408a-973f-3a6267f14f47 req-597dc4b7-268e-408a-973f-3a6267f14f47 ] Request (ServersWithSpecificFlavorTestJSON:tearDownClass): 204 DELETE http://10.180.1.21/identity/v3/projects/acab3f1d7fad431187e3075d67fcc20e 0.151s
2025-05-19 16:11:41.234 69652 INFO tempest.lib.common.dynamic_creds [-] Deleting project and security group for project: 5e1992271e724a4ba98b82440c465404
2025-05-19 16:11:41.313 69652 INFO tempest.lib.common.rest_client [req-d724c6fc-f048-4f32-87db-848d1e02770a req-d724c6fc-f048-4f32-87db-848d1e02770a ] Request (ServersWithSpecificFlavorTestJSON:tearDownClass): 200 GET http://10.180.1.21:9696/networking/v2.0/security-groups?tenant_id=5e1992271e724a4ba98b82440c465404&name=default 0.077s
2025-05-19 16:11:41.313 69670 INFO tempest.lib.common.rest_client [req-c1408961-de2f-4a4a-86a8-ced4c7bb0c21 req-c1408961-de2f-4a4a-86a8-ced4c7bb0c21 ] Request (ServerActionsTestOtherA:tearDownClass): 204 DELETE http://10.180.1.21:9696/networking/v2.0/floatingips/09cf9cc9-e606-46dd-8769-e1bb2d2b0168 0.977s
2025-05-19 16:11:41.444 69678 INFO tempest.lib.common.rest_client [req-e6bf4bdb-1f5b-4c31-b663-de3ab373241d req-e6bf4bdb-1f5b-4c31-b663-de3ab373241d ] Request (ServersTestJSON:_run_cleanups): 204 DELETE http://10.180.1.21/compute/v2.1/servers/09a904a9-3484-421e-914d-0815115e41ed 1.873s
2025-05-19 16:11:41.463 69676 INFO tempest.lib.common.rest_client [req-3764b936-d1a8-4a43-842b-3f7e2cf4eed6 req-3764b936-d1a8-4a43-842b-3f7e2cf4eed6 ] Request (ExtensionsTest:test_list_extensions): 200 GET http://10.180.1.21/compute/v2.1/extensions 1.776s
2025-05-19 16:11:41.549 69642 INFO tempest.lib.common.rest_client [req-a106ea21-f218-4630-a9e0-56ccca8edc88 req-a106ea21-f218-4630-a9e0-56ccca8edc88 ] Request (DeleteServersTestJSON:test_delete_active_server): 200 GET http://10.180.1.21/compute/v2.1/servers/42d5ea21-8bd8-468e-9c0d-c7e43baea368 1.683s
2025-05-19 16:11:41.571 69676 INFO tempest.lib.common.rest_client [req-6981bbef-8fe6-4ee5-a6c9-9402bcec9c72 req-6981bbef-8fe6-4ee5-a6c9-9402bcec9c72 ] Request (ExtensionsTest:tearDownClass): 204 DELETE http://10.180.1.21/identity/v3/users/7815ad89ae844eea96b363558a8434ab 0.097s
2025-05-19 16:11:41.571 69692 INFO tempest.lib.common.rest_client [req-2fe1008e-8b44-450f-a21a-38f5f9efeb60 req-2fe1008e-8b44-450f-a21a-38f5f9efeb60 ] Request (ServersListShow296Test:test_list_show_update_rebuild_server_296): 404 GET http://10.180.1.21/compute/v2.1/servers/62cdd271-f6be-4530-814a-4630b7f0672d 1.536s
2025-05-19 16:11:41.571 69676 INFO tempest.lib.common.dynamic_creds [-] Deleting project and security group for project: 2015b1cd376e46d7a70a8a6aa423de73
2025-05-19 16:11:41.581 69646 INFO tempest.lib.common.rest_client [req-20e55225-a7ed-410c-a52e-a2e8fac6c2f3 req-20e55225-a7ed-410c-a52e-a2e8fac6c2f3 ] Request (KeyPairsV22TestJSON:test_keypairs_create_list_delete): 200 GET http://10.180.1.21/compute/v2.1/os-keypairs 1.501s
2025-05-19 16:11:41.607 69672 INFO tempest.lib.common.rest_client [req-2fcfa176-97e6-4aea-85ce-cb818fa8ef03 req-2fcfa176-97e6-4aea-85ce-cb818fa8ef03 ] Request (FlavorsAdminTestJSON:test_is_public_string_variations): 200 GET http://10.180.1.21/compute/v2.1/flavors/detail?is_public=yes 1.480s
2025-05-19 16:11:41.615 69684 INFO tempest.lib.common.rest_client [req-b2d7568d-5599-4feb-9cf5-d1aebe80fb00 req-b2d7568d-5599-4feb-9cf5-d1aebe80fb00 ] Request (SecurityGroupRulesNegativeTestJSON:test_create_security_group_rule_with_invalid_id): 400 POST http://10.180.1.21/compute/v2.1/os-security-group-rules 1.266s
2025-05-19 16:11:41.630 69690 INFO tempest.lib.common.rest_client [req-dec93469-3bb4-4bf0-ab91-d09e70673d2c req-dec93469-3bb4-4bf0-ab91-d09e70673d2c ] Request (ServerActionsV293TestJSON:setUpClass): 201 POST http://10.180.1.21:9696/networking/v2.0/floatingips 2.015s
2025-05-19 16:11:41.635 69656 INFO tempest.lib.common.rest_client [req-d5f24583-4d5d-41cb-9510-f80a39797007 req-d5f24583-4d5d-41cb-9510-f80a39797007 ] Request (ImagesTestJSON:test_create_image_from_suspended_server): 404 GET http://10.180.1.21/compute/v2.1/servers/47f72c7e-7cdf-491e-9b2d-d647fc756141 1.242s
2025-05-19 16:11:41.662 69682 INFO tempest.lib.common.rest_client [req-4a50bbd6-bab9-4b85-97d6-97d79e4e4d05 req-4a50bbd6-bab9-4b85-97d6-97d79e4e4d05 ] Request (AggregatesAdminNegativeTestJSON:_run_cleanups): 200 DELETE http://10.180.1.21/compute/v2.1/os-aggregates/7 1.206s
2025-05-19 16:11:41.671 69676 INFO tempest.lib.common.rest_client [req-6f1f7b1a-6bc6-4022-ba1c-2533728096fc req-6f1f7b1a-6bc6-4022-ba1c-2533728096fc ] Request (ExtensionsTest:tearDownClass): 201 POST http://10.180.1.21/identity/v3/auth/tokens 0.100s
2025-05-19 16:11:41.721 69692 INFO tempest.lib.common.rest_client [req-a5917764-9b43-46a6-b6af-7e34939c3329 req-a5917764-9b43-46a6-b6af-7e34939c3329 ] Request (ServersListShow296Test:tearDownClass): 204 DELETE http://10.180.1.21/identity/v3/users/e00483f4f83945108e1ce5e5e70eb9ff 0.142s
2025-05-19 16:11:41.721 69692 INFO tempest.lib.common.dynamic_creds [-] Deleting project and security group for project: 2bb68aaf9da84220a2dc7b9bed3bb384
2025-05-19 16:11:41.730 69664 INFO tempest.lib.common.rest_client [req-9bbc0d1e-ca78-47d7-95b3-d00acea814fc req-9bbc0d1e-ca78-47d7-95b3-d00acea814fc ] Request (ListImageFiltersTestJSON:tearDownClass): 204 DELETE http://10.180.1.21/compute/v2.1/images/2e192b23-e647-47ac-9678-ef70c6a68c9d 1.263s
2025-05-19 16:11:41.730 69690 INFO tempest.lib.common.rest_client [req-70205ae4-6d65-42eb-bbb1-23114e53c10f req-70205ae4-6d65-42eb-bbb1-23114e53c10f ] Request (ServerActionsV293TestJSON:setUpClass): 201 POST http://10.180.1.21/identity/v3/auth/tokens 0.097s
2025-05-19 16:11:41.731 69690 INFO tempest.lib.common.fixed_network [-] (ServerActionsV293TestJSON:setUpClass) Found network {'id': 'f7b24aa2-7a9b-450f-8714-fc76cbdac505', 'name': 'tempest-ServerActionsV293TestJSON-1218976349-network', 'tenant_id': '8567be23379145808c1976487da856ad', 'admin_state_up': True, 'mtu': 8950, 'status': 'ACTIVE', 'subnets': [], 'shared': False, 'project_id': '8567be23379145808c1976487da856ad', 'port_security_enabled': True, 'router:external': False, 'provider:network_type': 'vlan', 'provider:physical_network': 'default', 'provider:segmentation_id': 634, 'availability_zone_hints': [], 'availability_zones': [], 'ipv4_address_scope': None, 'ipv6_address_scope': None, 'description': '', 'tags': [], 'created_at': '2025-05-19T16:11:27Z', 'updated_at': '2025-05-19T16:11:27Z', 'revision_number': 1} available for tenant
2025-05-19 16:11:41.771 69654 INFO tempest.lib.common.rest_client [req-491e43a0-1ce0-4e1c-9957-2cc067655eb5 req-491e43a0-1ce0-4e1c-9957-2cc067655eb5 ] Request (VolumesGetTestJSON:tearDownClass): 404 GET http://10.180.1.21/compute/v2.1/os-volumes/0636d8fb-9ae5-48f4-871a-e8fbeda54393 1.253s
2025-05-19 16:11:41.789 69656 INFO tempest.lib.common.rest_client [req-4b0b09fd-391c-4e3f-996f-483f033db45c req-4b0b09fd-391c-4e3f-996f-483f033db45c ] Request (ImagesTestJSON:test_create_server_from_snapshot): 201 POST http://10.180.1.21/identity/v3/auth/tokens 0.148s
2025-05-19 16:11:41.790 69656 INFO tempest.lib.common.fixed_network [-] (ImagesTestJSON:test_create_server_from_snapshot) Found network {'id': '365acae8-82ab-4bf1-b312-66bb019ca104', 'name': 'tempest-ImagesTestJSON-1087425332-network', 'tenant_id': '23d373c4f0fd4879bd089b25159985d6', 'admin_state_up': True, 'mtu': 8950, 'status': 'ACTIVE', 'subnets': [], 'shared': False, 'project_id': '23d373c4f0fd4879bd089b25159985d6', 'port_security_enabled': True, 'router:external': False, 'provider:network_type': 'vlan', 'provider:physical_network': 'default', 'provider:segmentation_id': 968, 'availability_zone_hints': [], 'availability_zones': [], 'ipv4_address_scope': None, 'ipv6_address_scope': None, 'description': '', 'tags': [], 'created_at': '2025-05-19T16:11:09Z', 'updated_at': '2025-05-19T16:11:09Z', 'revision_number': 1} available for tenant
2025-05-19 16:11:41.791 69648 INFO tempest.lib.common.rest_client [req-170f9cf2-6565-4f38-8cab-a0959d36ff80 req-170f9cf2-6565-4f38-8cab-a0959d36ff80 ] Request (HostsAdminNegativeTestJSON:test_shutdown_nonexistent_host): 404 GET http://10.180.1.21/compute/v2.1/os-hosts/nonexistent_hostname/shutdown 1.199s
2025-05-19 16:11:41.808 69660 INFO tempest.lib.common.rest_client [req-d761512e-7e45-47d7-b9d1-f09f0645933f req-d761512e-7e45-47d7-b9d1-f09f0645933f ] Request (ServerDiskConfigTestJSON:test_rebuild_server_with_auto_disk_config): 202 POST http://10.180.1.21/compute/v2.1/servers 2.453s
2025-05-19 16:11:41.824 69640 INFO tempest.lib.common.rest_client [req-283c6a3a-3c50-495e-ba84-1f61db836d47 req-283c6a3a-3c50-495e-ba84-1f61db836d47 ] Request (FlavorsV2TestJSON:test_list_flavors_with_detail): 200 GET http://10.180.1.21/compute/v2.1/flavors/detail 1.200s
2025-05-19 16:11:41.852 69662 INFO tempest.lib.common.rest_client [req-cbd70a65-2644-47a5-83fa-60d103fd400a req-cbd70a65-2644-47a5-83fa-60d103fd400a ] Request (ListServerFiltersTestJSON:tearDownClass): 404 GET http://10.180.1.21/compute/v2.1/servers/da2295f3-4f73-4ee3-9546-7a7bef92f32a 1.065s
2025-05-19 16:11:41.871 69692 INFO tempest.lib.common.rest_client [req-e578d87a-2ead-4433-955b-96934e2561bd req-e578d87a-2ead-4433-955b-96934e2561bd ] Request (ServersListShow296Test:tearDownClass): 201 POST http://10.180.1.21/identity/v3/auth/tokens 0.149s
2025-05-19 16:11:41.880 69652 INFO tempest.lib.common.rest_client [req-5c2d9d15-4b87-4f30-b7fb-499688af03c1 req-5c2d9d15-4b87-4f30-b7fb-499688af03c1 ] Request (ServersWithSpecificFlavorTestJSON:tearDownClass): 204 DELETE http://10.180.1.21:9696/networking/v2.0/security-groups/904566b6-5890-4b91-b717-10ed65daac78 0.567s
2025-05-19 16:11:41.997 69664 INFO tempest.lib.common.rest_client [req-3fd1967f-6794-483b-95cd-a02f5359e5f9 req-3fd1967f-6794-483b-95cd-a02f5359e5f9 ] Request (ListImageFiltersTestJSON:tearDownClass): 204 DELETE http://10.180.1.21/identity/v3/users/5faf2b3ac66145918154cff0a7c674db 0.267s
2025-05-19 16:11:41.997 69664 INFO tempest.lib.common.dynamic_creds [-] Deleting project and security group for project: cf1c57a59b67424faa64a5f87a32de60
2025-05-19 16:11:41.998 69686 INFO tempest.lib.common.rest_client [req-98da3f30-8ef8-4e96-b616-373c0d4f7101 req-98da3f30-8ef8-4e96-b616-373c0d4f7101 ] Request (MultipleCreateTestJSON:setUpClass): 201 POST http://10.180.1.21:9696/networking/v2.0/routers 2.478s
2025-05-19 16:11:42.015 69654 INFO tempest.lib.common.rest_client [req-56dc4069-e572-41f2-9f24-0672e5ff51dd req-56dc4069-e572-41f2-9f24-0672e5ff51dd ] Request (VolumesGetTestJSON:tearDownClass): 204 DELETE http://10.180.1.21/identity/v3/users/de3f10d872a04843960a6bbdbe5d7302 0.243s
2025-05-19 16:11:42.016 69654 INFO tempest.lib.common.dynamic_creds [-] Deleting project and security group for project: 5eae1d2d41fa4e4789eea0c2471ca9bd
2025-05-19 16:11:42.023 69698 INFO tempest.lib.common.rest_client [req-922cebf5-b5e7-4b15-ad0c-9b2dc44712bf req-922cebf5-b5e7-4b15-ad0c-9b2dc44712bf ] Request (VolumesAdminNegativeTest:tearDownClass): 204 DELETE http://10.180.1.21:9696/networking/v2.0/networks/edd6441a-e2c3-4f03-8331-4938cda8a873 1.357s
2025-05-19 16:11:42.101 69676 INFO tempest.lib.common.rest_client [req-d4c802b9-6807-4b85-ae5a-3f0bf42f3547 req-d4c802b9-6807-4b85-ae5a-3f0bf42f3547 ] Request (ExtensionsTest:tearDownClass): 200 GET http://10.180.1.21:9696/networking/v2.0/security-groups?tenant_id=2015b1cd376e46d7a70a8a6aa423de73&name=default 0.430s
2025-05-19 16:11:42.162 69644 INFO tempest.lib.common.rest_client [req-c21dc769-fd25-4846-b682-30dc22c7202c req-c21dc769-fd25-4846-b682-30dc22c7202c ] Request (ServerGroupTestJSON:test_create_server_with_scheduler_hint_group): 204 DELETE http://10.180.1.21/compute/v2.1/servers/d7ca7bb3-f4fc-412d-a1b7-976b0060ade7 1.237s
2025-05-19 16:11:42.249 69652 INFO tempest.lib.common.rest_client [req-d4312af5-f808-4148-9c51-58b598673232 req-d4312af5-f808-4148-9c51-58b598673232 ] Request (ServersWithSpecificFlavorTestJSON:tearDownClass): 204 DELETE http://10.180.1.21/identity/v3/projects/5e1992271e724a4ba98b82440c465404 0.368s
2025-05-19 16:11:42.262 69664 INFO tempest.lib.common.rest_client [req-e10c7d72-7ed6-4691-9eca-29f7c3dd7d37 req-e10c7d72-7ed6-4691-9eca-29f7c3dd7d37 ] Request (ListImageFiltersTestJSON:tearDownClass): 201 POST http://10.180.1.21/identity/v3/auth/tokens 0.264s
2025-05-19 16:11:42.287 69654 INFO tempest.lib.common.rest_client [req-033ca15c-a48c-4507-b18d-aa61bac05ab8 req-033ca15c-a48c-4507-b18d-aa61bac05ab8 ] Request (VolumesGetTestJSON:tearDownClass): 201 POST http://10.180.1.21/identity/v3/auth/tokens 0.270s
2025-05-19 16:11:42.314 69652 INFO tempest.lib.common.rest_client [req-eaa2f80b-032d-427e-9ebd-4644d8a01c22 req-eaa2f80b-032d-427e-9ebd-4644d8a01c22 ] Request (FlavorsAccessNegativeTestJSON:setUpClass): 201 POST http://10.180.1.21/identity/v3/auth/tokens 0.063s
2025-05-19 16:11:42.387 69652 INFO tempest.lib.common.rest_client [req-dcc6ec2c-71af-468d-98e0-057de3bb22bb req-dcc6ec2c-71af-468d-98e0-057de3bb22bb ] Request (FlavorsAccessNegativeTestJSON:setUpClass): 201 POST http://10.180.1.21/identity/v3/auth/tokens 0.067s
2025-05-19 16:11:42.425 69652 INFO tempest.lib.common.rest_client [req-d45e3b2f-ca07-4c8b-84ed-5693d55d00a5 req-d45e3b2f-ca07-4c8b-84ed-5693d55d00a5 ] Request (FlavorsAccessNegativeTestJSON:setUpClass): 200 GET http://10.180.1.21/identity/v3/domains?name=Default 0.037s
2025-05-19 16:11:42.463 69652 INFO tempest.lib.common.rest_client [req-7c3a556a-e053-43a7-9b07-70408979ee9a req-7c3a556a-e053-43a7-9b07-70408979ee9a ] Request (FlavorsAccessNegativeTestJSON:setUpClass): 201 POST http://10.180.1.21/identity/v3/projects 0.037s
2025-05-19 16:11:42.476 69696 INFO tempest.lib.common.rest_client [req-63acfed8-f81b-4db1-ba34-cced5980536e req-63acfed8-f81b-4db1-ba34-cced5980536e ] Request (ServerMetadataTestJSON:setUpClass): 200 GET http://10.180.1.21/compute/v2.1/servers/ae833c4c-e62c-495a-9278-2b694a8195cf 1.479s
2025-05-19 16:11:42.540 69652 INFO tempest.lib.common.rest_client [req-9785141f-f208-4719-ad7e-c12c739402f1 req-9785141f-f208-4719-ad7e-c12c739402f1 ] Request (FlavorsAccessNegativeTestJSON:setUpClass): 201 POST http://10.180.1.21/identity/v3/users 0.076s
2025-05-19 16:11:42.561 69676 INFO tempest.lib.common.rest_client [req-06b90d19-854a-4598-ac4d-d0ffa33cfa39 req-06b90d19-854a-4598-ac4d-d0ffa33cfa39 ] Request (ExtensionsTest:tearDownClass): 204 DELETE http://10.180.1.21:9696/networking/v2.0/security-groups/e8316b9b-58e2-44f2-a841-7a3889a61437 0.460s
2025-05-19 16:11:42.567 69652 INFO tempest.lib.common.rest_client [req-04249cc9-87ae-41a3-a5da-da515245e7bb req-04249cc9-87ae-41a3-a5da-da515245e7bb ] Request (FlavorsAccessNegativeTestJSON:setUpClass): 200 GET http://10.180.1.21/identity/v3/roles 0.027s
2025-05-19 16:11:42.606 69652 INFO tempest.lib.common.rest_client [req-c15ad19d-299b-4b78-9ffb-9370c054b715 req-c15ad19d-299b-4b78-9ffb-9370c054b715 ] Request (FlavorsAccessNegativeTestJSON:setUpClass): 204 PUT http://10.180.1.21/identity/v3/projects/e503b38d138a476c9c7785cc910388d5/users/ee7c318f8b5242bd9b0ef5620962ed01/roles/0af9257a0efc4443bd47b35fd4fdacd1 0.038s
2025-05-19 16:11:42.606 69652 INFO tempest.lib.common.dynamic_creds [-] Dynamic test user ee7c318f8b5242bd9b0ef5620962ed01 is created with scope project and roles: ['member']
2025-05-19 16:11:42.607 69652 INFO tempest.lib.common.dynamic_creds [-] Acquired dynamic creds: credentials: Credentials: {'domain_id': 'default', 'domain_name': 'Default', 'username': 'tempest-FlavorsAccessNegativeTestJSON-1256532943-project-member', 'project_domain_id': 'default', 'project_domain_name': 'Default', 'project_id': 'e503b38d138a476c9c7785cc910388d5', 'project_name': 'tempest-FlavorsAccessNegativeTestJSON-1256532943', 'tenant_id': 'e503b38d138a476c9c7785cc910388d5', 'tenant_name': 'tempest-FlavorsAccessNegativeTestJSON-1256532943', 'user_domain_id': 'default', 'user_domain_name': 'Default', 'user_id': 'ee7c318f8b5242bd9b0ef5620962ed01', 'system': None}, Network: None, Subnet: None, Router: None
2025-05-19 16:11:42.607 69652 INFO tempest.lib.common.dynamic_creds [-] Created isolated network resources for: credentials: Credentials: {'domain_id': 'default', 'domain_name': 'Default', 'username': 'tempest-FlavorsAccessNegativeTestJSON-1256532943-project-member', 'project_domain_id': 'default', 'project_domain_name': 'Default', 'project_id': 'e503b38d138a476c9c7785cc910388d5', 'project_name': 'tempest-FlavorsAccessNegativeTestJSON-1256532943', 'tenant_id': 'e503b38d138a476c9c7785cc910388d5', 'tenant_name': 'tempest-FlavorsAccessNegativeTestJSON-1256532943', 'user_domain_id': 'default', 'user_domain_name': 'Default', 'user_id': 'ee7c318f8b5242bd9b0ef5620962ed01', 'system': None}, Network: None, Subnet: None, Router: None
2025-05-19 16:11:42.655 69676 INFO tempest.lib.common.rest_client [req-522f094e-5016-4d92-b78e-1b2af1610f50 req-522f094e-5016-4d92-b78e-1b2af1610f50 ] Request (ExtensionsTest:tearDownClass): 204 DELETE http://10.180.1.21/identity/v3/projects/2015b1cd376e46d7a70a8a6aa423de73 0.093s
2025-05-19 16:11:42.665 69692 INFO tempest.lib.common.rest_client [req-fa4e1e73-5a9c-420a-a69a-997344006bf4 req-fa4e1e73-5a9c-420a-a69a-997344006bf4 ] Request (ServersListShow296Test:tearDownClass): 200 GET http://10.180.1.21:9696/networking/v2.0/security-groups?tenant_id=2bb68aaf9da84220a2dc7b9bed3bb384&name=default 0.794s
2025-05-19 16:11:42.689 69652 INFO tempest.lib.common.rest_client [req-3b4c8dd6-fac1-4a18-a485-3835b3ec085f req-3b4c8dd6-fac1-4a18-a485-3835b3ec085f ] Request (FlavorsAccessNegativeTestJSON:setUpClass): 201 POST http://10.180.1.21/identity/v3/auth/tokens 0.077s
2025-05-19 16:11:42.724 69676 INFO tempest.lib.common.rest_client [req-84582b85-840b-4f05-a3f9-9ec5195cb74f req-84582b85-840b-4f05-a3f9-9ec5195cb74f ] Request (QuotasTestJSON:setUpClass): 201 POST http://10.180.1.21/identity/v3/auth/tokens 0.067s
2025-05-19 16:11:42.757 69652 INFO tempest.lib.common.rest_client [req-663a4ac6-788a-403e-af5c-4b96078447a1 req-663a4ac6-788a-403e-af5c-4b96078447a1 ] Request (FlavorsAccessNegativeTestJSON:setUpClass): 201 POST http://10.180.1.21/identity/v3/projects 0.068s
2025-05-19 16:11:42.799 69676 INFO tempest.lib.common.rest_client [req-4ff7bc86-ce10-4179-9fad-db9c77852ab0 req-4ff7bc86-ce10-4179-9fad-db9c77852ab0 ] Request (QuotasTestJSON:setUpClass): 201 POST http://10.180.1.21/identity/v3/auth/tokens 0.073s
2025-05-19 16:11:42.814 69652 INFO tempest.lib.common.rest_client [req-58f50a15-c756-4ea1-900e-a8a8802889a5 req-58f50a15-c756-4ea1-900e-a8a8802889a5 ] Request (FlavorsAccessNegativeTestJSON:setUpClass): 201 POST http://10.180.1.21/identity/v3/users 0.056s
2025-05-19 16:11:42.828 69676 INFO tempest.lib.common.rest_client [req-639645b7-148d-4977-8dcb-bdc495842506 req-639645b7-148d-4977-8dcb-bdc495842506 ] Request (QuotasTestJSON:setUpClass): 200 GET http://10.180.1.21/identity/v3/domains?name=Default 0.029s
2025-05-19 16:11:42.833 69652 INFO tempest.lib.common.rest_client [req-310a4410-e138-4583-ab2c-5028fa6ff1a2 req-310a4410-e138-4583-ab2c-5028fa6ff1a2 ] Request (FlavorsAccessNegativeTestJSON:setUpClass): 200 GET http://10.180.1.21/identity/v3/roles 0.018s
2025-05-19 16:11:42.842 69690 INFO tempest.lib.common.rest_client [req-e3da357f-631a-49c9-aa0f-d53e7adf491d req-e3da357f-631a-49c9-aa0f-d53e7adf491d ] Request (ServerActionsV293TestJSON:setUpClass): 202 POST http://10.180.1.21/volume/v3/volumes 1.109s
2025-05-19 16:11:42.859 69676 INFO tempest.lib.common.rest_client [req-d987ca98-8b23-4ee2-896a-9a4bf3c493b5 req-d987ca98-8b23-4ee2-896a-9a4bf3c493b5 ] Request (QuotasTestJSON:setUpClass): 201 POST http://10.180.1.21/identity/v3/projects 0.030s
2025-05-19 16:11:42.863 69652 INFO tempest.lib.common.rest_client [req-f1febd3f-4267-4477-8525-5743be1f04f3 req-f1febd3f-4267-4477-8525-5743be1f04f3 ] Request (FlavorsAccessNegativeTestJSON:setUpClass): 204 PUT http://10.180.1.21/identity/v3/projects/c0260cf0b5324f318b2cb7eee843ff37/users/46e79a868bd043c6b70c71869f816706/roles/a804c85143f84409a6d0c317b7fda706 0.029s
2025-05-19 16:11:42.886 69690 INFO tempest.lib.common.rest_client [req-c42aeaf7-2479-4a37-b978-2c1a8ea3a0e8 req-c42aeaf7-2479-4a37-b978-2c1a8ea3a0e8 ] Request (ServerActionsV293TestJSON:setUpClass): 200 GET http://10.180.1.21/volume/v3/volumes/5dcbabc7-7d99-4434-a9ea-cb62e52d9df2 0.034s
2025-05-19 16:11:42.927 69652 INFO tempest.lib.common.rest_client [req-67d930a3-e325-43df-91ee-7d9dfe2ffefc req-67d930a3-e325-43df-91ee-7d9dfe2ffefc ] Request (FlavorsAccessNegativeTestJSON:setUpClass): 200 GET http://10.180.1.21/identity/v3/roles 0.064s
2025-05-19 16:11:42.937 69676 INFO tempest.lib.common.rest_client [req-8d7e7474-c29e-4463-b870-e3889ffe3b39 req-8d7e7474-c29e-4463-b870-e3889ffe3b39 ] Request (QuotasTestJSON:setUpClass): 201 POST http://10.180.1.21/identity/v3/users 0.077s
2025-05-19 16:11:42.952 69652 INFO tempest.lib.common.rest_client [req-f6c18c1b-466e-42ac-99a4-69c7d3eaff4a req-f6c18c1b-466e-42ac-99a4-69c7d3eaff4a ] Request (FlavorsAccessNegativeTestJSON:setUpClass): 204 PUT http://10.180.1.21/identity/v3/projects/c0260cf0b5324f318b2cb7eee843ff37/users/46e79a868bd043c6b70c71869f816706/roles/a804c85143f84409a6d0c317b7fda706 0.024s
2025-05-19 16:11:42.953 69652 INFO tempest.lib.common.dynamic_creds [-] Dynamic test user 46e79a868bd043c6b70c71869f816706 is created with scope project and roles: ['admin']
2025-05-19 16:11:42.953 69652 INFO tempest.lib.common.dynamic_creds [-] Acquired dynamic creds: credentials: Credentials: {'domain_id': 'default', 'domain_name': 'Default', 'username': 'tempest-FlavorsAccessNegativeTestJSON-1530925772-project-admin', 'project_domain_id': 'default', 'project_domain_name': 'Default', 'project_id': 'c0260cf0b5324f318b2cb7eee843ff37', 'project_name': 'tempest-FlavorsAccessNegativeTestJSON-1530925772', 'tenant_id': 'c0260cf0b5324f318b2cb7eee843ff37', 'tenant_name': 'tempest-FlavorsAccessNegativeTestJSON-1530925772', 'user_domain_id': 'default', 'user_domain_name': 'Default', 'user_id': '46e79a868bd043c6b70c71869f816706', 'system': None}, Network: None, Subnet: None, Router: None
2025-05-19 16:11:42.953 69652 INFO tempest.lib.common.dynamic_creds [-] Created isolated network resources for: credentials: Credentials: {'domain_id': 'default', 'domain_name': 'Default', 'username': 'tempest-FlavorsAccessNegativeTestJSON-1530925772-project-admin', 'project_domain_id': 'default', 'project_domain_name': 'Default', 'project_id': 'c0260cf0b5324f318b2cb7eee843ff37', 'project_name': 'tempest-FlavorsAccessNegativeTestJSON-1530925772', 'tenant_id': 'c0260cf0b5324f318b2cb7eee843ff37', 'tenant_name': 'tempest-FlavorsAccessNegativeTestJSON-1530925772', 'user_domain_id': 'default', 'user_domain_name': 'Default', 'user_id': '46e79a868bd043c6b70c71869f816706', 'system': None}, Network: None, Subnet: None, Router: None
2025-05-19 16:11:42.962 69676 INFO tempest.lib.common.rest_client [req-c0d02e95-e164-446b-af87-00ecde09680a req-c0d02e95-e164-446b-af87-00ecde09680a ] Request (QuotasTestJSON:setUpClass): 200 GET http://10.180.1.21/identity/v3/roles 0.024s
2025-05-19 16:11:43.033 69650 INFO tempest.lib.common.rest_client [req-b4ec05e8-59f4-4aaa-96e9-dd1b44c92f5d req-b4ec05e8-59f4-4aaa-96e9-dd1b44c92f5d ] Request (ServerMetadataNegativeTestJSON:setUpClass): 202 POST http://10.180.1.21/compute/v2.1/servers 2.297s
2025-05-19 16:11:43.073 69678 INFO tempest.lib.common.rest_client [req-1272dd5c-d94f-41d1-91bf-20acb4fa11a1 req-1272dd5c-d94f-41d1-91bf-20acb4fa11a1 ] Request (ServersTestJSON:_run_cleanups): 404 GET http://10.180.1.21/compute/v2.1/servers/09a904a9-3484-421e-914d-0815115e41ed 1.628s
2025-05-19 16:11:43.076 69676 INFO tempest.lib.common.rest_client [req-27e7047b-8b27-49c7-820a-fab487d89b32 req-27e7047b-8b27-49c7-820a-fab487d89b32 ] Request (QuotasTestJSON:setUpClass): 204 PUT http://10.180.1.21/identity/v3/projects/9c306024d1d047abbb3448e5017d4062/users/1e2fdc4cdefe4c7d9651939035faf531/roles/0af9257a0efc4443bd47b35fd4fdacd1 0.114s
2025-05-19 16:11:43.077 69676 INFO tempest.lib.common.dynamic_creds [-] Dynamic test user 1e2fdc4cdefe4c7d9651939035faf531 is created with scope project and roles: ['member']
2025-05-19 16:11:43.077 69676 INFO tempest.lib.common.dynamic_creds [-] Acquired dynamic creds: credentials: Credentials: {'domain_id': 'default', 'domain_name': 'Default', 'username': 'tempest-QuotasTestJSON-76947676-project-member', 'project_domain_id': 'default', 'project_domain_name': 'Default', 'project_id': '9c306024d1d047abbb3448e5017d4062', 'project_name': 'tempest-QuotasTestJSON-76947676', 'tenant_id': '9c306024d1d047abbb3448e5017d4062', 'tenant_name': 'tempest-QuotasTestJSON-76947676', 'user_domain_id': 'default', 'user_domain_name': 'Default', 'user_id': '1e2fdc4cdefe4c7d9651939035faf531', 'system': None}, Network: None, Subnet: None, Router: None
