2025-04-03 08:38:52.135 70319 INFO tempest.lib.common.rest_client [req-3a0b942f-da08-46bb-b044-822f9f9ab950 req-3a0b942f-da08-46bb-b044-822f9f9ab950 ] Request (HypervisorAdminNegativeTestJSON:test_get_hypervisor_uptime_with_non_admin_user): 200 GET http://10.180.1.21/compute/v2.1/os-hypervisors 3.023s
2025-04-03 08:38:52.140 70277 INFO tempest.lib.common.rest_client [req-654f9161-c8a6-46d6-a724-b7783acb7b89 req-654f9161-c8a6-46d6-a724-b7783acb7b89 ] Request (FlavorsExtraSpecsNegativeTestJSON:test_flavor_non_admin_update_specific_key): 403 PUT http://10.180.1.21/compute/v2.1/flavors/838971873/os-extra_specs/hw:numa_nodes 3.008s
2025-04-03 08:38:52.155 70309 INFO tempest.lib.common.rest_client [req-759efd30-6c03-4dd8-b05d-2cde28d3441b req-759efd30-6c03-4dd8-b05d-2cde28d3441b ] Request (AZAdminV2TestJSON:tearDownClass): 201 POST http://10.180.1.21/identity/v3/auth/tokens 0.136s
2025-04-03 08:38:52.163 70281 INFO tempest.lib.common.rest_client [req-d8180249-92de-4c4b-84b6-6b34a6112ead req-d8180249-92de-4c4b-84b6-6b34a6112ead ] Request (VolumesAssistedSnapshotsTest:setUpClass): 204 PUT http://10.180.1.21/identity/v3/projects/8dc2154d719847b4a56708944f305b25/users/b3692fd3baf545f892d98a9c393e12eb/roles/ab66d8d8b1284bc4a90985ab18785fab 0.162s
2025-04-03 08:38:52.164 70281 INFO tempest.lib.common.dynamic_creds [-] Dynamic test user b3692fd3baf545f892d98a9c393e12eb is created with scope project and roles: ['service', 'admin']
2025-04-03 08:38:52.164 70281 INFO tempest.lib.common.dynamic_creds [-] Acquired dynamic creds: credentials: Credentials: {'domain_id': 'default', 'domain_name': 'Default', 'username': 'tempest-VolumesAssistedSnapshotsTest-2023438727-project', 'project_domain_id': 'default', 'project_domain_name': 'Default', 'project_id': '8dc2154d719847b4a56708944f305b25', 'project_name': 'tempest-VolumesAssistedSnapshotsTest-2023438727', 'tenant_id': '8dc2154d719847b4a56708944f305b25', 'tenant_name': 'tempest-VolumesAssistedSnapshotsTest-2023438727', 'user_domain_id': 'default', 'user_domain_name': 'Default', 'user_id': 'b3692fd3baf545f892d98a9c393e12eb', 'system': None}, Network: None, Subnet: None, Router: None
2025-04-03 08:38:52.166 70273 INFO tempest.lib.common.rest_client [req-db2d4746-4d31-4164-98d4-b002af905d9a req-db2d4746-4d31-4164-98d4-b002af905d9a ] Request (FlavorsAdminTestJSON:_run_cleanups): 202 DELETE http://10.180.1.21/compute/v2.1/flavors/1084812169 2.757s
2025-04-03 08:38:52.209 70289 INFO tempest.lib.common.rest_client [req-84566214-c6f7-437d-ac57-410e1085ffa1 req-84566214-c6f7-437d-ac57-410e1085ffa1 ] Request (AggregatesAdminNegativeTestJSON:test_aggregate_add_existent_host): 200 POST http://10.180.1.21/compute/v2.1/os-aggregates 2.637s
2025-04-03 08:38:52.255 70307 INFO tempest.lib.common.rest_client [req-40713f33-a546-4505-9703-7203af011301 req-40713f33-a546-4505-9703-7203af011301 ] Request (VolumesAdminNegativeTest:setUpClass): 201 POST http://10.180.1.21:9696/networking/v2.0/routers 1.453s
2025-04-03 08:38:52.299 70317 INFO tempest.lib.common.rest_client [req-727403dd-b6a4-47a0-bdbe-575f73609914 req-727403dd-b6a4-47a0-bdbe-575f73609914 ] Request (NetworksTest:tearDownClass): 204 DELETE http://10.180.1.21/identity/v3/users/b64672837e31469f880c131d3d1077cf 0.207s
2025-04-03 08:38:52.300 70317 INFO tempest.lib.common.dynamic_creds [-] Deleting project and security group for project: 5de8ec2bd2154ef8a51c7a075a03f13a
2025-04-03 08:38:52.318 70279 INFO tempest.lib.common.rest_client [req-def1cf2e-b415-426f-8c00-9eab07dbf610 req-def1cf2e-b415-426f-8c00-9eab07dbf610 ] Request (KeyPairsV2TestJSON:test_get_keypair_detail): 200 POST http://10.180.1.21/compute/v2.1/os-keypairs 3.199s
2025-04-03 08:38:52.338 70275 INFO tempest.lib.common.rest_client [req-79e685b2-f00b-4a72-b7fb-35927f717267 req-79e685b2-f00b-4a72-b7fb-35927f717267 ] Request (InstanceUsageAuditLogTestJSON:test_list_instance_usage_audit_logs): 200 GET http://10.180.1.21/compute/v2.1/os-instance_usage_audit_log 2.604s
2025-04-03 08:38:52.358 70317 INFO tempest.lib.common.rest_client [req-31415db0-a39a-441a-b523-e6b197bdfe8d req-31415db0-a39a-441a-b523-e6b197bdfe8d ] Request (NetworksTest:tearDownClass): 201 POST http://10.180.1.21/identity/v3/auth/tokens 0.059s
2025-04-03 08:38:52.454 70275 INFO tempest.lib.common.rest_client [req-0f15cffd-9a65-4bf5-96cf-aacbbbe2798e req-0f15cffd-9a65-4bf5-96cf-aacbbbe2798e ] Request (InstanceUsageAuditLogTestJSON:tearDownClass): 204 DELETE http://10.180.1.21/identity/v3/users/7d3c55f04efd41199f20ce784a72a22e 0.109s
2025-04-03 08:38:52.456 70325 INFO tempest.lib.common.rest_client [req-e5449705-eb47-4b43-9a8a-38c4be31f343 req-e5449705-eb47-4b43-9a8a-38c4be31f343 ] Request (HypervisorAdminNegativeUnderV252Test:test_search_hypervisor_with_non_admin_user): 403 GET http://10.180.1.21/compute/v2.1/os-hypervisors/domain-c8.fc996f14-c53b-4953-92e3-bdfa48f5cc28/search 2.581s
2025-04-03 08:38:52.502 70321 INFO tempest.lib.common.rest_client [req-967a2a6a-6b2e-42bd-9c46-2a5b16cfed2d req-967a2a6a-6b2e-42bd-9c46-2a5b16cfed2d ] Request (HypervisorAdminV228Test:test_get_list_hypervisor_details): 200 GET http://10.180.1.21/compute/v2.1/os-hypervisors/1 2.449s
2025-04-03 08:38:52.605 70275 INFO tempest.lib.common.rest_client [req-c0e94226-f922-40c1-a324-fb52e8beaa2f req-c0e94226-f922-40c1-a324-fb52e8beaa2f ] Request (InstanceUsageAuditLogTestJSON:tearDownClass): 204 DELETE http://10.180.1.21/identity/v3/users/b6f71c8aaec24fd29c2d8efa24472067 0.151s
2025-04-03 08:38:52.605 70275 INFO tempest.lib.common.dynamic_creds [-] Deleting project and security group for project: 124330ae13b847899d4ced323b0d7cc7
2025-04-03 08:38:52.629 70271 INFO tempest.lib.common.rest_client [req-7e7aef20-c08a-4aa3-b821-bf50eb49522b req-7e7aef20-c08a-4aa3-b821-bf50eb49522b ] Request (FlavorsV2NegativeTest:test_boot_with_low_ram): 400 POST http://10.180.1.21/compute/v2.1/servers 3.036s
2025-04-03 08:38:52.653 70315 INFO tempest.lib.common.rest_client [req-2345ccec-e6c2-4f59-b36e-96f730783545 req-2345ccec-e6c2-4f59-b36e-96f730783545 ] Request (ServicesAdminNegativeV253TestJSON:test_disable_service_with_invalid_service_id): 404 PUT http://10.180.1.21/compute/v2.1/os-services/0d14864e-787a-43f8-83b5-ed7526e95f1a 2.495s
2025-04-03 08:38:52.693 70309 INFO tempest.lib.common.rest_client [req-8d96e18a-fe61-405c-a2f9-df80866b6741 req-8d96e18a-fe61-405c-a2f9-df80866b6741 ] Request (AZAdminV2TestJSON:tearDownClass): 200 GET http://10.180.1.21:9696/networking/v2.0/security-groups?tenant_id=5a4b77f4ea1e47b1a6d2ff8eafe21d3d&name=default 0.537s
2025-04-03 08:38:52.703 70297 INFO tempest.lib.common.rest_client [req-6fc96de0-1662-4607-8db7-1739fe8fc23d req-6fc96de0-1662-4607-8db7-1739fe8fc23d ] Request (FlavorsV261TestJSON:test_crud_flavor): 200 PUT http://10.180.1.21/compute/v2.1/flavors/355222323 2.444s
2025-04-03 08:38:52.725 70271 INFO tempest.lib.common.rest_client [req-b6f10bdf-d97d-457f-bbc3-dc010e3b1589 req-b6f10bdf-d97d-457f-bbc3-dc010e3b1589 ] Request (FlavorsV2NegativeTest:_run_cleanups): 204 DELETE http://10.180.1.21/image/v2/images/897965be-9eeb-4aca-b5c0-c1f8ed3c94a0 0.095s
2025-04-03 08:38:52.770 70281 INFO tempest.lib.common.rest_client [req-f8ec5bdd-eec1-49f7-bb3d-f7534e6d8dd1 req-f8ec5bdd-eec1-49f7-bb3d-f7534e6d8dd1 ] Request (VolumesAssistedSnapshotsTest:setUpClass): 201 POST http://10.180.1.21:9696/networking/v2.0/networks 0.606s
2025-04-03 08:38:52.795 70321 INFO tempest.lib.common.rest_client [req-7ddb5fea-d22d-4af9-886a-52e3c8d6c51c req-7ddb5fea-d22d-4af9-886a-52e3c8d6c51c ] Request (HypervisorAdminV228Test:tearDownClass): 204 DELETE http://10.180.1.21/identity/v3/users/1d66bb324d5742358847ebb6f3e1dd9c 0.282s
2025-04-03 08:38:52.807 70275 INFO tempest.lib.common.rest_client [req-23894803-ff48-4f95-a5fc-be6e26c58046 req-23894803-ff48-4f95-a5fc-be6e26c58046 ] Request (InstanceUsageAuditLogTestJSON:tearDownClass): 201 POST http://10.180.1.21/identity/v3/auth/tokens 0.202s
2025-04-03 08:38:52.943 70271 INFO tempest.lib.common.rest_client [req-d6ab3159-1eec-4834-bdcb-060815e0491e req-d6ab3159-1eec-4834-bdcb-060815e0491e ] Request (FlavorsV2NegativeTest:tearDownClass): 204 DELETE http://10.180.1.21/identity/v3/users/de5ae208357148d69aa9e182f4b93c04 0.211s
2025-04-03 08:38:52.943 70321 INFO tempest.lib.common.rest_client [req-b089c60d-efba-4cd7-86a6-399b0798cdc4 req-b089c60d-efba-4cd7-86a6-399b0798cdc4 ] Request (HypervisorAdminV228Test:tearDownClass): 204 DELETE http://10.180.1.21/identity/v3/users/0545257f1d77487898cdad7f6012d382 0.148s
2025-04-03 08:38:52.944 70271 INFO tempest.lib.common.dynamic_creds [-] Deleting project and security group for project: db863ae98d9642cb87744f1a219f81a6
2025-04-03 08:38:52.944 70321 INFO tempest.lib.common.dynamic_creds [-] Deleting project and security group for project: a4058b196ecd4464b612edad43911ef5
2025-04-03 08:38:52.955 70317 INFO tempest.lib.common.rest_client [req-42be8355-a279-4ce4-9ab5-5bedf2022e0f req-42be8355-a279-4ce4-9ab5-5bedf2022e0f ] Request (NetworksTest:tearDownClass): 200 GET http://10.180.1.21:9696/networking/v2.0/security-groups?tenant_id=5de8ec2bd2154ef8a51c7a075a03f13a&name=default 0.596s
2025-04-03 08:38:53.009 70271 INFO tempest.lib.common.rest_client [req-550449ec-6a21-49f0-87df-f624a37a5310 req-550449ec-6a21-49f0-87df-f624a37a5310 ] Request (FlavorsV2NegativeTest:tearDownClass): 201 POST http://10.180.1.21/identity/v3/auth/tokens 0.065s
2025-04-03 08:38:53.032 70321 INFO tempest.lib.common.rest_client [req-b07ff972-06e4-4bc0-9c1c-6eb9bca209a7 req-b07ff972-06e4-4bc0-9c1c-6eb9bca209a7 ] Request (HypervisorAdminV228Test:tearDownClass): 201 POST http://10.180.1.21/identity/v3/auth/tokens 0.088s
2025-04-03 08:38:53.047 70309 INFO tempest.lib.common.rest_client [req-c3624069-bce9-47d7-9545-fa441e9a893f req-c3624069-bce9-47d7-9545-fa441e9a893f ] Request (AZAdminV2TestJSON:tearDownClass): 204 DELETE http://10.180.1.21:9696/networking/v2.0/security-groups/0bc12e03-66cf-451f-86c4-37a5c54f3dd3 0.353s
2025-04-03 08:38:53.096 70317 INFO tempest.lib.common.rest_client [req-ba01dcfc-92e1-4183-9591-54a5f415be2d req-ba01dcfc-92e1-4183-9591-54a5f415be2d ] Request (NetworksTest:tearDownClass): 204 DELETE http://10.180.1.21:9696/networking/v2.0/security-groups/5f6ca08b-0031-46df-b128-573fc89e4272 0.140s
2025-04-03 08:38:53.107 70309 INFO tempest.lib.common.rest_client [req-5586becc-3f31-45b1-aec1-d58797c4d9ba req-5586becc-3f31-45b1-aec1-d58797c4d9ba ] Request (AZAdminV2TestJSON:tearDownClass): 204 DELETE http://10.180.1.21/identity/v3/projects/5a4b77f4ea1e47b1a6d2ff8eafe21d3d 0.059s
2025-04-03 08:38:53.107 70309 INFO tempest.lib.common.dynamic_creds [-] Deleting project and security group for project: ec195667f04d4587883271d213b20068
2025-04-03 08:38:53.189 70317 INFO tempest.lib.common.rest_client [req-d629883b-ab84-4c89-b830-9f009c33a6f4 req-d629883b-ab84-4c89-b830-9f009c33a6f4 ] Request (NetworksTest:tearDownClass): 204 DELETE http://10.180.1.21/identity/v3/projects/5de8ec2bd2154ef8a51c7a075a03f13a 0.092s
2025-04-03 08:38:53.189 70317 INFO tempest.lib.common.dynamic_creds [-] Deleting project and security group for project: e3ae94bc3caf41b383907d0351ef21d0
2025-04-03 08:38:53.282 70285 INFO tempest.lib.common.rest_client [req-192a3232-6996-4a77-b561-c61e9fdaab2f req-192a3232-6996-4a77-b561-c61e9fdaab2f ] Request (ServersAdminNegativeTestJSON:setUpClass): 202 POST http://10.180.1.21/compute/v2.1/servers 3.166s
2025-04-03 08:38:53.305 70305 INFO tempest.lib.common.rest_client [req-76d9dfdd-faec-408b-805d-3add90872f7e req-76d9dfdd-faec-408b-805d-3add90872f7e ] Request (ServersWithSpecificFlavorTestJSON:setUpClass): 200 PUT http://10.180.1.21:9696/networking/v2.0/routers/a12d7e37-dc54-48c1-8757-fd2aa35a431c/add_router_interface 2.161s
2025-04-03 08:38:53.305 70305 INFO tempest.lib.common.dynamic_creds [-] Created isolated network resources for: credentials: Credentials: {'domain_id': 'default', 'domain_name': 'Default', 'username': 'tempest-ServersWithSpecificFlavorTestJSON-1029283827-project-admin', 'project_domain_id': 'default', 'project_domain_name': 'Default', 'project_id': 'dfb7a33afc6c4fc9b9371098016fab03', 'project_name': 'tempest-ServersWithSpecificFlavorTestJSON-1029283827', 'tenant_id': 'dfb7a33afc6c4fc9b9371098016fab03', 'tenant_name': 'tempest-ServersWithSpecificFlavorTestJSON-1029283827', 'user_domain_id': 'default', 'user_domain_name': 'Default', 'user_id': '6c662c2bf1534d868f510827debf01bf', 'system': None}, Network: {'id': 'a200ccbe-b74e-44ec-b7fc-8f6b95c6dc25', 'name': 'tempest-ServersWithSpecificFlavorTestJSON-1376928276-network', 'tenant_id': 'dfb7a33afc6c4fc9b9371098016fab03', 'admin_state_up': True, 'mtu': 8950, 'status': 'ACTIVE', 'subnets': [], 'shared': False, 'project_id': 'dfb7a33afc6c4fc9b9371098016fab03', 'port_security_enabled': True, 'router:external': False, 'provider:network_type': 'vlan', 'provider:physical_network': 'default', 'provider:segmentation_id': 126, 'availability_zone_hints': [], 'availability_zones': [], 'ipv4_address_scope': None, 'ipv6_address_scope': None, 'description': '', 'tags': [], 'created_at': '2025-04-03T08:38:49Z', 'updated_at': '2025-04-03T08:38:49Z', 'revision_number': 1}, Subnet: {'id': 'b022f8db-fd13-4379-9a09-72f0f0410300', 'name': 'tempest-ServersWithSpecificFlavorTestJSON-1376928276-subnet', 'tenant_id': 'dfb7a33afc6c4fc9b9371098016fab03', 'network_id': 'a200ccbe-b74e-44ec-b7fc-8f6b95c6dc25', 'ip_version': 4, 'subnetpool_id': None, 'enable_dhcp': True, 'ipv6_ra_mode': None, 'ipv6_address_mode': None, 'gateway_ip': '192.168.128.1', 'cidr': '192.168.128.0/28', 'allocation_pools': [{'start': '192.168.128.2', 'end': '192.168.128.14'}], 'host_routes': [], 'dns_nameservers': [], 'description': '', 'router:external': False, 'service_types': [], 'tags': [], 'created_at': '2025-04-03T08:38:49Z', 'updated_at': '2025-04-03T08:38:49Z', 'revision_number': 0, 'project_id': 'dfb7a33afc6c4fc9b9371098016fab03'}, Router: {'id': 'a12d7e37-dc54-48c1-8757-fd2aa35a431c', 'name': 'tempest-ServersWithSpecificFlavorTestJSON-1376928276-router', 'tenant_id': 'dfb7a33afc6c4fc9b9371098016fab03', 'admin_state_up': True, 'status': 'ACTIVE', 'external_gateway_info': {'network_id': 'b0f86ef2-9fd3-4b67-87d2-374e131129d7', 'external_fixed_ips': [{'subnet_id': '679c2117-66df-4e8e-a48c-cc7c95fdd57f', 'ip_address': '10.180.180.219'}], 'enable_snat': True}, 'description': '', 'availability_zones': [], 'distributed': False, 'ha': False, 'availability_zone_hints': [], 'routes': [], 'flavor_id': None, 'tags': [], 'created_at': '2025-04-03T08:38:49Z', 'updated_at': '2025-04-03T08:38:50Z', 'revision_number': 2, 'project_id': 'dfb7a33afc6c4fc9b9371098016fab03'}
2025-04-03 08:38:53.317 70333 INFO tempest.lib.common.rest_client [req-abe11e89-e696-4a45-9ecc-7cf9c0c0e2bd req-abe11e89-e696-4a45-9ecc-7cf9c0c0e2bd ] Request (HostsAdminTestJSON:test_list_hosts_with_a_blank_zone): 200 GET http://10.180.1.21/compute/v2.1/os-hosts?zone= 2.787s
2025-04-03 08:38:53.339 70327 INFO tempest.lib.common.rest_client [req-8a25561d-50e0-48eb-b991-faa7e12840eb req-8a25561d-50e0-48eb-b991-faa7e12840eb ] Request (MigrationsAdminTest:test_list_migrations_in_flavor_resize_situation): 202 POST http://10.180.1.21/compute/v2.1/servers 2.892s
2025-04-03 08:38:53.353 70321 INFO tempest.lib.common.rest_client [req-8bdfbad3-d3ee-4dd5-b9d8-4357a05fc971 req-8bdfbad3-d3ee-4dd5-b9d8-4357a05fc971 ] Request (HypervisorAdminV228Test:tearDownClass): 200 GET http://10.180.1.21:9696/networking/v2.0/security-groups?tenant_id=a4058b196ecd4464b612edad43911ef5&name=default 0.320s
2025-04-03 08:38:53.400 70329 INFO tempest.lib.common.rest_client [req-91148f23-532f-452a-8838-12be9cece452 req-91148f23-532f-452a-8838-12be9cece452 ] Request (HypervisorAdminUnderV252Test:test_get_hypervisor_show_servers): 200 GET http://10.180.1.21/compute/v2.1/os-hypervisors/domain-c8.fc996f14-c53b-4953-92e3-bdfa48f5cc28/servers 2.789s
2025-04-03 08:38:53.437 70305 INFO tempest.lib.common.rest_client [req-9bc4f051-62c8-46db-ab8a-0cfdab76930d req-9bc4f051-62c8-46db-ab8a-0cfdab76930d ] Request (ServersWithSpecificFlavorTestJSON:setUpClass): 201 POST http://10.180.1.21/identity/v3/auth/tokens 0.127s
2025-04-03 08:38:53.456 70309 INFO tempest.lib.common.rest_client [req-955b6c20-fc1a-4513-ab1b-c6b66aa581c5 req-955b6c20-fc1a-4513-ab1b-c6b66aa581c5 ] Request (AZAdminV2TestJSON:tearDownClass): 200 GET http://10.180.1.21:9696/networking/v2.0/security-groups?tenant_id=ec195667f04d4587883271d213b20068&name=default 0.349s
2025-04-03 08:38:53.530 70275 INFO tempest.lib.common.rest_client [req-273dad9f-7c50-42c7-9b81-96397227e91a req-273dad9f-7c50-42c7-9b81-96397227e91a ] Request (InstanceUsageAuditLogTestJSON:tearDownClass): 200 GET http://10.180.1.21:9696/networking/v2.0/security-groups?tenant_id=124330ae13b847899d4ced323b0d7cc7&name=default 0.723s
2025-04-03 08:38:53.542 70271 INFO tempest.lib.common.rest_client [req-89f6b731-0772-4ab0-ad37-2d8bfb52f7be req-89f6b731-0772-4ab0-ad37-2d8bfb52f7be ] Request (FlavorsV2NegativeTest:tearDownClass): 200 GET http://10.180.1.21:9696/networking/v2.0/security-groups?tenant_id=db863ae98d9642cb87744f1a219f81a6&name=default 0.532s
2025-04-03 08:38:53.556 70291 INFO tempest.lib.common.rest_client [req-a85c2df8-a85b-4d8f-b465-b6aefa80fcd7 req-a85c2df8-a85b-4d8f-b465-b6aefa80fcd7 ] Request (ServerDiagnosticsTest:test_get_server_diagnostics): 200 GET http://10.180.1.21/compute/v2.1/servers/91666839-f440-499e-acf0-07d352e701ab 2.247s
2025-04-03 08:38:53.624 70313 INFO tempest.lib.common.rest_client [req-7339043b-af7e-4949-81e9-c20f2af769e1 req-7339043b-af7e-4949-81e9-c20f2af769e1 ] Request (FloatingIPsTestJSON:test_allocate_floating_ip): 200 GET http://10.180.1.21/compute/v2.1/os-floating-ips/0d97728a-8b4f-495f-ae4d-ead39b545bf6 2.927s
2025-04-03 08:38:53.625 70281 INFO tempest.lib.common.rest_client [req-c649eeca-67f4-42e0-a0f9-8cd28d252594 req-c649eeca-67f4-42e0-a0f9-8cd28d252594 ] Request (VolumesAssistedSnapshotsTest:setUpClass): 201 POST http://10.180.1.21:9696/networking/v2.0/subnets 0.854s
2025-04-03 08:38:53.628 70317 INFO tempest.lib.common.rest_client [req-4acfb0c5-d822-403c-bb54-0816da7f39ac req-4acfb0c5-d822-403c-bb54-0816da7f39ac ] Request (NetworksTest:tearDownClass): 200 GET http://10.180.1.21:9696/networking/v2.0/security-groups?tenant_id=e3ae94bc3caf41b383907d0351ef21d0&name=default 0.438s
2025-04-03 08:38:53.637 70293 INFO tempest.lib.common.rest_client [req-d2f7a019-a66f-49e6-9bee-4a232c1ce09d req-d2f7a019-a66f-49e6-9bee-4a232c1ce09d ] Request (DeleteServersAdminTestJSON:test_admin_delete_servers_of_others): 200 GET http://10.180.1.21/compute/v2.1/servers/2e374549-00a2-4014-90e0-ceccbe4360fa 2.323s
2025-04-03 08:38:53.658 70321 INFO tempest.lib.common.rest_client [req-fa7a4db6-061e-4b77-85e4-f2cc05dee1f9 req-fa7a4db6-061e-4b77-85e4-f2cc05dee1f9 ] Request (HypervisorAdminV228Test:tearDownClass): 204 DELETE http://10.180.1.21:9696/networking/v2.0/security-groups/5765bb1a-6d10-49d9-b988-0735978db3f8 0.304s
2025-04-03 08:38:53.706 70271 INFO tempest.lib.common.rest_client [req-d8be9c11-161c-4175-8173-02cd37863e91 req-d8be9c11-161c-4175-8173-02cd37863e91 ] Request (FlavorsV2NegativeTest:tearDownClass): 204 DELETE http://10.180.1.21:9696/networking/v2.0/security-groups/68dc63d5-883c-4744-a8e0-6deb23cab637 0.164s
2025-04-03 08:38:53.733 70309 INFO tempest.lib.common.rest_client [req-5726899c-f186-4c11-8b3a-186635a5bc99 req-5726899c-f186-4c11-8b3a-186635a5bc99 ] Request (AZAdminV2TestJSON:tearDownClass): 204 DELETE http://10.180.1.21:9696/networking/v2.0/security-groups/cc073596-d425-4110-9f44-88134c8c68ef 0.276s
2025-04-03 08:38:53.769 70323 INFO tempest.lib.common.rest_client [req-34bad8a0-5d89-426d-9dc3-8d6dc1754560 req-34bad8a0-5d89-426d-9dc3-8d6dc1754560 ] Request (ServerDiagnosticsV248Test:test_get_server_diagnostics): 200 GET http://10.180.1.21/compute/v2.1/servers/f3945280-ee10-426b-bcab-3e52e8779c55 2.244s
2025-04-03 08:38:53.784 70321 INFO tempest.lib.common.rest_client [req-0b7f1713-7c82-4831-ac88-ffe2e0510559 req-0b7f1713-7c82-4831-ac88-ffe2e0510559 ] Request (HypervisorAdminV228Test:tearDownClass): 204 DELETE http://10.180.1.21/identity/v3/projects/a4058b196ecd4464b612edad43911ef5 0.126s
2025-04-03 08:38:53.785 70321 INFO tempest.lib.common.dynamic_creds [-] Deleting project and security group for project: 8e9285ec77144cf2bf92137d53d19ff3
2025-04-03 08:38:53.797 70283 INFO tempest.lib.common.rest_client [req-7b7a056b-201e-4b7a-a384-5ccee22ee9e6 req-7b7a056b-201e-4b7a-a384-5ccee22ee9e6 ] Request (HypervisorAdminV253TestBase:test_list_show_detail_hypervisors): 200 GET http://10.180.1.21/compute/v2.1/os-hypervisors/92ce3c95-4efe-4d04-802b-6b187afc5aa7 2.041s
2025-04-03 08:38:53.840 70275 INFO tempest.lib.common.rest_client [req-e5ca1d2e-a35f-4a84-8b9e-504561b9cc8a req-e5ca1d2e-a35f-4a84-8b9e-504561b9cc8a ] Request (InstanceUsageAuditLogTestJSON:tearDownClass): 204 DELETE http://10.180.1.21:9696/networking/v2.0/security-groups/c33c5993-f603-49be-a037-d29991618b9d 0.309s
2025-04-03 08:38:53.846 70331 INFO tempest.lib.common.rest_client [req-1e50ecd2-55ba-480d-8255-6c676367049a req-1e50ecd2-55ba-480d-8255-6c676367049a ] Request (FlavorsAccessTestJSON:test_flavor_access_add_remove): 200 POST http://10.180.1.21/compute/v2.1/flavors/930971584/action 2.115s
2025-04-03 08:38:53.892 70317 INFO tempest.lib.common.rest_client [req-591d484f-122f-43fd-a31e-9c2c0916c46d req-591d484f-122f-43fd-a31e-9c2c0916c46d ] Request (NetworksTest:tearDownClass): 204 DELETE http://10.180.1.21:9696/networking/v2.0/security-groups/38074d24-54e1-47d0-8085-c2e9aa9b5cf2 0.262s
2025-04-03 08:38:53.947 70309 INFO tempest.lib.common.rest_client [req-28406f51-5076-46a1-bee9-929daf00aff8 req-28406f51-5076-46a1-bee9-929daf00aff8 ] Request (AZAdminV2TestJSON:tearDownClass): 204 DELETE http://10.180.1.21/identity/v3/projects/ec195667f04d4587883271d213b20068 0.213s
2025-04-03 08:38:53.973 70271 INFO tempest.lib.common.rest_client [req-5b7afb02-6a6d-46ff-ae3f-d58f1f5cd601 req-5b7afb02-6a6d-46ff-ae3f-d58f1f5cd601 ] Request (FlavorsV2NegativeTest:tearDownClass): 204 DELETE http://10.180.1.21/identity/v3/projects/db863ae98d9642cb87744f1a219f81a6 0.266s
2025-04-03 08:38:54.049 70307 INFO tempest.lib.common.rest_client [req-55486b32-7c72-4f2c-a2f7-a0080850b06a req-55486b32-7c72-4f2c-a2f7-a0080850b06a ] Request (VolumesAdminNegativeTest:setUpClass): 200 PUT http://10.180.1.21:9696/networking/v2.0/routers/b91e1180-b7d1-42cf-b0f9-6bb3e931a8cd/add_router_interface 1.793s
2025-04-03 08:38:54.049 70307 INFO tempest.lib.common.dynamic_creds [-] Created isolated network resources for: credentials: Credentials: {'domain_id': 'default', 'domain_name': 'Default', 'username': 'tempest-VolumesAdminNegativeTest-1388262934-project-member', 'project_domain_id': 'default', 'project_domain_name': 'Default', 'project_id': 'e8b8ab56b87c46f9b960fc3b430197d3', 'project_name': 'tempest-VolumesAdminNegativeTest-1388262934', 'tenant_id': 'e8b8ab56b87c46f9b960fc3b430197d3', 'tenant_name': 'tempest-VolumesAdminNegativeTest-1388262934', 'user_domain_id': 'default', 'user_domain_name': 'Default', 'user_id': '41e25eb110b14afdb3e67bd4dd943e9c', 'system': None}, Network: {'id': 'e6b2a322-ac01-400c-a8ec-68a371b2061c', 'name': 'tempest-VolumesAdminNegativeTest-141203958-network', 'tenant_id': 'e8b8ab56b87c46f9b960fc3b430197d3', 'admin_state_up': True, 'mtu': 8950, 'status': 'ACTIVE', 'subnets': [], 'shared': False, 'project_id': 'e8b8ab56b87c46f9b960fc3b430197d3', 'port_security_enabled': True, 'router:external': False, 'provider:network_type': 'vlan', 'provider:physical_network': 'default', 'provider:segmentation_id': 538, 'availability_zone_hints': [], 'availability_zones': [], 'ipv4_address_scope': None, 'ipv6_address_scope': None, 'description': '', 'tags': [], 'created_at': '2025-04-03T08:38:50Z', 'updated_at': '2025-04-03T08:38:50Z', 'revision_number': 1}, Subnet: {'id': '6d44e730-a450-4e63-a013-1377c86cdea1', 'name': 'tempest-VolumesAdminNegativeTest-141203958-subnet', 'tenant_id': 'e8b8ab56b87c46f9b960fc3b430197d3', 'network_id': 'e6b2a322-ac01-400c-a8ec-68a371b2061c', 'ip_version': 4, 'subnetpool_id': None, 'enable_dhcp': True, 'ipv6_ra_mode': None, 'ipv6_address_mode': None, 'gateway_ip': '192.168.128.1', 'cidr': '192.168.128.0/28', 'allocation_pools': [{'start': '192.168.128.2', 'end': '192.168.128.14'}], 'host_routes': [], 'dns_nameservers': [], 'description': '', 'router:external': False, 'service_types': [], 'tags': [], 'created_at': '2025-04-03T08:38:50Z', 'updated_at': '2025-04-03T08:38:50Z', 'revision_number': 0, 'project_id': 'e8b8ab56b87c46f9b960fc3b430197d3'}, Router: {'id': 'b91e1180-b7d1-42cf-b0f9-6bb3e931a8cd', 'name': 'tempest-VolumesAdminNegativeTest-141203958-router', 'tenant_id': 'e8b8ab56b87c46f9b960fc3b430197d3', 'admin_state_up': True, 'status': 'ACTIVE', 'external_gateway_info': {'network_id': 'b0f86ef2-9fd3-4b67-87d2-374e131129d7', 'external_fixed_ips': [{'subnet_id': '679c2117-66df-4e8e-a48c-cc7c95fdd57f', 'ip_address': '10.180.180.164'}], 'enable_snat': True}, 'description': '', 'availability_zones': [], 'distributed': False, 'ha': False, 'availability_zone_hints': [], 'routes': [], 'flavor_id': None, 'tags': [], 'created_at': '2025-04-03T08:38:50Z', 'updated_at': '2025-04-03T08:38:51Z', 'revision_number': 2, 'project_id': 'e8b8ab56b87c46f9b960fc3b430197d3'}
2025-04-03 08:38:54.111 70283 INFO tempest.lib.common.rest_client [req-c82022d4-8527-4dd2-af07-3b413ad7ff6f req-c82022d4-8527-4dd2-af07-3b413ad7ff6f ] Request (HypervisorAdminV253TestBase:tearDownClass): 204 DELETE http://10.180.1.21/identity/v3/users/300ef1b39f0547329533284a0feaf75f 0.301s
2025-04-03 08:38:54.115 70321 INFO tempest.lib.common.rest_client [req-26f51fe6-5d99-444e-a463-8038ddfc067e req-26f51fe6-5d99-444e-a463-8038ddfc067e ] Request (HypervisorAdminV228Test:tearDownClass): 200 GET http://10.180.1.21:9696/networking/v2.0/security-groups?tenant_id=8e9285ec77144cf2bf92137d53d19ff3&name=default 0.330s
2025-04-03 08:38:54.165 70301 INFO tempest.lib.common.rest_client [req-7a728757-4432-4088-a6ef-cb667917056b req-7a728757-4432-4088-a6ef-cb667917056b ] Request (ValidationResourcesFixture:setUp): 200 POST http://10.180.1.21/compute/v2.1/os-keypairs 2.405s
2025-04-03 08:38:54.185 70299 INFO tempest.lib.common.rest_client [req-c83ebe11-beda-48ba-b3b5-dccfbdefd8c9 req-c83ebe11-beda-48ba-b3b5-dccfbdefd8c9 ] Request (KeyPairsV210TestJSON:test_admin_manage_keypairs_for_other_users): 200 GET http://10.180.1.21/compute/v2.1/os-keypairs/tempest-keypair-392357709?user_id=d982cc0b2aa64e81ab5d82d5d598dde5 2.391s
2025-04-03 08:38:54.238 70275 INFO tempest.lib.common.rest_client [req-8b640361-2b10-402c-bdb9-ff9df2b80f20 req-8b640361-2b10-402c-bdb9-ff9df2b80f20 ] Request (InstanceUsageAuditLogTestJSON:tearDownClass): 204 DELETE http://10.180.1.21/identity/v3/projects/124330ae13b847899d4ced323b0d7cc7 0.397s
2025-04-03 08:38:54.239 70275 INFO tempest.lib.common.dynamic_creds [-] Deleting project and security group for project: 69033630da2d4fffbc871bad6baef26c
2025-04-03 08:38:54.277 70321 INFO tempest.lib.common.rest_client [req-d9c4cc05-8beb-4f82-bfad-e74c9d331114 req-d9c4cc05-8beb-4f82-bfad-e74c9d331114 ] Request (HypervisorAdminV228Test:tearDownClass): 204 DELETE http://10.180.1.21:9696/networking/v2.0/security-groups/beb62c4d-30a0-4275-9124-acfd3049a47b 0.161s
2025-04-03 08:38:54.336 70317 INFO tempest.lib.common.rest_client [req-ff839e03-0f36-45a2-bacc-aade496cd827 req-ff839e03-0f36-45a2-bacc-aade496cd827 ] Request (NetworksTest:tearDownClass): 204 DELETE http://10.180.1.21/identity/v3/projects/e3ae94bc3caf41b383907d0351ef21d0 0.444s
2025-04-03 08:38:54.366 70301 INFO tempest.lib.common.rest_client [req-8077f9ce-23c2-401f-911c-8f082dc1c622 req-8077f9ce-23c2-401f-911c-8f082dc1c622 ] Request (ValidationResourcesFixture:setUp): 201 POST http://10.180.1.21:9696/networking/v2.0/security-groups 0.199s
2025-04-03 08:38:54.433 70271 INFO tempest.lib.common.rest_client [req-cd1055cd-c372-406c-ae3a-c2da8f0f4b64 req-cd1055cd-c372-406c-ae3a-c2da8f0f4b64 ] Request (SecurityGroupRulesNegativeTestJSON:setUpClass): 201 POST http://10.180.1.21/identity/v3/auth/tokens 0.458s
2025-04-03 08:38:54.437 70309 INFO tempest.lib.common.rest_client [req-18218a67-29e7-4b45-af37-8cba75b638c5 req-18218a67-29e7-4b45-af37-8cba75b638c5 ] Request (FloatingIPDetailsNegativeTestJSON:setUpClass): 201 POST http://10.180.1.21/identity/v3/auth/tokens 0.488s
2025-04-03 08:38:54.438 70275 INFO tempest.lib.common.rest_client [req-0902dd70-0dda-4e9e-8a4a-05056ffb99ed req-0902dd70-0dda-4e9e-8a4a-05056ffb99ed ] Request (InstanceUsageAuditLogTestJSON:tearDownClass): 200 GET http://10.180.1.21:9696/networking/v2.0/security-groups?tenant_id=69033630da2d4fffbc871bad6baef26c&name=default 0.199s
2025-04-03 08:38:54.526 70307 INFO tempest.lib.common.rest_client [req-b4016d8b-9be9-44a0-a3ea-76a058fac10d req-b4016d8b-9be9-44a0-a3ea-76a058fac10d ] Request (VolumesAdminNegativeTest:setUpClass): 201 POST http://10.180.1.21/identity/v3/auth/tokens 0.471s
2025-04-03 08:38:54.548 70283 INFO tempest.lib.common.rest_client [req-fc085f6a-f0a3-4cac-afce-1ce1d9ebfa36 req-fc085f6a-f0a3-4cac-afce-1ce1d9ebfa36 ] Request (HypervisorAdminV253TestBase:tearDownClass): 204 DELETE http://10.180.1.21/identity/v3/users/cd5976599dcc496588ef25e82407d30a 0.437s
2025-04-03 08:38:54.548 70283 INFO tempest.lib.common.dynamic_creds [-] Deleting project and security group for project: 1a0dc0df16eb49e7b930a213ad087032
2025-04-03 08:38:54.590 70275 INFO tempest.lib.common.rest_client [req-26a8425b-1013-4b6c-bb1d-849dbc2d010b req-26a8425b-1013-4b6c-bb1d-849dbc2d010b ] Request (InstanceUsageAuditLogTestJSON:tearDownClass): 204 DELETE http://10.180.1.21:9696/networking/v2.0/security-groups/14b565c8-5fc7-44ef-8c6d-42116e1ab7f6 0.151s
2025-04-03 08:38:54.624 70317 INFO tempest.lib.common.rest_client [req-a0bf2fa7-fe50-499b-9e47-a73a2d30cbe1 req-a0bf2fa7-fe50-499b-9e47-a73a2d30cbe1 ] Request (QuotasAdminTestV257:setUpClass): 201 POST http://10.180.1.21/identity/v3/auth/tokens 0.286s
2025-04-03 08:38:54.670 70301 INFO tempest.lib.common.rest_client [req-bb5f5765-0ec4-44ad-9a34-0f1c3bd13bbd req-bb5f5765-0ec4-44ad-9a34-0f1c3bd13bbd ] Request (ValidationResourcesFixture:setUp): 201 POST http://10.180.1.21:9696/networking/v2.0/security-group-rules 0.303s
2025-04-03 08:38:54.688 70321 INFO tempest.lib.common.rest_client [req-546265e9-3b6c-4002-b391-44c4a7237c86 req-546265e9-3b6c-4002-b391-44c4a7237c86 ] Request (HypervisorAdminV228Test:tearDownClass): 204 DELETE http://10.180.1.21/identity/v3/projects/8e9285ec77144cf2bf92137d53d19ff3 0.411s
2025-04-03 08:38:54.690 70271 INFO tempest.lib.common.rest_client [req-d7b8b1fc-e4ff-40bb-acb5-80b3f4ddf9b2 req-d7b8b1fc-e4ff-40bb-acb5-80b3f4ddf9b2 ] Request (SecurityGroupRulesNegativeTestJSON:setUpClass): 201 POST http://10.180.1.21/identity/v3/auth/tokens 0.253s
2025-04-03 08:38:54.712 70295 INFO tempest.lib.common.rest_client [req-97df67c7-b32c-4c9d-8564-67c6bc52f79a req-97df67c7-b32c-4c9d-8564-67c6bc52f79a ] Request (QuotasAdminNegativeTest:test_create_server_when_cpu_quota_is_full): 403 POST http://10.180.1.21/compute/v2.1/servers 2.937s
2025-04-03 08:38:54.717 70309 INFO tempest.lib.common.rest_client [req-19491f03-5f23-4398-83c6-0f1e2abeacf0 req-19491f03-5f23-4398-83c6-0f1e2abeacf0 ] Request (FloatingIPDetailsNegativeTestJSON:setUpClass): 201 POST http://10.180.1.21/identity/v3/auth/tokens 0.276s
2025-04-03 08:38:54.719 70319 INFO tempest.lib.common.rest_client [req-49407766-faab-4f16-8228-eb6cc47fefb5 req-49407766-faab-4f16-8228-eb6cc47fefb5 ] Request (HypervisorAdminNegativeTestJSON:test_get_hypervisor_uptime_with_non_admin_user): 403 GET http://10.180.1.21/compute/v2.1/os-hypervisors/1/uptime 2.581s
2025-04-03 08:38:54.725 70307 INFO tempest.lib.common.rest_client [req-f877b98e-41e6-47c4-a0d0-ee483b013af6 req-f877b98e-41e6-47c4-a0d0-ee483b013af6 ] Request (VolumesAdminNegativeTest:setUpClass): 201 POST http://10.180.1.21/identity/v3/projects 0.198s
2025-04-03 08:38:54.734 70277 INFO tempest.lib.common.rest_client [req-b12f2fe7-1e86-4076-bf9e-42b220c7f848 req-b12f2fe7-1e86-4076-bf9e-42b220c7f848 ] Request (FlavorsExtraSpecsNegativeTestJSON:test_flavor_unset_nonexistent_key): 404 DELETE http://10.180.1.21/compute/v2.1/flavors/838971873/os-extra_specs/hw:cpu_thread_policy 2.592s
2025-04-03 08:38:54.764 70273 INFO tempest.lib.common.rest_client [req-bd21cd25-6fbc-48c5-8c02-b4231baff95a req-bd21cd25-6fbc-48c5-8c02-b4231baff95a ] Request (FlavorsAdminTestJSON:_run_cleanups): 200 GET http://10.180.1.21/compute/v2.1/flavors/detail 2.598s
2025-04-03 08:38:54.774 70283 INFO tempest.lib.common.rest_client [req-3bd9565f-2eb0-4017-80c9-09e705b890e5 req-3bd9565f-2eb0-4017-80c9-09e705b890e5 ] Request (HypervisorAdminV253TestBase:tearDownClass): 201 POST http://10.180.1.21/identity/v3/auth/tokens 0.225s
2025-04-03 08:38:54.789 70301 INFO tempest.lib.common.rest_client [req-6549a410-6f9b-401b-9f81-708d846795a5 req-6549a410-6f9b-401b-9f81-708d846795a5 ] Request (ValidationResourcesFixture:setUp): 201 POST http://10.180.1.21:9696/networking/v2.0/security-group-rules 0.118s
2025-04-03 08:38:54.827 70275 INFO tempest.lib.common.rest_client [req-ec7fc902-1a1e-4a1c-8cef-1c9620e63bf6 req-ec7fc902-1a1e-4a1c-8cef-1c9620e63bf6 ] Request (InstanceUsageAuditLogTestJSON:tearDownClass): 204 DELETE http://10.180.1.21/identity/v3/projects/69033630da2d4fffbc871bad6baef26c 0.237s
2025-04-03 08:38:54.828 70275 INFO tempest.test [-] raised in LiveAutoBlockMigrationV225Test.setUpClass. Invoking tearDownClass.
2025-04-03 08:38:54.830 70275 INFO tempest.test [-] raised in UpdateMultiattachVolumeNegativeTest.setUpClass. Invoking tearDownClass.
2025-04-03 08:38:54.887 70317 INFO tempest.lib.common.rest_client [req-2a20dded-d077-473a-b522-bf90b896b322 req-2a20dded-d077-473a-b522-bf90b896b322 ] Request (QuotasAdminTestV257:setUpClass): 201 POST http://10.180.1.21/identity/v3/auth/tokens 0.260s
2025-04-03 08:38:54.892 70321 INFO tempest.lib.common.rest_client [req-d0554321-f340-4453-9593-49e94a83c5cc req-d0554321-f340-4453-9593-49e94a83c5cc ] Request (FloatingIPsAssociationNegativeTestJSON:setUpClass): 201 POST http://10.180.1.21/identity/v3/auth/tokens 0.202s
2025-04-03 08:38:54.893 70287 INFO tempest.lib.common.rest_client [req-93c6c4d3-b50f-4154-afbf-69f8a3ca2364 req-93c6c4d3-b50f-4154-afbf-69f8a3ca2364 ] Request (QuotasAdminTestV236:test_get_updated_quotas): 200 GET http://10.180.1.21/compute/v2.1/os-quota-sets/75fce4d882a54ab38b3dbc8e607f069b/detail 2.871s
2025-04-03 08:38:54.905 70279 INFO tempest.lib.common.rest_client [req-2ccb79a2-17bc-48f2-8890-c33cb1a70316 req-2ccb79a2-17bc-48f2-8890-c33cb1a70316 ] Request (KeyPairsV2TestJSON:test_get_keypair_detail): 200 GET http://10.180.1.21/compute/v2.1/os-keypairs/tempest-keypair-1513539902 2.583s
2025-04-03 08:38:54.910 70271 INFO tempest.lib.common.rest_client [req-5314593c-0dd0-489e-8eb0-a79236439444 req-5314593c-0dd0-489e-8eb0-a79236439444 ] Request (SecurityGroupRulesNegativeTestJSON:setUpClass): 200 GET http://10.180.1.21/identity/v3/domains?name=Default 0.219s
2025-04-03 08:38:54.918 70325 INFO tempest.lib.common.rest_client [req-476ecebd-98ef-459d-bc51-a91cbd2fdbde req-476ecebd-98ef-459d-bc51-a91cbd2fdbde ] Request (HypervisorAdminNegativeUnderV252Test:test_search_nonexistent_hypervisor): 404 GET http://10.180.1.21/compute/v2.1/os-hypervisors/nonexistent_hypervisor_name/search 2.451s
2025-04-03 08:38:54.918 70309 INFO tempest.lib.common.rest_client [req-59b89a88-7d90-4a8e-8c09-2ed97b34052b req-59b89a88-7d90-4a8e-8c09-2ed97b34052b ] Request (FloatingIPDetailsNegativeTestJSON:setUpClass): 200 GET http://10.180.1.21/identity/v3/domains?name=Default 0.201s
2025-04-03 08:38:54.937 70307 INFO tempest.lib.common.rest_client [req-0835edee-2f72-4598-bfb0-50e8477ce4a1 req-0835edee-2f72-4598-bfb0-50e8477ce4a1 ] Request (VolumesAdminNegativeTest:setUpClass): 201 POST http://10.180.1.21/identity/v3/users 0.212s
2025-04-03 08:38:54.938 70315 INFO tempest.lib.common.rest_client [req-2d9244a3-de5b-42e1-8cc1-b0180ed7fb91 req-2d9244a3-de5b-42e1-8cc1-b0180ed7fb91 ] Request (ServicesAdminNegativeV253TestJSON:test_enable_service_with_invalid_service_id): 404 PUT http://10.180.1.21/compute/v2.1/os-services/0d14864e-787a-43f8-83b5-ed7526e95f1a 2.284s
2025-04-03 08:38:54.962 70297 INFO tempest.lib.common.rest_client [req-a9cc3f65-e4cf-4037-a781-481f57e05c36 req-a9cc3f65-e4cf-4037-a781-481f57e05c36 ] Request (FlavorsV261TestJSON:test_crud_flavor): 200 GET http://10.180.1.21/compute/v2.1/flavors/detail 2.255s
2025-04-03 08:38:54.963 70275 INFO tempest.lib.common.rest_client [req-f417d3c7-9dab-4038-9103-084bcafda39a req-f417d3c7-9dab-4038-9103-084bcafda39a ] Request (ServerShowV247Test:setUpClass): 201 POST http://10.180.1.21/identity/v3/auth/tokens 0.129s
2025-04-03 08:38:54.989 70317 INFO tempest.lib.common.rest_client [req-1fd3e162-2dc2-467c-a6fc-90c90061a854 req-1fd3e162-2dc2-467c-a6fc-90c90061a854 ] Request (QuotasAdminTestV257:setUpClass): 200 GET http://10.180.1.21/identity/v3/domains?name=Default 0.102s
2025-04-03 08:38:54.993 70281 INFO tempest.lib.common.rest_client [req-e336a7fb-f629-47c5-941d-47b3123c2fcf req-e336a7fb-f629-47c5-941d-47b3123c2fcf ] Request (VolumesAssistedSnapshotsTest:setUpClass): 201 POST http://10.180.1.21:9696/networking/v2.0/routers 1.367s
2025-04-03 08:38:55.008 70321 INFO tempest.lib.common.rest_client [req-2e5b0a01-8d86-4fad-89f2-4042e53d2ca2 req-2e5b0a01-8d86-4fad-89f2-4042e53d2ca2 ] Request (FloatingIPsAssociationNegativeTestJSON:setUpClass): 201 POST http://10.180.1.21/identity/v3/auth/tokens 0.114s
2025-04-03 08:38:55.018 70287 INFO tempest.lib.common.rest_client [req-ed332a0e-52f8-4857-82db-bc6379d181cc req-ed332a0e-52f8-4857-82db-bc6379d181cc ] Request (QuotasAdminTestV236:test_get_updated_quotas): 200 GET http://10.180.1.21/identity/v3/domains?name=Default 0.117s
2025-04-03 08:38:55.037 70271 INFO tempest.lib.common.rest_client [req-aee6fd34-c01c-40bc-aeb1-846ed6dbe2a0 req-aee6fd34-c01c-40bc-aeb1-846ed6dbe2a0 ] Request (SecurityGroupRulesNegativeTestJSON:setUpClass): 201 POST http://10.180.1.21/identity/v3/projects 0.127s
2025-04-03 08:38:55.049 70309 INFO tempest.lib.common.rest_client [req-8d105896-5f08-46a3-94a2-3bebe3d84f4f req-8d105896-5f08-46a3-94a2-3bebe3d84f4f ] Request (FloatingIPDetailsNegativeTestJSON:setUpClass): 201 POST http://10.180.1.21/identity/v3/projects 0.130s
2025-04-03 08:38:55.056 70285 INFO tempest.lib.common.rest_client [req-bb41ea7b-1363-4a28-a272-7bea0dbddada req-bb41ea7b-1363-4a28-a272-7bea0dbddada ] Request (ServersAdminNegativeTestJSON:setUpClass): 200 GET http://10.180.1.21/compute/v2.1/servers/2244e8ad-75f6-42bc-a97d-7f26eaba1aa2 1.771s
2025-04-03 08:38:55.079 70333 INFO tempest.lib.common.rest_client [req-4fce5e04-52fb-45c3-8bf1-52830c21c1d3 req-4fce5e04-52fb-45c3-8bf1-52830c21c1d3 ] Request (HostsAdminTestJSON:test_list_hosts_with_nonexistent_zone): 200 GET http://10.180.1.21/compute/v2.1/os-hosts?zone=xxx 1.757s
2025-04-03 08:38:55.109 70275 INFO tempest.lib.common.rest_client [req-12fb32c0-6486-46d5-91fb-49a95c8b29ec req-12fb32c0-6486-46d5-91fb-49a95c8b29ec ] Request (ServerShowV247Test:setUpClass): 201 POST http://10.180.1.21/identity/v3/auth/tokens 0.143s
2025-04-03 08:38:55.134 70307 INFO tempest.lib.common.rest_client [req-954df29b-169b-49e0-b201-95bd9d485cbe req-954df29b-169b-49e0-b201-95bd9d485cbe ] Request (VolumesAdminNegativeTest:setUpClass): 200 GET http://10.180.1.21/identity/v3/roles 0.196s
2025-04-03 08:38:55.152 70327 INFO tempest.lib.common.rest_client [req-df87340a-0a3d-4c12-bf48-e917444ecaf8 req-df87340a-0a3d-4c12-bf48-e917444ecaf8 ] Request (MigrationsAdminTest:test_list_migrations_in_flavor_resize_situation): 200 GET http://10.180.1.21/compute/v2.1/servers/dbad6bed-64ba-4dfd-abad-c0b2c775ba2c 1.812s
2025-04-03 08:38:55.161 70317 INFO tempest.lib.common.rest_client [req-80b9d063-f33c-4ce2-8a7f-f2e497533161 req-80b9d063-f33c-4ce2-8a7f-f2e497533161 ] Request (QuotasAdminTestV257:setUpClass): 201 POST http://10.180.1.21/identity/v3/projects 0.171s
2025-04-03 08:38:55.167 70283 INFO tempest.lib.common.rest_client [req-6a012173-51b3-49a3-87c0-fa0c9543d4cd req-6a012173-51b3-49a3-87c0-fa0c9543d4cd ] Request (HypervisorAdminV253TestBase:tearDownClass): 200 GET http://10.180.1.21:9696/networking/v2.0/security-groups?tenant_id=1a0dc0df16eb49e7b930a213ad087032&name=default 0.392s
2025-04-03 08:38:55.179 70329 INFO tempest.lib.common.rest_client [req-b39de74c-ead8-4a52-b248-7ca4b5f694d7 req-b39de74c-ead8-4a52-b248-7ca4b5f694d7 ] Request (HypervisorAdminUnderV252Test:test_search_hypervisor): 200 GET http://10.180.1.21/compute/v2.1/os-hypervisors 1.767s
2025-04-03 08:38:55.206 70321 INFO tempest.lib.common.rest_client [req-ee71c887-b32c-43c3-8580-d94ce4939204 req-ee71c887-b32c-43c3-8580-d94ce4939204 ] Request (FloatingIPsAssociationNegativeTestJSON:setUpClass): 200 GET http://10.180.1.21/identity/v3/domains?name=Default 0.197s
2025-04-03 08:38:55.228 70271 INFO tempest.lib.common.rest_client [req-625b1594-a5fa-48fc-90b4-2ac3b9569aa3 req-625b1594-a5fa-48fc-90b4-2ac3b9569aa3 ] Request (SecurityGroupRulesNegativeTestJSON:setUpClass): 201 POST http://10.180.1.21/identity/v3/users 0.190s
2025-04-03 08:38:55.236 70287 INFO tempest.lib.common.rest_client [req-985f0c08-c347-45ab-9149-170dba575474 req-985f0c08-c347-45ab-9149-170dba575474 ] Request (QuotasAdminTestV236:test_get_updated_quotas): 201 POST http://10.180.1.21/identity/v3/users 0.218s
2025-04-03 08:38:55.251 70309 INFO tempest.lib.common.rest_client [req-9734c0c9-cdea-4647-bb6b-638b558ae135 req-9734c0c9-cdea-4647-bb6b-638b558ae135 ] Request (FloatingIPDetailsNegativeTestJSON:setUpClass): 201 POST http://10.180.1.21/identity/v3/users 0.201s
2025-04-03 08:38:55.257 70275 INFO tempest.lib.common.rest_client [req-bb539b75-8aee-42dc-bf6c-49d8d370c642 req-bb539b75-8aee-42dc-bf6c-49d8d370c642 ] Request (ServerShowV247Test:setUpClass): 200 GET http://10.180.1.21/identity/v3/domains?name=Default 0.147s
2025-04-03 08:38:55.273 70307 INFO tempest.lib.common.rest_client [req-7e53827c-34df-400d-8ff5-b88b138554ff req-7e53827c-34df-400d-8ff5-b88b138554ff ] Request (VolumesAdminNegativeTest:setUpClass): 204 PUT http://10.180.1.21/identity/v3/projects/68bdf4c86ef748839a71691475987110/users/a1b70548bf7543ba9b3eab246e734fca/roles/ab66d8d8b1284bc4a90985ab18785fab 0.139s
2025-04-03 08:38:55.278 70317 INFO tempest.lib.common.rest_client [req-7f3eeabb-05a1-4288-a3db-3d6a676cb6d5 req-7f3eeabb-05a1-4288-a3db-3d6a676cb6d5 ] Request (QuotasAdminTestV257:setUpClass): 201 POST http://10.180.1.21/identity/v3/users 0.115s
2025-04-03 08:38:55.280 70283 INFO tempest.lib.common.rest_client [req-68a2fb0e-18c8-44a0-aa41-9f57014693c4 req-68a2fb0e-18c8-44a0-aa41-9f57014693c4 ] Request (HypervisorAdminV253TestBase:tearDownClass): 204 DELETE http://10.180.1.21:9696/networking/v2.0/security-groups/e36381fc-9a85-4a9e-9e02-c5704a3e6527 0.112s
2025-04-03 08:38:55.311 70301 INFO tempest.lib.common.rest_client [req-81cb7dd0-fd5a-487d-88cc-43753f021816 req-81cb7dd0-fd5a-487d-88cc-43753f021816 ] Request (ValidationResourcesFixture:setUp): 201 POST http://10.180.1.21:9696/networking/v2.0/floatingips 0.521s
2025-04-03 08:38:55.399 70305 INFO tempest.lib.common.rest_client [req-3b73e788-2142-4169-8c14-6f0de12f1a29 req-3b73e788-2142-4169-8c14-6f0de12f1a29 ] Request (ServersWithSpecificFlavorTestJSON:test_verify_created_server_ephemeral_disk): 200 GET http://10.180.1.21/compute/v2.1/flavors/42 1.960s
2025-04-03 08:38:55.425 70321 INFO tempest.lib.common.rest_client [req-fac8c2ff-9a2d-4d3a-a031-11345447d78e req-fac8c2ff-9a2d-4d3a-a031-11345447d78e ] Request (FloatingIPsAssociationNegativeTestJSON:setUpClass): 201 POST http://10.180.1.21/identity/v3/projects 0.219s
2025-04-03 08:38:55.432 70289 INFO tempest.lib.common.rest_client [req-3f47a65c-0a9d-45f0-8126-fb92886b35e6 req-3f47a65c-0a9d-45f0-8126-fb92886b35e6 ] Request (AggregatesAdminNegativeTestJSON:test_aggregate_add_existent_host): 200 POST http://10.180.1.21/compute/v2.1/os-aggregates/1/action 3.221s
2025-04-03 08:38:55.466 70331 INFO tempest.lib.common.rest_client [req-4d0df031-0686-4586-b2c5-0b37abe03800 req-4d0df031-0686-4586-b2c5-0b37abe03800 ] Request (FlavorsAccessTestJSON:test_flavor_access_add_remove): 200 GET http://10.180.1.21/compute/v2.1/flavors/detail 1.618s
2025-04-03 08:38:55.482 70287 INFO tempest.lib.common.rest_client [req-1305c329-f0f6-43f4-853d-751e4b959dce req-1305c329-f0f6-43f4-853d-751e4b959dce ] Request (QuotasAdminTestV236:test_get_updated_quotas): 200 GET http://10.180.1.21/identity/v3/domains?name=Default 0.245s
2025-04-03 08:38:55.495 70271 INFO tempest.lib.common.rest_client [req-0239e4d3-a6e7-4ee7-a3a9-378a08e39c4b req-0239e4d3-a6e7-4ee7-a3a9-378a08e39c4b ] Request (SecurityGroupRulesNegativeTestJSON:setUpClass): 200 GET http://10.180.1.21/identity/v3/roles 0.266s
2025-04-03 08:38:55.503 70309 INFO tempest.lib.common.rest_client [req-758d309f-b4ad-4fe3-b9b0-0f5abe02c31c req-758d309f-b4ad-4fe3-b9b0-0f5abe02c31c ] Request (FloatingIPDetailsNegativeTestJSON:setUpClass): 200 GET http://10.180.1.21/identity/v3/roles 0.251s
2025-04-03 08:38:55.506 70299 INFO tempest.lib.common.rest_client [req-177ba44e-5dc6-4784-9aaf-e14c7faf1935 req-177ba44e-5dc6-4784-9aaf-e14c7faf1935 ] Request (KeyPairsV210TestJSON:test_admin_manage_keypairs_for_other_users): 201 POST http://10.180.1.21/compute/v2.1/os-keypairs 1.317s
2025-04-03 08:38:55.522 70307 INFO tempest.lib.common.rest_client [req-a72d2ae2-4763-40cb-a1cc-3d6157993ddd req-a72d2ae2-4763-40cb-a1cc-3d6157993ddd ] Request (VolumesAdminNegativeTest:setUpClass): 200 GET http://10.180.1.21/identity/v3/roles 0.248s
2025-04-03 08:38:55.524 70275 INFO tempest.lib.common.rest_client [req-2679f033-1159-4cbd-915c-c7160cd04ae3 req-2679f033-1159-4cbd-915c-c7160cd04ae3 ] Request (ServerShowV247Test:setUpClass): 201 POST http://10.180.1.21/identity/v3/projects 0.266s
2025-04-03 08:38:55.559 70313 INFO tempest.lib.common.rest_client [req-86ea9219-31bf-453f-b2b3-bbde0b3971c7 req-86ea9219-31bf-453f-b2b3-bbde0b3971c7 ] Request (FloatingIPsTestJSON:test_allocate_floating_ip): 200 GET http://10.180.1.21/compute/v2.1/os-floating-ips 1.933s
2025-04-03 08:38:55.577 70317 INFO tempest.lib.common.rest_client [req-04bbe59d-9c04-4d19-b18d-816576a149a9 req-04bbe59d-9c04-4d19-b18d-816576a149a9 ] Request (QuotasAdminTestV257:setUpClass): 200 GET http://10.180.1.21/identity/v3/roles 0.299s
2025-04-03 08:38:55.580 70291 INFO tempest.lib.common.rest_client [req-c6f01c60-a656-4a6e-ad23-1ae2bde9056c req-c6f01c60-a656-4a6e-ad23-1ae2bde9056c ] Request (ServerDiagnosticsTest:test_get_server_diagnostics): 200 GET http://10.180.1.21/compute/v2.1/servers/91666839-f440-499e-acf0-07d352e701ab 1.016s
2025-04-03 08:38:55.611 70293 INFO tempest.lib.common.rest_client [req-5cd19d8d-20ed-446a-a35b-9198af229b28 req-5cd19d8d-20ed-446a-a35b-9198af229b28 ] Request (DeleteServersAdminTestJSON:test_admin_delete_servers_of_others): 200 GET http://10.180.1.21/compute/v2.1/servers/2e374549-00a2-4014-90e0-ceccbe4360fa 0.962s
2025-04-03 08:38:55.611 70283 INFO tempest.lib.common.rest_client [req-fd265973-8fc2-455d-b024-82fe1051749d req-fd265973-8fc2-455d-b024-82fe1051749d ] Request (HypervisorAdminV253TestBase:tearDownClass): 204 DELETE http://10.180.1.21/identity/v3/projects/1a0dc0df16eb49e7b930a213ad087032 0.331s
2025-04-03 08:38:55.611 70283 INFO tempest.lib.common.dynamic_creds [-] Deleting project and security group for project: 952784c144d6419086dd6497c3000768
2025-04-03 08:38:55.616 70319 INFO tempest.lib.common.rest_client [req-0c0019e1-e0e7-4ef0-a820-6d661c12faca req-0c0019e1-e0e7-4ef0-a820-6d661c12faca ] Request (HypervisorAdminNegativeTestJSON:test_get_nonexistent_hypervisor_uptime): 404 GET http://10.180.1.21/compute/v2.1/os-hypervisors/c0b0cc1f-216f-48e1-ac3b-87a4545453ca/uptime 0.896s
2025-04-03 08:38:55.622 70277 INFO tempest.lib.common.rest_client [req-3365d2d3-f9f6-46c4-86d7-4c74cffc3c36 req-3365d2d3-f9f6-46c4-86d7-4c74cffc3c36 ] Request (FlavorsExtraSpecsNegativeTestJSON:test_flavor_update_mismatch_key): 400 PUT http://10.180.1.21/compute/v2.1/flavors/838971873/os-extra_specs/hw:numa_nodes 0.887s
2025-04-03 08:38:55.623 70293 INFO tempest.common.waiters [-] State transition "BUILD/None" ==> "BUILD/networking" after 2 second wait
2025-04-03 08:38:55.631 70301 INFO tempest.lib.common.rest_client [req-00ddb5ca-a6d3-4f79-a743-c1da46e54db2 req-00ddb5ca-a6d3-4f79-a743-c1da46e54db2 ] Request (AttachInterfacesUnderV243Test:test_add_remove_fixed_ip): 201 POST http://10.180.1.21/identity/v3/auth/tokens 0.317s
2025-04-03 08:38:55.631 70301 INFO tempest.lib.common.fixed_network [-] (AttachInterfacesUnderV243Test:test_add_remove_fixed_ip) Found network {'id': 'f408d322-470b-4fe5-9b10-67ef413491d1', 'name': 'tempest-AttachInterfacesUnderV243Test-1757029696-network', 'tenant_id': '5543f4937e604cc189cc63c178705112', 'admin_state_up': True, 'mtu': 8950, 'status': 'ACTIVE', 'subnets': [], 'shared': False, 'project_id': '5543f4937e604cc189cc63c178705112', 'port_security_enabled': True, 'router:external': False, 'provider:network_type': 'vlan', 'provider:physical_network': 'default', 'provider:segmentation_id': 209, 'availability_zone_hints': [], 'availability_zones': [], 'ipv4_address_scope': None, 'ipv6_address_scope': None, 'description': '', 'tags': [], 'created_at': '2025-04-03T08:38:48Z', 'updated_at': '2025-04-03T08:38:48Z', 'revision_number': 1} available for tenant
2025-04-03 08:38:55.641 70273 INFO tempest.lib.common.rest_client [req-f1cc7f9b-1440-44ec-b6fa-3ff6d0a2b565 req-f1cc7f9b-1440-44ec-b6fa-3ff6d0a2b565 ] Request (FlavorsAdminTestJSON:test_create_flavor_verify_entry_in_list_details): 200 POST http://10.180.1.21/compute/v2.1/flavors 0.865s
2025-04-03 08:38:55.667 70321 INFO tempest.lib.common.rest_client [req-d630fa28-2efd-4f15-a040-be5974c5ea25 req-d630fa28-2efd-4f15-a040-be5974c5ea25 ] Request (FloatingIPsAssociationNegativeTestJSON:setUpClass): 201 POST http://10.180.1.21/identity/v3/users 0.241s
