2025-04-03 08:41:02.567 70289 INFO tempest.lib.common.rest_client [req-b2a765a4-815f-48e7-b6ca-d480e6029b51 req-b2a765a4-815f-48e7-b6ca-d480e6029b51 ] Request (DeleteServersTestJSON:test_delete_active_server): 200 GET http://10.180.1.21/compute/v2.1/servers/5f672fd4-b96f-4506-aa1e-96692a00cb43 0.228s
2025-04-03 08:41:02.598 70311 INFO tempest.lib.common.rest_client [req-154cc904-cc9b-412b-8946-812456eba982 req-154cc904-cc9b-412b-8946-812456eba982 ] Request (ListImageFiltersTestJSON:setUpClass): 200 GET http://10.180.1.21/compute/v2.1/images/40fec83b-63f3-470e-97c8-2b8af2ced26e 0.188s
2025-04-03 08:41:02.609 70299 INFO tempest.lib.common.rest_client [req-dd3dae2d-be39-4e37-852e-a85ca7b3f6b7 req-dd3dae2d-be39-4e37-852e-a85ca7b3f6b7 ] Request (FloatingIPsAssociationTestJSON:test_associate_already_associated_floating_ip): 200 GET http://10.180.1.21/compute/v2.1/servers/0b284e71-7af2-4782-b950-4f7eac5221a4 0.258s
2025-04-03 08:41:02.652 70293 INFO tempest.lib.common.rest_client [req-f2855c80-3f55-4c14-be4e-2c859a746843 req-f2855c80-3f55-4c14-be4e-2c859a746843 ] Request (DeleteServersAdminTestJSON:test_delete_server_while_in_error_state): 200 GET http://10.180.1.21/compute/v2.1/servers/6e8286a3-6fd1-44ee-a5ca-b21f3178334d 0.066s
2025-04-03 08:41:02.738 70311 INFO tempest.lib.common.rest_client [req-09f003f0-2c7c-4c70-89ad-f837bc2374fd req-09f003f0-2c7c-4c70-89ad-f837bc2374fd ] Request (ListImageFiltersTestJSON:setUpClass): 200 GET http://10.180.1.21/compute/v2.1/servers/e4013007-fd79-4d70-a9d1-70a4c621c0ea 0.136s
2025-04-03 08:41:02.921 70323 INFO tempest.lib.common.rest_client [req-e970e0de-2fdc-44b6-aa82-a83b5999571a req-e970e0de-2fdc-44b6-aa82-a83b5999571a ] Request (ListServerFiltersTestJSON:setUpClass): 200 GET http://10.180.1.21/compute/v2.1/servers/d4f87534-813e-4ff6-8b1f-ee23cb0b8e80 0.061s
2025-04-03 08:41:03.076 70271 INFO tempest.lib.common.rest_client [req-88710688-1a76-4af4-9599-1c7b03e7f988 req-88710688-1a76-4af4-9599-1c7b03e7f988 ] Request (ServerRescueTestJSONUnderV235:setUpClass): 200 GET http://10.180.1.21/compute/v2.1/servers/ce6f9a88-faa8-442e-8b48-64979dd2d03e 0.096s
2025-04-03 08:41:03.127 70291 INFO tempest.lib.common.rest_client [req-307154cd-3eec-4b10-9cc9-4da539e8d4b3 req-307154cd-3eec-4b10-9cc9-4da539e8d4b3 ] Request (ServersAdminTestJSON:setUpClass): 200 GET http://10.180.1.21/compute/v2.1/servers/e8caf244-413b-49bb-bdff-79aca0ccbc2b 0.051s
2025-04-03 08:41:03.188 70325 INFO tempest.lib.common.rest_client [req-8227c291-707a-4565-80de-a01d44385fa1 req-8227c291-707a-4565-80de-a01d44385fa1 ] Request (MultipleCreateTestJSON:test_multiple_create): 200 GET http://10.180.1.21/compute/v2.1/servers/493c2d85-eef5-44ae-acfc-2744685135ca 0.096s
2025-04-03 08:41:03.210 70285 INFO tempest.lib.common.rest_client [req-fdc36a28-ed85-4de3-b0ca-8181093ce43f req-fdc36a28-ed85-4de3-b0ca-8181093ce43f ] Request (ServersAdminNegativeTestJSON:tearDownClass): 200 GET http://10.180.1.21/compute/v2.1/servers/ad957c30-c923-4bbf-8841-00e99de44781 0.059s
2025-04-03 08:41:03.250 70321 INFO tempest.lib.common.rest_client [req-1570c76c-01f4-414c-8b92-dc9c0ea6e8cd req-1570c76c-01f4-414c-8b92-dc9c0ea6e8cd ] Request (ServerActionsTestJSON:setUpClass): 200 GET http://10.180.1.21/compute/v2.1/servers/eff21ec5-a51d-4004-9edf-1891f706fe9c 0.059s
2025-04-03 08:41:03.308 70309 INFO tempest.lib.common.rest_client [req-3e2400dd-c72d-49c5-8cdf-1f1ea0531e59 req-3e2400dd-c72d-49c5-8cdf-1f1ea0531e59 ] Request (ImagesOneServerTestJSON:tearDownClass): 200 GET http://10.180.1.21/compute/v2.1/servers/aeb7928a-8307-49e7-b019-a4c674e6369a 0.081s
2025-04-03 08:41:03.321 70327 INFO tempest.lib.common.rest_client [req-530f99e1-33d3-4f8a-81bd-c9afcec457f1 req-530f99e1-33d3-4f8a-81bd-c9afcec457f1 ] Request (MigrationsAdminTest:test_resize_server_revert_deleted_flavor): 200 GET http://10.180.1.21/compute/v2.1/servers/f07750f5-3f1d-4d97-98dc-285ed357cc7e 0.073s
2025-04-03 08:41:03.361 70273 INFO tempest.lib.common.rest_client [req-a073d300-ffb1-457d-8c74-29e7cceb66ec req-a073d300-ffb1-457d-8c74-29e7cceb66ec ] Request (ServersNegativeTestMultiTenantJSON:setUpClass): 200 GET http://10.180.1.21/compute/v2.1/servers/86e514bb-8b47-4605-bd85-55c6c9874320 0.081s
2025-04-03 08:41:03.399 70303 INFO tempest.lib.common.rest_client [req-f6ceaa1c-2197-4125-9093-d8e2e1c82f5d req-f6ceaa1c-2197-4125-9093-d8e2e1c82f5d ] Request (ServerExternalEventsTest:tearDownClass): 200 GET http://10.180.1.21/compute/v2.1/servers/84bff4c0-9e2e-47f2-a378-70d3c992b58b 0.093s
2025-04-03 08:41:03.434 70287 INFO tempest.lib.common.rest_client [req-0bf0b301-9441-4f1a-96fa-0db1096ebf24 req-0bf0b301-9441-4f1a-96fa-0db1096ebf24 ] Request (ImagesOneServerNegativeTestJSON:_run_cleanups): 200 GET http://10.180.1.21/compute/v2.1/servers/dca638aa-c491-431f-a0e5-d02bd76705ad 0.104s
2025-04-03 08:41:03.465 70283 INFO tempest.lib.common.rest_client [req-bcb1e9aa-31f0-4735-8aab-356ce2fed666 req-bcb1e9aa-31f0-4735-8aab-356ce2fed666 ] Request (ImagesNegativeTestJSON:test_create_image_from_deleted_server): 200 GET http://10.180.1.21/compute/v2.1/servers/3c2c8a40-919d-4280-b9be-f8d95b1a263e 0.106s
2025-04-03 08:41:03.496 70331 INFO tempest.lib.common.rest_client [req-8e01c051-6b49-49a7-b4bf-ee5f310ffebf req-8e01c051-6b49-49a7-b4bf-ee5f310ffebf ] Request (AttachInterfacesV270Test:test_create_get_list_interfaces): 200 GET http://10.180.1.21/compute/v2.1/servers/df907dda-c1a0-4aaa-8ab2-5bb8e2ac38df 0.109s
2025-04-03 08:41:03.537 70329 INFO tempest.lib.common.rest_client [req-9d4cd44a-3dbe-4e2a-8ec6-1b1d329e6776 req-9d4cd44a-3dbe-4e2a-8ec6-1b1d329e6776 ] Request (ServerRescueNegativeTestJSON:setUpClass): 200 GET http://10.180.1.21/compute/v2.1/servers/b99b73e6-3348-4d5d-aa57-f01ace0bfc42 0.124s
2025-04-03 08:41:03.556 70333 INFO tempest.lib.common.rest_client [req-d628eb37-c697-440d-a499-2c7c78ca6ddb req-d628eb37-c697-440d-a499-2c7c78ca6ddb ] Request (ServerRescueTestJSON:test_rescue_unrescue_instance): 200 GET http://10.180.1.21/compute/v2.1/servers/558ee84a-731b-4cb1-967d-cf84c8d39718 0.095s
2025-04-03 08:41:03.615 70275 INFO tempest.lib.common.rest_client [req-de34b6ac-2e0c-4a28-9b19-187b05e17d4b req-de34b6ac-2e0c-4a28-9b19-187b05e17d4b ] Request (ServerShowV247Test:tearDownClass): 200 GET http://10.180.1.21/compute/v2.1/servers/e9bc15f9-e957-487f-b8d5-d1332b185dcf 0.142s
2025-04-03 08:41:03.632 70315 INFO tempest.lib.common.rest_client [req-6f04fe9e-1abc-472f-84cb-77394e9f5897 req-6f04fe9e-1abc-472f-84cb-77394e9f5897 ] Request (ServersTestFqdnHostnames:test_create_server_with_fqdn_name): 200 GET http://10.180.1.21/compute/v2.1/servers/289cbcc2-cd8f-4c4f-9169-a897f5527de1 0.119s
2025-04-03 08:41:03.702 70297 INFO tempest.lib.common.rest_client [req-7eb24531-43b6-434a-9858-ca2d1b8818d5 req-7eb24531-43b6-434a-9858-ca2d1b8818d5 ] Request (ServersTestManualDisk:setUpClass): 200 GET http://10.180.1.21/compute/v2.1/servers/744fe018-d12c-44c2-98f1-c11fbfffc98e 0.138s
2025-04-03 08:41:03.711 70277 INFO tempest.lib.common.rest_client [req-7ec25c78-fd61-41fd-9544-83deaab2c7f3 req-7ec25c78-fd61-41fd-9544-83deaab2c7f3 ] Request (TenantUsagesTestJSON:tearDownClass): 200 GET http://10.180.1.21/compute/v2.1/servers/0bfe4393-5b2a-487f-ba7a-858ed4c861a5 0.185s
2025-04-03 08:41:03.771 70289 INFO tempest.lib.common.rest_client [req-ba7befba-74ca-44b6-98a4-82271a1586b6 req-ba7befba-74ca-44b6-98a4-82271a1586b6 ] Request (DeleteServersTestJSON:test_delete_active_server): 200 GET http://10.180.1.21/compute/v2.1/servers/5f672fd4-b96f-4506-aa1e-96692a00cb43 0.197s
2025-04-03 08:41:03.772 70299 INFO tempest.lib.common.rest_client [req-8a4fa8fb-502b-4c2a-bc9a-9f5e4148afac req-8a4fa8fb-502b-4c2a-bc9a-9f5e4148afac ] Request (FloatingIPsAssociationTestJSON:test_associate_already_associated_floating_ip): 200 GET http://10.180.1.21/compute/v2.1/servers/0b284e71-7af2-4782-b950-4f7eac5221a4 0.155s
2025-04-03 08:41:03.830 70293 INFO tempest.lib.common.rest_client [req-fc754acb-3e0b-49ca-8658-031de48a42fa req-fc754acb-3e0b-49ca-8658-031de48a42fa ] Request (DeleteServersAdminTestJSON:test_delete_server_while_in_error_state): 200 GET http://10.180.1.21/compute/v2.1/servers/6e8286a3-6fd1-44ee-a5ca-b21f3178334d 0.166s
2025-04-03 08:41:03.846 70305 WARNING tempest.lib.common.ssh [-] Failed to establish authenticated ssh connection to cirros@10.180.180.148 ([Errno None] Unable to connect to port 22 on 10.180.180.148). Number attempts: 9. Retry after 10 seconds.: paramiko.ssh_exception.NoValidConnectionsError: [Errno None] Unable to connect to port 22 on 10.180.180.148
2025-04-03 08:41:03.872 70311 INFO tempest.lib.common.rest_client [req-a2ed9ac8-4d53-45d6-b2d0-8e4a018d52f0 req-a2ed9ac8-4d53-45d6-b2d0-8e4a018d52f0 ] Request (ListImageFiltersTestJSON:setUpClass): 200 GET http://10.180.1.21/compute/v2.1/servers/e4013007-fd79-4d70-a9d1-70a4c621c0ea 0.123s
2025-04-03 08:41:03.879 70311 INFO tempest.common.waiters [-] State transition "ACTIVE/image_uploading" ==> "ACTIVE/None" after 1 second wait
2025-04-03 08:41:03.982 70323 INFO tempest.lib.common.rest_client [req-7740ca99-3c91-403a-8cdf-cda4dc2351c4 req-7740ca99-3c91-403a-8cdf-cda4dc2351c4 ] Request (ListServerFiltersTestJSON:setUpClass): 200 GET http://10.180.1.21/compute/v2.1/servers/d4f87534-813e-4ff6-8b1f-ee23cb0b8e80 0.053s
2025-04-03 08:41:04.167 70307 WARNING tempest.lib.common.ssh [-] Failed to establish authenticated ssh connection to cirros@10.180.180.174 ([Errno None] Unable to connect to port 22 on 10.180.180.174). Number attempts: 10. Retry after 11 seconds.: paramiko.ssh_exception.NoValidConnectionsError: [Errno None] Unable to connect to port 22 on 10.180.180.174
2025-04-03 08:41:04.208 70271 INFO tempest.lib.common.rest_client [req-6339c4a1-bfea-4dc0-8a92-c437325b58a2 req-6339c4a1-bfea-4dc0-8a92-c437325b58a2 ] Request (ServerRescueTestJSONUnderV235:setUpClass): 200 GET http://10.180.1.21/compute/v2.1/servers/ce6f9a88-faa8-442e-8b48-64979dd2d03e 0.124s
2025-04-03 08:41:04.252 70311 INFO tempest.lib.common.rest_client [req-636ad1b7-920a-4963-be93-b8f67ff00db8 req-636ad1b7-920a-4963-be93-b8f67ff00db8 ] Request (ListImageFiltersTestJSON:setUpClass): 202 POST http://10.180.1.21/compute/v2.1/servers/153f0ead-6e2f-4077-b86a-00d3a1114fed/action 0.373s
2025-04-03 08:41:04.257 70291 INFO tempest.lib.common.rest_client [req-63e604aa-347d-40f4-9c53-0dc1bc268d57 req-63e604aa-347d-40f4-9c53-0dc1bc268d57 ] Request (ServersAdminTestJSON:setUpClass): 200 GET http://10.180.1.21/compute/v2.1/servers/e8caf244-413b-49bb-bdff-79aca0ccbc2b 0.122s
2025-04-03 08:41:04.316 70285 INFO tempest.lib.common.rest_client [req-23c0ff78-9618-478b-9d6c-0dcdb2911427 req-23c0ff78-9618-478b-9d6c-0dcdb2911427 ] Request (ServersAdminNegativeTestJSON:tearDownClass): 200 GET http://10.180.1.21/compute/v2.1/servers/ad957c30-c923-4bbf-8841-00e99de44781 0.098s
2025-04-03 08:41:04.346 70311 INFO tempest.lib.common.rest_client [req-42934356-65d2-48a8-b29b-6526a4c833ef req-42934356-65d2-48a8-b29b-6526a4c833ef ] Request (ListImageFiltersTestJSON:setUpClass): 200 GET http://10.180.1.21/compute/v2.1/images/148b7a39-161a-4c6d-a856-8b0f6909f0dd 0.090s
2025-04-03 08:41:04.375 70325 INFO tempest.lib.common.rest_client [req-29cbe948-56c7-4880-b91c-617de8e16a6f req-29cbe948-56c7-4880-b91c-617de8e16a6f ] Request (MultipleCreateTestJSON:test_multiple_create): 200 GET http://10.180.1.21/compute/v2.1/servers/493c2d85-eef5-44ae-acfc-2744685135ca 0.176s
2025-04-03 08:41:04.382 70325 INFO tempest.common.waiters [-] State transition "BUILD/spawning" ==> "ACTIVE/None" after 75 second wait
2025-04-03 08:41:04.389 70321 INFO tempest.lib.common.rest_client [req-a586322b-1295-4e41-a8d1-53c2a791a801 req-a586322b-1295-4e41-a8d1-53c2a791a801 ] Request (ServerActionsTestJSON:setUpClass): 200 GET http://10.180.1.21/compute/v2.1/servers/eff21ec5-a51d-4004-9edf-1891f706fe9c 0.130s
2025-04-03 08:41:04.427 70309 INFO tempest.lib.common.rest_client [req-6c43310e-a322-47a0-91d4-df4d6861c29f req-6c43310e-a322-47a0-91d4-df4d6861c29f ] Request (ImagesOneServerTestJSON:tearDownClass): 200 GET http://10.180.1.21/compute/v2.1/servers/aeb7928a-8307-49e7-b019-a4c674e6369a 0.109s
2025-04-03 08:41:04.439 70327 INFO tempest.lib.common.rest_client [req-56f938a6-bf7c-448e-b3b7-505698d08c87 req-56f938a6-bf7c-448e-b3b7-505698d08c87 ] Request (MigrationsAdminTest:test_resize_server_revert_deleted_flavor): 200 GET http://10.180.1.21/compute/v2.1/servers/f07750f5-3f1d-4d97-98dc-285ed357cc7e 0.105s
2025-04-03 08:41:04.469 70273 INFO tempest.lib.common.rest_client [req-97bd9a36-6c03-456b-8966-b79a64884090 req-97bd9a36-6c03-456b-8966-b79a64884090 ] Request (ServersNegativeTestMultiTenantJSON:setUpClass): 200 GET http://10.180.1.21/compute/v2.1/servers/86e514bb-8b47-4605-bd85-55c6c9874320 0.099s
2025-04-03 08:41:04.524 70303 INFO tempest.lib.common.rest_client [req-85c97f27-812e-4c0f-8cf3-e70cb3a78cb4 req-85c97f27-812e-4c0f-8cf3-e70cb3a78cb4 ] Request (ServerExternalEventsTest:tearDownClass): 200 GET http://10.180.1.21/compute/v2.1/servers/84bff4c0-9e2e-47f2-a378-70d3c992b58b 0.114s
2025-04-03 08:41:04.529 70325 INFO tempest.lib.common.rest_client [req-558ab1eb-1ef2-4d4b-a66f-fbaf7e6776a5 req-558ab1eb-1ef2-4d4b-a66f-fbaf7e6776a5 ] Request (MultipleCreateTestJSON:test_multiple_create): 200 GET http://10.180.1.21/compute/v2.1/servers/e8b4640f-302d-43cd-a654-c42f9cb34766 0.147s
2025-04-03 08:41:04.579 70287 INFO tempest.lib.common.rest_client [req-1cbd6840-a4fa-4622-b9ab-1d4ecf75192c req-1cbd6840-a4fa-4622-b9ab-1d4ecf75192c ] Request (ImagesOneServerNegativeTestJSON:_run_cleanups): 200 GET http://10.180.1.21/compute/v2.1/servers/dca638aa-c491-431f-a0e5-d02bd76705ad 0.131s
2025-04-03 08:41:04.588 70283 INFO tempest.lib.common.rest_client [req-372122e9-e87b-48b1-ae9f-cbfaaeaed8bf req-372122e9-e87b-48b1-ae9f-cbfaaeaed8bf ] Request (ImagesNegativeTestJSON:test_create_image_from_deleted_server): 200 GET http://10.180.1.21/compute/v2.1/servers/3c2c8a40-919d-4280-b9be-f8d95b1a263e 0.110s
2025-04-03 08:41:04.643 70329 INFO tempest.lib.common.rest_client [req-be1e8f1f-310c-4a96-9262-64c5dc6c4d16 req-be1e8f1f-310c-4a96-9262-64c5dc6c4d16 ] Request (ServerRescueNegativeTestJSON:setUpClass): 200 GET http://10.180.1.21/compute/v2.1/servers/b99b73e6-3348-4d5d-aa57-f01ace0bfc42 0.099s
2025-04-03 08:41:04.644 70331 INFO tempest.lib.common.rest_client [req-3481b785-1962-41de-967b-87a39a15f723 req-3481b785-1962-41de-967b-87a39a15f723 ] Request (AttachInterfacesV270Test:test_create_get_list_interfaces): 200 GET http://10.180.1.21/compute/v2.1/servers/df907dda-c1a0-4aaa-8ab2-5bb8e2ac38df 0.139s
2025-04-03 08:41:04.667 70275 INFO tempest.lib.common.rest_client [req-ff58b021-23e2-4157-8f4e-307618520662 req-ff58b021-23e2-4157-8f4e-307618520662 ] Request (ServerShowV247Test:tearDownClass): 404 GET http://10.180.1.21/compute/v2.1/servers/e9bc15f9-e957-487f-b8d5-d1332b185dcf 0.039s
2025-04-03 08:41:04.706 70333 INFO tempest.lib.common.rest_client [req-4452aa97-440c-4d56-b332-72432234d226 req-4452aa97-440c-4d56-b332-72432234d226 ] Request (ServerRescueTestJSON:test_rescue_unrescue_instance): 200 GET http://10.180.1.21/compute/v2.1/servers/558ee84a-731b-4cb1-967d-cf84c8d39718 0.143s
2025-04-03 08:41:04.724 70315 INFO tempest.lib.common.rest_client [req-620207d2-ee88-42e5-b077-4f672e4dbfcd req-620207d2-ee88-42e5-b077-4f672e4dbfcd ] Request (ServersTestFqdnHostnames:test_create_server_with_fqdn_name): 200 GET http://10.180.1.21/compute/v2.1/servers/289cbcc2-cd8f-4c4f-9169-a897f5527de1 0.076s
2025-04-03 08:41:04.779 70297 INFO tempest.lib.common.rest_client [req-a5ffecd6-e6a9-494d-82b2-c648efcc202b req-a5ffecd6-e6a9-494d-82b2-c648efcc202b ] Request (ServersTestManualDisk:setUpClass): 200 GET http://10.180.1.21/compute/v2.1/servers/744fe018-d12c-44c2-98f1-c11fbfffc98e 0.068s
2025-04-03 08:41:04.802 70277 INFO tempest.lib.common.rest_client [req-b0302b32-7d3a-48b0-ab37-668933996ac5 req-b0302b32-7d3a-48b0-ab37-668933996ac5 ] Request (TenantUsagesTestJSON:tearDownClass): 200 GET http://10.180.1.21/compute/v2.1/servers/0bfe4393-5b2a-487f-ba7a-858ed4c861a5 0.083s
2025-04-03 08:41:04.804 70275 INFO tempest.lib.common.rest_client [req-4874fd0c-ec04-47fa-b7fd-7024cedd1352 req-4874fd0c-ec04-47fa-b7fd-7024cedd1352 ] Request (ServerShowV247Test:tearDownClass): 204 DELETE http://10.180.1.21/identity/v3/users/73b6e707e0b2433589c723e293a03523 0.136s
2025-04-03 08:41:04.862 70299 INFO tempest.lib.common.rest_client [req-83667a62-4286-441e-9cd7-90c717ade5a0 req-83667a62-4286-441e-9cd7-90c717ade5a0 ] Request (FloatingIPsAssociationTestJSON:test_associate_already_associated_floating_ip): 200 GET http://10.180.1.21/compute/v2.1/servers/0b284e71-7af2-4782-b950-4f7eac5221a4 0.081s
2025-04-03 08:41:04.862 70289 INFO tempest.lib.common.rest_client [req-db6ce647-ca93-4b43-9cea-993c4034cca6 req-db6ce647-ca93-4b43-9cea-993c4034cca6 ] Request (DeleteServersTestJSON:test_delete_active_server): 200 GET http://10.180.1.21/compute/v2.1/servers/5f672fd4-b96f-4506-aa1e-96692a00cb43 0.082s
2025-04-03 08:41:04.894 70275 INFO tempest.lib.common.rest_client [req-3f780c5c-08b5-4d55-9e49-7b7c955b5089 req-3f780c5c-08b5-4d55-9e49-7b7c955b5089 ] Request (ServerShowV247Test:tearDownClass): 204 DELETE http://10.180.1.21/identity/v3/users/be5018ab74b646bc8f2d3de9f877121b 0.088s
2025-04-03 08:41:04.894 70275 INFO tempest.lib.common.dynamic_creds [-] Deleting project and security group for project: a9efee78ee11427399b6d40850393eb9
2025-04-03 08:41:04.929 70293 INFO tempest.lib.common.rest_client [req-5d6445f4-4c83-47cc-ae45-0fbffbfb32dd req-5d6445f4-4c83-47cc-ae45-0fbffbfb32dd ] Request (DeleteServersAdminTestJSON:test_delete_server_while_in_error_state): 200 GET http://10.180.1.21/compute/v2.1/servers/6e8286a3-6fd1-44ee-a5ca-b21f3178334d 0.091s
2025-04-03 08:41:04.953 70275 INFO tempest.lib.common.rest_client [req-3f56e156-5e79-4fe2-99b5-c489abfc5c6e req-3f56e156-5e79-4fe2-99b5-c489abfc5c6e ] Request (ServerShowV247Test:tearDownClass): 201 POST http://10.180.1.21/identity/v3/auth/tokens 0.058s
2025-04-03 08:41:05.048 70323 INFO tempest.lib.common.rest_client [req-3017c829-02dd-4395-936d-fea0bfc23c71 req-3017c829-02dd-4395-936d-fea0bfc23c71 ] Request (ListServerFiltersTestJSON:setUpClass): 200 GET http://10.180.1.21/compute/v2.1/servers/d4f87534-813e-4ff6-8b1f-ee23cb0b8e80 0.057s
2025-04-03 08:41:05.124 70275 INFO tempest.lib.common.rest_client [req-01831eb0-4ace-46a9-8e09-6753fb4d1d18 req-01831eb0-4ace-46a9-8e09-6753fb4d1d18 ] Request (ServerShowV247Test:tearDownClass): 200 GET http://10.180.1.21:9696/networking/v2.0/security-groups?tenant_id=a9efee78ee11427399b6d40850393eb9&name=default 0.170s
2025-04-03 08:41:05.208 70275 INFO tempest.lib.common.rest_client [req-0198b446-212c-40ad-bfed-e281a90a9f61 req-0198b446-212c-40ad-bfed-e281a90a9f61 ] Request (ServerShowV247Test:tearDownClass): 204 DELETE http://10.180.1.21:9696/networking/v2.0/security-groups/43c84321-b091-4e95-bfea-6ae3dcd57d86 0.083s
2025-04-03 08:41:05.273 70275 INFO tempest.lib.common.rest_client [req-5a6373c8-4ef9-49f5-9e5d-24adc9755f43 req-5a6373c8-4ef9-49f5-9e5d-24adc9755f43 ] Request (ServerShowV247Test:tearDownClass): 204 DELETE http://10.180.1.21/identity/v3/projects/a9efee78ee11427399b6d40850393eb9 0.064s
2025-04-03 08:41:05.327 70291 INFO tempest.lib.common.rest_client [req-68f12ff1-84ec-488b-bd73-237648197e05 req-68f12ff1-84ec-488b-bd73-237648197e05 ] Request (ServersAdminTestJSON:setUpClass): 200 GET http://10.180.1.21/compute/v2.1/servers/e8caf244-413b-49bb-bdff-79aca0ccbc2b 0.061s
2025-04-03 08:41:05.335 70275 INFO tempest.lib.common.rest_client [req-ea716133-fb13-4685-812e-f26f300bba46 req-ea716133-fb13-4685-812e-f26f300bba46 ] Request (ServersNegativeTestJSON:setUpClass): 201 POST http://10.180.1.21/identity/v3/auth/tokens 0.060s
2025-04-03 08:41:05.340 70271 INFO tempest.lib.common.rest_client [req-ea88a91a-3c07-4213-bfe1-2d734c3d9cf8 req-ea88a91a-3c07-4213-bfe1-2d734c3d9cf8 ] Request (ServerRescueTestJSONUnderV235:setUpClass): 200 GET http://10.180.1.21/compute/v2.1/servers/ce6f9a88-faa8-442e-8b48-64979dd2d03e 0.123s
2025-04-03 08:41:05.365 70275 INFO tempest.lib.common.rest_client [req-4b6a7a96-d7a1-47be-940c-f6f5b2fb909f req-4b6a7a96-d7a1-47be-940c-f6f5b2fb909f ] Request (ServersNegativeTestJSON:setUpClass): 201 POST http://10.180.1.21/identity/v3/auth/tokens 0.028s
2025-04-03 08:41:05.383 70311 INFO tempest.lib.common.rest_client [req-9200bf4c-5098-42ab-b45d-cf72c3f4cc8d req-9200bf4c-5098-42ab-b45d-cf72c3f4cc8d ] Request (ListImageFiltersTestJSON:setUpClass): 200 GET http://10.180.1.21/compute/v2.1/images/148b7a39-161a-4c6d-a856-8b0f6909f0dd 0.034s
2025-04-03 08:41:05.386 70285 INFO tempest.lib.common.rest_client [req-a33c1ac7-5841-43f6-8491-0c696ffdc5ef req-a33c1ac7-5841-43f6-8491-0c696ffdc5ef ] Request (ServersAdminNegativeTestJSON:tearDownClass): 200 GET http://10.180.1.21/compute/v2.1/servers/ad957c30-c923-4bbf-8841-00e99de44781 0.063s
2025-04-03 08:41:05.389 70275 INFO tempest.lib.common.rest_client [req-43b43e88-9476-4c3e-91ed-2e0a18738318 req-43b43e88-9476-4c3e-91ed-2e0a18738318 ] Request (ServersNegativeTestJSON:setUpClass): 200 GET http://10.180.1.21/identity/v3/domains?name=Default 0.023s
2025-04-03 08:41:05.413 70275 INFO tempest.lib.common.rest_client [req-26ef531c-81b2-465c-8a4b-a95af34478cb req-26ef531c-81b2-465c-8a4b-a95af34478cb ] Request (ServersNegativeTestJSON:setUpClass): 201 POST http://10.180.1.21/identity/v3/projects 0.024s
2025-04-03 08:41:05.444 70321 INFO tempest.lib.common.rest_client [req-76fc5316-b14e-4077-a913-e82c70932dcd req-76fc5316-b14e-4077-a913-e82c70932dcd ] Request (ServerActionsTestJSON:setUpClass): 200 GET http://10.180.1.21/compute/v2.1/servers/eff21ec5-a51d-4004-9edf-1891f706fe9c 0.046s
2025-04-03 08:41:05.466 70275 INFO tempest.lib.common.rest_client [req-a0fba131-0c8b-4c3f-ad91-18b266e6b191 req-a0fba131-0c8b-4c3f-ad91-18b266e6b191 ] Request (ServersNegativeTestJSON:setUpClass): 201 POST http://10.180.1.21/identity/v3/users 0.052s
2025-04-03 08:41:05.487 70275 INFO tempest.lib.common.rest_client [req-110852ae-e725-4d6f-97e5-808edec33298 req-110852ae-e725-4d6f-97e5-808edec33298 ] Request (ServersNegativeTestJSON:setUpClass): 200 GET http://10.180.1.21/identity/v3/roles 0.020s
2025-04-03 08:41:05.494 70309 INFO tempest.lib.common.rest_client [req-6ce844f1-7b60-429c-acec-53bff24f7901 req-6ce844f1-7b60-429c-acec-53bff24f7901 ] Request (ImagesOneServerTestJSON:tearDownClass): 200 GET http://10.180.1.21/compute/v2.1/servers/aeb7928a-8307-49e7-b019-a4c674e6369a 0.059s
2025-04-03 08:41:05.500 70327 INFO tempest.lib.common.rest_client [req-737e3786-1bcf-4c20-9834-c47aeee5aa0e req-737e3786-1bcf-4c20-9834-c47aeee5aa0e ] Request (MigrationsAdminTest:test_resize_server_revert_deleted_flavor): 200 GET http://10.180.1.21/compute/v2.1/servers/f07750f5-3f1d-4d97-98dc-285ed357cc7e 0.052s
2025-04-03 08:41:05.513 70275 INFO tempest.lib.common.rest_client [req-fbbd7e29-7df9-4294-8d32-881b5e168e32 req-fbbd7e29-7df9-4294-8d32-881b5e168e32 ] Request (ServersNegativeTestJSON:setUpClass): 204 PUT http://10.180.1.21/identity/v3/projects/f035f8fbac46483fb4d70f166df319b6/users/a50297ffebb845cdb950de24f60cb55a/roles/eaf4d5793b8d4443bd13482738cda779 0.025s
2025-04-03 08:41:05.513 70275 INFO tempest.lib.common.dynamic_creds [-] Dynamic test user a50297ffebb845cdb950de24f60cb55a is created with scope project and roles: ['member']
2025-04-03 08:41:05.513 70275 INFO tempest.lib.common.dynamic_creds [-] Acquired dynamic creds: credentials: Credentials: {'domain_id': 'default', 'domain_name': 'Default', 'username': 'tempest-ServersNegativeTestJSON-2147077089-project-member', 'project_domain_id': 'default', 'project_domain_name': 'Default', 'project_id': 'f035f8fbac46483fb4d70f166df319b6', 'project_name': 'tempest-ServersNegativeTestJSON-2147077089', 'tenant_id': 'f035f8fbac46483fb4d70f166df319b6', 'tenant_name': 'tempest-ServersNegativeTestJSON-2147077089', 'user_domain_id': 'default', 'user_domain_name': 'Default', 'user_id': 'a50297ffebb845cdb950de24f60cb55a', 'system': None}, Network: None, Subnet: None, Router: None
2025-04-03 08:41:05.550 70273 INFO tempest.lib.common.rest_client [req-d1b7af6f-f8b4-4c49-a8b7-d372b431c831 req-d1b7af6f-f8b4-4c49-a8b7-d372b431c831 ] Request (ServersNegativeTestMultiTenantJSON:setUpClass): 200 GET http://10.180.1.21/compute/v2.1/servers/86e514bb-8b47-4605-bd85-55c6c9874320 0.071s
2025-04-03 08:41:05.570 70275 INFO tempest.lib.common.rest_client [req-5e98b0c2-f19b-462c-91d0-01499f32c46d req-5e98b0c2-f19b-462c-91d0-01499f32c46d ] Request (ServersNegativeTestJSON:setUpClass): 201 POST http://10.180.1.21/identity/v3/auth/tokens 0.056s
2025-04-03 08:41:05.610 70303 INFO tempest.lib.common.rest_client [req-6ed8fee7-4276-4eb3-b05f-8c246a69a602 req-6ed8fee7-4276-4eb3-b05f-8c246a69a602 ] Request (ServerExternalEventsTest:tearDownClass): 200 GET http://10.180.1.21/compute/v2.1/servers/84bff4c0-9e2e-47f2-a378-70d3c992b58b 0.077s
2025-04-03 08:41:05.679 70287 INFO tempest.lib.common.rest_client [req-387d47db-faaf-4075-943e-a6fa2204445b req-387d47db-faaf-4075-943e-a6fa2204445b ] Request (ImagesOneServerNegativeTestJSON:_run_cleanups): 200 GET http://10.180.1.21/compute/v2.1/servers/dca638aa-c491-431f-a0e5-d02bd76705ad 0.092s
2025-04-03 08:41:05.689 70325 INFO tempest.lib.common.rest_client [req-1479b491-cee9-47de-8792-ce2f184eed7e req-1479b491-cee9-47de-8792-ce2f184eed7e ] Request (MultipleCreateTestJSON:test_multiple_create): 200 GET http://10.180.1.21/compute/v2.1/servers/e8b4640f-302d-43cd-a654-c42f9cb34766 0.150s
2025-04-03 08:41:05.745 70283 INFO tempest.lib.common.rest_client [req-4168f633-b39b-4520-81d9-09b1744959c9 req-4168f633-b39b-4520-81d9-09b1744959c9 ] Request (ImagesNegativeTestJSON:test_create_image_from_deleted_server): 200 GET http://10.180.1.21/compute/v2.1/servers/3c2c8a40-919d-4280-b9be-f8d95b1a263e 0.149s
2025-04-03 08:41:05.749 70329 INFO tempest.lib.common.rest_client [req-c31589b8-e680-473c-872f-679c01af52e3 req-c31589b8-e680-473c-872f-679c01af52e3 ] Request (ServerRescueNegativeTestJSON:setUpClass): 200 GET http://10.180.1.21/compute/v2.1/servers/b99b73e6-3348-4d5d-aa57-f01ace0bfc42 0.099s
2025-04-03 08:41:05.820 70333 INFO tempest.lib.common.rest_client [req-9b7d71ad-9bc2-4d16-9e73-7a8a0905e45a req-9b7d71ad-9bc2-4d16-9e73-7a8a0905e45a ] Request (ServerRescueTestJSON:test_rescue_unrescue_instance): 200 GET http://10.180.1.21/compute/v2.1/servers/558ee84a-731b-4cb1-967d-cf84c8d39718 0.103s
2025-04-03 08:41:05.827 70331 INFO tempest.lib.common.rest_client [req-b8028f39-4637-4b59-adf6-3a0aa1dc81cb req-b8028f39-4637-4b59-adf6-3a0aa1dc81cb ] Request (AttachInterfacesV270Test:test_create_get_list_interfaces): 200 GET http://10.180.1.21/compute/v2.1/servers/df907dda-c1a0-4aaa-8ab2-5bb8e2ac38df 0.171s
2025-04-03 08:41:05.871 70315 INFO tempest.lib.common.rest_client [req-97b9f424-e79b-48ad-99f2-5664721ed95a req-97b9f424-e79b-48ad-99f2-5664721ed95a ] Request (ServersTestFqdnHostnames:test_create_server_with_fqdn_name): 200 GET http://10.180.1.21/compute/v2.1/servers/289cbcc2-cd8f-4c4f-9169-a897f5527de1 0.132s
2025-04-03 08:41:05.888 70297 INFO tempest.lib.common.rest_client [req-d233b710-36b7-4946-9640-b9d5dff031ef req-d233b710-36b7-4946-9640-b9d5dff031ef ] Request (ServersTestManualDisk:setUpClass): 200 GET http://10.180.1.21/compute/v2.1/servers/744fe018-d12c-44c2-98f1-c11fbfffc98e 0.100s
2025-04-03 08:41:05.911 70275 INFO tempest.lib.common.rest_client [req-92f796b5-44e7-4201-9799-3cfc821fd107 req-92f796b5-44e7-4201-9799-3cfc821fd107 ] Request (ServersNegativeTestJSON:setUpClass): 201 POST http://10.180.1.21:9696/networking/v2.0/networks 0.341s
2025-04-03 08:41:05.929 70277 INFO tempest.lib.common.rest_client [req-80a79e40-fcb1-4dbb-b525-849a60493751 req-80a79e40-fcb1-4dbb-b525-849a60493751 ] Request (TenantUsagesTestJSON:tearDownClass): 200 GET http://10.180.1.21/compute/v2.1/servers/0bfe4393-5b2a-487f-ba7a-858ed4c861a5 0.115s
2025-04-03 08:41:05.942 70299 INFO tempest.lib.common.rest_client [req-1f50d6b5-5827-4027-ab79-20795c045807 req-1f50d6b5-5827-4027-ab79-20795c045807 ] Request (FloatingIPsAssociationTestJSON:test_associate_already_associated_floating_ip): 200 GET http://10.180.1.21/compute/v2.1/servers/0b284e71-7af2-4782-b950-4f7eac5221a4 0.073s
2025-04-03 08:41:05.981 70289 INFO tempest.lib.common.rest_client [req-23060b08-f626-456d-be01-63fbb89fbabd req-23060b08-f626-456d-be01-63fbb89fbabd ] Request (DeleteServersTestJSON:test_delete_active_server): 200 GET http://10.180.1.21/compute/v2.1/servers/5f672fd4-b96f-4506-aa1e-96692a00cb43 0.108s
2025-04-03 08:41:05.995 70293 INFO tempest.lib.common.rest_client [req-36bfc09f-320b-4dba-abe8-b4194b0a9dcb req-36bfc09f-320b-4dba-abe8-b4194b0a9dcb ] Request (DeleteServersAdminTestJSON:test_delete_server_while_in_error_state): 200 GET http://10.180.1.21/compute/v2.1/servers/6e8286a3-6fd1-44ee-a5ca-b21f3178334d 0.058s
2025-04-03 08:41:06.054 70275 INFO tempest.lib.common.rest_client [req-d79d3598-8cae-48ab-ba96-931e8d592cb8 req-d79d3598-8cae-48ab-ba96-931e8d592cb8 ] Request (ServersNegativeTestJSON:setUpClass): 201 POST http://10.180.1.21:9696/networking/v2.0/subnets 0.142s
2025-04-03 08:41:06.126 70323 INFO tempest.lib.common.rest_client [req-72481327-6984-4ef9-a436-419225f0233f req-72481327-6984-4ef9-a436-419225f0233f ] Request (ListServerFiltersTestJSON:setUpClass): 200 GET http://10.180.1.21/compute/v2.1/servers/d4f87534-813e-4ff6-8b1f-ee23cb0b8e80 0.067s
2025-04-03 08:41:06.392 70291 INFO tempest.lib.common.rest_client [req-5de63cd1-9477-497d-891a-b286ad9601dd req-5de63cd1-9477-497d-891a-b286ad9601dd ] Request (ServersAdminTestJSON:setUpClass): 200 GET http://10.180.1.21/compute/v2.1/servers/e8caf244-413b-49bb-bdff-79aca0ccbc2b 0.057s
2025-04-03 08:41:06.427 70311 INFO tempest.lib.common.rest_client [req-63fbc1f8-6091-4373-a54e-a8eb47c82675 req-63fbc1f8-6091-4373-a54e-a8eb47c82675 ] Request (ListImageFiltersTestJSON:setUpClass): 200 GET http://10.180.1.21/compute/v2.1/images/148b7a39-161a-4c6d-a856-8b0f6909f0dd 0.041s
2025-04-03 08:41:06.459 70271 INFO tempest.lib.common.rest_client [req-559b65d4-189f-41ba-9dc0-40405393148c req-559b65d4-189f-41ba-9dc0-40405393148c ] Request (ServerRescueTestJSONUnderV235:setUpClass): 200 GET http://10.180.1.21/compute/v2.1/servers/ce6f9a88-faa8-442e-8b48-64979dd2d03e 0.111s
2025-04-03 08:41:06.488 70285 INFO tempest.lib.common.rest_client [req-f4d86e89-c771-4e92-9d4a-24485514add0 req-f4d86e89-c771-4e92-9d4a-24485514add0 ] Request (ServersAdminNegativeTestJSON:tearDownClass): 200 GET http://10.180.1.21/compute/v2.1/servers/ad957c30-c923-4bbf-8841-00e99de44781 0.090s
2025-04-03 08:41:06.511 70321 INFO tempest.lib.common.rest_client [req-8e359ffd-e795-43b4-b1fa-333389fd013b req-8e359ffd-e795-43b4-b1fa-333389fd013b ] Request (ServerActionsTestJSON:setUpClass): 200 GET http://10.180.1.21/compute/v2.1/servers/eff21ec5-a51d-4004-9edf-1891f706fe9c 0.059s
2025-04-03 08:41:06.565 70327 INFO tempest.lib.common.rest_client [req-280a698a-117c-4121-9697-51313edd42cb req-280a698a-117c-4121-9697-51313edd42cb ] Request (MigrationsAdminTest:test_resize_server_revert_deleted_flavor): 200 GET http://10.180.1.21/compute/v2.1/servers/f07750f5-3f1d-4d97-98dc-285ed357cc7e 0.057s
2025-04-03 08:41:06.566 70309 INFO tempest.lib.common.rest_client [req-bf191032-6174-4daa-bd6f-7d76932e66e0 req-bf191032-6174-4daa-bd6f-7d76932e66e0 ] Request (ImagesOneServerTestJSON:tearDownClass): 200 GET http://10.180.1.21/compute/v2.1/servers/aeb7928a-8307-49e7-b019-a4c674e6369a 0.064s
2025-04-03 08:41:06.622 70273 INFO tempest.lib.common.rest_client [req-70008676-10d5-4317-9b14-12977eb54979 req-70008676-10d5-4317-9b14-12977eb54979 ] Request (ServersNegativeTestMultiTenantJSON:setUpClass): 200 GET http://10.180.1.21/compute/v2.1/servers/86e514bb-8b47-4605-bd85-55c6c9874320 0.064s
2025-04-03 08:41:06.647 70275 INFO tempest.lib.common.rest_client [req-36f13435-9fa2-4914-b961-989fec59eb5b req-36f13435-9fa2-4914-b961-989fec59eb5b ] Request (ServersNegativeTestJSON:setUpClass): 201 POST http://10.180.1.21:9696/networking/v2.0/routers 0.592s
2025-04-03 08:41:06.649 70303 INFO tempest.lib.common.rest_client [req-b29b9f55-241b-40b6-8626-9c0ba28b083f req-b29b9f55-241b-40b6-8626-9c0ba28b083f ] Request (ServerExternalEventsTest:tearDownClass): 404 GET http://10.180.1.21/compute/v2.1/servers/84bff4c0-9e2e-47f2-a378-70d3c992b58b 0.030s
2025-04-03 08:41:06.744 70303 INFO tempest.lib.common.rest_client [req-e2d1df26-e810-4f31-862f-dc61c34ee321 req-e2d1df26-e810-4f31-862f-dc61c34ee321 ] Request (ServerExternalEventsTest:tearDownClass): 204 DELETE http://10.180.1.21/identity/v3/users/13afe1f23e254be7b7ac8aa571efe407 0.094s
2025-04-03 08:41:06.770 70287 INFO tempest.lib.common.rest_client [req-e6ab449c-b751-4a58-beac-99d5d2fc1715 req-e6ab449c-b751-4a58-beac-99d5d2fc1715 ] Request (ImagesOneServerNegativeTestJSON:_run_cleanups): 200 GET http://10.180.1.21/compute/v2.1/servers/dca638aa-c491-431f-a0e5-d02bd76705ad 0.082s
2025-04-03 08:41:06.814 70295 WARNING tempest.lib.common.ssh [-] Failed to establish authenticated ssh connection to cirros@10.180.180.244 ([Errno None] Unable to connect to port 22 on 10.180.180.244). Number attempts: 6. Retry after 7 seconds.: paramiko.ssh_exception.NoValidConnectionsError: [Errno None] Unable to connect to port 22 on 10.180.180.244
2025-04-03 08:41:06.830 70283 INFO tempest.lib.common.rest_client [req-2b617559-58a3-486f-b1c5-c5557e9eeffe req-2b617559-58a3-486f-b1c5-c5557e9eeffe ] Request (ImagesNegativeTestJSON:test_create_image_from_deleted_server): 200 GET http://10.180.1.21/compute/v2.1/servers/3c2c8a40-919d-4280-b9be-f8d95b1a263e 0.077s
2025-04-03 08:41:06.854 70325 INFO tempest.lib.common.rest_client [req-c2dc6374-4ce3-440e-a6a5-33d89d46313a req-c2dc6374-4ce3-440e-a6a5-33d89d46313a ] Request (MultipleCreateTestJSON:test_multiple_create): 200 GET http://10.180.1.21/compute/v2.1/servers/e8b4640f-302d-43cd-a654-c42f9cb34766 0.154s
2025-04-03 08:41:06.870 70325 INFO tempest.common.waiters [-] State transition "BUILD/spawning" ==> "ACTIVE/None" after 2 second wait
2025-04-03 08:41:06.871 70303 INFO tempest.lib.common.rest_client [req-c07db8b3-1e0a-4467-aaaf-8b7706347fb5 req-c07db8b3-1e0a-4467-aaaf-8b7706347fb5 ] Request (ServerExternalEventsTest:tearDownClass): 204 DELETE http://10.180.1.21/identity/v3/users/ad50e8c966dc4f5384fd12861763cf29 0.127s
2025-04-03 08:41:06.882 70329 INFO tempest.lib.common.rest_client [req-9760a03f-c2b6-44b7-b3b9-dcbdb924d0de req-9760a03f-c2b6-44b7-b3b9-dcbdb924d0de ] Request (ServerRescueNegativeTestJSON:setUpClass): 200 GET http://10.180.1.21/compute/v2.1/servers/b99b73e6-3348-4d5d-aa57-f01ace0bfc42 0.119s
2025-04-03 08:41:06.901 70333 INFO tempest.lib.common.rest_client [req-c1ba4a89-8093-48b3-a1bb-81b1bc64d271 req-c1ba4a89-8093-48b3-a1bb-81b1bc64d271 ] Request (ServerRescueTestJSON:test_rescue_unrescue_instance): 200 GET http://10.180.1.21/compute/v2.1/servers/558ee84a-731b-4cb1-967d-cf84c8d39718 0.073s
2025-04-03 08:41:06.938 70331 INFO tempest.lib.common.rest_client [req-fc25f1a2-88a9-47b5-b6ff-ed9054a47a3d req-fc25f1a2-88a9-47b5-b6ff-ed9054a47a3d ] Request (AttachInterfacesV270Test:test_create_get_list_interfaces): 200 GET http://10.180.1.21/compute/v2.1/servers/df907dda-c1a0-4aaa-8ab2-5bb8e2ac38df 0.101s
2025-04-03 08:41:06.969 70303 INFO tempest.lib.common.rest_client [req-c3568c42-3ff6-44bd-b1d8-a23e464ec483 req-c3568c42-3ff6-44bd-b1d8-a23e464ec483 ] Request (ServerExternalEventsTest:tearDownClass): 204 DELETE http://10.180.1.21/identity/v3/users/47d6f7ab71f3477f9cf1c580a4f04c8d 0.097s
2025-04-03 08:41:06.969 70303 INFO tempest.lib.common.dynamic_creds [-] Deleting project and security group for project: 2691954ba898481888006372c3cd6285
2025-04-03 08:41:06.985 70315 INFO tempest.lib.common.rest_client [req-1dd1963e-cb45-4b70-9f2c-1eaacbe1d7e0 req-1dd1963e-cb45-4b70-9f2c-1eaacbe1d7e0 ] Request (ServersTestFqdnHostnames:test_create_server_with_fqdn_name): 200 GET http://10.180.1.21/compute/v2.1/servers/289cbcc2-cd8f-4c4f-9169-a897f5527de1 0.100s
2025-04-03 08:41:06.991 70325 INFO tempest.lib.common.rest_client [req-3641fa74-6625-485f-a2e9-de9667c71d26 req-3641fa74-6625-485f-a2e9-de9667c71d26 ] Request (MultipleCreateTestJSON:_run_cleanups): 204 DELETE http://10.180.1.21/compute/v2.1/servers/e8b4640f-302d-43cd-a654-c42f9cb34766 0.119s
2025-04-03 08:41:07.034 70303 INFO tempest.lib.common.rest_client [req-f99c2ce0-ca1e-4b81-b60a-6f17510bce39 req-f99c2ce0-ca1e-4b81-b60a-6f17510bce39 ] Request (ServerExternalEventsTest:tearDownClass): 201 POST http://10.180.1.21/identity/v3/auth/tokens 0.064s
2025-04-03 08:41:07.044 70297 INFO tempest.lib.common.rest_client [req-25408044-ab3c-462c-978d-25dd58cdc86c req-25408044-ab3c-462c-978d-25dd58cdc86c ] Request (ServersTestManualDisk:setUpClass): 200 GET http://10.180.1.21/compute/v2.1/servers/744fe018-d12c-44c2-98f1-c11fbfffc98e 0.147s
2025-04-03 08:41:07.055 70277 INFO tempest.lib.common.rest_client [req-664342c3-3020-4586-9f2e-c07d6b66dc9a req-664342c3-3020-4586-9f2e-c07d6b66dc9a ] Request (TenantUsagesTestJSON:tearDownClass): 200 GET http://10.180.1.21/compute/v2.1/servers/0bfe4393-5b2a-487f-ba7a-858ed4c861a5 0.117s
2025-04-03 08:41:07.097 70299 INFO tempest.lib.common.rest_client [req-9407bbc1-ec6e-4745-aafe-ce669baa6033 req-9407bbc1-ec6e-4745-aafe-ce669baa6033 ] Request (FloatingIPsAssociationTestJSON:test_associate_already_associated_floating_ip): 200 GET http://10.180.1.21/compute/v2.1/servers/0b284e71-7af2-4782-b950-4f7eac5221a4 0.147s
2025-04-03 08:41:07.110 70289 INFO tempest.lib.common.rest_client [req-03bf6795-ba3c-4e86-b39f-9bbe02074377 req-03bf6795-ba3c-4e86-b39f-9bbe02074377 ] Request (DeleteServersTestJSON:test_delete_active_server): 200 GET http://10.180.1.21/compute/v2.1/servers/5f672fd4-b96f-4506-aa1e-96692a00cb43 0.122s
2025-04-03 08:41:07.175 70293 INFO tempest.lib.common.rest_client [req-f4a37c44-f3c5-435e-836f-4bc31b237992 req-f4a37c44-f3c5-435e-836f-4bc31b237992 ] Request (DeleteServersAdminTestJSON:test_delete_server_while_in_error_state): 200 GET http://10.180.1.21/compute/v2.1/servers/6e8286a3-6fd1-44ee-a5ca-b21f3178334d 0.171s
2025-04-03 08:41:07.194 70325 INFO tempest.lib.common.rest_client [req-46f5be88-6d55-419b-9741-c02dd8a3f5df req-46f5be88-6d55-419b-9741-c02dd8a3f5df ] Request (MultipleCreateTestJSON:_run_cleanups): 204 DELETE http://10.180.1.21/compute/v2.1/servers/493c2d85-eef5-44ae-acfc-2744685135ca 0.202s
2025-04-03 08:41:07.228 70323 INFO tempest.lib.common.rest_client [req-9247e298-ac00-4079-a32d-310d0594c156 req-9247e298-ac00-4079-a32d-310d0594c156 ] Request (ListServerFiltersTestJSON:setUpClass): 200 GET http://10.180.1.21/compute/v2.1/servers/d4f87534-813e-4ff6-8b1f-ee23cb0b8e80 0.089s
2025-04-03 08:41:07.249 70303 INFO tempest.lib.common.rest_client [req-baaed85b-ad78-43d8-967f-70887b10623c req-baaed85b-ad78-43d8-967f-70887b10623c ] Request (ServerExternalEventsTest:tearDownClass): 200 GET http://10.180.1.21:9696/networking/v2.0/security-groups?tenant_id=2691954ba898481888006372c3cd6285&name=default 0.214s
2025-04-03 08:41:07.337 70325 INFO tempest.lib.common.rest_client [req-d66d9163-7b50-49d1-b245-c35efbd00700 req-d66d9163-7b50-49d1-b245-c35efbd00700 ] Request (MultipleCreateTestJSON:_run_cleanups): 200 GET http://10.180.1.21/compute/v2.1/servers/e8b4640f-302d-43cd-a654-c42f9cb34766 0.143s
2025-04-03 08:41:07.340 70303 INFO tempest.lib.common.rest_client [req-d273e434-1a18-4c44-b5a9-8b25c23aaeac req-d273e434-1a18-4c44-b5a9-8b25c23aaeac ] Request (ServerExternalEventsTest:tearDownClass): 204 DELETE http://10.180.1.21:9696/networking/v2.0/security-groups/0614c437-19bc-47c2-b5ce-2c5f50a24468 0.091s
2025-04-03 08:41:07.418 70303 INFO tempest.lib.common.rest_client [req-97ac1770-197f-41a9-b781-379b0fb380ab req-97ac1770-197f-41a9-b781-379b0fb380ab ] Request (ServerExternalEventsTest:tearDownClass): 204 DELETE http://10.180.1.21/identity/v3/projects/2691954ba898481888006372c3cd6285 0.077s
2025-04-03 08:41:07.418 70303 INFO tempest.lib.common.dynamic_creds [-] Deleting project and security group for project: 516bddd219d242efb136115cf93ae3e3
2025-04-03 08:41:07.468 70291 INFO tempest.lib.common.rest_client [req-8490d515-f640-4a89-b612-e0e973cf17c0 req-8490d515-f640-4a89-b612-e0e973cf17c0 ] Request (ServersAdminTestJSON:setUpClass): 200 GET http://10.180.1.21/compute/v2.1/servers/e8caf244-413b-49bb-bdff-79aca0ccbc2b 0.066s
2025-04-03 08:41:07.476 70311 INFO tempest.lib.common.rest_client [req-62f860d8-4d8f-4457-bc29-40367a614f64 req-62f860d8-4d8f-4457-bc29-40367a614f64 ] Request (ListImageFiltersTestJSON:setUpClass): 200 GET http://10.180.1.21/compute/v2.1/images/148b7a39-161a-4c6d-a856-8b0f6909f0dd 0.044s
2025-04-03 08:41:07.533 70303 INFO tempest.lib.common.rest_client [req-e34be6ec-850d-4206-95a8-b0904cf57b3a req-e34be6ec-850d-4206-95a8-b0904cf57b3a ] Request (ServerExternalEventsTest:tearDownClass): 200 GET http://10.180.1.21:9696/networking/v2.0/security-groups?tenant_id=516bddd219d242efb136115cf93ae3e3&name=default 0.114s
2025-04-03 08:41:07.589 70285 INFO tempest.lib.common.rest_client [req-a4931ca7-9751-467d-ba89-f00c3e62d179 req-a4931ca7-9751-467d-ba89-f00c3e62d179 ] Request (ServersAdminNegativeTestJSON:tearDownClass): 200 GET http://10.180.1.21/compute/v2.1/servers/ad957c30-c923-4bbf-8841-00e99de44781 0.091s
2025-04-03 08:41:07.600 70271 INFO tempest.lib.common.rest_client [req-e42ce9fc-0b16-4774-8a23-3ea4755ad4ab req-e42ce9fc-0b16-4774-8a23-3ea4755ad4ab ] Request (ServerRescueTestJSONUnderV235:setUpClass): 200 GET http://10.180.1.21/compute/v2.1/servers/ce6f9a88-faa8-442e-8b48-64979dd2d03e 0.132s
2025-04-03 08:41:07.619 70303 INFO tempest.lib.common.rest_client [req-a3f1ef3f-9e71-4003-8f8f-2f567396238c req-a3f1ef3f-9e71-4003-8f8f-2f567396238c ] Request (ServerExternalEventsTest:tearDownClass): 204 DELETE http://10.180.1.21:9696/networking/v2.0/security-groups/96cd0a75-93ca-47ba-9e32-94b25ed70bf7 0.086s
2025-04-03 08:41:07.647 70321 INFO tempest.lib.common.rest_client [req-7a65bd64-65ab-420a-9f4e-371253326636 req-7a65bd64-65ab-420a-9f4e-371253326636 ] Request (ServerActionsTestJSON:setUpClass): 200 GET http://10.180.1.21/compute/v2.1/servers/eff21ec5-a51d-4004-9edf-1891f706fe9c 0.128s
2025-04-03 08:41:07.681 70309 INFO tempest.lib.common.rest_client [req-2c95ae19-6820-4c33-ac18-35e9a0dc1cf6 req-2c95ae19-6820-4c33-ac18-35e9a0dc1cf6 ] Request (ImagesOneServerTestJSON:tearDownClass): 200 GET http://10.180.1.21/compute/v2.1/servers/aeb7928a-8307-49e7-b019-a4c674e6369a 0.107s
2025-04-03 08:41:07.709 70327 INFO tempest.lib.common.rest_client [req-fddb05f4-1283-4894-93d7-b487427ad0d9 req-fddb05f4-1283-4894-93d7-b487427ad0d9 ] Request (MigrationsAdminTest:test_resize_server_revert_deleted_flavor): 200 GET http://10.180.1.21/compute/v2.1/servers/f07750f5-3f1d-4d97-98dc-285ed357cc7e 0.135s
2025-04-03 08:41:07.760 70273 INFO tempest.lib.common.rest_client [req-06ccd575-22bf-463b-8a1a-b415448cf814 req-06ccd575-22bf-463b-8a1a-b415448cf814 ] Request (ServersNegativeTestMultiTenantJSON:setUpClass): 200 GET http://10.180.1.21/compute/v2.1/servers/86e514bb-8b47-4605-bd85-55c6c9874320 0.131s
2025-04-03 08:41:07.780 70303 INFO tempest.lib.common.rest_client [req-9717e0d7-be77-4b90-bfd0-5eb837ae57b7 req-9717e0d7-be77-4b90-bfd0-5eb837ae57b7 ] Request (ServerExternalEventsTest:tearDownClass): 204 DELETE http://10.180.1.21/identity/v3/projects/516bddd219d242efb136115cf93ae3e3 0.161s
2025-04-03 08:41:07.781 70303 INFO tempest.lib.common.dynamic_creds [-] Deleting project and security group for project: fa488d1f7e20473da4fd92da7bffe764
2025-04-03 08:41:07.826 70303 INFO tempest.lib.common.rest_client [req-ff38b85e-1a44-492f-9189-8a07355d619d req-ff38b85e-1a44-492f-9189-8a07355d619d ] Request (ServerExternalEventsTest:tearDownClass): 200 GET http://10.180.1.21:9696/networking/v2.0/security-groups?tenant_id=fa488d1f7e20473da4fd92da7bffe764&name=default 0.045s
2025-04-03 08:41:07.847 70287 INFO tempest.lib.common.rest_client [req-b745ec80-fbe1-4f98-a581-65fc72a06c72 req-b745ec80-fbe1-4f98-a581-65fc72a06c72 ] Request (ImagesOneServerNegativeTestJSON:_run_cleanups): 200 GET http://10.180.1.21/compute/v2.1/servers/dca638aa-c491-431f-a0e5-d02bd76705ad 0.066s
2025-04-03 08:41:07.877 70275 INFO tempest.lib.common.rest_client [req-cf2abf01-aa84-4823-85e6-25c0b4a8d771 req-cf2abf01-aa84-4823-85e6-25c0b4a8d771 ] Request (ServersNegativeTestJSON:setUpClass): 200 PUT http://10.180.1.21:9696/networking/v2.0/routers/b95cc691-e470-4095-896a-e2a9bb56b56c/add_router_interface 1.229s
2025-04-03 08:41:07.877 70275 INFO tempest.lib.common.dynamic_creds [-] Created isolated network resources for: credentials: Credentials: {'domain_id': 'default', 'domain_name': 'Default', 'username': 'tempest-ServersNegativeTestJSON-2147077089-project-member', 'project_domain_id': 'default', 'project_domain_name': 'Default', 'project_id': 'f035f8fbac46483fb4d70f166df319b6', 'project_name': 'tempest-ServersNegativeTestJSON-2147077089', 'tenant_id': 'f035f8fbac46483fb4d70f166df319b6', 'tenant_name': 'tempest-ServersNegativeTestJSON-2147077089', 'user_domain_id': 'default', 'user_domain_name': 'Default', 'user_id': 'a50297ffebb845cdb950de24f60cb55a', 'system': None}, Network: {'id': 'ffc05707-d9b8-4f04-8df9-5c384e0942c5', 'name': 'tempest-ServersNegativeTestJSON-1300021035-network', 'tenant_id': 'f035f8fbac46483fb4d70f166df319b6', 'admin_state_up': True, 'mtu': 8950, 'status': 'ACTIVE', 'subnets': [], 'shared': False, 'project_id': 'f035f8fbac46483fb4d70f166df319b6', 'port_security_enabled': True, 'router:external': False, 'provider:network_type': 'vlan', 'provider:physical_network': 'default', 'provider:segmentation_id': 284, 'availability_zone_hints': [], 'availability_zones': [], 'ipv4_address_scope': None, 'ipv6_address_scope': None, 'description': '', 'tags': [], 'created_at': '2025-04-03T08:41:05Z', 'updated_at': '2025-04-03T08:41:05Z', 'revision_number': 1}, Subnet: {'id': '35833b31-a5f4-493d-8670-83558bdbb95a', 'name': 'tempest-ServersNegativeTestJSON-1300021035-subnet', 'tenant_id': 'f035f8fbac46483fb4d70f166df319b6', 'network_id': 'ffc05707-d9b8-4f04-8df9-5c384e0942c5', 'ip_version': 4, 'subnetpool_id': None, 'enable_dhcp': True, 'ipv6_ra_mode': None, 'ipv6_address_mode': None, 'gateway_ip': '192.168.128.1', 'cidr': '192.168.128.0/28', 'allocation_pools': [{'start': '192.168.128.2', 'end': '192.168.128.14'}], 'host_routes': [], 'dns_nameservers': [], 'description': '', 'router:external': False, 'service_types': [], 'tags': [], 'created_at': '2025-04-03T08:41:05Z', 'updated_at': '2025-04-03T08:41:05Z', 'revision_number': 0, 'project_id': 'f035f8fbac46483fb4d70f166df319b6'}, Router: {'id': 'b95cc691-e470-4095-896a-e2a9bb56b56c', 'name': 'tempest-ServersNegativeTestJSON-1300021035-router', 'tenant_id': 'f035f8fbac46483fb4d70f166df319b6', 'admin_state_up': True, 'status': 'ACTIVE', 'external_gateway_info': {'network_id': 'b0f86ef2-9fd3-4b67-87d2-374e131129d7', 'external_fixed_ips': [{'subnet_id': '679c2117-66df-4e8e-a48c-cc7c95fdd57f', 'ip_address': '10.180.180.131'}], 'enable_snat': True}, 'description': '', 'availability_zones': [], 'distributed': False, 'ha': False, 'availability_zone_hints': [], 'routes': [], 'flavor_id': None, 'tags': [], 'created_at': '2025-04-03T08:41:06Z', 'updated_at': '2025-04-03T08:41:06Z', 'revision_number': 2, 'project_id': 'f035f8fbac46483fb4d70f166df319b6'}
2025-04-03 08:41:07.926 70303 INFO tempest.lib.common.rest_client [req-1f165d54-c42e-447f-9958-f7cabf56c16b req-1f165d54-c42e-447f-9958-f7cabf56c16b ] Request (ServerExternalEventsTest:tearDownClass): 204 DELETE http://10.180.1.21:9696/networking/v2.0/security-groups/71401f8a-2714-4bb6-81fa-048fa2b7183e 0.099s
2025-04-03 08:41:07.929 70283 INFO tempest.lib.common.rest_client [req-7f0ec392-4e24-48df-8743-3a6178d47c73 req-7f0ec392-4e24-48df-8743-3a6178d47c73 ] Request (ImagesNegativeTestJSON:test_create_image_from_deleted_server): 200 GET http://10.180.1.21/compute/v2.1/servers/3c2c8a40-919d-4280-b9be-f8d95b1a263e 0.079s
2025-04-03 08:41:07.960 70329 INFO tempest.lib.common.rest_client [req-59efa5e4-bb4f-45a5-adb2-98000eace0e4 req-59efa5e4-bb4f-45a5-adb2-98000eace0e4 ] Request (ServerRescueNegativeTestJSON:setUpClass): 200 GET http://10.180.1.21/compute/v2.1/servers/b99b73e6-3348-4d5d-aa57-f01ace0bfc42 0.068s
2025-04-03 08:41:07.982 70275 INFO tempest.lib.common.rest_client [req-ed832067-0a35-4a91-ab30-f8499c4945d7 req-ed832067-0a35-4a91-ab30-f8499c4945d7 ] Request (ServersNegativeTestJSON:setUpClass): 201 POST http://10.180.1.21/identity/v3/auth/tokens 0.098s
2025-04-03 08:41:07.983 70333 INFO tempest.lib.common.rest_client [req-35ee452e-ab9c-4e7e-aaff-e12164fc1fbe req-35ee452e-ab9c-4e7e-aaff-e12164fc1fbe ] Request (ServerRescueTestJSON:test_rescue_unrescue_instance): 200 GET http://10.180.1.21/compute/v2.1/servers/558ee84a-731b-4cb1-967d-cf84c8d39718 0.072s
2025-04-03 08:41:08.021 70331 INFO tempest.lib.common.rest_client [req-78c23e4c-bac1-42de-90c2-4c75642058c3 req-78c23e4c-bac1-42de-90c2-4c75642058c3 ] Request (AttachInterfacesV270Test:test_create_get_list_interfaces): 200 GET http://10.180.1.21/compute/v2.1/servers/df907dda-c1a0-4aaa-8ab2-5bb8e2ac38df 0.070s
2025-04-03 08:41:08.035 70275 INFO tempest.lib.common.rest_client [req-5a69b3d5-b467-4906-91d8-5e815e2cd03d req-5a69b3d5-b467-4906-91d8-5e815e2cd03d ] Request (ServersNegativeTestJSON:setUpClass): 201 POST http://10.180.1.21/identity/v3/auth/tokens 0.050s
2025-04-03 08:41:08.036 70275 INFO tempest.lib.common.fixed_network [-] (ServersNegativeTestJSON:setUpClass) Found network {'id': 'ffc05707-d9b8-4f04-8df9-5c384e0942c5', 'name': 'tempest-ServersNegativeTestJSON-1300021035-network', 'tenant_id': 'f035f8fbac46483fb4d70f166df319b6', 'admin_state_up': True, 'mtu': 8950, 'status': 'ACTIVE', 'subnets': [], 'shared': False, 'project_id': 'f035f8fbac46483fb4d70f166df319b6', 'port_security_enabled': True, 'router:external': False, 'provider:network_type': 'vlan', 'provider:physical_network': 'default', 'provider:segmentation_id': 284, 'availability_zone_hints': [], 'availability_zones': [], 'ipv4_address_scope': None, 'ipv6_address_scope': None, 'description': '', 'tags': [], 'created_at': '2025-04-03T08:41:05Z', 'updated_at': '2025-04-03T08:41:05Z', 'revision_number': 1} available for tenant
