2025-04-03 08:40:23.943 70277 INFO tempest.lib.common.rest_client [req-3c10d796-45e4-47d3-b9b0-5af2651c5da4 req-3c10d796-45e4-47d3-b9b0-5af2651c5da4 ] Request (TenantUsagesTestJSON:setUpClass): 200 GET http://10.180.1.21/compute/v2.1/servers/0bfe4393-5b2a-487f-ba7a-858ed4c861a5 0.292s
2025-04-03 08:40:24.006 70285 INFO tempest.lib.common.rest_client [req-d4851620-a1ec-451e-a883-f3c89ccd4845 req-d4851620-a1ec-451e-a883-f3c89ccd4845 ] Request (ServersAdminNegativeTestJSON:test_resize_server_using_overlimit_vcpus): 403 POST http://10.180.1.21/compute/v2.1/servers/2244e8ad-75f6-42bc-a97d-7f26eaba1aa2/action 0.409s
2025-04-03 08:40:24.007 70275 INFO tempest.lib.common.rest_client [req-fa293ab0-591e-47ff-bc13-0865ad74e3bd req-fa293ab0-591e-47ff-bc13-0865ad74e3bd ] Request (ServerShowV247Test:tearDownClass): 200 GET http://10.180.1.21/compute/v2.1/servers/e9bc15f9-e957-487f-b8d5-d1332b185dcf 0.320s
2025-04-03 08:40:24.015 70275 INFO tempest.common.waiters [-] State transition "ACTIVE/deleting" ==> "DELETED/None" after 5 second wait
2025-04-03 08:40:24.069 70329 INFO tempest.lib.common.rest_client [req-8272d6e6-1d72-4136-be1b-40f81d72c6ce req-8272d6e6-1d72-4136-be1b-40f81d72c6ce ] Request (ServerAddressesNegativeTestJSON:tearDownClass): 200 GET http://10.180.1.21/compute/v2.1/servers/f109c803-bf37-4845-8956-4336dbc8a946 0.281s
2025-04-03 08:40:24.071 70319 INFO tempest.lib.common.rest_client [req-cdb6143d-6142-43f8-aac0-afe12114daa4 req-cdb6143d-6142-43f8-aac0-afe12114daa4 ] Request (InstanceActionsTestJSON:tearDownClass): 200 GET http://10.180.1.21/compute/v2.1/servers/5badecfd-5784-4968-8519-419a01c67465 0.352s
2025-04-03 08:40:24.130 70273 INFO tempest.lib.common.rest_client [req-1c0b4d8b-bf5e-4a3e-9046-1cde852efae8 req-1c0b4d8b-bf5e-4a3e-9046-1cde852efae8 ] Request (ServersNegativeTestMultiTenantJSON:setUpClass): 200 GET http://10.180.1.21/compute/v2.1/servers/86e514bb-8b47-4605-bd85-55c6c9874320 0.165s
2025-04-03 08:40:24.155 70285 INFO tempest.lib.common.rest_client [req-faea3873-beef-43ef-ad65-2f0744888d1a req-faea3873-beef-43ef-ad65-2f0744888d1a ] Request (ServersAdminNegativeTestJSON:_run_cleanups): 202 DELETE http://10.180.1.21/compute/v2.1/flavors/403964512 0.149s
2025-04-03 08:40:24.162 70317 INFO tempest.lib.common.rest_client [req-dcdf2d16-c350-418b-8e1e-3f2290820621 req-dcdf2d16-c350-418b-8e1e-3f2290820621 ] Request (AttachVolumeTestJSON:test_attach_detach_volume): 200 GET http://10.180.1.21/compute/v2.1/servers/7f66a148-86fe-4ddc-b8ed-6e6a306bbc24 0.256s
2025-04-03 08:40:24.206 70311 INFO tempest.lib.common.rest_client [req-2212b833-6f31-449a-9696-a2043d800c48 req-2212b833-6f31-449a-9696-a2043d800c48 ] Request (ListImageFiltersTestJSON:setUpClass): 200 GET http://10.180.1.21/compute/v2.1/servers/153f0ead-6e2f-4077-b86a-00d3a1114fed 0.147s
2025-04-03 08:40:24.232 70285 INFO tempest.lib.common.rest_client [req-22657d41-2da7-47c1-b5ce-91bb6b2f90e4 req-22657d41-2da7-47c1-b5ce-91bb6b2f90e4 ] Request (ServersAdminNegativeTestJSON:_run_cleanups): 200 GET http://10.180.1.21/compute/v2.1/flavors/detail 0.077s
2025-04-03 08:40:24.294 70321 INFO tempest.lib.common.rest_client [req-46d8d69c-2136-4b07-92f5-d84e4df877e9 req-46d8d69c-2136-4b07-92f5-d84e4df877e9 ] Request (FloatingIPsAssociationNegativeTestJSON:tearDownClass): 200 GET http://10.180.1.21/compute/v2.1/servers/2f710439-0216-401e-9759-af584f9bd00d 0.107s
2025-04-03 08:40:24.324 70293 INFO tempest.lib.common.rest_client [req-e7ff8388-1d2d-4ee3-bdfa-d30fed9ef41d req-e7ff8388-1d2d-4ee3-bdfa-d30fed9ef41d ] Request (DeleteServersAdminTestJSON:test_delete_server_while_in_error_state): 200 GET http://10.180.1.21/compute/v2.1/servers/6e8286a3-6fd1-44ee-a5ca-b21f3178334d 0.256s
2025-04-03 08:40:24.346 70285 INFO tempest.lib.common.rest_client [req-863cdbe4-33a9-4be5-bb0b-4a67ca81d662 req-863cdbe4-33a9-4be5-bb0b-4a67ca81d662 ] Request (ServersAdminNegativeTestJSON:test_restore_server_invalid_state): 409 POST http://10.180.1.21/compute/v2.1/servers/2244e8ad-75f6-42bc-a97d-7f26eaba1aa2/action 0.108s
2025-04-03 08:40:24.353 70331 INFO tempest.lib.common.rest_client [req-9cb0aa34-3ba3-4239-87ef-607dea06cae1 req-9cb0aa34-3ba3-4239-87ef-607dea06cae1 ] Request (ServersAdmin275Test:tearDownClass): 200 GET http://10.180.1.21/compute/v2.1/servers/21f66039-6292-4d9c-b97d-668d029def24 0.152s
2025-04-03 08:40:24.400 70283 INFO tempest.lib.common.rest_client [req-5d851cf2-945a-4c7c-8c27-c43fc9c9442d req-5d851cf2-945a-4c7c-8c27-c43fc9c9442d ] Request (ImagesNegativeTestJSON:test_create_image_from_deleted_server): 200 GET http://10.180.1.21/compute/v2.1/servers/3c2c8a40-919d-4280-b9be-f8d95b1a263e 0.132s
2025-04-03 08:40:24.405 70297 INFO tempest.lib.common.rest_client [req-d956907e-0872-4340-b231-e31351821bea req-d956907e-0872-4340-b231-e31351821bea ] Request (ServersTestManualDisk:setUpClass): 200 GET http://10.180.1.21/compute/v2.1/servers/744fe018-d12c-44c2-98f1-c11fbfffc98e 0.139s
2025-04-03 08:40:24.445 70315 INFO tempest.lib.common.rest_client [req-f998f61e-8c4a-41f3-8154-d783edadf7bd req-f998f61e-8c4a-41f3-8154-d783edadf7bd ] Request (ServersTestFqdnHostnames:test_create_server_with_fqdn_name): 200 GET http://10.180.1.21/compute/v2.1/servers/289cbcc2-cd8f-4c4f-9169-a897f5527de1 0.123s
2025-04-03 08:40:24.490 70299 INFO tempest.lib.common.rest_client [req-dd1b2cc0-bc36-439a-a7ef-85789ceea404 req-dd1b2cc0-bc36-439a-a7ef-85789ceea404 ] Request (FloatingIPsAssociationTestJSON:test_associate_already_associated_floating_ip): 200 GET http://10.180.1.21/compute/v2.1/servers/0b284e71-7af2-4782-b950-4f7eac5221a4 0.093s
2025-04-03 08:40:24.538 70285 INFO tempest.lib.common.rest_client [req-354c995b-f30f-4d82-86f7-441e948afa00 req-354c995b-f30f-4d82-86f7-441e948afa00 ] Request (ServersAdminNegativeTestJSON:tearDownClass): 204 DELETE http://10.180.1.21/compute/v2.1/servers/ad957c30-c923-4bbf-8841-00e99de44781 0.190s
2025-04-03 08:40:24.601 70309 INFO tempest.lib.common.rest_client [req-daeb8c7b-747d-48c4-8c11-73e24825aff2 req-daeb8c7b-747d-48c4-8c11-73e24825aff2 ] Request (ImagesOneServerTestJSON:test_create_delete_image): 200 GET http://10.180.1.21/compute/v2.1/images/b0eeb296-ea9a-4b6e-b148-a29401cca7af 0.144s
2025-04-03 08:40:24.617 70295 INFO tempest.lib.common.rest_client [req-40074944-c1b0-4b65-9005-7be4e123b289 req-40074944-c1b0-4b65-9005-7be4e123b289 ] Request (ServersV294TestFqdnHostnames:setUpClass): 200 GET http://10.180.1.21/compute/v2.1/servers/cef66a67-e3ac-40dc-a8a4-0375bd64c484 0.165s
2025-04-03 08:40:24.673 70333 INFO tempest.lib.common.rest_client [req-9d71d915-859c-4315-bd66-a4b4f3c9ba6c req-9d71d915-859c-4315-bd66-a4b4f3c9ba6c ] Request (ServerRescueTestJSON:test_rescue_unrescue_instance): 200 GET http://10.180.1.21/compute/v2.1/servers/558ee84a-731b-4cb1-967d-cf84c8d39718 0.128s
2025-04-03 08:40:24.740 70285 INFO tempest.lib.common.rest_client [req-afcd2a70-e7c2-42db-a80e-9867ce999727 req-afcd2a70-e7c2-42db-a80e-9867ce999727 ] Request (ServersAdminNegativeTestJSON:tearDownClass): 200 GET http://10.180.1.21/compute/v2.1/servers/ad957c30-c923-4bbf-8841-00e99de44781 0.201s
2025-04-03 08:40:24.740 70325 INFO tempest.lib.common.rest_client [req-840f5587-45ac-4785-962b-4f25e5c44e77 req-840f5587-45ac-4785-962b-4f25e5c44e77 ] Request (MultipleCreateTestJSON:test_multiple_create): 200 GET http://10.180.1.21/compute/v2.1/servers/493c2d85-eef5-44ae-acfc-2744685135ca 0.193s
2025-04-03 08:40:24.774 70309 INFO tempest.lib.common.rest_client [req-e6213193-10a0-4b2e-b0a3-1fb5d76939cd req-e6213193-10a0-4b2e-b0a3-1fb5d76939cd ] Request (ImagesOneServerTestJSON:test_create_delete_image): 200 GET http://10.180.1.21/compute/v2.1/images/b0eeb296-ea9a-4b6e-b148-a29401cca7af 0.169s
2025-04-03 08:40:24.851 70289 INFO tempest.lib.common.rest_client [req-29946a37-f592-464d-9bfd-29c41f46e1c6 req-29946a37-f592-464d-9bfd-29c41f46e1c6 ] Request (DeleteServersTestJSON:test_delete_active_server): 200 GET http://10.180.1.21/compute/v2.1/servers/5f672fd4-b96f-4506-aa1e-96692a00cb43 0.123s
2025-04-03 08:40:24.858 70287 INFO tempest.lib.common.rest_client [req-1a1e4749-e31b-4301-bdf7-7388d8426e22 req-1a1e4749-e31b-4301-bdf7-7388d8426e22 ] Request (ImagesOneServerNegativeTestJSON:_run_cleanups): 200 GET http://10.180.1.21/compute/v2.1/servers/91bb882c-7b84-450f-bd03-91ea1ce739ce 0.208s
2025-04-03 08:40:25.031 70327 INFO tempest.lib.common.rest_client [req-0094b049-e85e-4212-8a84-593a94b449ba req-0094b049-e85e-4212-8a84-593a94b449ba ] Request (MigrationsAdminTest:test_list_migrations_in_flavor_resize_situation): 200 GET http://10.180.1.21/compute/v2.1/servers/dbad6bed-64ba-4dfd-abad-c0b2c775ba2c 0.270s
2025-04-03 08:40:25.071 70309 INFO tempest.lib.common.rest_client [req-b42112e3-e702-4e93-bd7b-4346e261c999 req-b42112e3-e702-4e93-bd7b-4346e261c999 ] Request (ImagesOneServerTestJSON:test_create_delete_image): 200 GET http://10.180.1.21/compute/v2.1/servers/aeb7928a-8307-49e7-b019-a4c674e6369a 0.294s
2025-04-03 08:40:25.089 70271 INFO tempest.lib.common.rest_client [req-69719ffc-9456-4c38-943d-3728d181c194 req-69719ffc-9456-4c38-943d-3728d181c194 ] Request (ServerRescueTestJSONUnderV235:setUpClass): 200 GET http://10.180.1.21/compute/v2.1/servers/ce6f9a88-faa8-442e-8b48-64979dd2d03e 0.309s
2025-04-03 08:40:25.141 70323 INFO tempest.lib.common.rest_client [req-4304c310-ff2a-45ac-a462-afa8642d0975 req-4304c310-ff2a-45ac-a462-afa8642d0975 ] Request (ListServerFiltersTestJSON:setUpClass): 200 GET http://10.180.1.21/compute/v2.1/servers/d4f87534-813e-4ff6-8b1f-ee23cb0b8e80 0.325s
2025-04-03 08:40:25.142 70291 INFO tempest.lib.common.rest_client [req-8179ea2b-1222-4578-8abd-a2a75279ca21 req-8179ea2b-1222-4578-8abd-a2a75279ca21 ] Request (ServersAdminTestJSON:setUpClass): 200 GET http://10.180.1.21/compute/v2.1/servers/e8caf244-413b-49bb-bdff-79aca0ccbc2b 0.289s
2025-04-03 08:40:25.194 70277 INFO tempest.lib.common.rest_client [req-f41a1184-35a9-40a3-bfd2-b17a79bd4f30 req-f41a1184-35a9-40a3-bfd2-b17a79bd4f30 ] Request (TenantUsagesTestJSON:setUpClass): 200 GET http://10.180.1.21/compute/v2.1/servers/0bfe4393-5b2a-487f-ba7a-858ed4c861a5 0.243s
2025-04-03 08:40:25.200 70303 INFO tempest.lib.common.rest_client [req-421ac572-ff55-4499-b1e8-ad170d1d9220 req-421ac572-ff55-4499-b1e8-ad170d1d9220 ] Request (ServerExternalEventsTest:tearDownClass): 200 GET http://10.180.1.21/compute/v2.1/servers/84bff4c0-9e2e-47f2-a378-70d3c992b58b 0.296s
2025-04-03 08:40:25.218 70329 INFO tempest.lib.common.rest_client [req-ad1abecb-0f65-4ecb-9a54-3e51a71b9e38 req-ad1abecb-0f65-4ecb-9a54-3e51a71b9e38 ] Request (ServerAddressesNegativeTestJSON:tearDownClass): 404 GET http://10.180.1.21/compute/v2.1/servers/f109c803-bf37-4845-8956-4336dbc8a946 0.140s
2025-04-03 08:40:25.250 70275 INFO tempest.lib.common.rest_client [req-d760a7fd-0e74-4b0b-93e7-af5d3449914a req-d760a7fd-0e74-4b0b-93e7-af5d3449914a ] Request (ServerShowV247Test:tearDownClass): 200 GET http://10.180.1.21/compute/v2.1/servers/e9bc15f9-e957-487f-b8d5-d1332b185dcf 0.233s
2025-04-03 08:40:25.277 70319 INFO tempest.lib.common.rest_client [req-f74bddd4-7103-4427-b3ee-024182278c99 req-f74bddd4-7103-4427-b3ee-024182278c99 ] Request (InstanceActionsTestJSON:tearDownClass): 200 GET http://10.180.1.21/compute/v2.1/servers/5badecfd-5784-4968-8519-419a01c67465 0.196s
2025-04-03 08:40:25.300 70273 INFO tempest.lib.common.rest_client [req-fbd8a69c-06f6-47a4-b6f0-eb1de296405b req-fbd8a69c-06f6-47a4-b6f0-eb1de296405b ] Request (ServersNegativeTestMultiTenantJSON:setUpClass): 200 GET http://10.180.1.21/compute/v2.1/servers/86e514bb-8b47-4605-bd85-55c6c9874320 0.162s
2025-04-03 08:40:25.352 70311 INFO tempest.lib.common.rest_client [req-e19aa644-b539-4031-888f-e15de4315736 req-e19aa644-b539-4031-888f-e15de4315736 ] Request (ListImageFiltersTestJSON:setUpClass): 200 GET http://10.180.1.21/compute/v2.1/servers/153f0ead-6e2f-4077-b86a-00d3a1114fed 0.136s
2025-04-03 08:40:25.387 70317 INFO tempest.lib.common.rest_client [req-bfd4366e-ce0b-4689-8952-076cb3db6e26 req-bfd4366e-ce0b-4689-8952-076cb3db6e26 ] Request (AttachVolumeTestJSON:test_attach_detach_volume): 200 GET http://10.180.1.21/compute/v2.1/servers/7f66a148-86fe-4ddc-b8ed-6e6a306bbc24 0.217s
2025-04-03 08:40:25.407 70321 INFO tempest.lib.common.rest_client [req-d0bc5e52-f435-4126-a5e1-77d51aaf53e4 req-d0bc5e52-f435-4126-a5e1-77d51aaf53e4 ] Request (FloatingIPsAssociationNegativeTestJSON:tearDownClass): 200 GET http://10.180.1.21/compute/v2.1/servers/2f710439-0216-401e-9759-af584f9bd00d 0.104s
2025-04-03 08:40:25.470 70279 WARNING tempest.lib.common.ssh [-] Failed to establish authenticated ssh connection to cirros@10.180.180.158 ([Errno None] Unable to connect to port 22 on 10.180.180.158). Number attempts: 2. Retry after 3 seconds.: paramiko.ssh_exception.NoValidConnectionsError: [Errno None] Unable to connect to port 22 on 10.180.180.158
2025-04-03 08:40:25.481 70331 INFO tempest.lib.common.rest_client [req-be7da6c4-e2ac-48b0-84a5-db4e82ef4000 req-be7da6c4-e2ac-48b0-84a5-db4e82ef4000 ] Request (ServersAdmin275Test:tearDownClass): 200 GET http://10.180.1.21/compute/v2.1/servers/21f66039-6292-4d9c-b97d-668d029def24 0.117s
2025-04-03 08:40:25.522 70293 INFO tempest.lib.common.rest_client [req-98e7b0e1-8f58-41b8-a51d-6448ac7a1f35 req-98e7b0e1-8f58-41b8-a51d-6448ac7a1f35 ] Request (DeleteServersAdminTestJSON:test_delete_server_while_in_error_state): 200 GET http://10.180.1.21/compute/v2.1/servers/6e8286a3-6fd1-44ee-a5ca-b21f3178334d 0.191s
2025-04-03 08:40:25.541 70283 INFO tempest.lib.common.rest_client [req-6ae8e36d-cad2-41c1-9cf6-8add5a86ea15 req-6ae8e36d-cad2-41c1-9cf6-8add5a86ea15 ] Request (ImagesNegativeTestJSON:test_create_image_from_deleted_server): 200 GET http://10.180.1.21/compute/v2.1/servers/3c2c8a40-919d-4280-b9be-f8d95b1a263e 0.132s
2025-04-03 08:40:25.585 70297 INFO tempest.lib.common.rest_client [req-9b3259ce-18c4-4e5d-bab1-5594bb671bce req-9b3259ce-18c4-4e5d-bab1-5594bb671bce ] Request (ServersTestManualDisk:setUpClass): 200 GET http://10.180.1.21/compute/v2.1/servers/744fe018-d12c-44c2-98f1-c11fbfffc98e 0.173s
2025-04-03 08:40:25.608 70315 INFO tempest.lib.common.rest_client [req-ef3d9616-9005-4a66-8682-09b2bba6332a req-ef3d9616-9005-4a66-8682-09b2bba6332a ] Request (ServersTestFqdnHostnames:test_create_server_with_fqdn_name): 200 GET http://10.180.1.21/compute/v2.1/servers/289cbcc2-cd8f-4c4f-9169-a897f5527de1 0.154s
2025-04-03 08:40:25.644 70299 INFO tempest.lib.common.rest_client [req-2bcca279-50b9-4f88-ae39-af4558b6d8d1 req-2bcca279-50b9-4f88-ae39-af4558b6d8d1 ] Request (FloatingIPsAssociationTestJSON:test_associate_already_associated_floating_ip): 200 GET http://10.180.1.21/compute/v2.1/servers/0b284e71-7af2-4782-b950-4f7eac5221a4 0.145s
2025-04-03 08:40:25.748 70295 INFO tempest.lib.common.rest_client [req-5233e5d2-144d-4795-9551-e9df70c06421 req-5233e5d2-144d-4795-9551-e9df70c06421 ] Request (ServersV294TestFqdnHostnames:setUpClass): 200 GET http://10.180.1.21/compute/v2.1/servers/cef66a67-e3ac-40dc-a8a4-0375bd64c484 0.120s
2025-04-03 08:40:25.750 70333 INFO tempest.lib.common.rest_client [req-a0ba125a-4b10-48f1-a11d-db1767ef4f3c req-a0ba125a-4b10-48f1-a11d-db1767ef4f3c ] Request (ServerRescueTestJSON:test_rescue_unrescue_instance): 200 GET http://10.180.1.21/compute/v2.1/servers/558ee84a-731b-4cb1-967d-cf84c8d39718 0.069s
2025-04-03 08:40:25.758 70295 INFO tempest.common.waiters [-] State transition "BUILD/spawning" ==> "ACTIVE/None" after 52 second wait
2025-04-03 08:40:25.832 70325 INFO tempest.lib.common.rest_client [req-99b9ec8d-781f-445d-b080-54295e7c8413 req-99b9ec8d-781f-445d-b080-54295e7c8413 ] Request (MultipleCreateTestJSON:test_multiple_create): 200 GET http://10.180.1.21/compute/v2.1/servers/493c2d85-eef5-44ae-acfc-2744685135ca 0.083s
2025-04-03 08:40:25.923 70295 INFO tempest.lib.common.rest_client [req-a516a719-696d-4161-82ff-96d3a7714d85 req-a516a719-696d-4161-82ff-96d3a7714d85 ] Request (ServersV294TestFqdnHostnames:setUpClass): 200 GET http://10.180.1.21/compute/v2.1/servers/cef66a67-e3ac-40dc-a8a4-0375bd64c484/os-interface 0.164s
2025-04-03 08:40:25.924 70285 INFO tempest.lib.common.rest_client [req-dbb50d61-5e07-4b9c-ad8d-6f3a84ed2081 req-dbb50d61-5e07-4b9c-ad8d-6f3a84ed2081 ] Request (ServersAdminNegativeTestJSON:tearDownClass): 200 GET http://10.180.1.21/compute/v2.1/servers/ad957c30-c923-4bbf-8841-00e99de44781 0.175s
2025-04-03 08:40:25.993 70289 INFO tempest.lib.common.rest_client [req-bf1804fc-ba9d-476f-a9e1-056e9120a6b3 req-bf1804fc-ba9d-476f-a9e1-056e9120a6b3 ] Request (DeleteServersTestJSON:test_delete_active_server): 200 GET http://10.180.1.21/compute/v2.1/servers/5f672fd4-b96f-4506-aa1e-96692a00cb43 0.133s
2025-04-03 08:40:26.040 70287 INFO tempest.lib.common.rest_client [req-0d071791-aa18-4b49-87a0-2c6ae893f0e3 req-0d071791-aa18-4b49-87a0-2c6ae893f0e3 ] Request (ImagesOneServerNegativeTestJSON:_run_cleanups): 200 GET http://10.180.1.21/compute/v2.1/servers/91bb882c-7b84-450f-bd03-91ea1ce739ce 0.166s
2025-04-03 08:40:26.177 70327 INFO tempest.lib.common.rest_client [req-346497ba-cc28-4f4f-b24b-b1043fa3cedd req-346497ba-cc28-4f4f-b24b-b1043fa3cedd ] Request (MigrationsAdminTest:test_list_migrations_in_flavor_resize_situation): 200 GET http://10.180.1.21/compute/v2.1/servers/dbad6bed-64ba-4dfd-abad-c0b2c775ba2c 0.138s
2025-04-03 08:40:26.241 70309 INFO tempest.lib.common.rest_client [req-085cfdb5-2ba6-48a9-af1d-4def7716ba21 req-085cfdb5-2ba6-48a9-af1d-4def7716ba21 ] Request (ImagesOneServerTestJSON:test_create_delete_image): 200 GET http://10.180.1.21/compute/v2.1/servers/aeb7928a-8307-49e7-b019-a4c674e6369a 0.162s
2025-04-03 08:40:26.265 70271 INFO tempest.lib.common.rest_client [req-2c0686b2-7201-4e01-87f0-cbfa10b4cc40 req-2c0686b2-7201-4e01-87f0-cbfa10b4cc40 ] Request (ServerRescueTestJSONUnderV235:setUpClass): 200 GET http://10.180.1.21/compute/v2.1/servers/ce6f9a88-faa8-442e-8b48-64979dd2d03e 0.168s
2025-04-03 08:40:26.313 70291 INFO tempest.lib.common.rest_client [req-8c4d7c7f-6947-40cd-aa78-ebae30297ced req-8c4d7c7f-6947-40cd-aa78-ebae30297ced ] Request (ServersAdminTestJSON:setUpClass): 200 GET http://10.180.1.21/compute/v2.1/servers/e8caf244-413b-49bb-bdff-79aca0ccbc2b 0.164s
2025-04-03 08:40:26.343 70323 INFO tempest.lib.common.rest_client [req-561880f1-ebf1-4750-b325-9850a58bd494 req-561880f1-ebf1-4750-b325-9850a58bd494 ] Request (ListServerFiltersTestJSON:setUpClass): 200 GET http://10.180.1.21/compute/v2.1/servers/d4f87534-813e-4ff6-8b1f-ee23cb0b8e80 0.191s
2025-04-03 08:40:26.367 70277 INFO tempest.lib.common.rest_client [req-3f36cdf9-e1ec-40da-8df2-0150df399f31 req-3f36cdf9-e1ec-40da-8df2-0150df399f31 ] Request (TenantUsagesTestJSON:setUpClass): 200 GET http://10.180.1.21/compute/v2.1/servers/0bfe4393-5b2a-487f-ba7a-858ed4c861a5 0.164s
2025-04-03 08:40:26.422 70303 INFO tempest.lib.common.rest_client [req-e88f0782-6a8a-497b-8c9f-ae84c054ef76 req-e88f0782-6a8a-497b-8c9f-ae84c054ef76 ] Request (ServerExternalEventsTest:tearDownClass): 200 GET http://10.180.1.21/compute/v2.1/servers/84bff4c0-9e2e-47f2-a378-70d3c992b58b 0.210s
2025-04-03 08:40:26.432 70303 INFO tempest.common.waiters [-] State transition "ACTIVE/deleting" ==> "DELETED/None" after 4 second wait
2025-04-03 08:40:26.438 70275 INFO tempest.lib.common.rest_client [req-d808d8bf-d3ed-467f-b093-5b38b1c4befe req-d808d8bf-d3ed-467f-b093-5b38b1c4befe ] Request (ServerShowV247Test:tearDownClass): 200 GET http://10.180.1.21/compute/v2.1/servers/e9bc15f9-e957-487f-b8d5-d1332b185dcf 0.179s
2025-04-03 08:40:26.483 70319 INFO tempest.lib.common.rest_client [req-c188d497-91a4-4a12-8843-1016a04b19e2 req-c188d497-91a4-4a12-8843-1016a04b19e2 ] Request (InstanceActionsTestJSON:tearDownClass): 200 GET http://10.180.1.21/compute/v2.1/servers/5badecfd-5784-4968-8519-419a01c67465 0.197s
2025-04-03 08:40:26.490 70273 INFO tempest.lib.common.rest_client [req-59d53e41-7f76-403c-9b10-ce42afc4ebda req-59d53e41-7f76-403c-9b10-ce42afc4ebda ] Request (ServersNegativeTestMultiTenantJSON:setUpClass): 200 GET http://10.180.1.21/compute/v2.1/servers/86e514bb-8b47-4605-bd85-55c6c9874320 0.182s
2025-04-03 08:40:26.570 70311 INFO tempest.lib.common.rest_client [req-5771b2d2-6141-4a1f-8542-c3691f5e4f00 req-5771b2d2-6141-4a1f-8542-c3691f5e4f00 ] Request (ListImageFiltersTestJSON:setUpClass): 200 GET http://10.180.1.21/compute/v2.1/servers/153f0ead-6e2f-4077-b86a-00d3a1114fed 0.210s
2025-04-03 08:40:26.621 70317 INFO tempest.lib.common.rest_client [req-7a95d448-1784-4d19-9a14-f13a2a5cf22b req-7a95d448-1784-4d19-9a14-f13a2a5cf22b ] Request (AttachVolumeTestJSON:test_attach_detach_volume): 200 GET http://10.180.1.21/compute/v2.1/servers/7f66a148-86fe-4ddc-b8ed-6e6a306bbc24 0.224s
2025-04-03 08:40:26.638 70321 INFO tempest.lib.common.rest_client [req-66f4212a-734a-453b-b7f1-0663ef8a3c4e req-66f4212a-734a-453b-b7f1-0663ef8a3c4e ] Request (FloatingIPsAssociationNegativeTestJSON:tearDownClass): 200 GET http://10.180.1.21/compute/v2.1/servers/2f710439-0216-401e-9759-af584f9bd00d 0.224s
2025-04-03 08:40:26.691 70329 INFO tempest.lib.common.rest_client [req-2a26fb4c-5823-4487-88c4-d3082c7d6861 req-2a26fb4c-5823-4487-88c4-d3082c7d6861 ] Request (ServerAddressesNegativeTestJSON:tearDownClass): 200 PUT http://10.180.1.21:9696/networking/v2.0/routers/be04ddc3-d86b-4bd1-884a-2e1ebac23800/remove_router_interface 1.472s
2025-04-03 08:40:26.732 70331 INFO tempest.lib.common.rest_client [req-f211a270-4eef-42b5-bd11-0df888d93bb8 req-f211a270-4eef-42b5-bd11-0df888d93bb8 ] Request (ServersAdmin275Test:tearDownClass): 200 GET http://10.180.1.21/compute/v2.1/servers/21f66039-6292-4d9c-b97d-668d029def24 0.239s
2025-04-03 08:40:26.818 70293 INFO tempest.lib.common.rest_client [req-46b63201-c342-421d-8852-f6eb4eb8c7c3 req-46b63201-c342-421d-8852-f6eb4eb8c7c3 ] Request (DeleteServersAdminTestJSON:test_delete_server_while_in_error_state): 200 GET http://10.180.1.21/compute/v2.1/servers/6e8286a3-6fd1-44ee-a5ca-b21f3178334d 0.287s
2025-04-03 08:40:26.818 70283 INFO tempest.lib.common.rest_client [req-79eeb435-68ee-4cbc-b579-8f1ce4873517 req-79eeb435-68ee-4cbc-b579-8f1ce4873517 ] Request (ImagesNegativeTestJSON:test_create_image_from_deleted_server): 200 GET http://10.180.1.21/compute/v2.1/servers/3c2c8a40-919d-4280-b9be-f8d95b1a263e 0.267s
2025-04-03 08:40:26.921 70297 INFO tempest.lib.common.rest_client [req-1cb0f029-4447-49d3-851d-632ccfbb5060 req-1cb0f029-4447-49d3-851d-632ccfbb5060 ] Request (ServersTestManualDisk:setUpClass): 200 GET http://10.180.1.21/compute/v2.1/servers/744fe018-d12c-44c2-98f1-c11fbfffc98e 0.328s
2025-04-03 08:40:26.932 70315 INFO tempest.lib.common.rest_client [req-570efb2c-f264-4c8e-a39f-792e0a61539e req-570efb2c-f264-4c8e-a39f-792e0a61539e ] Request (ServersTestFqdnHostnames:test_create_server_with_fqdn_name): 200 GET http://10.180.1.21/compute/v2.1/servers/289cbcc2-cd8f-4c4f-9169-a897f5527de1 0.307s
2025-04-03 08:40:26.975 70299 INFO tempest.lib.common.rest_client [req-3a215a14-65cb-4593-840d-468556d923b7 req-3a215a14-65cb-4593-840d-468556d923b7 ] Request (FloatingIPsAssociationTestJSON:test_associate_already_associated_floating_ip): 200 GET http://10.180.1.21/compute/v2.1/servers/0b284e71-7af2-4782-b950-4f7eac5221a4 0.321s
2025-04-03 08:40:27.000 70333 INFO tempest.lib.common.rest_client [req-fe9d1ed1-5c14-4e2a-8124-9b74fae452b6 req-fe9d1ed1-5c14-4e2a-8124-9b74fae452b6 ] Request (ServerRescueTestJSON:test_rescue_unrescue_instance): 200 GET http://10.180.1.21/compute/v2.1/servers/558ee84a-731b-4cb1-967d-cf84c8d39718 0.241s
2025-04-03 08:40:27.051 70325 INFO tempest.lib.common.rest_client [req-5b4f3a74-03a8-4aa4-8dda-e001616ffe82 req-5b4f3a74-03a8-4aa4-8dda-e001616ffe82 ] Request (MultipleCreateTestJSON:test_multiple_create): 200 GET http://10.180.1.21/compute/v2.1/servers/493c2d85-eef5-44ae-acfc-2744685135ca 0.211s
2025-04-03 08:40:27.056 70295 INFO tempest.lib.common.rest_client [req-0ce187c3-d246-4e8b-93f4-bb83c3f3392a req-0ce187c3-d246-4e8b-93f4-bb83c3f3392a ] Request (ServersV294TestFqdnHostnames:setUpClass): 200 PUT http://10.180.1.21:9696/networking/v2.0/floatingips/344c86e4-3226-414f-8cf1-36e55949496c 1.130s
2025-04-03 08:40:27.081 70285 INFO tempest.lib.common.rest_client [req-4e2cf276-1b18-4035-8693-2f3438af2708 req-4e2cf276-1b18-4035-8693-2f3438af2708 ] Request (ServersAdminNegativeTestJSON:tearDownClass): 200 GET http://10.180.1.21/compute/v2.1/servers/ad957c30-c923-4bbf-8841-00e99de44781 0.149s
2025-04-03 08:40:27.106 70289 INFO tempest.lib.common.rest_client [req-4ad17633-0590-4929-bcde-aa88a5699d05 req-4ad17633-0590-4929-bcde-aa88a5699d05 ] Request (DeleteServersTestJSON:test_delete_active_server): 200 GET http://10.180.1.21/compute/v2.1/servers/5f672fd4-b96f-4506-aa1e-96692a00cb43 0.101s
2025-04-03 08:40:27.147 70287 INFO tempest.lib.common.rest_client [req-513794aa-73e5-4ede-ae4e-119762370d09 req-513794aa-73e5-4ede-ae4e-119762370d09 ] Request (ImagesOneServerNegativeTestJSON:_run_cleanups): 200 GET http://10.180.1.21/compute/v2.1/servers/91bb882c-7b84-450f-bd03-91ea1ce739ce 0.095s
2025-04-03 08:40:27.210 70295 INFO tempest.lib.common.rest_client [req-87bf8cee-ac5f-431b-b6d1-bc725fd9bd01 req-87bf8cee-ac5f-431b-b6d1-bc725fd9bd01 ] Request (ServersV294TestFqdnHostnames:setUpClass): 200 GET http://10.180.1.21/compute/v2.1/servers/cef66a67-e3ac-40dc-a8a4-0375bd64c484 0.154s
2025-04-03 08:40:27.224 70295 INFO tempest.api.compute.base [-] Attempting to verify tagged devices in server cef66a67-e3ac-40dc-a8a4-0375bd64c484 via the metadata service: http://169.254.169.254/openstack/latest/meta_data.json
2025-04-03 08:40:27.224 70295 INFO tempest.lib.common.ssh [-] Creating ssh connection to '10.180.180.244:22' as 'cirros' with public key authentication
2025-04-03 08:40:27.330 70327 INFO tempest.lib.common.rest_client [req-826e3ab6-78f5-4908-a1bf-3f1182c608ab req-826e3ab6-78f5-4908-a1bf-3f1182c608ab ] Request (MigrationsAdminTest:test_list_migrations_in_flavor_resize_situation): 200 GET http://10.180.1.21/compute/v2.1/servers/dbad6bed-64ba-4dfd-abad-c0b2c775ba2c 0.145s
2025-04-03 08:40:27.394 70271 INFO tempest.lib.common.rest_client [req-e974bed8-0540-426f-8a1c-b43fee010363 req-e974bed8-0540-426f-8a1c-b43fee010363 ] Request (ServerRescueTestJSONUnderV235:setUpClass): 200 GET http://10.180.1.21/compute/v2.1/servers/ce6f9a88-faa8-442e-8b48-64979dd2d03e 0.118s
2025-04-03 08:40:27.410 70309 INFO tempest.lib.common.rest_client [req-96e99d8a-8631-4d9e-8151-2829f0f4c964 req-96e99d8a-8631-4d9e-8151-2829f0f4c964 ] Request (ImagesOneServerTestJSON:test_create_delete_image): 200 GET http://10.180.1.21/compute/v2.1/servers/aeb7928a-8307-49e7-b019-a4c674e6369a 0.157s
2025-04-03 08:40:27.418 70309 INFO tempest.common.waiters [-] State transition "ACTIVE/image_uploading" ==> "ACTIVE/None" after 2 second wait
2025-04-03 08:40:27.438 70329 INFO tempest.lib.common.rest_client [req-aa6664e7-b0f4-4e52-ac3b-60e0a71784f8 req-aa6664e7-b0f4-4e52-ac3b-60e0a71784f8 ] Request (ServerAddressesNegativeTestJSON:tearDownClass): 204 DELETE http://10.180.1.21:9696/networking/v2.0/routers/be04ddc3-d86b-4bd1-884a-2e1ebac23800 0.746s
2025-04-03 08:40:27.449 70291 INFO tempest.lib.common.rest_client [req-8d426984-39b4-4aeb-903d-c21446d89e39 req-8d426984-39b4-4aeb-903d-c21446d89e39 ] Request (ServersAdminTestJSON:setUpClass): 200 GET http://10.180.1.21/compute/v2.1/servers/e8caf244-413b-49bb-bdff-79aca0ccbc2b 0.122s
2025-04-03 08:40:27.455 70291 INFO tempest.common.waiters [-] State transition "BUILD/scheduling" ==> "BUILD/None" after 31 second wait
2025-04-03 08:40:27.460 70323 INFO tempest.lib.common.rest_client [req-4616492c-a44f-4d50-929a-c3db3e6d6ea8 req-4616492c-a44f-4d50-929a-c3db3e6d6ea8 ] Request (ListServerFiltersTestJSON:setUpClass): 200 GET http://10.180.1.21/compute/v2.1/servers/d4f87534-813e-4ff6-8b1f-ee23cb0b8e80 0.107s
2025-04-03 08:40:27.493 70277 INFO tempest.lib.common.rest_client [req-ae04d98c-a17e-4af5-8cc2-9b1df78febf0 req-ae04d98c-a17e-4af5-8cc2-9b1df78febf0 ] Request (TenantUsagesTestJSON:setUpClass): 200 GET http://10.180.1.21/compute/v2.1/servers/0bfe4393-5b2a-487f-ba7a-858ed4c861a5 0.113s
2025-04-03 08:40:27.520 70309 INFO tempest.lib.common.rest_client [req-1a68ee07-f680-4ec3-ac71-ae85e17d8a56 req-1a68ee07-f680-4ec3-ac71-ae85e17d8a56 ] Request (ImagesOneServerTestJSON:test_create_delete_image): 200 GET http://10.180.1.21/compute/v2.1/images/cc2e14cc-b12f-480a-a387-dd21e9efda8b 0.101s
2025-04-03 08:40:27.556 70303 INFO tempest.lib.common.rest_client [req-61845c85-ba83-4de5-bc3e-d4b642951dee req-61845c85-ba83-4de5-bc3e-d4b642951dee ] Request (ServerExternalEventsTest:tearDownClass): 200 GET http://10.180.1.21/compute/v2.1/servers/84bff4c0-9e2e-47f2-a378-70d3c992b58b 0.123s
2025-04-03 08:40:27.569 70329 INFO tempest.lib.common.rest_client [req-919b49d0-b006-4a61-9638-f1442e3c3649 req-919b49d0-b006-4a61-9638-f1442e3c3649 ] Request (ServerAddressesNegativeTestJSON:tearDownClass): 204 DELETE http://10.180.1.21:9696/networking/v2.0/subnets/943019d7-7c67-45c6-91cb-d2fdc37c3a44 0.131s
2025-04-03 08:40:27.593 70275 INFO tempest.lib.common.rest_client [req-32a29bfe-3ed4-4fd0-88cd-e83e746fa17d req-32a29bfe-3ed4-4fd0-88cd-e83e746fa17d ] Request (ServerShowV247Test:tearDownClass): 200 GET http://10.180.1.21/compute/v2.1/servers/e9bc15f9-e957-487f-b8d5-d1332b185dcf 0.138s
2025-04-03 08:40:27.621 70319 INFO tempest.lib.common.rest_client [req-edc347cd-4294-4521-9f99-c217330e8575 req-edc347cd-4294-4521-9f99-c217330e8575 ] Request (InstanceActionsTestJSON:tearDownClass): 200 GET http://10.180.1.21/compute/v2.1/servers/5badecfd-5784-4968-8519-419a01c67465 0.131s
2025-04-03 08:40:27.643 70273 INFO tempest.lib.common.rest_client [req-d27dab18-56f0-4157-84cc-909ea90e54b4 req-d27dab18-56f0-4157-84cc-909ea90e54b4 ] Request (ServersNegativeTestMultiTenantJSON:setUpClass): 200 GET http://10.180.1.21/compute/v2.1/servers/86e514bb-8b47-4605-bd85-55c6c9874320 0.143s
2025-04-03 08:40:27.651 70309 INFO tempest.lib.common.rest_client [req-0276e38f-2da6-492e-a804-a4bd656395c1 req-0276e38f-2da6-492e-a804-a4bd656395c1 ] Request (ImagesOneServerTestJSON:test_create_delete_image): 200 GET http://10.180.1.21/compute/v2.1/flavors/42 0.123s
2025-04-03 08:40:27.709 70311 INFO tempest.lib.common.rest_client [req-30a4c0b9-4c11-4d02-97ef-01b5b6edc781 req-30a4c0b9-4c11-4d02-97ef-01b5b6edc781 ] Request (ListImageFiltersTestJSON:setUpClass): 200 GET http://10.180.1.21/compute/v2.1/servers/153f0ead-6e2f-4077-b86a-00d3a1114fed 0.128s
2025-04-03 08:40:27.783 70321 INFO tempest.lib.common.rest_client [req-e0631a5f-1aba-4367-8205-c11f719f3bb8 req-e0631a5f-1aba-4367-8205-c11f719f3bb8 ] Request (FloatingIPsAssociationNegativeTestJSON:tearDownClass): 200 GET http://10.180.1.21/compute/v2.1/servers/2f710439-0216-401e-9759-af584f9bd00d 0.135s
2025-04-03 08:40:27.856 70317 INFO tempest.lib.common.rest_client [req-e8c9f3d7-1c25-41ad-8041-1c9d314a3513 req-e8c9f3d7-1c25-41ad-8041-1c9d314a3513 ] Request (AttachVolumeTestJSON:test_attach_detach_volume): 200 GET http://10.180.1.21/compute/v2.1/servers/7f66a148-86fe-4ddc-b8ed-6e6a306bbc24 0.221s
2025-04-03 08:40:27.863 70317 INFO tempest.common.waiters [-] State transition "BUILD/spawning" ==> "ACTIVE/None" after 53 second wait
2025-04-03 08:40:27.928 70331 INFO tempest.lib.common.rest_client [req-27279c49-6197-4d52-aaef-1885a9f8462f req-27279c49-6197-4d52-aaef-1885a9f8462f ] Request (ServersAdmin275Test:tearDownClass): 200 GET http://10.180.1.21/compute/v2.1/servers/21f66039-6292-4d9c-b97d-668d029def24 0.179s
2025-04-03 08:40:28.026 70309 INFO tempest.lib.common.rest_client [req-a1ac2db7-99ca-4eda-b526-6c2c4c661f8f req-a1ac2db7-99ca-4eda-b526-6c2c4c661f8f ] Request (ImagesOneServerTestJSON:test_create_delete_image): 204 DELETE http://10.180.1.21/compute/v2.1/images/b0eeb296-ea9a-4b6e-b148-a29401cca7af 0.372s
2025-04-03 08:40:28.079 70283 INFO tempest.lib.common.rest_client [req-02546563-aa8c-4de3-bed3-c52355c94ad2 req-02546563-aa8c-4de3-bed3-c52355c94ad2 ] Request (ImagesNegativeTestJSON:test_create_image_from_deleted_server): 200 GET http://10.180.1.21/compute/v2.1/servers/3c2c8a40-919d-4280-b9be-f8d95b1a263e 0.247s
2025-04-03 08:40:28.095 70293 INFO tempest.lib.common.rest_client [req-537ebed2-934f-4be7-a6fb-9170175a409d req-537ebed2-934f-4be7-a6fb-9170175a409d ] Request (DeleteServersAdminTestJSON:test_delete_server_while_in_error_state): 200 GET http://10.180.1.21/compute/v2.1/servers/6e8286a3-6fd1-44ee-a5ca-b21f3178334d 0.267s
2025-04-03 08:40:28.126 70329 INFO tempest.lib.common.rest_client [req-064ee35c-bc4a-4a2a-a9b3-afd438a9052e req-064ee35c-bc4a-4a2a-a9b3-afd438a9052e ] Request (ServerAddressesNegativeTestJSON:tearDownClass): 204 DELETE http://10.180.1.21:9696/networking/v2.0/networks/08e6ba22-8e20-4c46-b472-d83940dc0b6d 0.556s
2025-04-03 08:40:28.133 70317 INFO tempest.lib.common.rest_client [req-e5e23022-8806-42d2-af71-90ddedcd25b0 req-e5e23022-8806-42d2-af71-90ddedcd25b0 ] Request (AttachVolumeTestJSON:test_attach_detach_volume): 200 GET http://10.180.1.21/compute/v2.1/servers/7f66a148-86fe-4ddc-b8ed-6e6a306bbc24/os-interface 0.270s
2025-04-03 08:40:28.157 70297 INFO tempest.lib.common.rest_client [req-2d27fb73-c04f-4be0-8454-3bd993f47bb7 req-2d27fb73-c04f-4be0-8454-3bd993f47bb7 ] Request (ServersTestManualDisk:setUpClass): 200 GET http://10.180.1.21/compute/v2.1/servers/744fe018-d12c-44c2-98f1-c11fbfffc98e 0.228s
2025-04-03 08:40:28.193 70315 INFO tempest.lib.common.rest_client [req-948fbd51-ac29-4c90-bbc0-f1d851ed3f93 req-948fbd51-ac29-4c90-bbc0-f1d851ed3f93 ] Request (ServersTestFqdnHostnames:test_create_server_with_fqdn_name): 200 GET http://10.180.1.21/compute/v2.1/servers/289cbcc2-cd8f-4c4f-9169-a897f5527de1 0.251s
2025-04-03 08:40:28.248 70333 INFO tempest.lib.common.rest_client [req-78e1fb93-be72-4c00-87ff-30fc1ccba98d req-78e1fb93-be72-4c00-87ff-30fc1ccba98d ] Request (ServerRescueTestJSON:test_rescue_unrescue_instance): 200 GET http://10.180.1.21/compute/v2.1/servers/558ee84a-731b-4cb1-967d-cf84c8d39718 0.238s
2025-04-03 08:40:28.255 70299 INFO tempest.lib.common.rest_client [req-744e1eb6-60d7-4f29-8a75-49ca9302058b req-744e1eb6-60d7-4f29-8a75-49ca9302058b ] Request (FloatingIPsAssociationTestJSON:test_associate_already_associated_floating_ip): 200 GET http://10.180.1.21/compute/v2.1/servers/0b284e71-7af2-4782-b950-4f7eac5221a4 0.272s
2025-04-03 08:40:28.282 70309 INFO tempest.lib.common.rest_client [req-1e03e3c1-a31e-4b71-ad94-5ed90e266d75 req-1e03e3c1-a31e-4b71-ad94-5ed90e266d75 ] Request (ImagesOneServerTestJSON:test_create_delete_image): 404 GET http://10.180.1.21/compute/v2.1/images/b0eeb296-ea9a-4b6e-b148-a29401cca7af 0.255s
2025-04-03 08:40:28.317 70325 INFO tempest.lib.common.rest_client [req-547ff7be-44af-4454-aa9e-a1185f9087fd req-547ff7be-44af-4454-aa9e-a1185f9087fd ] Request (MultipleCreateTestJSON:test_multiple_create): 200 GET http://10.180.1.21/compute/v2.1/servers/493c2d85-eef5-44ae-acfc-2744685135ca 0.257s
2025-04-03 08:40:28.378 70289 INFO tempest.lib.common.rest_client [req-1262f7ab-502d-4e01-9667-bf098e93e8a9 req-1262f7ab-502d-4e01-9667-bf098e93e8a9 ] Request (DeleteServersTestJSON:test_delete_active_server): 200 GET http://10.180.1.21/compute/v2.1/servers/5f672fd4-b96f-4506-aa1e-96692a00cb43 0.258s
2025-04-03 08:40:28.405 70285 INFO tempest.lib.common.rest_client [req-04ac03da-3bc8-467b-b1cf-b9a2830cb898 req-04ac03da-3bc8-467b-b1cf-b9a2830cb898 ] Request (ServersAdminNegativeTestJSON:tearDownClass): 200 GET http://10.180.1.21/compute/v2.1/servers/ad957c30-c923-4bbf-8841-00e99de44781 0.316s
2025-04-03 08:40:28.414 70285 INFO tempest.common.waiters [-] State transition "SUSPENDED/deleting" ==> "DELETED/None" after 4 second wait
2025-04-03 08:40:28.447 70287 INFO tempest.lib.common.rest_client [req-4d6eae43-06e5-444e-9977-d7c35b85cee7 req-4d6eae43-06e5-444e-9977-d7c35b85cee7 ] Request (ImagesOneServerNegativeTestJSON:_run_cleanups): 200 GET http://10.180.1.21/compute/v2.1/servers/91bb882c-7b84-450f-bd03-91ea1ce739ce 0.293s
2025-04-03 08:40:28.462 70329 INFO tempest.lib.common.rest_client [req-a37ff83f-5365-4c08-b15b-d407ff6b8ea6 req-a37ff83f-5365-4c08-b15b-d407ff6b8ea6 ] Request (ServerAddressesNegativeTestJSON:tearDownClass): 204 DELETE http://10.180.1.21/identity/v3/users/e0af466bdfa94bcea27d2e652ba22ecf 0.336s
2025-04-03 08:40:28.462 70329 INFO tempest.lib.common.dynamic_creds [-] Deleting project and security group for project: a4edf952de324f52a5bc36e5d3d1b23b
2025-04-03 08:40:28.500 70329 INFO tempest.lib.common.rest_client [req-5ecb35cf-66ad-4f87-bd85-e31989a9aab8 req-5ecb35cf-66ad-4f87-bd85-e31989a9aab8 ] Request (ServerAddressesNegativeTestJSON:tearDownClass): 200 GET http://10.180.1.21:9696/networking/v2.0/security-groups?tenant_id=a4edf952de324f52a5bc36e5d3d1b23b&name=default 0.037s
2025-04-03 08:40:28.563 70327 INFO tempest.lib.common.rest_client [req-44bb5f94-18a0-4bcb-9d23-a08eae0105c0 req-44bb5f94-18a0-4bcb-9d23-a08eae0105c0 ] Request (MigrationsAdminTest:test_list_migrations_in_flavor_resize_situation): 200 GET http://10.180.1.21/compute/v2.1/servers/dbad6bed-64ba-4dfd-abad-c0b2c775ba2c 0.224s
2025-04-03 08:40:28.725 70271 INFO tempest.lib.common.rest_client [req-5c1c23e4-5477-4f73-a4f1-ff92cab88a3e req-5c1c23e4-5477-4f73-a4f1-ff92cab88a3e ] Request (ServerRescueTestJSONUnderV235:setUpClass): 200 GET http://10.180.1.21/compute/v2.1/servers/ce6f9a88-faa8-442e-8b48-64979dd2d03e 0.322s
2025-04-03 08:40:28.799 70281 WARNING tempest.lib.common.ssh [-] Failed to establish authenticated ssh connection to cirros@10.180.180.236 ([Errno None] Unable to connect to port 22 on 10.180.180.236). Number attempts: 7. Retry after 8 seconds.: paramiko.ssh_exception.NoValidConnectionsError: [Errno None] Unable to connect to port 22 on 10.180.180.236
2025-04-03 08:40:28.816 70291 INFO tempest.lib.common.rest_client [req-12915387-be33-48a1-a456-f7cda6037f81 req-12915387-be33-48a1-a456-f7cda6037f81 ] Request (ServersAdminTestJSON:setUpClass): 200 GET http://10.180.1.21/compute/v2.1/servers/e8caf244-413b-49bb-bdff-79aca0ccbc2b 0.360s
2025-04-03 08:40:28.901 70323 INFO tempest.lib.common.rest_client [req-f00d6e1e-10df-494a-89e0-be86a4d6ce88 req-f00d6e1e-10df-494a-89e0-be86a4d6ce88 ] Request (ListServerFiltersTestJSON:setUpClass): 200 GET http://10.180.1.21/compute/v2.1/servers/d4f87534-813e-4ff6-8b1f-ee23cb0b8e80 0.433s
2025-04-03 08:40:29.001 70329 INFO tempest.lib.common.rest_client [req-02f5ec6d-2664-4cbb-8470-ed7f169c11b7 req-02f5ec6d-2664-4cbb-8470-ed7f169c11b7 ] Request (ServerAddressesNegativeTestJSON:tearDownClass): 204 DELETE http://10.180.1.21:9696/networking/v2.0/security-groups/e23ae737-e71c-47b8-8427-ba033240bf63 0.500s
2025-04-03 08:40:29.076 70277 INFO tempest.lib.common.rest_client [req-4794f0b0-3fdc-46d3-ad57-f6535332f31a req-4794f0b0-3fdc-46d3-ad57-f6535332f31a ] Request (TenantUsagesTestJSON:setUpClass): 200 GET http://10.180.1.21/compute/v2.1/servers/0bfe4393-5b2a-487f-ba7a-858ed4c861a5 0.575s
2025-04-03 08:40:29.089 70277 INFO tempest.common.waiters [-] State transition "BUILD/None" ==> "BUILD/block_device_mapping" after 52 second wait
2025-04-03 08:40:29.177 70303 INFO tempest.lib.common.rest_client [req-cbc373e4-c743-46f5-b400-368a55cf861b req-cbc373e4-c743-46f5-b400-368a55cf861b ] Request (ServerExternalEventsTest:tearDownClass): 200 GET http://10.180.1.21/compute/v2.1/servers/84bff4c0-9e2e-47f2-a378-70d3c992b58b 0.609s
2025-04-03 08:40:29.193 70309 INFO tempest.lib.common.rest_client [req-dd54e2ca-4da3-499c-9e70-a4f89da61c7e req-dd54e2ca-4da3-499c-9e70-a4f89da61c7e ] Request (ImagesOneServerTestJSON:test_create_image_specify_multibyte_character_image_name): 202 POST http://10.180.1.21/compute/v2.1/servers/aeb7928a-8307-49e7-b019-a4c674e6369a/action 0.910s
2025-04-03 08:40:29.215 70329 INFO tempest.lib.common.rest_client [req-0212288e-0655-4119-b4bd-92fa29b704e2 req-0212288e-0655-4119-b4bd-92fa29b704e2 ] Request (ServerAddressesNegativeTestJSON:tearDownClass): 204 DELETE http://10.180.1.21/identity/v3/projects/a4edf952de324f52a5bc36e5d3d1b23b 0.213s
2025-04-03 08:40:29.251 70275 INFO tempest.lib.common.rest_client [req-d0a5e52f-5289-49b3-b3dd-8b1dd9c6614b req-d0a5e52f-5289-49b3-b3dd-8b1dd9c6614b ] Request (ServerShowV247Test:tearDownClass): 200 GET http://10.180.1.21/compute/v2.1/servers/e9bc15f9-e957-487f-b8d5-d1332b185dcf 0.643s
2025-04-03 08:40:29.255 70319 INFO tempest.lib.common.rest_client [req-e996f525-9ea9-4fd5-9144-3c41ee467134 req-e996f525-9ea9-4fd5-9144-3c41ee467134 ] Request (InstanceActionsTestJSON:tearDownClass): 200 GET http://10.180.1.21/compute/v2.1/servers/5badecfd-5784-4968-8519-419a01c67465 0.626s
2025-04-03 08:40:29.300 70273 INFO tempest.lib.common.rest_client [req-ce81505a-a845-4ca1-b970-7ce83d0b28cf req-ce81505a-a845-4ca1-b970-7ce83d0b28cf ] Request (ServersNegativeTestMultiTenantJSON:setUpClass): 200 GET http://10.180.1.21/compute/v2.1/servers/86e514bb-8b47-4605-bd85-55c6c9874320 0.647s
2025-04-03 08:40:29.316 70311 INFO tempest.lib.common.rest_client [req-6e0ea4bf-0e2f-4b02-871f-40017e0a6f80 req-6e0ea4bf-0e2f-4b02-871f-40017e0a6f80 ] Request (ListImageFiltersTestJSON:setUpClass): 200 GET http://10.180.1.21/compute/v2.1/servers/153f0ead-6e2f-4077-b86a-00d3a1114fed 0.600s
2025-04-03 08:40:29.328 70317 INFO tempest.lib.common.rest_client [req-213f5a9c-32a2-409a-970e-500970772cd1 req-213f5a9c-32a2-409a-970e-500970772cd1 ] Request (AttachVolumeTestJSON:test_attach_detach_volume): 200 PUT http://10.180.1.21:9696/networking/v2.0/floatingips/7873cd5b-afb4-4420-8ffd-762d881db7f3 1.192s
2025-04-03 08:40:29.330 70317 INFO tempest.lib.common.ssh [-] Creating ssh connection to '10.180.180.188:22' as 'cirros' with public key authentication
2025-04-03 08:40:29.340 70329 INFO tempest.lib.common.rest_client [req-0722ce80-769d-4543-8d9c-11bbdc6b2cf5 req-0722ce80-769d-4543-8d9c-11bbdc6b2cf5 ] Request (ServerRescueNegativeTestJSON:setUpClass): 201 POST http://10.180.1.21/identity/v3/auth/tokens 0.123s
2025-04-03 08:40:29.360 70321 INFO tempest.lib.common.rest_client [req-27f026a2-dcd1-43d3-b2e7-fa54162ee738 req-27f026a2-dcd1-43d3-b2e7-fa54162ee738 ] Request (FloatingIPsAssociationNegativeTestJSON:tearDownClass): 200 GET http://10.180.1.21/compute/v2.1/servers/2f710439-0216-401e-9759-af584f9bd00d 0.568s
2025-04-03 08:40:29.374 70329 INFO tempest.lib.common.rest_client [req-4ec45941-6be8-49dc-8a06-64b3cd81eca3 req-4ec45941-6be8-49dc-8a06-64b3cd81eca3 ] Request (ServerRescueNegativeTestJSON:setUpClass): 201 POST http://10.180.1.21/identity/v3/auth/tokens 0.031s
2025-04-03 08:40:29.396 70331 INFO tempest.lib.common.rest_client [req-fe783f65-50fc-4c40-95de-fa1dae623693 req-fe783f65-50fc-4c40-95de-fa1dae623693 ] Request (ServersAdmin275Test:tearDownClass): 200 GET http://10.180.1.21/compute/v2.1/servers/21f66039-6292-4d9c-b97d-668d029def24 0.457s
2025-04-03 08:40:29.415 70283 INFO tempest.lib.common.rest_client [req-c52afb91-c25b-4d13-90dd-24b53c81e60d req-c52afb91-c25b-4d13-90dd-24b53c81e60d ] Request (ImagesNegativeTestJSON:test_create_image_from_deleted_server): 200 GET http://10.180.1.21/compute/v2.1/servers/3c2c8a40-919d-4280-b9be-f8d95b1a263e 0.328s
2025-04-03 08:40:29.416 70329 INFO tempest.lib.common.rest_client [req-2555810f-0550-433d-97ed-9a56fa0bf2ef req-2555810f-0550-433d-97ed-9a56fa0bf2ef ] Request (ServerRescueNegativeTestJSON:setUpClass): 200 GET http://10.180.1.21/identity/v3/domains?name=Default 0.042s
2025-04-03 08:40:29.457 70329 INFO tempest.lib.common.rest_client [req-e8d17c68-c505-4728-bba9-c653fb8091f4 req-e8d17c68-c505-4728-bba9-c653fb8091f4 ] Request (ServerRescueNegativeTestJSON:setUpClass): 201 POST http://10.180.1.21/identity/v3/projects 0.040s
2025-04-03 08:40:29.470 70297 INFO tempest.lib.common.rest_client [req-701d2a9b-a104-4ce3-83bc-0df9bff79614 req-701d2a9b-a104-4ce3-83bc-0df9bff79614 ] Request (ServersTestManualDisk:setUpClass): 200 GET http://10.180.1.21/compute/v2.1/servers/744fe018-d12c-44c2-98f1-c11fbfffc98e 0.306s
2025-04-03 08:40:29.478 70297 INFO tempest.common.waiters [-] State transition "BUILD/scheduling" ==> "BUILD/None" after 27 second wait
2025-04-03 08:40:29.536 70309 INFO tempest.lib.common.rest_client [req-19a438ae-2d8b-4a63-ac26-239a326fa4b3 req-19a438ae-2d8b-4a63-ac26-239a326fa4b3 ] Request (ImagesOneServerTestJSON:test_create_image_specify_multibyte_character_image_name): 200 GET http://10.180.1.21/compute/v2.1/images/9d2b9980-3b7b-48d8-90f1-76869ae8c772 0.341s
2025-04-03 08:40:29.538 70329 INFO tempest.lib.common.rest_client [req-83b24cbd-ca1b-4c1b-b9ee-8bb3fa596420 req-83b24cbd-ca1b-4c1b-b9ee-8bb3fa596420 ] Request (ServerRescueNegativeTestJSON:setUpClass): 201 POST http://10.180.1.21/identity/v3/users 0.081s
2025-04-03 08:40:29.569 70329 INFO tempest.lib.common.rest_client [req-9c2d77ac-e399-4a87-abdc-b738d04c2cfb req-9c2d77ac-e399-4a87-abdc-b738d04c2cfb ] Request (ServerRescueNegativeTestJSON:setUpClass): 200 GET http://10.180.1.21/identity/v3/roles 0.030s
2025-04-03 08:40:29.570 70293 INFO tempest.lib.common.rest_client [req-d6f7d0bc-9abd-48d4-aa79-53638e51689c req-d6f7d0bc-9abd-48d4-aa79-53638e51689c ] Request (DeleteServersAdminTestJSON:test_delete_server_while_in_error_state): 200 GET http://10.180.1.21/compute/v2.1/servers/6e8286a3-6fd1-44ee-a5ca-b21f3178334d 0.466s
2025-04-03 08:40:29.638 70333 INFO tempest.lib.common.rest_client [req-1e287be9-ed82-493e-9b9a-d4e152125021 req-1e287be9-ed82-493e-9b9a-d4e152125021 ] Request (ServerRescueTestJSON:test_rescue_unrescue_instance): 200 GET http://10.180.1.21/compute/v2.1/servers/558ee84a-731b-4cb1-967d-cf84c8d39718 0.379s
2025-04-03 08:40:29.644 70315 INFO tempest.lib.common.rest_client [req-2e2b6a9d-e8ce-40e1-9f46-fb05c6852f0d req-2e2b6a9d-e8ce-40e1-9f46-fb05c6852f0d ] Request (ServersTestFqdnHostnames:test_create_server_with_fqdn_name): 200 GET http://10.180.1.21/compute/v2.1/servers/289cbcc2-cd8f-4c4f-9169-a897f5527de1 0.437s
2025-04-03 08:40:29.707 70299 INFO tempest.lib.common.rest_client [req-cda708e7-aeb7-4f7b-9b21-341fc76033b0 req-cda708e7-aeb7-4f7b-9b21-341fc76033b0 ] Request (FloatingIPsAssociationTestJSON:test_associate_already_associated_floating_ip): 200 GET http://10.180.1.21/compute/v2.1/servers/0b284e71-7af2-4782-b950-4f7eac5221a4 0.443s
2025-04-03 08:40:29.713 70325 INFO tempest.lib.common.rest_client [req-a3fb59e1-8565-47fa-b6cb-4bc58a864bec req-a3fb59e1-8565-47fa-b6cb-4bc58a864bec ] Request (MultipleCreateTestJSON:test_multiple_create): 200 GET http://10.180.1.21/compute/v2.1/servers/493c2d85-eef5-44ae-acfc-2744685135ca 0.382s
2025-04-03 08:40:29.760 70289 INFO tempest.lib.common.rest_client [req-fc015d52-cb08-43bb-aea8-65290d054b04 req-fc015d52-cb08-43bb-aea8-65290d054b04 ] Request (DeleteServersTestJSON:test_delete_active_server): 200 GET http://10.180.1.21/compute/v2.1/servers/5f672fd4-b96f-4506-aa1e-96692a00cb43 0.373s
2025-04-03 08:40:29.861 70329 INFO tempest.lib.common.rest_client [req-96919818-506b-4f6f-9b0e-e282cb884486 req-96919818-506b-4f6f-9b0e-e282cb884486 ] Request (ServerRescueNegativeTestJSON:setUpClass): 204 PUT http://10.180.1.21/identity/v3/projects/30a9ea2f804f49ec8c5c6861b507454e/users/471a2a9e2b4a4d3da7935b67e87b0fe8/roles/eaf4d5793b8d4443bd13482738cda779 0.292s
2025-04-03 08:40:29.862 70329 INFO tempest.lib.common.dynamic_creds [-] Dynamic test user 471a2a9e2b4a4d3da7935b67e87b0fe8 is created with scope project and roles: ['member']
2025-04-03 08:40:29.862 70329 INFO tempest.lib.common.dynamic_creds [-] Acquired dynamic creds: credentials: Credentials: {'domain_id': 'default', 'domain_name': 'Default', 'username': 'tempest-ServerRescueNegativeTestJSON-1382256594-project-member', 'project_domain_id': 'default', 'project_domain_name': 'Default', 'project_id': '30a9ea2f804f49ec8c5c6861b507454e', 'project_name': 'tempest-ServerRescueNegativeTestJSON-1382256594', 'tenant_id': '30a9ea2f804f49ec8c5c6861b507454e', 'tenant_name': 'tempest-ServerRescueNegativeTestJSON-1382256594', 'user_domain_id': 'default', 'user_domain_name': 'Default', 'user_id': '471a2a9e2b4a4d3da7935b67e87b0fe8', 'system': None}, Network: None, Subnet: None, Router: None
2025-04-03 08:40:29.922 70285 INFO tempest.lib.common.rest_client [req-ce69b75f-41f1-4756-a3b8-036d1eab1aa1 req-ce69b75f-41f1-4756-a3b8-036d1eab1aa1 ] Request (ServersAdminNegativeTestJSON:tearDownClass): 200 GET http://10.180.1.21/compute/v2.1/servers/ad957c30-c923-4bbf-8841-00e99de44781 0.507s
2025-04-03 08:40:29.925 70287 INFO tempest.lib.common.rest_client [req-49c85c3a-72f5-4930-8208-8f0af9d7020a req-49c85c3a-72f5-4930-8208-8f0af9d7020a ] Request (ImagesOneServerNegativeTestJSON:_run_cleanups): 200 GET http://10.180.1.21/compute/v2.1/servers/91bb882c-7b84-450f-bd03-91ea1ce739ce 0.463s
2025-04-03 08:40:29.952 70329 INFO tempest.lib.common.rest_client [req-943a6dff-6db6-48c1-8a31-c8655d77bc17 req-943a6dff-6db6-48c1-8a31-c8655d77bc17 ] Request (ServerRescueNegativeTestJSON:setUpClass): 201 POST http://10.180.1.21/identity/v3/auth/tokens 0.090s
2025-04-03 08:40:30.017 70271 INFO tempest.lib.common.rest_client [req-954abc37-5825-404f-a4e1-81ea79d3ebdc req-954abc37-5825-404f-a4e1-81ea79d3ebdc ] Request (ServerRescueTestJSONUnderV235:setUpClass): 200 GET http://10.180.1.21/compute/v2.1/servers/ce6f9a88-faa8-442e-8b48-64979dd2d03e 0.277s
2025-04-03 08:40:30.066 70291 INFO tempest.lib.common.rest_client [req-c7cb6e00-e077-4eca-9372-05f8161aad02 req-c7cb6e00-e077-4eca-9372-05f8161aad02 ] Request (ServersAdminTestJSON:setUpClass): 200 GET http://10.180.1.21/compute/v2.1/servers/e8caf244-413b-49bb-bdff-79aca0ccbc2b 0.239s
2025-04-03 08:40:30.079 70327 INFO tempest.lib.common.rest_client [req-a2d29b7f-9098-4bf5-b704-9e6f122d643b req-a2d29b7f-9098-4bf5-b704-9e6f122d643b ] Request (MigrationsAdminTest:test_list_migrations_in_flavor_resize_situation): 200 GET http://10.180.1.21/compute/v2.1/servers/dbad6bed-64ba-4dfd-abad-c0b2c775ba2c 0.503s
2025-04-03 08:40:30.119 70323 INFO tempest.lib.common.rest_client [req-04f1188d-ea12-415a-8806-31d561d4ab02 req-04f1188d-ea12-415a-8806-31d561d4ab02 ] Request (ListServerFiltersTestJSON:setUpClass): 200 GET http://10.180.1.21/compute/v2.1/servers/d4f87534-813e-4ff6-8b1f-ee23cb0b8e80 0.209s
