2025-04-03 08:41:41.367 70293 INFO tempest.lib.common.rest_client [req-b20aa3cd-9e62-4976-97a1-98526d2c16f7 req-b20aa3cd-9e62-4976-97a1-98526d2c16f7 ] Request (SecurityGroupsTestJSON:test_list_security_groups_by_server): 200 GET http://10.180.1.21/compute/v2.1/servers/8b4444ee-15fe-457e-bdb8-fa0f1fc46fdf 0.078s
2025-04-03 08:41:41.380 70303 INFO tempest.lib.common.rest_client [req-a03df174-1f9f-4625-a02d-7262ce0d3077 req-a03df174-1f9f-4625-a02d-7262ce0d3077 ] Request (ServerMetadataNegativeTestJSON:setUpClass): 200 GET http://10.180.1.21/compute/v2.1/servers/2d812174-d2ad-4fac-8ae5-ffa51d691374 0.045s
2025-04-03 08:41:41.445 70325 INFO tempest.lib.common.rest_client [req-917b1faf-63a0-47bc-8810-38acd87058f8 req-917b1faf-63a0-47bc-8810-38acd87058f8 ] Request (MultipleCreateTestJSON:_run_cleanups): 200 GET http://10.180.1.21/compute/v2.1/servers/e8b4640f-302d-43cd-a654-c42f9cb34766 0.060s
2025-04-03 08:41:41.501 70285 INFO tempest.lib.common.rest_client [req-dacc0b60-d634-46f4-852e-0d7a3ce64cd4 req-dacc0b60-d634-46f4-852e-0d7a3ce64cd4 ] Request (ServersAdminNegativeTestJSON:tearDownClass): 200 GET http://10.180.1.21/compute/v2.1/servers/2244e8ad-75f6-42bc-a97d-7f26eaba1aa2 0.063s
2025-04-03 08:41:41.561 70321 INFO tempest.lib.common.rest_client [req-0706ec79-e592-437a-a973-8bc08e0ad2e2 req-0706ec79-e592-437a-a973-8bc08e0ad2e2 ] Request (ServerActionsTestJSON:setUpClass): 200 GET http://10.180.1.21/compute/v2.1/servers/eff21ec5-a51d-4004-9edf-1891f706fe9c 0.048s
2025-04-03 08:41:41.566 70295 WARNING tempest.lib.common.ssh [-] Failed to establish authenticated ssh connection to cirros@10.180.180.244 ([Errno None] Unable to connect to port 22 on 10.180.180.244). Number attempts: 9. Retry after 10 seconds.: paramiko.ssh_exception.NoValidConnectionsError: [Errno None] Unable to connect to port 22 on 10.180.180.244
2025-04-03 08:41:41.602 70327 INFO tempest.lib.common.rest_client [req-30009f03-9127-43bf-b6a8-96b0d013a63f req-30009f03-9127-43bf-b6a8-96b0d013a63f ] Request (MigrationsAdminTest:test_resize_server_revert_deleted_flavor): 200 GET http://10.180.1.21/compute/v2.1/servers/f07750f5-3f1d-4d97-98dc-285ed357cc7e 0.047s
2025-04-03 08:41:41.620 70275 INFO tempest.lib.common.rest_client [req-5ef48e63-9d74-44db-9101-63cc4c55a681 req-5ef48e63-9d74-44db-9101-63cc4c55a681 ] Request (ServersNegativeTestJSON:setUpClass): 200 GET http://10.180.1.21/compute/v2.1/servers/6bfb2a10-b89e-4152-ae3b-c2b4e93a6a6e 0.047s
2025-04-03 08:41:41.663 70287 INFO tempest.lib.common.rest_client [req-ba437d8c-e6be-4afb-8b1c-c1090c9e7682 req-ba437d8c-e6be-4afb-8b1c-c1090c9e7682 ] Request (ImagesOneServerNegativeTestJSON:_run_cleanups): 200 GET http://10.180.1.21/compute/v2.1/servers/dca638aa-c491-431f-a0e5-d02bd76705ad 0.048s
2025-04-03 08:41:41.720 70277 INFO tempest.lib.common.rest_client [req-45ab1ba1-d92c-4949-9db4-cad3aa918f05 req-45ab1ba1-d92c-4949-9db4-cad3aa918f05 ] Request (ServerPasswordTestJSON:setUpClass): 200 GET http://10.180.1.21/compute/v2.1/servers/6d99c52e-8893-4ad7-8d8e-56bd8c9379b8 0.051s
2025-04-03 08:41:41.796 70273 INFO tempest.lib.common.rest_client [req-64d7ee07-3162-46e1-8672-42ef0cf1552f req-64d7ee07-3162-46e1-8672-42ef0cf1552f ] Request (ServersNegativeTestMultiTenantJSON:setUpClass): 200 GET http://10.180.1.21/compute/v2.1/servers/86e514bb-8b47-4605-bd85-55c6c9874320 0.074s
2025-04-03 08:41:41.872 70271 INFO tempest.lib.common.rest_client [req-b889e876-ad79-44b9-b921-7d32c4823eb2 req-b889e876-ad79-44b9-b921-7d32c4823eb2 ] Request (ServerRescueTestJSONUnderV235:tearDownClass): 200 GET http://10.180.1.21/compute/v2.1/servers/ce6f9a88-faa8-442e-8b48-64979dd2d03e 0.085s
2025-04-03 08:41:41.947 70309 INFO tempest.lib.common.rest_client [req-5c1dd639-36f3-4675-af6d-35e79ed89faf req-5c1dd639-36f3-4675-af6d-35e79ed89faf ] Request (ImagesOneServerTestJSON:tearDownClass): 404 GET http://10.180.1.21/compute/v2.1/servers/aeb7928a-8307-49e7-b019-a4c674e6369a 0.024s
2025-04-03 08:41:41.962 70311 INFO tempest.lib.common.rest_client [req-d2284dc9-0d38-4e4d-8511-6b0951dd8f43 req-d2284dc9-0d38-4e4d-8511-6b0951dd8f43 ] Request (ListImageFiltersTestJSON:tearDownClass): 200 GET http://10.180.1.21/compute/v2.1/servers/153f0ead-6e2f-4077-b86a-00d3a1114fed 0.235s
2025-04-03 08:41:42.046 70283 INFO tempest.lib.common.rest_client [req-bee08e7b-b4d3-4586-b293-2de37cb49684 req-bee08e7b-b4d3-4586-b293-2de37cb49684 ] Request (ImagesNegativeTestJSON:test_create_image_from_deleted_server): 200 GET http://10.180.1.21/compute/v2.1/servers/3c2c8a40-919d-4280-b9be-f8d95b1a263e 0.074s
2025-04-03 08:41:42.080 70289 INFO tempest.lib.common.rest_client [req-63ff5c84-e011-4493-bbcc-1134408b6ebe req-63ff5c84-e011-4493-bbcc-1134408b6ebe ] Request (DeleteServersTestJSON:test_delete_active_server): 200 GET http://10.180.1.21/compute/v2.1/servers/5f672fd4-b96f-4506-aa1e-96692a00cb43 0.148s
2025-04-03 08:41:42.104 70329 INFO tempest.lib.common.rest_client [req-d5d0946f-fcbf-4a84-b8fa-b8814f5263a1 req-d5d0946f-fcbf-4a84-b8fa-b8814f5263a1 ] Request (ServerRescueNegativeTestJSON:setUpClass): 200 GET http://10.180.1.21/compute/v2.1/servers/b99b73e6-3348-4d5d-aa57-f01ace0bfc42 0.104s
2025-04-03 08:41:42.141 70291 INFO tempest.lib.common.rest_client [req-b6b45552-306d-483c-9bd5-9d6fd87aec1a req-b6b45552-306d-483c-9bd5-9d6fd87aec1a ] Request (ServersAdminTestJSON:test_create_server_with_scheduling_hint): 200 GET http://10.180.1.21/compute/v2.1/servers/566522b0-7aa7-4552-9be7-035d742ba394 0.125s
2025-04-03 08:41:42.204 70281 INFO tempest.lib.common.rest_client [req-7957b616-c26d-42f8-9ab2-29f51cf13960 req-7957b616-c26d-42f8-9ab2-29f51cf13960 ] Request (VolumesAssistedSnapshotsTest:tearDownClass): 200 GET http://10.180.1.21/compute/v2.1/servers/53a8714c-50f7-4990-a3d9-86f8fc908d03 0.131s
2025-04-03 08:41:42.219 70331 INFO tempest.lib.common.rest_client [req-98fc9cf0-06eb-47ea-bc9d-81fc93cbc9c5 req-98fc9cf0-06eb-47ea-bc9d-81fc93cbc9c5 ] Request (AttachInterfacesV270Test:test_create_get_list_interfaces): 200 GET http://10.180.1.21/compute/v2.1/servers/df907dda-c1a0-4aaa-8ab2-5bb8e2ac38df 0.091s
2025-04-03 08:41:42.262 70317 WARNING tempest.lib.common.ssh [-] Failed to establish authenticated ssh connection to cirros@10.180.180.188 ([Errno None] Unable to connect to port 22 on 10.180.180.188). Number attempts: 9. Retry after 10 seconds.: paramiko.ssh_exception.NoValidConnectionsError: [Errno None] Unable to connect to port 22 on 10.180.180.188
2025-04-03 08:41:42.277 70299 INFO tempest.lib.common.rest_client [req-6923bc02-1d0d-435a-8662-0cdbc074da8c req-6923bc02-1d0d-435a-8662-0cdbc074da8c ] Request (FloatingIPsAssociationTestJSON:test_associate_already_associated_floating_ip): 200 GET http://10.180.1.21/compute/v2.1/servers/0b284e71-7af2-4782-b950-4f7eac5221a4 0.077s
2025-04-03 08:41:42.322 70305 INFO tempest.lib.common.rest_client [req-52822149-caf0-4283-b1b7-d371e3a0d49b req-52822149-caf0-4283-b1b7-d371e3a0d49b ] Request (ServersWithSpecificFlavorTestJSON:test_verify_created_server_ephemeral_disk): 200 GET http://10.180.1.21/compute/v2.1/servers/a4544bc9-6935-4825-9b45-2054d2ced330 0.060s
2025-04-03 08:41:42.367 70323 INFO tempest.lib.common.rest_client [req-f722c2a9-6ed4-405a-964f-7ae2fcc1e68a req-f722c2a9-6ed4-405a-964f-7ae2fcc1e68a ] Request (ListServerFiltersTestJSON:setUpClass): 200 GET http://10.180.1.21/compute/v2.1/servers/d4f87534-813e-4ff6-8b1f-ee23cb0b8e80 0.052s
2025-04-03 08:41:42.397 70307 INFO tempest.lib.common.rest_client [req-7c570c37-b1a7-4a6c-8c95-5acfce94dca2 req-7c570c37-b1a7-4a6c-8c95-5acfce94dca2 ] Request (VolumesAdminNegativeTest:_run_cleanups): 200 GET http://10.180.1.21/compute/v2.1/servers/b003b7c2-e754-440e-8a65-13c5e9c68cd5/os-volume_attachments 0.063s
2025-04-03 08:41:42.427 70333 INFO tempest.lib.common.rest_client [req-fdfd3600-d10d-4fc6-b8d9-e798fb445d26 req-fdfd3600-d10d-4fc6-b8d9-e798fb445d26 ] Request (ServerRescueTestJSON:test_rescue_unrescue_instance): 200 GET http://10.180.1.21/compute/v2.1/servers/558ee84a-731b-4cb1-967d-cf84c8d39718 0.099s
2025-04-03 08:41:42.436 70333 INFO tempest.common.waiters [-] State transition "BUILD/spawning" ==> "ACTIVE/None" after 93 second wait
2025-04-03 08:41:42.441 70293 INFO tempest.lib.common.rest_client [req-b70d2128-41f6-4449-804e-03a5518e22ed req-b70d2128-41f6-4449-804e-03a5518e22ed ] Request (SecurityGroupsTestJSON:test_list_security_groups_by_server): 200 GET http://10.180.1.21/compute/v2.1/servers/8b4444ee-15fe-457e-bdb8-fa0f1fc46fdf 0.065s
2025-04-03 08:41:42.486 70303 INFO tempest.lib.common.rest_client [req-f9bc9e86-8a80-46af-aa41-2328d828770e req-f9bc9e86-8a80-46af-aa41-2328d828770e ] Request (ServerMetadataNegativeTestJSON:setUpClass): 200 GET http://10.180.1.21/compute/v2.1/servers/2d812174-d2ad-4fac-8ae5-ffa51d691374 0.097s
2025-04-03 08:41:42.506 70333 INFO tempest.lib.common.rest_client [req-9947d097-2337-4759-80fe-5d282ecc14c0 req-9947d097-2337-4759-80fe-5d282ecc14c0 ] Request (ServerRescueTestJSON:test_rescue_unrescue_instance): 200 POST http://10.180.1.21/compute/v2.1/servers/558ee84a-731b-4cb1-967d-cf84c8d39718/action 0.069s
2025-04-03 08:41:42.548 70325 INFO tempest.lib.common.rest_client [req-ac90d79c-0d0a-46a3-9cba-5a9548e3772d req-ac90d79c-0d0a-46a3-9cba-5a9548e3772d ] Request (MultipleCreateTestJSON:_run_cleanups): 200 GET http://10.180.1.21/compute/v2.1/servers/e8b4640f-302d-43cd-a654-c42f9cb34766 0.095s
2025-04-03 08:41:42.580 70309 INFO tempest.lib.common.rest_client [req-32760882-725c-4b11-86b8-e73b1ad77817 req-32760882-725c-4b11-86b8-e73b1ad77817 ] Request (ImagesOneServerTestJSON:tearDownClass): 200 PUT http://10.180.1.21:9696/networking/v2.0/routers/f353b64d-5781-4df1-ae5d-ccf60fb59a66/remove_router_interface 0.632s
2025-04-03 08:41:42.609 70285 INFO tempest.lib.common.rest_client [req-a627b6bb-9429-46a9-a4c1-21c6234509d8 req-a627b6bb-9429-46a9-a4c1-21c6234509d8 ] Request (ServersAdminNegativeTestJSON:tearDownClass): 200 GET http://10.180.1.21/compute/v2.1/servers/2244e8ad-75f6-42bc-a97d-7f26eaba1aa2 0.098s
2025-04-03 08:41:42.617 70333 INFO tempest.lib.common.rest_client [req-60e40b8a-8772-45e8-abea-552b28a64b16 req-60e40b8a-8772-45e8-abea-552b28a64b16 ] Request (ServerRescueTestJSON:test_rescue_unrescue_instance): 200 GET http://10.180.1.21/compute/v2.1/servers/558ee84a-731b-4cb1-967d-cf84c8d39718 0.110s
2025-04-03 08:41:42.652 70321 INFO tempest.lib.common.rest_client [req-3f2d23ce-cd78-41ba-852e-3fd15395ee52 req-3f2d23ce-cd78-41ba-852e-3fd15395ee52 ] Request (ServerActionsTestJSON:setUpClass): 200 GET http://10.180.1.21/compute/v2.1/servers/eff21ec5-a51d-4004-9edf-1891f706fe9c 0.083s
2025-04-03 08:41:42.669 70327 INFO tempest.lib.common.rest_client [req-7d5e68ec-504e-4cb5-9160-821f8a395bca req-7d5e68ec-504e-4cb5-9160-821f8a395bca ] Request (MigrationsAdminTest:test_resize_server_revert_deleted_flavor): 200 GET http://10.180.1.21/compute/v2.1/servers/f07750f5-3f1d-4d97-98dc-285ed357cc7e 0.059s
2025-04-03 08:41:42.726 70275 INFO tempest.lib.common.rest_client [req-c8b67a0f-37fd-4490-96fb-34e4ef62c66d req-c8b67a0f-37fd-4490-96fb-34e4ef62c66d ] Request (ServersNegativeTestJSON:setUpClass): 200 GET http://10.180.1.21/compute/v2.1/servers/6bfb2a10-b89e-4152-ae3b-c2b4e93a6a6e 0.099s
2025-04-03 08:41:42.772 70287 INFO tempest.lib.common.rest_client [req-68e98284-bc9e-442b-b41b-9bf571488de9 req-68e98284-bc9e-442b-b41b-9bf571488de9 ] Request (ImagesOneServerNegativeTestJSON:_run_cleanups): 200 GET http://10.180.1.21/compute/v2.1/servers/dca638aa-c491-431f-a0e5-d02bd76705ad 0.101s
2025-04-03 08:41:42.829 70277 INFO tempest.lib.common.rest_client [req-548b5d69-51c6-4a59-a8ff-e3ce83c8f001 req-548b5d69-51c6-4a59-a8ff-e3ce83c8f001 ] Request (ServerPasswordTestJSON:setUpClass): 200 GET http://10.180.1.21/compute/v2.1/servers/6d99c52e-8893-4ad7-8d8e-56bd8c9379b8 0.101s
2025-04-03 08:41:42.878 70273 INFO tempest.lib.common.rest_client [req-a6824b02-a534-4b36-b665-44d8f38a98b9 req-a6824b02-a534-4b36-b665-44d8f38a98b9 ] Request (ServersNegativeTestMultiTenantJSON:setUpClass): 200 GET http://10.180.1.21/compute/v2.1/servers/86e514bb-8b47-4605-bd85-55c6c9874320 0.070s
2025-04-03 08:41:42.887 70301 WARNING tempest.lib.common.ssh [-] Failed to establish authenticated ssh connection to cirros@10.180.180.243 ([Errno None] Unable to connect to port 22 on 10.180.180.243). Number attempts: 13. Retry after 14 seconds.: paramiko.ssh_exception.NoValidConnectionsError: [Errno None] Unable to connect to port 22 on 10.180.180.243
2025-04-03 08:41:42.975 70271 INFO tempest.lib.common.rest_client [req-f2f111ca-574e-4cad-a5a0-11a91fece66a req-f2f111ca-574e-4cad-a5a0-11a91fece66a ] Request (ServerRescueTestJSONUnderV235:tearDownClass): 200 GET http://10.180.1.21/compute/v2.1/servers/ce6f9a88-faa8-442e-8b48-64979dd2d03e 0.089s
2025-04-03 08:41:42.980 70309 INFO tempest.lib.common.rest_client [req-e07cc29a-eb81-42d7-99de-9d6430f358c0 req-e07cc29a-eb81-42d7-99de-9d6430f358c0 ] Request (ImagesOneServerTestJSON:tearDownClass): 204 DELETE http://10.180.1.21:9696/networking/v2.0/routers/f353b64d-5781-4df1-ae5d-ccf60fb59a66 0.399s
2025-04-03 08:41:43.052 70311 INFO tempest.lib.common.rest_client [req-3fcab606-9f2f-4368-a651-d292cbfea3c9 req-3fcab606-9f2f-4368-a651-d292cbfea3c9 ] Request (ListImageFiltersTestJSON:tearDownClass): 200 GET http://10.180.1.21/compute/v2.1/servers/153f0ead-6e2f-4077-b86a-00d3a1114fed 0.077s
2025-04-03 08:41:43.083 70309 INFO tempest.lib.common.rest_client [req-cd486dd2-7ac3-4485-b352-0687b38fa60b req-cd486dd2-7ac3-4485-b352-0687b38fa60b ] Request (ImagesOneServerTestJSON:tearDownClass): 204 DELETE http://10.180.1.21:9696/networking/v2.0/subnets/a4ca7de8-aa82-4922-a892-fb72be3c9b4b 0.102s
2025-04-03 08:41:43.116 70283 INFO tempest.lib.common.rest_client [req-a516f4ac-8d93-4c32-9f44-abd9824622a1 req-a516f4ac-8d93-4c32-9f44-abd9824622a1 ] Request (ImagesNegativeTestJSON:test_create_image_from_deleted_server): 200 GET http://10.180.1.21/compute/v2.1/servers/3c2c8a40-919d-4280-b9be-f8d95b1a263e 0.062s
2025-04-03 08:41:43.151 70289 INFO tempest.lib.common.rest_client [req-d71ddbd4-2893-4866-a0a7-8c1df8313120 req-d71ddbd4-2893-4866-a0a7-8c1df8313120 ] Request (DeleteServersTestJSON:test_delete_active_server): 200 GET http://10.180.1.21/compute/v2.1/servers/5f672fd4-b96f-4506-aa1e-96692a00cb43 0.061s
2025-04-03 08:41:43.168 70329 INFO tempest.lib.common.rest_client [req-e530bfcc-9e7b-4a96-abc2-0982640a316f req-e530bfcc-9e7b-4a96-abc2-0982640a316f ] Request (ServerRescueNegativeTestJSON:setUpClass): 200 GET http://10.180.1.21/compute/v2.1/servers/b99b73e6-3348-4d5d-aa57-f01ace0bfc42 0.055s
2025-04-03 08:41:43.202 70291 INFO tempest.lib.common.rest_client [req-4192ae8b-89b5-4609-87d1-d1533675ecb0 req-4192ae8b-89b5-4609-87d1-d1533675ecb0 ] Request (ServersAdminTestJSON:test_create_server_with_scheduling_hint): 200 GET http://10.180.1.21/compute/v2.1/servers/566522b0-7aa7-4552-9be7-035d742ba394 0.053s
2025-04-03 08:41:43.273 70281 INFO tempest.lib.common.rest_client [req-23f1649f-abdb-4664-b4ca-6f3f239b1b2c req-23f1649f-abdb-4664-b4ca-6f3f239b1b2c ] Request (VolumesAssistedSnapshotsTest:tearDownClass): 200 GET http://10.180.1.21/compute/v2.1/servers/53a8714c-50f7-4990-a3d9-86f8fc908d03 0.062s
2025-04-03 08:41:43.290 70331 INFO tempest.lib.common.rest_client [req-15c7fa9c-6a20-4c2f-9925-c1e92707ab0c req-15c7fa9c-6a20-4c2f-9925-c1e92707ab0c ] Request (AttachInterfacesV270Test:test_create_get_list_interfaces): 200 GET http://10.180.1.21/compute/v2.1/servers/df907dda-c1a0-4aaa-8ab2-5bb8e2ac38df 0.060s
2025-04-03 08:41:43.299 70331 INFO tempest.common.waiters [-] State transition "BUILD/scheduling" ==> "BUILD/None" after 57 second wait
2025-04-03 08:41:43.312 70309 INFO tempest.lib.common.rest_client [req-2a2fcfb4-4d36-48d8-8c9a-2aea0ddf53e9 req-2a2fcfb4-4d36-48d8-8c9a-2aea0ddf53e9 ] Request (ImagesOneServerTestJSON:tearDownClass): 204 DELETE http://10.180.1.21:9696/networking/v2.0/networks/1cbd703c-4210-4eba-82b0-8d9ce1838326 0.228s
2025-04-03 08:41:43.346 70299 INFO tempest.lib.common.rest_client [req-38f716c1-f428-4344-b34a-34772cc57df5 req-38f716c1-f428-4344-b34a-34772cc57df5 ] Request (FloatingIPsAssociationTestJSON:test_associate_already_associated_floating_ip): 200 GET http://10.180.1.21/compute/v2.1/servers/0b284e71-7af2-4782-b950-4f7eac5221a4 0.054s
2025-04-03 08:41:43.393 70305 INFO tempest.lib.common.rest_client [req-8fd10099-a2e9-4c74-98e6-b604bd44a27f req-8fd10099-a2e9-4c74-98e6-b604bd44a27f ] Request (ServersWithSpecificFlavorTestJSON:test_verify_created_server_ephemeral_disk): 200 GET http://10.180.1.21/compute/v2.1/servers/a4544bc9-6935-4825-9b45-2054d2ced330 0.059s
2025-04-03 08:41:43.403 70309 INFO tempest.lib.common.rest_client [req-7fd7bfd0-b0f3-4c8c-9ab2-603a0d812289 req-7fd7bfd0-b0f3-4c8c-9ab2-603a0d812289 ] Request (ImagesOneServerTestJSON:tearDownClass): 204 DELETE http://10.180.1.21/identity/v3/users/ab7d3e987631424d8164faf2c8488724 0.091s
2025-04-03 08:41:43.404 70309 INFO tempest.lib.common.dynamic_creds [-] Deleting project and security group for project: 0337cba194454333bff45bdac0d1e371
2025-04-03 08:41:43.433 70323 INFO tempest.lib.common.rest_client [req-08cf796f-54eb-4f5d-a96e-0152e900f5a2 req-08cf796f-54eb-4f5d-a96e-0152e900f5a2 ] Request (ListServerFiltersTestJSON:setUpClass): 200 GET http://10.180.1.21/compute/v2.1/servers/d4f87534-813e-4ff6-8b1f-ee23cb0b8e80 0.057s
2025-04-03 08:41:43.434 70307 INFO tempest.lib.common.rest_client [req-2a89b5bf-280b-4ed2-b24d-257893f84884 req-2a89b5bf-280b-4ed2-b24d-257893f84884 ] Request (VolumesAdminNegativeTest:_run_cleanups): 200 GET http://10.180.1.21/compute/v2.1/servers/b003b7c2-e754-440e-8a65-13c5e9c68cd5/os-volume_attachments 0.035s
2025-04-03 08:41:43.446 70309 INFO tempest.lib.common.rest_client [req-689dcb3c-4a76-44aa-9083-32dff1446814 req-689dcb3c-4a76-44aa-9083-32dff1446814 ] Request (ImagesOneServerTestJSON:tearDownClass): 200 GET http://10.180.1.21:9696/networking/v2.0/security-groups?tenant_id=0337cba194454333bff45bdac0d1e371&name=default 0.041s
2025-04-03 08:41:43.498 70293 INFO tempest.lib.common.rest_client [req-31ae3a61-1fe4-4963-b1fc-f14e58d9e0f4 req-31ae3a61-1fe4-4963-b1fc-f14e58d9e0f4 ] Request (SecurityGroupsTestJSON:test_list_security_groups_by_server): 200 GET http://10.180.1.21/compute/v2.1/servers/8b4444ee-15fe-457e-bdb8-fa0f1fc46fdf 0.047s
2025-04-03 08:41:43.529 70309 INFO tempest.lib.common.rest_client [req-88f10a8a-4477-4fff-bbbf-da2cddbc4823 req-88f10a8a-4477-4fff-bbbf-da2cddbc4823 ] Request (ImagesOneServerTestJSON:tearDownClass): 204 DELETE http://10.180.1.21:9696/networking/v2.0/security-groups/33820109-be8e-4a98-9773-c0e7a75e9979 0.083s
2025-04-03 08:41:43.555 70303 INFO tempest.lib.common.rest_client [req-f92f824b-2820-42d0-9f92-d906c2982338 req-f92f824b-2820-42d0-9f92-d906c2982338 ] Request (ServerMetadataNegativeTestJSON:setUpClass): 200 GET http://10.180.1.21/compute/v2.1/servers/2d812174-d2ad-4fac-8ae5-ffa51d691374 0.060s
2025-04-03 08:41:43.613 70309 INFO tempest.lib.common.rest_client [req-4ff59e34-fb07-4518-82ea-42abf79bd4e7 req-4ff59e34-fb07-4518-82ea-42abf79bd4e7 ] Request (ImagesOneServerTestJSON:tearDownClass): 204 DELETE http://10.180.1.21/identity/v3/projects/0337cba194454333bff45bdac0d1e371 0.084s
2025-04-03 08:41:43.614 70309 INFO tempest.test [-] raised in NoVNCConsoleTestJSON.setUpClass. Invoking tearDownClass.
2025-04-03 08:41:43.616 70309 INFO tempest.test [-] raised in ComputeNetworksTest.setUpClass. Invoking tearDownClass.
2025-04-03 08:41:43.628 70325 INFO tempest.lib.common.rest_client [req-96b27c2d-133d-47c9-b3df-cb424d20d8ee req-96b27c2d-133d-47c9-b3df-cb424d20d8ee ] Request (MultipleCreateTestJSON:_run_cleanups): 200 GET http://10.180.1.21/compute/v2.1/servers/e8b4640f-302d-43cd-a654-c42f9cb34766 0.073s
2025-04-03 08:41:43.699 70285 INFO tempest.lib.common.rest_client [req-00b4b0da-f23f-4110-9826-d2cf2e036563 req-00b4b0da-f23f-4110-9826-d2cf2e036563 ] Request (ServersAdminNegativeTestJSON:tearDownClass): 200 GET http://10.180.1.21/compute/v2.1/servers/2244e8ad-75f6-42bc-a97d-7f26eaba1aa2 0.081s
2025-04-03 08:41:43.759 70297 WARNING tempest.lib.common.ssh [-] Failed to establish authenticated ssh connection to cirros@10.180.180.232 ([Errno None] Unable to connect to port 22 on 10.180.180.232). Number attempts: 4. Retry after 5 seconds.: paramiko.ssh_exception.NoValidConnectionsError: [Errno None] Unable to connect to port 22 on 10.180.180.232
2025-04-03 08:41:43.760 70321 INFO tempest.lib.common.rest_client [req-b79400df-9bae-409a-b2f9-97cc0e93818b req-b79400df-9bae-409a-b2f9-97cc0e93818b ] Request (ServerActionsTestJSON:setUpClass): 200 GET http://10.180.1.21/compute/v2.1/servers/eff21ec5-a51d-4004-9edf-1891f706fe9c 0.100s
2025-04-03 08:41:43.834 70327 INFO tempest.lib.common.rest_client [req-0863da18-e777-4862-ba77-5a8df07d3a6f req-0863da18-e777-4862-ba77-5a8df07d3a6f ] Request (MigrationsAdminTest:test_resize_server_revert_deleted_flavor): 200 GET http://10.180.1.21/compute/v2.1/servers/f07750f5-3f1d-4d97-98dc-285ed357cc7e 0.150s
2025-04-03 08:41:43.841 70333 INFO tempest.lib.common.rest_client [req-717cb4fa-1030-4120-82ed-fbc230fe679b req-717cb4fa-1030-4120-82ed-fbc230fe679b ] Request (ServerRescueTestJSON:test_rescue_unrescue_instance): 200 GET http://10.180.1.21/compute/v2.1/servers/558ee84a-731b-4cb1-967d-cf84c8d39718 0.214s
2025-04-03 08:41:43.885 70275 INFO tempest.lib.common.rest_client [req-b55745cd-877b-465f-b5b1-c864d581fc47 req-b55745cd-877b-465f-b5b1-c864d581fc47 ] Request (ServersNegativeTestJSON:setUpClass): 200 GET http://10.180.1.21/compute/v2.1/servers/6bfb2a10-b89e-4152-ae3b-c2b4e93a6a6e 0.150s
2025-04-03 08:41:43.897 70287 INFO tempest.lib.common.rest_client [req-0f19b8ed-5fa8-4cbe-a8fc-2dd3cd977566 req-0f19b8ed-5fa8-4cbe-a8fc-2dd3cd977566 ] Request (ImagesOneServerNegativeTestJSON:_run_cleanups): 200 GET http://10.180.1.21/compute/v2.1/servers/dca638aa-c491-431f-a0e5-d02bd76705ad 0.117s
2025-04-03 08:41:43.931 70277 INFO tempest.lib.common.rest_client [req-4279930b-c97e-4895-a9ea-f5ca8371a3e2 req-4279930b-c97e-4895-a9ea-f5ca8371a3e2 ] Request (ServerPasswordTestJSON:setUpClass): 200 GET http://10.180.1.21/compute/v2.1/servers/6d99c52e-8893-4ad7-8d8e-56bd8c9379b8 0.092s
2025-04-03 08:41:43.943 70273 INFO tempest.lib.common.rest_client [req-265d30ca-c1c9-4a91-8073-a80ec76c09d7 req-265d30ca-c1c9-4a91-8073-a80ec76c09d7 ] Request (ServersNegativeTestMultiTenantJSON:setUpClass): 200 GET http://10.180.1.21/compute/v2.1/servers/86e514bb-8b47-4605-bd85-55c6c9874320 0.057s
2025-04-03 08:41:44.043 70271 INFO tempest.lib.common.rest_client [req-ddb90232-f081-461f-9d7f-7a4d83a447ed req-ddb90232-f081-461f-9d7f-7a4d83a447ed ] Request (ServerRescueTestJSONUnderV235:tearDownClass): 200 GET http://10.180.1.21/compute/v2.1/servers/ce6f9a88-faa8-442e-8b48-64979dd2d03e 0.058s
2025-04-03 08:41:44.114 70311 INFO tempest.lib.common.rest_client [req-b34e1719-9232-43bd-8afe-55846aa1bb5e req-b34e1719-9232-43bd-8afe-55846aa1bb5e ] Request (ListImageFiltersTestJSON:tearDownClass): 200 GET http://10.180.1.21/compute/v2.1/servers/153f0ead-6e2f-4077-b86a-00d3a1114fed 0.051s
2025-04-03 08:41:44.185 70283 INFO tempest.lib.common.rest_client [req-3c49f450-7aa4-400e-92d7-01313d1488a5 req-3c49f450-7aa4-400e-92d7-01313d1488a5 ] Request (ImagesNegativeTestJSON:test_create_image_from_deleted_server): 200 GET http://10.180.1.21/compute/v2.1/servers/3c2c8a40-919d-4280-b9be-f8d95b1a263e 0.057s
2025-04-03 08:41:44.215 70289 INFO tempest.lib.common.rest_client [req-8dd4bdd7-c80a-4661-8304-d7a38beabf56 req-8dd4bdd7-c80a-4661-8304-d7a38beabf56 ] Request (DeleteServersTestJSON:test_delete_active_server): 200 GET http://10.180.1.21/compute/v2.1/servers/5f672fd4-b96f-4506-aa1e-96692a00cb43 0.055s
2025-04-03 08:41:44.222 70289 INFO tempest.common.waiters [-] State transition "ACTIVE/deleting" ==> "DELETED/None" after 5 second wait
2025-04-03 08:41:44.228 70329 INFO tempest.lib.common.rest_client [req-53e26501-bbcf-45fc-969c-f996282e652c req-53e26501-bbcf-45fc-969c-f996282e652c ] Request (ServerRescueNegativeTestJSON:setUpClass): 200 GET http://10.180.1.21/compute/v2.1/servers/b99b73e6-3348-4d5d-aa57-f01ace0bfc42 0.050s
2025-04-03 08:41:44.260 70291 INFO tempest.lib.common.rest_client [req-0af4d708-f532-4099-b78c-ae460ad266bc req-0af4d708-f532-4099-b78c-ae460ad266bc ] Request (ServersAdminTestJSON:test_create_server_with_scheduling_hint): 200 GET http://10.180.1.21/compute/v2.1/servers/566522b0-7aa7-4552-9be7-035d742ba394 0.049s
2025-04-03 08:41:44.340 70281 INFO tempest.lib.common.rest_client [req-9798cc5e-8884-40be-ab43-f3885acff291 req-9798cc5e-8884-40be-ab43-f3885acff291 ] Request (VolumesAssistedSnapshotsTest:tearDownClass): 200 GET http://10.180.1.21/compute/v2.1/servers/53a8714c-50f7-4990-a3d9-86f8fc908d03 0.058s
2025-04-03 08:41:44.358 70331 INFO tempest.lib.common.rest_client [req-844894ee-1a81-4540-83b4-3170499527d8 req-844894ee-1a81-4540-83b4-3170499527d8 ] Request (AttachInterfacesV270Test:test_create_get_list_interfaces): 200 GET http://10.180.1.21/compute/v2.1/servers/df907dda-c1a0-4aaa-8ab2-5bb8e2ac38df 0.057s
2025-04-03 08:41:44.402 70299 INFO tempest.lib.common.rest_client [req-600db791-8dae-481f-af7c-2c8919f162f5 req-600db791-8dae-481f-af7c-2c8919f162f5 ] Request (FloatingIPsAssociationTestJSON:test_associate_already_associated_floating_ip): 200 GET http://10.180.1.21/compute/v2.1/servers/0b284e71-7af2-4782-b950-4f7eac5221a4 0.047s
2025-04-03 08:41:44.450 70305 INFO tempest.lib.common.rest_client [req-2da36dc6-5bff-4b46-b676-ebc81d6e30f1 req-2da36dc6-5bff-4b46-b676-ebc81d6e30f1 ] Request (ServersWithSpecificFlavorTestJSON:test_verify_created_server_ephemeral_disk): 200 GET http://10.180.1.21/compute/v2.1/servers/a4544bc9-6935-4825-9b45-2054d2ced330 0.050s
2025-04-03 08:41:44.472 70307 INFO tempest.lib.common.rest_client [req-6e39e1b4-c60f-41d4-bbff-50b66df1a4f5 req-6e39e1b4-c60f-41d4-bbff-50b66df1a4f5 ] Request (VolumesAdminNegativeTest:_run_cleanups): 200 GET http://10.180.1.21/compute/v2.1/servers/b003b7c2-e754-440e-8a65-13c5e9c68cd5/os-volume_attachments 0.036s
2025-04-03 08:41:44.503 70307 INFO tempest.lib.common.rest_client [req-5d259e47-8c71-4dea-92cb-7603cbc92909 req-5d259e47-8c71-4dea-92cb-7603cbc92909 ] Request (VolumesAdminNegativeTest:_run_cleanups): 200 GET http://10.180.1.21/volume/v3/volumes/3289f92c-da6a-4c4d-b76c-70d8912e0349 0.029s
2025-04-03 08:41:44.509 70307 INFO tempest.common.waiters [-] volume 3289f92c-da6a-4c4d-b76c-70d8912e0349 reached available after waiting for 0.509141 seconds
2025-04-03 08:41:44.511 70323 INFO tempest.lib.common.rest_client [req-1c18eac5-f368-4318-8d79-cdb2fbd481d1 req-1c18eac5-f368-4318-8d79-cdb2fbd481d1 ] Request (ListServerFiltersTestJSON:setUpClass): 200 GET http://10.180.1.21/compute/v2.1/servers/d4f87534-813e-4ff6-8b1f-ee23cb0b8e80 0.070s
2025-04-03 08:41:44.567 70293 INFO tempest.lib.common.rest_client [req-166420b2-5905-413d-9af8-6bdd42f064ea req-166420b2-5905-413d-9af8-6bdd42f064ea ] Request (SecurityGroupsTestJSON:test_list_security_groups_by_server): 200 GET http://10.180.1.21/compute/v2.1/servers/8b4444ee-15fe-457e-bdb8-fa0f1fc46fdf 0.059s
2025-04-03 08:41:44.579 70307 INFO tempest.lib.common.rest_client [req-876561cf-4831-4169-a748-acfe24db0cc3 req-876561cf-4831-4169-a748-acfe24db0cc3 ] Request (VolumesAdminNegativeTest:test_update_attached_volume_with_nonexistent_volume_in_uri): 201 POST http://10.180.1.21/identity/v3/auth/tokens 0.066s
2025-04-03 08:41:44.580 70307 INFO tempest.lib.common.fixed_network [-] (VolumesAdminNegativeTest:test_update_attached_volume_with_nonexistent_volume_in_uri) Found network {'id': 'e6b2a322-ac01-400c-a8ec-68a371b2061c', 'name': 'tempest-VolumesAdminNegativeTest-141203958-network', 'tenant_id': 'e8b8ab56b87c46f9b960fc3b430197d3', 'admin_state_up': True, 'mtu': 8950, 'status': 'ACTIVE', 'subnets': [], 'shared': False, 'project_id': 'e8b8ab56b87c46f9b960fc3b430197d3', 'port_security_enabled': True, 'router:external': False, 'provider:network_type': 'vlan', 'provider:physical_network': 'default', 'provider:segmentation_id': 538, 'availability_zone_hints': [], 'availability_zones': [], 'ipv4_address_scope': None, 'ipv6_address_scope': None, 'description': '', 'tags': [], 'created_at': '2025-04-03T08:38:50Z', 'updated_at': '2025-04-03T08:38:50Z', 'revision_number': 1} available for tenant
2025-04-03 08:41:44.616 70303 INFO tempest.lib.common.rest_client [req-ad7e3591-a621-408a-9170-55c4cd2f307d req-ad7e3591-a621-408a-9170-55c4cd2f307d ] Request (ServerMetadataNegativeTestJSON:setUpClass): 200 GET http://10.180.1.21/compute/v2.1/servers/2d812174-d2ad-4fac-8ae5-ffa51d691374 0.052s
2025-04-03 08:41:44.711 70325 INFO tempest.lib.common.rest_client [req-67a080e9-b0f8-4222-b225-81372f934218 req-67a080e9-b0f8-4222-b225-81372f934218 ] Request (MultipleCreateTestJSON:_run_cleanups): 200 GET http://10.180.1.21/compute/v2.1/servers/e8b4640f-302d-43cd-a654-c42f9cb34766 0.074s
2025-04-03 08:41:44.785 70285 INFO tempest.lib.common.rest_client [req-3e34806c-4e89-481c-b6f8-ddfb5cb383be req-3e34806c-4e89-481c-b6f8-ddfb5cb383be ] Request (ServersAdminNegativeTestJSON:tearDownClass): 200 GET http://10.180.1.21/compute/v2.1/servers/2244e8ad-75f6-42bc-a97d-7f26eaba1aa2 0.078s
2025-04-03 08:41:44.852 70321 INFO tempest.lib.common.rest_client [req-d074cf0b-2bb4-448f-86be-15130d118e10 req-d074cf0b-2bb4-448f-86be-15130d118e10 ] Request (ServerActionsTestJSON:setUpClass): 200 GET http://10.180.1.21/compute/v2.1/servers/eff21ec5-a51d-4004-9edf-1891f706fe9c 0.084s
2025-04-03 08:41:44.923 70327 INFO tempest.lib.common.rest_client [req-07a4bff6-c4d0-44af-9e63-df0378caf789 req-07a4bff6-c4d0-44af-9e63-df0378caf789 ] Request (MigrationsAdminTest:test_resize_server_revert_deleted_flavor): 200 GET http://10.180.1.21/compute/v2.1/servers/f07750f5-3f1d-4d97-98dc-285ed357cc7e 0.078s
2025-04-03 08:41:45.040 70307 INFO tempest.lib.common.rest_client [req-cd74eb34-6793-4be9-af93-d286221526d4 req-cd74eb34-6793-4be9-af93-d286221526d4 ] Request (VolumesAdminNegativeTest:test_update_attached_volume_with_nonexistent_volume_in_uri): 202 POST http://10.180.1.21/compute/v2.1/servers 0.459s
2025-04-03 08:41:45.060 70333 INFO tempest.lib.common.rest_client [req-2e5bcb13-1be7-49f8-9068-d72ad047fd5f req-2e5bcb13-1be7-49f8-9068-d72ad047fd5f ] Request (ServerRescueTestJSON:test_rescue_unrescue_instance): 200 GET http://10.180.1.21/compute/v2.1/servers/558ee84a-731b-4cb1-967d-cf84c8d39718 0.210s
2025-04-03 08:41:45.099 70275 INFO tempest.lib.common.rest_client [req-c1e51d4d-6d5f-4d84-ad7f-ab6ac7b8c246 req-c1e51d4d-6d5f-4d84-ad7f-ab6ac7b8c246 ] Request (ServersNegativeTestJSON:setUpClass): 200 GET http://10.180.1.21/compute/v2.1/servers/6bfb2a10-b89e-4152-ae3b-c2b4e93a6a6e 0.206s
2025-04-03 08:41:45.119 70287 INFO tempest.lib.common.rest_client [req-1d613c41-d6b9-4057-b4a5-1d840945fa5f req-1d613c41-d6b9-4057-b4a5-1d840945fa5f ] Request (ImagesOneServerNegativeTestJSON:_run_cleanups): 200 GET http://10.180.1.21/compute/v2.1/servers/dca638aa-c491-431f-a0e5-d02bd76705ad 0.213s
2025-04-03 08:41:45.164 70277 INFO tempest.lib.common.rest_client [req-fd9a265f-1fff-46ea-ad32-2d678827eaf6 req-fd9a265f-1fff-46ea-ad32-2d678827eaf6 ] Request (ServerPasswordTestJSON:setUpClass): 200 GET http://10.180.1.21/compute/v2.1/servers/6d99c52e-8893-4ad7-8d8e-56bd8c9379b8 0.222s
2025-04-03 08:41:45.175 70273 INFO tempest.lib.common.rest_client [req-6b19cf41-9d19-4db8-9db5-70b79b24f617 req-6b19cf41-9d19-4db8-9db5-70b79b24f617 ] Request (ServersNegativeTestMultiTenantJSON:setUpClass): 200 GET http://10.180.1.21/compute/v2.1/servers/86e514bb-8b47-4605-bd85-55c6c9874320 0.224s
2025-04-03 08:41:45.211 70307 INFO tempest.lib.common.rest_client [req-58601cee-5f1c-42d4-a6cc-ce47bf5bbf42 req-58601cee-5f1c-42d4-a6cc-ce47bf5bbf42 ] Request (VolumesAdminNegativeTest:test_update_attached_volume_with_nonexistent_volume_in_uri): 200 GET http://10.180.1.21/compute/v2.1/servers/ffe5f2c6-69e7-4bdb-80d1-b421b695e790 0.169s
2025-04-03 08:41:45.239 70271 INFO tempest.lib.common.rest_client [req-85084690-fbea-4720-ab75-f8e27e54533f req-85084690-fbea-4720-ab75-f8e27e54533f ] Request (ServerRescueTestJSONUnderV235:tearDownClass): 200 GET http://10.180.1.21/compute/v2.1/servers/ce6f9a88-faa8-442e-8b48-64979dd2d03e 0.189s
2025-04-03 08:41:45.272 70311 INFO tempest.lib.common.rest_client [req-5c2ab62e-0104-4af3-8fa0-0e121de64934 req-5c2ab62e-0104-4af3-8fa0-0e121de64934 ] Request (ListImageFiltersTestJSON:tearDownClass): 200 GET http://10.180.1.21/compute/v2.1/servers/153f0ead-6e2f-4077-b86a-00d3a1114fed 0.145s
2025-04-03 08:41:45.281 70311 INFO tempest.common.waiters [-] State transition "ACTIVE/deleting" ==> "DELETED/None" after 5 second wait
2025-04-03 08:41:45.299 70283 INFO tempest.lib.common.rest_client [req-3b19d3d9-0c00-4d53-9e08-8e682265b65d req-3b19d3d9-0c00-4d53-9e08-8e682265b65d ] Request (ImagesNegativeTestJSON:test_create_image_from_deleted_server): 200 GET http://10.180.1.21/compute/v2.1/servers/3c2c8a40-919d-4280-b9be-f8d95b1a263e 0.105s
2025-04-03 08:41:45.330 70289 INFO tempest.lib.common.rest_client [req-27b1fb19-2f14-42e3-8876-a837dc573e72 req-27b1fb19-2f14-42e3-8876-a837dc573e72 ] Request (DeleteServersTestJSON:test_delete_active_server): 200 GET http://10.180.1.21/compute/v2.1/servers/5f672fd4-b96f-4506-aa1e-96692a00cb43 0.106s
2025-04-03 08:41:45.335 70315 WARNING tempest.lib.common.ssh [-] Failed to establish authenticated ssh connection to cirros@10.180.180.168 ([Errno None] Unable to connect to port 22 on 10.180.180.168). Number attempts: 3. Retry after 4 seconds.: paramiko.ssh_exception.NoValidConnectionsError: [Errno None] Unable to connect to port 22 on 10.180.180.168
2025-04-03 08:41:45.356 70329 INFO tempest.lib.common.rest_client [req-7d6ed284-d1dc-4f8b-a425-cb3f1dd5f26c req-7d6ed284-d1dc-4f8b-a425-cb3f1dd5f26c ] Request (ServerRescueNegativeTestJSON:setUpClass): 200 GET http://10.180.1.21/compute/v2.1/servers/b99b73e6-3348-4d5d-aa57-f01ace0bfc42 0.120s
2025-04-03 08:41:45.387 70291 INFO tempest.lib.common.rest_client [req-c93c6817-e59c-43c7-9f2f-59d235317f97 req-c93c6817-e59c-43c7-9f2f-59d235317f97 ] Request (ServersAdminTestJSON:test_create_server_with_scheduling_hint): 200 GET http://10.180.1.21/compute/v2.1/servers/566522b0-7aa7-4552-9be7-035d742ba394 0.118s
2025-04-03 08:41:45.428 70281 INFO tempest.lib.common.rest_client [req-d6e7cbb2-9353-4cc9-aef2-3526273a6c6f req-d6e7cbb2-9353-4cc9-aef2-3526273a6c6f ] Request (VolumesAssistedSnapshotsTest:tearDownClass): 200 GET http://10.180.1.21/compute/v2.1/servers/53a8714c-50f7-4990-a3d9-86f8fc908d03 0.079s
2025-04-03 08:41:45.434 70331 INFO tempest.lib.common.rest_client [req-1bcc08e7-4490-403e-89c6-9b9dd98b2d4d req-1bcc08e7-4490-403e-89c6-9b9dd98b2d4d ] Request (AttachInterfacesV270Test:test_create_get_list_interfaces): 200 GET http://10.180.1.21/compute/v2.1/servers/df907dda-c1a0-4aaa-8ab2-5bb8e2ac38df 0.064s
2025-04-03 08:41:45.474 70299 INFO tempest.lib.common.rest_client [req-8c8c3c74-5553-411c-a20a-c3dfcb7e916f req-8c8c3c74-5553-411c-a20a-c3dfcb7e916f ] Request (FloatingIPsAssociationTestJSON:test_associate_already_associated_floating_ip): 200 GET http://10.180.1.21/compute/v2.1/servers/0b284e71-7af2-4782-b950-4f7eac5221a4 0.058s
2025-04-03 08:41:45.508 70305 INFO tempest.lib.common.rest_client [req-aa1abb10-6359-4dca-9c88-aeccbff86d50 req-aa1abb10-6359-4dca-9c88-aeccbff86d50 ] Request (ServersWithSpecificFlavorTestJSON:test_verify_created_server_ephemeral_disk): 200 GET http://10.180.1.21/compute/v2.1/servers/a4544bc9-6935-4825-9b45-2054d2ced330 0.051s
2025-04-03 08:41:45.570 70323 INFO tempest.lib.common.rest_client [req-b0be6230-f45e-4801-ae18-0c1d5ee27fa4 req-b0be6230-f45e-4801-ae18-0c1d5ee27fa4 ] Request (ListServerFiltersTestJSON:setUpClass): 200 GET http://10.180.1.21/compute/v2.1/servers/d4f87534-813e-4ff6-8b1f-ee23cb0b8e80 0.050s
2025-04-03 08:41:45.625 70293 INFO tempest.lib.common.rest_client [req-06612095-cee4-48bf-9aa5-1dcd560236fe req-06612095-cee4-48bf-9aa5-1dcd560236fe ] Request (SecurityGroupsTestJSON:test_list_security_groups_by_server): 200 GET http://10.180.1.21/compute/v2.1/servers/8b4444ee-15fe-457e-bdb8-fa0f1fc46fdf 0.049s
2025-04-03 08:41:45.672 70303 INFO tempest.lib.common.rest_client [req-aee987a2-c3fa-4507-aa46-b33532338d56 req-aee987a2-c3fa-4507-aa46-b33532338d56 ] Request (ServerMetadataNegativeTestJSON:setUpClass): 200 GET http://10.180.1.21/compute/v2.1/servers/2d812174-d2ad-4fac-8ae5-ffa51d691374 0.049s
2025-04-03 08:41:45.778 70325 INFO tempest.lib.common.rest_client [req-742e8150-c9a8-4315-ab2a-29eaa9faca2c req-742e8150-c9a8-4315-ab2a-29eaa9faca2c ] Request (MultipleCreateTestJSON:_run_cleanups): 200 GET http://10.180.1.21/compute/v2.1/servers/e8b4640f-302d-43cd-a654-c42f9cb34766 0.059s
2025-04-03 08:41:45.846 70285 INFO tempest.lib.common.rest_client [req-1bae55a7-a451-40a1-b929-49fab40c6a4a req-1bae55a7-a451-40a1-b929-49fab40c6a4a ] Request (ServersAdminNegativeTestJSON:tearDownClass): 200 GET http://10.180.1.21/compute/v2.1/servers/2244e8ad-75f6-42bc-a97d-7f26eaba1aa2 0.052s
2025-04-03 08:41:45.911 70321 INFO tempest.lib.common.rest_client [req-cf7c209d-b3a3-4168-812f-facd48cc871f req-cf7c209d-b3a3-4168-812f-facd48cc871f ] Request (ServerActionsTestJSON:setUpClass): 200 GET http://10.180.1.21/compute/v2.1/servers/eff21ec5-a51d-4004-9edf-1891f706fe9c 0.050s
2025-04-03 08:41:45.986 70327 INFO tempest.lib.common.rest_client [req-4ce23172-452f-4ea0-a778-deed2bbaea71 req-4ce23172-452f-4ea0-a778-deed2bbaea71 ] Request (MigrationsAdminTest:test_resize_server_revert_deleted_flavor): 200 GET http://10.180.1.21/compute/v2.1/servers/f07750f5-3f1d-4d97-98dc-285ed357cc7e 0.052s
2025-04-03 08:41:46.171 70275 INFO tempest.lib.common.rest_client [req-d6e26584-f5c9-406a-b2fc-fe3610bf9670 req-d6e26584-f5c9-406a-b2fc-fe3610bf9670 ] Request (ServersNegativeTestJSON:setUpClass): 200 GET http://10.180.1.21/compute/v2.1/servers/6bfb2a10-b89e-4152-ae3b-c2b4e93a6a6e 0.061s
2025-04-03 08:41:46.175 70333 INFO tempest.lib.common.rest_client [req-57789362-b0e4-46c7-a743-1ff9f9bf03fa req-57789362-b0e4-46c7-a743-1ff9f9bf03fa ] Request (ServerRescueTestJSON:test_rescue_unrescue_instance): 200 GET http://10.180.1.21/compute/v2.1/servers/558ee84a-731b-4cb1-967d-cf84c8d39718 0.105s
2025-04-03 08:41:46.222 70287 INFO tempest.lib.common.rest_client [req-61ef886c-38ee-421d-a18b-f31984e1e916 req-61ef886c-38ee-421d-a18b-f31984e1e916 ] Request (ImagesOneServerNegativeTestJSON:_run_cleanups): 200 GET http://10.180.1.21/compute/v2.1/servers/dca638aa-c491-431f-a0e5-d02bd76705ad 0.093s
2025-04-03 08:41:46.227 70277 INFO tempest.lib.common.rest_client [req-9ee9ca00-c044-4e2f-ad40-a27cf9a3e533 req-9ee9ca00-c044-4e2f-ad40-a27cf9a3e533 ] Request (ServerPasswordTestJSON:setUpClass): 200 GET http://10.180.1.21/compute/v2.1/servers/6d99c52e-8893-4ad7-8d8e-56bd8c9379b8 0.053s
2025-04-03 08:41:46.275 70307 INFO tempest.lib.common.rest_client [req-6b254c40-271b-421c-b82f-d314bd21ab84 req-6b254c40-271b-421c-b82f-d314bd21ab84 ] Request (VolumesAdminNegativeTest:test_update_attached_volume_with_nonexistent_volume_in_uri): 200 GET http://10.180.1.21/compute/v2.1/servers/ffe5f2c6-69e7-4bdb-80d1-b421b695e790 0.056s
2025-04-03 08:41:46.275 70273 INFO tempest.lib.common.rest_client [req-42d7f90f-1be3-4ab2-9f4a-a884b800be2f req-42d7f90f-1be3-4ab2-9f4a-a884b800be2f ] Request (ServersNegativeTestMultiTenantJSON:setUpClass): 200 GET http://10.180.1.21/compute/v2.1/servers/86e514bb-8b47-4605-bd85-55c6c9874320 0.089s
2025-04-03 08:41:46.344 70271 INFO tempest.lib.common.rest_client [req-e435daf0-3c5f-4942-95d1-e7bf1e866af1 req-e435daf0-3c5f-4942-95d1-e7bf1e866af1 ] Request (ServerRescueTestJSONUnderV235:tearDownClass): 200 GET http://10.180.1.21/compute/v2.1/servers/ce6f9a88-faa8-442e-8b48-64979dd2d03e 0.093s
2025-04-03 08:41:46.344 70311 INFO tempest.lib.common.rest_client [req-bb9a77e5-74aa-43d6-9da0-53bb1159d6c2 req-bb9a77e5-74aa-43d6-9da0-53bb1159d6c2 ] Request (ListImageFiltersTestJSON:tearDownClass): 200 GET http://10.180.1.21/compute/v2.1/servers/153f0ead-6e2f-4077-b86a-00d3a1114fed 0.062s
2025-04-03 08:41:46.411 70289 INFO tempest.lib.common.rest_client [req-f11614f0-7456-453e-a9d0-50bbe9b5cf82 req-f11614f0-7456-453e-a9d0-50bbe9b5cf82 ] Request (DeleteServersTestJSON:test_delete_active_server): 200 GET http://10.180.1.21/compute/v2.1/servers/5f672fd4-b96f-4506-aa1e-96692a00cb43 0.071s
2025-04-03 08:41:46.414 70283 INFO tempest.lib.common.rest_client [req-b215290d-096b-4b1e-af9e-da78f0702b5c req-b215290d-096b-4b1e-af9e-da78f0702b5c ] Request (ImagesNegativeTestJSON:test_create_image_from_deleted_server): 200 GET http://10.180.1.21/compute/v2.1/servers/3c2c8a40-919d-4280-b9be-f8d95b1a263e 0.105s
2025-04-03 08:41:46.476 70291 INFO tempest.lib.common.rest_client [req-84af1a55-917e-4e86-b07e-0864042c21b4 req-84af1a55-917e-4e86-b07e-0864042c21b4 ] Request (ServersAdminTestJSON:test_create_server_with_scheduling_hint): 200 GET http://10.180.1.21/compute/v2.1/servers/566522b0-7aa7-4552-9be7-035d742ba394 0.078s
2025-04-03 08:41:46.481 70329 INFO tempest.lib.common.rest_client [req-9f94f601-5b2a-42b8-8c25-9ded0886f137 req-9f94f601-5b2a-42b8-8c25-9ded0886f137 ] Request (ServerRescueNegativeTestJSON:setUpClass): 200 GET http://10.180.1.21/compute/v2.1/servers/b99b73e6-3348-4d5d-aa57-f01ace0bfc42 0.115s
2025-04-03 08:41:46.544 70281 INFO tempest.lib.common.rest_client [req-8533a7d6-0f4d-46a7-8f7b-41bb567447e0 req-8533a7d6-0f4d-46a7-8f7b-41bb567447e0 ] Request (VolumesAssistedSnapshotsTest:tearDownClass): 200 GET http://10.180.1.21/compute/v2.1/servers/53a8714c-50f7-4990-a3d9-86f8fc908d03 0.106s
2025-04-03 08:41:46.544 70331 INFO tempest.lib.common.rest_client [req-86a87df5-dcc7-419c-94d2-94e2a9766f13 req-86a87df5-dcc7-419c-94d2-94e2a9766f13 ] Request (AttachInterfacesV270Test:test_create_get_list_interfaces): 200 GET http://10.180.1.21/compute/v2.1/servers/df907dda-c1a0-4aaa-8ab2-5bb8e2ac38df 0.099s
2025-04-03 08:41:46.601 70305 INFO tempest.lib.common.rest_client [req-f1043430-9773-4dab-9ff7-ca135917e999 req-f1043430-9773-4dab-9ff7-ca135917e999 ] Request (ServersWithSpecificFlavorTestJSON:test_verify_created_server_ephemeral_disk): 200 GET http://10.180.1.21/compute/v2.1/servers/a4544bc9-6935-4825-9b45-2054d2ced330 0.084s
2025-04-03 08:41:46.615 70299 INFO tempest.lib.common.rest_client [req-d8e22a8d-cba5-4746-ae73-b397773c2e46 req-d8e22a8d-cba5-4746-ae73-b397773c2e46 ] Request (FloatingIPsAssociationTestJSON:test_associate_already_associated_floating_ip): 200 GET http://10.180.1.21/compute/v2.1/servers/0b284e71-7af2-4782-b950-4f7eac5221a4 0.134s
2025-04-03 08:41:46.665 70323 INFO tempest.lib.common.rest_client [req-dd56db11-0a3d-48d4-9d36-b048bf6a74ef req-dd56db11-0a3d-48d4-9d36-b048bf6a74ef ] Request (ListServerFiltersTestJSON:setUpClass): 200 GET http://10.180.1.21/compute/v2.1/servers/d4f87534-813e-4ff6-8b1f-ee23cb0b8e80 0.087s
2025-04-03 08:41:46.698 70293 INFO tempest.lib.common.rest_client [req-19798882-bb47-41a5-a114-8f710e60d42e req-19798882-bb47-41a5-a114-8f710e60d42e ] Request (SecurityGroupsTestJSON:test_list_security_groups_by_server): 200 GET http://10.180.1.21/compute/v2.1/servers/8b4444ee-15fe-457e-bdb8-fa0f1fc46fdf 0.063s
2025-04-03 08:41:46.740 70303 INFO tempest.lib.common.rest_client [req-e49336c7-c35d-4d7b-97ec-7be4c81a98d2 req-e49336c7-c35d-4d7b-97ec-7be4c81a98d2 ] Request (ServerMetadataNegativeTestJSON:setUpClass): 200 GET http://10.180.1.21/compute/v2.1/servers/2d812174-d2ad-4fac-8ae5-ffa51d691374 0.058s
2025-04-03 08:41:46.852 70325 INFO tempest.lib.common.rest_client [req-f0ceb0ba-5cb2-4513-8b19-b9e8ad89b6b2 req-f0ceb0ba-5cb2-4513-8b19-b9e8ad89b6b2 ] Request (MultipleCreateTestJSON:_run_cleanups): 200 GET http://10.180.1.21/compute/v2.1/servers/e8b4640f-302d-43cd-a654-c42f9cb34766 0.066s
2025-04-03 08:41:46.920 70285 INFO tempest.lib.common.rest_client [req-b2aeffad-9cd3-4b2e-86de-c4dbf1824a19 req-b2aeffad-9cd3-4b2e-86de-c4dbf1824a19 ] Request (ServersAdminNegativeTestJSON:tearDownClass): 200 GET http://10.180.1.21/compute/v2.1/servers/2244e8ad-75f6-42bc-a97d-7f26eaba1aa2 0.066s
2025-04-03 08:41:46.981 70321 INFO tempest.lib.common.rest_client [req-531239ab-02f5-459e-a956-85a0b0e4ac2e req-531239ab-02f5-459e-a956-85a0b0e4ac2e ] Request (ServerActionsTestJSON:setUpClass): 200 GET http://10.180.1.21/compute/v2.1/servers/eff21ec5-a51d-4004-9edf-1891f706fe9c 0.062s
2025-04-03 08:41:47.043 70327 INFO tempest.lib.common.rest_client [req-edc5221c-ec1a-41b2-88c5-ae1eeca6f52d req-edc5221c-ec1a-41b2-88c5-ae1eeca6f52d ] Request (MigrationsAdminTest:test_resize_server_revert_deleted_flavor): 200 GET http://10.180.1.21/compute/v2.1/servers/f07750f5-3f1d-4d97-98dc-285ed357cc7e 0.049s
2025-04-03 08:41:47.249 70275 INFO tempest.lib.common.rest_client [req-e461ab03-aa97-41de-9043-4a9652d42741 req-e461ab03-aa97-41de-9043-4a9652d42741 ] Request (ServersNegativeTestJSON:setUpClass): 200 GET http://10.180.1.21/compute/v2.1/servers/6bfb2a10-b89e-4152-ae3b-c2b4e93a6a6e 0.070s
2025-04-03 08:41:47.314 70287 INFO tempest.lib.common.rest_client [req-82b424de-27d7-40a8-9f02-649d9df06dbe req-82b424de-27d7-40a8-9f02-649d9df06dbe ] Request (ImagesOneServerNegativeTestJSON:_run_cleanups): 200 GET http://10.180.1.21/compute/v2.1/servers/dca638aa-c491-431f-a0e5-d02bd76705ad 0.083s
2025-04-03 08:41:47.325 70333 INFO tempest.lib.common.rest_client [req-a32fea9e-7b06-4a92-a00f-23afb8ab8e86 req-a32fea9e-7b06-4a92-a00f-23afb8ab8e86 ] Request (ServerRescueTestJSON:test_rescue_unrescue_instance): 200 GET http://10.180.1.21/compute/v2.1/servers/558ee84a-731b-4cb1-967d-cf84c8d39718 0.141s
2025-04-03 08:41:47.386 70277 INFO tempest.lib.common.rest_client [req-1e6713e9-988a-4b6b-a682-4b93db19fe6c req-1e6713e9-988a-4b6b-a682-4b93db19fe6c ] Request (ServerPasswordTestJSON:setUpClass): 200 GET http://10.180.1.21/compute/v2.1/servers/6d99c52e-8893-4ad7-8d8e-56bd8c9379b8 0.148s
2025-04-03 08:41:47.392 70307 INFO tempest.lib.common.rest_client [req-a54b8ec3-8134-4c46-a050-ff5d49f55a54 req-a54b8ec3-8134-4c46-a050-ff5d49f55a54 ] Request (VolumesAdminNegativeTest:test_update_attached_volume_with_nonexistent_volume_in_uri): 200 GET http://10.180.1.21/compute/v2.1/servers/ffe5f2c6-69e7-4bdb-80d1-b421b695e790 0.108s
2025-04-03 08:41:47.435 70273 INFO tempest.lib.common.rest_client [req-13dc8d17-02fc-405a-808d-43fec5f8357c req-13dc8d17-02fc-405a-808d-43fec5f8357c ] Request (ServersNegativeTestMultiTenantJSON:setUpClass): 200 GET http://10.180.1.21/compute/v2.1/servers/86e514bb-8b47-4605-bd85-55c6c9874320 0.151s
2025-04-03 08:41:47.452 70271 INFO tempest.lib.common.rest_client [req-3097677a-072f-4294-9c5a-01ae7331958b req-3097677a-072f-4294-9c5a-01ae7331958b ] Request (ServerRescueTestJSONUnderV235:tearDownClass): 200 GET http://10.180.1.21/compute/v2.1/servers/ce6f9a88-faa8-442e-8b48-64979dd2d03e 0.100s
2025-04-03 08:41:47.497 70311 INFO tempest.lib.common.rest_client [req-32db5cde-24b2-427c-85eb-de917406cb2b req-32db5cde-24b2-427c-85eb-de917406cb2b ] Request (ListImageFiltersTestJSON:tearDownClass): 200 GET http://10.180.1.21/compute/v2.1/servers/153f0ead-6e2f-4077-b86a-00d3a1114fed 0.144s
2025-04-03 08:41:47.507 70289 INFO tempest.lib.common.rest_client [req-5c273837-63d8-41f2-90a8-595bd5f221eb req-5c273837-63d8-41f2-90a8-595bd5f221eb ] Request (DeleteServersTestJSON:test_delete_active_server): 200 GET http://10.180.1.21/compute/v2.1/servers/5f672fd4-b96f-4506-aa1e-96692a00cb43 0.087s
2025-04-03 08:41:47.815 70291 INFO tempest.lib.common.rest_client [req-4231bd10-558b-4793-b545-2d585337ebe7 req-4231bd10-558b-4793-b545-2d585337ebe7 ] Request (ServersAdminTestJSON:test_create_server_with_scheduling_hint): 200 GET http://10.180.1.21/compute/v2.1/servers/566522b0-7aa7-4552-9be7-035d742ba394 0.330s
2025-04-03 08:41:47.818 70283 INFO tempest.lib.common.rest_client [req-1fc4f3a2-7936-453c-8f24-4b8a50b9e647 req-1fc4f3a2-7936-453c-8f24-4b8a50b9e647 ] Request (ImagesNegativeTestJSON:test_create_image_from_deleted_server): 200 GET http://10.180.1.21/compute/v2.1/servers/3c2c8a40-919d-4280-b9be-f8d95b1a263e 0.395s
2025-04-03 08:41:47.889 70329 INFO tempest.lib.common.rest_client [req-c68c2747-f47c-494b-8109-5f067fe862b9 req-c68c2747-f47c-494b-8109-5f067fe862b9 ] Request (ServerRescueNegativeTestJSON:setUpClass): 200 GET http://10.180.1.21/compute/v2.1/servers/b99b73e6-3348-4d5d-aa57-f01ace0bfc42 0.398s
2025-04-03 08:41:47.899 70331 INFO tempest.lib.common.rest_client [req-7927e4c5-39e1-4f19-8f92-fd5dbdf6de2b req-7927e4c5-39e1-4f19-8f92-fd5dbdf6de2b ] Request (AttachInterfacesV270Test:test_create_get_list_interfaces): 200 GET http://10.180.1.21/compute/v2.1/servers/df907dda-c1a0-4aaa-8ab2-5bb8e2ac38df 0.343s
2025-04-03 08:41:47.970 70305 INFO tempest.lib.common.rest_client [req-e1f59dbb-e343-44fe-958e-c18028f96f38 req-e1f59dbb-e343-44fe-958e-c18028f96f38 ] Request (ServersWithSpecificFlavorTestJSON:test_verify_created_server_ephemeral_disk): 200 GET http://10.180.1.21/compute/v2.1/servers/a4544bc9-6935-4825-9b45-2054d2ced330 0.356s
2025-04-03 08:41:47.981 70281 INFO tempest.lib.common.rest_client [req-55b1cef6-c579-410b-beef-abb908628404 req-55b1cef6-c579-410b-beef-abb908628404 ] Request (VolumesAssistedSnapshotsTest:tearDownClass): 200 GET http://10.180.1.21/compute/v2.1/servers/53a8714c-50f7-4990-a3d9-86f8fc908d03 0.424s
2025-04-03 08:41:48.042 70299 INFO tempest.lib.common.rest_client [req-a6f2ad07-7c8f-49e0-8e78-b0c37f32a520 req-a6f2ad07-7c8f-49e0-8e78-b0c37f32a520 ] Request (FloatingIPsAssociationTestJSON:test_associate_already_associated_floating_ip): 200 GET http://10.180.1.21/compute/v2.1/servers/0b284e71-7af2-4782-b950-4f7eac5221a4 0.411s
2025-04-03 08:41:48.046 70323 INFO tempest.lib.common.rest_client [req-007fef1c-0260-4430-b59e-0b3f0ffa751c req-007fef1c-0260-4430-b59e-0b3f0ffa751c ] Request (ListServerFiltersTestJSON:setUpClass): 200 GET http://10.180.1.21/compute/v2.1/servers/d4f87534-813e-4ff6-8b1f-ee23cb0b8e80 0.371s
2025-04-03 08:41:48.110 70293 INFO tempest.lib.common.rest_client [req-a1892aa4-64bb-4ff5-ac18-34ff5ddd85a6 req-a1892aa4-64bb-4ff5-ac18-34ff5ddd85a6 ] Request (SecurityGroupsTestJSON:test_list_security_groups_by_server): 200 GET http://10.180.1.21/compute/v2.1/servers/8b4444ee-15fe-457e-bdb8-fa0f1fc46fdf 0.403s
