2025-05-14 04:49:22.054 70120 INFO tempest.lib.common.rest_client [req-d0723f55-2fdf-4bd9-aa69-425b73a49491 req-d0723f55-2fdf-4bd9-aa69-425b73a49491 ] Request (AttachInterfacesTestJSON:test_create_list_show_delete_interfaces_by_fixed_ip): 200 GET http://10.180.1.21/compute/v2.1/servers/03449ac3-95ed-4948-94c5-3f8ce91049e4 0.119s
2025-05-14 04:49:22.106 70117 INFO tempest.lib.common.rest_client [req-18be0cc8-2ddc-4bc9-94a7-1c98638e75c5 req-18be0cc8-2ddc-4bc9-94a7-1c98638e75c5 ] Request (ServerRescueTestJSONUnderV235:tearDownClass): 200 GET http://10.180.1.21/compute/v2.1/servers/0aece961-75ff-4b19-b7ee-b6f7d47cfe0d 0.162s
2025-05-14 04:49:22.109 70091 INFO tempest.lib.common.rest_client [req-d81195c2-5f10-493c-b230-0f751a77aeb6 req-d81195c2-5f10-493c-b230-0f751a77aeb6 ] Request (ServersTestManualDisk:setUpClass): 200 GET http://10.180.1.21/compute/v2.1/servers/0ba728e6-127d-4b7f-9559-37b380cdb781/os-interface 0.146s
2025-05-14 04:49:22.154 70101 INFO tempest.lib.common.rest_client [req-bdaf7f0a-7014-468e-afb8-18fbce21b6a1 req-bdaf7f0a-7014-468e-afb8-18fbce21b6a1 ] Request (ServersAdminTestJSON:test_inject_network_info): 200 GET http://10.180.1.21/compute/v2.1/servers/c5fc189f-8a03-47bb-a655-72516530d9a0 0.173s
2025-05-14 04:49:22.171 70133 INFO tempest.lib.common.rest_client [req-217217be-5e00-4867-b24e-7d9a3b5dc327 req-217217be-5e00-4867-b24e-7d9a3b5dc327 ] Request (AttachVolumeNegativeTest:test_attach_attached_volume_to_different_server): 200 GET http://10.180.1.21/compute/v2.1/servers/9b4670fb-9fdc-4761-9828-dfd9600fd5a0 0.178s
2025-05-14 04:49:22.201 70129 INFO tempest.lib.common.rest_client [req-819a707a-82ed-4dd0-9ebe-f055cb0e79da req-819a707a-82ed-4dd0-9ebe-f055cb0e79da ] Request (ImagesTestJSON:test_create_image_from_stopped_server): 200 GET http://10.180.1.21/compute/v2.1/images/ca563cdd-e490-4e6c-b859-0fcf8ad5459e 0.180s
2025-05-14 04:49:22.243 70137 INFO tempest.lib.common.rest_client [req-c5a04c12-cb5d-42e7-b97e-94fed5cc5c3c req-c5a04c12-cb5d-42e7-b97e-94fed5cc5c3c ] Request (SecurityGroupsTestJSON:test_server_security_groups): 200 GET http://10.180.1.21/compute/v2.1/servers/160898fa-4eb0-49e8-8a64-0e293f35030e 0.235s
2025-05-14 04:49:22.253 70083 INFO tempest.lib.common.rest_client [req-d676b656-5a9e-41d9-933b-7a051af2f1dd req-d676b656-5a9e-41d9-933b-7a051af2f1dd ] Request (ServersNegativeTestJSON:setUpClass): 200 GET http://10.180.1.21/compute/v2.1/servers/6f88b001-92fe-4870-833d-50d35a87a27d 0.225s
2025-05-14 04:49:22.304 70121 INFO tempest.lib.common.rest_client [req-e2fe1a91-2e60-4017-a742-f940bf2a8874 req-e2fe1a91-2e60-4017-a742-f940bf2a8874 ] Request (ServersTestJSON:_run_cleanups): 200 GET http://10.180.1.21/compute/v2.1/servers/e76d921c-c912-4769-a165-b2fc6505707b 0.226s
2025-05-14 04:49:22.316 70111 INFO tempest.lib.common.rest_client [req-ddebae13-2462-4691-9f18-f151d90cd533 req-ddebae13-2462-4691-9f18-f151d90cd533 ] Request (DeleteServersTestJSON:test_delete_active_server): 200 GET http://10.180.1.21/compute/v2.1/servers/7b731473-c115-4613-a5cd-30f1cd258bd3 0.180s
2025-05-14 04:49:22.375 70087 INFO tempest.lib.common.rest_client [req-6cad87a2-89aa-40a1-ab19-fef236a4fe90 req-6cad87a2-89aa-40a1-ab19-fef236a4fe90 ] Request (MultipleCreateTestJSON:test_multiple_create): 200 GET http://10.180.1.21/compute/v2.1/servers/002b787b-96fa-4f0b-b2d4-969d2f49a574 0.192s
2025-05-14 04:49:22.383 70097 INFO tempest.lib.common.rest_client [req-82754fee-9f20-44ed-9732-6031a88f1a0e req-82754fee-9f20-44ed-9732-6031a88f1a0e ] Request (ServerDiskConfigTestJSON:test_rebuild_server_with_auto_disk_config): 200 GET http://10.180.1.21/compute/v2.1/servers/e1f11f47-1a3f-40d6-b7d1-c3ff33f7d057 0.142s
2025-05-14 04:49:22.411 70145 WARNING tempest.lib.common.ssh [-] Failed to establish authenticated ssh connection to cirros@10.180.180.170 ([Errno None] Unable to connect to port 22 on 10.180.180.170). Number attempts: 6. Retry after 7 seconds.: paramiko.ssh_exception.NoValidConnectionsError: [Errno None] Unable to connect to port 22 on 10.180.180.170
2025-05-14 04:49:22.442 70109 INFO tempest.lib.common.rest_client [req-5721191d-c5c8-4328-8838-014670a9ae1d req-5721191d-c5c8-4328-8838-014670a9ae1d ] Request (ServerDiagnosticsTest:test_get_server_diagnostics): 200 GET http://10.180.1.21/compute/v2.1/servers/9afc1d78-9d77-4786-8598-f26947ecb97b 0.085s
2025-05-14 04:49:22.469 70113 INFO tempest.lib.common.rest_client [req-3da89b13-0f36-438c-bcda-4bba49ea6937 req-3da89b13-0f36-438c-bcda-4bba49ea6937 ] Request (ServersTestFqdnHostnames:test_create_server_with_fqdn_name): 200 GET http://10.180.1.21/compute/v2.1/servers/95d7879b-912b-4a3c-8770-fd14bef6d3e0 0.063s
2025-05-14 04:49:22.532 70103 INFO tempest.lib.common.rest_client [req-974e52d6-78c8-4277-8063-1d46f0b4be12 req-974e52d6-78c8-4277-8063-1d46f0b4be12 ] Request (ImagesOneServerNegativeTestJSON:_run_cleanups): 200 GET http://10.180.1.21/compute/v2.1/servers/a78880c5-dba8-40f9-8da7-47fdd060a8ca 0.072s
2025-05-14 04:49:22.622 70095 INFO tempest.lib.common.rest_client [req-bc9bc717-7fc4-43e1-948a-28d67f697c61 req-bc9bc717-7fc4-43e1-948a-28d67f697c61 ] Request (ServerTagsTestJSON:setUpClass): 200 GET http://10.180.1.21/compute/v2.1/servers/2cbd4e7b-e10a-4a57-9532-cc632b2ed7a1 0.077s
2025-05-14 04:49:22.657 70123 INFO tempest.lib.common.rest_client [req-a96e99d0-a641-4919-8c89-5154563100eb req-a96e99d0-a641-4919-8c89-5154563100eb ] Request (ServersAdminNegativeTestJSON:setUpClass): 200 GET http://10.180.1.21/compute/v2.1/servers/9c4ff6ed-9ae4-441a-9cba-baf646488aa6 0.059s
2025-05-14 04:49:22.713 70091 INFO tempest.lib.common.rest_client [req-85ffa236-fc7b-4121-82e2-4960ea47c9b0 req-85ffa236-fc7b-4121-82e2-4960ea47c9b0 ] Request (ServersTestManualDisk:setUpClass): 200 PUT http://10.180.1.21:9696/networking/v2.0/floatingips/b990e10a-4a7b-48d0-ba9d-242e3361df8d 0.602s
2025-05-14 04:49:22.860 70091 INFO tempest.lib.common.rest_client [req-03abf13c-71cf-4c60-a617-2949cc507266 req-03abf13c-71cf-4c60-a617-2949cc507266 ] Request (ServersTestManualDisk:setUpClass): 200 GET http://10.180.1.21/compute/v2.1/servers/0ba728e6-127d-4b7f-9559-37b380cdb781 0.146s
2025-05-14 04:49:22.867 70135 INFO tempest.lib.common.rest_client [req-a0f2c2a5-4dda-4e7f-a53d-c06c27d8740d req-a0f2c2a5-4dda-4e7f-a53d-c06c27d8740d ] Request (InstanceActionsTestJSON:tearDownClass): 200 GET http://10.180.1.21/compute/v2.1/servers/191807a6-2355-4856-a862-7a6aabd6c204 0.076s
2025-05-14 04:49:22.872 70091 INFO tempest.lib.common.ssh [-] Creating ssh connection to '10.180.180.221:22' as 'cirros' with public key authentication
2025-05-14 04:49:22.918 70115 INFO tempest.lib.common.rest_client [req-b3cad588-396f-4aa5-9816-9dc020d6a27a req-b3cad588-396f-4aa5-9816-9dc020d6a27a ] Request (ServersTestJSON:setUpClass): 200 GET http://10.180.1.21/compute/v2.1/servers/626997d7-942b-440c-9cd8-5ff0fe1d8246 0.058s
2025-05-14 04:49:22.924 70099 INFO tempest.lib.common.rest_client [req-c595b886-3ecb-44e1-8a0b-22317b38724d req-c595b886-3ecb-44e1-8a0b-22317b38724d ] Request (ListImageFiltersTestJSON:setUpClass): 200 GET http://10.180.1.21/compute/v2.1/images/7b4f2319-7a2d-40e0-a77d-daeb36b3db6f 0.035s
2025-05-14 04:49:22.925 70115 INFO tempest.common.waiters [-] State transition "BUILD/scheduling" ==> "BUILD/None" after 59 second wait
2025-05-14 04:49:23.020 70107 INFO tempest.lib.common.rest_client [req-3431c729-3ccc-4bc6-a4d8-2cf0040a8bc3 req-3431c729-3ccc-4bc6-a4d8-2cf0040a8bc3 ] Request (FloatingIPsAssociationNegativeTestJSON:tearDownClass): 200 GET http://10.180.1.21/compute/v2.1/servers/46baf558-eb8b-4703-886b-e177649277b5 0.065s
2025-05-14 04:49:23.072 70143 INFO tempest.lib.common.rest_client [req-0d9e7000-2cfd-4d5b-8b22-0c4b37021f74 req-0d9e7000-2cfd-4d5b-8b22-0c4b37021f74 ] Request (MigrationsAdminTest:test_resize_server_revert_deleted_flavor): 200 GET http://10.180.1.21/compute/v2.1/servers/be5d76e1-a022-4de4-bf79-94a83f9958ec 0.058s
2025-05-14 04:49:23.123 70089 INFO tempest.lib.common.rest_client [req-65f95f57-c86e-442e-9c1c-9db29750d0ab req-65f95f57-c86e-442e-9c1c-9db29750d0ab ] Request (ImagesOneServerTestJSON:setUpClass): 200 GET http://10.180.1.21/compute/v2.1/servers/298a8a34-6f1b-49b9-8358-10d0d6ba447d 0.061s
2025-05-14 04:49:23.131 70120 INFO tempest.lib.common.rest_client [req-d31071ef-81c0-4bc2-9b82-9a8d9e4a652c req-d31071ef-81c0-4bc2-9b82-9a8d9e4a652c ] Request (AttachInterfacesTestJSON:test_create_list_show_delete_interfaces_by_fixed_ip): 200 GET http://10.180.1.21/compute/v2.1/servers/03449ac3-95ed-4948-94c5-3f8ce91049e4 0.069s
2025-05-14 04:49:23.176 70117 INFO tempest.lib.common.rest_client [req-9e263367-e5e8-4efe-b1b8-03693cbc683f req-9e263367-e5e8-4efe-b1b8-03693cbc683f ] Request (ServerRescueTestJSONUnderV235:tearDownClass): 200 GET http://10.180.1.21/compute/v2.1/servers/0aece961-75ff-4b19-b7ee-b6f7d47cfe0d 0.063s
2025-05-14 04:49:23.212 70101 INFO tempest.lib.common.rest_client [req-3bc7789b-c947-45b3-8c63-cdfafe3497b7 req-3bc7789b-c947-45b3-8c63-cdfafe3497b7 ] Request (ServersAdminTestJSON:test_inject_network_info): 200 GET http://10.180.1.21/compute/v2.1/servers/c5fc189f-8a03-47bb-a655-72516530d9a0 0.050s
2025-05-14 04:49:23.241 70133 INFO tempest.lib.common.rest_client [req-c03e902e-2de8-4db2-90ab-e55dd8d5f5d4 req-c03e902e-2de8-4db2-90ab-e55dd8d5f5d4 ] Request (AttachVolumeNegativeTest:test_attach_attached_volume_to_different_server): 200 GET http://10.180.1.21/compute/v2.1/servers/9b4670fb-9fdc-4761-9828-dfd9600fd5a0 0.055s
2025-05-14 04:49:23.244 70129 INFO tempest.lib.common.rest_client [req-688093f1-44f6-406b-8143-4d6dca27a529 req-688093f1-44f6-406b-8143-4d6dca27a529 ] Request (ImagesTestJSON:test_create_image_from_stopped_server): 200 GET http://10.180.1.21/compute/v2.1/images/ca563cdd-e490-4e6c-b859-0fcf8ad5459e 0.040s
2025-05-14 04:49:23.283 70129 INFO tempest.lib.common.rest_client [req-5098551b-934a-4c1d-9952-39c241f3e1b4 req-5098551b-934a-4c1d-9952-39c241f3e1b4 ] Request (ImagesTestJSON:test_create_image_from_stopped_server): 200 GET http://10.180.1.21/compute/v2.1/images/ca563cdd-e490-4e6c-b859-0fcf8ad5459e 0.035s
2025-05-14 04:49:23.317 70129 INFO tempest.lib.common.rest_client [req-ef5f0f8a-620f-4e68-a945-1b78b8662757 req-ef5f0f8a-620f-4e68-a945-1b78b8662757 ] Request (ImagesTestJSON:test_create_image_from_stopped_server): 200 GET http://10.180.1.21/image/v2/images/ca563cdd-e490-4e6c-b859-0fcf8ad5459e/tasks 0.030s
2025-05-14 04:49:23.355 70137 INFO tempest.lib.common.rest_client [req-bf4b627d-4061-4ea2-bfc1-e40ba6fccfc9 req-bf4b627d-4061-4ea2-bfc1-e40ba6fccfc9 ] Request (SecurityGroupsTestJSON:test_server_security_groups): 200 GET http://10.180.1.21/compute/v2.1/servers/160898fa-4eb0-49e8-8a64-0e293f35030e 0.103s
2025-05-14 04:49:23.358 70083 INFO tempest.lib.common.rest_client [req-b336b969-b067-4fcd-8df4-391b9fd2b200 req-b336b969-b067-4fcd-8df4-391b9fd2b200 ] Request (ServersNegativeTestJSON:setUpClass): 200 GET http://10.180.1.21/compute/v2.1/servers/6f88b001-92fe-4870-833d-50d35a87a27d 0.095s
2025-05-14 04:49:23.421 70121 INFO tempest.lib.common.rest_client [req-43ba9719-fe16-4bc3-8145-f9322d1e2b6d req-43ba9719-fe16-4bc3-8145-f9322d1e2b6d ] Request (ServersTestJSON:_run_cleanups): 200 GET http://10.180.1.21/compute/v2.1/servers/e76d921c-c912-4769-a165-b2fc6505707b 0.106s
2025-05-14 04:49:23.476 70129 INFO tempest.lib.common.rest_client [req-0c1cb732-410a-44b9-ae28-278b4393d8c0 req-0c1cb732-410a-44b9-ae28-278b4393d8c0 ] Request (ImagesTestJSON:_run_cleanups): 204 DELETE http://10.180.1.21/compute/v2.1/images/ca563cdd-e490-4e6c-b859-0fcf8ad5459e 0.158s
2025-05-14 04:49:23.481 70111 INFO tempest.lib.common.rest_client [req-e9092e9d-52b0-4d00-95df-5b6418d12672 req-e9092e9d-52b0-4d00-95df-5b6418d12672 ] Request (DeleteServersTestJSON:test_delete_active_server): 200 GET http://10.180.1.21/compute/v2.1/servers/7b731473-c115-4613-a5cd-30f1cd258bd3 0.153s
2025-05-14 04:49:23.540 70097 INFO tempest.lib.common.rest_client [req-af7e928f-b070-4fd9-a0dc-df258f067e06 req-af7e928f-b070-4fd9-a0dc-df258f067e06 ] Request (ServerDiskConfigTestJSON:test_rebuild_server_with_auto_disk_config): 200 GET http://10.180.1.21/compute/v2.1/servers/e1f11f47-1a3f-40d6-b7d1-c3ff33f7d057 0.148s
2025-05-14 04:49:23.544 70087 INFO tempest.lib.common.rest_client [req-3840909b-6111-440a-b864-681280012d18 req-3840909b-6111-440a-b864-681280012d18 ] Request (MultipleCreateTestJSON:test_multiple_create): 200 GET http://10.180.1.21/compute/v2.1/servers/002b787b-96fa-4f0b-b2d4-969d2f49a574 0.159s
2025-05-14 04:49:23.554 70097 INFO tempest.common.waiters [-] State transition "BUILD/scheduling" ==> "BUILD/None" after 49 second wait
2025-05-14 04:49:23.613 70109 INFO tempest.lib.common.rest_client [req-a6ddcde2-e6f4-4511-b4b9-c0156fe1d0ae req-a6ddcde2-e6f4-4511-b4b9-c0156fe1d0ae ] Request (ServerDiagnosticsTest:test_get_server_diagnostics): 200 GET http://10.180.1.21/compute/v2.1/servers/9afc1d78-9d77-4786-8598-f26947ecb97b 0.164s
2025-05-14 04:49:23.646 70129 INFO tempest.lib.common.rest_client [req-9686376b-6c08-4997-84f7-6a6afe31200c req-9686376b-6c08-4997-84f7-6a6afe31200c ] Request (ImagesTestJSON:_run_cleanups): 204 DELETE http://10.180.1.21/compute/v2.1/servers/abcffbf1-1585-4981-83aa-7882aa9a6b36 0.170s
2025-05-14 04:49:23.680 70113 INFO tempest.lib.common.rest_client [req-f7dc5d9f-b923-4284-ae58-8a105b0a32c9 req-f7dc5d9f-b923-4284-ae58-8a105b0a32c9 ] Request (ServersTestFqdnHostnames:test_create_server_with_fqdn_name): 200 GET http://10.180.1.21/compute/v2.1/servers/95d7879b-912b-4a3c-8770-fd14bef6d3e0 0.201s
2025-05-14 04:49:23.710 70103 INFO tempest.lib.common.rest_client [req-ede0af1c-ed2c-45f3-9c9d-f556e3779f2e req-ede0af1c-ed2c-45f3-9c9d-f556e3779f2e ] Request (ImagesOneServerNegativeTestJSON:_run_cleanups): 200 GET http://10.180.1.21/compute/v2.1/servers/a78880c5-dba8-40f9-8da7-47fdd060a8ca 0.168s
2025-05-14 04:49:23.720 70129 INFO tempest.lib.common.rest_client [req-b953f1dd-a689-4891-8bcd-f63ea8b8efbd req-b953f1dd-a689-4891-8bcd-f63ea8b8efbd ] Request (ImagesTestJSON:test_create_image_from_suspended_server): 201 POST http://10.180.1.21/identity/v3/auth/tokens 0.066s
2025-05-14 04:49:23.720 70129 INFO tempest.lib.common.fixed_network [-] (ImagesTestJSON:test_create_image_from_suspended_server) Found network {'id': 'a7dc588b-d13d-444b-8317-8bf3f64f24f4', 'name': 'tempest-ImagesTestJSON-1807158672-network', 'tenant_id': 'd067f9843699485eb0f75374b323b684', 'admin_state_up': True, 'mtu': 8950, 'status': 'ACTIVE', 'subnets': [], 'shared': False, 'project_id': 'd067f9843699485eb0f75374b323b684', 'port_security_enabled': True, 'router:external': False, 'provider:network_type': 'vlan', 'provider:physical_network': 'default', 'provider:segmentation_id': 770, 'availability_zone_hints': [], 'availability_zones': [], 'ipv4_address_scope': None, 'ipv6_address_scope': None, 'description': '', 'tags': [], 'created_at': '2025-05-14T04:47:54Z', 'updated_at': '2025-05-14T04:47:54Z', 'revision_number': 1} available for tenant
2025-05-14 04:49:23.734 70095 INFO tempest.lib.common.rest_client [req-3f97b8af-1548-430f-ae64-6ce9f3c78056 req-3f97b8af-1548-430f-ae64-6ce9f3c78056 ] Request (ServerTagsTestJSON:setUpClass): 200 GET http://10.180.1.21/compute/v2.1/servers/2cbd4e7b-e10a-4a57-9532-cc632b2ed7a1 0.102s
2025-05-14 04:49:23.780 70123 INFO tempest.lib.common.rest_client [req-be16acc4-040a-4672-b400-62d3fa97587a req-be16acc4-040a-4672-b400-62d3fa97587a ] Request (ServersAdminNegativeTestJSON:setUpClass): 200 GET http://10.180.1.21/compute/v2.1/servers/9c4ff6ed-9ae4-441a-9cba-baf646488aa6 0.113s
2025-05-14 04:49:23.938 70135 INFO tempest.lib.common.rest_client [req-3af6aeba-ec6d-4285-8fdb-e05f3188c857 req-3af6aeba-ec6d-4285-8fdb-e05f3188c857 ] Request (InstanceActionsTestJSON:tearDownClass): 200 GET http://10.180.1.21/compute/v2.1/servers/191807a6-2355-4856-a862-7a6aabd6c204 0.062s
2025-05-14 04:49:23.987 70115 INFO tempest.lib.common.rest_client [req-fc84466d-5e73-4659-915a-378805b930f5 req-fc84466d-5e73-4659-915a-378805b930f5 ] Request (ServersTestJSON:setUpClass): 200 GET http://10.180.1.21/compute/v2.1/servers/626997d7-942b-440c-9cd8-5ff0fe1d8246 0.061s
2025-05-14 04:49:24.022 70099 INFO tempest.lib.common.rest_client [req-9a9c6276-537a-4a7c-a8ba-3dbf0bdc7bf1 req-9a9c6276-537a-4a7c-a8ba-3dbf0bdc7bf1 ] Request (ListImageFiltersTestJSON:setUpClass): 200 GET http://10.180.1.21/compute/v2.1/images/7b4f2319-7a2d-40e0-a77d-daeb36b3db6f 0.093s
2025-05-14 04:49:24.092 70129 INFO tempest.lib.common.rest_client [req-58657650-0c0b-4454-8fd9-c286291942d2 req-58657650-0c0b-4454-8fd9-c286291942d2 ] Request (ImagesTestJSON:test_create_image_from_suspended_server): 202 POST http://10.180.1.21/compute/v2.1/servers 0.371s
2025-05-14 04:49:24.096 70107 INFO tempest.lib.common.rest_client [req-7a991131-fd35-4dc8-b54b-18ca18f9cc03 req-7a991131-fd35-4dc8-b54b-18ca18f9cc03 ] Request (FloatingIPsAssociationNegativeTestJSON:tearDownClass): 200 GET http://10.180.1.21/compute/v2.1/servers/46baf558-eb8b-4703-886b-e177649277b5 0.068s
2025-05-14 04:49:24.145 70129 INFO tempest.lib.common.rest_client [req-4b7acfb7-666e-4371-b87c-ee3259d78827 req-4b7acfb7-666e-4371-b87c-ee3259d78827 ] Request (ImagesTestJSON:test_create_image_from_suspended_server): 200 GET http://10.180.1.21/compute/v2.1/servers/02f13b78-8877-4061-ba37-734bb5c49f34 0.051s
2025-05-14 04:49:24.154 70143 INFO tempest.lib.common.rest_client [req-172058bd-8cd4-4f4a-b95a-483582941e67 req-172058bd-8cd4-4f4a-b95a-483582941e67 ] Request (MigrationsAdminTest:test_resize_server_revert_deleted_flavor): 200 GET http://10.180.1.21/compute/v2.1/servers/be5d76e1-a022-4de4-bf79-94a83f9958ec 0.073s
2025-05-14 04:49:24.196 70089 INFO tempest.lib.common.rest_client [req-6a791f75-ff80-4c74-a876-b77f7b951fa3 req-6a791f75-ff80-4c74-a876-b77f7b951fa3 ] Request (ImagesOneServerTestJSON:setUpClass): 200 GET http://10.180.1.21/compute/v2.1/servers/298a8a34-6f1b-49b9-8358-10d0d6ba447d 0.064s
2025-05-14 04:49:24.204 70120 INFO tempest.lib.common.rest_client [req-57009b73-4ab7-4f05-ad16-ba79784985b3 req-57009b73-4ab7-4f05-ad16-ba79784985b3 ] Request (AttachInterfacesTestJSON:test_create_list_show_delete_interfaces_by_fixed_ip): 200 GET http://10.180.1.21/compute/v2.1/servers/03449ac3-95ed-4948-94c5-3f8ce91049e4 0.064s
2025-05-14 04:49:24.250 70117 INFO tempest.lib.common.rest_client [req-b185166d-6aa8-4155-aa2d-c9167ecc5381 req-b185166d-6aa8-4155-aa2d-c9167ecc5381 ] Request (ServerRescueTestJSONUnderV235:tearDownClass): 200 GET http://10.180.1.21/compute/v2.1/servers/0aece961-75ff-4b19-b7ee-b6f7d47cfe0d 0.065s
2025-05-14 04:49:24.275 70101 INFO tempest.lib.common.rest_client [req-ee7a36e0-fa10-48eb-8ea7-78d613fd0a46 req-ee7a36e0-fa10-48eb-8ea7-78d613fd0a46 ] Request (ServersAdminTestJSON:test_inject_network_info): 200 GET http://10.180.1.21/compute/v2.1/servers/c5fc189f-8a03-47bb-a655-72516530d9a0 0.056s
2025-05-14 04:49:24.298 70133 INFO tempest.lib.common.rest_client [req-5e6bc875-ba74-4f0f-bd6e-eaddeed14fe4 req-5e6bc875-ba74-4f0f-bd6e-eaddeed14fe4 ] Request (AttachVolumeNegativeTest:test_attach_attached_volume_to_different_server): 200 GET http://10.180.1.21/compute/v2.1/servers/9b4670fb-9fdc-4761-9828-dfd9600fd5a0 0.049s
2025-05-14 04:49:24.305 70133 INFO tempest.common.waiters [-] State transition "BUILD/None" ==> "BUILD/networking" after 76 second wait
2025-05-14 04:49:24.427 70083 INFO tempest.lib.common.rest_client [req-32f2bb99-d583-4b29-a968-ffcf33575c43 req-32f2bb99-d583-4b29-a968-ffcf33575c43 ] Request (ServersNegativeTestJSON:setUpClass): 200 GET http://10.180.1.21/compute/v2.1/servers/6f88b001-92fe-4870-833d-50d35a87a27d 0.060s
2025-05-14 04:49:24.466 70137 INFO tempest.lib.common.rest_client [req-a6ec9aff-dd15-4ea3-8ad5-71829ffe2358 req-a6ec9aff-dd15-4ea3-8ad5-71829ffe2358 ] Request (SecurityGroupsTestJSON:test_server_security_groups): 200 GET http://10.180.1.21/compute/v2.1/servers/160898fa-4eb0-49e8-8a64-0e293f35030e 0.102s
2025-05-14 04:49:24.495 70121 INFO tempest.lib.common.rest_client [req-e4468509-484e-44ea-9fdd-f98b4e12c9a9 req-e4468509-484e-44ea-9fdd-f98b4e12c9a9 ] Request (ServersTestJSON:_run_cleanups): 200 GET http://10.180.1.21/compute/v2.1/servers/e76d921c-c912-4769-a165-b2fc6505707b 0.064s
2025-05-14 04:49:24.548 70111 INFO tempest.lib.common.rest_client [req-6d709151-f84f-4adc-8366-367f7fec5a50 req-6d709151-f84f-4adc-8366-367f7fec5a50 ] Request (DeleteServersTestJSON:test_delete_active_server): 200 GET http://10.180.1.21/compute/v2.1/servers/7b731473-c115-4613-a5cd-30f1cd258bd3 0.059s
2025-05-14 04:49:24.628 70097 INFO tempest.lib.common.rest_client [req-8de11ab4-c1f5-4381-a982-630d6d8e26da req-8de11ab4-c1f5-4381-a982-630d6d8e26da ] Request (ServerDiskConfigTestJSON:test_rebuild_server_with_auto_disk_config): 200 GET http://10.180.1.21/compute/v2.1/servers/e1f11f47-1a3f-40d6-b7d1-c3ff33f7d057 0.069s
2025-05-14 04:49:24.631 70087 INFO tempest.lib.common.rest_client [req-ad930a52-37ab-43c3-ab6e-9cf3532d6ba3 req-ad930a52-37ab-43c3-ab6e-9cf3532d6ba3 ] Request (MultipleCreateTestJSON:test_multiple_create): 200 GET http://10.180.1.21/compute/v2.1/servers/002b787b-96fa-4f0b-b2d4-969d2f49a574 0.076s
2025-05-14 04:49:24.694 70109 INFO tempest.lib.common.rest_client [req-c55c2544-a04f-4877-8901-e3aa45e7998e req-c55c2544-a04f-4877-8901-e3aa45e7998e ] Request (ServerDiagnosticsTest:test_get_server_diagnostics): 200 GET http://10.180.1.21/compute/v2.1/servers/9afc1d78-9d77-4786-8598-f26947ecb97b 0.066s
2025-05-14 04:49:24.753 70113 INFO tempest.lib.common.rest_client [req-42736c8c-c45a-4a0e-914b-4f63161d2b35 req-42736c8c-c45a-4a0e-914b-4f63161d2b35 ] Request (ServersTestFqdnHostnames:test_create_server_with_fqdn_name): 200 GET http://10.180.1.21/compute/v2.1/servers/95d7879b-912b-4a3c-8770-fd14bef6d3e0 0.065s
2025-05-14 04:49:24.774 70103 INFO tempest.lib.common.rest_client [req-17bf84aa-b75b-4e74-9943-fd4bad9e0994 req-17bf84aa-b75b-4e74-9943-fd4bad9e0994 ] Request (ImagesOneServerNegativeTestJSON:_run_cleanups): 200 GET http://10.180.1.21/compute/v2.1/servers/a78880c5-dba8-40f9-8da7-47fdd060a8ca 0.056s
2025-05-14 04:49:24.809 70095 INFO tempest.lib.common.rest_client [req-910f31fa-b68b-43a4-9cf8-e0b99e434a45 req-910f31fa-b68b-43a4-9cf8-e0b99e434a45 ] Request (ServerTagsTestJSON:setUpClass): 200 GET http://10.180.1.21/compute/v2.1/servers/2cbd4e7b-e10a-4a57-9532-cc632b2ed7a1 0.061s
2025-05-14 04:49:24.852 70123 INFO tempest.lib.common.rest_client [req-bcdc239e-fe35-493e-9561-276d735bdb60 req-bcdc239e-fe35-493e-9561-276d735bdb60 ] Request (ServersAdminNegativeTestJSON:setUpClass): 200 GET http://10.180.1.21/compute/v2.1/servers/9c4ff6ed-9ae4-441a-9cba-baf646488aa6 0.060s
2025-05-14 04:49:25.014 70135 INFO tempest.lib.common.rest_client [req-e05624a3-5d2e-44f9-9443-c70815032def req-e05624a3-5d2e-44f9-9443-c70815032def ] Request (InstanceActionsTestJSON:tearDownClass): 200 GET http://10.180.1.21/compute/v2.1/servers/191807a6-2355-4856-a862-7a6aabd6c204 0.068s
2025-05-14 04:49:25.046 70115 INFO tempest.lib.common.rest_client [req-63374688-2ff1-4f47-a0ab-a02e3e792a96 req-63374688-2ff1-4f47-a0ab-a02e3e792a96 ] Request (ServersTestJSON:setUpClass): 200 GET http://10.180.1.21/compute/v2.1/servers/626997d7-942b-440c-9cd8-5ff0fe1d8246 0.050s
2025-05-14 04:49:25.059 70099 INFO tempest.lib.common.rest_client [req-753b72aa-6a61-4d66-88e6-464be47a20d2 req-753b72aa-6a61-4d66-88e6-464be47a20d2 ] Request (ListImageFiltersTestJSON:setUpClass): 200 GET http://10.180.1.21/compute/v2.1/images/7b4f2319-7a2d-40e0-a77d-daeb36b3db6f 0.033s
2025-05-14 04:49:25.161 70107 INFO tempest.lib.common.rest_client [req-7177a383-cb6f-4786-b4ff-8590d879cac8 req-7177a383-cb6f-4786-b4ff-8590d879cac8 ] Request (FloatingIPsAssociationNegativeTestJSON:tearDownClass): 200 GET http://10.180.1.21/compute/v2.1/servers/46baf558-eb8b-4703-886b-e177649277b5 0.055s
2025-05-14 04:49:25.217 70129 INFO tempest.lib.common.rest_client [req-92061122-c33e-41a7-af2c-3b765c025ba3 req-92061122-c33e-41a7-af2c-3b765c025ba3 ] Request (ImagesTestJSON:test_create_image_from_suspended_server): 200 GET http://10.180.1.21/compute/v2.1/servers/02f13b78-8877-4061-ba37-734bb5c49f34 0.062s
2025-05-14 04:49:25.231 70143 INFO tempest.lib.common.rest_client [req-728ff8c5-b3b2-4605-85c8-849f1e513f92 req-728ff8c5-b3b2-4605-85c8-849f1e513f92 ] Request (MigrationsAdminTest:test_resize_server_revert_deleted_flavor): 200 GET http://10.180.1.21/compute/v2.1/servers/be5d76e1-a022-4de4-bf79-94a83f9958ec 0.067s
2025-05-14 04:49:25.283 70089 INFO tempest.lib.common.rest_client [req-cebd0fc3-56cf-465b-aa88-9b4720b69885 req-cebd0fc3-56cf-465b-aa88-9b4720b69885 ] Request (ImagesOneServerTestJSON:setUpClass): 200 GET http://10.180.1.21/compute/v2.1/servers/298a8a34-6f1b-49b9-8358-10d0d6ba447d 0.074s
2025-05-14 04:49:25.304 70120 INFO tempest.lib.common.rest_client [req-5f101b9f-00f0-46d8-bb75-b400723628a1 req-5f101b9f-00f0-46d8-bb75-b400723628a1 ] Request (AttachInterfacesTestJSON:test_create_list_show_delete_interfaces_by_fixed_ip): 200 GET http://10.180.1.21/compute/v2.1/servers/03449ac3-95ed-4948-94c5-3f8ce91049e4 0.091s
2025-05-14 04:49:25.347 70117 INFO tempest.lib.common.rest_client [req-44de8347-6d39-4730-930d-67e30616805f req-44de8347-6d39-4730-930d-67e30616805f ] Request (ServerRescueTestJSONUnderV235:tearDownClass): 200 GET http://10.180.1.21/compute/v2.1/servers/0aece961-75ff-4b19-b7ee-b6f7d47cfe0d 0.079s
2025-05-14 04:49:25.358 70101 INFO tempest.lib.common.rest_client [req-4f6c70cc-b9aa-4cba-b483-497530cf9df2 req-4f6c70cc-b9aa-4cba-b483-497530cf9df2 ] Request (ServersAdminTestJSON:test_inject_network_info): 200 GET http://10.180.1.21/compute/v2.1/servers/c5fc189f-8a03-47bb-a655-72516530d9a0 0.073s
2025-05-14 04:49:25.444 70133 INFO tempest.lib.common.rest_client [req-8ac2884b-5137-47fc-9e1e-a52ff81cb73b req-8ac2884b-5137-47fc-9e1e-a52ff81cb73b ] Request (AttachVolumeNegativeTest:test_attach_attached_volume_to_different_server): 200 GET http://10.180.1.21/compute/v2.1/servers/9b4670fb-9fdc-4761-9828-dfd9600fd5a0 0.139s
2025-05-14 04:49:25.452 70133 INFO tempest.common.waiters [-] State transition "BUILD/networking" ==> "BUILD/block_device_mapping" after 77 second wait
2025-05-14 04:49:25.502 70083 INFO tempest.lib.common.rest_client [req-7767d667-82b9-4e48-acbf-e8d0476e3d29 req-7767d667-82b9-4e48-acbf-e8d0476e3d29 ] Request (ServersNegativeTestJSON:setUpClass): 200 GET http://10.180.1.21/compute/v2.1/servers/6f88b001-92fe-4870-833d-50d35a87a27d 0.066s
2025-05-14 04:49:25.586 70121 INFO tempest.lib.common.rest_client [req-2585421b-0c11-47df-8ffd-feb781075be9 req-2585421b-0c11-47df-8ffd-feb781075be9 ] Request (ServersTestJSON:_run_cleanups): 200 GET http://10.180.1.21/compute/v2.1/servers/e76d921c-c912-4769-a165-b2fc6505707b 0.082s
2025-05-14 04:49:25.643 70137 INFO tempest.lib.common.rest_client [req-f5e233d2-2df4-4c81-90d6-872c4bde6192 req-f5e233d2-2df4-4c81-90d6-872c4bde6192 ] Request (SecurityGroupsTestJSON:test_server_security_groups): 200 GET http://10.180.1.21/compute/v2.1/servers/160898fa-4eb0-49e8-8a64-0e293f35030e 0.168s
2025-05-14 04:49:25.651 70137 INFO tempest.common.waiters [-] State transition "HARD_REBOOT/rebooting_hard" ==> "HARD_REBOOT/reboot_started_hard" after 3 second wait
2025-05-14 04:49:25.656 70111 INFO tempest.lib.common.rest_client [req-d1714d21-96d2-4ea5-87cb-435e6bf66415 req-d1714d21-96d2-4ea5-87cb-435e6bf66415 ] Request (DeleteServersTestJSON:test_delete_active_server): 200 GET http://10.180.1.21/compute/v2.1/servers/7b731473-c115-4613-a5cd-30f1cd258bd3 0.096s
2025-05-14 04:49:25.710 70097 INFO tempest.lib.common.rest_client [req-bdbd40fb-adfe-43fc-bde1-370782a3198e req-bdbd40fb-adfe-43fc-bde1-370782a3198e ] Request (ServerDiskConfigTestJSON:test_rebuild_server_with_auto_disk_config): 200 GET http://10.180.1.21/compute/v2.1/servers/e1f11f47-1a3f-40d6-b7d1-c3ff33f7d057 0.073s
2025-05-14 04:49:25.724 70087 INFO tempest.lib.common.rest_client [req-75baa8b0-24f7-4be1-8052-cf478a98b555 req-75baa8b0-24f7-4be1-8052-cf478a98b555 ] Request (MultipleCreateTestJSON:test_multiple_create): 200 GET http://10.180.1.21/compute/v2.1/servers/002b787b-96fa-4f0b-b2d4-969d2f49a574 0.080s
2025-05-14 04:49:25.759 70109 INFO tempest.lib.common.rest_client [req-619c56cb-47de-47c7-be66-6c7f44369d2f req-619c56cb-47de-47c7-be66-6c7f44369d2f ] Request (ServerDiagnosticsTest:test_get_server_diagnostics): 200 GET http://10.180.1.21/compute/v2.1/servers/9afc1d78-9d77-4786-8598-f26947ecb97b 0.056s
2025-05-14 04:49:25.817 70113 INFO tempest.lib.common.rest_client [req-1466e03f-960e-46dc-9c98-f0921801233c req-1466e03f-960e-46dc-9c98-f0921801233c ] Request (ServersTestFqdnHostnames:test_create_server_with_fqdn_name): 200 GET http://10.180.1.21/compute/v2.1/servers/95d7879b-912b-4a3c-8770-fd14bef6d3e0 0.055s
2025-05-14 04:49:25.844 70103 INFO tempest.lib.common.rest_client [req-309df6fe-c529-4265-bc14-bea5980287bc req-309df6fe-c529-4265-bc14-bea5980287bc ] Request (ImagesOneServerNegativeTestJSON:_run_cleanups): 200 GET http://10.180.1.21/compute/v2.1/servers/a78880c5-dba8-40f9-8da7-47fdd060a8ca 0.060s
2025-05-14 04:49:25.873 70095 INFO tempest.lib.common.rest_client [req-096ea7cb-9eb8-47ae-b335-fd09e4eb09e9 req-096ea7cb-9eb8-47ae-b335-fd09e4eb09e9 ] Request (ServerTagsTestJSON:setUpClass): 200 GET http://10.180.1.21/compute/v2.1/servers/2cbd4e7b-e10a-4a57-9532-cc632b2ed7a1 0.054s
2025-05-14 04:49:25.920 70123 INFO tempest.lib.common.rest_client [req-cfa0a920-9b65-4959-b6db-4526fcc476f6 req-cfa0a920-9b65-4959-b6db-4526fcc476f6 ] Request (ServersAdminNegativeTestJSON:setUpClass): 200 GET http://10.180.1.21/compute/v2.1/servers/9c4ff6ed-9ae4-441a-9cba-baf646488aa6 0.060s
2025-05-14 04:49:26.113 70135 INFO tempest.lib.common.rest_client [req-f01a7f70-0532-41b5-ad7a-ebaa5bed6763 req-f01a7f70-0532-41b5-ad7a-ebaa5bed6763 ] Request (InstanceActionsTestJSON:tearDownClass): 200 GET http://10.180.1.21/compute/v2.1/servers/191807a6-2355-4856-a862-7a6aabd6c204 0.090s
2025-05-14 04:49:26.133 70115 INFO tempest.lib.common.rest_client [req-c2e9862a-db72-4128-b6bf-8e80a1a19ce4 req-c2e9862a-db72-4128-b6bf-8e80a1a19ce4 ] Request (ServersTestJSON:setUpClass): 200 GET http://10.180.1.21/compute/v2.1/servers/626997d7-942b-440c-9cd8-5ff0fe1d8246 0.079s
2025-05-14 04:49:26.153 70099 INFO tempest.lib.common.rest_client [req-827bf0b1-b08b-4596-8535-d85a45c3e387 req-827bf0b1-b08b-4596-8535-d85a45c3e387 ] Request (ListImageFiltersTestJSON:setUpClass): 200 GET http://10.180.1.21/compute/v2.1/images/7b4f2319-7a2d-40e0-a77d-daeb36b3db6f 0.091s
2025-05-14 04:49:26.234 70107 INFO tempest.lib.common.rest_client [req-8cc16e53-ba9f-48fa-9ded-a2d4ad468123 req-8cc16e53-ba9f-48fa-9ded-a2d4ad468123 ] Request (FloatingIPsAssociationNegativeTestJSON:tearDownClass): 200 GET http://10.180.1.21/compute/v2.1/servers/46baf558-eb8b-4703-886b-e177649277b5 0.062s
2025-05-14 04:49:26.295 70129 INFO tempest.lib.common.rest_client [req-a894341e-d516-472c-9951-0e8128836d99 req-a894341e-d516-472c-9951-0e8128836d99 ] Request (ImagesTestJSON:test_create_image_from_suspended_server): 200 GET http://10.180.1.21/compute/v2.1/servers/02f13b78-8877-4061-ba37-734bb5c49f34 0.069s
2025-05-14 04:49:26.305 70143 INFO tempest.lib.common.rest_client [req-51c3dfa9-5cf1-48c5-af93-13cd8321778f req-51c3dfa9-5cf1-48c5-af93-13cd8321778f ] Request (MigrationsAdminTest:test_resize_server_revert_deleted_flavor): 200 GET http://10.180.1.21/compute/v2.1/servers/be5d76e1-a022-4de4-bf79-94a83f9958ec 0.057s
2025-05-14 04:49:26.364 70089 INFO tempest.lib.common.rest_client [req-afffa3a6-3e90-4b0e-90cf-a50f6bae4a7c req-afffa3a6-3e90-4b0e-90cf-a50f6bae4a7c ] Request (ImagesOneServerTestJSON:setUpClass): 200 GET http://10.180.1.21/compute/v2.1/servers/298a8a34-6f1b-49b9-8358-10d0d6ba447d 0.072s
2025-05-14 04:49:26.377 70120 INFO tempest.lib.common.rest_client [req-9e37b851-c6a5-480f-a4c0-ac865acca0cc req-9e37b851-c6a5-480f-a4c0-ac865acca0cc ] Request (AttachInterfacesTestJSON:test_create_list_show_delete_interfaces_by_fixed_ip): 200 GET http://10.180.1.21/compute/v2.1/servers/03449ac3-95ed-4948-94c5-3f8ce91049e4 0.065s
2025-05-14 04:49:26.421 70117 INFO tempest.lib.common.rest_client [req-f3414736-1c44-4488-99e3-aa53e1a54f2c req-f3414736-1c44-4488-99e3-aa53e1a54f2c ] Request (ServerRescueTestJSONUnderV235:tearDownClass): 200 GET http://10.180.1.21/compute/v2.1/servers/0aece961-75ff-4b19-b7ee-b6f7d47cfe0d 0.065s
2025-05-14 04:49:26.436 70101 INFO tempest.lib.common.rest_client [req-000f4882-8b03-4349-936a-ef7f4fd38673 req-000f4882-8b03-4349-936a-ef7f4fd38673 ] Request (ServersAdminTestJSON:test_inject_network_info): 200 GET http://10.180.1.21/compute/v2.1/servers/c5fc189f-8a03-47bb-a655-72516530d9a0 0.071s
2025-05-14 04:49:26.598 70083 INFO tempest.lib.common.rest_client [req-f9ed4cc8-fdde-46e5-9001-dfac3fa403ec req-f9ed4cc8-fdde-46e5-9001-dfac3fa403ec ] Request (ServersNegativeTestJSON:setUpClass): 200 GET http://10.180.1.21/compute/v2.1/servers/6f88b001-92fe-4870-833d-50d35a87a27d 0.087s
2025-05-14 04:49:26.622 70133 INFO tempest.lib.common.rest_client [req-65dc5150-d1d7-4452-8f6a-d07641988317 req-65dc5150-d1d7-4452-8f6a-d07641988317 ] Request (AttachVolumeNegativeTest:test_attach_attached_volume_to_different_server): 200 GET http://10.180.1.21/compute/v2.1/servers/9b4670fb-9fdc-4761-9828-dfd9600fd5a0 0.168s
2025-05-14 04:49:26.631 70133 INFO tempest.common.waiters [-] State transition "BUILD/block_device_mapping" ==> "BUILD/spawning" after 78 second wait
2025-05-14 04:49:26.685 70121 INFO tempest.lib.common.rest_client [req-a39d22fc-32f0-4d54-8ff7-f82c23a79123 req-a39d22fc-32f0-4d54-8ff7-f82c23a79123 ] Request (ServersTestJSON:_run_cleanups): 200 GET http://10.180.1.21/compute/v2.1/servers/e76d921c-c912-4769-a165-b2fc6505707b 0.089s
2025-05-14 04:49:26.738 70111 INFO tempest.lib.common.rest_client [req-a5cb7ad5-711d-4efe-9614-106e4435beca req-a5cb7ad5-711d-4efe-9614-106e4435beca ] Request (DeleteServersTestJSON:test_delete_active_server): 200 GET http://10.180.1.21/compute/v2.1/servers/7b731473-c115-4613-a5cd-30f1cd258bd3 0.069s
2025-05-14 04:49:26.763 70137 INFO tempest.lib.common.rest_client [req-39090363-5185-40c8-9035-389cfe04c035 req-39090363-5185-40c8-9035-389cfe04c035 ] Request (SecurityGroupsTestJSON:test_server_security_groups): 200 GET http://10.180.1.21/compute/v2.1/servers/160898fa-4eb0-49e8-8a64-0e293f35030e 0.110s
2025-05-14 04:49:26.773 70137 INFO tempest.common.waiters [-] State transition "HARD_REBOOT/reboot_started_hard" ==> "ACTIVE/None" after 4 second wait
2025-05-14 04:49:26.792 70097 INFO tempest.lib.common.rest_client [req-976ec409-9e2e-4510-9467-3c063912e3c8 req-976ec409-9e2e-4510-9467-3c063912e3c8 ] Request (ServerDiskConfigTestJSON:test_rebuild_server_with_auto_disk_config): 200 GET http://10.180.1.21/compute/v2.1/servers/e1f11f47-1a3f-40d6-b7d1-c3ff33f7d057 0.071s
2025-05-14 04:49:26.826 70087 INFO tempest.lib.common.rest_client [req-07d0502b-53a1-4e41-9011-5312122e0e6a req-07d0502b-53a1-4e41-9011-5312122e0e6a ] Request (MultipleCreateTestJSON:test_multiple_create): 200 GET http://10.180.1.21/compute/v2.1/servers/002b787b-96fa-4f0b-b2d4-969d2f49a574 0.094s
2025-05-14 04:49:26.859 70109 INFO tempest.lib.common.rest_client [req-3327a0f4-e532-4d9c-bafe-d0eb4ccea14b req-3327a0f4-e532-4d9c-bafe-d0eb4ccea14b ] Request (ServerDiagnosticsTest:test_get_server_diagnostics): 200 GET http://10.180.1.21/compute/v2.1/servers/9afc1d78-9d77-4786-8598-f26947ecb97b 0.091s
2025-05-14 04:49:26.911 70113 INFO tempest.lib.common.rest_client [req-eff211f1-fdb8-467d-9857-a445e3bfbd82 req-eff211f1-fdb8-467d-9857-a445e3bfbd82 ] Request (ServersTestFqdnHostnames:test_create_server_with_fqdn_name): 200 GET http://10.180.1.21/compute/v2.1/servers/95d7879b-912b-4a3c-8770-fd14bef6d3e0 0.086s
2025-05-14 04:49:26.961 70103 INFO tempest.lib.common.rest_client [req-c45c49a4-8be2-4989-8490-685754b35851 req-c45c49a4-8be2-4989-8490-685754b35851 ] Request (ImagesOneServerNegativeTestJSON:_run_cleanups): 200 GET http://10.180.1.21/compute/v2.1/servers/a78880c5-dba8-40f9-8da7-47fdd060a8ca 0.108s
2025-05-14 04:49:26.966 70091 WARNING tempest.lib.common.ssh [-] Failed to establish authenticated ssh connection to cirros@10.180.180.221 ([Errno None] Unable to connect to port 22 on 10.180.180.221). Number attempts: 1. Retry after 2 seconds.: paramiko.ssh_exception.NoValidConnectionsError: [Errno None] Unable to connect to port 22 on 10.180.180.221
2025-05-14 04:49:27.013 70095 INFO tempest.lib.common.rest_client [req-805823e0-5c74-4e70-be61-245e16c2b337 req-805823e0-5c74-4e70-be61-245e16c2b337 ] Request (ServerTagsTestJSON:setUpClass): 200 GET http://10.180.1.21/compute/v2.1/servers/2cbd4e7b-e10a-4a57-9532-cc632b2ed7a1 0.130s
2025-05-14 04:49:27.082 70123 INFO tempest.lib.common.rest_client [req-c12c4df8-2ed8-4f6f-893a-34781093a3a9 req-c12c4df8-2ed8-4f6f-893a-34781093a3a9 ] Request (ServersAdminNegativeTestJSON:setUpClass): 200 GET http://10.180.1.21/compute/v2.1/servers/9c4ff6ed-9ae4-441a-9cba-baf646488aa6 0.149s
2025-05-14 04:49:27.191 70135 INFO tempest.lib.common.rest_client [req-f55b9a20-94b6-40ef-94c1-f7a077144ab4 req-f55b9a20-94b6-40ef-94c1-f7a077144ab4 ] Request (InstanceActionsTestJSON:tearDownClass): 200 GET http://10.180.1.21/compute/v2.1/servers/191807a6-2355-4856-a862-7a6aabd6c204 0.068s
2025-05-14 04:49:27.205 70137 INFO tempest.lib.common.rest_client [req-acb97f59-8954-404e-a782-b1c8ff3029d4 req-acb97f59-8954-404e-a782-b1c8ff3029d4 ] Request (SecurityGroupsTestJSON:test_server_security_groups): 202 POST http://10.180.1.21/compute/v2.1/servers/160898fa-4eb0-49e8-8a64-0e293f35030e/action 0.431s
2025-05-14 04:49:27.245 70115 INFO tempest.lib.common.rest_client [req-f56e83d4-d44e-4ecd-915f-77ceaac69dbb req-f56e83d4-d44e-4ecd-915f-77ceaac69dbb ] Request (ServersTestJSON:setUpClass): 200 GET http://10.180.1.21/compute/v2.1/servers/626997d7-942b-440c-9cd8-5ff0fe1d8246 0.103s
2025-05-14 04:49:27.245 70099 INFO tempest.lib.common.rest_client [req-45a7c85a-2ef0-45e7-8a31-1a1475b1ce59 req-45a7c85a-2ef0-45e7-8a31-1a1475b1ce59 ] Request (ListImageFiltersTestJSON:setUpClass): 200 GET http://10.180.1.21/compute/v2.1/images/7b4f2319-7a2d-40e0-a77d-daeb36b3db6f 0.087s
2025-05-14 04:49:27.297 70137 INFO tempest.lib.common.rest_client [req-96bf2029-547e-43d7-9d0f-bf369202cc50 req-96bf2029-547e-43d7-9d0f-bf369202cc50 ] Request (SecurityGroupsTestJSON:test_server_security_groups): 400 DELETE http://10.180.1.21/compute/v2.1/os-security-groups/da1bfdae-baca-46b1-beae-bf1845d748b5 0.092s
2025-05-14 04:49:27.302 70107 INFO tempest.lib.common.rest_client [req-cbc167c8-f540-4075-b15f-d20b92b962a2 req-cbc167c8-f540-4075-b15f-d20b92b962a2 ] Request (FloatingIPsAssociationNegativeTestJSON:tearDownClass): 200 GET http://10.180.1.21/compute/v2.1/servers/46baf558-eb8b-4703-886b-e177649277b5 0.059s
2025-05-14 04:49:27.362 70129 INFO tempest.lib.common.rest_client [req-1141555a-5762-41b8-bb99-8d40fd3f876c req-1141555a-5762-41b8-bb99-8d40fd3f876c ] Request (ImagesTestJSON:test_create_image_from_suspended_server): 200 GET http://10.180.1.21/compute/v2.1/servers/02f13b78-8877-4061-ba37-734bb5c49f34 0.058s
2025-05-14 04:49:27.377 70137 INFO tempest.lib.common.rest_client [req-73486f9e-6350-41b0-998d-88123bccd0a6 req-73486f9e-6350-41b0-998d-88123bccd0a6 ] Request (SecurityGroupsTestJSON:test_server_security_groups): 204 DELETE http://10.180.1.21/compute/v2.1/servers/160898fa-4eb0-49e8-8a64-0e293f35030e 0.079s
2025-05-14 04:49:27.423 70143 INFO tempest.lib.common.rest_client [req-44c1656a-e520-4ab7-a41b-6ecf1527818e req-44c1656a-e520-4ab7-a41b-6ecf1527818e ] Request (MigrationsAdminTest:test_resize_server_revert_deleted_flavor): 200 GET http://10.180.1.21/compute/v2.1/servers/be5d76e1-a022-4de4-bf79-94a83f9958ec 0.107s
2025-05-14 04:49:27.427 70089 INFO tempest.lib.common.rest_client [req-51854430-465e-47c0-b934-96f331b80d97 req-51854430-465e-47c0-b934-96f331b80d97 ] Request (ImagesOneServerTestJSON:setUpClass): 200 GET http://10.180.1.21/compute/v2.1/servers/298a8a34-6f1b-49b9-8358-10d0d6ba447d 0.053s
2025-05-14 04:49:27.483 70120 INFO tempest.lib.common.rest_client [req-76d54ad4-3872-4878-9c79-ccbc63ffe7b3 req-76d54ad4-3872-4878-9c79-ccbc63ffe7b3 ] Request (AttachInterfacesTestJSON:test_create_list_show_delete_interfaces_by_fixed_ip): 200 GET http://10.180.1.21/compute/v2.1/servers/03449ac3-95ed-4948-94c5-3f8ce91049e4 0.097s
2025-05-14 04:49:27.546 70117 INFO tempest.lib.common.rest_client [req-bc8b9f68-6ad1-4870-bf2d-8aa100bfd7c7 req-bc8b9f68-6ad1-4870-bf2d-8aa100bfd7c7 ] Request (ServerRescueTestJSONUnderV235:tearDownClass): 200 GET http://10.180.1.21/compute/v2.1/servers/0aece961-75ff-4b19-b7ee-b6f7d47cfe0d 0.114s
2025-05-14 04:49:27.552 70137 INFO tempest.lib.common.rest_client [req-d5691ad4-428b-41bc-86c0-9ff6bac89e72 req-d5691ad4-428b-41bc-86c0-9ff6bac89e72 ] Request (SecurityGroupsTestJSON:test_server_security_groups): 200 GET http://10.180.1.21/compute/v2.1/servers/160898fa-4eb0-49e8-8a64-0e293f35030e 0.174s
2025-05-14 04:49:27.612 70101 INFO tempest.lib.common.rest_client [req-846a4245-0ac1-4848-956b-e27c90797b8b req-846a4245-0ac1-4848-956b-e27c90797b8b ] Request (ServersAdminTestJSON:test_inject_network_info): 200 GET http://10.180.1.21/compute/v2.1/servers/c5fc189f-8a03-47bb-a655-72516530d9a0 0.167s
2025-05-14 04:49:27.667 70083 INFO tempest.lib.common.rest_client [req-f9cb8097-deeb-4b2d-a619-8d93956bc44f req-f9cb8097-deeb-4b2d-a619-8d93956bc44f ] Request (ServersNegativeTestJSON:setUpClass): 200 GET http://10.180.1.21/compute/v2.1/servers/6f88b001-92fe-4870-833d-50d35a87a27d 0.060s
2025-05-14 04:49:27.777 70121 INFO tempest.lib.common.rest_client [req-c86be88b-313c-4577-ae2a-eaa5376cd07c req-c86be88b-313c-4577-ae2a-eaa5376cd07c ] Request (ServersTestJSON:_run_cleanups): 200 GET http://10.180.1.21/compute/v2.1/servers/e76d921c-c912-4769-a165-b2fc6505707b 0.079s
2025-05-14 04:49:27.817 70133 INFO tempest.lib.common.rest_client [req-cfb4cb28-af6e-486f-b60b-10b737dc00c8 req-cfb4cb28-af6e-486f-b60b-10b737dc00c8 ] Request (AttachVolumeNegativeTest:test_attach_attached_volume_to_different_server): 200 GET http://10.180.1.21/compute/v2.1/servers/9b4670fb-9fdc-4761-9828-dfd9600fd5a0 0.184s
2025-05-14 04:49:27.887 70097 INFO tempest.lib.common.rest_client [req-751f4930-e820-4380-a61f-24e315b6fc3a req-751f4930-e820-4380-a61f-24e315b6fc3a ] Request (ServerDiskConfigTestJSON:test_rebuild_server_with_auto_disk_config): 200 GET http://10.180.1.21/compute/v2.1/servers/e1f11f47-1a3f-40d6-b7d1-c3ff33f7d057 0.084s
2025-05-14 04:49:27.909 70111 INFO tempest.lib.common.rest_client [req-ebee16b5-d3f7-4d7e-be7f-678fe41f2f8d req-ebee16b5-d3f7-4d7e-be7f-678fe41f2f8d ] Request (DeleteServersTestJSON:test_delete_active_server): 200 GET http://10.180.1.21/compute/v2.1/servers/7b731473-c115-4613-a5cd-30f1cd258bd3 0.163s
2025-05-14 04:49:27.920 70111 INFO tempest.common.waiters [-] State transition "BUILD/None" ==> "BUILD/networking" after 75 second wait
2025-05-14 04:49:27.957 70087 INFO tempest.lib.common.rest_client [req-239d7bd3-8223-4f6e-8998-8cffa631fda2 req-239d7bd3-8223-4f6e-8998-8cffa631fda2 ] Request (MultipleCreateTestJSON:test_multiple_create): 200 GET http://10.180.1.21/compute/v2.1/servers/002b787b-96fa-4f0b-b2d4-969d2f49a574 0.123s
2025-05-14 04:49:27.972 70109 INFO tempest.lib.common.rest_client [req-e6a3b90b-623d-463b-83cb-88628acbd232 req-e6a3b90b-623d-463b-83cb-88628acbd232 ] Request (ServerDiagnosticsTest:test_get_server_diagnostics): 200 GET http://10.180.1.21/compute/v2.1/servers/9afc1d78-9d77-4786-8598-f26947ecb97b 0.105s
2025-05-14 04:49:28.017 70113 INFO tempest.lib.common.rest_client [req-33bf95f2-c9f6-4dae-a2fb-4356178d3f10 req-33bf95f2-c9f6-4dae-a2fb-4356178d3f10 ] Request (ServersTestFqdnHostnames:test_create_server_with_fqdn_name): 200 GET http://10.180.1.21/compute/v2.1/servers/95d7879b-912b-4a3c-8770-fd14bef6d3e0 0.098s
2025-05-14 04:49:28.025 70103 INFO tempest.lib.common.rest_client [req-c1ffd189-2186-4b1e-a30b-29b199bc8acb req-c1ffd189-2186-4b1e-a30b-29b199bc8acb ] Request (ImagesOneServerNegativeTestJSON:_run_cleanups): 200 GET http://10.180.1.21/compute/v2.1/servers/a78880c5-dba8-40f9-8da7-47fdd060a8ca 0.057s
2025-05-14 04:49:28.091 70095 INFO tempest.lib.common.rest_client [req-7ae20965-e1f7-4376-a6ae-b2097bd70e2f req-7ae20965-e1f7-4376-a6ae-b2097bd70e2f ] Request (ServerTagsTestJSON:setUpClass): 200 GET http://10.180.1.21/compute/v2.1/servers/2cbd4e7b-e10a-4a57-9532-cc632b2ed7a1 0.061s
2025-05-14 04:49:28.148 70123 INFO tempest.lib.common.rest_client [req-67c23cbc-d384-4edb-a48f-db6a325cc9ca req-67c23cbc-d384-4edb-a48f-db6a325cc9ca ] Request (ServersAdminNegativeTestJSON:setUpClass): 200 GET http://10.180.1.21/compute/v2.1/servers/9c4ff6ed-9ae4-441a-9cba-baf646488aa6 0.058s
2025-05-14 04:49:28.244 70131 WARNING tempest.lib.common.ssh [-] Failed to establish authenticated ssh connection to cirros@10.180.180.164 ([Errno None] Unable to connect to port 22 on 10.180.180.164). Number attempts: 8. Retry after 9 seconds.: paramiko.ssh_exception.NoValidConnectionsError: [Errno None] Unable to connect to port 22 on 10.180.180.164
2025-05-14 04:49:28.287 70135 INFO tempest.lib.common.rest_client [req-5cab3d10-96dc-4d2d-ad3f-e5c1fe0152ae req-5cab3d10-96dc-4d2d-ad3f-e5c1fe0152ae ] Request (InstanceActionsTestJSON:tearDownClass): 200 GET http://10.180.1.21/compute/v2.1/servers/191807a6-2355-4856-a862-7a6aabd6c204 0.087s
2025-05-14 04:49:28.300 70099 INFO tempest.lib.common.rest_client [req-fb999a48-18c6-4e95-828c-a666d0533c07 req-fb999a48-18c6-4e95-828c-a666d0533c07 ] Request (ListImageFiltersTestJSON:setUpClass): 200 GET http://10.180.1.21/compute/v2.1/images/7b4f2319-7a2d-40e0-a77d-daeb36b3db6f 0.051s
2025-05-14 04:49:28.341 70115 INFO tempest.lib.common.rest_client [req-8a8b0df2-d3d6-4971-ace0-0ce5bf720e8c req-8a8b0df2-d3d6-4971-ace0-0ce5bf720e8c ] Request (ServersTestJSON:setUpClass): 200 GET http://10.180.1.21/compute/v2.1/servers/626997d7-942b-440c-9cd8-5ff0fe1d8246 0.089s
2025-05-14 04:49:28.377 70107 INFO tempest.lib.common.rest_client [req-997d7cca-799f-4a2d-84b9-864cac349884 req-997d7cca-799f-4a2d-84b9-864cac349884 ] Request (FloatingIPsAssociationNegativeTestJSON:tearDownClass): 200 GET http://10.180.1.21/compute/v2.1/servers/46baf558-eb8b-4703-886b-e177649277b5 0.066s
2025-05-14 04:49:28.435 70129 INFO tempest.lib.common.rest_client [req-8b333fd5-4987-44ba-9bae-5e470af0531b req-8b333fd5-4987-44ba-9bae-5e470af0531b ] Request (ImagesTestJSON:test_create_image_from_suspended_server): 200 GET http://10.180.1.21/compute/v2.1/servers/02f13b78-8877-4061-ba37-734bb5c49f34 0.063s
2025-05-14 04:49:28.489 70089 INFO tempest.lib.common.rest_client [req-b09a0f83-0113-4181-ad07-9e8a45c54200 req-b09a0f83-0113-4181-ad07-9e8a45c54200 ] Request (ImagesOneServerTestJSON:setUpClass): 200 GET http://10.180.1.21/compute/v2.1/servers/298a8a34-6f1b-49b9-8358-10d0d6ba447d 0.054s
2025-05-14 04:49:28.497 70143 INFO tempest.lib.common.rest_client [req-d7a0c2df-6512-4073-ae55-35c2d4a21928 req-d7a0c2df-6512-4073-ae55-35c2d4a21928 ] Request (MigrationsAdminTest:test_resize_server_revert_deleted_flavor): 200 GET http://10.180.1.21/compute/v2.1/servers/be5d76e1-a022-4de4-bf79-94a83f9958ec 0.066s
2025-05-14 04:49:28.557 70120 INFO tempest.lib.common.rest_client [req-2512d104-bc59-4062-afaa-95243988e9e4 req-2512d104-bc59-4062-afaa-95243988e9e4 ] Request (AttachInterfacesTestJSON:test_create_list_show_delete_interfaces_by_fixed_ip): 200 GET http://10.180.1.21/compute/v2.1/servers/03449ac3-95ed-4948-94c5-3f8ce91049e4 0.064s
2025-05-14 04:49:28.633 70117 INFO tempest.lib.common.rest_client [req-8329456a-7858-4543-bc6b-6078cd018193 req-8329456a-7858-4543-bc6b-6078cd018193 ] Request (ServerRescueTestJSONUnderV235:tearDownClass): 200 GET http://10.180.1.21/compute/v2.1/servers/0aece961-75ff-4b19-b7ee-b6f7d47cfe0d 0.077s
2025-05-14 04:49:28.683 70137 INFO tempest.lib.common.rest_client [req-23a56bcd-9958-4d8a-8001-e579223809f6 req-23a56bcd-9958-4d8a-8001-e579223809f6 ] Request (SecurityGroupsTestJSON:test_server_security_groups): 200 GET http://10.180.1.21/compute/v2.1/servers/160898fa-4eb0-49e8-8a64-0e293f35030e 0.121s
2025-05-14 04:49:28.700 70101 INFO tempest.lib.common.rest_client [req-b68e39a2-2412-40f7-ae37-27fcd3e590d2 req-b68e39a2-2412-40f7-ae37-27fcd3e590d2 ] Request (ServersAdminTestJSON:test_inject_network_info): 200 GET http://10.180.1.21/compute/v2.1/servers/c5fc189f-8a03-47bb-a655-72516530d9a0 0.079s
2025-05-14 04:49:28.736 70083 INFO tempest.lib.common.rest_client [req-4284dfe2-559b-4d3d-ae68-5fe2ab484a52 req-4284dfe2-559b-4d3d-ae68-5fe2ab484a52 ] Request (ServersNegativeTestJSON:setUpClass): 200 GET http://10.180.1.21/compute/v2.1/servers/6f88b001-92fe-4870-833d-50d35a87a27d 0.060s
2025-05-14 04:49:28.859 70121 INFO tempest.lib.common.rest_client [req-65ebe595-6961-478d-a413-6adaa22fdb59 req-65ebe595-6961-478d-a413-6adaa22fdb59 ] Request (ServersTestJSON:_run_cleanups): 200 GET http://10.180.1.21/compute/v2.1/servers/e76d921c-c912-4769-a165-b2fc6505707b 0.071s
2025-05-14 04:49:28.941 70133 INFO tempest.lib.common.rest_client [req-e7d8e3f3-e62b-473f-8986-fd0cc4d08741 req-e7d8e3f3-e62b-473f-8986-fd0cc4d08741 ] Request (AttachVolumeNegativeTest:test_attach_attached_volume_to_different_server): 200 GET http://10.180.1.21/compute/v2.1/servers/9b4670fb-9fdc-4761-9828-dfd9600fd5a0 0.109s
2025-05-14 04:49:28.956 70097 INFO tempest.lib.common.rest_client [req-87ab1531-6888-4e3f-9420-23f83c3093ce req-87ab1531-6888-4e3f-9420-23f83c3093ce ] Request (ServerDiskConfigTestJSON:test_rebuild_server_with_auto_disk_config): 200 GET http://10.180.1.21/compute/v2.1/servers/e1f11f47-1a3f-40d6-b7d1-c3ff33f7d057 0.056s
2025-05-14 04:49:29.023 70087 INFO tempest.lib.common.rest_client [req-cf302c24-c405-4a66-8a84-aa66d4aa61a5 req-cf302c24-c405-4a66-8a84-aa66d4aa61a5 ] Request (MultipleCreateTestJSON:test_multiple_create): 200 GET http://10.180.1.21/compute/v2.1/servers/002b787b-96fa-4f0b-b2d4-969d2f49a574 0.055s
2025-05-14 04:49:29.036 70111 INFO tempest.lib.common.rest_client [req-5ae5dc6f-cfac-4243-af6f-d1d2ce3671a5 req-5ae5dc6f-cfac-4243-af6f-d1d2ce3671a5 ] Request (DeleteServersTestJSON:test_delete_active_server): 200 GET http://10.180.1.21/compute/v2.1/servers/7b731473-c115-4613-a5cd-30f1cd258bd3 0.114s
