2025-05-14 04:49:42.211 70117 INFO tempest.lib.common.rest_client [req-12306882-fcea-46dd-a556-3ff7e2862d3d req-12306882-fcea-46dd-a556-3ff7e2862d3d ] Request (ServersNegativeTestMultiTenantJSON:setUpClass): 201 POST http://10.180.1.21:9696/networking/v2.0/subnets 0.500s
2025-05-14 04:49:42.225 70120 INFO tempest.lib.common.rest_client [req-e12ac7d8-d277-4f7b-9390-896fda4e9262 req-e12ac7d8-d277-4f7b-9390-896fda4e9262 ] Request (AttachInterfacesTestJSON:test_create_list_show_delete_interfaces_by_fixed_ip): 200 GET http://10.180.1.21/compute/v2.1/servers/03449ac3-95ed-4948-94c5-3f8ce91049e4 0.278s
2025-05-14 04:49:42.243 70097 INFO tempest.lib.common.rest_client [req-c66d49b5-de45-4930-a798-a671136ec60a req-c66d49b5-de45-4930-a798-a671136ec60a ] Request (ServerDiskConfigTestJSON:test_rebuild_server_with_auto_disk_config): 200 GET http://10.180.1.21/compute/v2.1/servers/e1f11f47-1a3f-40d6-b7d1-c3ff33f7d057 0.237s
2025-05-14 04:49:42.315 70111 INFO tempest.lib.common.rest_client [req-85c62ec2-39c6-46cf-8a1f-b2a62fb0ba20 req-85c62ec2-39c6-46cf-8a1f-b2a62fb0ba20 ] Request (DeleteServersTestJSON:test_delete_active_server): 200 GET http://10.180.1.21/compute/v2.1/servers/7b731473-c115-4613-a5cd-30f1cd258bd3 0.072s
2025-05-14 04:49:42.381 70107 INFO tempest.lib.common.rest_client [req-99334bcc-0dcc-40cd-8ddf-f889bb5b79ae req-99334bcc-0dcc-40cd-8ddf-f889bb5b79ae ] Request (SecurityGroupsNegativeTestJSON:setUpClass): 201 POST http://10.180.1.21:9696/networking/v2.0/routers 1.685s
2025-05-14 04:49:42.499 70089 INFO tempest.lib.common.rest_client [req-ad0ac0ee-8c7e-4d9b-ab03-5cffab0eaa8c req-ad0ac0ee-8c7e-4d9b-ab03-5cffab0eaa8c ] Request (ImagesOneServerTestJSON:setUpClass): 200 GET http://10.180.1.21/compute/v2.1/servers/298a8a34-6f1b-49b9-8358-10d0d6ba447d 0.152s
2025-05-14 04:49:42.519 70089 INFO tempest.common.waiters [-] State transition "BUILD/spawning" ==> "ACTIVE/None" after 88 second wait
2025-05-14 04:49:42.689 70087 INFO tempest.lib.common.rest_client [req-4c716dec-9a85-48d4-ba89-9fb6949f0da5 req-4c716dec-9a85-48d4-ba89-9fb6949f0da5 ] Request (MultipleCreateTestJSON:test_multiple_create): 200 GET http://10.180.1.21/compute/v2.1/servers/002b787b-96fa-4f0b-b2d4-969d2f49a574 0.196s
2025-05-14 04:49:42.742 70103 INFO tempest.lib.common.rest_client [req-ac1cb524-35aa-4609-a0da-9e6933925340 req-ac1cb524-35aa-4609-a0da-9e6933925340 ] Request (ImagesOneServerNegativeTestJSON:_run_cleanups): 200 GET http://10.180.1.21/compute/v2.1/servers/a78880c5-dba8-40f9-8da7-47fdd060a8ca 0.315s
2025-05-14 04:49:42.827 70113 INFO tempest.lib.common.rest_client [req-4877829b-1712-4546-b584-925b3d0e07df req-4877829b-1712-4546-b584-925b3d0e07df ] Request (ServersTestFqdnHostnames:test_create_server_with_fqdn_name): 200 GET http://10.180.1.21/compute/v2.1/servers/95d7879b-912b-4a3c-8770-fd14bef6d3e0 0.296s
2025-05-14 04:49:42.911 70095 INFO tempest.lib.common.rest_client [req-54d514ef-e973-4519-b8b9-75c19ffdef71 req-54d514ef-e973-4519-b8b9-75c19ffdef71 ] Request (ServerTagsTestJSON:setUpClass): 200 GET http://10.180.1.21/compute/v2.1/servers/2cbd4e7b-e10a-4a57-9532-cc632b2ed7a1 0.321s
2025-05-14 04:49:42.982 70115 INFO tempest.lib.common.rest_client [req-8e2de376-fb16-4716-b4f5-b9460ee21111 req-8e2de376-fb16-4716-b4f5-b9460ee21111 ] Request (ServersTestJSON:setUpClass): 200 GET http://10.180.1.21/compute/v2.1/servers/626997d7-942b-440c-9cd8-5ff0fe1d8246 0.351s
2025-05-14 04:49:43.057 70129 INFO tempest.lib.common.rest_client [req-428ef0d4-90a6-4c7b-b623-6caaffd68d8e req-428ef0d4-90a6-4c7b-b623-6caaffd68d8e ] Request (ImagesTestJSON:test_create_image_from_suspended_server): 200 GET http://10.180.1.21/compute/v2.1/servers/02f13b78-8877-4061-ba37-734bb5c49f34 0.369s
2025-05-14 04:49:43.139 70121 INFO tempest.lib.common.rest_client [req-3e673f66-06fd-4717-9c0a-d37dbd100815 req-3e673f66-06fd-4717-9c0a-d37dbd100815 ] Request (ServersTestJSON:test_create_specify_keypair): 200 GET http://10.180.1.21/compute/v2.1/servers/3b94583b-dae6-405d-8d9e-66b0ada48283 0.370s
2025-05-14 04:49:43.294 70089 INFO tempest.lib.common.rest_client [req-dc26d6a7-89b1-467f-940c-09b14c43d48f req-dc26d6a7-89b1-467f-940c-09b14c43d48f ] Request (ImagesOneServerTestJSON:test_create_delete_image): 202 POST http://10.180.1.21/compute/v2.1/servers/298a8a34-6f1b-49b9-8358-10d0d6ba447d/action 0.771s
2025-05-14 04:49:43.366 70143 INFO tempest.lib.common.rest_client [req-c17fa5f2-5fdd-4341-b5fd-a3289cb7a702 req-c17fa5f2-5fdd-4341-b5fd-a3289cb7a702 ] Request (MigrationsAdminTest:test_resize_server_revert_deleted_flavor): 200 GET http://10.180.1.21/compute/v2.1/servers/be5d76e1-a022-4de4-bf79-94a83f9958ec 0.445s
2025-05-14 04:49:43.371 70109 INFO tempest.lib.common.rest_client [req-8a15c6ed-dc6c-459e-b3cc-2831bc9d7d67 req-8a15c6ed-dc6c-459e-b3cc-2831bc9d7d67 ] Request (ServerDiagnosticsTest:test_get_server_diagnostics): 200 GET http://10.180.1.21/compute/v2.1/servers/9afc1d78-9d77-4786-8598-f26947ecb97b 0.538s
2025-05-14 04:49:43.380 70109 INFO tempest.common.waiters [-] State transition "BUILD/spawning" ==> "ACTIVE/None" after 89 second wait
2025-05-14 04:49:43.450 70137 INFO tempest.lib.common.rest_client [req-d88eedd5-8f7e-4cdd-940e-c5209f51ded2 req-d88eedd5-8f7e-4cdd-940e-c5209f51ded2 ] Request (SecurityGroupsTestJSON:test_server_security_groups): 200 GET http://10.180.1.21/compute/v2.1/servers/160898fa-4eb0-49e8-8a64-0e293f35030e 0.437s
2025-05-14 04:49:43.487 70099 INFO tempest.lib.common.rest_client [req-78323731-529f-4d2e-855a-214c82f1fe6b req-78323731-529f-4d2e-855a-214c82f1fe6b ] Request (ListImageFiltersTestJSON:setUpClass): 200 GET http://10.180.1.21/compute/v2.1/images/177fc7e8-edda-4c7a-911e-3a01a327cc9a 0.412s
2025-05-14 04:49:43.555 70101 INFO tempest.lib.common.rest_client [req-082e67d2-18f5-46e1-8864-8117625faed4 req-082e67d2-18f5-46e1-8864-8117625faed4 ] Request (ServersAdminTestJSON:test_inject_network_info): 200 GET http://10.180.1.21/compute/v2.1/servers/c5fc189f-8a03-47bb-a655-72516530d9a0 0.464s
2025-05-14 04:49:43.577 70123 INFO tempest.lib.common.rest_client [req-1e23a785-6b00-4d20-862f-4faf449c2c48 req-1e23a785-6b00-4d20-862f-4faf449c2c48 ] Request (ServersAdminNegativeTestJSON:setUpClass): 200 GET http://10.180.1.21/compute/v2.1/servers/9c4ff6ed-9ae4-441a-9cba-baf646488aa6 0.568s
2025-05-14 04:49:43.616 70145 INFO tempest.lib.common.rest_client [req-f7e2a317-6202-430c-81e6-873bf8e4c7ea req-f7e2a317-6202-430c-81e6-873bf8e4c7ea ] Request (ServerActionsTestOtherA:test_rebuild_server_in_stop_state): 200 GET http://10.180.1.21/compute/v2.1/servers/6c397902-d523-4abc-bf3e-dd03e3d62a45 0.463s
2025-05-14 04:49:43.674 70083 INFO tempest.lib.common.rest_client [req-89f8a0fe-cd03-4de0-a79f-2df8cd4bd02e req-89f8a0fe-cd03-4de0-a79f-2df8cd4bd02e ] Request (ServersNegativeTestJSON:setUpClass): 200 GET http://10.180.1.21/compute/v2.1/servers/6f88b001-92fe-4870-833d-50d35a87a27d 0.502s
2025-05-14 04:49:43.675 70120 INFO tempest.lib.common.rest_client [req-a8065ae2-9049-488e-a0d5-ad6340cd48d5 req-a8065ae2-9049-488e-a0d5-ad6340cd48d5 ] Request (AttachInterfacesTestJSON:test_create_list_show_delete_interfaces_by_fixed_ip): 200 GET http://10.180.1.21/compute/v2.1/servers/03449ac3-95ed-4948-94c5-3f8ce91049e4 0.440s
2025-05-14 04:49:43.724 70089 INFO tempest.lib.common.rest_client [req-78db6194-4a03-4c3e-a48e-ed27f702add7 req-78db6194-4a03-4c3e-a48e-ed27f702add7 ] Request (ImagesOneServerTestJSON:test_create_delete_image): 200 GET http://10.180.1.21/compute/v2.1/images/9711277d-d37a-41db-80bf-1209883c5cdd 0.429s
2025-05-14 04:49:43.748 70097 INFO tempest.lib.common.rest_client [req-9e1e5f7d-ad25-4077-9f36-9e4e5433047e req-9e1e5f7d-ad25-4077-9f36-9e4e5433047e ] Request (ServerDiskConfigTestJSON:test_rebuild_server_with_auto_disk_config): 200 GET http://10.180.1.21/compute/v2.1/servers/e1f11f47-1a3f-40d6-b7d1-c3ff33f7d057 0.494s
2025-05-14 04:49:43.800 70111 INFO tempest.lib.common.rest_client [req-66ebf966-6812-4025-86bb-404afc790731 req-66ebf966-6812-4025-86bb-404afc790731 ] Request (DeleteServersTestJSON:test_delete_active_server): 200 GET http://10.180.1.21/compute/v2.1/servers/7b731473-c115-4613-a5cd-30f1cd258bd3 0.476s
2025-05-14 04:49:43.808 70111 INFO tempest.common.waiters [-] State transition "ACTIVE/deleting" ==> "DELETED/None" after 5 second wait
2025-05-14 04:49:43.925 70087 INFO tempest.lib.common.rest_client [req-b63b85f1-ad4b-4253-b2f0-677a4a3a886d req-b63b85f1-ad4b-4253-b2f0-677a4a3a886d ] Request (MultipleCreateTestJSON:test_multiple_create): 200 GET http://10.180.1.21/compute/v2.1/servers/002b787b-96fa-4f0b-b2d4-969d2f49a574 0.226s
2025-05-14 04:49:43.984 70117 INFO tempest.lib.common.rest_client [req-df509df8-d4b7-448f-abbc-10d68571d10f req-df509df8-d4b7-448f-abbc-10d68571d10f ] Request (ServersNegativeTestMultiTenantJSON:setUpClass): 201 POST http://10.180.1.21:9696/networking/v2.0/routers 1.772s
2025-05-14 04:49:43.989 70103 INFO tempest.lib.common.rest_client [req-f00d5bfe-b8f4-4131-a5eb-91eda10048a8 req-f00d5bfe-b8f4-4131-a5eb-91eda10048a8 ] Request (ImagesOneServerNegativeTestJSON:_run_cleanups): 200 GET http://10.180.1.21/compute/v2.1/servers/a78880c5-dba8-40f9-8da7-47fdd060a8ca 0.235s
2025-05-14 04:49:44.051 70113 INFO tempest.lib.common.rest_client [req-12e5b556-9f72-439a-a692-82426df0ddb9 req-12e5b556-9f72-439a-a692-82426df0ddb9 ] Request (ServersTestFqdnHostnames:test_create_server_with_fqdn_name): 200 GET http://10.180.1.21/compute/v2.1/servers/95d7879b-912b-4a3c-8770-fd14bef6d3e0 0.210s
2025-05-14 04:49:44.117 70095 INFO tempest.lib.common.rest_client [req-7f0d057d-b68e-40cd-a8a9-61dffec9ba92 req-7f0d057d-b68e-40cd-a8a9-61dffec9ba92 ] Request (ServerTagsTestJSON:setUpClass): 200 GET http://10.180.1.21/compute/v2.1/servers/2cbd4e7b-e10a-4a57-9532-cc632b2ed7a1 0.191s
2025-05-14 04:49:44.128 70095 INFO tempest.common.waiters [-] State transition "BUILD/scheduling" ==> "BUILD/None" after 45 second wait
2025-05-14 04:49:44.178 70115 INFO tempest.lib.common.rest_client [req-4ec4889c-fa43-4a82-8d2b-32e67df99663 req-4ec4889c-fa43-4a82-8d2b-32e67df99663 ] Request (ServersTestJSON:setUpClass): 200 GET http://10.180.1.21/compute/v2.1/servers/626997d7-942b-440c-9cd8-5ff0fe1d8246 0.186s
2025-05-14 04:49:44.197 70107 INFO tempest.lib.common.rest_client [req-2f5ea7dd-aaad-44e1-89a3-c387842e1237 req-2f5ea7dd-aaad-44e1-89a3-c387842e1237 ] Request (SecurityGroupsNegativeTestJSON:setUpClass): 200 PUT http://10.180.1.21:9696/networking/v2.0/routers/6411b3f1-ad59-4924-82a4-b6a1a4e2e108/add_router_interface 1.815s
2025-05-14 04:49:44.197 70107 INFO tempest.lib.common.dynamic_creds [-] Created isolated network resources for: credentials: Credentials: {'domain_id': 'default', 'domain_name': 'Default', 'username': 'tempest-SecurityGroupsNegativeTestJSON-617534330-project-member', 'project_domain_id': 'default', 'project_domain_name': 'Default', 'project_id': '90d0bafee036434cb657d15e91104039', 'project_name': 'tempest-SecurityGroupsNegativeTestJSON-617534330', 'tenant_id': '90d0bafee036434cb657d15e91104039', 'tenant_name': 'tempest-SecurityGroupsNegativeTestJSON-617534330', 'user_domain_id': 'default', 'user_domain_name': 'Default', 'user_id': '008c636531b74c7ea769886cdb8b9fed', 'system': None}, Network: {'id': '4b761dc8-80b8-43c7-924d-2e486504f884', 'name': 'tempest-SecurityGroupsNegativeTestJSON-574094790-network', 'tenant_id': '90d0bafee036434cb657d15e91104039', 'admin_state_up': True, 'mtu': 8950, 'status': 'ACTIVE', 'subnets': [], 'shared': False, 'project_id': '90d0bafee036434cb657d15e91104039', 'port_security_enabled': True, 'router:external': False, 'provider:network_type': 'vlan', 'provider:physical_network': 'default', 'provider:segmentation_id': 366, 'availability_zone_hints': [], 'availability_zones': [], 'ipv4_address_scope': None, 'ipv6_address_scope': None, 'description': '', 'tags': [], 'created_at': '2025-05-14T04:49:40Z', 'updated_at': '2025-05-14T04:49:40Z', 'revision_number': 1}, Subnet: {'id': 'f466410f-1130-47f4-9a26-8fe67673149b', 'name': 'tempest-SecurityGroupsNegativeTestJSON-574094790-subnet', 'tenant_id': '90d0bafee036434cb657d15e91104039', 'network_id': '4b761dc8-80b8-43c7-924d-2e486504f884', 'ip_version': 4, 'subnetpool_id': None, 'enable_dhcp': True, 'ipv6_ra_mode': None, 'ipv6_address_mode': None, 'gateway_ip': '192.168.128.1', 'cidr': '192.168.128.0/28', 'allocation_pools': [{'start': '192.168.128.2', 'end': '192.168.128.14'}], 'host_routes': [], 'dns_nameservers': [], 'description': '', 'router:external': False, 'service_types': [], 'tags': [], 'created_at': '2025-05-14T04:49:40Z', 'updated_at': '2025-05-14T04:49:40Z', 'revision_number': 0, 'project_id': '90d0bafee036434cb657d15e91104039'}, Router: {'id': '6411b3f1-ad59-4924-82a4-b6a1a4e2e108', 'name': 'tempest-SecurityGroupsNegativeTestJSON-574094790-router', 'tenant_id': '90d0bafee036434cb657d15e91104039', 'admin_state_up': True, 'status': 'ACTIVE', 'external_gateway_info': {'network_id': '490c4fde-2c0e-4a8a-a184-46d5d29de781', 'external_fixed_ips': [{'subnet_id': 'e7ffefc0-a41d-4948-980e-95100e91836a', 'ip_address': '10.180.180.144'}], 'enable_snat': True}, 'description': '', 'availability_zones': [], 'distributed': False, 'ha': False, 'availability_zone_hints': [], 'routes': [], 'flavor_id': None, 'tags': [], 'created_at': '2025-05-14T04:49:40Z', 'updated_at': '2025-05-14T04:49:41Z', 'revision_number': 2, 'project_id': '90d0bafee036434cb657d15e91104039'}
2025-05-14 04:49:44.246 70091 WARNING tempest.lib.common.ssh [-] Failed to establish authenticated ssh connection to cirros@10.180.180.221 ([Errno None] Unable to connect to port 22 on 10.180.180.221). Number attempts: 4. Retry after 5 seconds.: paramiko.ssh_exception.NoValidConnectionsError: [Errno None] Unable to connect to port 22 on 10.180.180.221
2025-05-14 04:49:44.280 70129 INFO tempest.lib.common.rest_client [req-4cb4baad-c349-4308-8bb1-1542feb280c4 req-4cb4baad-c349-4308-8bb1-1542feb280c4 ] Request (ImagesTestJSON:test_create_image_from_suspended_server): 200 GET http://10.180.1.21/compute/v2.1/servers/02f13b78-8877-4061-ba37-734bb5c49f34 0.205s
2025-05-14 04:49:44.297 70107 INFO tempest.lib.common.rest_client [req-80fe8b62-d4a3-498c-9c9f-0861d1bd450c req-80fe8b62-d4a3-498c-9c9f-0861d1bd450c ] Request (SecurityGroupsNegativeTestJSON:setUpClass): 201 POST http://10.180.1.21/identity/v3/auth/tokens 0.093s
2025-05-14 04:49:44.344 70121 INFO tempest.lib.common.rest_client [req-72e61e37-5cbd-46c5-ba32-53ffa550e4c9 req-72e61e37-5cbd-46c5-ba32-53ffa550e4c9 ] Request (ServersTestJSON:test_create_specify_keypair): 200 GET http://10.180.1.21/compute/v2.1/servers/3b94583b-dae6-405d-8d9e-66b0ada48283 0.184s
2025-05-14 04:49:44.414 70107 INFO tempest.lib.common.rest_client [req-4cf2923a-ac5f-4656-baf0-335ad0271317 req-4cf2923a-ac5f-4656-baf0-335ad0271317 ] Request (SecurityGroupsNegativeTestJSON:test_delete_nonexistent_security_group): 404 DELETE http://10.180.1.21/compute/v2.1/os-security-groups/311828e1-4b49-4339-a9ce-172952a598c9 0.115s
2025-05-14 04:49:44.473 70109 INFO tempest.lib.common.rest_client [req-c284d4b5-bcaa-4e29-bb8e-7654d06644f2 req-c284d4b5-bcaa-4e29-bb8e-7654d06644f2 ] Request (ServerDiagnosticsTest:test_get_server_diagnostics): 200 GET http://10.180.1.21/compute/v2.1/servers/9afc1d78-9d77-4786-8598-f26947ecb97b/diagnostics 1.092s
2025-05-14 04:49:44.475 70107 INFO tempest.lib.common.rest_client [req-7f6a425d-c74a-4bd4-ace5-42a82063a42d req-7f6a425d-c74a-4bd4-ace5-42a82063a42d ] Request (SecurityGroupsNegativeTestJSON:test_delete_security_group_without_passing_id): 404 DELETE http://10.180.1.21/compute/v2.1/os-security-groups/ 0.056s
2025-05-14 04:49:44.476 70143 INFO tempest.lib.common.rest_client [req-9cea5da5-d7cb-48ca-a910-5ba211baf7de req-9cea5da5-d7cb-48ca-a910-5ba211baf7de ] Request (MigrationsAdminTest:test_resize_server_revert_deleted_flavor): 200 GET http://10.180.1.21/compute/v2.1/servers/be5d76e1-a022-4de4-bf79-94a83f9958ec 0.089s
2025-05-14 04:49:44.543 70137 INFO tempest.lib.common.rest_client [req-4243e4ce-2c40-424c-9fc7-7bc7848427ed req-4243e4ce-2c40-424c-9fc7-7bc7848427ed ] Request (SecurityGroupsTestJSON:test_server_security_groups): 200 GET http://10.180.1.21/compute/v2.1/servers/160898fa-4eb0-49e8-8a64-0e293f35030e 0.079s
2025-05-14 04:49:44.555 70109 INFO tempest.lib.common.rest_client [req-5b60d52a-a79b-40f0-adce-634ae162678d req-5b60d52a-a79b-40f0-adce-634ae162678d ] Request (ServerDiagnosticsTest:tearDownClass): 204 DELETE http://10.180.1.21/compute/v2.1/servers/9afc1d78-9d77-4786-8598-f26947ecb97b 0.081s
2025-05-14 04:49:44.604 70099 INFO tempest.lib.common.rest_client [req-041e2a38-c19c-4c3e-95ab-c9fd482c2edd req-041e2a38-c19c-4c3e-95ab-c9fd482c2edd ] Request (ListImageFiltersTestJSON:setUpClass): 200 GET http://10.180.1.21/compute/v2.1/images/177fc7e8-edda-4c7a-911e-3a01a327cc9a 0.113s
2025-05-14 04:49:44.685 70107 INFO tempest.lib.common.rest_client [req-6e043d30-4784-4f43-b7f8-f523f215479a req-6e043d30-4784-4f43-b7f8-f523f215479a ] Request (SecurityGroupsNegativeTestJSON:test_delete_the_default_security_group): 200 GET http://10.180.1.21/compute/v2.1/os-security-groups 0.208s
2025-05-14 04:49:44.692 70133 WARNING tempest.lib.common.ssh [-] Failed to establish authenticated ssh connection to cirros@10.180.180.251 ([Errno None] Unable to connect to port 22 on 10.180.180.251). Number attempts: 2. Retry after 3 seconds.: paramiko.ssh_exception.NoValidConnectionsError: [Errno None] Unable to connect to port 22 on 10.180.180.251
2025-05-14 04:49:44.751 70101 INFO tempest.lib.common.rest_client [req-fd2c132f-8ef8-44a9-8641-60092599c7b2 req-fd2c132f-8ef8-44a9-8641-60092599c7b2 ] Request (ServersAdminTestJSON:test_inject_network_info): 200 GET http://10.180.1.21/compute/v2.1/servers/c5fc189f-8a03-47bb-a655-72516530d9a0 0.181s
2025-05-14 04:49:44.886 70123 INFO tempest.lib.common.rest_client [req-b53a9f02-de9b-4c1e-94fa-b5f6255f7e80 req-b53a9f02-de9b-4c1e-94fa-b5f6255f7e80 ] Request (ServersAdminNegativeTestJSON:setUpClass): 200 GET http://10.180.1.21/compute/v2.1/servers/9c4ff6ed-9ae4-441a-9cba-baf646488aa6 0.298s
2025-05-14 04:49:44.903 70109 INFO tempest.lib.common.rest_client [req-50824944-68cc-4b91-bfbd-246a5d2803d7 req-50824944-68cc-4b91-bfbd-246a5d2803d7 ] Request (ServerDiagnosticsTest:tearDownClass): 200 GET http://10.180.1.21/compute/v2.1/servers/9afc1d78-9d77-4786-8598-f26947ecb97b 0.347s
2025-05-14 04:49:44.944 70145 INFO tempest.lib.common.rest_client [req-db396c63-cb3b-48e9-8823-7d966088b107 req-db396c63-cb3b-48e9-8823-7d966088b107 ] Request (ServerActionsTestOtherA:test_rebuild_server_in_stop_state): 200 GET http://10.180.1.21/compute/v2.1/servers/6c397902-d523-4abc-bf3e-dd03e3d62a45 0.319s
2025-05-14 04:49:45.082 70107 INFO tempest.lib.common.rest_client [req-9fc6afbc-f949-4c8f-8b1b-d4e822cfb2dd req-9fc6afbc-f949-4c8f-8b1b-d4e822cfb2dd ] Request (SecurityGroupsNegativeTestJSON:test_delete_the_default_security_group): 400 DELETE http://10.180.1.21/compute/v2.1/os-security-groups/fa6bc039-4b7d-4d9a-a0ca-a7219e38fa8c 0.393s
2025-05-14 04:49:45.158 70120 INFO tempest.lib.common.rest_client [req-29a3bfe3-8090-40d7-aea1-60e9ab7c6080 req-29a3bfe3-8090-40d7-aea1-60e9ab7c6080 ] Request (AttachInterfacesTestJSON:test_create_list_show_delete_interfaces_by_fixed_ip): 200 GET http://10.180.1.21/compute/v2.1/servers/03449ac3-95ed-4948-94c5-3f8ce91049e4 0.466s
2025-05-14 04:49:45.199 70089 INFO tempest.lib.common.rest_client [req-d4828baf-9ab6-4ba3-91ba-7d35632e17b2 req-d4828baf-9ab6-4ba3-91ba-7d35632e17b2 ] Request (ImagesOneServerTestJSON:test_create_delete_image): 200 GET http://10.180.1.21/compute/v2.1/images/9711277d-d37a-41db-80bf-1209883c5cdd 0.468s
2025-05-14 04:49:45.243 70083 INFO tempest.lib.common.rest_client [req-292396a2-a068-4ab1-9290-a1c243551e61 req-292396a2-a068-4ab1-9290-a1c243551e61 ] Request (ServersNegativeTestJSON:setUpClass): 200 GET http://10.180.1.21/compute/v2.1/servers/6f88b001-92fe-4870-833d-50d35a87a27d 0.555s
2025-05-14 04:49:45.251 70083 INFO tempest.common.waiters [-] State transition "BUILD/None" ==> "BUILD/block_device_mapping" after 83 second wait
2025-05-14 04:49:45.263 70097 INFO tempest.lib.common.rest_client [req-f008a725-3bc8-42d5-aadf-5bc174ac6e7f req-f008a725-3bc8-42d5-aadf-5bc174ac6e7f ] Request (ServerDiskConfigTestJSON:test_rebuild_server_with_auto_disk_config): 200 GET http://10.180.1.21/compute/v2.1/servers/e1f11f47-1a3f-40d6-b7d1-c3ff33f7d057 0.507s
2025-05-14 04:49:45.334 70105 WARNING tempest.lib.common.ssh [-] Failed to establish authenticated ssh connection to cirros@10.180.180.182 ([Errno None] Unable to connect to port 22 on 10.180.180.182). Number attempts: 9. Retry after 10 seconds.: paramiko.ssh_exception.NoValidConnectionsError: [Errno None] Unable to connect to port 22 on 10.180.180.182
2025-05-14 04:49:45.360 70111 INFO tempest.lib.common.rest_client [req-499d4b87-850f-4c6a-8fb4-99f26605d35d req-499d4b87-850f-4c6a-8fb4-99f26605d35d ] Request (DeleteServersTestJSON:test_delete_active_server): 200 GET http://10.180.1.21/compute/v2.1/servers/7b731473-c115-4613-a5cd-30f1cd258bd3 0.549s
2025-05-14 04:49:45.416 70087 INFO tempest.lib.common.rest_client [req-f32a9878-8ae7-46d7-a539-a741fa76d6c4 req-f32a9878-8ae7-46d7-a539-a741fa76d6c4 ] Request (MultipleCreateTestJSON:test_multiple_create): 200 GET http://10.180.1.21/compute/v2.1/servers/002b787b-96fa-4f0b-b2d4-969d2f49a574 0.478s
2025-05-14 04:49:45.444 70103 INFO tempest.lib.common.rest_client [req-3ecf7ec3-2efe-498f-94fa-dcb2ce43806a req-3ecf7ec3-2efe-498f-94fa-dcb2ce43806a ] Request (ImagesOneServerNegativeTestJSON:_run_cleanups): 200 GET http://10.180.1.21/compute/v2.1/servers/a78880c5-dba8-40f9-8da7-47fdd060a8ca 0.446s
2025-05-14 04:49:45.455 70103 INFO tempest.common.waiters [-] State transition "BUILD/scheduling" ==> "BUILD/None" after 43 second wait
2025-05-14 04:49:45.479 70113 INFO tempest.lib.common.rest_client [req-b3747360-e988-4866-bb86-19e229d8447a req-b3747360-e988-4866-bb86-19e229d8447a ] Request (ServersTestFqdnHostnames:test_create_server_with_fqdn_name): 200 GET http://10.180.1.21/compute/v2.1/servers/95d7879b-912b-4a3c-8770-fd14bef6d3e0 0.417s
2025-05-14 04:49:45.492 70107 INFO tempest.lib.common.rest_client [req-166f1ce6-ca2d-4b1c-aaa7-4354aec66bdf req-166f1ce6-ca2d-4b1c-aaa7-4354aec66bdf ] Request (SecurityGroupsNegativeTestJSON:test_security_group_get_nonexistent_group): 404 GET http://10.180.1.21/compute/v2.1/os-security-groups/96eb15c1-7d8c-4072-897b-7a380380cdb4 0.406s
2025-05-14 04:49:45.536 70095 INFO tempest.lib.common.rest_client [req-ed253bfc-ea39-4fcd-966e-fc8b4dc524f6 req-ed253bfc-ea39-4fcd-966e-fc8b4dc524f6 ] Request (ServerTagsTestJSON:setUpClass): 200 GET http://10.180.1.21/compute/v2.1/servers/2cbd4e7b-e10a-4a57-9532-cc632b2ed7a1 0.401s
2025-05-14 04:49:45.575 70115 INFO tempest.lib.common.rest_client [req-92ceef7f-e0cd-42a3-81d8-65a42407c140 req-92ceef7f-e0cd-42a3-81d8-65a42407c140 ] Request (ServersTestJSON:setUpClass): 200 GET http://10.180.1.21/compute/v2.1/servers/626997d7-942b-440c-9cd8-5ff0fe1d8246 0.386s
2025-05-14 04:49:45.593 70129 INFO tempest.lib.common.rest_client [req-1786e720-493e-4a6c-8d86-ca74b6c20bda req-1786e720-493e-4a6c-8d86-ca74b6c20bda ] Request (ImagesTestJSON:test_create_image_from_suspended_server): 200 GET http://10.180.1.21/compute/v2.1/servers/02f13b78-8877-4061-ba37-734bb5c49f34 0.300s
2025-05-14 04:49:45.658 70121 INFO tempest.lib.common.rest_client [req-2c11bd35-5b5a-42b1-9361-9b74d408cb48 req-2c11bd35-5b5a-42b1-9361-9b74d408cb48 ] Request (ServersTestJSON:test_create_specify_keypair): 200 GET http://10.180.1.21/compute/v2.1/servers/3b94583b-dae6-405d-8d9e-66b0ada48283 0.305s
2025-05-14 04:49:45.661 70143 INFO tempest.lib.common.rest_client [req-889d0b3c-1959-43f5-a04a-4079a2b8da04 req-889d0b3c-1959-43f5-a04a-4079a2b8da04 ] Request (MigrationsAdminTest:test_resize_server_revert_deleted_flavor): 200 GET http://10.180.1.21/compute/v2.1/servers/be5d76e1-a022-4de4-bf79-94a83f9958ec 0.175s
2025-05-14 04:49:45.696 70107 INFO tempest.lib.common.rest_client [req-923a77f6-bfe1-47cc-b21b-c02876cbd057 req-923a77f6-bfe1-47cc-b21b-c02876cbd057 ] Request (SecurityGroupsNegativeTestJSON:test_update_non_existent_security_group): 404 PUT http://10.180.1.21/compute/v2.1/os-security-groups/fc855b16-7592-41c2-9830-fbaeee49a108 0.202s
2025-05-14 04:49:45.738 70099 INFO tempest.lib.common.rest_client [req-8b85c538-4554-4cf1-ba6a-3960938b2451 req-8b85c538-4554-4cf1-ba6a-3960938b2451 ] Request (ListImageFiltersTestJSON:setUpClass): 200 GET http://10.180.1.21/compute/v2.1/images/177fc7e8-edda-4c7a-911e-3a01a327cc9a 0.128s
2025-05-14 04:49:45.741 70137 INFO tempest.lib.common.rest_client [req-417a4cc3-8dc5-4384-b680-ea47154925d3 req-417a4cc3-8dc5-4384-b680-ea47154925d3 ] Request (SecurityGroupsTestJSON:test_server_security_groups): 200 GET http://10.180.1.21/compute/v2.1/servers/160898fa-4eb0-49e8-8a64-0e293f35030e 0.186s
2025-05-14 04:49:46.023 70123 INFO tempest.lib.common.rest_client [req-d0bc5832-1306-49fb-bee7-49fd93e99e34 req-d0bc5832-1306-49fb-bee7-49fd93e99e34 ] Request (ServersAdminNegativeTestJSON:setUpClass): 200 GET http://10.180.1.21/compute/v2.1/servers/9c4ff6ed-9ae4-441a-9cba-baf646488aa6 0.125s
2025-05-14 04:49:46.076 70101 INFO tempest.lib.common.rest_client [req-716e3a9a-6422-4267-99ad-f39cc7ee7197 req-716e3a9a-6422-4267-99ad-f39cc7ee7197 ] Request (ServersAdminTestJSON:test_inject_network_info): 200 GET http://10.180.1.21/compute/v2.1/servers/c5fc189f-8a03-47bb-a655-72516530d9a0 0.314s
2025-05-14 04:49:46.142 70109 INFO tempest.lib.common.rest_client [req-cc83dbd2-f8a0-416a-ac92-8ad8d49a5013 req-cc83dbd2-f8a0-416a-ac92-8ad8d49a5013 ] Request (ServerDiagnosticsTest:tearDownClass): 200 GET http://10.180.1.21/compute/v2.1/servers/9afc1d78-9d77-4786-8598-f26947ecb97b 0.228s
2025-05-14 04:49:46.156 70145 INFO tempest.lib.common.rest_client [req-17e9ce94-cd8b-4e11-9b8c-2b69af5b6722 req-17e9ce94-cd8b-4e11-9b8c-2b69af5b6722 ] Request (ServerActionsTestOtherA:test_rebuild_server_in_stop_state): 200 GET http://10.180.1.21/compute/v2.1/servers/6c397902-d523-4abc-bf3e-dd03e3d62a45 0.199s
2025-05-14 04:49:46.190 70117 INFO tempest.lib.common.rest_client [req-a1f2e409-9ef3-42bc-8a62-908dfedec452 req-a1f2e409-9ef3-42bc-8a62-908dfedec452 ] Request (ServersNegativeTestMultiTenantJSON:setUpClass): 200 PUT http://10.180.1.21:9696/networking/v2.0/routers/bb7abd9d-cff6-4feb-a191-4b8abb999e2b/add_router_interface 2.205s
2025-05-14 04:49:46.190 70117 INFO tempest.lib.common.dynamic_creds [-] Created isolated network resources for: credentials: Credentials: {'domain_id': 'default', 'domain_name': 'Default', 'username': 'tempest-ServersNegativeTestMultiTenantJSON-1933330450-project-member', 'project_domain_id': 'default', 'project_domain_name': 'Default', 'project_id': 'f38779bce6e54bf3bc10b70f87153809', 'project_name': 'tempest-ServersNegativeTestMultiTenantJSON-1933330450', 'tenant_id': 'f38779bce6e54bf3bc10b70f87153809', 'tenant_name': 'tempest-ServersNegativeTestMultiTenantJSON-1933330450', 'user_domain_id': 'default', 'user_domain_name': 'Default', 'user_id': '5ad119f522174d93bce8209423374080', 'system': None}, Network: {'id': 'b384a0c4-22c3-44a5-9c34-7738a3abcdef', 'name': 'tempest-ServersNegativeTestMultiTenantJSON-2130743053-network', 'tenant_id': 'f38779bce6e54bf3bc10b70f87153809', 'admin_state_up': True, 'mtu': 8950, 'status': 'ACTIVE', 'subnets': [], 'shared': False, 'project_id': 'f38779bce6e54bf3bc10b70f87153809', 'port_security_enabled': True, 'router:external': False, 'provider:network_type': 'vlan', 'provider:physical_network': 'default', 'provider:segmentation_id': 609, 'availability_zone_hints': [], 'availability_zones': [], 'ipv4_address_scope': None, 'ipv6_address_scope': None, 'description': '', 'tags': [], 'created_at': '2025-05-14T04:49:41Z', 'updated_at': '2025-05-14T04:49:41Z', 'revision_number': 1}, Subnet: {'id': '51266285-b914-4939-86ba-21a8255e7da1', 'name': 'tempest-ServersNegativeTestMultiTenantJSON-2130743053-subnet', 'tenant_id': 'f38779bce6e54bf3bc10b70f87153809', 'network_id': 'b384a0c4-22c3-44a5-9c34-7738a3abcdef', 'ip_version': 4, 'subnetpool_id': None, 'enable_dhcp': True, 'ipv6_ra_mode': None, 'ipv6_address_mode': None, 'gateway_ip': '192.168.128.1', 'cidr': '192.168.128.0/28', 'allocation_pools': [{'start': '192.168.128.2', 'end': '192.168.128.14'}], 'host_routes': [], 'dns_nameservers': [], 'description': '', 'router:external': False, 'service_types': [], 'tags': [], 'created_at': '2025-05-14T04:49:41Z', 'updated_at': '2025-05-14T04:49:41Z', 'revision_number': 0, 'project_id': 'f38779bce6e54bf3bc10b70f87153809'}, Router: {'id': 'bb7abd9d-cff6-4feb-a191-4b8abb999e2b', 'name': 'tempest-ServersNegativeTestMultiTenantJSON-2130743053-router', 'tenant_id': 'f38779bce6e54bf3bc10b70f87153809', 'admin_state_up': True, 'status': 'ACTIVE', 'external_gateway_info': {'network_id': '490c4fde-2c0e-4a8a-a184-46d5d29de781', 'external_fixed_ips': [{'subnet_id': 'e7ffefc0-a41d-4948-980e-95100e91836a', 'ip_address': '10.180.180.236'}], 'enable_snat': True}, 'description': '', 'availability_zones': [], 'distributed': False, 'ha': False, 'availability_zone_hints': [], 'routes': [], 'flavor_id': None, 'tags': [], 'created_at': '2025-05-14T04:49:42Z', 'updated_at': '2025-05-14T04:49:43Z', 'revision_number': 2, 'project_id': 'f38779bce6e54bf3bc10b70f87153809'}
2025-05-14 04:49:46.247 70120 INFO tempest.lib.common.rest_client [req-86087f27-00c2-4f5b-a4c2-fc222cfb658e req-86087f27-00c2-4f5b-a4c2-fc222cfb658e ] Request (AttachInterfacesTestJSON:test_create_list_show_delete_interfaces_by_fixed_ip): 200 GET http://10.180.1.21/compute/v2.1/servers/03449ac3-95ed-4948-94c5-3f8ce91049e4 0.079s
2025-05-14 04:49:46.263 70089 INFO tempest.lib.common.rest_client [req-72cfe370-1e01-420a-ba5e-0b5f8ae5d494 req-72cfe370-1e01-420a-ba5e-0b5f8ae5d494 ] Request (ImagesOneServerTestJSON:test_create_delete_image): 200 GET http://10.180.1.21/compute/v2.1/images/9711277d-d37a-41db-80bf-1209883c5cdd 0.053s
2025-05-14 04:49:46.351 70117 INFO tempest.lib.common.rest_client [req-b346f85d-cd14-4344-9bfa-b79de99c5e6b req-b346f85d-cd14-4344-9bfa-b79de99c5e6b ] Request (ServersNegativeTestMultiTenantJSON:setUpClass): 201 POST http://10.180.1.21/identity/v3/auth/tokens 0.154s
2025-05-14 04:49:46.364 70097 INFO tempest.lib.common.rest_client [req-47da1191-2b04-4e70-80fa-f400053b84d6 req-47da1191-2b04-4e70-80fa-f400053b84d6 ] Request (ServerDiskConfigTestJSON:test_rebuild_server_with_auto_disk_config): 200 GET http://10.180.1.21/compute/v2.1/servers/e1f11f47-1a3f-40d6-b7d1-c3ff33f7d057 0.093s
2025-05-14 04:49:46.424 70083 INFO tempest.lib.common.rest_client [req-21228f59-4d10-4f01-bb5f-a5de4b172c1d req-21228f59-4d10-4f01-bb5f-a5de4b172c1d ] Request (ServersNegativeTestJSON:setUpClass): 200 GET http://10.180.1.21/compute/v2.1/servers/6f88b001-92fe-4870-833d-50d35a87a27d 0.171s
2025-05-14 04:49:46.431 70083 INFO tempest.common.waiters [-] State transition "BUILD/block_device_mapping" ==> "BUILD/spawning" after 84 second wait
2025-05-14 04:49:46.457 70117 INFO tempest.lib.common.rest_client [req-b6716a94-f311-4757-973d-908de22b00ef req-b6716a94-f311-4757-973d-908de22b00ef ] Request (ServersNegativeTestMultiTenantJSON:setUpClass): 201 POST http://10.180.1.21/identity/v3/auth/tokens 0.095s
2025-05-14 04:49:46.457 70117 INFO tempest.lib.common.fixed_network [-] (ServersNegativeTestMultiTenantJSON:setUpClass) Found network {'id': 'eba55889-ff2a-4a51-b188-14f4a6264f25', 'name': 'tempest-ServersNegativeTestMultiTenantJSON-1228106601-network', 'tenant_id': '318f27a28aa04def852cded8188f100b', 'admin_state_up': True, 'mtu': 8950, 'status': 'ACTIVE', 'subnets': [], 'shared': False, 'project_id': '318f27a28aa04def852cded8188f100b', 'port_security_enabled': True, 'router:external': False, 'provider:network_type': 'vlan', 'provider:physical_network': 'default', 'provider:segmentation_id': 857, 'availability_zone_hints': [], 'availability_zones': [], 'ipv4_address_scope': None, 'ipv6_address_scope': None, 'description': '', 'tags': [], 'created_at': '2025-05-14T04:49:37Z', 'updated_at': '2025-05-14T04:49:37Z', 'revision_number': 1} available for tenant
2025-05-14 04:49:46.475 70111 INFO tempest.lib.common.rest_client [req-52df137a-bb69-46e2-936e-90c11caee7d5 req-52df137a-bb69-46e2-936e-90c11caee7d5 ] Request (DeleteServersTestJSON:test_delete_active_server): 200 GET http://10.180.1.21/compute/v2.1/servers/7b731473-c115-4613-a5cd-30f1cd258bd3 0.108s
2025-05-14 04:49:46.530 70087 INFO tempest.lib.common.rest_client [req-c992340a-05f5-4198-bf92-8217de0d8474 req-c992340a-05f5-4198-bf92-8217de0d8474 ] Request (MultipleCreateTestJSON:test_multiple_create): 200 GET http://10.180.1.21/compute/v2.1/servers/002b787b-96fa-4f0b-b2d4-969d2f49a574 0.102s
2025-05-14 04:49:46.554 70103 INFO tempest.lib.common.rest_client [req-478a4fec-8791-4519-be3c-94b6444ab418 req-478a4fec-8791-4519-be3c-94b6444ab418 ] Request (ImagesOneServerNegativeTestJSON:_run_cleanups): 200 GET http://10.180.1.21/compute/v2.1/servers/a78880c5-dba8-40f9-8da7-47fdd060a8ca 0.097s
2025-05-14 04:49:46.649 70113 INFO tempest.lib.common.rest_client [req-256730f3-9790-4548-b151-0408f33a2516 req-256730f3-9790-4548-b151-0408f33a2516 ] Request (ServersTestFqdnHostnames:test_create_server_with_fqdn_name): 200 GET http://10.180.1.21/compute/v2.1/servers/95d7879b-912b-4a3c-8770-fd14bef6d3e0 0.161s
2025-05-14 04:49:46.739 70095 INFO tempest.lib.common.rest_client [req-caf0cb07-df2b-452f-bd46-fedf3f9d0a92 req-caf0cb07-df2b-452f-bd46-fedf3f9d0a92 ] Request (ServerTagsTestJSON:setUpClass): 200 GET http://10.180.1.21/compute/v2.1/servers/2cbd4e7b-e10a-4a57-9532-cc632b2ed7a1 0.191s
2025-05-14 04:49:46.831 70115 INFO tempest.lib.common.rest_client [req-03c3334c-7848-422a-afb6-45a788b63fb4 req-03c3334c-7848-422a-afb6-45a788b63fb4 ] Request (ServersTestJSON:setUpClass): 200 GET http://10.180.1.21/compute/v2.1/servers/626997d7-942b-440c-9cd8-5ff0fe1d8246 0.241s
2025-05-14 04:49:46.903 70129 INFO tempest.lib.common.rest_client [req-8eb6eac3-4c09-466f-9771-7c10403d5323 req-8eb6eac3-4c09-466f-9771-7c10403d5323 ] Request (ImagesTestJSON:test_create_image_from_suspended_server): 200 GET http://10.180.1.21/compute/v2.1/servers/02f13b78-8877-4061-ba37-734bb5c49f34 0.300s
2025-05-14 04:49:46.975 70121 INFO tempest.lib.common.rest_client [req-6061ff81-6814-403d-900e-0a18a7b1c943 req-6061ff81-6814-403d-900e-0a18a7b1c943 ] Request (ServersTestJSON:test_create_specify_keypair): 200 GET http://10.180.1.21/compute/v2.1/servers/3b94583b-dae6-405d-8d9e-66b0ada48283 0.306s
2025-05-14 04:49:47.016 70117 INFO tempest.lib.common.rest_client [req-6767b4d6-46f3-4f4a-abd1-6b086ac0924f req-6767b4d6-46f3-4f4a-abd1-6b086ac0924f ] Request (ServersNegativeTestMultiTenantJSON:setUpClass): 202 POST http://10.180.1.21/compute/v2.1/servers 0.558s
2025-05-14 04:49:47.078 70099 INFO tempest.lib.common.rest_client [req-839bdbf5-3435-49f8-952f-5db5fd0b4810 req-839bdbf5-3435-49f8-952f-5db5fd0b4810 ] Request (ListImageFiltersTestJSON:setUpClass): 200 GET http://10.180.1.21/compute/v2.1/images/177fc7e8-edda-4c7a-911e-3a01a327cc9a 0.330s
2025-05-14 04:49:47.116 70143 INFO tempest.lib.common.rest_client [req-d4248ace-dc38-4eae-bdad-0562ac21d699 req-d4248ace-dc38-4eae-bdad-0562ac21d699 ] Request (MigrationsAdminTest:test_resize_server_revert_deleted_flavor): 200 GET http://10.180.1.21/compute/v2.1/servers/be5d76e1-a022-4de4-bf79-94a83f9958ec 0.446s
2025-05-14 04:49:47.164 70137 INFO tempest.lib.common.rest_client [req-9e09a8ee-64b5-4915-bc58-c8ba2f8897f3 req-9e09a8ee-64b5-4915-bc58-c8ba2f8897f3 ] Request (SecurityGroupsTestJSON:test_server_security_groups): 200 GET http://10.180.1.21/compute/v2.1/servers/160898fa-4eb0-49e8-8a64-0e293f35030e 0.410s
2025-05-14 04:49:47.190 70117 INFO tempest.lib.common.rest_client [req-fc3f44fd-baf3-479f-9fed-308edb1210bc req-fc3f44fd-baf3-479f-9fed-308edb1210bc ] Request (ServersNegativeTestMultiTenantJSON:setUpClass): 200 GET http://10.180.1.21/compute/v2.1/servers/c7fe2c20-7126-492b-b5e1-b59a28c3d7a9 0.171s
2025-05-14 04:49:47.270 70101 INFO tempest.lib.common.rest_client [req-cbdfb55c-6346-45d5-bd28-aa6e48cd337b req-cbdfb55c-6346-45d5-bd28-aa6e48cd337b ] Request (ServersAdminTestJSON:test_inject_network_info): 200 GET http://10.180.1.21/compute/v2.1/servers/c5fc189f-8a03-47bb-a655-72516530d9a0 0.178s
2025-05-14 04:49:47.333 70123 INFO tempest.lib.common.rest_client [req-9bc57988-9900-4793-9712-98bd9b99b637 req-9bc57988-9900-4793-9712-98bd9b99b637 ] Request (ServersAdminNegativeTestJSON:setUpClass): 200 GET http://10.180.1.21/compute/v2.1/servers/9c4ff6ed-9ae4-441a-9cba-baf646488aa6 0.301s
2025-05-14 04:49:47.361 70109 INFO tempest.lib.common.rest_client [req-0ea2f497-b40a-4835-8fcf-13b9c319db57 req-0ea2f497-b40a-4835-8fcf-13b9c319db57 ] Request (ServerDiagnosticsTest:tearDownClass): 200 GET http://10.180.1.21/compute/v2.1/servers/9afc1d78-9d77-4786-8598-f26947ecb97b 0.209s
2025-05-14 04:49:47.399 70145 INFO tempest.lib.common.rest_client [req-3cbf9781-349a-4675-baff-7bc737d59ce6 req-3cbf9781-349a-4675-baff-7bc737d59ce6 ] Request (ServerActionsTestOtherA:test_rebuild_server_in_stop_state): 200 GET http://10.180.1.21/compute/v2.1/servers/6c397902-d523-4abc-bf3e-dd03e3d62a45 0.235s
2025-05-14 04:49:47.435 70120 INFO tempest.lib.common.rest_client [req-89760858-2831-4c27-93c1-bc31dd840c56 req-89760858-2831-4c27-93c1-bc31dd840c56 ] Request (AttachInterfacesTestJSON:test_create_list_show_delete_interfaces_by_fixed_ip): 200 GET http://10.180.1.21/compute/v2.1/servers/03449ac3-95ed-4948-94c5-3f8ce91049e4 0.172s
2025-05-14 04:49:47.436 70089 INFO tempest.lib.common.rest_client [req-06aced9e-f019-4d66-a975-c9d175fd373a req-06aced9e-f019-4d66-a975-c9d175fd373a ] Request (ImagesOneServerTestJSON:test_create_delete_image): 200 GET http://10.180.1.21/compute/v2.1/images/9711277d-d37a-41db-80bf-1209883c5cdd 0.168s
2025-05-14 04:49:47.485 70107 INFO tempest.lib.common.rest_client [req-58004486-75cc-40a9-9453-94a948338e4c req-58004486-75cc-40a9-9453-94a948338e4c ] Request (SecurityGroupsNegativeTestJSON:tearDownClass): 200 PUT http://10.180.1.21:9696/networking/v2.0/routers/6411b3f1-ad59-4924-82a4-b6a1a4e2e108/remove_router_interface 1.782s
2025-05-14 04:49:47.490 70097 INFO tempest.lib.common.rest_client [req-e6fed331-6e47-4486-b386-85e9403592b8 req-e6fed331-6e47-4486-b386-85e9403592b8 ] Request (ServerDiskConfigTestJSON:test_rebuild_server_with_auto_disk_config): 200 GET http://10.180.1.21/compute/v2.1/servers/e1f11f47-1a3f-40d6-b7d1-c3ff33f7d057 0.111s
2025-05-14 04:49:47.570 70111 INFO tempest.lib.common.rest_client [req-663d461f-11e8-4a17-ba6a-68af26edacc7 req-663d461f-11e8-4a17-ba6a-68af26edacc7 ] Request (DeleteServersTestJSON:test_delete_active_server): 200 GET http://10.180.1.21/compute/v2.1/servers/7b731473-c115-4613-a5cd-30f1cd258bd3 0.082s
2025-05-14 04:49:47.643 70083 INFO tempest.lib.common.rest_client [req-059a5630-f18e-4939-bab6-a5abcb773d95 req-059a5630-f18e-4939-bab6-a5abcb773d95 ] Request (ServersNegativeTestJSON:setUpClass): 200 GET http://10.180.1.21/compute/v2.1/servers/6f88b001-92fe-4870-833d-50d35a87a27d 0.211s
2025-05-14 04:49:47.715 70087 INFO tempest.lib.common.rest_client [req-ef3a5bb9-1af0-40c8-b5b1-ec2645e08b18 req-ef3a5bb9-1af0-40c8-b5b1-ec2645e08b18 ] Request (MultipleCreateTestJSON:test_multiple_create): 200 GET http://10.180.1.21/compute/v2.1/servers/002b787b-96fa-4f0b-b2d4-969d2f49a574 0.176s
2025-05-14 04:49:47.724 70087 INFO tempest.common.waiters [-] State transition "BUILD/spawning" ==> "ACTIVE/None" after 85 second wait
2025-05-14 04:49:47.760 70103 INFO tempest.lib.common.rest_client [req-c87caed3-8186-4d9c-8f4c-0f4c4573f063 req-c87caed3-8186-4d9c-8f4c-0f4c4573f063 ] Request (ImagesOneServerNegativeTestJSON:_run_cleanups): 200 GET http://10.180.1.21/compute/v2.1/servers/a78880c5-dba8-40f9-8da7-47fdd060a8ca 0.193s
2025-05-14 04:49:47.806 70113 INFO tempest.lib.common.rest_client [req-91b0bf23-9506-4443-92e3-5bfd9f14fde5 req-91b0bf23-9506-4443-92e3-5bfd9f14fde5 ] Request (ServersTestFqdnHostnames:test_create_server_with_fqdn_name): 200 GET http://10.180.1.21/compute/v2.1/servers/95d7879b-912b-4a3c-8770-fd14bef6d3e0 0.149s
2025-05-14 04:49:47.891 70095 INFO tempest.lib.common.rest_client [req-6d66bade-4327-4f1b-a340-38ed99eb30c3 req-6d66bade-4327-4f1b-a340-38ed99eb30c3 ] Request (ServerTagsTestJSON:setUpClass): 200 GET http://10.180.1.21/compute/v2.1/servers/2cbd4e7b-e10a-4a57-9532-cc632b2ed7a1 0.141s
2025-05-14 04:49:47.957 70115 INFO tempest.lib.common.rest_client [req-0e9138f9-ec76-4cf4-9804-c25fe5c959ee req-0e9138f9-ec76-4cf4-9804-c25fe5c959ee ] Request (ServersTestJSON:setUpClass): 200 GET http://10.180.1.21/compute/v2.1/servers/626997d7-942b-440c-9cd8-5ff0fe1d8246 0.115s
2025-05-14 04:49:47.970 70115 INFO tempest.common.waiters [-] State transition "BUILD/None" ==> "BUILD/block_device_mapping" after 84 second wait
2025-05-14 04:49:48.027 70129 INFO tempest.lib.common.rest_client [req-b30159a6-dd63-495f-aae4-f45e29838a4b req-b30159a6-dd63-495f-aae4-f45e29838a4b ] Request (ImagesTestJSON:test_create_image_from_suspended_server): 200 GET http://10.180.1.21/compute/v2.1/servers/02f13b78-8877-4061-ba37-734bb5c49f34 0.114s
2025-05-14 04:49:48.104 70087 INFO tempest.lib.common.rest_client [req-7a4cf76b-fe5e-4bf1-bb6e-bf620f2504fb req-7a4cf76b-fe5e-4bf1-bb6e-bf620f2504fb ] Request (MultipleCreateTestJSON:test_multiple_create): 200 GET http://10.180.1.21/compute/v2.1/servers/da489781-f745-4bfc-b063-9668d1791178 0.379s
2025-05-14 04:49:48.120 70121 INFO tempest.lib.common.rest_client [req-8a729f19-f3fa-41da-b071-67370e476dcc req-8a729f19-f3fa-41da-b071-67370e476dcc ] Request (ServersTestJSON:test_create_specify_keypair): 200 GET http://10.180.1.21/compute/v2.1/servers/3b94583b-dae6-405d-8d9e-66b0ada48283 0.132s
2025-05-14 04:49:48.157 70107 INFO tempest.lib.common.rest_client [req-fa7740ae-2254-4178-a6eb-c17a73bfdbeb req-fa7740ae-2254-4178-a6eb-c17a73bfdbeb ] Request (SecurityGroupsNegativeTestJSON:tearDownClass): 204 DELETE http://10.180.1.21:9696/networking/v2.0/routers/6411b3f1-ad59-4924-82a4-b6a1a4e2e108 0.671s
2025-05-14 04:49:48.162 70099 INFO tempest.lib.common.rest_client [req-a09c807d-d7fe-482c-af06-a906d263ff3f req-a09c807d-d7fe-482c-af06-a906d263ff3f ] Request (ListImageFiltersTestJSON:setUpClass): 200 GET http://10.180.1.21/compute/v2.1/images/177fc7e8-edda-4c7a-911e-3a01a327cc9a 0.077s
2025-05-14 04:49:48.213 70143 INFO tempest.lib.common.rest_client [req-6d6be68c-9820-4a37-9cfd-5d354640dd6b req-6d6be68c-9820-4a37-9cfd-5d354640dd6b ] Request (MigrationsAdminTest:test_resize_server_revert_deleted_flavor): 200 GET http://10.180.1.21/compute/v2.1/servers/be5d76e1-a022-4de4-bf79-94a83f9958ec 0.083s
2025-05-14 04:49:48.263 70137 INFO tempest.lib.common.rest_client [req-d4ba72d5-df99-406d-8fae-1665284ce8ea req-d4ba72d5-df99-406d-8fae-1665284ce8ea ] Request (SecurityGroupsTestJSON:test_server_security_groups): 200 GET http://10.180.1.21/compute/v2.1/servers/160898fa-4eb0-49e8-8a64-0e293f35030e 0.090s
2025-05-14 04:49:48.284 70117 INFO tempest.lib.common.rest_client [req-0444df76-f377-45de-a7c3-b8b27fb19798 req-0444df76-f377-45de-a7c3-b8b27fb19798 ] Request (ServersNegativeTestMultiTenantJSON:setUpClass): 200 GET http://10.180.1.21/compute/v2.1/servers/c7fe2c20-7126-492b-b5e1-b59a28c3d7a9 0.080s
2025-05-14 04:49:48.300 70107 INFO tempest.lib.common.rest_client [req-6793ce4d-a8dc-447d-ad57-1708d037a29a req-6793ce4d-a8dc-447d-ad57-1708d037a29a ] Request (SecurityGroupsNegativeTestJSON:tearDownClass): 204 DELETE http://10.180.1.21:9696/networking/v2.0/subnets/f466410f-1130-47f4-9a26-8fe67673149b 0.143s
2025-05-14 04:49:48.370 70101 INFO tempest.lib.common.rest_client [req-3f883b30-71f5-4895-89c1-015be50f8587 req-3f883b30-71f5-4895-89c1-015be50f8587 ] Request (ServersAdminTestJSON:test_inject_network_info): 200 GET http://10.180.1.21/compute/v2.1/servers/c5fc189f-8a03-47bb-a655-72516530d9a0 0.086s
2025-05-14 04:49:48.474 70109 INFO tempest.lib.common.rest_client [req-e5dd0b96-8a96-48a3-9cee-ba72eb02031d req-e5dd0b96-8a96-48a3-9cee-ba72eb02031d ] Request (ServerDiagnosticsTest:tearDownClass): 200 GET http://10.180.1.21/compute/v2.1/servers/9afc1d78-9d77-4786-8598-f26947ecb97b 0.100s
2025-05-14 04:49:48.485 70109 INFO tempest.common.waiters [-] State transition "ACTIVE/deleting" ==> "DELETED/None" after 4 second wait
2025-05-14 04:49:48.510 70123 INFO tempest.lib.common.rest_client [req-643971a4-fe64-4c54-a4f3-de961546b6a9 req-643971a4-fe64-4c54-a4f3-de961546b6a9 ] Request (ServersAdminNegativeTestJSON:setUpClass): 200 GET http://10.180.1.21/compute/v2.1/servers/9c4ff6ed-9ae4-441a-9cba-baf646488aa6 0.166s
2025-05-14 04:49:48.514 70107 INFO tempest.lib.common.rest_client [req-a2bb1087-7a50-4ed1-b1fe-4151d2871ed3 req-a2bb1087-7a50-4ed1-b1fe-4151d2871ed3 ] Request (SecurityGroupsNegativeTestJSON:tearDownClass): 204 DELETE http://10.180.1.21:9696/networking/v2.0/networks/4b761dc8-80b8-43c7-924d-2e486504f884 0.213s
2025-05-14 04:49:48.546 70089 INFO tempest.lib.common.rest_client [req-02d2b302-9b3e-4117-81cd-3b8aabad389d req-02d2b302-9b3e-4117-81cd-3b8aabad389d ] Request (ImagesOneServerTestJSON:test_create_delete_image): 200 GET http://10.180.1.21/compute/v2.1/images/9711277d-d37a-41db-80bf-1209883c5cdd 0.104s
2025-05-14 04:49:48.558 70145 INFO tempest.lib.common.rest_client [req-161b6237-7679-46d0-96fd-37bea8f4c949 req-161b6237-7679-46d0-96fd-37bea8f4c949 ] Request (ServerActionsTestOtherA:test_rebuild_server_in_stop_state): 200 GET http://10.180.1.21/compute/v2.1/servers/6c397902-d523-4abc-bf3e-dd03e3d62a45 0.150s
2025-05-14 04:49:48.633 70097 INFO tempest.lib.common.rest_client [req-d955a2c9-8ec1-4fdf-9112-e753fec66eb7 req-d955a2c9-8ec1-4fdf-9112-e753fec66eb7 ] Request (ServerDiskConfigTestJSON:test_rebuild_server_with_auto_disk_config): 200 GET http://10.180.1.21/compute/v2.1/servers/e1f11f47-1a3f-40d6-b7d1-c3ff33f7d057 0.133s
2025-05-14 04:49:48.637 70120 INFO tempest.lib.common.rest_client [req-1ae7042b-286c-4a03-a66c-d5cd174a0fd1 req-1ae7042b-286c-4a03-a66c-d5cd174a0fd1 ] Request (AttachInterfacesTestJSON:test_create_list_show_delete_interfaces_by_fixed_ip): 200 GET http://10.180.1.21/compute/v2.1/servers/03449ac3-95ed-4948-94c5-3f8ce91049e4 0.194s
2025-05-14 04:49:48.687 70107 INFO tempest.lib.common.rest_client [req-7ae786a2-3d2e-4258-a35a-122550b5612d req-7ae786a2-3d2e-4258-a35a-122550b5612d ] Request (SecurityGroupsNegativeTestJSON:tearDownClass): 204 DELETE http://10.180.1.21/identity/v3/users/008c636531b74c7ea769886cdb8b9fed 0.171s
2025-05-14 04:49:48.688 70107 INFO tempest.lib.common.dynamic_creds [-] Deleting project and security group for project: 90d0bafee036434cb657d15e91104039
2025-05-14 04:49:48.704 70111 INFO tempest.lib.common.rest_client [req-e90499e2-1ae0-42e6-ab1b-eb737bb93272 req-e90499e2-1ae0-42e6-ab1b-eb737bb93272 ] Request (DeleteServersTestJSON:test_delete_active_server): 200 GET http://10.180.1.21/compute/v2.1/servers/7b731473-c115-4613-a5cd-30f1cd258bd3 0.122s
2025-05-14 04:49:48.741 70107 INFO tempest.lib.common.rest_client [req-788a3906-d3c0-46b2-8c3a-8ce7a63fff92 req-788a3906-d3c0-46b2-8c3a-8ce7a63fff92 ] Request (SecurityGroupsNegativeTestJSON:tearDownClass): 200 GET http://10.180.1.21:9696/networking/v2.0/security-groups?tenant_id=90d0bafee036434cb657d15e91104039&name=default 0.052s
2025-05-14 04:49:48.815 70083 INFO tempest.lib.common.rest_client [req-02056b02-4656-4043-914b-3d1154b20db1 req-02056b02-4656-4043-914b-3d1154b20db1 ] Request (ServersNegativeTestJSON:setUpClass): 200 GET http://10.180.1.21/compute/v2.1/servers/6f88b001-92fe-4870-833d-50d35a87a27d 0.163s
2025-05-14 04:49:48.828 70103 INFO tempest.lib.common.rest_client [req-3a2febc4-9930-48d2-a909-876a145ed564 req-3a2febc4-9930-48d2-a909-876a145ed564 ] Request (ImagesOneServerNegativeTestJSON:_run_cleanups): 200 GET http://10.180.1.21/compute/v2.1/servers/a78880c5-dba8-40f9-8da7-47fdd060a8ca 0.055s
2025-05-14 04:49:48.858 70107 INFO tempest.lib.common.rest_client [req-370ea945-283f-4356-8042-b9f7258749c7 req-370ea945-283f-4356-8042-b9f7258749c7 ] Request (SecurityGroupsNegativeTestJSON:tearDownClass): 204 DELETE http://10.180.1.21:9696/networking/v2.0/security-groups/fa6bc039-4b7d-4d9a-a0ca-a7219e38fa8c 0.117s
2025-05-14 04:49:48.880 70113 INFO tempest.lib.common.rest_client [req-f606b46b-338c-413d-ad5b-ec1178309692 req-f606b46b-338c-413d-ad5b-ec1178309692 ] Request (ServersTestFqdnHostnames:test_create_server_with_fqdn_name): 200 GET http://10.180.1.21/compute/v2.1/servers/95d7879b-912b-4a3c-8770-fd14bef6d3e0 0.058s
2025-05-14 04:49:48.887 70113 INFO tempest.common.waiters [-] State transition "BUILD/scheduling" ==> "BUILD/None" after 44 second wait
2025-05-14 04:49:48.957 70107 INFO tempest.lib.common.rest_client [req-23bdf448-0692-457c-8598-cd01ccafa9a6 req-23bdf448-0692-457c-8598-cd01ccafa9a6 ] Request (SecurityGroupsNegativeTestJSON:tearDownClass): 204 DELETE http://10.180.1.21/identity/v3/projects/90d0bafee036434cb657d15e91104039 0.099s
2025-05-14 04:49:48.958 70095 INFO tempest.lib.common.rest_client [req-4ff73079-b1be-4ca7-836f-47725383eb87 req-4ff73079-b1be-4ca7-836f-47725383eb87 ] Request (ServerTagsTestJSON:setUpClass): 200 GET http://10.180.1.21/compute/v2.1/servers/2cbd4e7b-e10a-4a57-9532-cc632b2ed7a1 0.055s
2025-05-14 04:49:49.120 70129 INFO tempest.lib.common.rest_client [req-d61821a1-1639-43bf-98ce-8825033099b9 req-d61821a1-1639-43bf-98ce-8825033099b9 ] Request (ImagesTestJSON:test_create_image_from_suspended_server): 200 GET http://10.180.1.21/compute/v2.1/servers/02f13b78-8877-4061-ba37-734bb5c49f34 0.081s
2025-05-14 04:49:49.152 70115 INFO tempest.lib.common.rest_client [req-758b0717-f048-45c7-b722-08c0cd09b1cb req-758b0717-f048-45c7-b722-08c0cd09b1cb ] Request (ServersTestJSON:setUpClass): 200 GET http://10.180.1.21/compute/v2.1/servers/626997d7-942b-440c-9cd8-5ff0fe1d8246 0.182s
2025-05-14 04:49:49.163 70115 INFO tempest.common.waiters [-] State transition "BUILD/block_device_mapping" ==> "BUILD/spawning" after 86 second wait
