2025-05-14 04:47:00.318 70093 INFO tempest.lib.common.rest_client [req-d7a2e02a-05e1-4a61-8785-a2434a5475e5 req-d7a2e02a-05e1-4a61-8785-a2434a5475e5 ] Request (NetworksTest:tearDownClass): 204 DELETE http://10.180.1.21/identity/v3/users/de833f08a9c74dba9d5a727a2abc4da2 0.184s
2025-05-14 04:47:00.318 70093 INFO tempest.lib.common.dynamic_creds [-] Deleting project and security group for project: eee508f51e4e4109b928ade4cadf0621
2025-05-14 04:47:00.336 70121 INFO tempest.lib.common.rest_client [req-0a73e198-293c-4bff-87a8-94c9cbc9fb1a req-0a73e198-293c-4bff-87a8-94c9cbc9fb1a ] Request (FlavorMetadataValidation:_run_cleanups): 202 DELETE http://10.180.1.21/compute/v2.1/flavors/1387811011 1.885s
2025-05-14 04:47:00.398 70083 INFO tempest.lib.common.rest_client [req-14fc0779-b178-40a5-9eb5-31623e5584cd req-14fc0779-b178-40a5-9eb5-31623e5584cd ] Request (HypervisorAdminNegativeTestJSON:setUpClass): 204 PUT http://10.180.1.21/identity/v3/projects/9e1fe7d6508f47d68cf85ead91eeb3ac/users/a3c8382e1da04bddb07391acfc0fa70d/roles/99f3ebb329f24bf88a69728390ff514f 0.198s
2025-05-14 04:47:00.456 70137 INFO tempest.lib.common.rest_client [req-dbb55687-f438-4f86-bf1a-fbe09f4ce51c req-dbb55687-f438-4f86-bf1a-fbe09f4ce51c ] Request (SecurityGroupsTestJSON:test_list_security_groups_by_server): 201 POST http://10.180.1.21/identity/v3/auth/tokens 0.176s
2025-05-14 04:47:00.457 70133 INFO tempest.lib.common.rest_client [req-dd3c3dd9-757b-4ad2-9631-618b4429240c req-dd3c3dd9-757b-4ad2-9631-618b4429240c ] Request (ServersAaction247Test:test_create_backup): 200 GET http://10.180.1.21/compute/v2.1/servers/04f381bb-52dc-438f-8617-70dd4e4e6deb 2.020s
2025-05-14 04:47:00.458 70137 INFO tempest.lib.common.fixed_network [-] (SecurityGroupsTestJSON:test_list_security_groups_by_server) Found network {'id': '3a65222b-6c19-40e9-a3ba-658515783a62', 'name': 'tempest-SecurityGroupsTestJSON-1465175120-network', 'tenant_id': '61f6b6179e7a4dc2a63cca74bc87775c', 'admin_state_up': True, 'mtu': 8950, 'status': 'ACTIVE', 'subnets': [], 'shared': False, 'project_id': '61f6b6179e7a4dc2a63cca74bc87775c', 'port_security_enabled': True, 'router:external': False, 'provider:network_type': 'vlan', 'provider:physical_network': 'default', 'provider:segmentation_id': 524, 'availability_zone_hints': [], 'availability_zones': [], 'ipv4_address_scope': None, 'ipv6_address_scope': None, 'description': '', 'tags': [], 'created_at': '2025-05-14T04:46:48Z', 'updated_at': '2025-05-14T04:46:48Z', 'revision_number': 1} available for tenant
2025-05-14 04:47:00.491 70097 INFO tempest.lib.common.rest_client [req-9d62b995-e974-415c-bbd1-21ebd4e04662 req-9d62b995-e974-415c-bbd1-21ebd4e04662 ] Request (ServersAdmin275Test:test_rebuild_update_server_275): 200 GET http://10.180.1.21/compute/v2.1/servers/aae9c3c4-2b4b-45af-abb8-31ca8bbe8714 1.808s
2025-05-14 04:47:00.512 70093 INFO tempest.lib.common.rest_client [req-a2a99c2f-3b41-4f0e-af27-c36085a78725 req-a2a99c2f-3b41-4f0e-af27-c36085a78725 ] Request (NetworksTest:tearDownClass): 201 POST http://10.180.1.21/identity/v3/auth/tokens 0.193s
2025-05-14 04:47:00.512 70103 INFO tempest.lib.common.rest_client [req-ccc7845c-6e0e-4c4e-b167-70085e26a760 req-ccc7845c-6e0e-4c4e-b167-70085e26a760 ] Request (ServicesAdminNegativeV253TestJSON:test_disable_service_with_invalid_service_id): 404 PUT http://10.180.1.21/compute/v2.1/os-services/537c3c3a-5b6d-44ef-8542-ebc8cb7786d8 1.544s
2025-05-14 04:47:00.526 70085 INFO tempest.lib.common.rest_client [req-e66fbfd2-ce8b-4d0f-9566-6efa99ea7df6 req-e66fbfd2-ce8b-4d0f-9566-6efa99ea7df6 ] Request (VolumesAssistedSnapshotsTest:setUpClass): 200 PUT http://10.180.1.21:9696/networking/v2.0/routers/4d678a58-93e6-4cc0-beda-47d397024813/add_router_interface 3.028s
2025-05-14 04:47:00.526 70085 INFO tempest.lib.common.dynamic_creds [-] Created isolated network resources for: credentials: Credentials: {'domain_id': 'default', 'domain_name': 'Default', 'username': 'tempest-VolumesAssistedSnapshotsTest-995910684-project-admin', 'project_domain_id': 'default', 'project_domain_name': 'Default', 'project_id': '029bb1d7c2a84657ae38fa5bc1b88485', 'project_name': 'tempest-VolumesAssistedSnapshotsTest-995910684', 'tenant_id': '029bb1d7c2a84657ae38fa5bc1b88485', 'tenant_name': 'tempest-VolumesAssistedSnapshotsTest-995910684', 'user_domain_id': 'default', 'user_domain_name': 'Default', 'user_id': '776903610d6142e9b6b038365385308e', 'system': None}, Network: {'id': '87b59caf-2a7e-4ae1-8d5b-8670c4bfb670', 'name': 'tempest-VolumesAssistedSnapshotsTest-162760811-network', 'tenant_id': '029bb1d7c2a84657ae38fa5bc1b88485', 'admin_state_up': True, 'mtu': 8950, 'status': 'ACTIVE', 'subnets': [], 'shared': False, 'project_id': '029bb1d7c2a84657ae38fa5bc1b88485', 'port_security_enabled': True, 'router:external': False, 'provider:network_type': 'vlan', 'provider:physical_network': 'default', 'provider:segmentation_id': 616, 'availability_zone_hints': [], 'availability_zones': [], 'ipv4_address_scope': None, 'ipv6_address_scope': None, 'description': '', 'tags': [], 'created_at': '2025-05-14T04:46:55Z', 'updated_at': '2025-05-14T04:46:55Z', 'revision_number': 1}, Subnet: {'id': '5e9c5ca4-748e-4232-8c41-9641c114e681', 'name': 'tempest-VolumesAssistedSnapshotsTest-162760811-subnet', 'tenant_id': '029bb1d7c2a84657ae38fa5bc1b88485', 'network_id': '87b59caf-2a7e-4ae1-8d5b-8670c4bfb670', 'ip_version': 4, 'subnetpool_id': None, 'enable_dhcp': True, 'ipv6_ra_mode': None, 'ipv6_address_mode': None, 'gateway_ip': '192.168.128.1', 'cidr': '192.168.128.0/28', 'allocation_pools': [{'start': '192.168.128.2', 'end': '192.168.128.14'}], 'host_routes': [], 'dns_nameservers': [], 'description': '', 'router:external': False, 'service_types': [], 'tags': [], 'created_at': '2025-05-14T04:46:55Z', 'updated_at': '2025-05-14T04:46:55Z', 'revision_number': 0, 'project_id': '029bb1d7c2a84657ae38fa5bc1b88485'}, Router: {'id': '4d678a58-93e6-4cc0-beda-47d397024813', 'name': 'tempest-VolumesAssistedSnapshotsTest-162760811-router', 'tenant_id': '029bb1d7c2a84657ae38fa5bc1b88485', 'admin_state_up': True, 'status': 'ACTIVE', 'external_gateway_info': {'network_id': '490c4fde-2c0e-4a8a-a184-46d5d29de781', 'external_fixed_ips': [{'subnet_id': 'e7ffefc0-a41d-4948-980e-95100e91836a', 'ip_address': '10.180.180.237'}], 'enable_snat': True}, 'description': '', 'availability_zones': [], 'distributed': False, 'ha': False, 'availability_zone_hints': [], 'routes': [], 'flavor_id': None, 'tags': [], 'created_at': '2025-05-14T04:46:56Z', 'updated_at': '2025-05-14T04:46:56Z', 'revision_number': 2, 'project_id': '029bb1d7c2a84657ae38fa5bc1b88485'}
2025-05-14 04:47:00.531 70083 INFO tempest.lib.common.rest_client [req-9ad5b140-f15a-442d-a27b-dbac4eb893cf req-9ad5b140-f15a-442d-a27b-dbac4eb893cf ] Request (HypervisorAdminNegativeTestJSON:setUpClass): 200 GET http://10.180.1.21/identity/v3/roles 0.132s
2025-05-14 04:47:00.558 70135 INFO tempest.lib.common.rest_client [req-58325d99-1bde-4fa6-9a6f-194dc0a96c0b req-58325d99-1bde-4fa6-9a6f-194dc0a96c0b ] Request (InstanceUsageAuditLogTestJSON:tearDownClass): 204 DELETE http://10.180.1.21:9696/networking/v2.0/security-groups/e5716e99-db41-40d3-8910-b6949076c44b 0.280s
2025-05-14 04:47:00.637 70083 INFO tempest.lib.common.rest_client [req-00a07329-e00f-44b2-9a82-9b46fdb48057 req-00a07329-e00f-44b2-9a82-9b46fdb48057 ] Request (HypervisorAdminNegativeTestJSON:setUpClass): 204 PUT http://10.180.1.21/identity/v3/projects/9e1fe7d6508f47d68cf85ead91eeb3ac/users/a3c8382e1da04bddb07391acfc0fa70d/roles/99f3ebb329f24bf88a69728390ff514f 0.105s
2025-05-14 04:47:00.637 70083 INFO tempest.lib.common.dynamic_creds [-] Dynamic test user a3c8382e1da04bddb07391acfc0fa70d is created with scope project and roles: ['admin']
2025-05-14 04:47:00.637 70083 INFO tempest.lib.common.dynamic_creds [-] Acquired dynamic creds: credentials: Credentials: {'domain_id': 'default', 'domain_name': 'Default', 'username': 'tempest-HypervisorAdminNegativeTestJSON-1478236434-project-admin', 'project_domain_id': 'default', 'project_domain_name': 'Default', 'project_id': '9e1fe7d6508f47d68cf85ead91eeb3ac', 'project_name': 'tempest-HypervisorAdminNegativeTestJSON-1478236434', 'tenant_id': '9e1fe7d6508f47d68cf85ead91eeb3ac', 'tenant_name': 'tempest-HypervisorAdminNegativeTestJSON-1478236434', 'user_domain_id': 'default', 'user_domain_name': 'Default', 'user_id': 'a3c8382e1da04bddb07391acfc0fa70d', 'system': None}, Network: None, Subnet: None, Router: None
2025-05-14 04:47:00.638 70083 INFO tempest.lib.common.dynamic_creds [-] Created isolated network resources for: credentials: Credentials: {'domain_id': 'default', 'domain_name': 'Default', 'username': 'tempest-HypervisorAdminNegativeTestJSON-1478236434-project-admin', 'project_domain_id': 'default', 'project_domain_name': 'Default', 'project_id': '9e1fe7d6508f47d68cf85ead91eeb3ac', 'project_name': 'tempest-HypervisorAdminNegativeTestJSON-1478236434', 'tenant_id': '9e1fe7d6508f47d68cf85ead91eeb3ac', 'tenant_name': 'tempest-HypervisorAdminNegativeTestJSON-1478236434', 'user_domain_id': 'default', 'user_domain_name': 'Default', 'user_id': 'a3c8382e1da04bddb07391acfc0fa70d', 'system': None}, Network: None, Subnet: None, Router: None
2025-05-14 04:47:00.648 70127 INFO tempest.lib.common.rest_client [req-5ebbd1a3-b1c4-441f-841a-aae4348ac268 req-5ebbd1a3-b1c4-441f-841a-aae4348ac268 ] Request (ServersWithSpecificFlavorTestJSON:test_verify_created_server_ephemeral_disk): 200 GET http://10.180.1.21/compute/v2.1/flavors/42 1.908s
2025-05-14 04:47:00.683 70085 INFO tempest.lib.common.rest_client [req-da78ddcc-c817-4431-849b-1e4251016c75 req-da78ddcc-c817-4431-849b-1e4251016c75 ] Request (VolumesAssistedSnapshotsTest:setUpClass): 201 POST http://10.180.1.21/identity/v3/auth/tokens 0.152s
2025-05-14 04:47:00.724 70135 INFO tempest.lib.common.rest_client [req-cc0ba920-3d18-4984-bc0e-14fa5f28811f req-cc0ba920-3d18-4984-bc0e-14fa5f28811f ] Request (InstanceUsageAuditLogTestJSON:tearDownClass): 204 DELETE http://10.180.1.21/identity/v3/projects/4d42e33ac5aa4684999a47bf50fdf55c 0.165s
2025-05-14 04:47:00.735 70123 INFO tempest.lib.common.rest_client [req-8d05680d-9fcf-47c8-b177-58cd0ee8f5f5 req-8d05680d-9fcf-47c8-b177-58cd0ee8f5f5 ] Request (HypervisorAdminV253TestBase:tearDownClass): 200 GET http://10.180.1.21:9696/networking/v2.0/security-groups?tenant_id=42e7f40925544c61bacc22337fbfc931&name=default 0.505s
2025-05-14 04:47:00.780 70143 INFO tempest.lib.common.rest_client [req-a16c6d99-8c29-47bc-81f2-b20480d91222 req-a16c6d99-8c29-47bc-81f2-b20480d91222 ] Request (MigrationsAdminTest:test_list_migrations_in_flavor_resize_situation): 200 GET http://10.180.1.21/compute/v2.1/servers/e4012c7e-7b29-4ada-b5d4-5e092555a6d1 1.341s
2025-05-14 04:47:00.811 70111 INFO tempest.lib.common.rest_client [req-041be254-434d-4564-bbec-7d8378a93864 req-041be254-434d-4564-bbec-7d8378a93864 ] Request (FlavorsV255TestJSON:test_crud_flavor): 200 GET http://10.180.1.21/compute/v2.1/flavors/detail 1.300s
2025-05-14 04:47:00.844 70107 INFO tempest.lib.common.rest_client [req-850d5066-1161-4d1e-a124-d192cd809b01 req-850d5066-1161-4d1e-a124-d192cd809b01 ] Request (FlavorsAccessTestJSON:test_flavor_access_add_remove): 200 POST http://10.180.1.21/compute/v2.1/flavors/175216944/action 1.729s
2025-05-14 04:47:00.890 70083 INFO tempest.lib.common.rest_client [req-abd5cd00-47a7-4440-a72d-9c022b250a0f req-abd5cd00-47a7-4440-a72d-9c022b250a0f ] Request (HypervisorAdminNegativeTestJSON:setUpClass): 201 POST http://10.180.1.21/identity/v3/auth/tokens 0.247s
2025-05-14 04:47:00.900 70085 INFO tempest.lib.common.rest_client [req-5e157760-f746-46ab-843e-14ed7f9694de req-5e157760-f746-46ab-843e-14ed7f9694de ] Request (VolumesAssistedSnapshotsTest:setUpClass): 201 POST http://10.180.1.21/identity/v3/projects 0.217s
2025-05-14 04:47:00.902 70131 INFO tempest.lib.common.rest_client [req-1d8a7b22-a559-4c8d-a886-a98b93bf2bec req-1d8a7b22-a559-4c8d-a886-a98b93bf2bec ] Request (FloatingIPsNegativeTestJSON:test_delete_nonexistent_floating_ip): 404 DELETE http://10.180.1.21/compute/v2.1/os-floating-ips/0e94dc4c-4b63-444c-aaa5-4721d809857a 1.306s
2025-05-14 04:47:00.970 70135 INFO tempest.lib.common.rest_client [req-0de1f829-0a22-4109-b8ca-f88cc10ffece req-0de1f829-0a22-4109-b8ca-f88cc10ffece ] Request (SecurityGroupsTestAdminJSON:setUpClass): 201 POST http://10.180.1.21/identity/v3/auth/tokens 0.244s
2025-05-14 04:47:00.993 70115 INFO tempest.lib.common.rest_client [req-ae3a8997-740e-4a45-9d8b-4fd61cbece74 req-ae3a8997-740e-4a45-9d8b-4fd61cbece74 ] Request (ServerDiagnosticsV248Test:test_get_server_diagnostics): 200 GET http://10.180.1.21/compute/v2.1/servers/a6c4eeb4-f58c-4de7-8c1f-9bb329e21aa5 1.163s
2025-05-14 04:47:00.996 70085 INFO tempest.lib.common.rest_client [req-9274f070-7996-4cc4-9d13-8b9cd02e9fd2 req-9274f070-7996-4cc4-9d13-8b9cd02e9fd2 ] Request (VolumesAssistedSnapshotsTest:setUpClass): 201 POST http://10.180.1.21/identity/v3/users 0.096s
2025-05-14 04:47:01.007 70095 INFO tempest.lib.common.rest_client [req-f387b694-ed39-490d-abcb-1a931a7b84d1 req-f387b694-ed39-490d-abcb-1a931a7b84d1 ] Request (HostsAdminNegativeTestJSON:test_reboot_nonexistent_host): 404 GET http://10.180.1.21/compute/v2.1/os-hosts/nonexistent_hostname/reboot 1.173s
2025-05-14 04:47:01.021 70085 INFO tempest.lib.common.rest_client [req-6ea49d74-4493-49b4-aaa0-25615151bee4 req-6ea49d74-4493-49b4-aaa0-25615151bee4 ] Request (VolumesAssistedSnapshotsTest:setUpClass): 200 GET http://10.180.1.21/identity/v3/roles 0.024s
2025-05-14 04:47:01.037 70135 INFO tempest.lib.common.rest_client [req-fb9de3e5-201d-47b6-a14f-0ecceab5ae03 req-fb9de3e5-201d-47b6-a14f-0ecceab5ae03 ] Request (SecurityGroupsTestAdminJSON:setUpClass): 201 POST http://10.180.1.21/identity/v3/auth/tokens 0.064s
2025-05-14 04:47:01.047 70093 INFO tempest.lib.common.rest_client [req-35c9c350-e502-4fe2-9d7a-af6227eb20c9 req-35c9c350-e502-4fe2-9d7a-af6227eb20c9 ] Request (NetworksTest:tearDownClass): 200 GET http://10.180.1.21:9696/networking/v2.0/security-groups?tenant_id=eee508f51e4e4109b928ade4cadf0621&name=default 0.535s
2025-05-14 04:47:01.051 70085 INFO tempest.lib.common.rest_client [req-c7404ca7-91ff-4366-94dc-cbbc1cc9c139 req-c7404ca7-91ff-4366-94dc-cbbc1cc9c139 ] Request (VolumesAssistedSnapshotsTest:setUpClass): 204 PUT http://10.180.1.21/identity/v3/projects/75dbbc2bb4bd4300936060658aa79169/users/c403f2f6234d41fca70a6381be904bfa/roles/99f3ebb329f24bf88a69728390ff514f 0.029s
2025-05-14 04:47:01.055 70105 INFO tempest.lib.common.rest_client [req-5e6a3713-510b-4c63-8fbd-6467c1cda7c4 req-5e6a3713-510b-4c63-8fbd-6467c1cda7c4 ] Request (FlavorsV2NegativeTest:test_boot_with_low_ram): 204 PUT http://10.180.1.21/image/v2/images/1633e20d-ccfb-4aea-b754-b42a265d7a36/file 1.833s
2025-05-14 04:47:01.097 70135 INFO tempest.lib.common.rest_client [req-300867c1-ba7c-41d0-a0f9-f690bb26540a req-300867c1-ba7c-41d0-a0f9-f690bb26540a ] Request (SecurityGroupsTestAdminJSON:setUpClass): 200 GET http://10.180.1.21/identity/v3/domains?name=Default 0.058s
2025-05-14 04:47:01.101 70085 INFO tempest.lib.common.rest_client [req-de8712a5-f99b-46a1-b15a-a769c65b57db req-de8712a5-f99b-46a1-b15a-a769c65b57db ] Request (VolumesAssistedSnapshotsTest:setUpClass): 200 GET http://10.180.1.21/identity/v3/roles 0.049s
2025-05-14 04:47:01.124 70123 INFO tempest.lib.common.rest_client [req-6f686ec4-6be2-46c1-8552-4b23192213cc req-6f686ec4-6be2-46c1-8552-4b23192213cc ] Request (HypervisorAdminV253TestBase:tearDownClass): 204 DELETE http://10.180.1.21:9696/networking/v2.0/security-groups/a7deada9-e2fc-443c-b123-371bd3be06f3 0.388s
2025-05-14 04:47:01.140 70135 INFO tempest.lib.common.rest_client [req-03ff26a1-3156-47ef-b5a7-8555c9638060 req-03ff26a1-3156-47ef-b5a7-8555c9638060 ] Request (SecurityGroupsTestAdminJSON:setUpClass): 201 POST http://10.180.1.21/identity/v3/projects 0.043s
2025-05-14 04:47:01.161 70105 INFO tempest.lib.common.rest_client [req-70175472-0676-49f6-a57e-b1ad52cae6c4 req-70175472-0676-49f6-a57e-b1ad52cae6c4 ] Request (FlavorsV2NegativeTest:test_boot_with_low_ram): 201 POST http://10.180.1.21/identity/v3/auth/tokens 0.102s
2025-05-14 04:47:01.161 70105 INFO tempest.lib.common.fixed_network [-] (FlavorsV2NegativeTest:test_boot_with_low_ram) Found network None available for tenant
2025-05-14 04:47:01.188 70085 INFO tempest.lib.common.rest_client [req-8b543b34-c550-4f93-b59d-82e0309e7e4b req-8b543b34-c550-4f93-b59d-82e0309e7e4b ] Request (VolumesAssistedSnapshotsTest:setUpClass): 204 PUT http://10.180.1.21/identity/v3/projects/75dbbc2bb4bd4300936060658aa79169/users/c403f2f6234d41fca70a6381be904bfa/roles/fe42b2e9f9874849b8bca04d67ceba9f 0.086s
2025-05-14 04:47:01.188 70085 INFO tempest.lib.common.dynamic_creds [-] Dynamic test user c403f2f6234d41fca70a6381be904bfa is created with scope project and roles: ['admin', 'service']
2025-05-14 04:47:01.188 70085 INFO tempest.lib.common.dynamic_creds [-] Acquired dynamic creds: credentials: Credentials: {'domain_id': 'default', 'domain_name': 'Default', 'username': 'tempest-VolumesAssistedSnapshotsTest-1675928798-project', 'project_domain_id': 'default', 'project_domain_name': 'Default', 'project_id': '75dbbc2bb4bd4300936060658aa79169', 'project_name': 'tempest-VolumesAssistedSnapshotsTest-1675928798', 'tenant_id': '75dbbc2bb4bd4300936060658aa79169', 'tenant_name': 'tempest-VolumesAssistedSnapshotsTest-1675928798', 'user_domain_id': 'default', 'user_domain_name': 'Default', 'user_id': 'c403f2f6234d41fca70a6381be904bfa', 'system': None}, Network: None, Subnet: None, Router: None
2025-05-14 04:47:01.245 70135 INFO tempest.lib.common.rest_client [req-a7ed73ae-411d-4289-b5bf-af71723a33af req-a7ed73ae-411d-4289-b5bf-af71723a33af ] Request (SecurityGroupsTestAdminJSON:setUpClass): 201 POST http://10.180.1.21/identity/v3/users 0.104s
2025-05-14 04:47:01.259 70123 INFO tempest.lib.common.rest_client [req-2ebfdf43-066b-4140-907f-0dc526a5a175 req-2ebfdf43-066b-4140-907f-0dc526a5a175 ] Request (HypervisorAdminV253TestBase:tearDownClass): 204 DELETE http://10.180.1.21/identity/v3/projects/42e7f40925544c61bacc22337fbfc931 0.135s
2025-05-14 04:47:01.259 70123 INFO tempest.lib.common.dynamic_creds [-] Deleting project and security group for project: 419d11ba8bbd4de4b640f7d5af49ec56
2025-05-14 04:47:01.293 70135 INFO tempest.lib.common.rest_client [req-36837494-18df-4323-963c-29c96d213e8a req-36837494-18df-4323-963c-29c96d213e8a ] Request (SecurityGroupsTestAdminJSON:setUpClass): 200 GET http://10.180.1.21/identity/v3/roles 0.047s
2025-05-14 04:47:01.326 70135 INFO tempest.lib.common.rest_client [req-0c3253f3-433b-4316-b607-721badca1947 req-0c3253f3-433b-4316-b607-721badca1947 ] Request (SecurityGroupsTestAdminJSON:setUpClass): 204 PUT http://10.180.1.21/identity/v3/projects/ca627c5eb27a4d3cb0b973870a886a98/users/ae54085224ec4fc1a55a8e7db918c14f/roles/0378efa431c848e19f1f485ed916abca 0.033s
2025-05-14 04:47:01.326 70135 INFO tempest.lib.common.dynamic_creds [-] Dynamic test user ae54085224ec4fc1a55a8e7db918c14f is created with scope project and roles: ['member']
2025-05-14 04:47:01.327 70135 INFO tempest.lib.common.dynamic_creds [-] Acquired dynamic creds: credentials: Credentials: {'domain_id': 'default', 'domain_name': 'Default', 'username': 'tempest-SecurityGroupsTestAdminJSON-124979902-project-member', 'project_domain_id': 'default', 'project_domain_name': 'Default', 'project_id': 'ca627c5eb27a4d3cb0b973870a886a98', 'project_name': 'tempest-SecurityGroupsTestAdminJSON-124979902', 'tenant_id': 'ca627c5eb27a4d3cb0b973870a886a98', 'tenant_name': 'tempest-SecurityGroupsTestAdminJSON-124979902', 'user_domain_id': 'default', 'user_domain_name': 'Default', 'user_id': 'ae54085224ec4fc1a55a8e7db918c14f', 'system': None}, Network: None, Subnet: None, Router: None
2025-05-14 04:47:01.327 70135 INFO tempest.lib.common.dynamic_creds [-] Created isolated network resources for: credentials: Credentials: {'domain_id': 'default', 'domain_name': 'Default', 'username': 'tempest-SecurityGroupsTestAdminJSON-124979902-project-member', 'project_domain_id': 'default', 'project_domain_name': 'Default', 'project_id': 'ca627c5eb27a4d3cb0b973870a886a98', 'project_name': 'tempest-SecurityGroupsTestAdminJSON-124979902', 'tenant_id': 'ca627c5eb27a4d3cb0b973870a886a98', 'tenant_name': 'tempest-SecurityGroupsTestAdminJSON-124979902', 'user_domain_id': 'default', 'user_domain_name': 'Default', 'user_id': 'ae54085224ec4fc1a55a8e7db918c14f', 'system': None}, Network: None, Subnet: None, Router: None
2025-05-14 04:47:01.352 70120 INFO tempest.lib.common.rest_client [req-6ff2b66e-3cd0-4719-8a51-32feb802a087 req-6ff2b66e-3cd0-4719-8a51-32feb802a087 ] Request (DeleteServersAdminTestJSON:test_admin_delete_servers_of_others): 200 GET http://10.180.1.21/compute/v2.1/servers/ac48e4b5-3f7f-403d-a446-935be224fd40 1.143s
2025-05-14 04:47:01.361 70120 INFO tempest.common.waiters [-] State transition "BUILD/block_device_mapping" ==> "BUILD/spawning" after 5 second wait
2025-05-14 04:47:01.418 70135 INFO tempest.lib.common.rest_client [req-b4b292ee-010a-459b-9e38-d90ceab3fab8 req-b4b292ee-010a-459b-9e38-d90ceab3fab8 ] Request (SecurityGroupsTestAdminJSON:setUpClass): 201 POST http://10.180.1.21/identity/v3/auth/tokens 0.084s
2025-05-14 04:47:01.494 70135 INFO tempest.lib.common.rest_client [req-de3440d9-7bb3-429d-8c8f-0d0ca4af6845 req-de3440d9-7bb3-429d-8c8f-0d0ca4af6845 ] Request (SecurityGroupsTestAdminJSON:setUpClass): 201 POST http://10.180.1.21/identity/v3/projects 0.075s
2025-05-14 04:47:01.518 70093 INFO tempest.lib.common.rest_client [req-c71385a0-e10c-4c59-bc30-e8afd51f1cca req-c71385a0-e10c-4c59-bc30-e8afd51f1cca ] Request (NetworksTest:tearDownClass): 204 DELETE http://10.180.1.21:9696/networking/v2.0/security-groups/2ee4b00a-894d-4cf1-b9a3-10376fc0c913 0.470s
2025-05-14 04:47:01.529 70099 INFO tempest.lib.common.rest_client [req-6cfe82a5-1dd0-433d-87c7-de0fdc9459aa req-6cfe82a5-1dd0-433d-87c7-de0fdc9459aa ] Request (ImagesMetadataTestJSON:test_delete_image_metadata_item): 204 DELETE http://10.180.1.21/compute/v2.1/images/3b4ce05f-4a59-4cb6-9f5e-7494ffc77e37/metadata/os_version 1.291s
2025-05-14 04:47:01.571 70135 INFO tempest.lib.common.rest_client [req-534a7f79-5b66-4288-a019-de2f18febb03 req-534a7f79-5b66-4288-a019-de2f18febb03 ] Request (SecurityGroupsTestAdminJSON:setUpClass): 201 POST http://10.180.1.21/identity/v3/users 0.076s
2025-05-14 04:47:01.604 70135 INFO tempest.lib.common.rest_client [req-4bd91741-1e6a-45b4-8ce8-84e2bf69bdba req-4bd91741-1e6a-45b4-8ce8-84e2bf69bdba ] Request (SecurityGroupsTestAdminJSON:setUpClass): 200 GET http://10.180.1.21/identity/v3/roles 0.032s
2025-05-14 04:47:01.639 70123 INFO tempest.lib.common.rest_client [req-88f3b0e2-d3ce-4645-abcf-42ab8460ea50 req-88f3b0e2-d3ce-4645-abcf-42ab8460ea50 ] Request (HypervisorAdminV253TestBase:tearDownClass): 200 GET http://10.180.1.21:9696/networking/v2.0/security-groups?tenant_id=419d11ba8bbd4de4b640f7d5af49ec56&name=default 0.380s
2025-05-14 04:47:01.644 70145 INFO tempest.lib.common.rest_client [req-55bde1e3-0dd1-4047-869e-8bb53d18599b req-55bde1e3-0dd1-4047-869e-8bb53d18599b ] Request (SecurityGroupRulesNegativeTestJSON:setUpClass): 200 PUT http://10.180.1.21:9696/networking/v2.0/routers/d1232817-c772-4716-8a1d-969f1b53c4b5/add_router_interface 2.306s
2025-05-14 04:47:01.644 70145 INFO tempest.lib.common.dynamic_creds [-] Created isolated network resources for: credentials: Credentials: {'domain_id': 'default', 'domain_name': 'Default', 'username': 'tempest-SecurityGroupRulesNegativeTestJSON-1801834555-project-member', 'project_domain_id': 'default', 'project_domain_name': 'Default', 'project_id': '159f4101739e40538cb269c8cc89e301', 'project_name': 'tempest-SecurityGroupRulesNegativeTestJSON-1801834555', 'tenant_id': '159f4101739e40538cb269c8cc89e301', 'tenant_name': 'tempest-SecurityGroupRulesNegativeTestJSON-1801834555', 'user_domain_id': 'default', 'user_domain_name': 'Default', 'user_id': '18680a17197e45d98bf7e3f109e73bf7', 'system': None}, Network: {'id': '70b7154b-5abe-4f1f-b86a-3d1d844313e9', 'name': 'tempest-SecurityGroupRulesNegativeTestJSON-1170565961-network', 'tenant_id': '159f4101739e40538cb269c8cc89e301', 'admin_state_up': True, 'mtu': 8950, 'status': 'ACTIVE', 'subnets': [], 'shared': False, 'project_id': '159f4101739e40538cb269c8cc89e301', 'port_security_enabled': True, 'router:external': False, 'provider:network_type': 'vlan', 'provider:physical_network': 'default', 'provider:segmentation_id': 329, 'availability_zone_hints': [], 'availability_zones': [], 'ipv4_address_scope': None, 'ipv6_address_scope': None, 'description': '', 'tags': [], 'created_at': '2025-05-14T04:46:56Z', 'updated_at': '2025-05-14T04:46:56Z', 'revision_number': 1}, Subnet: {'id': 'b77cc1a7-9ec8-4e2b-b0c8-1c4b535b9016', 'name': 'tempest-SecurityGroupRulesNegativeTestJSON-1170565961-subnet', 'tenant_id': '159f4101739e40538cb269c8cc89e301', 'network_id': '70b7154b-5abe-4f1f-b86a-3d1d844313e9', 'ip_version': 4, 'subnetpool_id': None, 'enable_dhcp': True, 'ipv6_ra_mode': None, 'ipv6_address_mode': None, 'gateway_ip': '192.168.128.1', 'cidr': '192.168.128.0/28', 'allocation_pools': [{'start': '192.168.128.2', 'end': '192.168.128.14'}], 'host_routes': [], 'dns_nameservers': [], 'description': '', 'router:external': False, 'service_types': [], 'tags': [], 'created_at': '2025-05-14T04:46:56Z', 'updated_at': '2025-05-14T04:46:56Z', 'revision_number': 0, 'project_id': '159f4101739e40538cb269c8cc89e301'}, Router: {'id': 'd1232817-c772-4716-8a1d-969f1b53c4b5', 'name': 'tempest-SecurityGroupRulesNegativeTestJSON-1170565961-router', 'tenant_id': '159f4101739e40538cb269c8cc89e301', 'admin_state_up': True, 'status': 'ACTIVE', 'external_gateway_info': {'network_id': '490c4fde-2c0e-4a8a-a184-46d5d29de781', 'external_fixed_ips': [{'subnet_id': 'e7ffefc0-a41d-4948-980e-95100e91836a', 'ip_address': '10.180.180.165'}], 'enable_snat': True}, 'description': '', 'availability_zones': [], 'distributed': False, 'ha': False, 'availability_zone_hints': [], 'routes': [], 'flavor_id': None, 'tags': [], 'created_at': '2025-05-14T04:46:57Z', 'updated_at': '2025-05-14T04:46:58Z', 'revision_number': 2, 'project_id': '159f4101739e40538cb269c8cc89e301'}
2025-05-14 04:47:01.645 70093 INFO tempest.lib.common.rest_client [req-674980dc-52f3-4504-9833-f63886188287 req-674980dc-52f3-4504-9833-f63886188287 ] Request (NetworksTest:tearDownClass): 204 DELETE http://10.180.1.21/identity/v3/projects/eee508f51e4e4109b928ade4cadf0621 0.127s
2025-05-14 04:47:01.646 70093 INFO tempest.lib.common.dynamic_creds [-] Deleting project and security group for project: 28b2a31e1b1347a88d32d7fb7f9be453
2025-05-14 04:47:01.727 70135 INFO tempest.lib.common.rest_client [req-0d5e6b82-0630-4a70-9178-ca092185c7c4 req-0d5e6b82-0630-4a70-9178-ca092185c7c4 ] Request (SecurityGroupsTestAdminJSON:setUpClass): 204 PUT http://10.180.1.21/identity/v3/projects/84ff9cf3c7bd420494c8d7ae47bb7242/users/b4ad9e861ee94b0e97c93b7478a23bc4/roles/99f3ebb329f24bf88a69728390ff514f 0.123s
2025-05-14 04:47:01.808 70145 INFO tempest.lib.common.rest_client [req-54dcd2ed-56a2-4a72-a6b3-0766f232cdee req-54dcd2ed-56a2-4a72-a6b3-0766f232cdee ] Request (SecurityGroupRulesNegativeTestJSON:setUpClass): 201 POST http://10.180.1.21/identity/v3/auth/tokens 0.161s
2025-05-14 04:47:01.811 70135 INFO tempest.lib.common.rest_client [req-ecc92929-e258-4b27-a9f7-25fa7d4677c7 req-ecc92929-e258-4b27-a9f7-25fa7d4677c7 ] Request (SecurityGroupsTestAdminJSON:setUpClass): 200 GET http://10.180.1.21/identity/v3/roles 0.083s
2025-05-14 04:47:01.829 70135 INFO tempest.lib.common.rest_client [req-4a132cd0-a0fc-4e68-838f-2103c4813822 req-4a132cd0-a0fc-4e68-838f-2103c4813822 ] Request (SecurityGroupsTestAdminJSON:setUpClass): 204 PUT http://10.180.1.21/identity/v3/projects/84ff9cf3c7bd420494c8d7ae47bb7242/users/b4ad9e861ee94b0e97c93b7478a23bc4/roles/99f3ebb329f24bf88a69728390ff514f 0.017s
2025-05-14 04:47:01.829 70135 INFO tempest.lib.common.dynamic_creds [-] Dynamic test user b4ad9e861ee94b0e97c93b7478a23bc4 is created with scope project and roles: ['admin']
2025-05-14 04:47:01.829 70135 INFO tempest.lib.common.dynamic_creds [-] Acquired dynamic creds: credentials: Credentials: {'domain_id': 'default', 'domain_name': 'Default', 'username': 'tempest-SecurityGroupsTestAdminJSON-1866368397-project-admin', 'project_domain_id': 'default', 'project_domain_name': 'Default', 'project_id': '84ff9cf3c7bd420494c8d7ae47bb7242', 'project_name': 'tempest-SecurityGroupsTestAdminJSON-1866368397', 'tenant_id': '84ff9cf3c7bd420494c8d7ae47bb7242', 'tenant_name': 'tempest-SecurityGroupsTestAdminJSON-1866368397', 'user_domain_id': 'default', 'user_domain_name': 'Default', 'user_id': 'b4ad9e861ee94b0e97c93b7478a23bc4', 'system': None}, Network: None, Subnet: None, Router: None
2025-05-14 04:47:01.829 70135 INFO tempest.lib.common.dynamic_creds [-] Created isolated network resources for: credentials: Credentials: {'domain_id': 'default', 'domain_name': 'Default', 'username': 'tempest-SecurityGroupsTestAdminJSON-1866368397-project-admin', 'project_domain_id': 'default', 'project_domain_name': 'Default', 'project_id': '84ff9cf3c7bd420494c8d7ae47bb7242', 'project_name': 'tempest-SecurityGroupsTestAdminJSON-1866368397', 'tenant_id': '84ff9cf3c7bd420494c8d7ae47bb7242', 'tenant_name': 'tempest-SecurityGroupsTestAdminJSON-1866368397', 'user_domain_id': 'default', 'user_domain_name': 'Default', 'user_id': 'b4ad9e861ee94b0e97c93b7478a23bc4', 'system': None}, Network: None, Subnet: None, Router: None
2025-05-14 04:47:01.859 70125 INFO tempest.lib.common.rest_client [req-18695ec2-7d49-4e88-9b9f-2b1abbd150f2 req-18695ec2-7d49-4e88-9b9f-2b1abbd150f2 ] Request (QuotasAdminTestV257:test_get_updated_quotas): 200 PUT http://10.180.1.21/compute/v2.1/os-quota-sets/6ec0309c2af9409f944c5a1bea879bdc?user_id=5d22b73069c54125a96f00fa6d8b2273 1.608s
2025-05-14 04:47:01.886 70141 INFO tempest.lib.common.rest_client [req-fb9f2358-ee1b-44e9-908b-8422284bc3b9 req-fb9f2358-ee1b-44e9-908b-8422284bc3b9 ] Request (FlavorsV261TestJSON:test_crud_flavor): 200 GET http://10.180.1.21/compute/v2.1/flavors/detail 1.608s
2025-05-14 04:47:01.908 70093 INFO tempest.lib.common.rest_client [req-97a2f4d0-6271-4a33-bfc5-02c7031e4d03 req-97a2f4d0-6271-4a33-bfc5-02c7031e4d03 ] Request (NetworksTest:tearDownClass): 200 GET http://10.180.1.21:9696/networking/v2.0/security-groups?tenant_id=28b2a31e1b1347a88d32d7fb7f9be453&name=default 0.262s
2025-05-14 04:47:01.917 70129 INFO tempest.lib.common.rest_client [req-b5d7e581-7598-4625-80ed-e65bdfa4e3c1 req-b5d7e581-7598-4625-80ed-e65bdfa4e3c1 ] Request (FlavorsExtraSpecsNegativeTestJSON:test_flavor_non_admin_unset_keys): 200 POST http://10.180.1.21/compute/v2.1/flavors/534703832/os-extra_specs 1.632s
2025-05-14 04:47:01.919 70085 INFO tempest.lib.common.rest_client [req-5cb86765-bac3-4a01-9644-455fe863cb1a req-5cb86765-bac3-4a01-9644-455fe863cb1a ] Request (VolumesAssistedSnapshotsTest:setUpClass): 201 POST http://10.180.1.21:9696/networking/v2.0/networks 0.731s
2025-05-14 04:47:01.924 70135 INFO tempest.lib.common.rest_client [req-00cf4ca8-a3cf-4809-8e17-5c07e3e421b0 req-00cf4ca8-a3cf-4809-8e17-5c07e3e421b0 ] Request (SecurityGroupsTestAdminJSON:setUpClass): 201 POST http://10.180.1.21/identity/v3/auth/tokens 0.092s
2025-05-14 04:47:01.946 70087 INFO tempest.lib.common.rest_client [req-54edab40-25ca-4189-8086-7716b9e7de3b req-54edab40-25ca-4189-8086-7716b9e7de3b ] Request (AggregatesAdminNegativeTestJSON:test_aggregate_add_host_as_user): 200 POST http://10.180.1.21/compute/v2.1/os-aggregates 1.623s
2025-05-14 04:47:01.948 70123 INFO tempest.lib.common.rest_client [req-647b6a77-86fa-49d9-b041-183ffc337769 req-647b6a77-86fa-49d9-b041-183ffc337769 ] Request (HypervisorAdminV253TestBase:tearDownClass): 204 DELETE http://10.180.1.21:9696/networking/v2.0/security-groups/3e809b1b-ea55-4ab8-80dc-2654f7e73f77 0.308s
2025-05-14 04:47:01.957 70113 INFO tempest.lib.common.rest_client [req-0ec07629-0a7e-4771-95fd-c49f3c8ca0eb req-0ec07629-0a7e-4771-95fd-c49f3c8ca0eb ] Request (AttachInterfacesUnderV243Test:test_add_remove_fixed_ip): 202 POST http://10.180.1.21/compute/v2.1/servers 2.436s
2025-05-14 04:47:01.966 70109 INFO tempest.lib.common.rest_client [req-789ff0f9-d7f7-41bc-a0ba-74419f7471ca req-789ff0f9-d7f7-41bc-a0ba-74419f7471ca ] Request (FlavorsAdminTestJSON:test_create_flavor_verify_entry_in_list_details): 200 POST http://10.180.1.21/compute/v2.1/flavors 1.642s
2025-05-14 04:47:01.984 70121 INFO tempest.lib.common.rest_client [req-c8fece9c-4af5-4b77-87cd-cfc3c885c176 req-c8fece9c-4af5-4b77-87cd-cfc3c885c176 ] Request (FlavorMetadataValidation:_run_cleanups): 200 GET http://10.180.1.21/compute/v2.1/flavors/detail 1.647s
2025-05-14 04:47:02.034 70103 INFO tempest.lib.common.rest_client [req-3096a18d-0ab9-4c87-bb6e-ece122514ab6 req-3096a18d-0ab9-4c87-bb6e-ece122514ab6 ] Request (ServicesAdminNegativeV253TestJSON:test_enable_service_with_invalid_service_id): 404 PUT http://10.180.1.21/compute/v2.1/os-services/537c3c3a-5b6d-44ef-8542-ebc8cb7786d8 1.520s
2025-05-14 04:47:02.113 70123 INFO tempest.lib.common.rest_client [req-cd311774-790f-4185-9143-7691fe554500 req-cd311774-790f-4185-9143-7691fe554500 ] Request (HypervisorAdminV253TestBase:tearDownClass): 204 DELETE http://10.180.1.21/identity/v3/projects/419d11ba8bbd4de4b640f7d5af49ec56 0.165s
2025-05-14 04:47:02.122 70101 INFO tempest.lib.common.rest_client [req-1306a5f4-78b6-4470-922a-797fb09dd0f6 req-1306a5f4-78b6-4470-922a-797fb09dd0f6 ] Request (ServersAdminTestJSON:setUpClass): 200 PUT http://10.180.1.21:9696/networking/v2.0/routers/1dd60db3-7054-47ce-8720-01d4bad46fa2/add_router_interface 2.722s
2025-05-14 04:47:02.123 70101 INFO tempest.lib.common.dynamic_creds [-] Created isolated network resources for: credentials: Credentials: {'domain_id': 'default', 'domain_name': 'Default', 'username': 'tempest-ServersAdminTestJSON-931263799-project-admin', 'project_domain_id': 'default', 'project_domain_name': 'Default', 'project_id': 'c88d54e685a5447b9ae0fdfc74b81c3a', 'project_name': 'tempest-ServersAdminTestJSON-931263799', 'tenant_id': 'c88d54e685a5447b9ae0fdfc74b81c3a', 'tenant_name': 'tempest-ServersAdminTestJSON-931263799', 'user_domain_id': 'default', 'user_domain_name': 'Default', 'user_id': '0ad412e58a4849be9379b9f032f7a6a5', 'system': None}, Network: {'id': '319b0606-c669-4733-a59a-3b09f8d8fa48', 'name': 'tempest-ServersAdminTestJSON-804405088-network', 'tenant_id': 'c88d54e685a5447b9ae0fdfc74b81c3a', 'admin_state_up': True, 'mtu': 8950, 'status': 'ACTIVE', 'subnets': [], 'shared': False, 'project_id': 'c88d54e685a5447b9ae0fdfc74b81c3a', 'port_security_enabled': True, 'router:external': False, 'provider:network_type': 'vlan', 'provider:physical_network': 'default', 'provider:segmentation_id': 266, 'availability_zone_hints': [], 'availability_zones': [], 'ipv4_address_scope': None, 'ipv6_address_scope': None, 'description': '', 'tags': [], 'created_at': '2025-05-14T04:46:56Z', 'updated_at': '2025-05-14T04:46:56Z', 'revision_number': 1}, Subnet: {'id': '84607866-0707-4c12-80af-ccae527c5b05', 'name': 'tempest-ServersAdminTestJSON-804405088-subnet', 'tenant_id': 'c88d54e685a5447b9ae0fdfc74b81c3a', 'network_id': '319b0606-c669-4733-a59a-3b09f8d8fa48', 'ip_version': 4, 'subnetpool_id': None, 'enable_dhcp': True, 'ipv6_ra_mode': None, 'ipv6_address_mode': None, 'gateway_ip': '192.168.128.1', 'cidr': '192.168.128.0/28', 'allocation_pools': [{'start': '192.168.128.2', 'end': '192.168.128.14'}], 'host_routes': [], 'dns_nameservers': [], 'description': '', 'router:external': False, 'service_types': [], 'tags': [], 'created_at': '2025-05-14T04:46:56Z', 'updated_at': '2025-05-14T04:46:56Z', 'revision_number': 0, 'project_id': 'c88d54e685a5447b9ae0fdfc74b81c3a'}, Router: {'id': '1dd60db3-7054-47ce-8720-01d4bad46fa2', 'name': 'tempest-ServersAdminTestJSON-804405088-router', 'tenant_id': 'c88d54e685a5447b9ae0fdfc74b81c3a', 'admin_state_up': True, 'status': 'ACTIVE', 'external_gateway_info': {'network_id': '490c4fde-2c0e-4a8a-a184-46d5d29de781', 'external_fixed_ips': [{'subnet_id': 'e7ffefc0-a41d-4948-980e-95100e91836a', 'ip_address': '10.180.180.208'}], 'enable_snat': True}, 'description': '', 'availability_zones': [], 'distributed': False, 'ha': False, 'availability_zone_hints': [], 'routes': [], 'flavor_id': None, 'tags': [], 'created_at': '2025-05-14T04:46:57Z', 'updated_at': '2025-05-14T04:46:58Z', 'revision_number': 2, 'project_id': 'c88d54e685a5447b9ae0fdfc74b81c3a'}
2025-05-14 04:47:02.126 70121 INFO tempest.lib.common.rest_client [req-22d4b41d-6535-4d19-92be-90e2353f4b0a req-22d4b41d-6535-4d19-92be-90e2353f4b0a ] Request (FlavorMetadataValidation:tearDownClass): 204 DELETE http://10.180.1.21/identity/v3/users/ee18d17b42c64d149fdb960a4df9cdf5 0.125s
2025-05-14 04:47:02.190 70085 INFO tempest.lib.common.rest_client [req-0e8d04a4-ca12-4f51-94b4-e608ef836be0 req-0e8d04a4-ca12-4f51-94b4-e608ef836be0 ] Request (VolumesAssistedSnapshotsTest:setUpClass): 201 POST http://10.180.1.21:9696/networking/v2.0/subnets 0.270s
2025-05-14 04:47:02.201 70123 INFO tempest.lib.common.rest_client [req-3fd41722-d687-40c9-9c6c-f4336624e21e req-3fd41722-d687-40c9-9c6c-f4336624e21e ] Request (ServerDiagnosticsNegativeTest:setUpClass): 201 POST http://10.180.1.21/identity/v3/auth/tokens 0.085s
2025-05-14 04:47:02.206 70093 INFO tempest.lib.common.rest_client [req-7d38f195-0e74-430e-b9d0-be7d871d4286 req-7d38f195-0e74-430e-b9d0-be7d871d4286 ] Request (NetworksTest:tearDownClass): 204 DELETE http://10.180.1.21:9696/networking/v2.0/security-groups/b3c85ebb-41f0-4e5a-bf9d-7c8ebff2f1dc 0.298s
2025-05-14 04:47:02.281 70101 INFO tempest.lib.common.rest_client [req-a902992b-4844-40f3-917d-c30954e461f4 req-a902992b-4844-40f3-917d-c30954e461f4 ] Request (ServersAdminTestJSON:setUpClass): 201 POST http://10.180.1.21/identity/v3/auth/tokens 0.154s
2025-05-14 04:47:02.286 70127 INFO tempest.lib.common.rest_client [req-763ffa88-c088-4513-b4de-e932980cd9bc req-763ffa88-c088-4513-b4de-e932980cd9bc ] Request (ServersWithSpecificFlavorTestJSON:test_verify_created_server_ephemeral_disk): 200 POST http://10.180.1.21/compute/v2.1/flavors 1.635s
2025-05-14 04:47:02.314 70111 INFO tempest.lib.common.rest_client [req-c6530b5b-5f7d-422d-b66b-c3a8006ba505 req-c6530b5b-5f7d-422d-b66b-c3a8006ba505 ] Request (FlavorsV255TestJSON:test_crud_flavor): 200 GET http://10.180.1.21/compute/v2.1/flavors 1.498s
2025-05-14 04:47:02.317 70121 INFO tempest.lib.common.rest_client [req-2016f5d0-1e66-4e83-880c-c7b66f413a98 req-2016f5d0-1e66-4e83-880c-c7b66f413a98 ] Request (FlavorMetadataValidation:tearDownClass): 204 DELETE http://10.180.1.21/identity/v3/users/6429379e2782479c92b6bf0364b3c450 0.190s
2025-05-14 04:47:02.317 70121 INFO tempest.lib.common.dynamic_creds [-] Deleting project and security group for project: 8a5dcfd043594dab86e166d9f09aa7e7
2025-05-14 04:47:02.346 70123 INFO tempest.lib.common.rest_client [req-9a9bc54a-4370-4d65-a191-a150ef002489 req-9a9bc54a-4370-4d65-a191-a150ef002489 ] Request (ServerDiagnosticsNegativeTest:setUpClass): 201 POST http://10.180.1.21/identity/v3/auth/tokens 0.142s
2025-05-14 04:47:02.393 70101 INFO tempest.lib.common.rest_client [req-598e5c96-7b97-474c-97a7-da9bbbcddf8e req-598e5c96-7b97-474c-97a7-da9bbbcddf8e ] Request (ServersAdminTestJSON:setUpClass): 201 POST http://10.180.1.21/identity/v3/auth/tokens 0.108s
2025-05-14 04:47:02.393 70101 INFO tempest.lib.common.fixed_network [-] (ServersAdminTestJSON:setUpClass) Found network {'id': '063ddaf9-e7c4-422a-b9a7-0f66672b393b', 'name': 'tempest-ServersAdminTestJSON-243519979-network', 'tenant_id': 'bd83a3e6aa7d4705ba1de92289db99e7', 'admin_state_up': True, 'mtu': 8950, 'status': 'ACTIVE', 'subnets': [], 'shared': False, 'project_id': 'bd83a3e6aa7d4705ba1de92289db99e7', 'port_security_enabled': True, 'router:external': False, 'provider:network_type': 'vlan', 'provider:physical_network': 'default', 'provider:segmentation_id': 473, 'availability_zone_hints': [], 'availability_zones': [], 'ipv4_address_scope': None, 'ipv6_address_scope': None, 'description': '', 'tags': [], 'created_at': '2025-05-14T04:46:49Z', 'updated_at': '2025-05-14T04:46:49Z', 'revision_number': 1} available for tenant
2025-05-14 04:47:02.420 70091 INFO tempest.lib.common.rest_client [req-8fdf01cf-5dd5-4b43-a069-76c935a5ed64 req-8fdf01cf-5dd5-4b43-a069-76c935a5ed64 ] Request (AttachInterfacesV270Test:test_create_get_list_interfaces): 200 GET http://10.180.1.21/compute/v2.1/servers/60727adc-657b-4b01-ae39-48f7cf68a19c 1.581s
2025-05-14 04:47:02.457 70093 INFO tempest.lib.common.rest_client [req-f4388fda-cb43-4472-910f-2fce5ff9c94c req-f4388fda-cb43-4472-910f-2fce5ff9c94c ] Request (NetworksTest:tearDownClass): 204 DELETE http://10.180.1.21/identity/v3/projects/28b2a31e1b1347a88d32d7fb7f9be453 0.250s
2025-05-14 04:47:02.477 70107 INFO tempest.lib.common.rest_client [req-10b175fe-430e-4f6f-a98c-13e27c381066 req-10b175fe-430e-4f6f-a98c-13e27c381066 ] Request (FlavorsAccessTestJSON:test_flavor_access_add_remove): 200 GET http://10.180.1.21/compute/v2.1/flavors/detail 1.632s
2025-05-14 04:47:02.496 70121 INFO tempest.lib.common.rest_client [req-3b373649-f57c-4fc2-8205-1c39c29b1d53 req-3b373649-f57c-4fc2-8205-1c39c29b1d53 ] Request (FlavorMetadataValidation:tearDownClass): 201 POST http://10.180.1.21/identity/v3/auth/tokens 0.178s
2025-05-14 04:47:02.535 70123 INFO tempest.lib.common.rest_client [req-75df6d42-8065-474f-bb1f-a140bf44140d req-75df6d42-8065-474f-bb1f-a140bf44140d ] Request (ServerDiagnosticsNegativeTest:setUpClass): 200 GET http://10.180.1.21/identity/v3/domains?name=Default 0.189s
2025-05-14 04:47:02.560 70093 INFO tempest.lib.common.rest_client [req-7e068572-c543-4b2f-92c4-c5ec59c22c67 req-7e068572-c543-4b2f-92c4-c5ec59c22c67 ] Request (ServerExternalEventsTest:setUpClass): 201 POST http://10.180.1.21/identity/v3/auth/tokens 0.100s
2025-05-14 04:47:02.610 70131 INFO tempest.lib.common.rest_client [req-4af490a8-9944-4c51-a1dd-2586073e1a9b req-4af490a8-9944-4c51-a1dd-2586073e1a9b ] Request (FloatingIPsNegativeTestJSON:tearDownClass): 200 PUT http://10.180.1.21:9696/networking/v2.0/routers/4e46c530-64d9-4ff0-8846-b7c275f2d0ea/remove_router_interface 1.706s
2025-05-14 04:47:02.679 70123 INFO tempest.lib.common.rest_client [req-28ced858-1d33-467b-9ff5-1d55683265ed req-28ced858-1d33-467b-9ff5-1d55683265ed ] Request (ServerDiagnosticsNegativeTest:setUpClass): 201 POST http://10.180.1.21/identity/v3/projects 0.143s
2025-05-14 04:47:02.684 70083 INFO tempest.lib.common.rest_client [req-5ed2f8dc-dccb-43c8-9593-d90db2a29c85 req-5ed2f8dc-dccb-43c8-9593-d90db2a29c85 ] Request (HypervisorAdminNegativeTestJSON:test_get_hypervisor_list_details_with_non_admin_user): 403 GET http://10.180.1.21/compute/v2.1/os-hypervisors/detail 1.792s
2025-05-14 04:47:02.692 70095 INFO tempest.lib.common.rest_client [req-2006c09f-d9cf-42c3-a35b-6e36caa070ce req-2006c09f-d9cf-42c3-a35b-6e36caa070ce ] Request (HostsAdminNegativeTestJSON:test_show_host_detail_with_non_admin_user): 403 GET http://10.180.1.21/compute/v2.1/os-hosts/devstack 1.684s
2025-05-14 04:47:02.746 70093 INFO tempest.lib.common.rest_client [req-ec6b26f0-d42a-42f2-90e2-edcf52b46b7c req-ec6b26f0-d42a-42f2-90e2-edcf52b46b7c ] Request (ServerExternalEventsTest:setUpClass): 201 POST http://10.180.1.21/identity/v3/auth/tokens 0.180s
2025-05-14 04:47:02.777 70123 INFO tempest.lib.common.rest_client [req-37d0d165-9fd7-43df-9a55-ae036f544032 req-37d0d165-9fd7-43df-9a55-ae036f544032 ] Request (ServerDiagnosticsNegativeTest:setUpClass): 201 POST http://10.180.1.21/identity/v3/users 0.097s
2025-05-14 04:47:02.801 70093 INFO tempest.lib.common.rest_client [req-e0bdace3-c5a3-4871-be96-ddf8bf74fa80 req-e0bdace3-c5a3-4871-be96-ddf8bf74fa80 ] Request (ServerExternalEventsTest:setUpClass): 200 GET http://10.180.1.21/identity/v3/domains?name=Default 0.055s
2025-05-14 04:47:02.803 70123 INFO tempest.lib.common.rest_client [req-f420a363-5b81-44ce-b927-d755f079e79d req-f420a363-5b81-44ce-b927-d755f079e79d ] Request (ServerDiagnosticsNegativeTest:setUpClass): 200 GET http://10.180.1.21/identity/v3/roles 0.025s
2025-05-14 04:47:02.831 70093 INFO tempest.lib.common.rest_client [req-016b6b35-bff9-4f20-8564-7bc4022c91f4 req-016b6b35-bff9-4f20-8564-7bc4022c91f4 ] Request (ServerExternalEventsTest:setUpClass): 201 POST http://10.180.1.21/identity/v3/projects 0.030s
2025-05-14 04:47:02.835 70123 INFO tempest.lib.common.rest_client [req-c2e94c3e-99a5-425d-9c75-a7f1ffc05b4f req-c2e94c3e-99a5-425d-9c75-a7f1ffc05b4f ] Request (ServerDiagnosticsNegativeTest:setUpClass): 204 PUT http://10.180.1.21/identity/v3/projects/cddd43b8509b4b55882db334bfc6ab42/users/1fff1cf6ab74413f8da8aa5f2b12cfbc/roles/0378efa431c848e19f1f485ed916abca 0.031s
2025-05-14 04:47:02.835 70123 INFO tempest.lib.common.dynamic_creds [-] Dynamic test user 1fff1cf6ab74413f8da8aa5f2b12cfbc is created with scope project and roles: ['member']
2025-05-14 04:47:02.835 70123 INFO tempest.lib.common.dynamic_creds [-] Acquired dynamic creds: credentials: Credentials: {'domain_id': 'default', 'domain_name': 'Default', 'username': 'tempest-ServerDiagnosticsNegativeTest-1637113848-project-member', 'project_domain_id': 'default', 'project_domain_name': 'Default', 'project_id': 'cddd43b8509b4b55882db334bfc6ab42', 'project_name': 'tempest-ServerDiagnosticsNegativeTest-1637113848', 'tenant_id': 'cddd43b8509b4b55882db334bfc6ab42', 'tenant_name': 'tempest-ServerDiagnosticsNegativeTest-1637113848', 'user_domain_id': 'default', 'user_domain_name': 'Default', 'user_id': '1fff1cf6ab74413f8da8aa5f2b12cfbc', 'system': None}, Network: None, Subnet: None, Router: None
2025-05-14 04:47:02.836 70123 INFO tempest.lib.common.dynamic_creds [-] Created isolated network resources for: credentials: Credentials: {'domain_id': 'default', 'domain_name': 'Default', 'username': 'tempest-ServerDiagnosticsNegativeTest-1637113848-project-member', 'project_domain_id': 'default', 'project_domain_name': 'Default', 'project_id': 'cddd43b8509b4b55882db334bfc6ab42', 'project_name': 'tempest-ServerDiagnosticsNegativeTest-1637113848', 'tenant_id': 'cddd43b8509b4b55882db334bfc6ab42', 'tenant_name': 'tempest-ServerDiagnosticsNegativeTest-1637113848', 'user_domain_id': 'default', 'user_domain_name': 'Default', 'user_id': '1fff1cf6ab74413f8da8aa5f2b12cfbc', 'system': None}, Network: None, Subnet: None, Router: None
2025-05-14 04:47:02.909 70123 INFO tempest.lib.common.rest_client [req-61f13562-4306-4f00-8142-f7a5be5a321b req-61f13562-4306-4f00-8142-f7a5be5a321b ] Request (ServerDiagnosticsNegativeTest:setUpClass): 201 POST http://10.180.1.21/identity/v3/auth/tokens 0.069s
2025-05-14 04:47:02.917 70093 INFO tempest.lib.common.rest_client [req-dd9d2249-8c43-4bb3-bd90-a52842df82ac req-dd9d2249-8c43-4bb3-bd90-a52842df82ac ] Request (ServerExternalEventsTest:setUpClass): 201 POST http://10.180.1.21/identity/v3/users 0.084s
2025-05-14 04:47:02.940 70093 INFO tempest.lib.common.rest_client [req-f239ab03-cf9b-44c1-8e65-6c9ae23c191f req-f239ab03-cf9b-44c1-8e65-6c9ae23c191f ] Request (ServerExternalEventsTest:setUpClass): 200 GET http://10.180.1.21/identity/v3/roles 0.021s
2025-05-14 04:47:02.942 70121 INFO tempest.lib.common.rest_client [req-131d8b14-14d3-4054-a419-53b97c526a31 req-131d8b14-14d3-4054-a419-53b97c526a31 ] Request (FlavorMetadataValidation:tearDownClass): 200 GET http://10.180.1.21:9696/networking/v2.0/security-groups?tenant_id=8a5dcfd043594dab86e166d9f09aa7e7&name=default 0.445s
2025-05-14 04:47:02.942 70123 INFO tempest.lib.common.rest_client [req-fe4b3367-cab8-46d5-839c-659188b1f521 req-fe4b3367-cab8-46d5-839c-659188b1f521 ] Request (ServerDiagnosticsNegativeTest:setUpClass): 201 POST http://10.180.1.21/identity/v3/projects 0.033s
2025-05-14 04:47:02.990 70105 INFO tempest.lib.common.rest_client [req-aed907d6-672e-44e8-9988-ef4bee4d1164 req-aed907d6-672e-44e8-9988-ef4bee4d1164 ] Request (FlavorsV2NegativeTest:test_boot_with_low_ram): 400 POST http://10.180.1.21/compute/v2.1/servers 1.828s
2025-05-14 04:47:03.013 70093 INFO tempest.lib.common.rest_client [req-81b75411-153b-4b2c-bc43-73b15e16f8b5 req-81b75411-153b-4b2c-bc43-73b15e16f8b5 ] Request (ServerExternalEventsTest:setUpClass): 204 PUT http://10.180.1.21/identity/v3/projects/c7413a969ce840148d26bd766fdb08b7/users/3a05217e527d402db592c0fe492a003b/roles/0378efa431c848e19f1f485ed916abca 0.073s
2025-05-14 04:47:03.013 70093 INFO tempest.lib.common.dynamic_creds [-] Dynamic test user 3a05217e527d402db592c0fe492a003b is created with scope project and roles: ['member']
2025-05-14 04:47:03.014 70093 INFO tempest.lib.common.dynamic_creds [-] Acquired dynamic creds: credentials: Credentials: {'domain_id': 'default', 'domain_name': 'Default', 'username': 'tempest-ServerExternalEventsTest-668827054-project-member', 'project_domain_id': 'default', 'project_domain_name': 'Default', 'project_id': 'c7413a969ce840148d26bd766fdb08b7', 'project_name': 'tempest-ServerExternalEventsTest-668827054', 'tenant_id': 'c7413a969ce840148d26bd766fdb08b7', 'tenant_name': 'tempest-ServerExternalEventsTest-668827054', 'user_domain_id': 'default', 'user_domain_name': 'Default', 'user_id': '3a05217e527d402db592c0fe492a003b', 'system': None}, Network: None, Subnet: None, Router: None
2025-05-14 04:47:03.014 70093 INFO tempest.lib.common.dynamic_creds [-] Created isolated network resources for: credentials: Credentials: {'domain_id': 'default', 'domain_name': 'Default', 'username': 'tempest-ServerExternalEventsTest-668827054-project-member', 'project_domain_id': 'default', 'project_domain_name': 'Default', 'project_id': 'c7413a969ce840148d26bd766fdb08b7', 'project_name': 'tempest-ServerExternalEventsTest-668827054', 'tenant_id': 'c7413a969ce840148d26bd766fdb08b7', 'tenant_name': 'tempest-ServerExternalEventsTest-668827054', 'user_domain_id': 'default', 'user_domain_name': 'Default', 'user_id': '3a05217e527d402db592c0fe492a003b', 'system': None}, Network: None, Subnet: None, Router: None
