2025-05-14 04:48:38.482 70125 INFO tempest.lib.common.rest_client [req-eb5e7776-e5f4-49d0-8189-39f977e13a50 req-eb5e7776-e5f4-49d0-8189-39f977e13a50 ] Request (ImagesNegativeTestJSON:test_create_image_from_deleted_server): 404 POST http://10.180.1.21/compute/v2.1/servers/b7de59cd-c34b-44f8-8adc-4e8c4995e7f2/action 0.022s
2025-05-14 04:48:38.492 70125 INFO tempest.lib.common.rest_client [req-6af7f857-1eb3-48f3-8d3d-da68c262c4d4 req-6af7f857-1eb3-48f3-8d3d-da68c262c4d4 ] Request (ImagesNegativeTestJSON:test_create_image_from_invalid_server): 404 POST http://10.180.1.21/compute/v2.1/servers/tempest-invalid-2079691191/action 0.008s
2025-05-14 04:48:38.501 70125 INFO tempest.lib.common.rest_client [req-8485e5eb-3951-4923-bc53-fd7a9d78add3 req-8485e5eb-3951-4923-bc53-fd7a9d78add3 ] Request (ImagesNegativeTestJSON:test_create_image_specify_uuid_35_characters_or_less): 404 POST http://10.180.1.21/compute/v2.1/servers/aaaaaaaaaaaaaaaaaaaaaaaaaaaaaaaaaaa/action 0.008s
2025-05-14 04:48:38.511 70125 INFO tempest.lib.common.rest_client [req-8e08b7ab-230c-439d-b722-e5e81b2410fe req-8e08b7ab-230c-439d-b722-e5e81b2410fe ] Request (ImagesNegativeTestJSON:test_create_image_specify_uuid_37_characters_or_more): 404 POST http://10.180.1.21/compute/v2.1/servers/aaaaaaaaaaaaaaaaaaaaaaaaaaaaaaaaaaaaa/action 0.008s
2025-05-14 04:48:38.539 70125 INFO tempest.lib.common.rest_client [req-a16d03a1-b659-4109-88ca-59dbeab6d29e req-a16d03a1-b659-4109-88ca-59dbeab6d29e ] Request (ImagesNegativeTestJSON:tearDownClass): 404 DELETE http://10.180.1.21/compute/v2.1/servers/b7de59cd-c34b-44f8-8adc-4e8c4995e7f2 0.026s
2025-05-14 04:48:38.550 70133 INFO tempest.lib.common.rest_client [req-1922b8cd-c514-4a00-9538-0b4019ad0914 req-1922b8cd-c514-4a00-9538-0b4019ad0914 ] Request (AttachVolumeNegativeTest:test_attach_attached_volume_to_different_server): 200 GET http://10.180.1.21/compute/v2.1/servers/9b4670fb-9fdc-4761-9828-dfd9600fd5a0 0.065s
2025-05-14 04:48:38.557 70133 INFO tempest.common.waiters [-] State transition "BUILD/scheduling" ==> "BUILD/None" after 30 second wait
2025-05-14 04:48:38.561 70125 INFO tempest.lib.common.rest_client [req-0616b657-eb8f-4ef6-93dd-42af78432229 req-0616b657-eb8f-4ef6-93dd-42af78432229 ] Request (ImagesNegativeTestJSON:tearDownClass): 404 GET http://10.180.1.21/compute/v2.1/servers/b7de59cd-c34b-44f8-8adc-4e8c4995e7f2 0.022s
2025-05-14 04:48:38.649 70113 INFO tempest.lib.common.rest_client [req-06f82180-3735-496e-a8cb-335718be33ed req-06f82180-3735-496e-a8cb-335718be33ed ] Request (AttachInterfacesUnderV243Test:_run_cleanups): 200 GET http://10.180.1.21/compute/v2.1/servers/54894db8-c9c9-4a56-a266-96d9cab8d458 0.084s
2025-05-14 04:48:38.677 70111 INFO tempest.lib.common.rest_client [req-209d3e9a-190e-4b70-b060-63e8362221e4 req-209d3e9a-190e-4b70-b060-63e8362221e4 ] Request (DeleteServersTestJSON:test_delete_active_server): 200 GET http://10.180.1.21/compute/v2.1/servers/7b731473-c115-4613-a5cd-30f1cd258bd3 0.073s
2025-05-14 04:48:38.735 70120 INFO tempest.lib.common.rest_client [req-ab9de03d-0039-42ad-9861-9f5f9fe8df4d req-ab9de03d-0039-42ad-9861-9f5f9fe8df4d ] Request (DeleteServersAdminTestJSON:test_delete_server_while_in_error_state): 200 GET http://10.180.1.21/compute/v2.1/servers/41cbd6fa-b5a5-4783-81c1-a074ecc8c841 0.116s
2025-05-14 04:48:38.741 70089 INFO tempest.lib.common.rest_client [req-26b7a032-d946-479c-aacc-ba31a5a87e1b req-26b7a032-d946-479c-aacc-ba31a5a87e1b ] Request (ImagesOneServerTestJSON:setUpClass): 200 GET http://10.180.1.21/compute/v2.1/servers/298a8a34-6f1b-49b9-8358-10d0d6ba447d 0.091s
2025-05-14 04:48:38.799 70137 INFO tempest.lib.common.rest_client [req-462a1204-52ee-47f9-b189-d6f2bfbd8e57 req-462a1204-52ee-47f9-b189-d6f2bfbd8e57 ] Request (SecurityGroupsTestJSON:test_server_security_groups): 200 GET http://10.180.1.21/compute/v2.1/servers/160898fa-4eb0-49e8-8a64-0e293f35030e 0.096s
2025-05-14 04:48:38.828 70121 INFO tempest.lib.common.rest_client [req-467d6c78-e761-41c8-9f45-75774b7c4f4c req-467d6c78-e761-41c8-9f45-75774b7c4f4c ] Request (ServersTestJSON:test_create_server_with_ipv6_addr_only): 200 GET http://10.180.1.21/compute/v2.1/servers/e76d921c-c912-4769-a165-b2fc6505707b 0.155s
2025-05-14 04:48:38.854 70101 INFO tempest.lib.common.rest_client [req-549e2320-d1ff-4c68-8b0f-641392bfbd92 req-549e2320-d1ff-4c68-8b0f-641392bfbd92 ] Request (ServersAdminTestJSON:test_inject_network_info): 200 GET http://10.180.1.21/compute/v2.1/servers/c5fc189f-8a03-47bb-a655-72516530d9a0 0.144s
2025-05-14 04:48:38.907 70083 INFO tempest.lib.common.rest_client [req-4d5f9beb-3c24-4b31-bdac-664e0b094bcb req-4d5f9beb-3c24-4b31-bdac-664e0b094bcb ] Request (ServersNegativeTestJSON:setUpClass): 200 GET http://10.180.1.21/compute/v2.1/servers/6f88b001-92fe-4870-833d-50d35a87a27d 0.149s
2025-05-14 04:48:38.917 70087 INFO tempest.lib.common.rest_client [req-4ce870ac-2aa1-4b0c-84e8-f890478c29f2 req-4ce870ac-2aa1-4b0c-84e8-f890478c29f2 ] Request (MultipleCreateTestJSON:test_multiple_create): 200 GET http://10.180.1.21/compute/v2.1/servers/002b787b-96fa-4f0b-b2d4-969d2f49a574 0.109s
2025-05-14 04:48:38.971 70129 INFO tempest.lib.common.rest_client [req-5f93bd9a-ec7d-4c7b-a72f-eab5b17efbf8 req-5f93bd9a-ec7d-4c7b-a72f-eab5b17efbf8 ] Request (ImagesTestJSON:test_create_image_from_stopped_server): 200 GET http://10.180.1.21/compute/v2.1/servers/abcffbf1-1585-4981-83aa-7882aa9a6b36 0.105s
2025-05-14 04:48:39.031 70103 INFO tempest.lib.common.rest_client [req-7198857a-a51e-42e8-874d-4d88e97767e1 req-7198857a-a51e-42e8-874d-4d88e97767e1 ] Request (ImagesOneServerNegativeTestJSON:_run_cleanups): 200 GET http://10.180.1.21/compute/v2.1/servers/139c1c58-6206-4350-a68d-0ec195119fd7 0.153s
2025-05-14 04:48:39.086 70097 INFO tempest.lib.common.rest_client [req-570e32c3-a6f4-4ec5-9004-1efa83079858 req-570e32c3-a6f4-4ec5-9004-1efa83079858 ] Request (ServerDiskConfigTestJSON:test_rebuild_server_with_auto_disk_config): 200 GET http://10.180.1.21/compute/v2.1/servers/e1f11f47-1a3f-40d6-b7d1-c3ff33f7d057 0.168s
2025-05-14 04:48:39.091 70117 INFO tempest.lib.common.rest_client [req-3eed5192-5fa3-4d7e-b327-499f1fe9ff01 req-3eed5192-5fa3-4d7e-b327-499f1fe9ff01 ] Request (ServerRescueTestJSONUnderV235:setUpClass): 200 GET http://10.180.1.21/compute/v2.1/servers/0aece961-75ff-4b19-b7ee-b6f7d47cfe0d 0.274s
2025-05-14 04:48:39.144 70145 INFO tempest.lib.common.rest_client [req-86ad446d-1b2b-4eb7-bd8a-cbe24e06b978 req-86ad446d-1b2b-4eb7-bd8a-cbe24e06b978 ] Request (ServerActionsTestOtherA:setUpClass): 200 GET http://10.180.1.21/compute/v2.1/servers/333044fb-7528-4210-b5f5-566e74e0c286 0.207s
2025-05-14 04:48:39.151 70109 INFO tempest.lib.common.rest_client [req-09b0ecad-aab6-496f-8372-40c675388d00 req-09b0ecad-aab6-496f-8372-40c675388d00 ] Request (ServerDiagnosticsTest:test_get_server_diagnostics): 200 GET http://10.180.1.21/compute/v2.1/servers/9afc1d78-9d77-4786-8598-f26947ecb97b 0.186s
2025-05-14 04:48:39.199 70095 INFO tempest.lib.common.rest_client [req-45df6466-0c4f-40f3-bf2d-8762d06819fd req-45df6466-0c4f-40f3-bf2d-8762d06819fd ] Request (TenantUsagesTestJSON:tearDownClass): 200 GET http://10.180.1.21/compute/v2.1/servers/91377093-0fb6-4a58-8fd4-6214925dcfd2 0.119s
2025-05-14 04:48:39.243 70091 INFO tempest.lib.common.rest_client [req-0dbb3f6c-309f-4d5c-977e-990d1b9aa9d2 req-0dbb3f6c-309f-4d5c-977e-990d1b9aa9d2 ] Request (ServersTestManualDisk:setUpClass): 200 GET http://10.180.1.21/compute/v2.1/servers/0ba728e6-127d-4b7f-9559-37b380cdb781 0.052s
2025-05-14 04:48:39.275 70143 INFO tempest.lib.common.rest_client [req-1e6b756a-2fab-41cf-8a1b-aae49c85e003 req-1e6b756a-2fab-41cf-8a1b-aae49c85e003 ] Request (MigrationsAdminTest:test_list_migrations_in_flavor_resize_situation): 200 GET http://10.180.1.21/compute/v2.1/servers/e4012c7e-7b29-4ada-b5d4-5e092555a6d1 0.187s
2025-05-14 04:48:39.302 70099 INFO tempest.lib.common.rest_client [req-8ba5a750-8667-499e-92c3-24c7275f16b5 req-8ba5a750-8667-499e-92c3-24c7275f16b5 ] Request (ListImageFiltersTestJSON:setUpClass): 200 GET http://10.180.1.21/compute/v2.1/servers/578c9477-4609-4638-ba9d-6dfc3fcfe00b 0.048s
2025-05-14 04:48:39.354 70115 INFO tempest.lib.common.rest_client [req-80ad81fb-5b54-4af1-b8a1-53eb3b4ceb50 req-80ad81fb-5b54-4af1-b8a1-53eb3b4ceb50 ] Request (ServersTestJSON:setUpClass): 200 GET http://10.180.1.21/compute/v2.1/servers/626997d7-942b-440c-9cd8-5ff0fe1d8246 0.051s
2025-05-14 04:48:39.400 70107 INFO tempest.lib.common.rest_client [req-5328cdac-a87d-4797-9856-f102e9d0831d req-5328cdac-a87d-4797-9856-f102e9d0831d ] Request (FloatingIPsAssociationNegativeTestJSON:setUpClass): 200 GET http://10.180.1.21/compute/v2.1/servers/46baf558-eb8b-4703-886b-e177649277b5 0.143s
2025-05-14 04:48:39.499 70123 INFO tempest.lib.common.rest_client [req-61bb59b1-d811-4b56-8245-8ba78d380717 req-61bb59b1-d811-4b56-8245-8ba78d380717 ] Request (ServersAdminNegativeTestJSON:setUpClass): 200 GET http://10.180.1.21/compute/v2.1/servers/9c4ff6ed-9ae4-441a-9cba-baf646488aa6 0.068s
2025-05-14 04:48:39.574 70135 INFO tempest.lib.common.rest_client [req-8b174523-8c88-4fe5-993d-40c5ab9ed6f3 req-8b174523-8c88-4fe5-993d-40c5ab9ed6f3 ] Request (InstanceActionsTestJSON:setUpClass): 200 GET http://10.180.1.21/compute/v2.1/servers/191807a6-2355-4856-a862-7a6aabd6c204 0.137s
2025-05-14 04:48:39.625 70133 INFO tempest.lib.common.rest_client [req-4aa94603-f1b8-4774-8426-bf72831bb071 req-4aa94603-f1b8-4774-8426-bf72831bb071 ] Request (AttachVolumeNegativeTest:test_attach_attached_volume_to_different_server): 200 GET http://10.180.1.21/compute/v2.1/servers/9b4670fb-9fdc-4761-9828-dfd9600fd5a0 0.067s
2025-05-14 04:48:39.648 70125 INFO tempest.lib.common.rest_client [req-0d0070b3-f224-4bb8-9fe6-f6d431792e1e req-0d0070b3-f224-4bb8-9fe6-f6d431792e1e ] Request (ImagesNegativeTestJSON:tearDownClass): 200 PUT http://10.180.1.21:9696/networking/v2.0/routers/b558bfe9-d876-4477-a0fc-eed7721a648e/remove_router_interface 1.087s
2025-05-14 04:48:39.739 70111 INFO tempest.lib.common.rest_client [req-f75cca30-f3ac-4fc1-8814-420d89bd4aab req-f75cca30-f3ac-4fc1-8814-420d89bd4aab ] Request (DeleteServersTestJSON:test_delete_active_server): 200 GET http://10.180.1.21/compute/v2.1/servers/7b731473-c115-4613-a5cd-30f1cd258bd3 0.053s
2025-05-14 04:48:39.744 70113 INFO tempest.lib.common.rest_client [req-8b597cef-2cc6-4b38-9b55-53aa35497c49 req-8b597cef-2cc6-4b38-9b55-53aa35497c49 ] Request (AttachInterfacesUnderV243Test:_run_cleanups): 200 GET http://10.180.1.21/compute/v2.1/servers/54894db8-c9c9-4a56-a266-96d9cab8d458 0.081s
2025-05-14 04:48:39.818 70089 INFO tempest.lib.common.rest_client [req-ea3263e1-946b-4769-93f5-295e570252a9 req-ea3263e1-946b-4769-93f5-295e570252a9 ] Request (ImagesOneServerTestJSON:setUpClass): 200 GET http://10.180.1.21/compute/v2.1/servers/298a8a34-6f1b-49b9-8358-10d0d6ba447d 0.062s
2025-05-14 04:48:39.874 70137 INFO tempest.lib.common.rest_client [req-7aa9e8fd-42ec-4ffe-a65d-1eb2a4278bd3 req-7aa9e8fd-42ec-4ffe-a65d-1eb2a4278bd3 ] Request (SecurityGroupsTestJSON:test_server_security_groups): 200 GET http://10.180.1.21/compute/v2.1/servers/160898fa-4eb0-49e8-8a64-0e293f35030e 0.065s
2025-05-14 04:48:39.932 70121 INFO tempest.lib.common.rest_client [req-030c3804-1bc5-431d-8d69-52e79ecd8671 req-030c3804-1bc5-431d-8d69-52e79ecd8671 ] Request (ServersTestJSON:test_create_server_with_ipv6_addr_only): 200 GET http://10.180.1.21/compute/v2.1/servers/e76d921c-c912-4769-a165-b2fc6505707b 0.094s
2025-05-14 04:48:40.018 70101 INFO tempest.lib.common.rest_client [req-45861cd7-4b60-4874-8797-4f027d3ffd63 req-45861cd7-4b60-4874-8797-4f027d3ffd63 ] Request (ServersAdminTestJSON:test_inject_network_info): 200 GET http://10.180.1.21/compute/v2.1/servers/c5fc189f-8a03-47bb-a655-72516530d9a0 0.150s
2025-05-14 04:48:40.071 70083 INFO tempest.lib.common.rest_client [req-6dd19b00-f8a5-4dc7-8cae-5491cf17ce09 req-6dd19b00-f8a5-4dc7-8cae-5491cf17ce09 ] Request (ServersNegativeTestJSON:setUpClass): 200 GET http://10.180.1.21/compute/v2.1/servers/6f88b001-92fe-4870-833d-50d35a87a27d 0.151s
2025-05-14 04:48:40.093 70120 INFO tempest.lib.common.rest_client [req-e48daf5e-cf54-4aaa-90fb-80422d01d7f9 req-e48daf5e-cf54-4aaa-90fb-80422d01d7f9 ] Request (DeleteServersAdminTestJSON:test_delete_server_while_in_error_state): 200 GET http://10.180.1.21/compute/v2.1/servers/41cbd6fa-b5a5-4783-81c1-a074ecc8c841 0.346s
2025-05-14 04:48:40.129 70087 INFO tempest.lib.common.rest_client [req-823da01b-cd25-4129-bdde-a2a6fe2832c9 req-823da01b-cd25-4129-bdde-a2a6fe2832c9 ] Request (MultipleCreateTestJSON:test_multiple_create): 200 GET http://10.180.1.21/compute/v2.1/servers/002b787b-96fa-4f0b-b2d4-969d2f49a574 0.200s
2025-05-14 04:48:40.167 70129 INFO tempest.lib.common.rest_client [req-b5706b15-b702-441e-a02f-20eb76aa3c64 req-b5706b15-b702-441e-a02f-20eb76aa3c64 ] Request (ImagesTestJSON:test_create_image_from_stopped_server): 200 GET http://10.180.1.21/compute/v2.1/servers/abcffbf1-1585-4981-83aa-7882aa9a6b36 0.183s
2025-05-14 04:48:40.227 70103 INFO tempest.lib.common.rest_client [req-d8bdbb9f-753d-4658-a930-350cfa9d7561 req-d8bdbb9f-753d-4658-a930-350cfa9d7561 ] Request (ImagesOneServerNegativeTestJSON:_run_cleanups): 200 GET http://10.180.1.21/compute/v2.1/servers/139c1c58-6206-4350-a68d-0ec195119fd7 0.180s
2025-05-14 04:48:40.252 70097 INFO tempest.lib.common.rest_client [req-2000e1b2-46bb-4049-a041-c8595c055cbe req-2000e1b2-46bb-4049-a041-c8595c055cbe ] Request (ServerDiskConfigTestJSON:test_rebuild_server_with_auto_disk_config): 200 GET http://10.180.1.21/compute/v2.1/servers/e1f11f47-1a3f-40d6-b7d1-c3ff33f7d057 0.154s
2025-05-14 04:48:40.309 70131 WARNING tempest.lib.common.ssh [-] Failed to establish authenticated ssh connection to cirros@10.180.180.164 ([Errno None] Unable to connect to port 22 on 10.180.180.164). Number attempts: 3. Retry after 4 seconds.: paramiko.ssh_exception.NoValidConnectionsError: [Errno None] Unable to connect to port 22 on 10.180.180.164
2025-05-14 04:48:40.314 70145 INFO tempest.lib.common.rest_client [req-f60093ee-4c9c-4393-b623-e7d93f10968f req-f60093ee-4c9c-4393-b623-e7d93f10968f ] Request (ServerActionsTestOtherA:setUpClass): 200 GET http://10.180.1.21/compute/v2.1/servers/333044fb-7528-4210-b5f5-566e74e0c286 0.159s
2025-05-14 04:48:40.375 70109 INFO tempest.lib.common.rest_client [req-f684036c-ee0d-448e-9f43-de1750c12040 req-f684036c-ee0d-448e-9f43-de1750c12040 ] Request (ServerDiagnosticsTest:test_get_server_diagnostics): 200 GET http://10.180.1.21/compute/v2.1/servers/9afc1d78-9d77-4786-8598-f26947ecb97b 0.216s
2025-05-14 04:48:40.386 70117 INFO tempest.lib.common.rest_client [req-40e8748a-84a4-4c45-a8c5-615cc4eb5075 req-40e8748a-84a4-4c45-a8c5-615cc4eb5075 ] Request (ServerRescueTestJSONUnderV235:setUpClass): 200 GET http://10.180.1.21/compute/v2.1/servers/0aece961-75ff-4b19-b7ee-b6f7d47cfe0d 0.287s
2025-05-14 04:48:40.445 70091 INFO tempest.lib.common.rest_client [req-ac357797-5a40-4230-a0e0-9232cdd23317 req-ac357797-5a40-4230-a0e0-9232cdd23317 ] Request (ServersTestManualDisk:setUpClass): 200 GET http://10.180.1.21/compute/v2.1/servers/0ba728e6-127d-4b7f-9559-37b380cdb781 0.190s
2025-05-14 04:48:40.446 70095 INFO tempest.lib.common.rest_client [req-cc2af119-3a50-4e4b-ab01-7b20d0f5f4f6 req-cc2af119-3a50-4e4b-ab01-7b20d0f5f4f6 ] Request (TenantUsagesTestJSON:tearDownClass): 200 GET http://10.180.1.21/compute/v2.1/servers/91377093-0fb6-4a58-8fd4-6214925dcfd2 0.240s
2025-05-14 04:48:40.503 70099 INFO tempest.lib.common.rest_client [req-8776c32c-221f-49e9-9ecd-8c96aaaf3a46 req-8776c32c-221f-49e9-9ecd-8c96aaaf3a46 ] Request (ListImageFiltersTestJSON:setUpClass): 200 GET http://10.180.1.21/compute/v2.1/servers/578c9477-4609-4638-ba9d-6dfc3fcfe00b 0.192s
2025-05-14 04:48:40.532 70125 INFO tempest.lib.common.rest_client [req-15106be5-9bca-4c44-b67b-f9041977dbe7 req-15106be5-9bca-4c44-b67b-f9041977dbe7 ] Request (ImagesNegativeTestJSON:tearDownClass): 204 DELETE http://10.180.1.21:9696/networking/v2.0/routers/b558bfe9-d876-4477-a0fc-eed7721a648e 0.884s
2025-05-14 04:48:40.576 70115 INFO tempest.lib.common.rest_client [req-cbac3302-9bce-4f4e-9316-cc6ca497e9b0 req-cbac3302-9bce-4f4e-9316-cc6ca497e9b0 ] Request (ServersTestJSON:setUpClass): 200 GET http://10.180.1.21/compute/v2.1/servers/626997d7-942b-440c-9cd8-5ff0fe1d8246 0.213s
2025-05-14 04:48:40.577 70143 INFO tempest.lib.common.rest_client [req-9a8168bd-7756-435b-8fea-c358d92a3898 req-9a8168bd-7756-435b-8fea-c358d92a3898 ] Request (MigrationsAdminTest:test_list_migrations_in_flavor_resize_situation): 200 GET http://10.180.1.21/compute/v2.1/servers/e4012c7e-7b29-4ada-b5d4-5e092555a6d1 0.292s
2025-05-14 04:48:40.632 70123 INFO tempest.lib.common.rest_client [req-516a64f3-e26e-4167-8672-1b24cae30730 req-516a64f3-e26e-4167-8672-1b24cae30730 ] Request (ServersAdminNegativeTestJSON:setUpClass): 200 GET http://10.180.1.21/compute/v2.1/servers/9c4ff6ed-9ae4-441a-9cba-baf646488aa6 0.121s
2025-05-14 04:48:40.674 70107 INFO tempest.lib.common.rest_client [req-7ae582f5-956e-4e8b-94f1-d1303ca33136 req-7ae582f5-956e-4e8b-94f1-d1303ca33136 ] Request (FloatingIPsAssociationNegativeTestJSON:setUpClass): 200 GET http://10.180.1.21/compute/v2.1/servers/46baf558-eb8b-4703-886b-e177649277b5 0.262s
2025-05-14 04:48:40.722 70125 INFO tempest.lib.common.rest_client [req-9eb08fa3-d7b5-4fb1-a462-e0cb1b726523 req-9eb08fa3-d7b5-4fb1-a462-e0cb1b726523 ] Request (ImagesNegativeTestJSON:tearDownClass): 204 DELETE http://10.180.1.21:9696/networking/v2.0/subnets/8b4620c5-ca2d-47ac-b76f-07d3c4b608a0 0.190s
2025-05-14 04:48:40.729 70133 INFO tempest.lib.common.rest_client [req-234b55c0-ebcd-47d3-8478-db69bdba8397 req-234b55c0-ebcd-47d3-8478-db69bdba8397 ] Request (AttachVolumeNegativeTest:test_attach_attached_volume_to_different_server): 200 GET http://10.180.1.21/compute/v2.1/servers/9b4670fb-9fdc-4761-9828-dfd9600fd5a0 0.095s
2025-05-14 04:48:40.738 70135 INFO tempest.lib.common.rest_client [req-f06b5a6e-c60f-4e57-b59f-d10fa37fe8bb req-f06b5a6e-c60f-4e57-b59f-d10fa37fe8bb ] Request (InstanceActionsTestJSON:setUpClass): 200 GET http://10.180.1.21/compute/v2.1/servers/191807a6-2355-4856-a862-7a6aabd6c204 0.155s
2025-05-14 04:48:40.822 70113 INFO tempest.lib.common.rest_client [req-d57b0f0f-128b-446f-b031-b2f7bdfc9885 req-d57b0f0f-128b-446f-b031-b2f7bdfc9885 ] Request (AttachInterfacesUnderV243Test:_run_cleanups): 200 GET http://10.180.1.21/compute/v2.1/servers/54894db8-c9c9-4a56-a266-96d9cab8d458 0.069s
2025-05-14 04:48:40.884 70089 INFO tempest.lib.common.rest_client [req-1f7db246-a843-49e1-8d31-7942473951ad req-1f7db246-a843-49e1-8d31-7942473951ad ] Request (ImagesOneServerTestJSON:setUpClass): 200 GET http://10.180.1.21/compute/v2.1/servers/298a8a34-6f1b-49b9-8358-10d0d6ba447d 0.056s
2025-05-14 04:48:40.942 70137 INFO tempest.lib.common.rest_client [req-76aacf96-eebd-40cb-8f8a-11f7ae78717b req-76aacf96-eebd-40cb-8f8a-11f7ae78717b ] Request (SecurityGroupsTestJSON:test_server_security_groups): 200 GET http://10.180.1.21/compute/v2.1/servers/160898fa-4eb0-49e8-8a64-0e293f35030e 0.058s
2025-05-14 04:48:41.016 70111 INFO tempest.lib.common.rest_client [req-55cf2afc-8bfb-4fef-af24-00de1925f467 req-55cf2afc-8bfb-4fef-af24-00de1925f467 ] Request (DeleteServersTestJSON:test_delete_active_server): 200 GET http://10.180.1.21/compute/v2.1/servers/7b731473-c115-4613-a5cd-30f1cd258bd3 0.264s
2025-05-14 04:48:41.027 70121 INFO tempest.lib.common.rest_client [req-13bcc6b3-bd57-442d-b0cd-be417db04114 req-13bcc6b3-bd57-442d-b0cd-be417db04114 ] Request (ServersTestJSON:test_create_server_with_ipv6_addr_only): 200 GET http://10.180.1.21/compute/v2.1/servers/e76d921c-c912-4769-a165-b2fc6505707b 0.088s
2025-05-14 04:48:41.090 70101 INFO tempest.lib.common.rest_client [req-fa8d305f-3476-4694-80d7-a52a4fafa913 req-fa8d305f-3476-4694-80d7-a52a4fafa913 ] Request (ServersAdminTestJSON:test_inject_network_info): 200 GET http://10.180.1.21/compute/v2.1/servers/c5fc189f-8a03-47bb-a655-72516530d9a0 0.064s
2025-05-14 04:48:41.158 70083 INFO tempest.lib.common.rest_client [req-060bf647-9c98-422c-aae7-9df3c2f92c7d req-060bf647-9c98-422c-aae7-9df3c2f92c7d ] Request (ServersNegativeTestJSON:setUpClass): 200 GET http://10.180.1.21/compute/v2.1/servers/6f88b001-92fe-4870-833d-50d35a87a27d 0.078s
2025-05-14 04:48:41.195 70120 INFO tempest.lib.common.rest_client [req-7d0c6621-2417-47b6-925a-67a1bfb12bcc req-7d0c6621-2417-47b6-925a-67a1bfb12bcc ] Request (DeleteServersAdminTestJSON:test_delete_server_while_in_error_state): 200 GET http://10.180.1.21/compute/v2.1/servers/41cbd6fa-b5a5-4783-81c1-a074ecc8c841 0.092s
2025-05-14 04:48:41.233 70087 INFO tempest.lib.common.rest_client [req-93f8eda3-4a8e-4711-bcf6-4b6b696a147b req-93f8eda3-4a8e-4711-bcf6-4b6b696a147b ] Request (MultipleCreateTestJSON:test_multiple_create): 200 GET http://10.180.1.21/compute/v2.1/servers/002b787b-96fa-4f0b-b2d4-969d2f49a574 0.095s
2025-05-14 04:48:41.261 70129 INFO tempest.lib.common.rest_client [req-cdb528c0-ae33-4834-8894-3ba3e8ddd370 req-cdb528c0-ae33-4834-8894-3ba3e8ddd370 ] Request (ImagesTestJSON:test_create_image_from_stopped_server): 200 GET http://10.180.1.21/compute/v2.1/servers/abcffbf1-1585-4981-83aa-7882aa9a6b36 0.084s
2025-05-14 04:48:41.303 70103 INFO tempest.lib.common.rest_client [req-5d73d1fc-c098-44d7-b081-0ec743a71f8e req-5d73d1fc-c098-44d7-b081-0ec743a71f8e ] Request (ImagesOneServerNegativeTestJSON:_run_cleanups): 200 GET http://10.180.1.21/compute/v2.1/servers/139c1c58-6206-4350-a68d-0ec195119fd7 0.066s
2025-05-14 04:48:41.316 70125 INFO tempest.lib.common.rest_client [req-69edeef1-ca8b-40e3-841f-51b6cc59c5ac req-69edeef1-ca8b-40e3-841f-51b6cc59c5ac ] Request (ImagesNegativeTestJSON:tearDownClass): 204 DELETE http://10.180.1.21:9696/networking/v2.0/networks/3459ca95-0bfe-49e7-933d-f2e00a9c9282 0.593s
2025-05-14 04:48:41.321 70097 INFO tempest.lib.common.rest_client [req-7dd8b7f1-6fd8-42e0-94cc-641f21870f18 req-7dd8b7f1-6fd8-42e0-94cc-641f21870f18 ] Request (ServerDiskConfigTestJSON:test_rebuild_server_with_auto_disk_config): 200 GET http://10.180.1.21/compute/v2.1/servers/e1f11f47-1a3f-40d6-b7d1-c3ff33f7d057 0.060s
2025-05-14 04:48:41.401 70145 INFO tempest.lib.common.rest_client [req-a5ce3750-5b26-48fa-8e03-92573db204f3 req-a5ce3750-5b26-48fa-8e03-92573db204f3 ] Request (ServerActionsTestOtherA:setUpClass): 200 GET http://10.180.1.21/compute/v2.1/servers/333044fb-7528-4210-b5f5-566e74e0c286 0.073s
2025-05-14 04:48:41.409 70145 INFO tempest.common.waiters [-] State transition "BUILD/None" ==> "BUILD/networking" after 40 second wait
2025-05-14 04:48:41.443 70109 INFO tempest.lib.common.rest_client [req-397421b1-3d84-4a14-bfd6-77376306c02d req-397421b1-3d84-4a14-bfd6-77376306c02d ] Request (ServerDiagnosticsTest:test_get_server_diagnostics): 200 GET http://10.180.1.21/compute/v2.1/servers/9afc1d78-9d77-4786-8598-f26947ecb97b 0.060s
2025-05-14 04:48:41.447 70125 INFO tempest.lib.common.rest_client [req-f9ce633f-7cd2-430f-973c-a7b1c89ae3e5 req-f9ce633f-7cd2-430f-973c-a7b1c89ae3e5 ] Request (ImagesNegativeTestJSON:tearDownClass): 204 DELETE http://10.180.1.21/identity/v3/users/862ae6dbac8644699e97228cde2f3af5 0.130s
2025-05-14 04:48:41.447 70125 INFO tempest.lib.common.dynamic_creds [-] Deleting project and security group for project: 8daf9960f85041a5a416bfd96bf4a368
2025-05-14 04:48:41.485 70125 INFO tempest.lib.common.rest_client [req-13728d84-2ef6-454c-bc35-1fb7e1e7519f req-13728d84-2ef6-454c-bc35-1fb7e1e7519f ] Request (ImagesNegativeTestJSON:tearDownClass): 200 GET http://10.180.1.21:9696/networking/v2.0/security-groups?tenant_id=8daf9960f85041a5a416bfd96bf4a368&name=default 0.037s
2025-05-14 04:48:41.535 70091 INFO tempest.lib.common.rest_client [req-fc248fc2-5b2b-49e1-9f1f-a9dba1fc248e req-fc248fc2-5b2b-49e1-9f1f-a9dba1fc248e ] Request (ServersTestManualDisk:setUpClass): 200 GET http://10.180.1.21/compute/v2.1/servers/0ba728e6-127d-4b7f-9559-37b380cdb781 0.082s
2025-05-14 04:48:41.549 70117 INFO tempest.lib.common.rest_client [req-278f88a4-364d-4978-b0d9-807e96bcc5c7 req-278f88a4-364d-4978-b0d9-807e96bcc5c7 ] Request (ServerRescueTestJSONUnderV235:setUpClass): 200 GET http://10.180.1.21/compute/v2.1/servers/0aece961-75ff-4b19-b7ee-b6f7d47cfe0d 0.144s
2025-05-14 04:48:41.634 70095 INFO tempest.lib.common.rest_client [req-37ea7359-6083-44bb-89ad-5f9b7fc6f106 req-37ea7359-6083-44bb-89ad-5f9b7fc6f106 ] Request (TenantUsagesTestJSON:tearDownClass): 200 GET http://10.180.1.21/compute/v2.1/servers/91377093-0fb6-4a58-8fd4-6214925dcfd2 0.178s
2025-05-14 04:48:41.634 70099 INFO tempest.lib.common.rest_client [req-f950fadd-c8f1-4ee8-a5d1-b67c760c9ecd req-f950fadd-c8f1-4ee8-a5d1-b67c760c9ecd ] Request (ListImageFiltersTestJSON:setUpClass): 200 GET http://10.180.1.21/compute/v2.1/servers/578c9477-4609-4638-ba9d-6dfc3fcfe00b 0.120s
2025-05-14 04:48:41.675 70125 INFO tempest.lib.common.rest_client [req-d96e5172-c650-4d25-9a9e-27eed984be44 req-d96e5172-c650-4d25-9a9e-27eed984be44 ] Request (ImagesNegativeTestJSON:tearDownClass): 204 DELETE http://10.180.1.21:9696/networking/v2.0/security-groups/69eeba93-f93f-45ab-9cb2-242c52429094 0.190s
2025-05-14 04:48:41.702 70115 INFO tempest.lib.common.rest_client [req-b3548b96-5986-4e90-b949-0e8a8afdb35c req-b3548b96-5986-4e90-b949-0e8a8afdb35c ] Request (ServersTestJSON:setUpClass): 200 GET http://10.180.1.21/compute/v2.1/servers/626997d7-942b-440c-9cd8-5ff0fe1d8246 0.119s
2025-05-14 04:48:41.771 70123 INFO tempest.lib.common.rest_client [req-69d2af40-2ef3-47a1-b7a0-c3650afe3225 req-69d2af40-2ef3-47a1-b7a0-c3650afe3225 ] Request (ServersAdminNegativeTestJSON:setUpClass): 200 GET http://10.180.1.21/compute/v2.1/servers/9c4ff6ed-9ae4-441a-9cba-baf646488aa6 0.131s
2025-05-14 04:48:41.786 70143 INFO tempest.lib.common.rest_client [req-e7054011-4ad8-4409-8526-9bb384313633 req-e7054011-4ad8-4409-8526-9bb384313633 ] Request (MigrationsAdminTest:test_list_migrations_in_flavor_resize_situation): 200 GET http://10.180.1.21/compute/v2.1/servers/e4012c7e-7b29-4ada-b5d4-5e092555a6d1 0.198s
2025-05-14 04:48:41.841 70125 INFO tempest.lib.common.rest_client [req-f3887428-8468-4cee-9f83-2edece17a556 req-f3887428-8468-4cee-9f83-2edece17a556 ] Request (ImagesNegativeTestJSON:tearDownClass): 204 DELETE http://10.180.1.21/identity/v3/projects/8daf9960f85041a5a416bfd96bf4a368 0.164s
2025-05-14 04:48:41.851 70133 INFO tempest.lib.common.rest_client [req-ba893b2b-296e-498d-9031-9a7f4e05f9a2 req-ba893b2b-296e-498d-9031-9a7f4e05f9a2 ] Request (AttachVolumeNegativeTest:test_attach_attached_volume_to_different_server): 200 GET http://10.180.1.21/compute/v2.1/servers/9b4670fb-9fdc-4761-9828-dfd9600fd5a0 0.113s
2025-05-14 04:48:41.905 70125 INFO tempest.lib.common.rest_client [req-2a4770f3-8e1a-4c1f-8a80-260677bb56bc req-2a4770f3-8e1a-4c1f-8a80-260677bb56bc ] Request (ListImagesTestJSON:setUpClass): 201 POST http://10.180.1.21/identity/v3/auth/tokens 0.062s
2025-05-14 04:48:41.919 70107 INFO tempest.lib.common.rest_client [req-52e61a49-92d9-4fce-8f62-2868d18358f3 req-52e61a49-92d9-4fce-8f62-2868d18358f3 ] Request (FloatingIPsAssociationNegativeTestJSON:setUpClass): 200 GET http://10.180.1.21/compute/v2.1/servers/46baf558-eb8b-4703-886b-e177649277b5 0.237s
2025-05-14 04:48:41.953 70125 INFO tempest.lib.common.rest_client [req-b0ea8031-d659-44e5-b10d-bc982250ac7a req-b0ea8031-d659-44e5-b10d-bc982250ac7a ] Request (ListImagesTestJSON:setUpClass): 201 POST http://10.180.1.21/identity/v3/auth/tokens 0.041s
2025-05-14 04:48:41.961 70135 INFO tempest.lib.common.rest_client [req-127c2c94-9196-48f9-953b-1b8eabb56d30 req-127c2c94-9196-48f9-953b-1b8eabb56d30 ] Request (InstanceActionsTestJSON:setUpClass): 200 GET http://10.180.1.21/compute/v2.1/servers/191807a6-2355-4856-a862-7a6aabd6c204 0.215s
2025-05-14 04:48:41.981 70113 INFO tempest.lib.common.rest_client [req-d4297d83-cad0-4cfe-b3eb-80f34e66a007 req-d4297d83-cad0-4cfe-b3eb-80f34e66a007 ] Request (AttachInterfacesUnderV243Test:_run_cleanups): 200 GET http://10.180.1.21/compute/v2.1/servers/54894db8-c9c9-4a56-a266-96d9cab8d458 0.150s
2025-05-14 04:48:41.982 70125 INFO tempest.lib.common.rest_client [req-c8af1946-5ef7-4d57-9c3c-6a1e79060324 req-c8af1946-5ef7-4d57-9c3c-6a1e79060324 ] Request (ListImagesTestJSON:setUpClass): 200 GET http://10.180.1.21/identity/v3/domains?name=Default 0.028s
2025-05-14 04:48:42.023 70089 INFO tempest.lib.common.rest_client [req-bff1dae2-dcdf-4864-82d6-bac0e5a61168 req-bff1dae2-dcdf-4864-82d6-bac0e5a61168 ] Request (ImagesOneServerTestJSON:setUpClass): 200 GET http://10.180.1.21/compute/v2.1/servers/298a8a34-6f1b-49b9-8358-10d0d6ba447d 0.129s
2025-05-14 04:48:42.026 70125 INFO tempest.lib.common.rest_client [req-b198df5b-76fb-4c9b-b646-f30401d9e2bc req-b198df5b-76fb-4c9b-b646-f30401d9e2bc ] Request (ListImagesTestJSON:setUpClass): 201 POST http://10.180.1.21/identity/v3/projects 0.043s
2025-05-14 04:48:42.046 70137 INFO tempest.lib.common.rest_client [req-712dcdf1-e59e-4e2b-a3fa-2e96c74fae4e req-712dcdf1-e59e-4e2b-a3fa-2e96c74fae4e ] Request (SecurityGroupsTestJSON:test_server_security_groups): 200 GET http://10.180.1.21/compute/v2.1/servers/160898fa-4eb0-49e8-8a64-0e293f35030e 0.090s
2025-05-14 04:48:42.082 70111 INFO tempest.lib.common.rest_client [req-a6e677f9-2522-46ba-9db6-447451abbb6e req-a6e677f9-2522-46ba-9db6-447451abbb6e ] Request (DeleteServersTestJSON:test_delete_active_server): 200 GET http://10.180.1.21/compute/v2.1/servers/7b731473-c115-4613-a5cd-30f1cd258bd3 0.057s
2025-05-14 04:48:42.100 70085 WARNING tempest.lib.common.ssh [-] Failed to establish authenticated ssh connection to cirros@10.180.180.174 ([Errno None] Unable to connect to port 22 on 10.180.180.174). Number attempts: 7. Retry after 8 seconds.: paramiko.ssh_exception.NoValidConnectionsError: [Errno None] Unable to connect to port 22 on 10.180.180.174
2025-05-14 04:48:42.105 70125 INFO tempest.lib.common.rest_client [req-75a537cb-ff8d-475c-b7ce-447d8f60cfbb req-75a537cb-ff8d-475c-b7ce-447d8f60cfbb ] Request (ListImagesTestJSON:setUpClass): 201 POST http://10.180.1.21/identity/v3/users 0.074s
2025-05-14 04:48:42.114 70121 INFO tempest.lib.common.rest_client [req-41241199-b108-4964-a094-263287b3fc5e req-41241199-b108-4964-a094-263287b3fc5e ] Request (ServersTestJSON:test_create_server_with_ipv6_addr_only): 200 GET http://10.180.1.21/compute/v2.1/servers/e76d921c-c912-4769-a165-b2fc6505707b 0.080s
2025-05-14 04:48:42.132 70125 INFO tempest.lib.common.rest_client [req-5b8585af-9449-418d-a9b9-897e45a25b28 req-5b8585af-9449-418d-a9b9-897e45a25b28 ] Request (ListImagesTestJSON:setUpClass): 200 GET http://10.180.1.21/identity/v3/roles 0.027s
2025-05-14 04:48:42.159 70101 INFO tempest.lib.common.rest_client [req-f43e315f-1baf-4065-b1e1-df60fdb021c9 req-f43e315f-1baf-4065-b1e1-df60fdb021c9 ] Request (ServersAdminTestJSON:test_inject_network_info): 200 GET http://10.180.1.21/compute/v2.1/servers/c5fc189f-8a03-47bb-a655-72516530d9a0 0.060s
2025-05-14 04:48:42.165 70125 INFO tempest.lib.common.rest_client [req-de25f88a-3521-408c-87ce-05e712a1923b req-de25f88a-3521-408c-87ce-05e712a1923b ] Request (ListImagesTestJSON:setUpClass): 204 PUT http://10.180.1.21/identity/v3/projects/6202fee278104ed688541c60017ebbd5/users/772533adec5f49228364a75f7bcefa6c/roles/0378efa431c848e19f1f485ed916abca 0.032s
2025-05-14 04:48:42.165 70125 INFO tempest.lib.common.dynamic_creds [-] Dynamic test user 772533adec5f49228364a75f7bcefa6c is created with scope project and roles: ['member']
2025-05-14 04:48:42.165 70125 INFO tempest.lib.common.dynamic_creds [-] Acquired dynamic creds: credentials: Credentials: {'domain_id': 'default', 'domain_name': 'Default', 'username': 'tempest-ListImagesTestJSON-2099113962-project-member', 'project_domain_id': 'default', 'project_domain_name': 'Default', 'project_id': '6202fee278104ed688541c60017ebbd5', 'project_name': 'tempest-ListImagesTestJSON-2099113962', 'tenant_id': '6202fee278104ed688541c60017ebbd5', 'tenant_name': 'tempest-ListImagesTestJSON-2099113962', 'user_domain_id': 'default', 'user_domain_name': 'Default', 'user_id': '772533adec5f49228364a75f7bcefa6c', 'system': None}, Network: None, Subnet: None, Router: None
2025-05-14 04:48:42.165 70125 INFO tempest.lib.common.dynamic_creds [-] Created isolated network resources for: credentials: Credentials: {'domain_id': 'default', 'domain_name': 'Default', 'username': 'tempest-ListImagesTestJSON-2099113962-project-member', 'project_domain_id': 'default', 'project_domain_name': 'Default', 'project_id': '6202fee278104ed688541c60017ebbd5', 'project_name': 'tempest-ListImagesTestJSON-2099113962', 'tenant_id': '6202fee278104ed688541c60017ebbd5', 'tenant_name': 'tempest-ListImagesTestJSON-2099113962', 'user_domain_id': 'default', 'user_domain_name': 'Default', 'user_id': '772533adec5f49228364a75f7bcefa6c', 'system': None}, Network: None, Subnet: None, Router: None
2025-05-14 04:48:42.231 70083 INFO tempest.lib.common.rest_client [req-f0969c85-544a-4382-a238-ea0a1e601255 req-f0969c85-544a-4382-a238-ea0a1e601255 ] Request (ServersNegativeTestJSON:setUpClass): 200 GET http://10.180.1.21/compute/v2.1/servers/6f88b001-92fe-4870-833d-50d35a87a27d 0.060s
2025-05-14 04:48:42.254 70125 INFO tempest.lib.common.rest_client [req-891ddb15-b80b-475c-9129-3b18640c1f5e req-891ddb15-b80b-475c-9129-3b18640c1f5e ] Request (ListImagesTestJSON:setUpClass): 201 POST http://10.180.1.21/identity/v3/auth/tokens 0.086s
2025-05-14 04:48:42.281 70120 INFO tempest.lib.common.rest_client [req-f54b5cb8-cfb7-4846-bf14-e388e7b50171 req-f54b5cb8-cfb7-4846-bf14-e388e7b50171 ] Request (DeleteServersAdminTestJSON:test_delete_server_while_in_error_state): 200 GET http://10.180.1.21/compute/v2.1/servers/41cbd6fa-b5a5-4783-81c1-a074ecc8c841 0.075s
2025-05-14 04:48:42.303 70087 INFO tempest.lib.common.rest_client [req-8c0b2aeb-c706-4a40-b85f-ba91083cbc4b req-8c0b2aeb-c706-4a40-b85f-ba91083cbc4b ] Request (MultipleCreateTestJSON:test_multiple_create): 200 GET http://10.180.1.21/compute/v2.1/servers/002b787b-96fa-4f0b-b2d4-969d2f49a574 0.059s
2025-05-14 04:48:42.362 70129 INFO tempest.lib.common.rest_client [req-af5ff996-8fa0-4c62-9bd4-7e08355e7274 req-af5ff996-8fa0-4c62-9bd4-7e08355e7274 ] Request (ImagesTestJSON:test_create_image_from_stopped_server): 200 GET http://10.180.1.21/compute/v2.1/servers/abcffbf1-1585-4981-83aa-7882aa9a6b36 0.093s
2025-05-14 04:48:42.395 70125 INFO tempest.lib.common.rest_client [req-93a8b60b-4a80-4a6f-a325-ab0da5f22abc req-93a8b60b-4a80-4a6f-a325-ab0da5f22abc ] Request (ListImagesTestJSON:test_get_image): 200 GET http://10.180.1.21/compute/v2.1/images/8c321dca-8899-4506-8165-341cc6758393 0.139s
2025-05-14 04:48:42.429 70103 INFO tempest.lib.common.rest_client [req-f13835fa-996c-420c-85d1-f26c5a288628 req-f13835fa-996c-420c-85d1-f26c5a288628 ] Request (ImagesOneServerNegativeTestJSON:_run_cleanups): 200 GET http://10.180.1.21/compute/v2.1/servers/139c1c58-6206-4350-a68d-0ec195119fd7 0.117s
2025-05-14 04:48:42.453 70097 INFO tempest.lib.common.rest_client [req-da86d720-1d0a-49ed-8dfc-28aec715c569 req-da86d720-1d0a-49ed-8dfc-28aec715c569 ] Request (ServerDiskConfigTestJSON:test_rebuild_server_with_auto_disk_config): 200 GET http://10.180.1.21/compute/v2.1/servers/e1f11f47-1a3f-40d6-b7d1-c3ff33f7d057 0.120s
2025-05-14 04:48:42.503 70125 INFO tempest.lib.common.rest_client [req-f69b05e7-8bc8-45e0-8301-42a0753dea2f req-f69b05e7-8bc8-45e0-8301-42a0753dea2f ] Request (ListImagesTestJSON:test_list_images): 200 GET http://10.180.1.21/compute/v2.1/images 0.102s
2025-05-14 04:48:42.577 70109 INFO tempest.lib.common.rest_client [req-6d61cea6-090f-4df0-9613-8d72fedd4cbb req-6d61cea6-090f-4df0-9613-8d72fedd4cbb ] Request (ServerDiagnosticsTest:test_get_server_diagnostics): 200 GET http://10.180.1.21/compute/v2.1/servers/9afc1d78-9d77-4786-8598-f26947ecb97b 0.126s
2025-05-14 04:48:42.604 70145 INFO tempest.lib.common.rest_client [req-98be4ac3-6c12-4b63-abee-7a7dc866b7ff req-98be4ac3-6c12-4b63-abee-7a7dc866b7ff ] Request (ServerActionsTestOtherA:setUpClass): 200 GET http://10.180.1.21/compute/v2.1/servers/333044fb-7528-4210-b5f5-566e74e0c286 0.193s
2025-05-14 04:48:42.611 70145 INFO tempest.common.waiters [-] State transition "BUILD/networking" ==> "BUILD/block_device_mapping" after 41 second wait
2025-05-14 04:48:42.611 70125 INFO tempest.lib.common.rest_client [req-4d90c5c5-71fc-4a31-9f59-bec7d005ae4e req-4d90c5c5-71fc-4a31-9f59-bec7d005ae4e ] Request (ListImagesTestJSON:test_list_images_with_detail): 200 GET http://10.180.1.21/compute/v2.1/images/detail 0.105s
2025-05-14 04:48:42.657 70091 INFO tempest.lib.common.rest_client [req-186b4526-c4b7-4e10-a7c3-5b08a75f9393 req-186b4526-c4b7-4e10-a7c3-5b08a75f9393 ] Request (ServersTestManualDisk:setUpClass): 200 GET http://10.180.1.21/compute/v2.1/servers/0ba728e6-127d-4b7f-9559-37b380cdb781 0.109s
2025-05-14 04:48:42.713 70117 INFO tempest.lib.common.rest_client [req-b8d4d7be-4d08-438d-9e49-dfc214291304 req-b8d4d7be-4d08-438d-9e49-dfc214291304 ] Request (ServerRescueTestJSONUnderV235:setUpClass): 200 GET http://10.180.1.21/compute/v2.1/servers/0aece961-75ff-4b19-b7ee-b6f7d47cfe0d 0.154s
2025-05-14 04:48:42.722 70117 INFO tempest.common.waiters [-] State transition "ACTIVE/rescuing" ==> "RESCUE/None" after 8 second wait
2025-05-14 04:48:42.726 70095 INFO tempest.lib.common.rest_client [req-62f34dc8-62a1-4007-8e2f-7af5fc0329f2 req-62f34dc8-62a1-4007-8e2f-7af5fc0329f2 ] Request (TenantUsagesTestJSON:tearDownClass): 200 GET http://10.180.1.21/compute/v2.1/servers/91377093-0fb6-4a58-8fd4-6214925dcfd2 0.083s
2025-05-14 04:48:42.741 70125 INFO tempest.lib.common.rest_client [req-41e831c7-3b90-4fe2-af9d-f01f4e6c0261 req-41e831c7-3b90-4fe2-af9d-f01f4e6c0261 ] Request (ListImagesTestJSON:tearDownClass): 204 DELETE http://10.180.1.21/identity/v3/users/772533adec5f49228364a75f7bcefa6c 0.125s
2025-05-14 04:48:42.741 70127 WARNING tempest.lib.common.ssh [-] Failed to establish authenticated ssh connection to cirros@10.180.180.152 ([Errno None] Unable to connect to port 22 on 10.180.180.152). Number attempts: 7. Retry after 8 seconds.: paramiko.ssh_exception.NoValidConnectionsError: [Errno None] Unable to connect to port 22 on 10.180.180.152
2025-05-14 04:48:42.741 70125 INFO tempest.lib.common.dynamic_creds [-] Deleting project and security group for project: 6202fee278104ed688541c60017ebbd5
2025-05-14 04:48:42.763 70099 INFO tempest.lib.common.rest_client [req-3a17d8e5-6928-49d4-8e8a-7fcb5a5470c4 req-3a17d8e5-6928-49d4-8e8a-7fcb5a5470c4 ] Request (ListImageFiltersTestJSON:setUpClass): 200 GET http://10.180.1.21/compute/v2.1/servers/578c9477-4609-4638-ba9d-6dfc3fcfe00b 0.115s
2025-05-14 04:48:42.780 70115 INFO tempest.lib.common.rest_client [req-d53175cf-1ac0-4b9e-b09d-f2507bce63af req-d53175cf-1ac0-4b9e-b09d-f2507bce63af ] Request (ServersTestJSON:setUpClass): 200 GET http://10.180.1.21/compute/v2.1/servers/626997d7-942b-440c-9cd8-5ff0fe1d8246 0.068s
2025-05-14 04:48:42.813 70125 INFO tempest.lib.common.rest_client [req-f3ad3508-1b9d-4db4-a11c-740a552e9788 req-f3ad3508-1b9d-4db4-a11c-740a552e9788 ] Request (ListImagesTestJSON:tearDownClass): 201 POST http://10.180.1.21/identity/v3/auth/tokens 0.071s
2025-05-14 04:48:42.835 70123 INFO tempest.lib.common.rest_client [req-cfe1e174-d7e1-4e0d-ad07-c5ad13a0c7ed req-cfe1e174-d7e1-4e0d-ad07-c5ad13a0c7ed ] Request (ServersAdminNegativeTestJSON:setUpClass): 200 GET http://10.180.1.21/compute/v2.1/servers/9c4ff6ed-9ae4-441a-9cba-baf646488aa6 0.052s
2025-05-14 04:48:42.896 70117 INFO tempest.lib.common.rest_client [req-fb5e880d-b259-481f-9e86-8565812e9871 req-fb5e880d-b259-481f-9e86-8565812e9871 ] Request (ServerRescueTestJSONUnderV235:test_rescued_vm_add_remove_security_group): 200 POST http://10.180.1.21/compute/v2.1/os-security-groups 0.174s
2025-05-14 04:48:42.949 70133 INFO tempest.lib.common.rest_client [req-6977cc95-39f1-4c45-8b9b-4df238a78eb8 req-6977cc95-39f1-4c45-8b9b-4df238a78eb8 ] Request (AttachVolumeNegativeTest:test_attach_attached_volume_to_different_server): 200 GET http://10.180.1.21/compute/v2.1/servers/9b4670fb-9fdc-4761-9828-dfd9600fd5a0 0.088s
2025-05-14 04:48:42.956 70143 INFO tempest.lib.common.rest_client [req-d9b4c8b7-aa11-469d-a452-469172f834b7 req-d9b4c8b7-aa11-469d-a452-469172f834b7 ] Request (MigrationsAdminTest:test_list_migrations_in_flavor_resize_situation): 200 GET http://10.180.1.21/compute/v2.1/servers/e4012c7e-7b29-4ada-b5d4-5e092555a6d1 0.159s
2025-05-14 04:48:43.004 70125 INFO tempest.lib.common.rest_client [req-e5d70584-34cc-494f-9c6e-9c4128dff341 req-e5d70584-34cc-494f-9c6e-9c4128dff341 ] Request (ListImagesTestJSON:tearDownClass): 200 GET http://10.180.1.21:9696/networking/v2.0/security-groups?tenant_id=6202fee278104ed688541c60017ebbd5&name=default 0.190s
2025-05-14 04:48:43.078 70107 INFO tempest.lib.common.rest_client [req-39ddd914-7f0d-4e03-bfda-d4c4ebbe09a7 req-39ddd914-7f0d-4e03-bfda-d4c4ebbe09a7 ] Request (FloatingIPsAssociationNegativeTestJSON:setUpClass): 200 GET http://10.180.1.21/compute/v2.1/servers/46baf558-eb8b-4703-886b-e177649277b5 0.148s
2025-05-14 04:48:43.112 70125 INFO tempest.lib.common.rest_client [req-7959dd45-cb9a-486b-bc6c-5c993aa693f9 req-7959dd45-cb9a-486b-bc6c-5c993aa693f9 ] Request (ListImagesTestJSON:tearDownClass): 204 DELETE http://10.180.1.21:9696/networking/v2.0/security-groups/35f4a663-8a1d-4c93-8c75-2b40c0a95dce 0.108s
2025-05-14 04:48:43.182 70135 INFO tempest.lib.common.rest_client [req-4f16e81e-879e-4288-9747-d131d890aa1a req-4f16e81e-879e-4288-9747-d131d890aa1a ] Request (InstanceActionsTestJSON:setUpClass): 200 GET http://10.180.1.21/compute/v2.1/servers/191807a6-2355-4856-a862-7a6aabd6c204 0.213s
2025-05-14 04:48:43.201 70125 INFO tempest.lib.common.rest_client [req-c8556bed-c80e-4eff-8bdc-f6c4df7d3809 req-c8556bed-c80e-4eff-8bdc-f6c4df7d3809 ] Request (ListImagesTestJSON:tearDownClass): 204 DELETE http://10.180.1.21/identity/v3/projects/6202fee278104ed688541c60017ebbd5 0.089s
2025-05-14 04:48:43.246 70113 INFO tempest.lib.common.rest_client [req-f2df90c4-c0da-403d-9838-648d01369de0 req-f2df90c4-c0da-403d-9838-648d01369de0 ] Request (AttachInterfacesUnderV243Test:_run_cleanups): 200 GET http://10.180.1.21/compute/v2.1/servers/54894db8-c9c9-4a56-a266-96d9cab8d458 0.253s
2025-05-14 04:48:43.275 70125 INFO tempest.lib.common.rest_client [req-12ffa67e-657b-4969-ac37-5c3e7e388bb5 req-12ffa67e-657b-4969-ac37-5c3e7e388bb5 ] Request (AZV2TestJSON:setUpClass): 201 POST http://10.180.1.21/identity/v3/auth/tokens 0.072s
2025-05-14 04:48:43.302 70089 INFO tempest.lib.common.rest_client [req-ad9af57e-2dd0-4338-91b2-098af9be0b78 req-ad9af57e-2dd0-4338-91b2-098af9be0b78 ] Request (ImagesOneServerTestJSON:setUpClass): 200 GET http://10.180.1.21/compute/v2.1/servers/298a8a34-6f1b-49b9-8358-10d0d6ba447d 0.267s
2025-05-14 04:48:43.317 70117 INFO tempest.lib.common.rest_client [req-a62c4f2f-6fab-4c04-9a41-38d674fbc8a3 req-a62c4f2f-6fab-4c04-9a41-38d674fbc8a3 ] Request (ServerRescueTestJSONUnderV235:test_rescued_vm_add_remove_security_group): 202 POST http://10.180.1.21/compute/v2.1/servers/0aece961-75ff-4b19-b7ee-b6f7d47cfe0d/action 0.418s
2025-05-14 04:48:43.327 70125 INFO tempest.lib.common.rest_client [req-d6b5b827-ce2e-4079-9b8e-6c703cc23326 req-d6b5b827-ce2e-4079-9b8e-6c703cc23326 ] Request (AZV2TestJSON:setUpClass): 201 POST http://10.180.1.21/identity/v3/auth/tokens 0.049s
2025-05-14 04:48:43.358 70125 INFO tempest.lib.common.rest_client [req-f6a3a358-2377-4e54-a829-e004f7f16137 req-f6a3a358-2377-4e54-a829-e004f7f16137 ] Request (AZV2TestJSON:setUpClass): 200 GET http://10.180.1.21/identity/v3/domains?name=Default 0.031s
2025-05-14 04:48:43.360 70137 INFO tempest.lib.common.rest_client [req-dd1ef13f-1e99-4539-bb86-55f58ef7ac52 req-dd1ef13f-1e99-4539-bb86-55f58ef7ac52 ] Request (SecurityGroupsTestJSON:test_server_security_groups): 200 GET http://10.180.1.21/compute/v2.1/servers/160898fa-4eb0-49e8-8a64-0e293f35030e 0.302s
2025-05-14 04:48:43.372 70111 INFO tempest.lib.common.rest_client [req-f2c68854-371c-4f38-892d-f76d3eae19e7 req-f2c68854-371c-4f38-892d-f76d3eae19e7 ] Request (DeleteServersTestJSON:test_delete_active_server): 200 GET http://10.180.1.21/compute/v2.1/servers/7b731473-c115-4613-a5cd-30f1cd258bd3 0.277s
2025-05-14 04:48:43.400 70125 INFO tempest.lib.common.rest_client [req-295b2c79-e99f-466e-85fc-4d84e7f7aa2a req-295b2c79-e99f-466e-85fc-4d84e7f7aa2a ] Request (AZV2TestJSON:setUpClass): 201 POST http://10.180.1.21/identity/v3/projects 0.041s
2025-05-14 04:48:43.418 70121 INFO tempest.lib.common.rest_client [req-65468415-f856-44b3-8604-04c2945f46a6 req-65468415-f856-44b3-8604-04c2945f46a6 ] Request (ServersTestJSON:test_create_server_with_ipv6_addr_only): 200 GET http://10.180.1.21/compute/v2.1/servers/e76d921c-c912-4769-a165-b2fc6505707b 0.295s
2025-05-14 04:48:43.437 70101 INFO tempest.lib.common.rest_client [req-3e0f159b-e88f-42fe-b9c5-375a49fb0f74 req-3e0f159b-e88f-42fe-b9c5-375a49fb0f74 ] Request (ServersAdminTestJSON:test_inject_network_info): 200 GET http://10.180.1.21/compute/v2.1/servers/c5fc189f-8a03-47bb-a655-72516530d9a0 0.269s
2025-05-14 04:48:43.477 70125 INFO tempest.lib.common.rest_client [req-961af651-7280-46cd-a521-33d1a9ffa815 req-961af651-7280-46cd-a521-33d1a9ffa815 ] Request (AZV2TestJSON:setUpClass): 201 POST http://10.180.1.21/identity/v3/users 0.076s
2025-05-14 04:48:43.488 70083 INFO tempest.lib.common.rest_client [req-bf3bd3aa-4827-4171-bc51-ba0200e20f6c req-bf3bd3aa-4827-4171-bc51-ba0200e20f6c ] Request (ServersNegativeTestJSON:setUpClass): 200 GET http://10.180.1.21/compute/v2.1/servers/6f88b001-92fe-4870-833d-50d35a87a27d 0.247s
2025-05-14 04:48:43.507 70125 INFO tempest.lib.common.rest_client [req-e914d972-165e-424b-a9c2-ae1bfeef9dbb req-e914d972-165e-424b-a9c2-ae1bfeef9dbb ] Request (AZV2TestJSON:setUpClass): 200 GET http://10.180.1.21/identity/v3/roles 0.030s
2025-05-14 04:48:43.546 70120 INFO tempest.lib.common.rest_client [req-7d254725-e918-4b3e-b0b4-35ef91b81bb1 req-7d254725-e918-4b3e-b0b4-35ef91b81bb1 ] Request (DeleteServersAdminTestJSON:test_delete_server_while_in_error_state): 200 GET http://10.180.1.21/compute/v2.1/servers/41cbd6fa-b5a5-4783-81c1-a074ecc8c841 0.255s
2025-05-14 04:48:43.574 70125 INFO tempest.lib.common.rest_client [req-60780692-522a-49e1-b6bd-6dbb1c787f85 req-60780692-522a-49e1-b6bd-6dbb1c787f85 ] Request (AZV2TestJSON:setUpClass): 204 PUT http://10.180.1.21/identity/v3/projects/afc0c80397ec431ab73ddcbfad233e69/users/b1a164b2df3d41b5a33e6f5668161945/roles/0378efa431c848e19f1f485ed916abca 0.066s
2025-05-14 04:48:43.575 70125 INFO tempest.lib.common.dynamic_creds [-] Dynamic test user b1a164b2df3d41b5a33e6f5668161945 is created with scope project and roles: ['member']
2025-05-14 04:48:43.575 70125 INFO tempest.lib.common.dynamic_creds [-] Acquired dynamic creds: credentials: Credentials: {'domain_id': 'default', 'domain_name': 'Default', 'username': 'tempest-AZV2TestJSON-1240282588-project-member', 'project_domain_id': 'default', 'project_domain_name': 'Default', 'project_id': 'afc0c80397ec431ab73ddcbfad233e69', 'project_name': 'tempest-AZV2TestJSON-1240282588', 'tenant_id': 'afc0c80397ec431ab73ddcbfad233e69', 'tenant_name': 'tempest-AZV2TestJSON-1240282588', 'user_domain_id': 'default', 'user_domain_name': 'Default', 'user_id': 'b1a164b2df3d41b5a33e6f5668161945', 'system': None}, Network: None, Subnet: None, Router: None
2025-05-14 04:48:43.575 70125 INFO tempest.lib.common.dynamic_creds [-] Created isolated network resources for: credentials: Credentials: {'domain_id': 'default', 'domain_name': 'Default', 'username': 'tempest-AZV2TestJSON-1240282588-project-member', 'project_domain_id': 'default', 'project_domain_name': 'Default', 'project_id': 'afc0c80397ec431ab73ddcbfad233e69', 'project_name': 'tempest-AZV2TestJSON-1240282588', 'tenant_id': 'afc0c80397ec431ab73ddcbfad233e69', 'tenant_name': 'tempest-AZV2TestJSON-1240282588', 'user_domain_id': 'default', 'user_domain_name': 'Default', 'user_id': 'b1a164b2df3d41b5a33e6f5668161945', 'system': None}, Network: None, Subnet: None, Router: None
2025-05-14 04:48:43.588 70087 INFO tempest.lib.common.rest_client [req-e269de70-f64a-4cc1-ac0c-563876cfc8e7 req-e269de70-f64a-4cc1-ac0c-563876cfc8e7 ] Request (MultipleCreateTestJSON:test_multiple_create): 200 GET http://10.180.1.21/compute/v2.1/servers/002b787b-96fa-4f0b-b2d4-969d2f49a574 0.275s
2025-05-14 04:48:43.643 70129 INFO tempest.lib.common.rest_client [req-056fcb3f-d43f-4876-97b5-1567af1adb36 req-056fcb3f-d43f-4876-97b5-1567af1adb36 ] Request (ImagesTestJSON:test_create_image_from_stopped_server): 200 GET http://10.180.1.21/compute/v2.1/servers/abcffbf1-1585-4981-83aa-7882aa9a6b36 0.270s
2025-05-14 04:48:43.685 70125 INFO tempest.lib.common.rest_client [req-49ab32b9-9fed-4be0-9a58-05d56383c49a req-49ab32b9-9fed-4be0-9a58-05d56383c49a ] Request (AZV2TestJSON:setUpClass): 201 POST http://10.180.1.21/identity/v3/auth/tokens 0.104s
2025-05-14 04:48:43.718 70103 INFO tempest.lib.common.rest_client [req-887a2daa-0985-4f2a-9109-ca3d2fd42e56 req-887a2daa-0985-4f2a-9109-ca3d2fd42e56 ] Request (ImagesOneServerNegativeTestJSON:_run_cleanups): 200 GET http://10.180.1.21/compute/v2.1/servers/139c1c58-6206-4350-a68d-0ec195119fd7 0.275s
2025-05-14 04:48:43.785 70097 INFO tempest.lib.common.rest_client [req-8c03d87b-0714-4274-b949-028276c78838 req-8c03d87b-0714-4274-b949-028276c78838 ] Request (ServerDiskConfigTestJSON:test_rebuild_server_with_auto_disk_config): 200 GET http://10.180.1.21/compute/v2.1/servers/e1f11f47-1a3f-40d6-b7d1-c3ff33f7d057 0.320s
2025-05-14 04:48:43.842 70109 INFO tempest.lib.common.rest_client [req-fa521d3f-1b98-428d-9c7f-0e80e100887c req-fa521d3f-1b98-428d-9c7f-0e80e100887c ] Request (ServerDiagnosticsTest:test_get_server_diagnostics): 200 GET http://10.180.1.21/compute/v2.1/servers/9afc1d78-9d77-4786-8598-f26947ecb97b 0.255s
2025-05-14 04:48:43.957 70145 INFO tempest.lib.common.rest_client [req-cd09a64b-31c9-4b18-b746-0422273e6378 req-cd09a64b-31c9-4b18-b746-0422273e6378 ] Request (ServerActionsTestOtherA:setUpClass): 200 GET http://10.180.1.21/compute/v2.1/servers/333044fb-7528-4210-b5f5-566e74e0c286 0.345s
2025-05-14 04:48:43.972 70145 INFO tempest.common.waiters [-] State transition "BUILD/block_device_mapping" ==> "BUILD/spawning" after 42 second wait
