2025-05-14 04:46:47.612 70133 INFO tempest.lib.common.dynamic_creds [-] Acquired dynamic creds: credentials: Credentials: {'domain_id': 'default', 'domain_name': 'Default', 'username': 'tempest-KeyPairsNegativeTestJSON-1450781471-project-member', 'project_domain_id': 'default', 'project_domain_name': 'Default', 'project_id': '68f08e64483d4beb879b719848a37a24', 'project_name': 'tempest-KeyPairsNegativeTestJSON-1450781471', 'tenant_id': '68f08e64483d4beb879b719848a37a24', 'tenant_name': 'tempest-KeyPairsNegativeTestJSON-1450781471', 'user_domain_id': 'default', 'user_domain_name': 'Default', 'user_id': '6b1e66f0ab384eeb9315a7654aee408f', 'system': None}, Network: None, Subnet: None, Router: None
2025-05-14 04:46:47.613 70133 INFO tempest.lib.common.dynamic_creds [-] Created isolated network resources for: credentials: Credentials: {'domain_id': 'default', 'domain_name': 'Default', 'username': 'tempest-KeyPairsNegativeTestJSON-1450781471-project-member', 'project_domain_id': 'default', 'project_domain_name': 'Default', 'project_id': '68f08e64483d4beb879b719848a37a24', 'project_name': 'tempest-KeyPairsNegativeTestJSON-1450781471', 'tenant_id': '68f08e64483d4beb879b719848a37a24', 'tenant_name': 'tempest-KeyPairsNegativeTestJSON-1450781471', 'user_domain_id': 'default', 'user_domain_name': 'Default', 'user_id': '6b1e66f0ab384eeb9315a7654aee408f', 'system': None}, Network: None, Subnet: None, Router: None
2025-05-14 04:46:47.660 70101 INFO tempest.lib.common.rest_client [req-59033607-b432-4069-9a03-297cd635f6b1 req-59033607-b432-4069-9a03-297cd635f6b1 ] Request (ServersAdminTestJSON:setUpClass): 204 PUT http://10.180.1.21/identity/v3/projects/bd83a3e6aa7d4705ba1de92289db99e7/users/21573dd01d804cf3a5515d6facf99210/roles/0378efa431c848e19f1f485ed916abca 0.658s
2025-05-14 04:46:47.661 70101 INFO tempest.lib.common.dynamic_creds [-] Dynamic test user 21573dd01d804cf3a5515d6facf99210 is created with scope project and roles: ['member']
2025-05-14 04:46:47.661 70101 INFO tempest.lib.common.dynamic_creds [-] Acquired dynamic creds: credentials: Credentials: {'domain_id': 'default', 'domain_name': 'Default', 'username': 'tempest-ServersAdminTestJSON-2109728624-project-member', 'project_domain_id': 'default', 'project_domain_name': 'Default', 'project_id': 'bd83a3e6aa7d4705ba1de92289db99e7', 'project_name': 'tempest-ServersAdminTestJSON-2109728624', 'tenant_id': 'bd83a3e6aa7d4705ba1de92289db99e7', 'tenant_name': 'tempest-ServersAdminTestJSON-2109728624', 'user_domain_id': 'default', 'user_domain_name': 'Default', 'user_id': '21573dd01d804cf3a5515d6facf99210', 'system': None}, Network: None, Subnet: None, Router: None
2025-05-14 04:46:47.664 70107 INFO tempest.lib.common.rest_client [req-40af96ec-c5f1-4484-8da6-b5e033cbabf6 req-40af96ec-c5f1-4484-8da6-b5e033cbabf6 ] Request (FlavorsAccessTestJSON:setUpClass): 201 POST http://10.180.1.21/identity/v3/auth/tokens 0.677s
2025-05-14 04:46:47.707 70109 INFO tempest.lib.common.rest_client [req-c5e555d7-e4ae-4cbc-920e-1015caebda46 req-c5e555d7-e4ae-4cbc-920e-1015caebda46 ] Request (FlavorsAdminTestJSON:setUpClass): 204 PUT http://10.180.1.21/identity/v3/projects/2b4f3ddb991545ecaba162a431cf2f63/users/49ce79be6b05420ab8017d67ccafd1ef/roles/0378efa431c848e19f1f485ed916abca 0.704s
2025-05-14 04:46:47.707 70109 INFO tempest.lib.common.dynamic_creds [-] Dynamic test user 49ce79be6b05420ab8017d67ccafd1ef is created with scope project and roles: ['member']
2025-05-14 04:46:47.707 70109 INFO tempest.lib.common.dynamic_creds [-] Acquired dynamic creds: credentials: Credentials: {'domain_id': 'default', 'domain_name': 'Default', 'username': 'tempest-FlavorsAdminTestJSON-317311825-project-member', 'project_domain_id': 'default', 'project_domain_name': 'Default', 'project_id': '2b4f3ddb991545ecaba162a431cf2f63', 'project_name': 'tempest-FlavorsAdminTestJSON-317311825', 'tenant_id': '2b4f3ddb991545ecaba162a431cf2f63', 'tenant_name': 'tempest-FlavorsAdminTestJSON-317311825', 'user_domain_id': 'default', 'user_domain_name': 'Default', 'user_id': '49ce79be6b05420ab8017d67ccafd1ef', 'system': None}, Network: None, Subnet: None, Router: None
2025-05-14 04:46:47.707 70109 INFO tempest.lib.common.dynamic_creds [-] Created isolated network resources for: credentials: Credentials: {'domain_id': 'default', 'domain_name': 'Default', 'username': 'tempest-FlavorsAdminTestJSON-317311825-project-member', 'project_domain_id': 'default', 'project_domain_name': 'Default', 'project_id': '2b4f3ddb991545ecaba162a431cf2f63', 'project_name': 'tempest-FlavorsAdminTestJSON-317311825', 'tenant_id': '2b4f3ddb991545ecaba162a431cf2f63', 'tenant_name': 'tempest-FlavorsAdminTestJSON-317311825', 'user_domain_id': 'default', 'user_domain_name': 'Default', 'user_id': '49ce79be6b05420ab8017d67ccafd1ef', 'system': None}, Network: None, Subnet: None, Router: None
2025-05-14 04:46:47.712 70137 INFO tempest.lib.common.rest_client [req-167f3f48-249e-4692-a3eb-dbd587411bf4 req-167f3f48-249e-4692-a3eb-dbd587411bf4 ] Request (SecurityGroupsTestJSON:setUpClass): 201 POST http://10.180.1.21/identity/v3/auth/tokens 0.684s
2025-05-14 04:46:47.753 70087 INFO tempest.lib.common.rest_client [req-e9a8e5a5-36a0-4bdc-857a-3f7b86becbb7 req-e9a8e5a5-36a0-4bdc-857a-3f7b86becbb7 ] Request (AggregatesAdminNegativeTestJSON:setUpClass): 204 PUT http://10.180.1.21/identity/v3/projects/066308c9330f4107b88171ddbca45866/users/253a3ff959544ec287cf031fedc9fa3b/roles/99f3ebb329f24bf88a69728390ff514f 0.688s
2025-05-14 04:46:47.753 70087 INFO tempest.lib.common.dynamic_creds [-] Dynamic test user 253a3ff959544ec287cf031fedc9fa3b is created with scope project and roles: ['admin']
2025-05-14 04:46:47.753 70087 INFO tempest.lib.common.dynamic_creds [-] Acquired dynamic creds: credentials: Credentials: {'domain_id': 'default', 'domain_name': 'Default', 'username': 'tempest-AggregatesAdminNegativeTestJSON-2016953861-project-admin', 'project_domain_id': 'default', 'project_domain_name': 'Default', 'project_id': '066308c9330f4107b88171ddbca45866', 'project_name': 'tempest-AggregatesAdminNegativeTestJSON-2016953861', 'tenant_id': '066308c9330f4107b88171ddbca45866', 'tenant_name': 'tempest-AggregatesAdminNegativeTestJSON-2016953861', 'user_domain_id': 'default', 'user_domain_name': 'Default', 'user_id': '253a3ff959544ec287cf031fedc9fa3b', 'system': None}, Network: None, Subnet: None, Router: None
2025-05-14 04:46:47.753 70087 INFO tempest.lib.common.dynamic_creds [-] Created isolated network resources for: credentials: Credentials: {'domain_id': 'default', 'domain_name': 'Default', 'username': 'tempest-AggregatesAdminNegativeTestJSON-2016953861-project-admin', 'project_domain_id': 'default', 'project_domain_name': 'Default', 'project_id': '066308c9330f4107b88171ddbca45866', 'project_name': 'tempest-AggregatesAdminNegativeTestJSON-2016953861', 'tenant_id': '066308c9330f4107b88171ddbca45866', 'tenant_name': 'tempest-AggregatesAdminNegativeTestJSON-2016953861', 'user_domain_id': 'default', 'user_domain_name': 'Default', 'user_id': '253a3ff959544ec287cf031fedc9fa3b', 'system': None}, Network: None, Subnet: None, Router: None
2025-05-14 04:46:47.765 70123 INFO tempest.lib.common.rest_client [req-a5276ff7-3c9c-4b77-98c2-a81ea53a07cc req-a5276ff7-3c9c-4b77-98c2-a81ea53a07cc ] Request (HypervisorAdminV253TestBase:setUpClass): 201 POST http://10.180.1.21/identity/v3/auth/tokens 0.701s
2025-05-14 04:46:47.808 70103 INFO tempest.lib.common.rest_client [req-bda4d641-cf18-4d27-a564-8d53251450ea req-bda4d641-cf18-4d27-a564-8d53251450ea ] Request (AZAdminNegativeTestJSON:setUpClass): 201 POST http://10.180.1.21/identity/v3/auth/tokens 0.727s
2025-05-14 04:46:47.817 70145 INFO tempest.lib.common.rest_client [req-335ca299-504a-4b4e-8e42-4d3b50816203 req-335ca299-504a-4b4e-8e42-4d3b50816203 ] Request (AbsoluteLimitsTestJSON:setUpClass): 201 POST http://10.180.1.21/identity/v3/auth/tokens 0.706s
2025-05-14 04:46:47.865 70131 INFO tempest.lib.common.rest_client [req-c2c21ad6-f5f5-44fd-bf16-358ad8e6df2b req-c2c21ad6-f5f5-44fd-bf16-358ad8e6df2b ] Request (FloatingIPsNegativeTestJSON:setUpClass): 204 PUT http://10.180.1.21/identity/v3/projects/682c1548e67646308188df5e90288d3e/users/47e4a62c9e794db787f9cd6a1f69d51b/roles/0378efa431c848e19f1f485ed916abca 0.718s
2025-05-14 04:46:47.865 70131 INFO tempest.lib.common.dynamic_creds [-] Dynamic test user 47e4a62c9e794db787f9cd6a1f69d51b is created with scope project and roles: ['member']
2025-05-14 04:46:47.865 70131 INFO tempest.lib.common.dynamic_creds [-] Acquired dynamic creds: credentials: Credentials: {'domain_id': 'default', 'domain_name': 'Default', 'username': 'tempest-FloatingIPsNegativeTestJSON-654139943-project-member', 'project_domain_id': 'default', 'project_domain_name': 'Default', 'project_id': '682c1548e67646308188df5e90288d3e', 'project_name': 'tempest-FloatingIPsNegativeTestJSON-654139943', 'tenant_id': '682c1548e67646308188df5e90288d3e', 'tenant_name': 'tempest-FloatingIPsNegativeTestJSON-654139943', 'user_domain_id': 'default', 'user_domain_name': 'Default', 'user_id': '47e4a62c9e794db787f9cd6a1f69d51b', 'system': None}, Network: None, Subnet: None, Router: None
2025-05-14 04:46:47.919 70120 INFO tempest.lib.common.rest_client [req-27ee59e8-97b5-4ced-8c23-bdaf1c45565b req-27ee59e8-97b5-4ced-8c23-bdaf1c45565b ] Request (DeleteServersAdminTestJSON:setUpClass): 200 GET http://10.180.1.21/identity/v3/roles 0.769s
2025-05-14 04:46:47.921 70139 INFO tempest.lib.common.rest_client [req-643d098a-b840-41e9-9a96-c4111fe535e1 req-643d098a-b840-41e9-9a96-c4111fe535e1 ] Request (QuotaClassesAdmin257Test:setUpClass): 204 PUT http://10.180.1.21/identity/v3/projects/8f5d78955ab94743898c26d8317b59d5/users/87e8bb95178044908de2612337e045f7/roles/0378efa431c848e19f1f485ed916abca 0.732s
2025-05-14 04:46:47.921 70139 INFO tempest.lib.common.dynamic_creds [-] Dynamic test user 87e8bb95178044908de2612337e045f7 is created with scope project and roles: ['member']
2025-05-14 04:46:47.921 70139 INFO tempest.lib.common.dynamic_creds [-] Acquired dynamic creds: credentials: Credentials: {'domain_id': 'default', 'domain_name': 'Default', 'username': 'tempest-QuotaClassesAdmin257Test-154923547-project-member', 'project_domain_id': 'default', 'project_domain_name': 'Default', 'project_id': '8f5d78955ab94743898c26d8317b59d5', 'project_name': 'tempest-QuotaClassesAdmin257Test-154923547', 'tenant_id': '8f5d78955ab94743898c26d8317b59d5', 'tenant_name': 'tempest-QuotaClassesAdmin257Test-154923547', 'user_domain_id': 'default', 'user_domain_name': 'Default', 'user_id': '87e8bb95178044908de2612337e045f7', 'system': None}, Network: None, Subnet: None, Router: None
2025-05-14 04:46:47.922 70139 INFO tempest.lib.common.dynamic_creds [-] Created isolated network resources for: credentials: Credentials: {'domain_id': 'default', 'domain_name': 'Default', 'username': 'tempest-QuotaClassesAdmin257Test-154923547-project-member', 'project_domain_id': 'default', 'project_domain_name': 'Default', 'project_id': '8f5d78955ab94743898c26d8317b59d5', 'project_name': 'tempest-QuotaClassesAdmin257Test-154923547', 'tenant_id': '8f5d78955ab94743898c26d8317b59d5', 'tenant_name': 'tempest-QuotaClassesAdmin257Test-154923547', 'user_domain_id': 'default', 'user_domain_name': 'Default', 'user_id': '87e8bb95178044908de2612337e045f7', 'system': None}, Network: None, Subnet: None, Router: None
2025-05-14 04:46:47.968 70143 INFO tempest.lib.common.rest_client [req-be82196c-eaf5-4285-b7bb-a9b5e432ffca req-be82196c-eaf5-4285-b7bb-a9b5e432ffca ] Request (MigrationsAdminTest:setUpClass): 204 PUT http://10.180.1.21/identity/v3/projects/c021e576455449ac9fba2610f5090b42/users/fdd2c09d959a456b855837869ebd610b/roles/0378efa431c848e19f1f485ed916abca 0.764s
2025-05-14 04:46:47.968 70143 INFO tempest.lib.common.dynamic_creds [-] Dynamic test user fdd2c09d959a456b855837869ebd610b is created with scope project and roles: ['member']
2025-05-14 04:46:47.969 70143 INFO tempest.lib.common.dynamic_creds [-] Acquired dynamic creds: credentials: Credentials: {'domain_id': 'default', 'domain_name': 'Default', 'username': 'tempest-MigrationsAdminTest-188051455-project-member', 'project_domain_id': 'default', 'project_domain_name': 'Default', 'project_id': 'c021e576455449ac9fba2610f5090b42', 'project_name': 'tempest-MigrationsAdminTest-188051455', 'tenant_id': 'c021e576455449ac9fba2610f5090b42', 'tenant_name': 'tempest-MigrationsAdminTest-188051455', 'user_domain_id': 'default', 'user_domain_name': 'Default', 'user_id': 'fdd2c09d959a456b855837869ebd610b', 'system': None}, Network: None, Subnet: None, Router: None
2025-05-14 04:46:47.969 70143 INFO tempest.lib.common.dynamic_creds [-] Created isolated network resources for: credentials: Credentials: {'domain_id': 'default', 'domain_name': 'Default', 'username': 'tempest-MigrationsAdminTest-188051455-project-member', 'project_domain_id': 'default', 'project_domain_name': 'Default', 'project_id': 'c021e576455449ac9fba2610f5090b42', 'project_name': 'tempest-MigrationsAdminTest-188051455', 'tenant_id': 'c021e576455449ac9fba2610f5090b42', 'tenant_name': 'tempest-MigrationsAdminTest-188051455', 'user_domain_id': 'default', 'user_domain_name': 'Default', 'user_id': 'fdd2c09d959a456b855837869ebd610b', 'system': None}, Network: None, Subnet: None, Router: None
2025-05-14 04:46:47.969 70121 INFO tempest.lib.common.rest_client [req-0b4a322a-2548-4d43-8d62-b50e966b1bb5 req-0b4a322a-2548-4d43-8d62-b50e966b1bb5 ] Request (FlavorMetadataValidation:setUpClass): 204 PUT http://10.180.1.21/identity/v3/projects/c47ceb81da4145a495fca2bded2f6f47/users/ee18d17b42c64d149fdb960a4df9cdf5/roles/0378efa431c848e19f1f485ed916abca 0.779s
2025-05-14 04:46:47.969 70121 INFO tempest.lib.common.dynamic_creds [-] Dynamic test user ee18d17b42c64d149fdb960a4df9cdf5 is created with scope project and roles: ['member']
2025-05-14 04:46:47.970 70121 INFO tempest.lib.common.dynamic_creds [-] Acquired dynamic creds: credentials: Credentials: {'domain_id': 'default', 'domain_name': 'Default', 'username': 'tempest-FlavorMetadataValidation-1493888827-project-member', 'project_domain_id': 'default', 'project_domain_name': 'Default', 'project_id': 'c47ceb81da4145a495fca2bded2f6f47', 'project_name': 'tempest-FlavorMetadataValidation-1493888827', 'tenant_id': 'c47ceb81da4145a495fca2bded2f6f47', 'tenant_name': 'tempest-FlavorMetadataValidation-1493888827', 'user_domain_id': 'default', 'user_domain_name': 'Default', 'user_id': 'ee18d17b42c64d149fdb960a4df9cdf5', 'system': None}, Network: None, Subnet: None, Router: None
2025-05-14 04:46:47.970 70121 INFO tempest.lib.common.dynamic_creds [-] Created isolated network resources for: credentials: Credentials: {'domain_id': 'default', 'domain_name': 'Default', 'username': 'tempest-FlavorMetadataValidation-1493888827-project-member', 'project_domain_id': 'default', 'project_domain_name': 'Default', 'project_id': 'c47ceb81da4145a495fca2bded2f6f47', 'project_name': 'tempest-FlavorMetadataValidation-1493888827', 'tenant_id': 'c47ceb81da4145a495fca2bded2f6f47', 'tenant_name': 'tempest-FlavorMetadataValidation-1493888827', 'user_domain_id': 'default', 'user_domain_name': 'Default', 'user_id': 'ee18d17b42c64d149fdb960a4df9cdf5', 'system': None}, Network: None, Subnet: None, Router: None
2025-05-14 04:46:48.022 70113 INFO tempest.lib.common.rest_client [req-8e8fbf4b-1f07-49b7-966e-e21c8a50dbfb req-8e8fbf4b-1f07-49b7-966e-e21c8a50dbfb ] Request (AttachInterfacesUnderV243Test:setUpClass): 201 POST http://10.180.1.21/identity/v3/auth/tokens 0.812s
2025-05-14 04:46:48.024 70083 INFO tempest.lib.common.rest_client [req-33aae8b0-21d8-46e0-8453-747792a82314 req-33aae8b0-21d8-46e0-8453-747792a82314 ] Request (AZAdminV2TestJSON:setUpClass): 201 POST http://10.180.1.21/identity/v3/projects 0.768s
2025-05-14 04:46:48.049 70091 INFO tempest.lib.common.rest_client [req-f4fa3e58-70c0-45b7-8cbe-18f6ce256197 req-f4fa3e58-70c0-45b7-8cbe-18f6ce256197 ] Request (AttachInterfacesV270Test:setUpClass): 201 POST http://10.180.1.21:9696/networking/v2.0/networks 0.922s
2025-05-14 04:46:48.079 70111 INFO tempest.lib.common.rest_client [req-cadd4655-b64f-4c46-8d69-b5b5209535d3 req-cadd4655-b64f-4c46-8d69-b5b5209535d3 ] Request (FlavorsV255TestJSON:setUpClass): 201 POST http://10.180.1.21/identity/v3/auth/tokens 0.783s
2025-05-14 04:46:48.081 70125 INFO tempest.lib.common.rest_client [req-287b94cf-c1fe-405a-a83d-6a5b679e9314 req-287b94cf-c1fe-405a-a83d-6a5b679e9314 ] Request (QuotasAdminTestV257:setUpClass): 201 POST http://10.180.1.21/identity/v3/projects 0.773s
2025-05-14 04:46:48.166 70117 INFO tempest.lib.common.rest_client [req-899c84f5-1e72-4c2e-a6f2-996adbb2ed4c req-899c84f5-1e72-4c2e-a6f2-996adbb2ed4c ] Request (QuotasAdminTestV236:setUpClass): 201 POST http://10.180.1.21/identity/v3/projects 0.788s
2025-05-14 04:46:48.198 70093 INFO tempest.lib.common.rest_client [req-ee947a81-643d-44d9-b7f1-c0d768707b5f req-ee947a81-643d-44d9-b7f1-c0d768707b5f ] Request (NetworksTest:setUpClass): 201 POST http://10.180.1.21/identity/v3/auth/tokens 0.831s
2025-05-14 04:46:48.229 70097 INFO tempest.lib.common.rest_client [req-fd2b571b-7af8-4356-b5f1-53c63f8b41b4 req-fd2b571b-7af8-4356-b5f1-53c63f8b41b4 ] Request (ServersAdmin275Test:setUpClass): 201 POST http://10.180.1.21/identity/v3/auth/tokens 0.811s
2025-05-14 04:46:48.283 70091 INFO tempest.lib.common.rest_client [req-1d756be4-dbee-4f23-961c-c69375747d29 req-1d756be4-dbee-4f23-961c-c69375747d29 ] Request (AttachInterfacesV270Test:setUpClass): 201 POST http://10.180.1.21:9696/networking/v2.0/subnets 0.232s
2025-05-14 04:46:48.295 70105 INFO tempest.lib.common.rest_client [req-af573635-34e7-458f-aea3-b63a1342c2d1 req-af573635-34e7-458f-aea3-b63a1342c2d1 ] Request (QuotaClassesAdminTestJSON:test_update_default_quotas): 200 GET http://10.180.1.21/compute/v2.1/os-quota-class-sets/default 0.852s
2025-05-14 04:46:48.347 70141 INFO tempest.lib.common.rest_client [req-d0dcef02-d66c-41cf-abaf-64041b5df240 req-d0dcef02-d66c-41cf-abaf-64041b5df240 ] Request (FlavorsV261TestJSON:setUpClass): 201 POST http://10.180.1.21/identity/v3/auth/tokens 0.818s
2025-05-14 04:46:48.360 70115 INFO tempest.lib.common.rest_client [req-723646e5-f77a-4cd5-b5ef-1e6fe711def9 req-723646e5-f77a-4cd5-b5ef-1e6fe711def9 ] Request (ServerDiagnosticsV248Test:setUpClass): 201 POST http://10.180.1.21/identity/v3/auth/tokens 0.826s
2025-05-14 04:46:48.414 70089 INFO tempest.lib.common.rest_client [req-dc25821d-3226-487e-aff6-e33139230e36 req-dc25821d-3226-487e-aff6-e33139230e36 ] Request (QuotasAdminTestJSON:setUpClass): 201 POST http://10.180.1.21/identity/v3/projects 0.871s
2025-05-14 04:46:48.436 70095 INFO tempest.lib.common.rest_client [req-9ef559fd-8721-4ca2-b54c-65139e7db361 req-9ef559fd-8721-4ca2-b54c-65139e7db361 ] Request (HostsAdminNegativeTestJSON:setUpClass): 201 POST http://10.180.1.21/identity/v3/auth/tokens 0.826s
2025-05-14 04:46:48.437 70085 INFO tempest.lib.common.rest_client [req-4bf8bcfc-2fd0-43c4-8a25-0651c3bc467d req-4bf8bcfc-2fd0-43c4-8a25-0651c3bc467d ] Request (VolumesAssistedSnapshotsTest:setUpClass): 201 POST http://10.180.1.21:9696/networking/v2.0/networks 1.135s
2025-05-14 04:46:48.450 70127 INFO tempest.lib.common.rest_client [req-2bfc2c61-bace-483b-9e2a-af754b10768f req-2bfc2c61-bace-483b-9e2a-af754b10768f ] Request (ServersWithSpecificFlavorTestJSON:setUpClass): 201 POST http://10.180.1.21:9696/networking/v2.0/networks 1.127s
2025-05-14 04:46:48.478 70129 INFO tempest.lib.common.rest_client [req-8aafaf52-f9f5-4b23-af82-2b1950393890 req-8aafaf52-f9f5-4b23-af82-2b1950393890 ] Request (FlavorsExtraSpecsNegativeTestJSON:setUpClass): 201 POST http://10.180.1.21/identity/v3/auth/tokens 0.866s
2025-05-14 04:46:48.493 70133 INFO tempest.lib.common.rest_client [req-a333d364-c87b-4b59-8ab1-272a5a8f5ea9 req-a333d364-c87b-4b59-8ab1-272a5a8f5ea9 ] Request (KeyPairsNegativeTestJSON:setUpClass): 201 POST http://10.180.1.21/identity/v3/auth/tokens 0.839s
2025-05-14 04:46:48.539 70135 INFO tempest.lib.common.rest_client [req-5b26cdc4-15c0-4953-80a9-8c5509b48c2e req-5b26cdc4-15c0-4953-80a9-8c5509b48c2e ] Request (InstanceUsageAuditLogTestJSON:setUpClass): 201 POST http://10.180.1.21/identity/v3/auth/tokens 0.885s
2025-05-14 04:46:48.544 70101 INFO tempest.lib.common.rest_client [req-8ca0ec01-b47b-4274-8894-601c29c05d84 req-8ca0ec01-b47b-4274-8894-601c29c05d84 ] Request (ServersAdminTestJSON:setUpClass): 201 POST http://10.180.1.21/identity/v3/auth/tokens 0.882s
2025-05-14 04:46:48.564 70107 INFO tempest.lib.common.rest_client [req-3d3b0038-6cc3-41d8-b6ca-39c635c2a675 req-3d3b0038-6cc3-41d8-b6ca-39c635c2a675 ] Request (FlavorsAccessTestJSON:setUpClass): 201 POST http://10.180.1.21/identity/v3/projects 0.900s
2025-05-14 04:46:48.596 70127 INFO tempest.lib.common.rest_client [req-5a5fa5cc-67fb-44a5-86b0-43a846ef314e req-5a5fa5cc-67fb-44a5-86b0-43a846ef314e ] Request (ServersWithSpecificFlavorTestJSON:setUpClass): 201 POST http://10.180.1.21:9696/networking/v2.0/subnets 0.146s
2025-05-14 04:46:48.619 70109 INFO tempest.lib.common.rest_client [req-d22d430c-0b26-49a8-9ff5-6f0ee0f755a1 req-d22d430c-0b26-49a8-9ff5-6f0ee0f755a1 ] Request (FlavorsAdminTestJSON:setUpClass): 201 POST http://10.180.1.21/identity/v3/auth/tokens 0.868s
2025-05-14 04:46:48.663 70123 INFO tempest.lib.common.rest_client [req-0636d53f-e51d-4a0c-ba67-3dce6eab439a req-0636d53f-e51d-4a0c-ba67-3dce6eab439a ] Request (HypervisorAdminV253TestBase:setUpClass): 201 POST http://10.180.1.21/identity/v3/projects 0.898s
2025-05-14 04:46:48.677 70087 INFO tempest.lib.common.rest_client [req-04fe7cc8-35c3-4741-9742-5d53565cb727 req-04fe7cc8-35c3-4741-9742-5d53565cb727 ] Request (AggregatesAdminNegativeTestJSON:setUpClass): 201 POST http://10.180.1.21/identity/v3/auth/tokens 0.921s
2025-05-14 04:46:48.731 70131 INFO tempest.lib.common.rest_client [req-4ab1c4da-abd4-4a1e-aa70-63d67d3e4f21 req-4ab1c4da-abd4-4a1e-aa70-63d67d3e4f21 ] Request (FloatingIPsNegativeTestJSON:setUpClass): 201 POST http://10.180.1.21/identity/v3/auth/tokens 0.866s
2025-05-14 04:46:48.747 70120 INFO tempest.lib.common.rest_client [req-5c06a66b-9b46-4c09-84b4-d7ba7bddb5b5 req-5c06a66b-9b46-4c09-84b4-d7ba7bddb5b5 ] Request (DeleteServersAdminTestJSON:setUpClass): 204 PUT http://10.180.1.21/identity/v3/projects/7dff683c9a5749c0bfedda6fb6338e8a/users/a09339ec4e514a54a332d7e22d20e096/roles/99f3ebb329f24bf88a69728390ff514f 0.827s
2025-05-14 04:46:48.747 70120 INFO tempest.lib.common.dynamic_creds [-] Dynamic test user a09339ec4e514a54a332d7e22d20e096 is created with scope project and roles: ['admin']
2025-05-14 04:46:48.747 70120 INFO tempest.lib.common.dynamic_creds [-] Acquired dynamic creds: credentials: Credentials: {'domain_id': 'default', 'domain_name': 'Default', 'username': 'tempest-DeleteServersAdminTestJSON-507097304-project-admin', 'project_domain_id': 'default', 'project_domain_name': 'Default', 'project_id': '7dff683c9a5749c0bfedda6fb6338e8a', 'project_name': 'tempest-DeleteServersAdminTestJSON-507097304', 'tenant_id': '7dff683c9a5749c0bfedda6fb6338e8a', 'tenant_name': 'tempest-DeleteServersAdminTestJSON-507097304', 'user_domain_id': 'default', 'user_domain_name': 'Default', 'user_id': 'a09339ec4e514a54a332d7e22d20e096', 'system': None}, Network: None, Subnet: None, Router: None
2025-05-14 04:46:48.747 70120 INFO tempest.lib.common.dynamic_creds [-] Created isolated network resources for: credentials: Credentials: {'domain_id': 'default', 'domain_name': 'Default', 'username': 'tempest-DeleteServersAdminTestJSON-507097304-project-admin', 'project_domain_id': 'default', 'project_domain_name': 'Default', 'project_id': '7dff683c9a5749c0bfedda6fb6338e8a', 'project_name': 'tempest-DeleteServersAdminTestJSON-507097304', 'tenant_id': '7dff683c9a5749c0bfedda6fb6338e8a', 'tenant_name': 'tempest-DeleteServersAdminTestJSON-507097304', 'user_domain_id': 'default', 'user_domain_name': 'Default', 'user_id': 'a09339ec4e514a54a332d7e22d20e096', 'system': None}, Network: None, Subnet: None, Router: None
2025-05-14 04:46:48.754 70103 INFO tempest.lib.common.rest_client [req-df944aea-98f7-4062-a4b9-e146e3bb65e9 req-df944aea-98f7-4062-a4b9-e146e3bb65e9 ] Request (AZAdminNegativeTestJSON:test_get_availability_zone_list_detail_with_non_admin_user): 403 GET http://10.180.1.21/compute/v2.1/os-availability-zone/detail 0.945s
2025-05-14 04:46:48.800 70139 INFO tempest.lib.common.rest_client [req-81287faa-4366-4e69-93a7-5b065bb6b926 req-81287faa-4366-4e69-93a7-5b065bb6b926 ] Request (QuotaClassesAdmin257Test:setUpClass): 201 POST http://10.180.1.21/identity/v3/auth/tokens 0.839s
2025-05-14 04:46:48.806 70121 INFO tempest.lib.common.rest_client [req-f203f20a-f7c9-4e5f-a7ef-f7ad321dd95d req-f203f20a-f7c9-4e5f-a7ef-f7ad321dd95d ] Request (FlavorMetadataValidation:setUpClass): 201 POST http://10.180.1.21/identity/v3/auth/tokens 0.785s
2025-05-14 04:46:48.852 70085 INFO tempest.lib.common.rest_client [req-fc1e8286-aa77-447e-bc61-5235449958de req-fc1e8286-aa77-447e-bc61-5235449958de ] Request (VolumesAssistedSnapshotsTest:setUpClass): 201 POST http://10.180.1.21:9696/networking/v2.0/subnets 0.414s
2025-05-14 04:46:48.854 70083 INFO tempest.lib.common.rest_client [req-9a2e006c-65f4-4c0c-8465-f796a5960138 req-9a2e006c-65f4-4c0c-8465-f796a5960138 ] Request (AZAdminV2TestJSON:setUpClass): 201 POST http://10.180.1.21/identity/v3/users 0.829s
2025-05-14 04:46:48.879 70111 INFO tempest.lib.common.rest_client [req-c27a1b9e-eba4-4935-9f42-62d70589de0a req-c27a1b9e-eba4-4935-9f42-62d70589de0a ] Request (FlavorsV255TestJSON:setUpClass): 201 POST http://10.180.1.21/identity/v3/projects 0.799s
2025-05-14 04:46:48.908 70143 INFO tempest.lib.common.rest_client [req-6f4da67c-d125-48a1-996e-4c15197ebd37 req-6f4da67c-d125-48a1-996e-4c15197ebd37 ] Request (MigrationsAdminTest:setUpClass): 201 POST http://10.180.1.21/identity/v3/auth/tokens 0.881s
2025-05-14 04:46:48.925 70105 INFO tempest.lib.common.rest_client [req-43c030bc-f6de-48fc-ad88-6711ba761a7c req-43c030bc-f6de-48fc-ad88-6711ba761a7c ] Request (QuotaClassesAdminTestJSON:test_update_default_quotas): 200 PUT http://10.180.1.21/compute/v2.1/os-quota-class-sets/default 0.628s
2025-05-14 04:46:48.937 70125 INFO tempest.lib.common.rest_client [req-53a3d4d8-26af-4865-8c85-c007b5ee1a19 req-53a3d4d8-26af-4865-8c85-c007b5ee1a19 ] Request (QuotasAdminTestV257:setUpClass): 201 POST http://10.180.1.21/identity/v3/users 0.856s
2025-05-14 04:46:48.963 70117 INFO tempest.lib.common.rest_client [req-43e68872-7d86-4e3c-a8e2-5076922b427d req-43e68872-7d86-4e3c-a8e2-5076922b427d ] Request (QuotasAdminTestV236:setUpClass): 201 POST http://10.180.1.21/identity/v3/users 0.796s
2025-05-14 04:46:48.963 70093 INFO tempest.lib.common.rest_client [req-7badb031-2d89-4a41-b642-5777403afc6e req-7badb031-2d89-4a41-b642-5777403afc6e ] Request (NetworksTest:setUpClass): 201 POST http://10.180.1.21/identity/v3/projects 0.764s
2025-05-14 04:46:49.019 70097 INFO tempest.lib.common.rest_client [req-2caefc8e-069f-4676-8540-6378f0f8d558 req-2caefc8e-069f-4676-8540-6378f0f8d558 ] Request (ServersAdmin275Test:setUpClass): 201 POST http://10.180.1.21/identity/v3/projects 0.789s
2025-05-14 04:46:49.087 70145 INFO tempest.lib.common.rest_client [req-dcd66fec-77fc-4714-8c69-7fe67b406168 req-dcd66fec-77fc-4714-8c69-7fe67b406168 ] Request (AbsoluteLimitsTestJSON:test_absLimits_get): 200 GET http://10.180.1.21/compute/v2.1/limits 1.268s
2025-05-14 04:46:49.094 70141 INFO tempest.lib.common.rest_client [req-63a40bcf-2970-4417-a074-3f33fc269293 req-63a40bcf-2970-4417-a074-3f33fc269293 ] Request (FlavorsV261TestJSON:setUpClass): 201 POST http://10.180.1.21/identity/v3/projects 0.746s
2025-05-14 04:46:49.106 70115 INFO tempest.lib.common.rest_client [req-823570f9-87d1-49be-86b8-7dd18c6fd6d2 req-823570f9-87d1-49be-86b8-7dd18c6fd6d2 ] Request (ServerDiagnosticsV248Test:setUpClass): 201 POST http://10.180.1.21/identity/v3/projects 0.745s
2025-05-14 04:46:49.164 70095 INFO tempest.lib.common.rest_client [req-f6a5c723-b246-456f-a730-426fb110ee66 req-f6a5c723-b246-456f-a730-426fb110ee66 ] Request (HostsAdminNegativeTestJSON:setUpClass): 201 POST http://10.180.1.21/identity/v3/projects 0.727s
2025-05-14 04:46:49.174 70089 INFO tempest.lib.common.rest_client [req-b762519f-ea99-4cda-8e76-83937d60882a req-b762519f-ea99-4cda-8e76-83937d60882a ] Request (QuotasAdminTestJSON:setUpClass): 201 POST http://10.180.1.21/identity/v3/users 0.759s
2025-05-14 04:46:49.188 70137 INFO tempest.lib.common.rest_client [req-f5a6be11-547f-46b6-a8cc-9997c609a148 req-f5a6be11-547f-46b6-a8cc-9997c609a148 ] Request (SecurityGroupsTestJSON:setUpClass): 201 POST http://10.180.1.21:9696/networking/v2.0/networks 1.475s
2025-05-14 04:46:49.224 70129 INFO tempest.lib.common.rest_client [req-e47d5bcc-d0e2-49c2-bc27-594a1c3fd54f req-e47d5bcc-d0e2-49c2-bc27-594a1c3fd54f ] Request (FlavorsExtraSpecsNegativeTestJSON:setUpClass): 201 POST http://10.180.1.21/identity/v3/projects 0.745s
2025-05-14 04:46:49.231 70135 INFO tempest.lib.common.rest_client [req-dfd4c566-12b2-439b-9c19-85df54ae72b0 req-dfd4c566-12b2-439b-9c19-85df54ae72b0 ] Request (InstanceUsageAuditLogTestJSON:setUpClass): 201 POST http://10.180.1.21/identity/v3/projects 0.691s
2025-05-14 04:46:49.282 70107 INFO tempest.lib.common.rest_client [req-84a25be5-18ed-4350-83e3-1ed3571c6325 req-84a25be5-18ed-4350-83e3-1ed3571c6325 ] Request (FlavorsAccessTestJSON:setUpClass): 201 POST http://10.180.1.21/identity/v3/users 0.717s
2025-05-14 04:46:49.305 70109 INFO tempest.lib.common.rest_client [req-ab845fad-5f09-4411-8078-052ae1e81be1 req-ab845fad-5f09-4411-8078-052ae1e81be1 ] Request (FlavorsAdminTestJSON:setUpClass): 201 POST http://10.180.1.21/identity/v3/projects 0.686s
2025-05-14 04:46:49.319 70123 INFO tempest.lib.common.rest_client [req-dc816253-31d8-4e6f-a6d9-c156f9aee757 req-dc816253-31d8-4e6f-a6d9-c156f9aee757 ] Request (HypervisorAdminV253TestBase:setUpClass): 201 POST http://10.180.1.21/identity/v3/users 0.655s
2025-05-14 04:46:49.338 70113 INFO tempest.lib.common.rest_client [req-87a99d99-98be-4d53-a2ab-0f5ae78d12bc req-87a99d99-98be-4d53-a2ab-0f5ae78d12bc ] Request (AttachInterfacesUnderV243Test:setUpClass): 201 POST http://10.180.1.21:9696/networking/v2.0/networks 1.315s
2025-05-14 04:46:49.402 70120 INFO tempest.lib.common.rest_client [req-31f2b9b9-c6dc-4fac-87f1-2c9e88347905 req-31f2b9b9-c6dc-4fac-87f1-2c9e88347905 ] Request (DeleteServersAdminTestJSON:setUpClass): 201 POST http://10.180.1.21/identity/v3/auth/tokens 0.652s
2025-05-14 04:46:49.429 70139 INFO tempest.lib.common.rest_client [req-d9b85653-f9de-4135-959c-8553980cbec4 req-d9b85653-f9de-4135-959c-8553980cbec4 ] Request (QuotaClassesAdmin257Test:setUpClass): 201 POST http://10.180.1.21/identity/v3/projects 0.627s
2025-05-14 04:46:49.453 70103 INFO tempest.lib.common.rest_client [req-0da85269-cd2c-4cb9-9536-47781eb4d447 req-0da85269-cd2c-4cb9-9536-47781eb4d447 ] Request (AZAdminNegativeTestJSON:tearDownClass): 204 DELETE http://10.180.1.21/identity/v3/users/701a237a10f0480fa82b63a0868941c2 0.693s
2025-05-14 04:46:49.512 70083 INFO tempest.lib.common.rest_client [req-3d9f4057-489d-4910-9614-d9b0fe932a55 req-3d9f4057-489d-4910-9614-d9b0fe932a55 ] Request (AZAdminV2TestJSON:setUpClass): 200 GET http://10.180.1.21/identity/v3/roles 0.658s
2025-05-14 04:46:49.526 70121 INFO tempest.lib.common.rest_client [req-ba81eb67-1965-46f6-819a-5e36259538a6 req-ba81eb67-1965-46f6-819a-5e36259538a6 ] Request (FlavorMetadataValidation:setUpClass): 201 POST http://10.180.1.21/identity/v3/projects 0.720s
2025-05-14 04:46:49.543 70111 INFO tempest.lib.common.rest_client [req-8e0de89c-bf36-475d-a437-f03691be2080 req-8e0de89c-bf36-475d-a437-f03691be2080 ] Request (FlavorsV255TestJSON:setUpClass): 201 POST http://10.180.1.21/identity/v3/users 0.663s
2025-05-14 04:46:49.583 70143 INFO tempest.lib.common.rest_client [req-34a6f40c-770e-4ff4-b9f3-3c0bbf4de70e req-34a6f40c-770e-4ff4-b9f3-3c0bbf4de70e ] Request (MigrationsAdminTest:setUpClass): 201 POST http://10.180.1.21/identity/v3/projects 0.673s
2025-05-14 04:46:49.607 70113 INFO tempest.lib.common.rest_client [req-66ea1c87-5521-48d6-bee0-e83266ed2f5f req-66ea1c87-5521-48d6-bee0-e83266ed2f5f ] Request (AttachInterfacesUnderV243Test:setUpClass): 201 POST http://10.180.1.21:9696/networking/v2.0/subnets 0.269s
2025-05-14 04:46:49.636 70125 INFO tempest.lib.common.rest_client [req-db1383d3-2132-4039-b608-73c6f36ed31d req-db1383d3-2132-4039-b608-73c6f36ed31d ] Request (QuotasAdminTestV257:setUpClass): 200 GET http://10.180.1.21/identity/v3/roles 0.698s
2025-05-14 04:46:49.643 70091 INFO tempest.lib.common.rest_client [req-296ef314-f193-4a98-bb64-3f96d390764d req-296ef314-f193-4a98-bb64-3f96d390764d ] Request (AttachInterfacesV270Test:setUpClass): 201 POST http://10.180.1.21:9696/networking/v2.0/routers 1.360s
2025-05-14 04:46:49.661 70117 INFO tempest.lib.common.rest_client [req-c53d8ed6-d075-4825-8cd1-c553e5f9f655 req-c53d8ed6-d075-4825-8cd1-c553e5f9f655 ] Request (QuotasAdminTestV236:setUpClass): 200 GET http://10.180.1.21/identity/v3/roles 0.697s
2025-05-14 04:46:49.663 70133 INFO tempest.lib.common.rest_client [req-4e0b3bb8-6e41-4507-884e-ab90099b8dd4 req-4e0b3bb8-6e41-4507-884e-ab90099b8dd4 ] Request (KeyPairsNegativeTestJSON:test_create_keypair_invalid_name): 400 POST http://10.180.1.21/compute/v2.1/os-keypairs 1.168s
2025-05-14 04:46:49.675 70105 INFO tempest.lib.common.rest_client [req-5d4aee1d-a0a3-4f58-a46c-1845eaba4301 req-5d4aee1d-a0a3-4f58-a46c-1845eaba4301 ] Request (QuotaClassesAdminTestJSON:test_update_default_quotas): 200 GET http://10.180.1.21/compute/v2.1/os-quota-class-sets/default 0.747s
2025-05-14 04:46:49.685 70093 INFO tempest.lib.common.rest_client [req-eb75eeed-e76f-4ee9-a63f-3f6019fc8e30 req-eb75eeed-e76f-4ee9-a63f-3f6019fc8e30 ] Request (NetworksTest:setUpClass): 201 POST http://10.180.1.21/identity/v3/users 0.721s
2025-05-14 04:46:49.687 70097 INFO tempest.lib.common.rest_client [req-147e5df1-8a56-4318-862d-e4c7ed258f05 req-147e5df1-8a56-4318-862d-e4c7ed258f05 ] Request (ServersAdmin275Test:setUpClass): 201 POST http://10.180.1.21/identity/v3/users 0.667s
2025-05-14 04:46:49.709 70133 INFO tempest.lib.common.rest_client [req-01059635-e264-4cc4-a31a-12251ccf9cde req-01059635-e264-4cc4-a31a-12251ccf9cde ] Request (KeyPairsNegativeTestJSON:test_create_keypair_when_public_key_bits_exceeds_maximum): 400 POST http://10.180.1.21/compute/v2.1/os-keypairs 0.036s
2025-05-14 04:46:49.752 70105 INFO tempest.lib.common.rest_client [req-cfbeb08b-bc2f-488c-af1c-ce53ec6d6b44 req-cfbeb08b-bc2f-488c-af1c-ce53ec6d6b44 ] Request (QuotaClassesAdminTestJSON:_run_cleanups): 200 PUT http://10.180.1.21/compute/v2.1/os-quota-class-sets/default 0.074s
2025-05-14 04:46:49.775 70087 INFO tempest.lib.common.rest_client [req-e52d7e3a-a3f4-45fb-b09f-163eb4a055c0 req-e52d7e3a-a3f4-45fb-b09f-163eb4a055c0 ] Request (AggregatesAdminNegativeTestJSON:setUpClass): 200 GET http://10.180.1.21/compute/v2.1/os-services?binary=nova-compute 1.097s
2025-05-14 04:46:49.782 70141 INFO tempest.lib.common.rest_client [req-1f47c954-cb41-4db2-9962-e611e7f3d9f9 req-1f47c954-cb41-4db2-9962-e611e7f3d9f9 ] Request (FlavorsV261TestJSON:setUpClass): 201 POST http://10.180.1.21/identity/v3/users 0.687s
2025-05-14 04:46:49.789 70133 INFO tempest.lib.common.rest_client [req-37348bea-5b00-4168-a252-72ec33b712aa req-37348bea-5b00-4168-a252-72ec33b712aa ] Request (KeyPairsNegativeTestJSON:test_create_keypair_with_duplicate_name): 200 POST http://10.180.1.21/compute/v2.1/os-keypairs 0.074s
2025-05-14 04:46:49.817 70115 INFO tempest.lib.common.rest_client [req-88d520b5-0757-411d-8e8d-6beed65bed6f req-88d520b5-0757-411d-8e8d-6beed65bed6f ] Request (ServerDiagnosticsV248Test:setUpClass): 201 POST http://10.180.1.21/identity/v3/users 0.711s
2025-05-14 04:46:49.835 70133 INFO tempest.lib.common.rest_client [req-42b4e3bb-6b25-40e7-9bdb-6d6ac94198f5 req-42b4e3bb-6b25-40e7-9bdb-6d6ac94198f5 ] Request (KeyPairsNegativeTestJSON:test_create_keypair_with_duplicate_name): 409 POST http://10.180.1.21/compute/v2.1/os-keypairs 0.045s
2025-05-14 04:46:49.847 70087 INFO tempest.lib.common.rest_client [req-70c19f7b-f919-4322-907f-f67beae7d048 req-70c19f7b-f919-4322-907f-f67beae7d048 ] Request (AggregatesAdminNegativeTestJSON:test_aggregate_add_existent_host): 200 POST http://10.180.1.21/compute/v2.1/os-aggregates 0.066s
2025-05-14 04:46:49.854 70137 INFO tempest.lib.common.rest_client [req-3f67edcb-c0d4-4c9d-98ed-9eeff322f179 req-3f67edcb-c0d4-4c9d-98ed-9eeff322f179 ] Request (SecurityGroupsTestJSON:setUpClass): 201 POST http://10.180.1.21:9696/networking/v2.0/subnets 0.666s
2025-05-14 04:46:49.864 70145 INFO tempest.lib.common.rest_client [req-d64d50e7-59e9-4859-ba11-b3264d263446 req-d64d50e7-59e9-4859-ba11-b3264d263446 ] Request (AbsoluteLimitsTestJSON:tearDownClass): 204 DELETE http://10.180.1.21/identity/v3/users/b110442aa6ea4292aa1679e19b80291a 0.768s
2025-05-14 04:46:49.864 70145 INFO tempest.lib.common.dynamic_creds [-] Deleting project and security group for project: 89d6bf8bc739444ca07c8651108b6e05
2025-05-14 04:46:49.864 70133 INFO tempest.lib.common.rest_client [req-0e13b1c6-026c-4d90-807b-68420f65a6ec req-0e13b1c6-026c-4d90-807b-68420f65a6ec ] Request (KeyPairsNegativeTestJSON:test_create_keypair_with_duplicate_name): 202 DELETE http://10.180.1.21/compute/v2.1/os-keypairs/tempest-keypair-474694960 0.027s
2025-05-14 04:46:49.876 70133 INFO tempest.lib.common.rest_client [req-cc4d3827-f469-4c70-83ea-b16b749f74b7 req-cc4d3827-f469-4c70-83ea-b16b749f74b7 ] Request (KeyPairsNegativeTestJSON:test_create_keypair_with_empty_name_string): 400 POST http://10.180.1.21/compute/v2.1/os-keypairs 0.008s
2025-05-14 04:46:49.912 70095 INFO tempest.lib.common.rest_client [req-dd33f510-f8c2-45f4-a0d1-fa973f86b517 req-dd33f510-f8c2-45f4-a0d1-fa973f86b517 ] Request (HostsAdminNegativeTestJSON:setUpClass): 201 POST http://10.180.1.21/identity/v3/users 0.747s
2025-05-14 04:46:49.930 70133 INFO tempest.lib.common.rest_client [req-a4203bde-baec-41d3-bde9-be4d72bdb832 req-a4203bde-baec-41d3-bde9-be4d72bdb832 ] Request (KeyPairsNegativeTestJSON:test_create_keypair_with_empty_public_key): 400 POST http://10.180.1.21/compute/v2.1/os-keypairs 0.053s
2025-05-14 04:46:49.940 70133 INFO tempest.lib.common.rest_client [req-37a299f8-d8d5-493b-8635-ee9f2a62c407 req-37a299f8-d8d5-493b-8635-ee9f2a62c407 ] Request (KeyPairsNegativeTestJSON:test_create_keypair_with_long_keynames): 400 POST http://10.180.1.21/compute/v2.1/os-keypairs 0.008s
2025-05-14 04:46:49.941 70089 INFO tempest.lib.common.rest_client [req-6869e335-c18f-4902-bcb8-5736fa7a281c req-6869e335-c18f-4902-bcb8-5736fa7a281c ] Request (QuotasAdminTestJSON:setUpClass): 200 GET http://10.180.1.21/identity/v3/roles 0.767s
2025-05-14 04:46:49.959 70129 INFO tempest.lib.common.rest_client [req-11c9d376-e519-45c3-885f-1002db78926c req-11c9d376-e519-45c3-885f-1002db78926c ] Request (FlavorsExtraSpecsNegativeTestJSON:setUpClass): 201 POST http://10.180.1.21/identity/v3/users 0.734s
2025-05-14 04:46:49.978 70127 INFO tempest.lib.common.rest_client [req-181b3b43-53b4-4609-bcb0-639630d56dfa req-181b3b43-53b4-4609-bcb0-639630d56dfa ] Request (ServersWithSpecificFlavorTestJSON:setUpClass): 201 POST http://10.180.1.21:9696/networking/v2.0/routers 1.381s
2025-05-14 04:46:49.988 70135 INFO tempest.lib.common.rest_client [req-8ae1eb68-14ab-4d8f-a84e-d20c603c7aff req-8ae1eb68-14ab-4d8f-a84e-d20c603c7aff ] Request (InstanceUsageAuditLogTestJSON:setUpClass): 201 POST http://10.180.1.21/identity/v3/users 0.757s
2025-05-14 04:46:49.993 70107 INFO tempest.lib.common.rest_client [req-eb8ca2cc-6ccf-4925-987f-0cc15303da82 req-eb8ca2cc-6ccf-4925-987f-0cc15303da82 ] Request (FlavorsAccessTestJSON:setUpClass): 200 GET http://10.180.1.21/identity/v3/roles 0.711s
2025-05-14 04:46:49.995 70133 INFO tempest.lib.common.rest_client [req-3845dca3-4d6d-4d9c-8a8d-bd047467208b req-3845dca3-4d6d-4d9c-8a8d-bd047467208b ] Request (KeyPairsNegativeTestJSON:test_keypair_create_with_invalid_pub_key): 400 POST http://10.180.1.21/compute/v2.1/os-keypairs 0.053s
2025-05-14 04:46:50.018 70109 INFO tempest.lib.common.rest_client [req-622f8719-b5f9-4976-86ed-6d1e1462a8a3 req-622f8719-b5f9-4976-86ed-6d1e1462a8a3 ] Request (FlavorsAdminTestJSON:setUpClass): 201 POST http://10.180.1.21/identity/v3/users 0.712s
2025-05-14 04:46:50.025 70133 INFO tempest.lib.common.rest_client [req-a96dda65-616b-42f9-a5b5-4b951e6c8dec req-a96dda65-616b-42f9-a5b5-4b951e6c8dec ] Request (KeyPairsNegativeTestJSON:test_keypair_delete_nonexistent_key): 404 DELETE http://10.180.1.21/compute/v2.1/os-keypairs/tempest-keypair-non-existent-1956712156 0.028s
2025-05-14 04:46:50.031 70123 INFO tempest.lib.common.rest_client [req-0bc76afb-3104-4598-bf5a-0d7f5be9ff50 req-0bc76afb-3104-4598-bf5a-0d7f5be9ff50 ] Request (HypervisorAdminV253TestBase:setUpClass): 200 GET http://10.180.1.21/identity/v3/roles 0.711s
2025-05-14 04:46:50.057 70139 INFO tempest.lib.common.rest_client [req-29b67c27-a18d-4362-91b5-236849b48d21 req-29b67c27-a18d-4362-91b5-236849b48d21 ] Request (QuotaClassesAdmin257Test:setUpClass): 201 POST http://10.180.1.21/identity/v3/users 0.627s
2025-05-14 04:46:50.065 70101 INFO tempest.lib.common.rest_client [req-efd4eb32-b7e6-4744-8c5d-e4ef08673e13 req-efd4eb32-b7e6-4744-8c5d-e4ef08673e13 ] Request (ServersAdminTestJSON:setUpClass): 201 POST http://10.180.1.21:9696/networking/v2.0/networks 1.521s
2025-05-14 04:46:50.094 70120 INFO tempest.lib.common.rest_client [req-a10e554a-f02c-417e-bab3-78dd104d83e5 req-a10e554a-f02c-417e-bab3-78dd104d83e5 ] Request (DeleteServersAdminTestJSON:test_admin_delete_servers_of_others): 201 POST http://10.180.1.21/identity/v3/auth/tokens 0.685s
2025-05-14 04:46:50.095 70120 INFO tempest.lib.common.fixed_network [-] (DeleteServersAdminTestJSON:test_admin_delete_servers_of_others) Found network None available for tenant
2025-05-14 04:46:50.124 70131 INFO tempest.lib.common.rest_client [req-17cebdd5-4f24-489c-832d-3592a5faf784 req-17cebdd5-4f24-489c-832d-3592a5faf784 ] Request (FloatingIPsNegativeTestJSON:setUpClass): 201 POST http://10.180.1.21:9696/networking/v2.0/networks 1.392s
2025-05-14 04:46:50.138 70083 INFO tempest.lib.common.rest_client [req-b8158961-93c8-43ee-9c82-d11ab507af36 req-b8158961-93c8-43ee-9c82-d11ab507af36 ] Request (AZAdminV2TestJSON:setUpClass): 204 PUT http://10.180.1.21/identity/v3/projects/511e70b468304922ba5cdfe385406932/users/9b000492bfc24ab0aab0932cb3c57c1d/roles/99f3ebb329f24bf88a69728390ff514f 0.625s
2025-05-14 04:46:50.150 70103 INFO tempest.lib.common.rest_client [req-8c3e2d7a-3fa1-486f-b28e-ed47b2ab71e5 req-8c3e2d7a-3fa1-486f-b28e-ed47b2ab71e5 ] Request (AZAdminNegativeTestJSON:tearDownClass): 204 DELETE http://10.180.1.21/identity/v3/users/9bbb30633da44065923f3ca0a4a26013 0.697s
2025-05-14 04:46:50.151 70103 INFO tempest.lib.common.dynamic_creds [-] Deleting project and security group for project: 41da31cc34b94d14acac5d6fe85ae779
2025-05-14 04:46:50.214 70111 INFO tempest.lib.common.rest_client [req-1823d9f2-8cec-42a7-8f74-c1bc30008dec req-1823d9f2-8cec-42a7-8f74-c1bc30008dec ] Request (FlavorsV255TestJSON:setUpClass): 200 GET http://10.180.1.21/identity/v3/roles 0.670s
2025-05-14 04:46:50.216 70121 INFO tempest.lib.common.rest_client [req-11abb99a-9d9a-42d2-a877-a0aa2b16c957 req-11abb99a-9d9a-42d2-a877-a0aa2b16c957 ] Request (FlavorMetadataValidation:setUpClass): 201 POST http://10.180.1.21/identity/v3/users 0.689s
2025-05-14 04:46:50.247 70125 INFO tempest.lib.common.rest_client [req-4dff45d5-aee6-4f9a-837d-59c4ea467d68 req-4dff45d5-aee6-4f9a-837d-59c4ea467d68 ] Request (QuotasAdminTestV257:setUpClass): 204 PUT http://10.180.1.21/identity/v3/projects/ca0e4f2f2007408f8ee75c3f9667cbd4/users/d622984e812e45c3a7cee4093e2087c2/roles/99f3ebb329f24bf88a69728390ff514f 0.610s
2025-05-14 04:46:50.247 70143 INFO tempest.lib.common.rest_client [req-108ad03c-fb2c-406d-8fb1-5c6f4cbc9ae3 req-108ad03c-fb2c-406d-8fb1-5c6f4cbc9ae3 ] Request (MigrationsAdminTest:setUpClass): 201 POST http://10.180.1.21/identity/v3/users 0.664s
2025-05-14 04:46:50.303 70093 INFO tempest.lib.common.rest_client [req-1e4b5491-202e-4af5-8f00-7a7a65026760 req-1e4b5491-202e-4af5-8f00-7a7a65026760 ] Request (NetworksTest:setUpClass): 200 GET http://10.180.1.21/identity/v3/roles 0.618s
2025-05-14 04:46:50.319 70117 INFO tempest.lib.common.rest_client [req-9e7b55d5-53f9-428a-a3ac-5eaf98289abc req-9e7b55d5-53f9-428a-a3ac-5eaf98289abc ] Request (QuotasAdminTestV236:setUpClass): 204 PUT http://10.180.1.21/identity/v3/projects/13e7af29f23841b7a834e56f98ef0f21/users/84a4ec15dc1f4a0b84780c8e5e21c90c/roles/99f3ebb329f24bf88a69728390ff514f 0.655s
2025-05-14 04:46:50.359 70097 INFO tempest.lib.common.rest_client [req-25396481-8b77-453c-995e-5608b7583bd9 req-25396481-8b77-453c-995e-5608b7583bd9 ] Request (ServersAdmin275Test:setUpClass): 200 GET http://10.180.1.21/identity/v3/roles 0.672s
2025-05-14 04:46:50.427 70105 INFO tempest.lib.common.rest_client [req-b7b70e7b-2d31-4b4d-a42d-dcd8492479c0 req-b7b70e7b-2d31-4b4d-a42d-dcd8492479c0 ] Request (QuotaClassesAdminTestJSON:tearDownClass): 204 DELETE http://10.180.1.21/identity/v3/users/c05c715e0f45428ea611635508ddc62f 0.665s
2025-05-14 04:46:50.485 70141 INFO tempest.lib.common.rest_client [req-30c8e15a-2de9-4500-be40-0debfc0bbbc9 req-30c8e15a-2de9-4500-be40-0debfc0bbbc9 ] Request (FlavorsV261TestJSON:setUpClass): 200 GET http://10.180.1.21/identity/v3/roles 0.702s
2025-05-14 04:46:50.487 70115 INFO tempest.lib.common.rest_client [req-d8d1df03-6507-432c-bfba-86d7092f296a req-d8d1df03-6507-432c-bfba-86d7092f296a ] Request (ServerDiagnosticsV248Test:setUpClass): 200 GET http://10.180.1.21/identity/v3/roles 0.669s
2025-05-14 04:46:50.510 70095 INFO tempest.lib.common.rest_client [req-e2c1c68d-ebd1-40da-9252-ca69c6c8aee7 req-e2c1c68d-ebd1-40da-9252-ca69c6c8aee7 ] Request (HostsAdminNegativeTestJSON:setUpClass): 200 GET http://10.180.1.21/identity/v3/roles 0.597s
2025-05-14 04:46:50.510 70145 INFO tempest.lib.common.rest_client [req-4bcc3805-cce4-4275-a5dc-376aee5d48ab req-4bcc3805-cce4-4275-a5dc-376aee5d48ab ] Request (AbsoluteLimitsTestJSON:tearDownClass): 201 POST http://10.180.1.21/identity/v3/auth/tokens 0.646s
2025-05-14 04:46:50.534 70085 INFO tempest.lib.common.rest_client [req-bcf7d9c6-cab8-4fb2-9336-689e510aec68 req-bcf7d9c6-cab8-4fb2-9336-689e510aec68 ] Request (VolumesAssistedSnapshotsTest:setUpClass): 201 POST http://10.180.1.21:9696/networking/v2.0/routers 1.682s
2025-05-14 04:46:50.538 70131 INFO tempest.lib.common.rest_client [req-0495806e-b578-4037-bdff-8756670426ae req-0495806e-b578-4037-bdff-8756670426ae ] Request (FloatingIPsNegativeTestJSON:setUpClass): 201 POST http://10.180.1.21:9696/networking/v2.0/subnets 0.413s
2025-05-14 04:46:50.540 70129 INFO tempest.lib.common.rest_client [req-6ad8b0f7-1179-4655-bf3c-8fa19dd7ac5b req-6ad8b0f7-1179-4655-bf3c-8fa19dd7ac5b ] Request (FlavorsExtraSpecsNegativeTestJSON:setUpClass): 200 GET http://10.180.1.21/identity/v3/roles 0.579s
2025-05-14 04:46:50.544 70089 INFO tempest.lib.common.rest_client [req-8d662960-0bbe-4368-bd77-0a0d19c8b4fa req-8d662960-0bbe-4368-bd77-0a0d19c8b4fa ] Request (QuotasAdminTestJSON:setUpClass): 204 PUT http://10.180.1.21/identity/v3/projects/33194c15d71a40b1a67f34e33e3d4dda/users/b11da8f22f0c484693ae9f241f7c7c87/roles/99f3ebb329f24bf88a69728390ff514f 0.602s
2025-05-14 04:46:50.594 70135 INFO tempest.lib.common.rest_client [req-070c4d43-ec41-4102-8500-6ee8cd9d982c req-070c4d43-ec41-4102-8500-6ee8cd9d982c ] Request (InstanceUsageAuditLogTestJSON:setUpClass): 200 GET http://10.180.1.21/identity/v3/roles 0.606s
2025-05-14 04:46:50.596 70099 INFO tempest.lib.common.rest_client [req-1c0ac774-d714-4ac7-9f59-40c701e45bb4 req-1c0ac774-d714-4ac7-9f59-40c701e45bb4 ] Request (ImagesMetadataTestJSON:setUpClass): 201 POST http://10.180.1.21/image/v2/images 3.751s
2025-05-14 04:46:50.605 70107 INFO tempest.lib.common.rest_client [req-76fa83d4-eb8b-4f47-977a-bb8b5e31a8e7 req-76fa83d4-eb8b-4f47-977a-bb8b5e31a8e7 ] Request (FlavorsAccessTestJSON:setUpClass): 204 PUT http://10.180.1.21/identity/v3/projects/c373ff489bc241db8e299b1d1b257005/users/01742420d55c4aeaa8dd5373757f97bf/roles/99f3ebb329f24bf88a69728390ff514f 0.611s
2025-05-14 04:46:50.607 70101 INFO tempest.lib.common.rest_client [req-f8014170-6fd5-4f9b-ad28-8a0d31599ec8 req-f8014170-6fd5-4f9b-ad28-8a0d31599ec8 ] Request (ServersAdminTestJSON:setUpClass): 201 POST http://10.180.1.21:9696/networking/v2.0/subnets 0.541s
2025-05-14 04:46:50.667 70109 INFO tempest.lib.common.rest_client [req-b50a516b-1efc-4136-9ef7-b4ac9cb9267d req-b50a516b-1efc-4136-9ef7-b4ac9cb9267d ] Request (FlavorsAdminTestJSON:setUpClass): 200 GET http://10.180.1.21/identity/v3/roles 0.647s
2025-05-14 04:46:50.699 70133 INFO tempest.lib.common.rest_client [req-53967bb6-5590-4992-b773-7091a660ed88 req-53967bb6-5590-4992-b773-7091a660ed88 ] Request (KeyPairsNegativeTestJSON:tearDownClass): 204 DELETE http://10.180.1.21/identity/v3/users/6b1e66f0ab384eeb9315a7654aee408f 0.672s
2025-05-14 04:46:50.699 70133 INFO tempest.lib.common.dynamic_creds [-] Deleting project and security group for project: 68f08e64483d4beb879b719848a37a24
2025-05-14 04:46:50.729 70123 INFO tempest.lib.common.rest_client [req-66ee0369-3000-4ad7-8c92-de6c3837e49a req-66ee0369-3000-4ad7-8c92-de6c3837e49a ] Request (HypervisorAdminV253TestBase:setUpClass): 204 PUT http://10.180.1.21/identity/v3/projects/42e7f40925544c61bacc22337fbfc931/users/92aa12ee53494f759ae1090e2bbbd761/roles/99f3ebb329f24bf88a69728390ff514f 0.698s
2025-05-14 04:46:50.791 70139 INFO tempest.lib.common.rest_client [req-547c8745-9798-4067-abea-b00570bdb85c req-547c8745-9798-4067-abea-b00570bdb85c ] Request (QuotaClassesAdmin257Test:setUpClass): 200 GET http://10.180.1.21/identity/v3/roles 0.733s
2025-05-14 04:46:50.818 70083 INFO tempest.lib.common.rest_client [req-d1692c37-5ede-4d83-83ee-114daae87806 req-d1692c37-5ede-4d83-83ee-114daae87806 ] Request (AZAdminV2TestJSON:setUpClass): 200 GET http://10.180.1.21/identity/v3/roles 0.680s
