2025-05-14 04:47:59.183 70089 INFO tempest.lib.common.rest_client [req-985c8943-cac6-46be-8a44-9db94fa68dd0 req-985c8943-cac6-46be-8a44-9db94fa68dd0 ] Request (QuotasAdminNegativeTest:test_create_server_when_instances_quota_is_full): 200 PUT http://10.180.1.21/compute/v2.1/os-quota-sets/f869ae5d1f1e4a449f3ca5da6375ff19 1.305s
2025-05-14 04:47:59.218 70111 INFO tempest.lib.common.rest_client [req-3abbcaae-0a5f-4cce-83a8-deee77f709c2 req-3abbcaae-0a5f-4cce-83a8-deee77f709c2 ] Request (KeyPairsV2TestJSON:test_keypairs_create_list_delete): 200 POST http://10.180.1.21/compute/v2.1/os-keypairs 1.071s
2025-05-14 04:47:59.223 70125 INFO tempest.lib.common.rest_client [req-e2c74109-d706-4c92-b765-f53c3eccfe09 req-e2c74109-d706-4c92-b765-f53c3eccfe09 ] Request (ImagesNegativeTestJSON:test_create_image_from_deleted_server): 200 GET http://10.180.1.21/compute/v2.1/servers/b7de59cd-c34b-44f8-8adc-4e8c4995e7f2 1.142s
2025-05-14 04:47:59.261 70141 INFO tempest.lib.common.rest_client [req-30bf08dd-4d13-4921-9dd2-d6078bce7dfa req-30bf08dd-4d13-4921-9dd2-d6078bce7dfa ] Request (KeyPairsV22TestJSON:test_keypairsv22_create_list_show): 201 POST http://10.180.1.21/compute/v2.1/os-keypairs 0.983s
2025-05-14 04:47:59.264 70133 INFO tempest.lib.common.rest_client [req-8c3b42ae-03eb-49ae-9215-7eee89bf4041 req-8c3b42ae-03eb-49ae-9215-7eee89bf4041 ] Request (ServersAaction247Test:tearDownClass): 204 DELETE http://10.180.1.21:9696/networking/v2.0/security-groups/5c7096d2-82fb-4a0c-bc8d-5138d7e1625d 0.096s
2025-05-14 04:47:59.266 70089 INFO tempest.lib.common.rest_client [req-bdd7dafc-8d25-466e-9f94-60b1de44e9aa req-bdd7dafc-8d25-466e-9f94-60b1de44e9aa ] Request (QuotasAdminNegativeTest:test_create_server_when_instances_quota_is_full): 201 POST http://10.180.1.21/identity/v3/auth/tokens 0.079s
2025-05-14 04:47:59.267 70089 INFO tempest.lib.common.fixed_network [-] (QuotasAdminNegativeTest:test_create_server_when_instances_quota_is_full) Found network None available for tenant
2025-05-14 04:47:59.332 70087 INFO tempest.lib.common.rest_client [req-1a84d761-85b4-4304-8636-b1a9bd332d4c req-1a84d761-85b4-4304-8636-b1a9bd332d4c ] Request (FlavorsAccessNegativeTestJSON:test_add_flavor_access_duplicate): 200 POST http://10.180.1.21/compute/v2.1/flavors/1663153412/action 1.071s
2025-05-14 04:47:59.340 70120 INFO tempest.lib.common.rest_client [req-09360ac1-408d-4efd-8fe0-532cdd029a5e req-09360ac1-408d-4efd-8fe0-532cdd029a5e ] Request (DeleteServersAdminTestJSON:test_delete_server_while_in_error_state): 200 GET http://10.180.1.21/compute/v2.1/servers/41cbd6fa-b5a5-4783-81c1-a074ecc8c841 0.943s
2025-05-14 04:47:59.343 70091 INFO tempest.lib.common.rest_client [req-2ebd84f4-ad2e-4f34-bead-a9a064fd4b18 req-2ebd84f4-ad2e-4f34-bead-a9a064fd4b18 ] Request (AttachInterfacesV270Test:tearDownClass): 204 DELETE http://10.180.1.21:9696/networking/v2.0/security-groups/1466bf0f-8177-4a39-85ea-b07bc9efb94c 0.256s
2025-05-14 04:47:59.402 70109 INFO tempest.lib.common.rest_client [req-d14133fb-dab3-4dc5-94ab-b9c9eb1f01e6 req-d14133fb-dab3-4dc5-94ab-b9c9eb1f01e6 ] Request (FlavorsAdminTestJSON:_run_cleanups): 200 GET http://10.180.1.21/compute/v2.1/flavors/detail 0.694s
2025-05-14 04:47:59.424 70107 INFO tempest.lib.common.rest_client [req-1b013439-24d6-4084-b24d-c5d2bcd2fb39 req-1b013439-24d6-4084-b24d-c5d2bcd2fb39 ] Request (FloatingIPsAssociationNegativeTestJSON:setUpClass): 200 GET http://10.180.1.21/compute/v2.1/servers/46baf558-eb8b-4703-886b-e177649277b5 0.914s
2025-05-14 04:47:59.444 70133 INFO tempest.lib.common.rest_client [req-96371c54-b0a4-4cb7-bad4-4b303208d1cd req-96371c54-b0a4-4cb7-bad4-4b303208d1cd ] Request (ServersAaction247Test:tearDownClass): 204 DELETE http://10.180.1.21/identity/v3/projects/65aa6c330d3b4e088e8bd03bb3cd68e8 0.180s
2025-05-14 04:47:59.445 70133 INFO tempest.test [-] raised in ServerBootFromVolumeStableRescueTest.setUpClass. Invoking tearDownClass.
2025-05-14 04:47:59.450 70121 INFO tempest.lib.common.rest_client [req-d393d0d1-9f1d-4e8a-a6e4-3e796954ac96 req-d393d0d1-9f1d-4e8a-a6e4-3e796954ac96 ] Request (ServersTestJSON:_run_cleanups): 404 GET http://10.180.1.21/compute/v2.1/servers/0cc0ebac-ad18-4f43-b6ce-3f67c5272fc2 0.551s
2025-05-14 04:47:59.517 70093 INFO tempest.lib.common.rest_client [req-26255039-8479-4cc8-af59-c523c391b571 req-26255039-8479-4cc8-af59-c523c391b571 ] Request (ServerExternalEventsTest:tearDownClass): 200 GET http://10.180.1.21/compute/v2.1/servers/15a6e58d-e642-4771-8c38-fb1c7f988714 0.523s
2025-05-14 04:47:59.536 70129 INFO tempest.lib.common.rest_client [req-fce29cd1-11d1-4b93-a531-d084da618330 req-fce29cd1-11d1-4b93-a531-d084da618330 ] Request (ImagesTestJSON:setUpClass): 200 PUT http://10.180.1.21:9696/networking/v2.0/routers/2c56f9b9-fe92-44f5-82db-d662fb7b954a/add_router_interface 2.224s
2025-05-14 04:47:59.536 70129 INFO tempest.lib.common.dynamic_creds [-] Created isolated network resources for: credentials: Credentials: {'domain_id': 'default', 'domain_name': 'Default', 'username': 'tempest-ImagesTestJSON-1358045384-project-member', 'project_domain_id': 'default', 'project_domain_name': 'Default', 'project_id': 'd067f9843699485eb0f75374b323b684', 'project_name': 'tempest-ImagesTestJSON-1358045384', 'tenant_id': 'd067f9843699485eb0f75374b323b684', 'tenant_name': 'tempest-ImagesTestJSON-1358045384', 'user_domain_id': 'default', 'user_domain_name': 'Default', 'user_id': 'bd565af96f474d33b14d2155f1252c02', 'system': None}, Network: {'id': 'a7dc588b-d13d-444b-8317-8bf3f64f24f4', 'name': 'tempest-ImagesTestJSON-1807158672-network', 'tenant_id': 'd067f9843699485eb0f75374b323b684', 'admin_state_up': True, 'mtu': 8950, 'status': 'ACTIVE', 'subnets': [], 'shared': False, 'project_id': 'd067f9843699485eb0f75374b323b684', 'port_security_enabled': True, 'router:external': False, 'provider:network_type': 'vlan', 'provider:physical_network': 'default', 'provider:segmentation_id': 770, 'availability_zone_hints': [], 'availability_zones': [], 'ipv4_address_scope': None, 'ipv6_address_scope': None, 'description': '', 'tags': [], 'created_at': '2025-05-14T04:47:54Z', 'updated_at': '2025-05-14T04:47:54Z', 'revision_number': 1}, Subnet: {'id': '9e7eabb2-17e4-4a0b-a632-8b10d5abe253', 'name': 'tempest-ImagesTestJSON-1807158672-subnet', 'tenant_id': 'd067f9843699485eb0f75374b323b684', 'network_id': 'a7dc588b-d13d-444b-8317-8bf3f64f24f4', 'ip_version': 4, 'subnetpool_id': None, 'enable_dhcp': True, 'ipv6_ra_mode': None, 'ipv6_address_mode': None, 'gateway_ip': '192.168.128.1', 'cidr': '192.168.128.0/28', 'allocation_pools': [{'start': '192.168.128.2', 'end': '192.168.128.14'}], 'host_routes': [], 'dns_nameservers': [], 'description': '', 'router:external': False, 'service_types': [], 'tags': [], 'created_at': '2025-05-14T04:47:54Z', 'updated_at': '2025-05-14T04:47:54Z', 'revision_number': 0, 'project_id': 'd067f9843699485eb0f75374b323b684'}, Router: {'id': '2c56f9b9-fe92-44f5-82db-d662fb7b954a', 'name': 'tempest-ImagesTestJSON-1807158672-router', 'tenant_id': 'd067f9843699485eb0f75374b323b684', 'admin_state_up': True, 'status': 'ACTIVE', 'external_gateway_info': {'network_id': '490c4fde-2c0e-4a8a-a184-46d5d29de781', 'external_fixed_ips': [{'subnet_id': 'e7ffefc0-a41d-4948-980e-95100e91836a', 'ip_address': '10.180.180.245'}], 'enable_snat': True}, 'description': '', 'availability_zones': [], 'distributed': False, 'ha': False, 'availability_zone_hints': [], 'routes': [], 'flavor_id': None, 'tags': [], 'created_at': '2025-05-14T04:47:55Z', 'updated_at': '2025-05-14T04:47:56Z', 'revision_number': 2, 'project_id': 'd067f9843699485eb0f75374b323b684'}
2025-05-14 04:47:59.548 70091 INFO tempest.lib.common.rest_client [req-2776c4d5-171d-4005-a565-c04b1759926e req-2776c4d5-171d-4005-a565-c04b1759926e ] Request (AttachInterfacesV270Test:tearDownClass): 204 DELETE http://10.180.1.21/identity/v3/projects/5dc11e571cf346bd810b573981ea9205 0.204s
2025-05-14 04:47:59.566 70095 INFO tempest.lib.common.rest_client [req-4096db0e-287a-445e-991a-530c85b3bbd3 req-4096db0e-287a-445e-991a-530c85b3bbd3 ] Request (TenantUsagesTestJSON:setUpClass): 200 GET http://10.180.1.21/compute/v2.1/servers/91377093-0fb6-4a58-8fd4-6214925dcfd2 0.821s
2025-05-14 04:47:59.614 70121 INFO tempest.lib.common.rest_client [req-2333d33f-ac6f-4312-a1bf-c45e4e5a4a80 req-2333d33f-ac6f-4312-a1bf-c45e4e5a4a80 ] Request (ServersTestJSON:test_create_server_with_ipv6_addr_only): 201 POST http://10.180.1.21/identity/v3/auth/tokens 0.155s
2025-05-14 04:47:59.614 70121 INFO tempest.lib.common.fixed_network [-] (ServersTestJSON:test_create_server_with_ipv6_addr_only) Found network {'id': '87e56c15-3cc5-4b9b-b2e6-5c50ca80ce36', 'name': 'tempest-ServersTestJSON-1070243575-network', 'tenant_id': '899bc7e2ad7f45848aad68ec49d6012c', 'admin_state_up': True, 'mtu': 8950, 'status': 'ACTIVE', 'subnets': [], 'shared': False, 'project_id': '899bc7e2ad7f45848aad68ec49d6012c', 'port_security_enabled': True, 'router:external': False, 'provider:network_type': 'vlan', 'provider:physical_network': 'default', 'provider:segmentation_id': 37, 'availability_zone_hints': [], 'availability_zones': [], 'ipv4_address_scope': None, 'ipv6_address_scope': None, 'description': '', 'tags': [], 'created_at': '2025-05-14T04:47:08Z', 'updated_at': '2025-05-14T04:47:09Z', 'revision_number': 1} available for tenant
2025-05-14 04:47:59.619 70133 INFO tempest.lib.common.rest_client [req-dfac30d5-904d-4d11-943a-f6267e487802 req-dfac30d5-904d-4d11-943a-f6267e487802 ] Request (AttachVolumeNegativeTest:setUpClass): 201 POST http://10.180.1.21/identity/v3/auth/tokens 0.170s
2025-05-14 04:47:59.646 70123 INFO tempest.lib.common.rest_client [req-fa3e6987-ee39-4f8b-8fff-16648d40b4da req-fa3e6987-ee39-4f8b-8fff-16648d40b4da ] Request (ServerDiagnosticsNegativeTest:tearDownClass): 200 GET http://10.180.1.21/compute/v2.1/servers/70e05ad8-091b-42d5-9c80-7a9e4ca3a996 0.513s
2025-05-14 04:47:59.687 70129 INFO tempest.lib.common.rest_client [req-cd24bb7b-e5a0-486d-a396-c887417d254e req-cd24bb7b-e5a0-486d-a396-c887417d254e ] Request (ImagesTestJSON:setUpClass): 201 POST http://10.180.1.21/identity/v3/auth/tokens 0.147s
2025-05-14 04:47:59.713 70091 INFO tempest.lib.common.rest_client [req-9118f5f1-463c-4ccd-a585-e10e1c4d4bba req-9118f5f1-463c-4ccd-a585-e10e1c4d4bba ] Request (ServersTestManualDisk:setUpClass): 201 POST http://10.180.1.21/identity/v3/auth/tokens 0.163s
2025-05-14 04:47:59.737 70133 INFO tempest.lib.common.rest_client [req-6be5c099-313c-4ba6-a092-502f6677697e req-6be5c099-313c-4ba6-a092-502f6677697e ] Request (AttachVolumeNegativeTest:setUpClass): 201 POST http://10.180.1.21/identity/v3/auth/tokens 0.115s
2025-05-14 04:47:59.742 70129 INFO tempest.lib.common.rest_client [req-568d5f66-6534-48c3-bfb7-00a27cf75ca6 req-568d5f66-6534-48c3-bfb7-00a27cf75ca6 ] Request (ImagesTestJSON:test_create_image_from_stopped_server): 201 POST http://10.180.1.21/identity/v3/auth/tokens 0.049s
2025-05-14 04:47:59.742 70129 INFO tempest.lib.common.fixed_network [-] (ImagesTestJSON:test_create_image_from_stopped_server) Found network {'id': 'a7dc588b-d13d-444b-8317-8bf3f64f24f4', 'name': 'tempest-ImagesTestJSON-1807158672-network', 'tenant_id': 'd067f9843699485eb0f75374b323b684', 'admin_state_up': True, 'mtu': 8950, 'status': 'ACTIVE', 'subnets': [], 'shared': False, 'project_id': 'd067f9843699485eb0f75374b323b684', 'port_security_enabled': True, 'router:external': False, 'provider:network_type': 'vlan', 'provider:physical_network': 'default', 'provider:segmentation_id': 770, 'availability_zone_hints': [], 'availability_zones': [], 'ipv4_address_scope': None, 'ipv6_address_scope': None, 'description': '', 'tags': [], 'created_at': '2025-05-14T04:47:54Z', 'updated_at': '2025-05-14T04:47:54Z', 'revision_number': 1} available for tenant
2025-05-14 04:47:59.764 70091 INFO tempest.lib.common.rest_client [req-a9b0a003-71f9-49fa-94a3-f5720ccd3669 req-a9b0a003-71f9-49fa-94a3-f5720ccd3669 ] Request (ServersTestManualDisk:setUpClass): 201 POST http://10.180.1.21/identity/v3/auth/tokens 0.049s
2025-05-14 04:47:59.768 70133 INFO tempest.lib.common.rest_client [req-92952dfe-63bf-4d5a-8e18-6b9c560f71f3 req-92952dfe-63bf-4d5a-8e18-6b9c560f71f3 ] Request (AttachVolumeNegativeTest:setUpClass): 200 GET http://10.180.1.21/identity/v3/domains?name=Default 0.031s
2025-05-14 04:47:59.774 70137 INFO tempest.lib.common.rest_client [req-d28096d9-ec99-44b8-a693-9094478935fd req-d28096d9-ec99-44b8-a693-9094478935fd ] Request (SecurityGroupsTestJSON:test_security_groups_create_list_delete): 202 DELETE http://10.180.1.21/compute/v2.1/os-security-groups/3fdf926a-0c1b-4dc5-aca1-89d1ae5aed58 0.640s
2025-05-14 04:47:59.792 70091 INFO tempest.lib.common.rest_client [req-07b6d80d-3490-4da6-9dfa-69e72f108198 req-07b6d80d-3490-4da6-9dfa-69e72f108198 ] Request (ServersTestManualDisk:setUpClass): 200 GET http://10.180.1.21/identity/v3/domains?name=Default 0.027s
2025-05-14 04:47:59.797 70127 WARNING tempest.lib.common.ssh [-] Failed to establish authenticated ssh connection to cirros@10.180.180.152 ([Errno None] Unable to connect to port 22 on 10.180.180.152). Number attempts: 2. Retry after 3 seconds.: paramiko.ssh_exception.NoValidConnectionsError: [Errno None] Unable to connect to port 22 on 10.180.180.152
2025-05-14 04:47:59.819 70133 INFO tempest.lib.common.rest_client [req-4cc30490-f259-44e4-bcdf-d13a47736469 req-4cc30490-f259-44e4-bcdf-d13a47736469 ] Request (AttachVolumeNegativeTest:setUpClass): 201 POST http://10.180.1.21/identity/v3/projects 0.050s
2025-05-14 04:47:59.848 70131 INFO tempest.lib.common.rest_client [req-f7d83851-b1ee-4f17-b021-acbec697739a req-f7d83851-b1ee-4f17-b021-acbec697739a ] Request (ServerActionsV293TestJSON:setUpClass): 200 GET http://10.180.1.21/compute/v2.1/servers/a2c800ff-c590-4e06-961f-fbb50928aa71 0.672s
2025-05-14 04:47:59.882 70133 INFO tempest.lib.common.rest_client [req-eafaa5c2-0313-44b3-b5f5-fb4f2014ef1d req-eafaa5c2-0313-44b3-b5f5-fb4f2014ef1d ] Request (AttachVolumeNegativeTest:setUpClass): 201 POST http://10.180.1.21/identity/v3/users 0.062s
2025-05-14 04:47:59.893 70111 INFO tempest.lib.common.rest_client [req-85cbde46-af17-4a57-964a-ad5a1f8bc298 req-85cbde46-af17-4a57-964a-ad5a1f8bc298 ] Request (KeyPairsV2TestJSON:test_keypairs_create_list_delete): 200 POST http://10.180.1.21/compute/v2.1/os-keypairs 0.670s
2025-05-14 04:47:59.900 70141 INFO tempest.lib.common.rest_client [req-b7e075f5-8781-4911-a139-286fd6f072eb req-b7e075f5-8781-4911-a139-286fd6f072eb ] Request (KeyPairsV22TestJSON:test_keypairsv22_create_list_show): 200 GET http://10.180.1.21/compute/v2.1/os-keypairs/tempest-keypair-25424934 0.637s
2025-05-14 04:47:59.901 70091 INFO tempest.lib.common.rest_client [req-d9414783-a946-460a-99dc-1f7e8ae6d442 req-d9414783-a946-460a-99dc-1f7e8ae6d442 ] Request (ServersTestManualDisk:setUpClass): 201 POST http://10.180.1.21/identity/v3/projects 0.108s
2025-05-14 04:47:59.962 70145 INFO tempest.lib.common.rest_client [req-0eadc8d8-dfd7-4cbd-af0a-5e68ddae2c4e req-0eadc8d8-dfd7-4cbd-af0a-5e68ddae2c4e ] Request (ServerActionsTestOtherA:setUpClass): 202 POST http://10.180.1.21/compute/v2.1/servers 0.874s
2025-05-14 04:47:59.978 70133 INFO tempest.lib.common.rest_client [req-0a4b8257-74e9-4d4c-b5ff-d662d2b65af1 req-0a4b8257-74e9-4d4c-b5ff-d662d2b65af1 ] Request (AttachVolumeNegativeTest:setUpClass): 200 GET http://10.180.1.21/identity/v3/roles 0.095s
2025-05-14 04:47:59.998 70091 INFO tempest.lib.common.rest_client [req-b91fcc5d-9207-46cd-95b2-0ff66755be7d req-b91fcc5d-9207-46cd-95b2-0ff66755be7d ] Request (ServersTestManualDisk:setUpClass): 201 POST http://10.180.1.21/identity/v3/users 0.097s
2025-05-14 04:48:00.029 70133 INFO tempest.lib.common.rest_client [req-f484d283-f417-4189-8d7d-a21671e90f5e req-f484d283-f417-4189-8d7d-a21671e90f5e ] Request (AttachVolumeNegativeTest:setUpClass): 204 PUT http://10.180.1.21/identity/v3/projects/e8010571ff2548df891f415617a334b4/users/665ecdc525994b43be25ec87be305339/roles/0378efa431c848e19f1f485ed916abca 0.050s
2025-05-14 04:48:00.029 70133 INFO tempest.lib.common.dynamic_creds [-] Dynamic test user 665ecdc525994b43be25ec87be305339 is created with scope project and roles: ['member']
2025-05-14 04:48:00.029 70133 INFO tempest.lib.common.dynamic_creds [-] Acquired dynamic creds: credentials: Credentials: {'domain_id': 'default', 'domain_name': 'Default', 'username': 'tempest-AttachVolumeNegativeTest-722480044-project-member', 'project_domain_id': 'default', 'project_domain_name': 'Default', 'project_id': 'e8010571ff2548df891f415617a334b4', 'project_name': 'tempest-AttachVolumeNegativeTest-722480044', 'tenant_id': 'e8010571ff2548df891f415617a334b4', 'tenant_name': 'tempest-AttachVolumeNegativeTest-722480044', 'user_domain_id': 'default', 'user_domain_name': 'Default', 'user_id': '665ecdc525994b43be25ec87be305339', 'system': None}, Network: None, Subnet: None, Router: None
2025-05-14 04:48:00.080 70091 INFO tempest.lib.common.rest_client [req-a4ac09e5-b9b7-4e10-835b-77523b250581 req-a4ac09e5-b9b7-4e10-835b-77523b250581 ] Request (ServersTestManualDisk:setUpClass): 200 GET http://10.180.1.21/identity/v3/roles 0.081s
2025-05-14 04:48:00.114 70133 INFO tempest.lib.common.rest_client [req-00a50324-0b58-4fa2-9816-2618d3bf06e0 req-00a50324-0b58-4fa2-9816-2618d3bf06e0 ] Request (AttachVolumeNegativeTest:setUpClass): 201 POST http://10.180.1.21/identity/v3/auth/tokens 0.085s
2025-05-14 04:48:00.177 70087 INFO tempest.lib.common.rest_client [req-63c457c2-ab12-4e9d-a152-8e55882cd285 req-63c457c2-ab12-4e9d-a152-8e55882cd285 ] Request (FlavorsAccessNegativeTestJSON:test_add_flavor_access_duplicate): 409 POST http://10.180.1.21/compute/v2.1/flavors/1663153412/action 0.842s
2025-05-14 04:48:00.193 70091 INFO tempest.lib.common.rest_client [req-56b05ac3-a8ef-4aa5-bab3-fe423f71a047 req-56b05ac3-a8ef-4aa5-bab3-fe423f71a047 ] Request (ServersTestManualDisk:setUpClass): 204 PUT http://10.180.1.21/identity/v3/projects/c7437e8aeba04c34a29ddaaa91701878/users/0d035a3586104dd780ed95fbed3b62f7/roles/0378efa431c848e19f1f485ed916abca 0.112s
2025-05-14 04:48:00.194 70091 INFO tempest.lib.common.dynamic_creds [-] Dynamic test user 0d035a3586104dd780ed95fbed3b62f7 is created with scope project and roles: ['member']
2025-05-14 04:48:00.194 70091 INFO tempest.lib.common.dynamic_creds [-] Acquired dynamic creds: credentials: Credentials: {'domain_id': 'default', 'domain_name': 'Default', 'username': 'tempest-ServersTestManualDisk-175454458-project-member', 'project_domain_id': 'default', 'project_domain_name': 'Default', 'project_id': 'c7437e8aeba04c34a29ddaaa91701878', 'project_name': 'tempest-ServersTestManualDisk-175454458', 'tenant_id': 'c7437e8aeba04c34a29ddaaa91701878', 'tenant_name': 'tempest-ServersTestManualDisk-175454458', 'user_domain_id': 'default', 'user_domain_name': 'Default', 'user_id': '0d035a3586104dd780ed95fbed3b62f7', 'system': None}, Network: None, Subnet: None, Router: None
2025-05-14 04:48:00.198 70089 INFO tempest.lib.common.rest_client [req-72b58299-478a-496f-9d84-ba8f27275904 req-72b58299-478a-496f-9d84-ba8f27275904 ] Request (QuotasAdminNegativeTest:test_create_server_when_instances_quota_is_full): 403 POST http://10.180.1.21/compute/v2.1/servers 0.931s
2025-05-14 04:48:00.218 70109 INFO tempest.lib.common.rest_client [req-a85121d7-86a9-42cd-987a-2d7d2e93aa65 req-a85121d7-86a9-42cd-987a-2d7d2e93aa65 ] Request (FlavorsAdminTestJSON:_run_cleanups): 202 DELETE http://10.180.1.21/compute/v2.1/flavors/1426994066 0.809s
2025-05-14 04:48:00.254 70099 INFO tempest.lib.common.rest_client [req-15d46375-dd02-4d45-87fd-638fd9c9beb9 req-15d46375-dd02-4d45-87fd-638fd9c9beb9 ] Request (ListImageFiltersTestJSON:setUpClass): 204 PUT http://10.180.1.21/image/v2/images/54ea0c6d-80db-4ab3-a6c2-bfa0b95b1c22/file 1.026s
2025-05-14 04:48:00.255 70091 INFO tempest.lib.common.rest_client [req-e3184fb5-8917-4dc7-beee-9218637ce094 req-e3184fb5-8917-4dc7-beee-9218637ce094 ] Request (ServersTestManualDisk:setUpClass): 201 POST http://10.180.1.21/identity/v3/auth/tokens 0.060s
2025-05-14 04:48:00.306 70115 INFO tempest.lib.common.rest_client [req-0398eeeb-6248-4ef7-a960-89b5fde00e75 req-0398eeeb-6248-4ef7-a960-89b5fde00e75 ] Request (ServerDiagnosticsV248Test:tearDownClass): 200 GET http://10.180.1.21/compute/v2.1/servers/a6c4eeb4-f58c-4de7-8c1f-9bb329e21aa5 0.737s
2025-05-14 04:48:00.355 70103 INFO tempest.lib.common.rest_client [req-b999e2f7-a5a0-4ef2-b00a-ed6eae9b8cf4 req-b999e2f7-a5a0-4ef2-b00a-ed6eae9b8cf4 ] Request (ImagesOneServerNegativeTestJSON:setUpClass): 200 GET http://10.180.1.21/compute/v2.1/servers/139c1c58-6206-4350-a68d-0ec195119fd7 0.876s
2025-05-14 04:48:00.535 70143 INFO tempest.lib.common.rest_client [req-a5d9f189-f376-4c9a-b620-4c9448ab7b72 req-a5d9f189-f376-4c9a-b620-4c9448ab7b72 ] Request (MigrationsAdminTest:test_list_migrations_in_flavor_resize_situation): 200 GET http://10.180.1.21/compute/v2.1/servers/e4012c7e-7b29-4ada-b5d4-5e092555a6d1 0.929s
2025-05-14 04:48:00.547 70143 INFO tempest.common.waiters [-] State transition "RESIZE/resize_migrated" ==> "RESIZE/resize_finish" after 30 second wait
2025-05-14 04:48:00.571 70091 INFO tempest.lib.common.rest_client [req-9dc65cd3-55d4-4ab2-baa1-93f5130cbec4 req-9dc65cd3-55d4-4ab2-baa1-93f5130cbec4 ] Request (ServersTestManualDisk:setUpClass): 201 POST http://10.180.1.21:9696/networking/v2.0/networks 0.316s
2025-05-14 04:48:00.579 70133 INFO tempest.lib.common.rest_client [req-1692032c-a86b-4de0-9d3f-f7d3bb12b8fb req-1692032c-a86b-4de0-9d3f-f7d3bb12b8fb ] Request (AttachVolumeNegativeTest:setUpClass): 201 POST http://10.180.1.21:9696/networking/v2.0/networks 0.464s
2025-05-14 04:48:00.620 70105 INFO tempest.lib.common.rest_client [req-48a2f4b4-b555-4624-88cd-a942c5cddb22 req-48a2f4b4-b555-4624-88cd-a942c5cddb22 ] Request (ServersTestBootFromVolume:setUpClass): 200 GET http://10.180.1.21/compute/v2.1/servers/303d37a8-47bf-4fab-aa8b-ed20d3a9afa6 0.973s
2025-05-14 04:48:00.689 70101 INFO tempest.lib.common.rest_client [req-8576724c-f471-4694-a200-521a3c3c5a06 req-8576724c-f471-4694-a200-521a3c3c5a06 ] Request (ServersAdminTestJSON:test_create_server_with_scheduling_hint): 200 GET http://10.180.1.21/compute/v2.1/servers/a33a085d-4071-41d5-895e-1fc75790e5ea 0.993s
2025-05-14 04:48:00.779 70091 INFO tempest.lib.common.rest_client [req-a723f469-cfef-4b75-aabf-f895031bf1e5 req-a723f469-cfef-4b75-aabf-f895031bf1e5 ] Request (ServersTestManualDisk:setUpClass): 201 POST http://10.180.1.21:9696/networking/v2.0/subnets 0.207s
2025-05-14 04:48:00.829 70121 INFO tempest.lib.common.rest_client [req-a72e1c4a-0b85-4e75-a72e-c750314239be req-a72e1c4a-0b85-4e75-a72e-c750314239be ] Request (ServersTestJSON:test_create_server_with_ipv6_addr_only): 202 POST http://10.180.1.21/compute/v2.1/servers 1.214s
2025-05-14 04:48:00.856 70137 INFO tempest.lib.common.rest_client [req-1040bce4-00c3-47f9-bdd6-cf49f581dbb9 req-1040bce4-00c3-47f9-bdd6-cf49f581dbb9 ] Request (SecurityGroupsTestJSON:test_security_groups_create_list_delete): 404 GET http://10.180.1.21/compute/v2.1/os-security-groups/3fdf926a-0c1b-4dc5-aca1-89d1ae5aed58 1.081s
2025-05-14 04:48:00.892 70133 INFO tempest.lib.common.rest_client [req-2bb9d471-2f5f-4170-8576-4c91dc57e263 req-2bb9d471-2f5f-4170-8576-4c91dc57e263 ] Request (AttachVolumeNegativeTest:setUpClass): 201 POST http://10.180.1.21:9696/networking/v2.0/subnets 0.312s
2025-05-14 04:48:00.946 70117 INFO tempest.lib.common.rest_client [req-1be1c3c6-90a8-40fa-be96-4e6899a2e789 req-1be1c3c6-90a8-40fa-be96-4e6899a2e789 ] Request (ServerRescueTestJSONUnderV235:setUpClass): 200 GET http://10.180.1.21/compute/v2.1/servers/0aece961-75ff-4b19-b7ee-b6f7d47cfe0d 1.162s
2025-05-14 04:48:01.007 70135 INFO tempest.lib.common.rest_client [req-1344a71b-d952-48fd-9dd9-5f22ef383fed req-1344a71b-d952-48fd-9dd9-5f22ef383fed ] Request (InstanceActionsTestJSON:setUpClass): 200 GET http://10.180.1.21/compute/v2.1/servers/191807a6-2355-4856-a862-7a6aabd6c204 1.140s
2025-05-14 04:48:01.043 70111 INFO tempest.lib.common.rest_client [req-a2cb65e9-8a2e-4fce-bedb-cf04929ae4f3 req-a2cb65e9-8a2e-4fce-bedb-cf04929ae4f3 ] Request (KeyPairsV2TestJSON:test_keypairs_create_list_delete): 200 POST http://10.180.1.21/compute/v2.1/os-keypairs 1.148s
2025-05-14 04:48:01.052 70141 INFO tempest.lib.common.rest_client [req-f0d88fd0-daca-4145-96b7-af01c9b9026e req-f0d88fd0-daca-4145-96b7-af01c9b9026e ] Request (KeyPairsV22TestJSON:test_keypairsv22_create_list_show): 200 GET http://10.180.1.21/compute/v2.1/os-keypairs 1.150s
2025-05-14 04:48:01.113 70145 INFO tempest.lib.common.rest_client [req-a1fc180c-47d9-4d59-8de8-8fb1857dd288 req-a1fc180c-47d9-4d59-8de8-8fb1857dd288 ] Request (ServerActionsTestOtherA:setUpClass): 200 GET http://10.180.1.21/compute/v2.1/servers/333044fb-7528-4210-b5f5-566e74e0c286 1.149s
2025-05-14 04:48:01.191 70097 INFO tempest.lib.common.rest_client [req-d1032fc1-07d3-48bc-b889-b616eb91cc83 req-d1032fc1-07d3-48bc-b889-b616eb91cc83 ] Request (ServersAdmin275Test:tearDownClass): 200 GET http://10.180.1.21/compute/v2.1/servers/aae9c3c4-2b4b-45af-abb8-31ca8bbe8714 1.188s
2025-05-14 04:48:01.242 70083 INFO tempest.lib.common.rest_client [req-6b2a2841-20b3-4c7b-a977-1a33bbb46954 req-6b2a2841-20b3-4c7b-a977-1a33bbb46954 ] Request (ServersNegativeTestJSON:setUpClass): 200 GET http://10.180.1.21/compute/v2.1/servers/b6f29db9-80f6-4781-b486-3d1a5b4f841c 1.143s
2025-05-14 04:48:01.358 70129 INFO tempest.lib.common.rest_client [req-c50c818d-fc82-42ad-a765-e24f226ab574 req-c50c818d-fc82-42ad-a765-e24f226ab574 ] Request (ImagesTestJSON:test_create_image_from_stopped_server): 202 POST http://10.180.1.21/compute/v2.1/servers 1.615s
2025-05-14 04:48:01.374 70087 INFO tempest.lib.common.rest_client [req-0bceeb0e-ea9f-4f46-bc8f-06d6fd30323e req-0bceeb0e-ea9f-4f46-bc8f-06d6fd30323e ] Request (FlavorsAccessNegativeTestJSON:_run_cleanups): 200 POST http://10.180.1.21/compute/v2.1/flavors/1663153412/action 1.196s
2025-05-14 04:48:01.420 70109 INFO tempest.lib.common.rest_client [req-07bfa01b-ec17-402a-828a-431df58f7ff2 req-07bfa01b-ec17-402a-828a-431df58f7ff2 ] Request (FlavorsAdminTestJSON:_run_cleanups): 200 GET http://10.180.1.21/compute/v2.1/flavors/detail 1.201s
2025-05-14 04:48:01.500 70125 INFO tempest.lib.common.rest_client [req-b14331b7-0b38-4acd-8374-c529931b55db req-b14331b7-0b38-4acd-8374-c529931b55db ] Request (ImagesNegativeTestJSON:test_create_image_from_deleted_server): 200 GET http://10.180.1.21/compute/v2.1/servers/b7de59cd-c34b-44f8-8adc-4e8c4995e7f2 1.265s
2025-05-14 04:48:01.510 70125 INFO tempest.common.waiters [-] State transition "ACTIVE/deleting" ==> "DELETED/None" after 4 second wait
2025-05-14 04:48:01.522 70089 INFO tempest.lib.common.rest_client [req-346fe1b1-7fc3-4f7d-a9a9-b9e5d59f2c3c req-346fe1b1-7fc3-4f7d-a9a9-b9e5d59f2c3c ] Request (QuotasAdminNegativeTest:_run_cleanups): 200 PUT http://10.180.1.21/compute/v2.1/os-quota-sets/f869ae5d1f1e4a449f3ca5da6375ff19 1.323s
2025-05-14 04:48:01.558 70099 INFO tempest.lib.common.rest_client [req-b4689d35-0425-4f3f-920e-6f625fded293 req-b4689d35-0425-4f3f-920e-6f625fded293 ] Request (ListImageFiltersTestJSON:setUpClass): 200 GET http://10.180.1.21/compute/v2.1/images/54ea0c6d-80db-4ab3-a6c2-bfa0b95b1c22 1.303s
2025-05-14 04:48:01.614 70120 INFO tempest.lib.common.rest_client [req-8b3cbbe5-8013-463b-896b-44cce99aa623 req-8b3cbbe5-8013-463b-896b-44cce99aa623 ] Request (DeleteServersAdminTestJSON:test_delete_server_while_in_error_state): 200 GET http://10.180.1.21/compute/v2.1/servers/41cbd6fa-b5a5-4783-81c1-a074ecc8c841 1.261s
2025-05-14 04:48:01.626 70107 INFO tempest.lib.common.rest_client [req-9ed5efe1-1428-4269-9327-9e43aed3929a req-9ed5efe1-1428-4269-9327-9e43aed3929a ] Request (FloatingIPsAssociationNegativeTestJSON:setUpClass): 200 GET http://10.180.1.21/compute/v2.1/servers/46baf558-eb8b-4703-886b-e177649277b5 1.187s
2025-05-14 04:48:01.688 70091 INFO tempest.lib.common.rest_client [req-2b29596a-e149-45a2-a3c0-d3d954fb0557 req-2b29596a-e149-45a2-a3c0-d3d954fb0557 ] Request (ServersTestManualDisk:setUpClass): 201 POST http://10.180.1.21:9696/networking/v2.0/routers 0.909s
2025-05-14 04:48:01.696 70093 INFO tempest.lib.common.rest_client [req-9a3c3a74-f316-48a9-9de9-06ab42058def req-9a3c3a74-f316-48a9-9de9-06ab42058def ] Request (ServerExternalEventsTest:tearDownClass): 200 GET http://10.180.1.21/compute/v2.1/servers/15a6e58d-e642-4771-8c38-fb1c7f988714 1.164s
2025-05-14 04:48:01.774 70123 INFO tempest.lib.common.rest_client [req-21dc1b21-d9e3-4e84-b788-d05f4e2a7224 req-21dc1b21-d9e3-4e84-b788-d05f4e2a7224 ] Request (ServerDiagnosticsNegativeTest:tearDownClass): 200 GET http://10.180.1.21/compute/v2.1/servers/70e05ad8-091b-42d5-9c80-7a9e4ca3a996 1.117s
2025-05-14 04:48:01.800 70095 INFO tempest.lib.common.rest_client [req-487fa730-a3bc-4664-affe-3a60378f5c03 req-487fa730-a3bc-4664-affe-3a60378f5c03 ] Request (TenantUsagesTestJSON:setUpClass): 200 GET http://10.180.1.21/compute/v2.1/servers/91377093-0fb6-4a58-8fd4-6214925dcfd2 1.222s
2025-05-14 04:48:01.855 70121 INFO tempest.lib.common.rest_client [req-b5184639-636d-4f09-953e-d7d047de1c2b req-b5184639-636d-4f09-953e-d7d047de1c2b ] Request (ServersTestJSON:test_create_server_with_ipv6_addr_only): 200 GET http://10.180.1.21/compute/v2.1/servers/e76d921c-c912-4769-a165-b2fc6505707b 1.024s
2025-05-14 04:48:01.929 70137 INFO tempest.lib.common.rest_client [req-7eb930b9-dab6-4f48-9f89-99359e38463f req-7eb930b9-dab6-4f48-9f89-99359e38463f ] Request (SecurityGroupsTestJSON:test_security_groups_create_list_delete): 200 GET http://10.180.1.21/compute/v2.1/os-security-groups 1.072s
2025-05-14 04:48:01.937 70131 INFO tempest.lib.common.rest_client [req-4a55b6f6-4566-4cae-92cb-b707f2f96181 req-4a55b6f6-4566-4cae-92cb-b707f2f96181 ] Request (ServerActionsV293TestJSON:setUpClass): 200 GET http://10.180.1.21/compute/v2.1/servers/a2c800ff-c590-4e06-961f-fbb50928aa71 1.078s
2025-05-14 04:48:01.941 70111 INFO tempest.lib.common.rest_client [req-78eedd99-c8c9-45e4-acdf-c8f910f0e6a1 req-78eedd99-c8c9-45e4-acdf-c8f910f0e6a1 ] Request (KeyPairsV2TestJSON:test_keypairs_create_list_delete): 200 GET http://10.180.1.21/compute/v2.1/os-keypairs 0.894s
2025-05-14 04:48:01.965 70141 INFO tempest.lib.common.rest_client [req-ecc335d4-16ec-4d9c-923d-993734872f56 req-ecc335d4-16ec-4d9c-923d-993734872f56 ] Request (KeyPairsV22TestJSON:_run_cleanups): 204 DELETE http://10.180.1.21/compute/v2.1/os-keypairs/tempest-keypair-25424934 0.911s
2025-05-14 04:48:01.970 70115 INFO tempest.lib.common.rest_client [req-f0ad3aea-3a15-4564-8653-a692f101d261 req-f0ad3aea-3a15-4564-8653-a692f101d261 ] Request (ServerDiagnosticsV248Test:tearDownClass): 404 GET http://10.180.1.21/compute/v2.1/servers/a6c4eeb4-f58c-4de7-8c1f-9bb329e21aa5 0.654s
2025-05-14 04:48:02.050 70129 INFO tempest.lib.common.rest_client [req-4b343fce-c85c-4571-ad62-7188bd419c85 req-4b343fce-c85c-4571-ad62-7188bd419c85 ] Request (ImagesTestJSON:test_create_image_from_stopped_server): 200 GET http://10.180.1.21/compute/v2.1/servers/abcffbf1-1585-4981-83aa-7882aa9a6b36 0.689s
2025-05-14 04:48:02.077 70087 INFO tempest.lib.common.rest_client [req-7e8fe3b1-d2c3-4917-92b5-c993cb2a9f33 req-7e8fe3b1-d2c3-4917-92b5-c993cb2a9f33 ] Request (FlavorsAccessNegativeTestJSON:_run_cleanups): 202 DELETE http://10.180.1.21/compute/v2.1/flavors/1663153412 0.702s
2025-05-14 04:48:02.109 70133 INFO tempest.lib.common.rest_client [req-044e0465-d36d-4014-8484-148b1bca3f9d req-044e0465-d36d-4014-8484-148b1bca3f9d ] Request (AttachVolumeNegativeTest:setUpClass): 201 POST http://10.180.1.21:9696/networking/v2.0/routers 1.216s
2025-05-14 04:48:02.110 70115 INFO tempest.lib.common.rest_client [req-e833b71d-c7fa-496f-acac-752810c4e30e req-e833b71d-c7fa-496f-acac-752810c4e30e ] Request (ServerDiagnosticsV248Test:tearDownClass): 204 DELETE http://10.180.1.21/identity/v3/users/5d1489c07ea946859b5e560dbc187232 0.139s
2025-05-14 04:48:02.135 70109 INFO tempest.lib.common.rest_client [req-234fc038-3278-43fc-a006-47693b96ce51 req-234fc038-3278-43fc-a006-47693b96ce51 ] Request (FlavorsAdminTestJSON:test_list_non_public_flavor): 200 POST http://10.180.1.21/compute/v2.1/flavors 0.707s
2025-05-14 04:48:02.167 70103 INFO tempest.lib.common.rest_client [req-63cc3f55-73a1-4b65-be58-51d213effb73 req-63cc3f55-73a1-4b65-be58-51d213effb73 ] Request (ImagesOneServerNegativeTestJSON:setUpClass): 200 GET http://10.180.1.21/compute/v2.1/servers/139c1c58-6206-4350-a68d-0ec195119fd7 0.801s
2025-05-14 04:48:02.178 70103 INFO tempest.common.waiters [-] State transition "BUILD/spawning" ==> "ACTIVE/None" after 34 second wait
2025-05-14 04:48:02.231 70115 INFO tempest.lib.common.rest_client [req-24f960f6-de37-4792-bfb9-d00f2aa3aa11 req-24f960f6-de37-4792-bfb9-d00f2aa3aa11 ] Request (ServerDiagnosticsV248Test:tearDownClass): 204 DELETE http://10.180.1.21/identity/v3/users/01541e5e988e430ca106f7ef3c92c0db 0.120s
2025-05-14 04:48:02.232 70115 INFO tempest.lib.common.dynamic_creds [-] Deleting project and security group for project: b1b5d20fadef461aa5766e68a80c7873
2025-05-14 04:48:02.265 70143 INFO tempest.lib.common.rest_client [req-f901580c-c558-4bd2-9b3d-3448688a64f2 req-f901580c-c558-4bd2-9b3d-3448688a64f2 ] Request (MigrationsAdminTest:test_list_migrations_in_flavor_resize_situation): 200 GET http://10.180.1.21/compute/v2.1/servers/e4012c7e-7b29-4ada-b5d4-5e092555a6d1 0.715s
2025-05-14 04:48:02.296 70115 INFO tempest.lib.common.rest_client [req-f56533ea-b142-4f81-bf92-6ff404b016d6 req-f56533ea-b142-4f81-bf92-6ff404b016d6 ] Request (ServerDiagnosticsV248Test:tearDownClass): 201 POST http://10.180.1.21/identity/v3/auth/tokens 0.064s
2025-05-14 04:48:02.307 70099 INFO tempest.lib.common.rest_client [req-d315b9a7-e524-43cc-96ce-b7cb5ed53b87 req-d315b9a7-e524-43cc-96ce-b7cb5ed53b87 ] Request (ListImageFiltersTestJSON:setUpClass): 200 GET http://10.180.1.21/compute/v2.1/images/54ea0c6d-80db-4ab3-a6c2-bfa0b95b1c22 0.740s
2025-05-14 04:48:02.312 70089 INFO tempest.lib.common.rest_client [req-fb11ec92-a2c4-4df0-a8b9-6bf46bfe274c req-fb11ec92-a2c4-4df0-a8b9-6bf46bfe274c ] Request (QuotasAdminNegativeTest:test_create_server_when_memory_quota_is_full): 200 GET http://10.180.1.21/compute/v2.1/os-quota-sets/f869ae5d1f1e4a449f3ca5da6375ff19 0.786s
2025-05-14 04:48:02.371 70099 INFO tempest.lib.common.rest_client [req-5694100d-00c7-4ae3-b14c-140d3c7a714c req-5694100d-00c7-4ae3-b14c-140d3c7a714c ] Request (ListImageFiltersTestJSON:setUpClass): 201 POST http://10.180.1.21/identity/v3/auth/tokens 0.056s
2025-05-14 04:48:02.372 70099 INFO tempest.lib.common.fixed_network [-] (ListImageFiltersTestJSON:setUpClass) Found network None available for tenant
2025-05-14 04:48:02.373 70105 INFO tempest.lib.common.rest_client [req-29335a89-df9c-4a23-876f-6ee521871f30 req-29335a89-df9c-4a23-876f-6ee521871f30 ] Request (ServersTestBootFromVolume:setUpClass): 200 GET http://10.180.1.21/compute/v2.1/servers/303d37a8-47bf-4fab-aa8b-ed20d3a9afa6 0.741s
2025-05-14 04:48:02.385 70101 INFO tempest.lib.common.rest_client [req-63bf2bcc-bf18-43f1-ab14-96d40f12ac34 req-63bf2bcc-bf18-43f1-ab14-96d40f12ac34 ] Request (ServersAdminTestJSON:test_create_server_with_scheduling_hint): 200 GET http://10.180.1.21/compute/v2.1/servers/a33a085d-4071-41d5-895e-1fc75790e5ea 0.683s
2025-05-14 04:48:02.403 70111 INFO tempest.lib.common.rest_client [req-4c4eb84a-19ac-4e0e-9587-7fe997e0413c req-4c4eb84a-19ac-4e0e-9587-7fe997e0413c ] Request (KeyPairsV2TestJSON:_run_cleanups): 202 DELETE http://10.180.1.21/compute/v2.1/os-keypairs/tempest-KeyPairsV2TestJSON-keypair-735168712 0.460s
2025-05-14 04:48:02.472 70117 INFO tempest.lib.common.rest_client [req-132c06ce-7701-44fc-895a-a817a195126c req-132c06ce-7701-44fc-895a-a817a195126c ] Request (ServerRescueTestJSONUnderV235:setUpClass): 200 GET http://10.180.1.21/compute/v2.1/servers/0aece961-75ff-4b19-b7ee-b6f7d47cfe0d 0.515s
2025-05-14 04:48:02.564 70115 INFO tempest.lib.common.rest_client [req-4c2cd9dc-1652-4fd3-98d2-d5e68edd5b47 req-4c2cd9dc-1652-4fd3-98d2-d5e68edd5b47 ] Request (ServerDiagnosticsV248Test:tearDownClass): 200 GET http://10.180.1.21:9696/networking/v2.0/security-groups?tenant_id=b1b5d20fadef461aa5766e68a80c7873&name=default 0.267s
2025-05-14 04:48:02.593 70137 INFO tempest.lib.common.rest_client [req-dd5b2a73-5181-41e8-85b6-e6b586696a95 req-dd5b2a73-5181-41e8-85b6-e6b586696a95 ] Request (SecurityGroupsTestJSON:test_server_security_groups): 200 POST http://10.180.1.21/compute/v2.1/os-security-groups 0.658s
2025-05-14 04:48:02.679 70135 INFO tempest.lib.common.rest_client [req-61f85b55-7cea-4945-bac7-01c21813e49a req-61f85b55-7cea-4945-bac7-01c21813e49a ] Request (InstanceActionsTestJSON:setUpClass): 200 GET http://10.180.1.21/compute/v2.1/servers/191807a6-2355-4856-a862-7a6aabd6c204 0.661s
2025-05-14 04:48:02.690 70115 INFO tempest.lib.common.rest_client [req-8419a598-1586-4b3d-8894-276a68069592 req-8419a598-1586-4b3d-8894-276a68069592 ] Request (ServerDiagnosticsV248Test:tearDownClass): 204 DELETE http://10.180.1.21:9696/networking/v2.0/security-groups/f991a828-f196-4ff6-8afd-e7dd91f40dd7 0.126s
2025-05-14 04:48:02.716 70087 INFO tempest.lib.common.rest_client [req-4ac67cd8-53e7-4c95-9a49-b2eb0f57b706 req-4ac67cd8-53e7-4c95-9a49-b2eb0f57b706 ] Request (FlavorsAccessNegativeTestJSON:_run_cleanups): 200 GET http://10.180.1.21/compute/v2.1/flavors/detail 0.638s
2025-05-14 04:48:02.796 70141 INFO tempest.lib.common.rest_client [req-8b0f75a5-d8ac-4245-8ef0-3bdbc868ef57 req-8b0f75a5-d8ac-4245-8ef0-3bdbc868ef57 ] Request (KeyPairsV22TestJSON:test_keypairsv22_create_list_show_with_type): 201 POST http://10.180.1.21/compute/v2.1/os-keypairs 0.828s
2025-05-14 04:48:02.799 70145 INFO tempest.lib.common.rest_client [req-85e7d702-ca84-462b-a1da-d55e286a84be req-85e7d702-ca84-462b-a1da-d55e286a84be ] Request (ServerActionsTestOtherA:setUpClass): 200 GET http://10.180.1.21/compute/v2.1/servers/333044fb-7528-4210-b5f5-566e74e0c286 0.676s
2025-05-14 04:48:02.807 70115 INFO tempest.lib.common.rest_client [req-6f5ee103-3b5c-497f-aced-8298c449f5cd req-6f5ee103-3b5c-497f-aced-8298c449f5cd ] Request (ServerDiagnosticsV248Test:tearDownClass): 204 DELETE http://10.180.1.21/identity/v3/projects/b1b5d20fadef461aa5766e68a80c7873 0.116s
2025-05-14 04:48:02.807 70115 INFO tempest.lib.common.dynamic_creds [-] Deleting project and security group for project: 0f95ecbd06a649fb8110181098dba0e3
2025-05-14 04:48:02.830 70109 INFO tempest.lib.common.rest_client [req-2d1e1d88-d8d9-4e4f-8c65-ab3389f44661 req-2d1e1d88-d8d9-4e4f-8c65-ab3389f44661 ] Request (FlavorsAdminTestJSON:test_list_non_public_flavor): 200 GET http://10.180.1.21/compute/v2.1/flavors/detail 0.692s
2025-05-14 04:48:02.941 70097 INFO tempest.lib.common.rest_client [req-422ad2a1-2ed7-4356-b42b-24ca2541831a req-422ad2a1-2ed7-4356-b42b-24ca2541831a ] Request (ServersAdmin275Test:tearDownClass): 200 GET http://10.180.1.21/compute/v2.1/servers/aae9c3c4-2b4b-45af-abb8-31ca8bbe8714 0.734s
2025-05-14 04:48:02.990 70115 INFO tempest.lib.common.rest_client [req-ddc93fae-3e63-45f5-af1f-2a4e0b11d5fb req-ddc93fae-3e63-45f5-af1f-2a4e0b11d5fb ] Request (ServerDiagnosticsV248Test:tearDownClass): 200 GET http://10.180.1.21:9696/networking/v2.0/security-groups?tenant_id=0f95ecbd06a649fb8110181098dba0e3&name=default 0.183s
2025-05-14 04:48:03.007 70083 INFO tempest.lib.common.rest_client [req-5b1f3231-306b-4bd7-87db-0eabc1dd8abf req-5b1f3231-306b-4bd7-87db-0eabc1dd8abf ] Request (ServersNegativeTestJSON:setUpClass): 200 GET http://10.180.1.21/compute/v2.1/servers/b6f29db9-80f6-4781-b486-3d1a5b4f841c 0.757s
2025-05-14 04:48:03.093 70115 INFO tempest.lib.common.rest_client [req-fe1a9233-f966-4b2f-97ad-500f1ceb1752 req-fe1a9233-f966-4b2f-97ad-500f1ceb1752 ] Request (ServerDiagnosticsV248Test:tearDownClass): 204 DELETE http://10.180.1.21:9696/networking/v2.0/security-groups/c178346a-debd-4c06-8ea2-78a9f41743b3 0.103s
2025-05-14 04:48:03.196 70115 INFO tempest.lib.common.rest_client [req-4af0795f-e32e-4055-addb-3d8e87f303c4 req-4af0795f-e32e-4055-addb-3d8e87f303c4 ] Request (ServerDiagnosticsV248Test:tearDownClass): 204 DELETE http://10.180.1.21/identity/v3/projects/0f95ecbd06a649fb8110181098dba0e3 0.102s
2025-05-14 04:48:03.200 70089 INFO tempest.lib.common.rest_client [req-5373139f-ef8e-4291-af63-b5cf3199410a req-5373139f-ef8e-4291-af63-b5cf3199410a ] Request (QuotasAdminNegativeTest:test_create_server_when_memory_quota_is_full): 200 PUT http://10.180.1.21/compute/v2.1/os-quota-sets/f869ae5d1f1e4a449f3ca5da6375ff19 0.884s
2025-05-14 04:48:03.234 70103 INFO tempest.lib.common.rest_client [req-fec22826-9b14-4589-ad48-7259ce9e6bf5 req-fec22826-9b14-4589-ad48-7259ce9e6bf5 ] Request (ImagesOneServerNegativeTestJSON:setUp): 200 GET http://10.180.1.21/compute/v2.1/servers/139c1c58-6206-4350-a68d-0ec195119fd7 1.055s
2025-05-14 04:48:03.254 70111 INFO tempest.lib.common.rest_client [req-c7bffe87-3052-458e-b4ac-7c23d9933f99 req-c7bffe87-3052-458e-b4ac-7c23d9933f99 ] Request (KeyPairsV2TestJSON:_run_cleanups): 202 DELETE http://10.180.1.21/compute/v2.1/os-keypairs/tempest-KeyPairsV2TestJSON-keypair-983230433 0.851s
2025-05-14 04:48:03.266 70089 INFO tempest.lib.common.rest_client [req-8e1ac58a-6d7d-4082-ab93-a7915f7d65c9 req-8e1ac58a-6d7d-4082-ab93-a7915f7d65c9 ] Request (QuotasAdminNegativeTest:test_create_server_when_memory_quota_is_full): 201 POST http://10.180.1.21/identity/v3/auth/tokens 0.058s
2025-05-14 04:48:03.266 70089 INFO tempest.lib.common.fixed_network [-] (QuotasAdminNegativeTest:test_create_server_when_memory_quota_is_full) Found network None available for tenant
2025-05-14 04:48:03.289 70115 INFO tempest.lib.common.rest_client [req-c46249eb-694e-4df1-aa2c-19fd69ddae1c req-c46249eb-694e-4df1-aa2c-19fd69ddae1c ] Request (FlavorsV2TestJSON:setUpClass): 201 POST http://10.180.1.21/identity/v3/auth/tokens 0.090s
2025-05-14 04:48:03.327 70115 INFO tempest.lib.common.rest_client [req-d63ba9bf-629d-40e8-969b-94d2dffbaac7 req-d63ba9bf-629d-40e8-969b-94d2dffbaac7 ] Request (FlavorsV2TestJSON:setUpClass): 201 POST http://10.180.1.21/identity/v3/auth/tokens 0.036s
2025-05-14 04:48:03.358 70125 INFO tempest.lib.common.rest_client [req-6d791ce0-b41b-43c9-842a-285fdfb027e4 req-6d791ce0-b41b-43c9-842a-285fdfb027e4 ] Request (ImagesNegativeTestJSON:test_create_image_from_deleted_server): 200 GET http://10.180.1.21/compute/v2.1/servers/b7de59cd-c34b-44f8-8adc-4e8c4995e7f2 0.845s
2025-05-14 04:48:03.363 70115 INFO tempest.lib.common.rest_client [req-86d83ad5-4b2d-442b-a790-417a29ddd601 req-86d83ad5-4b2d-442b-a790-417a29ddd601 ] Request (FlavorsV2TestJSON:setUpClass): 200 GET http://10.180.1.21/identity/v3/domains?name=Default 0.035s
2025-05-14 04:48:03.398 70115 INFO tempest.lib.common.rest_client [req-239152ec-6ec8-4a59-bd85-f5255bec7803 req-239152ec-6ec8-4a59-bd85-f5255bec7803 ] Request (FlavorsV2TestJSON:setUpClass): 201 POST http://10.180.1.21/identity/v3/projects 0.034s
2025-05-14 04:48:03.481 70115 INFO tempest.lib.common.rest_client [req-c438ed28-48e7-4879-bbf7-8d31b92dee8a req-c438ed28-48e7-4879-bbf7-8d31b92dee8a ] Request (FlavorsV2TestJSON:setUpClass): 201 POST http://10.180.1.21/identity/v3/users 0.082s
2025-05-14 04:48:03.486 70099 INFO tempest.lib.common.rest_client [req-82e6492c-619a-48cc-a5a8-d3f60d9ce429 req-82e6492c-619a-48cc-a5a8-d3f60d9ce429 ] Request (ListImageFiltersTestJSON:setUpClass): 202 POST http://10.180.1.21/compute/v2.1/servers 1.114s
2025-05-14 04:48:03.519 70115 INFO tempest.lib.common.rest_client [req-6ab7af5a-ac7a-41fa-b552-9e6c50da9710 req-6ab7af5a-ac7a-41fa-b552-9e6c50da9710 ] Request (FlavorsV2TestJSON:setUpClass): 200 GET http://10.180.1.21/identity/v3/roles 0.037s
2025-05-14 04:48:03.573 70120 INFO tempest.lib.common.rest_client [req-15818ce7-efe7-4da7-a3d7-7d47d04bd0c2 req-15818ce7-efe7-4da7-a3d7-7d47d04bd0c2 ] Request (DeleteServersAdminTestJSON:test_delete_server_while_in_error_state): 200 GET http://10.180.1.21/compute/v2.1/servers/41cbd6fa-b5a5-4783-81c1-a074ecc8c841 0.947s
2025-05-14 04:48:03.579 70099 INFO tempest.lib.common.rest_client [req-10bff0ac-1b8d-4e58-922e-83e2f34001c1 req-10bff0ac-1b8d-4e58-922e-83e2f34001c1 ] Request (ListImageFiltersTestJSON:setUpClass): 201 POST http://10.180.1.21/identity/v3/auth/tokens 0.088s
2025-05-14 04:48:03.579 70099 INFO tempest.lib.common.fixed_network [-] (ListImageFiltersTestJSON:setUpClass) Found network None available for tenant
2025-05-14 04:48:03.579 70115 INFO tempest.lib.common.rest_client [req-9a40253e-2eb5-43db-8f04-5ac764055e57 req-9a40253e-2eb5-43db-8f04-5ac764055e57 ] Request (FlavorsV2TestJSON:setUpClass): 204 PUT http://10.180.1.21/identity/v3/projects/4806ea47ec46493f95f1f989be5f37b4/users/9a0a7e28aad64a34b30cb3741d3908b8/roles/0378efa431c848e19f1f485ed916abca 0.059s
2025-05-14 04:48:03.579 70115 INFO tempest.lib.common.dynamic_creds [-] Dynamic test user 9a0a7e28aad64a34b30cb3741d3908b8 is created with scope project and roles: ['member']
2025-05-14 04:48:03.580 70115 INFO tempest.lib.common.dynamic_creds [-] Acquired dynamic creds: credentials: Credentials: {'domain_id': 'default', 'domain_name': 'Default', 'username': 'tempest-FlavorsV2TestJSON-835059032-project-member', 'project_domain_id': 'default', 'project_domain_name': 'Default', 'project_id': '4806ea47ec46493f95f1f989be5f37b4', 'project_name': 'tempest-FlavorsV2TestJSON-835059032', 'tenant_id': '4806ea47ec46493f95f1f989be5f37b4', 'tenant_name': 'tempest-FlavorsV2TestJSON-835059032', 'user_domain_id': 'default', 'user_domain_name': 'Default', 'user_id': '9a0a7e28aad64a34b30cb3741d3908b8', 'system': None}, Network: None, Subnet: None, Router: None
2025-05-14 04:48:03.580 70115 INFO tempest.lib.common.dynamic_creds [-] Created isolated network resources for: credentials: Credentials: {'domain_id': 'default', 'domain_name': 'Default', 'username': 'tempest-FlavorsV2TestJSON-835059032-project-member', 'project_domain_id': 'default', 'project_domain_name': 'Default', 'project_id': '4806ea47ec46493f95f1f989be5f37b4', 'project_name': 'tempest-FlavorsV2TestJSON-835059032', 'tenant_id': '4806ea47ec46493f95f1f989be5f37b4', 'tenant_name': 'tempest-FlavorsV2TestJSON-835059032', 'user_domain_id': 'default', 'user_domain_name': 'Default', 'user_id': '9a0a7e28aad64a34b30cb3741d3908b8', 'system': None}, Network: None, Subnet: None, Router: None
2025-05-14 04:48:03.598 70137 INFO tempest.lib.common.rest_client [req-235d2f5c-43ac-4d53-a0af-107075dea979 req-235d2f5c-43ac-4d53-a0af-107075dea979 ] Request (SecurityGroupsTestJSON:test_server_security_groups): 200 POST http://10.180.1.21/compute/v2.1/os-security-groups 1.000s
2025-05-14 04:48:03.641 70107 INFO tempest.lib.common.rest_client [req-58d60f54-8109-41e4-af1d-d82deb7e1230 req-58d60f54-8109-41e4-af1d-d82deb7e1230 ] Request (FloatingIPsAssociationNegativeTestJSON:setUpClass): 200 GET http://10.180.1.21/compute/v2.1/servers/46baf558-eb8b-4703-886b-e177649277b5 1.006s
2025-05-14 04:48:03.667 70087 INFO tempest.lib.common.rest_client [req-7defc890-2404-47b7-bcc0-b07582cce525 req-7defc890-2404-47b7-bcc0-b07582cce525 ] Request (FlavorsAccessNegativeTestJSON:test_flavor_access_list_with_public_flavor): 200 POST http://10.180.1.21/compute/v2.1/flavors 0.943s
2025-05-14 04:48:03.679 70137 INFO tempest.lib.common.rest_client [req-6d345df0-f4a6-450e-9bce-683a80c9834e req-6d345df0-f4a6-450e-9bce-683a80c9834e ] Request (SecurityGroupsTestJSON:test_server_security_groups): 201 POST http://10.180.1.21/identity/v3/auth/tokens 0.069s
2025-05-14 04:48:03.679 70137 INFO tempest.lib.common.fixed_network [-] (SecurityGroupsTestJSON:test_server_security_groups) Found network {'id': '3a65222b-6c19-40e9-a3ba-658515783a62', 'name': 'tempest-SecurityGroupsTestJSON-1465175120-network', 'tenant_id': '61f6b6179e7a4dc2a63cca74bc87775c', 'admin_state_up': True, 'mtu': 8950, 'status': 'ACTIVE', 'subnets': [], 'shared': False, 'project_id': '61f6b6179e7a4dc2a63cca74bc87775c', 'port_security_enabled': True, 'router:external': False, 'provider:network_type': 'vlan', 'provider:physical_network': 'default', 'provider:segmentation_id': 524, 'availability_zone_hints': [], 'availability_zones': [], 'ipv4_address_scope': None, 'ipv6_address_scope': None, 'description': '', 'tags': [], 'created_at': '2025-05-14T04:46:48Z', 'updated_at': '2025-05-14T04:46:48Z', 'revision_number': 1} available for tenant
2025-05-14 04:48:03.756 70093 INFO tempest.lib.common.rest_client [req-c162c1a1-8137-4a88-8d6e-5c52969d4f61 req-c162c1a1-8137-4a88-8d6e-5c52969d4f61 ] Request (ServerExternalEventsTest:tearDownClass): 200 GET http://10.180.1.21/compute/v2.1/servers/15a6e58d-e642-4771-8c38-fb1c7f988714 1.048s
2025-05-14 04:48:03.760 70091 INFO tempest.lib.common.rest_client [req-310c065f-c4d9-4f4e-9539-1af5a1d15b0f req-310c065f-c4d9-4f4e-9539-1af5a1d15b0f ] Request (ServersTestManualDisk:setUpClass): 200 PUT http://10.180.1.21:9696/networking/v2.0/routers/b6c62920-a43f-4c30-b9b9-7fecdbe68cf2/add_router_interface 2.071s
2025-05-14 04:48:03.766 70115 INFO tempest.lib.common.rest_client [req-14bdb4cc-5406-4bee-a369-a9ae7cf0fb43 req-14bdb4cc-5406-4bee-a369-a9ae7cf0fb43 ] Request (FlavorsV2TestJSON:setUpClass): 201 POST http://10.180.1.21/identity/v3/auth/tokens 0.182s
