2025-05-14 04:47:35.645 70107 INFO tempest.lib.common.rest_client [req-95eae7df-d357-4d6f-a62a-b8c95d416c16 req-95eae7df-d357-4d6f-a62a-b8c95d416c16 ] Request (HypervisorAdminUnderV252Test:setUpClass): 204 PUT http://10.180.1.21/identity/v3/projects/9a39d9bd9b9d4684b403baee08e2060f/users/4740e95907c24e1ca7284d559590e167/roles/99f3ebb329f24bf88a69728390ff514f 0.088s
2025-05-14 04:47:35.645 70107 INFO tempest.lib.common.dynamic_creds [-] Dynamic test user 4740e95907c24e1ca7284d559590e167 is created with scope project and roles: ['admin']
2025-05-14 04:47:35.645 70107 INFO tempest.lib.common.dynamic_creds [-] Acquired dynamic creds: credentials: Credentials: {'domain_id': 'default', 'domain_name': 'Default', 'username': 'tempest-HypervisorAdminUnderV252Test-2001566998-project-admin', 'project_domain_id': 'default', 'project_domain_name': 'Default', 'project_id': '9a39d9bd9b9d4684b403baee08e2060f', 'project_name': 'tempest-HypervisorAdminUnderV252Test-2001566998', 'tenant_id': '9a39d9bd9b9d4684b403baee08e2060f', 'tenant_name': 'tempest-HypervisorAdminUnderV252Test-2001566998', 'user_domain_id': 'default', 'user_domain_name': 'Default', 'user_id': '4740e95907c24e1ca7284d559590e167', 'system': None}, Network: None, Subnet: None, Router: None
2025-05-14 04:47:35.645 70107 INFO tempest.lib.common.dynamic_creds [-] Created isolated network resources for: credentials: Credentials: {'domain_id': 'default', 'domain_name': 'Default', 'username': 'tempest-HypervisorAdminUnderV252Test-2001566998-project-admin', 'project_domain_id': 'default', 'project_domain_name': 'Default', 'project_id': '9a39d9bd9b9d4684b403baee08e2060f', 'project_name': 'tempest-HypervisorAdminUnderV252Test-2001566998', 'tenant_id': '9a39d9bd9b9d4684b403baee08e2060f', 'tenant_name': 'tempest-HypervisorAdminUnderV252Test-2001566998', 'user_domain_id': 'default', 'user_domain_name': 'Default', 'user_id': '4740e95907c24e1ca7284d559590e167', 'system': None}, Network: None, Subnet: None, Router: None
2025-05-14 04:47:35.665 70121 INFO tempest.lib.common.rest_client [req-ff33b99e-bf56-41df-a1f9-5f4742ca31d6 req-ff33b99e-bf56-41df-a1f9-5f4742ca31d6 ] Request (ServersTestJSON:test_create_server_specify_multibyte_character_name): 200 GET http://10.180.1.21/compute/v2.1/servers/237f9247-6f24-4bbd-b9d1-84402bb6670d 1.945s
2025-05-14 04:47:35.705 70085 INFO tempest.lib.common.rest_client [req-770969e3-8d65-4eb1-a1db-9fb85b52176f req-770969e3-8d65-4eb1-a1db-9fb85b52176f ] Request (VolumesAssistedSnapshotsTest:test_volume_assisted_snapshot_create_delete): 200 GET http://10.180.1.21/compute/v2.1/servers/f0054d4d-12f1-44ba-b35a-5cb84f87b84e 2.218s
2025-05-14 04:47:35.714 70087 INFO tempest.lib.common.rest_client [req-62b047b2-8d27-44d9-8288-be66afa6f97d req-62b047b2-8d27-44d9-8288-be66afa6f97d ] Request (AggregatesAdminNegativeTestJSON:test_aggregate_get_details_as_user): 403 GET http://10.180.1.21/compute/v2.1/os-aggregates/6 1.886s
2025-05-14 04:47:35.718 70085 INFO tempest.common.waiters [-] State transition "BUILD/None" ==> "BUILD/spawning" after 16 second wait
2025-05-14 04:47:35.734 70107 INFO tempest.lib.common.rest_client [req-cd996354-5a03-485b-a4a6-9886fed33aa5 req-cd996354-5a03-485b-a4a6-9886fed33aa5 ] Request (HypervisorAdminUnderV252Test:setUpClass): 201 POST http://10.180.1.21/identity/v3/auth/tokens 0.086s
2025-05-14 04:47:35.740 70109 INFO tempest.lib.common.rest_client [req-3afefb6c-33b8-4c79-9e82-60b600cc7369 req-3afefb6c-33b8-4c79-9e82-60b600cc7369 ] Request (FlavorsAdminTestJSON:_run_cleanups): 200 GET http://10.180.1.21/compute/v2.1/flavors/detail 1.892s
2025-05-14 04:47:35.774 70105 INFO tempest.lib.common.rest_client [req-bffa6b76-e351-4764-a4ac-8de2cae26b43 req-bffa6b76-e351-4764-a4ac-8de2cae26b43 ] Request (ServersTestBootFromVolume:setUpClass): 200 GET http://10.180.1.21/volume/v3/volumes/09f1158b-81b2-40b9-8a4f-3f54ed802d96 0.038s
2025-05-14 04:47:35.828 70095 INFO tempest.lib.common.rest_client [req-6e0de01c-70ec-4442-a116-0051e15a9706 req-6e0de01c-70ec-4442-a116-0051e15a9706 ] Request (TenantUsagesTestJSON:setUpClass): 200 GET http://10.180.1.21/compute/v2.1/servers/91377093-0fb6-4a58-8fd4-6214925dcfd2 1.914s
2025-05-14 04:47:35.897 70141 INFO tempest.lib.common.rest_client [req-54a14583-5096-413b-bd41-c33d870ae3da req-54a14583-5096-413b-bd41-c33d870ae3da ] Request (ServicesAdminTestJSON:tearDownClass): 200 GET http://10.180.1.21:9696/networking/v2.0/security-groups?tenant_id=5299fc06f0804c42b77ea6480a5c8163&name=default 0.375s
2025-05-14 04:47:35.947 70091 INFO tempest.lib.common.rest_client [req-0c41b3ca-79e6-4613-8e98-aa693ea3b3ae req-0c41b3ca-79e6-4613-8e98-aa693ea3b3ae ] Request (AttachInterfacesV270Test:tearDownClass): 200 GET http://10.180.1.21/compute/v2.1/servers/60727adc-657b-4b01-ae39-48f7cf68a19c 1.759s
2025-05-14 04:47:35.999 70131 INFO tempest.lib.common.rest_client [req-198955c9-b63d-4d11-9a57-e290707c6b78 req-198955c9-b63d-4d11-9a57-e290707c6b78 ] Request (ServerActionsV293TestJSON:setUpClass): 200 GET http://10.180.1.21/volume/v3/volumes/9451eb81-2568-49dc-9083-f22a15a333bb 0.028s
2025-05-14 04:47:36.086 70093 INFO tempest.lib.common.rest_client [req-fe80c1ee-af34-4de8-973a-53fd6fa33ab1 req-fe80c1ee-af34-4de8-973a-53fd6fa33ab1 ] Request (ServerExternalEventsTest:test_create_server_external_events): 200 GET http://10.180.1.21/compute/v2.1/servers/15a6e58d-e642-4771-8c38-fb1c7f988714 2.295s
2025-05-14 04:47:36.248 70113 INFO tempest.lib.common.rest_client [req-71af0a92-11be-4a4e-bcfc-b68e14c14a1d req-71af0a92-11be-4a4e-bcfc-b68e14c14a1d ] Request (AttachInterfacesUnderV243Test:test_add_remove_fixed_ip): 200 PUT http://10.180.1.21:9696/networking/v2.0/floatingips/b26f9e15-1ac3-4ef2-be86-9fcb321e69fa 2.172s
2025-05-14 04:47:36.263 70111 INFO tempest.lib.common.rest_client [req-93891192-9f3b-46c5-975d-d193902ca5b1 req-93891192-9f3b-46c5-975d-d193902ca5b1 ] Request (FloatingIPDetailsTestJSON:test_list_floating_ips): 200 GET http://10.180.1.21/compute/v2.1/os-floating-ips 2.031s
2025-05-14 04:47:36.296 70129 INFO tempest.lib.common.rest_client [req-32b93237-b85b-4ae1-bb5c-dbcc7fcd2600 req-32b93237-b85b-4ae1-bb5c-dbcc7fcd2600 ] Request (FloatingIPsTestJSON:test_allocate_floating_ip): 200 GET http://10.180.1.21/compute/v2.1/os-floating-ips 1.952s
2025-05-14 04:47:36.314 70141 INFO tempest.lib.common.rest_client [req-e0c554af-8f52-440f-963a-e9c7ce0a95a1 req-e0c554af-8f52-440f-963a-e9c7ce0a95a1 ] Request (ServicesAdminTestJSON:tearDownClass): 204 DELETE http://10.180.1.21:9696/networking/v2.0/security-groups/5ec07e4a-7294-4d38-bc73-18b19c380353 0.416s
2025-05-14 04:47:36.424 70141 INFO tempest.lib.common.rest_client [req-a0ad405d-ee8b-4b42-b429-0231fd722f4b req-a0ad405d-ee8b-4b42-b429-0231fd722f4b ] Request (ServicesAdminTestJSON:tearDownClass): 204 DELETE http://10.180.1.21/identity/v3/projects/5299fc06f0804c42b77ea6480a5c8163 0.109s
2025-05-14 04:47:36.456 70139 INFO tempest.lib.common.rest_client [req-043e9c43-458b-4f2c-a50e-39aacc4ef9f1 req-043e9c43-458b-4f2c-a50e-39aacc4ef9f1 ] Request (ServerGroup264TestJSON:tearDownClass): 200 PUT http://10.180.1.21:9696/networking/v2.0/routers/18233287-b5a6-4d4a-a94c-0821d578a184/remove_router_interface 1.933s
2025-05-14 04:47:36.523 70141 INFO tempest.lib.common.rest_client [req-878ce90e-c6f0-4dec-aa69-08fda0a0e54c req-878ce90e-c6f0-4dec-aa69-08fda0a0e54c ] Request (KeyPairsV22TestJSON:setUpClass): 201 POST http://10.180.1.21/identity/v3/auth/tokens 0.097s
2025-05-14 04:47:36.532 70123 INFO tempest.lib.common.rest_client [req-d62755f6-3fe2-40e4-a50a-24069a7207e6 req-d62755f6-3fe2-40e4-a50a-24069a7207e6 ] Request (ServerDiagnosticsNegativeTest:test_get_server_diagnostics_by_non_admin): 200 GET http://10.180.1.21/compute/v2.1/servers/70e05ad8-091b-42d5-9c80-7a9e4ca3a996 2.156s
2025-05-14 04:47:36.540 70143 INFO tempest.lib.common.rest_client [req-8caa7be7-7691-4f1b-88a2-1393ad0971c1 req-8caa7be7-7691-4f1b-88a2-1393ad0971c1 ] Request (MigrationsAdminTest:test_list_migrations_in_flavor_resize_situation): 200 GET http://10.180.1.21/compute/v2.1/servers/e4012c7e-7b29-4ada-b5d4-5e092555a6d1 2.190s
2025-05-14 04:47:36.543 70123 INFO tempest.common.waiters [-] State transition "BUILD/spawning" ==> "ACTIVE/None" after 29 second wait
2025-05-14 04:47:36.574 70141 INFO tempest.lib.common.rest_client [req-7cc79556-53b2-4bf9-b71f-27b8e4400007 req-7cc79556-53b2-4bf9-b71f-27b8e4400007 ] Request (KeyPairsV22TestJSON:setUpClass): 201 POST http://10.180.1.21/identity/v3/auth/tokens 0.045s
2025-05-14 04:47:36.574 70099 INFO tempest.lib.common.rest_client [req-46009f22-9ae3-444e-97f2-1ae38c89630d req-46009f22-9ae3-444e-97f2-1ae38c89630d ] Request (ImagesMetadataNegativeTestJSON:test_get_nonexistent_image_metadata_item): 404 GET http://10.180.1.21/compute/v2.1/images/ae4e517d-29f9-4488-be01-297930ae0829/metadata/os_version 2.110s
2025-05-14 04:47:36.625 70141 INFO tempest.lib.common.rest_client [req-d933d9ff-0ef2-4129-b80a-3555ecda104a req-d933d9ff-0ef2-4129-b80a-3555ecda104a ] Request (KeyPairsV22TestJSON:setUpClass): 200 GET http://10.180.1.21/identity/v3/domains?name=Default 0.050s
2025-05-14 04:47:36.643 70103 INFO tempest.lib.common.rest_client [req-ff61d39a-fe12-4a4f-86ee-e50958e1c57d req-ff61d39a-fe12-4a4f-86ee-e50958e1c57d ] Request (ImagesOneServerNegativeTestJSON:setUpClass): 200 GET http://10.180.1.21/compute/v2.1/servers/139c1c58-6206-4350-a68d-0ec195119fd7 2.199s
2025-05-14 04:47:36.663 70141 INFO tempest.lib.common.rest_client [req-39a15636-c6d1-442c-8d0f-3f2041c8ac86 req-39a15636-c6d1-442c-8d0f-3f2041c8ac86 ] Request (KeyPairsV22TestJSON:setUpClass): 201 POST http://10.180.1.21/identity/v3/projects 0.037s
2025-05-14 04:47:36.680 70097 INFO tempest.lib.common.rest_client [req-868d95a0-fe32-46b0-92c1-fa7917930177 req-868d95a0-fe32-46b0-92c1-fa7917930177 ] Request (ServersAdmin275Test:_run_cleanups): 200 GET http://10.180.1.21/compute/v2.1/servers/aae9c3c4-2b4b-45af-abb8-31ca8bbe8714 2.209s
2025-05-14 04:47:36.692 70097 INFO tempest.common.waiters [-] State transition "REBUILD/rebuilding" ==> "REBUILD/rebuild_spawning" after 3 second wait
2025-05-14 04:47:36.763 70141 INFO tempest.lib.common.rest_client [req-e51c7096-fa47-4def-86e1-e4fc5047e286 req-e51c7096-fa47-4def-86e1-e4fc5047e286 ] Request (KeyPairsV22TestJSON:setUpClass): 201 POST http://10.180.1.21/identity/v3/users 0.099s
2025-05-14 04:47:36.789 70141 INFO tempest.lib.common.rest_client [req-d7e08e15-a941-4b40-a200-36a4cc301ffe req-d7e08e15-a941-4b40-a200-36a4cc301ffe ] Request (KeyPairsV22TestJSON:setUpClass): 200 GET http://10.180.1.21/identity/v3/roles 0.025s
2025-05-14 04:47:36.806 70089 INFO tempest.lib.common.rest_client [req-d0c336ad-1359-4ea6-afbb-fe1b7c223089 req-d0c336ad-1359-4ea6-afbb-fe1b7c223089 ] Request (QuotasAdminTestJSON:test_get_updated_quotas): 200 GET http://10.180.1.21/compute/v2.1/os-quota-sets/8e286eb023bd4196b396708464a37789/detail 2.302s
2025-05-14 04:47:36.821 70141 INFO tempest.lib.common.rest_client [req-35a3b5d7-3ecb-4e44-b820-b99b066de55b req-35a3b5d7-3ecb-4e44-b820-b99b066de55b ] Request (KeyPairsV22TestJSON:setUpClass): 204 PUT http://10.180.1.21/identity/v3/projects/514ffe9db5194e0dad503c45db426886/users/2838176144354cc88e62a50e66c16ab0/roles/0378efa431c848e19f1f485ed916abca 0.032s
2025-05-14 04:47:36.822 70141 INFO tempest.lib.common.dynamic_creds [-] Dynamic test user 2838176144354cc88e62a50e66c16ab0 is created with scope project and roles: ['member']
2025-05-14 04:47:36.823 70105 INFO tempest.lib.common.rest_client [req-531aa07a-43a3-4daa-885d-aa7606acce18 req-531aa07a-43a3-4daa-885d-aa7606acce18 ] Request (ServersTestBootFromVolume:setUpClass): 200 GET http://10.180.1.21/volume/v3/volumes/09f1158b-81b2-40b9-8a4f-3f54ed802d96 0.035s
2025-05-14 04:47:36.823 70141 INFO tempest.lib.common.dynamic_creds [-] Acquired dynamic creds: credentials: Credentials: {'domain_id': 'default', 'domain_name': 'Default', 'username': 'tempest-KeyPairsV22TestJSON-1200231134-project-member', 'project_domain_id': 'default', 'project_domain_name': 'Default', 'project_id': '514ffe9db5194e0dad503c45db426886', 'project_name': 'tempest-KeyPairsV22TestJSON-1200231134', 'tenant_id': '514ffe9db5194e0dad503c45db426886', 'tenant_name': 'tempest-KeyPairsV22TestJSON-1200231134', 'user_domain_id': 'default', 'user_domain_name': 'Default', 'user_id': '2838176144354cc88e62a50e66c16ab0', 'system': None}, Network: None, Subnet: None, Router: None
2025-05-14 04:47:36.823 70141 INFO tempest.lib.common.dynamic_creds [-] Created isolated network resources for: credentials: Credentials: {'domain_id': 'default', 'domain_name': 'Default', 'username': 'tempest-KeyPairsV22TestJSON-1200231134-project-member', 'project_domain_id': 'default', 'project_domain_name': 'Default', 'project_id': '514ffe9db5194e0dad503c45db426886', 'project_name': 'tempest-KeyPairsV22TestJSON-1200231134', 'tenant_id': '514ffe9db5194e0dad503c45db426886', 'tenant_name': 'tempest-KeyPairsV22TestJSON-1200231134', 'user_domain_id': 'default', 'user_domain_name': 'Default', 'user_id': '2838176144354cc88e62a50e66c16ab0', 'system': None}, Network: None, Subnet: None, Router: None
2025-05-14 04:47:36.879 70117 INFO tempest.lib.common.rest_client [req-6268c72b-38c2-4b99-9bad-44514f3722f7 req-6268c72b-38c2-4b99-9bad-44514f3722f7 ] Request (ServerRescueTestJSONUnderV235:setUpClass): 201 POST http://10.180.1.21:9696/networking/v2.0/routers 2.675s
2025-05-14 04:47:36.896 70141 INFO tempest.lib.common.rest_client [req-ba234188-3971-44d1-ac2b-fd7f9505ecc8 req-ba234188-3971-44d1-ac2b-fd7f9505ecc8 ] Request (KeyPairsV22TestJSON:setUpClass): 201 POST http://10.180.1.21/identity/v3/auth/tokens 0.070s
2025-05-14 04:47:36.897 70089 INFO tempest.lib.common.rest_client [req-4323adcc-b5dc-4e4a-8da1-956c130777ea req-4323adcc-b5dc-4e4a-8da1-956c130777ea ] Request (QuotasAdminTestJSON:test_get_updated_quotas): 200 GET http://10.180.1.21/identity/v3/domains?name=Default 0.083s
2025-05-14 04:47:36.923 70083 INFO tempest.lib.common.rest_client [req-be152a82-9fa0-4d0e-bcba-3de436ddf5bc req-be152a82-9fa0-4d0e-bcba-3de436ddf5bc ] Request (ServersNegativeTestJSON:setUpClass): 200 PUT http://10.180.1.21:9696/networking/v2.0/routers/40195bd3-f80c-4590-84c3-79ca1000403c/add_router_interface 3.349s
2025-05-14 04:47:36.923 70083 INFO tempest.lib.common.dynamic_creds [-] Created isolated network resources for: credentials: Credentials: {'domain_id': 'default', 'domain_name': 'Default', 'username': 'tempest-ServersNegativeTestJSON-1110560868-project-member', 'project_domain_id': 'default', 'project_domain_name': 'Default', 'project_id': 'dea2da50113e4fc38b46da5f29c3bcf6', 'project_name': 'tempest-ServersNegativeTestJSON-1110560868', 'tenant_id': 'dea2da50113e4fc38b46da5f29c3bcf6', 'tenant_name': 'tempest-ServersNegativeTestJSON-1110560868', 'user_domain_id': 'default', 'user_domain_name': 'Default', 'user_id': 'da9835b8151147f1a80ab2027a647fc0', 'system': None}, Network: {'id': '920a2869-844f-450d-a6aa-41ac78d3c7de', 'name': 'tempest-ServersNegativeTestJSON-1361953694-network', 'tenant_id': 'dea2da50113e4fc38b46da5f29c3bcf6', 'admin_state_up': True, 'mtu': 8950, 'status': 'ACTIVE', 'subnets': [], 'shared': False, 'project_id': 'dea2da50113e4fc38b46da5f29c3bcf6', 'port_security_enabled': True, 'router:external': False, 'provider:network_type': 'vlan', 'provider:physical_network': 'default', 'provider:segmentation_id': 625, 'availability_zone_hints': [], 'availability_zones': [], 'ipv4_address_scope': None, 'ipv6_address_scope': None, 'description': '', 'tags': [], 'created_at': '2025-05-14T04:47:31Z', 'updated_at': '2025-05-14T04:47:31Z', 'revision_number': 1}, Subnet: {'id': '4b6b521c-054f-4656-9042-0c85c991ef75', 'name': 'tempest-ServersNegativeTestJSON-1361953694-subnet', 'tenant_id': 'dea2da50113e4fc38b46da5f29c3bcf6', 'network_id': '920a2869-844f-450d-a6aa-41ac78d3c7de', 'ip_version': 4, 'subnetpool_id': None, 'enable_dhcp': True, 'ipv6_ra_mode': None, 'ipv6_address_mode': None, 'gateway_ip': '192.168.128.1', 'cidr': '192.168.128.0/28', 'allocation_pools': [{'start': '192.168.128.2', 'end': '192.168.128.14'}], 'host_routes': [], 'dns_nameservers': [], 'description': '', 'router:external': False, 'service_types': [], 'tags': [], 'created_at': '2025-05-14T04:47:32Z', 'updated_at': '2025-05-14T04:47:32Z', 'revision_number': 0, 'project_id': 'dea2da50113e4fc38b46da5f29c3bcf6'}, Router: {'id': '40195bd3-f80c-4590-84c3-79ca1000403c', 'name': 'tempest-ServersNegativeTestJSON-1361953694-router', 'tenant_id': 'dea2da50113e4fc38b46da5f29c3bcf6', 'admin_state_up': True, 'status': 'ACTIVE', 'external_gateway_info': {'network_id': '490c4fde-2c0e-4a8a-a184-46d5d29de781', 'external_fixed_ips': [{'subnet_id': 'e7ffefc0-a41d-4948-980e-95100e91836a', 'ip_address': '10.180.180.216'}], 'enable_snat': True}, 'description': '', 'availability_zones': [], 'distributed': False, 'ha': False, 'availability_zone_hints': [], 'routes': [], 'flavor_id': None, 'tags': [], 'created_at': '2025-05-14T04:47:32Z', 'updated_at': '2025-05-14T04:47:32Z', 'revision_number': 2, 'project_id': 'dea2da50113e4fc38b46da5f29c3bcf6'}
2025-05-14 04:47:36.930 70127 INFO tempest.lib.common.rest_client [req-4feb6e05-ac07-4640-904b-a34cad0d6c75 req-4feb6e05-ac07-4640-904b-a34cad0d6c75 ] Request (ServersWithSpecificFlavorTestJSON:test_verify_created_server_ephemeral_disk): 200 GET http://10.180.1.21/compute/v2.1/servers/7eafa89b-728a-42c8-9af7-5c909b1c3acb 2.369s
2025-05-14 04:47:36.937 70089 INFO tempest.lib.common.rest_client [req-e9253317-ed88-4935-a1b2-c822a6738649 req-e9253317-ed88-4935-a1b2-c822a6738649 ] Request (QuotasAdminTestJSON:test_get_updated_quotas): 201 POST http://10.180.1.21/identity/v3/users 0.040s
2025-05-14 04:47:36.941 70127 INFO tempest.common.waiters [-] State transition "BUILD/None" ==> "BUILD/spawning" after 15 second wait
2025-05-14 04:47:36.970 70089 INFO tempest.lib.common.rest_client [req-45398bc6-1c81-4eef-9017-2ced3a04ca13 req-45398bc6-1c81-4eef-9017-2ced3a04ca13 ] Request (QuotasAdminTestJSON:test_get_updated_quotas): 200 GET http://10.180.1.21/identity/v3/domains?name=Default 0.033s
2025-05-14 04:47:37.039 70083 INFO tempest.lib.common.rest_client [req-f941bff2-aac6-410f-bc67-22152035eb6e req-f941bff2-aac6-410f-bc67-22152035eb6e ] Request (ServersNegativeTestJSON:setUpClass): 201 POST http://10.180.1.21/identity/v3/auth/tokens 0.112s
2025-05-14 04:47:37.045 70131 INFO tempest.lib.common.rest_client [req-903a8b1d-c1c3-4d20-ad00-e4277a930154 req-903a8b1d-c1c3-4d20-ad00-e4277a930154 ] Request (ServerActionsV293TestJSON:setUpClass): 200 GET http://10.180.1.21/volume/v3/volumes/9451eb81-2568-49dc-9083-f22a15a333bb 0.035s
2025-05-14 04:47:37.083 70083 INFO tempest.lib.common.rest_client [req-c026cbb2-b4a4-4f03-98b8-4e189a0efe85 req-c026cbb2-b4a4-4f03-98b8-4e189a0efe85 ] Request (ServersNegativeTestJSON:setUpClass): 201 POST http://10.180.1.21/identity/v3/auth/tokens 0.040s
2025-05-14 04:47:37.083 70083 INFO tempest.lib.common.fixed_network [-] (ServersNegativeTestJSON:setUpClass) Found network {'id': '920a2869-844f-450d-a6aa-41ac78d3c7de', 'name': 'tempest-ServersNegativeTestJSON-1361953694-network', 'tenant_id': 'dea2da50113e4fc38b46da5f29c3bcf6', 'admin_state_up': True, 'mtu': 8950, 'status': 'ACTIVE', 'subnets': [], 'shared': False, 'project_id': 'dea2da50113e4fc38b46da5f29c3bcf6', 'port_security_enabled': True, 'router:external': False, 'provider:network_type': 'vlan', 'provider:physical_network': 'default', 'provider:segmentation_id': 625, 'availability_zone_hints': [], 'availability_zones': [], 'ipv4_address_scope': None, 'ipv6_address_scope': None, 'description': '', 'tags': [], 'created_at': '2025-05-14T04:47:31Z', 'updated_at': '2025-05-14T04:47:31Z', 'revision_number': 1} available for tenant
2025-05-14 04:47:37.096 70101 INFO tempest.lib.common.rest_client [req-a431c195-5ffb-4406-b232-7ab4187bfe61 req-a431c195-5ffb-4406-b232-7ab4187bfe61 ] Request (ServersAdminTestJSON:setUpClass): 200 GET http://10.180.1.21/compute/v2.1/servers/148abfee-2aaa-45fb-ba92-1aa68cac8b8c 2.288s
2025-05-14 04:47:37.223 70135 INFO tempest.lib.common.rest_client [req-4163b444-bb99-4e07-b545-8165482f8349 req-4163b444-bb99-4e07-b545-8165482f8349 ] Request (TenantUsagesNegativeTestJSON:test_list_usage_all_tenants_with_non_admin_user): 403 GET http://10.180.1.21/compute/v2.1/os-simple-tenant-usage?start=2025-05-13T04%3A47%3A31.093638&end=2025-05-15T04%3A47%3A31.093638&detailed=1 2.167s
2025-05-14 04:47:37.255 70120 INFO tempest.lib.common.rest_client [req-fc70d625-dabe-4b22-ba6b-ea0d70ab06da req-fc70d625-dabe-4b22-ba6b-ea0d70ab06da ] Request (DeleteServersAdminTestJSON:test_admin_delete_servers_of_others): 404 GET http://10.180.1.21/compute/v2.1/servers/ac48e4b5-3f7f-403d-a446-935be224fd40 2.082s
2025-05-14 04:47:37.300 70139 INFO tempest.lib.common.rest_client [req-204901a6-801f-4e2b-bd20-9cc20a770995 req-204901a6-801f-4e2b-bd20-9cc20a770995 ] Request (ServerGroup264TestJSON:tearDownClass): 204 DELETE http://10.180.1.21:9696/networking/v2.0/routers/18233287-b5a6-4d4a-a94c-0821d578a184 0.844s
2025-05-14 04:47:37.345 70120 INFO tempest.lib.common.rest_client [req-d9994c02-2042-4d8c-a7f2-8664f9553574 req-d9994c02-2042-4d8c-a7f2-8664f9553574 ] Request (DeleteServersAdminTestJSON:test_delete_server_while_in_error_state): 201 POST http://10.180.1.21/identity/v3/auth/tokens 0.077s
2025-05-14 04:47:37.346 70120 INFO tempest.lib.common.fixed_network [-] (DeleteServersAdminTestJSON:test_delete_server_while_in_error_state) Found network None available for tenant
2025-05-14 04:47:37.370 70115 INFO tempest.lib.common.rest_client [req-2cd26d40-1c59-4ca1-84f8-e15ccb3fafd0 req-2cd26d40-1c59-4ca1-84f8-e15ccb3fafd0 ] Request (ServerDiagnosticsV248Test:tearDownClass): 200 GET http://10.180.1.21/compute/v2.1/servers/a6c4eeb4-f58c-4de7-8c1f-9bb329e21aa5 2.074s
2025-05-14 04:47:37.373 70135 INFO tempest.lib.common.rest_client [req-3e4bd9f8-68d4-4b56-883a-d51f1b847c72 req-3e4bd9f8-68d4-4b56-883a-d51f1b847c72 ] Request (TenantUsagesNegativeTestJSON:tearDownClass): 204 DELETE http://10.180.1.21/identity/v3/users/8f42b5cbc6c348ed9e28120467620857 0.148s
2025-05-14 04:47:37.384 70115 INFO tempest.common.waiters [-] State transition "ACTIVE/deleting" ==> "DELETED/None" after 3 second wait
2025-05-14 04:47:37.466 70145 INFO tempest.lib.common.rest_client [req-842d7b90-b0c6-4165-a635-58b2b9df90da req-842d7b90-b0c6-4165-a635-58b2b9df90da ] Request (SecurityGroupRulesNegativeTestJSON:tearDownClass): 202 DELETE http://10.180.1.21/compute/v2.1/os-security-groups/e5b1c2cc-df73-4817-893c-d2eaaed58422 2.427s
2025-05-14 04:47:37.568 70125 INFO tempest.lib.common.rest_client [req-d3ffc8c7-3172-4888-b1fe-608164380965 req-d3ffc8c7-3172-4888-b1fe-608164380965 ] Request (ImagesNegativeTestJSON:test_create_image_from_deleted_server): 200 GET http://10.180.1.21/compute/v2.1/servers/b7de59cd-c34b-44f8-8adc-4e8c4995e7f2 1.964s
2025-05-14 04:47:37.602 70139 INFO tempest.lib.common.rest_client [req-2bf7567c-760b-43da-8170-3d66819ce257 req-2bf7567c-760b-43da-8170-3d66819ce257 ] Request (ServerGroup264TestJSON:tearDownClass): 204 DELETE http://10.180.1.21:9696/networking/v2.0/subnets/33cbb149-2d26-470d-9294-a01db2c43343 0.302s
2025-05-14 04:47:37.670 70135 INFO tempest.lib.common.rest_client [req-22b22ee9-98dd-4b33-bd51-10a268e41e07 req-22b22ee9-98dd-4b33-bd51-10a268e41e07 ] Request (TenantUsagesNegativeTestJSON:tearDownClass): 204 DELETE http://10.180.1.21/identity/v3/users/f95a839859c946c9ae5e52e6e253fc34 0.297s
2025-05-14 04:47:37.671 70135 INFO tempest.lib.common.dynamic_creds [-] Deleting project and security group for project: 3aaf809c59d24fc9a8c7c27acfb69a9c
2025-05-14 04:47:37.720 70133 INFO tempest.lib.common.rest_client [req-eed48827-6d9c-4906-b1d4-b5c573b7bdc5 req-eed48827-6d9c-4906-b1d4-b5c573b7bdc5 ] Request (ServersAaction247Test:tearDownClass): 200 GET http://10.180.1.21/compute/v2.1/servers/04f381bb-52dc-438f-8617-70dd4e4e6deb 2.023s
2025-05-14 04:47:37.752 70087 INFO tempest.lib.common.rest_client [req-a526d7c1-1a33-4850-adc8-946b7314f96d req-a526d7c1-1a33-4850-adc8-946b7314f96d ] Request (AggregatesAdminNegativeTestJSON:_run_cleanups): 200 DELETE http://10.180.1.21/compute/v2.1/os-aggregates/6 2.036s
2025-05-14 04:47:37.788 70135 INFO tempest.lib.common.rest_client [req-118e64e6-42de-4070-8a73-48ee47a33f9c req-118e64e6-42de-4070-8a73-48ee47a33f9c ] Request (TenantUsagesNegativeTestJSON:tearDownClass): 201 POST http://10.180.1.21/identity/v3/auth/tokens 0.116s
2025-05-14 04:47:37.885 70105 INFO tempest.lib.common.rest_client [req-8213be46-066a-46c2-83f4-6b88d66172b5 req-8213be46-066a-46c2-83f4-6b88d66172b5 ] Request (ServersTestBootFromVolume:setUpClass): 200 GET http://10.180.1.21/volume/v3/volumes/09f1158b-81b2-40b9-8a4f-3f54ed802d96 0.053s
2025-05-14 04:47:37.906 70107 INFO tempest.lib.common.rest_client [req-a5c9bb15-a447-45f0-a946-43b5be328676 req-a5c9bb15-a447-45f0-a946-43b5be328676 ] Request (HypervisorAdminUnderV252Test:test_get_hypervisor_show_servers): 200 GET http://10.180.1.21/compute/v2.1/os-hypervisors 2.171s
2025-05-14 04:47:37.932 70109 INFO tempest.lib.common.rest_client [req-7dbbcaa6-f799-4bcc-acd8-f9092eb800d3 req-7dbbcaa6-f799-4bcc-acd8-f9092eb800d3 ] Request (FlavorsAdminTestJSON:test_create_server_with_non_public_flavor): 200 POST http://10.180.1.21/compute/v2.1/flavors 2.182s
2025-05-14 04:47:38.017 70139 INFO tempest.lib.common.rest_client [req-49a632c1-de5a-4b55-9a49-f153287f6305 req-49a632c1-de5a-4b55-9a49-f153287f6305 ] Request (ServerGroup264TestJSON:tearDownClass): 204 DELETE http://10.180.1.21:9696/networking/v2.0/networks/cc8d66e8-def4-46aa-afbb-04118dfb9311 0.414s
2025-05-14 04:47:38.086 70131 INFO tempest.lib.common.rest_client [req-88ebe9d2-76e7-4ce0-9336-5be02bb41e79 req-88ebe9d2-76e7-4ce0-9336-5be02bb41e79 ] Request (ServerActionsV293TestJSON:setUpClass): 200 GET http://10.180.1.21/volume/v3/volumes/9451eb81-2568-49dc-9083-f22a15a333bb 0.032s
2025-05-14 04:47:38.096 70131 INFO tempest.common.waiters [-] volume 9451eb81-2568-49dc-9083-f22a15a333bb reached available after waiting for 19.096448 seconds
2025-05-14 04:47:38.102 70135 INFO tempest.lib.common.rest_client [req-0008bce9-97ac-4608-ad49-ce36eaec332f req-0008bce9-97ac-4608-ad49-ce36eaec332f ] Request (TenantUsagesNegativeTestJSON:tearDownClass): 200 GET http://10.180.1.21:9696/networking/v2.0/security-groups?tenant_id=3aaf809c59d24fc9a8c7c27acfb69a9c&name=default 0.314s
2025-05-14 04:47:38.121 70137 INFO tempest.lib.common.rest_client [req-538114cc-15de-4f1c-87ab-3bb99a0cd183 req-538114cc-15de-4f1c-87ab-3bb99a0cd183 ] Request (SecurityGroupsTestJSON:test_list_security_groups_by_server): 202 POST http://10.180.1.21/compute/v2.1/servers/692b0f46-ba76-4bdd-a529-243bc0cd2546/action 2.562s
2025-05-14 04:47:38.127 70139 INFO tempest.lib.common.rest_client [req-cdb9c281-8523-48e0-8afb-c9a253a2c8a8 req-cdb9c281-8523-48e0-8afb-c9a253a2c8a8 ] Request (ServerGroup264TestJSON:tearDownClass): 204 DELETE http://10.180.1.21/identity/v3/users/4888ec8064e646fea2ef499fb471c065 0.110s
2025-05-14 04:47:38.128 70139 INFO tempest.lib.common.dynamic_creds [-] Deleting project and security group for project: 6ab11c4153ac48aa85bcb4c356e34c82
2025-05-14 04:47:38.188 70139 INFO tempest.lib.common.rest_client [req-f90858ea-3494-4604-9868-3aa1928bf753 req-f90858ea-3494-4604-9868-3aa1928bf753 ] Request (ServerGroup264TestJSON:tearDownClass): 200 GET http://10.180.1.21:9696/networking/v2.0/security-groups?tenant_id=6ab11c4153ac48aa85bcb4c356e34c82&name=default 0.060s
2025-05-14 04:47:38.220 70113 INFO tempest.lib.common.rest_client [req-f7e8cd9e-e0bc-4e63-b574-b6f958bed91a req-f7e8cd9e-e0bc-4e63-b574-b6f958bed91a ] Request (AttachInterfacesUnderV243Test:test_add_remove_fixed_ip): 200 GET http://10.180.1.21/compute/v2.1/servers/54894db8-c9c9-4a56-a266-96d9cab8d458 1.972s
2025-05-14 04:47:38.237 70113 INFO tempest.lib.common.ssh [-] Creating ssh connection to '10.180.180.188:22' as 'cirros' with public key authentication
2025-05-14 04:47:38.340 70135 INFO tempest.lib.common.rest_client [req-54e0da8a-6689-49f3-91ff-85258c1d387d req-54e0da8a-6689-49f3-91ff-85258c1d387d ] Request (TenantUsagesNegativeTestJSON:tearDownClass): 204 DELETE http://10.180.1.21:9696/networking/v2.0/security-groups/170fa851-8339-4e17-a6f5-632ea1b04b08 0.237s
2025-05-14 04:47:38.372 70139 INFO tempest.lib.common.rest_client [req-c61e3428-6e8d-4938-bde0-b41002ded25c req-c61e3428-6e8d-4938-bde0-b41002ded25c ] Request (ServerGroup264TestJSON:tearDownClass): 204 DELETE http://10.180.1.21:9696/networking/v2.0/security-groups/1aafeb71-6556-4173-8aae-7dd0d1269016 0.183s
2025-05-14 04:47:38.498 70135 INFO tempest.lib.common.rest_client [req-2ce777f8-1e7a-4cfa-9fdd-c1c220beded9 req-2ce777f8-1e7a-4cfa-9fdd-c1c220beded9 ] Request (TenantUsagesNegativeTestJSON:tearDownClass): 204 DELETE http://10.180.1.21/identity/v3/projects/3aaf809c59d24fc9a8c7c27acfb69a9c 0.157s
2025-05-14 04:47:38.498 70135 INFO tempest.lib.common.dynamic_creds [-] Deleting project and security group for project: 76405141a50d4e979f2e319e9e8aa8c7
2025-05-14 04:47:38.527 70139 INFO tempest.lib.common.rest_client [req-bab30e7f-f322-408e-bc72-359b41a1991d req-bab30e7f-f322-408e-bc72-359b41a1991d ] Request (ServerGroup264TestJSON:tearDownClass): 204 DELETE http://10.180.1.21/identity/v3/projects/6ab11c4153ac48aa85bcb4c356e34c82 0.155s
2025-05-14 04:47:38.645 70111 INFO tempest.lib.common.rest_client [req-fc3c5f4c-b4a4-4973-a42c-7b99c56d934e req-fc3c5f4c-b4a4-4973-a42c-7b99c56d934e ] Request (FloatingIPDetailsTestJSON:tearDownClass): 202 DELETE http://10.180.1.21/compute/v2.1/os-floating-ips/83d55fb3-b95d-4c40-9e34-f0936bad16d0 2.377s
2025-05-14 04:47:38.698 70123 INFO tempest.lib.common.rest_client [req-98a46d76-dd68-40ab-8f90-61f57f3570da req-98a46d76-dd68-40ab-8f90-61f57f3570da ] Request (ServerDiagnosticsNegativeTest:test_get_server_diagnostics_by_non_admin): 403 GET http://10.180.1.21/compute/v2.1/servers/70e05ad8-091b-42d5-9c80-7a9e4ca3a996/diagnostics 2.154s
2025-05-14 04:47:38.723 70099 INFO tempest.lib.common.rest_client [req-f390beb9-86cd-4261-98d2-6a62a2ddbe17 req-f390beb9-86cd-4261-98d2-6a62a2ddbe17 ] Request (ImagesMetadataNegativeTestJSON:test_list_nonexistent_image_metadata): 404 GET http://10.180.1.21/compute/v2.1/images/9af18e95-d92f-4724-b7fc-731c17528f88/metadata 2.145s
2025-05-14 04:47:38.765 70135 INFO tempest.lib.common.rest_client [req-adacacd5-cab2-40c7-a11a-9804aa6207b1 req-adacacd5-cab2-40c7-a11a-9804aa6207b1 ] Request (TenantUsagesNegativeTestJSON:tearDownClass): 200 GET http://10.180.1.21:9696/networking/v2.0/security-groups?tenant_id=76405141a50d4e979f2e319e9e8aa8c7&name=default 0.267s
2025-05-14 04:47:38.832 70121 INFO tempest.lib.common.rest_client [req-3b88c819-2896-49ef-811d-60a0e53c54ee req-3b88c819-2896-49ef-811d-60a0e53c54ee ] Request (ServersTestJSON:test_create_server_specify_multibyte_character_name): 200 GET http://10.180.1.21/compute/v2.1/servers/237f9247-6f24-4bbd-b9d1-84402bb6670d 2.156s
2025-05-14 04:47:38.942 70105 INFO tempest.lib.common.rest_client [req-205f7e2a-ba40-4a81-a99f-8f3e63b8568b req-205f7e2a-ba40-4a81-a99f-8f3e63b8568b ] Request (ServersTestBootFromVolume:setUpClass): 200 GET http://10.180.1.21/volume/v3/volumes/09f1158b-81b2-40b9-8a4f-3f54ed802d96 0.043s
2025-05-14 04:47:38.953 70105 INFO tempest.common.waiters [-] volume 09f1158b-81b2-40b9-8a4f-3f54ed802d96 reached available after waiting for 19.953221 seconds
2025-05-14 04:47:38.975 70135 INFO tempest.lib.common.rest_client [req-f9c58e63-81f8-4e63-b664-b2bb343894f0 req-f9c58e63-81f8-4e63-b664-b2bb343894f0 ] Request (TenantUsagesNegativeTestJSON:tearDownClass): 204 DELETE http://10.180.1.21:9696/networking/v2.0/security-groups/f51f08cf-80af-445c-bbfb-197b15c98014 0.210s
2025-05-14 04:47:39.003 70129 INFO tempest.lib.common.rest_client [req-2019e428-7119-4f2c-8e26-644a2914f58b req-2019e428-7119-4f2c-8e26-644a2914f58b ] Request (FloatingIPsTestJSON:_run_cleanups): 202 DELETE http://10.180.1.21/compute/v2.1/os-floating-ips/45b3887c-d9a3-4055-84b8-52597275a671 2.704s
2025-05-14 04:47:39.080 70095 INFO tempest.lib.common.rest_client [req-156939ac-3552-4ccf-a267-eeff4b3337ee req-156939ac-3552-4ccf-a267-eeff4b3337ee ] Request (TenantUsagesTestJSON:setUpClass): 200 GET http://10.180.1.21/compute/v2.1/servers/91377093-0fb6-4a58-8fd4-6214925dcfd2 2.242s
2025-05-14 04:47:39.085 70085 INFO tempest.lib.common.rest_client [req-d87737d0-7c01-4d4b-8790-8891cc9f7a50 req-d87737d0-7c01-4d4b-8790-8891cc9f7a50 ] Request (VolumesAssistedSnapshotsTest:test_volume_assisted_snapshot_create_delete): 200 GET http://10.180.1.21/compute/v2.1/servers/f0054d4d-12f1-44ba-b35a-5cb84f87b84e 2.366s
2025-05-14 04:47:39.176 70091 INFO tempest.lib.common.rest_client [req-f10307af-eab4-4a67-8a6f-be6f31c3acd6 req-f10307af-eab4-4a67-8a6f-be6f31c3acd6 ] Request (AttachInterfacesV270Test:tearDownClass): 200 GET http://10.180.1.21/compute/v2.1/servers/60727adc-657b-4b01-ae39-48f7cf68a19c 2.206s
2025-05-14 04:47:39.180 70135 INFO tempest.lib.common.rest_client [req-115e5732-4eef-4fcf-9a91-951faf06c58a req-115e5732-4eef-4fcf-9a91-951faf06c58a ] Request (TenantUsagesNegativeTestJSON:tearDownClass): 204 DELETE http://10.180.1.21/identity/v3/projects/76405141a50d4e979f2e319e9e8aa8c7 0.205s
2025-05-14 04:47:39.220 70117 INFO tempest.lib.common.rest_client [req-df4db0af-d95e-4ac1-9778-e3ebbd5f9ecb req-df4db0af-d95e-4ac1-9778-e3ebbd5f9ecb ] Request (ServerRescueTestJSONUnderV235:setUpClass): 200 PUT http://10.180.1.21:9696/networking/v2.0/routers/2d895359-5d9d-453e-926b-32060094c4e0/add_router_interface 2.341s
2025-05-14 04:47:39.223 70117 INFO tempest.lib.common.dynamic_creds [-] Created isolated network resources for: credentials: Credentials: {'domain_id': 'default', 'domain_name': 'Default', 'username': 'tempest-ServerRescueTestJSONUnderV235-54723283-project-member', 'project_domain_id': 'default', 'project_domain_name': 'Default', 'project_id': '9cd1bff6357d4d31b5f80ee5a7b2374f', 'project_name': 'tempest-ServerRescueTestJSONUnderV235-54723283', 'tenant_id': '9cd1bff6357d4d31b5f80ee5a7b2374f', 'tenant_name': 'tempest-ServerRescueTestJSONUnderV235-54723283', 'user_domain_id': 'default', 'user_domain_name': 'Default', 'user_id': '5d839767d6b548feac0ae8c243d2fffe', 'system': None}, Network: {'id': 'ecff69d3-80c7-4004-b074-51fe1c7f1b54', 'name': 'tempest-ServerRescueTestJSONUnderV235-433014559-network', 'tenant_id': '9cd1bff6357d4d31b5f80ee5a7b2374f', 'admin_state_up': True, 'mtu': 8950, 'status': 'ACTIVE', 'subnets': [], 'shared': False, 'project_id': '9cd1bff6357d4d31b5f80ee5a7b2374f', 'port_security_enabled': True, 'router:external': False, 'provider:network_type': 'vlan', 'provider:physical_network': 'default', 'provider:segmentation_id': 392, 'availability_zone_hints': [], 'availability_zones': [], 'ipv4_address_scope': None, 'ipv6_address_scope': None, 'description': '', 'tags': [], 'created_at': '2025-05-14T04:47:33Z', 'updated_at': '2025-05-14T04:47:33Z', 'revision_number': 1}, Subnet: {'id': '4d0aefcd-e410-45ae-aeb7-95948f36c6f4', 'name': 'tempest-ServerRescueTestJSONUnderV235-433014559-subnet', 'tenant_id': '9cd1bff6357d4d31b5f80ee5a7b2374f', 'network_id': 'ecff69d3-80c7-4004-b074-51fe1c7f1b54', 'ip_version': 4, 'subnetpool_id': None, 'enable_dhcp': False, 'ipv6_ra_mode': None, 'ipv6_address_mode': None, 'gateway_ip': '192.168.128.1', 'cidr': '192.168.128.0/28', 'allocation_pools': [{'start': '192.168.128.2', 'end': '192.168.128.14'}], 'host_routes': [], 'dns_nameservers': [], 'description': '', 'router:external': False, 'service_types': [], 'tags': [], 'created_at': '2025-05-14T04:47:33Z', 'updated_at': '2025-05-14T04:47:33Z', 'revision_number': 0, 'project_id': '9cd1bff6357d4d31b5f80ee5a7b2374f'}, Router: {'id': '2d895359-5d9d-453e-926b-32060094c4e0', 'name': 'tempest-ServerRescueTestJSONUnderV235-433014559-router', 'tenant_id': '9cd1bff6357d4d31b5f80ee5a7b2374f', 'admin_state_up': True, 'status': 'ACTIVE', 'external_gateway_info': {'network_id': '490c4fde-2c0e-4a8a-a184-46d5d29de781', 'external_fixed_ips': [{'subnet_id': 'e7ffefc0-a41d-4948-980e-95100e91836a', 'ip_address': '10.180.180.144'}], 'enable_snat': True}, 'description': '', 'availability_zones': [], 'distributed': False, 'ha': False, 'availability_zone_hints': [], 'routes': [], 'flavor_id': None, 'tags': [], 'created_at': '2025-05-14T04:47:34Z', 'updated_at': '2025-05-14T04:47:36Z', 'revision_number': 2, 'project_id': '9cd1bff6357d4d31b5f80ee5a7b2374f'}
2025-05-14 04:47:39.252 70135 INFO tempest.lib.common.rest_client [req-5beae3f8-e599-4edb-80bb-a4510ea7fa9a req-5beae3f8-e599-4edb-80bb-a4510ea7fa9a ] Request (InstanceActionsTestJSON:setUpClass): 201 POST http://10.180.1.21/identity/v3/auth/tokens 0.070s
2025-05-14 04:47:39.301 70141 INFO tempest.lib.common.rest_client [req-6e76f1d1-f6fc-4ecf-8ce1-feb8c69549b5 req-6e76f1d1-f6fc-4ecf-8ce1-feb8c69549b5 ] Request (KeyPairsV22TestJSON:test_get_keypair_detail): 201 POST http://10.180.1.21/compute/v2.1/os-keypairs 2.403s
2025-05-14 04:47:39.319 70117 INFO tempest.lib.common.rest_client [req-3b63ecb9-6335-43d0-9625-5f9833f82300 req-3b63ecb9-6335-43d0-9625-5f9833f82300 ] Request (ServerRescueTestJSONUnderV235:setUpClass): 201 POST http://10.180.1.21/identity/v3/auth/tokens 0.087s
2025-05-14 04:47:39.350 70135 INFO tempest.lib.common.rest_client [req-749a5792-f37a-463a-9f85-f9e1fc1487d1 req-749a5792-f37a-463a-9f85-f9e1fc1487d1 ] Request (InstanceActionsTestJSON:setUpClass): 201 POST http://10.180.1.21/identity/v3/auth/tokens 0.094s
2025-05-14 04:47:39.381 70117 INFO tempest.lib.common.rest_client [req-d07d1a47-07ac-4bb9-8736-f41158e19f2d req-d07d1a47-07ac-4bb9-8736-f41158e19f2d ] Request (ServerRescueTestJSONUnderV235:setUpClass): 201 POST http://10.180.1.21/identity/v3/auth/tokens 0.057s
2025-05-14 04:47:39.381 70117 INFO tempest.lib.common.fixed_network [-] (ServerRescueTestJSONUnderV235:setUpClass) Found network {'id': 'ecff69d3-80c7-4004-b074-51fe1c7f1b54', 'name': 'tempest-ServerRescueTestJSONUnderV235-433014559-network', 'tenant_id': '9cd1bff6357d4d31b5f80ee5a7b2374f', 'admin_state_up': True, 'mtu': 8950, 'status': 'ACTIVE', 'subnets': [], 'shared': False, 'project_id': '9cd1bff6357d4d31b5f80ee5a7b2374f', 'port_security_enabled': True, 'router:external': False, 'provider:network_type': 'vlan', 'provider:physical_network': 'default', 'provider:segmentation_id': 392, 'availability_zone_hints': [], 'availability_zones': [], 'ipv4_address_scope': None, 'ipv6_address_scope': None, 'description': '', 'tags': [], 'created_at': '2025-05-14T04:47:33Z', 'updated_at': '2025-05-14T04:47:33Z', 'revision_number': 1} available for tenant
2025-05-14 04:47:39.409 70135 INFO tempest.lib.common.rest_client [req-d3d4479f-2a28-4194-b861-22f338cd48b2 req-d3d4479f-2a28-4194-b861-22f338cd48b2 ] Request (InstanceActionsTestJSON:setUpClass): 200 GET http://10.180.1.21/identity/v3/domains?name=Default 0.058s
2025-05-14 04:47:39.422 70089 INFO tempest.lib.common.rest_client [req-9062af2d-b21b-4575-818b-08e2b0c2e505 req-9062af2d-b21b-4575-818b-08e2b0c2e505 ] Request (QuotasAdminTestJSON:test_get_updated_quotas): 200 PUT http://10.180.1.21/compute/v2.1/os-quota-sets/8e286eb023bd4196b396708464a37789?user_id=453f25cec31547daa441680e94142fee 2.451s
2025-05-14 04:47:39.451 70135 INFO tempest.lib.common.rest_client [req-070b9545-ff74-4e85-94e1-41f44f258633 req-070b9545-ff74-4e85-94e1-41f44f258633 ] Request (InstanceActionsTestJSON:setUpClass): 201 POST http://10.180.1.21/identity/v3/projects 0.042s
2025-05-14 04:47:39.533 70135 INFO tempest.lib.common.rest_client [req-f900baad-8bcc-4502-aa6a-3511adee255a req-f900baad-8bcc-4502-aa6a-3511adee255a ] Request (InstanceActionsTestJSON:setUpClass): 201 POST http://10.180.1.21/identity/v3/users 0.080s
2025-05-14 04:47:39.555 70135 INFO tempest.lib.common.rest_client [req-4b02fe5c-2967-41a1-87bd-6c21177f697b req-4b02fe5c-2967-41a1-87bd-6c21177f697b ] Request (InstanceActionsTestJSON:setUpClass): 200 GET http://10.180.1.21/identity/v3/roles 0.021s
2025-05-14 04:47:39.578 70093 INFO tempest.lib.common.rest_client [req-539867f7-01c6-40b7-90c3-8ac2c793c91a req-539867f7-01c6-40b7-90c3-8ac2c793c91a ] Request (ServerExternalEventsTest:test_create_server_external_events): 200 GET http://10.180.1.21/compute/v2.1/servers/15a6e58d-e642-4771-8c38-fb1c7f988714 2.480s
2025-05-14 04:47:39.582 70135 INFO tempest.lib.common.rest_client [req-8cbbe914-5871-41dd-875b-3dd02ef4653c req-8cbbe914-5871-41dd-875b-3dd02ef4653c ] Request (InstanceActionsTestJSON:setUpClass): 204 PUT http://10.180.1.21/identity/v3/projects/c7c66e135cf94a0a80f61b55dc94d137/users/56a1eb033e9d4a0695569ec4e5af29b5/roles/0378efa431c848e19f1f485ed916abca 0.027s
2025-05-14 04:47:39.582 70135 INFO tempest.lib.common.dynamic_creds [-] Dynamic test user 56a1eb033e9d4a0695569ec4e5af29b5 is created with scope project and roles: ['member']
2025-05-14 04:47:39.582 70135 INFO tempest.lib.common.dynamic_creds [-] Acquired dynamic creds: credentials: Credentials: {'domain_id': 'default', 'domain_name': 'Default', 'username': 'tempest-InstanceActionsTestJSON-373971737-project-member', 'project_domain_id': 'default', 'project_domain_name': 'Default', 'project_id': 'c7c66e135cf94a0a80f61b55dc94d137', 'project_name': 'tempest-InstanceActionsTestJSON-373971737', 'tenant_id': 'c7c66e135cf94a0a80f61b55dc94d137', 'tenant_name': 'tempest-InstanceActionsTestJSON-373971737', 'user_domain_id': 'default', 'user_domain_name': 'Default', 'user_id': '56a1eb033e9d4a0695569ec4e5af29b5', 'system': None}, Network: None, Subnet: None, Router: None
2025-05-14 04:47:39.644 70135 INFO tempest.lib.common.rest_client [req-4b813d32-1429-458a-a11c-e2cce735cc96 req-4b813d32-1429-458a-a11c-e2cce735cc96 ] Request (InstanceActionsTestJSON:setUpClass): 201 POST http://10.180.1.21/identity/v3/auth/tokens 0.061s
2025-05-14 04:47:39.788 70083 INFO tempest.lib.common.rest_client [req-dc0aad72-3ace-408e-b296-41225e65b297 req-dc0aad72-3ace-408e-b296-41225e65b297 ] Request (ServersNegativeTestJSON:setUpClass): 202 POST http://10.180.1.21/compute/v2.1/servers 2.704s
2025-05-14 04:47:39.805 70120 INFO tempest.lib.common.rest_client [req-c620c557-56e2-4e1b-a73b-4f3e122a16f7 req-c620c557-56e2-4e1b-a73b-4f3e122a16f7 ] Request (DeleteServersAdminTestJSON:test_delete_server_while_in_error_state): 202 POST http://10.180.1.21/compute/v2.1/servers 2.456s
2025-05-14 04:47:39.985 70143 INFO tempest.lib.common.rest_client [req-a2c3ef72-c58b-49a9-bb29-7c63ed943583 req-a2c3ef72-c58b-49a9-bb29-7c63ed943583 ] Request (MigrationsAdminTest:test_list_migrations_in_flavor_resize_situation): 200 GET http://10.180.1.21/compute/v2.1/servers/e4012c7e-7b29-4ada-b5d4-5e092555a6d1 2.435s
2025-05-14 04:47:39.997 70145 INFO tempest.lib.common.rest_client [req-3878c30d-60e0-478d-be3a-5a6948633dc4 req-3878c30d-60e0-478d-be3a-5a6948633dc4 ] Request (SecurityGroupRulesNegativeTestJSON:tearDownClass): 202 DELETE http://10.180.1.21/compute/v2.1/os-security-groups/4b716a65-244c-4def-a913-6df22c360248 2.531s
2025-05-14 04:47:40.033 70135 INFO tempest.lib.common.rest_client [req-63d290f6-87a5-4326-a97a-324e883fa8d6 req-63d290f6-87a5-4326-a97a-324e883fa8d6 ] Request (InstanceActionsTestJSON:setUpClass): 201 POST http://10.180.1.21:9696/networking/v2.0/networks 0.388s
2025-05-14 04:47:40.080 70103 INFO tempest.lib.common.rest_client [req-49ceee04-666b-408b-a9c8-98b9270d642d req-49ceee04-666b-408b-a9c8-98b9270d642d ] Request (ImagesOneServerNegativeTestJSON:setUpClass): 200 GET http://10.180.1.21/compute/v2.1/servers/139c1c58-6206-4350-a68d-0ec195119fd7 2.426s
2025-05-14 04:47:40.090 70097 INFO tempest.lib.common.rest_client [req-20282096-c2da-4908-beed-d21e03022bfd req-20282096-c2da-4908-beed-d21e03022bfd ] Request (ServersAdmin275Test:_run_cleanups): 200 GET http://10.180.1.21/compute/v2.1/servers/aae9c3c4-2b4b-45af-abb8-31ca8bbe8714 2.396s
2025-05-14 04:47:40.096 70087 INFO tempest.lib.common.rest_client [req-0a65a9d2-4b85-4e2b-a086-d869a893c2b0 req-0a65a9d2-4b85-4e2b-a086-d869a893c2b0 ] Request (AggregatesAdminNegativeTestJSON:test_aggregate_get_details_with_invalid_id): 404 GET http://10.180.1.21/compute/v2.1/os-aggregates/-1 2.341s
2025-05-14 04:47:40.116 70109 INFO tempest.lib.common.rest_client [req-50ee70b5-2fc4-43da-8038-148296de54b2 req-50ee70b5-2fc4-43da-8038-148296de54b2 ] Request (FlavorsAdminTestJSON:test_create_server_with_non_public_flavor): 400 POST http://10.180.1.21/compute/v2.1/servers 2.182s
2025-05-14 04:47:40.158 70107 INFO tempest.lib.common.rest_client [req-0f459d8c-a606-4ec4-95bc-85e6c78a36df req-0f459d8c-a606-4ec4-95bc-85e6c78a36df ] Request (HypervisorAdminUnderV252Test:test_get_hypervisor_show_servers): 200 GET http://10.180.1.21/compute/v2.1/os-hypervisors/domain-c8.fc996f14-c53b-4953-92e3-bdfa48f5cc28/servers 2.250s
2025-05-14 04:47:40.244 70135 INFO tempest.lib.common.rest_client [req-56706fac-749d-4f52-bd0b-83be6d3de68e req-56706fac-749d-4f52-bd0b-83be6d3de68e ] Request (InstanceActionsTestJSON:setUpClass): 201 POST http://10.180.1.21:9696/networking/v2.0/subnets 0.211s
2025-05-14 04:47:40.304 70127 INFO tempest.lib.common.rest_client [req-6c65d7d4-a7ed-4521-b0b1-e627128b7f58 req-6c65d7d4-a7ed-4521-b0b1-e627128b7f58 ] Request (ServersWithSpecificFlavorTestJSON:test_verify_created_server_ephemeral_disk): 200 GET http://10.180.1.21/compute/v2.1/servers/7eafa89b-728a-42c8-9af7-5c909b1c3acb 2.362s
2025-05-14 04:47:40.691 70101 INFO tempest.lib.common.rest_client [req-5c991e64-1bab-404e-b715-1e845a5663d2 req-5c991e64-1bab-404e-b715-1e845a5663d2 ] Request (ServersAdminTestJSON:setUpClass): 200 GET http://10.180.1.21/compute/v2.1/servers/148abfee-2aaa-45fb-ba92-1aa68cac8b8c 2.586s
2025-05-14 04:47:40.700 70101 INFO tempest.common.waiters [-] State transition "BUILD/spawning" ==> "ACTIVE/None" after 32 second wait
2025-05-14 04:47:40.827 70137 INFO tempest.lib.common.rest_client [req-9e9d83f4-97f1-4641-b252-dc6f2cd32e2c req-9e9d83f4-97f1-4641-b252-dc6f2cd32e2c ] Request (SecurityGroupsTestJSON:test_list_security_groups_by_server): 200 GET http://10.180.1.21/compute/v2.1/servers/692b0f46-ba76-4bdd-a529-243bc0cd2546/os-security-groups 2.705s
2025-05-14 04:47:40.901 70131 INFO tempest.lib.common.rest_client [req-1f9efd29-c89f-4a04-a9bb-8f08c8a2b3b4 req-1f9efd29-c89f-4a04-a9bb-8f08c8a2b3b4 ] Request (ServerActionsV293TestJSON:setUpClass): 202 POST http://10.180.1.21/compute/v2.1/servers 2.804s
2025-05-14 04:47:40.923 70115 INFO tempest.lib.common.rest_client [req-679fd04f-69a7-4504-b893-afcab3b2b584 req-679fd04f-69a7-4504-b893-afcab3b2b584 ] Request (ServerDiagnosticsV248Test:tearDownClass): 200 GET http://10.180.1.21/compute/v2.1/servers/a6c4eeb4-f58c-4de7-8c1f-9bb329e21aa5 2.536s
2025-05-14 04:47:41.178 70125 INFO tempest.lib.common.rest_client [req-4f15eb34-add8-430d-a9a0-ca5b7e370f51 req-4f15eb34-add8-430d-a9a0-ca5b7e370f51 ] Request (ImagesNegativeTestJSON:test_create_image_from_deleted_server): 200 GET http://10.180.1.21/compute/v2.1/servers/b7de59cd-c34b-44f8-8adc-4e8c4995e7f2 2.590s
2025-05-14 04:47:41.186 70125 INFO tempest.common.waiters [-] State transition "BUILD/None" ==> "BUILD/spawning" after 20 second wait
2025-05-14 04:47:41.287 70135 INFO tempest.lib.common.rest_client [req-2d37bdf9-e506-4bc0-9ed7-9da50aa8c273 req-2d37bdf9-e506-4bc0-9ed7-9da50aa8c273 ] Request (InstanceActionsTestJSON:setUpClass): 201 POST http://10.180.1.21:9696/networking/v2.0/routers 1.042s
2025-05-14 04:47:41.302 70123 INFO tempest.lib.common.rest_client [req-cb94a9a4-731a-43d3-acf8-4cd59f47b3bc req-cb94a9a4-731a-43d3-acf8-4cd59f47b3bc ] Request (ServerDiagnosticsNegativeTest:tearDownClass): 204 DELETE http://10.180.1.21/compute/v2.1/servers/70e05ad8-091b-42d5-9c80-7a9e4ca3a996 2.602s
2025-05-14 04:47:41.311 70113 WARNING tempest.lib.common.ssh [-] Failed to establish authenticated ssh connection to cirros@10.180.180.188 ([Errno None] Unable to connect to port 22 on 10.180.180.188). Number attempts: 1. Retry after 2 seconds.: paramiko.ssh_exception.NoValidConnectionsError: [Errno None] Unable to connect to port 22 on 10.180.180.188
2025-05-14 04:47:41.332 70099 INFO tempest.lib.common.rest_client [req-2a0469cb-827d-4442-b74c-86f1ecbcd490 req-2a0469cb-827d-4442-b74c-86f1ecbcd490 ] Request (ImagesMetadataNegativeTestJSON:test_set_nonexistent_image_metadata): 404 PUT http://10.180.1.21/compute/v2.1/images/9d15ccd0-6558-4a4c-8419-2a0cdfdf61a6/metadata 2.607s
2025-05-14 04:47:41.435 70133 INFO tempest.lib.common.rest_client [req-26916a7a-b12f-41d0-a315-7fa780a23f71 req-26916a7a-b12f-41d0-a315-7fa780a23f71 ] Request (ServersAaction247Test:tearDownClass): 200 GET http://10.180.1.21/compute/v2.1/servers/04f381bb-52dc-438f-8617-70dd4e4e6deb 2.702s
2025-05-14 04:47:41.678 70111 INFO tempest.lib.common.rest_client [req-af47160c-b9c8-4afe-b39b-141e7e8d56e5 req-af47160c-b9c8-4afe-b39b-141e7e8d56e5 ] Request (FloatingIPDetailsTestJSON:tearDownClass): 202 DELETE http://10.180.1.21/compute/v2.1/os-floating-ips/4d45b119-069a-407c-8851-58ed10804d74 3.032s
2025-05-14 04:47:42.285 70105 INFO tempest.lib.common.rest_client [req-96b6accb-05a5-4cef-bfff-e5582630045f req-96b6accb-05a5-4cef-bfff-e5582630045f ] Request (ServersTestBootFromVolume:setUpClass): 202 POST http://10.180.1.21/compute/v2.1/servers 3.332s
2025-05-14 04:47:42.320 70141 INFO tempest.lib.common.rest_client [req-9d5e23a3-4b4f-4f51-8c63-3e66f5d86f6b req-9d5e23a3-4b4f-4f51-8c63-3e66f5d86f6b ] Request (KeyPairsV22TestJSON:test_get_keypair_detail): 200 GET http://10.180.1.21/compute/v2.1/os-keypairs/tempest-keypair-688223108 3.017s
2025-05-14 04:47:42.740 70129 INFO tempest.lib.common.rest_client [req-9189e9c2-f69c-420b-ba3a-308177385206 req-9189e9c2-f69c-420b-ba3a-308177385206 ] Request (FloatingIPsTestJSON:test_delete_floating_ip): 200 POST http://10.180.1.21/compute/v2.1/os-floating-ips 3.736s
2025-05-14 04:47:42.812 70117 INFO tempest.lib.common.rest_client [req-a9f12584-483c-47bd-bb1d-1e624c951eef req-a9f12584-483c-47bd-bb1d-1e624c951eef ] Request (ServerRescueTestJSONUnderV235:setUpClass): 202 POST http://10.180.1.21/compute/v2.1/servers 3.430s
