2024-12-10 21:18:49.651 65436 INFO tempest.lib.common.rest_client [req-843faddb-43cb-47da-bee6-e71f99e7bf43 req-843faddb-43cb-47da-bee6-e71f99e7bf43 ] Request (VolumesAssistedSnapshotsTest:test_volume_assisted_snapshot_create_delete): 200 GET http://10.180.1.21/volume/v3/volumes/116e2dee-d15c-4591-82ef-206e7f3f086e 0.031s
2024-12-10 21:18:49.688 65411 INFO tempest.lib.common.rest_client [req-05165b29-16af-40c4-b126-ebebb087b942 req-05165b29-16af-40c4-b126-ebebb087b942 ] Request (MigrationsAdminTest:test_resize_server_revert_deleted_flavor): 200 GET http://10.180.1.21/compute/v2.1/servers/2f5000ce-0275-4fa5-b09c-d9a07b6c41c1 0.060s
2024-12-10 21:18:49.804 65419 INFO tempest.lib.common.rest_client [req-ca067ba4-2832-4646-90a5-8e6db01b89a8 req-ca067ba4-2832-4646-90a5-8e6db01b89a8 ] Request (ServerTagsTestJSON:tearDownClass): 200 GET http://10.180.1.21/compute/v2.1/servers/4efa4e8e-02c5-4bad-a716-21d294f28c26 0.056s
2024-12-10 21:18:49.855 65393 INFO tempest.lib.common.rest_client [req-79b25b8b-6ff7-414f-83f8-f56f35786ec2 req-79b25b8b-6ff7-414f-83f8-f56f35786ec2 ] Request (ServersTestJSON:test_create_server_with_ipv6_addr_only): 200 GET http://10.180.1.21/compute/v2.1/servers/fa49043c-5c77-4357-b592-fea3653b9ac7 0.050s
2024-12-10 21:18:49.857 65421 INFO tempest.lib.common.rest_client [req-397713d7-c3e7-4996-a918-21c58fcd6122 req-397713d7-c3e7-4996-a918-21c58fcd6122 ] Request (ImagesOneServerNegativeTestJSON:tearDown): 200 GET http://10.180.1.21/compute/v2.1/servers/9daab8ae-8d10-4349-aafe-b5e00459521c 0.091s
2024-12-10 21:18:49.863 65421 INFO tempest.common.waiters [-] State transition "ACTIVE/image_uploading" ==> "ACTIVE/None" after 8 second wait
2024-12-10 21:18:49.903 65389 INFO tempest.lib.common.rest_client [req-797c1633-2634-40e8-b689-3376eca4b111 req-797c1633-2634-40e8-b689-3376eca4b111 ] Request (ServersTestJSON:setUpClass): 200 GET http://10.180.1.21/compute/v2.1/servers/1751c8c5-854f-45f2-a559-95a4ccd0f578 0.081s
2024-12-10 21:18:49.935 65421 INFO tempest.lib.common.rest_client [req-fa11f58d-5692-43f2-810f-9f49720ba07a req-fa11f58d-5692-43f2-810f-9f49720ba07a ] Request (ImagesOneServerNegativeTestJSON:_run_cleanups): 204 DELETE http://10.180.1.21/compute/v2.1/servers/9daab8ae-8d10-4349-aafe-b5e00459521c 0.072s
2024-12-10 21:18:49.960 65405 INFO tempest.lib.common.rest_client [req-aee27f45-7c4d-4d01-add9-83cb9f32a92d req-aee27f45-7c4d-4d01-add9-83cb9f32a92d ] Request (AttachVolumeNegativeTest:test_attach_attached_volume_to_different_server): 200 GET http://10.180.1.21/compute/v2.1/servers/a6fd8ee3-7216-45c2-9169-93e5072bcc74 0.090s
2024-12-10 21:18:50.017 65433 INFO tempest.lib.common.rest_client [req-e9c5f8ed-ad77-4ea6-8a79-e92ad8f6b2c0 req-e9c5f8ed-ad77-4ea6-8a79-e92ad8f6b2c0 ] Request (ServersTestMultiNic:_run_cleanups): 200 GET http://10.180.1.21/compute/v2.1/servers/7d92bde5-1e58-493a-9b90-e18a83fde582 0.072s
2024-12-10 21:18:50.047 65421 INFO tempest.lib.common.rest_client [req-3792c3f7-c103-4da2-80c8-18f84e3efe59 req-3792c3f7-c103-4da2-80c8-18f84e3efe59 ] Request (ImagesOneServerNegativeTestJSON:_run_cleanups): 200 GET http://10.180.1.21/compute/v2.1/servers/9daab8ae-8d10-4349-aafe-b5e00459521c 0.112s
2024-12-10 21:18:50.070 65429 INFO tempest.lib.common.rest_client [req-493dfde9-5378-4daf-9cd4-123cc7ec7d13 req-493dfde9-5378-4daf-9cd4-123cc7ec7d13 ] Request (ServerRescueTestJSON:test_rescue_unrescue_instance): 200 GET http://10.180.1.21/compute/v2.1/servers/07679006-d4fe-4699-969e-a92156194070 0.076s
2024-12-10 21:18:50.116 65385 INFO tempest.lib.common.rest_client [req-c73e391a-13d8-4da0-afa8-788aea7d98e6 req-c73e391a-13d8-4da0-afa8-788aea7d98e6 ] Request (ServerShowV247Test:test_update_rebuild_list_server): 200 GET http://10.180.1.21/compute/v2.1/servers/ea3d9715-fbaf-44c4-986b-20996b2958bb 0.059s
2024-12-10 21:18:50.143 65437 INFO tempest.lib.common.rest_client [req-51c67fc0-00e8-497d-8798-ad1ec3faf650 req-51c67fc0-00e8-497d-8798-ad1ec3faf650 ] Request (ServerShowV257Test:tearDownClass): 200 GET http://10.180.1.21/compute/v2.1/servers/5d9196da-9f8c-43d4-b031-023fd76183d2 0.068s
2024-12-10 21:18:50.203 65401 INFO tempest.lib.common.rest_client [req-8810b5dc-3ea4-4968-9337-5d4d78c271f0 req-8810b5dc-3ea4-4968-9337-5d4d78c271f0 ] Request (AttachInterfacesV270Test:tearDownClass): 200 GET http://10.180.1.21/compute/v2.1/servers/af53eb4c-6e15-4a65-8555-a8966e2e887c 0.072s
2024-12-10 21:18:50.237 65403 INFO tempest.lib.common.rest_client [req-bbe49f8a-8d28-4a0b-bb7c-51fb34fdc5f7 req-bbe49f8a-8d28-4a0b-bb7c-51fb34fdc5f7 ] Request (ListServersNegativeTestJSON:setUpClass): 200 GET http://10.180.1.21/compute/v2.1/servers/2f8a2835-618d-4462-8644-1d2790aec62b 0.062s
2024-12-10 21:18:50.298 65427 INFO tempest.lib.common.rest_client [req-1b7dfd56-6980-4642-9522-508501e0e3fa req-1b7dfd56-6980-4642-9522-508501e0e3fa ] Request (ServersTestBootFromVolume:setUpClass): 200 GET http://10.180.1.21/compute/v2.1/servers/3c9d108f-efe1-4fb6-b505-8cb51d38adc1 0.074s
2024-12-10 21:18:50.350 65395 INFO tempest.lib.common.rest_client [req-ee80c412-b5e9-45a8-8a90-3c9e60d9a54f req-ee80c412-b5e9-45a8-8a90-3c9e60d9a54f ] Request (ListImageFiltersTestJSON:setUpClass): 200 GET http://10.180.1.21/compute/v2.1/servers/d2bb2fd3-b11b-4e5f-8d2e-42ad631552fc 0.171s
2024-12-10 21:18:50.357 65395 INFO tempest.common.waiters [-] State transition "BUILD/block_device_mapping" ==> "BUILD/spawning" after 76 second wait
2024-12-10 21:18:50.386 65381 INFO tempest.lib.common.rest_client [req-a8cf593a-d549-4864-9668-35c08f634dbb req-a8cf593a-d549-4864-9668-35c08f634dbb ] Request (ServersAdmin275Test:tearDownClass): 200 GET http://10.180.1.21/compute/v2.1/servers/a6a860ad-919e-4184-9850-79316658b946 0.143s
2024-12-10 21:18:50.427 65387 INFO tempest.lib.common.rest_client [req-da88eda4-673c-48d0-baeb-1e0c1381b9ba req-da88eda4-673c-48d0-baeb-1e0c1381b9ba ] Request (ServersAdminNegativeTestJSON:tearDownClass): 200 GET http://10.180.1.21/compute/v2.1/servers/7dddcb64-8f42-4ef4-b6c1-8c27e2ebcddd 0.078s
2024-12-10 21:18:50.477 65417 INFO tempest.lib.common.rest_client [req-98213632-7e16-4855-a5f8-fe1a38472461 req-98213632-7e16-4855-a5f8-fe1a38472461 ] Request (ServersTestFqdnHostnames:tearDownClass): 200 GET http://10.180.1.21/compute/v2.1/servers/7147df9b-7e03-43fd-8bbc-54d8d0317a77 0.063s
2024-12-10 21:18:50.512 65431 INFO tempest.lib.common.rest_client [req-c24142d9-8bb1-4d7c-8f93-443ed2b80f34 req-c24142d9-8bb1-4d7c-8f93-443ed2b80f34 ] Request (ServersAdminTestJSON:test_inject_network_info): 200 GET http://10.180.1.21/compute/v2.1/servers/fffbfa22-099b-4030-9f42-1a3139a0261f 0.055s
2024-12-10 21:18:50.561 65377 INFO tempest.lib.common.rest_client [req-962e64df-71cf-44e0-bd14-76f781ea02ae req-962e64df-71cf-44e0-bd14-76f781ea02ae ] Request (ServerRescueTestJSONUnderV235:setUpClass): 200 GET http://10.180.1.21/compute/v2.1/servers/93a290e1-efe7-4d02-a6b6-0d7ccbfb5bf1 0.060s
2024-12-10 21:18:50.608 65375 INFO tempest.lib.common.rest_client [req-608f9b0c-7e16-4e13-92ed-d2e9a53b23a8 req-608f9b0c-7e16-4e13-92ed-d2e9a53b23a8 ] Request (ListServerFiltersTestJSON:setUpClass): 200 GET http://10.180.1.21/compute/v2.1/servers/d6624485-5300-4a54-9893-690479dcd095 0.104s
2024-12-10 21:18:50.612 65383 INFO tempest.lib.common.rest_client [req-57feb47c-413c-4ed9-801b-9fad2e70a570 req-57feb47c-413c-4ed9-801b-9fad2e70a570 ] Request (InstanceActionsTestJSON:setUpClass): 200 GET http://10.180.1.21/compute/v2.1/servers/9d37adce-eb1c-4ac0-8859-ae1b9d3293b2 0.062s
2024-12-10 21:18:50.656 65397 INFO tempest.lib.common.rest_client [req-90ad7ae9-c923-4d61-8494-83a7feb42b57 req-90ad7ae9-c923-4d61-8494-83a7feb42b57 ] Request (ServerPasswordTestJSON:setUpClass): 200 GET http://10.180.1.21/compute/v2.1/servers/77001028-7b3e-403a-8975-ff98fb95532f 0.065s
2024-12-10 21:18:50.662 65409 INFO tempest.lib.common.rest_client [req-c08e466f-c8e6-4bd9-bc8c-6d203802d241 req-c08e466f-c8e6-4bd9-bc8c-6d203802d241 ] Request (DeleteServersAdminTestJSON:test_delete_server_while_in_error_state): 200 GET http://10.180.1.21/compute/v2.1/servers/278be240-4d07-4131-a893-f21a445a0caf 0.100s
2024-12-10 21:18:50.685 65436 INFO tempest.lib.common.rest_client [req-e26d304b-e548-4a42-9250-037cb358e631 req-e26d304b-e548-4a42-9250-037cb358e631 ] Request (VolumesAssistedSnapshotsTest:test_volume_assisted_snapshot_create_delete): 200 GET http://10.180.1.21/volume/v3/volumes/116e2dee-d15c-4591-82ef-206e7f3f086e 0.028s
2024-12-10 21:18:50.691 65436 INFO tempest.common.waiters [-] Attachment 88bd8ec1-4b3e-410a-bf2b-c7fb6acb7195 created for volume 116e2dee-d15c-4591-82ef-206e7f3f086e to server 54650f01-3470-46bd-ae16-051df7758071 after waiting for 7.691235 seconds
2024-12-10 21:18:50.701 65379 INFO tempest.lib.common.rest_client [req-c6876b26-eaa5-4e4e-bfb6-ca77e5d421ad req-c6876b26-eaa5-4e4e-bfb6-ca77e5d421ad ] Request (SecurityGroupsTestJSON:test_server_security_groups): 200 GET http://10.180.1.21/compute/v2.1/servers/4cbaf66d-c7b1-45e2-9ddc-c62695ad6563 0.096s
2024-12-10 21:18:50.709 65407 INFO tempest.lib.common.rest_client [req-b19ee830-71bd-4c97-8a87-6d6503ad37dd req-b19ee830-71bd-4c97-8a87-6d6503ad37dd ] Request (DeleteServersTestJSON:test_delete_server_while_in_attached_volume): 200 GET http://10.180.1.21/compute/v2.1/servers/a14db7b4-d41b-4fee-885a-ba2dbb40e0a1 0.074s
2024-12-10 21:18:50.717 65436 INFO tempest.lib.common.rest_client [req-ae20a45c-2034-4e23-a899-a153ed8a23ef req-ae20a45c-2034-4e23-a899-a153ed8a23ef ] Request (VolumesAssistedSnapshotsTest:test_volume_assisted_snapshot_create_delete): 200 GET http://10.180.1.21/volume/v3/volumes/116e2dee-d15c-4591-82ef-206e7f3f086e 0.026s
2024-12-10 21:18:50.723 65436 INFO tempest.common.waiters [-] volume 116e2dee-d15c-4591-82ef-206e7f3f086e reached in-use after waiting for 0.723291 seconds
2024-12-10 21:18:50.748 65411 INFO tempest.lib.common.rest_client [req-e4a5a9c3-020b-49a9-9546-c098b476cd2d req-e4a5a9c3-020b-49a9-9546-c098b476cd2d ] Request (MigrationsAdminTest:test_resize_server_revert_deleted_flavor): 200 GET http://10.180.1.21/compute/v2.1/servers/2f5000ce-0275-4fa5-b09c-d9a07b6c41c1 0.053s
2024-12-10 21:18:50.836 65436 INFO tempest.lib.common.rest_client [req-4e5fd3c3-908a-442f-a6a4-4983ae798fc9 req-4e5fd3c3-908a-442f-a6a4-4983ae798fc9 ] Request (VolumesAssistedSnapshotsTest:test_volume_assisted_snapshot_create_delete): 200 POST http://10.180.1.21/compute/v2.1/os-assisted-volume-snapshots 0.113s
2024-12-10 21:18:50.857 65436 INFO tempest.lib.common.rest_client [req-7824d37e-b5cc-45fc-befc-8966b70f73eb req-7824d37e-b5cc-45fc-befc-8966b70f73eb ] Request (VolumesAssistedSnapshotsTest:test_volume_assisted_snapshot_create_delete): 204 DELETE http://10.180.1.21/compute/v2.1/os-assisted-volume-snapshots/None?delete_info=%7B%22volume_id%22%3A+%22116e2dee-d15c-4591-82ef-206e7f3f086e%22%7D 0.020s
2024-12-10 21:18:50.874 65419 INFO tempest.lib.common.rest_client [req-71b598bc-6eac-4bd1-bc54-cc855c1f2e6e req-71b598bc-6eac-4bd1-bc54-cc855c1f2e6e ] Request (ServerTagsTestJSON:tearDownClass): 200 GET http://10.180.1.21/compute/v2.1/servers/4efa4e8e-02c5-4bad-a716-21d294f28c26 0.060s
2024-12-10 21:18:50.886 65436 INFO tempest.lib.common.rest_client [req-e64e34c0-17a0-4550-950c-9a566fd94d58 req-e64e34c0-17a0-4550-950c-9a566fd94d58 ] Request (VolumesAssistedSnapshotsTest:_run_cleanups): 200 GET http://10.180.1.21/volume/v3/volumes/116e2dee-d15c-4591-82ef-206e7f3f086e 0.028s
2024-12-10 21:18:50.927 65393 INFO tempest.lib.common.rest_client [req-1187add8-fc1a-4f5c-b8f6-c6cf1dfaec65 req-1187add8-fc1a-4f5c-b8f6-c6cf1dfaec65 ] Request (ServersTestJSON:test_create_server_with_ipv6_addr_only): 200 GET http://10.180.1.21/compute/v2.1/servers/fa49043c-5c77-4357-b592-fea3653b9ac7 0.064s
2024-12-10 21:18:50.980 65389 INFO tempest.lib.common.rest_client [req-8bbf0ca6-ca4a-4849-9ae2-4638492c1316 req-8bbf0ca6-ca4a-4849-9ae2-4638492c1316 ] Request (ServersTestJSON:setUpClass): 200 GET http://10.180.1.21/compute/v2.1/servers/1751c8c5-854f-45f2-a559-95a4ccd0f578 0.070s
2024-12-10 21:18:51.033 65405 INFO tempest.lib.common.rest_client [req-382fd2bf-9fe1-4d80-ab94-86dc8e7581e5 req-382fd2bf-9fe1-4d80-ab94-86dc8e7581e5 ] Request (AttachVolumeNegativeTest:test_attach_attached_volume_to_different_server): 200 GET http://10.180.1.21/compute/v2.1/servers/a6fd8ee3-7216-45c2-9169-93e5072bcc74 0.066s
2024-12-10 21:18:51.036 65436 INFO tempest.lib.common.rest_client [req-74d4a07f-476d-49ab-82d1-261ea4d95777 req-74d4a07f-476d-49ab-82d1-261ea4d95777 ] Request (VolumesAssistedSnapshotsTest:_run_cleanups): 202 DELETE http://10.180.1.21/compute/v2.1/servers/54650f01-3470-46bd-ae16-051df7758071/os-volume_attachments/116e2dee-d15c-4591-82ef-206e7f3f086e 0.143s
2024-12-10 21:18:51.057 65433 INFO tempest.lib.common.rest_client [req-2f2e100e-0eca-42bc-82ee-9d1ceaeb455c req-2f2e100e-0eca-42bc-82ee-9d1ceaeb455c ] Request (ServersTestMultiNic:_run_cleanups): 404 GET http://10.180.1.21/compute/v2.1/servers/7d92bde5-1e58-493a-9b90-e18a83fde582 0.031s
2024-12-10 21:18:51.068 65436 INFO tempest.lib.common.rest_client [req-d8c2c9bd-63e1-4826-a373-d7b02359e617 req-d8c2c9bd-63e1-4826-a373-d7b02359e617 ] Request (VolumesAssistedSnapshotsTest:_run_cleanups): 200 GET http://10.180.1.21/compute/v2.1/servers/54650f01-3470-46bd-ae16-051df7758071/os-volume_attachments 0.032s
2024-12-10 21:18:51.131 65429 INFO tempest.lib.common.rest_client [req-32cb900b-1f0f-4cf6-828f-3c4e6dfd1025 req-32cb900b-1f0f-4cf6-828f-3c4e6dfd1025 ] Request (ServerRescueTestJSON:test_rescue_unrescue_instance): 200 GET http://10.180.1.21/compute/v2.1/servers/07679006-d4fe-4699-969e-a92156194070 0.053s
2024-12-10 21:18:51.194 65421 INFO tempest.lib.common.rest_client [req-a2c852e3-8291-41c7-987f-e95db39a32b6 req-a2c852e3-8291-41c7-987f-e95db39a32b6 ] Request (ImagesOneServerNegativeTestJSON:_run_cleanups): 200 GET http://10.180.1.21/compute/v2.1/servers/9daab8ae-8d10-4349-aafe-b5e00459521c 0.139s
2024-12-10 21:18:51.198 65385 INFO tempest.lib.common.rest_client [req-c79b79c6-73c4-48d0-a42a-1d92c3a5c764 req-c79b79c6-73c4-48d0-a42a-1d92c3a5c764 ] Request (ServerShowV247Test:test_update_rebuild_list_server): 200 GET http://10.180.1.21/compute/v2.1/servers/ea3d9715-fbaf-44c4-986b-20996b2958bb 0.073s
2024-12-10 21:18:51.257 65433 INFO tempest.lib.common.rest_client [req-b12974f6-18c3-465d-86ff-a7f77b1654fc req-b12974f6-18c3-465d-86ff-a7f77b1654fc ] Request (ServersTestMultiNic:_run_cleanups): 204 DELETE http://10.180.1.21:9696/networking/v2.0/subnets/c0abd34a-111b-417c-8991-645b2d1df486 0.198s
2024-12-10 21:18:51.259 65437 INFO tempest.lib.common.rest_client [req-97c81287-b697-4425-a038-2453424b7097 req-97c81287-b697-4425-a038-2453424b7097 ] Request (ServerShowV257Test:tearDownClass): 200 GET http://10.180.1.21/compute/v2.1/servers/5d9196da-9f8c-43d4-b031-023fd76183d2 0.106s
2024-12-10 21:18:51.277 65401 INFO tempest.lib.common.rest_client [req-5afa19ea-1dda-48f9-9480-aa9a2084a4e4 req-5afa19ea-1dda-48f9-9480-aa9a2084a4e4 ] Request (AttachInterfacesV270Test:tearDownClass): 200 GET http://10.180.1.21/compute/v2.1/servers/af53eb4c-6e15-4a65-8555-a8966e2e887c 0.065s
2024-12-10 21:18:51.306 65403 INFO tempest.lib.common.rest_client [req-72e98ab2-3b31-4206-81b3-dedf0c2e51b3 req-72e98ab2-3b31-4206-81b3-dedf0c2e51b3 ] Request (ListServersNegativeTestJSON:setUpClass): 200 GET http://10.180.1.21/compute/v2.1/servers/2f8a2835-618d-4462-8644-1d2790aec62b 0.062s
2024-12-10 21:18:51.356 65427 INFO tempest.lib.common.rest_client [req-e00f3d1a-d5ec-4742-8569-da52548b2701 req-e00f3d1a-d5ec-4742-8569-da52548b2701 ] Request (ServersTestBootFromVolume:setUpClass): 200 GET http://10.180.1.21/compute/v2.1/servers/3c9d108f-efe1-4fb6-b505-8cb51d38adc1 0.047s
2024-12-10 21:18:51.457 65381 INFO tempest.lib.common.rest_client [req-96baf3b6-4bbb-42c9-803c-5b55216a4048 req-96baf3b6-4bbb-42c9-803c-5b55216a4048 ] Request (ServersAdmin275Test:tearDownClass): 200 GET http://10.180.1.21/compute/v2.1/servers/a6a860ad-919e-4184-9850-79316658b946 0.060s
2024-12-10 21:18:51.511 65395 INFO tempest.lib.common.rest_client [req-4fdce6af-7366-4012-aa33-40f874970512 req-4fdce6af-7366-4012-aa33-40f874970512 ] Request (ListImageFiltersTestJSON:setUpClass): 200 GET http://10.180.1.21/compute/v2.1/servers/d2bb2fd3-b11b-4e5f-8d2e-42ad631552fc 0.153s
2024-12-10 21:18:51.511 65387 INFO tempest.lib.common.rest_client [req-27223d03-4978-4a57-b69f-cf5ebb21c473 req-27223d03-4978-4a57-b69f-cf5ebb21c473 ] Request (ServersAdminNegativeTestJSON:tearDownClass): 200 GET http://10.180.1.21/compute/v2.1/servers/7dddcb64-8f42-4ef4-b6c1-8c27e2ebcddd 0.076s
2024-12-10 21:18:51.582 65417 INFO tempest.lib.common.rest_client [req-c830912c-2cdc-4954-a203-5dd48284f4ff req-c830912c-2cdc-4954-a203-5dd48284f4ff ] Request (ServersTestFqdnHostnames:tearDownClass): 200 GET http://10.180.1.21/compute/v2.1/servers/7147df9b-7e03-43fd-8bbc-54d8d0317a77 0.097s
2024-12-10 21:18:51.595 65431 INFO tempest.lib.common.rest_client [req-ef213cc0-9da8-4e4f-91e0-60a99a1a16dd req-ef213cc0-9da8-4e4f-91e0-60a99a1a16dd ] Request (ServersAdminTestJSON:test_inject_network_info): 200 GET http://10.180.1.21/compute/v2.1/servers/fffbfa22-099b-4030-9f42-1a3139a0261f 0.072s
2024-12-10 21:18:51.603 65433 INFO tempest.lib.common.rest_client [req-5155570f-adcd-4e6b-b415-dded19ee045a req-5155570f-adcd-4e6b-b415-dded19ee045a ] Request (ServersTestMultiNic:_run_cleanups): 204 DELETE http://10.180.1.21:9696/networking/v2.0/networks/146fc6eb-ea61-4395-bd4f-58bb4396cfa6 0.346s
2024-12-10 21:18:51.647 65377 INFO tempest.lib.common.rest_client [req-8114956e-efab-412e-8788-b976541fe22a req-8114956e-efab-412e-8788-b976541fe22a ] Request (ServerRescueTestJSONUnderV235:setUpClass): 200 GET http://10.180.1.21/compute/v2.1/servers/93a290e1-efe7-4d02-a6b6-0d7ccbfb5bf1 0.077s
2024-12-10 21:18:51.702 65383 INFO tempest.lib.common.rest_client [req-ad628d96-daf0-46d5-b4ba-1a653351c9cc req-ad628d96-daf0-46d5-b4ba-1a653351c9cc ] Request (InstanceActionsTestJSON:setUpClass): 200 GET http://10.180.1.21/compute/v2.1/servers/9d37adce-eb1c-4ac0-8859-ae1b9d3293b2 0.081s
2024-12-10 21:18:51.749 65375 INFO tempest.lib.common.rest_client [req-d9462476-b229-4293-bec2-460e192904f8 req-d9462476-b229-4293-bec2-460e192904f8 ] Request (ListServerFiltersTestJSON:setUpClass): 200 GET http://10.180.1.21/compute/v2.1/servers/d6624485-5300-4a54-9893-690479dcd095 0.129s
2024-12-10 21:18:51.755 65433 INFO tempest.lib.common.rest_client [req-3131ad26-8d6d-48ac-b9a0-2f1a67a6c059 req-3131ad26-8d6d-48ac-b9a0-2f1a67a6c059 ] Request (ServersTestMultiNic:_run_cleanups): 204 DELETE http://10.180.1.21:9696/networking/v2.0/subnets/c7d623bd-3d05-47f7-8f75-383f51f15ac1 0.151s
2024-12-10 21:18:51.757 65397 INFO tempest.lib.common.rest_client [req-8c8c1857-4756-4de9-852d-f9bb2ee528c5 req-8c8c1857-4756-4de9-852d-f9bb2ee528c5 ] Request (ServerPasswordTestJSON:setUpClass): 200 GET http://10.180.1.21/compute/v2.1/servers/77001028-7b3e-403a-8975-ff98fb95532f 0.094s
2024-12-10 21:18:51.806 65409 INFO tempest.lib.common.rest_client [req-41568484-54a7-4977-8851-15a5b0e4bcc6 req-41568484-54a7-4977-8851-15a5b0e4bcc6 ] Request (DeleteServersAdminTestJSON:test_delete_server_while_in_error_state): 200 GET http://10.180.1.21/compute/v2.1/servers/278be240-4d07-4131-a893-f21a445a0caf 0.136s
2024-12-10 21:18:51.830 65379 INFO tempest.lib.common.rest_client [req-53ebf3d0-2513-47fa-ac7b-2a5b50a037b8 req-53ebf3d0-2513-47fa-ac7b-2a5b50a037b8 ] Request (SecurityGroupsTestJSON:test_server_security_groups): 200 GET http://10.180.1.21/compute/v2.1/servers/4cbaf66d-c7b1-45e2-9ddc-c62695ad6563 0.122s
2024-12-10 21:18:51.857 65407 INFO tempest.lib.common.rest_client [req-de00017d-37eb-4910-a5c4-e412e4a0d2c3 req-de00017d-37eb-4910-a5c4-e412e4a0d2c3 ] Request (DeleteServersTestJSON:test_delete_server_while_in_attached_volume): 200 GET http://10.180.1.21/compute/v2.1/servers/a14db7b4-d41b-4fee-885a-ba2dbb40e0a1 0.142s
2024-12-10 21:18:51.891 65411 INFO tempest.lib.common.rest_client [req-3236da57-cbe8-4ee1-b300-ae159dc2fb17 req-3236da57-cbe8-4ee1-b300-ae159dc2fb17 ] Request (MigrationsAdminTest:test_resize_server_revert_deleted_flavor): 200 GET http://10.180.1.21/compute/v2.1/servers/2f5000ce-0275-4fa5-b09c-d9a07b6c41c1 0.136s
2024-12-10 21:18:51.958 65419 INFO tempest.lib.common.rest_client [req-8a439d60-2f7f-4188-926f-9bfd7e2d08df req-8a439d60-2f7f-4188-926f-9bfd7e2d08df ] Request (ServerTagsTestJSON:tearDownClass): 200 GET http://10.180.1.21/compute/v2.1/servers/4efa4e8e-02c5-4bad-a716-21d294f28c26 0.073s
2024-12-10 21:18:52.000 65393 INFO tempest.lib.common.rest_client [req-b67e4cf8-0c30-4a66-b540-a1cc775dc250 req-b67e4cf8-0c30-4a66-b540-a1cc775dc250 ] Request (ServersTestJSON:test_create_server_with_ipv6_addr_only): 200 GET http://10.180.1.21/compute/v2.1/servers/fa49043c-5c77-4357-b592-fea3653b9ac7 0.066s
2024-12-10 21:18:52.041 65389 INFO tempest.lib.common.rest_client [req-d241f91c-8475-432c-87bb-c2b8e5b55be0 req-d241f91c-8475-432c-87bb-c2b8e5b55be0 ] Request (ServersTestJSON:setUpClass): 200 GET http://10.180.1.21/compute/v2.1/servers/1751c8c5-854f-45f2-a559-95a4ccd0f578 0.055s
2024-12-10 21:18:52.047 65433 INFO tempest.lib.common.rest_client [req-ca41e835-031b-454c-a1a6-73866f6010c2 req-ca41e835-031b-454c-a1a6-73866f6010c2 ] Request (ServersTestMultiNic:_run_cleanups): 204 DELETE http://10.180.1.21:9696/networking/v2.0/networks/746fbb0f-84b6-418f-b3df-b51d9668527f 0.292s
2024-12-10 21:18:52.112 65405 INFO tempest.lib.common.rest_client [req-77445ebd-aad6-4d96-9862-19c491355ea1 req-77445ebd-aad6-4d96-9862-19c491355ea1 ] Request (AttachVolumeNegativeTest:test_attach_attached_volume_to_different_server): 200 GET http://10.180.1.21/compute/v2.1/servers/a6fd8ee3-7216-45c2-9169-93e5072bcc74 0.072s
2024-12-10 21:18:52.115 65436 INFO tempest.lib.common.rest_client [req-dd9a8c5f-4473-4608-91f1-6403e4e9f5ea req-dd9a8c5f-4473-4608-91f1-6403e4e9f5ea ] Request (VolumesAssistedSnapshotsTest:_run_cleanups): 200 GET http://10.180.1.21/compute/v2.1/servers/54650f01-3470-46bd-ae16-051df7758071/os-volume_attachments 0.045s
2024-12-10 21:18:52.190 65433 INFO tempest.lib.common.rest_client [req-50ece186-7537-4df1-af1c-fbe6aa041cb8 req-50ece186-7537-4df1-af1c-fbe6aa041cb8 ] Request (ServersTestMultiNic:test_verify_multiple_nics_order): 201 POST http://10.180.1.21:9696/networking/v2.0/networks 0.141s
2024-12-10 21:18:52.197 65429 INFO tempest.lib.common.rest_client [req-e59bd01f-3666-449f-9c2b-0b771b8a21e6 req-e59bd01f-3666-449f-9c2b-0b771b8a21e6 ] Request (ServerRescueTestJSON:test_rescue_unrescue_instance): 200 GET http://10.180.1.21/compute/v2.1/servers/07679006-d4fe-4699-969e-a92156194070 0.059s
2024-12-10 21:18:52.268 65385 INFO tempest.lib.common.rest_client [req-896aaec8-e10e-49d0-8773-067498a5c9c7 req-896aaec8-e10e-49d0-8773-067498a5c9c7 ] Request (ServerShowV247Test:test_update_rebuild_list_server): 200 GET http://10.180.1.21/compute/v2.1/servers/ea3d9715-fbaf-44c4-986b-20996b2958bb 0.062s
2024-12-10 21:18:52.287 65425 WARNING tempest.lib.common.ssh [-] Failed to establish authenticated ssh connection to cirros@10.180.180.253 ([Errno None] Unable to connect to port 22 on 10.180.180.253). Number attempts: 7. Retry after 8 seconds.: paramiko.ssh_exception.NoValidConnectionsError: [Errno None] Unable to connect to port 22 on 10.180.180.253
2024-12-10 21:18:52.338 65437 INFO tempest.lib.common.rest_client [req-9dde18cd-f62c-41ae-9d73-aa4b68923765 req-9dde18cd-f62c-41ae-9d73-aa4b68923765 ] Request (ServerShowV257Test:tearDownClass): 200 GET http://10.180.1.21/compute/v2.1/servers/5d9196da-9f8c-43d4-b031-023fd76183d2 0.071s
2024-12-10 21:18:52.355 65421 INFO tempest.lib.common.rest_client [req-7ddccc05-f1fd-4b39-8c7f-ed2add6ee850 req-7ddccc05-f1fd-4b39-8c7f-ed2add6ee850 ] Request (ImagesOneServerNegativeTestJSON:_run_cleanups): 200 GET http://10.180.1.21/compute/v2.1/servers/9daab8ae-8d10-4349-aafe-b5e00459521c 0.152s
2024-12-10 21:18:52.414 65403 INFO tempest.lib.common.rest_client [req-76a4c3a0-9faf-4184-8caa-632051c6cba4 req-76a4c3a0-9faf-4184-8caa-632051c6cba4 ] Request (ListServersNegativeTestJSON:setUpClass): 200 GET http://10.180.1.21/compute/v2.1/servers/2f8a2835-618d-4462-8644-1d2790aec62b 0.100s
2024-12-10 21:18:52.417 65401 INFO tempest.lib.common.rest_client [req-74ded4fd-c865-4908-8bd6-1e846d7dde4f req-74ded4fd-c865-4908-8bd6-1e846d7dde4f ] Request (AttachInterfacesV270Test:tearDownClass): 200 GET http://10.180.1.21/compute/v2.1/servers/af53eb4c-6e15-4a65-8555-a8966e2e887c 0.130s
2024-12-10 21:18:52.459 65433 INFO tempest.lib.common.rest_client [req-da0ae5fd-2c6e-4f4c-87e2-07479b9f0645 req-da0ae5fd-2c6e-4f4c-87e2-07479b9f0645 ] Request (ServersTestMultiNic:test_verify_multiple_nics_order): 201 POST http://10.180.1.21:9696/networking/v2.0/subnets 0.268s
2024-12-10 21:18:52.471 65427 INFO tempest.lib.common.rest_client [req-1c7d225f-8148-4c5c-b1c1-32ee0e8abc69 req-1c7d225f-8148-4c5c-b1c1-32ee0e8abc69 ] Request (ServersTestBootFromVolume:setUpClass): 200 GET http://10.180.1.21/compute/v2.1/servers/3c9d108f-efe1-4fb6-b505-8cb51d38adc1 0.107s
2024-12-10 21:18:52.559 65381 INFO tempest.lib.common.rest_client [req-1e3be895-1e27-4eba-ba16-66b9f1d4a3a5 req-1e3be895-1e27-4eba-ba16-66b9f1d4a3a5 ] Request (ServersAdmin275Test:tearDownClass): 200 GET http://10.180.1.21/compute/v2.1/servers/a6a860ad-919e-4184-9850-79316658b946 0.092s
2024-12-10 21:18:52.596 65433 INFO tempest.lib.common.rest_client [req-6ec0d377-9da0-4d0b-8a46-14ec734ba2de req-6ec0d377-9da0-4d0b-8a46-14ec734ba2de ] Request (ServersTestMultiNic:test_verify_multiple_nics_order): 201 POST http://10.180.1.21:9696/networking/v2.0/networks 0.136s
2024-12-10 21:18:52.637 65387 INFO tempest.lib.common.rest_client [req-0d44c7cb-1ab8-416f-aebe-b567207c4040 req-0d44c7cb-1ab8-416f-aebe-b567207c4040 ] Request (ServersAdminNegativeTestJSON:tearDownClass): 200 GET http://10.180.1.21/compute/v2.1/servers/7dddcb64-8f42-4ef4-b6c1-8c27e2ebcddd 0.113s
2024-12-10 21:18:52.655 65395 INFO tempest.lib.common.rest_client [req-79567fa7-40cc-4465-8822-51c952474a69 req-79567fa7-40cc-4465-8822-51c952474a69 ] Request (ListImageFiltersTestJSON:setUpClass): 200 GET http://10.180.1.21/compute/v2.1/servers/d2bb2fd3-b11b-4e5f-8d2e-42ad631552fc 0.136s
2024-12-10 21:18:52.713 65417 INFO tempest.lib.common.rest_client [req-9010a29f-793a-44c4-86ce-bfc758cdc9cf req-9010a29f-793a-44c4-86ce-bfc758cdc9cf ] Request (ServersTestFqdnHostnames:tearDownClass): 200 GET http://10.180.1.21/compute/v2.1/servers/7147df9b-7e03-43fd-8bbc-54d8d0317a77 0.119s
2024-12-10 21:18:52.717 65431 INFO tempest.lib.common.rest_client [req-06808c80-000a-442e-b76f-e46db5d9b36c req-06808c80-000a-442e-b76f-e46db5d9b36c ] Request (ServersAdminTestJSON:test_inject_network_info): 200 GET http://10.180.1.21/compute/v2.1/servers/fffbfa22-099b-4030-9f42-1a3139a0261f 0.114s
2024-12-10 21:18:52.758 65377 INFO tempest.lib.common.rest_client [req-42ef3301-ff70-4070-b948-d113c402b598 req-42ef3301-ff70-4070-b948-d113c402b598 ] Request (ServerRescueTestJSONUnderV235:setUpClass): 200 GET http://10.180.1.21/compute/v2.1/servers/93a290e1-efe7-4d02-a6b6-0d7ccbfb5bf1 0.102s
2024-12-10 21:18:52.768 65383 INFO tempest.lib.common.rest_client [req-9a0bfdeb-29ba-4721-b421-a5a96a4e6764 req-9a0bfdeb-29ba-4721-b421-a5a96a4e6764 ] Request (InstanceActionsTestJSON:setUpClass): 200 GET http://10.180.1.21/compute/v2.1/servers/9d37adce-eb1c-4ac0-8859-ae1b9d3293b2 0.059s
2024-12-10 21:18:52.823 65397 INFO tempest.lib.common.rest_client [req-dba46cfe-673a-4ce3-a364-16a01b3e9c89 req-dba46cfe-673a-4ce3-a364-16a01b3e9c89 ] Request (ServerPasswordTestJSON:setUpClass): 200 GET http://10.180.1.21/compute/v2.1/servers/77001028-7b3e-403a-8975-ff98fb95532f 0.053s
2024-12-10 21:18:52.842 65433 INFO tempest.lib.common.rest_client [req-a6eac596-ada5-424b-b3b1-245a50a72963 req-a6eac596-ada5-424b-b3b1-245a50a72963 ] Request (ServersTestMultiNic:test_verify_multiple_nics_order): 201 POST http://10.180.1.21:9696/networking/v2.0/subnets 0.246s
2024-12-10 21:18:52.878 65409 INFO tempest.lib.common.rest_client [req-3443d806-b9ed-43a5-b99f-36fb67df34d4 req-3443d806-b9ed-43a5-b99f-36fb67df34d4 ] Request (DeleteServersAdminTestJSON:test_delete_server_while_in_error_state): 200 GET http://10.180.1.21/compute/v2.1/servers/278be240-4d07-4131-a893-f21a445a0caf 0.063s
2024-12-10 21:18:52.899 65375 INFO tempest.lib.common.rest_client [req-62d149a1-4baf-47f0-9f71-08eaca6bab5f req-62d149a1-4baf-47f0-9f71-08eaca6bab5f ] Request (ListServerFiltersTestJSON:setUpClass): 200 GET http://10.180.1.21/compute/v2.1/servers/d6624485-5300-4a54-9893-690479dcd095 0.142s
2024-12-10 21:18:52.916 65433 INFO tempest.lib.common.rest_client [req-8b58a2f4-b345-4bb3-991c-b4bd6c57e716 req-8b58a2f4-b345-4bb3-991c-b4bd6c57e716 ] Request (ServersTestMultiNic:test_verify_multiple_nics_order): 201 POST http://10.180.1.21/identity/v3/auth/tokens 0.071s
2024-12-10 21:18:52.917 65433 INFO tempest.lib.common.fixed_network [-] (ServersTestMultiNic:test_verify_multiple_nics_order) Found network {'id': '9d78568b-74f9-4613-a5e7-b86b2a22e57d', 'name': 'tempest-ServersTestMultiNic-298215711-network', 'tenant_id': '013c27cf3bf34be3ab6cd1994928f3c3', 'admin_state_up': True, 'mtu': 8950, 'status': 'ACTIVE', 'subnets': [], 'shared': False, 'project_id': '013c27cf3bf34be3ab6cd1994928f3c3', 'port_security_enabled': True, 'router:external': False, 'provider:network_type': 'vlan', 'provider:physical_network': 'default', 'provider:segmentation_id': 434, 'availability_zone_hints': [], 'availability_zones': [], 'ipv4_address_scope': None, 'ipv6_address_scope': None, 'description': '', 'tags': [], 'created_at': '2024-12-10T21:17:01Z', 'updated_at': '2024-12-10T21:17:01Z', 'revision_number': 1} available for tenant
2024-12-10 21:18:52.930 65379 INFO tempest.lib.common.rest_client [req-5a8b2e0c-0e8e-4a83-a667-c082a5ee7144 req-5a8b2e0c-0e8e-4a83-a667-c082a5ee7144 ] Request (SecurityGroupsTestJSON:test_server_security_groups): 200 GET http://10.180.1.21/compute/v2.1/servers/4cbaf66d-c7b1-45e2-9ddc-c62695ad6563 0.093s
2024-12-10 21:18:52.965 65407 INFO tempest.lib.common.rest_client [req-47555f3b-5a30-4189-b034-6aa37394ac6f req-47555f3b-5a30-4189-b034-6aa37394ac6f ] Request (DeleteServersTestJSON:test_delete_server_while_in_attached_volume): 200 GET http://10.180.1.21/compute/v2.1/servers/a14db7b4-d41b-4fee-885a-ba2dbb40e0a1 0.100s
2024-12-10 21:18:52.979 65411 INFO tempest.lib.common.rest_client [req-2391c144-64a6-428d-9b79-bfefdad6f384 req-2391c144-64a6-428d-9b79-bfefdad6f384 ] Request (MigrationsAdminTest:test_resize_server_revert_deleted_flavor): 200 GET http://10.180.1.21/compute/v2.1/servers/2f5000ce-0275-4fa5-b09c-d9a07b6c41c1 0.079s
2024-12-10 21:18:53.042 65419 INFO tempest.lib.common.rest_client [req-22419ef5-877f-48e7-829c-7a11f011ef98 req-22419ef5-877f-48e7-829c-7a11f011ef98 ] Request (ServerTagsTestJSON:tearDownClass): 200 GET http://10.180.1.21/compute/v2.1/servers/4efa4e8e-02c5-4bad-a716-21d294f28c26 0.074s
2024-12-10 21:18:53.100 65393 INFO tempest.lib.common.rest_client [req-069e6d31-d6ff-4a42-8b01-1e121656ab86 req-069e6d31-d6ff-4a42-8b01-1e121656ab86 ] Request (ServersTestJSON:test_create_server_with_ipv6_addr_only): 200 GET http://10.180.1.21/compute/v2.1/servers/fa49043c-5c77-4357-b592-fea3653b9ac7 0.092s
2024-12-10 21:18:53.172 65389 INFO tempest.lib.common.rest_client [req-09b63e7c-590a-4c4e-b7a3-b4df47198ce7 req-09b63e7c-590a-4c4e-b7a3-b4df47198ce7 ] Request (ServersTestJSON:setUpClass): 200 GET http://10.180.1.21/compute/v2.1/servers/1751c8c5-854f-45f2-a559-95a4ccd0f578 0.124s
2024-12-10 21:18:53.197 65436 INFO tempest.lib.common.rest_client [req-b207c863-089d-4390-8217-425f8ba7c525 req-b207c863-089d-4390-8217-425f8ba7c525 ] Request (VolumesAssistedSnapshotsTest:_run_cleanups): 200 GET http://10.180.1.21/compute/v2.1/servers/54650f01-3470-46bd-ae16-051df7758071/os-volume_attachments 0.080s
2024-12-10 21:18:53.244 65405 INFO tempest.lib.common.rest_client [req-b8c0492b-1b7d-4182-b27c-0f5efebfb2d7 req-b8c0492b-1b7d-4182-b27c-0f5efebfb2d7 ] Request (AttachVolumeNegativeTest:test_attach_attached_volume_to_different_server): 200 GET http://10.180.1.21/compute/v2.1/servers/a6fd8ee3-7216-45c2-9169-93e5072bcc74 0.125s
2024-12-10 21:18:53.293 65429 INFO tempest.lib.common.rest_client [req-d74fd699-ea40-4de8-b473-4787528d07e4 req-d74fd699-ea40-4de8-b473-4787528d07e4 ] Request (ServerRescueTestJSON:test_rescue_unrescue_instance): 200 GET http://10.180.1.21/compute/v2.1/servers/07679006-d4fe-4699-969e-a92156194070 0.085s
2024-12-10 21:18:53.353 65385 INFO tempest.lib.common.rest_client [req-253c43e4-5b53-4d79-8447-6572d9d736d6 req-253c43e4-5b53-4d79-8447-6572d9d736d6 ] Request (ServerShowV247Test:test_update_rebuild_list_server): 200 GET http://10.180.1.21/compute/v2.1/servers/ea3d9715-fbaf-44c4-986b-20996b2958bb 0.068s
2024-12-10 21:18:53.387 65433 INFO tempest.lib.common.rest_client [req-9daad9cc-409f-4df2-96d6-112026bd6daf req-9daad9cc-409f-4df2-96d6-112026bd6daf ] Request (ServersTestMultiNic:test_verify_multiple_nics_order): 202 POST http://10.180.1.21/compute/v2.1/servers 0.470s
2024-12-10 21:18:53.411 65437 INFO tempest.lib.common.rest_client [req-7bbba6db-f552-4c3a-aab6-f0f81fc9883d req-7bbba6db-f552-4c3a-aab6-f0f81fc9883d ] Request (ServerShowV257Test:tearDownClass): 200 GET http://10.180.1.21/compute/v2.1/servers/5d9196da-9f8c-43d4-b031-023fd76183d2 0.064s
2024-12-10 21:18:53.450 65433 INFO tempest.lib.common.rest_client [req-79fea8e8-425a-4435-9dcb-26e2f454f3ce req-79fea8e8-425a-4435-9dcb-26e2f454f3ce ] Request (ServersTestMultiNic:test_verify_multiple_nics_order): 200 GET http://10.180.1.21/compute/v2.1/servers/cf12a075-c381-4ba9-9bf6-582689bec58d 0.061s
2024-12-10 21:18:53.452 65421 INFO tempest.lib.common.rest_client [req-8bbc554a-e288-4144-aba3-efd0324e7361 req-8bbc554a-e288-4144-aba3-efd0324e7361 ] Request (ImagesOneServerNegativeTestJSON:_run_cleanups): 200 GET http://10.180.1.21/compute/v2.1/servers/9daab8ae-8d10-4349-aafe-b5e00459521c 0.084s
2024-12-10 21:18:53.501 65403 INFO tempest.lib.common.rest_client [req-1e5bac15-d44d-4cea-ab15-07a2afb7d96a req-1e5bac15-d44d-4cea-ab15-07a2afb7d96a ] Request (ListServersNegativeTestJSON:setUpClass): 200 GET http://10.180.1.21/compute/v2.1/servers/2f8a2835-618d-4462-8644-1d2790aec62b 0.076s
2024-12-10 21:18:53.517 65401 INFO tempest.lib.common.rest_client [req-dbb0f5b1-56dc-4f29-8461-661e79d0ad5d req-dbb0f5b1-56dc-4f29-8461-661e79d0ad5d ] Request (AttachInterfacesV270Test:tearDownClass): 200 GET http://10.180.1.21/compute/v2.1/servers/af53eb4c-6e15-4a65-8555-a8966e2e887c 0.088s
2024-12-10 21:18:53.549 65427 INFO tempest.lib.common.rest_client [req-ac0ffebc-b80a-4d25-856d-4a8a21e90b6f req-ac0ffebc-b80a-4d25-856d-4a8a21e90b6f ] Request (ServersTestBootFromVolume:setUpClass): 200 GET http://10.180.1.21/compute/v2.1/servers/3c9d108f-efe1-4fb6-b505-8cb51d38adc1 0.070s
2024-12-10 21:18:53.556 65427 INFO tempest.common.waiters [-] State transition "BUILD/scheduling" ==> "BUILD/None" after 65 second wait
2024-12-10 21:18:53.646 65381 INFO tempest.lib.common.rest_client [req-2c2e528f-29b8-459f-b2d8-55f05f241fcb req-2c2e528f-29b8-459f-b2d8-55f05f241fcb ] Request (ServersAdmin275Test:tearDownClass): 200 GET http://10.180.1.21/compute/v2.1/servers/a6a860ad-919e-4184-9850-79316658b946 0.070s
2024-12-10 21:18:53.726 65387 INFO tempest.lib.common.rest_client [req-23953afa-8261-4e2f-a4c6-ec0bcab32c5f req-23953afa-8261-4e2f-a4c6-ec0bcab32c5f ] Request (ServersAdminNegativeTestJSON:tearDownClass): 200 GET http://10.180.1.21/compute/v2.1/servers/7dddcb64-8f42-4ef4-b6c1-8c27e2ebcddd 0.079s
2024-12-10 21:18:53.762 65395 INFO tempest.lib.common.rest_client [req-1d798e93-4078-49df-908e-ccf0cea1b20b req-1d798e93-4078-49df-908e-ccf0cea1b20b ] Request (ListImageFiltersTestJSON:setUpClass): 200 GET http://10.180.1.21/compute/v2.1/servers/d2bb2fd3-b11b-4e5f-8d2e-42ad631552fc 0.097s
2024-12-10 21:18:53.783 65417 INFO tempest.lib.common.rest_client [req-ee901c91-a9a4-48c5-8693-ad12eaee7035 req-ee901c91-a9a4-48c5-8693-ad12eaee7035 ] Request (ServersTestFqdnHostnames:tearDownClass): 200 GET http://10.180.1.21/compute/v2.1/servers/7147df9b-7e03-43fd-8bbc-54d8d0317a77 0.061s
2024-12-10 21:18:53.810 65431 INFO tempest.lib.common.rest_client [req-612db7a7-e131-483a-95ac-496a55979916 req-612db7a7-e131-483a-95ac-496a55979916 ] Request (ServersAdminTestJSON:test_inject_network_info): 200 GET http://10.180.1.21/compute/v2.1/servers/fffbfa22-099b-4030-9f42-1a3139a0261f 0.081s
2024-12-10 21:18:53.836 65377 INFO tempest.lib.common.rest_client [req-28ca0e17-3fec-41e1-be34-618386aa180c req-28ca0e17-3fec-41e1-be34-618386aa180c ] Request (ServerRescueTestJSONUnderV235:setUpClass): 200 GET http://10.180.1.21/compute/v2.1/servers/93a290e1-efe7-4d02-a6b6-0d7ccbfb5bf1 0.067s
2024-12-10 21:18:53.864 65383 INFO tempest.lib.common.rest_client [req-252604c7-d6aa-48d4-a23b-3a001d86e94d req-252604c7-d6aa-48d4-a23b-3a001d86e94d ] Request (InstanceActionsTestJSON:setUpClass): 200 GET http://10.180.1.21/compute/v2.1/servers/9d37adce-eb1c-4ac0-8859-ae1b9d3293b2 0.088s
2024-12-10 21:18:53.902 65397 INFO tempest.lib.common.rest_client [req-7248c37c-76e3-4336-9267-23b004bbd7f0 req-7248c37c-76e3-4336-9267-23b004bbd7f0 ] Request (ServerPasswordTestJSON:setUpClass): 200 GET http://10.180.1.21/compute/v2.1/servers/77001028-7b3e-403a-8975-ff98fb95532f 0.072s
2024-12-10 21:18:53.949 65409 INFO tempest.lib.common.rest_client [req-19c3032f-eea7-4d84-8508-f4aace3e6fbc req-19c3032f-eea7-4d84-8508-f4aace3e6fbc ] Request (DeleteServersAdminTestJSON:test_delete_server_while_in_error_state): 200 GET http://10.180.1.21/compute/v2.1/servers/278be240-4d07-4131-a893-f21a445a0caf 0.064s
2024-12-10 21:18:54.000 65379 INFO tempest.lib.common.rest_client [req-85c137f4-9233-4d9b-bcf9-086fc9d04424 req-85c137f4-9233-4d9b-bcf9-086fc9d04424 ] Request (SecurityGroupsTestJSON:test_server_security_groups): 200 GET http://10.180.1.21/compute/v2.1/servers/4cbaf66d-c7b1-45e2-9ddc-c62695ad6563 0.062s
2024-12-10 21:18:54.048 65407 INFO tempest.lib.common.rest_client [req-f1d610bd-bfef-4b14-b008-b5fd74e06a3f req-f1d610bd-bfef-4b14-b008-b5fd74e06a3f ] Request (DeleteServersTestJSON:test_delete_server_while_in_attached_volume): 200 GET http://10.180.1.21/compute/v2.1/servers/a14db7b4-d41b-4fee-885a-ba2dbb40e0a1 0.074s
2024-12-10 21:18:54.073 65375 INFO tempest.lib.common.rest_client [req-a31d03b5-337e-4dfe-934d-49aa3b18c788 req-a31d03b5-337e-4dfe-934d-49aa3b18c788 ] Request (ListServerFiltersTestJSON:setUpClass): 200 GET http://10.180.1.21/compute/v2.1/servers/d6624485-5300-4a54-9893-690479dcd095 0.160s
2024-12-10 21:18:54.098 65411 INFO tempest.lib.common.rest_client [req-54a4a929-64cb-4a29-809d-c7844eff3d9f req-54a4a929-64cb-4a29-809d-c7844eff3d9f ] Request (MigrationsAdminTest:test_resize_server_revert_deleted_flavor): 200 GET http://10.180.1.21/compute/v2.1/servers/2f5000ce-0275-4fa5-b09c-d9a07b6c41c1 0.112s
2024-12-10 21:18:54.134 65419 INFO tempest.lib.common.rest_client [req-cea669d2-9f06-48d5-9210-ec7e3f289d4b req-cea669d2-9f06-48d5-9210-ec7e3f289d4b ] Request (ServerTagsTestJSON:tearDownClass): 200 GET http://10.180.1.21/compute/v2.1/servers/4efa4e8e-02c5-4bad-a716-21d294f28c26 0.083s
2024-12-10 21:18:54.163 65393 INFO tempest.lib.common.rest_client [req-5a8cd96b-2e6e-42a1-a30e-f48df7360e36 req-5a8cd96b-2e6e-42a1-a30e-f48df7360e36 ] Request (ServersTestJSON:test_create_server_with_ipv6_addr_only): 200 GET http://10.180.1.21/compute/v2.1/servers/fa49043c-5c77-4357-b592-fea3653b9ac7 0.055s
2024-12-10 21:18:54.228 65389 INFO tempest.lib.common.rest_client [req-07effb47-26a7-42e1-9987-c71c6ac7e62e req-07effb47-26a7-42e1-9987-c71c6ac7e62e ] Request (ServersTestJSON:setUpClass): 200 GET http://10.180.1.21/compute/v2.1/servers/1751c8c5-854f-45f2-a559-95a4ccd0f578 0.050s
2024-12-10 21:18:54.229 65436 INFO tempest.lib.common.rest_client [req-f6414610-23ed-48a3-8402-e748c002a187 req-f6414610-23ed-48a3-8402-e748c002a187 ] Request (VolumesAssistedSnapshotsTest:_run_cleanups): 200 GET http://10.180.1.21/compute/v2.1/servers/54650f01-3470-46bd-ae16-051df7758071/os-volume_attachments 0.031s
2024-12-10 21:18:54.300 65405 INFO tempest.lib.common.rest_client [req-02b79af3-cf60-49aa-acbc-3478abbd09e9 req-02b79af3-cf60-49aa-acbc-3478abbd09e9 ] Request (AttachVolumeNegativeTest:test_attach_attached_volume_to_different_server): 200 GET http://10.180.1.21/compute/v2.1/servers/a6fd8ee3-7216-45c2-9169-93e5072bcc74 0.048s
2024-12-10 21:18:54.352 65429 INFO tempest.lib.common.rest_client [req-357fedc7-a3e6-49fc-8ef9-ccc825a98b3b req-357fedc7-a3e6-49fc-8ef9-ccc825a98b3b ] Request (ServerRescueTestJSON:test_rescue_unrescue_instance): 200 GET http://10.180.1.21/compute/v2.1/servers/07679006-d4fe-4699-969e-a92156194070 0.049s
2024-12-10 21:18:54.411 65385 INFO tempest.lib.common.rest_client [req-0f0ab2b1-2acc-4fdc-b77e-52db9db4038c req-0f0ab2b1-2acc-4fdc-b77e-52db9db4038c ] Request (ServerShowV247Test:test_update_rebuild_list_server): 200 GET http://10.180.1.21/compute/v2.1/servers/ea3d9715-fbaf-44c4-986b-20996b2958bb 0.049s
2024-12-10 21:18:54.479 65437 INFO tempest.lib.common.rest_client [req-67943263-d729-4800-95ee-a14a0ca2e60c req-67943263-d729-4800-95ee-a14a0ca2e60c ] Request (ServerShowV257Test:tearDownClass): 200 GET http://10.180.1.21/compute/v2.1/servers/5d9196da-9f8c-43d4-b031-023fd76183d2 0.056s
2024-12-10 21:18:54.502 65433 INFO tempest.lib.common.rest_client [req-fbe8622e-c6de-4db3-9152-77ca203e1048 req-fbe8622e-c6de-4db3-9152-77ca203e1048 ] Request (ServersTestMultiNic:test_verify_multiple_nics_order): 200 GET http://10.180.1.21/compute/v2.1/servers/cf12a075-c381-4ba9-9bf6-582689bec58d 0.045s
2024-12-10 21:18:54.532 65421 INFO tempest.lib.common.rest_client [req-4a3f38ef-aae9-4197-8809-1253fb8378a5 req-4a3f38ef-aae9-4197-8809-1253fb8378a5 ] Request (ImagesOneServerNegativeTestJSON:_run_cleanups): 200 GET http://10.180.1.21/compute/v2.1/servers/9daab8ae-8d10-4349-aafe-b5e00459521c 0.073s
2024-12-10 21:18:54.538 65421 INFO tempest.common.waiters [-] State transition "ACTIVE/deleting" ==> "DELETED/None" after 4 second wait
2024-12-10 21:18:54.559 65403 INFO tempest.lib.common.rest_client [req-1bce83f5-0681-46a7-9555-40e02addafec req-1bce83f5-0681-46a7-9555-40e02addafec ] Request (ListServersNegativeTestJSON:setUpClass): 200 GET http://10.180.1.21/compute/v2.1/servers/2f8a2835-618d-4462-8644-1d2790aec62b 0.046s
2024-12-10 21:18:54.584 65401 INFO tempest.lib.common.rest_client [req-1f990a52-651b-428d-bc81-2b93e0b9661a req-1f990a52-651b-428d-bc81-2b93e0b9661a ] Request (AttachInterfacesV270Test:tearDownClass): 200 GET http://10.180.1.21/compute/v2.1/servers/af53eb4c-6e15-4a65-8555-a8966e2e887c 0.057s
2024-12-10 21:18:54.601 65427 INFO tempest.lib.common.rest_client [req-7db27a17-11a4-4838-9e11-c3df1919dbc0 req-7db27a17-11a4-4838-9e11-c3df1919dbc0 ] Request (ServersTestBootFromVolume:setUpClass): 200 GET http://10.180.1.21/compute/v2.1/servers/3c9d108f-efe1-4fb6-b505-8cb51d38adc1 0.044s
2024-12-10 21:18:54.714 65381 INFO tempest.lib.common.rest_client [req-d8d9b9c0-d76c-4576-be04-1ea433b45adc req-d8d9b9c0-d76c-4576-be04-1ea433b45adc ] Request (ServersAdmin275Test:tearDownClass): 200 GET http://10.180.1.21/compute/v2.1/servers/a6a860ad-919e-4184-9850-79316658b946 0.058s
2024-12-10 21:18:54.751 65423 WARNING tempest.lib.common.ssh [-] Failed to establish authenticated ssh connection to cirros@10.180.180.150 ([Errno None] Unable to connect to port 22 on 10.180.180.150). Number attempts: 9. Retry after 10 seconds.: paramiko.ssh_exception.NoValidConnectionsError: [Errno None] Unable to connect to port 22 on 10.180.180.150
2024-12-10 21:18:54.789 65387 INFO tempest.lib.common.rest_client [req-bbd9e655-c28e-4d2c-8884-c607e2b326ac req-bbd9e655-c28e-4d2c-8884-c607e2b326ac ] Request (ServersAdminNegativeTestJSON:tearDownClass): 200 GET http://10.180.1.21/compute/v2.1/servers/7dddcb64-8f42-4ef4-b6c1-8c27e2ebcddd 0.056s
2024-12-10 21:18:54.843 65417 INFO tempest.lib.common.rest_client [req-a39e1600-d97e-4dd6-bed9-61ff7aed562e req-a39e1600-d97e-4dd6-bed9-61ff7aed562e ] Request (ServersTestFqdnHostnames:tearDownClass): 200 GET http://10.180.1.21/compute/v2.1/servers/7147df9b-7e03-43fd-8bbc-54d8d0317a77 0.053s
2024-12-10 21:18:54.893 65431 INFO tempest.lib.common.rest_client [req-5d6c12b8-34fc-4223-b688-0facbc25c882 req-5d6c12b8-34fc-4223-b688-0facbc25c882 ] Request (ServersAdminTestJSON:test_inject_network_info): 200 GET http://10.180.1.21/compute/v2.1/servers/fffbfa22-099b-4030-9f42-1a3139a0261f 0.076s
2024-12-10 21:18:54.906 65395 INFO tempest.lib.common.rest_client [req-9c3c2f25-6bd1-49ae-b1f8-76a38e9f313b req-9c3c2f25-6bd1-49ae-b1f8-76a38e9f313b ] Request (ListImageFiltersTestJSON:setUpClass): 200 GET http://10.180.1.21/compute/v2.1/servers/d2bb2fd3-b11b-4e5f-8d2e-42ad631552fc 0.137s
2024-12-10 21:18:54.943 65377 INFO tempest.lib.common.rest_client [req-4f9f5731-b11e-41d3-a3fe-d9826786a35b req-4f9f5731-b11e-41d3-a3fe-d9826786a35b ] Request (ServerRescueTestJSONUnderV235:setUpClass): 200 GET http://10.180.1.21/compute/v2.1/servers/93a290e1-efe7-4d02-a6b6-0d7ccbfb5bf1 0.096s
2024-12-10 21:18:54.960 65383 INFO tempest.lib.common.rest_client [req-1c94a6d1-e543-47a8-91c9-7aa95cb7a459 req-1c94a6d1-e543-47a8-91c9-7aa95cb7a459 ] Request (InstanceActionsTestJSON:setUpClass): 200 GET http://10.180.1.21/compute/v2.1/servers/9d37adce-eb1c-4ac0-8859-ae1b9d3293b2 0.086s
2024-12-10 21:18:55.001 65397 INFO tempest.lib.common.rest_client [req-4f5414d7-fcf8-489e-b14b-cc87322e570f req-4f5414d7-fcf8-489e-b14b-cc87322e570f ] Request (ServerPasswordTestJSON:setUpClass): 200 GET http://10.180.1.21/compute/v2.1/servers/77001028-7b3e-403a-8975-ff98fb95532f 0.089s
2024-12-10 21:18:55.019 65409 INFO tempest.lib.common.rest_client [req-49eaf389-584f-4712-891f-c4130fadd1e8 req-49eaf389-584f-4712-891f-c4130fadd1e8 ] Request (DeleteServersAdminTestJSON:test_delete_server_while_in_error_state): 200 GET http://10.180.1.21/compute/v2.1/servers/278be240-4d07-4131-a893-f21a445a0caf 0.063s
2024-12-10 21:18:55.065 65379 INFO tempest.lib.common.rest_client [req-15d9cc47-967d-4822-89a2-5ac1ed0ae55e req-15d9cc47-967d-4822-89a2-5ac1ed0ae55e ] Request (SecurityGroupsTestJSON:test_server_security_groups): 200 GET http://10.180.1.21/compute/v2.1/servers/4cbaf66d-c7b1-45e2-9ddc-c62695ad6563 0.058s
2024-12-10 21:18:55.106 65407 INFO tempest.lib.common.rest_client [req-a2d78e12-3774-42fe-972b-e37ad94658e6 req-a2d78e12-3774-42fe-972b-e37ad94658e6 ] Request (DeleteServersTestJSON:test_delete_server_while_in_attached_volume): 200 GET http://10.180.1.21/compute/v2.1/servers/a14db7b4-d41b-4fee-885a-ba2dbb40e0a1 0.051s
2024-12-10 21:18:55.157 65411 INFO tempest.lib.common.rest_client [req-70e5cc50-22e4-4d70-9bd7-70d1d29f8545 req-70e5cc50-22e4-4d70-9bd7-70d1d29f8545 ] Request (MigrationsAdminTest:test_resize_server_revert_deleted_flavor): 200 GET http://10.180.1.21/compute/v2.1/servers/2f5000ce-0275-4fa5-b09c-d9a07b6c41c1 0.051s
2024-12-10 21:18:55.192 65375 INFO tempest.lib.common.rest_client [req-3272f773-eb01-4b66-82ed-2ddaac62f155 req-3272f773-eb01-4b66-82ed-2ddaac62f155 ] Request (ListServerFiltersTestJSON:setUpClass): 200 GET http://10.180.1.21/compute/v2.1/servers/d6624485-5300-4a54-9893-690479dcd095 0.111s
2024-12-10 21:18:55.198 65375 INFO tempest.common.waiters [-] State transition "BUILD/spawning" ==> "ACTIVE/None" after 85 second wait
2024-12-10 21:18:55.220 65419 INFO tempest.lib.common.rest_client [req-49a7fd12-e739-448c-b506-86d4e941fc67 req-49a7fd12-e739-448c-b506-86d4e941fc67 ] Request (ServerTagsTestJSON:tearDownClass): 200 GET http://10.180.1.21/compute/v2.1/servers/4efa4e8e-02c5-4bad-a716-21d294f28c26 0.078s
2024-12-10 21:18:55.245 65393 INFO tempest.lib.common.rest_client [req-72365929-7821-4ea9-8ab7-48033c6982c7 req-72365929-7821-4ea9-8ab7-48033c6982c7 ] Request (ServersTestJSON:test_create_server_with_ipv6_addr_only): 200 GET http://10.180.1.21/compute/v2.1/servers/fa49043c-5c77-4357-b592-fea3653b9ac7 0.074s
2024-12-10 21:18:55.272 65436 INFO tempest.lib.common.rest_client [req-b447e3bb-f05d-4336-9f39-6156eae8dbfc req-b447e3bb-f05d-4336-9f39-6156eae8dbfc ] Request (VolumesAssistedSnapshotsTest:_run_cleanups): 200 GET http://10.180.1.21/compute/v2.1/servers/54650f01-3470-46bd-ae16-051df7758071/os-volume_attachments 0.040s
2024-12-10 21:18:55.302 65436 INFO tempest.lib.common.rest_client [req-a7a8bb93-8148-4b7e-a1ab-0d5bb03503e5 req-a7a8bb93-8148-4b7e-a1ab-0d5bb03503e5 ] Request (VolumesAssistedSnapshotsTest:_run_cleanups): 200 GET http://10.180.1.21/volume/v3/volumes/116e2dee-d15c-4591-82ef-206e7f3f086e 0.028s
2024-12-10 21:18:55.308 65436 INFO tempest.common.waiters [-] volume 116e2dee-d15c-4591-82ef-206e7f3f086e reached available after waiting for 0.308038 seconds
2024-12-10 21:18:55.322 65389 INFO tempest.lib.common.rest_client [req-064f98ac-42d9-49d2-bf8d-8fd968f2b283 req-064f98ac-42d9-49d2-bf8d-8fd968f2b283 ] Request (ServersTestJSON:setUpClass): 200 GET http://10.180.1.21/compute/v2.1/servers/1751c8c5-854f-45f2-a559-95a4ccd0f578 0.087s
2024-12-10 21:18:55.344 65436 INFO tempest.lib.common.rest_client [req-996953a8-e3d2-40b2-8d09-5e3f357ae837 req-996953a8-e3d2-40b2-8d09-5e3f357ae837 ] Request (VolumesAssistedSnapshotsTest:_run_cleanups): 202 DELETE http://10.180.1.21/volume/v3/volumes/116e2dee-d15c-4591-82ef-206e7f3f086e 0.036s
2024-12-10 21:18:55.357 65375 INFO tempest.lib.common.rest_client [req-56a1259a-3f9f-4243-bd70-550719e131a0 req-56a1259a-3f9f-4243-bd70-550719e131a0 ] Request (ListServerFiltersTestJSON:setUpClass): 200 GET http://10.180.1.21/compute/v2.1/servers/892cb689-afd2-4995-880f-cef4186f2439 0.158s
2024-12-10 21:18:55.367 65405 INFO tempest.lib.common.rest_client [req-e93368c5-be1a-4401-b5df-4d409b55d2f0 req-e93368c5-be1a-4401-b5df-4d409b55d2f0 ] Request (AttachVolumeNegativeTest:test_attach_attached_volume_to_different_server): 200 GET http://10.180.1.21/compute/v2.1/servers/a6fd8ee3-7216-45c2-9169-93e5072bcc74 0.059s
2024-12-10 21:18:55.372 65436 INFO tempest.lib.common.rest_client [req-ad53a651-dedd-4eeb-afb2-e9965832d035 req-ad53a651-dedd-4eeb-afb2-e9965832d035 ] Request (VolumesAssistedSnapshotsTest:_run_cleanups): 200 GET http://10.180.1.21/volume/v3/volumes/116e2dee-d15c-4591-82ef-206e7f3f086e 0.027s
