2024-12-10 21:17:35.988 65395 INFO tempest.lib.common.rest_client [req-c198c1ce-0ac7-49df-b56f-a6c17a2a3ccc req-c198c1ce-0ac7-49df-b56f-a6c17a2a3ccc ] Request (ListImageFiltersTestJSON:setUpClass): 200 GET http://10.180.1.21/compute/v2.1/servers/d2bb2fd3-b11b-4e5f-8d2e-42ad631552fc 0.396s
2024-12-10 21:17:36.094 65397 INFO tempest.lib.common.rest_client [req-0fce73fa-8d83-42df-beda-ebbd629beecb req-0fce73fa-8d83-42df-beda-ebbd629beecb ] Request (InstanceActionsNegativeTestJSON:setUpClass): 200 GET http://10.180.1.21/compute/v2.1/servers/416dd54f-4444-458b-be82-3324c86fb5c9 0.360s
2024-12-10 21:17:36.123 65423 INFO tempest.lib.common.rest_client [req-2122a1ab-0efa-4557-a4b8-aa67135225a3 req-2122a1ab-0efa-4557-a4b8-aa67135225a3 ] Request (ServersTestManualDisk:setUpClass): 200 GET http://10.180.1.21/compute/v2.1/servers/e7cf29d2-4447-4acf-a14d-51806a352d75 0.583s
2024-12-10 21:17:36.141 65385 INFO tempest.lib.common.rest_client [req-96b66408-e696-46d5-828c-2b92f4519817 req-96b66408-e696-46d5-828c-2b92f4519817 ] Request (ImagesOneServerTestJSON:test_create_delete_image): 404 GET http://10.180.1.21/compute/v2.1/images/2f634bbf-d660-41af-a535-477094205221 0.352s
2024-12-10 21:17:36.147 65419 INFO tempest.lib.common.rest_client [req-3e3ea3b8-74b5-4c8b-a7c5-239a20ae24c1 req-3e3ea3b8-74b5-4c8b-a7c5-239a20ae24c1 ] Request (ServerTagsTestJSON:setUpClass): 200 GET http://10.180.1.21/compute/v2.1/servers/4efa4e8e-02c5-4bad-a716-21d294f28c26 0.412s
2024-12-10 21:17:36.194 65375 INFO tempest.lib.common.rest_client [req-6a131f1e-e7a1-416d-9a89-5672ab4abf24 req-6a131f1e-e7a1-416d-9a89-5672ab4abf24 ] Request (ListServerFiltersTestJSON:setUpClass): 200 GET http://10.180.1.21/compute/v2.1/servers/d6624485-5300-4a54-9893-690479dcd095 0.321s
2024-12-10 21:17:36.203 65407 INFO tempest.lib.common.rest_client [req-02c36c06-6ae9-4b90-90b1-cf356e50a1e3 req-02c36c06-6ae9-4b90-90b1-cf356e50a1e3 ] Request (DeleteServersTestJSON:test_delete_active_server): 200 GET http://10.180.1.21/compute/v2.1/servers/41c6290d-3110-4de7-bb44-190fd57478c6 0.400s
2024-12-10 21:17:36.229 65377 INFO tempest.lib.common.rest_client [req-38774e76-75e2-4bb9-844d-dffbbd5678be req-38774e76-75e2-4bb9-844d-dffbbd5678be ] Request (ImagesMetadataTestJSON:test_update_image_metadata): 200 GET http://10.180.1.21/compute/v2.1/images/8d8303de-4496-4930-b2ae-173da34ef2d9/metadata 0.304s
2024-12-10 21:17:36.293 65377 INFO tempest.lib.common.rest_client [req-3c54a75a-0422-40a0-8ef4-6ff3ce1cd2ec req-3c54a75a-0422-40a0-8ef4-6ff3ce1cd2ec ] Request (ImagesMetadataTestJSON:tearDownClass): 204 DELETE http://10.180.1.21/image/v2/images/8d8303de-4496-4930-b2ae-173da34ef2d9 0.061s
2024-12-10 21:17:36.310 65405 INFO tempest.lib.common.rest_client [req-acb7d600-8737-4e58-93c7-58e2d33c4220 req-acb7d600-8737-4e58-93c7-58e2d33c4220 ] Request (ServersAaction247Test:tearDownClass): 200 GET http://10.180.1.21/compute/v2.1/servers/beae7708-6ddc-422f-b429-d4e67588a172 0.358s
2024-12-10 21:17:36.349 65393 INFO tempest.lib.common.rest_client [req-e59efb8e-9558-4582-8f2a-c18c0e688a7c req-e59efb8e-9558-4582-8f2a-c18c0e688a7c ] Request (ServersTestJSON:test_create_server_specify_multibyte_character_name): 200 GET http://10.180.1.21/compute/v2.1/servers/cad0a47a-d332-400d-a662-8b0089e6d803 0.475s
2024-12-10 21:17:36.359 65393 INFO tempest.common.waiters [-] State transition "BUILD/spawning" ==> "ACTIVE/None" after 45 second wait
2024-12-10 21:17:36.372 65433 INFO tempest.lib.common.rest_client [req-a20d1b50-b712-4d35-afa8-f1d75408d7cc req-a20d1b50-b712-4d35-afa8-f1d75408d7cc ] Request (ServersTestMultiNic:test_verify_duplicate_network_nics): 200 GET http://10.180.1.21/compute/v2.1/servers/7d92bde5-1e58-493a-9b90-e18a83fde582 0.407s
2024-12-10 21:17:36.416 65429 INFO tempest.lib.common.rest_client [req-d30e246a-6d30-4826-8673-d599e80ed12a req-d30e246a-6d30-4826-8673-d599e80ed12a ] Request (ServerRescueTestJSON:setUpClass): 200 GET http://10.180.1.21/compute/v2.1/servers/3388fd22-865a-4cf7-9912-af8ca03ed930 0.388s
2024-12-10 21:17:36.442 65401 INFO tempest.lib.common.rest_client [req-35284628-f47d-4843-8aa2-ec6def0ac1c9 req-35284628-f47d-4843-8aa2-ec6def0ac1c9 ] Request (AttachInterfacesV270Test:test_create_get_list_interfaces): 200 GET http://10.180.1.21/compute/v2.1/servers/af53eb4c-6e15-4a65-8555-a8966e2e887c 0.341s
2024-12-10 21:17:36.446 65377 INFO tempest.lib.common.rest_client [req-9dbc8717-7c92-4ede-808d-c5c44a522e46 req-9dbc8717-7c92-4ede-808d-c5c44a522e46 ] Request (ImagesMetadataTestJSON:tearDownClass): 204 DELETE http://10.180.1.21/identity/v3/users/84bcf64b0cc14697b56172846a82877f 0.153s
2024-12-10 21:17:36.447 65377 INFO tempest.lib.common.dynamic_creds [-] Deleting project and security group for project: 95d053548c314e55b6b8c0c75c6cc0fb
2024-12-10 21:17:36.448 65393 INFO tempest.lib.common.rest_client [req-2c78f573-ecc9-4f9a-98c4-0cfce37fa0f7 req-2c78f573-ecc9-4f9a-98c4-0cfce37fa0f7 ] Request (ServersTestJSON:test_create_server_with_admin_password): 201 POST http://10.180.1.21/identity/v3/auth/tokens 0.083s
2024-12-10 21:17:36.448 65393 INFO tempest.lib.common.fixed_network [-] (ServersTestJSON:test_create_server_with_admin_password) Found network {'id': 'b73bc034-c681-4cfa-ac40-af8c74188987', 'name': 'tempest-ServersTestJSON-1784025979-network', 'tenant_id': '8559dc16cfa84e6da85ef374be1af41b', 'admin_state_up': True, 'mtu': 8950, 'status': 'ACTIVE', 'subnets': [], 'shared': False, 'project_id': '8559dc16cfa84e6da85ef374be1af41b', 'port_security_enabled': True, 'router:external': False, 'provider:network_type': 'vlan', 'provider:physical_network': 'default', 'provider:segmentation_id': 795, 'availability_zone_hints': [], 'availability_zones': [], 'ipv4_address_scope': None, 'ipv6_address_scope': None, 'description': '', 'tags': [], 'created_at': '2024-12-10T21:16:43Z', 'updated_at': '2024-12-10T21:16:43Z', 'revision_number': 1} available for tenant
2024-12-10 21:17:36.494 65427 INFO tempest.lib.common.rest_client [req-73962cdc-c940-4997-8863-b846ed48e700 req-73962cdc-c940-4997-8863-b846ed48e700 ] Request (ServersTestBootFromVolume:setUpClass): 200 GET http://10.180.1.21/volume/v3/volumes/bcf196f7-8a61-4087-bc43-062d6be084fc 0.046s
2024-12-10 21:17:36.532 65377 INFO tempest.lib.common.rest_client [req-9d84d8ff-17a5-41b7-9646-fb52b73528d3 req-9d84d8ff-17a5-41b7-9646-fb52b73528d3 ] Request (ImagesMetadataTestJSON:tearDownClass): 201 POST http://10.180.1.21/identity/v3/auth/tokens 0.085s
2024-12-10 21:17:36.594 65411 INFO tempest.lib.common.rest_client [req-8d0460c5-4c2c-4d1b-9a16-da55aa3c6ac0 req-8d0460c5-4c2c-4d1b-9a16-da55aa3c6ac0 ] Request (MigrationsAdminTest:test_list_migrations_in_flavor_resize_situation): 200 GET http://10.180.1.21/compute/v2.1/servers/59f30b3f-5286-4d90-b726-011e419fca2a 0.469s
2024-12-10 21:17:36.601 65411 INFO tempest.common.waiters [-] State transition "RESIZE/resize_finish" ==> "VERIFY_RESIZE/None" after 40 second wait
2024-12-10 21:17:36.670 65425 INFO tempest.lib.common.rest_client [req-30330f95-a5ab-4be5-989f-2117dab36df4 req-30330f95-a5ab-4be5-989f-2117dab36df4 ] Request (ServerActionsTestOtherB:setUpClass): 200 GET http://10.180.1.21/compute/v2.1/servers/92528be1-55ff-40e4-9404-99a4db7766c5 0.483s
2024-12-10 21:17:36.704 65403 INFO tempest.lib.common.rest_client [req-b963c79f-fb3c-4943-bee6-73ce48b6fdd3 req-b963c79f-fb3c-4943-bee6-73ce48b6fdd3 ] Request (ListServersNegativeTestJSON:setUpClass): 200 PUT http://10.180.1.21:9696/networking/v2.0/routers/eba8ad79-38a8-4639-bcdb-db507073802b/add_router_interface 1.412s
2024-12-10 21:17:36.705 65403 INFO tempest.lib.common.dynamic_creds [-] Created isolated network resources for: credentials: Credentials: {'domain_id': 'default', 'domain_name': 'Default', 'username': 'tempest-ListServersNegativeTestJSON-290548387-project-member', 'project_domain_id': 'default', 'project_domain_name': 'Default', 'project_id': '83e5458bfa6f4b1eb9214b1dbc8dc0b2', 'project_name': 'tempest-ListServersNegativeTestJSON-290548387', 'tenant_id': '83e5458bfa6f4b1eb9214b1dbc8dc0b2', 'tenant_name': 'tempest-ListServersNegativeTestJSON-290548387', 'user_domain_id': 'default', 'user_domain_name': 'Default', 'user_id': '22bb7b42b3da4db58c21e1e8cadd8bd3', 'system': None}, Network: {'id': '7bf6d83f-1d0f-45d0-a300-aec8712f0ef6', 'name': 'tempest-ListServersNegativeTestJSON-2076135660-network', 'tenant_id': '83e5458bfa6f4b1eb9214b1dbc8dc0b2', 'admin_state_up': True, 'mtu': 8950, 'status': 'ACTIVE', 'subnets': [], 'shared': False, 'project_id': '83e5458bfa6f4b1eb9214b1dbc8dc0b2', 'port_security_enabled': True, 'router:external': False, 'provider:network_type': 'vlan', 'provider:physical_network': 'default', 'provider:segmentation_id': 188, 'availability_zone_hints': [], 'availability_zones': [], 'ipv4_address_scope': None, 'ipv6_address_scope': None, 'description': '', 'tags': [], 'created_at': '2024-12-10T21:17:33Z', 'updated_at': '2024-12-10T21:17:33Z', 'revision_number': 1}, Subnet: {'id': 'fee101bb-3215-4acc-95a3-6c3fc04ddd81', 'name': 'tempest-ListServersNegativeTestJSON-2076135660-subnet', 'tenant_id': '83e5458bfa6f4b1eb9214b1dbc8dc0b2', 'network_id': '7bf6d83f-1d0f-45d0-a300-aec8712f0ef6', 'ip_version': 4, 'subnetpool_id': None, 'enable_dhcp': True, 'ipv6_ra_mode': None, 'ipv6_address_mode': None, 'gateway_ip': '192.168.128.1', 'cidr': '192.168.128.0/28', 'allocation_pools': [{'start': '192.168.128.2', 'end': '192.168.128.14'}], 'host_routes': [], 'dns_nameservers': [], 'description': '', 'router:external': False, 'service_types': [], 'tags': [], 'created_at': '2024-12-10T21:17:34Z', 'updated_at': '2024-12-10T21:17:34Z', 'revision_number': 0, 'project_id': '83e5458bfa6f4b1eb9214b1dbc8dc0b2'}, Router: {'id': 'eba8ad79-38a8-4639-bcdb-db507073802b', 'name': 'tempest-ListServersNegativeTestJSON-2076135660-router', 'tenant_id': '83e5458bfa6f4b1eb9214b1dbc8dc0b2', 'admin_state_up': True, 'status': 'ACTIVE', 'external_gateway_info': {'network_id': '58220cf0-baa9-4eab-9017-ce887fc585ff', 'external_fixed_ips': [{'subnet_id': '17481956-8957-4bbc-9b08-0fbeb16785dc', 'ip_address': '10.180.180.226'}], 'enable_snat': True}, 'description': '', 'availability_zones': [], 'distributed': False, 'ha': False, 'availability_zone_hints': [], 'routes': [], 'flavor_id': None, 'tags': [], 'created_at': '2024-12-10T21:17:34Z', 'updated_at': '2024-12-10T21:17:34Z', 'revision_number': 2, 'project_id': '83e5458bfa6f4b1eb9214b1dbc8dc0b2'}
2024-12-10 21:17:36.751 65415 INFO tempest.lib.common.rest_client [req-ce994cda-f7bf-4b70-9858-53686200f420 req-ce994cda-f7bf-4b70-9858-53686200f420 ] Request (ServerDiagnosticsV248Test:tearDownClass): 200 GET http://10.180.1.21/compute/v2.1/servers/845622fb-182f-422b-a2c6-9a1238bb1fda 0.553s
2024-12-10 21:17:36.793 65403 INFO tempest.lib.common.rest_client [req-bece5006-2faf-4b6a-983f-892f61f825d8 req-bece5006-2faf-4b6a-983f-892f61f825d8 ] Request (ListServersNegativeTestJSON:setUpClass): 201 POST http://10.180.1.21/identity/v3/auth/tokens 0.085s
2024-12-10 21:17:36.823 65389 INFO tempest.lib.common.rest_client [req-1d237bf9-7200-49b3-b3f2-c5f529cc30c8 req-1d237bf9-7200-49b3-b3f2-c5f529cc30c8 ] Request (ServerExternalEventsTest:tearDownClass): 200 GET http://10.180.1.21/compute/v2.1/servers/3a55b2e6-a884-4dda-a9d4-9e63182c8ffa 0.577s
2024-12-10 21:17:36.830 65403 INFO tempest.lib.common.rest_client [req-501d751a-0f58-4944-8b87-d47dfd5e7bcf req-501d751a-0f58-4944-8b87-d47dfd5e7bcf ] Request (ListServersNegativeTestJSON:setUpClass): 201 POST http://10.180.1.21/identity/v3/auth/tokens 0.034s
2024-12-10 21:17:36.831 65403 INFO tempest.lib.common.fixed_network [-] (ListServersNegativeTestJSON:setUpClass) Found network {'id': '7bf6d83f-1d0f-45d0-a300-aec8712f0ef6', 'name': 'tempest-ListServersNegativeTestJSON-2076135660-network', 'tenant_id': '83e5458bfa6f4b1eb9214b1dbc8dc0b2', 'admin_state_up': True, 'mtu': 8950, 'status': 'ACTIVE', 'subnets': [], 'shared': False, 'project_id': '83e5458bfa6f4b1eb9214b1dbc8dc0b2', 'port_security_enabled': True, 'router:external': False, 'provider:network_type': 'vlan', 'provider:physical_network': 'default', 'provider:segmentation_id': 188, 'availability_zone_hints': [], 'availability_zones': [], 'ipv4_address_scope': None, 'ipv6_address_scope': None, 'description': '', 'tags': [], 'created_at': '2024-12-10T21:17:33Z', 'updated_at': '2024-12-10T21:17:33Z', 'revision_number': 1} available for tenant
2024-12-10 21:17:36.850 65377 INFO tempest.lib.common.rest_client [req-40303bd7-0ff4-46b0-83bf-3460dbe13f7d req-40303bd7-0ff4-46b0-83bf-3460dbe13f7d ] Request (ImagesMetadataTestJSON:tearDownClass): 200 GET http://10.180.1.21:9696/networking/v2.0/security-groups?tenant_id=95d053548c314e55b6b8c0c75c6cc0fb&name=default 0.318s
2024-12-10 21:17:36.900 65381 INFO tempest.lib.common.rest_client [req-de5e6307-3d5c-4cd6-b4a2-070c8e89febe req-de5e6307-3d5c-4cd6-b4a2-070c8e89febe ] Request (ServersAdmin275Test:test_rebuild_update_server_275): 200 GET http://10.180.1.21/compute/v2.1/servers/a6a860ad-919e-4184-9850-79316658b946 0.585s
2024-12-10 21:17:36.915 65385 INFO tempest.lib.common.rest_client [req-ab72b8ed-c91d-4c7c-b014-dbc00045430e req-ab72b8ed-c91d-4c7c-b014-dbc00045430e ] Request (ImagesOneServerTestJSON:test_create_image_specify_multibyte_character_image_name): 202 POST http://10.180.1.21/compute/v2.1/servers/fcf611a3-a07e-4d1c-8a39-c02357bd9f30/action 0.772s
2024-12-10 21:17:36.970 65431 INFO tempest.lib.common.rest_client [req-5f5e1b04-6b2e-459a-9939-b83c6d377379 req-5f5e1b04-6b2e-459a-9939-b83c6d377379 ] Request (ServersAdminTestJSON:test_create_server_with_scheduling_hint): 200 GET http://10.180.1.21/compute/v2.1/servers/0da9b618-9d28-4028-a42b-fa3b9661cb6c 0.469s
2024-12-10 21:17:36.970 65377 INFO tempest.lib.common.rest_client [req-1ece47b4-df86-462a-9daf-064ae8286b9a req-1ece47b4-df86-462a-9daf-064ae8286b9a ] Request (ImagesMetadataTestJSON:tearDownClass): 204 DELETE http://10.180.1.21:9696/networking/v2.0/security-groups/d09a75ed-59cc-48c6-a584-bd6d20698c9e 0.119s
2024-12-10 21:17:36.982 65431 INFO tempest.common.waiters [-] State transition "BUILD/scheduling" ==> "BUILD/None" after 23 second wait
2024-12-10 21:17:37.050 65377 INFO tempest.lib.common.rest_client [req-39e39a33-d3cd-4b0d-acd5-f9dc2f3be04f req-39e39a33-d3cd-4b0d-acd5-f9dc2f3be04f ] Request (ImagesMetadataTestJSON:tearDownClass): 204 DELETE http://10.180.1.21/identity/v3/projects/95d053548c314e55b6b8c0c75c6cc0fb 0.079s
2024-12-10 21:17:37.079 65387 INFO tempest.lib.common.rest_client [req-f44c8f68-29d7-4b6f-97b8-0d27004e6f41 req-f44c8f68-29d7-4b6f-97b8-0d27004e6f41 ] Request (ServersAdminNegativeTestJSON:test_migrate_server_invalid_state): 200 GET http://10.180.1.21/compute/v2.1/servers/3d3de8fe-5189-4105-bc80-566c5307922e 0.536s
2024-12-10 21:17:37.086 65387 INFO tempest.common.waiters [-] State transition "BUILD/block_device_mapping" ==> "BUILD/spawning" after 42 second wait
2024-12-10 21:17:37.129 65377 INFO tempest.lib.common.rest_client [req-790c25ea-c27e-4898-82df-a05123d3656c req-790c25ea-c27e-4898-82df-a05123d3656c ] Request (ServerRescueTestJSONUnderV235:setUpClass): 201 POST http://10.180.1.21/identity/v3/auth/tokens 0.078s
2024-12-10 21:17:37.153 65437 INFO tempest.lib.common.rest_client [req-33bf3475-824a-4a77-808a-b9ed927e5179 req-33bf3475-824a-4a77-808a-b9ed927e5179 ] Request (ServerShowV257Test:test_rebuild_server): 200 GET http://10.180.1.21/compute/v2.1/servers/5d9196da-9f8c-43d4-b031-023fd76183d2 0.578s
2024-12-10 21:17:37.178 65377 INFO tempest.lib.common.rest_client [req-096fbc8a-1232-403a-8138-dafa22e81c37 req-096fbc8a-1232-403a-8138-dafa22e81c37 ] Request (ServerRescueTestJSONUnderV235:setUpClass): 201 POST http://10.180.1.21/identity/v3/auth/tokens 0.043s
2024-12-10 21:17:37.206 65377 INFO tempest.lib.common.rest_client [req-0c45298a-5c77-4f28-b59b-0b459f6bf6bc req-0c45298a-5c77-4f28-b59b-0b459f6bf6bc ] Request (ServerRescueTestJSONUnderV235:setUpClass): 200 GET http://10.180.1.21/identity/v3/domains?name=Default 0.028s
2024-12-10 21:17:37.217 65411 INFO tempest.lib.common.rest_client [req-54624374-9c34-472b-a6ef-9a51d91811ee req-54624374-9c34-472b-a6ef-9a51d91811ee ] Request (MigrationsAdminTest:test_list_migrations_in_flavor_resize_situation): 204 POST http://10.180.1.21/compute/v2.1/servers/59f30b3f-5286-4d90-b726-011e419fca2a/action 0.615s
2024-12-10 21:17:37.239 65377 INFO tempest.lib.common.rest_client [req-142c15eb-a4b9-46df-be46-9c4403e3cc28 req-142c15eb-a4b9-46df-be46-9c4403e3cc28 ] Request (ServerRescueTestJSONUnderV235:setUpClass): 201 POST http://10.180.1.21/identity/v3/projects 0.032s
2024-12-10 21:17:37.296 65393 INFO tempest.lib.common.rest_client [req-096303d0-344d-4440-ae24-13fcaa7cef36 req-096303d0-344d-4440-ae24-13fcaa7cef36 ] Request (ServersTestJSON:test_create_server_with_admin_password): 202 POST http://10.180.1.21/compute/v2.1/servers 0.847s
2024-12-10 21:17:37.303 65377 INFO tempest.lib.common.rest_client [req-7e4049a8-96af-4b87-bb7d-3c918b324638 req-7e4049a8-96af-4b87-bb7d-3c918b324638 ] Request (ServerRescueTestJSONUnderV235:setUpClass): 201 POST http://10.180.1.21/identity/v3/users 0.063s
2024-12-10 21:17:37.328 65377 INFO tempest.lib.common.rest_client [req-fd1f7f1a-d7cd-42e9-b717-0cf59e70ae30 req-fd1f7f1a-d7cd-42e9-b717-0cf59e70ae30 ] Request (ServerRescueTestJSONUnderV235:setUpClass): 200 GET http://10.180.1.21/identity/v3/roles 0.025s
2024-12-10 21:17:37.355 65377 INFO tempest.lib.common.rest_client [req-ad9196df-933f-443c-9cff-0c4bb6c4e8d3 req-ad9196df-933f-443c-9cff-0c4bb6c4e8d3 ] Request (ServerRescueTestJSONUnderV235:setUpClass): 204 PUT http://10.180.1.21/identity/v3/projects/c807ce4add4d4736b61527ea1a778a6d/users/4e6ba4c8485e4aa3a21a811d9d590be0/roles/2c9c87fe66db4c1fac5e5ee757abd1f0 0.026s
2024-12-10 21:17:37.355 65377 INFO tempest.lib.common.dynamic_creds [-] Dynamic test user 4e6ba4c8485e4aa3a21a811d9d590be0 is created with scope project and roles: ['member']
2024-12-10 21:17:37.355 65377 INFO tempest.lib.common.dynamic_creds [-] Acquired dynamic creds: credentials: Credentials: {'domain_id': 'default', 'domain_name': 'Default', 'username': 'tempest-ServerRescueTestJSONUnderV235-1591945795-project-member', 'project_domain_id': 'default', 'project_domain_name': 'Default', 'project_id': 'c807ce4add4d4736b61527ea1a778a6d', 'project_name': 'tempest-ServerRescueTestJSONUnderV235-1591945795', 'tenant_id': 'c807ce4add4d4736b61527ea1a778a6d', 'tenant_name': 'tempest-ServerRescueTestJSONUnderV235-1591945795', 'user_domain_id': 'default', 'user_domain_name': 'Default', 'user_id': '4e6ba4c8485e4aa3a21a811d9d590be0', 'system': None}, Network: None, Subnet: None, Router: None
2024-12-10 21:17:37.371 65383 INFO tempest.lib.common.rest_client [req-f02ab45f-164e-4161-8d24-b14a7f94cfe9 req-f02ab45f-164e-4161-8d24-b14a7f94cfe9 ] Request (FloatingIPsAssociationNegativeTestJSON:tearDownClass): 200 GET http://10.180.1.21/compute/v2.1/servers/a7259360-260a-49cb-b673-c5d33cebf48f 0.727s
2024-12-10 21:17:37.418 65377 INFO tempest.lib.common.rest_client [req-12f022cf-bd9c-4580-91ee-046d9a3346c1 req-12f022cf-bd9c-4580-91ee-046d9a3346c1 ] Request (ServerRescueTestJSONUnderV235:setUpClass): 201 POST http://10.180.1.21/identity/v3/auth/tokens 0.062s
2024-12-10 21:17:37.423 65421 INFO tempest.lib.common.rest_client [req-f23323d2-0210-48f4-9dfd-8aa308ee185a req-f23323d2-0210-48f4-9dfd-8aa308ee185a ] Request (ImagesOneServerNegativeTestJSON:setUpClass): 200 GET http://10.180.1.21/compute/v2.1/servers/9daab8ae-8d10-4349-aafe-b5e00459521c 0.738s
2024-12-10 21:17:37.475 65409 INFO tempest.lib.common.rest_client [req-86c43058-d50b-464f-9f4b-ced1f2bbeadd req-86c43058-d50b-464f-9f4b-ced1f2bbeadd ] Request (DeleteServersAdminTestJSON:test_delete_server_while_in_error_state): 200 GET http://10.180.1.21/compute/v2.1/servers/278be240-4d07-4131-a893-f21a445a0caf 0.777s
2024-12-10 21:17:37.481 65379 INFO tempest.lib.common.rest_client [req-f01931bc-b37a-468b-bbe1-4db688acaf9e req-f01931bc-b37a-468b-bbe1-4db688acaf9e ] Request (SecurityGroupsTestJSON:test_list_security_groups_by_server): 200 GET http://10.180.1.21/compute/v2.1/servers/c240dc64-3b62-4f4f-a8a5-7cd9fb816dcc 0.867s
2024-12-10 21:17:37.518 65385 INFO tempest.lib.common.rest_client [req-7a306f7b-00ca-4f24-9fb5-4f080a5f1983 req-7a306f7b-00ca-4f24-9fb5-4f080a5f1983 ] Request (ImagesOneServerTestJSON:test_create_image_specify_multibyte_character_image_name): 200 GET http://10.180.1.21/compute/v2.1/images/69e30e91-7699-4274-a8fa-e0173dddc8e7 0.601s
2024-12-10 21:17:37.529 65427 INFO tempest.lib.common.rest_client [req-d8f67038-15e9-4225-94e0-d8a2cd88e7f7 req-d8f67038-15e9-4225-94e0-d8a2cd88e7f7 ] Request (ServersTestBootFromVolume:setUpClass): 200 GET http://10.180.1.21/volume/v3/volumes/bcf196f7-8a61-4087-bc43-062d6be084fc 0.025s
2024-12-10 21:17:37.601 65395 INFO tempest.lib.common.rest_client [req-703ada09-0ef7-4fcf-a213-72fa90649411 req-703ada09-0ef7-4fcf-a213-72fa90649411 ] Request (ListImageFiltersTestJSON:setUpClass): 200 GET http://10.180.1.21/compute/v2.1/servers/d2bb2fd3-b11b-4e5f-8d2e-42ad631552fc 0.605s
2024-12-10 21:17:37.714 65397 INFO tempest.lib.common.rest_client [req-9d6aac8a-6105-490d-b3bf-9edbe0a27916 req-9d6aac8a-6105-490d-b3bf-9edbe0a27916 ] Request (InstanceActionsNegativeTestJSON:setUpClass): 200 GET http://10.180.1.21/compute/v2.1/servers/416dd54f-4444-458b-be82-3324c86fb5c9 0.611s
2024-12-10 21:17:37.800 65377 INFO tempest.lib.common.rest_client [req-5078a9af-66ca-428b-a412-4983dd6bf5c8 req-5078a9af-66ca-428b-a412-4983dd6bf5c8 ] Request (ServerRescueTestJSONUnderV235:setUpClass): 201 POST http://10.180.1.21:9696/networking/v2.0/networks 0.382s
2024-12-10 21:17:37.865 65423 INFO tempest.lib.common.rest_client [req-10849091-1eb9-4485-9f1b-b8d8ff8d9dd5 req-10849091-1eb9-4485-9f1b-b8d8ff8d9dd5 ] Request (ServersTestManualDisk:setUpClass): 200 GET http://10.180.1.21/compute/v2.1/servers/e7cf29d2-4447-4acf-a14d-51806a352d75 0.732s
2024-12-10 21:17:37.937 65419 INFO tempest.lib.common.rest_client [req-4edd896f-6b64-4fd3-8d31-76f7cec15243 req-4edd896f-6b64-4fd3-8d31-76f7cec15243 ] Request (ServerTagsTestJSON:setUpClass): 200 GET http://10.180.1.21/compute/v2.1/servers/4efa4e8e-02c5-4bad-a716-21d294f28c26 0.780s
2024-12-10 21:17:37.978 65403 INFO tempest.lib.common.rest_client [req-081a4e92-a233-4693-82b7-fc7b8c4227f3 req-081a4e92-a233-4693-82b7-fc7b8c4227f3 ] Request (ListServersNegativeTestJSON:setUpClass): 202 POST http://10.180.1.21/compute/v2.1/servers 1.145s
2024-12-10 21:17:38.000 65375 INFO tempest.lib.common.rest_client [req-ef8c6125-a26a-492f-a4fe-e021865d3fd9 req-ef8c6125-a26a-492f-a4fe-e021865d3fd9 ] Request (ListServerFiltersTestJSON:setUpClass): 200 GET http://10.180.1.21/compute/v2.1/servers/d6624485-5300-4a54-9893-690479dcd095 0.798s
2024-12-10 21:17:38.049 65407 INFO tempest.lib.common.rest_client [req-038b461f-c10f-49d1-bfb9-f6d080364ed3 req-038b461f-c10f-49d1-bfb9-f6d080364ed3 ] Request (DeleteServersTestJSON:test_delete_active_server): 200 GET http://10.180.1.21/compute/v2.1/servers/41c6290d-3110-4de7-bb44-190fd57478c6 0.834s
2024-12-10 21:17:38.062 65377 INFO tempest.lib.common.rest_client [req-2e675eb3-f55d-434b-a843-82cc60ad5635 req-2e675eb3-f55d-434b-a843-82cc60ad5635 ] Request (ServerRescueTestJSONUnderV235:setUpClass): 201 POST http://10.180.1.21:9696/networking/v2.0/subnets 0.262s
2024-12-10 21:17:38.114 65411 INFO tempest.lib.common.rest_client [req-83d76680-2c6f-4a9c-8eac-36225b05cda8 req-83d76680-2c6f-4a9c-8eac-36225b05cda8 ] Request (MigrationsAdminTest:test_list_migrations_in_flavor_resize_situation): 200 GET http://10.180.1.21/compute/v2.1/servers/59f30b3f-5286-4d90-b726-011e419fca2a 0.896s
2024-12-10 21:17:38.185 65405 INFO tempest.lib.common.rest_client [req-0c2a945b-e634-4da0-8409-1242f1b45b4a req-0c2a945b-e634-4da0-8409-1242f1b45b4a ] Request (ServersAaction247Test:tearDownClass): 200 GET http://10.180.1.21/compute/v2.1/servers/beae7708-6ddc-422f-b429-d4e67588a172 0.864s
2024-12-10 21:17:38.264 65433 INFO tempest.lib.common.rest_client [req-5b64a86c-47b8-4cfb-8e1e-547e4e86c5cd req-5b64a86c-47b8-4cfb-8e1e-547e4e86c5cd ] Request (ServersTestMultiNic:test_verify_duplicate_network_nics): 200 GET http://10.180.1.21/compute/v2.1/servers/7d92bde5-1e58-493a-9b90-e18a83fde582 0.878s
2024-12-10 21:17:38.293 65393 INFO tempest.lib.common.rest_client [req-ff8aac32-8f99-416b-a0fa-6424fc9ed5ca req-ff8aac32-8f99-416b-a0fa-6424fc9ed5ca ] Request (ServersTestJSON:_run_cleanups): 204 DELETE http://10.180.1.21/compute/v2.1/servers/73325446-0719-4e58-ade7-9a0dfcd4f659 0.994s
2024-12-10 21:17:38.297 65436 WARNING tempest.lib.common.ssh [-] Failed to establish authenticated ssh connection to cirros@10.180.180.149 ([Errno None] Unable to connect to port 22 on 10.180.180.149). Number attempts: 5. Retry after 6 seconds.: paramiko.ssh_exception.NoValidConnectionsError: [Errno None] Unable to connect to port 22 on 10.180.180.149
2024-12-10 21:17:38.356 65429 INFO tempest.lib.common.rest_client [req-8e0ae4f6-e5f4-4864-af8c-4acfe2fc74c7 req-8e0ae4f6-e5f4-4864-af8c-4acfe2fc74c7 ] Request (ServerRescueTestJSON:setUpClass): 200 GET http://10.180.1.21/compute/v2.1/servers/3388fd22-865a-4cf7-9912-af8ca03ed930 0.931s
2024-12-10 21:17:38.381 65401 INFO tempest.lib.common.rest_client [req-b21d2f7a-e949-4373-a1f9-da49e90b7b60 req-b21d2f7a-e949-4373-a1f9-da49e90b7b60 ] Request (AttachInterfacesV270Test:test_create_get_list_interfaces): 200 GET http://10.180.1.21/compute/v2.1/servers/af53eb4c-6e15-4a65-8555-a8966e2e887c 0.924s
2024-12-10 21:17:38.415 65425 INFO tempest.lib.common.rest_client [req-8185449e-5798-465e-b3f1-f956cf3fc809 req-8185449e-5798-465e-b3f1-f956cf3fc809 ] Request (ServerActionsTestOtherB:setUpClass): 200 GET http://10.180.1.21/compute/v2.1/servers/92528be1-55ff-40e4-9404-99a4db7766c5 0.738s
2024-12-10 21:17:38.452 65415 INFO tempest.lib.common.rest_client [req-f8bcec9e-1786-4c77-9eff-5756f6aa4fd5 req-f8bcec9e-1786-4c77-9eff-5756f6aa4fd5 ] Request (ServerDiagnosticsV248Test:tearDownClass): 200 GET http://10.180.1.21/compute/v2.1/servers/845622fb-182f-422b-a2c6-9a1238bb1fda 0.692s
2024-12-10 21:17:38.488 65389 INFO tempest.lib.common.rest_client [req-e73ae03c-ef0f-427c-b5df-2c3061df0c26 req-e73ae03c-ef0f-427c-b5df-2c3061df0c26 ] Request (ServerExternalEventsTest:tearDownClass): 200 GET http://10.180.1.21/compute/v2.1/servers/3a55b2e6-a884-4dda-a9d4-9e63182c8ffa 0.653s
2024-12-10 21:17:38.528 65381 INFO tempest.lib.common.rest_client [req-cf85dd01-4d78-4872-a519-02db23b4974f req-cf85dd01-4d78-4872-a519-02db23b4974f ] Request (ServersAdmin275Test:test_rebuild_update_server_275): 200 GET http://10.180.1.21/compute/v2.1/servers/a6a860ad-919e-4184-9850-79316658b946 0.618s
2024-12-10 21:17:38.571 65427 INFO tempest.lib.common.rest_client [req-de042387-732e-46c2-9b4f-40c8e34c94b7 req-de042387-732e-46c2-9b4f-40c8e34c94b7 ] Request (ServersTestBootFromVolume:setUpClass): 200 GET http://10.180.1.21/volume/v3/volumes/bcf196f7-8a61-4087-bc43-062d6be084fc 0.034s
2024-12-10 21:17:38.579 65431 INFO tempest.lib.common.rest_client [req-b272ea5a-c60d-46b3-9221-cebdc7af4aa1 req-b272ea5a-c60d-46b3-9221-cebdc7af4aa1 ] Request (ServersAdminTestJSON:test_create_server_with_scheduling_hint): 200 GET http://10.180.1.21/compute/v2.1/servers/0da9b618-9d28-4028-a42b-fa3b9661cb6c 0.596s
2024-12-10 21:17:38.595 65403 INFO tempest.lib.common.rest_client [req-b69d64ab-c90c-4ce1-a981-e12d21831326 req-b69d64ab-c90c-4ce1-a981-e12d21831326 ] Request (ListServersNegativeTestJSON:setUpClass): 200 GET http://10.180.1.21/compute/v2.1/servers 0.615s
2024-12-10 21:17:38.646 65437 INFO tempest.lib.common.rest_client [req-a85fac28-89f1-4d90-ab70-2e00663b7f89 req-a85fac28-89f1-4d90-ab70-2e00663b7f89 ] Request (ServerShowV257Test:test_rebuild_server): 200 GET http://10.180.1.21/compute/v2.1/servers/5d9196da-9f8c-43d4-b031-023fd76183d2 0.476s
2024-12-10 21:17:38.670 65393 INFO tempest.lib.common.rest_client [req-ec297213-a868-46bc-bc5e-a0ee34d31839 req-ec297213-a868-46bc-bc5e-a0ee34d31839 ] Request (ServersTestJSON:_run_cleanups): 404 GET http://10.180.1.21/compute/v2.1/servers/73325446-0719-4e58-ade7-9a0dfcd4f659 0.376s
2024-12-10 21:17:38.726 65387 INFO tempest.lib.common.rest_client [req-ad715c81-f517-47ab-9c5f-97ac2711afe9 req-ad715c81-f517-47ab-9c5f-97ac2711afe9 ] Request (ServersAdminNegativeTestJSON:test_migrate_server_invalid_state): 200 GET http://10.180.1.21/compute/v2.1/servers/3d3de8fe-5189-4105-bc80-566c5307922e 0.638s
2024-12-10 21:17:38.753 65383 INFO tempest.lib.common.rest_client [req-4c4e6814-ba86-4028-80a4-4eff1bb87257 req-4c4e6814-ba86-4028-80a4-4eff1bb87257 ] Request (FloatingIPsAssociationNegativeTestJSON:tearDownClass): 200 GET http://10.180.1.21/compute/v2.1/servers/a7259360-260a-49cb-b673-c5d33cebf48f 0.371s
2024-12-10 21:17:38.759 65393 INFO tempest.lib.common.rest_client [req-7e896088-7fed-4fb9-a832-94c506f5f84b req-7e896088-7fed-4fb9-a832-94c506f5f84b ] Request (ServersTestJSON:test_create_server_with_ipv6_addr_only): 201 POST http://10.180.1.21/identity/v3/auth/tokens 0.085s
2024-12-10 21:17:38.759 65393 INFO tempest.lib.common.fixed_network [-] (ServersTestJSON:test_create_server_with_ipv6_addr_only) Found network {'id': 'b73bc034-c681-4cfa-ac40-af8c74188987', 'name': 'tempest-ServersTestJSON-1784025979-network', 'tenant_id': '8559dc16cfa84e6da85ef374be1af41b', 'admin_state_up': True, 'mtu': 8950, 'status': 'ACTIVE', 'subnets': [], 'shared': False, 'project_id': '8559dc16cfa84e6da85ef374be1af41b', 'port_security_enabled': True, 'router:external': False, 'provider:network_type': 'vlan', 'provider:physical_network': 'default', 'provider:segmentation_id': 795, 'availability_zone_hints': [], 'availability_zones': [], 'ipv4_address_scope': None, 'ipv6_address_scope': None, 'description': '', 'tags': [], 'created_at': '2024-12-10T21:16:43Z', 'updated_at': '2024-12-10T21:16:43Z', 'revision_number': 1} available for tenant
2024-12-10 21:17:38.801 65421 INFO tempest.lib.common.rest_client [req-46897b90-cf1e-4fa2-af41-42fc7ea3b8a0 req-46897b90-cf1e-4fa2-af41-42fc7ea3b8a0 ] Request (ImagesOneServerNegativeTestJSON:setUpClass): 200 GET http://10.180.1.21/compute/v2.1/servers/9daab8ae-8d10-4349-aafe-b5e00459521c 0.365s
2024-12-10 21:17:38.813 65409 INFO tempest.lib.common.rest_client [req-9e8e8c60-94f0-4887-946b-c6e45d3317b1 req-9e8e8c60-94f0-4887-946b-c6e45d3317b1 ] Request (DeleteServersAdminTestJSON:test_delete_server_while_in_error_state): 200 GET http://10.180.1.21/compute/v2.1/servers/278be240-4d07-4131-a893-f21a445a0caf 0.329s
2024-12-10 21:17:38.849 65385 INFO tempest.lib.common.rest_client [req-ceffdef8-39e0-48f1-bf70-eb38f927d6b3 req-ceffdef8-39e0-48f1-bf70-eb38f927d6b3 ] Request (ImagesOneServerTestJSON:test_create_image_specify_multibyte_character_image_name): 200 GET http://10.180.1.21/compute/v2.1/images/69e30e91-7699-4274-a8fa-e0173dddc8e7 0.325s
2024-12-10 21:17:38.860 65379 INFO tempest.lib.common.rest_client [req-1f41e280-731a-492b-8d82-b9c7e4b48a54 req-1f41e280-731a-492b-8d82-b9c7e4b48a54 ] Request (SecurityGroupsTestJSON:test_list_security_groups_by_server): 200 GET http://10.180.1.21/compute/v2.1/servers/c240dc64-3b62-4f4f-a8a5-7cd9fb816dcc 0.367s
2024-12-10 21:17:38.905 65403 INFO tempest.lib.common.rest_client [req-d6deb4c0-a70a-43c7-9139-987b051a8cbf req-d6deb4c0-a70a-43c7-9139-987b051a8cbf ] Request (ListServersNegativeTestJSON:setUpClass): 200 GET http://10.180.1.21/compute/v2.1/servers/2f8a2835-618d-4462-8644-1d2790aec62b 0.308s
2024-12-10 21:17:39.059 65397 INFO tempest.lib.common.rest_client [req-89557bca-c529-493c-9ac0-2f822816377d req-89557bca-c529-493c-9ac0-2f822816377d ] Request (InstanceActionsNegativeTestJSON:setUpClass): 200 GET http://10.180.1.21/compute/v2.1/servers/416dd54f-4444-458b-be82-3324c86fb5c9 0.334s
2024-12-10 21:17:39.136 65395 INFO tempest.lib.common.rest_client [req-fdb6d773-62bf-4bb8-930e-4107c85e2e96 req-fdb6d773-62bf-4bb8-930e-4107c85e2e96 ] Request (ListImageFiltersTestJSON:setUpClass): 200 GET http://10.180.1.21/compute/v2.1/servers/d2bb2fd3-b11b-4e5f-8d2e-42ad631552fc 0.525s
2024-12-10 21:17:39.274 65423 INFO tempest.lib.common.rest_client [req-8abd5787-2726-4a2a-8438-7dbfb731204a req-8abd5787-2726-4a2a-8438-7dbfb731204a ] Request (ServersTestManualDisk:setUpClass): 200 GET http://10.180.1.21/compute/v2.1/servers/e7cf29d2-4447-4acf-a14d-51806a352d75 0.399s
2024-12-10 21:17:39.285 65423 INFO tempest.common.waiters [-] State transition "BUILD/spawning" ==> "ACTIVE/None" after 48 second wait
2024-12-10 21:17:39.343 65419 INFO tempest.lib.common.rest_client [req-c77baa5f-f9d4-48e2-a763-e7b3ea88e17e req-c77baa5f-f9d4-48e2-a763-e7b3ea88e17e ] Request (ServerTagsTestJSON:setUpClass): 200 GET http://10.180.1.21/compute/v2.1/servers/4efa4e8e-02c5-4bad-a716-21d294f28c26 0.391s
2024-12-10 21:17:39.357 65377 INFO tempest.lib.common.rest_client [req-28566944-0e97-4915-81f8-1e95f3e0e968 req-28566944-0e97-4915-81f8-1e95f3e0e968 ] Request (ServerRescueTestJSONUnderV235:setUpClass): 201 POST http://10.180.1.21:9696/networking/v2.0/routers 1.294s
2024-12-10 21:17:39.368 65393 INFO tempest.lib.common.rest_client [req-0554c4bc-982b-4ec1-a26e-1e9458078f56 req-0554c4bc-982b-4ec1-a26e-1e9458078f56 ] Request (ServersTestJSON:test_create_server_with_ipv6_addr_only): 202 POST http://10.180.1.21/compute/v2.1/servers 0.608s
2024-12-10 21:17:39.434 65375 INFO tempest.lib.common.rest_client [req-fc70282f-8ed9-4b6f-ae8a-1c171cad6b44 req-fc70282f-8ed9-4b6f-ae8a-1c171cad6b44 ] Request (ListServerFiltersTestJSON:setUpClass): 200 GET http://10.180.1.21/compute/v2.1/servers/d6624485-5300-4a54-9893-690479dcd095 0.427s
2024-12-10 21:17:39.452 65407 INFO tempest.lib.common.rest_client [req-def54019-bc52-47e6-9a9e-4ea1e02956ff req-def54019-bc52-47e6-9a9e-4ea1e02956ff ] Request (DeleteServersTestJSON:test_delete_active_server): 200 GET http://10.180.1.21/compute/v2.1/servers/41c6290d-3110-4de7-bb44-190fd57478c6 0.395s
2024-12-10 21:17:39.520 65405 INFO tempest.lib.common.rest_client [req-4682ea3c-670d-4e9f-900b-2ad2a09a9663 req-4682ea3c-670d-4e9f-900b-2ad2a09a9663 ] Request (ServersAaction247Test:tearDownClass): 200 GET http://10.180.1.21/compute/v2.1/servers/beae7708-6ddc-422f-b429-d4e67588a172 0.321s
2024-12-10 21:17:39.574 65433 INFO tempest.lib.common.rest_client [req-fa1c4407-2b10-4e4b-ace4-f6256d7b51dd req-fa1c4407-2b10-4e4b-ace4-f6256d7b51dd ] Request (ServersTestMultiNic:test_verify_duplicate_network_nics): 200 GET http://10.180.1.21/compute/v2.1/servers/7d92bde5-1e58-493a-9b90-e18a83fde582 0.295s
2024-12-10 21:17:39.612 65427 INFO tempest.lib.common.rest_client [req-0c9c6c67-7b17-48d8-882a-06cbdf42e23a req-0c9c6c67-7b17-48d8-882a-06cbdf42e23a ] Request (ServersTestBootFromVolume:setUpClass): 200 GET http://10.180.1.21/volume/v3/volumes/bcf196f7-8a61-4087-bc43-062d6be084fc 0.030s
2024-12-10 21:17:39.632 65411 INFO tempest.lib.common.rest_client [req-5e513295-fa99-4710-b17f-297411b69f81 req-5e513295-fa99-4710-b17f-297411b69f81 ] Request (MigrationsAdminTest:test_list_migrations_in_flavor_resize_situation): 200 GET http://10.180.1.21/compute/v2.1/servers/59f30b3f-5286-4d90-b726-011e419fca2a 0.506s
2024-12-10 21:17:39.675 65423 INFO tempest.lib.common.rest_client [req-d36eff75-fe65-4797-905b-f58bf807cde2 req-d36eff75-fe65-4797-905b-f58bf807cde2 ] Request (ServersTestManualDisk:setUpClass): 200 GET http://10.180.1.21/compute/v2.1/servers/e7cf29d2-4447-4acf-a14d-51806a352d75/os-interface 0.389s
2024-12-10 21:17:39.707 65429 INFO tempest.lib.common.rest_client [req-3b0792d6-9fbc-466b-af1c-8cac3f9ec715 req-3b0792d6-9fbc-466b-af1c-8cac3f9ec715 ] Request (ServerRescueTestJSON:setUpClass): 200 GET http://10.180.1.21/compute/v2.1/servers/3388fd22-865a-4cf7-9912-af8ca03ed930 0.339s
2024-12-10 21:17:39.720 65393 INFO tempest.lib.common.rest_client [req-92fab54d-1834-4a77-a33e-88f8d22ea440 req-92fab54d-1834-4a77-a33e-88f8d22ea440 ] Request (ServersTestJSON:test_create_server_with_ipv6_addr_only): 200 GET http://10.180.1.21/compute/v2.1/servers/fa49043c-5c77-4357-b592-fea3653b9ac7 0.344s
2024-12-10 21:17:39.780 65425 INFO tempest.lib.common.rest_client [req-e48a1330-452b-40e9-b0e1-1f6d8e2a6f8c req-e48a1330-452b-40e9-b0e1-1f6d8e2a6f8c ] Request (ServerActionsTestOtherB:setUpClass): 200 GET http://10.180.1.21/compute/v2.1/servers/92528be1-55ff-40e4-9404-99a4db7766c5 0.358s
2024-12-10 21:17:39.797 65401 INFO tempest.lib.common.rest_client [req-1b9f5192-4114-4500-9d5e-1f529774a139 req-1b9f5192-4114-4500-9d5e-1f529774a139 ] Request (AttachInterfacesV270Test:test_create_get_list_interfaces): 200 GET http://10.180.1.21/compute/v2.1/servers/af53eb4c-6e15-4a65-8555-a8966e2e887c 0.407s
2024-12-10 21:17:39.853 65415 INFO tempest.lib.common.rest_client [req-a3892190-1cda-48b8-b473-57c9fee35c95 req-a3892190-1cda-48b8-b473-57c9fee35c95 ] Request (ServerDiagnosticsV248Test:tearDownClass): 200 GET http://10.180.1.21/compute/v2.1/servers/845622fb-182f-422b-a2c6-9a1238bb1fda 0.387s
2024-12-10 21:17:39.871 65389 INFO tempest.lib.common.rest_client [req-2aab24c2-ad8e-43f4-a274-01f39aecbb38 req-2aab24c2-ad8e-43f4-a274-01f39aecbb38 ] Request (ServerExternalEventsTest:tearDownClass): 200 GET http://10.180.1.21/compute/v2.1/servers/3a55b2e6-a884-4dda-a9d4-9e63182c8ffa 0.376s
2024-12-10 21:17:39.930 65381 INFO tempest.lib.common.rest_client [req-829e70e6-712e-4b2d-862d-23e3f590e7d5 req-829e70e6-712e-4b2d-862d-23e3f590e7d5 ] Request (ServersAdmin275Test:test_rebuild_update_server_275): 200 GET http://10.180.1.21/compute/v2.1/servers/a6a860ad-919e-4184-9850-79316658b946 0.390s
2024-12-10 21:17:39.964 65431 INFO tempest.lib.common.rest_client [req-58c168e7-ee03-44a0-9286-c3769575387a req-58c168e7-ee03-44a0-9286-c3769575387a ] Request (ServersAdminTestJSON:test_create_server_with_scheduling_hint): 200 GET http://10.180.1.21/compute/v2.1/servers/0da9b618-9d28-4028-a42b-fa3b9661cb6c 0.377s
2024-12-10 21:17:39.990 65437 INFO tempest.lib.common.rest_client [req-9a66c28d-1193-408d-8feb-68eb51d9afff req-9a66c28d-1193-408d-8feb-68eb51d9afff ] Request (ServerShowV257Test:test_rebuild_server): 200 GET http://10.180.1.21/compute/v2.1/servers/5d9196da-9f8c-43d4-b031-023fd76183d2 0.329s
2024-12-10 21:17:40.066 65383 INFO tempest.lib.common.rest_client [req-a0c23cc6-3c4b-446c-bb19-dd105bc1a28b req-a0c23cc6-3c4b-446c-bb19-dd105bc1a28b ] Request (FloatingIPsAssociationNegativeTestJSON:tearDownClass): 200 GET http://10.180.1.21/compute/v2.1/servers/a7259360-260a-49cb-b673-c5d33cebf48f 0.304s
2024-12-10 21:17:40.123 65421 INFO tempest.lib.common.rest_client [req-befd3c97-d62a-4173-91db-8801a062e9f1 req-befd3c97-d62a-4173-91db-8801a062e9f1 ] Request (ImagesOneServerNegativeTestJSON:setUpClass): 200 GET http://10.180.1.21/compute/v2.1/servers/9daab8ae-8d10-4349-aafe-b5e00459521c 0.312s
2024-12-10 21:17:40.165 65387 INFO tempest.lib.common.rest_client [req-f402ad32-2d0a-45dc-892c-c6fc86f6e471 req-f402ad32-2d0a-45dc-892c-c6fc86f6e471 ] Request (ServersAdminNegativeTestJSON:test_migrate_server_invalid_state): 200 GET http://10.180.1.21/compute/v2.1/servers/3d3de8fe-5189-4105-bc80-566c5307922e 0.427s
2024-12-10 21:17:40.177 65409 INFO tempest.lib.common.rest_client [req-b41b990c-db3d-477e-ab29-d5810db76541 req-b41b990c-db3d-477e-ab29-d5810db76541 ] Request (DeleteServersAdminTestJSON:test_delete_server_while_in_error_state): 200 GET http://10.180.1.21/compute/v2.1/servers/278be240-4d07-4131-a893-f21a445a0caf 0.356s
2024-12-10 21:17:40.192 65409 INFO tempest.common.waiters [-] State transition "BUILD/scheduling" ==> "BUILD/None" after 25 second wait
2024-12-10 21:17:40.217 65385 INFO tempest.lib.common.rest_client [req-10827af4-805b-4d16-a31a-b9e5b6da516f req-10827af4-805b-4d16-a31a-b9e5b6da516f ] Request (ImagesOneServerTestJSON:test_create_image_specify_multibyte_character_image_name): 200 GET http://10.180.1.21/compute/v2.1/images/69e30e91-7699-4274-a8fa-e0173dddc8e7 0.360s
2024-12-10 21:17:40.229 65379 INFO tempest.lib.common.rest_client [req-ac57598d-c603-4663-9461-c07fcaa09169 req-ac57598d-c603-4663-9461-c07fcaa09169 ] Request (SecurityGroupsTestJSON:test_list_security_groups_by_server): 200 GET http://10.180.1.21/compute/v2.1/servers/c240dc64-3b62-4f4f-a8a5-7cd9fb816dcc 0.358s
2024-12-10 21:17:40.278 65403 INFO tempest.lib.common.rest_client [req-d91a0a5e-62ae-4c01-865a-6018eb033162 req-d91a0a5e-62ae-4c01-865a-6018eb033162 ] Request (ListServersNegativeTestJSON:setUpClass): 200 GET http://10.180.1.21/compute/v2.1/servers/2f8a2835-618d-4462-8644-1d2790aec62b 0.364s
2024-12-10 21:17:40.314 65397 INFO tempest.lib.common.rest_client [req-44209b69-fcd3-4cd7-b1a8-d2df158f09d6 req-44209b69-fcd3-4cd7-b1a8-d2df158f09d6 ] Request (InstanceActionsNegativeTestJSON:setUpClass): 200 GET http://10.180.1.21/compute/v2.1/servers/416dd54f-4444-458b-be82-3324c86fb5c9 0.248s
2024-12-10 21:17:40.330 65397 INFO tempest.common.waiters [-] State transition "BUILD/spawning" ==> "ACTIVE/None" after 49 second wait
2024-12-10 21:17:40.335 65395 INFO tempest.lib.common.rest_client [req-2beed849-5a66-4181-8145-7e6ea9c8ff7a req-2beed849-5a66-4181-8145-7e6ea9c8ff7a ] Request (ListImageFiltersTestJSON:setUpClass): 200 GET http://10.180.1.21/compute/v2.1/servers/d2bb2fd3-b11b-4e5f-8d2e-42ad631552fc 0.188s
2024-12-10 21:17:40.366 65397 INFO tempest.lib.common.rest_client [req-3a074f05-8128-4cee-ab78-b1c2328c017b req-3a074f05-8128-4cee-ab78-b1c2328c017b ] Request (InstanceActionsNegativeTestJSON:test_get_instance_action_invalid_request): 404 GET http://10.180.1.21/compute/v2.1/servers/416dd54f-4444-458b-be82-3324c86fb5c9/os-instance-actions/999 0.035s
2024-12-10 21:17:40.385 65397 INFO tempest.lib.common.rest_client [req-b45b115a-2567-4b18-b818-d15a8b08c53a req-b45b115a-2567-4b18-b818-d15a8b08c53a ] Request (InstanceActionsNegativeTestJSON:test_list_instance_actions_non_existent_server): 404 GET http://10.180.1.21/compute/v2.1/servers/f684cd5e-94a8-41eb-81a7-3df456cec713/os-instance-actions 0.016s
2024-12-10 21:17:40.427 65419 INFO tempest.lib.common.rest_client [req-8d3ff6f2-534a-4303-aadf-7a4724c18edd req-8d3ff6f2-534a-4303-aadf-7a4724c18edd ] Request (ServerTagsTestJSON:setUpClass): 200 GET http://10.180.1.21/compute/v2.1/servers/4efa4e8e-02c5-4bad-a716-21d294f28c26 0.074s
2024-12-10 21:17:40.479 65397 INFO tempest.lib.common.rest_client [req-994ae0f1-0c81-4a4b-a1eb-10db11520243 req-994ae0f1-0c81-4a4b-a1eb-10db11520243 ] Request (InstanceActionsNegativeTestJSON:tearDownClass): 204 DELETE http://10.180.1.21/compute/v2.1/servers/416dd54f-4444-458b-be82-3324c86fb5c9 0.093s
2024-12-10 21:17:40.528 65375 INFO tempest.lib.common.rest_client [req-e5e32233-9854-43ef-8065-a923d6b1b061 req-e5e32233-9854-43ef-8065-a923d6b1b061 ] Request (ListServerFiltersTestJSON:setUpClass): 200 GET http://10.180.1.21/compute/v2.1/servers/d6624485-5300-4a54-9893-690479dcd095 0.080s
2024-12-10 21:17:40.547 65407 INFO tempest.lib.common.rest_client [req-e66b50fb-372e-4cfc-8a49-6c12aa04bd12 req-e66b50fb-372e-4cfc-8a49-6c12aa04bd12 ] Request (DeleteServersTestJSON:test_delete_active_server): 200 GET http://10.180.1.21/compute/v2.1/servers/41c6290d-3110-4de7-bb44-190fd57478c6 0.085s
2024-12-10 21:17:40.619 65405 INFO tempest.lib.common.rest_client [req-05dc1582-3a54-4839-a6a8-e31c94681857 req-05dc1582-3a54-4839-a6a8-e31c94681857 ] Request (ServersAaction247Test:tearDownClass): 200 GET http://10.180.1.21/compute/v2.1/servers/beae7708-6ddc-422f-b429-d4e67588a172 0.085s
2024-12-10 21:17:40.656 65427 INFO tempest.lib.common.rest_client [req-b0fe9130-a86d-42b6-870a-02486c51c149 req-b0fe9130-a86d-42b6-870a-02486c51c149 ] Request (ServersTestBootFromVolume:setUpClass): 200 GET http://10.180.1.21/volume/v3/volumes/bcf196f7-8a61-4087-bc43-062d6be084fc 0.037s
2024-12-10 21:17:40.666 65433 INFO tempest.lib.common.rest_client [req-9ee21119-7ea4-4436-9641-7d9b5f29bd62 req-9ee21119-7ea4-4436-9641-7d9b5f29bd62 ] Request (ServersTestMultiNic:test_verify_duplicate_network_nics): 200 GET http://10.180.1.21/compute/v2.1/servers/7d92bde5-1e58-493a-9b90-e18a83fde582 0.085s
2024-12-10 21:17:40.727 65423 INFO tempest.lib.common.rest_client [req-23970f96-2455-44aa-bf56-a02554c101a1 req-23970f96-2455-44aa-bf56-a02554c101a1 ] Request (ServersTestManualDisk:setUpClass): 200 PUT http://10.180.1.21:9696/networking/v2.0/floatingips/96ff8d11-e2fe-4d46-9350-19f6d2fdfc1e 1.049s
2024-12-10 21:17:40.764 65397 INFO tempest.lib.common.rest_client [req-9e62d5db-f18c-49f2-9a8d-b252351a9b0c req-9e62d5db-f18c-49f2-9a8d-b252351a9b0c ] Request (InstanceActionsNegativeTestJSON:tearDownClass): 200 GET http://10.180.1.21/compute/v2.1/servers/416dd54f-4444-458b-be82-3324c86fb5c9 0.284s
2024-12-10 21:17:40.807 65411 INFO tempest.lib.common.rest_client [req-2274329f-daf9-4a26-88c3-a8790eba57a6 req-2274329f-daf9-4a26-88c3-a8790eba57a6 ] Request (MigrationsAdminTest:test_list_migrations_in_flavor_resize_situation): 200 GET http://10.180.1.21/compute/v2.1/servers/59f30b3f-5286-4d90-b726-011e419fca2a 0.167s
2024-12-10 21:17:40.823 65429 INFO tempest.lib.common.rest_client [req-7eb188e0-b676-4f81-894e-38d9d85918cf req-7eb188e0-b676-4f81-894e-38d9d85918cf ] Request (ServerRescueTestJSON:setUpClass): 200 GET http://10.180.1.21/compute/v2.1/servers/3388fd22-865a-4cf7-9912-af8ca03ed930 0.106s
2024-12-10 21:17:40.891 65393 INFO tempest.lib.common.rest_client [req-f66c33d9-fcbf-4073-bc12-95af2e6894ba req-f66c33d9-fcbf-4073-bc12-95af2e6894ba ] Request (ServersTestJSON:test_create_server_with_ipv6_addr_only): 200 GET http://10.180.1.21/compute/v2.1/servers/fa49043c-5c77-4357-b592-fea3653b9ac7 0.162s
2024-12-10 21:17:40.920 65417 WARNING tempest.lib.common.ssh [-] Failed to establish authenticated ssh connection to cirros@10.180.180.138 ([Errno None] Unable to connect to port 22 on 10.180.180.138). Number attempts: 7. Retry after 8 seconds.: paramiko.ssh_exception.NoValidConnectionsError: [Errno None] Unable to connect to port 22 on 10.180.180.138
2024-12-10 21:17:40.955 65425 INFO tempest.lib.common.rest_client [req-cb289127-54f0-41f1-ab0d-94d2bc166086 req-cb289127-54f0-41f1-ab0d-94d2bc166086 ] Request (ServerActionsTestOtherB:setUpClass): 200 GET http://10.180.1.21/compute/v2.1/servers/92528be1-55ff-40e4-9404-99a4db7766c5 0.161s
2024-12-10 21:17:41.029 65423 INFO tempest.lib.common.rest_client [req-e8adc0bd-6703-4085-b984-b4cc04aba834 req-e8adc0bd-6703-4085-b984-b4cc04aba834 ] Request (ServersTestManualDisk:setUpClass): 200 GET http://10.180.1.21/compute/v2.1/servers/e7cf29d2-4447-4acf-a14d-51806a352d75 0.299s
2024-12-10 21:17:41.030 65401 INFO tempest.lib.common.rest_client [req-52f8b726-5bed-4a86-8c5d-d0516761268e req-52f8b726-5bed-4a86-8c5d-d0516761268e ] Request (AttachInterfacesV270Test:test_create_get_list_interfaces): 200 GET http://10.180.1.21/compute/v2.1/servers/af53eb4c-6e15-4a65-8555-a8966e2e887c 0.222s
2024-12-10 21:17:41.040 65423 INFO tempest.lib.common.ssh [-] Creating ssh connection to '10.180.180.150:22' as 'cirros' with public key authentication
2024-12-10 21:17:41.098 65389 INFO tempest.lib.common.rest_client [req-0f4fc2fb-3f2c-4a68-abdd-4a3bfe03033c req-0f4fc2fb-3f2c-4a68-abdd-4a3bfe03033c ] Request (ServerExternalEventsTest:tearDownClass): 200 GET http://10.180.1.21/compute/v2.1/servers/3a55b2e6-a884-4dda-a9d4-9e63182c8ffa 0.217s
2024-12-10 21:17:41.102 65415 INFO tempest.lib.common.rest_client [req-53eaf6cf-cabc-41d9-8bf6-81cec0b5ed60 req-53eaf6cf-cabc-41d9-8bf6-81cec0b5ed60 ] Request (ServerDiagnosticsV248Test:tearDownClass): 200 GET http://10.180.1.21/compute/v2.1/servers/845622fb-182f-422b-a2c6-9a1238bb1fda 0.239s
2024-12-10 21:17:41.150 65431 INFO tempest.lib.common.rest_client [req-ec6fe7c7-8f0d-4149-b8bb-98768de62258 req-ec6fe7c7-8f0d-4149-b8bb-98768de62258 ] Request (ServersAdminTestJSON:test_create_server_with_scheduling_hint): 200 GET http://10.180.1.21/compute/v2.1/servers/0da9b618-9d28-4028-a42b-fa3b9661cb6c 0.176s
2024-12-10 21:17:41.174 65381 INFO tempest.lib.common.rest_client [req-e1daa935-6966-4717-9ae1-8d50fb76d084 req-e1daa935-6966-4717-9ae1-8d50fb76d084 ] Request (ServersAdmin275Test:test_rebuild_update_server_275): 200 GET http://10.180.1.21/compute/v2.1/servers/a6a860ad-919e-4184-9850-79316658b946 0.234s
2024-12-10 21:17:41.186 65377 INFO tempest.lib.common.rest_client [req-6ed52ae7-245d-4a82-ad06-61b944439dd2 req-6ed52ae7-245d-4a82-ad06-61b944439dd2 ] Request (ServerRescueTestJSONUnderV235:setUpClass): 200 PUT http://10.180.1.21:9696/networking/v2.0/routers/969f9720-54d2-43fc-acb6-dbb7ca51db9d/add_router_interface 1.828s
