2024-12-10 21:17:02.814 65407 INFO tempest.lib.common.rest_client [req-ae5e98de-c07e-4821-b637-eba6d65bc006 req-ae5e98de-c07e-4821-b637-eba6d65bc006 ] Request (DeleteServersTestJSON:test_delete_active_server): 200 GET http://10.180.1.21/compute/v2.1/servers/41c6290d-3110-4de7-bb44-190fd57478c6 2.046s
2024-12-10 21:17:02.827 65407 INFO tempest.common.waiters [-] State transition "BUILD/networking" ==> "BUILD/spawning" after 21 second wait
2024-12-10 21:17:02.883 65421 INFO tempest.lib.common.rest_client [req-ac6bebe7-3387-4074-9de7-ff62b4cfa02e req-ac6bebe7-3387-4074-9de7-ff62b4cfa02e ] Request (ServerDiagnosticsNegativeTest:tearDownClass): 200 GET http://10.180.1.21/compute/v2.1/servers/28466209-2f25-401f-b406-78c8a99d8443 1.896s
2024-12-10 21:17:03.083 65413 INFO tempest.lib.common.rest_client [req-57ae2168-2611-4a42-a0bd-e96fa31caf3b req-57ae2168-2611-4a42-a0bd-e96fa31caf3b ] Request (InstanceActionsV221TestJSON:test_get_list_deleted_instance_actions): 200 GET http://10.180.1.21/compute/v2.1/servers/dac236ef-dacc-427d-9525-ccb2247a4610 1.990s
2024-12-10 21:17:03.154 65427 INFO tempest.lib.common.rest_client [req-d61790d6-d660-4dd7-aa67-0e6772a291fa req-d61790d6-d660-4dd7-aa67-0e6772a291fa ] Request (QuotasAdminTestV257:test_get_updated_quotas): 200 GET http://10.180.1.21/compute/v2.1/os-quota-sets/5e20b586930446c197c55a89b34396bf/detail 1.936s
2024-12-10 21:17:03.194 65427 INFO tempest.lib.common.rest_client [req-c5cdd2eb-137b-470d-90ba-bbb29dbde6e8 req-c5cdd2eb-137b-470d-90ba-bbb29dbde6e8 ] Request (QuotasAdminTestV257:test_get_updated_quotas): 200 GET http://10.180.1.21/identity/v3/domains?name=Default 0.035s
2024-12-10 21:17:03.225 65423 INFO tempest.lib.common.rest_client [req-a8465f8f-9340-4fb9-abcb-cf05326a9a38 req-a8465f8f-9340-4fb9-abcb-cf05326a9a38 ] Request (ServersTestManualDisk:setUpClass): 200 GET http://10.180.1.21/compute/v2.1/servers/e7cf29d2-4447-4acf-a14d-51806a352d75 1.965s
2024-12-10 21:17:03.228 65427 INFO tempest.lib.common.rest_client [req-cd572957-2d39-44c5-9833-5f0211bce73c req-cd572957-2d39-44c5-9833-5f0211bce73c ] Request (QuotasAdminTestV257:test_get_updated_quotas): 201 POST http://10.180.1.21/identity/v3/users 0.033s
2024-12-10 21:17:03.235 65423 INFO tempest.common.waiters [-] State transition "BUILD/scheduling" ==> "BUILD/None" after 12 second wait
2024-12-10 21:17:03.254 65427 INFO tempest.lib.common.rest_client [req-c50a1b6d-8cdf-474c-9ca1-e5b438441e5d req-c50a1b6d-8cdf-474c-9ca1-e5b438441e5d ] Request (QuotasAdminTestV257:test_get_updated_quotas): 200 GET http://10.180.1.21/identity/v3/domains?name=Default 0.025s
2024-12-10 21:17:03.284 65397 INFO tempest.lib.common.rest_client [req-ffac8af0-dad9-45bb-8449-054f0710a842 req-ffac8af0-dad9-45bb-8449-054f0710a842 ] Request (InstanceActionsNegativeTestJSON:setUpClass): 200 GET http://10.180.1.21/compute/v2.1/servers/416dd54f-4444-458b-be82-3324c86fb5c9 1.940s
2024-12-10 21:17:03.341 65405 INFO tempest.lib.common.rest_client [req-0b60a321-7975-4636-842a-f7c5daffd699 req-0b60a321-7975-4636-842a-f7c5daffd699 ] Request (ServersAaction247Test:test_create_backup): 200 GET http://10.180.1.21/compute/v2.1/servers/beae7708-6ddc-422f-b429-d4e67588a172 1.955s
2024-12-10 21:17:03.394 65389 INFO tempest.lib.common.rest_client [req-562b63cc-37c7-4bdc-aa47-41a94628d47a req-562b63cc-37c7-4bdc-aa47-41a94628d47a ] Request (ServerExternalEventsTest:test_create_server_external_events): 200 GET http://10.180.1.21/compute/v2.1/servers/3a55b2e6-a884-4dda-a9d4-9e63182c8ffa 1.962s
2024-12-10 21:17:03.410 65385 INFO tempest.lib.common.rest_client [req-904b545a-e0bb-448e-a603-ce6d94b668e6 req-904b545a-e0bb-448e-a603-ce6d94b668e6 ] Request (ImagesOneServerTestJSON:setUpClass): 200 GET http://10.180.1.21/compute/v2.1/servers/fcf611a3-a07e-4d1c-8a39-c02357bd9f30 2.240s
2024-12-10 21:17:03.420 65385 INFO tempest.common.waiters [-] State transition "BUILD/None" ==> "BUILD/block_device_mapping" after 21 second wait
2024-12-10 21:17:03.465 65395 INFO tempest.lib.common.rest_client [req-dab0c2c9-112d-4ee6-9963-4addb9236f22 req-dab0c2c9-112d-4ee6-9963-4addb9236f22 ] Request (TenantUsagesTestJSON:tearDownClass): 200 GET http://10.180.1.21/compute/v2.1/servers/a79edfa3-9b31-4079-979a-5d11818b3e42 1.990s
2024-12-10 21:17:03.489 65415 INFO tempest.lib.common.rest_client [req-3be8ab36-b8c0-4b6f-8d61-af622cc03ba7 req-3be8ab36-b8c0-4b6f-8d61-af622cc03ba7 ] Request (ServerDiagnosticsV248Test:test_get_server_diagnostics): 200 GET http://10.180.1.21/compute/v2.1/servers/845622fb-182f-422b-a2c6-9a1238bb1fda 1.892s
2024-12-10 21:17:03.521 65377 INFO tempest.lib.common.rest_client [req-04074773-5f8a-4533-b14e-e035fe281f70 req-04074773-5f8a-4533-b14e-e035fe281f70 ] Request (AggregatesAdminNegativeTestJSON:test_aggregate_remove_host_as_user): 200 POST http://10.180.1.21/compute/v2.1/os-aggregates 1.899s
2024-12-10 21:17:03.540 65429 INFO tempest.lib.common.rest_client [req-b928daa1-a275-496c-884d-1be4d2d5767b req-b928daa1-a275-496c-884d-1be4d2d5767b ] Request (ServerGroup264TestJSON:setUpClass): 200 PUT http://10.180.1.21:9696/networking/v2.0/routers/ed6d3348-18e3-4bdf-9b30-0d14d59cbb42/add_router_interface 2.016s
2024-12-10 21:17:03.540 65429 INFO tempest.lib.common.dynamic_creds [-] Created isolated network resources for: credentials: Credentials: {'domain_id': 'default', 'domain_name': 'Default', 'username': 'tempest-ServerGroup264TestJSON-634829500-project-member', 'project_domain_id': 'default', 'project_domain_name': 'Default', 'project_id': '39e5379305e24c25a22b243aad71ebe0', 'project_name': 'tempest-ServerGroup264TestJSON-634829500', 'tenant_id': '39e5379305e24c25a22b243aad71ebe0', 'tenant_name': 'tempest-ServerGroup264TestJSON-634829500', 'user_domain_id': 'default', 'user_domain_name': 'Default', 'user_id': '87113b9447f1422481310a3ce10ccecb', 'system': None}, Network: {'id': '677d6f2d-a900-400c-9d3e-1a4ff4b94dfe', 'name': 'tempest-ServerGroup264TestJSON-1324766217-network', 'tenant_id': '39e5379305e24c25a22b243aad71ebe0', 'admin_state_up': True, 'mtu': 8950, 'status': 'ACTIVE', 'subnets': [], 'shared': False, 'project_id': '39e5379305e24c25a22b243aad71ebe0', 'port_security_enabled': True, 'router:external': False, 'provider:network_type': 'vlan', 'provider:physical_network': 'default', 'provider:segmentation_id': 453, 'availability_zone_hints': [], 'availability_zones': [], 'ipv4_address_scope': None, 'ipv6_address_scope': None, 'description': '', 'tags': [], 'created_at': '2024-12-10T21:16:59Z', 'updated_at': '2024-12-10T21:16:59Z', 'revision_number': 1}, Subnet: {'id': '77335f3b-8fd3-4180-99a1-eff0a233f0fe', 'name': 'tempest-ServerGroup264TestJSON-1324766217-subnet', 'tenant_id': '39e5379305e24c25a22b243aad71ebe0', 'network_id': '677d6f2d-a900-400c-9d3e-1a4ff4b94dfe', 'ip_version': 4, 'subnetpool_id': None, 'enable_dhcp': True, 'ipv6_ra_mode': None, 'ipv6_address_mode': None, 'gateway_ip': '192.168.128.1', 'cidr': '192.168.128.0/28', 'allocation_pools': [{'start': '192.168.128.2', 'end': '192.168.128.14'}], 'host_routes': [], 'dns_nameservers': [], 'description': '', 'router:external': False, 'service_types': [], 'tags': [], 'created_at': '2024-12-10T21:16:59Z', 'updated_at': '2024-12-10T21:16:59Z', 'revision_number': 0, 'project_id': '39e5379305e24c25a22b243aad71ebe0'}, Router: {'id': 'ed6d3348-18e3-4bdf-9b30-0d14d59cbb42', 'name': 'tempest-ServerGroup264TestJSON-1324766217-router', 'tenant_id': '39e5379305e24c25a22b243aad71ebe0', 'admin_state_up': True, 'status': 'ACTIVE', 'external_gateway_info': {'network_id': '58220cf0-baa9-4eab-9017-ce887fc585ff', 'external_fixed_ips': [{'subnet_id': '17481956-8957-4bbc-9b08-0fbeb16785dc', 'ip_address': '10.180.180.202'}], 'enable_snat': True}, 'description': '', 'availability_zones': [], 'distributed': False, 'ha': False, 'availability_zone_hints': [], 'routes': [], 'flavor_id': None, 'tags': [], 'created_at': '2024-12-10T21:16:59Z', 'updated_at': '2024-12-10T21:17:00Z', 'revision_number': 2, 'project_id': '39e5379305e24c25a22b243aad71ebe0'}
2024-12-10 21:17:03.605 65425 INFO tempest.lib.common.rest_client [req-43836ea9-757c-42a3-b44e-a481d37d9a2d req-43836ea9-757c-42a3-b44e-a481d37d9a2d ] Request (ServerActionsTestOtherB:setUpClass): 200 POST http://10.180.1.21/compute/v2.1/os-keypairs 1.965s
2024-12-10 21:17:03.622 65375 INFO tempest.lib.common.rest_client [req-2471de88-d68b-428b-9a84-2c31aeaa8479 req-2471de88-d68b-428b-9a84-2c31aeaa8479 ] Request (FlavorsAdminTestJSON:test_is_public_string_variations): 200 GET http://10.180.1.21/compute/v2.1/flavors/detail?is_public=f 1.972s
2024-12-10 21:17:03.626 65429 INFO tempest.lib.common.rest_client [req-a574066c-176f-4171-8a61-7da9f8b8b6b4 req-a574066c-176f-4171-8a61-7da9f8b8b6b4 ] Request (ServerGroup264TestJSON:setUpClass): 201 POST http://10.180.1.21/identity/v3/auth/tokens 0.083s
2024-12-10 21:17:03.723 65381 INFO tempest.lib.common.rest_client [req-2540ddf2-ed3f-4068-80d7-6e105411341a req-2540ddf2-ed3f-4068-80d7-6e105411341a ] Request (ServersAdmin275Test:test_rebuild_update_server_275): 200 GET http://10.180.1.21/compute/v2.1/servers/a6a860ad-919e-4184-9850-79316658b946 2.039s
2024-12-10 21:17:03.873 65425 INFO tempest.lib.common.rest_client [req-532ebd1f-40a1-4f48-a985-8f411a99f887 req-532ebd1f-40a1-4f48-a985-8f411a99f887 ] Request (ServerActionsTestOtherB:setUpClass): 201 POST http://10.180.1.21:9696/networking/v2.0/security-groups 0.266s
2024-12-10 21:17:03.928 65431 INFO tempest.lib.common.rest_client [req-70b6b5cf-5f4d-4aa6-b4e1-9ba882e2f13d req-70b6b5cf-5f4d-4aa6-b4e1-9ba882e2f13d ] Request (ServersAdminTestJSON:setUpClass): 200 GET http://10.180.1.21/compute/v2.1/servers/e26524ba-912d-40ac-a299-6d6c4aae65e0 2.161s
2024-12-10 21:17:03.967 65437 INFO tempest.lib.common.rest_client [req-25dfeb59-5fd4-4abc-955c-736b281b437d req-25dfeb59-5fd4-4abc-955c-736b281b437d ] Request (FloatingIPDetailsTestJSON:tearDownClass): 202 DELETE http://10.180.1.21/compute/v2.1/os-floating-ips/932b95d2-ee4f-4b6f-ab42-1ca29a621409 2.353s
2024-12-10 21:17:03.972 65383 INFO tempest.lib.common.rest_client [req-cd0a033d-1c72-465d-8a05-fab728acb643 req-cd0a033d-1c72-465d-8a05-fab728acb643 ] Request (FloatingIPsAssociationNegativeTestJSON:test_associate_ip_to_server_without_passing_floating_ip): 400 POST http://10.180.1.21/compute/v2.1/servers/a7259360-260a-49cb-b673-c5d33cebf48f/action 2.169s
2024-12-10 21:17:04.001 65425 INFO tempest.lib.common.rest_client [req-b3b96ee0-e1b7-4735-9c2c-4ce6a9b27f34 req-b3b96ee0-e1b7-4735-9c2c-4ce6a9b27f34 ] Request (ServerActionsTestOtherB:setUpClass): 201 POST http://10.180.1.21:9696/networking/v2.0/security-group-rules 0.127s
2024-12-10 21:17:04.007 65387 INFO tempest.lib.common.rest_client [req-ede6cd42-e12b-41cd-bcc3-9179392ea930 req-ede6cd42-e12b-41cd-bcc3-9179392ea930 ] Request (ServersAdminNegativeTestJSON:test_migrate_server_invalid_state): 200 GET http://10.180.1.21/compute/v2.1/servers/3d3de8fe-5189-4105-bc80-566c5307922e 2.223s
2024-12-10 21:17:04.128 65425 INFO tempest.lib.common.rest_client [req-a3e05966-96f1-4476-9352-86b6ddda79fd req-a3e05966-96f1-4476-9352-86b6ddda79fd ] Request (ServerActionsTestOtherB:setUpClass): 201 POST http://10.180.1.21:9696/networking/v2.0/security-group-rules 0.127s
2024-12-10 21:17:04.137 65401 INFO tempest.lib.common.rest_client [req-4bf3dd70-6e2f-4e72-a52e-4effb56320a8 req-4bf3dd70-6e2f-4e72-a52e-4effb56320a8 ] Request (SecurityGroupsTestAdminJSON:_run_cleanups): 202 DELETE http://10.180.1.21/compute/v2.1/os-security-groups/c1a82780-f324-4e5f-9160-fe5bac959ad5 2.305s
2024-12-10 21:17:04.242 65401 INFO tempest.lib.common.rest_client [req-d9927162-e20d-46a5-80e9-791fde7d7bcf req-d9927162-e20d-46a5-80e9-791fde7d7bcf ] Request (SecurityGroupsTestAdminJSON:tearDownClass): 204 DELETE http://10.180.1.21/identity/v3/users/5870c2e8ff2b42b7bae833edc8df622a 0.099s
2024-12-10 21:17:04.279 65436 INFO tempest.lib.common.rest_client [req-4bd576bf-7686-4879-bc36-f894fe7f0df1 req-4bd576bf-7686-4879-bc36-f894fe7f0df1 ] Request (VolumesAssistedSnapshotsTest:test_volume_assisted_snapshot_create_delete): 200 GET http://10.180.1.21/compute/v2.1/servers/54650f01-3470-46bd-ae16-051df7758071 2.246s
2024-12-10 21:17:04.288 65436 INFO tempest.common.waiters [-] State transition "BUILD/spawning" ==> "ACTIVE/None" after 37 second wait
2024-12-10 21:17:04.358 65419 INFO tempest.lib.common.rest_client [req-91c2e95d-5761-4567-bff1-22150b9c5961 req-91c2e95d-5761-4567-bff1-22150b9c5961 ] Request (ImagesMetadataNegativeTestJSON:test_get_nonexistent_image_metadata_item): 404 GET http://10.180.1.21/compute/v2.1/images/5219d112-bee0-4e5d-88ae-3a8a41fc8827/metadata/os_version 2.061s
2024-12-10 21:17:04.360 65399 INFO tempest.lib.common.rest_client [req-e41e7b99-49a5-4217-b6bc-afe74d3ea97f req-e41e7b99-49a5-4217-b6bc-afe74d3ea97f ] Request (SecurityGroupRulesTestJSON:test_security_group_rules_create): 200 POST http://10.180.1.21/compute/v2.1/os-security-group-rules 2.299s
2024-12-10 21:17:04.411 65401 INFO tempest.lib.common.rest_client [req-8c10fe8a-41a1-4d20-a15a-6bfbfb2f4199 req-8c10fe8a-41a1-4d20-a15a-6bfbfb2f4199 ] Request (SecurityGroupsTestAdminJSON:tearDownClass): 204 DELETE http://10.180.1.21/identity/v3/users/be13a73b012348ef83698c367c532bbe 0.168s
2024-12-10 21:17:04.411 65401 INFO tempest.lib.common.dynamic_creds [-] Deleting project and security group for project: ba4344b240f2479ca3d2ad182b0e667a
2024-12-10 21:17:04.447 65403 INFO tempest.lib.common.rest_client [req-b920979b-4585-47db-9650-b70a946dc736 req-b920979b-4585-47db-9650-b70a946dc736 ] Request (ServerDiagnosticsTest:tearDownClass): 204 DELETE http://10.180.1.21/compute/v2.1/servers/0addfb95-4247-496a-a5bc-4954ce8acba7 1.962s
2024-12-10 21:17:04.508 65401 INFO tempest.lib.common.rest_client [req-734e9cbf-76a3-4579-9062-e584334308c6 req-734e9cbf-76a3-4579-9062-e584334308c6 ] Request (SecurityGroupsTestAdminJSON:tearDownClass): 201 POST http://10.180.1.21/identity/v3/auth/tokens 0.097s
2024-12-10 21:17:04.568 65417 WARNING tempest.lib.common.ssh [-] Failed to establish authenticated ssh connection to cirros@10.180.180.138 ([Errno None] Unable to connect to port 22 on 10.180.180.138). Number attempts: 3. Retry after 4 seconds.: paramiko.ssh_exception.NoValidConnectionsError: [Errno None] Unable to connect to port 22 on 10.180.180.138
2024-12-10 21:17:04.617 65391 INFO tempest.lib.common.rest_client [req-cc4ed93b-45c9-413e-a483-7cd2605d8e87 req-cc4ed93b-45c9-413e-a483-7cd2605d8e87 ] Request (ServersWithSpecificFlavorTestJSON:test_verify_created_server_ephemeral_disk): 200 GET http://10.180.1.21/compute/v2.1/servers/bbbdec91-762b-415e-bdbd-ed3700c90a24 1.401s
2024-12-10 21:17:04.667 65427 INFO tempest.lib.common.rest_client [req-62beff2d-5062-46f7-adfd-4429be1bb23e req-62beff2d-5062-46f7-adfd-4429be1bb23e ] Request (QuotasAdminTestV257:test_get_updated_quotas): 200 PUT http://10.180.1.21/compute/v2.1/os-quota-sets/5e20b586930446c197c55a89b34396bf?user_id=43b3911cf1e746dc9f76b0c6dae046f1 1.413s
2024-12-10 21:17:04.681 65401 INFO tempest.lib.common.rest_client [req-89622f9f-4d7b-4578-842e-80f9926276c9 req-89622f9f-4d7b-4578-842e-80f9926276c9 ] Request (SecurityGroupsTestAdminJSON:tearDownClass): 200 GET http://10.180.1.21:9696/networking/v2.0/security-groups?tenant_id=ba4344b240f2479ca3d2ad182b0e667a&name=default 0.172s
2024-12-10 21:17:04.760 65379 INFO tempest.lib.common.rest_client [req-5e0ee08a-3749-4c71-8b9a-7ff2fca28cc4 req-5e0ee08a-3749-4c71-8b9a-7ff2fca28cc4 ] Request (SecurityGroupsTestJSON:test_list_security_groups_by_server): 200 GET http://10.180.1.21/compute/v2.1/servers/c240dc64-3b62-4f4f-a8a5-7cd9fb816dcc 1.190s
2024-12-10 21:17:04.773 65375 INFO tempest.lib.common.rest_client [req-41f91236-9ddf-4c4d-b1df-2adac7777383 req-41f91236-9ddf-4c4d-b1df-2adac7777383 ] Request (FlavorsAdminTestJSON:test_is_public_string_variations): 200 GET http://10.180.1.21/compute/v2.1/flavors/detail?is_public=false 1.146s
2024-12-10 21:17:04.781 65377 INFO tempest.lib.common.rest_client [req-cad26834-0d03-4d30-bc8a-e8fa93fcfb02 req-cad26834-0d03-4d30-bc8a-e8fa93fcfb02 ] Request (AggregatesAdminNegativeTestJSON:test_aggregate_remove_host_as_user): 200 POST http://10.180.1.21/compute/v2.1/os-aggregates/7/action 1.254s
2024-12-10 21:17:04.863 65433 INFO tempest.lib.common.rest_client [req-03e1725a-805b-4bde-9548-e9da19b1df67 req-03e1725a-805b-4bde-9548-e9da19b1df67 ] Request (ServersTestMultiNic:setUpClass): 200 PUT http://10.180.1.21:9696/networking/v2.0/routers/20e6a5ef-f2e7-4bc4-aabd-28b2554e9b19/add_router_interface 2.164s
2024-12-10 21:17:04.863 65433 INFO tempest.lib.common.dynamic_creds [-] Created isolated network resources for: credentials: Credentials: {'domain_id': 'default', 'domain_name': 'Default', 'username': 'tempest-ServersTestMultiNic-172933410-project-member', 'project_domain_id': 'default', 'project_domain_name': 'Default', 'project_id': '013c27cf3bf34be3ab6cd1994928f3c3', 'project_name': 'tempest-ServersTestMultiNic-172933410', 'tenant_id': '013c27cf3bf34be3ab6cd1994928f3c3', 'tenant_name': 'tempest-ServersTestMultiNic-172933410', 'user_domain_id': 'default', 'user_domain_name': 'Default', 'user_id': 'a944931b436649c78e8b1380ebcaa565', 'system': None}, Network: {'id': '9d78568b-74f9-4613-a5e7-b86b2a22e57d', 'name': 'tempest-ServersTestMultiNic-298215711-network', 'tenant_id': '013c27cf3bf34be3ab6cd1994928f3c3', 'admin_state_up': True, 'mtu': 8950, 'status': 'ACTIVE', 'subnets': [], 'shared': False, 'project_id': '013c27cf3bf34be3ab6cd1994928f3c3', 'port_security_enabled': True, 'router:external': False, 'provider:network_type': 'vlan', 'provider:physical_network': 'default', 'provider:segmentation_id': 434, 'availability_zone_hints': [], 'availability_zones': [], 'ipv4_address_scope': None, 'ipv6_address_scope': None, 'description': '', 'tags': [], 'created_at': '2024-12-10T21:17:01Z', 'updated_at': '2024-12-10T21:17:01Z', 'revision_number': 1}, Subnet: {'id': '7f0e2035-2524-4e13-b9ea-a55e75ee2a3f', 'name': 'tempest-ServersTestMultiNic-298215711-subnet', 'tenant_id': '013c27cf3bf34be3ab6cd1994928f3c3', 'network_id': '9d78568b-74f9-4613-a5e7-b86b2a22e57d', 'ip_version': 4, 'subnetpool_id': None, 'enable_dhcp': True, 'ipv6_ra_mode': None, 'ipv6_address_mode': None, 'gateway_ip': '192.168.128.1', 'cidr': '192.168.128.0/28', 'allocation_pools': [{'start': '192.168.128.2', 'end': '192.168.128.14'}], 'host_routes': [], 'dns_nameservers': [], 'description': '', 'router:external': False, 'service_types': [], 'tags': [], 'created_at': '2024-12-10T21:17:01Z', 'updated_at': '2024-12-10T21:17:01Z', 'revision_number': 0, 'project_id': '013c27cf3bf34be3ab6cd1994928f3c3'}, Router: {'id': '20e6a5ef-f2e7-4bc4-aabd-28b2554e9b19', 'name': 'tempest-ServersTestMultiNic-298215711-router', 'tenant_id': '013c27cf3bf34be3ab6cd1994928f3c3', 'admin_state_up': True, 'status': 'ACTIVE', 'external_gateway_info': {'network_id': '58220cf0-baa9-4eab-9017-ce887fc585ff', 'external_fixed_ips': [{'subnet_id': '17481956-8957-4bbc-9b08-0fbeb16785dc', 'ip_address': '10.180.180.177'}], 'enable_snat': True}, 'description': '', 'availability_zones': [], 'distributed': False, 'ha': False, 'availability_zone_hints': [], 'routes': [], 'flavor_id': None, 'tags': [], 'created_at': '2024-12-10T21:17:01Z', 'updated_at': '2024-12-10T21:17:02Z', 'revision_number': 2, 'project_id': '013c27cf3bf34be3ab6cd1994928f3c3'}
2024-12-10 21:17:04.978 65429 INFO tempest.lib.common.rest_client [req-42f0359f-d85a-4396-aec6-abd97ed74130 req-42f0359f-d85a-4396-aec6-abd97ed74130 ] Request (ServerGroup264TestJSON:test_create_get_server_group): 200 POST http://10.180.1.21/compute/v2.1/os-server-groups 1.349s
2024-12-10 21:17:04.994 65401 INFO tempest.lib.common.rest_client [req-bfba5ae8-2700-43fd-a70e-f8aa12b62e86 req-bfba5ae8-2700-43fd-a70e-f8aa12b62e86 ] Request (SecurityGroupsTestAdminJSON:tearDownClass): 204 DELETE http://10.180.1.21:9696/networking/v2.0/security-groups/89fd38be-9cf9-449f-b2a6-d999ceecf9ed 0.313s
2024-12-10 21:17:05.018 65433 INFO tempest.lib.common.rest_client [req-821be2dc-d4e2-4cb5-8260-eb593d718f4f req-821be2dc-d4e2-4cb5-8260-eb593d718f4f ] Request (ServersTestMultiNic:setUpClass): 201 POST http://10.180.1.21/identity/v3/auth/tokens 0.151s
2024-12-10 21:17:05.078 65393 INFO tempest.lib.common.rest_client [req-c1b0102c-26d6-450e-bc52-9d424e4059c4 req-c1b0102c-26d6-450e-bc52-9d424e4059c4 ] Request (ServersTestJSON:test_create_server_specify_multibyte_character_name): 200 GET http://10.180.1.21/compute/v2.1/servers/cad0a47a-d332-400d-a662-8b0089e6d803 1.359s
2024-12-10 21:17:05.120 65401 INFO tempest.lib.common.rest_client [req-d556d906-eafb-42b3-8e2c-185b3e58b2a2 req-d556d906-eafb-42b3-8e2c-185b3e58b2a2 ] Request (SecurityGroupsTestAdminJSON:tearDownClass): 204 DELETE http://10.180.1.21/identity/v3/projects/ba4344b240f2479ca3d2ad182b0e667a 0.125s
2024-12-10 21:17:05.120 65401 INFO tempest.lib.common.dynamic_creds [-] Deleting project and security group for project: 5e9a2f3fd414459c86077cd82d863a88
2024-12-10 21:17:05.166 65409 INFO tempest.lib.common.rest_client [req-cad9ee94-bb32-4431-b8cb-a2c9df3ca88c req-cad9ee94-bb32-4431-b8cb-a2c9df3ca88c ] Request (DeleteServersAdminTestJSON:test_admin_delete_servers_of_others): 200 GET http://10.180.1.21/compute/v2.1/servers/366986e7-d0b3-40a2-9aa0-b1379d094c18 1.366s
2024-12-10 21:17:05.205 65425 INFO tempest.lib.common.rest_client [req-96b4bace-f92e-4be2-90af-921014b33af9 req-96b4bace-f92e-4be2-90af-921014b33af9 ] Request (ServerActionsTestOtherB:setUpClass): 201 POST http://10.180.1.21:9696/networking/v2.0/floatingips 1.076s
2024-12-10 21:17:05.206 65411 INFO tempest.lib.common.rest_client [req-05c5fa7d-1014-48fc-820a-c91d0107819c req-05c5fa7d-1014-48fc-820a-c91d0107819c ] Request (MigrationsAdminTest:test_list_migrations_in_flavor_resize_situation): 200 GET http://10.180.1.21/compute/v2.1/servers/59f30b3f-5286-4d90-b726-011e419fca2a 1.560s
2024-12-10 21:17:05.213 65401 INFO tempest.lib.common.rest_client [req-a3974a3e-e79a-4858-90c7-4f17b4e8a7f2 req-a3974a3e-e79a-4858-90c7-4f17b4e8a7f2 ] Request (SecurityGroupsTestAdminJSON:tearDownClass): 200 GET http://10.180.1.21:9696/networking/v2.0/security-groups?tenant_id=5e9a2f3fd414459c86077cd82d863a88&name=default 0.092s
2024-12-10 21:17:05.278 65425 INFO tempest.lib.common.rest_client [req-abf20d85-6ef4-40c1-839c-222c1bb21fc3 req-abf20d85-6ef4-40c1-839c-222c1bb21fc3 ] Request (ServerActionsTestOtherB:setUpClass): 201 POST http://10.180.1.21/identity/v3/auth/tokens 0.068s
2024-12-10 21:17:05.279 65425 INFO tempest.lib.common.fixed_network [-] (ServerActionsTestOtherB:setUpClass) Found network {'id': 'a9e5fc8c-4340-47e5-8f8d-5f92a8abcc2c', 'name': 'tempest-ServerActionsTestOtherB-579785629-network', 'tenant_id': 'a711c755780c4eaeaa51663bf2f84cd1', 'admin_state_up': True, 'mtu': 8950, 'status': 'ACTIVE', 'subnets': [], 'shared': False, 'project_id': 'a711c755780c4eaeaa51663bf2f84cd1', 'port_security_enabled': True, 'router:external': False, 'provider:network_type': 'vlan', 'provider:physical_network': 'default', 'provider:segmentation_id': 112, 'availability_zone_hints': [], 'availability_zones': [], 'ipv4_address_scope': None, 'ipv6_address_scope': None, 'description': '', 'tags': [], 'created_at': '2024-12-10T21:16:56Z', 'updated_at': '2024-12-10T21:16:56Z', 'revision_number': 1} available for tenant
2024-12-10 21:17:05.301 65421 INFO tempest.lib.common.rest_client [req-47f24dc8-be83-460a-a6b6-09c358272de6 req-47f24dc8-be83-460a-a6b6-09c358272de6 ] Request (ServerDiagnosticsNegativeTest:tearDownClass): 200 GET http://10.180.1.21/compute/v2.1/servers/28466209-2f25-401f-b406-78c8a99d8443 1.407s
2024-12-10 21:17:05.408 65407 INFO tempest.lib.common.rest_client [req-e4646c48-6024-4e7c-aa42-620a93375bc2 req-e4646c48-6024-4e7c-aa42-620a93375bc2 ] Request (DeleteServersTestJSON:test_delete_active_server): 200 GET http://10.180.1.21/compute/v2.1/servers/41c6290d-3110-4de7-bb44-190fd57478c6 1.580s
2024-12-10 21:17:05.437 65413 INFO tempest.lib.common.rest_client [req-e9665735-12e8-4317-b264-cc5090562a08 req-e9665735-12e8-4317-b264-cc5090562a08 ] Request (InstanceActionsV221TestJSON:test_get_list_deleted_instance_actions): 404 GET http://10.180.1.21/compute/v2.1/servers/dac236ef-dacc-427d-9525-ccb2247a4610 1.345s
2024-12-10 21:17:05.462 65433 INFO tempest.lib.common.rest_client [req-65ac5c6a-82a4-4c61-8f59-2dcef6e046e8 req-65ac5c6a-82a4-4c61-8f59-2dcef6e046e8 ] Request (ServersTestMultiNic:test_verify_duplicate_network_nics): 201 POST http://10.180.1.21:9696/networking/v2.0/networks 0.442s
2024-12-10 21:17:05.486 65401 INFO tempest.lib.common.rest_client [req-beba351b-c53b-4836-8882-8d9b6de271c6 req-beba351b-c53b-4836-8882-8d9b6de271c6 ] Request (SecurityGroupsTestAdminJSON:tearDownClass): 204 DELETE http://10.180.1.21:9696/networking/v2.0/security-groups/f6cf49dc-02cb-4df6-b212-276cfbd1a4fb 0.272s
2024-12-10 21:17:05.488 65437 INFO tempest.lib.common.rest_client [req-ae389c8b-94fd-445e-baa7-aa963dd8e59b req-ae389c8b-94fd-445e-baa7-aa963dd8e59b ] Request (FloatingIPDetailsTestJSON:tearDownClass): 200 PUT http://10.180.1.21:9696/networking/v2.0/routers/9d82e306-e18c-4585-a13b-819613467743/remove_router_interface 1.520s
2024-12-10 21:17:05.529 65383 INFO tempest.lib.common.rest_client [req-8cbb57af-c776-4255-8ec1-fe69fea6b8c5 req-8cbb57af-c776-4255-8ec1-fe69fea6b8c5 ] Request (FloatingIPsAssociationNegativeTestJSON:test_associate_nonexistent_floating_ip): 404 POST http://10.180.1.21/compute/v2.1/servers/a7259360-260a-49cb-b673-c5d33cebf48f/action 1.555s
2024-12-10 21:17:05.586 65401 INFO tempest.lib.common.rest_client [req-818fba33-c76b-4514-9dbe-8d7b25ca536e req-818fba33-c76b-4514-9dbe-8d7b25ca536e ] Request (SecurityGroupsTestAdminJSON:tearDownClass): 204 DELETE http://10.180.1.21/identity/v3/projects/5e9a2f3fd414459c86077cd82d863a88 0.099s
2024-12-10 21:17:05.657 65436 INFO tempest.lib.common.rest_client [req-b146d969-8788-4a22-8368-31600f5b4cb3 req-b146d969-8788-4a22-8368-31600f5b4cb3 ] Request (VolumesAssistedSnapshotsTest:test_volume_assisted_snapshot_create_delete): 200 GET http://10.180.1.21/compute/v2.1/servers/54650f01-3470-46bd-ae16-051df7758071/os-interface 1.369s
2024-12-10 21:17:05.664 65401 INFO tempest.lib.common.rest_client [req-7b1a4800-09a6-4d80-8c0a-b16683608631 req-7b1a4800-09a6-4d80-8c0a-b16683608631 ] Request (AttachInterfacesV270Test:setUpClass): 201 POST http://10.180.1.21/identity/v3/auth/tokens 0.076s
2024-12-10 21:17:05.709 65423 INFO tempest.lib.common.rest_client [req-8454c101-9906-4f77-b46b-29ee4c15e694 req-8454c101-9906-4f77-b46b-29ee4c15e694 ] Request (ServersTestManualDisk:setUpClass): 200 GET http://10.180.1.21/compute/v2.1/servers/e7cf29d2-4447-4acf-a14d-51806a352d75 1.473s
2024-12-10 21:17:05.716 65401 INFO tempest.lib.common.rest_client [req-4424ad79-ff1f-480f-8523-95108a352c96 req-4424ad79-ff1f-480f-8523-95108a352c96 ] Request (AttachInterfacesV270Test:setUpClass): 201 POST http://10.180.1.21/identity/v3/auth/tokens 0.049s
2024-12-10 21:17:05.755 65401 INFO tempest.lib.common.rest_client [req-52ed3929-c3d8-46fb-9a08-8c24574f5a8f req-52ed3929-c3d8-46fb-9a08-8c24574f5a8f ] Request (AttachInterfacesV270Test:setUpClass): 200 GET http://10.180.1.21/identity/v3/domains?name=Default 0.038s
2024-12-10 21:17:05.761 65397 INFO tempest.lib.common.rest_client [req-1ebd293a-91da-4877-96b3-aac973f66785 req-1ebd293a-91da-4877-96b3-aac973f66785 ] Request (InstanceActionsNegativeTestJSON:setUpClass): 200 GET http://10.180.1.21/compute/v2.1/servers/416dd54f-4444-458b-be82-3324c86fb5c9 1.464s
2024-12-10 21:17:05.767 65397 INFO tempest.common.waiters [-] State transition "BUILD/scheduling" ==> "BUILD/None" after 14 second wait
2024-12-10 21:17:05.787 65419 INFO tempest.lib.common.rest_client [req-25bd990c-2d20-445f-a688-bb44cd5eaf17 req-25bd990c-2d20-445f-a688-bb44cd5eaf17 ] Request (ImagesMetadataNegativeTestJSON:test_list_nonexistent_image_metadata): 404 GET http://10.180.1.21/compute/v2.1/images/71d17fdb-171e-4038-b097-1178e1ceed3b/metadata 1.423s
2024-12-10 21:17:05.790 65405 INFO tempest.lib.common.rest_client [req-ebd615a5-044f-48f4-879b-43895847034c req-ebd615a5-044f-48f4-879b-43895847034c ] Request (ServersAaction247Test:test_create_backup): 200 GET http://10.180.1.21/compute/v2.1/servers/beae7708-6ddc-422f-b429-d4e67588a172 1.435s
2024-12-10 21:17:05.805 65401 INFO tempest.lib.common.rest_client [req-7f05c0b5-3e1e-423d-83dd-02b9783f85b2 req-7f05c0b5-3e1e-423d-83dd-02b9783f85b2 ] Request (AttachInterfacesV270Test:setUpClass): 201 POST http://10.180.1.21/identity/v3/projects 0.049s
2024-12-10 21:17:05.862 65389 INFO tempest.lib.common.rest_client [req-3f9cf388-aec8-4b88-bd93-58352b01bf5f req-3f9cf388-aec8-4b88-bd93-58352b01bf5f ] Request (ServerExternalEventsTest:test_create_server_external_events): 200 GET http://10.180.1.21/compute/v2.1/servers/3a55b2e6-a884-4dda-a9d4-9e63182c8ffa 1.459s
2024-12-10 21:17:05.885 65401 INFO tempest.lib.common.rest_client [req-633dcc62-97e3-4fcc-9da2-f94a03211afd req-633dcc62-97e3-4fcc-9da2-f94a03211afd ] Request (AttachInterfacesV270Test:setUpClass): 201 POST http://10.180.1.21/identity/v3/users 0.080s
2024-12-10 21:17:05.909 65401 INFO tempest.lib.common.rest_client [req-13b4902a-fc26-43ac-ab95-5e352451b065 req-13b4902a-fc26-43ac-ab95-5e352451b065 ] Request (AttachInterfacesV270Test:setUpClass): 200 GET http://10.180.1.21/identity/v3/roles 0.023s
2024-12-10 21:17:05.946 65401 INFO tempest.lib.common.rest_client [req-08752027-6975-4fe1-82ec-9a574ddf30d9 req-08752027-6975-4fe1-82ec-9a574ddf30d9 ] Request (AttachInterfacesV270Test:setUpClass): 204 PUT http://10.180.1.21/identity/v3/projects/0695e9e701b745e3a19137f20e344228/users/e84d568a9776486cae334e44359a8806/roles/2c9c87fe66db4c1fac5e5ee757abd1f0 0.037s
2024-12-10 21:17:05.947 65401 INFO tempest.lib.common.dynamic_creds [-] Dynamic test user e84d568a9776486cae334e44359a8806 is created with scope project and roles: ['member']
2024-12-10 21:17:05.947 65401 INFO tempest.lib.common.dynamic_creds [-] Acquired dynamic creds: credentials: Credentials: {'domain_id': 'default', 'domain_name': 'Default', 'username': 'tempest-AttachInterfacesV270Test-249442326-project-member', 'project_domain_id': 'default', 'project_domain_name': 'Default', 'project_id': '0695e9e701b745e3a19137f20e344228', 'project_name': 'tempest-AttachInterfacesV270Test-249442326', 'tenant_id': '0695e9e701b745e3a19137f20e344228', 'tenant_name': 'tempest-AttachInterfacesV270Test-249442326', 'user_domain_id': 'default', 'user_domain_name': 'Default', 'user_id': 'e84d568a9776486cae334e44359a8806', 'system': None}, Network: None, Subnet: None, Router: None
2024-12-10 21:17:05.980 65433 INFO tempest.lib.common.rest_client [req-9ea827ad-adfe-49a4-9efa-45c740d77cde req-9ea827ad-adfe-49a4-9efa-45c740d77cde ] Request (ServersTestMultiNic:test_verify_duplicate_network_nics): 201 POST http://10.180.1.21:9696/networking/v2.0/subnets 0.518s
2024-12-10 21:17:06.010 65385 INFO tempest.lib.common.rest_client [req-8ffaf699-3642-42a0-8371-63ca0465e35b req-8ffaf699-3642-42a0-8371-63ca0465e35b ] Request (ImagesOneServerTestJSON:setUpClass): 200 GET http://10.180.1.21/compute/v2.1/servers/fcf611a3-a07e-4d1c-8a39-c02357bd9f30 1.589s
2024-12-10 21:17:06.017 65385 INFO tempest.common.waiters [-] State transition "BUILD/block_device_mapping" ==> "BUILD/spawning" after 24 second wait
2024-12-10 21:17:06.025 65401 INFO tempest.lib.common.rest_client [req-00c518e6-28da-4ea0-8998-b0d85f031fa9 req-00c518e6-28da-4ea0-8998-b0d85f031fa9 ] Request (AttachInterfacesV270Test:setUpClass): 201 POST http://10.180.1.21/identity/v3/auth/tokens 0.077s
2024-12-10 21:17:06.154 65403 INFO tempest.lib.common.rest_client [req-082efd59-08f3-4992-b9d0-7947d582f61a req-082efd59-08f3-4992-b9d0-7947d582f61a ] Request (ServerDiagnosticsTest:tearDownClass): 200 GET http://10.180.1.21/compute/v2.1/servers/0addfb95-4247-496a-a5bc-4954ce8acba7 1.706s
2024-12-10 21:17:06.181 65399 INFO tempest.lib.common.rest_client [req-1efade2b-58e0-412e-84bd-e8b6967c13ed req-1efade2b-58e0-412e-84bd-e8b6967c13ed ] Request (SecurityGroupRulesTestJSON:test_security_group_rules_create_with_optional_cidr): 200 POST http://10.180.1.21/compute/v2.1/os-security-groups 1.816s
2024-12-10 21:17:06.232 65395 INFO tempest.lib.common.rest_client [req-45a27201-bacf-486b-8180-de5eb5a684c0 req-45a27201-bacf-486b-8180-de5eb5a684c0 ] Request (TenantUsagesTestJSON:tearDownClass): 200 GET http://10.180.1.21/compute/v2.1/servers/a79edfa3-9b31-4079-979a-5d11818b3e42 1.759s
2024-12-10 21:17:06.280 65415 INFO tempest.lib.common.rest_client [req-dfea3707-da9c-492c-b064-415e4065c78b req-dfea3707-da9c-492c-b064-415e4065c78b ] Request (ServerDiagnosticsV248Test:test_get_server_diagnostics): 200 GET http://10.180.1.21/compute/v2.1/servers/845622fb-182f-422b-a2c6-9a1238bb1fda 1.780s
2024-12-10 21:17:06.330 65401 INFO tempest.lib.common.rest_client [req-5a20cd16-ee6e-4e59-b1f4-fdc656b84d86 req-5a20cd16-ee6e-4e59-b1f4-fdc656b84d86 ] Request (AttachInterfacesV270Test:setUpClass): 201 POST http://10.180.1.21:9696/networking/v2.0/networks 0.305s
2024-12-10 21:17:06.386 65427 INFO tempest.lib.common.rest_client [req-7ff8ecb7-ff42-4618-8436-75b354aee04a req-7ff8ecb7-ff42-4618-8436-75b354aee04a ] Request (QuotasAdminTestV257:test_get_updated_quotas): 200 GET http://10.180.1.21/compute/v2.1/os-quota-sets/5e20b586930446c197c55a89b34396bf?user_id=43b3911cf1e746dc9f76b0c6dae046f1 1.717s
2024-12-10 21:17:06.406 65375 INFO tempest.lib.common.rest_client [req-3a149fc1-7c5b-4726-8f7c-f06db908b31e req-3a149fc1-7c5b-4726-8f7c-f06db908b31e ] Request (FlavorsAdminTestJSON:test_is_public_string_variations): 200 GET http://10.180.1.21/compute/v2.1/flavors/detail?is_public=no 1.629s
2024-12-10 21:17:06.415 65377 INFO tempest.lib.common.rest_client [req-ba8a28ab-74e7-479e-aa35-a034c9c4ca4d req-ba8a28ab-74e7-479e-aa35-a034c9c4ca4d ] Request (AggregatesAdminNegativeTestJSON:test_aggregate_remove_host_as_user): 403 POST http://10.180.1.21/compute/v2.1/os-aggregates/7/action 1.632s
2024-12-10 21:17:06.418 65381 INFO tempest.lib.common.rest_client [req-8da885ef-862f-4871-b261-183eba4ccb4f req-8da885ef-862f-4871-b261-183eba4ccb4f ] Request (ServersAdmin275Test:test_rebuild_update_server_275): 200 GET http://10.180.1.21/compute/v2.1/servers/a6a860ad-919e-4184-9850-79316658b946 1.679s
2024-12-10 21:17:06.436 65429 INFO tempest.lib.common.rest_client [req-23fb1fb1-8ea0-4c4d-b033-fd28ef49a31f req-23fb1fb1-8ea0-4c4d-b033-fd28ef49a31f ] Request (ServerGroup264TestJSON:test_create_get_server_group): 200 GET http://10.180.1.21/compute/v2.1/os-server-groups 1.456s
2024-12-10 21:17:06.482 65427 INFO tempest.lib.common.rest_client [req-95f08037-fb65-4ceb-9e2d-8a17f679bd73 req-95f08037-fb65-4ceb-9e2d-8a17f679bd73 ] Request (QuotasAdminTestV257:_run_cleanups): 204 DELETE http://10.180.1.21/identity/v3/users/43b3911cf1e746dc9f76b0c6dae046f1 0.094s
2024-12-10 21:17:06.585 65401 INFO tempest.lib.common.rest_client [req-04aa34e8-1b97-4f0c-b82d-8ec29beaeb0d req-04aa34e8-1b97-4f0c-b82d-8ec29beaeb0d ] Request (AttachInterfacesV270Test:setUpClass): 201 POST http://10.180.1.21:9696/networking/v2.0/subnets 0.254s
2024-12-10 21:17:06.590 65431 INFO tempest.lib.common.rest_client [req-183424a9-edba-4cba-aa7d-25267ce4c51e req-183424a9-edba-4cba-aa7d-25267ce4c51e ] Request (ServersAdminTestJSON:setUpClass): 200 GET http://10.180.1.21/compute/v2.1/servers/e26524ba-912d-40ac-a299-6d6c4aae65e0 1.651s
2024-12-10 21:17:06.594 65427 INFO tempest.lib.common.rest_client [req-dd4b8acc-bd23-411b-aa75-ff9fc7c86393 req-dd4b8acc-bd23-411b-aa75-ff9fc7c86393 ] Request (QuotasAdminTestV257:_run_cleanups): 204 DELETE http://10.180.1.21/identity/v3/projects/5e20b586930446c197c55a89b34396bf 0.111s
2024-12-10 21:17:06.719 65387 INFO tempest.lib.common.rest_client [req-315b1e8c-a9bd-4c51-b9f4-3d559e39d153 req-315b1e8c-a9bd-4c51-b9f4-3d559e39d153 ] Request (ServersAdminNegativeTestJSON:test_migrate_server_invalid_state): 200 GET http://10.180.1.21/compute/v2.1/servers/3d3de8fe-5189-4105-bc80-566c5307922e 1.704s
2024-12-10 21:17:06.748 65433 INFO tempest.lib.common.rest_client [req-2275b1eb-e66c-430c-94b8-07fbeff3d4ba req-2275b1eb-e66c-430c-94b8-07fbeff3d4ba ] Request (ServersTestMultiNic:test_verify_duplicate_network_nics): 201 POST http://10.180.1.21:9696/networking/v2.0/networks 0.767s
2024-12-10 21:17:06.760 65427 INFO tempest.lib.common.rest_client [req-18c113ed-2335-4165-8b25-4902aca26e04 req-18c113ed-2335-4165-8b25-4902aca26e04 ] Request (QuotasAdminTestV257:tearDownClass): 204 DELETE http://10.180.1.21/identity/v3/users/a2e80e893d7f4734bd4c72f74cc43775 0.165s
2024-12-10 21:17:06.778 65413 INFO tempest.lib.common.rest_client [req-00389fd1-d73f-4dbf-b952-a6fb766ac1f9 req-00389fd1-d73f-4dbf-b952-a6fb766ac1f9 ] Request (InstanceActionsV221TestJSON:test_get_list_deleted_instance_actions): 200 GET http://10.180.1.21/compute/v2.1/servers/dac236ef-dacc-427d-9525-ccb2247a4610/os-instance-actions 1.340s
2024-12-10 21:17:06.823 65437 INFO tempest.lib.common.rest_client [req-9751f671-5ab1-4759-8140-b5fd7f2925e2 req-9751f671-5ab1-4759-8140-b5fd7f2925e2 ] Request (FloatingIPDetailsTestJSON:tearDownClass): 204 DELETE http://10.180.1.21:9696/networking/v2.0/routers/9d82e306-e18c-4585-a13b-819613467743 1.334s
2024-12-10 21:17:06.827 65383 INFO tempest.lib.common.rest_client [req-40443082-6ce3-4f4d-b61e-9f0aefe1d490 req-40443082-6ce3-4f4d-b61e-9f0aefe1d490 ] Request (FloatingIPsAssociationNegativeTestJSON:test_dissociate_nonexistent_floating_ip): 404 POST http://10.180.1.21/compute/v2.1/servers/a7259360-260a-49cb-b673-c5d33cebf48f/action 1.296s
2024-12-10 21:17:06.919 65427 INFO tempest.lib.common.rest_client [req-ca62abc9-ea52-4b8f-b174-4f448cc217f9 req-ca62abc9-ea52-4b8f-b174-4f448cc217f9 ] Request (QuotasAdminTestV257:tearDownClass): 204 DELETE http://10.180.1.21/identity/v3/users/12c47fb234e345fb825c7f0cd2f79260 0.158s
2024-12-10 21:17:06.919 65427 INFO tempest.lib.common.dynamic_creds [-] Deleting project and security group for project: 94c1b970468745b0abe750e95fa32c2d
2024-12-10 21:17:06.987 65427 INFO tempest.lib.common.rest_client [req-182b6b2a-1aba-4b77-bb77-e1420b6f489f req-182b6b2a-1aba-4b77-bb77-e1420b6f489f ] Request (QuotasAdminTestV257:tearDownClass): 201 POST http://10.180.1.21/identity/v3/auth/tokens 0.068s
2024-12-10 21:17:07.062 65391 INFO tempest.lib.common.rest_client [req-3fe5e0be-ef10-49fe-b487-b12a4965e12c req-3fe5e0be-ef10-49fe-b487-b12a4965e12c ] Request (ServersWithSpecificFlavorTestJSON:test_verify_created_server_ephemeral_disk): 200 GET http://10.180.1.21/compute/v2.1/servers/bbbdec91-762b-415e-bdbd-ed3700c90a24 1.431s
2024-12-10 21:17:07.143 65379 INFO tempest.lib.common.rest_client [req-ad1007ef-8eaf-4654-a291-96047901b1bc req-ad1007ef-8eaf-4654-a291-96047901b1bc ] Request (SecurityGroupsTestJSON:test_list_security_groups_by_server): 200 GET http://10.180.1.21/compute/v2.1/servers/c240dc64-3b62-4f4f-a8a5-7cd9fb816dcc 1.375s
2024-12-10 21:17:07.163 65419 INFO tempest.lib.common.rest_client [req-ceb26878-5a38-431e-8c46-6ef799834538 req-ceb26878-5a38-431e-8c46-6ef799834538 ] Request (ImagesMetadataNegativeTestJSON:test_set_nonexistent_image_metadata): 404 PUT http://10.180.1.21/compute/v2.1/images/eab96411-ca42-4524-b1f1-cbd3297a658d/metadata 1.375s
2024-12-10 21:17:07.191 65437 INFO tempest.lib.common.rest_client [req-ab41a7ac-7b88-4d27-98a6-cb5e24bf3d47 req-ab41a7ac-7b88-4d27-98a6-cb5e24bf3d47 ] Request (FloatingIPDetailsTestJSON:tearDownClass): 204 DELETE http://10.180.1.21:9696/networking/v2.0/subnets/1bcd384d-e65d-4723-9c3a-ebfc912505d1 0.367s
2024-12-10 21:17:07.240 65393 INFO tempest.lib.common.rest_client [req-ea630d48-4f5a-4fb3-b87e-a9fd281b24bf req-ea630d48-4f5a-4fb3-b87e-a9fd281b24bf ] Request (ServersTestJSON:test_create_server_specify_multibyte_character_name): 200 GET http://10.180.1.21/compute/v2.1/servers/cad0a47a-d332-400d-a662-8b0089e6d803 1.150s
2024-12-10 21:17:07.300 65436 INFO tempest.lib.common.rest_client [req-d562d239-0ca9-425d-8b43-481c3c6e2ef9 req-d562d239-0ca9-425d-8b43-481c3c6e2ef9 ] Request (VolumesAssistedSnapshotsTest:test_volume_assisted_snapshot_create_delete): 200 PUT http://10.180.1.21:9696/networking/v2.0/floatingips/e1d1c88f-7a07-4753-a412-395d57806a90 1.640s
2024-12-10 21:17:07.301 65436 INFO tempest.lib.common.ssh [-] Creating ssh connection to '10.180.180.149:22' as 'cirros' with public key authentication
2024-12-10 21:17:07.318 65409 INFO tempest.lib.common.rest_client [req-58d22bbf-8ea4-444c-882c-5fbd1ebc3dd4 req-58d22bbf-8ea4-444c-882c-5fbd1ebc3dd4 ] Request (DeleteServersAdminTestJSON:test_admin_delete_servers_of_others): 200 GET http://10.180.1.21/compute/v2.1/servers/366986e7-d0b3-40a2-9aa0-b1379d094c18 1.144s
2024-12-10 21:17:07.319 65427 INFO tempest.lib.common.rest_client [req-666e1893-2e1e-4179-ab65-e84c384dccaf req-666e1893-2e1e-4179-ab65-e84c384dccaf ] Request (QuotasAdminTestV257:tearDownClass): 200 GET http://10.180.1.21:9696/networking/v2.0/security-groups?tenant_id=94c1b970468745b0abe750e95fa32c2d&name=default 0.331s
2024-12-10 21:17:07.499 65427 INFO tempest.lib.common.rest_client [req-87fdfc8c-fce6-4d5e-9c31-16d1fabff28f req-87fdfc8c-fce6-4d5e-9c31-16d1fabff28f ] Request (QuotasAdminTestV257:tearDownClass): 204 DELETE http://10.180.1.21:9696/networking/v2.0/security-groups/8bbc438f-5ddf-4fbc-8fe9-c9908f7e1163 0.179s
2024-12-10 21:17:07.538 65399 INFO tempest.lib.common.rest_client [req-bcc6d5fb-bbaa-4844-951b-06d93e9399c3 req-bcc6d5fb-bbaa-4844-951b-06d93e9399c3 ] Request (SecurityGroupRulesTestJSON:test_security_group_rules_create_with_optional_cidr): 200 POST http://10.180.1.21/compute/v2.1/os-security-group-rules 1.354s
2024-12-10 21:17:07.551 65433 INFO tempest.lib.common.rest_client [req-642b3b06-2a28-4070-8951-115d1dfd09c5 req-642b3b06-2a28-4070-8951-115d1dfd09c5 ] Request (ServersTestMultiNic:test_verify_duplicate_network_nics): 201 POST http://10.180.1.21:9696/networking/v2.0/subnets 0.803s
2024-12-10 21:17:07.586 65427 INFO tempest.lib.common.rest_client [req-c825ecf2-1625-422b-8f52-7b7eb29a81df req-c825ecf2-1625-422b-8f52-7b7eb29a81df ] Request (QuotasAdminTestV257:tearDownClass): 204 DELETE http://10.180.1.21/identity/v3/projects/94c1b970468745b0abe750e95fa32c2d 0.083s
2024-12-10 21:17:07.586 65427 INFO tempest.lib.common.dynamic_creds [-] Deleting project and security group for project: 5472e009cb8244f597720243c00f95f9
2024-12-10 21:17:07.592 65425 INFO tempest.lib.common.rest_client [req-c12dac0f-1d4a-4778-8cf2-006a983450e6 req-c12dac0f-1d4a-4778-8cf2-006a983450e6 ] Request (ServerActionsTestOtherB:setUpClass): 202 POST http://10.180.1.21/compute/v2.1/servers 2.312s
2024-12-10 21:17:07.646 65433 INFO tempest.lib.common.rest_client [req-fbcdde20-d2d8-4473-99d0-95a82eadc5f1 req-fbcdde20-d2d8-4473-99d0-95a82eadc5f1 ] Request (ServersTestMultiNic:test_verify_duplicate_network_nics): 201 POST http://10.180.1.21/identity/v3/auth/tokens 0.086s
2024-12-10 21:17:07.646 65433 INFO tempest.lib.common.fixed_network [-] (ServersTestMultiNic:test_verify_duplicate_network_nics) Found network {'id': '9d78568b-74f9-4613-a5e7-b86b2a22e57d', 'name': 'tempest-ServersTestMultiNic-298215711-network', 'tenant_id': '013c27cf3bf34be3ab6cd1994928f3c3', 'admin_state_up': True, 'mtu': 8950, 'status': 'ACTIVE', 'subnets': [], 'shared': False, 'project_id': '013c27cf3bf34be3ab6cd1994928f3c3', 'port_security_enabled': True, 'router:external': False, 'provider:network_type': 'vlan', 'provider:physical_network': 'default', 'provider:segmentation_id': 434, 'availability_zone_hints': [], 'availability_zones': [], 'ipv4_address_scope': None, 'ipv6_address_scope': None, 'description': '', 'tags': [], 'created_at': '2024-12-10T21:17:01Z', 'updated_at': '2024-12-10T21:17:01Z', 'revision_number': 1} available for tenant
2024-12-10 21:17:07.660 65421 INFO tempest.lib.common.rest_client [req-87394675-c5c9-4c73-80e8-8413701c228b req-87394675-c5c9-4c73-80e8-8413701c228b ] Request (ServerDiagnosticsNegativeTest:tearDownClass): 200 GET http://10.180.1.21/compute/v2.1/servers/28466209-2f25-401f-b406-78c8a99d8443 1.351s
2024-12-10 21:17:07.709 65437 INFO tempest.lib.common.rest_client [req-c05d23c1-edc0-43f7-8696-200434799081 req-c05d23c1-edc0-43f7-8696-200434799081 ] Request (FloatingIPDetailsTestJSON:tearDownClass): 204 DELETE http://10.180.1.21:9696/networking/v2.0/networks/bab0a84c-1f39-4cf4-9ed3-a5679c830205 0.518s
2024-12-10 21:17:07.731 65375 INFO tempest.lib.common.rest_client [req-0c1f830c-8ae9-412f-b93f-53fefe22826e req-0c1f830c-8ae9-412f-b93f-53fefe22826e ] Request (FlavorsAdminTestJSON:test_is_public_string_variations): 200 GET http://10.180.1.21/compute/v2.1/flavors/detail?is_public=0 1.318s
2024-12-10 21:17:07.769 65411 INFO tempest.lib.common.rest_client [req-e336a018-f922-45a3-aa24-966b84df3cdc req-e336a018-f922-45a3-aa24-966b84df3cdc ] Request (MigrationsAdminTest:test_list_migrations_in_flavor_resize_situation): 200 GET http://10.180.1.21/compute/v2.1/servers/59f30b3f-5286-4d90-b726-011e419fca2a 1.553s
2024-12-10 21:17:07.817 65427 INFO tempest.lib.common.rest_client [req-0b336fc6-240c-4e1a-ba30-96666fb29585 req-0b336fc6-240c-4e1a-ba30-96666fb29585 ] Request (QuotasAdminTestV257:tearDownClass): 200 GET http://10.180.1.21:9696/networking/v2.0/security-groups?tenant_id=5472e009cb8244f597720243c00f95f9&name=default 0.231s
2024-12-10 21:17:07.853 65437 INFO tempest.lib.common.rest_client [req-4d19a020-009b-4a03-a182-a3337d8d927e req-4d19a020-009b-4a03-a182-a3337d8d927e ] Request (FloatingIPDetailsTestJSON:tearDownClass): 204 DELETE http://10.180.1.21/identity/v3/users/dc159581a0774fa8b7da1d2c3fc5bdd4 0.143s
2024-12-10 21:17:07.853 65437 INFO tempest.lib.common.dynamic_creds [-] Deleting project and security group for project: e9a883647e65464aa68d2772a7d26fd7
2024-12-10 21:17:07.866 65377 INFO tempest.lib.common.rest_client [req-715b4f29-a302-4f9d-8056-92cb679a7084 req-715b4f29-a302-4f9d-8056-92cb679a7084 ] Request (AggregatesAdminNegativeTestJSON:_run_cleanups): 200 POST http://10.180.1.21/compute/v2.1/os-aggregates/7/action 1.451s
2024-12-10 21:17:07.883 65429 INFO tempest.lib.common.rest_client [req-9735e302-614f-4234-bba8-6435ba43a513 req-9735e302-614f-4234-bba8-6435ba43a513 ] Request (ServerGroup264TestJSON:test_create_get_server_group): 200 GET http://10.180.1.21/compute/v2.1/os-server-groups/ce402b96-7a8d-4e75-95bf-103047c58a1b 1.446s
2024-12-10 21:17:07.924 65437 INFO tempest.lib.common.rest_client [req-3e5399a3-e2dd-4897-ba59-87c346368a05 req-3e5399a3-e2dd-4897-ba59-87c346368a05 ] Request (FloatingIPDetailsTestJSON:tearDownClass): 200 GET http://10.180.1.21:9696/networking/v2.0/security-groups?tenant_id=e9a883647e65464aa68d2772a7d26fd7&name=default 0.070s
2024-12-10 21:17:07.966 65423 INFO tempest.lib.common.rest_client [req-7f5f827d-87e7-4abf-a8f8-10883c3b4fba req-7f5f827d-87e7-4abf-a8f8-10883c3b4fba ] Request (ServersTestManualDisk:setUpClass): 200 GET http://10.180.1.21/compute/v2.1/servers/e7cf29d2-4447-4acf-a14d-51806a352d75 1.247s
2024-12-10 21:17:08.025 65397 INFO tempest.lib.common.rest_client [req-8ac8503a-f228-49b3-b01a-18c39dbb34a5 req-8ac8503a-f228-49b3-b01a-18c39dbb34a5 ] Request (InstanceActionsNegativeTestJSON:setUpClass): 200 GET http://10.180.1.21/compute/v2.1/servers/416dd54f-4444-458b-be82-3324c86fb5c9 1.257s
2024-12-10 21:17:08.026 65407 INFO tempest.lib.common.rest_client [req-6f941488-bf68-487c-b5c2-ce60cb6f8b26 req-6f941488-bf68-487c-b5c2-ce60cb6f8b26 ] Request (DeleteServersTestJSON:test_delete_active_server): 200 GET http://10.180.1.21/compute/v2.1/servers/41c6290d-3110-4de7-bb44-190fd57478c6 1.600s
2024-12-10 21:17:08.031 65427 INFO tempest.lib.common.rest_client [req-c37f0dcc-5986-4595-b73a-ea3f2a62bb72 req-c37f0dcc-5986-4595-b73a-ea3f2a62bb72 ] Request (QuotasAdminTestV257:tearDownClass): 204 DELETE http://10.180.1.21:9696/networking/v2.0/security-groups/65d216af-bb8c-4133-b27f-eb06d6669841 0.214s
2024-12-10 21:17:08.047 65413 INFO tempest.lib.common.rest_client [req-56e3bc56-ce28-4373-937c-fe7dc9e1bec9 req-56e3bc56-ce28-4373-937c-fe7dc9e1bec9 ] Request (InstanceActionsV221TestJSON:tearDownClass): 404 DELETE http://10.180.1.21/compute/v2.1/servers/dac236ef-dacc-427d-9525-ccb2247a4610 1.260s
2024-12-10 21:17:08.059 65437 INFO tempest.lib.common.rest_client [req-a8407566-7dda-40fb-bde1-69e3c2d5efba req-a8407566-7dda-40fb-bde1-69e3c2d5efba ] Request (FloatingIPDetailsTestJSON:tearDownClass): 204 DELETE http://10.180.1.21:9696/networking/v2.0/security-groups/23ff2e40-c5eb-4f5f-b890-a80dbd4669ba 0.135s
2024-12-10 21:17:08.114 65405 INFO tempest.lib.common.rest_client [req-1aad4f40-504a-4ffb-9ebb-83acadfa13bb req-1aad4f40-504a-4ffb-9ebb-83acadfa13bb ] Request (ServersAaction247Test:test_create_backup): 200 GET http://10.180.1.21/compute/v2.1/servers/beae7708-6ddc-422f-b429-d4e67588a172 1.312s
2024-12-10 21:17:08.131 65383 INFO tempest.lib.common.rest_client [req-1b1edb69-6f52-4f9a-8842-cce56bd3f5d1 req-1b1edb69-6f52-4f9a-8842-cce56bd3f5d1 ] Request (FloatingIPsAssociationNegativeTestJSON:tearDownClass): 204 DELETE http://10.180.1.21/compute/v2.1/servers/a7259360-260a-49cb-b673-c5d33cebf48f 1.302s
2024-12-10 21:17:08.160 65427 INFO tempest.lib.common.rest_client [req-2618fa17-f334-42f2-b8b1-2d09b5cad88e req-2618fa17-f334-42f2-b8b1-2d09b5cad88e ] Request (QuotasAdminTestV257:tearDownClass): 204 DELETE http://10.180.1.21/identity/v3/projects/5472e009cb8244f597720243c00f95f9 0.128s
2024-12-10 21:17:08.180 65389 INFO tempest.lib.common.rest_client [req-996384f6-348c-40bd-8a3e-40702cf66dc4 req-996384f6-348c-40bd-8a3e-40702cf66dc4 ] Request (ServerExternalEventsTest:test_create_server_external_events): 200 GET http://10.180.1.21/compute/v2.1/servers/3a55b2e6-a884-4dda-a9d4-9e63182c8ffa 1.306s
2024-12-10 21:17:08.189 65437 INFO tempest.lib.common.rest_client [req-5bd8819d-1ac5-419e-a7fe-30aeef1ce171 req-5bd8819d-1ac5-419e-a7fe-30aeef1ce171 ] Request (FloatingIPDetailsTestJSON:tearDownClass): 204 DELETE http://10.180.1.21/identity/v3/projects/e9a883647e65464aa68d2772a7d26fd7 0.130s
