2024-12-10 21:17:17.264 65385 INFO tempest.lib.common.rest_client [req-cc885a23-6a34-40e5-b8ff-abc1db88dca3 req-cc885a23-6a34-40e5-b8ff-abc1db88dca3 ] Request (ImagesOneServerTestJSON:test_create_delete_image): 200 GET http://10.180.1.21/compute/v2.1/images/2f634bbf-d660-41af-a535-477094205221 0.952s
2024-12-10 21:17:17.287 65375 INFO tempest.lib.common.rest_client [req-8de90776-b29b-447c-b454-a4cd6c7bd881 req-8de90776-b29b-447c-b454-a4cd6c7bd881 ] Request (FlavorsAdminTestJSON:test_list_non_public_flavor): 200 POST http://10.180.1.21/compute/v2.1/flavors 0.934s
2024-12-10 21:17:17.326 65419 INFO tempest.lib.common.rest_client [req-cff3be99-36af-4b68-bf7e-563ecf9183cc req-cff3be99-36af-4b68-bf7e-563ecf9183cc ] Request (ServerTagsTestJSON:setUpClass): 202 POST http://10.180.1.21/compute/v2.1/servers 1.716s
2024-12-10 21:17:17.364 65387 INFO tempest.lib.common.rest_client [req-cd4d564f-e4a7-4ddb-8ff7-f7b070fff8f3 req-cd4d564f-e4a7-4ddb-8ff7-f7b070fff8f3 ] Request (ServersAdminNegativeTestJSON:test_migrate_server_invalid_state): 200 GET http://10.180.1.21/compute/v2.1/servers/3d3de8fe-5189-4105-bc80-566c5307922e 0.978s
2024-12-10 21:17:17.433 65431 INFO tempest.lib.common.rest_client [req-ae8bc3e4-d874-454a-ae7c-92aca5cc91ed req-ae8bc3e4-d874-454a-ae7c-92aca5cc91ed ] Request (ServersAdminTestJSON:test_create_server_with_scheduling_hint): 200 GET http://10.180.1.21/compute/v2.1/servers/0da9b618-9d28-4028-a42b-fa3b9661cb6c 0.973s
2024-12-10 21:17:17.456 65437 INFO tempest.lib.common.rest_client [req-6b7e6c4d-573e-4015-8c86-a65d1f9ebdf7 req-6b7e6c4d-573e-4015-8c86-a65d1f9ebdf7 ] Request (ServerShowV257Test:test_rebuild_server): 200 GET http://10.180.1.21/compute/v2.1/servers/5d9196da-9f8c-43d4-b031-023fd76183d2 0.994s
2024-12-10 21:17:17.503 65383 INFO tempest.lib.common.rest_client [req-5575e09c-b452-4518-908f-d9c2644d27cc req-5575e09c-b452-4518-908f-d9c2644d27cc ] Request (FloatingIPsAssociationNegativeTestJSON:tearDownClass): 200 GET http://10.180.1.21/compute/v2.1/servers/a7259360-260a-49cb-b673-c5d33cebf48f 0.989s
2024-12-10 21:17:17.534 65379 INFO tempest.lib.common.rest_client [req-226dbb43-6479-4bbe-9d44-feb8c00982e6 req-226dbb43-6479-4bbe-9d44-feb8c00982e6 ] Request (SecurityGroupsTestJSON:test_list_security_groups_by_server): 200 GET http://10.180.1.21/compute/v2.1/servers/c240dc64-3b62-4f4f-a8a5-7cd9fb816dcc 0.990s
2024-12-10 21:17:17.560 65421 INFO tempest.lib.common.rest_client [req-81dd01f4-032b-479e-bf7e-0ee7d64da3aa req-81dd01f4-032b-479e-bf7e-0ee7d64da3aa ] Request (ImagesOneServerNegativeTestJSON:setUpClass): 200 PUT http://10.180.1.21:9696/networking/v2.0/routers/d3daff77-d663-4e5e-89eb-9b8207430268/add_router_interface 1.162s
2024-12-10 21:17:17.560 65421 INFO tempest.lib.common.dynamic_creds [-] Created isolated network resources for: credentials: Credentials: {'domain_id': 'default', 'domain_name': 'Default', 'username': 'tempest-ImagesOneServerNegativeTestJSON-1302854938-project-member', 'project_domain_id': 'default', 'project_domain_name': 'Default', 'project_id': '1292fa8258bd4b159755668cf8ac1588', 'project_name': 'tempest-ImagesOneServerNegativeTestJSON-1302854938', 'tenant_id': '1292fa8258bd4b159755668cf8ac1588', 'tenant_name': 'tempest-ImagesOneServerNegativeTestJSON-1302854938', 'user_domain_id': 'default', 'user_domain_name': 'Default', 'user_id': '05dd3b97552740c5935e9e7dcad7717a', 'system': None}, Network: {'id': '445a976b-3bcb-45b0-b1a4-cb74bde4bb70', 'name': 'tempest-ImagesOneServerNegativeTestJSON-1487765863-network', 'tenant_id': '1292fa8258bd4b159755668cf8ac1588', 'admin_state_up': True, 'mtu': 8950, 'status': 'ACTIVE', 'subnets': [], 'shared': False, 'project_id': '1292fa8258bd4b159755668cf8ac1588', 'port_security_enabled': True, 'router:external': False, 'provider:network_type': 'vlan', 'provider:physical_network': 'default', 'provider:segmentation_id': 137, 'availability_zone_hints': [], 'availability_zones': [], 'ipv4_address_scope': None, 'ipv6_address_scope': None, 'description': '', 'tags': [], 'created_at': '2024-12-10T21:17:14Z', 'updated_at': '2024-12-10T21:17:14Z', 'revision_number': 1}, Subnet: {'id': '19e22ff0-c101-4eb4-a121-fe1c2ede7782', 'name': 'tempest-ImagesOneServerNegativeTestJSON-1487765863-subnet', 'tenant_id': '1292fa8258bd4b159755668cf8ac1588', 'network_id': '445a976b-3bcb-45b0-b1a4-cb74bde4bb70', 'ip_version': 4, 'subnetpool_id': None, 'enable_dhcp': True, 'ipv6_ra_mode': None, 'ipv6_address_mode': None, 'gateway_ip': '192.168.128.1', 'cidr': '192.168.128.0/28', 'allocation_pools': [{'start': '192.168.128.2', 'end': '192.168.128.14'}], 'host_routes': [], 'dns_nameservers': [], 'description': '', 'router:external': False, 'service_types': [], 'tags': [], 'created_at': '2024-12-10T21:17:14Z', 'updated_at': '2024-12-10T21:17:14Z', 'revision_number': 0, 'project_id': '1292fa8258bd4b159755668cf8ac1588'}, Router: {'id': 'd3daff77-d663-4e5e-89eb-9b8207430268', 'name': 'tempest-ImagesOneServerNegativeTestJSON-1487765863-router', 'tenant_id': '1292fa8258bd4b159755668cf8ac1588', 'admin_state_up': True, 'status': 'ACTIVE', 'external_gateway_info': {'network_id': '58220cf0-baa9-4eab-9017-ce887fc585ff', 'external_fixed_ips': [{'subnet_id': '17481956-8957-4bbc-9b08-0fbeb16785dc', 'ip_address': '10.180.180.192'}], 'enable_snat': True}, 'description': '', 'availability_zones': [], 'distributed': False, 'ha': False, 'availability_zone_hints': [], 'routes': [], 'flavor_id': None, 'tags': [], 'created_at': '2024-12-10T21:17:14Z', 'updated_at': '2024-12-10T21:17:15Z', 'revision_number': 2, 'project_id': '1292fa8258bd4b159755668cf8ac1588'}
2024-12-10 21:17:17.563 65409 INFO tempest.lib.common.rest_client [req-d5105e43-752c-4512-9d58-0b58631fdd91 req-d5105e43-752c-4512-9d58-0b58631fdd91 ] Request (DeleteServersAdminTestJSON:test_delete_server_while_in_error_state): 200 GET http://10.180.1.21/compute/v2.1/servers/278be240-4d07-4131-a893-f21a445a0caf 0.990s
2024-12-10 21:17:17.601 65393 INFO tempest.lib.common.rest_client [req-da5e48e8-b446-4609-a487-3f4ff894a54c req-da5e48e8-b446-4609-a487-3f4ff894a54c ] Request (ServersTestJSON:test_create_server_specify_multibyte_character_name): 200 GET http://10.180.1.21/compute/v2.1/servers/cad0a47a-d332-400d-a662-8b0089e6d803 0.975s
2024-12-10 21:17:17.609 65413 INFO tempest.lib.common.rest_client [req-be950e83-6ae9-4cbf-bbc4-8afdcfbb8d58 req-be950e83-6ae9-4cbf-bbc4-8afdcfbb8d58 ] Request (VolumesNegativeTest:test_delete_volume_without_passing_volume_id): 404 DELETE http://10.180.1.21/compute/v2.1/os-volumes/ 0.879s
2024-12-10 21:17:17.610 65377 INFO tempest.lib.common.rest_client [req-673b1e61-b430-4255-8764-82282852502f req-673b1e61-b430-4255-8764-82282852502f ] Request (FlavorsAccessTestJSON:test_flavor_access_add_remove): 200 POST http://10.180.1.21/compute/v2.1/flavors/252637868/action 0.939s
2024-12-10 21:17:17.621 65427 INFO tempest.lib.common.rest_client [req-698627e2-b050-4b0c-9c12-2827c40f99e3 req-698627e2-b050-4b0c-9c12-2827c40f99e3 ] Request (FlavorsV2TestJSON:test_list_flavors_detailed_using_marker): 200 GET http://10.180.1.21/compute/v2.1/flavors/42 0.877s
2024-12-10 21:17:17.644 65375 INFO tempest.lib.common.rest_client [req-1a8f113d-e034-4869-a9e1-ea8a89ce16c4 req-1a8f113d-e034-4869-a9e1-ea8a89ce16c4 ] Request (FlavorsAdminTestJSON:test_list_non_public_flavor): 200 GET http://10.180.1.21/compute/v2.1/flavors/detail 0.355s
2024-12-10 21:17:17.652 65421 INFO tempest.lib.common.rest_client [req-8717ddbc-f887-4ea6-860b-923d91526a18 req-8717ddbc-f887-4ea6-860b-923d91526a18 ] Request (ImagesOneServerNegativeTestJSON:setUpClass): 201 POST http://10.180.1.21/identity/v3/auth/tokens 0.088s
2024-12-10 21:17:17.688 65421 INFO tempest.lib.common.rest_client [req-311d96bd-f75b-4841-add9-7ce0d7602f9a req-311d96bd-f75b-4841-add9-7ce0d7602f9a ] Request (ImagesOneServerNegativeTestJSON:setUpClass): 201 POST http://10.180.1.21/identity/v3/auth/tokens 0.032s
2024-12-10 21:17:17.689 65421 INFO tempest.lib.common.fixed_network [-] (ImagesOneServerNegativeTestJSON:setUpClass) Found network {'id': '445a976b-3bcb-45b0-b1a4-cb74bde4bb70', 'name': 'tempest-ImagesOneServerNegativeTestJSON-1487765863-network', 'tenant_id': '1292fa8258bd4b159755668cf8ac1588', 'admin_state_up': True, 'mtu': 8950, 'status': 'ACTIVE', 'subnets': [], 'shared': False, 'project_id': '1292fa8258bd4b159755668cf8ac1588', 'port_security_enabled': True, 'router:external': False, 'provider:network_type': 'vlan', 'provider:physical_network': 'default', 'provider:segmentation_id': 137, 'availability_zone_hints': [], 'availability_zones': [], 'ipv4_address_scope': None, 'ipv6_address_scope': None, 'description': '', 'tags': [], 'created_at': '2024-12-10T21:17:14Z', 'updated_at': '2024-12-10T21:17:14Z', 'revision_number': 1} available for tenant
2024-12-10 21:17:17.691 65419 INFO tempest.lib.common.rest_client [req-0bc30d1d-c457-4e2c-80ef-a02458b3fae2 req-0bc30d1d-c457-4e2c-80ef-a02458b3fae2 ] Request (ServerTagsTestJSON:setUpClass): 200 GET http://10.180.1.21/compute/v2.1/servers/4efa4e8e-02c5-4bad-a716-21d294f28c26 0.363s
2024-12-10 21:17:17.737 65423 INFO tempest.lib.common.rest_client [req-0780c4ee-22ac-4398-83db-69c33779e7f7 req-0780c4ee-22ac-4398-83db-69c33779e7f7 ] Request (ServersTestManualDisk:setUpClass): 200 GET http://10.180.1.21/compute/v2.1/servers/e7cf29d2-4447-4acf-a14d-51806a352d75 0.320s
2024-12-10 21:17:17.783 65397 INFO tempest.lib.common.rest_client [req-8f2fed90-ee57-454d-9ebe-4cef8a1f9f21 req-8f2fed90-ee57-454d-9ebe-4cef8a1f9f21 ] Request (InstanceActionsNegativeTestJSON:setUpClass): 200 GET http://10.180.1.21/compute/v2.1/servers/416dd54f-4444-458b-be82-3324c86fb5c9 0.311s
2024-12-10 21:17:17.848 65405 INFO tempest.lib.common.rest_client [req-6b42485f-e4a0-426d-aa60-6ffff5ea5bd8 req-6b42485f-e4a0-426d-aa60-6ffff5ea5bd8 ] Request (ServersAaction247Test:test_create_backup): 200 GET http://10.180.1.21/compute/v2.1/servers/beae7708-6ddc-422f-b429-d4e67588a172 0.320s
2024-12-10 21:17:17.860 65405 INFO tempest.common.waiters [-] State transition "BUILD/spawning" ==> "ACTIVE/None" after 32 second wait
2024-12-10 21:17:17.895 65399 INFO tempest.lib.common.rest_client [req-cd52bba3-3917-4f0f-8152-7ce744519e7b req-cd52bba3-3917-4f0f-8152-7ce744519e7b ] Request (SecurityGroupRulesTestJSON:test_security_group_rules_list): 200 POST http://10.180.1.21/compute/v2.1/os-security-groups 1.108s
2024-12-10 21:17:18.034 65411 INFO tempest.lib.common.rest_client [req-58ffc40c-234d-4af5-8957-cfd64421e60e req-58ffc40c-234d-4af5-8957-cfd64421e60e ] Request (MigrationsAdminTest:test_list_migrations_in_flavor_resize_situation): 200 GET http://10.180.1.21/compute/v2.1/servers/59f30b3f-5286-4d90-b726-011e419fca2a 0.488s
2024-12-10 21:17:18.038 65413 INFO tempest.lib.common.rest_client [req-dd08650b-c5aa-4019-91db-fc3c88fed6b7 req-dd08650b-c5aa-4019-91db-fc3c88fed6b7 ] Request (VolumesNegativeTest:test_get_volume_without_passing_volume_id): 404 GET http://10.180.1.21/compute/v2.1/os-volumes/ 0.427s
2024-12-10 21:17:18.131 65377 INFO tempest.lib.common.rest_client [req-348147d3-13ed-49ca-ba83-3b0a9fcf62d2 req-348147d3-13ed-49ca-ba83-3b0a9fcf62d2 ] Request (FlavorsAccessTestJSON:test_flavor_access_add_remove): 200 GET http://10.180.1.21/compute/v2.1/flavors/detail 0.519s
2024-12-10 21:17:18.199 65407 INFO tempest.lib.common.rest_client [req-75b92aec-7a9d-4ab3-abfb-e8233451767b req-75b92aec-7a9d-4ab3-abfb-e8233451767b ] Request (DeleteServersTestJSON:test_delete_active_server): 200 GET http://10.180.1.21/compute/v2.1/servers/41c6290d-3110-4de7-bb44-190fd57478c6 0.584s
2024-12-10 21:17:18.206 65407 INFO tempest.common.waiters [-] State transition "ACTIVE/deleting" ==> "DELETED/None" after 4 second wait
2024-12-10 21:17:18.232 65427 INFO tempest.lib.common.rest_client [req-5121a8fb-5121-42ea-a31c-4ebc3b276758 req-5121a8fb-5121-42ea-a31c-4ebc3b276758 ] Request (FlavorsV2TestJSON:test_list_flavors_detailed_using_marker): 200 GET http://10.180.1.21/compute/v2.1/flavors/detail?marker=42 0.609s
2024-12-10 21:17:18.256 65375 INFO tempest.lib.common.rest_client [req-8642c132-aa75-4914-8ac0-ff5431f4f224 req-8642c132-aa75-4914-8ac0-ff5431f4f224 ] Request (FlavorsAdminTestJSON:test_list_non_public_flavor): 200 GET http://10.180.1.21/compute/v2.1/flavors/detail 0.604s
2024-12-10 21:17:18.297 65389 INFO tempest.lib.common.rest_client [req-561f110e-3c43-449a-a940-5938c13c9e95 req-561f110e-3c43-449a-a940-5938c13c9e95 ] Request (ServerExternalEventsTest:test_create_server_external_events): 200 GET http://10.180.1.21/compute/v2.1/servers/3a55b2e6-a884-4dda-a9d4-9e63182c8ffa 0.706s
2024-12-10 21:17:18.303 65389 INFO tempest.common.waiters [-] State transition "BUILD/networking" ==> "BUILD/spawning" after 32 second wait
2024-12-10 21:17:18.460 65391 WARNING tempest.lib.common.ssh [-] Failed to establish authenticated ssh connection to cirros@10.180.180.199 ([Errno None] Unable to connect to port 22 on 10.180.180.199). Number attempts: 1. Retry after 2 seconds.: paramiko.ssh_exception.NoValidConnectionsError: [Errno None] Unable to connect to port 22 on 10.180.180.199
2024-12-10 21:17:18.653 65421 INFO tempest.lib.common.rest_client [req-9cfc16a2-a5ea-4033-812a-56f54d3f6df9 req-9cfc16a2-a5ea-4033-812a-56f54d3f6df9 ] Request (ImagesOneServerNegativeTestJSON:setUpClass): 202 POST http://10.180.1.21/compute/v2.1/servers 0.963s
2024-12-10 21:17:18.732 65403 INFO tempest.lib.common.rest_client [req-8f259e69-3490-412f-b598-5a440b0393a0 req-8f259e69-3490-412f-b598-5a440b0393a0 ] Request (ServerDiagnosticsTest:tearDownClass): 200 GET http://10.180.1.21/compute/v2.1/servers/0addfb95-4247-496a-a5bc-4954ce8acba7 0.854s
2024-12-10 21:17:18.743 65429 INFO tempest.lib.common.rest_client [req-eee0c586-67bc-4518-8271-d3a15649ed87 req-eee0c586-67bc-4518-8271-d3a15649ed87 ] Request (ServerRescueTestJSON:setUpClass): 200 PUT http://10.180.1.21:9696/networking/v2.0/routers/6a2ccf3d-9a0d-4d3f-9b44-f09d616e9dc2/add_router_interface 1.859s
2024-12-10 21:17:18.744 65429 INFO tempest.lib.common.dynamic_creds [-] Created isolated network resources for: credentials: Credentials: {'domain_id': 'default', 'domain_name': 'Default', 'username': 'tempest-ServerRescueTestJSON-1622943740-project-member', 'project_domain_id': 'default', 'project_domain_name': 'Default', 'project_id': '59816017fcf446c4946a84809b59ae1a', 'project_name': 'tempest-ServerRescueTestJSON-1622943740', 'tenant_id': '59816017fcf446c4946a84809b59ae1a', 'tenant_name': 'tempest-ServerRescueTestJSON-1622943740', 'user_domain_id': 'default', 'user_domain_name': 'Default', 'user_id': '5e7476282deb4c76bec8964660e30c1c', 'system': None}, Network: {'id': 'f4a647a8-f29e-4433-a04b-5074044da4ee', 'name': 'tempest-ServerRescueTestJSON-557391844-network', 'tenant_id': '59816017fcf446c4946a84809b59ae1a', 'admin_state_up': True, 'mtu': 8950, 'status': 'ACTIVE', 'subnets': [], 'shared': False, 'project_id': '59816017fcf446c4946a84809b59ae1a', 'port_security_enabled': True, 'router:external': False, 'provider:network_type': 'vlan', 'provider:physical_network': 'default', 'provider:segmentation_id': 788, 'availability_zone_hints': [], 'availability_zones': [], 'ipv4_address_scope': None, 'ipv6_address_scope': None, 'description': '', 'tags': [], 'created_at': '2024-12-10T21:17:14Z', 'updated_at': '2024-12-10T21:17:14Z', 'revision_number': 1}, Subnet: {'id': 'c6d76c59-d90a-4a6f-a0db-c742d9e0e0d9', 'name': 'tempest-ServerRescueTestJSON-557391844-subnet', 'tenant_id': '59816017fcf446c4946a84809b59ae1a', 'network_id': 'f4a647a8-f29e-4433-a04b-5074044da4ee', 'ip_version': 4, 'subnetpool_id': None, 'enable_dhcp': False, 'ipv6_ra_mode': None, 'ipv6_address_mode': None, 'gateway_ip': '192.168.128.1', 'cidr': '192.168.128.0/28', 'allocation_pools': [{'start': '192.168.128.2', 'end': '192.168.128.14'}], 'host_routes': [], 'dns_nameservers': [], 'description': '', 'router:external': False, 'service_types': [], 'tags': [], 'created_at': '2024-12-10T21:17:15Z', 'updated_at': '2024-12-10T21:17:15Z', 'revision_number': 0, 'project_id': '59816017fcf446c4946a84809b59ae1a'}, Router: {'id': '6a2ccf3d-9a0d-4d3f-9b44-f09d616e9dc2', 'name': 'tempest-ServerRescueTestJSON-557391844-router', 'tenant_id': '59816017fcf446c4946a84809b59ae1a', 'admin_state_up': True, 'status': 'ACTIVE', 'external_gateway_info': {'network_id': '58220cf0-baa9-4eab-9017-ce887fc585ff', 'external_fixed_ips': [{'subnet_id': '17481956-8957-4bbc-9b08-0fbeb16785dc', 'ip_address': '10.180.180.223'}], 'enable_snat': True}, 'description': '', 'availability_zones': [], 'distributed': False, 'ha': False, 'availability_zone_hints': [], 'routes': [], 'flavor_id': None, 'tags': [], 'created_at': '2024-12-10T21:17:15Z', 'updated_at': '2024-12-10T21:17:16Z', 'revision_number': 2, 'project_id': '59816017fcf446c4946a84809b59ae1a'}
2024-12-10 21:17:18.773 65405 INFO tempest.lib.common.rest_client [req-12ada9cb-5b8f-40db-a313-e5279dc2ebcd req-12ada9cb-5b8f-40db-a313-e5279dc2ebcd ] Request (ServersAaction247Test:test_create_backup): 202 POST http://10.180.1.21/compute/v2.1/servers/beae7708-6ddc-422f-b429-d4e67588a172/action 0.912s
2024-12-10 21:17:18.841 65433 INFO tempest.lib.common.rest_client [req-806e2486-36c5-4650-bade-2bbf5ea9b2cb req-806e2486-36c5-4650-bade-2bbf5ea9b2cb ] Request (ServersTestMultiNic:test_verify_duplicate_network_nics): 200 GET http://10.180.1.21/compute/v2.1/servers/7d92bde5-1e58-493a-9b90-e18a83fde582 0.885s
2024-12-10 21:17:18.880 65429 INFO tempest.lib.common.rest_client [req-eab9cede-ee90-423f-be65-975137bd7136 req-eab9cede-ee90-423f-be65-975137bd7136 ] Request (ServerRescueTestJSON:setUpClass): 201 POST http://10.180.1.21/identity/v3/auth/tokens 0.131s
2024-12-10 21:17:18.887 65399 INFO tempest.lib.common.rest_client [req-afe87b37-1196-40ad-a544-b92c0b043c72 req-afe87b37-1196-40ad-a544-b92c0b043c72 ] Request (SecurityGroupRulesTestJSON:test_security_group_rules_list): 200 POST http://10.180.1.21/compute/v2.1/os-security-group-rules 0.987s
2024-12-10 21:17:18.910 65401 INFO tempest.lib.common.rest_client [req-5e4fdf60-e720-429a-9fe0-2c74d5e43d7d req-5e4fdf60-e720-429a-9fe0-2c74d5e43d7d ] Request (AttachInterfacesV270Test:test_create_get_list_interfaces): 200 GET http://10.180.1.21/compute/v2.1/servers/af53eb4c-6e15-4a65-8555-a8966e2e887c 0.879s
2024-12-10 21:17:18.923 65429 INFO tempest.lib.common.rest_client [req-3225ed87-c01c-4a1b-8751-0d24d9e92219 req-3225ed87-c01c-4a1b-8751-0d24d9e92219 ] Request (ServerRescueTestJSON:setUpClass): 201 POST http://10.180.1.21/identity/v3/auth/tokens 0.039s
2024-12-10 21:17:18.924 65429 INFO tempest.lib.common.fixed_network [-] (ServerRescueTestJSON:setUpClass) Found network {'id': 'f4a647a8-f29e-4433-a04b-5074044da4ee', 'name': 'tempest-ServerRescueTestJSON-557391844-network', 'tenant_id': '59816017fcf446c4946a84809b59ae1a', 'admin_state_up': True, 'mtu': 8950, 'status': 'ACTIVE', 'subnets': [], 'shared': False, 'project_id': '59816017fcf446c4946a84809b59ae1a', 'port_security_enabled': True, 'router:external': False, 'provider:network_type': 'vlan', 'provider:physical_network': 'default', 'provider:segmentation_id': 788, 'availability_zone_hints': [], 'availability_zones': [], 'ipv4_address_scope': None, 'ipv6_address_scope': None, 'description': '', 'tags': [], 'created_at': '2024-12-10T21:17:14Z', 'updated_at': '2024-12-10T21:17:14Z', 'revision_number': 1} available for tenant
2024-12-10 21:17:18.940 65413 INFO tempest.lib.common.rest_client [req-0b1115a6-4f80-4140-a158-3f06460f01af req-0b1115a6-4f80-4140-a158-3f06460f01af ] Request (VolumesNegativeTest:test_volume_delete_nonexistent_volume_id): 404 DELETE http://10.180.1.21/compute/v2.1/os-volumes/56aa6076-6c6f-431b-baaa-56ecd37ffc6c 0.900s
2024-12-10 21:17:18.976 65395 INFO tempest.lib.common.rest_client [req-de448632-4b0a-4049-9329-0c27dfb074ad req-de448632-4b0a-4049-9329-0c27dfb074ad ] Request (TenantUsagesTestJSON:tearDownClass): 200 GET http://10.180.1.21/compute/v2.1/servers/a79edfa3-9b31-4079-979a-5d11818b3e42 0.871s
2024-12-10 21:17:18.995 65377 INFO tempest.lib.common.rest_client [req-61594168-e9a7-4c80-b563-b2423ba5738d req-61594168-e9a7-4c80-b563-b2423ba5738d ] Request (FlavorsAccessTestJSON:test_flavor_access_add_remove): 200 POST http://10.180.1.21/compute/v2.1/flavors/252637868/action 0.859s
2024-12-10 21:17:19.036 65425 INFO tempest.lib.common.rest_client [req-2c7ca75d-97c7-4aa8-ba3b-eba5a6a43021 req-2c7ca75d-97c7-4aa8-ba3b-eba5a6a43021 ] Request (ServerActionsTestOtherB:setUpClass): 200 GET http://10.180.1.21/compute/v2.1/servers/92528be1-55ff-40e4-9404-99a4db7766c5 0.874s
2024-12-10 21:17:19.049 65427 INFO tempest.lib.common.rest_client [req-4086b8ba-b2a5-4a2d-b6c9-1cbc2c0575dc req-4086b8ba-b2a5-4a2d-b6c9-1cbc2c0575dc ] Request (FlavorsV2TestJSON:test_list_flavors_filter_by_min_disk): 200 GET http://10.180.1.21/compute/v2.1/flavors/42 0.810s
2024-12-10 21:17:19.063 65381 INFO tempest.lib.common.rest_client [req-7def8ccd-c186-4904-8edd-0ee5cd6dd6f1 req-7def8ccd-c186-4904-8edd-0ee5cd6dd6f1 ] Request (ServersAdmin275Test:test_rebuild_update_server_275): 200 GET http://10.180.1.21/compute/v2.1/servers/a6a860ad-919e-4184-9850-79316658b946 0.826s
2024-12-10 21:17:19.068 65375 INFO tempest.lib.common.rest_client [req-a8afb31c-c3c3-4bb2-ba05-06257d43e16f req-a8afb31c-c3c3-4bb2-ba05-06257d43e16f ] Request (FlavorsAdminTestJSON:_run_cleanups): 202 DELETE http://10.180.1.21/compute/v2.1/flavors/1721426684 0.805s
2024-12-10 21:17:19.103 65385 INFO tempest.lib.common.rest_client [req-41b1c75a-ff12-4eb5-8bcb-33a9ef2f4de1 req-41b1c75a-ff12-4eb5-8bcb-33a9ef2f4de1 ] Request (ImagesOneServerTestJSON:test_create_delete_image): 200 GET http://10.180.1.21/compute/v2.1/images/2f634bbf-d660-41af-a535-477094205221 0.834s
2024-12-10 21:17:19.122 65387 INFO tempest.lib.common.rest_client [req-61180140-fa51-43de-929d-1ab9c207ed88 req-61180140-fa51-43de-929d-1ab9c207ed88 ] Request (ServersAdminNegativeTestJSON:test_migrate_server_invalid_state): 200 GET http://10.180.1.21/compute/v2.1/servers/3d3de8fe-5189-4105-bc80-566c5307922e 0.746s
2024-12-10 21:17:19.156 65431 INFO tempest.lib.common.rest_client [req-e5998ff7-dc0a-4068-b8d2-d55151471db3 req-e5998ff7-dc0a-4068-b8d2-d55151471db3 ] Request (ServersAdminTestJSON:test_create_server_with_scheduling_hint): 200 GET http://10.180.1.21/compute/v2.1/servers/0da9b618-9d28-4028-a42b-fa3b9661cb6c 0.712s
2024-12-10 21:17:19.177 65437 INFO tempest.lib.common.rest_client [req-cacbcc72-b50d-43ac-8a3e-d0ef8bd4ef34 req-cacbcc72-b50d-43ac-8a3e-d0ef8bd4ef34 ] Request (ServerShowV257Test:test_rebuild_server): 200 GET http://10.180.1.21/compute/v2.1/servers/5d9196da-9f8c-43d4-b031-023fd76183d2 0.709s
2024-12-10 21:17:19.184 65437 INFO tempest.common.waiters [-] State transition "BUILD/scheduling" ==> "BUILD/None" after 8 second wait
2024-12-10 21:17:19.224 65383 INFO tempest.lib.common.rest_client [req-68c1f17e-8061-4ef4-a2ab-6f5681d76497 req-68c1f17e-8061-4ef4-a2ab-6f5681d76497 ] Request (FloatingIPsAssociationNegativeTestJSON:tearDownClass): 200 GET http://10.180.1.21/compute/v2.1/servers/a7259360-260a-49cb-b673-c5d33cebf48f 0.714s
2024-12-10 21:17:19.237 65379 INFO tempest.lib.common.rest_client [req-8b189f69-f287-4159-a182-577a42296419 req-8b189f69-f287-4159-a182-577a42296419 ] Request (SecurityGroupsTestJSON:test_list_security_groups_by_server): 200 GET http://10.180.1.21/compute/v2.1/servers/c240dc64-3b62-4f4f-a8a5-7cd9fb816dcc 0.693s
2024-12-10 21:17:19.278 65409 INFO tempest.lib.common.rest_client [req-f23d2488-a197-4bcb-90c0-a899db7abb71 req-f23d2488-a197-4bcb-90c0-a899db7abb71 ] Request (DeleteServersAdminTestJSON:test_delete_server_while_in_error_state): 200 GET http://10.180.1.21/compute/v2.1/servers/278be240-4d07-4131-a893-f21a445a0caf 0.703s
2024-12-10 21:17:19.297 65393 INFO tempest.lib.common.rest_client [req-958bcdfc-57e7-4435-a4a6-21a06f792383 req-958bcdfc-57e7-4435-a4a6-21a06f792383 ] Request (ServersTestJSON:test_create_server_specify_multibyte_character_name): 200 GET http://10.180.1.21/compute/v2.1/servers/cad0a47a-d332-400d-a662-8b0089e6d803 0.684s
2024-12-10 21:17:19.353 65419 INFO tempest.lib.common.rest_client [req-10108d9e-5892-4a6a-90f8-fcaf70c5d7d3 req-10108d9e-5892-4a6a-90f8-fcaf70c5d7d3 ] Request (ServerTagsTestJSON:setUpClass): 200 GET http://10.180.1.21/compute/v2.1/servers/4efa4e8e-02c5-4bad-a716-21d294f28c26 0.650s
2024-12-10 21:17:19.372 65421 INFO tempest.lib.common.rest_client [req-588b34bc-1b91-4f1d-b956-3972c046f214 req-588b34bc-1b91-4f1d-b956-3972c046f214 ] Request (ImagesOneServerNegativeTestJSON:setUpClass): 200 GET http://10.180.1.21/compute/v2.1/servers/9daab8ae-8d10-4349-aafe-b5e00459521c 0.718s
2024-12-10 21:17:19.414 65423 INFO tempest.lib.common.rest_client [req-f4d2e82f-ce70-42ef-98e3-c90b592173cc req-f4d2e82f-ce70-42ef-98e3-c90b592173cc ] Request (ServersTestManualDisk:setUpClass): 200 GET http://10.180.1.21/compute/v2.1/servers/e7cf29d2-4447-4acf-a14d-51806a352d75 0.669s
2024-12-10 21:17:19.467 65397 INFO tempest.lib.common.rest_client [req-0b9f51f4-1cc9-4171-b7da-458c631b4f24 req-0b9f51f4-1cc9-4171-b7da-458c631b4f24 ] Request (InstanceActionsNegativeTestJSON:setUpClass): 200 GET http://10.180.1.21/compute/v2.1/servers/416dd54f-4444-458b-be82-3324c86fb5c9 0.675s
2024-12-10 21:17:19.473 65405 INFO tempest.lib.common.rest_client [req-5747508f-33c1-4299-9bd6-a49c91efa28c req-5747508f-33c1-4299-9bd6-a49c91efa28c ] Request (ServersAaction247Test:tearDownClass): 204 DELETE http://10.180.1.21/compute/v2.1/servers/beae7708-6ddc-422f-b429-d4e67588a172 0.695s
2024-12-10 21:17:19.592 65399 INFO tempest.lib.common.rest_client [req-44d2982d-60d5-42eb-9b60-0b2412e21401 req-44d2982d-60d5-42eb-9b60-0b2412e21401 ] Request (SecurityGroupRulesTestJSON:test_security_group_rules_list): 200 POST http://10.180.1.21/compute/v2.1/os-security-group-rules 0.703s
2024-12-10 21:17:19.621 65413 INFO tempest.lib.common.rest_client [req-0a12f0f7-b78b-4c03-b94b-a781fb09c988 req-0a12f0f7-b78b-4c03-b94b-a781fb09c988 ] Request (VolumesNegativeTest:test_volume_get_nonexistent_volume_id): 404 GET http://10.180.1.21/compute/v2.1/os-volumes/d059ccf0-70b7-4efd-94bc-52343589cfe3 0.680s
2024-12-10 21:17:19.648 65377 INFO tempest.lib.common.rest_client [req-320e05e4-6054-47bd-a80e-e860b8c4c0a0 req-320e05e4-6054-47bd-a80e-e860b8c4c0a0 ] Request (FlavorsAccessTestJSON:test_flavor_access_add_remove): 200 GET http://10.180.1.21/compute/v2.1/flavors/detail 0.651s
2024-12-10 21:17:19.747 65413 INFO tempest.lib.common.rest_client [req-2424969b-081a-4644-95f7-d044f8d49add req-2424969b-081a-4644-95f7-d044f8d49add ] Request (VolumesNegativeTest:tearDownClass): 204 DELETE http://10.180.1.21/identity/v3/users/ad595b13773f45848f4b58c595ee8da5 0.118s
2024-12-10 21:17:19.748 65413 INFO tempest.lib.common.dynamic_creds [-] Deleting project and security group for project: e965a6828e23462d8afa46345d843b07
2024-12-10 21:17:19.775 65411 INFO tempest.lib.common.rest_client [req-b1e99bef-706d-4cb9-a18e-255fc0d8a662 req-b1e99bef-706d-4cb9-a18e-255fc0d8a662 ] Request (MigrationsAdminTest:test_list_migrations_in_flavor_resize_situation): 200 GET http://10.180.1.21/compute/v2.1/servers/59f30b3f-5286-4d90-b726-011e419fca2a 0.728s
2024-12-10 21:17:19.809 65427 INFO tempest.lib.common.rest_client [req-c9690450-2cc7-474e-bd94-16f45df7df44 req-c9690450-2cc7-474e-bd94-16f45df7df44 ] Request (FlavorsV2TestJSON:test_list_flavors_filter_by_min_disk): 200 GET http://10.180.1.21/compute/v2.1/flavors?minDisk=2 0.757s
2024-12-10 21:17:19.815 65413 INFO tempest.lib.common.rest_client [req-7db0d71f-0931-45da-8162-17d8ad95765d req-7db0d71f-0931-45da-8162-17d8ad95765d ] Request (VolumesNegativeTest:tearDownClass): 201 POST http://10.180.1.21/identity/v3/auth/tokens 0.067s
2024-12-10 21:17:19.831 65375 INFO tempest.lib.common.rest_client [req-3826b3d4-1ea3-4858-8942-17add8b1dcf5 req-3826b3d4-1ea3-4858-8942-17add8b1dcf5 ] Request (FlavorsAdminTestJSON:_run_cleanups): 200 GET http://10.180.1.21/compute/v2.1/flavors/detail 0.762s
2024-12-10 21:17:19.881 65429 INFO tempest.lib.common.rest_client [req-e617c940-7b89-4fbd-90ef-cb56232547c5 req-e617c940-7b89-4fbd-90ef-cb56232547c5 ] Request (ServerRescueTestJSON:setUpClass): 202 POST http://10.180.1.21/compute/v2.1/servers 0.957s
2024-12-10 21:17:19.902 65407 INFO tempest.lib.common.rest_client [req-e177f1ba-983e-4990-a40b-487d43ff2340 req-e177f1ba-983e-4990-a40b-487d43ff2340 ] Request (DeleteServersTestJSON:test_delete_active_server): 200 GET http://10.180.1.21/compute/v2.1/servers/41c6290d-3110-4de7-bb44-190fd57478c6 0.695s
2024-12-10 21:17:19.962 65405 INFO tempest.lib.common.rest_client [req-19a3808f-6ee2-4126-89b1-00cd02c86f4f req-19a3808f-6ee2-4126-89b1-00cd02c86f4f ] Request (ServersAaction247Test:tearDownClass): 200 GET http://10.180.1.21/compute/v2.1/servers/beae7708-6ddc-422f-b429-d4e67588a172 0.489s
2024-12-10 21:17:20.013 65399 INFO tempest.lib.common.rest_client [req-acb5e92d-71b3-4509-afa3-c1aca7d11dee req-acb5e92d-71b3-4509-afa3-c1aca7d11dee ] Request (SecurityGroupRulesTestJSON:test_security_group_rules_list): 200 GET http://10.180.1.21/compute/v2.1/os-security-groups/ef1f52dc-eb6a-418d-b18e-f99b9db2a9bb 0.418s
2024-12-10 21:17:20.034 65377 INFO tempest.lib.common.rest_client [req-0d5b73de-32d2-4253-a6a1-3d1acdcf7dd3 req-0d5b73de-32d2-4253-a6a1-3d1acdcf7dd3 ] Request (FlavorsAccessTestJSON:_run_cleanups): 202 DELETE http://10.180.1.21/compute/v2.1/flavors/252637868 0.381s
2024-12-10 21:17:20.086 65389 INFO tempest.lib.common.rest_client [req-a521c4dc-24c8-4080-97a4-921d383a8b5d req-a521c4dc-24c8-4080-97a4-921d383a8b5d ] Request (ServerExternalEventsTest:test_create_server_external_events): 200 GET http://10.180.1.21/compute/v2.1/servers/3a55b2e6-a884-4dda-a9d4-9e63182c8ffa 0.782s
2024-12-10 21:17:20.094 65403 INFO tempest.lib.common.rest_client [req-0b0e6270-12a9-477d-8f61-fef8c77c0839 req-0b0e6270-12a9-477d-8f61-fef8c77c0839 ] Request (ServerDiagnosticsTest:tearDownClass): 200 GET http://10.180.1.21/compute/v2.1/servers/0addfb95-4247-496a-a5bc-4954ce8acba7 0.352s
2024-12-10 21:17:20.097 65413 INFO tempest.lib.common.rest_client [req-9062e922-f96f-407b-876b-bfd27802f835 req-9062e922-f96f-407b-876b-bfd27802f835 ] Request (VolumesNegativeTest:tearDownClass): 200 GET http://10.180.1.21:9696/networking/v2.0/security-groups?tenant_id=e965a6828e23462d8afa46345d843b07&name=default 0.282s
2024-12-10 21:17:20.100 65427 INFO tempest.lib.common.rest_client [req-38c096ee-a994-464f-819b-a92587eb787c req-38c096ee-a994-464f-819b-a92587eb787c ] Request (FlavorsV2TestJSON:test_list_flavors_filter_by_min_ram): 200 GET http://10.180.1.21/compute/v2.1/flavors/42 0.287s
2024-12-10 21:17:20.112 65375 INFO tempest.lib.common.rest_client [req-1da19e21-3ca7-4594-be7e-320804ccc0a9 req-1da19e21-3ca7-4594-be7e-320804ccc0a9 ] Request (FlavorsAdminTestJSON:test_list_public_flavor_with_other_user): 200 POST http://10.180.1.21/compute/v2.1/flavors 0.275s
2024-12-10 21:17:20.155 65429 INFO tempest.lib.common.rest_client [req-b6751aef-f8b3-4eda-98a1-b19090195919 req-b6751aef-f8b3-4eda-98a1-b19090195919 ] Request (ServerRescueTestJSON:setUpClass): 200 GET http://10.180.1.21/compute/v2.1/servers/3388fd22-865a-4cf7-9912-af8ca03ed930 0.272s
2024-12-10 21:17:20.155 65433 INFO tempest.lib.common.rest_client [req-3ea87f5b-6bdf-4110-ba81-0826a0fc49fe req-3ea87f5b-6bdf-4110-ba81-0826a0fc49fe ] Request (ServersTestMultiNic:test_verify_duplicate_network_nics): 200 GET http://10.180.1.21/compute/v2.1/servers/7d92bde5-1e58-493a-9b90-e18a83fde582 0.301s
2024-12-10 21:17:20.211 65413 INFO tempest.lib.common.rest_client [req-4ed4eeee-be6c-4364-896b-8017bf48aadb req-4ed4eeee-be6c-4364-896b-8017bf48aadb ] Request (VolumesNegativeTest:tearDownClass): 204 DELETE http://10.180.1.21:9696/networking/v2.0/security-groups/58e2e52e-9e47-4996-998d-e87f55dfaf11 0.113s
2024-12-10 21:17:20.219 65395 INFO tempest.lib.common.rest_client [req-9308cb31-3104-4b42-a44a-5ec496d48d96 req-9308cb31-3104-4b42-a44a-5ec496d48d96 ] Request (TenantUsagesTestJSON:tearDownClass): 200 GET http://10.180.1.21/compute/v2.1/servers/a79edfa3-9b31-4079-979a-5d11818b3e42 0.230s
2024-12-10 21:17:20.221 65401 INFO tempest.lib.common.rest_client [req-7862a407-a8ce-4ae9-8f9b-1708ebd18136 req-7862a407-a8ce-4ae9-8f9b-1708ebd18136 ] Request (AttachInterfacesV270Test:test_create_get_list_interfaces): 200 GET http://10.180.1.21/compute/v2.1/servers/af53eb4c-6e15-4a65-8555-a8966e2e887c 0.302s
2024-12-10 21:17:20.242 65377 INFO tempest.lib.common.rest_client [req-fad26ebd-489e-468c-b14e-a89efa6307b1 req-fad26ebd-489e-468c-b14e-a89efa6307b1 ] Request (FlavorsAccessTestJSON:_run_cleanups): 200 GET http://10.180.1.21/compute/v2.1/flavors/detail 0.206s
2024-12-10 21:17:20.282 65413 INFO tempest.lib.common.rest_client [req-d962560c-5666-4aa5-9120-c5728020ad8f req-d962560c-5666-4aa5-9120-c5728020ad8f ] Request (VolumesNegativeTest:tearDownClass): 204 DELETE http://10.180.1.21/identity/v3/projects/e965a6828e23462d8afa46345d843b07 0.070s
2024-12-10 21:17:20.292 65425 INFO tempest.lib.common.rest_client [req-dacf3050-75f8-418b-8d19-2a74cc9c02b8 req-dacf3050-75f8-418b-8d19-2a74cc9c02b8 ] Request (ServerActionsTestOtherB:setUpClass): 200 GET http://10.180.1.21/compute/v2.1/servers/92528be1-55ff-40e4-9404-99a4db7766c5 0.247s
2024-12-10 21:17:20.366 65381 INFO tempest.lib.common.rest_client [req-9fe78740-083b-4c93-b380-9f27fb3b8b7b req-9fe78740-083b-4c93-b380-9f27fb3b8b7b ] Request (ServersAdmin275Test:test_rebuild_update_server_275): 200 GET http://10.180.1.21/compute/v2.1/servers/a6a860ad-919e-4184-9850-79316658b946 0.290s
2024-12-10 21:17:20.386 65399 INFO tempest.lib.common.rest_client [req-03d89bf0-f8c8-4a17-8ff7-77b02954142e req-03d89bf0-f8c8-4a17-8ff7-77b02954142e ] Request (SecurityGroupRulesTestJSON:_run_cleanups): 202 DELETE http://10.180.1.21/compute/v2.1/os-security-group-rules/094949f0-494a-4ab6-ab81-d4f509f40f23 0.367s
2024-12-10 21:17:20.391 65427 INFO tempest.lib.common.rest_client [req-d6103a3e-82df-4c7a-9697-3c02a0d25062 req-d6103a3e-82df-4c7a-9697-3c02a0d25062 ] Request (FlavorsV2TestJSON:test_list_flavors_filter_by_min_ram): 200 GET http://10.180.1.21/compute/v2.1/flavors?minRam=193 0.288s
2024-12-10 21:17:20.421 65375 INFO tempest.lib.common.rest_client [req-ccd2b4cc-e304-4aeb-b7d6-08e9eeff1636 req-ccd2b4cc-e304-4aeb-b7d6-08e9eeff1636 ] Request (FlavorsAdminTestJSON:test_list_public_flavor_with_other_user): 200 GET http://10.180.1.21/compute/v2.1/flavors/detail 0.306s
2024-12-10 21:17:20.444 65385 INFO tempest.lib.common.rest_client [req-44f632d5-9171-48b4-b399-9a1825df52f9 req-44f632d5-9171-48b4-b399-9a1825df52f9 ] Request (ImagesOneServerTestJSON:test_create_delete_image): 200 GET http://10.180.1.21/compute/v2.1/images/2f634bbf-d660-41af-a535-477094205221 0.336s
2024-12-10 21:17:20.488 65387 INFO tempest.lib.common.rest_client [req-ad5f307a-c91a-470e-bbc3-1432501ced09 req-ad5f307a-c91a-470e-bbc3-1432501ced09 ] Request (ServersAdminNegativeTestJSON:test_migrate_server_invalid_state): 200 GET http://10.180.1.21/compute/v2.1/servers/3d3de8fe-5189-4105-bc80-566c5307922e 0.359s
2024-12-10 21:17:20.532 65431 INFO tempest.lib.common.rest_client [req-c03fb680-b5a0-4848-afbf-5e531f6ad444 req-c03fb680-b5a0-4848-afbf-5e531f6ad444 ] Request (ServersAdminTestJSON:test_create_server_with_scheduling_hint): 200 GET http://10.180.1.21/compute/v2.1/servers/0da9b618-9d28-4028-a42b-fa3b9661cb6c 0.368s
2024-12-10 21:17:20.553 65437 INFO tempest.lib.common.rest_client [req-ba76a607-acce-4b2b-8179-37239efd54df req-ba76a607-acce-4b2b-8179-37239efd54df ] Request (ServerShowV257Test:test_rebuild_server): 200 GET http://10.180.1.21/compute/v2.1/servers/5d9196da-9f8c-43d4-b031-023fd76183d2 0.368s
2024-12-10 21:17:20.568 65377 INFO tempest.lib.common.rest_client [req-01ce7b0a-d48a-425a-83b6-a98254a8af92 req-01ce7b0a-d48a-425a-83b6-a98254a8af92 ] Request (FlavorsAccessTestJSON:test_flavor_access_list_with_private_flavor): 200 POST http://10.180.1.21/compute/v2.1/flavors 0.321s
2024-12-10 21:17:20.597 65383 INFO tempest.lib.common.rest_client [req-f753f428-90ca-47e8-8775-cb40c3e72ed9 req-f753f428-90ca-47e8-8775-cb40c3e72ed9 ] Request (FloatingIPsAssociationNegativeTestJSON:tearDownClass): 200 GET http://10.180.1.21/compute/v2.1/servers/a7259360-260a-49cb-b673-c5d33cebf48f 0.365s
2024-12-10 21:17:20.616 65379 INFO tempest.lib.common.rest_client [req-e43b5947-99ff-482a-82cb-a3b6fcb9141f req-e43b5947-99ff-482a-82cb-a3b6fcb9141f ] Request (SecurityGroupsTestJSON:test_list_security_groups_by_server): 200 GET http://10.180.1.21/compute/v2.1/servers/c240dc64-3b62-4f4f-a8a5-7cd9fb816dcc 0.368s
2024-12-10 21:17:20.662 65409 INFO tempest.lib.common.rest_client [req-1475f6d3-bbe9-473f-956c-9db0cbd351ae req-1475f6d3-bbe9-473f-956c-9db0cbd351ae ] Request (DeleteServersAdminTestJSON:test_delete_server_while_in_error_state): 200 GET http://10.180.1.21/compute/v2.1/servers/278be240-4d07-4131-a893-f21a445a0caf 0.377s
2024-12-10 21:17:20.664 65393 INFO tempest.lib.common.rest_client [req-e723050f-40a4-45c3-9389-7ff816093b7e req-e723050f-40a4-45c3-9389-7ff816093b7e ] Request (ServersTestJSON:test_create_server_specify_multibyte_character_name): 200 GET http://10.180.1.21/compute/v2.1/servers/cad0a47a-d332-400d-a662-8b0089e6d803 0.359s
2024-12-10 21:17:20.711 65421 INFO tempest.lib.common.rest_client [req-7a6659ed-cb83-472a-81e0-8677675bfdfb req-7a6659ed-cb83-472a-81e0-8677675bfdfb ] Request (ImagesOneServerNegativeTestJSON:setUpClass): 200 GET http://10.180.1.21/compute/v2.1/servers/9daab8ae-8d10-4349-aafe-b5e00459521c 0.330s
2024-12-10 21:17:20.721 65419 INFO tempest.lib.common.rest_client [req-a6654a63-9438-40ac-83ba-cae7beb86558 req-a6654a63-9438-40ac-83ba-cae7beb86558 ] Request (ServerTagsTestJSON:setUpClass): 200 GET http://10.180.1.21/compute/v2.1/servers/4efa4e8e-02c5-4bad-a716-21d294f28c26 0.360s
2024-12-10 21:17:20.732 65427 INFO tempest.lib.common.rest_client [req-b87736dd-ee9b-4fb9-925b-1f7288fb2c41 req-b87736dd-ee9b-4fb9-925b-1f7288fb2c41 ] Request (FlavorsV2TestJSON:test_list_flavors_limit_results): 200 GET http://10.180.1.21/compute/v2.1/flavors?limit=1 0.337s
2024-12-10 21:17:20.762 65417 WARNING tempest.lib.common.ssh [-] Failed to establish authenticated ssh connection to cirros@10.180.180.138 ([Errno None] Unable to connect to port 22 on 10.180.180.138). Number attempts: 5. Retry after 6 seconds.: paramiko.ssh_exception.NoValidConnectionsError: [Errno None] Unable to connect to port 22 on 10.180.180.138
2024-12-10 21:17:20.790 65423 INFO tempest.lib.common.rest_client [req-7c909b6f-6ce1-4b9b-b1f7-2563e71d14ff req-7c909b6f-6ce1-4b9b-b1f7-2563e71d14ff ] Request (ServersTestManualDisk:setUpClass): 200 GET http://10.180.1.21/compute/v2.1/servers/e7cf29d2-4447-4acf-a14d-51806a352d75 0.365s
2024-12-10 21:17:20.812 65375 INFO tempest.lib.common.rest_client [req-68167e9a-c782-4f19-9ee8-681c96bab06a req-68167e9a-c782-4f19-9ee8-681c96bab06a ] Request (FlavorsAdminTestJSON:_run_cleanups): 202 DELETE http://10.180.1.21/compute/v2.1/flavors/625168316 0.386s
2024-12-10 21:17:20.838 65399 INFO tempest.lib.common.rest_client [req-96d78db9-7615-40aa-bccd-475a6ef4e25d req-96d78db9-7615-40aa-bccd-475a6ef4e25d ] Request (SecurityGroupRulesTestJSON:tearDownClass): 202 DELETE http://10.180.1.21/compute/v2.1/os-security-groups/ef1f52dc-eb6a-418d-b18e-f99b9db2a9bb 0.450s
2024-12-10 21:17:20.857 65377 INFO tempest.lib.common.rest_client [req-b2609f5c-8bb3-4279-af55-8a07f2628c97 req-b2609f5c-8bb3-4279-af55-8a07f2628c97 ] Request (FlavorsAccessTestJSON:test_flavor_access_list_with_private_flavor): 200 GET http://10.180.1.21/compute/v2.1/flavors/1861041090/os-flavor-access 0.286s
2024-12-10 21:17:20.872 65427 INFO tempest.lib.common.rest_client [req-69d12ea8-d7b7-45d9-8bcb-de5c8c30448a req-69d12ea8-d7b7-45d9-8bcb-de5c8c30448a ] Request (FlavorsV2TestJSON:test_list_flavors_using_marker): 200 GET http://10.180.1.21/compute/v2.1/flavors/42 0.138s
2024-12-10 21:17:20.881 65397 INFO tempest.lib.common.rest_client [req-f33b6d92-f8a3-4270-9374-66313863cd9d req-f33b6d92-f8a3-4270-9374-66313863cd9d ] Request (InstanceActionsNegativeTestJSON:setUpClass): 200 GET http://10.180.1.21/compute/v2.1/servers/416dd54f-4444-458b-be82-3324c86fb5c9 0.402s
2024-12-10 21:17:20.903 65375 INFO tempest.lib.common.rest_client [req-485f64f4-dc81-42d3-b9f5-c3ab9c7c6411 req-485f64f4-dc81-42d3-b9f5-c3ab9c7c6411 ] Request (FlavorsAdminTestJSON:_run_cleanups): 200 GET http://10.180.1.21/compute/v2.1/flavors/detail 0.091s
2024-12-10 21:17:20.930 65399 INFO tempest.lib.common.rest_client [req-eaae9934-2b65-432e-bb77-baf37efa64ca req-eaae9934-2b65-432e-bb77-baf37efa64ca ] Request (SecurityGroupRulesTestJSON:tearDownClass): 404 DELETE http://10.180.1.21/compute/v2.1/os-security-groups/78b96328-453a-48c2-bcc4-23ee4b40efee 0.091s
2024-12-10 21:17:20.945 65377 INFO tempest.lib.common.rest_client [req-a03b0b30-6d94-4771-989d-cb03a6684fa9 req-a03b0b30-6d94-4771-989d-cb03a6684fa9 ] Request (FlavorsAccessTestJSON:_run_cleanups): 202 DELETE http://10.180.1.21/compute/v2.1/flavors/1861041090 0.087s
2024-12-10 21:17:20.981 65427 INFO tempest.lib.common.rest_client [req-d855260a-0ce6-4681-96b6-6bd6ed38ce7b req-d855260a-0ce6-4681-96b6-6bd6ed38ce7b ] Request (FlavorsV2TestJSON:test_list_flavors_using_marker): 200 GET http://10.180.1.21/compute/v2.1/flavors?marker=42 0.107s
2024-12-10 21:17:21.016 65411 INFO tempest.lib.common.rest_client [req-223fcbfa-b576-4256-af00-82ddc515e08f req-223fcbfa-b576-4256-af00-82ddc515e08f ] Request (MigrationsAdminTest:test_list_migrations_in_flavor_resize_situation): 200 GET http://10.180.1.21/compute/v2.1/servers/59f30b3f-5286-4d90-b726-011e419fca2a 0.230s
2024-12-10 21:17:21.034 65375 INFO tempest.lib.common.rest_client [req-3c400286-4836-453b-bf9d-61e108f4c0b2 req-3c400286-4836-453b-bf9d-61e108f4c0b2 ] Request (FlavorsAdminTestJSON:tearDownClass): 204 DELETE http://10.180.1.21/identity/v3/users/aab5109ce0e44814ad8168685db727fa 0.121s
2024-12-10 21:17:21.044 65407 INFO tempest.lib.common.rest_client [req-6a141694-4473-4b22-bf6b-96bd67127e47 req-6a141694-4473-4b22-bf6b-96bd67127e47 ] Request (DeleteServersTestJSON:test_delete_active_server): 200 GET http://10.180.1.21/compute/v2.1/servers/41c6290d-3110-4de7-bb44-190fd57478c6 0.132s
2024-12-10 21:17:21.063 65377 INFO tempest.lib.common.rest_client [req-78eb198c-6cfc-4d9a-b95c-67063a177fa6 req-78eb198c-6cfc-4d9a-b95c-67063a177fa6 ] Request (FlavorsAccessTestJSON:_run_cleanups): 200 GET http://10.180.1.21/compute/v2.1/flavors/detail 0.117s
2024-12-10 21:17:21.121 65405 INFO tempest.lib.common.rest_client [req-dcd21ae4-998e-458d-bf0d-0b840bc0e8e4 req-dcd21ae4-998e-458d-bf0d-0b840bc0e8e4 ] Request (ServersAaction247Test:tearDownClass): 200 GET http://10.180.1.21/compute/v2.1/servers/beae7708-6ddc-422f-b429-d4e67588a172 0.137s
2024-12-10 21:17:21.137 65399 INFO tempest.lib.common.rest_client [req-c0644a6f-a7b3-40d9-ad39-5c9366df8132 req-c0644a6f-a7b3-40d9-ad39-5c9366df8132 ] Request (SecurityGroupRulesTestJSON:tearDownClass): 202 DELETE http://10.180.1.21/compute/v2.1/os-security-groups/d0360899-125e-498a-98e1-1704dba5fa24 0.207s
2024-12-10 21:17:21.144 65427 INFO tempest.lib.common.rest_client [req-1f03f05e-74f2-4c7f-a968-c339d58550b4 req-1f03f05e-74f2-4c7f-a968-c339d58550b4 ] Request (FlavorsV2TestJSON:test_list_flavors_with_detail): 200 GET http://10.180.1.21/compute/v2.1/flavors/detail 0.157s
2024-12-10 21:17:21.156 65375 INFO tempest.lib.common.rest_client [req-e25b6d81-3f65-419a-8190-36f6ac1a8666 req-e25b6d81-3f65-419a-8190-36f6ac1a8666 ] Request (FlavorsAdminTestJSON:tearDownClass): 204 DELETE http://10.180.1.21/identity/v3/users/e7dd65126cee4f2bbe144971a90013ba 0.121s
2024-12-10 21:17:21.156 65375 INFO tempest.lib.common.dynamic_creds [-] Deleting project and security group for project: 7649614fa50946c38c7c3844f6460097
2024-12-10 21:17:21.177 65377 INFO tempest.lib.common.rest_client [req-2f3e57d3-de3c-4a6f-8f29-02fa5a1900b8 req-2f3e57d3-de3c-4a6f-8f29-02fa5a1900b8 ] Request (FlavorsAccessTestJSON:tearDownClass): 204 DELETE http://10.180.1.21/identity/v3/users/028d381c824a41c795a1bdb0ddea11f8 0.108s
2024-12-10 21:17:21.200 65403 INFO tempest.lib.common.rest_client [req-37081f0a-b8a9-479f-a2be-b21aeb433598 req-37081f0a-b8a9-479f-a2be-b21aeb433598 ] Request (ServerDiagnosticsTest:tearDownClass): 200 GET http://10.180.1.21/compute/v2.1/servers/0addfb95-4247-496a-a5bc-4954ce8acba7 0.095s
2024-12-10 21:17:21.224 65375 INFO tempest.lib.common.rest_client [req-b7cd7871-0d74-494d-9dbb-e2a0eae9f415 req-b7cd7871-0d74-494d-9dbb-e2a0eae9f415 ] Request (FlavorsAdminTestJSON:tearDownClass): 201 POST http://10.180.1.21/identity/v3/auth/tokens 0.067s
2024-12-10 21:17:21.244 65389 INFO tempest.lib.common.rest_client [req-0ad9a98d-d997-4d25-8bac-e99ce091c7f2 req-0ad9a98d-d997-4d25-8bac-e99ce091c7f2 ] Request (ServerExternalEventsTest:test_create_server_external_events): 200 GET http://10.180.1.21/compute/v2.1/servers/3a55b2e6-a884-4dda-a9d4-9e63182c8ffa 0.149s
2024-12-10 21:17:21.258 65427 INFO tempest.lib.common.rest_client [req-8547df7c-3645-4a14-9d78-19544eb7e173 req-8547df7c-3645-4a14-9d78-19544eb7e173 ] Request (FlavorsV2TestJSON:test_list_flavors_with_detail): 200 GET http://10.180.1.21/compute/v2.1/flavors/42 0.110s
2024-12-10 21:17:21.282 65377 INFO tempest.lib.common.rest_client [req-8473fbf5-dde9-4f22-9395-44d67ac2128f req-8473fbf5-dde9-4f22-9395-44d67ac2128f ] Request (FlavorsAccessTestJSON:tearDownClass): 204 DELETE http://10.180.1.21/identity/v3/users/99567218eb284fea86b9807ec00b4935 0.105s
2024-12-10 21:17:21.283 65377 INFO tempest.lib.common.dynamic_creds [-] Deleting project and security group for project: aa5b8117e0e74c42bba70372d05e33b1
2024-12-10 21:17:21.311 65433 INFO tempest.lib.common.rest_client [req-e3a3ef21-0658-4ddf-acf2-83470d22b720 req-e3a3ef21-0658-4ddf-acf2-83470d22b720 ] Request (ServersTestMultiNic:test_verify_duplicate_network_nics): 200 GET http://10.180.1.21/compute/v2.1/servers/7d92bde5-1e58-493a-9b90-e18a83fde582 0.143s
2024-12-10 21:17:21.322 65399 INFO tempest.lib.common.rest_client [req-e79c633f-f1c6-4f5a-bf23-dbbbf0bce352 req-e79c633f-f1c6-4f5a-bf23-dbbbf0bce352 ] Request (SecurityGroupRulesTestJSON:tearDownClass): 202 DELETE http://10.180.1.21/compute/v2.1/os-security-groups/1dc5d30d-0e74-42fb-ac9e-2904e95921d7 0.185s
2024-12-10 21:17:21.347 65395 INFO tempest.lib.common.rest_client [req-65fe0423-093e-4cbb-b657-4909907582c2 req-65fe0423-093e-4cbb-b657-4909907582c2 ] Request (TenantUsagesTestJSON:tearDownClass): 404 GET http://10.180.1.21/compute/v2.1/servers/a79edfa3-9b31-4079-979a-5d11818b3e42 0.118s
2024-12-10 21:17:21.364 65429 INFO tempest.lib.common.rest_client [req-6ee75921-22a7-4545-b2c1-65d4742d2b94 req-6ee75921-22a7-4545-b2c1-65d4742d2b94 ] Request (ServerRescueTestJSON:setUpClass): 200 GET http://10.180.1.21/compute/v2.1/servers/3388fd22-865a-4cf7-9912-af8ca03ed930 0.196s
2024-12-10 21:17:21.384 65427 INFO tempest.lib.common.rest_client [req-57337346-902b-4122-af3d-5b6c60b5666b req-57337346-902b-4122-af3d-5b6c60b5666b ] Request (FlavorsV2TestJSON:tearDownClass): 204 DELETE http://10.180.1.21/identity/v3/users/e1e85333b51d4ac9a36823a51198b3be 0.121s
2024-12-10 21:17:21.384 65427 INFO tempest.lib.common.dynamic_creds [-] Deleting project and security group for project: 43ecbe63ad344bb9a0ecc6b98f68f00e
2024-12-10 21:17:21.400 65377 INFO tempest.lib.common.rest_client [req-74f0adf7-71ab-4f5b-be71-f8964e446a19 req-74f0adf7-71ab-4f5b-be71-f8964e446a19 ] Request (FlavorsAccessTestJSON:tearDownClass): 201 POST http://10.180.1.21/identity/v3/auth/tokens 0.117s
2024-12-10 21:17:21.416 65401 INFO tempest.lib.common.rest_client [req-e8fd556f-251a-4a33-8317-9b45fcac5097 req-e8fd556f-251a-4a33-8317-9b45fcac5097 ] Request (AttachInterfacesV270Test:test_create_get_list_interfaces): 200 GET http://10.180.1.21/compute/v2.1/servers/af53eb4c-6e15-4a65-8555-a8966e2e887c 0.185s
2024-12-10 21:17:21.421 65425 INFO tempest.lib.common.rest_client [req-a8143377-cdad-4380-ba79-dca40cd61c66 req-a8143377-cdad-4380-ba79-dca40cd61c66 ] Request (ServerActionsTestOtherB:setUpClass): 200 GET http://10.180.1.21/compute/v2.1/servers/92528be1-55ff-40e4-9404-99a4db7766c5 0.122s
2024-12-10 21:17:21.437 65427 INFO tempest.lib.common.rest_client [req-f321c23c-9b5f-4988-bdc0-76cd1267f9e4 req-f321c23c-9b5f-4988-bdc0-76cd1267f9e4 ] Request (FlavorsV2TestJSON:tearDownClass): 201 POST http://10.180.1.21/identity/v3/auth/tokens 0.053s
2024-12-10 21:17:21.473 65375 INFO tempest.lib.common.rest_client [req-35fae870-2f8e-4baf-8c6a-a2c62aa0a3f6 req-35fae870-2f8e-4baf-8c6a-a2c62aa0a3f6 ] Request (FlavorsAdminTestJSON:tearDownClass): 200 GET http://10.180.1.21:9696/networking/v2.0/security-groups?tenant_id=7649614fa50946c38c7c3844f6460097&name=default 0.249s
2024-12-10 21:17:21.481 65395 INFO tempest.lib.common.rest_client [req-4a8eda49-bc9e-4143-b1a7-27e67203c985 req-4a8eda49-bc9e-4143-b1a7-27e67203c985 ] Request (TenantUsagesTestJSON:tearDownClass): 204 DELETE http://10.180.1.21/identity/v3/users/a9ba9e847f2c48bb9adb1c9e0ef5c534 0.134s
2024-12-10 21:17:21.529 65391 WARNING tempest.lib.common.ssh [-] Failed to establish authenticated ssh connection to cirros@10.180.180.199 ([Errno None] Unable to connect to port 22 on 10.180.180.199). Number attempts: 2. Retry after 3 seconds.: paramiko.ssh_exception.NoValidConnectionsError: [Errno None] Unable to connect to port 22 on 10.180.180.199
2024-12-10 21:17:21.557 65399 INFO tempest.lib.common.rest_client [req-59cdfe7e-d513-4ec7-9c49-22ac94a237da req-59cdfe7e-d513-4ec7-9c49-22ac94a237da ] Request (SecurityGroupRulesTestJSON:tearDownClass): 202 DELETE http://10.180.1.21/compute/v2.1/os-security-groups/f94eec93-af29-4629-aa11-5d4371e74e8d 0.234s
2024-12-10 21:17:21.601 65375 INFO tempest.lib.common.rest_client [req-e6a267b5-fce8-403d-aa51-a34d037a7171 req-e6a267b5-fce8-403d-aa51-a34d037a7171 ] Request (FlavorsAdminTestJSON:tearDownClass): 204 DELETE http://10.180.1.21:9696/networking/v2.0/security-groups/224d692b-efaa-4524-a59d-5ec89e047b1c 0.128s
