2024-12-10 21:19:01.707 65395 INFO tempest.lib.common.rest_client [req-ea3037ad-472c-4b50-ae84-5f919b8e4caa req-ea3037ad-472c-4b50-ae84-5f919b8e4caa ] Request (ListImageFiltersTestJSON:setUpClass): 200 GET http://10.180.1.21/compute/v2.1/images/f622ef4b-73a3-4d2b-b713-156bc347b86a 0.309s
2024-12-10 21:19:01.777 65436 INFO tempest.lib.common.rest_client [req-56f682f7-6430-430a-a6bc-bd7763a72130 req-56f682f7-6430-430a-a6bc-bd7763a72130 ] Request (VolumesAssistedSnapshotsTest:tearDownClass): 200 GET http://10.180.1.21/compute/v2.1/servers/54650f01-3470-46bd-ae16-051df7758071 0.363s
2024-12-10 21:19:01.802 65401 INFO tempest.lib.common.rest_client [req-ecb40fa7-d615-47d4-9562-4e2be44c458e req-ecb40fa7-d615-47d4-9562-4e2be44c458e ] Request (AttachInterfacesV270Test:tearDownClass): 404 GET http://10.180.1.21/compute/v2.1/servers/af53eb4c-6e15-4a65-8555-a8966e2e887c 0.319s
2024-12-10 21:19:01.881 65427 INFO tempest.lib.common.rest_client [req-b33e0051-86a6-4e2c-a628-2d8b7f7ccda8 req-b33e0051-86a6-4e2c-a628-2d8b7f7ccda8 ] Request (ServersTestBootFromVolume:setUpClass): 200 GET http://10.180.1.21/compute/v2.1/servers/3c9d108f-efe1-4fb6-b505-8cb51d38adc1 0.397s
2024-12-10 21:19:01.961 65425 INFO tempest.lib.common.rest_client [req-638c4949-63e9-40a8-8cab-4399f62260c6 req-638c4949-63e9-40a8-8cab-4399f62260c6 ] Request (ServerActionsTestOtherB:setUp): 200 GET http://10.180.1.21/compute/v2.1/servers/92528be1-55ff-40e4-9404-99a4db7766c5 0.653s
2024-12-10 21:19:01.969 65381 INFO tempest.lib.common.rest_client [req-2a5abf1c-b930-4404-8a34-f401cca7b53b req-2a5abf1c-b930-4404-8a34-f401cca7b53b ] Request (ServersAdmin275Test:tearDownClass): 200 GET http://10.180.1.21/compute/v2.1/servers/a6a860ad-919e-4184-9850-79316658b946 0.424s
2024-12-10 21:19:02.034 65417 INFO tempest.lib.common.rest_client [req-b231c821-ad2b-4c50-93fe-19890be1221c req-b231c821-ad2b-4c50-93fe-19890be1221c ] Request (ServersTestFqdnHostnames:tearDownClass): 200 GET http://10.180.1.21/compute/v2.1/servers/7147df9b-7e03-43fd-8bbc-54d8d0317a77 0.443s
2024-12-10 21:19:02.037 65387 INFO tempest.lib.common.rest_client [req-8be3ea01-94f4-4125-8598-86a24a8e0356 req-8be3ea01-94f4-4125-8598-86a24a8e0356 ] Request (ServersAdminNegativeTestJSON:tearDownClass): 200 GET http://10.180.1.21/compute/v2.1/servers/7dddcb64-8f42-4ef4-b6c1-8c27e2ebcddd 0.481s
2024-12-10 21:19:02.088 65377 INFO tempest.lib.common.rest_client [req-2ead9cf5-c70f-4e0a-9ec9-4219684c428b req-2ead9cf5-c70f-4e0a-9ec9-4219684c428b ] Request (ServerRescueTestJSONUnderV235:setUpClass): 200 GET http://10.180.1.21/compute/v2.1/servers/93a290e1-efe7-4d02-a6b6-0d7ccbfb5bf1 0.410s
2024-12-10 21:19:02.094 65431 INFO tempest.lib.common.rest_client [req-c8ba8441-5cc4-4e15-9211-a77381489710 req-c8ba8441-5cc4-4e15-9211-a77381489710 ] Request (ServersAdminTestJSON:test_inject_network_info): 200 GET http://10.180.1.21/compute/v2.1/servers/fffbfa22-099b-4030-9f42-1a3139a0261f 0.449s
2024-12-10 21:19:02.135 65383 INFO tempest.lib.common.rest_client [req-304d8621-a6ed-4b30-9c9f-5d1ceff045b4 req-304d8621-a6ed-4b30-9c9f-5d1ceff045b4 ] Request (InstanceActionsTestJSON:setUpClass): 200 GET http://10.180.1.21/compute/v2.1/servers/9d37adce-eb1c-4ac0-8859-ae1b9d3293b2 0.408s
2024-12-10 21:19:02.191 65397 INFO tempest.lib.common.rest_client [req-8f77fb91-c433-4ad0-a788-fc5c46884d33 req-8f77fb91-c433-4ad0-a788-fc5c46884d33 ] Request (ServerPasswordTestJSON:setUpClass): 200 GET http://10.180.1.21/compute/v2.1/servers/77001028-7b3e-403a-8975-ff98fb95532f 0.416s
2024-12-10 21:19:02.229 65375 INFO tempest.lib.common.rest_client [req-ca49a5fc-6215-45a1-a91c-90becd0bccc4 req-ca49a5fc-6215-45a1-a91c-90becd0bccc4 ] Request (ListServerFiltersTestJSON:test_list_servers_filter_by_shutoff_status): 200 GET http://10.180.1.21/compute/v2.1/servers/892cb689-afd2-4995-880f-cef4186f2439 0.457s
2024-12-10 21:19:02.259 65409 INFO tempest.lib.common.rest_client [req-85d79672-a365-46fc-96b2-affb10884df1 req-85d79672-a365-46fc-96b2-affb10884df1 ] Request (DeleteServersAdminTestJSON:test_delete_server_while_in_error_state): 200 GET http://10.180.1.21/compute/v2.1/servers/278be240-4d07-4131-a893-f21a445a0caf 0.436s
2024-12-10 21:19:02.284 65379 INFO tempest.lib.common.rest_client [req-52d2bf97-ca46-4c81-a91a-6832b2c548eb req-52d2bf97-ca46-4c81-a91a-6832b2c548eb ] Request (SecurityGroupsTestJSON:test_server_security_groups): 200 GET http://10.180.1.21/compute/v2.1/servers/4cbaf66d-c7b1-45e2-9ddc-c62695ad6563 0.435s
2024-12-10 21:19:02.309 65407 INFO tempest.lib.common.rest_client [req-7d7b2468-9282-416f-84f6-f015953b7922 req-7d7b2468-9282-416f-84f6-f015953b7922 ] Request (DeleteServersTestJSON:test_delete_server_while_in_attached_volume): 200 GET http://10.180.1.21/compute/v2.1/servers/a14db7b4-d41b-4fee-885a-ba2dbb40e0a1 0.434s
2024-12-10 21:19:02.342 65411 INFO tempest.lib.common.rest_client [req-9412ffbc-da66-43b7-affc-966ef1ee012d req-9412ffbc-da66-43b7-affc-966ef1ee012d ] Request (MigrationsAdminTest:test_resize_server_revert_deleted_flavor): 200 GET http://10.180.1.21/compute/v2.1/servers/2f5000ce-0275-4fa5-b09c-d9a07b6c41c1 0.417s
2024-12-10 21:19:02.405 65419 INFO tempest.lib.common.rest_client [req-763b4d85-5dbe-4907-9e1a-f0762ed1c6a5 req-763b4d85-5dbe-4907-9e1a-f0762ed1c6a5 ] Request (ServerTagsTestJSON:tearDownClass): 200 GET http://10.180.1.21/compute/v2.1/servers/4efa4e8e-02c5-4bad-a716-21d294f28c26 0.274s
2024-12-10 21:19:02.463 65393 INFO tempest.lib.common.rest_client [req-25706990-e19e-4d2e-8cc6-c3303de0b764 req-25706990-e19e-4d2e-8cc6-c3303de0b764 ] Request (ServersTestJSON:test_create_server_with_ipv6_addr_only): 200 GET http://10.180.1.21/compute/v2.1/servers/fa49043c-5c77-4357-b592-fea3653b9ac7 0.256s
2024-12-10 21:19:02.523 65389 INFO tempest.lib.common.rest_client [req-f9e73544-faf2-4997-a388-2c7654dad3d6 req-f9e73544-faf2-4997-a388-2c7654dad3d6 ] Request (ServersTestJSON:setUpClass): 200 GET http://10.180.1.21/compute/v2.1/servers/1751c8c5-854f-45f2-a559-95a4ccd0f578 0.199s
2024-12-10 21:19:02.576 65405 INFO tempest.lib.common.rest_client [req-a0b72bc9-28c6-4163-b2ba-1d0c2956b9f1 req-a0b72bc9-28c6-4163-b2ba-1d0c2956b9f1 ] Request (AttachVolumeNegativeTest:test_attach_attached_volume_to_different_server): 200 GET http://10.180.1.21/compute/v2.1/servers/a6fd8ee3-7216-45c2-9169-93e5072bcc74 0.195s
2024-12-10 21:19:02.639 65385 INFO tempest.lib.common.rest_client [req-e956b054-54d8-4fe7-952b-b649b17f7691 req-e956b054-54d8-4fe7-952b-b649b17f7691 ] Request (ServerShowV247Test:test_update_rebuild_list_server): 200 GET http://10.180.1.21/compute/v2.1/servers/ea3d9715-fbaf-44c4-986b-20996b2958bb 0.242s
2024-12-10 21:19:02.704 65429 INFO tempest.lib.common.rest_client [req-5cc0db7c-d23d-4c37-805f-01974951616a req-5cc0db7c-d23d-4c37-805f-01974951616a ] Request (ServerRescueTestJSON:test_rescue_unrescue_instance): 200 GET http://10.180.1.21/compute/v2.1/servers/07679006-d4fe-4699-969e-a92156194070 0.259s
2024-12-10 21:19:02.724 65401 INFO tempest.lib.common.rest_client [req-7fa5ac54-968e-4c0c-9da3-7007f02a538c req-7fa5ac54-968e-4c0c-9da3-7007f02a538c ] Request (AttachInterfacesV270Test:tearDownClass): 200 PUT http://10.180.1.21:9696/networking/v2.0/routers/4809efad-108d-43c1-8fa1-3bccd5c3fa23/remove_router_interface 0.921s
2024-12-10 21:19:02.751 65425 INFO tempest.lib.common.rest_client [req-3673b696-4d10-4011-8bf7-52ed1467c665 req-3673b696-4d10-4011-8bf7-52ed1467c665 ] Request (ServerActionsTestOtherB:test_create_backup): 202 POST http://10.180.1.21/compute/v2.1/servers/92528be1-55ff-40e4-9404-99a4db7766c5/action 0.779s
2024-12-10 21:19:02.765 65425 INFO tempest.lib.common.rest_client [req-b6145cbe-d47d-42d2-b2ea-1b7c327818af req-b6145cbe-d47d-42d2-b2ea-1b7c327818af ] Request (ServerActionsTestOtherB:test_create_backup): 200 GET http://10.180.1.21/image/v2/images/ed4a810c-33a4-468a-a663-9d98b9b9522e 0.013s
2024-12-10 21:19:02.790 65437 INFO tempest.lib.common.rest_client [req-9b4f2636-3b32-4473-8dee-03c7d921ab91 req-9b4f2636-3b32-4473-8dee-03c7d921ab91 ] Request (ServerShowV257Test:tearDownClass): 200 GET http://10.180.1.21/compute/v2.1/servers/5d9196da-9f8c-43d4-b031-023fd76183d2 0.316s
2024-12-10 21:19:02.804 65433 INFO tempest.lib.common.rest_client [req-41b532d6-05f8-4a8a-a464-4eb2fdfbe9d9 req-41b532d6-05f8-4a8a-a464-4eb2fdfbe9d9 ] Request (ServersTestMultiNic:test_verify_multiple_nics_order): 200 GET http://10.180.1.21/compute/v2.1/servers/cf12a075-c381-4ba9-9bf6-582689bec58d 0.306s
2024-12-10 21:19:02.849 65391 INFO tempest.lib.common.rest_client [req-d0326512-c0bb-4fcd-a8ae-aa990fc50ae7 req-d0326512-c0bb-4fcd-a8ae-aa990fc50ae7 ] Request (ServersWithSpecificFlavorTestJSON:test_verify_created_server_ephemeral_disk): 200 GET http://10.180.1.21/compute/v2.1/servers/befe6745-06f9-49c0-8bb6-cd45a606bb97 0.325s
2024-12-10 21:19:02.861 65421 INFO tempest.lib.common.rest_client [req-f12da839-dbce-4b31-82c3-a77b2b1f0ab9 req-f12da839-dbce-4b31-82c3-a77b2b1f0ab9 ] Request (ImagesOneServerNegativeTestJSON:_run_cleanups): 200 GET http://10.180.1.21/compute/v2.1/servers/9daab8ae-8d10-4349-aafe-b5e00459521c 0.270s
2024-12-10 21:19:02.894 65395 INFO tempest.lib.common.rest_client [req-895509c4-d66d-4f8f-9094-0776f376e541 req-895509c4-d66d-4f8f-9094-0776f376e541 ] Request (ListImageFiltersTestJSON:setUpClass): 200 GET http://10.180.1.21/compute/v2.1/images/f622ef4b-73a3-4d2b-b713-156bc347b86a 0.182s
2024-12-10 21:19:02.901 65403 INFO tempest.lib.common.rest_client [req-bf65c126-652c-4d5e-b977-925016e7bdf4 req-bf65c126-652c-4d5e-b977-925016e7bdf4 ] Request (ListServersNegativeTestJSON:setUpClass): 200 GET http://10.180.1.21/compute/v2.1/servers/2f8a2835-618d-4462-8644-1d2790aec62b 0.235s
2024-12-10 21:19:02.959 65427 INFO tempest.lib.common.rest_client [req-9b89336b-bff5-44aa-bcc7-dbc9b631619d req-9b89336b-bff5-44aa-bcc7-dbc9b631619d ] Request (ServersTestBootFromVolume:setUpClass): 200 GET http://10.180.1.21/compute/v2.1/servers/3c9d108f-efe1-4fb6-b505-8cb51d38adc1 0.069s
2024-12-10 21:19:02.962 65436 INFO tempest.lib.common.rest_client [req-21cbfb94-e404-4df0-ad1d-faffff143c66 req-21cbfb94-e404-4df0-ad1d-faffff143c66 ] Request (VolumesAssistedSnapshotsTest:tearDownClass): 200 GET http://10.180.1.21/compute/v2.1/servers/54650f01-3470-46bd-ae16-051df7758071 0.176s
2024-12-10 21:19:02.970 65436 INFO tempest.common.waiters [-] State transition "ACTIVE/deleting" ==> "DELETED/None" after 3 second wait
2024-12-10 21:19:03.054 65381 INFO tempest.lib.common.rest_client [req-345c43b4-a2cd-4a5e-8477-3e86bb03f1df req-345c43b4-a2cd-4a5e-8477-3e86bb03f1df ] Request (ServersAdmin275Test:tearDownClass): 200 GET http://10.180.1.21/compute/v2.1/servers/a6a860ad-919e-4184-9850-79316658b946 0.071s
2024-12-10 21:19:03.117 65417 INFO tempest.lib.common.rest_client [req-85fad608-0d8c-458e-8adc-a11c25cc205a req-85fad608-0d8c-458e-8adc-a11c25cc205a ] Request (ServersTestFqdnHostnames:tearDownClass): 200 GET http://10.180.1.21/compute/v2.1/servers/7147df9b-7e03-43fd-8bbc-54d8d0317a77 0.071s
2024-12-10 21:19:03.132 65387 INFO tempest.lib.common.rest_client [req-22780f83-4bb7-4c9b-925d-8cb63c7a1872 req-22780f83-4bb7-4c9b-925d-8cb63c7a1872 ] Request (ServersAdminNegativeTestJSON:tearDownClass): 200 GET http://10.180.1.21/compute/v2.1/servers/7dddcb64-8f42-4ef4-b6c1-8c27e2ebcddd 0.086s
2024-12-10 21:19:03.172 65377 INFO tempest.lib.common.rest_client [req-f7cf2520-8205-4d14-9cd4-214d13a44ede req-f7cf2520-8205-4d14-9cd4-214d13a44ede ] Request (ServerRescueTestJSONUnderV235:setUpClass): 200 GET http://10.180.1.21/compute/v2.1/servers/93a290e1-efe7-4d02-a6b6-0d7ccbfb5bf1 0.076s
2024-12-10 21:19:03.202 65431 INFO tempest.lib.common.rest_client [req-ac387dcd-0751-4f46-80d8-d9d9fa1ee52c req-ac387dcd-0751-4f46-80d8-d9d9fa1ee52c ] Request (ServersAdminTestJSON:test_inject_network_info): 200 GET http://10.180.1.21/compute/v2.1/servers/fffbfa22-099b-4030-9f42-1a3139a0261f 0.101s
2024-12-10 21:19:03.239 65401 INFO tempest.lib.common.rest_client [req-1b84eb87-809e-40d4-9248-2feb3338d256 req-1b84eb87-809e-40d4-9248-2feb3338d256 ] Request (AttachInterfacesV270Test:tearDownClass): 204 DELETE http://10.180.1.21:9696/networking/v2.0/routers/4809efad-108d-43c1-8fa1-3bccd5c3fa23 0.515s
2024-12-10 21:19:03.246 65383 INFO tempest.lib.common.rest_client [req-da7f8d76-7e40-4095-ad2b-b91882a5f093 req-da7f8d76-7e40-4095-ad2b-b91882a5f093 ] Request (InstanceActionsTestJSON:setUpClass): 200 GET http://10.180.1.21/compute/v2.1/servers/9d37adce-eb1c-4ac0-8859-ae1b9d3293b2 0.105s
2024-12-10 21:19:03.270 65397 INFO tempest.lib.common.rest_client [req-39981397-65d6-4d20-b7a8-ae71701a479b req-39981397-65d6-4d20-b7a8-ae71701a479b ] Request (ServerPasswordTestJSON:setUpClass): 200 GET http://10.180.1.21/compute/v2.1/servers/77001028-7b3e-403a-8975-ff98fb95532f 0.070s
2024-12-10 21:19:03.346 65409 INFO tempest.lib.common.rest_client [req-08ff7402-105e-4f74-8b18-4011b110c052 req-08ff7402-105e-4f74-8b18-4011b110c052 ] Request (DeleteServersAdminTestJSON:test_delete_server_while_in_error_state): 200 GET http://10.180.1.21/compute/v2.1/servers/278be240-4d07-4131-a893-f21a445a0caf 0.079s
2024-12-10 21:19:03.409 65379 INFO tempest.lib.common.rest_client [req-36d765cb-55c1-4115-a3b4-badc37d00d41 req-36d765cb-55c1-4115-a3b4-badc37d00d41 ] Request (SecurityGroupsTestJSON:test_server_security_groups): 200 GET http://10.180.1.21/compute/v2.1/servers/4cbaf66d-c7b1-45e2-9ddc-c62695ad6563 0.117s
2024-12-10 21:19:03.429 65375 INFO tempest.lib.common.rest_client [req-178d9691-1552-4633-a3c2-03c67a87ecb9 req-178d9691-1552-4633-a3c2-03c67a87ecb9 ] Request (ListServerFiltersTestJSON:test_list_servers_filter_by_shutoff_status): 200 GET http://10.180.1.21/compute/v2.1/servers/892cb689-afd2-4995-880f-cef4186f2439 0.191s
2024-12-10 21:19:03.476 65407 INFO tempest.lib.common.rest_client [req-32bbfdf0-a181-44ac-9c2a-4c5d08d8f4cf req-32bbfdf0-a181-44ac-9c2a-4c5d08d8f4cf ] Request (DeleteServersTestJSON:test_delete_server_while_in_attached_volume): 200 GET http://10.180.1.21/compute/v2.1/servers/a14db7b4-d41b-4fee-885a-ba2dbb40e0a1 0.160s
2024-12-10 21:19:03.496 65411 INFO tempest.lib.common.rest_client [req-b760635e-2a12-43c3-a2f4-01acfd4f1cac req-b760635e-2a12-43c3-a2f4-01acfd4f1cac ] Request (MigrationsAdminTest:test_resize_server_revert_deleted_flavor): 200 GET http://10.180.1.21/compute/v2.1/servers/2f5000ce-0275-4fa5-b09c-d9a07b6c41c1 0.145s
2024-12-10 21:19:03.526 65401 INFO tempest.lib.common.rest_client [req-bff17f46-490c-4958-a442-c188aa669d8a req-bff17f46-490c-4958-a442-c188aa669d8a ] Request (AttachInterfacesV270Test:tearDownClass): 204 DELETE http://10.180.1.21:9696/networking/v2.0/subnets/5def548c-10d9-4beb-9659-16e6c07f8e6c 0.286s
2024-12-10 21:19:03.541 65419 INFO tempest.lib.common.rest_client [req-e927219d-b086-44dc-88ed-a745501a7844 req-e927219d-b086-44dc-88ed-a745501a7844 ] Request (ServerTagsTestJSON:tearDownClass): 200 GET http://10.180.1.21/compute/v2.1/servers/4efa4e8e-02c5-4bad-a716-21d294f28c26 0.126s
2024-12-10 21:19:03.558 65393 INFO tempest.lib.common.rest_client [req-b71032eb-4dc0-4dd5-a86e-81a32a38a25b req-b71032eb-4dc0-4dd5-a86e-81a32a38a25b ] Request (ServersTestJSON:test_create_server_with_ipv6_addr_only): 200 GET http://10.180.1.21/compute/v2.1/servers/fa49043c-5c77-4357-b592-fea3653b9ac7 0.084s
2024-12-10 21:19:03.587 65389 INFO tempest.lib.common.rest_client [req-70cd0eec-2bdd-45a4-9666-89165ec6d865 req-70cd0eec-2bdd-45a4-9666-89165ec6d865 ] Request (ServersTestJSON:setUpClass): 200 GET http://10.180.1.21/compute/v2.1/servers/1751c8c5-854f-45f2-a559-95a4ccd0f578 0.051s
2024-12-10 21:19:03.638 65405 INFO tempest.lib.common.rest_client [req-f82b1ae0-0dce-44a0-b974-a3f2850e1d40 req-f82b1ae0-0dce-44a0-b974-a3f2850e1d40 ] Request (AttachVolumeNegativeTest:test_attach_attached_volume_to_different_server): 200 GET http://10.180.1.21/compute/v2.1/servers/a6fd8ee3-7216-45c2-9169-93e5072bcc74 0.051s
2024-12-10 21:19:03.719 65385 INFO tempest.lib.common.rest_client [req-8800cd1a-4535-407d-89a8-8aa2ba56d1f7 req-8800cd1a-4535-407d-89a8-8aa2ba56d1f7 ] Request (ServerShowV247Test:test_update_rebuild_list_server): 200 GET http://10.180.1.21/compute/v2.1/servers/ea3d9715-fbaf-44c4-986b-20996b2958bb 0.063s
2024-12-10 21:19:03.781 65429 INFO tempest.lib.common.rest_client [req-333ceb19-93f9-4fb2-bfb9-e549c3a5ad8a req-333ceb19-93f9-4fb2-bfb9-e549c3a5ad8a ] Request (ServerRescueTestJSON:test_rescue_unrescue_instance): 200 GET http://10.180.1.21/compute/v2.1/servers/07679006-d4fe-4699-969e-a92156194070 0.062s
2024-12-10 21:19:03.788 65425 INFO tempest.lib.common.rest_client [req-f9ad3003-6d24-4391-b596-efb85fe81444 req-f9ad3003-6d24-4391-b596-efb85fe81444 ] Request (ServerActionsTestOtherB:test_create_backup): 200 GET http://10.180.1.21/image/v2/images/ed4a810c-33a4-468a-a663-9d98b9b9522e 0.022s
2024-12-10 21:19:03.795 65401 INFO tempest.lib.common.rest_client [req-d86bbc6c-7867-45da-bcc1-2aa3db3da14e req-d86bbc6c-7867-45da-bcc1-2aa3db3da14e ] Request (AttachInterfacesV270Test:tearDownClass): 204 DELETE http://10.180.1.21:9696/networking/v2.0/networks/7bbdf50c-2cf9-4cfd-a35e-da6957507310 0.269s
2024-12-10 21:19:03.821 65437 INFO tempest.lib.common.rest_client [req-c8bcff58-2912-4df6-bbd4-5cc38a98e15f req-c8bcff58-2912-4df6-bbd4-5cc38a98e15f ] Request (ServerShowV257Test:tearDownClass): 404 GET http://10.180.1.21/compute/v2.1/servers/5d9196da-9f8c-43d4-b031-023fd76183d2 0.022s
2024-12-10 21:19:03.866 65433 INFO tempest.lib.common.rest_client [req-d11ba8db-423b-49e3-b3de-b4287d0563ea req-d11ba8db-423b-49e3-b3de-b4287d0563ea ] Request (ServersTestMultiNic:test_verify_multiple_nics_order): 200 GET http://10.180.1.21/compute/v2.1/servers/cf12a075-c381-4ba9-9bf6-582689bec58d 0.053s
2024-12-10 21:19:03.929 65391 INFO tempest.lib.common.rest_client [req-dc1c901d-9579-4170-b8b3-8f06b877a07b req-dc1c901d-9579-4170-b8b3-8f06b877a07b ] Request (ServersWithSpecificFlavorTestJSON:test_verify_created_server_ephemeral_disk): 200 GET http://10.180.1.21/compute/v2.1/servers/befe6745-06f9-49c0-8bb6-cd45a606bb97 0.072s
2024-12-10 21:19:03.934 65421 INFO tempest.lib.common.rest_client [req-b3ac68d1-5620-4883-99bc-594446cb7c0e req-b3ac68d1-5620-4883-99bc-594446cb7c0e ] Request (ImagesOneServerNegativeTestJSON:_run_cleanups): 200 GET http://10.180.1.21/compute/v2.1/servers/9daab8ae-8d10-4349-aafe-b5e00459521c 0.066s
2024-12-10 21:19:03.934 65401 INFO tempest.lib.common.rest_client [req-d58f1917-c3ea-4936-a7a2-a7f48b8414f1 req-d58f1917-c3ea-4936-a7a2-a7f48b8414f1 ] Request (AttachInterfacesV270Test:tearDownClass): 204 DELETE http://10.180.1.21/identity/v3/users/e84d568a9776486cae334e44359a8806 0.138s
2024-12-10 21:19:03.935 65401 INFO tempest.lib.common.dynamic_creds [-] Deleting project and security group for project: 0695e9e701b745e3a19137f20e344228
2024-12-10 21:19:03.940 65437 INFO tempest.lib.common.rest_client [req-c6653af4-d8ec-4df7-b450-f2601a9a95f6 req-c6653af4-d8ec-4df7-b450-f2601a9a95f6 ] Request (ServerShowV257Test:tearDownClass): 204 DELETE http://10.180.1.21/identity/v3/users/a20ea920ce22449aa2fd5ed448c9e4c9 0.118s
2024-12-10 21:19:03.941 65437 INFO tempest.lib.common.dynamic_creds [-] Deleting project and security group for project: ef8d7f7d1b2a4167a6593a6a38aa45ee
2024-12-10 21:19:03.982 65401 INFO tempest.lib.common.rest_client [req-b236b95c-2c94-4058-bfb4-5b210b74d179 req-b236b95c-2c94-4058-bfb4-5b210b74d179 ] Request (AttachInterfacesV270Test:tearDownClass): 200 GET http://10.180.1.21:9696/networking/v2.0/security-groups?tenant_id=0695e9e701b745e3a19137f20e344228&name=default 0.047s
2024-12-10 21:19:03.987 65395 INFO tempest.lib.common.rest_client [req-13ed3900-7a62-44d7-9c0a-cd242ba4503b req-13ed3900-7a62-44d7-9c0a-cd242ba4503b ] Request (ListImageFiltersTestJSON:setUpClass): 200 GET http://10.180.1.21/compute/v2.1/images/f622ef4b-73a3-4d2b-b713-156bc347b86a 0.087s
2024-12-10 21:19:04.011 65403 INFO tempest.lib.common.rest_client [req-6b14e3c4-f88e-4b1d-8666-8ceede3149ca req-6b14e3c4-f88e-4b1d-8666-8ceede3149ca ] Request (ListServersNegativeTestJSON:setUpClass): 200 GET http://10.180.1.21/compute/v2.1/servers/2f8a2835-618d-4462-8644-1d2790aec62b 0.101s
2024-12-10 21:19:04.023 65437 INFO tempest.lib.common.rest_client [req-738975ec-0fbe-4a5c-9eea-b4b7d72339f1 req-738975ec-0fbe-4a5c-9eea-b4b7d72339f1 ] Request (ServerShowV257Test:tearDownClass): 201 POST http://10.180.1.21/identity/v3/auth/tokens 0.082s
2024-12-10 21:19:04.063 65427 INFO tempest.lib.common.rest_client [req-535e1553-03eb-47f1-8bd6-cd53f48f5f7c req-535e1553-03eb-47f1-8bd6-cd53f48f5f7c ] Request (ServersTestBootFromVolume:setUpClass): 200 GET http://10.180.1.21/compute/v2.1/servers/3c9d108f-efe1-4fb6-b505-8cb51d38adc1 0.096s
2024-12-10 21:19:04.085 65436 INFO tempest.lib.common.rest_client [req-70d689a5-bdcd-47e6-aa27-8ba9af93d049 req-70d689a5-bdcd-47e6-aa27-8ba9af93d049 ] Request (VolumesAssistedSnapshotsTest:tearDownClass): 200 GET http://10.180.1.21/compute/v2.1/servers/54650f01-3470-46bd-ae16-051df7758071 0.113s
2024-12-10 21:19:04.116 65401 INFO tempest.lib.common.rest_client [req-a4e7bde0-9830-48f5-bce5-628eea523c12 req-a4e7bde0-9830-48f5-bce5-628eea523c12 ] Request (AttachInterfacesV270Test:tearDownClass): 204 DELETE http://10.180.1.21:9696/networking/v2.0/security-groups/b9c14bf3-a135-4438-a189-b6e0cd2d1ae2 0.133s
2024-12-10 21:19:04.140 65381 INFO tempest.lib.common.rest_client [req-4bf8af90-0b18-4be4-81a1-65e227c002c9 req-4bf8af90-0b18-4be4-81a1-65e227c002c9 ] Request (ServersAdmin275Test:tearDownClass): 200 GET http://10.180.1.21/compute/v2.1/servers/a6a860ad-919e-4184-9850-79316658b946 0.077s
2024-12-10 21:19:04.194 65401 INFO tempest.lib.common.rest_client [req-e9ff07d8-47ea-4685-9c8a-c4084bdba565 req-e9ff07d8-47ea-4685-9c8a-c4084bdba565 ] Request (AttachInterfacesV270Test:tearDownClass): 204 DELETE http://10.180.1.21/identity/v3/projects/0695e9e701b745e3a19137f20e344228 0.077s
2024-12-10 21:19:04.221 65417 INFO tempest.lib.common.rest_client [req-c942352b-d66b-4e05-bee3-0042bda93fb4 req-c942352b-d66b-4e05-bee3-0042bda93fb4 ] Request (ServersTestFqdnHostnames:tearDownClass): 200 GET http://10.180.1.21/compute/v2.1/servers/7147df9b-7e03-43fd-8bbc-54d8d0317a77 0.095s
2024-12-10 21:19:04.225 65387 INFO tempest.lib.common.rest_client [req-714664fd-e66e-4d44-85f5-02f000fa415b req-714664fd-e66e-4d44-85f5-02f000fa415b ] Request (ServersAdminNegativeTestJSON:tearDownClass): 200 GET http://10.180.1.21/compute/v2.1/servers/7dddcb64-8f42-4ef4-b6c1-8c27e2ebcddd 0.074s
2024-12-10 21:19:04.240 65437 INFO tempest.lib.common.rest_client [req-a7f00739-6565-40dc-bac3-be730c02a41f req-a7f00739-6565-40dc-bac3-be730c02a41f ] Request (ServerShowV257Test:tearDownClass): 200 GET http://10.180.1.21:9696/networking/v2.0/security-groups?tenant_id=ef8d7f7d1b2a4167a6593a6a38aa45ee&name=default 0.216s
2024-12-10 21:19:04.279 65377 INFO tempest.lib.common.rest_client [req-c06226da-3117-488d-9f8a-58a58e521906 req-c06226da-3117-488d-9f8a-58a58e521906 ] Request (ServerRescueTestJSONUnderV235:setUpClass): 200 GET http://10.180.1.21/compute/v2.1/servers/93a290e1-efe7-4d02-a6b6-0d7ccbfb5bf1 0.100s
2024-12-10 21:19:04.279 65401 INFO tempest.lib.common.rest_client [req-7a9d56ae-b564-4566-bb31-5516d195acec req-7a9d56ae-b564-4566-bb31-5516d195acec ] Request (ServersV294TestFqdnHostnames:setUpClass): 201 POST http://10.180.1.21/identity/v3/auth/tokens 0.084s
2024-12-10 21:19:04.279 65431 INFO tempest.lib.common.rest_client [req-8d582764-276d-473d-924e-ba187b883e2d req-8d582764-276d-473d-924e-ba187b883e2d ] Request (ServersAdminTestJSON:test_inject_network_info): 200 GET http://10.180.1.21/compute/v2.1/servers/fffbfa22-099b-4030-9f42-1a3139a0261f 0.067s
2024-12-10 21:19:04.318 65401 INFO tempest.lib.common.rest_client [req-daeea867-f039-43df-8365-46a801411e7f req-daeea867-f039-43df-8365-46a801411e7f ] Request (ServersV294TestFqdnHostnames:setUpClass): 201 POST http://10.180.1.21/identity/v3/auth/tokens 0.035s
2024-12-10 21:19:04.340 65383 INFO tempest.lib.common.rest_client [req-b329cb56-9bff-4ed3-bf86-cafece88cbdb req-b329cb56-9bff-4ed3-bf86-cafece88cbdb ] Request (InstanceActionsTestJSON:setUpClass): 200 GET http://10.180.1.21/compute/v2.1/servers/9d37adce-eb1c-4ac0-8859-ae1b9d3293b2 0.081s
2024-12-10 21:19:04.344 65397 INFO tempest.lib.common.rest_client [req-e6e30f7b-4497-4aaa-8bcd-064d17e45fde req-e6e30f7b-4497-4aaa-8bcd-064d17e45fde ] Request (ServerPasswordTestJSON:setUpClass): 200 GET http://10.180.1.21/compute/v2.1/servers/77001028-7b3e-403a-8975-ff98fb95532f 0.062s
2024-12-10 21:19:04.354 65401 INFO tempest.lib.common.rest_client [req-cf508926-3ecc-48a1-94fd-1a9441ea9c6c req-cf508926-3ecc-48a1-94fd-1a9441ea9c6c ] Request (ServersV294TestFqdnHostnames:setUpClass): 200 GET http://10.180.1.21/identity/v3/domains?name=Default 0.035s
2024-12-10 21:19:04.380 65437 INFO tempest.lib.common.rest_client [req-91cfa5cc-1d70-4614-a0d4-71e910d7b32c req-91cfa5cc-1d70-4614-a0d4-71e910d7b32c ] Request (ServerShowV257Test:tearDownClass): 204 DELETE http://10.180.1.21:9696/networking/v2.0/security-groups/dd9dadfb-bccb-4488-9db2-999f31f0dbea 0.140s
2024-12-10 21:19:04.398 65401 INFO tempest.lib.common.rest_client [req-6a60280c-5bd6-49de-8f0e-6b631ee5d56b req-6a60280c-5bd6-49de-8f0e-6b631ee5d56b ] Request (ServersV294TestFqdnHostnames:setUpClass): 201 POST http://10.180.1.21/identity/v3/projects 0.044s
2024-12-10 21:19:04.436 65409 INFO tempest.lib.common.rest_client [req-5a220910-3c4b-4e96-bf60-c1e4d3f50870 req-5a220910-3c4b-4e96-bf60-c1e4d3f50870 ] Request (DeleteServersAdminTestJSON:test_delete_server_while_in_error_state): 200 GET http://10.180.1.21/compute/v2.1/servers/278be240-4d07-4131-a893-f21a445a0caf 0.080s
2024-12-10 21:19:04.467 65437 INFO tempest.lib.common.rest_client [req-dd642641-45a1-4871-8dd8-e9359752507d req-dd642641-45a1-4871-8dd8-e9359752507d ] Request (ServerShowV257Test:tearDownClass): 204 DELETE http://10.180.1.21/identity/v3/projects/ef8d7f7d1b2a4167a6593a6a38aa45ee 0.086s
2024-12-10 21:19:04.498 65401 INFO tempest.lib.common.rest_client [req-5ad69fc7-cfab-4a0c-858e-250e7de19348 req-5ad69fc7-cfab-4a0c-858e-250e7de19348 ] Request (ServersV294TestFqdnHostnames:setUpClass): 201 POST http://10.180.1.21/identity/v3/users 0.099s
2024-12-10 21:19:04.499 65379 INFO tempest.lib.common.rest_client [req-1b4b09b1-946c-4a4d-9025-b6700880f180 req-1b4b09b1-946c-4a4d-9025-b6700880f180 ] Request (SecurityGroupsTestJSON:test_server_security_groups): 200 GET http://10.180.1.21/compute/v2.1/servers/4cbaf66d-c7b1-45e2-9ddc-c62695ad6563 0.080s
2024-12-10 21:19:04.530 65401 INFO tempest.lib.common.rest_client [req-4de9dd65-bd79-43b0-9067-d9ab5d69f5c1 req-4de9dd65-bd79-43b0-9067-d9ab5d69f5c1 ] Request (ServersV294TestFqdnHostnames:setUpClass): 200 GET http://10.180.1.21/identity/v3/roles 0.031s
2024-12-10 21:19:04.553 65407 INFO tempest.lib.common.rest_client [req-154ea00b-837f-42bc-be2d-74ca35ba54ea req-154ea00b-837f-42bc-be2d-74ca35ba54ea ] Request (DeleteServersTestJSON:test_delete_server_while_in_attached_volume): 200 GET http://10.180.1.21/compute/v2.1/servers/a14db7b4-d41b-4fee-885a-ba2dbb40e0a1 0.067s
2024-12-10 21:19:04.558 65375 INFO tempest.lib.common.rest_client [req-4effcba4-3850-4c48-91f1-195153167696 req-4effcba4-3850-4c48-91f1-195153167696 ] Request (ListServerFiltersTestJSON:test_list_servers_filter_by_shutoff_status): 200 GET http://10.180.1.21/compute/v2.1/servers/892cb689-afd2-4995-880f-cef4186f2439 0.121s
2024-12-10 21:19:04.562 65401 INFO tempest.lib.common.rest_client [req-b961e0a8-730a-4838-9cf8-967b4f9e883c req-b961e0a8-730a-4838-9cf8-967b4f9e883c ] Request (ServersV294TestFqdnHostnames:setUpClass): 204 PUT http://10.180.1.21/identity/v3/projects/5b0bd2e0635442b3a6b964b056437c33/users/94c317a6b6874000895bab819900b846/roles/2c9c87fe66db4c1fac5e5ee757abd1f0 0.031s
2024-12-10 21:19:04.562 65401 INFO tempest.lib.common.dynamic_creds [-] Dynamic test user 94c317a6b6874000895bab819900b846 is created with scope project and roles: ['member']
2024-12-10 21:19:04.562 65401 INFO tempest.lib.common.dynamic_creds [-] Acquired dynamic creds: credentials: Credentials: {'domain_id': 'default', 'domain_name': 'Default', 'username': 'tempest-ServersV294TestFqdnHostnames-699287169-project-member', 'project_domain_id': 'default', 'project_domain_name': 'Default', 'project_id': '5b0bd2e0635442b3a6b964b056437c33', 'project_name': 'tempest-ServersV294TestFqdnHostnames-699287169', 'tenant_id': '5b0bd2e0635442b3a6b964b056437c33', 'tenant_name': 'tempest-ServersV294TestFqdnHostnames-699287169', 'user_domain_id': 'default', 'user_domain_name': 'Default', 'user_id': '94c317a6b6874000895bab819900b846', 'system': None}, Network: None, Subnet: None, Router: None
2024-12-10 21:19:04.618 65411 INFO tempest.lib.common.rest_client [req-d90163dd-60df-44d4-9069-ebb022376251 req-d90163dd-60df-44d4-9069-ebb022376251 ] Request (MigrationsAdminTest:test_resize_server_revert_deleted_flavor): 200 GET http://10.180.1.21/compute/v2.1/servers/2f5000ce-0275-4fa5-b09c-d9a07b6c41c1 0.115s
2024-12-10 21:19:04.625 65419 INFO tempest.lib.common.rest_client [req-52c165dd-233d-48bc-8acf-73b86747ad29 req-52c165dd-233d-48bc-8acf-73b86747ad29 ] Request (ServerTagsTestJSON:tearDownClass): 200 GET http://10.180.1.21/compute/v2.1/servers/4efa4e8e-02c5-4bad-a716-21d294f28c26 0.071s
2024-12-10 21:19:04.629 65401 INFO tempest.lib.common.rest_client [req-7a287a2f-4d2c-460c-bb2b-b26f206257e6 req-7a287a2f-4d2c-460c-bb2b-b26f206257e6 ] Request (ServersV294TestFqdnHostnames:setUpClass): 201 POST http://10.180.1.21/identity/v3/auth/tokens 0.066s
2024-12-10 21:19:04.667 65393 INFO tempest.lib.common.rest_client [req-ad312d52-c7f8-432d-a7a4-62780c4aa234 req-ad312d52-c7f8-432d-a7a4-62780c4aa234 ] Request (ServersTestJSON:test_create_server_with_ipv6_addr_only): 200 GET http://10.180.1.21/compute/v2.1/servers/fa49043c-5c77-4357-b592-fea3653b9ac7 0.101s
2024-12-10 21:19:04.674 65389 INFO tempest.lib.common.rest_client [req-69b61072-1a7c-4e18-99fc-c46a90e3ef02 req-69b61072-1a7c-4e18-99fc-c46a90e3ef02 ] Request (ServersTestJSON:setUpClass): 200 GET http://10.180.1.21/compute/v2.1/servers/1751c8c5-854f-45f2-a559-95a4ccd0f578 0.078s
2024-12-10 21:19:04.714 65405 INFO tempest.lib.common.rest_client [req-6622006b-71ec-4665-8e03-3fc35f8b037a req-6622006b-71ec-4665-8e03-3fc35f8b037a ] Request (AttachVolumeNegativeTest:test_attach_attached_volume_to_different_server): 200 GET http://10.180.1.21/compute/v2.1/servers/a6fd8ee3-7216-45c2-9169-93e5072bcc74 0.067s
2024-12-10 21:19:04.784 65385 INFO tempest.lib.common.rest_client [req-2dfaa5af-f77e-4c51-ac89-8481d94c888e req-2dfaa5af-f77e-4c51-ac89-8481d94c888e ] Request (ServerShowV247Test:test_update_rebuild_list_server): 200 GET http://10.180.1.21/compute/v2.1/servers/ea3d9715-fbaf-44c4-986b-20996b2958bb 0.056s
2024-12-10 21:19:04.807 65425 INFO tempest.lib.common.rest_client [req-7397b24d-4bba-4262-9887-dfb8d6453cfc req-7397b24d-4bba-4262-9887-dfb8d6453cfc ] Request (ServerActionsTestOtherB:test_create_backup): 200 GET http://10.180.1.21/image/v2/images/ed4a810c-33a4-468a-a663-9d98b9b9522e 0.018s
2024-12-10 21:19:04.842 65429 INFO tempest.lib.common.rest_client [req-ce64cdb7-bf41-4cc1-ac89-31ac1ecefda0 req-ce64cdb7-bf41-4cc1-ac89-31ac1ecefda0 ] Request (ServerRescueTestJSON:test_rescue_unrescue_instance): 200 GET http://10.180.1.21/compute/v2.1/servers/07679006-d4fe-4699-969e-a92156194070 0.052s
2024-12-10 21:19:04.870 65401 INFO tempest.lib.common.rest_client [req-2507bade-6a64-44fd-93a4-5b08071f27cb req-2507bade-6a64-44fd-93a4-5b08071f27cb ] Request (ServersV294TestFqdnHostnames:setUpClass): 201 POST http://10.180.1.21:9696/networking/v2.0/networks 0.240s
2024-12-10 21:19:04.934 65433 INFO tempest.lib.common.rest_client [req-ddc98d4f-04d2-4cb3-a562-3e7c28f5af90 req-ddc98d4f-04d2-4cb3-a562-3e7c28f5af90 ] Request (ServersTestMultiNic:test_verify_multiple_nics_order): 200 GET http://10.180.1.21/compute/v2.1/servers/cf12a075-c381-4ba9-9bf6-582689bec58d 0.061s
2024-12-10 21:19:04.999 65391 INFO tempest.lib.common.rest_client [req-f6ce6c99-58ae-4444-a12d-d6481d02df53 req-f6ce6c99-58ae-4444-a12d-d6481d02df53 ] Request (ServersWithSpecificFlavorTestJSON:test_verify_created_server_ephemeral_disk): 200 GET http://10.180.1.21/compute/v2.1/servers/befe6745-06f9-49c0-8bb6-cd45a606bb97 0.062s
2024-12-10 21:19:05.014 65421 INFO tempest.lib.common.rest_client [req-f4e8457d-d0ab-4f0e-8b1f-563df6eb4d65 req-f4e8457d-d0ab-4f0e-8b1f-563df6eb4d65 ] Request (ImagesOneServerNegativeTestJSON:_run_cleanups): 200 GET http://10.180.1.21/compute/v2.1/servers/9daab8ae-8d10-4349-aafe-b5e00459521c 0.071s
2024-12-10 21:19:05.040 65395 INFO tempest.lib.common.rest_client [req-c3a949c3-a595-41e5-9473-6076874cd9da req-c3a949c3-a595-41e5-9473-6076874cd9da ] Request (ListImageFiltersTestJSON:setUpClass): 200 GET http://10.180.1.21/compute/v2.1/images/f622ef4b-73a3-4d2b-b713-156bc347b86a 0.043s
2024-12-10 21:19:05.086 65403 INFO tempest.lib.common.rest_client [req-dd0d3323-40f7-4fd0-be35-f2067c1d04b6 req-dd0d3323-40f7-4fd0-be35-f2067c1d04b6 ] Request (ListServersNegativeTestJSON:setUpClass): 200 GET http://10.180.1.21/compute/v2.1/servers/2f8a2835-618d-4462-8644-1d2790aec62b 0.066s
2024-12-10 21:19:05.098 65401 INFO tempest.lib.common.rest_client [req-f45a2cc0-1442-46ef-9d37-b66cebd0e719 req-f45a2cc0-1442-46ef-9d37-b66cebd0e719 ] Request (ServersV294TestFqdnHostnames:setUpClass): 201 POST http://10.180.1.21:9696/networking/v2.0/subnets 0.228s
2024-12-10 21:19:05.143 65427 INFO tempest.lib.common.rest_client [req-9ccbc895-0ba6-44a2-97ec-33ded4c41de0 req-9ccbc895-0ba6-44a2-97ec-33ded4c41de0 ] Request (ServersTestBootFromVolume:setUpClass): 200 GET http://10.180.1.21/compute/v2.1/servers/3c9d108f-efe1-4fb6-b505-8cb51d38adc1 0.069s
2024-12-10 21:19:05.172 65436 INFO tempest.lib.common.rest_client [req-dbf15f4b-e658-432d-925a-9ad039c7cd48 req-dbf15f4b-e658-432d-925a-9ad039c7cd48 ] Request (VolumesAssistedSnapshotsTest:tearDownClass): 200 GET http://10.180.1.21/compute/v2.1/servers/54650f01-3470-46bd-ae16-051df7758071 0.080s
2024-12-10 21:19:05.228 65381 INFO tempest.lib.common.rest_client [req-6307a6fb-341e-4d97-b4e0-d08ec146dd75 req-6307a6fb-341e-4d97-b4e0-d08ec146dd75 ] Request (ServersAdmin275Test:tearDownClass): 200 GET http://10.180.1.21/compute/v2.1/servers/a6a860ad-919e-4184-9850-79316658b946 0.077s
2024-12-10 21:19:05.268 65423 WARNING tempest.lib.common.ssh [-] Failed to establish authenticated ssh connection to cirros@10.180.180.150 ([Errno None] Unable to connect to port 22 on 10.180.180.150). Number attempts: 10. Retry after 11 seconds.: paramiko.ssh_exception.NoValidConnectionsError: [Errno None] Unable to connect to port 22 on 10.180.180.150
2024-12-10 21:19:05.299 65417 INFO tempest.lib.common.rest_client [req-5325c472-4397-4945-91fc-67ca019d7dc9 req-5325c472-4397-4945-91fc-67ca019d7dc9 ] Request (ServersTestFqdnHostnames:tearDownClass): 200 GET http://10.180.1.21/compute/v2.1/servers/7147df9b-7e03-43fd-8bbc-54d8d0317a77 0.067s
2024-12-10 21:19:05.317 65387 INFO tempest.lib.common.rest_client [req-85198990-7702-4ab4-9a42-5d67f9dcf595 req-85198990-7702-4ab4-9a42-5d67f9dcf595 ] Request (ServersAdminNegativeTestJSON:tearDownClass): 200 GET http://10.180.1.21/compute/v2.1/servers/7dddcb64-8f42-4ef4-b6c1-8c27e2ebcddd 0.081s
2024-12-10 21:19:05.355 65431 INFO tempest.lib.common.rest_client [req-75c56081-b285-4db6-8476-141547ae2eac req-75c56081-b285-4db6-8476-141547ae2eac ] Request (ServersAdminTestJSON:test_inject_network_info): 200 GET http://10.180.1.21/compute/v2.1/servers/fffbfa22-099b-4030-9f42-1a3139a0261f 0.059s
2024-12-10 21:19:05.372 65377 INFO tempest.lib.common.rest_client [req-85636471-f6d9-4336-b187-12db35853d82 req-85636471-f6d9-4336-b187-12db35853d82 ] Request (ServerRescueTestJSONUnderV235:setUpClass): 200 GET http://10.180.1.21/compute/v2.1/servers/93a290e1-efe7-4d02-a6b6-0d7ccbfb5bf1 0.076s
2024-12-10 21:19:05.409 65383 INFO tempest.lib.common.rest_client [req-5763094a-b7fc-466f-9138-0099b76e80cc req-5763094a-b7fc-466f-9138-0099b76e80cc ] Request (InstanceActionsTestJSON:setUpClass): 200 GET http://10.180.1.21/compute/v2.1/servers/9d37adce-eb1c-4ac0-8859-ae1b9d3293b2 0.061s
2024-12-10 21:19:05.419 65397 INFO tempest.lib.common.rest_client [req-652cf540-b4f5-4872-9f5c-7f40c5445b9e req-652cf540-b4f5-4872-9f5c-7f40c5445b9e ] Request (ServerPasswordTestJSON:setUpClass): 200 GET http://10.180.1.21/compute/v2.1/servers/77001028-7b3e-403a-8975-ff98fb95532f 0.063s
2024-12-10 21:19:05.516 65409 INFO tempest.lib.common.rest_client [req-2403536f-f6c0-43c1-828b-a8b9a618121e req-2403536f-f6c0-43c1-828b-a8b9a618121e ] Request (DeleteServersAdminTestJSON:test_delete_server_while_in_error_state): 200 GET http://10.180.1.21/compute/v2.1/servers/278be240-4d07-4131-a893-f21a445a0caf 0.072s
2024-12-10 21:19:05.567 65379 INFO tempest.lib.common.rest_client [req-f8f2f5e5-be09-4088-8c80-4763d9688734 req-f8f2f5e5-be09-4088-8c80-4763d9688734 ] Request (SecurityGroupsTestJSON:test_server_security_groups): 200 GET http://10.180.1.21/compute/v2.1/servers/4cbaf66d-c7b1-45e2-9ddc-c62695ad6563 0.061s
2024-12-10 21:19:05.625 65407 INFO tempest.lib.common.rest_client [req-15f45b19-bfba-4d29-9523-c6b8d5183520 req-15f45b19-bfba-4d29-9523-c6b8d5183520 ] Request (DeleteServersTestJSON:test_delete_server_while_in_attached_volume): 200 GET http://10.180.1.21/compute/v2.1/servers/a14db7b4-d41b-4fee-885a-ba2dbb40e0a1 0.065s
2024-12-10 21:19:05.676 65375 INFO tempest.lib.common.rest_client [req-fcc7cfa7-4a56-4a66-a7aa-c756da8e2b51 req-fcc7cfa7-4a56-4a66-a7aa-c756da8e2b51 ] Request (ListServerFiltersTestJSON:test_list_servers_filter_by_shutoff_status): 200 GET http://10.180.1.21/compute/v2.1/servers/892cb689-afd2-4995-880f-cef4186f2439 0.110s
2024-12-10 21:19:05.685 65375 INFO tempest.common.waiters [-] State transition "SHUTOFF/powering-on" ==> "ACTIVE/None" after 5 second wait
2024-12-10 21:19:05.686 65411 INFO tempest.lib.common.rest_client [req-a3f30545-57d0-4a34-80bf-3c2a33608e31 req-a3f30545-57d0-4a34-80bf-3c2a33608e31 ] Request (MigrationsAdminTest:test_resize_server_revert_deleted_flavor): 200 GET http://10.180.1.21/compute/v2.1/servers/2f5000ce-0275-4fa5-b09c-d9a07b6c41c1 0.059s
2024-12-10 21:19:05.744 65419 INFO tempest.lib.common.rest_client [req-c49395b3-33e2-4ab2-9a18-5a4f4f006d02 req-c49395b3-33e2-4ab2-9a18-5a4f4f006d02 ] Request (ServerTagsTestJSON:tearDownClass): 200 GET http://10.180.1.21/compute/v2.1/servers/4efa4e8e-02c5-4bad-a716-21d294f28c26 0.111s
2024-12-10 21:19:05.746 65393 INFO tempest.lib.common.rest_client [req-3c74f924-fc08-45f6-9fcf-1d93816f3a2c req-3c74f924-fc08-45f6-9fcf-1d93816f3a2c ] Request (ServersTestJSON:test_create_server_with_ipv6_addr_only): 200 GET http://10.180.1.21/compute/v2.1/servers/fa49043c-5c77-4357-b592-fea3653b9ac7 0.071s
2024-12-10 21:19:05.760 65375 INFO tempest.lib.common.rest_client [req-d8c239b3-8d9b-402d-a0d1-7ee7ae2b31c7 req-d8c239b3-8d9b-402d-a0d1-7ee7ae2b31c7 ] Request (ListServerFiltersTestJSON:test_list_servers_filter_by_zero_limit): 200 GET http://10.180.1.21/compute/v2.1/servers?limit=0 0.073s
2024-12-10 21:19:05.812 65389 INFO tempest.lib.common.rest_client [req-b855bc8e-50bf-4b69-8d17-4fa40e14f5d8 req-b855bc8e-50bf-4b69-8d17-4fa40e14f5d8 ] Request (ServersTestJSON:setUpClass): 200 GET http://10.180.1.21/compute/v2.1/servers/1751c8c5-854f-45f2-a559-95a4ccd0f578 0.131s
2024-12-10 21:19:05.825 65425 INFO tempest.lib.common.rest_client [req-ee2642a0-7f7b-4777-972a-01759c51a97e req-ee2642a0-7f7b-4777-972a-01759c51a97e ] Request (ServerActionsTestOtherB:test_create_backup): 200 GET http://10.180.1.21/image/v2/images/ed4a810c-33a4-468a-a663-9d98b9b9522e 0.016s
2024-12-10 21:19:05.827 65405 INFO tempest.lib.common.rest_client [req-9b316bea-da7d-473d-ada0-b834731dce30 req-9b316bea-da7d-473d-ada0-b834731dce30 ] Request (AttachVolumeNegativeTest:test_attach_attached_volume_to_different_server): 200 GET http://10.180.1.21/compute/v2.1/servers/a6fd8ee3-7216-45c2-9169-93e5072bcc74 0.105s
2024-12-10 21:19:05.879 65385 INFO tempest.lib.common.rest_client [req-78b131f8-9723-4edc-a9c8-95cde14f8091 req-78b131f8-9723-4edc-a9c8-95cde14f8091 ] Request (ServerShowV247Test:test_update_rebuild_list_server): 200 GET http://10.180.1.21/compute/v2.1/servers/ea3d9715-fbaf-44c4-986b-20996b2958bb 0.083s
2024-12-10 21:19:05.920 65401 INFO tempest.lib.common.rest_client [req-fed04e59-a646-4278-b478-470f3cf2594d req-fed04e59-a646-4278-b478-470f3cf2594d ] Request (ServersV294TestFqdnHostnames:setUpClass): 201 POST http://10.180.1.21:9696/networking/v2.0/routers 0.821s
2024-12-10 21:19:05.936 65429 INFO tempest.lib.common.rest_client [req-0a587f1e-ce49-48cd-9ae3-e2a8582abdb0 req-0a587f1e-ce49-48cd-9ae3-e2a8582abdb0 ] Request (ServerRescueTestJSON:test_rescue_unrescue_instance): 200 GET http://10.180.1.21/compute/v2.1/servers/07679006-d4fe-4699-969e-a92156194070 0.087s
2024-12-10 21:19:06.010 65433 INFO tempest.lib.common.rest_client [req-c40c5d26-542d-4ec5-b602-633770883543 req-c40c5d26-542d-4ec5-b602-633770883543 ] Request (ServersTestMultiNic:test_verify_multiple_nics_order): 200 GET http://10.180.1.21/compute/v2.1/servers/cf12a075-c381-4ba9-9bf6-582689bec58d 0.066s
2024-12-10 21:19:06.028 65375 INFO tempest.lib.common.rest_client [req-0b1261f9-853c-412c-a8ff-054fb9b89272 req-0b1261f9-853c-412c-a8ff-054fb9b89272 ] Request (ListServerFiltersTestJSON:test_list_servers_filtered_by_ip): 200 GET http://10.180.1.21/compute/v2.1/servers/892cb689-afd2-4995-880f-cef4186f2439 0.261s
2024-12-10 21:19:06.071 65391 INFO tempest.lib.common.rest_client [req-5e9e7350-31b6-456a-8a4e-f33279e5c8e7 req-5e9e7350-31b6-456a-8a4e-f33279e5c8e7 ] Request (ServersWithSpecificFlavorTestJSON:test_verify_created_server_ephemeral_disk): 200 GET http://10.180.1.21/compute/v2.1/servers/befe6745-06f9-49c0-8bb6-cd45a606bb97 0.063s
2024-12-10 21:19:06.110 65421 INFO tempest.lib.common.rest_client [req-eb66cbbb-ffdf-4561-910b-02a35e78ac15 req-eb66cbbb-ffdf-4561-910b-02a35e78ac15 ] Request (ImagesOneServerNegativeTestJSON:_run_cleanups): 200 GET http://10.180.1.21/compute/v2.1/servers/9daab8ae-8d10-4349-aafe-b5e00459521c 0.088s
2024-12-10 21:19:06.150 65395 INFO tempest.lib.common.rest_client [req-40e7f485-dbfa-4caa-b495-275b13d636e0 req-40e7f485-dbfa-4caa-b495-275b13d636e0 ] Request (ListImageFiltersTestJSON:setUpClass): 200 GET http://10.180.1.21/compute/v2.1/images/f622ef4b-73a3-4d2b-b713-156bc347b86a 0.106s
2024-12-10 21:19:06.225 65375 INFO tempest.lib.common.rest_client [req-05fac984-7a60-4dd1-92ba-dac4f42484ba req-05fac984-7a60-4dd1-92ba-dac4f42484ba ] Request (ListServerFiltersTestJSON:test_list_servers_filtered_by_ip): 200 GET http://10.180.1.21/compute/v2.1/servers/4bc7f740-730f-49d4-a221-8fa0517a4520 0.188s
2024-12-10 21:19:06.285 65427 INFO tempest.lib.common.rest_client [req-f639f22d-b3fb-4274-b9c9-045a269f384e req-f639f22d-b3fb-4274-b9c9-045a269f384e ] Request (ServersTestBootFromVolume:setUpClass): 200 GET http://10.180.1.21/compute/v2.1/servers/3c9d108f-efe1-4fb6-b505-8cb51d38adc1 0.130s
2024-12-10 21:19:06.362 65436 INFO tempest.lib.common.rest_client [req-bb382035-2d37-40bb-b965-b5fc366d8d84 req-bb382035-2d37-40bb-b965-b5fc366d8d84 ] Request (VolumesAssistedSnapshotsTest:tearDownClass): 200 GET http://10.180.1.21/compute/v2.1/servers/54650f01-3470-46bd-ae16-051df7758071 0.183s
2024-12-10 21:19:06.475 65375 INFO tempest.lib.common.rest_client [req-8cdb5c5d-4a99-40ac-9b46-d4c52dbe5134 req-8cdb5c5d-4a99-40ac-9b46-d4c52dbe5134 ] Request (ListServerFiltersTestJSON:test_list_servers_filtered_by_ip): 200 GET http://10.180.1.21/compute/v2.1/servers/d6624485-5300-4a54-9893-690479dcd095 0.243s
2024-12-10 21:19:06.485 65403 INFO tempest.lib.common.rest_client [req-086184a4-0413-4d6f-b99f-8f1bd78ff218 req-086184a4-0413-4d6f-b99f-8f1bd78ff218 ] Request (ListServersNegativeTestJSON:setUpClass): 200 GET http://10.180.1.21/compute/v2.1/servers/2f8a2835-618d-4462-8644-1d2790aec62b 0.390s
2024-12-10 21:19:06.551 65381 INFO tempest.lib.common.rest_client [req-cfe210b3-0a90-4cff-8b39-aa08a5ffbaec req-cfe210b3-0a90-4cff-8b39-aa08a5ffbaec ] Request (ServersAdmin275Test:tearDownClass): 200 GET http://10.180.1.21/compute/v2.1/servers/a6a860ad-919e-4184-9850-79316658b946 0.305s
2024-12-10 21:19:06.559 65417 INFO tempest.lib.common.rest_client [req-ed414f05-6e53-4f74-a0d4-eab60215353b req-ed414f05-6e53-4f74-a0d4-eab60215353b ] Request (ServersTestFqdnHostnames:tearDownClass): 200 GET http://10.180.1.21/compute/v2.1/servers/7147df9b-7e03-43fd-8bbc-54d8d0317a77 0.251s
2024-12-10 21:19:06.622 65387 INFO tempest.lib.common.rest_client [req-47d27dd6-2173-4253-8fef-71b5f8f67e70 req-47d27dd6-2173-4253-8fef-71b5f8f67e70 ] Request (ServersAdminNegativeTestJSON:tearDownClass): 200 GET http://10.180.1.21/compute/v2.1/servers/7dddcb64-8f42-4ef4-b6c1-8c27e2ebcddd 0.293s
2024-12-10 21:19:06.623 65431 INFO tempest.lib.common.rest_client [req-94fbb729-a710-4909-8fe6-99cf0b270d88 req-94fbb729-a710-4909-8fe6-99cf0b270d88 ] Request (ServersAdminTestJSON:test_inject_network_info): 200 GET http://10.180.1.21/compute/v2.1/servers/fffbfa22-099b-4030-9f42-1a3139a0261f 0.257s
2024-12-10 21:19:06.677 65383 INFO tempest.lib.common.rest_client [req-85095da4-0bdb-4524-aabf-5dc8cd97e5ab req-85095da4-0bdb-4524-aabf-5dc8cd97e5ab ] Request (InstanceActionsTestJSON:setUpClass): 200 GET http://10.180.1.21/compute/v2.1/servers/9d37adce-eb1c-4ac0-8859-ae1b9d3293b2 0.259s
2024-12-10 21:19:06.679 65377 INFO tempest.lib.common.rest_client [req-0bda896e-89a5-4175-a9f7-0be7f297783e req-0bda896e-89a5-4175-a9f7-0be7f297783e ] Request (ServerRescueTestJSONUnderV235:setUpClass): 200 GET http://10.180.1.21/compute/v2.1/servers/93a290e1-efe7-4d02-a6b6-0d7ccbfb5bf1 0.298s
2024-12-10 21:19:06.749 65397 INFO tempest.lib.common.rest_client [req-1b780208-262a-449f-b254-a91cc8ee75ce req-1b780208-262a-449f-b254-a91cc8ee75ce ] Request (ServerPasswordTestJSON:setUpClass): 200 GET http://10.180.1.21/compute/v2.1/servers/77001028-7b3e-403a-8975-ff98fb95532f 0.322s
2024-12-10 21:19:06.779 65409 INFO tempest.lib.common.rest_client [req-d3cdb5a2-229a-4557-9854-041ed1e48441 req-d3cdb5a2-229a-4557-9854-041ed1e48441 ] Request (DeleteServersAdminTestJSON:test_delete_server_while_in_error_state): 404 GET http://10.180.1.21/compute/v2.1/servers/278be240-4d07-4131-a893-f21a445a0caf 0.254s
2024-12-10 21:19:06.837 65375 INFO tempest.lib.common.rest_client [req-e47afbbe-e90a-4a60-adae-eabfcd57f6e8 req-e47afbbe-e90a-4a60-adae-eabfcd57f6e8 ] Request (ListServerFiltersTestJSON:test_list_servers_filtered_by_ip): 200 GET http://10.180.1.21/compute/v2.1/servers?ip=192.168.128.8 0.356s
2024-12-10 21:19:06.847 65379 INFO tempest.lib.common.rest_client [req-c88ae2d8-fe14-4419-9e98-1b8e12b40e2b req-c88ae2d8-fe14-4419-9e98-1b8e12b40e2b ] Request (SecurityGroupsTestJSON:test_server_security_groups): 200 GET http://10.180.1.21/compute/v2.1/servers/4cbaf66d-c7b1-45e2-9ddc-c62695ad6563 0.272s
2024-12-10 21:19:06.847 65425 INFO tempest.lib.common.rest_client [req-e34afdb2-4ff6-4278-b0b8-068c11c57574 req-e34afdb2-4ff6-4278-b0b8-068c11c57574 ] Request (ServerActionsTestOtherB:test_create_backup): 200 GET http://10.180.1.21/image/v2/images/ed4a810c-33a4-468a-a663-9d98b9b9522e 0.019s
2024-12-10 21:19:06.888 65407 INFO tempest.lib.common.rest_client [req-369c785e-d0d2-430c-bbd9-b6d87f85351a req-369c785e-d0d2-430c-bbd9-b6d87f85351a ] Request (DeleteServersTestJSON:test_delete_server_while_in_attached_volume): 200 GET http://10.180.1.21/compute/v2.1/servers/a14db7b4-d41b-4fee-885a-ba2dbb40e0a1 0.254s
2024-12-10 21:19:06.902 65411 INFO tempest.lib.common.rest_client [req-9e477937-bd5f-4cac-a4f1-98b36337e652 req-9e477937-bd5f-4cac-a4f1-98b36337e652 ] Request (MigrationsAdminTest:test_resize_server_revert_deleted_flavor): 200 GET http://10.180.1.21/compute/v2.1/servers/2f5000ce-0275-4fa5-b09c-d9a07b6c41c1 0.209s
2024-12-10 21:19:06.922 65401 INFO tempest.lib.common.rest_client [req-9484f064-a1ad-4a2c-b11e-0b4d7e516e27 req-9484f064-a1ad-4a2c-b11e-0b4d7e516e27 ] Request (ServersV294TestFqdnHostnames:setUpClass): 200 PUT http://10.180.1.21:9696/networking/v2.0/routers/ae9073eb-f11c-439e-92df-8c24d176379a/add_router_interface 1.001s
