2024-12-10 21:18:19.664 65387 INFO tempest.lib.common.rest_client [req-94cacd35-a150-4a9e-b243-3137911ab39d req-94cacd35-a150-4a9e-b243-3137911ab39d ] Request (ServersAdminNegativeTestJSON:tearDownClass): 200 GET http://10.180.1.21/compute/v2.1/servers/3d3de8fe-5189-4105-bc80-566c5307922e 0.370s
2024-12-10 21:18:19.710 65429 INFO tempest.lib.common.rest_client [req-2561af96-26f6-4218-b099-e4cb91c3ae4a req-2561af96-26f6-4218-b099-e4cb91c3ae4a ] Request (ServerRescueTestJSON:setUpClass): 200 GET http://10.180.1.21/compute/v2.1/servers/3388fd22-865a-4cf7-9912-af8ca03ed930 0.392s
2024-12-10 21:18:19.729 65433 INFO tempest.lib.common.rest_client [req-255c069b-be1c-4e1b-bc36-f1df3466739d req-255c069b-be1c-4e1b-bc36-f1df3466739d ] Request (ServersTestMultiNic:test_verify_duplicate_network_nics): 200 GET http://10.180.1.21/compute/v2.1/servers/7d92bde5-1e58-493a-9b90-e18a83fde582/ips 0.392s
2024-12-10 21:18:19.767 65377 INFO tempest.lib.common.rest_client [req-19ca579a-79d6-416c-9a1b-4c42f1db28a5 req-19ca579a-79d6-416c-9a1b-4c42f1db28a5 ] Request (ServerRescueTestJSONUnderV235:setUpClass): 200 GET http://10.180.1.21/compute/v2.1/servers/93a290e1-efe7-4d02-a6b6-0d7ccbfb5bf1 0.428s
2024-12-10 21:18:19.812 65437 INFO tempest.lib.common.rest_client [req-cb00e807-ca5f-4828-8a7f-276d44ccfce9 req-cb00e807-ca5f-4828-8a7f-276d44ccfce9 ] Request (ServerShowV257Test:test_rebuild_server): 200 GET http://10.180.1.21/compute/v2.1/servers/5d9196da-9f8c-43d4-b031-023fd76183d2 0.416s
2024-12-10 21:18:19.859 65393 INFO tempest.lib.common.rest_client [req-89e35a6b-107b-4772-97ef-3c50631ed5af req-89e35a6b-107b-4772-97ef-3c50631ed5af ] Request (ServersTestJSON:test_create_server_with_ipv6_addr_only): 200 GET http://10.180.1.21/compute/v2.1/servers/fa49043c-5c77-4357-b592-fea3653b9ac7 0.419s
2024-12-10 21:18:19.915 65397 INFO tempest.lib.common.rest_client [req-5a979feb-49f2-42ff-91cc-3f551cc79306 req-5a979feb-49f2-42ff-91cc-3f551cc79306 ] Request (InstanceActionsNegativeTestJSON:tearDownClass): 200 GET http://10.180.1.21/compute/v2.1/servers/416dd54f-4444-458b-be82-3324c86fb5c9 0.378s
2024-12-10 21:18:19.992 65385 INFO tempest.lib.common.rest_client [req-7798365c-3d65-4bc0-9060-1410b9d7ff19 req-7798365c-3d65-4bc0-9060-1410b9d7ff19 ] Request (ImagesOneServerTestJSON:tearDownClass): 200 GET http://10.180.1.21/compute/v2.1/servers/fcf611a3-a07e-4d1c-8a39-c02357bd9f30 0.371s
2024-12-10 21:18:20.054 65383 INFO tempest.lib.common.rest_client [req-e5f22c80-e181-4e7d-a01b-a85231b380cc req-e5f22c80-e181-4e7d-a01b-a85231b380cc ] Request (InstanceActionsTestJSON:setUpClass): 200 GET http://10.180.1.21/compute/v2.1/servers/9d37adce-eb1c-4ac0-8859-ae1b9d3293b2 0.390s
2024-12-10 21:18:20.113 65379 INFO tempest.lib.common.rest_client [req-9f042c41-47e4-4171-a5c9-b9f6157ba752 req-9f042c41-47e4-4171-a5c9-b9f6157ba752 ] Request (SecurityGroupsTestJSON:test_server_security_groups): 200 GET http://10.180.1.21/compute/v2.1/servers/4cbaf66d-c7b1-45e2-9ddc-c62695ad6563 0.403s
2024-12-10 21:18:20.205 65433 INFO tempest.lib.common.rest_client [req-8a270c1f-0bbe-47d9-b41d-cb57f83e7806 req-8a270c1f-0bbe-47d9-b41d-cb57f83e7806 ] Request (ServersTestMultiNic:_run_cleanups): 204 DELETE http://10.180.1.21/compute/v2.1/servers/7d92bde5-1e58-493a-9b90-e18a83fde582 0.474s
2024-12-10 21:18:20.265 65407 INFO tempest.lib.common.rest_client [req-3900d29f-dbde-472f-9964-6c8e69391c7e req-3900d29f-dbde-472f-9964-6c8e69391c7e ] Request (DeleteServersTestJSON:test_delete_server_while_in_attached_volume): 200 GET http://10.180.1.21/compute/v2.1/servers/a14db7b4-d41b-4fee-885a-ba2dbb40e0a1 0.509s
2024-12-10 21:18:20.339 65411 INFO tempest.lib.common.rest_client [req-482b0b55-aa7c-4612-80eb-7e20f0f33852 req-482b0b55-aa7c-4612-80eb-7e20f0f33852 ] Request (MigrationsAdminTest:test_resize_server_revert_deleted_flavor): 200 GET http://10.180.1.21/compute/v2.1/servers/2f5000ce-0275-4fa5-b09c-d9a07b6c41c1 0.545s
2024-12-10 21:18:20.400 65381 INFO tempest.lib.common.rest_client [req-58bf7596-f4b1-4c02-968e-5bd9d0380691 req-58bf7596-f4b1-4c02-968e-5bd9d0380691 ] Request (ServersAdmin275Test:_run_cleanups): 200 GET http://10.180.1.21/compute/v2.1/servers/a6a860ad-919e-4184-9850-79316658b946 0.552s
2024-12-10 21:18:20.454 65389 INFO tempest.lib.common.rest_client [req-c84d3ce2-1f33-46d9-a22c-b70b2e199051 req-c84d3ce2-1f33-46d9-a22c-b70b2e199051 ] Request (ServersTestJSON:setUpClass): 200 GET http://10.180.1.21/compute/v2.1/servers/1751c8c5-854f-45f2-a559-95a4ccd0f578 0.554s
2024-12-10 21:18:20.516 65421 INFO tempest.lib.common.rest_client [req-0e903562-2f33-4f0d-a941-05e0088b682e req-0e903562-2f33-4f0d-a941-05e0088b682e ] Request (ImagesOneServerNegativeTestJSON:setUpClass): 200 GET http://10.180.1.21/compute/v2.1/servers/9daab8ae-8d10-4349-aafe-b5e00459521c 0.571s
2024-12-10 21:18:20.561 65405 INFO tempest.lib.common.rest_client [req-7f5627a2-ce96-4864-8640-abf67615be79 req-7f5627a2-ce96-4864-8640-abf67615be79 ] Request (AttachVolumeNegativeTest:test_attach_attached_volume_to_different_server): 200 GET http://10.180.1.21/compute/v2.1/servers/a6fd8ee3-7216-45c2-9169-93e5072bcc74 0.570s
2024-12-10 21:18:20.662 65431 INFO tempest.lib.common.rest_client [req-b02b9a3f-7c41-4e31-b3e9-c7693bc51500 req-b02b9a3f-7c41-4e31-b3e9-c7693bc51500 ] Request (ServersAdminTestJSON:test_create_server_with_scheduling_hint): 200 GET http://10.180.1.21/compute/v2.1/servers/0da9b618-9d28-4028-a42b-fa3b9661cb6c 0.474s
2024-12-10 21:18:20.830 65433 INFO tempest.lib.common.rest_client [req-954d22e9-1c50-41f0-896d-2f185465784d req-954d22e9-1c50-41f0-896d-2f185465784d ] Request (ServersTestMultiNic:_run_cleanups): 200 GET http://10.180.1.21/compute/v2.1/servers/7d92bde5-1e58-493a-9b90-e18a83fde582 0.624s
2024-12-10 21:18:20.881 65395 INFO tempest.lib.common.rest_client [req-06afdd9b-3651-4eae-ac79-e4921fccfc50 req-06afdd9b-3651-4eae-ac79-e4921fccfc50 ] Request (ListImageFiltersTestJSON:setUpClass): 200 GET http://10.180.1.21/compute/v2.1/servers/d2bb2fd3-b11b-4e5f-8d2e-42ad631552fc 0.641s
2024-12-10 21:18:20.887 65395 INFO tempest.common.waiters [-] State transition "BUILD/scheduling" ==> "BUILD/None" after 46 second wait
2024-12-10 21:18:20.935 65375 INFO tempest.lib.common.rest_client [req-347a5bb9-dcc7-4a30-b1e9-390122cdf0c8 req-347a5bb9-dcc7-4a30-b1e9-390122cdf0c8 ] Request (ListServerFiltersTestJSON:setUpClass): 200 GET http://10.180.1.21/compute/v2.1/servers/d6624485-5300-4a54-9893-690479dcd095 0.550s
2024-12-10 21:18:20.985 65403 INFO tempest.lib.common.rest_client [req-1f92a546-54d9-4d25-9fac-8c5e38f12116 req-1f92a546-54d9-4d25-9fac-8c5e38f12116 ] Request (ListServersNegativeTestJSON:setUpClass): 200 GET http://10.180.1.21/compute/v2.1/servers/2f8a2835-618d-4462-8644-1d2790aec62b 0.558s
2024-12-10 21:18:21.033 65427 INFO tempest.lib.common.rest_client [req-93ab871a-e5fd-4fbc-96ae-4dc02453275d req-93ab871a-e5fd-4fbc-96ae-4dc02453275d ] Request (ServersTestBootFromVolume:setUpClass): 200 GET http://10.180.1.21/compute/v2.1/servers/3c9d108f-efe1-4fb6-b505-8cb51d38adc1 0.567s
2024-12-10 21:18:21.175 65419 INFO tempest.lib.common.rest_client [req-91acf7b3-f577-4ffa-a3a3-118c7e7313e6 req-91acf7b3-f577-4ffa-a3a3-118c7e7313e6 ] Request (ServerTagsTestJSON:setUpClass): 200 GET http://10.180.1.21/compute/v2.1/servers/4efa4e8e-02c5-4bad-a716-21d294f28c26 0.664s
2024-12-10 21:18:21.183 65419 INFO tempest.common.waiters [-] State transition "BUILD/networking" ==> "BUILD/spawning" after 64 second wait
2024-12-10 21:18:21.265 65409 INFO tempest.lib.common.rest_client [req-1c699891-0e05-4d1e-a561-277250b23a15 req-1c699891-0e05-4d1e-a561-277250b23a15 ] Request (DeleteServersAdminTestJSON:test_delete_server_while_in_error_state): 200 GET http://10.180.1.21/compute/v2.1/servers/278be240-4d07-4131-a893-f21a445a0caf 0.646s
2024-12-10 21:18:21.326 65387 INFO tempest.lib.common.rest_client [req-1da4bd0e-7557-48c6-8e89-ff5344b01459 req-1da4bd0e-7557-48c6-8e89-ff5344b01459 ] Request (ServersAdminNegativeTestJSON:tearDownClass): 200 GET http://10.180.1.21/compute/v2.1/servers/3d3de8fe-5189-4105-bc80-566c5307922e 0.655s
2024-12-10 21:18:21.377 65429 INFO tempest.lib.common.rest_client [req-8f2b57ba-b50e-4aef-87b1-c918a9e47c5c req-8f2b57ba-b50e-4aef-87b1-c918a9e47c5c ] Request (ServerRescueTestJSON:setUpClass): 200 GET http://10.180.1.21/compute/v2.1/servers/3388fd22-865a-4cf7-9912-af8ca03ed930 0.661s
2024-12-10 21:18:21.430 65377 INFO tempest.lib.common.rest_client [req-51deb254-b27e-4406-9e57-488b2c1903e0 req-51deb254-b27e-4406-9e57-488b2c1903e0 ] Request (ServerRescueTestJSONUnderV235:setUpClass): 200 GET http://10.180.1.21/compute/v2.1/servers/93a290e1-efe7-4d02-a6b6-0d7ccbfb5bf1 0.656s
2024-12-10 21:18:21.465 65401 INFO tempest.lib.common.rest_client [req-fb21c3d6-bc80-4dee-9e4d-dae047ac07a4 req-fb21c3d6-bc80-4dee-9e4d-dae047ac07a4 ] Request (AttachInterfacesV270Test:test_create_get_list_interfaces): 400 POST http://10.180.1.21/compute/v2.1/servers/af53eb4c-6e15-4a65-8555-a8966e2e887c/os-interface 3.036s
2024-12-10 21:18:21.492 65437 INFO tempest.lib.common.rest_client [req-f5584fd1-4459-45ca-a067-4eed722757aa req-f5584fd1-4459-45ca-a067-4eed722757aa ] Request (ServerShowV257Test:test_rebuild_server): 200 GET http://10.180.1.21/compute/v2.1/servers/5d9196da-9f8c-43d4-b031-023fd76183d2 0.671s
2024-12-10 21:18:21.523 65393 INFO tempest.lib.common.rest_client [req-8047e5e3-495a-4c38-afdc-8da5a7e58c47 req-8047e5e3-495a-4c38-afdc-8da5a7e58c47 ] Request (ServersTestJSON:test_create_server_with_ipv6_addr_only): 200 GET http://10.180.1.21/compute/v2.1/servers/fa49043c-5c77-4357-b592-fea3653b9ac7 0.656s
2024-12-10 21:18:21.566 65397 INFO tempest.lib.common.rest_client [req-1f2056a2-d1f2-4789-986e-da8e2cc0d0e4 req-1f2056a2-d1f2-4789-986e-da8e2cc0d0e4 ] Request (InstanceActionsNegativeTestJSON:tearDownClass): 200 GET http://10.180.1.21/compute/v2.1/servers/416dd54f-4444-458b-be82-3324c86fb5c9 0.641s
2024-12-10 21:18:21.618 65385 INFO tempest.lib.common.rest_client [req-9c9570d8-7ead-4437-a071-671360457a3c req-9c9570d8-7ead-4437-a071-671360457a3c ] Request (ImagesOneServerTestJSON:tearDownClass): 200 GET http://10.180.1.21/compute/v2.1/servers/fcf611a3-a07e-4d1c-8a39-c02357bd9f30 0.616s
2024-12-10 21:18:21.621 65383 INFO tempest.lib.common.rest_client [req-7771b85a-4ef7-4cc0-85e7-ef7cbb517388 req-7771b85a-4ef7-4cc0-85e7-ef7cbb517388 ] Request (InstanceActionsTestJSON:setUpClass): 200 GET http://10.180.1.21/compute/v2.1/servers/9d37adce-eb1c-4ac0-8859-ae1b9d3293b2 0.558s
2024-12-10 21:18:21.677 65407 INFO tempest.lib.common.rest_client [req-5ec1f212-c68b-4a69-a1e0-81266444e379 req-5ec1f212-c68b-4a69-a1e0-81266444e379 ] Request (DeleteServersTestJSON:test_delete_server_while_in_attached_volume): 200 GET http://10.180.1.21/compute/v2.1/servers/a14db7b4-d41b-4fee-885a-ba2dbb40e0a1 0.405s
2024-12-10 21:18:21.680 65379 INFO tempest.lib.common.rest_client [req-8b48adf9-b0a2-48c7-8411-1720e8d15b53 req-8b48adf9-b0a2-48c7-8411-1720e8d15b53 ] Request (SecurityGroupsTestJSON:test_server_security_groups): 200 GET http://10.180.1.21/compute/v2.1/servers/4cbaf66d-c7b1-45e2-9ddc-c62695ad6563 0.560s
2024-12-10 21:18:21.725 65411 INFO tempest.lib.common.rest_client [req-2728c5a6-afaf-4515-a6f0-7a8baed9cbba req-2728c5a6-afaf-4515-a6f0-7a8baed9cbba ] Request (MigrationsAdminTest:test_resize_server_revert_deleted_flavor): 200 GET http://10.180.1.21/compute/v2.1/servers/2f5000ce-0275-4fa5-b09c-d9a07b6c41c1 0.379s
2024-12-10 21:18:21.736 65381 INFO tempest.lib.common.rest_client [req-944ecc85-f7c5-4936-8f6b-93068c1d7db1 req-944ecc85-f7c5-4936-8f6b-93068c1d7db1 ] Request (ServersAdmin275Test:_run_cleanups): 200 GET http://10.180.1.21/compute/v2.1/servers/a6a860ad-919e-4184-9850-79316658b946 0.324s
2024-12-10 21:18:21.769 65389 INFO tempest.lib.common.rest_client [req-f143ab5a-7bcb-4d40-8c48-00f000c06c63 req-f143ab5a-7bcb-4d40-8c48-00f000c06c63 ] Request (ServersTestJSON:setUpClass): 200 GET http://10.180.1.21/compute/v2.1/servers/1751c8c5-854f-45f2-a559-95a4ccd0f578 0.307s
2024-12-10 21:18:21.801 65401 INFO tempest.lib.common.rest_client [req-9781496f-3072-452f-808d-82d067f35196 req-9781496f-3072-452f-808d-82d067f35196 ] Request (AttachInterfacesV270Test:tearDownClass): 204 DELETE http://10.180.1.21/compute/v2.1/servers/af53eb4c-6e15-4a65-8555-a8966e2e887c 0.334s
2024-12-10 21:18:21.817 65421 INFO tempest.lib.common.rest_client [req-94f9b93a-fbf3-43e6-90a9-d3d9d8dc477b req-94f9b93a-fbf3-43e6-90a9-d3d9d8dc477b ] Request (ImagesOneServerNegativeTestJSON:setUpClass): 200 GET http://10.180.1.21/compute/v2.1/servers/9daab8ae-8d10-4349-aafe-b5e00459521c 0.290s
2024-12-10 21:18:21.859 65405 INFO tempest.lib.common.rest_client [req-285e4c40-114c-47ed-bd3b-dc8ad906176f req-285e4c40-114c-47ed-bd3b-dc8ad906176f ] Request (AttachVolumeNegativeTest:test_attach_attached_volume_to_different_server): 200 GET http://10.180.1.21/compute/v2.1/servers/a6fd8ee3-7216-45c2-9169-93e5072bcc74 0.285s
2024-12-10 21:18:21.934 65431 INFO tempest.lib.common.rest_client [req-066436ad-c143-4aa7-a489-f2fc7a800339 req-066436ad-c143-4aa7-a489-f2fc7a800339 ] Request (ServersAdminTestJSON:test_create_server_with_scheduling_hint): 200 GET http://10.180.1.21/compute/v2.1/servers/0da9b618-9d28-4028-a42b-fa3b9661cb6c 0.264s
2024-12-10 21:18:21.941 65431 INFO tempest.common.waiters [-] State transition "BUILD/spawning" ==> "ACTIVE/None" after 68 second wait
2024-12-10 21:18:22.024 65431 INFO tempest.lib.common.rest_client [req-949db77a-b458-457c-8184-4d7b73630658 req-949db77a-b458-457c-8184-4d7b73630658 ] Request (ServersAdminTestJSON:test_inject_network_info): 201 POST http://10.180.1.21/identity/v3/auth/tokens 0.078s
2024-12-10 21:18:22.025 65431 INFO tempest.lib.common.fixed_network [-] (ServersAdminTestJSON:test_inject_network_info) Found network {'id': 'cc52a1e9-1d41-4a28-bb02-41585793a417', 'name': 'tempest-ServersAdminTestJSON-609394028-network', 'tenant_id': '935c235470d84225b05f210814ff08d0', 'admin_state_up': True, 'mtu': 8950, 'status': 'ACTIVE', 'subnets': [], 'shared': False, 'project_id': '935c235470d84225b05f210814ff08d0', 'port_security_enabled': True, 'router:external': False, 'provider:network_type': 'vlan', 'provider:physical_network': 'default', 'provider:segmentation_id': 871, 'availability_zone_hints': [], 'availability_zones': [], 'ipv4_address_scope': None, 'ipv6_address_scope': None, 'description': '', 'tags': [], 'created_at': '2024-12-10T21:16:18Z', 'updated_at': '2024-12-10T21:16:18Z', 'revision_number': 1} available for tenant
2024-12-10 21:18:22.037 65401 INFO tempest.lib.common.rest_client [req-fd65a52b-c438-4ccb-b7d0-6d4c3cac302f req-fd65a52b-c438-4ccb-b7d0-6d4c3cac302f ] Request (AttachInterfacesV270Test:tearDownClass): 200 GET http://10.180.1.21/compute/v2.1/servers/af53eb4c-6e15-4a65-8555-a8966e2e887c 0.235s
2024-12-10 21:18:22.061 65433 INFO tempest.lib.common.rest_client [req-af181e4d-d27b-4709-a04e-98dedab86776 req-af181e4d-d27b-4709-a04e-98dedab86776 ] Request (ServersTestMultiNic:_run_cleanups): 200 GET http://10.180.1.21/compute/v2.1/servers/7d92bde5-1e58-493a-9b90-e18a83fde582 0.223s
2024-12-10 21:18:22.085 65395 INFO tempest.lib.common.rest_client [req-c4066954-4bcc-426f-9272-665265a1ebaa req-c4066954-4bcc-426f-9272-665265a1ebaa ] Request (ListImageFiltersTestJSON:setUpClass): 200 GET http://10.180.1.21/compute/v2.1/servers/d2bb2fd3-b11b-4e5f-8d2e-42ad631552fc 0.197s
2024-12-10 21:18:22.114 65375 INFO tempest.lib.common.rest_client [req-4bf40cac-f4c5-4fc3-91d8-ec04c29b1da3 req-4bf40cac-f4c5-4fc3-91d8-ec04c29b1da3 ] Request (ListServerFiltersTestJSON:setUpClass): 200 GET http://10.180.1.21/compute/v2.1/servers/d6624485-5300-4a54-9893-690479dcd095 0.170s
2024-12-10 21:18:22.161 65403 INFO tempest.lib.common.rest_client [req-9db670ea-71a2-4abc-bde4-62e19fad6560 req-9db670ea-71a2-4abc-bde4-62e19fad6560 ] Request (ListServersNegativeTestJSON:setUpClass): 200 GET http://10.180.1.21/compute/v2.1/servers/2f8a2835-618d-4462-8644-1d2790aec62b 0.170s
2024-12-10 21:18:22.229 65427 INFO tempest.lib.common.rest_client [req-0a452671-f196-4224-b022-bcfe687bafd9 req-0a452671-f196-4224-b022-bcfe687bafd9 ] Request (ServersTestBootFromVolume:setUpClass): 200 GET http://10.180.1.21/compute/v2.1/servers/3c9d108f-efe1-4fb6-b505-8cb51d38adc1 0.189s
2024-12-10 21:18:22.429 65419 INFO tempest.lib.common.rest_client [req-c27b34e7-59e4-4229-9024-4ed264e4329b req-c27b34e7-59e4-4229-9024-4ed264e4329b ] Request (ServerTagsTestJSON:setUpClass): 200 GET http://10.180.1.21/compute/v2.1/servers/4efa4e8e-02c5-4bad-a716-21d294f28c26 0.245s
2024-12-10 21:18:22.441 65431 INFO tempest.lib.common.rest_client [req-54c112c0-13df-4308-ac67-4d79dbf00190 req-54c112c0-13df-4308-ac67-4d79dbf00190 ] Request (ServersAdminTestJSON:test_inject_network_info): 202 POST http://10.180.1.21/compute/v2.1/servers 0.415s
2024-12-10 21:18:22.521 65387 INFO tempest.lib.common.rest_client [req-a52a48ae-188b-4743-b9b8-791ff0d735b8 req-a52a48ae-188b-4743-b9b8-791ff0d735b8 ] Request (ServersAdminNegativeTestJSON:tearDownClass): 200 GET http://10.180.1.21/compute/v2.1/servers/3d3de8fe-5189-4105-bc80-566c5307922e 0.188s
2024-12-10 21:18:22.571 65429 INFO tempest.lib.common.rest_client [req-db8f9d7a-34aa-411e-b489-68bcd3cdd03f req-db8f9d7a-34aa-411e-b489-68bcd3cdd03f ] Request (ServerRescueTestJSON:setUpClass): 200 GET http://10.180.1.21/compute/v2.1/servers/3388fd22-865a-4cf7-9912-af8ca03ed930 0.187s
2024-12-10 21:18:22.641 65377 INFO tempest.lib.common.rest_client [req-1a56b048-2ad8-4050-b007-15d46931b258 req-1a56b048-2ad8-4050-b007-15d46931b258 ] Request (ServerRescueTestJSONUnderV235:setUpClass): 200 GET http://10.180.1.21/compute/v2.1/servers/93a290e1-efe7-4d02-a6b6-0d7ccbfb5bf1 0.199s
2024-12-10 21:18:22.645 65409 INFO tempest.lib.common.rest_client [req-8fe22747-f46a-4b20-aff8-b7cf82751aed req-8fe22747-f46a-4b20-aff8-b7cf82751aed ] Request (DeleteServersAdminTestJSON:test_delete_server_while_in_error_state): 200 GET http://10.180.1.21/compute/v2.1/servers/278be240-4d07-4131-a893-f21a445a0caf 0.369s
2024-12-10 21:18:22.680 65431 INFO tempest.lib.common.rest_client [req-12a165e8-3cf5-42dc-a4c3-9eb1b0e6d7fb req-12a165e8-3cf5-42dc-a4c3-9eb1b0e6d7fb ] Request (ServersAdminTestJSON:test_inject_network_info): 200 GET http://10.180.1.21/compute/v2.1/servers/fffbfa22-099b-4030-9f42-1a3139a0261f 0.237s
2024-12-10 21:18:22.721 65437 INFO tempest.lib.common.rest_client [req-28321416-4f7b-4f4b-9fb1-b2c9cbc1d688 req-28321416-4f7b-4f4b-9fb1-b2c9cbc1d688 ] Request (ServerShowV257Test:test_rebuild_server): 200 GET http://10.180.1.21/compute/v2.1/servers/5d9196da-9f8c-43d4-b031-023fd76183d2 0.219s
2024-12-10 21:18:22.740 65393 INFO tempest.lib.common.rest_client [req-39176587-6119-4f4e-be91-8fc0532376f3 req-39176587-6119-4f4e-be91-8fc0532376f3 ] Request (ServersTestJSON:test_create_server_with_ipv6_addr_only): 200 GET http://10.180.1.21/compute/v2.1/servers/fa49043c-5c77-4357-b592-fea3653b9ac7 0.207s
2024-12-10 21:18:22.743 65397 INFO tempest.lib.common.rest_client [req-1f44e36c-519a-4dc7-8e65-21e5d0ebabe7 req-1f44e36c-519a-4dc7-8e65-21e5d0ebabe7 ] Request (InstanceActionsNegativeTestJSON:tearDownClass): 404 GET http://10.180.1.21/compute/v2.1/servers/416dd54f-4444-458b-be82-3324c86fb5c9 0.168s
2024-12-10 21:18:22.805 65383 INFO tempest.lib.common.rest_client [req-87585e15-df2c-4368-8bfb-1a012ea416a2 req-87585e15-df2c-4368-8bfb-1a012ea416a2 ] Request (InstanceActionsTestJSON:setUpClass): 200 GET http://10.180.1.21/compute/v2.1/servers/9d37adce-eb1c-4ac0-8859-ae1b9d3293b2 0.176s
2024-12-10 21:18:22.816 65385 INFO tempest.lib.common.rest_client [req-ead9a3f0-0158-4813-ba45-b44d86346a3a req-ead9a3f0-0158-4813-ba45-b44d86346a3a ] Request (ImagesOneServerTestJSON:tearDownClass): 200 GET http://10.180.1.21/compute/v2.1/servers/fcf611a3-a07e-4d1c-8a39-c02357bd9f30 0.185s
2024-12-10 21:18:22.872 65407 INFO tempest.lib.common.rest_client [req-1430f6b0-81d8-4b64-bed4-d4a2a0c09cfd req-1430f6b0-81d8-4b64-bed4-d4a2a0c09cfd ] Request (DeleteServersTestJSON:test_delete_server_while_in_attached_volume): 200 GET http://10.180.1.21/compute/v2.1/servers/a14db7b4-d41b-4fee-885a-ba2dbb40e0a1 0.187s
2024-12-10 21:18:22.884 65379 INFO tempest.lib.common.rest_client [req-1fa5abd3-7cda-4d4b-b9b0-ff20e30ac153 req-1fa5abd3-7cda-4d4b-b9b0-ff20e30ac153 ] Request (SecurityGroupsTestJSON:test_server_security_groups): 200 GET http://10.180.1.21/compute/v2.1/servers/4cbaf66d-c7b1-45e2-9ddc-c62695ad6563 0.196s
2024-12-10 21:18:22.936 65411 INFO tempest.lib.common.rest_client [req-b60c1605-1407-4db2-8911-faf1a912c64e req-b60c1605-1407-4db2-8911-faf1a912c64e ] Request (MigrationsAdminTest:test_resize_server_revert_deleted_flavor): 200 GET http://10.180.1.21/compute/v2.1/servers/2f5000ce-0275-4fa5-b09c-d9a07b6c41c1 0.204s
2024-12-10 21:18:22.957 65381 INFO tempest.lib.common.rest_client [req-29cead44-bbfc-44e3-9e36-def74280f556 req-29cead44-bbfc-44e3-9e36-def74280f556 ] Request (ServersAdmin275Test:_run_cleanups): 200 GET http://10.180.1.21/compute/v2.1/servers/a6a860ad-919e-4184-9850-79316658b946 0.211s
2024-12-10 21:18:23.001 65389 INFO tempest.lib.common.rest_client [req-c0b611de-91ba-4799-8666-40656c33a98d req-c0b611de-91ba-4799-8666-40656c33a98d ] Request (ServersTestJSON:setUpClass): 200 GET http://10.180.1.21/compute/v2.1/servers/1751c8c5-854f-45f2-a559-95a4ccd0f578 0.223s
2024-12-10 21:18:23.039 65421 INFO tempest.lib.common.rest_client [req-e32fc00f-475f-4e6c-ac2b-7ce94caf8fe7 req-e32fc00f-475f-4e6c-ac2b-7ce94caf8fe7 ] Request (ImagesOneServerNegativeTestJSON:setUpClass): 200 GET http://10.180.1.21/compute/v2.1/servers/9daab8ae-8d10-4349-aafe-b5e00459521c 0.214s
2024-12-10 21:18:23.073 65405 INFO tempest.lib.common.rest_client [req-5a736725-4298-4d61-bf35-1547e2f32d43 req-5a736725-4298-4d61-bf35-1547e2f32d43 ] Request (AttachVolumeNegativeTest:test_attach_attached_volume_to_different_server): 200 GET http://10.180.1.21/compute/v2.1/servers/a6fd8ee3-7216-45c2-9169-93e5072bcc74 0.207s
2024-12-10 21:18:23.096 65423 WARNING tempest.lib.common.ssh [-] Failed to establish authenticated ssh connection to cirros@10.180.180.150 ([Errno None] Unable to connect to port 22 on 10.180.180.150). Number attempts: 6. Retry after 7 seconds.: paramiko.ssh_exception.NoValidConnectionsError: [Errno None] Unable to connect to port 22 on 10.180.180.150
2024-12-10 21:18:23.136 65433 INFO tempest.lib.common.rest_client [req-cbccd611-6cfd-45ff-8757-e279a4523575 req-cbccd611-6cfd-45ff-8757-e279a4523575 ] Request (ServersTestMultiNic:_run_cleanups): 200 GET http://10.180.1.21/compute/v2.1/servers/7d92bde5-1e58-493a-9b90-e18a83fde582 0.067s
2024-12-10 21:18:23.154 65401 INFO tempest.lib.common.rest_client [req-c3f4b5b1-4256-4d16-a337-5dbf1a7f3b8e req-c3f4b5b1-4256-4d16-a337-5dbf1a7f3b8e ] Request (AttachInterfacesV270Test:tearDownClass): 200 GET http://10.180.1.21/compute/v2.1/servers/af53eb4c-6e15-4a65-8555-a8966e2e887c 0.108s
2024-12-10 21:18:23.202 65395 INFO tempest.lib.common.rest_client [req-bdb69053-c89e-41d5-823d-ce034ee37926 req-bdb69053-c89e-41d5-823d-ce034ee37926 ] Request (ListImageFiltersTestJSON:setUpClass): 200 GET http://10.180.1.21/compute/v2.1/servers/d2bb2fd3-b11b-4e5f-8d2e-42ad631552fc 0.106s
2024-12-10 21:18:23.203 65375 INFO tempest.lib.common.rest_client [req-47421c75-cd40-4a38-97c0-139812a2f1a8 req-47421c75-cd40-4a38-97c0-139812a2f1a8 ] Request (ListServerFiltersTestJSON:setUpClass): 200 GET http://10.180.1.21/compute/v2.1/servers/d6624485-5300-4a54-9893-690479dcd095 0.082s
2024-12-10 21:18:23.258 65403 INFO tempest.lib.common.rest_client [req-d65f58d3-fb66-4c8b-944e-06e867896cd1 req-d65f58d3-fb66-4c8b-944e-06e867896cd1 ] Request (ListServersNegativeTestJSON:setUpClass): 200 GET http://10.180.1.21/compute/v2.1/servers/2f8a2835-618d-4462-8644-1d2790aec62b 0.087s
2024-12-10 21:18:23.293 65427 INFO tempest.lib.common.rest_client [req-d03acc46-43e8-430b-ba48-44bb250804d6 req-d03acc46-43e8-430b-ba48-44bb250804d6 ] Request (ServersTestBootFromVolume:setUpClass): 200 GET http://10.180.1.21/compute/v2.1/servers/3c9d108f-efe1-4fb6-b505-8cb51d38adc1 0.057s
2024-12-10 21:18:23.594 65387 INFO tempest.lib.common.rest_client [req-b3a5def9-dfde-40c6-8622-829ead3713f2 req-b3a5def9-dfde-40c6-8622-829ead3713f2 ] Request (ServersAdminNegativeTestJSON:tearDownClass): 200 GET http://10.180.1.21/compute/v2.1/servers/3d3de8fe-5189-4105-bc80-566c5307922e 0.066s
2024-12-10 21:18:23.622 65419 INFO tempest.lib.common.rest_client [req-32ae0a95-9515-49bf-b254-439a7b540d8f req-32ae0a95-9515-49bf-b254-439a7b540d8f ] Request (ServerTagsTestJSON:setUpClass): 200 GET http://10.180.1.21/compute/v2.1/servers/4efa4e8e-02c5-4bad-a716-21d294f28c26 0.182s
2024-12-10 21:18:23.658 65429 INFO tempest.lib.common.rest_client [req-5ae88863-f504-4e0e-bb83-afd2128c60c5 req-5ae88863-f504-4e0e-bb83-afd2128c60c5 ] Request (ServerRescueTestJSON:setUpClass): 200 GET http://10.180.1.21/compute/v2.1/servers/3388fd22-865a-4cf7-9912-af8ca03ed930 0.073s
2024-12-10 21:18:23.719 65377 INFO tempest.lib.common.rest_client [req-e4dbcc06-c57f-4f9a-a2b2-3dbced208ab2 req-e4dbcc06-c57f-4f9a-a2b2-3dbced208ab2 ] Request (ServerRescueTestJSONUnderV235:setUpClass): 200 GET http://10.180.1.21/compute/v2.1/servers/93a290e1-efe7-4d02-a6b6-0d7ccbfb5bf1 0.059s
2024-12-10 21:18:23.770 65431 INFO tempest.lib.common.rest_client [req-4883290f-73db-4d83-bd98-ef4c2194181e req-4883290f-73db-4d83-bd98-ef4c2194181e ] Request (ServersAdminTestJSON:test_inject_network_info): 200 GET http://10.180.1.21/compute/v2.1/servers/fffbfa22-099b-4030-9f42-1a3139a0261f 0.071s
2024-12-10 21:18:23.822 65437 INFO tempest.lib.common.rest_client [req-ebd4149b-f1a8-4374-b859-f5a54deec374 req-ebd4149b-f1a8-4374-b859-f5a54deec374 ] Request (ServerShowV257Test:test_rebuild_server): 200 GET http://10.180.1.21/compute/v2.1/servers/5d9196da-9f8c-43d4-b031-023fd76183d2 0.089s
2024-12-10 21:18:23.831 65437 INFO tempest.common.waiters [-] State transition "REBUILD/rebuild_spawning" ==> "ACTIVE/None" after 10 second wait
2024-12-10 21:18:23.856 65409 INFO tempest.lib.common.rest_client [req-f40783ec-abb2-4388-b35f-e92324bfa740 req-f40783ec-abb2-4388-b35f-e92324bfa740 ] Request (DeleteServersAdminTestJSON:test_delete_server_while_in_error_state): 200 GET http://10.180.1.21/compute/v2.1/servers/278be240-4d07-4131-a893-f21a445a0caf 0.198s
2024-12-10 21:18:23.864 65409 INFO tempest.common.waiters [-] State transition "BUILD/spawning" ==> "ACTIVE/None" after 68 second wait
2024-12-10 21:18:23.872 65397 INFO tempest.lib.common.rest_client [req-8a6eaf2e-c850-4f73-8b0f-a9fc5173240f req-8a6eaf2e-c850-4f73-8b0f-a9fc5173240f ] Request (InstanceActionsNegativeTestJSON:tearDownClass): 200 PUT http://10.180.1.21:9696/networking/v2.0/routers/2628e40d-204a-4552-88b4-0222e58b6162/remove_router_interface 1.128s
2024-12-10 21:18:23.880 65393 INFO tempest.lib.common.rest_client [req-4c9fc603-ad1a-4465-8d93-0257e524bc46 req-4c9fc603-ad1a-4465-8d93-0257e524bc46 ] Request (ServersTestJSON:test_create_server_with_ipv6_addr_only): 200 GET http://10.180.1.21/compute/v2.1/servers/fa49043c-5c77-4357-b592-fea3653b9ac7 0.133s
2024-12-10 21:18:23.930 65383 INFO tempest.lib.common.rest_client [req-b4da4cdf-2dde-4277-a5e4-9b86ec96398b req-b4da4cdf-2dde-4277-a5e4-9b86ec96398b ] Request (InstanceActionsTestJSON:setUpClass): 200 GET http://10.180.1.21/compute/v2.1/servers/9d37adce-eb1c-4ac0-8859-ae1b9d3293b2 0.113s
2024-12-10 21:18:23.957 65385 INFO tempest.lib.common.rest_client [req-79651fd3-59c4-4b43-ab52-027600c59579 req-79651fd3-59c4-4b43-ab52-027600c59579 ] Request (ImagesOneServerTestJSON:tearDownClass): 200 GET http://10.180.1.21/compute/v2.1/servers/fcf611a3-a07e-4d1c-8a39-c02357bd9f30 0.129s
2024-12-10 21:18:24.011 65437 INFO tempest.lib.common.rest_client [req-0a23c52f-6dfd-4f78-9ddd-0e9b0f4c837e req-0a23c52f-6dfd-4f78-9ddd-0e9b0f4c837e ] Request (ServerShowV257Test:tearDownClass): 204 DELETE http://10.180.1.21/compute/v2.1/servers/5d9196da-9f8c-43d4-b031-023fd76183d2 0.176s
2024-12-10 21:18:24.026 65409 INFO tempest.lib.common.rest_client [req-252d6b83-53d9-4b33-aa7f-b40dbb629927 req-252d6b83-53d9-4b33-aa7f-b40dbb629927 ] Request (DeleteServersAdminTestJSON:test_delete_server_while_in_error_state): 202 POST http://10.180.1.21/compute/v2.1/servers/278be240-4d07-4131-a893-f21a445a0caf/action 0.159s
2024-12-10 21:18:24.048 65417 INFO paramiko.transport [-] Connected (version 2.0, client dropbear_2020.81)
2024-12-10 21:18:24.069 65407 INFO tempest.lib.common.rest_client [req-69727f5b-8679-4a8a-b15b-7ddc9b573fb5 req-69727f5b-8679-4a8a-b15b-7ddc9b573fb5 ] Request (DeleteServersTestJSON:test_delete_server_while_in_attached_volume): 200 GET http://10.180.1.21/compute/v2.1/servers/a14db7b4-d41b-4fee-885a-ba2dbb40e0a1 0.188s
2024-12-10 21:18:24.083 65379 INFO tempest.lib.common.rest_client [req-51134a8a-2606-4091-95e1-f95e404214f7 req-51134a8a-2606-4091-95e1-f95e404214f7 ] Request (SecurityGroupsTestJSON:test_server_security_groups): 200 GET http://10.180.1.21/compute/v2.1/servers/4cbaf66d-c7b1-45e2-9ddc-c62695ad6563 0.190s
2024-12-10 21:18:24.137 65411 INFO tempest.lib.common.rest_client [req-8df9b06c-21ff-43f9-bd38-bff77722ef46 req-8df9b06c-21ff-43f9-bd38-bff77722ef46 ] Request (MigrationsAdminTest:test_resize_server_revert_deleted_flavor): 200 GET http://10.180.1.21/compute/v2.1/servers/2f5000ce-0275-4fa5-b09c-d9a07b6c41c1 0.191s
2024-12-10 21:18:24.150 65381 INFO tempest.lib.common.rest_client [req-ea461ed0-c0c6-4a56-acd9-94656b59e685 req-ea461ed0-c0c6-4a56-acd9-94656b59e685 ] Request (ServersAdmin275Test:_run_cleanups): 200 GET http://10.180.1.21/compute/v2.1/servers/a6a860ad-919e-4184-9850-79316658b946 0.182s
2024-12-10 21:18:24.196 65417 INFO paramiko.transport [-] Authentication (publickey) successful!
2024-12-10 21:18:24.197 65417 INFO tempest.lib.common.ssh [-] ssh connection to cirros@10.180.180.138 successfully created
2024-12-10 21:18:24.212 65389 INFO tempest.lib.common.rest_client [req-fac16352-6e5a-46ed-8673-66248e537ee8 req-fac16352-6e5a-46ed-8673-66248e537ee8 ] Request (ServersTestJSON:setUpClass): 200 GET http://10.180.1.21/compute/v2.1/servers/1751c8c5-854f-45f2-a559-95a4ccd0f578 0.203s
2024-12-10 21:18:24.213 65437 INFO tempest.lib.common.rest_client [req-a5f624a8-b162-49e3-9637-0432559ff344 req-a5f624a8-b162-49e3-9637-0432559ff344 ] Request (ServerShowV257Test:tearDownClass): 200 GET http://10.180.1.21/compute/v2.1/servers/5d9196da-9f8c-43d4-b031-023fd76183d2 0.201s
2024-12-10 21:18:24.271 65421 INFO tempest.lib.common.rest_client [req-de3e16a1-7854-424f-8797-8b634ecc40fb req-de3e16a1-7854-424f-8797-8b634ecc40fb ] Request (ImagesOneServerNegativeTestJSON:setUpClass): 200 GET http://10.180.1.21/compute/v2.1/servers/9daab8ae-8d10-4349-aafe-b5e00459521c 0.222s
2024-12-10 21:18:24.327 65409 INFO tempest.lib.common.rest_client [req-9efc0195-a100-4276-be40-e8754eb5dc85 req-9efc0195-a100-4276-be40-e8754eb5dc85 ] Request (DeleteServersAdminTestJSON:test_delete_server_while_in_error_state): 200 GET http://10.180.1.21/compute/v2.1/servers/278be240-4d07-4131-a893-f21a445a0caf 0.300s
2024-12-10 21:18:24.333 65405 INFO tempest.lib.common.rest_client [req-dfcfe7b1-5e47-43d6-9a89-785e8cd5061e req-dfcfe7b1-5e47-43d6-9a89-785e8cd5061e ] Request (AttachVolumeNegativeTest:test_attach_attached_volume_to_different_server): 200 GET http://10.180.1.21/compute/v2.1/servers/a6fd8ee3-7216-45c2-9169-93e5072bcc74 0.250s
2024-12-10 21:18:24.382 65397 INFO tempest.lib.common.rest_client [req-331a953f-29c1-4411-80bf-22d3d561bc6e req-331a953f-29c1-4411-80bf-22d3d561bc6e ] Request (InstanceActionsNegativeTestJSON:tearDownClass): 204 DELETE http://10.180.1.21:9696/networking/v2.0/routers/2628e40d-204a-4552-88b4-0222e58b6162 0.509s
2024-12-10 21:18:24.386 65401 INFO tempest.lib.common.rest_client [req-222fb035-3eb5-4476-915a-d74f97eeae40 req-222fb035-3eb5-4476-915a-d74f97eeae40 ] Request (AttachInterfacesV270Test:tearDownClass): 200 GET http://10.180.1.21/compute/v2.1/servers/af53eb4c-6e15-4a65-8555-a8966e2e887c 0.217s
2024-12-10 21:18:24.397 65433 INFO tempest.lib.common.rest_client [req-a7715061-25c3-4928-93d4-6783eaf4fc3d req-a7715061-25c3-4928-93d4-6783eaf4fc3d ] Request (ServersTestMultiNic:_run_cleanups): 200 GET http://10.180.1.21/compute/v2.1/servers/7d92bde5-1e58-493a-9b90-e18a83fde582 0.253s
2024-12-10 21:18:24.409 65433 INFO tempest.common.waiters [-] State transition "ACTIVE/deleting" ==> "DELETED/None" after 4 second wait
2024-12-10 21:18:24.435 65375 INFO tempest.lib.common.rest_client [req-a159a08e-50cb-40d1-9910-1b58b30bd72c req-a159a08e-50cb-40d1-9910-1b58b30bd72c ] Request (ListServerFiltersTestJSON:setUpClass): 200 GET http://10.180.1.21/compute/v2.1/servers/d6624485-5300-4a54-9893-690479dcd095 0.225s
2024-12-10 21:18:24.483 65417 INFO tempest.lib.common.rest_client [req-8ff892a6-6c23-4226-a5b5-a66d0e1eb942 req-8ff892a6-6c23-4226-a5b5-a66d0e1eb942 ] Request (ServersTestFqdnHostnames:tearDownClass): 204 DELETE http://10.180.1.21/compute/v2.1/servers/7147df9b-7e03-43fd-8bbc-54d8d0317a77 0.273s
2024-12-10 21:18:24.484 65395 INFO tempest.lib.common.rest_client [req-d07ca880-da4f-4b31-b193-69b46d146d56 req-d07ca880-da4f-4b31-b193-69b46d146d56 ] Request (ListImageFiltersTestJSON:setUpClass): 200 GET http://10.180.1.21/compute/v2.1/servers/d2bb2fd3-b11b-4e5f-8d2e-42ad631552fc 0.274s
2024-12-10 21:18:24.523 65397 INFO tempest.lib.common.rest_client [req-8b39098e-9cd4-4df4-bd3c-a055a8e0e502 req-8b39098e-9cd4-4df4-bd3c-a055a8e0e502 ] Request (InstanceActionsNegativeTestJSON:tearDownClass): 204 DELETE http://10.180.1.21:9696/networking/v2.0/subnets/e0d28b31-1d5f-4777-b001-274b62569b9d 0.141s
2024-12-10 21:18:24.530 65403 INFO tempest.lib.common.rest_client [req-25e6567d-f551-4791-9a94-98eac7b7f486 req-25e6567d-f551-4791-9a94-98eac7b7f486 ] Request (ListServersNegativeTestJSON:setUpClass): 200 GET http://10.180.1.21/compute/v2.1/servers/2f8a2835-618d-4462-8644-1d2790aec62b 0.264s
2024-12-10 21:18:24.530 65427 INFO tempest.lib.common.rest_client [req-786715d6-d6be-4731-bb1f-e90ad29134e6 req-786715d6-d6be-4731-bb1f-e90ad29134e6 ] Request (ServersTestBootFromVolume:setUpClass): 200 GET http://10.180.1.21/compute/v2.1/servers/3c9d108f-efe1-4fb6-b505-8cb51d38adc1 0.230s
2024-12-10 21:18:24.600 65409 INFO tempest.lib.common.rest_client [req-a9821c05-8b12-44e6-a443-70e2ecf2e0b7 req-a9821c05-8b12-44e6-a443-70e2ecf2e0b7 ] Request (DeleteServersAdminTestJSON:test_delete_server_while_in_error_state): 204 DELETE http://10.180.1.21/compute/v2.1/servers/278be240-4d07-4131-a893-f21a445a0caf 0.266s
2024-12-10 21:18:24.666 65387 INFO tempest.lib.common.rest_client [req-1fbdf2a0-6f46-4b00-8f1b-512ad25bdeeb req-1fbdf2a0-6f46-4b00-8f1b-512ad25bdeeb ] Request (ServersAdminNegativeTestJSON:tearDownClass): 200 GET http://10.180.1.21/compute/v2.1/servers/3d3de8fe-5189-4105-bc80-566c5307922e 0.065s
2024-12-10 21:18:24.710 65417 INFO tempest.lib.common.rest_client [req-b6f8c955-6efe-4e51-9b43-6333365cee35 req-b6f8c955-6efe-4e51-9b43-6333365cee35 ] Request (ServersTestFqdnHostnames:tearDownClass): 200 GET http://10.180.1.21/compute/v2.1/servers/7147df9b-7e03-43fd-8bbc-54d8d0317a77 0.227s
2024-12-10 21:18:24.831 65419 INFO tempest.lib.common.rest_client [req-facaf570-eebb-463f-8346-e3e2d91167f8 req-facaf570-eebb-463f-8346-e3e2d91167f8 ] Request (ServerTagsTestJSON:setUpClass): 200 GET http://10.180.1.21/compute/v2.1/servers/4efa4e8e-02c5-4bad-a716-21d294f28c26 0.199s
2024-12-10 21:18:24.859 65397 INFO tempest.lib.common.rest_client [req-aa862cf4-f7d6-475c-9fb1-d6eaf46542d2 req-aa862cf4-f7d6-475c-9fb1-d6eaf46542d2 ] Request (InstanceActionsNegativeTestJSON:tearDownClass): 204 DELETE http://10.180.1.21:9696/networking/v2.0/networks/595a66b0-1cfd-4aea-a945-295bfd8ce933 0.335s
2024-12-10 21:18:24.883 65409 INFO tempest.lib.common.rest_client [req-547d480b-9e0b-4925-820a-8f1c8861f779 req-547d480b-9e0b-4925-820a-8f1c8861f779 ] Request (DeleteServersAdminTestJSON:test_delete_server_while_in_error_state): 200 GET http://10.180.1.21/compute/v2.1/servers/278be240-4d07-4131-a893-f21a445a0caf 0.281s
2024-12-10 21:18:24.895 65429 INFO tempest.lib.common.rest_client [req-f5e55ab4-6ee7-4741-8810-8f55a80bca1f req-f5e55ab4-6ee7-4741-8810-8f55a80bca1f ] Request (ServerRescueTestJSON:setUpClass): 200 GET http://10.180.1.21/compute/v2.1/servers/3388fd22-865a-4cf7-9912-af8ca03ed930 0.228s
2024-12-10 21:18:24.948 65431 INFO tempest.lib.common.rest_client [req-4925c1df-4914-41af-9dac-21da1d4ae716 req-4925c1df-4914-41af-9dac-21da1d4ae716 ] Request (ServersAdminTestJSON:test_inject_network_info): 200 GET http://10.180.1.21/compute/v2.1/servers/fffbfa22-099b-4030-9f42-1a3139a0261f 0.172s
2024-12-10 21:18:24.957 65377 INFO tempest.lib.common.rest_client [req-7387476b-7b48-4b8c-b105-d9f027992d45 req-7387476b-7b48-4b8c-b105-d9f027992d45 ] Request (ServerRescueTestJSONUnderV235:setUpClass): 200 GET http://10.180.1.21/compute/v2.1/servers/93a290e1-efe7-4d02-a6b6-0d7ccbfb5bf1 0.231s
2024-12-10 21:18:25.011 65393 INFO tempest.lib.common.rest_client [req-b354f6fa-50c8-46be-80db-f66e8933b83b req-b354f6fa-50c8-46be-80db-f66e8933b83b ] Request (ServersTestJSON:test_create_server_with_ipv6_addr_only): 200 GET http://10.180.1.21/compute/v2.1/servers/fa49043c-5c77-4357-b592-fea3653b9ac7 0.123s
2024-12-10 21:18:25.013 65383 INFO tempest.lib.common.rest_client [req-801dbe2f-84d0-433a-9dfc-9ab754a4467d req-801dbe2f-84d0-433a-9dfc-9ab754a4467d ] Request (InstanceActionsTestJSON:setUpClass): 200 GET http://10.180.1.21/compute/v2.1/servers/9d37adce-eb1c-4ac0-8859-ae1b9d3293b2 0.072s
2024-12-10 21:18:25.020 65397 INFO tempest.lib.common.rest_client [req-6187dcb9-3065-4917-9890-3e4c66a01b77 req-6187dcb9-3065-4917-9890-3e4c66a01b77 ] Request (InstanceActionsNegativeTestJSON:tearDownClass): 204 DELETE http://10.180.1.21/identity/v3/users/4fad1e48f9834332b995d4fd51b9973a 0.161s
2024-12-10 21:18:25.021 65397 INFO tempest.lib.common.dynamic_creds [-] Deleting project and security group for project: ba51047d9ded46e1b5458716da9ee661
2024-12-10 21:18:25.084 65397 INFO tempest.lib.common.rest_client [req-d7ccd884-cd5c-47af-8cad-09ff33b32bee req-d7ccd884-cd5c-47af-8cad-09ff33b32bee ] Request (InstanceActionsNegativeTestJSON:tearDownClass): 200 GET http://10.180.1.21:9696/networking/v2.0/security-groups?tenant_id=ba51047d9ded46e1b5458716da9ee661&name=default 0.063s
2024-12-10 21:18:25.091 65385 INFO tempest.lib.common.rest_client [req-154d6b11-9d6e-4073-813e-329d8b3884a7 req-154d6b11-9d6e-4073-813e-329d8b3884a7 ] Request (ImagesOneServerTestJSON:tearDownClass): 200 GET http://10.180.1.21/compute/v2.1/servers/fcf611a3-a07e-4d1c-8a39-c02357bd9f30 0.124s
2024-12-10 21:18:25.143 65407 INFO tempest.lib.common.rest_client [req-205ce3b1-215e-4d8c-b412-9aae2541c87f req-205ce3b1-215e-4d8c-b412-9aae2541c87f ] Request (DeleteServersTestJSON:test_delete_server_while_in_attached_volume): 200 GET http://10.180.1.21/compute/v2.1/servers/a14db7b4-d41b-4fee-885a-ba2dbb40e0a1 0.063s
2024-12-10 21:18:25.144 65425 WARNING tempest.lib.common.ssh [-] Failed to establish authenticated ssh connection to cirros@10.180.180.253 ([Errno None] Unable to connect to port 22 on 10.180.180.253). Number attempts: 3. Retry after 4 seconds.: paramiko.ssh_exception.NoValidConnectionsError: [Errno None] Unable to connect to port 22 on 10.180.180.253
2024-12-10 21:18:25.157 65379 INFO tempest.lib.common.rest_client [req-acf531eb-2e6e-4ec4-99dd-e23b57eb7215 req-acf531eb-2e6e-4ec4-99dd-e23b57eb7215 ] Request (SecurityGroupsTestJSON:test_server_security_groups): 200 GET http://10.180.1.21/compute/v2.1/servers/4cbaf66d-c7b1-45e2-9ddc-c62695ad6563 0.065s
2024-12-10 21:18:25.204 65411 INFO tempest.lib.common.rest_client [req-a1ed5b3b-2c20-4b4c-881d-d6fd922307e9 req-a1ed5b3b-2c20-4b4c-881d-d6fd922307e9 ] Request (MigrationsAdminTest:test_resize_server_revert_deleted_flavor): 200 GET http://10.180.1.21/compute/v2.1/servers/2f5000ce-0275-4fa5-b09c-d9a07b6c41c1 0.059s
2024-12-10 21:18:25.224 65381 INFO tempest.lib.common.rest_client [req-4a3e3668-1ad4-41b2-ab55-84db158c7e36 req-4a3e3668-1ad4-41b2-ab55-84db158c7e36 ] Request (ServersAdmin275Test:_run_cleanups): 200 GET http://10.180.1.21/compute/v2.1/servers/a6a860ad-919e-4184-9850-79316658b946 0.065s
2024-12-10 21:18:25.238 65381 INFO tempest.common.waiters [-] State transition "REBUILD/rebuild_spawning" ==> "ACTIVE/None" after 11 second wait
2024-12-10 21:18:25.248 65397 INFO tempest.lib.common.rest_client [req-b1888b9b-7577-48bb-a382-7ba7014b153b req-b1888b9b-7577-48bb-a382-7ba7014b153b ] Request (InstanceActionsNegativeTestJSON:tearDownClass): 204 DELETE http://10.180.1.21:9696/networking/v2.0/security-groups/38b4242d-0e86-4f5c-97e1-6db01abde187 0.163s
2024-12-10 21:18:25.278 65389 INFO tempest.lib.common.rest_client [req-2fc46346-838d-431e-8de4-f8c5e6b7a7f2 req-2fc46346-838d-431e-8de4-f8c5e6b7a7f2 ] Request (ServersTestJSON:setUpClass): 200 GET http://10.180.1.21/compute/v2.1/servers/1751c8c5-854f-45f2-a559-95a4ccd0f578 0.058s
2024-12-10 21:18:25.301 65437 INFO tempest.lib.common.rest_client [req-4a51d3ae-00cd-41e8-a63b-5ecdcb21b491 req-4a51d3ae-00cd-41e8-a63b-5ecdcb21b491 ] Request (ServerShowV257Test:tearDownClass): 200 GET http://10.180.1.21/compute/v2.1/servers/5d9196da-9f8c-43d4-b031-023fd76183d2 0.077s
2024-12-10 21:18:25.350 65397 INFO tempest.lib.common.rest_client [req-21ac0308-eabd-4090-bb7e-713361c1d15c req-21ac0308-eabd-4090-bb7e-713361c1d15c ] Request (InstanceActionsNegativeTestJSON:tearDownClass): 204 DELETE http://10.180.1.21/identity/v3/projects/ba51047d9ded46e1b5458716da9ee661 0.102s
2024-12-10 21:18:25.365 65381 INFO tempest.lib.common.rest_client [req-7bdcf229-e2d2-49dc-aaa1-1ca01f60ff67 req-7bdcf229-e2d2-49dc-aaa1-1ca01f60ff67 ] Request (ServersAdmin275Test:tearDownClass): 204 DELETE http://10.180.1.21/compute/v2.1/servers/a6a860ad-919e-4184-9850-79316658b946 0.125s
2024-12-10 21:18:25.419 65405 INFO tempest.lib.common.rest_client [req-671363e6-77f4-4832-9a38-290a07787882 req-671363e6-77f4-4832-9a38-290a07787882 ] Request (AttachVolumeNegativeTest:test_attach_attached_volume_to_different_server): 200 GET http://10.180.1.21/compute/v2.1/servers/a6fd8ee3-7216-45c2-9169-93e5072bcc74 0.080s
2024-12-10 21:18:25.427 65397 INFO tempest.lib.common.rest_client [req-17da6d72-dc06-4a42-9230-5b407279742c req-17da6d72-dc06-4a42-9230-5b407279742c ] Request (ServerPasswordTestJSON:setUpClass): 201 POST http://10.180.1.21/identity/v3/auth/tokens 0.075s
2024-12-10 21:18:25.460 65397 INFO tempest.lib.common.rest_client [req-317194a3-043f-451d-b043-7ef322009dbb req-317194a3-043f-451d-b043-7ef322009dbb ] Request (ServerPasswordTestJSON:setUpClass): 201 POST http://10.180.1.21/identity/v3/auth/tokens 0.030s
2024-12-10 21:18:25.471 65381 INFO tempest.lib.common.rest_client [req-e587ffbb-e8da-4d7b-939c-5f76bede37c3 req-e587ffbb-e8da-4d7b-939c-5f76bede37c3 ] Request (ServersAdmin275Test:tearDownClass): 200 GET http://10.180.1.21/compute/v2.1/servers/a6a860ad-919e-4184-9850-79316658b946 0.106s
2024-12-10 21:18:25.484 65397 INFO tempest.lib.common.rest_client [req-dac6ead8-ca72-4f47-bc78-36b544588bd3 req-dac6ead8-ca72-4f47-bc78-36b544588bd3 ] Request (ServerPasswordTestJSON:setUpClass): 200 GET http://10.180.1.21/identity/v3/domains?name=Default 0.023s
2024-12-10 21:18:25.493 65421 INFO tempest.lib.common.rest_client [req-147397eb-d4ea-468c-b77e-b1d9217fc962 req-147397eb-d4ea-468c-b77e-b1d9217fc962 ] Request (ImagesOneServerNegativeTestJSON:setUpClass): 200 GET http://10.180.1.21/compute/v2.1/servers/9daab8ae-8d10-4349-aafe-b5e00459521c 0.214s
2024-12-10 21:18:25.500 65421 INFO tempest.common.waiters [-] State transition "BUILD/None" ==> "BUILD/networking" after 66 second wait
2024-12-10 21:18:25.513 65397 INFO tempest.lib.common.rest_client [req-1426fd02-8e49-4dc5-a0c5-e32cbdf2b1e4 req-1426fd02-8e49-4dc5-a0c5-e32cbdf2b1e4 ] Request (ServerPasswordTestJSON:setUpClass): 201 POST http://10.180.1.21/identity/v3/projects 0.029s
2024-12-10 21:18:25.532 65401 INFO tempest.lib.common.rest_client [req-e808d4fe-4348-46c0-a074-4790b4a83afb req-e808d4fe-4348-46c0-a074-4790b4a83afb ] Request (AttachInterfacesV270Test:tearDownClass): 200 GET http://10.180.1.21/compute/v2.1/servers/af53eb4c-6e15-4a65-8555-a8966e2e887c 0.129s
2024-12-10 21:18:25.540 65401 INFO tempest.common.waiters [-] State transition "ACTIVE/deleting" ==> "DELETED/None" after 3 second wait
2024-12-10 21:18:25.556 65433 INFO tempest.lib.common.rest_client [req-f0d75149-076a-480d-99e3-c4cc3872f5a9 req-f0d75149-076a-480d-99e3-c4cc3872f5a9 ] Request (ServersTestMultiNic:_run_cleanups): 200 GET http://10.180.1.21/compute/v2.1/servers/7d92bde5-1e58-493a-9b90-e18a83fde582 0.146s
2024-12-10 21:18:25.568 65391 WARNING tempest.lib.common.ssh [-] Failed to establish authenticated ssh connection to cirros@10.180.180.199 ([Errno None] Unable to connect to port 22 on 10.180.180.199). Number attempts: 9. Retry after 10 seconds.: paramiko.ssh_exception.NoValidConnectionsError: [Errno None] Unable to connect to port 22 on 10.180.180.199
2024-12-10 21:18:25.581 65397 INFO tempest.lib.common.rest_client [req-53a21384-33f0-493e-b564-8594d992f156 req-53a21384-33f0-493e-b564-8594d992f156 ] Request (ServerPasswordTestJSON:setUpClass): 201 POST http://10.180.1.21/identity/v3/users 0.067s
2024-12-10 21:18:25.586 65375 INFO tempest.lib.common.rest_client [req-c024d3a1-bca3-4067-9966-c176fe3b5a68 req-c024d3a1-bca3-4067-9966-c176fe3b5a68 ] Request (ListServerFiltersTestJSON:setUpClass): 200 GET http://10.180.1.21/compute/v2.1/servers/d6624485-5300-4a54-9893-690479dcd095 0.139s
2024-12-10 21:18:25.604 65397 INFO tempest.lib.common.rest_client [req-5ffa335f-f0ba-49a8-aee8-61bc14757634 req-5ffa335f-f0ba-49a8-aee8-61bc14757634 ] Request (ServerPasswordTestJSON:setUpClass): 200 GET http://10.180.1.21/identity/v3/roles 0.022s
2024-12-10 21:18:25.617 65395 INFO tempest.lib.common.rest_client [req-419f9f35-ddcc-4267-a941-aab449a5b11d req-419f9f35-ddcc-4267-a941-aab449a5b11d ] Request (ListImageFiltersTestJSON:setUpClass): 200 GET http://10.180.1.21/compute/v2.1/servers/d2bb2fd3-b11b-4e5f-8d2e-42ad631552fc 0.122s
2024-12-10 21:18:25.633 65397 INFO tempest.lib.common.rest_client [req-f084ab4e-65d8-4b94-9aec-57c4f7cca400 req-f084ab4e-65d8-4b94-9aec-57c4f7cca400 ] Request (ServerPasswordTestJSON:setUpClass): 204 PUT http://10.180.1.21/identity/v3/projects/0b065088d5d74ceba39b3e033b734285/users/375b2f2f471544e6baebb5fc72d016c0/roles/2c9c87fe66db4c1fac5e5ee757abd1f0 0.028s
2024-12-10 21:18:25.633 65397 INFO tempest.lib.common.dynamic_creds [-] Dynamic test user 375b2f2f471544e6baebb5fc72d016c0 is created with scope project and roles: ['member']
2024-12-10 21:18:25.633 65397 INFO tempest.lib.common.dynamic_creds [-] Acquired dynamic creds: credentials: Credentials: {'domain_id': 'default', 'domain_name': 'Default', 'username': 'tempest-ServerPasswordTestJSON-1488719182-project-member', 'project_domain_id': 'default', 'project_domain_name': 'Default', 'project_id': '0b065088d5d74ceba39b3e033b734285', 'project_name': 'tempest-ServerPasswordTestJSON-1488719182', 'tenant_id': '0b065088d5d74ceba39b3e033b734285', 'tenant_name': 'tempest-ServerPasswordTestJSON-1488719182', 'user_domain_id': 'default', 'user_domain_name': 'Default', 'user_id': '375b2f2f471544e6baebb5fc72d016c0', 'system': None}, Network: None, Subnet: None, Router: None
2024-12-10 21:18:25.641 65403 INFO tempest.lib.common.rest_client [req-ee152f47-8475-4435-b0dd-149695da7127 req-ee152f47-8475-4435-b0dd-149695da7127 ] Request (ListServersNegativeTestJSON:setUpClass): 200 GET http://10.180.1.21/compute/v2.1/servers/2f8a2835-618d-4462-8644-1d2790aec62b 0.104s
2024-12-10 21:18:25.668 65427 INFO tempest.lib.common.rest_client [req-c0535108-5bec-4d7e-a29f-9cc53642e6a2 req-c0535108-5bec-4d7e-a29f-9cc53642e6a2 ] Request (ServersTestBootFromVolume:setUpClass): 200 GET http://10.180.1.21/compute/v2.1/servers/3c9d108f-efe1-4fb6-b505-8cb51d38adc1 0.128s
2024-12-10 21:18:25.700 65397 INFO tempest.lib.common.rest_client [req-652ccc42-6ec8-4934-951a-1a8e1fb2e922 req-652ccc42-6ec8-4934-951a-1a8e1fb2e922 ] Request (ServerPasswordTestJSON:setUpClass): 201 POST http://10.180.1.21/identity/v3/auth/tokens 0.066s
2024-12-10 21:18:25.742 65387 INFO tempest.lib.common.rest_client [req-1beb90f7-e748-49b4-9fcf-bb0d5bd5054d req-1beb90f7-e748-49b4-9fcf-bb0d5bd5054d ] Request (ServersAdminNegativeTestJSON:tearDownClass): 200 GET http://10.180.1.21/compute/v2.1/servers/3d3de8fe-5189-4105-bc80-566c5307922e 0.067s
2024-12-10 21:18:25.865 65417 INFO tempest.lib.common.rest_client [req-4b87b83c-896a-421f-a45e-037564ca4c60 req-4b87b83c-896a-421f-a45e-037564ca4c60 ] Request (ServersTestFqdnHostnames:tearDownClass): 200 GET http://10.180.1.21/compute/v2.1/servers/7147df9b-7e03-43fd-8bbc-54d8d0317a77 0.144s
2024-12-10 21:18:25.978 65419 INFO tempest.lib.common.rest_client [req-f8a6f324-e28d-4189-8ca5-c3dc82633551 req-f8a6f324-e28d-4189-8ca5-c3dc82633551 ] Request (ServerTagsTestJSON:setUpClass): 200 GET http://10.180.1.21/compute/v2.1/servers/4efa4e8e-02c5-4bad-a716-21d294f28c26 0.132s
2024-12-10 21:18:26.025 65397 INFO tempest.lib.common.rest_client [req-bb84fa45-cea6-4d39-98e3-69788679ea47 req-bb84fa45-cea6-4d39-98e3-69788679ea47 ] Request (ServerPasswordTestJSON:setUpClass): 201 POST http://10.180.1.21:9696/networking/v2.0/networks 0.325s
2024-12-10 21:18:26.032 65429 INFO tempest.lib.common.rest_client [req-aa8b8b73-7915-4ce5-9a78-3e10e616110a req-aa8b8b73-7915-4ce5-9a78-3e10e616110a ] Request (ServerRescueTestJSON:setUpClass): 200 GET http://10.180.1.21/compute/v2.1/servers/3388fd22-865a-4cf7-9912-af8ca03ed930 0.127s
2024-12-10 21:18:26.035 65409 INFO tempest.lib.common.rest_client [req-8cd872a0-4e86-44ba-b960-ce411b02c5da req-8cd872a0-4e86-44ba-b960-ce411b02c5da ] Request (DeleteServersAdminTestJSON:test_delete_server_while_in_error_state): 200 GET http://10.180.1.21/compute/v2.1/servers/278be240-4d07-4131-a893-f21a445a0caf 0.143s
2024-12-10 21:18:26.082 65377 INFO tempest.lib.common.rest_client [req-92d71570-191b-47a5-8b7f-cb6dd8399ac9 req-92d71570-191b-47a5-8b7f-cb6dd8399ac9 ] Request (ServerRescueTestJSONUnderV235:setUpClass): 200 GET http://10.180.1.21/compute/v2.1/servers/93a290e1-efe7-4d02-a6b6-0d7ccbfb5bf1 0.118s
