2024-12-10 21:16:35.219 65415 INFO tempest.lib.common.rest_client [req-5ad9cfef-f93d-446f-8e4e-80c4ea7844eb req-5ad9cfef-f93d-446f-8e4e-80c4ea7844eb ] Request (FlavorsExtraSpecsTestJSON:tearDownClass): 204 DELETE http://10.180.1.21/identity/v3/users/1459e7a975674d0c875e74f0c89ef7a3 0.153s
2024-12-10 21:16:35.219 65415 INFO tempest.lib.common.dynamic_creds [-] Deleting project and security group for project: e22c6dda771c480a8df727aea86c1a86
2024-12-10 21:16:35.222 65437 INFO tempest.lib.common.rest_client [req-9d6bed4e-43c8-4322-b863-649ae6606e09 req-9d6bed4e-43c8-4322-b863-649ae6606e09 ] Request (FloatingIPDetailsTestJSON:setUpClass): 201 POST http://10.180.1.21:9696/networking/v2.0/routers 3.272s
2024-12-10 21:16:35.283 65415 INFO tempest.lib.common.rest_client [req-f42dfe36-c27f-4f63-a5c6-93bcc4f4f331 req-f42dfe36-c27f-4f63-a5c6-93bcc4f4f331 ] Request (FlavorsExtraSpecsTestJSON:tearDownClass): 201 POST http://10.180.1.21/identity/v3/auth/tokens 0.064s
2024-12-10 21:16:35.370 65397 INFO tempest.lib.common.rest_client [req-36456a93-24ab-49e3-a213-af222459cdc0 req-36456a93-24ab-49e3-a213-af222459cdc0 ] Request (FloatingIPDetailsNegativeTestJSON:test_get_nonexistent_floating_ip_details): 404 GET http://10.180.1.21/compute/v2.1/os-floating-ips/b271989d-ba69-484d-9a9c-85fff860539f 1.217s
2024-12-10 21:16:35.456 65391 INFO tempest.lib.common.rest_client [req-68d33536-cca1-419d-8227-3ead7455ab47 req-68d33536-cca1-419d-8227-3ead7455ab47 ] Request (ServersWithSpecificFlavorTestJSON:test_verify_created_server_ephemeral_disk): 202 POST http://10.180.1.21/compute/v2.1/servers 2.065s
2024-12-10 21:16:35.685 65415 INFO tempest.lib.common.rest_client [req-2eeca905-82d9-4422-b0c0-fa8bcf87ba6b req-2eeca905-82d9-4422-b0c0-fa8bcf87ba6b ] Request (FlavorsExtraSpecsTestJSON:tearDownClass): 200 GET http://10.180.1.21:9696/networking/v2.0/security-groups?tenant_id=e22c6dda771c480a8df727aea86c1a86&name=default 0.401s
2024-12-10 21:16:35.704 65407 INFO tempest.lib.common.rest_client [req-bfac0642-9665-4645-aa59-72305e2b409b req-bfac0642-9665-4645-aa59-72305e2b409b ] Request (DeleteServersTestJSON:setUpClass): 200 PUT http://10.180.1.21:9696/networking/v2.0/routers/076e5933-bdda-41f9-b618-66f011f24613/add_router_interface 4.673s
2024-12-10 21:16:35.704 65407 INFO tempest.lib.common.dynamic_creds [-] Created isolated network resources for: credentials: Credentials: {'domain_id': 'default', 'domain_name': 'Default', 'username': 'tempest-DeleteServersTestJSON-2057300254-project-member', 'project_domain_id': 'default', 'project_domain_name': 'Default', 'project_id': '159247ced203448a9a6d3695333dc80b', 'project_name': 'tempest-DeleteServersTestJSON-2057300254', 'tenant_id': '159247ced203448a9a6d3695333dc80b', 'tenant_name': 'tempest-DeleteServersTestJSON-2057300254', 'user_domain_id': 'default', 'user_domain_name': 'Default', 'user_id': 'e488c2afbf7445e1959d73a28111f0a0', 'system': None}, Network: {'id': '2c64dd3e-643f-4c49-9301-78fb4f6f54d8', 'name': 'tempest-DeleteServersTestJSON-1052016001-network', 'tenant_id': '159247ced203448a9a6d3695333dc80b', 'admin_state_up': True, 'mtu': 8950, 'status': 'ACTIVE', 'subnets': [], 'shared': False, 'project_id': '159247ced203448a9a6d3695333dc80b', 'port_security_enabled': True, 'router:external': False, 'provider:network_type': 'vlan', 'provider:physical_network': 'default', 'provider:segmentation_id': 960, 'availability_zone_hints': [], 'availability_zones': [], 'ipv4_address_scope': None, 'ipv6_address_scope': None, 'description': '', 'tags': [], 'created_at': '2024-12-10T21:16:27Z', 'updated_at': '2024-12-10T21:16:27Z', 'revision_number': 1}, Subnet: {'id': 'e57d5f0c-8bd9-46bc-b2e2-006520f40e99', 'name': 'tempest-DeleteServersTestJSON-1052016001-subnet', 'tenant_id': '159247ced203448a9a6d3695333dc80b', 'network_id': '2c64dd3e-643f-4c49-9301-78fb4f6f54d8', 'ip_version': 4, 'subnetpool_id': None, 'enable_dhcp': True, 'ipv6_ra_mode': None, 'ipv6_address_mode': None, 'gateway_ip': '192.168.128.1', 'cidr': '192.168.128.0/28', 'allocation_pools': [{'start': '192.168.128.2', 'end': '192.168.128.14'}], 'host_routes': [], 'dns_nameservers': [], 'description': '', 'router:external': False, 'service_types': [], 'tags': [], 'created_at': '2024-12-10T21:16:28Z', 'updated_at': '2024-12-10T21:16:28Z', 'revision_number': 0, 'project_id': '159247ced203448a9a6d3695333dc80b'}, Router: {'id': '076e5933-bdda-41f9-b618-66f011f24613', 'name': 'tempest-DeleteServersTestJSON-1052016001-router', 'tenant_id': '159247ced203448a9a6d3695333dc80b', 'admin_state_up': True, 'status': 'ACTIVE', 'external_gateway_info': {'network_id': '58220cf0-baa9-4eab-9017-ce887fc585ff', 'external_fixed_ips': [{'subnet_id': '17481956-8957-4bbc-9b08-0fbeb16785dc', 'ip_address': '10.180.180.136'}], 'enable_snat': True}, 'description': '', 'availability_zones': [], 'distributed': False, 'ha': False, 'availability_zone_hints': [], 'routes': [], 'flavor_id': None, 'tags': [], 'created_at': '2024-12-10T21:16:28Z', 'updated_at': '2024-12-10T21:16:29Z', 'revision_number': 2, 'project_id': '159247ced203448a9a6d3695333dc80b'}
2024-12-10 21:16:35.710 65395 INFO tempest.lib.common.rest_client [req-905cecde-d354-4a12-b8e8-eb121cf04300 req-905cecde-d354-4a12-b8e8-eb121cf04300 ] Request (TenantUsagesTestJSON:setUpClass): 200 GET http://10.180.1.21/compute/v2.1/servers/a79edfa3-9b31-4079-979a-5d11818b3e42 1.507s
2024-12-10 21:16:35.762 65399 INFO tempest.lib.common.rest_client [req-efa301f1-5c57-4c8b-9d30-5588b48a4c45 req-efa301f1-5c57-4c8b-9d30-5588b48a4c45 ] Request (KeyPairsNegativeTestJSON:test_create_keypair_when_public_key_bits_exceeds_maximum): 400 POST http://10.180.1.21/compute/v2.1/os-keypairs 1.549s
2024-12-10 21:16:35.798 65419 INFO tempest.lib.common.rest_client [req-8e21d997-c09e-4688-a26d-ebe8b933a082 req-8e21d997-c09e-4688-a26d-ebe8b933a082 ] Request (FlavorsAccessNegativeTestJSON:_run_cleanups): 200 GET http://10.180.1.21/compute/v2.1/flavors/detail 1.568s
2024-12-10 21:16:35.827 65407 INFO tempest.lib.common.rest_client [req-78bb4461-0377-4e8d-b42d-060c2f07dd7d req-78bb4461-0377-4e8d-b42d-060c2f07dd7d ] Request (DeleteServersTestJSON:setUpClass): 201 POST http://10.180.1.21/identity/v3/auth/tokens 0.116s
2024-12-10 21:16:35.842 65389 INFO tempest.lib.common.rest_client [req-005863a5-d27c-4849-9127-61a89b8cc71d req-005863a5-d27c-4849-9127-61a89b8cc71d ] Request (KeyPairsV210TestJSON:_run_cleanups): 204 DELETE http://10.180.1.21/compute/v2.1/os-keypairs/tempest-keypair-1821954987?user_id=92cd8398fc2843859596ce0e65dd9b22 1.594s
2024-12-10 21:16:35.865 65423 INFO tempest.lib.common.rest_client [req-46ccc581-13f9-47e8-b546-fda38723cfaa req-46ccc581-13f9-47e8-b546-fda38723cfaa ] Request (KeyPairsV2TestJSON:_run_cleanups): 202 DELETE http://10.180.1.21/compute/v2.1/os-keypairs/tempest-KeyPairsV2TestJSON-keypair-342520462 1.600s
2024-12-10 21:16:35.876 65421 INFO tempest.lib.common.rest_client [req-f56abd41-9843-4514-9042-4074141a9302 req-f56abd41-9843-4514-9042-4074141a9302 ] Request (ServerDiagnosticsNegativeTest:test_get_server_diagnostics_by_non_admin): 200 GET http://10.180.1.21/compute/v2.1/servers/28466209-2f25-401f-b406-78c8a99d8443 1.672s
2024-12-10 21:16:35.880 65407 INFO tempest.lib.common.rest_client [req-5c757070-9bb3-4870-9620-11777afa7677 req-5c757070-9bb3-4870-9620-11777afa7677 ] Request (DeleteServersTestJSON:test_delete_active_server): 201 POST http://10.180.1.21/identity/v3/auth/tokens 0.047s
2024-12-10 21:16:35.880 65407 INFO tempest.lib.common.fixed_network [-] (DeleteServersTestJSON:test_delete_active_server) Found network {'id': '2c64dd3e-643f-4c49-9301-78fb4f6f54d8', 'name': 'tempest-DeleteServersTestJSON-1052016001-network', 'tenant_id': '159247ced203448a9a6d3695333dc80b', 'admin_state_up': True, 'mtu': 8950, 'status': 'ACTIVE', 'subnets': [], 'shared': False, 'project_id': '159247ced203448a9a6d3695333dc80b', 'port_security_enabled': True, 'router:external': False, 'provider:network_type': 'vlan', 'provider:physical_network': 'default', 'provider:segmentation_id': 960, 'availability_zone_hints': [], 'availability_zones': [], 'ipv4_address_scope': None, 'ipv6_address_scope': None, 'description': '', 'tags': [], 'created_at': '2024-12-10T21:16:27Z', 'updated_at': '2024-12-10T21:16:27Z', 'revision_number': 1} available for tenant
2024-12-10 21:16:35.920 65415 INFO tempest.lib.common.rest_client [req-c4e503bf-be6c-4456-8dab-cdfa510e0c4e req-c4e503bf-be6c-4456-8dab-cdfa510e0c4e ] Request (FlavorsExtraSpecsTestJSON:tearDownClass): 204 DELETE http://10.180.1.21:9696/networking/v2.0/security-groups/aeb17638-c3c7-4ef9-baad-28b7a97f5b4e 0.235s
2024-12-10 21:16:35.973 65423 INFO tempest.lib.common.rest_client [req-3e276d99-e573-4449-914d-1ba0eceb5dbd req-3e276d99-e573-4449-914d-1ba0eceb5dbd ] Request (KeyPairsV2TestJSON:tearDownClass): 204 DELETE http://10.180.1.21/identity/v3/users/bc34847356b4465f8c549c4551839e61 0.105s
2024-12-10 21:16:35.974 65423 INFO tempest.lib.common.dynamic_creds [-] Deleting project and security group for project: 094dcc60f461430ca72e6369ec6d2ee0
2024-12-10 21:16:36.043 65403 INFO tempest.lib.common.rest_client [req-d2e375ed-bef0-4d16-850f-09c6af5fc7e9 req-d2e375ed-bef0-4d16-850f-09c6af5fc7e9 ] Request (ServerDiagnosticsTest:test_get_server_diagnostics): 200 GET http://10.180.1.21/compute/v2.1/servers/0addfb95-4247-496a-a5bc-4954ce8acba7 1.613s
2024-12-10 21:16:36.049 65415 INFO tempest.lib.common.rest_client [req-d3ace532-3490-4f2b-bf01-8e092295b30a req-d3ace532-3490-4f2b-bf01-8e092295b30a ] Request (FlavorsExtraSpecsTestJSON:tearDownClass): 204 DELETE http://10.180.1.21/identity/v3/projects/e22c6dda771c480a8df727aea86c1a86 0.128s
2024-12-10 21:16:36.049 65415 INFO tempest.lib.common.dynamic_creds [-] Deleting project and security group for project: b7d89736e20b408ead685fef1c140a1f
2024-12-10 21:16:36.069 65423 INFO tempest.lib.common.rest_client [req-be3eba5b-5796-4ef0-9f16-5d83aa40d704 req-be3eba5b-5796-4ef0-9f16-5d83aa40d704 ] Request (KeyPairsV2TestJSON:tearDownClass): 201 POST http://10.180.1.21/identity/v3/auth/tokens 0.095s
2024-12-10 21:16:36.115 65431 INFO tempest.lib.common.rest_client [req-0c311535-e99b-49a5-ba96-0f731da296ea req-0c311535-e99b-49a5-ba96-0f731da296ea ] Request (ServersAdminTestJSON:setUpClass): 200 GET http://10.180.1.21/compute/v2.1/servers/e26524ba-912d-40ac-a299-6d6c4aae65e0 1.631s
2024-12-10 21:16:36.234 65387 INFO tempest.lib.common.rest_client [req-b25fbe1f-aa1b-4e29-8fd1-cba88dc02d51 req-b25fbe1f-aa1b-4e29-8fd1-cba88dc02d51 ] Request (ServersAdminNegativeTestJSON:setUpClass): 200 GET http://10.180.1.21/compute/v2.1/servers/7dddcb64-8f42-4ef4-b6c1-8c27e2ebcddd 1.850s
2024-12-10 21:16:36.303 65411 INFO tempest.lib.common.rest_client [req-80b0ce2f-51ac-4fac-a4e5-db79dfd58f6c req-80b0ce2f-51ac-4fac-a4e5-db79dfd58f6c ] Request (MigrationsAdminTest:test_list_migrations_in_flavor_resize_situation): 200 GET http://10.180.1.21/compute/v2.1/servers/59f30b3f-5286-4d90-b726-011e419fca2a 1.666s
2024-12-10 21:16:36.327 65425 INFO tempest.lib.common.rest_client [req-2bad41e0-b4ea-4fe1-ac56-40b75042bcbf req-2bad41e0-b4ea-4fe1-ac56-40b75042bcbf ] Request (ServicesAdminNegativeV253TestJSON:test_disable_service_with_invalid_service_id): 404 PUT http://10.180.1.21/compute/v2.1/os-services/f5299b10-1230-4873-87ce-0aabfa6b6056 1.638s
2024-12-10 21:16:36.339 65401 INFO tempest.lib.common.rest_client [req-5611bfdd-37ea-46f4-a387-6ab6960bf0d8 req-5611bfdd-37ea-46f4-a387-6ab6960bf0d8 ] Request (QuotasAdminNegativeTest:test_update_quota_normal_user): 403 PUT http://10.180.1.21/compute/v2.1/os-quota-sets/898b7e0687d649cebb70fbbc66c1f612 1.411s
2024-12-10 21:16:36.369 65375 INFO tempest.lib.common.rest_client [req-15057bdd-2996-4a5f-b87e-5bc916cf70f5 req-15057bdd-2996-4a5f-b87e-5bc916cf70f5 ] Request (FlavorsAdminTestJSON:_run_cleanups): 202 DELETE http://10.180.1.21/compute/v2.1/flavors/10cbe568-50c5-40cf-b01f-6483129225e2 1.421s
2024-12-10 21:16:36.379 65377 INFO tempest.lib.common.rest_client [req-9ef9d5b1-6060-4692-90a0-6d423b677e23 req-9ef9d5b1-6060-4692-90a0-6d423b677e23 ] Request (AggregatesAdminNegativeTestJSON:test_aggregate_create_as_user): 403 POST http://10.180.1.21/compute/v2.1/os-aggregates 1.426s
2024-12-10 21:16:36.430 65415 INFO tempest.lib.common.rest_client [req-990cbd5c-9f27-498e-b4b5-cfa39926da70 req-990cbd5c-9f27-498e-b4b5-cfa39926da70 ] Request (FlavorsExtraSpecsTestJSON:tearDownClass): 200 GET http://10.180.1.21:9696/networking/v2.0/security-groups?tenant_id=b7d89736e20b408ead685fef1c140a1f&name=default 0.380s
2024-12-10 21:16:36.457 65401 INFO tempest.lib.common.rest_client [req-abed24a4-eb22-413d-ae76-2427a18df640 req-abed24a4-eb22-413d-ae76-2427a18df640 ] Request (QuotasAdminNegativeTest:tearDownClass): 204 DELETE http://10.180.1.21/identity/v3/users/16eab7ee6d7743d99bbdafddd59aec80 0.117s
2024-12-10 21:16:36.554 65393 INFO tempest.lib.common.rest_client [req-dcd2a101-c90a-4973-8946-e143daa5b32f req-dcd2a101-c90a-4973-8946-e143daa5b32f ] Request (TenantUsagesNegativeTestJSON:test_get_usage_tenant_with_empty_tenant_id): 404 GET http://10.180.1.21/compute/v2.1/os-simple-tenant-usage/?start=2024-12-09T21%3A16%3A34.973922&end=2024-12-11T21%3A16%3A34.973922 1.580s
2024-12-10 21:16:36.556 65393 WARNING tempest.lib.common.rest_client [-] Deprecated: "tenant_id" property is deprecated for removal, use "project_id" instead
2024-12-10 21:16:36.569 65415 INFO tempest.lib.common.rest_client [req-fdd6d083-b6d4-4aab-b622-3e6d53b0ff79 req-fdd6d083-b6d4-4aab-b622-3e6d53b0ff79 ] Request (FlavorsExtraSpecsTestJSON:tearDownClass): 204 DELETE http://10.180.1.21:9696/networking/v2.0/security-groups/0c8445c1-8dd2-4202-aafe-043507bdc73d 0.139s
2024-12-10 21:16:36.576 65423 INFO tempest.lib.common.rest_client [req-1053acab-35e4-4f44-8088-9131f6d1bfb8 req-1053acab-35e4-4f44-8088-9131f6d1bfb8 ] Request (KeyPairsV2TestJSON:tearDownClass): 200 GET http://10.180.1.21:9696/networking/v2.0/security-groups?tenant_id=094dcc60f461430ca72e6369ec6d2ee0&name=default 0.506s
2024-12-10 21:16:36.598 65401 INFO tempest.lib.common.rest_client [req-1f1deeaa-e003-4fd5-8152-63ddb0b48632 req-1f1deeaa-e003-4fd5-8152-63ddb0b48632 ] Request (QuotasAdminNegativeTest:tearDownClass): 204 DELETE http://10.180.1.21/identity/v3/users/e2f8fa5046b14334bb2524fc7b8d8753 0.140s
2024-12-10 21:16:36.598 65401 INFO tempest.lib.common.dynamic_creds [-] Deleting project and security group for project: 0868ca27e2124cf9bfae52f3c3ef9d22
2024-12-10 21:16:36.599 65417 INFO tempest.lib.common.rest_client [req-b1aed452-5851-4f8e-8366-4ab5a4563b7b req-b1aed452-5851-4f8e-8366-4ab5a4563b7b ] Request (ServersTestFqdnHostnames:test_create_server_with_fqdn_name): 200 GET http://10.180.1.21/compute/v2.1/servers/7147df9b-7e03-43fd-8bbc-54d8d0317a77 2.034s
2024-12-10 21:16:36.608 65417 INFO tempest.common.waiters [-] State transition "BUILD/None" ==> "BUILD/spawning" after 14 second wait
2024-12-10 21:16:36.637 65429 INFO tempest.lib.common.rest_client [req-c9eddbd8-ccb2-4c6b-b35c-6248244b35a7 req-c9eddbd8-ccb2-4c6b-b35c-6248244b35a7 ] Request (ServerActionsTestOtherA:setUpClass): 200 GET http://10.180.1.21/compute/v2.1/servers/ff0635a8-915c-4353-973a-1254366fce31 1.662s
2024-12-10 21:16:36.665 65401 INFO tempest.lib.common.rest_client [req-f11d5033-5388-4dc3-aa48-1de349bfb7a2 req-f11d5033-5388-4dc3-aa48-1de349bfb7a2 ] Request (QuotasAdminNegativeTest:tearDownClass): 201 POST http://10.180.1.21/identity/v3/auth/tokens 0.067s
2024-12-10 21:16:36.689 65436 INFO tempest.lib.common.rest_client [req-cfe44561-a96e-4631-a5e3-1baea2b808cc req-cfe44561-a96e-4631-a5e3-1baea2b808cc ] Request (VolumesAssistedSnapshotsTest:test_volume_assisted_snapshot_create_delete): 200 GET http://10.180.1.21/compute/v2.1/servers/54650f01-3470-46bd-ae16-051df7758071 1.646s
2024-12-10 21:16:36.725 65415 INFO tempest.lib.common.rest_client [req-3086c968-69c5-4882-814b-31ac1b24cdb3 req-3086c968-69c5-4882-814b-31ac1b24cdb3 ] Request (FlavorsExtraSpecsTestJSON:tearDownClass): 204 DELETE http://10.180.1.21/identity/v3/projects/b7d89736e20b408ead685fef1c140a1f 0.156s
2024-12-10 21:16:36.763 65385 INFO tempest.lib.common.rest_client [req-7f46ae1c-331c-4fc2-be22-5023a2da3497 req-7f46ae1c-331c-4fc2-be22-5023a2da3497 ] Request (ImagesOneServerTestJSON:setUpClass): 200 PUT http://10.180.1.21:9696/networking/v2.0/routers/74793561-48fb-4590-8d5a-15835419a783/add_router_interface 4.362s
2024-12-10 21:16:36.764 65385 INFO tempest.lib.common.dynamic_creds [-] Created isolated network resources for: credentials: Credentials: {'domain_id': 'default', 'domain_name': 'Default', 'username': 'tempest-ImagesOneServerTestJSON-1597396227-project-member', 'project_domain_id': 'default', 'project_domain_name': 'Default', 'project_id': '7e948035431749118b74ecc50ae40bf8', 'project_name': 'tempest-ImagesOneServerTestJSON-1597396227', 'tenant_id': '7e948035431749118b74ecc50ae40bf8', 'tenant_name': 'tempest-ImagesOneServerTestJSON-1597396227', 'user_domain_id': 'default', 'user_domain_name': 'Default', 'user_id': '54f6976b6dbd43f585548664528e48e4', 'system': None}, Network: {'id': '44eba350-ef76-4616-bf0b-eaee2981c0c3', 'name': 'tempest-ImagesOneServerTestJSON-285621399-network', 'tenant_id': '7e948035431749118b74ecc50ae40bf8', 'admin_state_up': True, 'mtu': 8950, 'status': 'ACTIVE', 'subnets': [], 'shared': False, 'project_id': '7e948035431749118b74ecc50ae40bf8', 'port_security_enabled': True, 'router:external': False, 'provider:network_type': 'vlan', 'provider:physical_network': 'default', 'provider:segmentation_id': 200, 'availability_zone_hints': [], 'availability_zones': [], 'ipv4_address_scope': None, 'ipv6_address_scope': None, 'description': '', 'tags': [], 'created_at': '2024-12-10T21:16:29Z', 'updated_at': '2024-12-10T21:16:29Z', 'revision_number': 1}, Subnet: {'id': 'b5acd4dc-509a-4440-9cd3-6c818287cfc3', 'name': 'tempest-ImagesOneServerTestJSON-285621399-subnet', 'tenant_id': '7e948035431749118b74ecc50ae40bf8', 'network_id': '44eba350-ef76-4616-bf0b-eaee2981c0c3', 'ip_version': 4, 'subnetpool_id': None, 'enable_dhcp': True, 'ipv6_ra_mode': None, 'ipv6_address_mode': None, 'gateway_ip': '192.168.128.1', 'cidr': '192.168.128.0/28', 'allocation_pools': [{'start': '192.168.128.2', 'end': '192.168.128.14'}], 'host_routes': [], 'dns_nameservers': [], 'description': '', 'router:external': False, 'service_types': [], 'tags': [], 'created_at': '2024-12-10T21:16:29Z', 'updated_at': '2024-12-10T21:16:29Z', 'revision_number': 0, 'project_id': '7e948035431749118b74ecc50ae40bf8'}, Router: {'id': '74793561-48fb-4590-8d5a-15835419a783', 'name': 'tempest-ImagesOneServerTestJSON-285621399-router', 'tenant_id': '7e948035431749118b74ecc50ae40bf8', 'admin_state_up': True, 'status': 'ACTIVE', 'external_gateway_info': {'network_id': '58220cf0-baa9-4eab-9017-ce887fc585ff', 'external_fixed_ips': [{'subnet_id': '17481956-8957-4bbc-9b08-0fbeb16785dc', 'ip_address': '10.180.180.244'}], 'enable_snat': True}, 'description': '', 'availability_zones': [], 'distributed': False, 'ha': False, 'availability_zone_hints': [], 'routes': [], 'flavor_id': None, 'tags': [], 'created_at': '2024-12-10T21:16:29Z', 'updated_at': '2024-12-10T21:16:31Z', 'revision_number': 2, 'project_id': '7e948035431749118b74ecc50ae40bf8'}
2024-12-10 21:16:36.771 65423 INFO tempest.lib.common.rest_client [req-2fc3cd5f-8e74-4874-9b67-b75a9a737f78 req-2fc3cd5f-8e74-4874-9b67-b75a9a737f78 ] Request (KeyPairsV2TestJSON:tearDownClass): 204 DELETE http://10.180.1.21:9696/networking/v2.0/security-groups/3e1c96f1-34bb-4619-a1e1-21466f6ed4d7 0.195s
2024-12-10 21:16:36.812 65379 INFO tempest.lib.common.rest_client [req-af959536-98ab-4786-a509-38594585fd87 req-af959536-98ab-4786-a509-38594585fd87 ] Request (FlavorsV2NegativeTest:test_boot_with_low_ram): 200 GET http://10.180.1.21/compute/v2.1/flavors/42 1.679s
2024-12-10 21:16:36.859 65415 INFO tempest.lib.common.rest_client [req-745e0cf0-742b-494e-a9e7-8261b6ff7a6b req-745e0cf0-742b-494e-a9e7-8261b6ff7a6b ] Request (ServerDiagnosticsV248Test:setUpClass): 201 POST http://10.180.1.21/identity/v3/auth/tokens 0.132s
2024-12-10 21:16:36.919 65423 INFO tempest.lib.common.rest_client [req-57df3d13-bb86-4926-9e92-ce2b06820a0b req-57df3d13-bb86-4926-9e92-ce2b06820a0b ] Request (KeyPairsV2TestJSON:tearDownClass): 204 DELETE http://10.180.1.21/identity/v3/projects/094dcc60f461430ca72e6369ec6d2ee0 0.147s
2024-12-10 21:16:36.935 65385 INFO tempest.lib.common.rest_client [req-0f80f8a8-4ef2-4dff-8976-f10933df0400 req-0f80f8a8-4ef2-4dff-8976-f10933df0400 ] Request (ImagesOneServerTestJSON:setUpClass): 201 POST http://10.180.1.21/identity/v3/auth/tokens 0.166s
2024-12-10 21:16:36.997 65415 INFO tempest.lib.common.rest_client [req-6d6caed5-420b-41a8-9cf9-b9cc21344611 req-6d6caed5-420b-41a8-9cf9-b9cc21344611 ] Request (ServerDiagnosticsV248Test:setUpClass): 201 POST http://10.180.1.21/identity/v3/auth/tokens 0.136s
2024-12-10 21:16:37.031 65423 INFO tempest.lib.common.rest_client [req-a3bbaf2c-6a7b-4e68-8be5-56fc22971929 req-a3bbaf2c-6a7b-4e68-8be5-56fc22971929 ] Request (ServersTestManualDisk:setUpClass): 201 POST http://10.180.1.21/identity/v3/auth/tokens 0.110s
2024-12-10 21:16:37.078 65385 INFO tempest.lib.common.rest_client [req-a519660c-7c46-4325-836c-126441366d70 req-a519660c-7c46-4325-836c-126441366d70 ] Request (ImagesOneServerTestJSON:setUpClass): 201 POST http://10.180.1.21/identity/v3/auth/tokens 0.138s
2024-12-10 21:16:37.079 65385 INFO tempest.lib.common.fixed_network [-] (ImagesOneServerTestJSON:setUpClass) Found network {'id': '44eba350-ef76-4616-bf0b-eaee2981c0c3', 'name': 'tempest-ImagesOneServerTestJSON-285621399-network', 'tenant_id': '7e948035431749118b74ecc50ae40bf8', 'admin_state_up': True, 'mtu': 8950, 'status': 'ACTIVE', 'subnets': [], 'shared': False, 'project_id': '7e948035431749118b74ecc50ae40bf8', 'port_security_enabled': True, 'router:external': False, 'provider:network_type': 'vlan', 'provider:physical_network': 'default', 'provider:segmentation_id': 200, 'availability_zone_hints': [], 'availability_zones': [], 'ipv4_address_scope': None, 'ipv6_address_scope': None, 'description': '', 'tags': [], 'created_at': '2024-12-10T21:16:29Z', 'updated_at': '2024-12-10T21:16:29Z', 'revision_number': 1} available for tenant
2024-12-10 21:16:37.101 65423 INFO tempest.lib.common.rest_client [req-170f1492-3e32-40fa-9fc7-526ab51d2f7e req-170f1492-3e32-40fa-9fc7-526ab51d2f7e ] Request (ServersTestManualDisk:setUpClass): 201 POST http://10.180.1.21/identity/v3/auth/tokens 0.065s
2024-12-10 21:16:37.105 65415 INFO tempest.lib.common.rest_client [req-4da39a50-2673-4ce5-869f-6e3ce2a48e03 req-4da39a50-2673-4ce5-869f-6e3ce2a48e03 ] Request (ServerDiagnosticsV248Test:setUpClass): 200 GET http://10.180.1.21/identity/v3/domains?name=Default 0.108s
2024-12-10 21:16:37.120 65405 INFO tempest.lib.common.rest_client [req-5639a99d-009a-45ba-9e5b-c4cfcc32cee0 req-5639a99d-009a-45ba-9e5b-c4cfcc32cee0 ] Request (QuotasAdminTestJSON:test_update_all_quota_resources_for_tenant): 200 PUT http://10.180.1.21/compute/v2.1/os-quota-sets/408d66cbf62244bf837772ad4365ed23 1.961s
2024-12-10 21:16:37.125 65423 INFO tempest.lib.common.rest_client [req-03968525-8d41-4b0a-889b-506e97856610 req-03968525-8d41-4b0a-889b-506e97856610 ] Request (ServersTestManualDisk:setUpClass): 200 GET http://10.180.1.21/identity/v3/domains?name=Default 0.023s
2024-12-10 21:16:37.147 65415 INFO tempest.lib.common.rest_client [req-a5f87ba0-f9b6-456e-98a9-bd42a863e571 req-a5f87ba0-f9b6-456e-98a9-bd42a863e571 ] Request (ServerDiagnosticsV248Test:setUpClass): 201 POST http://10.180.1.21/identity/v3/projects 0.041s
2024-12-10 21:16:37.159 65397 INFO tempest.lib.common.rest_client [req-d66d8e2b-84e8-4b8b-8e01-89a1e95dd13a req-d66d8e2b-84e8-4b8b-8e01-89a1e95dd13a ] Request (FloatingIPDetailsNegativeTestJSON:tearDownClass): 200 PUT http://10.180.1.21:9696/networking/v2.0/routers/1ef245cc-748c-4214-b3a6-a40d65a7cf73/remove_router_interface 1.786s
2024-12-10 21:16:37.162 65413 INFO tempest.lib.common.rest_client [req-5513c7b0-44b0-410e-98a4-1f46b0914572 req-5513c7b0-44b0-410e-98a4-1f46b0914572 ] Request (InstanceActionsV221TestJSON:test_get_list_deleted_instance_actions): 200 GET http://10.180.1.21/compute/v2.1/servers/dac236ef-dacc-427d-9525-ccb2247a4610 1.927s
2024-12-10 21:16:37.186 65401 INFO tempest.lib.common.rest_client [req-e92c0169-fdef-49fc-89fe-8fe7f6d893e6 req-e92c0169-fdef-49fc-89fe-8fe7f6d893e6 ] Request (QuotasAdminNegativeTest:tearDownClass): 200 GET http://10.180.1.21:9696/networking/v2.0/security-groups?tenant_id=0868ca27e2124cf9bfae52f3c3ef9d22&name=default 0.519s
2024-12-10 21:16:37.198 65423 INFO tempest.lib.common.rest_client [req-a00450f4-5b2c-49d6-8d33-e8c0a048ea39 req-a00450f4-5b2c-49d6-8d33-e8c0a048ea39 ] Request (ServersTestManualDisk:setUpClass): 201 POST http://10.180.1.21/identity/v3/projects 0.072s
2024-12-10 21:16:37.209 65415 INFO tempest.lib.common.rest_client [req-72f895e5-181e-4bf1-8631-70456a2da57f req-72f895e5-181e-4bf1-8631-70456a2da57f ] Request (ServerDiagnosticsV248Test:setUpClass): 201 POST http://10.180.1.21/identity/v3/users 0.061s
2024-12-10 21:16:37.261 65423 INFO tempest.lib.common.rest_client [req-5010843b-7f46-4acb-8692-f8bd3fb5bcff req-5010843b-7f46-4acb-8692-f8bd3fb5bcff ] Request (ServersTestManualDisk:setUpClass): 201 POST http://10.180.1.21/identity/v3/users 0.062s
2024-12-10 21:16:37.275 65415 INFO tempest.lib.common.rest_client [req-9f406037-4e2a-4f8f-a9c7-75f44f25a15c req-9f406037-4e2a-4f8f-a9c7-75f44f25a15c ] Request (ServerDiagnosticsV248Test:setUpClass): 200 GET http://10.180.1.21/identity/v3/roles 0.065s
2024-12-10 21:16:37.288 65423 INFO tempest.lib.common.rest_client [req-7e8b77b7-927e-4ab6-be74-6bb00ac89255 req-7e8b77b7-927e-4ab6-be74-6bb00ac89255 ] Request (ServersTestManualDisk:setUpClass): 200 GET http://10.180.1.21/identity/v3/roles 0.027s
2024-12-10 21:16:37.290 65391 INFO tempest.lib.common.rest_client [req-9e7abd83-ecb6-4026-b2e4-17d0c2b60399 req-9e7abd83-ecb6-4026-b2e4-17d0c2b60399 ] Request (ServersWithSpecificFlavorTestJSON:test_verify_created_server_ephemeral_disk): 200 GET http://10.180.1.21/compute/v2.1/servers/bbbdec91-762b-415e-bdbd-ed3700c90a24 1.832s
2024-12-10 21:16:37.313 65415 INFO tempest.lib.common.rest_client [req-4672b44a-1757-4131-8dba-e5e783a1f747 req-4672b44a-1757-4131-8dba-e5e783a1f747 ] Request (ServerDiagnosticsV248Test:setUpClass): 204 PUT http://10.180.1.21/identity/v3/projects/77b4ad2508ff4a64a2f158d9fa3a1dfa/users/097b3a100e254d359291334ddb10d4d6/roles/2c9c87fe66db4c1fac5e5ee757abd1f0 0.037s
2024-12-10 21:16:37.313 65415 INFO tempest.lib.common.dynamic_creds [-] Dynamic test user 097b3a100e254d359291334ddb10d4d6 is created with scope project and roles: ['member']
2024-12-10 21:16:37.313 65415 INFO tempest.lib.common.dynamic_creds [-] Acquired dynamic creds: credentials: Credentials: {'domain_id': 'default', 'domain_name': 'Default', 'username': 'tempest-ServerDiagnosticsV248Test-472197801-project-member', 'project_domain_id': 'default', 'project_domain_name': 'Default', 'project_id': '77b4ad2508ff4a64a2f158d9fa3a1dfa', 'project_name': 'tempest-ServerDiagnosticsV248Test-472197801', 'tenant_id': '77b4ad2508ff4a64a2f158d9fa3a1dfa', 'tenant_name': 'tempest-ServerDiagnosticsV248Test-472197801', 'user_domain_id': 'default', 'user_domain_name': 'Default', 'user_id': '097b3a100e254d359291334ddb10d4d6', 'system': None}, Network: None, Subnet: None, Router: None
2024-12-10 21:16:37.313 65415 INFO tempest.lib.common.dynamic_creds [-] Created isolated network resources for: credentials: Credentials: {'domain_id': 'default', 'domain_name': 'Default', 'username': 'tempest-ServerDiagnosticsV248Test-472197801-project-member', 'project_domain_id': 'default', 'project_domain_name': 'Default', 'project_id': '77b4ad2508ff4a64a2f158d9fa3a1dfa', 'project_name': 'tempest-ServerDiagnosticsV248Test-472197801', 'tenant_id': '77b4ad2508ff4a64a2f158d9fa3a1dfa', 'tenant_name': 'tempest-ServerDiagnosticsV248Test-472197801', 'user_domain_id': 'default', 'user_domain_name': 'Default', 'user_id': '097b3a100e254d359291334ddb10d4d6', 'system': None}, Network: None, Subnet: None, Router: None
2024-12-10 21:16:37.384 65401 INFO tempest.lib.common.rest_client [req-d03824ac-922c-4e51-ba9f-434960f3fb0c req-d03824ac-922c-4e51-ba9f-434960f3fb0c ] Request (QuotasAdminNegativeTest:tearDownClass): 204 DELETE http://10.180.1.21:9696/networking/v2.0/security-groups/8d8a5849-04a9-446e-85fc-7cfae1674a68 0.198s
2024-12-10 21:16:37.386 65379 INFO tempest.lib.common.rest_client [req-f1b78c25-b04b-4b64-ad20-705fb1930810 req-f1b78c25-b04b-4b64-ad20-705fb1930810 ] Request (FlavorsV2NegativeTest:test_boot_with_low_ram): 201 POST http://10.180.1.21/image/v2/images 0.569s
2024-12-10 21:16:37.391 65423 INFO tempest.lib.common.rest_client [req-61309db5-5906-46d6-b849-9e3b6d5769a4 req-61309db5-5906-46d6-b849-9e3b6d5769a4 ] Request (ServersTestManualDisk:setUpClass): 204 PUT http://10.180.1.21/identity/v3/projects/2d202ab6f7774c4ba6f58dbce0e52ff3/users/2df04ef56cea4ace87318dd8479d6f31/roles/2c9c87fe66db4c1fac5e5ee757abd1f0 0.101s
2024-12-10 21:16:37.392 65423 INFO tempest.lib.common.dynamic_creds [-] Dynamic test user 2df04ef56cea4ace87318dd8479d6f31 is created with scope project and roles: ['member']
2024-12-10 21:16:37.392 65423 INFO tempest.lib.common.dynamic_creds [-] Acquired dynamic creds: credentials: Credentials: {'domain_id': 'default', 'domain_name': 'Default', 'username': 'tempest-ServersTestManualDisk-745305614-project-member', 'project_domain_id': 'default', 'project_domain_name': 'Default', 'project_id': '2d202ab6f7774c4ba6f58dbce0e52ff3', 'project_name': 'tempest-ServersTestManualDisk-745305614', 'tenant_id': '2d202ab6f7774c4ba6f58dbce0e52ff3', 'tenant_name': 'tempest-ServersTestManualDisk-745305614', 'user_domain_id': 'default', 'user_domain_name': 'Default', 'user_id': '2df04ef56cea4ace87318dd8479d6f31', 'system': None}, Network: None, Subnet: None, Router: None
2024-12-10 21:16:37.405 65415 INFO tempest.lib.common.rest_client [req-462b31d4-078e-4d11-9f98-5870ad0efbe3 req-462b31d4-078e-4d11-9f98-5870ad0efbe3 ] Request (ServerDiagnosticsV248Test:setUpClass): 201 POST http://10.180.1.21/identity/v3/auth/tokens 0.087s
2024-12-10 21:16:37.420 65383 INFO tempest.lib.common.rest_client [req-1bc4ba8f-04c4-4adb-81c7-32100c9c39c2 req-1bc4ba8f-04c4-4adb-81c7-32100c9c39c2 ] Request (FloatingIPsAssociationNegativeTestJSON:setUpClass): 200 GET http://10.180.1.21/compute/v2.1/servers/a7259360-260a-49cb-b673-c5d33cebf48f 1.959s
2024-12-10 21:16:37.458 65423 INFO tempest.lib.common.rest_client [req-3dc3ce08-0b40-4399-9ee1-f34e7ff80060 req-3dc3ce08-0b40-4399-9ee1-f34e7ff80060 ] Request (ServersTestManualDisk:setUpClass): 201 POST http://10.180.1.21/identity/v3/auth/tokens 0.066s
2024-12-10 21:16:37.461 65399 INFO tempest.lib.common.rest_client [req-c5fd14b5-3bcc-441b-b6ff-08a1e2ed8f1a req-c5fd14b5-3bcc-441b-b6ff-08a1e2ed8f1a ] Request (KeyPairsNegativeTestJSON:test_create_keypair_with_duplicate_name): 200 POST http://10.180.1.21/compute/v2.1/os-keypairs 1.696s
2024-12-10 21:16:37.481 65419 INFO tempest.lib.common.rest_client [req-a2676f8d-76ce-4b66-b62d-820be588a3bc req-a2676f8d-76ce-4b66-b62d-820be588a3bc ] Request (FlavorsAccessNegativeTestJSON:test_flavor_non_admin_remove): 200 POST http://10.180.1.21/compute/v2.1/flavors 1.675s
2024-12-10 21:16:37.501 65389 INFO tempest.lib.common.rest_client [req-ac14cc48-6911-426e-968c-e28f79f08155 req-ac14cc48-6911-426e-968c-e28f79f08155 ] Request (KeyPairsV210TestJSON:_run_cleanups): 204 DELETE http://10.180.1.21/compute/v2.1/os-keypairs/tempest-keypair-163482028?user_id=92cd8398fc2843859596ce0e65dd9b22 1.658s
2024-12-10 21:16:37.543 65401 INFO tempest.lib.common.rest_client [req-b2e1e527-3e58-4036-ad12-d8f4fe08e6a7 req-b2e1e527-3e58-4036-ad12-d8f4fe08e6a7 ] Request (QuotasAdminNegativeTest:tearDownClass): 204 DELETE http://10.180.1.21/identity/v3/projects/0868ca27e2124cf9bfae52f3c3ef9d22 0.158s
2024-12-10 21:16:37.543 65401 INFO tempest.lib.common.dynamic_creds [-] Deleting project and security group for project: 898b7e0687d649cebb70fbbc66c1f612
2024-12-10 21:16:37.596 65415 INFO tempest.lib.common.rest_client [req-6e759abb-28e8-4c5e-8598-88b98fec7640 req-6e759abb-28e8-4c5e-8598-88b98fec7640 ] Request (ServerDiagnosticsV248Test:setUpClass): 201 POST http://10.180.1.21/identity/v3/projects 0.190s
2024-12-10 21:16:37.650 65409 INFO tempest.lib.common.rest_client [req-769f3bbe-b21e-48d9-97e2-5cfa320135e8 req-769f3bbe-b21e-48d9-97e2-5cfa320135e8 ] Request (DeleteServersAdminTestJSON:test_admin_delete_servers_of_others): 200 GET http://10.180.1.21/compute/v2.1/servers/366986e7-d0b3-40a2-9aa0-b1379d094c18 2.082s
2024-12-10 21:16:37.684 65425 INFO tempest.lib.common.rest_client [req-5e911387-48bf-44ce-9330-aab3aecf0c35 req-5e911387-48bf-44ce-9330-aab3aecf0c35 ] Request (ServicesAdminNegativeV253TestJSON:test_enable_service_with_invalid_service_id): 404 PUT http://10.180.1.21/compute/v2.1/os-services/f5299b10-1230-4873-87ce-0aabfa6b6056 1.355s
2024-12-10 21:16:37.713 65401 INFO tempest.lib.common.rest_client [req-56b2d75f-15b5-45be-813a-b608e4f20958 req-56b2d75f-15b5-45be-813a-b608e4f20958 ] Request (QuotasAdminNegativeTest:tearDownClass): 200 GET http://10.180.1.21:9696/networking/v2.0/security-groups?tenant_id=898b7e0687d649cebb70fbbc66c1f612&name=default 0.170s
2024-12-10 21:16:37.721 65375 INFO tempest.lib.common.rest_client [req-5010e2a3-0742-4b07-9bbe-fcfe0d4de82f req-5010e2a3-0742-4b07-9bbe-fcfe0d4de82f ] Request (FlavorsAdminTestJSON:_run_cleanups): 200 GET http://10.180.1.21/compute/v2.1/flavors/detail 1.351s
2024-12-10 21:16:37.768 65377 INFO tempest.lib.common.rest_client [req-cdc65e77-cf3f-497d-ace5-dca401b706c6 req-cdc65e77-cf3f-497d-ace5-dca401b706c6 ] Request (AggregatesAdminNegativeTestJSON:test_aggregate_create_with_existent_aggregate_name): 200 POST http://10.180.1.21/compute/v2.1/os-aggregates 1.387s
2024-12-10 21:16:37.769 65389 INFO tempest.lib.common.rest_client [req-2adeb80e-28e7-4084-b58d-aed5ce507e16 req-2adeb80e-28e7-4084-b58d-aed5ce507e16 ] Request (KeyPairsV210TestJSON:tearDownClass): 204 DELETE http://10.180.1.21/identity/v3/users/92cd8398fc2843859596ce0e65dd9b22 0.266s
2024-12-10 21:16:37.785 65393 INFO tempest.lib.common.rest_client [req-0f6ba667-a9ea-4b4c-b1ed-2132367148c4 req-0f6ba667-a9ea-4b4c-b1ed-2132367148c4 ] Request (TenantUsagesNegativeTestJSON:test_get_usage_tenant_with_invalid_date): 400 GET http://10.180.1.21/compute/v2.1/os-simple-tenant-usage/ec9b6096249f478486ff4830457aa15f?start=2024-12-11T21%3A16%3A34.973922&end=2024-12-09T21%3A16%3A34.973922 1.229s
2024-12-10 21:16:37.860 65415 INFO tempest.lib.common.rest_client [req-65a1aa8d-3cc1-4f47-9b1a-70aee56bf537 req-65a1aa8d-3cc1-4f47-9b1a-70aee56bf537 ] Request (ServerDiagnosticsV248Test:setUpClass): 201 POST http://10.180.1.21/identity/v3/users 0.263s
2024-12-10 21:16:37.924 65389 INFO tempest.lib.common.rest_client [req-31b2eb4e-3b99-44ff-a6e1-a01a0ac4d41a req-31b2eb4e-3b99-44ff-a6e1-a01a0ac4d41a ] Request (KeyPairsV210TestJSON:tearDownClass): 204 DELETE http://10.180.1.21/identity/v3/users/ec1e73a621004fb089e20adeccae38f4 0.154s
2024-12-10 21:16:37.925 65389 INFO tempest.lib.common.dynamic_creds [-] Deleting project and security group for project: d7ccb3a265a94bc7ac6796dc9d1771d7
2024-12-10 21:16:37.980 65401 INFO tempest.lib.common.rest_client [req-825f647a-523d-41c0-b53f-f083ea3a0d96 req-825f647a-523d-41c0-b53f-f083ea3a0d96 ] Request (QuotasAdminNegativeTest:tearDownClass): 204 DELETE http://10.180.1.21:9696/networking/v2.0/security-groups/68a3221c-0dc0-444b-9fdf-400decf90094 0.267s
2024-12-10 21:16:37.986 65389 INFO tempest.lib.common.rest_client [req-379c467d-5a84-4df5-9125-b15917cdbe18 req-379c467d-5a84-4df5-9125-b15917cdbe18 ] Request (KeyPairsV210TestJSON:tearDownClass): 201 POST http://10.180.1.21/identity/v3/auth/tokens 0.061s
2024-12-10 21:16:37.987 65415 INFO tempest.lib.common.rest_client [req-ae586002-1260-4883-85ea-e7aa49c478cb req-ae586002-1260-4883-85ea-e7aa49c478cb ] Request (ServerDiagnosticsV248Test:setUpClass): 200 GET http://10.180.1.21/identity/v3/roles 0.127s
2024-12-10 21:16:38.046 65401 INFO tempest.lib.common.rest_client [req-f4c2597c-a8ca-43ba-b00c-f799d81fc224 req-f4c2597c-a8ca-43ba-b00c-f799d81fc224 ] Request (QuotasAdminNegativeTest:tearDownClass): 204 DELETE http://10.180.1.21/identity/v3/projects/898b7e0687d649cebb70fbbc66c1f612 0.065s
2024-12-10 21:16:38.105 65395 INFO tempest.lib.common.rest_client [req-1a54ae3b-80d6-4ec6-ae79-10c0cd118499 req-1a54ae3b-80d6-4ec6-ae79-10c0cd118499 ] Request (TenantUsagesTestJSON:setUpClass): 200 GET http://10.180.1.21/compute/v2.1/servers/a79edfa3-9b31-4079-979a-5d11818b3e42 1.388s
2024-12-10 21:16:38.129 65415 INFO tempest.lib.common.rest_client [req-00e4aa09-63bf-4ad2-9f60-b9e5063602d6 req-00e4aa09-63bf-4ad2-9f60-b9e5063602d6 ] Request (ServerDiagnosticsV248Test:setUpClass): 204 PUT http://10.180.1.21/identity/v3/projects/1cf686d7f19644438bfe266bcaac35d1/users/2d01c7f192b648ff9df29a46454091b4/roles/b6606da23f504803892afb916c5c7296 0.141s
2024-12-10 21:16:38.182 65415 INFO tempest.lib.common.rest_client [req-004bed67-276d-4f2d-af5c-c92e9aace35c req-004bed67-276d-4f2d-af5c-c92e9aace35c ] Request (ServerDiagnosticsV248Test:setUpClass): 200 GET http://10.180.1.21/identity/v3/roles 0.053s
2024-12-10 21:16:38.191 65401 INFO tempest.lib.common.rest_client [req-86221c16-887f-4271-a8b6-748e644cac14 req-86221c16-887f-4271-a8b6-748e644cac14 ] Request (SecurityGroupsTestAdminJSON:setUpClass): 201 POST http://10.180.1.21/identity/v3/auth/tokens 0.143s
2024-12-10 21:16:38.215 65415 INFO tempest.lib.common.rest_client [req-46adf836-000a-47a7-b4c1-fd7dc8e50367 req-46adf836-000a-47a7-b4c1-fd7dc8e50367 ] Request (ServerDiagnosticsV248Test:setUpClass): 204 PUT http://10.180.1.21/identity/v3/projects/1cf686d7f19644438bfe266bcaac35d1/users/2d01c7f192b648ff9df29a46454091b4/roles/b6606da23f504803892afb916c5c7296 0.032s
2024-12-10 21:16:38.215 65415 INFO tempest.lib.common.dynamic_creds [-] Dynamic test user 2d01c7f192b648ff9df29a46454091b4 is created with scope project and roles: ['admin']
2024-12-10 21:16:38.215 65415 INFO tempest.lib.common.dynamic_creds [-] Acquired dynamic creds: credentials: Credentials: {'domain_id': 'default', 'domain_name': 'Default', 'username': 'tempest-ServerDiagnosticsV248Test-1842091825-project-admin', 'project_domain_id': 'default', 'project_domain_name': 'Default', 'project_id': '1cf686d7f19644438bfe266bcaac35d1', 'project_name': 'tempest-ServerDiagnosticsV248Test-1842091825', 'tenant_id': '1cf686d7f19644438bfe266bcaac35d1', 'tenant_name': 'tempest-ServerDiagnosticsV248Test-1842091825', 'user_domain_id': 'default', 'user_domain_name': 'Default', 'user_id': '2d01c7f192b648ff9df29a46454091b4', 'system': None}, Network: None, Subnet: None, Router: None
2024-12-10 21:16:38.215 65415 INFO tempest.lib.common.dynamic_creds [-] Created isolated network resources for: credentials: Credentials: {'domain_id': 'default', 'domain_name': 'Default', 'username': 'tempest-ServerDiagnosticsV248Test-1842091825-project-admin', 'project_domain_id': 'default', 'project_domain_name': 'Default', 'project_id': '1cf686d7f19644438bfe266bcaac35d1', 'project_name': 'tempest-ServerDiagnosticsV248Test-1842091825', 'tenant_id': '1cf686d7f19644438bfe266bcaac35d1', 'tenant_name': 'tempest-ServerDiagnosticsV248Test-1842091825', 'user_domain_id': 'default', 'user_domain_name': 'Default', 'user_id': '2d01c7f192b648ff9df29a46454091b4', 'system': None}, Network: None, Subnet: None, Router: None
2024-12-10 21:16:38.276 65401 INFO tempest.lib.common.rest_client [req-9ffb40b6-b431-4d6b-a0be-c1f507a6ee4a req-9ffb40b6-b431-4d6b-a0be-c1f507a6ee4a ] Request (SecurityGroupsTestAdminJSON:setUpClass): 201 POST http://10.180.1.21/identity/v3/auth/tokens 0.082s
2024-12-10 21:16:38.316 65401 INFO tempest.lib.common.rest_client [req-7b7f22d1-d38d-4ddf-bb49-c88d1fa832a5 req-7b7f22d1-d38d-4ddf-bb49-c88d1fa832a5 ] Request (SecurityGroupsTestAdminJSON:setUpClass): 200 GET http://10.180.1.21/identity/v3/domains?name=Default 0.040s
2024-12-10 21:16:38.329 65397 INFO tempest.lib.common.rest_client [req-6583b6df-04c4-47c5-a9cc-e4d1c3b9105f req-6583b6df-04c4-47c5-a9cc-e4d1c3b9105f ] Request (FloatingIPDetailsNegativeTestJSON:tearDownClass): 204 DELETE http://10.180.1.21:9696/networking/v2.0/routers/1ef245cc-748c-4214-b3a6-a40d65a7cf73 1.169s
2024-12-10 21:16:38.333 65437 INFO tempest.lib.common.rest_client [req-3093c972-0200-4604-91e6-99557f6c5050 req-3093c972-0200-4604-91e6-99557f6c5050 ] Request (FloatingIPDetailsTestJSON:setUpClass): 200 PUT http://10.180.1.21:9696/networking/v2.0/routers/9d82e306-e18c-4585-a13b-819613467743/add_router_interface 3.110s
2024-12-10 21:16:38.333 65437 INFO tempest.lib.common.dynamic_creds [-] Created isolated network resources for: credentials: Credentials: {'domain_id': 'default', 'domain_name': 'Default', 'username': 'tempest-FloatingIPDetailsTestJSON-444563065-project-member', 'project_domain_id': 'default', 'project_domain_name': 'Default', 'project_id': 'e9a883647e65464aa68d2772a7d26fd7', 'project_name': 'tempest-FloatingIPDetailsTestJSON-444563065', 'tenant_id': 'e9a883647e65464aa68d2772a7d26fd7', 'tenant_name': 'tempest-FloatingIPDetailsTestJSON-444563065', 'user_domain_id': 'default', 'user_domain_name': 'Default', 'user_id': 'dc159581a0774fa8b7da1d2c3fc5bdd4', 'system': None}, Network: {'id': 'bab0a84c-1f39-4cf4-9ed3-a5679c830205', 'name': 'tempest-FloatingIPDetailsTestJSON-949741543-network', 'tenant_id': 'e9a883647e65464aa68d2772a7d26fd7', 'admin_state_up': True, 'mtu': 8950, 'status': 'ACTIVE', 'subnets': [], 'shared': False, 'project_id': 'e9a883647e65464aa68d2772a7d26fd7', 'port_security_enabled': True, 'router:external': False, 'provider:network_type': 'vlan', 'provider:physical_network': 'default', 'provider:segmentation_id': 474, 'availability_zone_hints': [], 'availability_zones': [], 'ipv4_address_scope': None, 'ipv6_address_scope': None, 'description': '', 'tags': [], 'created_at': '2024-12-10T21:16:30Z', 'updated_at': '2024-12-10T21:16:31Z', 'revision_number': 1}, Subnet: {'id': '1bcd384d-e65d-4723-9c3a-ebfc912505d1', 'name': 'tempest-FloatingIPDetailsTestJSON-949741543-subnet', 'tenant_id': 'e9a883647e65464aa68d2772a7d26fd7', 'network_id': 'bab0a84c-1f39-4cf4-9ed3-a5679c830205', 'ip_version': 4, 'subnetpool_id': None, 'enable_dhcp': True, 'ipv6_ra_mode': None, 'ipv6_address_mode': None, 'gateway_ip': '192.168.128.1', 'cidr': '192.168.128.0/28', 'allocation_pools': [{'start': '192.168.128.2', 'end': '192.168.128.14'}], 'host_routes': [], 'dns_nameservers': [], 'description': '', 'router:external': False, 'service_types': [], 'tags': [], 'created_at': '2024-12-10T21:16:31Z', 'updated_at': '2024-12-10T21:16:31Z', 'revision_number': 0, 'project_id': 'e9a883647e65464aa68d2772a7d26fd7'}, Router: {'id': '9d82e306-e18c-4585-a13b-819613467743', 'name': 'tempest-FloatingIPDetailsTestJSON-949741543-router', 'tenant_id': 'e9a883647e65464aa68d2772a7d26fd7', 'admin_state_up': True, 'status': 'ACTIVE', 'external_gateway_info': {'network_id': '58220cf0-baa9-4eab-9017-ce887fc585ff', 'external_fixed_ips': [{'subnet_id': '17481956-8957-4bbc-9b08-0fbeb16785dc', 'ip_address': '10.180.180.242'}], 'enable_snat': True}, 'description': '', 'availability_zones': [], 'distributed': False, 'ha': False, 'availability_zone_hints': [], 'routes': [], 'flavor_id': None, 'tags': [], 'created_at': '2024-12-10T21:16:32Z', 'updated_at': '2024-12-10T21:16:33Z', 'revision_number': 2, 'project_id': 'e9a883647e65464aa68d2772a7d26fd7'}
2024-12-10 21:16:38.395 65415 INFO tempest.lib.common.rest_client [req-f6819e52-bd26-4b95-8da3-f3b083767ce3 req-f6819e52-bd26-4b95-8da3-f3b083767ce3 ] Request (ServerDiagnosticsV248Test:setUpClass): 201 POST http://10.180.1.21/identity/v3/auth/tokens 0.176s
2024-12-10 21:16:38.421 65401 INFO tempest.lib.common.rest_client [req-81e4a0e4-ce3f-4de4-b4f4-bba812dcad15 req-81e4a0e4-ce3f-4de4-b4f4-bba812dcad15 ] Request (SecurityGroupsTestAdminJSON:setUpClass): 201 POST http://10.180.1.21/identity/v3/projects 0.105s
2024-12-10 21:16:38.439 65421 INFO tempest.lib.common.rest_client [req-fad1b134-0931-4f59-bcd3-72ce35d0c7d5 req-fad1b134-0931-4f59-bcd3-72ce35d0c7d5 ] Request (ServerDiagnosticsNegativeTest:test_get_server_diagnostics_by_non_admin): 200 GET http://10.180.1.21/compute/v2.1/servers/28466209-2f25-401f-b406-78c8a99d8443 1.552s
2024-12-10 21:16:38.493 65437 INFO tempest.lib.common.rest_client [req-0e67bc04-62ed-4ead-a8cd-29f3e03aca61 req-0e67bc04-62ed-4ead-a8cd-29f3e03aca61 ] Request (FloatingIPDetailsTestJSON:setUpClass): 201 POST http://10.180.1.21/identity/v3/auth/tokens 0.154s
2024-12-10 21:16:38.545 65403 INFO tempest.lib.common.rest_client [req-ac08d516-9446-426d-bf68-ac2539267531 req-ac08d516-9446-426d-bf68-ac2539267531 ] Request (ServerDiagnosticsTest:test_get_server_diagnostics): 200 GET http://10.180.1.21/compute/v2.1/servers/0addfb95-4247-496a-a5bc-4954ce8acba7 1.493s
2024-12-10 21:16:38.566 65415 INFO tempest.lib.common.rest_client [req-ffceb450-b8ce-422e-99ab-4afdc23911be req-ffceb450-b8ce-422e-99ab-4afdc23911be ] Request (ServerDiagnosticsV248Test:test_get_server_diagnostics): 201 POST http://10.180.1.21/identity/v3/auth/tokens 0.163s
2024-12-10 21:16:38.567 65415 INFO tempest.lib.common.fixed_network [-] (ServerDiagnosticsV248Test:test_get_server_diagnostics) Found network None available for tenant
2024-12-10 21:16:38.584 65423 INFO tempest.lib.common.rest_client [req-e75606fe-636f-4538-9b94-bc0dfca09fd0 req-e75606fe-636f-4538-9b94-bc0dfca09fd0 ] Request (ServersTestManualDisk:setUpClass): 201 POST http://10.180.1.21:9696/networking/v2.0/networks 1.126s
2024-12-10 21:16:38.609 65401 INFO tempest.lib.common.rest_client [req-079d7cd8-553b-428b-92a8-2f38fda43b62 req-079d7cd8-553b-428b-92a8-2f38fda43b62 ] Request (SecurityGroupsTestAdminJSON:setUpClass): 201 POST http://10.180.1.21/identity/v3/users 0.187s
2024-12-10 21:16:38.615 65389 INFO tempest.lib.common.rest_client [req-3489cf9c-6e55-4c0d-a1da-fcb50a6e1e44 req-3489cf9c-6e55-4c0d-a1da-fcb50a6e1e44 ] Request (KeyPairsV210TestJSON:tearDownClass): 200 GET http://10.180.1.21:9696/networking/v2.0/security-groups?tenant_id=d7ccb3a265a94bc7ac6796dc9d1771d7&name=default 0.629s
2024-12-10 21:16:38.641 65401 INFO tempest.lib.common.rest_client [req-ff3a28c0-c524-41e6-8595-4c498da83f64 req-ff3a28c0-c524-41e6-8595-4c498da83f64 ] Request (SecurityGroupsTestAdminJSON:setUpClass): 200 GET http://10.180.1.21/identity/v3/roles 0.030s
2024-12-10 21:16:38.678 65401 INFO tempest.lib.common.rest_client [req-e010e193-9864-4f8a-98ce-adee8fd22dc1 req-e010e193-9864-4f8a-98ce-adee8fd22dc1 ] Request (SecurityGroupsTestAdminJSON:setUpClass): 204 PUT http://10.180.1.21/identity/v3/projects/5e9a2f3fd414459c86077cd82d863a88/users/5870c2e8ff2b42b7bae833edc8df622a/roles/2c9c87fe66db4c1fac5e5ee757abd1f0 0.037s
2024-12-10 21:16:38.679 65401 INFO tempest.lib.common.dynamic_creds [-] Dynamic test user 5870c2e8ff2b42b7bae833edc8df622a is created with scope project and roles: ['member']
2024-12-10 21:16:38.679 65401 INFO tempest.lib.common.dynamic_creds [-] Acquired dynamic creds: credentials: Credentials: {'domain_id': 'default', 'domain_name': 'Default', 'username': 'tempest-SecurityGroupsTestAdminJSON-334755034-project-member', 'project_domain_id': 'default', 'project_domain_name': 'Default', 'project_id': '5e9a2f3fd414459c86077cd82d863a88', 'project_name': 'tempest-SecurityGroupsTestAdminJSON-334755034', 'tenant_id': '5e9a2f3fd414459c86077cd82d863a88', 'tenant_name': 'tempest-SecurityGroupsTestAdminJSON-334755034', 'user_domain_id': 'default', 'user_domain_name': 'Default', 'user_id': '5870c2e8ff2b42b7bae833edc8df622a', 'system': None}, Network: None, Subnet: None, Router: None
2024-12-10 21:16:38.680 65401 INFO tempest.lib.common.dynamic_creds [-] Created isolated network resources for: credentials: Credentials: {'domain_id': 'default', 'domain_name': 'Default', 'username': 'tempest-SecurityGroupsTestAdminJSON-334755034-project-member', 'project_domain_id': 'default', 'project_domain_name': 'Default', 'project_id': '5e9a2f3fd414459c86077cd82d863a88', 'project_name': 'tempest-SecurityGroupsTestAdminJSON-334755034', 'tenant_id': '5e9a2f3fd414459c86077cd82d863a88', 'tenant_name': 'tempest-SecurityGroupsTestAdminJSON-334755034', 'user_domain_id': 'default', 'user_domain_name': 'Default', 'user_id': '5870c2e8ff2b42b7bae833edc8df622a', 'system': None}, Network: None, Subnet: None, Router: None
2024-12-10 21:16:38.687 65407 INFO tempest.lib.common.rest_client [req-c15b5692-4b41-4a00-a5de-8ec4ee21dc88 req-c15b5692-4b41-4a00-a5de-8ec4ee21dc88 ] Request (DeleteServersTestJSON:test_delete_active_server): 202 POST http://10.180.1.21/compute/v2.1/servers 2.806s
2024-12-10 21:16:38.695 65379 INFO tempest.lib.common.rest_client [req-fce012a1-8d6c-4253-93ba-26a2228d8e88 req-fce012a1-8d6c-4253-93ba-26a2228d8e88 ] Request (FlavorsV2NegativeTest:test_boot_with_low_ram): 204 PUT http://10.180.1.21/image/v2/images/fca86a46-399d-4ccc-9a19-76f2586da2b1/file 1.309s
2024-12-10 21:16:38.730 65397 INFO tempest.lib.common.rest_client [req-57fd4c0b-0115-4bec-9c9d-8fbe5702a6de req-57fd4c0b-0115-4bec-9c9d-8fbe5702a6de ] Request (FloatingIPDetailsNegativeTestJSON:tearDownClass): 204 DELETE http://10.180.1.21:9696/networking/v2.0/subnets/471c05e1-0f11-41ec-bfea-cd9ae9a9f025 0.401s
2024-12-10 21:16:38.783 65401 INFO tempest.lib.common.rest_client [req-113f3b5c-0f63-463e-9d60-964b1de2d5e1 req-113f3b5c-0f63-463e-9d60-964b1de2d5e1 ] Request (SecurityGroupsTestAdminJSON:setUpClass): 201 POST http://10.180.1.21/identity/v3/auth/tokens 0.099s
2024-12-10 21:16:38.882 65379 INFO tempest.lib.common.rest_client [req-b19800de-4f57-4b3a-a538-136c29237d66 req-b19800de-4f57-4b3a-a538-136c29237d66 ] Request (FlavorsV2NegativeTest:test_boot_with_low_ram): 201 POST http://10.180.1.21/identity/v3/auth/tokens 0.180s
2024-12-10 21:16:38.882 65379 INFO tempest.lib.common.fixed_network [-] (FlavorsV2NegativeTest:test_boot_with_low_ram) Found network None available for tenant
