2024-12-10 21:16:27.970 65385 INFO tempest.lib.common.rest_client [req-537f5668-76f4-46b9-9b0e-82e150168b96 req-537f5668-76f4-46b9-9b0e-82e150168b96 ] Request (HypervisorAdminNegativeUnderV252Test:tearDownClass): 204 DELETE http://10.180.1.21/identity/v3/projects/f6ad6044e602472682be8b1db4701cf2 0.171s
2024-12-10 21:16:27.980 65391 INFO tempest.lib.common.rest_client [req-c5e402fb-e731-4d4a-9aa9-2e6aaf2879f1 req-c5e402fb-e731-4d4a-9aa9-2e6aaf2879f1 ] Request (ServersWithSpecificFlavorTestJSON:test_verify_created_server_ephemeral_disk): 200 POST http://10.180.1.21/compute/v2.1/flavors 0.929s
2024-12-10 21:16:27.983 65407 INFO tempest.lib.common.rest_client [req-5d6b862b-affb-46a6-83e2-a15ae6e99fb5 req-5d6b862b-affb-46a6-83e2-a15ae6e99fb5 ] Request (DeleteServersTestJSON:setUpClass): 201 POST http://10.180.1.21:9696/networking/v2.0/networks 0.761s
2024-12-10 21:16:27.986 65437 INFO tempest.lib.common.rest_client [req-cd1e5180-f384-4095-95ed-15ed9c445f90 req-cd1e5180-f384-4095-95ed-15ed9c445f90 ] Request (FlavorsV255TestJSON:tearDownClass): 204 DELETE http://10.180.1.21/identity/v3/users/f777d28de58d4adc8acf561c7a592b24 0.150s
2024-12-10 21:16:27.986 65437 INFO tempest.lib.common.dynamic_creds [-] Deleting project and security group for project: 23eb607ace5140c1b3bc423026205f59
2024-12-10 21:16:28.010 65379 INFO tempest.lib.common.rest_client [req-3c59a851-170a-4110-ae96-c6e3e8dae14b req-3c59a851-170a-4110-ae96-c6e3e8dae14b ] Request (ServicesAdminNegativeTestJSON:test_get_service_by_invalid_params): 200 GET http://10.180.1.21/compute/v2.1/os-services?xxx=nova-compute 0.943s
2024-12-10 21:16:28.029 65419 INFO tempest.lib.common.rest_client [req-748ffe85-972d-4143-9c44-65c937518126 req-748ffe85-972d-4143-9c44-65c937518126 ] Request (FlavorsAccessNegativeTestJSON:test_flavor_access_list_with_public_flavor): 200 POST http://10.180.1.21/compute/v2.1/flavors 0.927s
2024-12-10 21:16:28.042 65389 INFO tempest.lib.common.rest_client [req-4e1adc4b-39f6-4394-a0a9-8b99bb0a1bb0 req-4e1adc4b-39f6-4394-a0a9-8b99bb0a1bb0 ] Request (KeyPairsV210TestJSON:setUpClass): 204 PUT http://10.180.1.21/identity/v3/projects/d7ccb3a265a94bc7ac6796dc9d1771d7/users/ec1e73a621004fb089e20adeccae38f4/roles/b6606da23f504803892afb916c5c7296 0.134s
2024-12-10 21:16:28.043 65389 INFO tempest.lib.common.dynamic_creds [-] Dynamic test user ec1e73a621004fb089e20adeccae38f4 is created with scope project and roles: ['admin']
2024-12-10 21:16:28.043 65389 INFO tempest.lib.common.dynamic_creds [-] Acquired dynamic creds: credentials: Credentials: {'domain_id': 'default', 'domain_name': 'Default', 'username': 'tempest-KeyPairsV210TestJSON-21783904-project-admin', 'project_domain_id': 'default', 'project_domain_name': 'Default', 'project_id': 'd7ccb3a265a94bc7ac6796dc9d1771d7', 'project_name': 'tempest-KeyPairsV210TestJSON-21783904', 'tenant_id': 'd7ccb3a265a94bc7ac6796dc9d1771d7', 'tenant_name': 'tempest-KeyPairsV210TestJSON-21783904', 'user_domain_id': 'default', 'user_domain_name': 'Default', 'user_id': 'ec1e73a621004fb089e20adeccae38f4', 'system': None}, Network: None, Subnet: None, Router: None
2024-12-10 21:16:28.043 65389 INFO tempest.lib.common.dynamic_creds [-] Created isolated network resources for: credentials: Credentials: {'domain_id': 'default', 'domain_name': 'Default', 'username': 'tempest-KeyPairsV210TestJSON-21783904-project-admin', 'project_domain_id': 'default', 'project_domain_name': 'Default', 'project_id': 'd7ccb3a265a94bc7ac6796dc9d1771d7', 'project_name': 'tempest-KeyPairsV210TestJSON-21783904', 'tenant_id': 'd7ccb3a265a94bc7ac6796dc9d1771d7', 'tenant_name': 'tempest-KeyPairsV210TestJSON-21783904', 'user_domain_id': 'default', 'user_domain_name': 'Default', 'user_id': 'ec1e73a621004fb089e20adeccae38f4', 'system': None}, Network: None, Subnet: None, Router: None
2024-12-10 21:16:28.044 65397 INFO tempest.lib.common.rest_client [req-2b62ac29-bcbe-42c4-8fbe-6f0b92bc7da0 req-2b62ac29-bcbe-42c4-8fbe-6f0b92bc7da0 ] Request (FloatingIPDetailsNegativeTestJSON:setUpClass): 201 POST http://10.180.1.21:9696/networking/v2.0/networks 0.916s
2024-12-10 21:16:28.072 65393 INFO tempest.lib.common.rest_client [req-1aa928f9-1a94-4719-a50a-5fe202b557ce req-1aa928f9-1a94-4719-a50a-5fe202b557ce ] Request (ServicesAdminTestJSON:setUpClass): 204 PUT http://10.180.1.21/identity/v3/projects/4edc3a07145f4efc8d594b0767d64ff4/users/f0b772d24f024baba3be09922272827c/roles/b6606da23f504803892afb916c5c7296 0.180s
2024-12-10 21:16:28.072 65393 INFO tempest.lib.common.dynamic_creds [-] Dynamic test user f0b772d24f024baba3be09922272827c is created with scope project and roles: ['admin']
2024-12-10 21:16:28.072 65393 INFO tempest.lib.common.dynamic_creds [-] Acquired dynamic creds: credentials: Credentials: {'domain_id': 'default', 'domain_name': 'Default', 'username': 'tempest-ServicesAdminTestJSON-603860009-project-admin', 'project_domain_id': 'default', 'project_domain_name': 'Default', 'project_id': '4edc3a07145f4efc8d594b0767d64ff4', 'project_name': 'tempest-ServicesAdminTestJSON-603860009', 'tenant_id': '4edc3a07145f4efc8d594b0767d64ff4', 'tenant_name': 'tempest-ServicesAdminTestJSON-603860009', 'user_domain_id': 'default', 'user_domain_name': 'Default', 'user_id': 'f0b772d24f024baba3be09922272827c', 'system': None}, Network: None, Subnet: None, Router: None
2024-12-10 21:16:28.072 65393 INFO tempest.lib.common.dynamic_creds [-] Created isolated network resources for: credentials: Credentials: {'domain_id': 'default', 'domain_name': 'Default', 'username': 'tempest-ServicesAdminTestJSON-603860009-project-admin', 'project_domain_id': 'default', 'project_domain_name': 'Default', 'project_id': '4edc3a07145f4efc8d594b0767d64ff4', 'project_name': 'tempest-ServicesAdminTestJSON-603860009', 'tenant_id': '4edc3a07145f4efc8d594b0767d64ff4', 'tenant_name': 'tempest-ServicesAdminTestJSON-603860009', 'user_domain_id': 'default', 'user_domain_name': 'Default', 'user_id': 'f0b772d24f024baba3be09922272827c', 'system': None}, Network: None, Subnet: None, Router: None
2024-12-10 21:16:28.105 65385 INFO tempest.lib.common.rest_client [req-208ac371-b236-4af9-899d-d6b6eec2e8e3 req-208ac371-b236-4af9-899d-d6b6eec2e8e3 ] Request (ImagesOneServerTestJSON:setUpClass): 201 POST http://10.180.1.21/identity/v3/auth/tokens 0.133s
2024-12-10 21:16:28.131 65437 INFO tempest.lib.common.rest_client [req-f1100387-1d89-4e0b-ace8-dbd0d05509f8 req-f1100387-1d89-4e0b-ace8-dbd0d05509f8 ] Request (FlavorsV255TestJSON:tearDownClass): 201 POST http://10.180.1.21/identity/v3/auth/tokens 0.144s
2024-12-10 21:16:28.137 65409 INFO tempest.lib.common.rest_client [req-71459da2-2558-46f6-b4fa-0ec36807ba82 req-71459da2-2558-46f6-b4fa-0ec36807ba82 ] Request (DeleteServersAdminTestJSON:test_admin_delete_servers_of_others): 200 GET http://10.180.1.21/compute/v2.1/servers/366986e7-d0b3-40a2-9aa0-b1379d094c18 0.908s
2024-12-10 21:16:28.145 65409 INFO tempest.common.waiters [-] State transition "BUILD/None" ==> "BUILD/block_device_mapping" after 7 second wait
2024-12-10 21:16:28.182 65389 INFO tempest.lib.common.rest_client [req-5c1a90a5-8742-44e7-abda-7479cc2a40e7 req-5c1a90a5-8742-44e7-abda-7479cc2a40e7 ] Request (KeyPairsV210TestJSON:setUpClass): 201 POST http://10.180.1.21/identity/v3/auth/tokens 0.133s
2024-12-10 21:16:28.199 65393 INFO tempest.lib.common.rest_client [req-ef9e220d-ec77-4645-8f03-1272746cf99a req-ef9e220d-ec77-4645-8f03-1272746cf99a ] Request (ServicesAdminTestJSON:setUpClass): 201 POST http://10.180.1.21/identity/v3/auth/tokens 0.121s
2024-12-10 21:16:28.203 65421 INFO tempest.lib.common.rest_client [req-34442424-f0a5-4458-a2e4-6f37961634c2 req-34442424-f0a5-4458-a2e4-6f37961634c2 ] Request (ServerDiagnosticsNegativeTest:test_get_server_diagnostics_by_non_admin): 200 GET http://10.180.1.21/compute/v2.1/servers/28466209-2f25-401f-b406-78c8a99d8443 1.421s
2024-12-10 21:16:28.211 65395 INFO tempest.lib.common.rest_client [req-19050d74-3569-4432-a9cc-fdac88664a27 req-19050d74-3569-4432-a9cc-fdac88664a27 ] Request (TenantUsagesTestJSON:setUpClass): 200 GET http://10.180.1.21/compute/v2.1/servers/a79edfa3-9b31-4079-979a-5d11818b3e42 0.922s
2024-12-10 21:16:28.213 65421 INFO tempest.common.waiters [-] State transition "BUILD/networking" ==> "BUILD/spawning" after 8 second wait
2024-12-10 21:16:28.214 65385 INFO tempest.lib.common.rest_client [req-86d6b9ba-7aae-4ae8-95f2-ed6b97d1be9e req-86d6b9ba-7aae-4ae8-95f2-ed6b97d1be9e ] Request (ImagesOneServerTestJSON:setUpClass): 201 POST http://10.180.1.21/identity/v3/auth/tokens 0.106s
2024-12-10 21:16:28.227 65423 INFO tempest.lib.common.rest_client [req-410c9c1e-81c5-40a7-9654-becc686d7f09 req-410c9c1e-81c5-40a7-9654-becc686d7f09 ] Request (KeyPairsV2TestJSON:_run_cleanups): 202 DELETE http://10.180.1.21/compute/v2.1/os-keypairs/tempest-keypair-1899931159 0.712s
2024-12-10 21:16:28.238 65399 INFO tempest.lib.common.rest_client [req-97170634-e667-4728-94e2-c760a1f0f159 req-97170634-e667-4728-94e2-c760a1f0f159 ] Request (HypervisorAdminNegativeTestJSON:test_show_hypervisor_with_non_admin_user): 200 GET http://10.180.1.21/compute/v2.1/os-hypervisors 0.656s
2024-12-10 21:16:28.253 65385 INFO tempest.lib.common.rest_client [req-4392d75e-191e-43c6-a9b1-1db14dfba15c req-4392d75e-191e-43c6-a9b1-1db14dfba15c ] Request (ImagesOneServerTestJSON:setUpClass): 200 GET http://10.180.1.21/identity/v3/domains?name=Default 0.038s
2024-12-10 21:16:28.253 65375 INFO tempest.lib.common.rest_client [req-cac5240f-0f19-40b7-b7ee-a84f104771cd req-cac5240f-0f19-40b7-b7ee-a84f104771cd ] Request (FlavorsAdminTestJSON:test_create_flavor_with_int_id): 200 POST http://10.180.1.21/compute/v2.1/flavors 0.662s
2024-12-10 21:16:28.285 65385 INFO tempest.lib.common.rest_client [req-aa099445-53ff-4856-a4ff-6c6e1a704259 req-aa099445-53ff-4856-a4ff-6c6e1a704259 ] Request (ImagesOneServerTestJSON:setUpClass): 201 POST http://10.180.1.21/identity/v3/projects 0.032s
2024-12-10 21:16:28.359 65385 INFO tempest.lib.common.rest_client [req-84f2eebe-1a3e-4ab2-bcc9-65fa3041a35d req-84f2eebe-1a3e-4ab2-bcc9-65fa3041a35d ] Request (ImagesOneServerTestJSON:setUpClass): 201 POST http://10.180.1.21/identity/v3/users 0.073s
2024-12-10 21:16:28.379 65385 INFO tempest.lib.common.rest_client [req-f879047f-f055-4deb-bab2-4eb9e6599ab1 req-f879047f-f055-4deb-bab2-4eb9e6599ab1 ] Request (ImagesOneServerTestJSON:setUpClass): 200 GET http://10.180.1.21/identity/v3/roles 0.019s
2024-12-10 21:16:28.406 65377 INFO tempest.lib.common.rest_client [req-f52817e5-da09-4f4c-a6df-a50f19fe38c5 req-f52817e5-da09-4f4c-a6df-a50f19fe38c5 ] Request (AggregatesAdminNegativeTestJSON:test_aggregate_add_host_as_user): 403 POST http://10.180.1.21/compute/v2.1/os-aggregates/2/action 0.748s
2024-12-10 21:16:28.413 65385 INFO tempest.lib.common.rest_client [req-fdf2fe69-4698-48f5-bf48-43821313ebef req-fdf2fe69-4698-48f5-bf48-43821313ebef ] Request (ImagesOneServerTestJSON:setUpClass): 204 PUT http://10.180.1.21/identity/v3/projects/7e948035431749118b74ecc50ae40bf8/users/54f6976b6dbd43f585548664528e48e4/roles/2c9c87fe66db4c1fac5e5ee757abd1f0 0.033s
2024-12-10 21:16:28.413 65385 INFO tempest.lib.common.dynamic_creds [-] Dynamic test user 54f6976b6dbd43f585548664528e48e4 is created with scope project and roles: ['member']
2024-12-10 21:16:28.413 65385 INFO tempest.lib.common.dynamic_creds [-] Acquired dynamic creds: credentials: Credentials: {'domain_id': 'default', 'domain_name': 'Default', 'username': 'tempest-ImagesOneServerTestJSON-1597396227-project-member', 'project_domain_id': 'default', 'project_domain_name': 'Default', 'project_id': '7e948035431749118b74ecc50ae40bf8', 'project_name': 'tempest-ImagesOneServerTestJSON-1597396227', 'tenant_id': '7e948035431749118b74ecc50ae40bf8', 'tenant_name': 'tempest-ImagesOneServerTestJSON-1597396227', 'user_domain_id': 'default', 'user_domain_name': 'Default', 'user_id': '54f6976b6dbd43f585548664528e48e4', 'system': None}, Network: None, Subnet: None, Router: None
2024-12-10 21:16:28.470 65385 INFO tempest.lib.common.rest_client [req-d469eb97-fb02-41d5-aa98-13a33fb95cdf req-d469eb97-fb02-41d5-aa98-13a33fb95cdf ] Request (ImagesOneServerTestJSON:setUpClass): 201 POST http://10.180.1.21/identity/v3/auth/tokens 0.056s
2024-12-10 21:16:28.513 65437 INFO tempest.lib.common.rest_client [req-98eaba16-f910-4d37-80a6-d98bcb92e2f0 req-98eaba16-f910-4d37-80a6-d98bcb92e2f0 ] Request (FlavorsV255TestJSON:tearDownClass): 200 GET http://10.180.1.21:9696/networking/v2.0/security-groups?tenant_id=23eb607ace5140c1b3bc423026205f59&name=default 0.381s
2024-12-10 21:16:28.517 65405 INFO tempest.lib.common.rest_client [req-33cd1010-b9aa-4555-a11f-c41b9e081b34 req-33cd1010-b9aa-4555-a11f-c41b9e081b34 ] Request (QuotasAdminTestJSON:test_get_default_quotas): 200 GET http://10.180.1.21/compute/v2.1/os-quota-sets/408d66cbf62244bf837772ad4365ed23/defaults 0.803s
2024-12-10 21:16:28.525 65397 INFO tempest.lib.common.rest_client [req-b172cbec-db24-40a5-9f42-9ebb6a21e9e7 req-b172cbec-db24-40a5-9f42-9ebb6a21e9e7 ] Request (FloatingIPDetailsNegativeTestJSON:setUpClass): 201 POST http://10.180.1.21:9696/networking/v2.0/subnets 0.480s
2024-12-10 21:16:28.536 65431 INFO tempest.lib.common.rest_client [req-a6744350-6a31-4bae-b2a0-56d541c5ef86 req-a6744350-6a31-4bae-b2a0-56d541c5ef86 ] Request (ServersAdminTestJSON:setUpClass): 200 PUT http://10.180.1.21:9696/networking/v2.0/routers/1e1389aa-62b1-48ae-a603-35b3455353a6/add_router_interface 1.844s
2024-12-10 21:16:28.536 65431 INFO tempest.lib.common.dynamic_creds [-] Created isolated network resources for: credentials: Credentials: {'domain_id': 'default', 'domain_name': 'Default', 'username': 'tempest-ServersAdminTestJSON-1745780608-project-admin', 'project_domain_id': 'default', 'project_domain_name': 'Default', 'project_id': 'f42c36b28fe74b01a6258dd82e66607c', 'project_name': 'tempest-ServersAdminTestJSON-1745780608', 'tenant_id': 'f42c36b28fe74b01a6258dd82e66607c', 'tenant_name': 'tempest-ServersAdminTestJSON-1745780608', 'user_domain_id': 'default', 'user_domain_name': 'Default', 'user_id': 'ad8e0b9501754991b71adac5fa833af5', 'system': None}, Network: {'id': '42337688-a7af-4e42-96c7-7b636706bebb', 'name': 'tempest-ServersAdminTestJSON-2121247524-network', 'tenant_id': 'f42c36b28fe74b01a6258dd82e66607c', 'admin_state_up': True, 'mtu': 8950, 'status': 'ACTIVE', 'subnets': [], 'shared': False, 'project_id': 'f42c36b28fe74b01a6258dd82e66607c', 'port_security_enabled': True, 'router:external': False, 'provider:network_type': 'vlan', 'provider:physical_network': 'default', 'provider:segmentation_id': 758, 'availability_zone_hints': [], 'availability_zones': [], 'ipv4_address_scope': None, 'ipv6_address_scope': None, 'description': '', 'tags': [], 'created_at': '2024-12-10T21:16:24Z', 'updated_at': '2024-12-10T21:16:24Z', 'revision_number': 1}, Subnet: {'id': 'ee3fd915-d09e-42bf-9b1e-363cbabb884b', 'name': 'tempest-ServersAdminTestJSON-2121247524-subnet', 'tenant_id': 'f42c36b28fe74b01a6258dd82e66607c', 'network_id': '42337688-a7af-4e42-96c7-7b636706bebb', 'ip_version': 4, 'subnetpool_id': None, 'enable_dhcp': True, 'ipv6_ra_mode': None, 'ipv6_address_mode': None, 'gateway_ip': '192.168.128.1', 'cidr': '192.168.128.0/28', 'allocation_pools': [{'start': '192.168.128.2', 'end': '192.168.128.14'}], 'host_routes': [], 'dns_nameservers': [], 'description': '', 'router:external': False, 'service_types': [], 'tags': [], 'created_at': '2024-12-10T21:16:24Z', 'updated_at': '2024-12-10T21:16:24Z', 'revision_number': 0, 'project_id': 'f42c36b28fe74b01a6258dd82e66607c'}, Router: {'id': '1e1389aa-62b1-48ae-a603-35b3455353a6', 'name': 'tempest-ServersAdminTestJSON-2121247524-router', 'tenant_id': 'f42c36b28fe74b01a6258dd82e66607c', 'admin_state_up': True, 'status': 'ACTIVE', 'external_gateway_info': {'network_id': '58220cf0-baa9-4eab-9017-ce887fc585ff', 'external_fixed_ips': [{'subnet_id': '17481956-8957-4bbc-9b08-0fbeb16785dc', 'ip_address': '10.180.180.238'}], 'enable_snat': True}, 'description': '', 'availability_zones': [], 'distributed': False, 'ha': False, 'availability_zone_hints': [], 'routes': [], 'flavor_id': None, 'tags': [], 'created_at': '2024-12-10T21:16:25Z', 'updated_at': '2024-12-10T21:16:25Z', 'revision_number': 2, 'project_id': 'f42c36b28fe74b01a6258dd82e66607c'}
2024-12-10 21:16:28.559 65425 INFO tempest.lib.common.rest_client [req-884489d3-be8a-46d0-97aa-7e73175eea5d req-884489d3-be8a-46d0-97aa-7e73175eea5d ] Request (HostsAdminTestJSON:test_list_hosts_with_zone): 200 GET http://10.180.1.21/compute/v2.1/os-hosts?zone=internal 0.815s
2024-12-10 21:16:28.577 65405 INFO tempest.lib.common.rest_client [req-56fc42d1-2e8b-4681-a057-3eec8daf71b9 req-56fc42d1-2e8b-4681-a057-3eec8daf71b9 ] Request (QuotasAdminTestJSON:test_get_updated_quotas): 200 GET http://10.180.1.21/identity/v3/domains?name=Default 0.055s
2024-12-10 21:16:28.589 65407 INFO tempest.lib.common.rest_client [req-e81accc8-ff33-419d-b0aa-ff9903eb6709 req-e81accc8-ff33-419d-b0aa-ff9903eb6709 ] Request (DeleteServersTestJSON:setUpClass): 201 POST http://10.180.1.21:9696/networking/v2.0/subnets 0.605s
2024-12-10 21:16:28.592 65415 INFO tempest.lib.common.rest_client [req-1d889736-e307-4fa8-8466-c13df40614c4 req-1d889736-e307-4fa8-8466-c13df40614c4 ] Request (FlavorsExtraSpecsTestJSON:test_flavor_set_get_update_show_unset_keys): 200 PUT http://10.180.1.21/compute/v2.1/flavors/992966966/os-extra_specs/hw:numa_nodes 0.636s
2024-12-10 21:16:28.608 65391 INFO tempest.lib.common.rest_client [req-241789e1-fa7b-4171-8087-a4312c4fd1fa req-241789e1-fa7b-4171-8087-a4312c4fd1fa ] Request (ServersWithSpecificFlavorTestJSON:test_verify_created_server_ephemeral_disk): 200 GET http://10.180.1.21/compute/v2.1/flavors/42/os-extra_specs 0.626s
2024-12-10 21:16:28.620 65401 INFO tempest.lib.common.rest_client [req-c7736be7-d243-4bc7-8d47-20599a164dc9 req-c7736be7-d243-4bc7-8d47-20599a164dc9 ] Request (QuotasAdminNegativeTest:test_create_server_when_instances_quota_is_full): 403 POST http://10.180.1.21/compute/v2.1/servers 0.974s
2024-12-10 21:16:28.625 65405 INFO tempest.lib.common.rest_client [req-dacb0195-c2c2-4446-9772-1a27134b35a5 req-dacb0195-c2c2-4446-9772-1a27134b35a5 ] Request (QuotasAdminTestJSON:test_get_updated_quotas): 201 POST http://10.180.1.21/identity/v3/projects 0.048s
2024-12-10 21:16:28.652 65379 INFO tempest.lib.common.rest_client [req-35351a40-41f0-428c-87e2-4aa7f570470d req-35351a40-41f0-428c-87e2-4aa7f570470d ] Request (ServicesAdminNegativeTestJSON:test_get_service_by_invalid_service_and_valid_host): 200 GET http://10.180.1.21/compute/v2.1/os-services 0.637s
2024-12-10 21:16:28.661 65419 INFO tempest.lib.common.rest_client [req-244f7dfc-267e-4b13-afb5-76b8d7be0707 req-244f7dfc-267e-4b13-afb5-76b8d7be0707 ] Request (FlavorsAccessNegativeTestJSON:test_flavor_access_list_with_public_flavor): 404 GET http://10.180.1.21/compute/v2.1/flavors/1138058782/os-flavor-access 0.630s
2024-12-10 21:16:28.692 65431 INFO tempest.lib.common.rest_client [req-10ddbc2f-ed3c-4557-958b-9a6e87bfccf7 req-10ddbc2f-ed3c-4557-958b-9a6e87bfccf7 ] Request (ServersAdminTestJSON:setUpClass): 201 POST http://10.180.1.21/identity/v3/auth/tokens 0.151s
2024-12-10 21:16:28.717 65405 INFO tempest.lib.common.rest_client [req-a3934ae3-0135-4e2e-9ce9-3df855a30732 req-a3934ae3-0135-4e2e-9ce9-3df855a30732 ] Request (QuotasAdminTestJSON:test_get_updated_quotas): 200 GET http://10.180.1.21/identity/v3/domains?name=Default 0.091s
2024-12-10 21:16:28.763 65431 INFO tempest.lib.common.rest_client [req-7e11d28d-4319-4d87-a6fd-e9b29374c88c req-7e11d28d-4319-4d87-a6fd-e9b29374c88c ] Request (ServersAdminTestJSON:setUpClass): 201 POST http://10.180.1.21/identity/v3/auth/tokens 0.065s
2024-12-10 21:16:28.763 65431 INFO tempest.lib.common.fixed_network [-] (ServersAdminTestJSON:setUpClass) Found network {'id': 'cc52a1e9-1d41-4a28-bb02-41585793a417', 'name': 'tempest-ServersAdminTestJSON-609394028-network', 'tenant_id': '935c235470d84225b05f210814ff08d0', 'admin_state_up': True, 'mtu': 8950, 'status': 'ACTIVE', 'subnets': [], 'shared': False, 'project_id': '935c235470d84225b05f210814ff08d0', 'port_security_enabled': True, 'router:external': False, 'provider:network_type': 'vlan', 'provider:physical_network': 'default', 'provider:segmentation_id': 871, 'availability_zone_hints': [], 'availability_zones': [], 'ipv4_address_scope': None, 'ipv6_address_scope': None, 'description': '', 'tags': [], 'created_at': '2024-12-10T21:16:18Z', 'updated_at': '2024-12-10T21:16:18Z', 'revision_number': 1} available for tenant
2024-12-10 21:16:28.879 65387 INFO tempest.lib.common.rest_client [req-74212582-5303-4c8e-a138-7d374476e847 req-74212582-5303-4c8e-a138-7d374476e847 ] Request (ServersAdminNegativeTestJSON:setUpClass): 200 GET http://10.180.1.21/compute/v2.1/servers/7dddcb64-8f42-4ef4-b6c1-8c27e2ebcddd 0.719s
2024-12-10 21:16:28.948 65437 INFO tempest.lib.common.rest_client [req-0e094ce8-6ec4-468a-9739-43faf8148dd1 req-0e094ce8-6ec4-468a-9739-43faf8148dd1 ] Request (FlavorsV255TestJSON:tearDownClass): 204 DELETE http://10.180.1.21:9696/networking/v2.0/security-groups/235e2d51-7363-4026-b156-c0ea3e7639c4 0.434s
2024-12-10 21:16:29.006 65413 INFO tempest.lib.common.rest_client [req-73b621a5-1f96-435c-9c14-877246e14ca1 req-73b621a5-1f96-435c-9c14-877246e14ca1 ] Request (InstanceActionsV221TestJSON:test_get_list_deleted_instance_actions): 200 GET http://10.180.1.21/compute/v2.1/servers/dac236ef-dacc-427d-9525-ccb2247a4610 1.009s
2024-12-10 21:16:29.090 65389 INFO tempest.lib.common.rest_client [req-67b26d6c-b4b2-435b-8262-e1e73b457e57 req-67b26d6c-b4b2-435b-8262-e1e73b457e57 ] Request (KeyPairsV210TestJSON:test_admin_manage_keypairs_for_other_users): 201 POST http://10.180.1.21/compute/v2.1/os-keypairs 0.905s
2024-12-10 21:16:29.093 65437 INFO tempest.lib.common.rest_client [req-71062e6d-da1c-4c71-a790-8b82f21ba334 req-71062e6d-da1c-4c71-a790-8b82f21ba334 ] Request (FlavorsV255TestJSON:tearDownClass): 204 DELETE http://10.180.1.21/identity/v3/projects/23eb607ace5140c1b3bc423026205f59 0.145s
2024-12-10 21:16:29.093 65437 INFO tempest.lib.common.dynamic_creds [-] Deleting project and security group for project: a40f5de2ddd4463aae34ea0152151b1b
2024-12-10 21:16:29.123 65393 INFO tempest.lib.common.rest_client [req-1ea2d32f-2d20-4b5a-843a-8f503e9e26c7 req-1ea2d32f-2d20-4b5a-843a-8f503e9e26c7 ] Request (ServicesAdminTestJSON:test_get_service_by_host_name): 200 GET http://10.180.1.21/compute/v2.1/os-services 0.922s
2024-12-10 21:16:29.134 65423 INFO tempest.lib.common.rest_client [req-d950a8ab-d9ff-4195-9657-452f05dbb18c req-d950a8ab-d9ff-4195-9657-452f05dbb18c ] Request (KeyPairsV2TestJSON:test_keypairs_create_list_delete): 200 POST http://10.180.1.21/compute/v2.1/os-keypairs 0.906s
2024-12-10 21:16:29.144 65399 INFO tempest.lib.common.rest_client [req-6262def4-b9f2-4763-aec7-260e3a1591aa req-6262def4-b9f2-4763-aec7-260e3a1591aa ] Request (HypervisorAdminNegativeTestJSON:test_show_hypervisor_with_non_admin_user): 403 GET http://10.180.1.21/compute/v2.1/os-hypervisors/1 0.904s
2024-12-10 21:16:29.165 65385 INFO tempest.lib.common.rest_client [req-bca10b4a-b280-40bb-a0c0-ed8fe839ab81 req-bca10b4a-b280-40bb-a0c0-ed8fe839ab81 ] Request (ImagesOneServerTestJSON:setUpClass): 201 POST http://10.180.1.21:9696/networking/v2.0/networks 0.695s
2024-12-10 21:16:29.166 65375 INFO tempest.lib.common.rest_client [req-0b058683-9e80-4d9d-b5e1-37167800728f req-0b058683-9e80-4d9d-b5e1-37167800728f ] Request (FlavorsAdminTestJSON:_run_cleanups): 202 DELETE http://10.180.1.21/compute/v2.1/flavors/1139845062 0.909s
2024-12-10 21:16:29.193 65403 INFO tempest.lib.common.rest_client [req-4601839e-e986-4e97-99be-1b3560dc3a3a req-4601839e-e986-4e97-99be-1b3560dc3a3a ] Request (ServerDiagnosticsTest:test_get_server_diagnostics): 200 GET http://10.180.1.21/compute/v2.1/servers/0addfb95-4247-496a-a5bc-4954ce8acba7 0.962s
2024-12-10 21:16:29.200 65403 INFO tempest.common.waiters [-] State transition "BUILD/scheduling" ==> "BUILD/None" after 2 second wait
2024-12-10 21:16:29.214 65377 INFO tempest.lib.common.rest_client [req-c066be1c-f69f-4e9c-a1d2-cd45ad36c3fe req-c066be1c-f69f-4e9c-a1d2-cd45ad36c3fe ] Request (AggregatesAdminNegativeTestJSON:_run_cleanups): 200 DELETE http://10.180.1.21/compute/v2.1/os-aggregates/2 0.805s
2024-12-10 21:16:29.247 65417 INFO tempest.lib.common.rest_client [req-f5732a0c-94b9-4a70-9ea0-0ad35bf9fb15 req-f5732a0c-94b9-4a70-9ea0-0ad35bf9fb15 ] Request (ServersTestFqdnHostnames:test_create_server_with_fqdn_name): 200 GET http://10.180.1.21/compute/v2.1/servers/7147df9b-7e03-43fd-8bbc-54d8d0317a77 0.940s
2024-12-10 21:16:29.271 65425 INFO tempest.lib.common.rest_client [req-e25ece73-8904-436d-a6fa-94dccf6fa036 req-e25ece73-8904-436d-a6fa-94dccf6fa036 ] Request (HostsAdminTestJSON:test_show_host_detail): 200 GET http://10.180.1.21/compute/v2.1/os-hosts 0.709s
2024-12-10 21:16:29.278 65415 INFO tempest.lib.common.rest_client [req-d71d3b58-3660-4676-885d-90279cadb1e5 req-d71d3b58-3660-4676-885d-90279cadb1e5 ] Request (FlavorsExtraSpecsTestJSON:test_flavor_set_get_update_show_unset_keys): 200 GET http://10.180.1.21/compute/v2.1/flavors/992966966/os-extra_specs 0.684s
2024-12-10 21:16:29.296 65391 INFO tempest.lib.common.rest_client [req-8bdb28c4-6df4-4784-8041-afa988127e07 req-8bdb28c4-6df4-4784-8041-afa988127e07 ] Request (ServersWithSpecificFlavorTestJSON:test_verify_created_server_ephemeral_disk): 200 POST http://10.180.1.21/compute/v2.1/flavors/533219683/os-extra_specs 0.687s
2024-12-10 21:16:29.313 65379 INFO tempest.lib.common.rest_client [req-4cee7aa8-af0a-4869-a637-6595755c8e66 req-4cee7aa8-af0a-4869-a637-6595755c8e66 ] Request (ServicesAdminNegativeTestJSON:test_get_service_by_invalid_service_and_valid_host): 200 GET http://10.180.1.21/compute/v2.1/os-services?host=devstack&binary=xxx 0.659s
2024-12-10 21:16:29.330 65419 INFO tempest.lib.common.rest_client [req-e91e9c62-8743-48d8-af27-0e868884902a req-e91e9c62-8743-48d8-af27-0e868884902a ] Request (FlavorsAccessNegativeTestJSON:_run_cleanups): 202 DELETE http://10.180.1.21/compute/v2.1/flavors/1138058782 0.668s
2024-12-10 21:16:29.416 65411 INFO tempest.lib.common.rest_client [req-3216bab4-db8e-482d-a13f-208d3b395449 req-3216bab4-db8e-482d-a13f-208d3b395449 ] Request (MigrationsAdminTest:test_list_migrations_in_flavor_resize_situation): 200 GET http://10.180.1.21/compute/v2.1/servers/59f30b3f-5286-4d90-b726-011e419fca2a 0.700s
2024-12-10 21:16:29.434 65437 INFO tempest.lib.common.rest_client [req-f2784d83-4713-4371-92fe-fb0700061344 req-f2784d83-4713-4371-92fe-fb0700061344 ] Request (FlavorsV255TestJSON:tearDownClass): 200 GET http://10.180.1.21:9696/networking/v2.0/security-groups?tenant_id=a40f5de2ddd4463aae34ea0152151b1b&name=default 0.340s
2024-12-10 21:16:29.445 65401 INFO tempest.lib.common.rest_client [req-f513f1a7-0bc5-4d30-88a1-9a4a63e776f1 req-f513f1a7-0bc5-4d30-88a1-9a4a63e776f1 ] Request (QuotasAdminNegativeTest:_run_cleanups): 200 PUT http://10.180.1.21/compute/v2.1/os-quota-sets/898b7e0687d649cebb70fbbc66c1f612 0.825s
2024-12-10 21:16:29.578 65405 INFO tempest.lib.common.rest_client [req-53a0a149-37ef-47cf-b96d-c12972ffbae0 req-53a0a149-37ef-47cf-b96d-c12972ffbae0 ] Request (QuotasAdminTestJSON:test_get_updated_quotas): 200 PUT http://10.180.1.21/compute/v2.1/os-quota-sets/8e2586eb94b94c4a8d5b21f4a0cfa496 0.860s
2024-12-10 21:16:29.657 65429 INFO tempest.lib.common.rest_client [req-78f23806-f7b6-401d-aa2d-73622a01411c req-78f23806-f7b6-401d-aa2d-73622a01411c ] Request (ServerActionsTestOtherA:setUpClass): 200 GET http://10.180.1.21/compute/v2.1/servers/ff0635a8-915c-4353-973a-1254366fce31 0.812s
2024-12-10 21:16:29.661 65437 INFO tempest.lib.common.rest_client [req-0702e28c-7d03-4970-88d5-66d059e3da9d req-0702e28c-7d03-4970-88d5-66d059e3da9d ] Request (FlavorsV255TestJSON:tearDownClass): 204 DELETE http://10.180.1.21:9696/networking/v2.0/security-groups/4dbd0257-5657-4dc9-9b1e-c5b3497ec765 0.226s
2024-12-10 21:16:29.775 65436 INFO tempest.lib.common.rest_client [req-9209eb22-7788-409d-a3f9-253b3f9dbb33 req-9209eb22-7788-409d-a3f9-253b3f9dbb33 ] Request (VolumesAssistedSnapshotsTest:test_volume_assisted_snapshot_create_delete): 200 GET http://10.180.1.21/compute/v2.1/servers/54650f01-3470-46bd-ae16-051df7758071 0.842s
2024-12-10 21:16:29.795 65385 INFO tempest.lib.common.rest_client [req-1de44da6-3bfe-43fb-bdd3-b6dfe1ed284f req-1de44da6-3bfe-43fb-bdd3-b6dfe1ed284f ] Request (ImagesOneServerTestJSON:setUpClass): 201 POST http://10.180.1.21:9696/networking/v2.0/subnets 0.628s
2024-12-10 21:16:29.799 65437 INFO tempest.lib.common.rest_client [req-88b5fb20-a73a-4f9b-ad56-1f2c09e279da req-88b5fb20-a73a-4f9b-ad56-1f2c09e279da ] Request (FlavorsV255TestJSON:tearDownClass): 204 DELETE http://10.180.1.21/identity/v3/projects/a40f5de2ddd4463aae34ea0152151b1b 0.137s
2024-12-10 21:16:29.800 65437 INFO tempest.test [-] raised in ServersOnMultiNodesTest.setUpClass. Invoking tearDownClass.
2024-12-10 21:16:29.820 65397 INFO tempest.lib.common.rest_client [req-5239fad6-0754-4358-b751-125fcc7ed6ab req-5239fad6-0754-4358-b751-125fcc7ed6ab ] Request (FloatingIPDetailsNegativeTestJSON:setUpClass): 201 POST http://10.180.1.21:9696/networking/v2.0/routers 1.294s
2024-12-10 21:16:29.905 65437 INFO tempest.lib.common.rest_client [req-1d6ab4b1-7c4e-45fc-94b8-a07d021b4bc9 req-1d6ab4b1-7c4e-45fc-94b8-a07d021b4bc9 ] Request (FloatingIPDetailsTestJSON:setUpClass): 201 POST http://10.180.1.21/identity/v3/auth/tokens 0.103s
2024-12-10 21:16:29.949 65437 INFO tempest.lib.common.rest_client [req-925ad7f0-8b53-4a4a-ad4e-bb128bc8cd1b req-925ad7f0-8b53-4a4a-ad4e-bb128bc8cd1b ] Request (FloatingIPDetailsTestJSON:setUpClass): 201 POST http://10.180.1.21/identity/v3/auth/tokens 0.041s
2024-12-10 21:16:29.983 65437 INFO tempest.lib.common.rest_client [req-f2681395-2ad4-4c08-8cc4-d5f7abb82bc4 req-f2681395-2ad4-4c08-8cc4-d5f7abb82bc4 ] Request (FloatingIPDetailsTestJSON:setUpClass): 200 GET http://10.180.1.21/identity/v3/domains?name=Default 0.033s
2024-12-10 21:16:30.021 65437 INFO tempest.lib.common.rest_client [req-a8a90f2e-f200-4536-9c5b-3e447ce50f26 req-a8a90f2e-f200-4536-9c5b-3e447ce50f26 ] Request (FloatingIPDetailsTestJSON:setUpClass): 201 POST http://10.180.1.21/identity/v3/projects 0.038s
2024-12-10 21:16:30.032 65383 INFO tempest.lib.common.rest_client [req-9650c440-ac31-4f96-9294-13104f544916 req-9650c440-ac31-4f96-9294-13104f544916 ] Request (FloatingIPsAssociationNegativeTestJSON:setUpClass): 200 GET http://10.180.1.21/compute/v2.1/servers/a7259360-260a-49cb-b673-c5d33cebf48f 1.089s
2024-12-10 21:16:30.066 65389 INFO tempest.lib.common.rest_client [req-9ba2506b-112e-4b60-9317-7085c27b34d4 req-9ba2506b-112e-4b60-9317-7085c27b34d4 ] Request (KeyPairsV210TestJSON:test_admin_manage_keypairs_for_other_users): 201 POST http://10.180.1.21/compute/v2.1/os-keypairs 0.974s
2024-12-10 21:16:30.087 65393 INFO tempest.lib.common.rest_client [req-f00ee131-5738-4cec-9796-8c12745b407f req-f00ee131-5738-4cec-9796-8c12745b407f ] Request (ServicesAdminTestJSON:test_get_service_by_host_name): 200 GET http://10.180.1.21/compute/v2.1/os-services?host=devstack 0.962s
2024-12-10 21:16:30.100 65437 INFO tempest.lib.common.rest_client [req-32ce7c9f-1a0d-430a-b19f-cc13440b6052 req-32ce7c9f-1a0d-430a-b19f-cc13440b6052 ] Request (FloatingIPDetailsTestJSON:setUpClass): 201 POST http://10.180.1.21/identity/v3/users 0.078s
2024-12-10 21:16:30.129 65423 INFO tempest.lib.common.rest_client [req-fbbb79b0-9f6b-4a52-b90a-eb932e9ebcbc req-fbbb79b0-9f6b-4a52-b90a-eb932e9ebcbc ] Request (KeyPairsV2TestJSON:test_keypairs_create_list_delete): 200 POST http://10.180.1.21/compute/v2.1/os-keypairs 0.992s
2024-12-10 21:16:30.134 65437 INFO tempest.lib.common.rest_client [req-c9200186-b5ef-4b2f-831b-a2a1ea199d8f req-c9200186-b5ef-4b2f-831b-a2a1ea199d8f ] Request (FloatingIPDetailsTestJSON:setUpClass): 200 GET http://10.180.1.21/identity/v3/roles 0.033s
2024-12-10 21:16:30.135 65399 INFO tempest.lib.common.rest_client [req-9786525e-d03c-40d3-99b8-fd923bf33b16 req-9786525e-d03c-40d3-99b8-fd923bf33b16 ] Request (HypervisorAdminNegativeTestJSON:test_show_nonexistent_hypervisor): 404 GET http://10.180.1.21/compute/v2.1/os-hypervisors/f37a603a-0756-4dd2-a34e-782e4aec5d28 0.990s
2024-12-10 21:16:30.165 65437 INFO tempest.lib.common.rest_client [req-2292e978-7fb4-42d5-be49-fe862699e0fa req-2292e978-7fb4-42d5-be49-fe862699e0fa ] Request (FloatingIPDetailsTestJSON:setUpClass): 204 PUT http://10.180.1.21/identity/v3/projects/e9a883647e65464aa68d2772a7d26fd7/users/dc159581a0774fa8b7da1d2c3fc5bdd4/roles/2c9c87fe66db4c1fac5e5ee757abd1f0 0.030s
2024-12-10 21:16:30.167 65437 INFO tempest.lib.common.dynamic_creds [-] Dynamic test user dc159581a0774fa8b7da1d2c3fc5bdd4 is created with scope project and roles: ['member']
2024-12-10 21:16:30.167 65437 INFO tempest.lib.common.dynamic_creds [-] Acquired dynamic creds: credentials: Credentials: {'domain_id': 'default', 'domain_name': 'Default', 'username': 'tempest-FloatingIPDetailsTestJSON-444563065-project-member', 'project_domain_id': 'default', 'project_domain_name': 'Default', 'project_id': 'e9a883647e65464aa68d2772a7d26fd7', 'project_name': 'tempest-FloatingIPDetailsTestJSON-444563065', 'tenant_id': 'e9a883647e65464aa68d2772a7d26fd7', 'tenant_name': 'tempest-FloatingIPDetailsTestJSON-444563065', 'user_domain_id': 'default', 'user_domain_name': 'Default', 'user_id': 'dc159581a0774fa8b7da1d2c3fc5bdd4', 'system': None}, Network: None, Subnet: None, Router: None
2024-12-10 21:16:30.225 65399 INFO tempest.lib.common.rest_client [req-cc61b053-4003-4a4c-9769-c4ab3ed8d2a3 req-cc61b053-4003-4a4c-9769-c4ab3ed8d2a3 ] Request (HypervisorAdminNegativeTestJSON:tearDownClass): 204 DELETE http://10.180.1.21/identity/v3/users/83c1710d7ad44039829b6c63dd27a1ae 0.088s
2024-12-10 21:16:30.236 65437 INFO tempest.lib.common.rest_client [req-84d8988c-0001-4f60-abe7-f9acf78adbe1 req-84d8988c-0001-4f60-abe7-f9acf78adbe1 ] Request (FloatingIPDetailsTestJSON:setUpClass): 201 POST http://10.180.1.21/identity/v3/auth/tokens 0.068s
2024-12-10 21:16:30.286 65431 INFO tempest.lib.common.rest_client [req-e69d7f3a-823f-4139-9efc-e56671baa69e req-e69d7f3a-823f-4139-9efc-e56671baa69e ] Request (ServersAdminTestJSON:setUpClass): 202 POST http://10.180.1.21/compute/v2.1/servers 1.522s
2024-12-10 21:16:30.340 65375 INFO tempest.lib.common.rest_client [req-de06dfce-f636-4b10-9a5a-cb2d299a2a45 req-de06dfce-f636-4b10-9a5a-cb2d299a2a45 ] Request (FlavorsAdminTestJSON:_run_cleanups): 200 GET http://10.180.1.21/compute/v2.1/flavors/detail 1.174s
2024-12-10 21:16:30.397 65399 INFO tempest.lib.common.rest_client [req-aebbc362-7d68-4809-849c-0766ee36bf9a req-aebbc362-7d68-4809-849c-0766ee36bf9a ] Request (HypervisorAdminNegativeTestJSON:tearDownClass): 204 DELETE http://10.180.1.21/identity/v3/users/04cf83a5ee634edc8e6fd6e7bbc9923a 0.171s
2024-12-10 21:16:30.397 65399 INFO tempest.lib.common.dynamic_creds [-] Deleting project and security group for project: 4612fb5d5af44b398a6a6b754821035c
2024-12-10 21:16:30.469 65431 INFO tempest.lib.common.rest_client [req-4b8df637-008d-4deb-a5d6-28a74da8dd55 req-4b8df637-008d-4deb-a5d6-28a74da8dd55 ] Request (ServersAdminTestJSON:setUpClass): 201 POST http://10.180.1.21/identity/v3/auth/tokens 0.179s
2024-12-10 21:16:30.470 65431 INFO tempest.lib.common.fixed_network [-] (ServersAdminTestJSON:setUpClass) Found network {'id': 'cc52a1e9-1d41-4a28-bb02-41585793a417', 'name': 'tempest-ServersAdminTestJSON-609394028-network', 'tenant_id': '935c235470d84225b05f210814ff08d0', 'admin_state_up': True, 'mtu': 8950, 'status': 'ACTIVE', 'subnets': [], 'shared': False, 'project_id': '935c235470d84225b05f210814ff08d0', 'port_security_enabled': True, 'router:external': False, 'provider:network_type': 'vlan', 'provider:physical_network': 'default', 'provider:segmentation_id': 871, 'availability_zone_hints': [], 'availability_zones': [], 'ipv4_address_scope': None, 'ipv6_address_scope': None, 'description': '', 'tags': [], 'created_at': '2024-12-10T21:16:18Z', 'updated_at': '2024-12-10T21:16:18Z', 'revision_number': 1} available for tenant
2024-12-10 21:16:30.487 65399 INFO tempest.lib.common.rest_client [req-49b2fb56-7fae-4b19-b516-fc69fcf30402 req-49b2fb56-7fae-4b19-b516-fc69fcf30402 ] Request (HypervisorAdminNegativeTestJSON:tearDownClass): 201 POST http://10.180.1.21/identity/v3/auth/tokens 0.090s
2024-12-10 21:16:30.507 65409 INFO tempest.lib.common.rest_client [req-0f3a5e12-0ad0-4b4b-8021-4065553b3ffd req-0f3a5e12-0ad0-4b4b-8021-4065553b3ffd ] Request (DeleteServersAdminTestJSON:test_admin_delete_servers_of_others): 200 GET http://10.180.1.21/compute/v2.1/servers/366986e7-d0b3-40a2-9aa0-b1379d094c18 1.360s
2024-12-10 21:16:30.519 65409 INFO tempest.common.waiters [-] State transition "BUILD/block_device_mapping" ==> "BUILD/spawning" after 9 second wait
2024-12-10 21:16:30.540 65377 INFO tempest.lib.common.rest_client [req-e9b425eb-42fc-4cf5-b56f-2dd39059d25a req-e9b425eb-42fc-4cf5-b56f-2dd39059d25a ] Request (AggregatesAdminNegativeTestJSON:test_aggregate_add_non_exist_host): 200 POST http://10.180.1.21/compute/v2.1/os-aggregates 1.324s
2024-12-10 21:16:30.642 65421 INFO tempest.lib.common.rest_client [req-4f4c95df-34bc-4e3b-9d66-66c866f0b5e3 req-4f4c95df-34bc-4e3b-9d66-66c866f0b5e3 ] Request (ServerDiagnosticsNegativeTest:test_get_server_diagnostics_by_non_admin): 200 GET http://10.180.1.21/compute/v2.1/servers/28466209-2f25-401f-b406-78c8a99d8443 1.427s
2024-12-10 21:16:30.684 65425 INFO tempest.lib.common.rest_client [req-ae018469-dc49-4b2a-85ae-4ad4f44bd6fa req-ae018469-dc49-4b2a-85ae-4ad4f44bd6fa ] Request (HostsAdminTestJSON:test_show_host_detail): 200 GET http://10.180.1.21/compute/v2.1/os-hosts/cpu-1 1.411s
2024-12-10 21:16:30.724 65415 INFO tempest.lib.common.rest_client [req-cfba07a9-e0a6-4994-b00c-a0d565467f5e req-cfba07a9-e0a6-4994-b00c-a0d565467f5e ] Request (FlavorsExtraSpecsTestJSON:test_flavor_set_get_update_show_unset_keys): 200 DELETE http://10.180.1.21/compute/v2.1/flavors/992966966/os-extra_specs/hw:numa_nodes 1.446s
2024-12-10 21:16:30.733 65395 INFO tempest.lib.common.rest_client [req-25e9be48-1256-4fae-8dab-ec0f9f8fd6cd req-25e9be48-1256-4fae-8dab-ec0f9f8fd6cd ] Request (TenantUsagesTestJSON:setUpClass): 200 GET http://10.180.1.21/compute/v2.1/servers/a79edfa3-9b31-4079-979a-5d11818b3e42 1.515s
2024-12-10 21:16:30.740 65395 INFO tempest.common.waiters [-] State transition "BUILD/None" ==> "BUILD/block_device_mapping" after 9 second wait
2024-12-10 21:16:30.760 65391 INFO tempest.lib.common.rest_client [req-559d5845-3d19-4947-b77e-48d716bfcead req-559d5845-3d19-4947-b77e-48d716bfcead ] Request (ValidationResourcesFixture:setUp): 200 POST http://10.180.1.21/compute/v2.1/os-keypairs 1.461s
2024-12-10 21:16:30.761 65379 INFO tempest.lib.common.rest_client [req-d3e249d7-a852-4fc9-bc9d-e2e45dbe053b req-d3e249d7-a852-4fc9-bc9d-e2e45dbe053b ] Request (ServicesAdminNegativeTestJSON:test_get_service_with_valid_service_and_invalid_host): 200 GET http://10.180.1.21/compute/v2.1/os-services 1.446s
2024-12-10 21:16:30.783 65425 INFO tempest.lib.common.rest_client [req-b2ba7e44-5e96-41dd-9ac9-da41efa519f3 req-b2ba7e44-5e96-41dd-9ac9-da41efa519f3 ] Request (HostsAdminTestJSON:tearDownClass): 204 DELETE http://10.180.1.21/identity/v3/users/e9c2c4e0a47f4b2585dba1e0d0b0096e 0.097s
2024-12-10 21:16:30.801 65419 INFO tempest.lib.common.rest_client [req-233e6ac5-1e75-45a6-a2f0-3004d2d9fddc req-233e6ac5-1e75-45a6-a2f0-3004d2d9fddc ] Request (FlavorsAccessNegativeTestJSON:_run_cleanups): 200 GET http://10.180.1.21/compute/v2.1/flavors/detail 1.469s
2024-12-10 21:16:30.926 65425 INFO tempest.lib.common.rest_client [req-945a407f-e91f-4409-9d6d-1b268ad09d10 req-945a407f-e91f-4409-9d6d-1b268ad09d10 ] Request (HostsAdminTestJSON:tearDownClass): 204 DELETE http://10.180.1.21/identity/v3/users/52c5ff29050b4311ae324299f5bfc3db 0.143s
2024-12-10 21:16:30.927 65425 INFO tempest.lib.common.dynamic_creds [-] Deleting project and security group for project: 947f7e21b98e47d9b42fb085b50a3512
2024-12-10 21:16:30.978 65401 INFO tempest.lib.common.rest_client [req-baa055db-056a-4ef4-b42d-f475c6967d5c req-baa055db-056a-4ef4-b42d-f475c6967d5c ] Request (QuotasAdminNegativeTest:test_create_server_when_memory_quota_is_full): 200 GET http://10.180.1.21/compute/v2.1/os-quota-sets/898b7e0687d649cebb70fbbc66c1f612 1.530s
2024-12-10 21:16:30.988 65425 INFO tempest.lib.common.rest_client [req-d3bc0f9c-756f-4e30-8337-d93fd8a65ba4 req-d3bc0f9c-756f-4e30-8337-d93fd8a65ba4 ] Request (HostsAdminTestJSON:tearDownClass): 201 POST http://10.180.1.21/identity/v3/auth/tokens 0.061s
2024-12-10 21:16:31.031 65407 INFO tempest.lib.common.rest_client [req-d0137874-6b50-4d66-9d9a-5a97ec873446 req-d0137874-6b50-4d66-9d9a-5a97ec873446 ] Request (DeleteServersTestJSON:setUpClass): 201 POST http://10.180.1.21:9696/networking/v2.0/routers 2.441s
2024-12-10 21:16:31.048 65391 INFO tempest.lib.common.rest_client [req-a3674f1c-e156-4817-a206-5eb2e52ebc32 req-a3674f1c-e156-4817-a206-5eb2e52ebc32 ] Request (ValidationResourcesFixture:setUp): 201 POST http://10.180.1.21:9696/networking/v2.0/security-groups 0.287s
2024-12-10 21:16:31.073 65387 INFO tempest.lib.common.rest_client [req-da7fb773-f4aa-4dbd-9ac3-8f9cd4ea50b1 req-da7fb773-f4aa-4dbd-9ac3-8f9cd4ea50b1 ] Request (ServersAdminNegativeTestJSON:setUpClass): 200 GET http://10.180.1.21/compute/v2.1/servers/7dddcb64-8f42-4ef4-b6c1-8c27e2ebcddd 1.183s
2024-12-10 21:16:31.123 65405 INFO tempest.lib.common.rest_client [req-fc951a06-d0ce-45fb-b467-0cf0cd3489f5 req-fc951a06-d0ce-45fb-b467-0cf0cd3489f5 ] Request (QuotasAdminTestJSON:test_get_updated_quotas): 200 GET http://10.180.1.21/compute/v2.1/os-quota-sets/8e2586eb94b94c4a8d5b21f4a0cfa496/detail 1.543s
2024-12-10 21:16:31.134 65389 INFO tempest.lib.common.rest_client [req-f721131a-d854-424c-9809-ef7748a3f599 req-f721131a-d854-424c-9809-ef7748a3f599 ] Request (KeyPairsV210TestJSON:test_admin_manage_keypairs_for_other_users): 200 GET http://10.180.1.21/compute/v2.1/os-keypairs/tempest-keypair-163482028?user_id=92cd8398fc2843859596ce0e65dd9b22 1.063s
2024-12-10 21:16:31.158 65393 INFO tempest.lib.common.rest_client [req-0617c2cb-38f4-4208-90ad-8bdbae411d8d req-0617c2cb-38f4-4208-90ad-8bdbae411d8d ] Request (ServicesAdminTestJSON:test_get_service_by_service_binary_name): 200 GET http://10.180.1.21/compute/v2.1/os-services?binary=nova-compute 1.068s
2024-12-10 21:16:31.161 65405 INFO tempest.lib.common.rest_client [req-6abd5e34-0402-4b28-a19f-aa05903db2e3 req-6abd5e34-0402-4b28-a19f-aa05903db2e3 ] Request (QuotasAdminTestJSON:test_get_updated_quotas): 200 GET http://10.180.1.21/identity/v3/domains?name=Default 0.030s
2024-12-10 21:16:31.187 65423 INFO tempest.lib.common.rest_client [req-e216b4a3-bef2-4a6c-859d-556201210e07 req-e216b4a3-bef2-4a6c-859d-556201210e07 ] Request (KeyPairsV2TestJSON:test_keypairs_create_list_delete): 200 POST http://10.180.1.21/compute/v2.1/os-keypairs 1.056s
2024-12-10 21:16:31.188 65405 INFO tempest.lib.common.rest_client [req-a355e1d5-cee6-4da7-9212-13f21f8b8f4c req-a355e1d5-cee6-4da7-9212-13f21f8b8f4c ] Request (QuotasAdminTestJSON:test_get_updated_quotas): 201 POST http://10.180.1.21/identity/v3/users 0.026s
2024-12-10 21:16:31.192 65399 INFO tempest.lib.common.rest_client [req-c9911e65-0b49-4f49-b2c4-70b2b35466a8 req-c9911e65-0b49-4f49-b2c4-70b2b35466a8 ] Request (HypervisorAdminNegativeTestJSON:tearDownClass): 200 GET http://10.180.1.21:9696/networking/v2.0/security-groups?tenant_id=4612fb5d5af44b398a6a6b754821035c&name=default 0.704s
2024-12-10 21:16:31.220 65405 INFO tempest.lib.common.rest_client [req-fb2dfc11-dfcb-4077-a022-ed16d9066f29 req-fb2dfc11-dfcb-4077-a022-ed16d9066f29 ] Request (QuotasAdminTestJSON:test_get_updated_quotas): 200 GET http://10.180.1.21/identity/v3/domains?name=Default 0.031s
2024-12-10 21:16:31.258 65403 INFO tempest.lib.common.rest_client [req-6c89cae3-e5cd-4d29-9071-3442d6cc6d7c req-6c89cae3-e5cd-4d29-9071-3442d6cc6d7c ] Request (ServerDiagnosticsTest:test_get_server_diagnostics): 200 GET http://10.180.1.21/compute/v2.1/servers/0addfb95-4247-496a-a5bc-4954ce8acba7 1.056s
2024-12-10 21:16:31.283 65437 INFO tempest.lib.common.rest_client [req-5c8c4667-6d9e-43df-baae-0ff438300b95 req-5c8c4667-6d9e-43df-baae-0ff438300b95 ] Request (FloatingIPDetailsTestJSON:setUpClass): 201 POST http://10.180.1.21:9696/networking/v2.0/networks 1.044s
2024-12-10 21:16:31.343 65417 INFO tempest.lib.common.rest_client [req-840c8674-827a-44c1-aa18-a80b205e6f02 req-840c8674-827a-44c1-aa18-a80b205e6f02 ] Request (ServersTestFqdnHostnames:test_create_server_with_fqdn_name): 200 GET http://10.180.1.21/compute/v2.1/servers/7147df9b-7e03-43fd-8bbc-54d8d0317a77 1.086s
2024-12-10 21:16:31.362 65375 INFO tempest.lib.common.rest_client [req-444887eb-d4dc-49c0-87b2-6c213cc144a1 req-444887eb-d4dc-49c0-87b2-6c213cc144a1 ] Request (FlavorsAdminTestJSON:test_create_flavor_with_none_id): 200 POST http://10.180.1.21/compute/v2.1/flavors 1.016s
2024-12-10 21:16:31.392 65425 INFO tempest.lib.common.rest_client [req-ce5ad119-4b3a-4e1f-93bc-9034f1fde6eb req-ce5ad119-4b3a-4e1f-93bc-9034f1fde6eb ] Request (HostsAdminTestJSON:tearDownClass): 200 GET http://10.180.1.21:9696/networking/v2.0/security-groups?tenant_id=947f7e21b98e47d9b42fb085b50a3512&name=default 0.404s
2024-12-10 21:16:31.435 65411 INFO tempest.lib.common.rest_client [req-b3ef52ed-bb5c-4d43-ac08-00b058786e8b req-b3ef52ed-bb5c-4d43-ac08-00b058786e8b ] Request (MigrationsAdminTest:test_list_migrations_in_flavor_resize_situation): 200 GET http://10.180.1.21/compute/v2.1/servers/59f30b3f-5286-4d90-b726-011e419fca2a 1.005s
2024-12-10 21:16:31.603 65391 INFO tempest.lib.common.rest_client [req-5a503acb-07b9-48db-a320-030d68c39c91 req-5a503acb-07b9-48db-a320-030d68c39c91 ] Request (ValidationResourcesFixture:setUp): 201 POST http://10.180.1.21:9696/networking/v2.0/security-group-rules 0.554s
2024-12-10 21:16:31.657 65413 INFO tempest.lib.common.rest_client [req-fb42f3c6-a73d-48a5-bca5-d6816a4d7c74 req-fb42f3c6-a73d-48a5-bca5-d6816a4d7c74 ] Request (InstanceActionsV221TestJSON:test_get_list_deleted_instance_actions): 200 GET http://10.180.1.21/compute/v2.1/servers/dac236ef-dacc-427d-9525-ccb2247a4610 1.638s
2024-12-10 21:16:31.688 65377 INFO tempest.lib.common.rest_client [req-5dee210b-5371-43a3-a9cd-ba4719001fea req-5dee210b-5371-43a3-a9cd-ba4719001fea ] Request (AggregatesAdminNegativeTestJSON:test_aggregate_add_non_exist_host): 404 POST http://10.180.1.21/compute/v2.1/os-aggregates/3/action 1.146s
2024-12-10 21:16:31.717 65425 INFO tempest.lib.common.rest_client [req-e1ab2d15-0080-46e7-98b1-560f0ac94eab req-e1ab2d15-0080-46e7-98b1-560f0ac94eab ] Request (HostsAdminTestJSON:tearDownClass): 204 DELETE http://10.180.1.21:9696/networking/v2.0/security-groups/5659219d-7c2e-4ac3-90d7-45274e24ac4f 0.324s
2024-12-10 21:16:31.742 65399 INFO tempest.lib.common.rest_client [req-b52e7f12-c54a-45ae-af39-ffe2346d2050 req-b52e7f12-c54a-45ae-af39-ffe2346d2050 ] Request (HypervisorAdminNegativeTestJSON:tearDownClass): 204 DELETE http://10.180.1.21:9696/networking/v2.0/security-groups/5c97c96c-a418-4cf2-949f-62fff20b2846 0.549s
2024-12-10 21:16:31.780 65429 INFO tempest.lib.common.rest_client [req-208f8614-9274-49fd-89ce-c2b1e17deac2 req-208f8614-9274-49fd-89ce-c2b1e17deac2 ] Request (ServerActionsTestOtherA:setUpClass): 200 GET http://10.180.1.21/compute/v2.1/servers/ff0635a8-915c-4353-973a-1254366fce31 1.110s
2024-12-10 21:16:31.809 65425 INFO tempest.lib.common.rest_client [req-3bffefe5-b4de-46c1-8bb9-99360afefad1 req-3bffefe5-b4de-46c1-8bb9-99360afefad1 ] Request (HostsAdminTestJSON:tearDownClass): 204 DELETE http://10.180.1.21/identity/v3/projects/947f7e21b98e47d9b42fb085b50a3512 0.092s
2024-12-10 21:16:31.810 65425 INFO tempest.lib.common.dynamic_creds [-] Deleting project and security group for project: 54c99d8f45aa42c583aa680ed18d5c06
2024-12-10 21:16:31.812 65415 INFO tempest.lib.common.rest_client [req-882b7d81-b354-419b-85b0-bf11ff93afae req-882b7d81-b354-419b-85b0-bf11ff93afae ] Request (FlavorsExtraSpecsTestJSON:test_flavor_set_get_update_show_unset_keys): 200 DELETE http://10.180.1.21/compute/v2.1/flavors/992966966/os-extra_specs/hw:cpu_policy 1.087s
2024-12-10 21:16:31.834 65379 INFO tempest.lib.common.rest_client [req-8e8ae64a-95c4-4356-a72e-27452611e09e req-8e8ae64a-95c4-4356-a72e-27452611e09e ] Request (ServicesAdminNegativeTestJSON:test_get_service_with_valid_service_and_invalid_host): 200 GET http://10.180.1.21/compute/v2.1/os-services?host=xxx&binary=nova-scheduler 1.070s
2024-12-10 21:16:31.834 65399 INFO tempest.lib.common.rest_client [req-eb577f4b-e4fa-480c-a5c1-b54b6779a414 req-eb577f4b-e4fa-480c-a5c1-b54b6779a414 ] Request (HypervisorAdminNegativeTestJSON:tearDownClass): 204 DELETE http://10.180.1.21/identity/v3/projects/4612fb5d5af44b398a6a6b754821035c 0.092s
2024-12-10 21:16:31.834 65399 INFO tempest.lib.common.dynamic_creds [-] Deleting project and security group for project: bf35c0cbd98243b8b72affe7c7a7ed62
2024-12-10 21:16:31.930 65436 INFO tempest.lib.common.rest_client [req-586a19b9-6797-454f-8f97-8bfa8f09d08d req-586a19b9-6797-454f-8f97-8bfa8f09d08d ] Request (VolumesAssistedSnapshotsTest:test_volume_assisted_snapshot_create_delete): 200 GET http://10.180.1.21/compute/v2.1/servers/54650f01-3470-46bd-ae16-051df7758071 1.145s
2024-12-10 21:16:31.950 65437 INFO tempest.lib.common.rest_client [req-bdf88eb6-0da7-4acc-bd3d-d1c3e945cc05 req-bdf88eb6-0da7-4acc-bd3d-d1c3e945cc05 ] Request (FloatingIPDetailsTestJSON:setUpClass): 201 POST http://10.180.1.21:9696/networking/v2.0/subnets 0.666s
2024-12-10 21:16:31.953 65419 INFO tempest.lib.common.rest_client [req-2f2543fc-634b-4b6a-9871-05510335003d req-2f2543fc-634b-4b6a-9871-05510335003d ] Request (FlavorsAccessNegativeTestJSON:test_flavor_non_admin_add): 200 POST http://10.180.1.21/compute/v2.1/flavors 1.146s
2024-12-10 21:16:32.019 65391 INFO tempest.lib.common.rest_client [req-f6f7d050-49ec-4e4d-bb42-ef8bea0048ed req-f6f7d050-49ec-4e4d-bb42-ef8bea0048ed ] Request (ValidationResourcesFixture:setUp): 201 POST http://10.180.1.21:9696/networking/v2.0/security-group-rules 0.415s
