2024-12-10 21:16:56.410 65409 INFO tempest.lib.common.rest_client [req-a85ddca8-d97d-4666-b3c6-278d22ef3f44 req-a85ddca8-d97d-4666-b3c6-278d22ef3f44 ] Request (DeleteServersAdminTestJSON:test_admin_delete_servers_of_others): 200 GET http://10.180.1.21/compute/v2.1/servers/366986e7-d0b3-40a2-9aa0-b1379d094c18 1.346s
2024-12-10 21:16:56.468 65413 INFO tempest.lib.common.rest_client [req-e393ca4c-729e-4a60-85fa-86aae8c63da0 req-e393ca4c-729e-4a60-85fa-86aae8c63da0 ] Request (InstanceActionsV221TestJSON:test_get_list_deleted_instance_actions): 200 GET http://10.180.1.21/compute/v2.1/servers/dac236ef-dacc-427d-9525-ccb2247a4610 1.326s
2024-12-10 21:16:56.574 65381 INFO tempest.lib.common.rest_client [req-6928f617-ed18-4f9e-8d79-f19b8a4c9d64 req-6928f617-ed18-4f9e-8d79-f19b8a4c9d64 ] Request (ServersAdmin275Test:test_rebuild_update_server_275): 200 PUT http://10.180.1.21/compute/v2.1/servers/a6a860ad-919e-4184-9850-79316658b946 1.351s
2024-12-10 21:16:56.624 65399 INFO tempest.lib.common.rest_client [req-54d6824d-d6e4-4df5-bb10-3d08801cab65 req-54d6824d-d6e4-4df5-bb10-3d08801cab65 ] Request (SecurityGroupRulesTestJSON:setUpClass): 201 POST http://10.180.1.21:9696/networking/v2.0/routers 2.607s
2024-12-10 21:16:56.679 65429 INFO tempest.lib.common.rest_client [req-e17c5f65-b4dc-403e-b3a6-e974d1112a87 req-e17c5f65-b4dc-403e-b3a6-e974d1112a87 ] Request (ServerActionsTestOtherA:tearDownClass): 204 DELETE http://10.180.1.21:9696/networking/v2.0/routers/d12f5077-10c5-4529-b1a6-9d9b091fb0c3 1.273s
2024-12-10 21:16:56.726 65383 INFO tempest.lib.common.rest_client [req-bab6052e-1578-46bf-ac87-80ad25b857e6 req-bab6052e-1578-46bf-ac87-80ad25b857e6 ] Request (FloatingIPsAssociationNegativeTestJSON:_run_cleanups): 202 DELETE http://10.180.1.21/compute/v2.1/os-floating-ips/854dc607-3440-45f0-9555-7ff79960215f 3.327s
2024-12-10 21:16:56.834 65437 INFO tempest.lib.common.rest_client [req-5d646498-937e-4749-bf60-7bd28eb6e4be req-5d646498-937e-4749-bf60-7bd28eb6e4be ] Request (FloatingIPDetailsTestJSON:test_list_floating_ips): 200 GET http://10.180.1.21/compute/v2.1/os-floating-ips 1.363s
2024-12-10 21:16:56.834 65425 INFO tempest.lib.common.rest_client [req-7fe1c529-45cc-4008-9b20-b5815920e378 req-7fe1c529-45cc-4008-9b20-b5815920e378 ] Request (ServerActionsTestOtherB:setUpClass): 201 POST http://10.180.1.21:9696/networking/v2.0/networks 0.838s
2024-12-10 21:16:56.854 65433 INFO tempest.lib.common.rest_client [req-406509c9-bda0-44a5-aa96-04cb354a87cd req-406509c9-bda0-44a5-aa96-04cb354a87cd ] Request (QuotaClassesAdminTestJSON:test_update_default_quotas): 200 GET http://10.180.1.21/compute/v2.1/os-quota-class-sets/default 1.315s
2024-12-10 21:16:56.906 65403 INFO tempest.lib.common.rest_client [req-9df1bcbb-4f99-4f57-97f8-d375079617e7 req-9df1bcbb-4f99-4f57-97f8-d375079617e7 ] Request (ServerDiagnosticsTest:test_get_server_diagnostics): 200 GET http://10.180.1.21/compute/v2.1/servers/0addfb95-4247-496a-a5bc-4954ce8acba7 1.419s
2024-12-10 21:16:56.967 65385 INFO tempest.lib.common.rest_client [req-0ce35391-8ea6-4e1c-9325-6e177a856096 req-0ce35391-8ea6-4e1c-9325-6e177a856096 ] Request (ImagesOneServerTestJSON:setUpClass): 200 GET http://10.180.1.21/compute/v2.1/servers/fcf611a3-a07e-4d1c-8a39-c02357bd9f30 1.229s
2024-12-10 21:16:57.052 65401 INFO tempest.lib.common.rest_client [req-8535e022-94bd-4131-90f3-5e66e4a398fa req-8535e022-94bd-4131-90f3-5e66e4a398fa ] Request (SecurityGroupsTestAdminJSON:_run_cleanups): 202 DELETE http://10.180.1.21/compute/v2.1/os-security-groups/a3cd646a-a321-48e8-9c4d-0469f595bfef 1.209s
2024-12-10 21:16:57.075 65419 INFO tempest.lib.common.rest_client [req-85cdc0db-8ec6-4084-a768-08c34b981b99 req-85cdc0db-8ec6-4084-a768-08c34b981b99 ] Request (FlavorsAccessNegativeTestJSON:_run_cleanups): 200 GET http://10.180.1.21/compute/v2.1/flavors/detail 1.141s
2024-12-10 21:16:57.081 65425 INFO tempest.lib.common.rest_client [req-2a029743-cfba-4c85-8f96-6cdeb9a27d92 req-2a029743-cfba-4c85-8f96-6cdeb9a27d92 ] Request (ServerActionsTestOtherB:setUpClass): 201 POST http://10.180.1.21:9696/networking/v2.0/subnets 0.246s
2024-12-10 21:16:57.106 65377 INFO tempest.lib.common.rest_client [req-1e79848c-3651-4a77-8b7f-430c0eb7c5c7 req-1e79848c-3651-4a77-8b7f-430c0eb7c5c7 ] Request (AggregatesAdminNegativeTestJSON:_run_cleanups): 200 DELETE http://10.180.1.21/compute/v2.1/os-aggregates/6 1.168s
2024-12-10 21:16:57.166 65423 INFO tempest.lib.common.rest_client [req-b70eb8bd-6f15-4a9a-95a2-0c2b85bb8a47 req-b70eb8bd-6f15-4a9a-95a2-0c2b85bb8a47 ] Request (ServersTestManualDisk:setUpClass): 200 GET http://10.180.1.21/compute/v2.1/servers/e7cf29d2-4447-4acf-a14d-51806a352d75 1.221s
2024-12-10 21:16:57.166 65429 INFO tempest.lib.common.rest_client [req-52c1d4ae-480b-40bf-96ba-e7104090dd95 req-52c1d4ae-480b-40bf-96ba-e7104090dd95 ] Request (ServerActionsTestOtherA:tearDownClass): 204 DELETE http://10.180.1.21:9696/networking/v2.0/subnets/6a5152c5-f7c8-4726-90be-8f2ca30539f8 0.487s
2024-12-10 21:16:57.169 65419 INFO tempest.lib.common.rest_client [req-94d1878c-fd9f-421b-8121-e1fce4888253 req-94d1878c-fd9f-421b-8121-e1fce4888253 ] Request (FlavorsAccessNegativeTestJSON:tearDownClass): 204 DELETE http://10.180.1.21/identity/v3/users/8f79f17cdfd54717a6c1b92364c81e75 0.082s
2024-12-10 21:16:57.225 65397 INFO tempest.lib.common.rest_client [req-1e7b3ab4-f4e3-4855-92f1-7ff6b0c94892 req-1e7b3ab4-f4e3-4855-92f1-7ff6b0c94892 ] Request (InstanceActionsNegativeTestJSON:setUpClass): 200 GET http://10.180.1.21/compute/v2.1/servers/416dd54f-4444-458b-be82-3324c86fb5c9 1.273s
2024-12-10 21:16:57.248 65375 INFO tempest.lib.common.rest_client [req-3ee1ecf7-fb1c-472e-9929-43adf1988134 req-3ee1ecf7-fb1c-472e-9929-43adf1988134 ] Request (FlavorsAdminTestJSON:_run_cleanups): 200 GET http://10.180.1.21/compute/v2.1/flavors/detail 1.287s
2024-12-10 21:16:57.270 65419 INFO tempest.lib.common.rest_client [req-132089d1-206a-45cb-a7fd-2ed1913a5d04 req-132089d1-206a-45cb-a7fd-2ed1913a5d04 ] Request (FlavorsAccessNegativeTestJSON:tearDownClass): 204 DELETE http://10.180.1.21/identity/v3/users/b599d503545140c684b599a3292cd207 0.100s
2024-12-10 21:16:57.311 65405 INFO tempest.lib.common.rest_client [req-866e78a8-d80e-4cc5-b0a7-26dfef54d7b3 req-866e78a8-d80e-4cc5-b0a7-26dfef54d7b3 ] Request (ServersAaction247Test:test_create_backup): 200 GET http://10.180.1.21/compute/v2.1/servers/beae7708-6ddc-422f-b429-d4e67588a172 1.282s
2024-12-10 21:16:57.365 65419 INFO tempest.lib.common.rest_client [req-d1ea7874-c3a4-4868-b233-22c46ce753b1 req-d1ea7874-c3a4-4868-b233-22c46ce753b1 ] Request (FlavorsAccessNegativeTestJSON:tearDownClass): 204 DELETE http://10.180.1.21/identity/v3/users/2dc576b99c90448ba13da5b221e7e670 0.094s
2024-12-10 21:16:57.365 65419 INFO tempest.lib.common.dynamic_creds [-] Deleting project and security group for project: 7cffb2c20d784de0a194bf90e136a1b7
2024-12-10 21:16:57.375 65389 INFO tempest.lib.common.rest_client [req-143d5509-89a5-49fb-9746-a244dc7415f6 req-143d5509-89a5-49fb-9746-a244dc7415f6 ] Request (ServerExternalEventsTest:test_create_server_external_events): 200 GET http://10.180.1.21/compute/v2.1/servers/3a55b2e6-a884-4dda-a9d4-9e63182c8ffa 1.039s
2024-12-10 21:16:57.440 65419 INFO tempest.lib.common.rest_client [req-23b79a73-6a11-4a7b-be4a-e6ee3daf1986 req-23b79a73-6a11-4a7b-be4a-e6ee3daf1986 ] Request (FlavorsAccessNegativeTestJSON:tearDownClass): 201 POST http://10.180.1.21/identity/v3/auth/tokens 0.075s
2024-12-10 21:16:57.451 65395 INFO tempest.lib.common.rest_client [req-e5ebb2f6-a4ce-41ec-8216-2c919e67d764 req-e5ebb2f6-a4ce-41ec-8216-2c919e67d764 ] Request (TenantUsagesTestJSON:tearDownClass): 200 GET http://10.180.1.21/compute/v2.1/servers/a79edfa3-9b31-4079-979a-5d11818b3e42 1.043s
2024-12-10 21:16:57.458 65431 INFO tempest.lib.common.rest_client [req-982ea2f9-f0e1-4178-96d7-da61284ed551 req-982ea2f9-f0e1-4178-96d7-da61284ed551 ] Request (ServersAdminTestJSON:setUpClass): 200 GET http://10.180.1.21/compute/v2.1/servers/e26524ba-912d-40ac-a299-6d6c4aae65e0 1.607s
2024-12-10 21:16:57.461 65395 INFO tempest.common.waiters [-] State transition "ACTIVE/deleting" ==> "DELETED/None" after 2 second wait
2024-12-10 21:16:57.468 65431 INFO tempest.common.waiters [-] State transition "BUILD/networking" ==> "BUILD/spawning" after 24 second wait
2024-12-10 21:16:57.526 65415 INFO tempest.lib.common.rest_client [req-297283e9-f409-4efa-b909-42b7889abcf7 req-297283e9-f409-4efa-b909-42b7889abcf7 ] Request (ServerDiagnosticsV248Test:test_get_server_diagnostics): 200 GET http://10.180.1.21/compute/v2.1/servers/845622fb-182f-422b-a2c6-9a1238bb1fda 0.978s
2024-12-10 21:16:57.581 65381 INFO tempest.lib.common.rest_client [req-43524eb4-dd5f-49b5-a49a-b97098e23fb7 req-43524eb4-dd5f-49b5-a49a-b97098e23fb7 ] Request (ServersAdmin275Test:test_rebuild_update_server_275): 200 GET http://10.180.1.21/compute/v2.1/servers/a6a860ad-919e-4184-9850-79316658b946 0.997s
2024-12-10 21:16:57.595 65387 INFO tempest.lib.common.rest_client [req-fa7c3009-df34-400c-b198-2f817da3ecd7 req-fa7c3009-df34-400c-b198-2f817da3ecd7 ] Request (ServersAdminNegativeTestJSON:test_migrate_server_invalid_state): 200 GET http://10.180.1.21/compute/v2.1/servers/3d3de8fe-5189-4105-bc80-566c5307922e 1.002s
2024-12-10 21:16:57.724 65429 INFO tempest.lib.common.rest_client [req-549bd0af-8223-4a9a-93e4-1f0c64c1552e req-549bd0af-8223-4a9a-93e4-1f0c64c1552e ] Request (ServerActionsTestOtherA:tearDownClass): 204 DELETE http://10.180.1.21:9696/networking/v2.0/networks/6afdaea3-72b7-4465-8aca-56ffdf7dba69 0.557s
2024-12-10 21:16:57.831 65419 INFO tempest.lib.common.rest_client [req-e99188d0-72ab-49de-9f86-85075afb7b7f req-e99188d0-72ab-49de-9f86-85075afb7b7f ] Request (FlavorsAccessNegativeTestJSON:tearDownClass): 200 GET http://10.180.1.21:9696/networking/v2.0/security-groups?tenant_id=7cffb2c20d784de0a194bf90e136a1b7&name=default 0.390s
2024-12-10 21:16:57.842 65429 INFO tempest.lib.common.rest_client [req-76948014-15e6-4034-a804-6608f7e5221a req-76948014-15e6-4034-a804-6608f7e5221a ] Request (ServerActionsTestOtherA:tearDownClass): 204 DELETE http://10.180.1.21/identity/v3/users/faa78a8e1cc14284ab7c3ad35451e6f7 0.117s
2024-12-10 21:16:57.842 65429 INFO tempest.lib.common.dynamic_creds [-] Deleting project and security group for project: 6bad5ffa066d4e58a71a23496fb1a8f9
2024-12-10 21:16:57.941 65429 INFO tempest.lib.common.rest_client [req-e037687e-2834-4140-8a77-3eed80eb4162 req-e037687e-2834-4140-8a77-3eed80eb4162 ] Request (ServerActionsTestOtherA:tearDownClass): 200 GET http://10.180.1.21:9696/networking/v2.0/security-groups?tenant_id=6bad5ffa066d4e58a71a23496fb1a8f9&name=default 0.098s
2024-12-10 21:16:57.944 65436 INFO tempest.lib.common.rest_client [req-b822e14c-9fb2-4786-91f0-93a5f8dcccbb req-b822e14c-9fb2-4786-91f0-93a5f8dcccbb ] Request (VolumesAssistedSnapshotsTest:test_volume_assisted_snapshot_create_delete): 200 GET http://10.180.1.21/compute/v2.1/servers/54650f01-3470-46bd-ae16-051df7758071 1.250s
2024-12-10 21:16:57.976 65417 WARNING tempest.lib.common.ssh [-] Failed to establish authenticated ssh connection to cirros@10.180.180.138 ([Errno None] Unable to connect to port 22 on 10.180.180.138). Number attempts: 2. Retry after 3 seconds.: paramiko.ssh_exception.NoValidConnectionsError: [Errno None] Unable to connect to port 22 on 10.180.180.138
2024-12-10 21:16:58.148 65419 INFO tempest.lib.common.rest_client [req-fa32f0a6-e67e-4f63-8aff-38b24847e60e req-fa32f0a6-e67e-4f63-8aff-38b24847e60e ] Request (FlavorsAccessNegativeTestJSON:tearDownClass): 204 DELETE http://10.180.1.21:9696/networking/v2.0/security-groups/ae3eb609-7379-47bb-b857-3d01655e0522 0.316s
2024-12-10 21:16:58.231 65429 INFO tempest.lib.common.rest_client [req-baf61395-5975-404c-ac0b-ee4a5a7cdfc3 req-baf61395-5975-404c-ac0b-ee4a5a7cdfc3 ] Request (ServerActionsTestOtherA:tearDownClass): 204 DELETE http://10.180.1.21:9696/networking/v2.0/security-groups/5d758f89-f9f7-46fe-a0b7-849dd02c65e2 0.290s
2024-12-10 21:16:58.293 65419 INFO tempest.lib.common.rest_client [req-3a720714-f8ba-4318-8fd6-85d709aaf16c req-3a720714-f8ba-4318-8fd6-85d709aaf16c ] Request (FlavorsAccessNegativeTestJSON:tearDownClass): 204 DELETE http://10.180.1.21/identity/v3/projects/7cffb2c20d784de0a194bf90e136a1b7 0.144s
2024-12-10 21:16:58.293 65419 INFO tempest.lib.common.dynamic_creds [-] Deleting project and security group for project: 950ca96b381d4ef8ae1e55d210e930a9
2024-12-10 21:16:58.302 65429 INFO tempest.lib.common.rest_client [req-a9442d3b-069c-4303-99bc-d8b5b5cbd294 req-a9442d3b-069c-4303-99bc-d8b5b5cbd294 ] Request (ServerActionsTestOtherA:tearDownClass): 204 DELETE http://10.180.1.21/identity/v3/projects/6bad5ffa066d4e58a71a23496fb1a8f9 0.071s
2024-12-10 21:16:58.393 65429 INFO tempest.lib.common.rest_client [req-4f980baf-1007-415e-bd00-fd984e50d3d4 req-4f980baf-1007-415e-bd00-fd984e50d3d4 ] Request (ServerGroup264TestJSON:setUpClass): 201 POST http://10.180.1.21/identity/v3/auth/tokens 0.080s
2024-12-10 21:16:58.422 65429 INFO tempest.lib.common.rest_client [req-14af8ad8-0aee-4ad4-8b3e-fa7530feb10a req-14af8ad8-0aee-4ad4-8b3e-fa7530feb10a ] Request (ServerGroup264TestJSON:setUpClass): 201 POST http://10.180.1.21/identity/v3/auth/tokens 0.026s
2024-12-10 21:16:58.457 65429 INFO tempest.lib.common.rest_client [req-778e16a7-8037-4e91-8329-b29b88e8687b req-778e16a7-8037-4e91-8329-b29b88e8687b ] Request (ServerGroup264TestJSON:setUpClass): 200 GET http://10.180.1.21/identity/v3/domains?name=Default 0.035s
2024-12-10 21:16:58.486 65429 INFO tempest.lib.common.rest_client [req-7a18cf40-5d27-47e5-8308-e1fdcbc56a0c req-7a18cf40-5d27-47e5-8308-e1fdcbc56a0c ] Request (ServerGroup264TestJSON:setUpClass): 201 POST http://10.180.1.21/identity/v3/projects 0.028s
2024-12-10 21:16:58.543 65429 INFO tempest.lib.common.rest_client [req-59dfec28-3f71-49db-84b8-1117972dcb34 req-59dfec28-3f71-49db-84b8-1117972dcb34 ] Request (ServerGroup264TestJSON:setUpClass): 201 POST http://10.180.1.21/identity/v3/users 0.056s
2024-12-10 21:16:58.559 65429 INFO tempest.lib.common.rest_client [req-7bc2fd20-5694-4769-a1bb-8ee116325d1b req-7bc2fd20-5694-4769-a1bb-8ee116325d1b ] Request (ServerGroup264TestJSON:setUpClass): 200 GET http://10.180.1.21/identity/v3/roles 0.016s
2024-12-10 21:16:58.590 65429 INFO tempest.lib.common.rest_client [req-eec50553-dc03-41b7-ab7e-12ab407c987a req-eec50553-dc03-41b7-ab7e-12ab407c987a ] Request (ServerGroup264TestJSON:setUpClass): 204 PUT http://10.180.1.21/identity/v3/projects/39e5379305e24c25a22b243aad71ebe0/users/87113b9447f1422481310a3ce10ccecb/roles/2c9c87fe66db4c1fac5e5ee757abd1f0 0.030s
2024-12-10 21:16:58.591 65429 INFO tempest.lib.common.dynamic_creds [-] Dynamic test user 87113b9447f1422481310a3ce10ccecb is created with scope project and roles: ['member']
2024-12-10 21:16:58.591 65429 INFO tempest.lib.common.dynamic_creds [-] Acquired dynamic creds: credentials: Credentials: {'domain_id': 'default', 'domain_name': 'Default', 'username': 'tempest-ServerGroup264TestJSON-634829500-project-member', 'project_domain_id': 'default', 'project_domain_name': 'Default', 'project_id': '39e5379305e24c25a22b243aad71ebe0', 'project_name': 'tempest-ServerGroup264TestJSON-634829500', 'tenant_id': '39e5379305e24c25a22b243aad71ebe0', 'tenant_name': 'tempest-ServerGroup264TestJSON-634829500', 'user_domain_id': 'default', 'user_domain_name': 'Default', 'user_id': '87113b9447f1422481310a3ce10ccecb', 'system': None}, Network: None, Subnet: None, Router: None
2024-12-10 21:16:58.603 65419 INFO tempest.lib.common.rest_client [req-63a41b0c-af1f-44f5-9387-053561abd7a6 req-63a41b0c-af1f-44f5-9387-053561abd7a6 ] Request (FlavorsAccessNegativeTestJSON:tearDownClass): 200 GET http://10.180.1.21:9696/networking/v2.0/security-groups?tenant_id=950ca96b381d4ef8ae1e55d210e930a9&name=default 0.310s
2024-12-10 21:16:58.649 65429 INFO tempest.lib.common.rest_client [req-e275a67b-ff1b-4e6d-9713-9195cbd6e6d0 req-e275a67b-ff1b-4e6d-9713-9195cbd6e6d0 ] Request (ServerGroup264TestJSON:setUpClass): 201 POST http://10.180.1.21/identity/v3/auth/tokens 0.058s
2024-12-10 21:16:58.802 65425 INFO tempest.lib.common.rest_client [req-f968699e-ee2d-456e-b7dc-f84a3993b3b8 req-f968699e-ee2d-456e-b7dc-f84a3993b3b8 ] Request (ServerActionsTestOtherB:setUpClass): 201 POST http://10.180.1.21:9696/networking/v2.0/routers 1.720s
2024-12-10 21:16:58.828 65437 INFO tempest.lib.common.rest_client [req-07f0b2b6-0c90-49c3-b9ad-4b4cc3ecffc1 req-07f0b2b6-0c90-49c3-b9ad-4b4cc3ecffc1 ] Request (FloatingIPDetailsTestJSON:tearDownClass): 202 DELETE http://10.180.1.21/compute/v2.1/os-floating-ips/5f6c64b7-54ed-457c-b818-5fe648f9649a 1.987s
2024-12-10 21:16:58.829 65419 INFO tempest.lib.common.rest_client [req-c3065005-2b6c-4dd9-a81b-243e9ac0ee4f req-c3065005-2b6c-4dd9-a81b-243e9ac0ee4f ] Request (FlavorsAccessNegativeTestJSON:tearDownClass): 204 DELETE http://10.180.1.21:9696/networking/v2.0/security-groups/cb36feb1-948f-44d4-a86f-fab9304ad867 0.225s
2024-12-10 21:16:58.886 65433 INFO tempest.lib.common.rest_client [req-f9273e37-aed8-4513-b8b5-fad150bcedea req-f9273e37-aed8-4513-b8b5-fad150bcedea ] Request (QuotaClassesAdminTestJSON:_run_cleanups): 200 PUT http://10.180.1.21/compute/v2.1/os-quota-class-sets/default 2.030s
2024-12-10 21:16:58.909 65419 INFO tempest.lib.common.rest_client [req-b25672b0-c71e-41e1-81a9-e39e3b2947cb req-b25672b0-c71e-41e1-81a9-e39e3b2947cb ] Request (FlavorsAccessNegativeTestJSON:tearDownClass): 204 DELETE http://10.180.1.21/identity/v3/projects/950ca96b381d4ef8ae1e55d210e930a9 0.079s
2024-12-10 21:16:58.910 65419 INFO tempest.lib.common.dynamic_creds [-] Deleting project and security group for project: 3504a9885cc149a8a3df7d7f08f23209
2024-12-10 21:16:59.005 65427 INFO tempest.lib.common.rest_client [req-d983ff93-519a-4314-a7e5-355c2d7f60cc req-d983ff93-519a-4314-a7e5-355c2d7f60cc ] Request (QuotasAdminTestV257:test_get_updated_quotas): 200 GET http://10.180.1.21/identity/v3/domains?name=Default 0.073s
2024-12-10 21:16:59.030 65433 INFO tempest.lib.common.rest_client [req-08c2d87c-96b6-47eb-be93-4afe1e1b8159 req-08c2d87c-96b6-47eb-be93-4afe1e1b8159 ] Request (QuotaClassesAdminTestJSON:tearDownClass): 204 DELETE http://10.180.1.21/identity/v3/users/37d1034f199c46b8966be5e3fe23c1c0 0.139s
2024-12-10 21:16:59.085 65427 INFO tempest.lib.common.rest_client [req-cfe733a3-b6fa-4590-a1b3-caffffb46349 req-cfe733a3-b6fa-4590-a1b3-caffffb46349 ] Request (QuotasAdminTestV257:test_get_updated_quotas): 201 POST http://10.180.1.21/identity/v3/projects 0.079s
2024-12-10 21:16:59.127 65433 INFO tempest.lib.common.rest_client [req-5ea4b358-38fc-4d6a-9f41-4d81c7e6f93a req-5ea4b358-38fc-4d6a-9f41-4d81c7e6f93a ] Request (QuotaClassesAdminTestJSON:tearDownClass): 204 DELETE http://10.180.1.21/identity/v3/users/26ce9a4761d4494da9452a32396b931d 0.096s
2024-12-10 21:16:59.127 65433 INFO tempest.lib.common.dynamic_creds [-] Deleting project and security group for project: 9a1c83e70b2149399afd2a5c848294ed
2024-12-10 21:16:59.184 65427 INFO tempest.lib.common.rest_client [req-a2fa1a48-268f-4540-8fbf-d28b598e6123 req-a2fa1a48-268f-4540-8fbf-d28b598e6123 ] Request (QuotasAdminTestV257:test_get_updated_quotas): 200 GET http://10.180.1.21/identity/v3/domains?name=Default 0.099s
2024-12-10 21:16:59.194 65433 INFO tempest.lib.common.rest_client [req-b2071518-c1c4-4900-8f4e-4d7f384c3910 req-b2071518-c1c4-4900-8f4e-4d7f384c3910 ] Request (QuotaClassesAdminTestJSON:tearDownClass): 201 POST http://10.180.1.21/identity/v3/auth/tokens 0.066s
2024-12-10 21:16:59.343 65419 INFO tempest.lib.common.rest_client [req-cd2e6714-dd10-4ce4-8ce2-b21f9ddea750 req-cd2e6714-dd10-4ce4-8ce2-b21f9ddea750 ] Request (FlavorsAccessNegativeTestJSON:tearDownClass): 200 GET http://10.180.1.21:9696/networking/v2.0/security-groups?tenant_id=3504a9885cc149a8a3df7d7f08f23209&name=default 0.433s
2024-12-10 21:16:59.346 65391 INFO tempest.lib.common.rest_client [req-0438de63-8eef-4130-beeb-5a0b9cf46927 req-0438de63-8eef-4130-beeb-5a0b9cf46927 ] Request (ServersWithSpecificFlavorTestJSON:test_verify_created_server_ephemeral_disk): 200 GET http://10.180.1.21/compute/v2.1/servers/bbbdec91-762b-415e-bdbd-ed3700c90a24 2.432s
2024-12-10 21:16:59.350 65383 INFO tempest.lib.common.rest_client [req-53b68b29-1c2d-47f7-bed5-1a56393afe21 req-53b68b29-1c2d-47f7-bed5-1a56393afe21 ] Request (FloatingIPsAssociationNegativeTestJSON:_run_cleanups): 202 POST http://10.180.1.21/compute/v2.1/servers/a7259360-260a-49cb-b673-c5d33cebf48f/action 2.624s
2024-12-10 21:16:59.352 65391 INFO tempest.common.waiters [-] State transition "BUILD/None" ==> "BUILD/spawning" after 22 second wait
2024-12-10 21:16:59.382 65433 INFO tempest.lib.common.rest_client [req-1d2a4cc7-3418-4122-8d49-e407261ee2cc req-1d2a4cc7-3418-4122-8d49-e407261ee2cc ] Request (QuotaClassesAdminTestJSON:tearDownClass): 200 GET http://10.180.1.21:9696/networking/v2.0/security-groups?tenant_id=9a1c83e70b2149399afd2a5c848294ed&name=default 0.188s
2024-12-10 21:16:59.411 65429 INFO tempest.lib.common.rest_client [req-f9af8343-0e4d-4406-9a49-dc42a761d7ed req-f9af8343-0e4d-4406-9a49-dc42a761d7ed ] Request (ServerGroup264TestJSON:setUpClass): 201 POST http://10.180.1.21:9696/networking/v2.0/networks 0.761s
2024-12-10 21:16:59.607 65411 INFO tempest.lib.common.rest_client [req-b245d59d-0832-4643-ac0e-6642bd9f2cfb req-b245d59d-0832-4643-ac0e-6642bd9f2cfb ] Request (MigrationsAdminTest:test_list_migrations_in_flavor_resize_situation): 200 GET http://10.180.1.21/compute/v2.1/servers/59f30b3f-5286-4d90-b726-011e419fca2a 2.501s
2024-12-10 21:16:59.608 65433 INFO tempest.lib.common.rest_client [req-8cd60579-6598-4cc2-b124-e0d62be37b4a req-8cd60579-6598-4cc2-b124-e0d62be37b4a ] Request (QuotaClassesAdminTestJSON:tearDownClass): 204 DELETE http://10.180.1.21:9696/networking/v2.0/security-groups/87951ab2-8909-4159-912e-984ff19ca3c7 0.225s
2024-12-10 21:16:59.620 65377 INFO tempest.lib.common.rest_client [req-7f459dd6-fd53-42ee-8cd1-afa3f1e473ad req-7f459dd6-fd53-42ee-8cd1-afa3f1e473ad ] Request (AggregatesAdminNegativeTestJSON:test_aggregate_get_details_with_invalid_id): 404 GET http://10.180.1.21/compute/v2.1/os-aggregates/-1 2.513s
2024-12-10 21:16:59.693 65379 INFO tempest.lib.common.rest_client [req-cc6d506d-df65-4f3f-b589-ba253351aaa4 req-cc6d506d-df65-4f3f-b589-ba253351aaa4 ] Request (SecurityGroupsTestJSON:test_list_security_groups_by_server): 200 GET http://10.180.1.21/compute/v2.1/servers/c240dc64-3b62-4f4f-a8a5-7cd9fb816dcc 2.519s
2024-12-10 21:16:59.704 65433 INFO tempest.lib.common.rest_client [req-24723aea-381e-4cf0-a749-d301f46fca13 req-24723aea-381e-4cf0-a749-d301f46fca13 ] Request (QuotaClassesAdminTestJSON:tearDownClass): 204 DELETE http://10.180.1.21/identity/v3/projects/9a1c83e70b2149399afd2a5c848294ed 0.096s
2024-12-10 21:16:59.704 65433 INFO tempest.lib.common.dynamic_creds [-] Deleting project and security group for project: a5be41bf034943a5ac3cce8ed1eefe7b
2024-12-10 21:16:59.724 65429 INFO tempest.lib.common.rest_client [req-562afbfc-1927-436a-a171-a47383079174 req-562afbfc-1927-436a-a171-a47383079174 ] Request (ServerGroup264TestJSON:setUpClass): 201 POST http://10.180.1.21:9696/networking/v2.0/subnets 0.312s
2024-12-10 21:16:59.757 65407 INFO tempest.lib.common.rest_client [req-4e46fe79-d71a-4046-9f3d-94a9ad1f666e req-4e46fe79-d71a-4046-9f3d-94a9ad1f666e ] Request (DeleteServersTestJSON:test_delete_active_server): 200 GET http://10.180.1.21/compute/v2.1/servers/41c6290d-3110-4de7-bb44-190fd57478c6 2.535s
2024-12-10 21:16:59.765 65407 INFO tempest.common.waiters [-] State transition "BUILD/None" ==> "BUILD/networking" after 18 second wait
2024-12-10 21:16:59.778 65375 INFO tempest.lib.common.rest_client [req-eb45a9df-720c-463b-8359-d99c13c504eb req-eb45a9df-720c-463b-8359-d99c13c504eb ] Request (FlavorsAdminTestJSON:test_is_public_string_variations): 200 POST http://10.180.1.21/compute/v2.1/flavors 2.521s
2024-12-10 21:16:59.823 65399 INFO tempest.lib.common.rest_client [req-a175962e-2b30-46fd-b2d0-15abccbc9443 req-a175962e-2b30-46fd-b2d0-15abccbc9443 ] Request (SecurityGroupRulesTestJSON:setUpClass): 200 PUT http://10.180.1.21:9696/networking/v2.0/routers/f467514d-14fc-440c-bdad-13e4f64832d4/add_router_interface 3.199s
2024-12-10 21:16:59.823 65399 INFO tempest.lib.common.dynamic_creds [-] Created isolated network resources for: credentials: Credentials: {'domain_id': 'default', 'domain_name': 'Default', 'username': 'tempest-SecurityGroupRulesTestJSON-1328503060-project-member', 'project_domain_id': 'default', 'project_domain_name': 'Default', 'project_id': 'e2bbd435dfa64298b9010ab38f9017f5', 'project_name': 'tempest-SecurityGroupRulesTestJSON-1328503060', 'tenant_id': 'e2bbd435dfa64298b9010ab38f9017f5', 'tenant_name': 'tempest-SecurityGroupRulesTestJSON-1328503060', 'user_domain_id': 'default', 'user_domain_name': 'Default', 'user_id': '27e4dfc4414b4bb6bc93230af4fd9cff', 'system': None}, Network: {'id': 'b8bddc27-21ab-417d-b5bc-ebc4933cbaf1', 'name': 'tempest-SecurityGroupRulesTestJSON-1375489032-network', 'tenant_id': 'e2bbd435dfa64298b9010ab38f9017f5', 'admin_state_up': True, 'mtu': 8950, 'status': 'ACTIVE', 'subnets': [], 'shared': False, 'project_id': 'e2bbd435dfa64298b9010ab38f9017f5', 'port_security_enabled': True, 'router:external': False, 'provider:network_type': 'vlan', 'provider:physical_network': 'default', 'provider:segmentation_id': 471, 'availability_zone_hints': [], 'availability_zones': [], 'ipv4_address_scope': None, 'ipv6_address_scope': None, 'description': '', 'tags': [], 'created_at': '2024-12-10T21:16:53Z', 'updated_at': '2024-12-10T21:16:53Z', 'revision_number': 1}, Subnet: {'id': '426536af-2ea9-4deb-8986-9c5f7b5e467e', 'name': 'tempest-SecurityGroupRulesTestJSON-1375489032-subnet', 'tenant_id': 'e2bbd435dfa64298b9010ab38f9017f5', 'network_id': 'b8bddc27-21ab-417d-b5bc-ebc4933cbaf1', 'ip_version': 4, 'subnetpool_id': None, 'enable_dhcp': True, 'ipv6_ra_mode': None, 'ipv6_address_mode': None, 'gateway_ip': '192.168.128.1', 'cidr': '192.168.128.0/28', 'allocation_pools': [{'start': '192.168.128.2', 'end': '192.168.128.14'}], 'host_routes': [], 'dns_nameservers': [], 'description': '', 'router:external': False, 'service_types': [], 'tags': [], 'created_at': '2024-12-10T21:16:53Z', 'updated_at': '2024-12-10T21:16:53Z', 'revision_number': 0, 'project_id': 'e2bbd435dfa64298b9010ab38f9017f5'}, Router: {'id': 'f467514d-14fc-440c-bdad-13e4f64832d4', 'name': 'tempest-SecurityGroupRulesTestJSON-1375489032-router', 'tenant_id': 'e2bbd435dfa64298b9010ab38f9017f5', 'admin_state_up': True, 'status': 'ACTIVE', 'external_gateway_info': {'network_id': '58220cf0-baa9-4eab-9017-ce887fc585ff', 'external_fixed_ips': [{'subnet_id': '17481956-8957-4bbc-9b08-0fbeb16785dc', 'ip_address': '10.180.180.158'}], 'enable_snat': True}, 'description': '', 'availability_zones': [], 'distributed': False, 'ha': False, 'availability_zone_hints': [], 'routes': [], 'flavor_id': None, 'tags': [], 'created_at': '2024-12-10T21:16:54Z', 'updated_at': '2024-12-10T21:16:55Z', 'revision_number': 2, 'project_id': 'e2bbd435dfa64298b9010ab38f9017f5'}
2024-12-10 21:16:59.848 65419 INFO tempest.lib.common.rest_client [req-eb723fcf-59ea-4259-b0d7-e853c4c54caa req-eb723fcf-59ea-4259-b0d7-e853c4c54caa ] Request (FlavorsAccessNegativeTestJSON:tearDownClass): 204 DELETE http://10.180.1.21:9696/networking/v2.0/security-groups/0ed48ff0-c59a-460b-be06-8e10bcc26497 0.504s
2024-12-10 21:16:59.867 65393 INFO tempest.lib.common.rest_client [req-9061e984-09d4-4f4a-afaa-9871905c08ac req-9061e984-09d4-4f4a-afaa-9871905c08ac ] Request (ServersTestJSON:test_create_server_specify_multibyte_character_name): 200 GET http://10.180.1.21/compute/v2.1/servers/cad0a47a-d332-400d-a662-8b0089e6d803 2.588s
2024-12-10 21:16:59.873 65401 INFO tempest.lib.common.rest_client [req-0c9aa5bf-923c-448e-9069-d3db31c73dab req-0c9aa5bf-923c-448e-9069-d3db31c73dab ] Request (SecurityGroupsTestAdminJSON:_run_cleanups): 202 DELETE http://10.180.1.21/compute/v2.1/os-security-groups/65d18ff1-3679-48ba-8303-da392ab21531 2.820s
2024-12-10 21:16:59.955 65399 INFO tempest.lib.common.rest_client [req-221c0510-df8a-4056-9470-fe49400455a3 req-221c0510-df8a-4056-9470-fe49400455a3 ] Request (SecurityGroupRulesTestJSON:setUpClass): 201 POST http://10.180.1.21/identity/v3/auth/tokens 0.127s
2024-12-10 21:16:59.964 65409 INFO tempest.lib.common.rest_client [req-006be4a8-1e4f-4cce-8e8d-fec3d0d6fe3b req-006be4a8-1e4f-4cce-8e8d-fec3d0d6fe3b ] Request (DeleteServersAdminTestJSON:test_admin_delete_servers_of_others): 200 GET http://10.180.1.21/compute/v2.1/servers/366986e7-d0b3-40a2-9aa0-b1379d094c18 2.544s
2024-12-10 21:16:59.978 65421 INFO tempest.lib.common.rest_client [req-cf1752c7-92ef-42fc-8398-1503b541d791 req-cf1752c7-92ef-42fc-8398-1503b541d791 ] Request (ServerDiagnosticsNegativeTest:tearDownClass): 200 GET http://10.180.1.21/compute/v2.1/servers/28466209-2f25-401f-b406-78c8a99d8443 2.629s
2024-12-10 21:17:00.007 65419 INFO tempest.lib.common.rest_client [req-8aceb0b6-afbf-4b98-ab9e-6bf9cfb5c772 req-8aceb0b6-afbf-4b98-ab9e-6bf9cfb5c772 ] Request (FlavorsAccessNegativeTestJSON:tearDownClass): 204 DELETE http://10.180.1.21/identity/v3/projects/3504a9885cc149a8a3df7d7f08f23209 0.158s
2024-12-10 21:17:00.011 65433 INFO tempest.lib.common.rest_client [req-b4ab867f-9427-48eb-aad7-8502abdc464c req-b4ab867f-9427-48eb-aad7-8502abdc464c ] Request (QuotaClassesAdminTestJSON:tearDownClass): 200 GET http://10.180.1.21:9696/networking/v2.0/security-groups?tenant_id=a5be41bf034943a5ac3cce8ed1eefe7b&name=default 0.306s
2024-12-10 21:17:00.083 65413 INFO tempest.lib.common.rest_client [req-511a3e0f-454a-4c1c-9031-83474a4ba1e9 req-511a3e0f-454a-4c1c-9031-83474a4ba1e9 ] Request (InstanceActionsV221TestJSON:test_get_list_deleted_instance_actions): 200 GET http://10.180.1.21/compute/v2.1/servers/dac236ef-dacc-427d-9525-ccb2247a4610 2.606s
2024-12-10 21:17:00.106 65419 INFO tempest.lib.common.rest_client [req-0d55c7b5-edf1-4d94-9fab-ec1b762478b5 req-0d55c7b5-edf1-4d94-9fab-ec1b762478b5 ] Request (ImagesMetadataNegativeTestJSON:setUpClass): 201 POST http://10.180.1.21/identity/v3/auth/tokens 0.094s
2024-12-10 21:17:00.150 65419 INFO tempest.lib.common.rest_client [req-c6e909f1-fa3a-437d-8b6d-15e3e6011ed5 req-c6e909f1-fa3a-437d-8b6d-15e3e6011ed5 ] Request (ImagesMetadataNegativeTestJSON:setUpClass): 201 POST http://10.180.1.21/identity/v3/auth/tokens 0.041s
2024-12-10 21:17:00.161 65385 INFO tempest.lib.common.rest_client [req-e75b8bab-bdb8-471f-a4db-4473802dc451 req-e75b8bab-bdb8-471f-a4db-4473802dc451 ] Request (ImagesOneServerTestJSON:setUpClass): 200 GET http://10.180.1.21/compute/v2.1/servers/fcf611a3-a07e-4d1c-8a39-c02357bd9f30 2.188s
2024-12-10 21:17:00.184 65419 INFO tempest.lib.common.rest_client [req-a1b6f9a1-aa0a-42f3-9f81-aaf1e259f1bc req-a1b6f9a1-aa0a-42f3-9f81-aaf1e259f1bc ] Request (ImagesMetadataNegativeTestJSON:setUpClass): 200 GET http://10.180.1.21/identity/v3/domains?name=Default 0.033s
2024-12-10 21:17:00.225 65419 INFO tempest.lib.common.rest_client [req-a39e90ab-565c-481b-a1d6-56517a505a8c req-a39e90ab-565c-481b-a1d6-56517a505a8c ] Request (ImagesMetadataNegativeTestJSON:setUpClass): 201 POST http://10.180.1.21/identity/v3/projects 0.039s
2024-12-10 21:17:00.228 65403 INFO tempest.lib.common.rest_client [req-d3c55653-a112-4ff5-897b-0d2c40cf2b49 req-d3c55653-a112-4ff5-897b-0d2c40cf2b49 ] Request (ServerDiagnosticsTest:test_get_server_diagnostics): 200 GET http://10.180.1.21/compute/v2.1/servers/0addfb95-4247-496a-a5bc-4954ce8acba7 2.312s
2024-12-10 21:17:00.234 65403 INFO tempest.common.waiters [-] State transition "BUILD/spawning" ==> "ACTIVE/None" after 33 second wait
2024-12-10 21:17:00.251 65423 INFO tempest.lib.common.rest_client [req-4f1bdf99-b84e-4732-9f88-a4ff87bdd724 req-4f1bdf99-b84e-4732-9f88-a4ff87bdd724 ] Request (ServersTestManualDisk:setUpClass): 200 GET http://10.180.1.21/compute/v2.1/servers/e7cf29d2-4447-4acf-a14d-51806a352d75 2.076s
2024-12-10 21:17:00.263 65433 INFO tempest.lib.common.rest_client [req-3c6670d7-1dfe-48dd-b910-585f78f50eba req-3c6670d7-1dfe-48dd-b910-585f78f50eba ] Request (QuotaClassesAdminTestJSON:tearDownClass): 204 DELETE http://10.180.1.21:9696/networking/v2.0/security-groups/62aa051f-963e-4972-8273-6b5d001dd71a 0.250s
2024-12-10 21:17:00.301 65419 INFO tempest.lib.common.rest_client [req-e9a206d5-61fd-4669-908f-846f4ad6dcbb req-e9a206d5-61fd-4669-908f-846f4ad6dcbb ] Request (ImagesMetadataNegativeTestJSON:setUpClass): 201 POST http://10.180.1.21/identity/v3/users 0.075s
2024-12-10 21:17:00.332 65397 INFO tempest.lib.common.rest_client [req-41fb1625-bc52-4cd2-a910-33d5b3692580 req-41fb1625-bc52-4cd2-a910-33d5b3692580 ] Request (InstanceActionsNegativeTestJSON:setUpClass): 200 GET http://10.180.1.21/compute/v2.1/servers/416dd54f-4444-458b-be82-3324c86fb5c9 2.100s
2024-12-10 21:17:00.346 65419 INFO tempest.lib.common.rest_client [req-4a52a3e4-eb57-4556-98d1-67532d51ddf2 req-4a52a3e4-eb57-4556-98d1-67532d51ddf2 ] Request (ImagesMetadataNegativeTestJSON:setUpClass): 200 GET http://10.180.1.21/identity/v3/roles 0.045s
2024-12-10 21:17:00.365 65433 INFO tempest.lib.common.rest_client [req-5cff3331-1d2d-4a56-9896-805053ec0bc9 req-5cff3331-1d2d-4a56-9896-805053ec0bc9 ] Request (QuotaClassesAdminTestJSON:tearDownClass): 204 DELETE http://10.180.1.21/identity/v3/projects/a5be41bf034943a5ac3cce8ed1eefe7b 0.101s
2024-12-10 21:17:00.370 65405 INFO tempest.lib.common.rest_client [req-9bc8281a-c272-41c4-b1d4-c17774b175ba req-9bc8281a-c272-41c4-b1d4-c17774b175ba ] Request (ServersAaction247Test:test_create_backup): 200 GET http://10.180.1.21/compute/v2.1/servers/beae7708-6ddc-422f-b429-d4e67588a172 2.043s
2024-12-10 21:17:00.424 65389 INFO tempest.lib.common.rest_client [req-45398a6d-e272-4b90-8de7-5fb7528e9705 req-45398a6d-e272-4b90-8de7-5fb7528e9705 ] Request (ServerExternalEventsTest:test_create_server_external_events): 200 GET http://10.180.1.21/compute/v2.1/servers/3a55b2e6-a884-4dda-a9d4-9e63182c8ffa 2.036s
2024-12-10 21:17:00.440 65433 INFO tempest.lib.common.rest_client [req-c3c7f7e8-234c-432d-ade5-6506d9d34d85 req-c3c7f7e8-234c-432d-ade5-6506d9d34d85 ] Request (ServersTestMultiNic:setUpClass): 201 POST http://10.180.1.21/identity/v3/auth/tokens 0.073s
2024-12-10 21:17:00.460 65395 INFO tempest.lib.common.rest_client [req-838f9259-2692-40db-a61f-cc0a4b5bcb23 req-838f9259-2692-40db-a61f-cc0a4b5bcb23 ] Request (TenantUsagesTestJSON:tearDownClass): 200 GET http://10.180.1.21/compute/v2.1/servers/a79edfa3-9b31-4079-979a-5d11818b3e42 1.993s
2024-12-10 21:17:00.481 65433 INFO tempest.lib.common.rest_client [req-7e1784b3-1921-43d5-9a5c-0abb351fac65 req-7e1784b3-1921-43d5-9a5c-0abb351fac65 ] Request (ServersTestMultiNic:setUpClass): 201 POST http://10.180.1.21/identity/v3/auth/tokens 0.039s
2024-12-10 21:17:00.489 65419 INFO tempest.lib.common.rest_client [req-24accd45-e26f-483b-b839-6dc892d4e4d5 req-24accd45-e26f-483b-b839-6dc892d4e4d5 ] Request (ImagesMetadataNegativeTestJSON:setUpClass): 204 PUT http://10.180.1.21/identity/v3/projects/7a7b350362af4461aac385fb497a028e/users/8669ebe0b8f84a3e87dbe34494a412f5/roles/2c9c87fe66db4c1fac5e5ee757abd1f0 0.137s
2024-12-10 21:17:00.490 65419 INFO tempest.lib.common.dynamic_creds [-] Dynamic test user 8669ebe0b8f84a3e87dbe34494a412f5 is created with scope project and roles: ['member']
2024-12-10 21:17:00.490 65419 INFO tempest.lib.common.dynamic_creds [-] Acquired dynamic creds: credentials: Credentials: {'domain_id': 'default', 'domain_name': 'Default', 'username': 'tempest-ImagesMetadataNegativeTestJSON-1380597369-project-member', 'project_domain_id': 'default', 'project_domain_name': 'Default', 'project_id': '7a7b350362af4461aac385fb497a028e', 'project_name': 'tempest-ImagesMetadataNegativeTestJSON-1380597369', 'tenant_id': '7a7b350362af4461aac385fb497a028e', 'tenant_name': 'tempest-ImagesMetadataNegativeTestJSON-1380597369', 'user_domain_id': 'default', 'user_domain_name': 'Default', 'user_id': '8669ebe0b8f84a3e87dbe34494a412f5', 'system': None}, Network: None, Subnet: None, Router: None
2024-12-10 21:17:00.490 65419 INFO tempest.lib.common.dynamic_creds [-] Created isolated network resources for: credentials: Credentials: {'domain_id': 'default', 'domain_name': 'Default', 'username': 'tempest-ImagesMetadataNegativeTestJSON-1380597369-project-member', 'project_domain_id': 'default', 'project_domain_name': 'Default', 'project_id': '7a7b350362af4461aac385fb497a028e', 'project_name': 'tempest-ImagesMetadataNegativeTestJSON-1380597369', 'tenant_id': '7a7b350362af4461aac385fb497a028e', 'tenant_name': 'tempest-ImagesMetadataNegativeTestJSON-1380597369', 'user_domain_id': 'default', 'user_domain_name': 'Default', 'user_id': '8669ebe0b8f84a3e87dbe34494a412f5', 'system': None}, Network: None, Subnet: None, Router: None
2024-12-10 21:17:00.547 65433 INFO tempest.lib.common.rest_client [req-9a5492fa-d3d8-4cc2-9cce-04f25c617fb1 req-9a5492fa-d3d8-4cc2-9cce-04f25c617fb1 ] Request (ServersTestMultiNic:setUpClass): 200 GET http://10.180.1.21/identity/v3/domains?name=Default 0.065s
2024-12-10 21:17:00.572 65433 INFO tempest.lib.common.rest_client [req-8618a712-4328-41f0-a359-77f35412c978 req-8618a712-4328-41f0-a359-77f35412c978 ] Request (ServersTestMultiNic:setUpClass): 201 POST http://10.180.1.21/identity/v3/projects 0.025s
2024-12-10 21:17:00.583 65419 INFO tempest.lib.common.rest_client [req-8754663e-a0a0-47c1-b1dd-344b5a62c67b req-8754663e-a0a0-47c1-b1dd-344b5a62c67b ] Request (ImagesMetadataNegativeTestJSON:setUpClass): 201 POST http://10.180.1.21/identity/v3/auth/tokens 0.088s
2024-12-10 21:17:00.585 65415 INFO tempest.lib.common.rest_client [req-9aedcdb9-b6ea-4819-ad4d-64503ddf2bce req-9aedcdb9-b6ea-4819-ad4d-64503ddf2bce ] Request (ServerDiagnosticsV248Test:test_get_server_diagnostics): 200 GET http://10.180.1.21/compute/v2.1/servers/845622fb-182f-422b-a2c6-9a1238bb1fda 2.050s
2024-12-10 21:17:00.643 65433 INFO tempest.lib.common.rest_client [req-30777365-4f61-4568-8dbb-5d45162e8598 req-30777365-4f61-4568-8dbb-5d45162e8598 ] Request (ServersTestMultiNic:setUpClass): 201 POST http://10.180.1.21/identity/v3/users 0.070s
2024-12-10 21:17:00.664 65433 INFO tempest.lib.common.rest_client [req-51af525d-de43-4c32-aa13-8babe93f113d req-51af525d-de43-4c32-aa13-8babe93f113d ] Request (ServersTestMultiNic:setUpClass): 200 GET http://10.180.1.21/identity/v3/roles 0.021s
2024-12-10 21:17:00.669 65381 INFO tempest.lib.common.rest_client [req-64d7ac2b-58c3-4855-bc8c-382499c57c54 req-64d7ac2b-58c3-4855-bc8c-382499c57c54 ] Request (ServersAdmin275Test:test_rebuild_update_server_275): 200 GET http://10.180.1.21/compute/v2.1/servers/a6a860ad-919e-4184-9850-79316658b946 2.077s
2024-12-10 21:17:00.706 65433 INFO tempest.lib.common.rest_client [req-25a5fc64-02e2-4632-a641-9effc7d2db8c req-25a5fc64-02e2-4632-a641-9effc7d2db8c ] Request (ServersTestMultiNic:setUpClass): 204 PUT http://10.180.1.21/identity/v3/projects/013c27cf3bf34be3ab6cd1994928f3c3/users/a944931b436649c78e8b1380ebcaa565/roles/2c9c87fe66db4c1fac5e5ee757abd1f0 0.041s
2024-12-10 21:17:00.706 65433 INFO tempest.lib.common.dynamic_creds [-] Dynamic test user a944931b436649c78e8b1380ebcaa565 is created with scope project and roles: ['member']
2024-12-10 21:17:00.706 65433 INFO tempest.lib.common.dynamic_creds [-] Acquired dynamic creds: credentials: Credentials: {'domain_id': 'default', 'domain_name': 'Default', 'username': 'tempest-ServersTestMultiNic-172933410-project-member', 'project_domain_id': 'default', 'project_domain_name': 'Default', 'project_id': '013c27cf3bf34be3ab6cd1994928f3c3', 'project_name': 'tempest-ServersTestMultiNic-172933410', 'tenant_id': '013c27cf3bf34be3ab6cd1994928f3c3', 'tenant_name': 'tempest-ServersTestMultiNic-172933410', 'user_domain_id': 'default', 'user_domain_name': 'Default', 'user_id': 'a944931b436649c78e8b1380ebcaa565', 'system': None}, Network: None, Subnet: None, Router: None
2024-12-10 21:17:00.757 65431 INFO tempest.lib.common.rest_client [req-e782cbc8-e02c-4097-a689-75211002762c req-e782cbc8-e02c-4097-a689-75211002762c ] Request (ServersAdminTestJSON:setUpClass): 200 GET http://10.180.1.21/compute/v2.1/servers/e26524ba-912d-40ac-a299-6d6c4aae65e0 2.288s
2024-12-10 21:17:00.772 65387 INFO tempest.lib.common.rest_client [req-95870f95-7cc2-45d9-a697-36c98240aae5 req-95870f95-7cc2-45d9-a697-36c98240aae5 ] Request (ServersAdminNegativeTestJSON:test_migrate_server_invalid_state): 200 GET http://10.180.1.21/compute/v2.1/servers/3d3de8fe-5189-4105-bc80-566c5307922e 2.168s
2024-12-10 21:17:00.783 65433 INFO tempest.lib.common.rest_client [req-573e4204-bfd2-426a-b8ae-b6bff2790a61 req-573e4204-bfd2-426a-b8ae-b6bff2790a61 ] Request (ServersTestMultiNic:setUpClass): 201 POST http://10.180.1.21/identity/v3/auth/tokens 0.076s
2024-12-10 21:17:01.021 65436 INFO tempest.lib.common.rest_client [req-f04958c2-5d73-4677-8f0a-843d31d9ce28 req-f04958c2-5d73-4677-8f0a-843d31d9ce28 ] Request (VolumesAssistedSnapshotsTest:test_volume_assisted_snapshot_create_delete): 200 GET http://10.180.1.21/compute/v2.1/servers/54650f01-3470-46bd-ae16-051df7758071 2.062s
2024-12-10 21:17:01.215 65427 INFO tempest.lib.common.rest_client [req-a0b5b5d3-aead-41d0-ba80-9625c24b34bc req-a0b5b5d3-aead-41d0-ba80-9625c24b34bc ] Request (QuotasAdminTestV257:test_get_updated_quotas): 200 PUT http://10.180.1.21/compute/v2.1/os-quota-sets/5e20b586930446c197c55a89b34396bf 2.030s
2024-12-10 21:17:01.464 65433 INFO tempest.lib.common.rest_client [req-f2763dda-603b-4198-9f11-9239d2dd9e6c req-f2763dda-603b-4198-9f11-9239d2dd9e6c ] Request (ServersTestMultiNic:setUpClass): 201 POST http://10.180.1.21:9696/networking/v2.0/networks 0.680s
2024-12-10 21:17:01.523 65429 INFO tempest.lib.common.rest_client [req-97e62e00-27b6-4d89-b378-2ca06f87a130 req-97e62e00-27b6-4d89-b378-2ca06f87a130 ] Request (ServerGroup264TestJSON:setUpClass): 201 POST http://10.180.1.21:9696/networking/v2.0/routers 1.799s
2024-12-10 21:17:01.525 65425 INFO tempest.lib.common.rest_client [req-1b86d0a6-80b9-4130-b02a-819fcad254ea req-1b86d0a6-80b9-4130-b02a-819fcad254ea ] Request (ServerActionsTestOtherB:setUpClass): 200 PUT http://10.180.1.21:9696/networking/v2.0/routers/939cc2c6-2e05-4f99-8c6f-bfbadf386e16/add_router_interface 2.722s
2024-12-10 21:17:01.526 65425 INFO tempest.lib.common.dynamic_creds [-] Created isolated network resources for: credentials: Credentials: {'domain_id': 'default', 'domain_name': 'Default', 'username': 'tempest-ServerActionsTestOtherB-1951398225-project-member', 'project_domain_id': 'default', 'project_domain_name': 'Default', 'project_id': 'a711c755780c4eaeaa51663bf2f84cd1', 'project_name': 'tempest-ServerActionsTestOtherB-1951398225', 'tenant_id': 'a711c755780c4eaeaa51663bf2f84cd1', 'tenant_name': 'tempest-ServerActionsTestOtherB-1951398225', 'user_domain_id': 'default', 'user_domain_name': 'Default', 'user_id': '781469d2a8344ae3b8eed6f01ac1ea7c', 'system': None}, Network: {'id': 'a9e5fc8c-4340-47e5-8f8d-5f92a8abcc2c', 'name': 'tempest-ServerActionsTestOtherB-579785629-network', 'tenant_id': 'a711c755780c4eaeaa51663bf2f84cd1', 'admin_state_up': True, 'mtu': 8950, 'status': 'ACTIVE', 'subnets': [], 'shared': False, 'project_id': 'a711c755780c4eaeaa51663bf2f84cd1', 'port_security_enabled': True, 'router:external': False, 'provider:network_type': 'vlan', 'provider:physical_network': 'default', 'provider:segmentation_id': 112, 'availability_zone_hints': [], 'availability_zones': [], 'ipv4_address_scope': None, 'ipv6_address_scope': None, 'description': '', 'tags': [], 'created_at': '2024-12-10T21:16:56Z', 'updated_at': '2024-12-10T21:16:56Z', 'revision_number': 1}, Subnet: {'id': '6bb52757-cdc3-4dc2-bad3-298c9fcaa8c0', 'name': 'tempest-ServerActionsTestOtherB-579785629-subnet', 'tenant_id': 'a711c755780c4eaeaa51663bf2f84cd1', 'network_id': 'a9e5fc8c-4340-47e5-8f8d-5f92a8abcc2c', 'ip_version': 4, 'subnetpool_id': None, 'enable_dhcp': True, 'ipv6_ra_mode': None, 'ipv6_address_mode': None, 'gateway_ip': '192.168.128.1', 'cidr': '192.168.128.0/28', 'allocation_pools': [{'start': '192.168.128.2', 'end': '192.168.128.14'}], 'host_routes': [], 'dns_nameservers': [], 'description': '', 'router:external': False, 'service_types': [], 'tags': [], 'created_at': '2024-12-10T21:16:56Z', 'updated_at': '2024-12-10T21:16:56Z', 'revision_number': 0, 'project_id': 'a711c755780c4eaeaa51663bf2f84cd1'}, Router: {'id': '939cc2c6-2e05-4f99-8c6f-bfbadf386e16', 'name': 'tempest-ServerActionsTestOtherB-579785629-router', 'tenant_id': 'a711c755780c4eaeaa51663bf2f84cd1', 'admin_state_up': True, 'status': 'ACTIVE', 'external_gateway_info': {'network_id': '58220cf0-baa9-4eab-9017-ce887fc585ff', 'external_fixed_ips': [{'subnet_id': '17481956-8957-4bbc-9b08-0fbeb16785dc', 'ip_address': '10.180.180.132'}], 'enable_snat': True}, 'description': '', 'availability_zones': [], 'distributed': False, 'ha': False, 'availability_zone_hints': [], 'routes': [], 'flavor_id': None, 'tags': [], 'created_at': '2024-12-10T21:16:57Z', 'updated_at': '2024-12-10T21:16:57Z', 'revision_number': 2, 'project_id': 'a711c755780c4eaeaa51663bf2f84cd1'}
2024-12-10 21:17:01.613 65437 INFO tempest.lib.common.rest_client [req-011fa93c-1e4b-44c5-afe9-23f9129871a0 req-011fa93c-1e4b-44c5-afe9-23f9129871a0 ] Request (FloatingIPDetailsTestJSON:tearDownClass): 202 DELETE http://10.180.1.21/compute/v2.1/os-floating-ips/562236dd-9e62-4d11-9919-d6c82921c30c 2.785s
2024-12-10 21:17:01.621 65377 INFO tempest.lib.common.rest_client [req-5c939cc6-9596-4344-83e5-f9c57304391c req-5c939cc6-9596-4344-83e5-f9c57304391c ] Request (AggregatesAdminNegativeTestJSON:test_aggregate_list_as_user): 403 GET http://10.180.1.21/compute/v2.1/os-aggregates 1.999s
2024-12-10 21:17:01.637 65425 INFO tempest.lib.common.rest_client [req-de724eb1-2366-43fb-b488-d0145eb65e4c req-de724eb1-2366-43fb-b488-d0145eb65e4c ] Request (ServerActionsTestOtherB:setUpClass): 201 POST http://10.180.1.21/identity/v3/auth/tokens 0.107s
2024-12-10 21:17:01.648 65375 INFO tempest.lib.common.rest_client [req-27796981-d44c-44f2-a6e1-de4820fe44f5 req-27796981-d44c-44f2-a6e1-de4820fe44f5 ] Request (FlavorsAdminTestJSON:test_is_public_string_variations): 200 POST http://10.180.1.21/compute/v2.1/flavors 1.868s
2024-12-10 21:17:01.731 65433 INFO tempest.lib.common.rest_client [req-fc5c1ea4-4104-4fc9-b1f5-33592aa7d236 req-fc5c1ea4-4104-4fc9-b1f5-33592aa7d236 ] Request (ServersTestMultiNic:setUpClass): 201 POST http://10.180.1.21:9696/networking/v2.0/subnets 0.266s
2024-12-10 21:17:01.801 65383 INFO tempest.lib.common.rest_client [req-62878c69-7949-40e8-bec3-9173f0e6025f req-62878c69-7949-40e8-bec3-9173f0e6025f ] Request (FloatingIPsAssociationNegativeTestJSON:_run_cleanups): 202 DELETE http://10.180.1.21/compute/v2.1/os-floating-ips/eb08eef1-8f17-442d-9e38-e6844de9362a 2.451s
2024-12-10 21:17:01.831 65401 INFO tempest.lib.common.rest_client [req-cafced48-9c1c-4fae-99f4-00a87d1ddeed req-cafced48-9c1c-4fae-99f4-00a87d1ddeed ] Request (SecurityGroupsTestAdminJSON:_run_cleanups): 202 DELETE http://10.180.1.21/compute/v2.1/os-security-groups/839be1d0-94bf-42cb-b7a6-bbbc2d80806d 1.958s
2024-12-10 21:17:02.058 65399 INFO tempest.lib.common.rest_client [req-6453ef41-cc3a-4410-84ab-3b8ffaf80916 req-6453ef41-cc3a-4410-84ab-3b8ffaf80916 ] Request (SecurityGroupRulesTestJSON:test_security_group_rules_create): 200 POST http://10.180.1.21/compute/v2.1/os-security-groups 2.102s
2024-12-10 21:17:02.209 65391 INFO tempest.lib.common.rest_client [req-6a24ca35-f024-4e16-b5a9-af3ec90302fb req-6a24ca35-f024-4e16-b5a9-af3ec90302fb ] Request (ServersWithSpecificFlavorTestJSON:test_verify_created_server_ephemeral_disk): 200 GET http://10.180.1.21/compute/v2.1/servers/bbbdec91-762b-415e-bdbd-ed3700c90a24 1.856s
2024-12-10 21:17:02.295 65419 INFO tempest.lib.common.rest_client [req-c8807366-e482-478c-b203-114a2979a756 req-c8807366-e482-478c-b203-114a2979a756 ] Request (ImagesMetadataNegativeTestJSON:test_delete_nonexistent_image_metadata_item): 404 DELETE http://10.180.1.21/compute/v2.1/images/2d157f2e-a735-4767-9ecf-cdd161ef5637/metadata/os_distro 1.710s
2024-12-10 21:17:02.483 65403 INFO tempest.lib.common.rest_client [req-78202d73-a19c-4cdb-b089-87e1383264ec req-78202d73-a19c-4cdb-b089-87e1383264ec ] Request (ServerDiagnosticsTest:test_get_server_diagnostics): 200 GET http://10.180.1.21/compute/v2.1/servers/0addfb95-4247-496a-a5bc-4954ce8acba7/diagnostics 2.248s
2024-12-10 21:17:02.560 65379 INFO tempest.lib.common.rest_client [req-2d5749e8-11d3-4146-abab-22a979644ebb req-2d5749e8-11d3-4146-abab-22a979644ebb ] Request (SecurityGroupsTestJSON:test_list_security_groups_by_server): 200 GET http://10.180.1.21/compute/v2.1/servers/c240dc64-3b62-4f4f-a8a5-7cd9fb816dcc 1.855s
2024-12-10 21:17:02.636 65411 INFO tempest.lib.common.rest_client [req-079504aa-8f98-4df9-b732-3d7551a4e952 req-079504aa-8f98-4df9-b732-3d7551a4e952 ] Request (MigrationsAdminTest:test_list_migrations_in_flavor_resize_situation): 200 GET http://10.180.1.21/compute/v2.1/servers/59f30b3f-5286-4d90-b726-011e419fca2a 2.016s
2024-12-10 21:17:02.698 65433 INFO tempest.lib.common.rest_client [req-f910aebc-7593-4196-9ef8-985f471d20fe req-f910aebc-7593-4196-9ef8-985f471d20fe ] Request (ServersTestMultiNic:setUpClass): 201 POST http://10.180.1.21:9696/networking/v2.0/routers 0.966s
2024-12-10 21:17:02.711 65393 INFO tempest.lib.common.rest_client [req-a3924690-8481-4cc0-bc82-af77c2872c08 req-a3924690-8481-4cc0-bc82-af77c2872c08 ] Request (ServersTestJSON:test_create_server_specify_multibyte_character_name): 200 GET http://10.180.1.21/compute/v2.1/servers/cad0a47a-d332-400d-a662-8b0089e6d803 1.830s
2024-12-10 21:17:02.718 65393 INFO tempest.common.waiters [-] State transition "BUILD/scheduling" ==> "BUILD/None" after 11 second wait
2024-12-10 21:17:02.790 65409 INFO tempest.lib.common.rest_client [req-75f0a66f-e395-429d-b7d4-cb071a19e72c req-75f0a66f-e395-429d-b7d4-cb071a19e72c ] Request (DeleteServersAdminTestJSON:test_admin_delete_servers_of_others): 200 GET http://10.180.1.21/compute/v2.1/servers/366986e7-d0b3-40a2-9aa0-b1379d094c18 1.811s
